2019-06-24 19:14:37.771 1842 RALLYDEBUG rally_openstack.cleanup.manager [-] Deleting cinder.volume_snapshots object s_rally_3bd8e067_A71mtjTi (5170d739-b5f9-4d04-86dc-386873299e5a)
2019-06-24 19:14:37.781 1842 RALLYDEBUG rally_openstack.cleanup.manager [-] Deleting cinder.volume_snapshots object s_rally_3bd8e067_q5Pxk3fC (71a140d7-c0f4-4f9a-a15c-0483bbc92eba)
2019-06-24 19:14:37.782 1842 RALLYDEBUG rally_openstack.cleanup.manager [-] Deleting cinder.volume_snapshots object s_rally_3bd8e067_pmmu349j (32b6b034-43a6-4821-abae-d55a4d90982d)
2019-06-24 19:14:37.783 1842 RALLYDEBUG rally_openstack.cleanup.manager [-] Deleting cinder.volume_snapshots object s_rally_3bd8e067_dpBcoxpF (b3d40a12-c006-4e6d-b6be-b56cb969232d)
2019-06-24 19:14:37.783 1842 RALLYDEBUG rally_openstack.cleanup.manager [-] Deleting cinder.volume_snapshots object s_rally_3bd8e067_nhgXGoQk (335779ec-2826-4324-a224-c2d734b30a19)
2019-06-24 19:14:37.784 1842 RALLYDEBUG rally_openstack.cleanup.manager [-] Deleting cinder.volume_snapshots object s_rally_3bd8e067_o7rnbk8F (63de1e28-386c-4489-94b2-0a044b0df885)
2019-06-24 19:14:37.792 1842 RALLYDEBUG rally_openstack.cleanup.manager [-] Deleting cinder.volume_snapshots object s_rally_3bd8e067_R06DFEez (6f492d0b-f696-41a2-8cac-0c5c89b03b29)
2019-06-24 19:14:37.794 1842 RALLYDEBUG rally_openstack.cleanup.manager [-] Deleting cinder.volume_snapshots object s_rally_3bd8e067_nzrkY1ip (7b99146f-bf2d-4618-bde3-bd67c838894d)
2019-06-24 19:14:42.751 1842 RALLYDEBUG rally_openstack.cleanup.manager [-] Cleaning up cinder transfers objects
2019-06-24 19:14:44.942 1842 RALLYDEBUG rally_openstack.cleanup.manager [-] Cleaning up cinder volumes objects
2019-06-24 19:14:47.284 1842 INFO rally.task.context [-] Task afcdefd3-44fd-426f-9170-2533b4f3fef0 | Context cleanup@openstack cleanup() finished in 13.94 sec
2019-06-24 19:14:47.285 1842 INFO rally.task.context [-] Task afcdefd3-44fd-426f-9170-2533b4f3fef0 | Context volumes@openstack cleanup() started
2019-06-24 19:14:47.286 1842 RALLYDEBUG rally_openstack.cleanup.manager [-] Cleaning up cinder volumes objects
2019-06-24 19:14:49.495 1842 RALLYDEBUG rally_openstack.cleanup.manager [-] Deleting cinder.volumes object c_rally_3bd8e067_yNGrowmI (a32abaa9-66e9-4d74-bd0c-7a2febe0dc7b)
2019-06-24 19:14:49.500 1842 RALLYDEBUG rally_openstack.cleanup.manager [-] Deleting cinder.volumes object c_rally_3bd8e067_bGQuajFV (2382677f-a934-4401-a977-7b507be613f2)
2019-06-24 19:14:49.503 1842 RALLYDEBUG rally_openstack.cleanup.manager [-] Deleting cinder.volumes object c_rally_3bd8e067_00OmFTeS (56268e68-9e5e-43cd-95ce-d3254a3a4a2c)
2019-06-24 19:14:53.109 1842 INFO rally.task.context [-] Task afcdefd3-44fd-426f-9170-2533b4f3fef0 | Context volumes@openstack cleanup() finished in 5.82 sec
2019-06-24 19:14:53.109 1842 INFO rally.task.context [-] Task afcdefd3-44fd-426f-9170-2533b4f3fef0 | Context quotas@openstack cleanup() started
2019-06-24 19:14:54.111 1842 INFO rally.task.context [-] Task afcdefd3-44fd-426f-9170-2533b4f3fef0 | Context quotas@openstack cleanup() finished in 1.00 sec
2019-06-24 19:14:54.111 1842 INFO rally.task.context [-] Task afcdefd3-44fd-426f-9170-2533b4f3fef0 | Context api_versions@openstack cleanup() started
2019-06-24 19:14:54.112 1842 INFO rally.task.context [-] Task afcdefd3-44fd-426f-9170-2533b4f3fef0 | Context api_versions@openstack cleanup() finished in 0.32 msec
2019-06-24 19:14:54.112 1842 INFO rally.task.context [-] Task afcdefd3-44fd-426f-9170-2533b4f3fef0 | Context users@openstack cleanup() started
2019-06-24 19:15:02.715 1842 INFO rally.task.context [-] Task afcdefd3-44fd-426f-9170-2533b4f3fef0 | Context users@openstack cleanup() finished in 8.60 sec
2019-06-24 19:15:03.886 1842 INFO rally.task.engine [-] Load duration is: 11.631227
2019-06-24 19:15:03.886 1842 INFO rally.task.engine [-] Full runner duration is: 11.685214
2019-06-24 19:15:03.887 1842 INFO rally.task.engine [-] Full duration is: 59.108198
2019-06-24 19:15:04.121 1842 INFO rally.task.engine [-] Running workload: position = 0 config = { "version": 2, "title": "A cropped version of a bigger task.", "description": "Auto-generated task from a single workload (uuid=87bc0258-e9f2-447e-a0c8-bc257cff1a5d)", "subtasks": [ { "title": "CinderVolumes.create_and_list_volume", "description": "Create a volume and list all volumes.", "scenario": { "CinderVolumes.create_and_list_volume": { "detailed": true, "image": { "name": "rally_full-img_16f09a6e-3b06-4a84-8877-eaa46d16054c" }, "size": 1 } }, "contexts": { "users": { "tenants": 3, "users_per_tenant": 2 }, "quotas": { "cinder": { "gigabytes": -1, "snapshots": -1, "volumes": -1 } }, "api_versions": { "cinder": { "version": 3, "service_type": "volumev3" } } }, "runner": { "constant": { "concurrency": 4, "times": 10 } }, "hooks": [], "sla": { "failure_rate": { "max": 0 } } } ] }
2019-06-24 19:15:04.145 1842 RALLYDEBUG rally_openstack.contexts.keystone.users [-] Creating 3 tenants using 20 threads
2019-06-24 19:15:05.969 1842 RALLYDEBUG rally_openstack.contexts.keystone.users [-] Creating 6 users using 20 threads
2019-06-24 19:15:08.961 1842 INFO rally.task.context [-] Task afcdefd3-44fd-426f-9170-2533b4f3fef0 | Context users@openstack setup() finished in 4.82 sec
2019-06-24 19:15:09.397 1842 INFO rally.task.context [-] Task afcdefd3-44fd-426f-9170-2533b4f3fef0 | Context api_versions@openstack setup() finished in 0.43 sec
2019-06-24 19:15:11.102 1842 INFO rally.task.context [-] Task afcdefd3-44fd-426f-9170-2533b4f3fef0 | Context quotas@openstack setup() finished in 1.71 sec
2019-06-24 19:15:11.103 1842 INFO rally.task.context [-] Task afcdefd3-44fd-426f-9170-2533b4f3fef0 | Context cleanup@openstack setup() finished in 0.01 msec
2019-06-24 19:15:12.163 1842 RALLYDEBUG rally.task.runner [-] Starting the constant runner (task UUID: afcdefd3-44fd-426f-9170-2533b4f3fef0). timeout: 0 concurrency: 4 concurrency_per_worker: 1 times: 10 concurrency_overhead: 0 processes_to_start: 4 max_cpu_used: 16
2019-06-24 19:15:12.176 2414 RALLYDEBUG rally.task.runner [-] Starting a worker. concurrency: 1 args: {"detailed": true, "image": "e0ff6aa0-2894-486c-8b76-0ae408ea5d65", "size": 1} times: 10 method_name: run timeout: 0 duration: None cls:
2019-06-24 19:15:12.179 2415 RALLYDEBUG rally.task.runner [-] Starting a worker. concurrency: 1 args: {"detailed": true, "image": "e0ff6aa0-2894-486c-8b76-0ae408ea5d65", "size": 1} times: 10 method_name: run timeout: 0 duration: None cls:
2019-06-24 19:15:12.183 2416 RALLYDEBUG rally.task.runner [-] Starting a worker. concurrency: 1 args: {"detailed": true, "image": "e0ff6aa0-2894-486c-8b76-0ae408ea5d65", "size": 1} times: 10 method_name: run timeout: 0 duration: None cls:
2019-06-24 19:15:12.184 2414 INFO rally.task.runner [-] Task afcdefd3-44fd-426f-9170-2533b4f3fef0 | ITER: 1 START
2019-06-24 19:15:12.187 2415 INFO rally.task.runner [-] Task afcdefd3-44fd-426f-9170-2533b4f3fef0 | ITER: 2 START
2019-06-24 19:15:12.187 2417 RALLYDEBUG rally.task.runner [-] Starting a worker. concurrency: 1 args: {"detailed": true, "image": "e0ff6aa0-2894-486c-8b76-0ae408ea5d65", "size": 1} times: 10 method_name: run timeout: 0 duration: None cls:
2019-06-24 19:15:12.191 2416 INFO rally.task.runner [-] Task afcdefd3-44fd-426f-9170-2533b4f3fef0 | ITER: 3 START
2019-06-24 19:15:12.195 2417 INFO rally.task.runner [-] Task afcdefd3-44fd-426f-9170-2533b4f3fef0 | ITER: 4 START
2019-06-24 19:15:19.642 2416 RALLYDEBUG rally.task.utils [-] Waiting for resource s_rally_87bc0258_HeCyME6d. Status changed: CREATING => DOWNLOADING in 2.93189692497
2019-06-24 19:15:22.441 2417 RALLYDEBUG rally.task.utils [-] Waiting for resource s_rally_87bc0258_MYTfKWt2. Status changed: CREATING => DOWNLOADING in 5.41601896286
2019-06-24 19:15:24.248 2416 RALLYDEBUG rally.task.utils [-] Waiting for resource s_rally_87bc0258_HeCyME6d. Status changed: DOWNLOADING => AVAILABLE in 4.60626101494
2019-06-24 19:15:24.312 2416 INFO rally.task.runner [-] Task afcdefd3-44fd-426f-9170-2533b4f3fef0 | ITER: 3 END: OK
2019-06-24 19:15:24.317 2416 INFO rally.task.runner [-] Task afcdefd3-44fd-426f-9170-2533b4f3fef0 | ITER: 5 START
2019-06-24 19:15:26.887 2415 RALLYDEBUG rally.task.utils [-] Waiting for resource s_rally_87bc0258_Qq5zdahD. Status changed: CREATING => DOWNLOADING in 9.67797803879
2019-06-24 19:15:27.137 2417 RALLYDEBUG rally.task.utils [-] Waiting for resource s_rally_87bc0258_MYTfKWt2. Status changed: DOWNLOADING => AVAILABLE in 4.69611001015
2019-06-24 19:15:27.476 2417 INFO rally.task.runner [-] Task afcdefd3-44fd-426f-9170-2533b4f3fef0 | ITER: 4 END: OK
2019-06-24 19:15:27.481 2417 INFO rally.task.runner [-] Task afcdefd3-44fd-426f-9170-2533b4f3fef0 | ITER: 6 START
2019-06-24 19:15:29.502 2414 RALLYDEBUG rally.task.utils [-] Waiting for resource s_rally_87bc0258_o1v3pEe2. Status changed: CREATING => DOWNLOADING in 12.3482890129
2019-06-24 19:15:31.470 2415 RALLYDEBUG rally.task.utils [-] Waiting for resource s_rally_87bc0258_Qq5zdahD. Status changed: DOWNLOADING => AVAILABLE in 4.5830540657
2019-06-24 19:15:31.834 2415 INFO rally.task.runner [-] Task afcdefd3-44fd-426f-9170-2533b4f3fef0 | ITER: 2 END: OK
2019-06-24 19:15:31.839 2415 INFO rally.task.runner [-] Task afcdefd3-44fd-426f-9170-2533b4f3fef0 | ITER: 7 START
2019-06-24 19:15:31.879 2414 RALLYDEBUG rally.task.utils [-] Waiting for resource s_rally_87bc0258_o1v3pEe2. Status changed: DOWNLOADING => AVAILABLE in 2.37632489204
2019-06-24 19:15:32.240 2414 INFO rally.task.runner [-] Task afcdefd3-44fd-426f-9170-2533b4f3fef0 | ITER: 1 END: OK
2019-06-24 19:15:32.245 2414 INFO rally.task.runner [-] Task afcdefd3-44fd-426f-9170-2533b4f3fef0 | ITER: 8 START
2019-06-24 19:15:35.312 2416 RALLYDEBUG rally.task.utils [-] Waiting for resource s_rally_87bc0258_bGAboVh2. Status changed: CREATING => DOWNLOADING in 5.41123986244
2019-06-24 19:15:37.742 2417 RALLYDEBUG rally.task.utils [-] Waiting for resource s_rally_87bc0258_orhkGSk1. Status changed: CREATING => DOWNLOADING in 5.31489801407
2019-06-24 19:15:42.057 2416 RALLYDEBUG rally.task.utils [-] Waiting for resource s_rally_87bc0258_bGAboVh2. Status changed: DOWNLOADING => AVAILABLE in 6.74569010735
2019-06-24 19:15:42.131 2417 RALLYDEBUG rally.task.utils [-] Waiting for resource s_rally_87bc0258_orhkGSk1. Status changed: DOWNLOADING => AVAILABLE in 4.38923406601
2019-06-24 19:15:42.411 2416 INFO rally.task.runner [-] Task afcdefd3-44fd-426f-9170-2533b4f3fef0 | ITER: 5 END: OK
2019-06-24 19:15:42.417 2416 INFO rally.task.runner [-] Task afcdefd3-44fd-426f-9170-2533b4f3fef0 | ITER: 9 START
2019-06-24 19:15:42.495 2417 INFO rally.task.runner [-] Task afcdefd3-44fd-426f-9170-2533b4f3fef0 | ITER: 6 END: OK
2019-06-24 19:15:42.500 2417 INFO rally.task.runner [-] Task afcdefd3-44fd-426f-9170-2533b4f3fef0 | ITER: 10 START
2019-06-24 19:15:43.824 2415 RALLYDEBUG rally.task.utils [-] Waiting for resource s_rally_87bc0258_qbtlOj0M. Status changed: CREATING => DOWNLOADING in 7.37406206131
2019-06-24 19:15:44.984 2414 RALLYDEBUG rally.task.utils [-] Waiting for resource s_rally_87bc0258_mSfNsrHU. Status changed: CREATING => DOWNLOADING in 7.61826992035
2019-06-24 19:15:49.377 2414 RALLYDEBUG rally.task.utils [-] Waiting for resource s_rally_87bc0258_mSfNsrHU. Status changed: DOWNLOADING => AVAILABLE in 4.39318609238
2019-06-24 19:15:49.460 2414 INFO rally.task.runner [-] Task afcdefd3-44fd-426f-9170-2533b4f3fef0 | ITER: 8 END: OK
2019-06-24 19:15:50.529 2415 RALLYDEBUG rally.task.utils [-] Waiting for resource s_rally_87bc0258_qbtlOj0M. Status changed: DOWNLOADING => AVAILABLE in 6.70508599281
2019-06-24 19:15:50.810 2415 INFO rally.task.runner [-] Task afcdefd3-44fd-426f-9170-2533b4f3fef0 | ITER: 7 END: OK
2019-06-24 19:15:52.265 2416 RALLYDEBUG rally.task.utils [-] Waiting for resource s_rally_87bc0258_uEZQbvCw. Status changed: CREATING => DOWNLOADING in 5.34537506104
2019-06-24 19:15:54.617 2417 RALLYDEBUG rally.task.utils [-] Waiting for resource s_rally_87bc0258_wLHf05aR. Status changed: CREATING => DOWNLOADING in 7.56589221954
2019-06-24 19:15:59.194 2416 RALLYDEBUG rally.task.utils [-] Waiting for resource s_rally_87bc0258_uEZQbvCw. Status changed: DOWNLOADING => AVAILABLE in 6.92937493324
2019-06-24 19:15:59.320 2417 RALLYDEBUG rally.task.utils [-] Waiting for resource s_rally_87bc0258_wLHf05aR. Status changed: DOWNLOADING => AVAILABLE in 4.70361590385
2019-06-24 19:15:59.556 2416 INFO rally.task.runner [-] Task afcdefd3-44fd-426f-9170-2533b4f3fef0 | ITER: 9 END: OK
2019-06-24 19:15:59.675 2417 INFO rally.task.runner [-] Task afcdefd3-44fd-426f-9170-2533b4f3fef0 | ITER: 10 END: OK
2019-06-24 19:15:59.706 1842 INFO rally.task.context [-] Task afcdefd3-44fd-426f-9170-2533b4f3fef0 | Context cleanup@openstack cleanup() started
2019-06-24 19:15:59.708 1842 RALLYDEBUG rally_openstack.cleanup.manager [-] Cleaning up cinder backups objects
2019-06-24 19:16:01.917 1842 RALLYDEBUG rally_openstack.cleanup.manager [-] Cleaning up cinder volume_snapshots objects
2019-06-24 19:16:04.062 1842 RALLYDEBUG rally_openstack.cleanup.manager [-] Cleaning up cinder transfers objects
2019-06-24 19:16:06.151 1842 RALLYDEBUG rally_openstack.cleanup.manager [-] Cleaning up cinder volumes objects
2019-06-24 19:16:08.539 1842 RALLYDEBUG rally_openstack.cleanup.manager [-] Deleting cinder.volumes object s_rally_87bc0258_Qq5zdahD (067e10bb-537e-4bf8-8f0e-1a1703da103d)
2019-06-24 19:16:08.543 1842 RALLYDEBUG rally_openstack.cleanup.manager [-] Deleting cinder.volumes object s_rally_87bc0258_HeCyME6d (b5bf9a90-047e-4590-b5b4-5b933e6e05e1)
2019-06-24 19:16:08.544 1842 RALLYDEBUG rally_openstack.cleanup.manager [-] Deleting cinder.volumes object s_rally_87bc0258_o1v3pEe2 (725ee2cb-fbe4-43fa-a4ef-c73be18807e2)
2019-06-24 19:16:08.549 1842 RALLYDEBUG rally_openstack.cleanup.manager [-] Deleting cinder.volumes object s_rally_87bc0258_bGAboVh2 (7c9d2c47-2b75-4a5a-aed5-11a06f50189e)
2019-06-24 19:16:08.550 1842 RALLYDEBUG rally_openstack.cleanup.manager [-] Deleting cinder.volumes object s_rally_87bc0258_mSfNsrHU (0614776a-aa94-4a1e-bbcb-f05d28b74a5b)
2019-06-24 19:16:08.554 1842 RALLYDEBUG rally_openstack.cleanup.manager [-] Deleting cinder.volumes object s_rally_87bc0258_MYTfKWt2 (a78b6ddb-15b4-427b-b449-45faf018d4cc)
2019-06-24 19:16:08.558 1842 RALLYDEBUG rally_openstack.cleanup.manager [-] Deleting cinder.volumes object s_rally_87bc0258_uEZQbvCw (a0d546c0-1f22-4632-905c-380b41296c93)
2019-06-24 19:16:08.560 1842 RALLYDEBUG rally_openstack.cleanup.manager [-] Deleting cinder.volumes object s_rally_87bc0258_wLHf05aR (df43afaf-63a7-4546-91e4-39793131bede)
2019-06-24 19:16:08.562 1842 RALLYDEBUG rally_openstack.cleanup.manager [-] Deleting cinder.volumes object s_rally_87bc0258_qbtlOj0M (2885422b-3b31-4570-a7c2-0ee83c1081c1)
2019-06-24 19:16:08.583 1842 RALLYDEBUG rally_openstack.cleanup.manager [-] Deleting cinder.volumes object s_rally_87bc0258_orhkGSk1 (c2e5390c-71c7-4dd6-9c89-197a9c58ee4a)
2019-06-24 19:16:13.053 1842 INFO rally.task.context [-] Task afcdefd3-44fd-426f-9170-2533b4f3fef0 | Context cleanup@openstack cleanup() finished in 13.35 sec
2019-06-24 19:16:13.054 1842 INFO rally.task.context [-] Task afcdefd3-44fd-426f-9170-2533b4f3fef0 | Context quotas@openstack cleanup() started
2019-06-24 19:16:13.920 1842 INFO rally.task.context [-] Task afcdefd3-44fd-426f-9170-2533b4f3fef0 | Context quotas@openstack cleanup() finished in 0.87 sec
2019-06-24 19:16:13.920 1842 INFO rally.task.context [-] Task afcdefd3-44fd-426f-9170-2533b4f3fef0 | Context api_versions@openstack cleanup() started
2019-06-24 19:16:13.921 1842 INFO rally.task.context [-] Task afcdefd3-44fd-426f-9170-2533b4f3fef0 | Context api_versions@openstack cleanup() finished in 0.30 msec
2019-06-24 19:16:13.921 1842 INFO rally.task.context [-] Task afcdefd3-44fd-426f-9170-2533b4f3fef0 | Context users@openstack cleanup() started
2019-06-24 19:16:22.345 1842 INFO rally.task.context [-] Task afcdefd3-44fd-426f-9170-2533b4f3fef0 | Context users@openstack cleanup() finished in 8.42 sec
2019-06-24 19:16:22.430 1842 INFO rally.task.engine [-] Load duration is: 47.486567
2019-06-24 19:16:22.431 1842 INFO rally.task.engine [-] Full runner duration is: 47.543138
2019-06-24 19:16:22.431 1842 INFO rally.task.engine [-] Full duration is: 78.20315
2019-06-24 19:16:22.588 1842 INFO rally.task.engine [-] Running workload: position = 1 config = { "version": 2, "title": "A cropped version of a bigger task.", "description": "Auto-generated task from a single workload (uuid=9417c921-79bc-4d04-b89a-6212272aedd5)", "subtasks": [ { "title": "CinderVolumes.create_and_list_volume", "description": "Create a volume and list all volumes.", "scenario": { "CinderVolumes.create_and_list_volume": { "detailed": true, "size": 1 } }, "contexts": { "users": { "tenants": 3, "users_per_tenant": 2 }, "quotas": { "cinder": { "gigabytes": -1, "snapshots": -1, "volumes": -1 } }, "api_versions": { "cinder": { "version": 3, "service_type": "volumev3" } } }, "runner": { "constant": { "concurrency": 4, "times": 10 } }, "hooks": [], "sla": { "failure_rate": { "max": 0 } } } ] }
2019-06-24 19:16:22.609 1842 RALLYDEBUG rally_openstack.contexts.keystone.users [-] Creating 3 tenants using 20 threads
2019-06-24 19:16:24.509 1842 RALLYDEBUG rally_openstack.contexts.keystone.users [-] Creating 6 users using 20 threads
2019-06-24 19:16:27.379 1842 INFO rally.task.context [-] Task afcdefd3-44fd-426f-9170-2533b4f3fef0 | Context users@openstack setup() finished in 4.77 sec
2019-06-24 19:16:27.808 1842 INFO rally.task.context [-] Task afcdefd3-44fd-426f-9170-2533b4f3fef0 | Context api_versions@openstack setup() finished in 0.43 sec
2019-06-24 19:16:29.524 1842 INFO rally.task.context [-] Task afcdefd3-44fd-426f-9170-2533b4f3fef0 | Context quotas@openstack setup() finished in 1.72 sec
2019-06-24 19:16:29.525 1842 INFO rally.task.context [-] Task afcdefd3-44fd-426f-9170-2533b4f3fef0 | Context cleanup@openstack setup() finished in 0.00 msec
2019-06-24 19:16:29.532 1842 RALLYDEBUG rally.task.runner [-] Starting the constant runner (task UUID: afcdefd3-44fd-426f-9170-2533b4f3fef0). timeout: 0 concurrency: 4 concurrency_per_worker: 1 times: 10 concurrency_overhead: 0 processes_to_start: 4 max_cpu_used: 16
2019-06-24 19:16:29.544 2598 RALLYDEBUG rally.task.runner [-] Starting a worker. concurrency: 1 args: {"detailed": true, "size": 1} times: 10 method_name: run timeout: 0 duration: None cls:
2019-06-24 19:16:29.547 2599 RALLYDEBUG rally.task.runner [-] Starting a worker. concurrency: 1 args: {"detailed": true, "size": 1} times: 10 method_name: run timeout: 0 duration: None cls:
2019-06-24 19:16:29.549 2600 RALLYDEBUG rally.task.runner [-] Starting a worker. concurrency: 1 args: {"detailed": true, "size": 1} times: 10 method_name: run timeout: 0 duration: None cls:
2019-06-24 19:16:29.551 2598 INFO rally.task.runner [-] Task afcdefd3-44fd-426f-9170-2533b4f3fef0 | ITER: 1 START
2019-06-24 19:16:29.551 2601 RALLYDEBUG rally.task.runner [-] Starting a worker. concurrency: 1 args: {"detailed": true, "size": 1} times: 10 method_name: run timeout: 0 duration: None cls:
2019-06-24 19:16:29.554 2599 INFO rally.task.runner [-] Task afcdefd3-44fd-426f-9170-2533b4f3fef0 | ITER: 2 START
2019-06-24 19:16:29.558 2600 INFO rally.task.runner [-] Task afcdefd3-44fd-426f-9170-2533b4f3fef0 | ITER: 3 START
2019-06-24 19:16:29.558 2601 INFO rally.task.runner [-] Task afcdefd3-44fd-426f-9170-2533b4f3fef0 | ITER: 4 START
2019-06-24 19:16:33.589 2601 INFO rally.task.runner [-] Task afcdefd3-44fd-426f-9170-2533b4f3fef0 | ITER: 4 END: OK
2019-06-24 19:16:33.593 2601 INFO rally.task.runner [-] Task afcdefd3-44fd-426f-9170-2533b4f3fef0 | ITER: 5 START
2019-06-24 19:16:33.607 2599 INFO rally.task.runner [-] Task afcdefd3-44fd-426f-9170-2533b4f3fef0 | ITER: 2 END: OK
2019-06-24 19:16:33.611 2599 INFO rally.task.runner [-] Task afcdefd3-44fd-426f-9170-2533b4f3fef0 | ITER: 6 START
2019-06-24 19:16:33.682 2598 INFO rally.task.runner [-] Task afcdefd3-44fd-426f-9170-2533b4f3fef0 | ITER: 1 END: OK
2019-06-24 19:16:33.687 2598 INFO rally.task.runner [-] Task afcdefd3-44fd-426f-9170-2533b4f3fef0 | ITER: 7 START
2019-06-24 19:16:33.710 2600 INFO rally.task.runner [-] Task afcdefd3-44fd-426f-9170-2533b4f3fef0 | ITER: 3 END: OK
2019-06-24 19:16:33.715 2600 INFO rally.task.runner [-] Task afcdefd3-44fd-426f-9170-2533b4f3fef0 | ITER: 8 START
2019-06-24 19:16:37.503 2600 INFO rally.task.runner [-] Task afcdefd3-44fd-426f-9170-2533b4f3fef0 | ITER: 8 END: OK
2019-06-24 19:16:37.507 2600 INFO rally.task.runner [-] Task afcdefd3-44fd-426f-9170-2533b4f3fef0 | ITER: 9 START
2019-06-24 19:16:37.537 2601 INFO rally.task.runner [-] Task afcdefd3-44fd-426f-9170-2533b4f3fef0 | ITER: 5 END: OK
2019-06-24 19:16:37.541 2601 INFO rally.task.runner [-] Task afcdefd3-44fd-426f-9170-2533b4f3fef0 | ITER: 10 START
2019-06-24 19:16:37.717 2599 INFO rally.task.runner [-] Task afcdefd3-44fd-426f-9170-2533b4f3fef0 | ITER: 6 END: OK
2019-06-24 19:16:37.927 2598 INFO rally.task.runner [-] Task afcdefd3-44fd-426f-9170-2533b4f3fef0 | ITER: 7 END: OK
2019-06-24 19:16:41.418 2600 INFO rally.task.runner [-] Task afcdefd3-44fd-426f-9170-2533b4f3fef0 | ITER: 9 END: OK
2019-06-24 19:16:41.517 2601 INFO rally.task.runner [-] Task afcdefd3-44fd-426f-9170-2533b4f3fef0 | ITER: 10 END: OK
2019-06-24 19:16:41.547 1842 INFO rally.task.context [-] Task afcdefd3-44fd-426f-9170-2533b4f3fef0 | Context cleanup@openstack cleanup() started
2019-06-24 19:16:41.549 1842 RALLYDEBUG rally_openstack.cleanup.manager [-] Cleaning up cinder backups objects
2019-06-24 19:16:43.779 1842 RALLYDEBUG rally_openstack.cleanup.manager [-] Cleaning up cinder volume_snapshots objects
2019-06-24 19:16:45.779 1842 RALLYDEBUG rally_openstack.cleanup.manager [-] Cleaning up cinder transfers objects
2019-06-24 19:16:47.878 1842 RALLYDEBUG rally_openstack.cleanup.manager [-] Cleaning up cinder volumes objects
2019-06-24 19:16:50.371 1842 RALLYDEBUG rally_openstack.cleanup.manager [-] Deleting cinder.volumes object s_rally_9417c921_BkdxmxCo (ebbc9dd0-8bf1-4825-b7de-1337da442f96)
2019-06-24 19:16:50.371 1842 RALLYDEBUG rally_openstack.cleanup.manager [-] Deleting cinder.volumes object s_rally_9417c921_WBoPVht6 (91835751-0fd7-4fb9-935e-59ef7c4bda99)
2019-06-24 19:16:50.373 1842 RALLYDEBUG rally_openstack.cleanup.manager [-] Deleting cinder.volumes object s_rally_9417c921_RAdrMTw3 (4cc5596e-a5d2-49ce-a5f5-931c813698bf)
2019-06-24 19:16:50.376 1842 RALLYDEBUG rally_openstack.cleanup.manager [-] Deleting cinder.volumes object s_rally_9417c921_44XQXSwJ (9d13b8c8-bcae-41ef-b0e0-fa87639e4eaf)
2019-06-24 19:16:50.384 1842 RALLYDEBUG rally_openstack.cleanup.manager [-] Deleting cinder.volumes object s_rally_9417c921_n6BWJzwL (c8f54442-a1ec-45b1-b0b6-4d2f93011ecd)
2019-06-24 19:16:50.389 1842 RALLYDEBUG rally_openstack.cleanup.manager [-] Deleting cinder.volumes object s_rally_9417c921_lwSfffW7 (a3d424f7-2834-46fe-a441-37e996093375)
2019-06-24 19:16:50.392 1842 RALLYDEBUG rally_openstack.cleanup.manager [-] Deleting cinder.volumes object s_rally_9417c921_NPsQ8gmU (bde4bc28-84aa-4f10-8f21-4581979692bf)
2019-06-24 19:16:50.392 1842 RALLYDEBUG rally_openstack.cleanup.manager [-] Deleting cinder.volumes object s_rally_9417c921_sf1WUTpy (95802ad5-4538-4c37-846f-e2d44c7318c4)
2019-06-24 19:16:50.402 1842 RALLYDEBUG rally_openstack.cleanup.manager [-] Deleting cinder.volumes object s_rally_9417c921_Ttxwa9Ab (9503ba30-b7bc-4eb3-9d64-c97592fd64a9)
2019-06-24 19:16:50.412 1842 RALLYDEBUG rally_openstack.cleanup.manager [-] Deleting cinder.volumes object s_rally_9417c921_MPI2ZTNF (dcbb2c5e-ab80-454e-bc8f-7f7fccbe1674)
2019-06-24 19:16:54.181 1842 INFO rally.task.context [-] Task afcdefd3-44fd-426f-9170-2533b4f3fef0 | Context cleanup@openstack cleanup() finished in 12.63 sec
2019-06-24 19:16:54.182 1842 INFO rally.task.context [-] Task afcdefd3-44fd-426f-9170-2533b4f3fef0 | Context quotas@openstack cleanup() started
2019-06-24 19:16:54.782 1842 INFO rally.task.context [-] Task afcdefd3-44fd-426f-9170-2533b4f3fef0 | Context quotas@openstack cleanup() finished in 0.60 sec
2019-06-24 19:16:54.783 1842 INFO rally.task.context [-] Task afcdefd3-44fd-426f-9170-2533b4f3fef0 | Context api_versions@openstack cleanup() started
2019-06-24 19:16:54.783 1842 INFO rally.task.context [-] Task afcdefd3-44fd-426f-9170-2533b4f3fef0 | Context api_versions@openstack cleanup() finished in 0.30 msec
2019-06-24 19:16:54.783 1842 INFO rally.task.context [-] Task afcdefd3-44fd-426f-9170-2533b4f3fef0 | Context users@openstack cleanup() started
2019-06-24 19:17:02.710 1842 INFO rally.task.context [-] Task afcdefd3-44fd-426f-9170-2533b4f3fef0 | Context users@openstack cleanup() finished in 7.93 sec
2019-06-24 19:17:02.790 1842 INFO rally.task.engine [-] Load duration is: 11.962287
2019-06-24 19:17:02.791 1842 INFO rally.task.engine [-] Full runner duration is: 12.014982
2019-06-24 19:17:02.791 1842 INFO rally.task.engine [-] Full duration is: 40.10394
2019-06-24 19:17:03.008 1842 INFO rally.task.engine [-] Running workload: position = 0 config = { "version": 2, "title": "A cropped version of a bigger task.", "description": "Auto-generated task from a single workload (uuid=4a4bb4fc-ac14-4e0b-9ac3-9ccbd57f3566)", "subtasks": [ { "title": "CinderVolumes.create_and_upload_volume_to_image", "description": "Create and upload a volume to image.", "scenario": { "CinderVolumes.create_and_upload_volume_to_image": { "container_format": "bare", "disk_format": "raw", "do_delete": true, "force": false, "size": 1 } }, "contexts": { "users": { "tenants": 3, "users_per_tenant": 2 }, "quotas": { "cinder": { "gigabytes": -1, "snapshots": -1, "volumes": -1 } }, "api_versions": { "cinder": { "version": 3, "service_type": "volumev3" } } }, "runner": { "constant": { "concurrency": 4, "times": 10 } }, "hooks": [], "sla": { "failure_rate": { "max": 0 } } } ] }
2019-06-24 19:17:03.032 1842 RALLYDEBUG rally_openstack.contexts.keystone.users [-] Creating 3 tenants using 20 threads
2019-06-24 19:17:04.995 1842 RALLYDEBUG rally_openstack.contexts.keystone.users [-] Creating 6 users using 20 threads
2019-06-24 19:17:08.023 1842 INFO rally.task.context [-] Task afcdefd3-44fd-426f-9170-2533b4f3fef0 | Context users@openstack setup() finished in 4.99 sec
2019-06-24 19:17:08.446 1842 INFO rally.task.context [-] Task afcdefd3-44fd-426f-9170-2533b4f3fef0 | Context api_versions@openstack setup() finished in 0.42 sec
2019-06-24 19:17:10.036 1842 INFO rally.task.context [-] Task afcdefd3-44fd-426f-9170-2533b4f3fef0 | Context quotas@openstack setup() finished in 1.59 sec
2019-06-24 19:17:10.036 1842 INFO rally.task.context [-] Task afcdefd3-44fd-426f-9170-2533b4f3fef0 | Context cleanup@openstack setup() finished in 0.01 msec
2019-06-24 19:17:10.044 1842 RALLYDEBUG rally.task.runner [-] Starting the constant runner (task UUID: afcdefd3-44fd-426f-9170-2533b4f3fef0). timeout: 0 concurrency: 4 concurrency_per_worker: 1 times: 10 concurrency_overhead: 0 processes_to_start: 4 max_cpu_used: 16
2019-06-24 19:17:10.056 2782 RALLYDEBUG rally.task.runner [-] Starting a worker. concurrency: 1 args: {"container_format": "bare", "disk_format": "raw", "do_delete": true, "force": false, "size": 1} times: 10 method_name: run timeout: 0 duration: None cls:
2019-06-24 19:17:10.058 2783 RALLYDEBUG rally.task.runner [-] Starting a worker. concurrency: 1 args: {"container_format": "bare", "disk_format": "raw", "do_delete": true, "force": false, "size": 1} times: 10 method_name: run timeout: 0 duration: None cls:
2019-06-24 19:17:10.061 2785 RALLYDEBUG rally.task.runner [-] Starting a worker. concurrency: 1 args: {"container_format": "bare", "disk_format": "raw", "do_delete": true, "force": false, "size": 1} times: 10 method_name: run timeout: 0 duration: None cls:
2019-06-24 19:17:10.061 2784 RALLYDEBUG rally.task.runner [-] Starting a worker. concurrency: 1 args: {"container_format": "bare", "disk_format": "raw", "do_delete": true, "force": false, "size": 1} times: 10 method_name: run timeout: 0 duration: None cls:
2019-06-24 19:17:10.064 2782 INFO rally.task.runner [-] Task afcdefd3-44fd-426f-9170-2533b4f3fef0 | ITER: 1 START
2019-06-24 19:17:10.065 2783 INFO rally.task.runner [-] Task afcdefd3-44fd-426f-9170-2533b4f3fef0 | ITER: 2 START
2019-06-24 19:17:10.066 2785 INFO rally.task.runner [-] Task afcdefd3-44fd-426f-9170-2533b4f3fef0 | ITER: 3 START
2019-06-24 19:17:10.068 2784 INFO rally.task.runner [-] Task afcdefd3-44fd-426f-9170-2533b4f3fef0 | ITER: 4 START
2019-06-24 19:17:15.503 2782 RALLYDEBUG rally.task.utils [-] Waiting for resource s_rally_4a4bb4fc_QfWmIjyM. Status changed: AVAILABLE => UPLOADING in 0.249257087708
2019-06-24 19:17:15.632 2783 RALLYDEBUG rally.task.utils [-] Waiting for resource s_rally_4a4bb4fc_R9QLha2e. Status changed: AVAILABLE => UPLOADING in 0.326364040375
2019-06-24 19:17:15.668 2785 RALLYDEBUG rally.task.utils [-] Waiting for resource s_rally_4a4bb4fc_Moqtl80K. Status changed: AVAILABLE => UPLOADING in 0.328119039536
2019-06-24 19:17:15.920 2784 RALLYDEBUG rally.task.utils [-] Waiting for resource s_rally_4a4bb4fc_BHvlTPva. Status changed: AVAILABLE => UPLOADING in 0.336484909058
2019-06-24 19:18:05.400 2784 RALLYDEBUG rally.task.utils [-] Waiting for resource s_rally_4a4bb4fc_BHvlTPva. Status changed: UPLOADING => AVAILABLE in 49.4792609215
2019-06-24 19:18:05.864 2783 RALLYDEBUG rally.task.utils [-] Waiting for resource s_rally_4a4bb4fc_R9QLha2e. Status changed: UPLOADING => AVAILABLE in 50.2326879501
2019-06-24 19:18:06.004 2784 RALLYDEBUG rally.task.utils [-] Waiting for resource s_rally_4a4bb4fc_BHvlTPva. Status changed: AVAILABLE => DELETING in 0.0564570426941
2019-06-24 19:18:06.258 2782 RALLYDEBUG rally.task.utils [-] Waiting for resource s_rally_4a4bb4fc_QfWmIjyM. Status changed: UPLOADING => AVAILABLE in 50.7554008961
2019-06-24 19:18:07.092 2783 RALLYDEBUG rally.task.utils [-] Waiting for resource s_rally_4a4bb4fc_R9QLha2e. Status changed: AVAILABLE => DELETING in 0.0602779388428
2019-06-24 19:18:07.183 2785 RALLYDEBUG rally.task.utils [-] Waiting for resource s_rally_4a4bb4fc_Moqtl80K. Status changed: UPLOADING => AVAILABLE in 51.5145878792
2019-06-24 19:18:07.320 2782 RALLYDEBUG rally.task.utils [-] Waiting for resource s_rally_4a4bb4fc_QfWmIjyM. Status changed: AVAILABLE => DELETING in 0.0544469356537
2019-06-24 19:18:08.762 2784 INFO rally.task.runner [-] Task afcdefd3-44fd-426f-9170-2533b4f3fef0 | ITER: 4 END: OK
2019-06-24 19:18:08.768 2784 INFO rally.task.runner [-] Task afcdefd3-44fd-426f-9170-2533b4f3fef0 | ITER: 5 START
2019-06-24 19:18:10.060 2782 INFO rally.task.runner [-] Task afcdefd3-44fd-426f-9170-2533b4f3fef0 | ITER: 1 END: OK
2019-06-24 19:18:10.065 2782 INFO rally.task.runner [-] Task afcdefd3-44fd-426f-9170-2533b4f3fef0 | ITER: 6 START
2019-06-24 19:18:10.078 2785 INFO rally.task.runner [-] Task afcdefd3-44fd-426f-9170-2533b4f3fef0 | ITER: 3 END: OK
2019-06-24 19:18:10.082 2785 INFO rally.task.runner [-] Task afcdefd3-44fd-426f-9170-2533b4f3fef0 | ITER: 7 START
2019-06-24 19:18:10.085 2783 INFO rally.task.runner [-] Task afcdefd3-44fd-426f-9170-2533b4f3fef0 | ITER: 2 END: OK
2019-06-24 19:18:10.089 2783 INFO rally.task.runner [-] Task afcdefd3-44fd-426f-9170-2533b4f3fef0 | ITER: 8 START
2019-06-24 19:18:14.461 2784 RALLYDEBUG rally.task.utils [-] Waiting for resource s_rally_4a4bb4fc_Cxkpa3Ri. Status changed: AVAILABLE => UPLOADING in 0.341495037079
2019-06-24 19:18:15.466 2783 RALLYDEBUG rally.task.utils [-] Waiting for resource s_rally_4a4bb4fc_UVMhgcfq. Status changed: AVAILABLE => UPLOADING in 0.331082105637
2019-06-24 19:18:15.659 2785 RALLYDEBUG rally.task.utils [-] Waiting for resource s_rally_4a4bb4fc_j1IZbRk7. Status changed: AVAILABLE => UPLOADING in 0.343513965607
2019-06-24 19:18:15.750 2782 RALLYDEBUG rally.task.utils [-] Waiting for resource s_rally_4a4bb4fc_CYJfWrUV. Status changed: AVAILABLE => UPLOADING in 0.470593929291
2019-06-24 19:19:04.948 2784 RALLYDEBUG rally.task.utils [-] Waiting for resource s_rally_4a4bb4fc_Cxkpa3Ri. Status changed: UPLOADING => AVAILABLE in 50.4872288704
2019-06-24 19:19:05.491 2785 RALLYDEBUG rally.task.utils [-] Waiting for resource s_rally_4a4bb4fc_j1IZbRk7. Status changed: UPLOADING => AVAILABLE in 49.8319430351
2019-06-24 19:19:05.672 2784 RALLYDEBUG rally.task.utils [-] Waiting for resource s_rally_4a4bb4fc_Cxkpa3Ri. Status changed: AVAILABLE => DELETING in 0.0594050884247
2019-06-24 19:19:05.988 2783 RALLYDEBUG rally.task.utils [-] Waiting for resource s_rally_4a4bb4fc_UVMhgcfq. Status changed: UPLOADING => AVAILABLE in 50.5220119953
2019-06-24 19:19:06.643 2785 RALLYDEBUG rally.task.utils [-] Waiting for resource s_rally_4a4bb4fc_j1IZbRk7. Status changed: AVAILABLE => DELETING in 0.347901105881
2019-06-24 19:19:07.206 2783 RALLYDEBUG rally.task.utils [-] Waiting for resource s_rally_4a4bb4fc_UVMhgcfq. Status changed: AVAILABLE => DELETING in 0.0594561100006
2019-06-24 19:19:07.409 2782 RALLYDEBUG rally.task.utils [-] Waiting for resource s_rally_4a4bb4fc_CYJfWrUV. Status changed: UPLOADING => AVAILABLE in 51.6581859589
2019-06-24 19:19:08.480 2782 RALLYDEBUG rally.task.utils [-] Waiting for resource s_rally_4a4bb4fc_CYJfWrUV. Status changed: AVAILABLE => DELETING in 0.0525939464569
2019-06-24 19:19:09.216 2784 INFO rally.task.runner [-] Task afcdefd3-44fd-426f-9170-2533b4f3fef0 | ITER: 5 END: OK
2019-06-24 19:19:09.223 2784 INFO rally.task.runner [-] Task afcdefd3-44fd-426f-9170-2533b4f3fef0 | ITER: 9 START
2019-06-24 19:19:10.444 2785 INFO rally.task.runner [-] Task afcdefd3-44fd-426f-9170-2533b4f3fef0 | ITER: 7 END: OK
2019-06-24 19:19:10.450 2785 INFO rally.task.runner [-] Task afcdefd3-44fd-426f-9170-2533b4f3fef0 | ITER: 10 START
2019-06-24 19:19:10.462 2783 INFO rally.task.runner [-] Task afcdefd3-44fd-426f-9170-2533b4f3fef0 | ITER: 8 END: OK
2019-06-24 19:19:11.528 2782 INFO rally.task.runner [-] Task afcdefd3-44fd-426f-9170-2533b4f3fef0 | ITER: 6 END: OK
2019-06-24 19:19:14.771 2784 RALLYDEBUG rally.task.utils [-] Waiting for resource s_rally_4a4bb4fc_6YG8RIUZ. Status changed: AVAILABLE => UPLOADING in 0.319947004318
2019-06-24 19:19:16.371 2785 RALLYDEBUG rally.task.utils [-] Waiting for resource s_rally_4a4bb4fc_A8wsB1Om. Status changed: AVAILABLE => UPLOADING in 0.247428894043
2019-06-24 19:19:46.521 2784 RALLYDEBUG rally.task.utils [-] Waiting for resource s_rally_4a4bb4fc_6YG8RIUZ. Status changed: UPLOADING => AVAILABLE in 31.7499110699
2019-06-24 19:19:47.735 2784 RALLYDEBUG rally.task.utils [-] Waiting for resource s_rally_4a4bb4fc_6YG8RIUZ. Status changed: AVAILABLE => DELETING in 0.0530970096588
2019-06-24 19:19:48.442 2785 RALLYDEBUG rally.task.utils [-] Waiting for resource s_rally_4a4bb4fc_A8wsB1Om. Status changed: UPLOADING => AVAILABLE in 32.0710270405
2019-06-24 19:19:51.132 2785 INFO rally.task.runner [-] Task afcdefd3-44fd-426f-9170-2533b4f3fef0 | ITER: 10 END: OK
2019-06-24 19:19:51.146 2784 INFO rally.task.runner [-] Task afcdefd3-44fd-426f-9170-2533b4f3fef0 | ITER: 9 END: OK
2019-06-24 19:19:51.174 1842 INFO rally.task.context [-] Task afcdefd3-44fd-426f-9170-2533b4f3fef0 | Context cleanup@openstack cleanup() started
2019-06-24 19:19:51.180 1842 RALLYDEBUG rally_openstack.cleanup.manager [-] Cleaning up cinder backups objects
2019-06-24 19:19:53.370 1842 RALLYDEBUG rally_openstack.cleanup.manager [-] Cleaning up cinder volume_snapshots objects
2019-06-24 19:19:55.594 1842 RALLYDEBUG rally_openstack.cleanup.manager [-] Cleaning up cinder transfers objects
2019-06-24 19:19:57.808 1842 RALLYDEBUG rally_openstack.cleanup.manager [-] Cleaning up cinder volumes objects
2019-06-24 19:20:00.131 1842 RALLYDEBUG rally_openstack.cleanup.manager [-] Cleaning up glance images objects
2019-06-24 19:20:03.427 1842 INFO rally.task.context [-] Task afcdefd3-44fd-426f-9170-2533b4f3fef0 | Context cleanup@openstack cleanup() finished in 12.25 sec
2019-06-24 19:20:03.427 1842 INFO rally.task.context [-] Task afcdefd3-44fd-426f-9170-2533b4f3fef0 | Context quotas@openstack cleanup() started
2019-06-24 19:20:04.609 1842 INFO rally.task.context [-] Task afcdefd3-44fd-426f-9170-2533b4f3fef0 | Context quotas@openstack cleanup() finished in 1.18 sec
2019-06-24 19:20:04.610 1842 INFO rally.task.context [-] Task afcdefd3-44fd-426f-9170-2533b4f3fef0 | Context api_versions@openstack cleanup() started
2019-06-24 19:20:04.610 1842 INFO rally.task.context [-] Task afcdefd3-44fd-426f-9170-2533b4f3fef0 | Context api_versions@openstack cleanup() finished in 0.42 msec
2019-06-24 19:20:04.611 1842 INFO rally.task.context [-] Task afcdefd3-44fd-426f-9170-2533b4f3fef0 | Context users@openstack cleanup() started
2019-06-24 19:20:12.680 1842 INFO rally.task.context [-] Task afcdefd3-44fd-426f-9170-2533b4f3fef0 | Context users@openstack cleanup() finished in 8.07 sec
2019-06-24 19:20:13.723 1842 INFO rally.task.engine [-] Load duration is: 160.207745
2019-06-24 19:20:13.724 1842 INFO rally.task.engine [-] Full runner duration is: 161.130143
2019-06-24 19:20:13.724 1842 INFO rally.task.engine [-] Full duration is: 189.652015
2019-06-24 19:20:13.959 1842 INFO rally.task.engine [-] Running workload: position = 0 config = { "version": 2, "title": "A cropped version of a bigger task.", "description": "Auto-generated task from a single workload (uuid=9afa1a21-bcf9-45bf-8d32-9be77963159a)", "subtasks": [ { "title": "CinderVolumes.create_nested_snapshots_and_attach_volume", "description": "Create a volume from snapshot and attach/detach the volume", "scenario": { "CinderVolumes.create_nested_snapshots_and_attach_volume": { "flavor": { "name": "rally_full-flavor_16f09a6e-3b06-4a84-8877-eaa46d16054c" }, "image": { "name": "rally_full-img_16f09a6e-3b06-4a84-8877-eaa46d16054c" }, "nested_level": 1, "size": { "max": 1, "min": 1 }, "create_vm_params": { "nics": [ { "net-id": "2a6fe257-5945-48ed-9f6f-177e057a1260" } ] } } }, "contexts": { "users": { "tenants": 3, "users_per_tenant": 2 }, "quotas": { "cinder": { "gigabytes": -1, "snapshots": -1, "volumes": -1 } }, "api_versions": { "cinder": { "version": 3, "service_type": "volumev3" } } }, "runner": { "constant": { "concurrency": 4, "times": 10 } }, "hooks": [], "sla": { "failure_rate": { "max": 0 } } } ] }
2019-06-24 19:20:13.986 1842 RALLYDEBUG rally_openstack.contexts.keystone.users [-] Creating 3 tenants using 20 threads
2019-06-24 19:20:15.851 1842 RALLYDEBUG rally_openstack.contexts.keystone.users [-] Creating 6 users using 20 threads
2019-06-24 19:20:18.796 1842 INFO rally.task.context [-] Task afcdefd3-44fd-426f-9170-2533b4f3fef0 | Context users@openstack setup() finished in 4.81 sec
2019-06-24 19:20:19.210 1842 INFO rally.task.context [-] Task afcdefd3-44fd-426f-9170-2533b4f3fef0 | Context api_versions@openstack setup() finished in 0.41 sec
2019-06-24 19:20:20.855 1842 INFO rally.task.context [-] Task afcdefd3-44fd-426f-9170-2533b4f3fef0 | Context quotas@openstack setup() finished in 1.64 sec
2019-06-24 19:20:20.856 1842 INFO rally.task.context [-] Task afcdefd3-44fd-426f-9170-2533b4f3fef0 | Context cleanup@openstack setup() finished in 0.01 msec
2019-06-24 19:20:22.353 1842 DEBUG novaclient.v2.client [-] REQ: curl -g -i -X GET http://172.30.9.42:8774/v2.1/flavors/detail -H "Accept: application/json" -H "User-Agent: python-novaclient" -H "X-Auth-Token: {SHA1}b20e46df10457466665cec9640527bace0239b3b" _http_log_request /usr/lib/python2.7/site-packages/keystoneauth1/session.py:448
2019-06-24 19:20:22.657 1842 DEBUG novaclient.v2.client [-] RESP: [200] Content-Encoding: gzip Content-Length: 364 Content-Type: application/json Date: Mon, 24 Jun 2019 19:20:22 GMT OpenStack-API-Version: compute 2.1 Server: Apache Vary: OpenStack-API-Version,X-OpenStack-Nova-API-Version,Accept-Encoding X-OpenStack-Nova-API-Version: 2.1 x-compute-request-id: req-ccaccea8-fd49-4fb6-badd-7de623d7ab21 x-openstack-request-id: req-ccaccea8-fd49-4fb6-badd-7de623d7ab21 _http_log_response /usr/lib/python2.7/site-packages/keystoneauth1/session.py:479
2019-06-24 19:20:22.658 1842 DEBUG novaclient.v2.client [-] RESP BODY: {"flavors": [{"name": "rally_full-flavor_alt_16f09a6e-3b06-4a84-8877-eaa46d16054c", "links": [{"href": "http://172.30.9.42:8774/v2.1/flavors/2cb266fe-3e8b-4a04-ae69-4d782ebccba0", "rel": "self"}, {"href": "http://172.30.9.42:8774/flavors/2cb266fe-3e8b-4a04-ae69-4d782ebccba0", "rel": "bookmark"}], "ram": 1024, "OS-FLV-DISABLED:disabled": false, "vcpus": 1, "swap": "", "os-flavor-access:is_public": true, "rxtx_factor": 1.0, "OS-FLV-EXT-DATA:ephemeral": 0, "disk": 1, "id": "2cb266fe-3e8b-4a04-ae69-4d782ebccba0"}, {"name": "rally_full-flavor_16f09a6e-3b06-4a84-8877-eaa46d16054c", "links": [{"href": "http://172.30.9.42:8774/v2.1/flavors/4d22ca0a-5d27-426a-a97b-ecd6f342a8f5", "rel": "self"}, {"href": "http://172.30.9.42:8774/flavors/4d22ca0a-5d27-426a-a97b-ecd6f342a8f5", "rel": "bookmark"}], "ram": 512, "OS-FLV-DISABLED:disabled": false, "vcpus": 1, "swap": "", "os-flavor-access:is_public": true, "rxtx_factor": 1.0, "OS-FLV-EXT-DATA:ephemeral": 0, "disk": 1, "id": "4d22ca0a-5d27-426a-a97b-ecd6f342a8f5"}]} _http_log_response /usr/lib/python2.7/site-packages/keystoneauth1/session.py:511
2019-06-24 19:20:22.658 1842 DEBUG novaclient.v2.client [-] GET call to compute for http://172.30.9.42:8774/v2.1/flavors/detail used request id req-ccaccea8-fd49-4fb6-badd-7de623d7ab21 request /usr/lib/python2.7/site-packages/keystoneauth1/session.py:844
2019-06-24 19:20:22.660 1842 RALLYDEBUG rally.task.runner [-] Starting the constant runner (task UUID: afcdefd3-44fd-426f-9170-2533b4f3fef0). timeout: 0 concurrency: 4 concurrency_per_worker: 1 times: 10 concurrency_overhead: 0 processes_to_start: 4 max_cpu_used: 16
2019-06-24 19:20:22.673 2986 RALLYDEBUG rally.task.runner [-] Starting a worker. concurrency: 1 args: {"flavor": "4d22ca0a-5d27-426a-a97b-ecd6f342a8f5", "image": "e0ff6aa0-2894-486c-8b76-0ae408ea5d65", "nested_level": 1, "size": {"max": 1, "min": 1}, "create_vm_params": {"nics": [{"net-id": "2a6fe257-5945-48ed-9f6f-177e057a1260"}]}} times: 10 method_name: run timeout: 0 duration: None cls:
2019-06-24 19:20:22.676 2987 RALLYDEBUG rally.task.runner [-] Starting a worker. concurrency: 1 args: {"flavor": "4d22ca0a-5d27-426a-a97b-ecd6f342a8f5", "image": "e0ff6aa0-2894-486c-8b76-0ae408ea5d65", "nested_level": 1, "size": {"max": 1, "min": 1}, "create_vm_params": {"nics": [{"net-id": "2a6fe257-5945-48ed-9f6f-177e057a1260"}]}} times: 10 method_name: run timeout: 0 duration: None cls:
2019-06-24 19:20:22.679 2988 RALLYDEBUG rally.task.runner [-] Starting a worker. concurrency: 1 args: {"flavor": "4d22ca0a-5d27-426a-a97b-ecd6f342a8f5", "image": "e0ff6aa0-2894-486c-8b76-0ae408ea5d65", "nested_level": 1, "size": {"max": 1, "min": 1}, "create_vm_params": {"nics": [{"net-id": "2a6fe257-5945-48ed-9f6f-177e057a1260"}]}} times: 10 method_name: run timeout: 0 duration: None cls:
2019-06-24 19:20:22.682 2986 INFO rally.task.runner [-] Task afcdefd3-44fd-426f-9170-2533b4f3fef0 | ITER: 1 START
2019-06-24 19:20:22.682 2989 RALLYDEBUG rally.task.runner [-] Starting a worker. concurrency: 1 args: {"flavor": "4d22ca0a-5d27-426a-a97b-ecd6f342a8f5", "image": "e0ff6aa0-2894-486c-8b76-0ae408ea5d65", "nested_level": 1, "size": {"max": 1, "min": 1}, "create_vm_params": {"nics": [{"net-id": "2a6fe257-5945-48ed-9f6f-177e057a1260"}]}} times: 10 method_name: run timeout: 0 duration: None cls:
2019-06-24 19:20:22.687 2987 INFO rally.task.runner [-] Task afcdefd3-44fd-426f-9170-2533b4f3fef0 | ITER: 2 START
2019-06-24 19:20:22.687 2988 INFO rally.task.runner [-] Task afcdefd3-44fd-426f-9170-2533b4f3fef0 | ITER: 3 START
2019-06-24 19:20:22.690 2989 INFO rally.task.runner [-] Task afcdefd3-44fd-426f-9170-2533b4f3fef0 | ITER: 4 START
2019-06-24 19:20:23.141 2986 DEBUG novaclient.v2.client [-] REQ: curl -g -i -X POST http://172.30.9.42:8774/v2.1/servers -H "Accept: application/json" -H "Content-Type: application/json" -H "User-Agent: python-novaclient" -H "X-Auth-Token: {SHA1}60e988da6a86529431dfa13f5f1df305b6362609" -d '{"server": {"name": "s_rally_9afa1a21_qMxqQwmq", "imageRef": "e0ff6aa0-2894-486c-8b76-0ae408ea5d65", "flavorRef": "4d22ca0a-5d27-426a-a97b-ecd6f342a8f5", "max_count": 1, "min_count": 1, "networks": [{"uuid": "2a6fe257-5945-48ed-9f6f-177e057a1260"}]}}' _http_log_request /usr/lib/python2.7/site-packages/keystoneauth1/session.py:448
2019-06-24 19:20:23.142 2989 DEBUG novaclient.v2.client [-] REQ: curl -g -i -X POST http://172.30.9.42:8774/v2.1/servers -H "Accept: application/json" -H "Content-Type: application/json" -H "User-Agent: python-novaclient" -H "X-Auth-Token: {SHA1}60d2024d867df4f81c672c6d36450e6f29d66c30" -d '{"server": {"name": "s_rally_9afa1a21_ziym4Ezu", "imageRef": "e0ff6aa0-2894-486c-8b76-0ae408ea5d65", "flavorRef": "4d22ca0a-5d27-426a-a97b-ecd6f342a8f5", "max_count": 1, "min_count": 1, "networks": [{"uuid": "2a6fe257-5945-48ed-9f6f-177e057a1260"}]}}' _http_log_request /usr/lib/python2.7/site-packages/keystoneauth1/session.py:448
2019-06-24 19:20:23.145 2987 DEBUG novaclient.v2.client [-] REQ: curl -g -i -X POST http://172.30.9.42:8774/v2.1/servers -H "Accept: application/json" -H "Content-Type: application/json" -H "User-Agent: python-novaclient" -H "X-Auth-Token: {SHA1}88520500264900029c1cd769553f822ee71a74dd" -d '{"server": {"name": "s_rally_9afa1a21_ciADoYVW", "imageRef": "e0ff6aa0-2894-486c-8b76-0ae408ea5d65", "flavorRef": "4d22ca0a-5d27-426a-a97b-ecd6f342a8f5", "max_count": 1, "min_count": 1, "networks": [{"uuid": "2a6fe257-5945-48ed-9f6f-177e057a1260"}]}}' _http_log_request /usr/lib/python2.7/site-packages/keystoneauth1/session.py:448
2019-06-24 19:20:23.156 2988 DEBUG novaclient.v2.client [-] REQ: curl -g -i -X POST http://172.30.9.42:8774/v2.1/servers -H "Accept: application/json" -H "Content-Type: application/json" -H "User-Agent: python-novaclient" -H "X-Auth-Token: {SHA1}008af448c4b1221bb0f14b71e15923a69e151ad2" -d '{"server": {"name": "s_rally_9afa1a21_hllzTadD", "imageRef": "e0ff6aa0-2894-486c-8b76-0ae408ea5d65", "flavorRef": "4d22ca0a-5d27-426a-a97b-ecd6f342a8f5", "max_count": 1, "min_count": 1, "networks": [{"uuid": "2a6fe257-5945-48ed-9f6f-177e057a1260"}]}}' _http_log_request /usr/lib/python2.7/site-packages/keystoneauth1/session.py:448
2019-06-24 19:20:27.037 2988 DEBUG novaclient.v2.client [-] RESP: [202] Content-Length: 374 Content-Type: application/json Date: Mon, 24 Jun 2019 19:20:23 GMT OpenStack-API-Version: compute 2.1 Server: Apache Vary: OpenStack-API-Version,X-OpenStack-Nova-API-Version X-OpenStack-Nova-API-Version: 2.1 location: http://172.30.9.42:8774/v2.1/servers/ba4f1ea3-1450-4b17-b7e2-fe1ca61985d7 x-compute-request-id: req-4e32314b-03f6-431e-89f6-a4565f7d86fb x-openstack-request-id: req-4e32314b-03f6-431e-89f6-a4565f7d86fb _http_log_response /usr/lib/python2.7/site-packages/keystoneauth1/session.py:479
2019-06-24 19:20:27.038 2988 DEBUG novaclient.v2.client [-] RESP BODY: {"server": {"security_groups": [{"name": "default"}], "OS-DCF:diskConfig": "MANUAL", "id": "ba4f1ea3-1450-4b17-b7e2-fe1ca61985d7", "links": [{"href": "http://172.30.9.42:8774/v2.1/servers/ba4f1ea3-1450-4b17-b7e2-fe1ca61985d7", "rel": "self"}, {"href": "http://172.30.9.42:8774/servers/ba4f1ea3-1450-4b17-b7e2-fe1ca61985d7", "rel": "bookmark"}], "adminPass": "m7pdGbr7HF6L"}} _http_log_response /usr/lib/python2.7/site-packages/keystoneauth1/session.py:511
2019-06-24 19:20:27.039 2988 DEBUG novaclient.v2.client [-] POST call to compute for http://172.30.9.42:8774/v2.1/servers used request id req-4e32314b-03f6-431e-89f6-a4565f7d86fb request /usr/lib/python2.7/site-packages/keystoneauth1/session.py:844
2019-06-24 19:20:27.085 2989 DEBUG novaclient.v2.client [-] RESP: [202] Content-Length: 374 Content-Type: application/json Date: Mon, 24 Jun 2019 19:20:23 GMT OpenStack-API-Version: compute 2.1 Server: Apache Vary: OpenStack-API-Version,X-OpenStack-Nova-API-Version X-OpenStack-Nova-API-Version: 2.1 location: http://172.30.9.42:8774/v2.1/servers/ea7410b3-6a84-4764-b2b0-859e467f0c3d x-compute-request-id: req-5d602ade-785d-4196-a411-28fea94a7225 x-openstack-request-id: req-5d602ade-785d-4196-a411-28fea94a7225 _http_log_response /usr/lib/python2.7/site-packages/keystoneauth1/session.py:479
2019-06-24 19:20:27.086 2989 DEBUG novaclient.v2.client [-] RESP BODY: {"server": {"security_groups": [{"name": "default"}], "OS-DCF:diskConfig": "MANUAL", "id": "ea7410b3-6a84-4764-b2b0-859e467f0c3d", "links": [{"href": "http://172.30.9.42:8774/v2.1/servers/ea7410b3-6a84-4764-b2b0-859e467f0c3d", "rel": "self"}, {"href": "http://172.30.9.42:8774/servers/ea7410b3-6a84-4764-b2b0-859e467f0c3d", "rel": "bookmark"}], "adminPass": "xXoZ2DxjC5ni"}} _http_log_response /usr/lib/python2.7/site-packages/keystoneauth1/session.py:511
2019-06-24 19:20:27.087 2989 DEBUG novaclient.v2.client [-] POST call to compute for http://172.30.9.42:8774/v2.1/servers used request id req-5d602ade-785d-4196-a411-28fea94a7225 request /usr/lib/python2.7/site-packages/keystoneauth1/session.py:844
2019-06-24 19:20:27.307 2986 DEBUG novaclient.v2.client [-] RESP: [202] Content-Length: 374 Content-Type: application/json Date: Mon, 24 Jun 2019 19:20:23 GMT OpenStack-API-Version: compute 2.1 Server: Apache Vary: OpenStack-API-Version,X-OpenStack-Nova-API-Version X-OpenStack-Nova-API-Version: 2.1 location: http://172.30.9.42:8774/v2.1/servers/27ae7fc1-ca57-44ad-9fe5-926e0830dce6 x-compute-request-id: req-a431e1d0-8d9b-4024-894b-41ba255dd062 x-openstack-request-id: req-a431e1d0-8d9b-4024-894b-41ba255dd062 _http_log_response /usr/lib/python2.7/site-packages/keystoneauth1/session.py:479
2019-06-24 19:20:27.308 2986 DEBUG novaclient.v2.client [-] RESP BODY: {"server": {"security_groups": [{"name": "default"}], "OS-DCF:diskConfig": "MANUAL", "id": "27ae7fc1-ca57-44ad-9fe5-926e0830dce6", "links": [{"href": "http://172.30.9.42:8774/v2.1/servers/27ae7fc1-ca57-44ad-9fe5-926e0830dce6", "rel": "self"}, {"href": "http://172.30.9.42:8774/servers/27ae7fc1-ca57-44ad-9fe5-926e0830dce6", "rel": "bookmark"}], "adminPass": "p8PvZehcYbeX"}} _http_log_response /usr/lib/python2.7/site-packages/keystoneauth1/session.py:511
