2019-06-24 19:29:11.784 4172 RALLYDEBUG rally.task.utils [-] Waiting for resource s_rally_16b9595c_soQZ3iu1. Status changed: AVAILABLE => DELETING in 0.259712934494
2019-06-24 19:29:13.823 4172 INFO rally.task.runner [-] Task afcdefd3-44fd-426f-9170-2533b4f3fef0 | ITER: 10 END: OK
2019-06-24 19:29:13.851 1842 INFO rally.task.context [-] Task afcdefd3-44fd-426f-9170-2533b4f3fef0 | Context cleanup@openstack cleanup() started
2019-06-24 19:29:13.853 1842 RALLYDEBUG rally_openstack.cleanup.manager [-] Cleaning up cinder backups objects
2019-06-24 19:29:15.961 1842 RALLYDEBUG rally_openstack.cleanup.manager [-] Cleaning up cinder volume_snapshots objects
2019-06-24 19:29:18.311 1842 RALLYDEBUG rally_openstack.cleanup.manager [-] Cleaning up cinder transfers objects
2019-06-24 19:29:20.443 1842 RALLYDEBUG rally_openstack.cleanup.manager [-] Cleaning up cinder volumes objects
2019-06-24 19:29:22.749 1842 INFO rally.task.context [-] Task afcdefd3-44fd-426f-9170-2533b4f3fef0 | Context cleanup@openstack cleanup() finished in 8.90 sec
2019-06-24 19:29:22.749 1842 INFO rally.task.context [-] Task afcdefd3-44fd-426f-9170-2533b4f3fef0 | Context quotas@openstack cleanup() started
2019-06-24 19:29:23.444 1842 INFO rally.task.context [-] Task afcdefd3-44fd-426f-9170-2533b4f3fef0 | Context quotas@openstack cleanup() finished in 0.69 sec
2019-06-24 19:29:23.445 1842 INFO rally.task.context [-] Task afcdefd3-44fd-426f-9170-2533b4f3fef0 | Context api_versions@openstack cleanup() started
2019-06-24 19:29:23.445 1842 INFO rally.task.context [-] Task afcdefd3-44fd-426f-9170-2533b4f3fef0 | Context api_versions@openstack cleanup() finished in 0.30 msec
2019-06-24 19:29:23.445 1842 INFO rally.task.context [-] Task afcdefd3-44fd-426f-9170-2533b4f3fef0 | Context users@openstack cleanup() started
2019-06-24 19:29:31.636 1842 INFO rally.task.context [-] Task afcdefd3-44fd-426f-9170-2533b4f3fef0 | Context users@openstack cleanup() finished in 8.19 sec
2019-06-24 19:29:33.594 1842 INFO rally.task.engine [-] Load duration is: 17.394802
2019-06-24 19:29:33.594 1842 INFO rally.task.engine [-] Full runner duration is: 17.448884
2019-06-24 19:29:33.594 1842 INFO rally.task.engine [-] Full duration is: 42.240407
2019-06-24 19:29:33.741 1842 INFO rally.task.engine [-] Running workload: position = 1 config = { "version": 2, "title": "A cropped version of a bigger task.", "description": "Auto-generated task from a single workload (uuid=0ee9c73b-bf07-4655-9619-6d2bbc536191)", "subtasks": [ { "title": "CinderVolumes.create_and_delete_volume", "description": "Create and then delete a volume.", "scenario": { "CinderVolumes.create_and_delete_volume": { "image": { "name": "rally_full-img_16f09a6e-3b06-4a84-8877-eaa46d16054c" }, "size": 1 } }, "contexts": { "users": { "tenants": 3, "users_per_tenant": 2 }, "quotas": { "cinder": { "gigabytes": -1, "snapshots": -1, "volumes": -1 } }, "api_versions": { "cinder": { "version": 3, "service_type": "volumev3" } } }, "runner": { "constant": { "concurrency": 4, "times": 10 } }, "hooks": [], "sla": { "failure_rate": { "max": 0 } } } ] }
2019-06-24 19:29:33.754 1842 RALLYDEBUG rally_openstack.contexts.keystone.users [-] Creating 3 tenants using 20 threads
2019-06-24 19:29:35.698 1842 RALLYDEBUG rally_openstack.contexts.keystone.users [-] Creating 6 users using 20 threads
2019-06-24 19:29:38.698 1842 INFO rally.task.context [-] Task afcdefd3-44fd-426f-9170-2533b4f3fef0 | Context users@openstack setup() finished in 4.94 sec
2019-06-24 19:29:39.116 1842 INFO rally.task.context [-] Task afcdefd3-44fd-426f-9170-2533b4f3fef0 | Context api_versions@openstack setup() finished in 0.42 sec
2019-06-24 19:29:40.782 1842 INFO rally.task.context [-] Task afcdefd3-44fd-426f-9170-2533b4f3fef0 | Context quotas@openstack setup() finished in 1.66 sec
2019-06-24 19:29:40.782 1842 INFO rally.task.context [-] Task afcdefd3-44fd-426f-9170-2533b4f3fef0 | Context cleanup@openstack setup() finished in 0.00 msec
2019-06-24 19:29:41.819 1842 RALLYDEBUG rally.task.runner [-] Starting the constant runner (task UUID: afcdefd3-44fd-426f-9170-2533b4f3fef0). timeout: 0 concurrency: 4 concurrency_per_worker: 1 times: 10 concurrency_overhead: 0 processes_to_start: 4 max_cpu_used: 16
2019-06-24 19:29:41.829 4354 RALLYDEBUG rally.task.runner [-] Starting a worker. concurrency: 1 args: {"image": "e0ff6aa0-2894-486c-8b76-0ae408ea5d65", "size": 1} times: 10 method_name: run timeout: 0 duration: None cls:
2019-06-24 19:29:41.834 4355 RALLYDEBUG rally.task.runner [-] Starting a worker. concurrency: 1 args: {"image": "e0ff6aa0-2894-486c-8b76-0ae408ea5d65", "size": 1} times: 10 method_name: run timeout: 0 duration: None cls:
2019-06-24 19:29:41.835 4354 INFO rally.task.runner [-] Task afcdefd3-44fd-426f-9170-2533b4f3fef0 | ITER: 1 START
2019-06-24 19:29:41.837 4356 RALLYDEBUG rally.task.runner [-] Starting a worker. concurrency: 1 args: {"image": "e0ff6aa0-2894-486c-8b76-0ae408ea5d65", "size": 1} times: 10 method_name: run timeout: 0 duration: None cls:
2019-06-24 19:29:41.840 4357 RALLYDEBUG rally.task.runner [-] Starting a worker. concurrency: 1 args: {"image": "e0ff6aa0-2894-486c-8b76-0ae408ea5d65", "size": 1} times: 10 method_name: run timeout: 0 duration: None cls:
2019-06-24 19:29:41.842 4355 INFO rally.task.runner [-] Task afcdefd3-44fd-426f-9170-2533b4f3fef0 | ITER: 2 START
2019-06-24 19:29:41.845 4356 INFO rally.task.runner [-] Task afcdefd3-44fd-426f-9170-2533b4f3fef0 | ITER: 3 START
2019-06-24 19:29:41.847 4357 INFO rally.task.runner [-] Task afcdefd3-44fd-426f-9170-2533b4f3fef0 | ITER: 4 START
2019-06-24 19:29:49.764 4355 RALLYDEBUG rally.task.utils [-] Waiting for resource s_rally_0ee9c73b_sqzJcNBV. Status changed: CREATING => DOWNLOADING in 3.00853204727
2019-06-24 19:29:51.829 4356 RALLYDEBUG rally.task.utils [-] Waiting for resource s_rally_0ee9c73b_e5MCRhWF. Status changed: CREATING => DOWNLOADING in 5.27712893486
2019-06-24 19:29:56.575 4356 RALLYDEBUG rally.task.utils [-] Waiting for resource s_rally_0ee9c73b_e5MCRhWF. Status changed: DOWNLOADING => AVAILABLE in 4.74651002884
2019-06-24 19:29:56.678 4355 RALLYDEBUG rally.task.utils [-] Waiting for resource s_rally_0ee9c73b_sqzJcNBV. Status changed: DOWNLOADING => AVAILABLE in 6.91346502304
2019-06-24 19:29:56.743 4357 RALLYDEBUG rally.task.utils [-] Waiting for resource s_rally_0ee9c73b_kc2vFm5g. Status changed: CREATING => DOWNLOADING in 9.88300204277
2019-06-24 19:29:56.943 4354 RALLYDEBUG rally.task.utils [-] Waiting for resource s_rally_0ee9c73b_qkvbB8ZB. Status changed: CREATING => DOWNLOADING in 9.65847396851
2019-06-24 19:29:57.201 4355 RALLYDEBUG rally.task.utils [-] Waiting for resource s_rally_0ee9c73b_sqzJcNBV. Status changed: AVAILABLE => DELETING in 0.256964921951
2019-06-24 19:29:57.236 4356 RALLYDEBUG rally.task.utils [-] Waiting for resource s_rally_0ee9c73b_e5MCRhWF. Status changed: AVAILABLE => DELETING in 0.333357810974
2019-06-24 19:30:01.357 4354 RALLYDEBUG rally.task.utils [-] Waiting for resource s_rally_0ee9c73b_qkvbB8ZB. Status changed: DOWNLOADING => AVAILABLE in 4.414083004
2019-06-24 19:30:01.456 4357 RALLYDEBUG rally.task.utils [-] Waiting for resource s_rally_0ee9c73b_kc2vFm5g. Status changed: DOWNLOADING => AVAILABLE in 4.71375393867
2019-06-24 19:30:01.575 4355 INFO rally.task.runner [-] Task afcdefd3-44fd-426f-9170-2533b4f3fef0 | ITER: 2 END: OK
2019-06-24 19:30:01.579 4355 INFO rally.task.runner [-] Task afcdefd3-44fd-426f-9170-2533b4f3fef0 | ITER: 5 START
2019-06-24 19:30:01.619 4356 INFO rally.task.runner [-] Task afcdefd3-44fd-426f-9170-2533b4f3fef0 | ITER: 3 END: OK
2019-06-24 19:30:01.623 4356 INFO rally.task.runner [-] Task afcdefd3-44fd-426f-9170-2533b4f3fef0 | ITER: 6 START
2019-06-24 19:30:01.958 4354 RALLYDEBUG rally.task.utils [-] Waiting for resource s_rally_0ee9c73b_qkvbB8ZB. Status changed: AVAILABLE => DELETING in 0.414235830307
2019-06-24 19:30:02.181 4357 INFO rally.task.runner [-] Task afcdefd3-44fd-426f-9170-2533b4f3fef0 | ITER: 4 END: OK
2019-06-24 19:30:02.186 4357 INFO rally.task.runner [-] Task afcdefd3-44fd-426f-9170-2533b4f3fef0 | ITER: 7 START
2019-06-24 19:30:04.272 4354 INFO rally.task.runner [-] Task afcdefd3-44fd-426f-9170-2533b4f3fef0 | ITER: 1 END: OK
2019-06-24 19:30:04.277 4354 INFO rally.task.runner [-] Task afcdefd3-44fd-426f-9170-2533b4f3fef0 | ITER: 8 START
2019-06-24 19:30:09.126 4355 RALLYDEBUG rally.task.utils [-] Waiting for resource s_rally_0ee9c73b_OGEIsVyK. Status changed: CREATING => DOWNLOADING in 2.98729586601
2019-06-24 19:30:12.716 4357 RALLYDEBUG rally.task.utils [-] Waiting for resource s_rally_0ee9c73b_ZOk3TKaa. Status changed: CREATING => DOWNLOADING in 5.34772706032
2019-06-24 19:30:14.623 4356 RALLYDEBUG rally.task.utils [-] Waiting for resource s_rally_0ee9c73b_qCAvUk3n. Status changed: CREATING => DOWNLOADING in 7.76496291161
2019-06-24 19:30:18.596 4354 RALLYDEBUG rally.task.utils [-] Waiting for resource s_rally_0ee9c73b_atoGKd2N. Status changed: CREATING => DOWNLOADING in 10.0715808868
2019-06-24 19:30:19.350 4356 RALLYDEBUG rally.task.utils [-] Waiting for resource s_rally_0ee9c73b_qCAvUk3n. Status changed: DOWNLOADING => AVAILABLE in 4.72714400291
2019-06-24 19:30:19.749 4357 RALLYDEBUG rally.task.utils [-] Waiting for resource s_rally_0ee9c73b_ZOk3TKaa. Status changed: DOWNLOADING => AVAILABLE in 7.03209710121
2019-06-24 19:30:19.985 4356 RALLYDEBUG rally.task.utils [-] Waiting for resource s_rally_0ee9c73b_qCAvUk3n. Status changed: AVAILABLE => DELETING in 0.352401018143
2019-06-24 19:30:20.294 4355 RALLYDEBUG rally.task.utils [-] Waiting for resource s_rally_0ee9c73b_OGEIsVyK. Status changed: DOWNLOADING => AVAILABLE in 11.1680879593
2019-06-24 19:30:20.428 4357 RALLYDEBUG rally.task.utils [-] Waiting for resource s_rally_0ee9c73b_ZOk3TKaa. Status changed: AVAILABLE => DELETING in 0.267143011093
2019-06-24 19:30:20.758 4355 RALLYDEBUG rally.task.utils [-] Waiting for resource s_rally_0ee9c73b_OGEIsVyK. Status changed: AVAILABLE => DELETING in 0.0732560157776
2019-06-24 19:30:22.291 4356 INFO rally.task.runner [-] Task afcdefd3-44fd-426f-9170-2533b4f3fef0 | ITER: 6 END: OK
2019-06-24 19:30:22.296 4356 INFO rally.task.runner [-] Task afcdefd3-44fd-426f-9170-2533b4f3fef0 | ITER: 9 START
2019-06-24 19:30:22.467 4357 INFO rally.task.runner [-] Task afcdefd3-44fd-426f-9170-2533b4f3fef0 | ITER: 7 END: OK
2019-06-24 19:30:22.473 4357 INFO rally.task.runner [-] Task afcdefd3-44fd-426f-9170-2533b4f3fef0 | ITER: 10 START
2019-06-24 19:30:22.924 4354 RALLYDEBUG rally.task.utils [-] Waiting for resource s_rally_0ee9c73b_atoGKd2N. Status changed: DOWNLOADING => AVAILABLE in 4.32775712013
2019-06-24 19:30:22.987 4355 INFO rally.task.runner [-] Task afcdefd3-44fd-426f-9170-2533b4f3fef0 | ITER: 5 END: OK
2019-06-24 19:30:23.595 4354 INFO rally.task.runner [-] Task afcdefd3-44fd-426f-9170-2533b4f3fef0 | ITER: 8 END: OK
2019-06-24 19:30:29.961 4357 RALLYDEBUG rally.task.utils [-] Waiting for resource s_rally_0ee9c73b_3ZmtkyWQ. Status changed: CREATING => DOWNLOADING in 3.06917715073
2019-06-24 19:30:31.179 4356 RALLYDEBUG rally.task.utils [-] Waiting for resource s_rally_0ee9c73b_PEprVVOD. Status changed: CREATING => DOWNLOADING in 2.99116110802
2019-06-24 19:30:35.873 4356 RALLYDEBUG rally.task.utils [-] Waiting for resource s_rally_0ee9c73b_PEprVVOD. Status changed: DOWNLOADING => AVAILABLE in 4.69379401207
2019-06-24 19:30:36.472 4356 INFO rally.task.runner [-] Task afcdefd3-44fd-426f-9170-2533b4f3fef0 | ITER: 9 END: OK
2019-06-24 19:30:36.904 4357 RALLYDEBUG rally.task.utils [-] Waiting for resource s_rally_0ee9c73b_3ZmtkyWQ. Status changed: DOWNLOADING => AVAILABLE in 6.94271397591
2019-06-24 19:30:37.449 4357 INFO rally.task.runner [-] Task afcdefd3-44fd-426f-9170-2533b4f3fef0 | ITER: 10 END: OK
2019-06-24 19:30:37.472 1842 INFO rally.task.context [-] Task afcdefd3-44fd-426f-9170-2533b4f3fef0 | Context cleanup@openstack cleanup() started
2019-06-24 19:30:37.474 1842 RALLYDEBUG rally_openstack.cleanup.manager [-] Cleaning up cinder backups objects
2019-06-24 19:30:39.643 1842 RALLYDEBUG rally_openstack.cleanup.manager [-] Cleaning up cinder volume_snapshots objects
2019-06-24 19:30:41.857 1842 RALLYDEBUG rally_openstack.cleanup.manager [-] Cleaning up cinder transfers objects
2019-06-24 19:30:44.190 1842 RALLYDEBUG rally_openstack.cleanup.manager [-] Cleaning up cinder volumes objects
2019-06-24 19:30:46.369 1842 INFO rally.task.context [-] Task afcdefd3-44fd-426f-9170-2533b4f3fef0 | Context cleanup@openstack cleanup() finished in 8.90 sec
2019-06-24 19:30:46.370 1842 INFO rally.task.context [-] Task afcdefd3-44fd-426f-9170-2533b4f3fef0 | Context quotas@openstack cleanup() started
2019-06-24 19:30:47.319 1842 INFO rally.task.context [-] Task afcdefd3-44fd-426f-9170-2533b4f3fef0 | Context quotas@openstack cleanup() finished in 0.95 sec
2019-06-24 19:30:47.319 1842 INFO rally.task.context [-] Task afcdefd3-44fd-426f-9170-2533b4f3fef0 | Context api_versions@openstack cleanup() started
2019-06-24 19:30:47.319 1842 INFO rally.task.context [-] Task afcdefd3-44fd-426f-9170-2533b4f3fef0 | Context api_versions@openstack cleanup() finished in 0.30 msec
2019-06-24 19:30:47.320 1842 INFO rally.task.context [-] Task afcdefd3-44fd-426f-9170-2533b4f3fef0 | Context users@openstack cleanup() started
2019-06-24 19:30:55.570 1842 INFO rally.task.context [-] Task afcdefd3-44fd-426f-9170-2533b4f3fef0 | Context users@openstack cleanup() finished in 8.25 sec
2019-06-24 19:30:56.013 1842 INFO rally.task.engine [-] Load duration is: 55.610322
2019-06-24 19:30:56.013 1842 INFO rally.task.engine [-] Full runner duration is: 55.654473
2019-06-24 19:30:56.014 1842 INFO rally.task.engine [-] Full duration is: 81.820798
2019-06-24 19:30:56.134 1842 INFO rally.task.engine [-] Running workload: position = 2 config = { "version": 2, "title": "A cropped version of a bigger task.", "description": "Auto-generated task from a single workload (uuid=da419da7-298f-4c46-89d6-842bb65d0cef)", "subtasks": [ { "title": "CinderVolumes.create_and_delete_volume", "description": "Create and then delete a volume.", "scenario": { "CinderVolumes.create_and_delete_volume": { "size": 1 } }, "contexts": { "users": { "tenants": 3, "users_per_tenant": 2 }, "quotas": { "cinder": { "gigabytes": -1, "snapshots": -1, "volumes": -1 } }, "api_versions": { "cinder": { "version": 3, "service_type": "volumev3" } } }, "runner": { "constant": { "concurrency": 4, "times": 10 } }, "hooks": [], "sla": { "failure_rate": { "max": 0 } } } ] }
2019-06-24 19:30:56.155 1842 RALLYDEBUG rally_openstack.contexts.keystone.users [-] Creating 3 tenants using 20 threads
2019-06-24 19:30:58.117 1842 RALLYDEBUG rally_openstack.contexts.keystone.users [-] Creating 6 users using 20 threads
2019-06-24 19:31:00.834 1842 INFO rally.task.context [-] Task afcdefd3-44fd-426f-9170-2533b4f3fef0 | Context users@openstack setup() finished in 4.68 sec
2019-06-24 19:31:01.259 1842 INFO rally.task.context [-] Task afcdefd3-44fd-426f-9170-2533b4f3fef0 | Context api_versions@openstack setup() finished in 0.42 sec
2019-06-24 19:31:02.938 1842 INFO rally.task.context [-] Task afcdefd3-44fd-426f-9170-2533b4f3fef0 | Context quotas@openstack setup() finished in 1.68 sec
2019-06-24 19:31:02.939 1842 INFO rally.task.context [-] Task afcdefd3-44fd-426f-9170-2533b4f3fef0 | Context cleanup@openstack setup() finished in 0.01 msec
2019-06-24 19:31:02.946 1842 RALLYDEBUG rally.task.runner [-] Starting the constant runner (task UUID: afcdefd3-44fd-426f-9170-2533b4f3fef0). timeout: 0 concurrency: 4 concurrency_per_worker: 1 times: 10 concurrency_overhead: 0 processes_to_start: 4 max_cpu_used: 16
2019-06-24 19:31:02.956 4538 RALLYDEBUG rally.task.runner [-] Starting a worker. concurrency: 1 args: {"size": 1} times: 10 method_name: run timeout: 0 duration: None cls:
2019-06-24 19:31:02.959 4539 RALLYDEBUG rally.task.runner [-] Starting a worker. concurrency: 1 args: {"size": 1} times: 10 method_name: run timeout: 0 duration: None cls:
2019-06-24 19:31:02.961 4538 INFO rally.task.runner [-] Task afcdefd3-44fd-426f-9170-2533b4f3fef0 | ITER: 1 START
2019-06-24 19:31:02.961 4540 RALLYDEBUG rally.task.runner [-] Starting a worker. concurrency: 1 args: {"size": 1} times: 10 method_name: run timeout: 0 duration: None cls:
2019-06-24 19:31:02.965 4539 INFO rally.task.runner [-] Task afcdefd3-44fd-426f-9170-2533b4f3fef0 | ITER: 2 START
2019-06-24 19:31:02.966 4540 INFO rally.task.runner [-] Task afcdefd3-44fd-426f-9170-2533b4f3fef0 | ITER: 3 START
2019-06-24 19:31:02.967 4541 RALLYDEBUG rally.task.runner [-] Starting a worker. concurrency: 1 args: {"size": 1} times: 10 method_name: run timeout: 0 duration: None cls:
2019-06-24 19:31:02.974 4541 INFO rally.task.runner [-] Task afcdefd3-44fd-426f-9170-2533b4f3fef0 | ITER: 4 START
2019-06-24 19:31:07.426 4539 RALLYDEBUG rally.task.utils [-] Waiting for resource s_rally_da419da7_8ahk37DX. Status changed: AVAILABLE => DELETING in 0.366659164429
2019-06-24 19:31:07.458 4541 RALLYDEBUG rally.task.utils [-] Waiting for resource s_rally_da419da7_k84r82Gc. Status changed: AVAILABLE => DELETING in 0.32768702507
2019-06-24 19:31:07.561 4538 RALLYDEBUG rally.task.utils [-] Waiting for resource s_rally_da419da7_txvlhumF. Status changed: AVAILABLE => DELETING in 0.459238052368
2019-06-24 19:31:07.607 4540 RALLYDEBUG rally.task.utils [-] Waiting for resource s_rally_da419da7_PHpjjiAN. Status changed: AVAILABLE => DELETING in 0.368026018143
2019-06-24 19:31:09.499 4541 INFO rally.task.runner [-] Task afcdefd3-44fd-426f-9170-2533b4f3fef0 | ITER: 4 END: OK
2019-06-24 19:31:09.503 4541 INFO rally.task.runner [-] Task afcdefd3-44fd-426f-9170-2533b4f3fef0 | ITER: 5 START
2019-06-24 19:31:09.661 4539 INFO rally.task.runner [-] Task afcdefd3-44fd-426f-9170-2533b4f3fef0 | ITER: 2 END: OK
2019-06-24 19:31:09.665 4539 INFO rally.task.runner [-] Task afcdefd3-44fd-426f-9170-2533b4f3fef0 | ITER: 6 START
2019-06-24 19:31:09.891 4538 INFO rally.task.runner [-] Task afcdefd3-44fd-426f-9170-2533b4f3fef0 | ITER: 1 END: OK
2019-06-24 19:31:09.896 4538 INFO rally.task.runner [-] Task afcdefd3-44fd-426f-9170-2533b4f3fef0 | ITER: 7 START
2019-06-24 19:31:09.932 4540 INFO rally.task.runner [-] Task afcdefd3-44fd-426f-9170-2533b4f3fef0 | ITER: 3 END: OK
2019-06-24 19:31:09.940 4540 INFO rally.task.runner [-] Task afcdefd3-44fd-426f-9170-2533b4f3fef0 | ITER: 8 START
2019-06-24 19:31:13.539 4539 RALLYDEBUG rally.task.utils [-] Waiting for resource s_rally_da419da7_7z38OCtu. Status changed: AVAILABLE => DELETING in 0.240603923798
2019-06-24 19:31:13.791 4540 RALLYDEBUG rally.task.utils [-] Waiting for resource s_rally_da419da7_iYl1OPJE. Status changed: AVAILABLE => DELETING in 0.343650817871
2019-06-24 19:31:13.965 4541 RALLYDEBUG rally.task.utils [-] Waiting for resource s_rally_da419da7_RJbLv7s1. Status changed: AVAILABLE => DELETING in 0.254065036774
2019-06-24 19:31:14.236 4538 INFO rally.task.runner [-] Task afcdefd3-44fd-426f-9170-2533b4f3fef0 | ITER: 7 END: OK
2019-06-24 19:31:14.239 4538 INFO rally.task.runner [-] Task afcdefd3-44fd-426f-9170-2533b4f3fef0 | ITER: 9 START
2019-06-24 19:31:15.947 4539 INFO rally.task.runner [-] Task afcdefd3-44fd-426f-9170-2533b4f3fef0 | ITER: 6 END: OK
2019-06-24 19:31:15.951 4539 INFO rally.task.runner [-] Task afcdefd3-44fd-426f-9170-2533b4f3fef0 | ITER: 10 START
2019-06-24 19:31:16.001 4541 INFO rally.task.runner [-] Task afcdefd3-44fd-426f-9170-2533b4f3fef0 | ITER: 5 END: OK
2019-06-24 19:31:16.022 4540 INFO rally.task.runner [-] Task afcdefd3-44fd-426f-9170-2533b4f3fef0 | ITER: 8 END: OK
2019-06-24 19:31:18.502 4538 INFO rally.task.runner [-] Task afcdefd3-44fd-426f-9170-2533b4f3fef0 | ITER: 9 END: OK
2019-06-24 19:31:20.227 4539 INFO rally.task.runner [-] Task afcdefd3-44fd-426f-9170-2533b4f3fef0 | ITER: 10 END: OK
2019-06-24 19:31:20.256 1842 INFO rally.task.context [-] Task afcdefd3-44fd-426f-9170-2533b4f3fef0 | Context cleanup@openstack cleanup() started
2019-06-24 19:31:20.258 1842 RALLYDEBUG rally_openstack.cleanup.manager [-] Cleaning up cinder backups objects
2019-06-24 19:31:22.312 1842 RALLYDEBUG rally_openstack.cleanup.manager [-] Cleaning up cinder volume_snapshots objects
2019-06-24 19:31:24.427 1842 RALLYDEBUG rally_openstack.cleanup.manager [-] Cleaning up cinder transfers objects
2019-06-24 19:31:26.542 1842 RALLYDEBUG rally_openstack.cleanup.manager [-] Cleaning up cinder volumes objects
2019-06-24 19:31:28.649 1842 INFO rally.task.context [-] Task afcdefd3-44fd-426f-9170-2533b4f3fef0 | Context cleanup@openstack cleanup() finished in 8.39 sec
2019-06-24 19:31:28.650 1842 INFO rally.task.context [-] Task afcdefd3-44fd-426f-9170-2533b4f3fef0 | Context quotas@openstack cleanup() started
2019-06-24 19:31:29.611 1842 INFO rally.task.context [-] Task afcdefd3-44fd-426f-9170-2533b4f3fef0 | Context quotas@openstack cleanup() finished in 0.96 sec
2019-06-24 19:31:29.612 1842 INFO rally.task.context [-] Task afcdefd3-44fd-426f-9170-2533b4f3fef0 | Context api_versions@openstack cleanup() started
2019-06-24 19:31:29.612 1842 INFO rally.task.context [-] Task afcdefd3-44fd-426f-9170-2533b4f3fef0 | Context api_versions@openstack cleanup() finished in 0.34 msec
2019-06-24 19:31:29.613 1842 INFO rally.task.context [-] Task afcdefd3-44fd-426f-9170-2533b4f3fef0 | Context users@openstack cleanup() started
2019-06-24 19:31:37.791 1842 INFO rally.task.context [-] Task afcdefd3-44fd-426f-9170-2533b4f3fef0 | Context users@openstack cleanup() finished in 8.18 sec
2019-06-24 19:31:38.335 1842 INFO rally.task.engine [-] Load duration is: 17.26181
2019-06-24 19:31:38.335 1842 INFO rally.task.engine [-] Full runner duration is: 17.310044
2019-06-24 19:31:38.335 1842 INFO rally.task.engine [-] Full duration is: 41.642673
2019-06-24 19:31:38.549 1842 INFO rally.task.engine [-] Running workload: position = 0 config = { "version": 2, "title": "A cropped version of a bigger task.", "description": "Auto-generated task from a single workload (uuid=3c12b5c9-4eb8-4573-97ac-08972c9f48a8)", "subtasks": [ { "title": "CinderVolumes.create_and_extend_volume", "description": "Create and extend a volume and then delete it.", "scenario": { "CinderVolumes.create_and_extend_volume": { "new_size": 2, "size": 1 } }, "contexts": { "users": { "tenants": 3, "users_per_tenant": 2 }, "quotas": { "cinder": { "gigabytes": -1, "snapshots": -1, "volumes": -1 } }, "api_versions": { "cinder": { "version": 3, "service_type": "volumev3" } } }, "runner": { "constant": { "concurrency": 4, "times": 10 } }, "hooks": [], "sla": { "failure_rate": { "max": 0 } } } ] }
2019-06-24 19:31:38.573 1842 RALLYDEBUG rally_openstack.contexts.keystone.users [-] Creating 3 tenants using 20 threads
2019-06-24 19:31:40.423 1842 RALLYDEBUG rally_openstack.contexts.keystone.users [-] Creating 6 users using 20 threads
2019-06-24 19:31:43.293 1842 INFO rally.task.context [-] Task afcdefd3-44fd-426f-9170-2533b4f3fef0 | Context users@openstack setup() finished in 4.72 sec
2019-06-24 19:31:43.721 1842 INFO rally.task.context [-] Task afcdefd3-44fd-426f-9170-2533b4f3fef0 | Context api_versions@openstack setup() finished in 0.43 sec
2019-06-24 19:31:45.381 1842 INFO rally.task.context [-] Task afcdefd3-44fd-426f-9170-2533b4f3fef0 | Context quotas@openstack setup() finished in 1.66 sec
2019-06-24 19:31:45.381 1842 INFO rally.task.context [-] Task afcdefd3-44fd-426f-9170-2533b4f3fef0 | Context cleanup@openstack setup() finished in 0.00 msec
2019-06-24 19:31:45.389 1842 RALLYDEBUG rally.task.runner [-] Starting the constant runner (task UUID: afcdefd3-44fd-426f-9170-2533b4f3fef0). timeout: 0 concurrency: 4 concurrency_per_worker: 1 times: 10 concurrency_overhead: 0 processes_to_start: 4 max_cpu_used: 16
2019-06-24 19:31:45.402 4722 RALLYDEBUG rally.task.runner [-] Starting a worker. concurrency: 1 args: {"new_size": 2, "size": 1} times: 10 method_name: run timeout: 0 duration: None cls:
2019-06-24 19:31:45.403 4723 RALLYDEBUG rally.task.runner [-] Starting a worker. concurrency: 1 args: {"new_size": 2, "size": 1} times: 10 method_name: run timeout: 0 duration: None cls:
2019-06-24 19:31:45.408 4723 INFO rally.task.runner [-] Task afcdefd3-44fd-426f-9170-2533b4f3fef0 | ITER: 2 START
2019-06-24 19:31:45.408 4724 RALLYDEBUG rally.task.runner [-] Starting a worker. concurrency: 1 args: {"new_size": 2, "size": 1} times: 10 method_name: run timeout: 0 duration: None cls:
2019-06-24 19:31:45.409 4722 INFO rally.task.runner [-] Task afcdefd3-44fd-426f-9170-2533b4f3fef0 | ITER: 1 START
2019-06-24 19:31:45.411 4725 RALLYDEBUG rally.task.runner [-] Starting a worker. concurrency: 1 args: {"new_size": 2, "size": 1} times: 10 method_name: run timeout: 0 duration: None cls:
2019-06-24 19:31:45.415 4724 INFO rally.task.runner [-] Task afcdefd3-44fd-426f-9170-2533b4f3fef0 | ITER: 3 START
2019-06-24 19:31:45.420 4725 INFO rally.task.runner [-] Task afcdefd3-44fd-426f-9170-2533b4f3fef0 | ITER: 4 START
2019-06-24 19:31:50.341 4723 RALLYDEBUG rally.task.utils [-] Waiting for resource s_rally_3c12b5c9_YR7FsQTC. Status changed: AVAILABLE => DELETING in 0.0546841621399
2019-06-24 19:31:50.414 4724 RALLYDEBUG rally.task.utils [-] Waiting for resource s_rally_3c12b5c9_asbWnKDG. Status changed: AVAILABLE => DELETING in 0.259865999222
2019-06-24 19:31:50.637 4722 RALLYDEBUG rally.task.utils [-] Waiting for resource s_rally_3c12b5c9_g7mFMpQI. Status changed: AVAILABLE => DELETING in 0.254956007004
2019-06-24 19:31:50.845 4725 RALLYDEBUG rally.task.utils [-] Waiting for resource s_rally_3c12b5c9_ziMQ5Ba2. Status changed: AVAILABLE => DELETING in 0.344150066376
2019-06-24 19:31:52.379 4723 INFO rally.task.runner [-] Task afcdefd3-44fd-426f-9170-2533b4f3fef0 | ITER: 2 END: OK
2019-06-24 19:31:52.384 4723 INFO rally.task.runner [-] Task afcdefd3-44fd-426f-9170-2533b4f3fef0 | ITER: 5 START
2019-06-24 19:31:52.645 4724 INFO rally.task.runner [-] Task afcdefd3-44fd-426f-9170-2533b4f3fef0 | ITER: 3 END: OK
2019-06-24 19:31:52.651 4724 INFO rally.task.runner [-] Task afcdefd3-44fd-426f-9170-2533b4f3fef0 | ITER: 6 START
2019-06-24 19:31:52.950 4722 INFO rally.task.runner [-] Task afcdefd3-44fd-426f-9170-2533b4f3fef0 | ITER: 1 END: OK
2019-06-24 19:31:52.956 4722 INFO rally.task.runner [-] Task afcdefd3-44fd-426f-9170-2533b4f3fef0 | ITER: 7 START
2019-06-24 19:31:53.182 4725 INFO rally.task.runner [-] Task afcdefd3-44fd-426f-9170-2533b4f3fef0 | ITER: 4 END: OK
2019-06-24 19:31:53.186 4725 INFO rally.task.runner [-] Task afcdefd3-44fd-426f-9170-2533b4f3fef0 | ITER: 8 START
2019-06-24 19:31:57.206 4723 INFO rally.task.runner [-] Task afcdefd3-44fd-426f-9170-2533b4f3fef0 | ITER: 5 END: OK
2019-06-24 19:31:57.210 4723 INFO rally.task.runner [-] Task afcdefd3-44fd-426f-9170-2533b4f3fef0 | ITER: 9 START
2019-06-24 19:31:57.690 4724 INFO rally.task.runner [-] Task afcdefd3-44fd-426f-9170-2533b4f3fef0 | ITER: 6 END: OK
2019-06-24 19:31:57.695 4724 INFO rally.task.runner [-] Task afcdefd3-44fd-426f-9170-2533b4f3fef0 | ITER: 10 START
2019-06-24 19:31:57.908 4722 RALLYDEBUG rally.task.utils [-] Waiting for resource s_rally_3c12b5c9_i8Jq4kHk. Status changed: AVAILABLE => DELETING in 0.245614051819
2019-06-24 19:31:58.055 4725 RALLYDEBUG rally.task.utils [-] Waiting for resource s_rally_3c12b5c9_Xpt7Nwp4. Status changed: AVAILABLE => DELETING in 0.0560300350189
2019-06-24 19:32:00.216 4722 INFO rally.task.runner [-] Task afcdefd3-44fd-426f-9170-2533b4f3fef0 | ITER: 7 END: OK
2019-06-24 19:32:00.359 4725 INFO rally.task.runner [-] Task afcdefd3-44fd-426f-9170-2533b4f3fef0 | ITER: 8 END: OK
2019-06-24 19:32:01.840 4723 INFO rally.task.runner [-] Task afcdefd3-44fd-426f-9170-2533b4f3fef0 | ITER: 9 END: OK
2019-06-24 19:32:02.679 4724 INFO rally.task.runner [-] Task afcdefd3-44fd-426f-9170-2533b4f3fef0 | ITER: 10 END: OK
2019-06-24 19:32:02.704 1842 INFO rally.task.context [-] Task afcdefd3-44fd-426f-9170-2533b4f3fef0 | Context cleanup@openstack cleanup() started
2019-06-24 19:32:02.706 1842 RALLYDEBUG rally_openstack.cleanup.manager [-] Cleaning up cinder backups objects
2019-06-24 19:32:04.973 1842 RALLYDEBUG rally_openstack.cleanup.manager [-] Cleaning up cinder volume_snapshots objects
2019-06-24 19:32:07.118 1842 RALLYDEBUG rally_openstack.cleanup.manager [-] Cleaning up cinder transfers objects
2019-06-24 19:32:09.359 1842 RALLYDEBUG rally_openstack.cleanup.manager [-] Cleaning up cinder volumes objects
2019-06-24 19:32:11.423 1842 INFO rally.task.context [-] Task afcdefd3-44fd-426f-9170-2533b4f3fef0 | Context cleanup@openstack cleanup() finished in 8.72 sec
2019-06-24 19:32:11.423 1842 INFO rally.task.context [-] Task afcdefd3-44fd-426f-9170-2533b4f3fef0 | Context quotas@openstack cleanup() started
2019-06-24 19:32:12.307 1842 INFO rally.task.context [-] Task afcdefd3-44fd-426f-9170-2533b4f3fef0 | Context quotas@openstack cleanup() finished in 0.88 sec
2019-06-24 19:32:12.307 1842 INFO rally.task.context [-] Task afcdefd3-44fd-426f-9170-2533b4f3fef0 | Context api_versions@openstack cleanup() started
2019-06-24 19:32:12.307 1842 INFO rally.task.context [-] Task afcdefd3-44fd-426f-9170-2533b4f3fef0 | Context api_versions@openstack cleanup() finished in 0.31 msec
2019-06-24 19:32:12.308 1842 INFO rally.task.context [-] Task afcdefd3-44fd-426f-9170-2533b4f3fef0 | Context users@openstack cleanup() started
2019-06-24 19:32:20.409 1842 INFO rally.task.context [-] Task afcdefd3-44fd-426f-9170-2533b4f3fef0 | Context users@openstack cleanup() finished in 8.10 sec
2019-06-24 19:32:20.725 1842 INFO rally.task.engine [-] Load duration is: 17.26862
2019-06-24 19:32:20.726 1842 INFO rally.task.engine [-] Full runner duration is: 17.315486
2019-06-24 19:32:20.726 1842 INFO rally.task.engine [-] Full duration is: 41.839662
2019-06-24 19:32:20.959 1842 INFO rally.task.engine [-] Running workload: position = 0 config = { "version": 2, "title": "A cropped version of a bigger task.", "description": "Auto-generated task from a single workload (uuid=ac5caccd-2e49-4a62-8adb-3cb7fdb105d8)", "subtasks": [ { "title": "CinderVolumes.create_from_volume_and_delete_volume", "description": "Create volume from volume and then delete it.", "scenario": { "CinderVolumes.create_from_volume_and_delete_volume": { "size": 1 } }, "contexts": { "users": { "tenants": 3, "users_per_tenant": 2 }, "quotas": { "cinder": { "gigabytes": -1, "snapshots": -1, "volumes": -1 } }, "api_versions": { "cinder": { "version": 3, "service_type": "volumev3" } }, "volumes": { "size": 1, "volumes_per_tenant": 1 } }, "runner": { "constant": { "concurrency": 4, "times": 10 } }, "hooks": [], "sla": { "failure_rate": { "max": 0 } } } ] }
2019-06-24 19:32:20.981 1842 RALLYDEBUG rally_openstack.contexts.keystone.users [-] Creating 3 tenants using 20 threads
2019-06-24 19:32:22.836 1842 RALLYDEBUG rally_openstack.contexts.keystone.users [-] Creating 6 users using 20 threads
2019-06-24 19:32:25.633 1842 INFO rally.task.context [-] Task afcdefd3-44fd-426f-9170-2533b4f3fef0 | Context users@openstack setup() finished in 4.65 sec
2019-06-24 19:32:26.056 1842 INFO rally.task.context [-] Task afcdefd3-44fd-426f-9170-2533b4f3fef0 | Context api_versions@openstack setup() finished in 0.42 sec
2019-06-24 19:32:27.726 1842 INFO rally.task.context [-] Task afcdefd3-44fd-426f-9170-2533b4f3fef0 | Context quotas@openstack setup() finished in 1.67 sec
2019-06-24 19:32:38.804 1842 INFO rally.task.context [-] Task afcdefd3-44fd-426f-9170-2533b4f3fef0 | Context volumes@openstack setup() finished in 11.08 sec
2019-06-24 19:32:38.805 1842 INFO rally.task.context [-] Task afcdefd3-44fd-426f-9170-2533b4f3fef0 | Context cleanup@openstack setup() finished in 0.00 msec
2019-06-24 19:32:38.812 1842 RALLYDEBUG rally.task.runner [-] Starting the constant runner (task UUID: afcdefd3-44fd-426f-9170-2533b4f3fef0). timeout: 0 concurrency: 4 concurrency_per_worker: 1 times: 10 concurrency_overhead: 0 processes_to_start: 4 max_cpu_used: 16
2019-06-24 19:32:38.825 4906 RALLYDEBUG rally.task.runner [-] Starting a worker. concurrency: 1 args: {"size": 1} times: 10 method_name: run timeout: 0 duration: None cls:
2019-06-24 19:32:38.828 4907 RALLYDEBUG rally.task.runner [-] Starting a worker. concurrency: 1 args: {"size": 1} times: 10 method_name: run timeout: 0 duration: None cls:
2019-06-24 19:32:38.830 4908 RALLYDEBUG rally.task.runner [-] Starting a worker. concurrency: 1 args: {"size": 1} times: 10 method_name: run timeout: 0 duration: None cls:
2019-06-24 19:32:38.833 4909 RALLYDEBUG rally.task.runner [-] Starting a worker. concurrency: 1 args: {"size": 1} times: 10 method_name: run timeout: 0 duration: None cls:
2019-06-24 19:32:38.837 4906 INFO rally.task.runner [-] Task afcdefd3-44fd-426f-9170-2533b4f3fef0 | ITER: 1 START
2019-06-24 19:32:38.839 4907 INFO rally.task.runner [-] Task afcdefd3-44fd-426f-9170-2533b4f3fef0 | ITER: 2 START
2019-06-24 19:32:38.841 4908 INFO rally.task.runner [-] Task afcdefd3-44fd-426f-9170-2533b4f3fef0 | ITER: 3 START
2019-06-24 19:32:38.845 4909 INFO rally.task.runner [-] Task afcdefd3-44fd-426f-9170-2533b4f3fef0 | ITER: 4 START
2019-06-24 19:32:42.551 4906 RALLYDEBUG rally.task.utils [-] Waiting for resource s_rally_ac5caccd_LHBIWIon. Status changed: CREATING => AVAILABLE in 0.614114046097
2019-06-24 19:32:43.272 4906 RALLYDEBUG rally.task.utils [-] Waiting for resource s_rally_ac5caccd_LHBIWIon. Status changed: AVAILABLE => DELETING in 0.337776899338
2019-06-24 19:32:43.592 4907 RALLYDEBUG rally.task.utils [-] Waiting for resource s_rally_ac5caccd_uvVIbs2I. Status changed: AVAILABLE => DELETING in 0.340694904327
2019-06-24 19:32:44.956 4909 RALLYDEBUG rally.task.utils [-] Waiting for resource s_rally_ac5caccd_Uowmk9dB. Status changed: CREATING => AVAILABLE in 2.96188998222
2019-06-24 19:32:45.104 4908 RALLYDEBUG rally.task.utils [-] Waiting for resource s_rally_ac5caccd_AtAykZvA. Status changed: CREATING => AVAILABLE in 3.05924201012
2019-06-24 19:32:45.739 4909 RALLYDEBUG rally.task.utils [-] Waiting for resource s_rally_ac5caccd_Uowmk9dB. Status changed: AVAILABLE => DELETING in 0.416423082352
2019-06-24 19:32:46.849 4908 RALLYDEBUG rally.task.utils [-] Waiting for resource s_rally_ac5caccd_AtAykZvA. Status changed: AVAILABLE => DELETING in 0.250670909882
2019-06-24 19:32:47.861 4906 INFO rally.task.runner [-] Task afcdefd3-44fd-426f-9170-2533b4f3fef0 | ITER: 1 END: OK
2019-06-24 19:32:47.866 4906 INFO rally.task.runner [-] Task afcdefd3-44fd-426f-9170-2533b4f3fef0 | ITER: 5 START
2019-06-24 19:32:48.160 4907 INFO rally.task.runner [-] Task afcdefd3-44fd-426f-9170-2533b4f3fef0 | ITER: 2 END: OK
2019-06-24 19:32:48.165 4907 INFO rally.task.runner [-] Task afcdefd3-44fd-426f-9170-2533b4f3fef0 | ITER: 6 START
2019-06-24 19:32:49.196 4908 INFO rally.task.runner [-] Task afcdefd3-44fd-426f-9170-2533b4f3fef0 | ITER: 3 END: OK
2019-06-24 19:32:49.202 4908 INFO rally.task.runner [-] Task afcdefd3-44fd-426f-9170-2533b4f3fef0 | ITER: 7 START
2019-06-24 19:32:50.111 4909 INFO rally.task.runner [-] Task afcdefd3-44fd-426f-9170-2533b4f3fef0 | ITER: 4 END: OK
2019-06-24 19:32:50.117 4909 INFO rally.task.runner [-] Task afcdefd3-44fd-426f-9170-2533b4f3fef0 | ITER: 8 START
2019-06-24 19:32:52.482 4907 RALLYDEBUG rally.task.utils [-] Waiting for resource s_rally_ac5caccd_v2YxOudV. Status changed: AVAILABLE => DELETING in 0.339553117752
2019-06-24 19:32:52.535 4906 RALLYDEBUG rally.task.utils [-] Waiting for resource s_rally_ac5caccd_o6fza7mX. Status changed: AVAILABLE => DELETING in 0.345593929291
2019-06-24 19:32:53.829 4908 RALLYDEBUG rally.task.utils [-] Waiting for resource s_rally_ac5caccd_Xg44zpcV. Status changed: AVAILABLE => DELETING in 0.248947143555
2019-06-24 19:32:55.922 4909 RALLYDEBUG rally.task.utils [-] Waiting for resource s_rally_ac5caccd_XUpNv16i. Status changed: CREATING => AVAILABLE in 2.694617033
2019-06-24 19:32:56.569 4909 RALLYDEBUG rally.task.utils [-] Waiting for resource s_rally_ac5caccd_XUpNv16i. Status changed: AVAILABLE => DELETING in 0.355041980743
2019-06-24 19:32:56.864 4907 INFO rally.task.runner [-] Task afcdefd3-44fd-426f-9170-2533b4f3fef0 | ITER: 6 END: OK
2019-06-24 19:32:56.869 4907 INFO rally.task.runner [-] Task afcdefd3-44fd-426f-9170-2533b4f3fef0 | ITER: 9 START
2019-06-24 19:32:57.117 4906 INFO rally.task.runner [-] Task afcdefd3-44fd-426f-9170-2533b4f3fef0 | ITER: 5 END: OK
2019-06-24 19:32:57.120 4906 INFO rally.task.runner [-] Task afcdefd3-44fd-426f-9170-2533b4f3fef0 | ITER: 10 START
2019-06-24 19:32:58.116 4908 INFO rally.task.runner [-] Task afcdefd3-44fd-426f-9170-2533b4f3fef0 | ITER: 7 END: OK
2019-06-24 19:32:58.879 4909 INFO rally.task.runner [-] Task afcdefd3-44fd-426f-9170-2533b4f3fef0 | ITER: 8 END: OK
2019-06-24 19:33:01.181 4907 RALLYDEBUG rally.task.utils [-] Waiting for resource s_rally_ac5caccd_BLzvlCBu. Status changed: AVAILABLE => DELETING in 0.260185003281
2019-06-24 19:33:01.529 4906 RALLYDEBUG rally.task.utils [-] Waiting for resource s_rally_ac5caccd_GF3s1wOJ. Status changed: AVAILABLE => DELETING in 0.344938993454
2019-06-24 19:33:03.492 4907 INFO rally.task.runner [-] Task afcdefd3-44fd-426f-9170-2533b4f3fef0 | ITER: 9 END: OK
2019-06-24 19:33:03.762 4906 INFO rally.task.runner [-] Task afcdefd3-44fd-426f-9170-2533b4f3fef0 | ITER: 10 END: OK
2019-06-24 19:33:03.786 1842 INFO rally.task.context [-] Task afcdefd3-44fd-426f-9170-2533b4f3fef0 | Context cleanup@openstack cleanup() started
2019-06-24 19:33:03.788 1842 RALLYDEBUG rally_openstack.cleanup.manager [-] Cleaning up cinder backups objects
2019-06-24 19:33:06.035 1842 RALLYDEBUG rally_openstack.cleanup.manager [-] Cleaning up cinder volume_snapshots objects
2019-06-24 19:33:08.203 1842 RALLYDEBUG rally_openstack.cleanup.manager [-] Cleaning up cinder transfers objects
2019-06-24 19:33:10.331 1842 RALLYDEBUG rally_openstack.cleanup.manager [-] Cleaning up cinder volumes objects
2019-06-24 19:33:12.558 1842 INFO rally.task.context [-] Task afcdefd3-44fd-426f-9170-2533b4f3fef0 | Context cleanup@openstack cleanup() finished in 8.77 sec
2019-06-24 19:33:12.558 1842 INFO rally.task.context [-] Task afcdefd3-44fd-426f-9170-2533b4f3fef0 | Context volumes@openstack cleanup() started
2019-06-24 19:33:12.559 1842 RALLYDEBUG rally_openstack.cleanup.manager [-] Cleaning up cinder volumes objects
2019-06-24 19:33:14.878 1842 RALLYDEBUG rally_openstack.cleanup.manager [-] Deleting cinder.volumes object c_rally_ac5caccd_TjI4tFxd (76737ed3-3767-40f9-b929-1099efe9f63a)
2019-06-24 19:33:14.878 1842 RALLYDEBUG rally_openstack.cleanup.manager [-] Deleting cinder.volumes object c_rally_ac5caccd_MawOMQQq (a013cba7-2121-47bf-b185-43be5ea47c64)
2019-06-24 19:33:14.879 1842 RALLYDEBUG rally_openstack.cleanup.manager [-] Deleting cinder.volumes object c_rally_ac5caccd_PoJxk1oA (ba02b256-2fb3-4fc6-83d5-21750b15a2e4)
2019-06-24 19:33:18.569 1842 INFO rally.task.context [-] Task afcdefd3-44fd-426f-9170-2533b4f3fef0 | Context volumes@openstack cleanup() finished in 6.01 sec
2019-06-24 19:33:18.570 1842 INFO rally.task.context [-] Task afcdefd3-44fd-426f-9170-2533b4f3fef0 | Context quotas@openstack cleanup() started
2019-06-24 19:33:19.193 1842 INFO rally.task.context [-] Task afcdefd3-44fd-426f-9170-2533b4f3fef0 | Context quotas@openstack cleanup() finished in 0.62 sec
2019-06-24 19:33:19.193 1842 INFO rally.task.context [-] Task afcdefd3-44fd-426f-9170-2533b4f3fef0 | Context api_versions@openstack cleanup() started
2019-06-24 19:33:19.194 1842 INFO rally.task.context [-] Task afcdefd3-44fd-426f-9170-2533b4f3fef0 | Context api_versions@openstack cleanup() finished in 0.30 msec
2019-06-24 19:33:19.194 1842 INFO rally.task.context [-] Task afcdefd3-44fd-426f-9170-2533b4f3fef0 | Context users@openstack cleanup() started
2019-06-24 19:33:27.480 1842 INFO rally.task.context [-] Task afcdefd3-44fd-426f-9170-2533b4f3fef0 | Context users@openstack cleanup() finished in 8.29 sec
2019-06-24 19:33:29.245 1842 INFO rally.task.engine [-] Load duration is: 24.923109
2019-06-24 19:33:29.245 1842 INFO rally.task.engine [-] Full runner duration is: 24.97404
2019-06-24 19:33:29.246 1842 INFO rally.task.engine [-] Full duration is: 66.502632
2019-06-24 19:33:29.466 1842 INFO rally.task.engine [-] Running workload: position = 0 config = { "version": 2, "title": "A cropped version of a bigger task.", "description": "Auto-generated task from a single workload (uuid=d6bf6729-b541-4a3b-b1db-b116030c7081)", "subtasks": [ { "title": "CinderQos.create_and_get_qos", "description": "Create a qos, then get details of the qos.", "scenario": { "CinderQos.create_and_get_qos": { "consumer": "both", "write_iops_sec": "10", "read_iops_sec": "1000" } }, "contexts": { "users": { "tenants": 3, "users_per_tenant": 2 }, "api_versions": { "cinder": { "version": 3, "service_type": "volumev3" } } }, "runner": { "constant": { "concurrency": 4, "times": 10 } }, "hooks": [], "sla": { "failure_rate": { "max": 0 } } } ] }
2019-06-24 19:33:29.489 1842 RALLYDEBUG rally_openstack.contexts.keystone.users [-] Creating 3 tenants using 20 threads
2019-06-24 19:33:31.405 1842 RALLYDEBUG rally_openstack.contexts.keystone.users [-] Creating 6 users using 20 threads
2019-06-24 19:33:34.241 1842 INFO rally.task.context [-] Task afcdefd3-44fd-426f-9170-2533b4f3fef0 | Context users@openstack setup() finished in 4.75 sec
2019-06-24 19:33:34.661 1842 INFO rally.task.context [-] Task afcdefd3-44fd-426f-9170-2533b4f3fef0 | Context api_versions@openstack setup() finished in 0.42 sec
2019-06-24 19:33:34.661 1842 INFO rally.task.context [-] Task afcdefd3-44fd-426f-9170-2533b4f3fef0 | Context admin_cleanup@openstack setup() finished in 0.00 msec
2019-06-24 19:33:34.666 1842 RALLYDEBUG rally.task.runner [-] Starting the constant runner (task UUID: afcdefd3-44fd-426f-9170-2533b4f3fef0). timeout: 0 concurrency: 4 concurrency_per_worker: 1 times: 10 concurrency_overhead: 0 processes_to_start: 4 max_cpu_used: 16
2019-06-24 19:33:34.678 5110 RALLYDEBUG rally.task.runner [-] Starting a worker. concurrency: 1 args: {"consumer": "both", "write_iops_sec": "10", "read_iops_sec": "1000"} times: 10 method_name: run timeout: 0 duration: None cls:
2019-06-24 19:33:34.679 5111 RALLYDEBUG rally.task.runner [-] Starting a worker. concurrency: 1 args: {"consumer": "both", "write_iops_sec": "10", "read_iops_sec": "1000"} times: 10 method_name: run timeout: 0 duration: None cls:
2019-06-24 19:33:34.681 5112 RALLYDEBUG rally.task.runner [-] Starting a worker. concurrency: 1 args: {"consumer": "both", "write_iops_sec": "10", "read_iops_sec": "1000"} times: 10 method_name: run timeout: 0 duration: None cls:
2019-06-24 19:33:34.685 5110 INFO rally.task.runner [-] Task afcdefd3-44fd-426f-9170-2533b4f3fef0 | ITER: 1 START
2019-06-24 19:33:34.684 5113 RALLYDEBUG rally.task.runner [-] Starting a worker. concurrency: 1 args: {"consumer": "both", "write_iops_sec": "10", "read_iops_sec": "1000"} times: 10 method_name: run timeout: 0 duration: None cls:
2019-06-24 19:33:34.685 5111 INFO rally.task.runner [-] Task afcdefd3-44fd-426f-9170-2533b4f3fef0 | ITER: 2 START
2019-06-24 19:33:34.687 5112 INFO rally.task.runner [-] Task afcdefd3-44fd-426f-9170-2533b4f3fef0 | ITER: 3 START
2019-06-24 19:33:34.691 5113 INFO rally.task.runner [-] Task afcdefd3-44fd-426f-9170-2533b4f3fef0 | ITER: 4 START
2019-06-24 19:33:35.752 5113 INFO rally.task.runner [-] Task afcdefd3-44fd-426f-9170-2533b4f3fef0 | ITER: 4 END: OK
2019-06-24 19:33:35.757 5113 INFO rally.task.runner [-] Task afcdefd3-44fd-426f-9170-2533b4f3fef0 | ITER: 5 START
2019-06-24 19:33:35.776 5111 INFO rally.task.runner [-] Task afcdefd3-44fd-426f-9170-2533b4f3fef0 | ITER: 2 END: OK
2019-06-24 19:33:35.782 5111 INFO rally.task.runner [-] Task afcdefd3-44fd-426f-9170-2533b4f3fef0 | ITER: 6 START
2019-06-24 19:33:35.862 5110 INFO rally.task.runner [-] Task afcdefd3-44fd-426f-9170-2533b4f3fef0 | ITER: 1 END: OK
2019-06-24 19:33:35.867 5110 INFO rally.task.runner [-] Task afcdefd3-44fd-426f-9170-2533b4f3fef0 | ITER: 7 START
2019-06-24 19:33:35.912 5112 INFO rally.task.runner [-] Task afcdefd3-44fd-426f-9170-2533b4f3fef0 | ITER: 3 END: OK
2019-06-24 19:33:35.917 5112 INFO rally.task.runner [-] Task afcdefd3-44fd-426f-9170-2533b4f3fef0 | ITER: 8 START
2019-06-24 19:33:36.737 5113 INFO rally.task.runner [-] Task afcdefd3-44fd-426f-9170-2533b4f3fef0 | ITER: 5 END: OK
2019-06-24 19:33:36.743 5113 INFO rally.task.runner [-] Task afcdefd3-44fd-426f-9170-2533b4f3fef0 | ITER: 9 START
2019-06-24 19:33:36.785 5111 INFO rally.task.runner [-] Task afcdefd3-44fd-426f-9170-2533b4f3fef0 | ITER: 6 END: OK
2019-06-24 19:33:36.789 5111 INFO rally.task.runner [-] Task afcdefd3-44fd-426f-9170-2533b4f3fef0 | ITER: 10 START
2019-06-24 19:33:36.991 5112 INFO rally.task.runner [-] Task afcdefd3-44fd-426f-9170-2533b4f3fef0 | ITER: 8 END: OK
2019-06-24 19:33:37.038 5110 INFO rally.task.runner [-] Task afcdefd3-44fd-426f-9170-2533b4f3fef0 | ITER: 7 END: OK
2019-06-24 19:33:37.694 5113 INFO rally.task.runner [-] Task afcdefd3-44fd-426f-9170-2533b4f3fef0 | ITER: 9 END: OK
2019-06-24 19:33:37.934 5111 INFO rally.task.runner [-] Task afcdefd3-44fd-426f-9170-2533b4f3fef0 | ITER: 10 END: OK
2019-06-24 19:33:37.958 1842 INFO rally.task.context [-] Task afcdefd3-44fd-426f-9170-2533b4f3fef0 | Context admin_cleanup@openstack cleanup() started
2019-06-24 19:33:37.960 1842 RALLYDEBUG rally_openstack.cleanup.manager [-] Cleaning up cinder volume_types objects
2019-06-24 19:33:38.709 1842 RALLYDEBUG rally_openstack.cleanup.manager [-] Cleaning up cinder image_volumes_cache objects
2019-06-24 19:33:40.077 1842 RALLYDEBUG rally_openstack.cleanup.manager [-] Cleaning up cinder quotas objects
2019-06-24 19:33:41.766 1842 RALLYDEBUG rally_openstack.cleanup.manager [-] Cleaning up cinder qos_specs objects
2019-06-24 19:33:42.517 1842 RALLYDEBUG rally_openstack.cleanup.manager [-] Deleting cinder.qos_specs object s_rally_d6bf6729_qJYNu4DS (db03aabc-1795-49d6-9c27-1fc8c6c368e1)
2019-06-24 19:33:42.526 1842 RALLYDEBUG rally_openstack.cleanup.manager [-] Deleting cinder.qos_specs object s_rally_d6bf6729_5IyltnQp (11590cef-4b59-4928-8ef7-014cac05a674)
2019-06-24 19:33:42.538 1842 RALLYDEBUG rally_openstack.cleanup.manager [-] Deleting cinder.qos_specs object s_rally_d6bf6729_afqqrSEJ (a02a83e5-6e8f-4769-bb1a-7f2693b5dff8)
2019-06-24 19:33:42.538 1842 RALLYDEBUG rally_openstack.cleanup.manager [-] Deleting cinder.qos_specs object s_rally_d6bf6729_M6JciGwC (4c231cf4-b9e4-4730-ab19-03b6408f27f7)
2019-06-24 19:33:42.554 1842 RALLYDEBUG rally_openstack.cleanup.manager [-] Deleting cinder.qos_specs object s_rally_d6bf6729_wJBUj9OB (34d6bea5-d7eb-44e5-a567-b33b51ed3244)
2019-06-24 19:33:42.556 1842 RALLYDEBUG rally_openstack.cleanup.manager [-] Deleting cinder.qos_specs object s_rally_d6bf6729_Zxg1nwbt (cf636d4e-8042-4a9a-8dc3-df185aa60919)
2019-06-24 19:33:42.560 1842 RALLYDEBUG rally_openstack.cleanup.manager [-] Deleting cinder.qos_specs object s_rally_d6bf6729_jYpVSzL4 (122347d0-cd57-4c37-8c62-5146b23b458d)
2019-06-24 19:33:42.573 1842 RALLYDEBUG rally_openstack.cleanup.manager [-] Deleting cinder.qos_specs object s_rally_d6bf6729_G6YB08mo (93543a72-4823-409c-ab9c-8d2623558d7b)
2019-06-24 19:33:42.581 1842 RALLYDEBUG rally_openstack.cleanup.manager [-] Deleting cinder.qos_specs object s_rally_d6bf6729_6l9xl2F0 (4b95fdc8-820d-4510-9e4e-e908f3bed839)
2019-06-24 19:33:42.605 1842 RALLYDEBUG rally_openstack.cleanup.manager [-] Deleting cinder.qos_specs object s_rally_d6bf6729_SoIK6mwu (248cdf12-4a4f-487c-96e9-9ce34994c0fe)
2019-06-24 19:33:44.997 1842 INFO rally.task.context [-] Task afcdefd3-44fd-426f-9170-2533b4f3fef0 | Context admin_cleanup@openstack cleanup() finished in 7.04 sec
2019-06-24 19:33:44.998 1842 INFO rally.task.context [-] Task afcdefd3-44fd-426f-9170-2533b4f3fef0 | Context api_versions@openstack cleanup() started
2019-06-24 19:33:44.998 1842 INFO rally.task.context [-] Task afcdefd3-44fd-426f-9170-2533b4f3fef0 | Context api_versions@openstack cleanup() finished in 0.33 msec
2019-06-24 19:33:44.999 1842 INFO rally.task.context [-] Task afcdefd3-44fd-426f-9170-2533b4f3fef0 | Context users@openstack cleanup() started
2019-06-24 19:33:52.930 1842 INFO rally.task.context [-] Task afcdefd3-44fd-426f-9170-2533b4f3fef0 | Context users@openstack cleanup() finished in 7.93 sec
2019-06-24 19:33:53.603 1842 INFO rally.task.engine [-] Load duration is: 3.247026
2019-06-24 19:33:53.604 1842 INFO rally.task.engine [-] Full runner duration is: 3.291951
2019-06-24 19:33:53.604 1842 INFO rally.task.engine [-] Full duration is: 23.4442
2019-06-24 19:33:53.807 1842 INFO rally.task.engine [-] Running workload: position = 0 config = { "version": 2, "title": "A cropped version of a bigger task.", "description": "Auto-generated task from a single workload (uuid=608fe646-d914-4c0a-a2a0-8e4335c7ee4e)", "subtasks": [ { "title": "CinderQos.create_and_list_qos", "description": "Create a qos, then list all qos.", "scenario": { "CinderQos.create_and_list_qos": { "consumer": "both", "write_iops_sec": "10", "read_iops_sec": "1000" } }, "contexts": { "users": { "tenants": 3, "users_per_tenant": 2 }, "api_versions": { "cinder": { "version": 3, "service_type": "volumev3" } } }, "runner": { "constant": { "concurrency": 4, "times": 10 } }, "hooks": [], "sla": { "failure_rate": { "max": 0 } } } ] }
2019-06-24 19:33:53.827 1842 RALLYDEBUG rally_openstack.contexts.keystone.users [-] Creating 3 tenants using 20 threads
2019-06-24 19:33:55.741 1842 RALLYDEBUG rally_openstack.contexts.keystone.users [-] Creating 6 users using 20 threads
2019-06-24 19:33:58.658 1842 INFO rally.task.context [-] Task afcdefd3-44fd-426f-9170-2533b4f3fef0 | Context users@openstack setup() finished in 4.83 sec
2019-06-24 19:33:59.091 1842 INFO rally.task.context [-] Task afcdefd3-44fd-426f-9170-2533b4f3fef0 | Context api_versions@openstack setup() finished in 0.43 sec
2019-06-24 19:33:59.091 1842 INFO rally.task.context [-] Task afcdefd3-44fd-426f-9170-2533b4f3fef0 | Context admin_cleanup@openstack setup() finished in 0.01 msec
