2019-06-24 19:01:51.356 7 RALLYDEBUG rally.api [-] INFO logs from urllib3 and requests module are hide.
2019-06-24 19:01:51.356 7 RALLYDEBUG rally.api [-] urllib3 insecure warnings are hidden.
2019-06-24 19:01:51.356 7 RALLYDEBUG rally.api [-] ERROR log from boto module is hide.
2019-06-24 19:01:52.600 7 ERROR rally.cli.cliutils [-] Unexpected exception in CLI: DBRecordNotFound: Record for uuid or name is opnfv-rally not found in table envs
2019-06-24 19:01:52.600 7 ERROR rally.cli.cliutils
Traceback (most recent call last):
2019-06-24 19:01:52.600 7 ERROR rally.cli.cliutils
File "/usr/lib/python2.7/site-packages/rally/cli/cliutils.py", line 674, in run
2019-06-24 19:01:52.600 7 ERROR rally.cli.cliutils ret = fn(*fn_args, **fn_kwargs)
2019-06-24 19:01:52.600 7 ERROR rally.cli.cliutils File "", line 2, in destroy
2019-06-24 19:01:52.600 7 ERROR rally.cli.cliutils
File "/usr/lib/python2.7/site-packages/rally/cli/envutils.py", line 69, in default_from_global
2019-06-24 19:01:52.600 7 ERROR rally.cli.cliutils return f(*args, **kwargs)
2019-06-24 19:01:52.600 7 ERROR rally.cli.cliutils File "", line 2, in destroy
2019-06-24 19:01:52.600 7 ERROR rally.cli.cliutils
File "/usr/lib/python2.7/site-packages/rally/plugins/__init__.py", line 51, in ensure_plugins_are_loaded
2019-06-24 19:01:52.600 7 ERROR rally.cli.cliutils return f(*args, **kwargs)
2019-06-24 19:01:52.600 7 ERROR rally.cli.cliutils
File "/usr/lib/python2.7/site-packages/rally/cli/commands/deployment.py", line 140, in destroy
2019-06-24 19:01:52.600 7 ERROR rally.cli.cliutils api.deployment.destroy(deployment=deployment)
2019-06-24 19:01:52.600 7 ERROR rally.cli.cliutils
File "/usr/lib/python2.7/site-packages/rally/api.py", line 115, in destroy
2019-06-24 19:01:52.600 7 ERROR rally.cli.cliutils deploy = objects.Deployment.get(deployment)
2019-06-24 19:01:52.600 7 ERROR rally.cli.cliutils
File "/usr/lib/python2.7/site-packages/rally/common/objects/deploy.py", line 124, in get
2019-06-24 19:01:52.600 7 ERROR rally.cli.cliutils return Deployment(env_mgr.EnvManager.get(deploy))
2019-06-24 19:01:52.600 7 ERROR rally.cli.cliutils
File "/usr/lib/python2.7/site-packages/rally/env/env_mgr.py", line 212, in get
2019-06-24 19:01:52.600 7 ERROR rally.cli.cliutils return cls(db.env_get(uuid_or_name))
2019-06-24 19:01:52.600 7 ERROR rally.cli.cliutils
File "/usr/lib/python2.7/site-packages/rally/common/db/api.py", line 135, in wrapper
2019-06-24 19:01:52.600 7 ERROR rally.cli.cliutils result = f(session, *args, **kwargs)
2019-06-24 19:01:52.600 7 ERROR rally.cli.cliutils
File "/usr/lib/python2.7/site-packages/rally/common/db/api.py", line 521, in env_get
2019-06-24 19:01:52.600 7 ERROR rally.cli.cliutils criteria="uuid or name is %s" % uuid_or_name, table="envs")
2019-06-24 19:01:52.600 7 ERROR rally.cli.cliutils DBRecordNotFound: Record for uuid or name is opnfv-rally not found in table envs
2019-06-24 19:01:52.600 7 ERROR rally.cli.cliutils
2019-06-24 19:01:53.404 9 RALLYDEBUG rally.api [-] INFO logs from urllib3 and requests module are hide.
2019-06-24 19:01:53.404 9 RALLYDEBUG rally.api [-] urllib3 insecure warnings are hidden.
2019-06-24 19:01:53.404 9 RALLYDEBUG rally.api [-] ERROR log from boto module is hide.
2019-06-24 19:01:54.769 9 WARNING rally_openstack.platforms.existing [-] endpoint is deprecated and not used.
2019-06-24 19:01:55.590 11 RALLYDEBUG rally.api [-] INFO logs from urllib3 and requests module are hide.
2019-06-24 19:01:55.590 11 RALLYDEBUG rally.api [-] urllib3 insecure warnings are hidden.
2019-06-24 19:01:55.590 11 RALLYDEBUG rally.api [-] ERROR log from boto module is hide.
2019-06-24 19:01:58.875 14 RALLYDEBUG rally.api [-] INFO logs from urllib3 and requests module are hide.
2019-06-24 19:01:58.876 14 RALLYDEBUG rally.api [-] urllib3 insecure warnings are hidden.
2019-06-24 19:01:58.876 14 RALLYDEBUG rally.api [-] ERROR log from boto module is hide.
2019-06-24 19:02:00.309 16 RALLYDEBUG rally.api [-] INFO logs from urllib3 and requests module are hide.
2019-06-24 19:02:00.309 16 RALLYDEBUG rally.api [-] urllib3 insecure warnings are hidden.
2019-06-24 19:02:00.309 16 RALLYDEBUG rally.api [-] ERROR log from boto module is hide.
2019-06-24 19:02:01.628 16 INFO rally.task.engine [-] Task a94c5cdf-cecc-43ec-8d70-53e7b945217b | Starting: Task validation.
2019-06-24 19:02:01.664 16 INFO rally.task.engine [-] Task a94c5cdf-cecc-43ec-8d70-53e7b945217b | Starting: Task validation of syntax.
2019-06-24 19:02:01.727 16 INFO rally.task.engine [-] Task a94c5cdf-cecc-43ec-8d70-53e7b945217b | Completed: Task validation of syntax.
2019-06-24 19:02:01.727 16 INFO rally.task.engine [-] Task a94c5cdf-cecc-43ec-8d70-53e7b945217b | Starting: Task validation of required platforms.
2019-06-24 19:02:01.758 16 INFO rally.task.engine [-] Task a94c5cdf-cecc-43ec-8d70-53e7b945217b | Completed: Task validation of required platforms.
2019-06-24 19:02:01.759 16 INFO rally.task.engine [-] Task a94c5cdf-cecc-43ec-8d70-53e7b945217b | Starting: Task validation of semantic.
2019-06-24 19:02:01.759 16 INFO rally.task.engine [-] Check health of the environment '71db6b40-5b19-4f65-ac3b-63f99d50396d'.
2019-06-24 19:02:02.573 16 INFO rally.task.engine [-] Platform existing@openstack (available: True): OK!
2019-06-24 19:02:02.591 16 RALLYDEBUG rally_openstack.contexts.keystone.users [-] Creating 1 tenants using 20 threads
2019-06-24 19:02:04.547 16 RALLYDEBUG rally_openstack.contexts.keystone.users [-] Creating 1 users using 20 threads
2019-06-24 19:02:07.548 16 INFO rally.task.context [-] Task a94c5cdf-cecc-43ec-8d70-53e7b945217b | Context users@openstack setup() finished in 4.96 sec
2019-06-24 19:02:07.595 16 INFO rally.task.context [-] Task a94c5cdf-cecc-43ec-8d70-53e7b945217b | Context users@openstack cleanup() started
2019-06-24 19:02:12.934 16 INFO rally.task.context [-] Task a94c5cdf-cecc-43ec-8d70-53e7b945217b | Context users@openstack cleanup() finished in 5.34 sec
2019-06-24 19:02:12.935 16 INFO rally.task.engine [-] Task a94c5cdf-cecc-43ec-8d70-53e7b945217b | Completed: Task validation of semantic.
2019-06-24 19:02:12.935 16 INFO rally.task.engine [-] Task a94c5cdf-cecc-43ec-8d70-53e7b945217b | Completed: Task validation.
2019-06-24 19:02:12.935 16 INFO rally.api [-] Task a94c5cdf-cecc-43ec-8d70-53e7b945217b input file is valid.
2019-06-24 19:02:12.936 16 INFO rally.api [-] Run Task a94c5cdf-cecc-43ec-8d70-53e7b945217b against Deployment 71db6b40-5b19-4f65-ac3b-63f99d50396d
2019-06-24 19:02:12.936 16 INFO rally.task.engine [-] Task a94c5cdf-cecc-43ec-8d70-53e7b945217b | Starting: Running task.
2019-06-24 19:02:13.062 16 INFO rally.task.engine [-] Running workload: position = 0 config = { "version": 2, "title": "A cropped version of a bigger task.", "description": "Auto-generated task from a single workload (uuid=525290b6-f7ce-4652-b5ab-3bbe3d3ca8e0)", "subtasks": [ { "title": "Authenticate.keystone", "description": "Check Keystone Client.", "scenario": { "Authenticate.keystone": {} }, "contexts": { "users": { "tenants": 3, "users_per_tenant": 2 } }, "runner": { "constant": { "concurrency": 4, "times": 10 } }, "hooks": [], "sla": { "failure_rate": { "max": 0 } } } ] }
2019-06-24 19:02:13.080 16 RALLYDEBUG rally_openstack.contexts.keystone.users [-] Creating 3 tenants using 20 threads
2019-06-24 19:02:15.039 16 RALLYDEBUG rally_openstack.contexts.keystone.users [-] Creating 6 users using 20 threads
2019-06-24 19:02:18.046 16 INFO rally.task.context [-] Task a94c5cdf-cecc-43ec-8d70-53e7b945217b | Context users@openstack setup() finished in 4.97 sec
2019-06-24 19:02:18.053 16 RALLYDEBUG rally.task.runner [-] Starting the constant runner (task UUID: a94c5cdf-cecc-43ec-8d70-53e7b945217b). timeout: 0 concurrency: 4 concurrency_per_worker: 1 times: 10 concurrency_overhead: 0 processes_to_start: 4 max_cpu_used: 16
2019-06-24 19:02:18.066 140 RALLYDEBUG rally.task.runner [-] Starting a worker. concurrency: 1 args: {} times: 10 method_name: run timeout: 0 duration: None cls:
2019-06-24 19:02:18.069 141 RALLYDEBUG rally.task.runner [-] Starting a worker. concurrency: 1 args: {} times: 10 method_name: run timeout: 0 duration: None cls:
2019-06-24 19:02:18.071 142 RALLYDEBUG rally.task.runner [-] Starting a worker. concurrency: 1 args: {} times: 10 method_name: run timeout: 0 duration: None cls:
2019-06-24 19:02:18.073 140 INFO rally.task.runner [-] Task a94c5cdf-cecc-43ec-8d70-53e7b945217b | ITER: 1 START
2019-06-24 19:02:18.075 141 INFO rally.task.runner [-] Task a94c5cdf-cecc-43ec-8d70-53e7b945217b | ITER: 2 START
2019-06-24 19:02:18.075 143 RALLYDEBUG rally.task.runner [-] Starting a worker. concurrency: 1 args: {} times: 10 method_name: run timeout: 0 duration: None cls:
2019-06-24 19:02:18.077 142 INFO rally.task.runner [-] Task a94c5cdf-cecc-43ec-8d70-53e7b945217b | ITER: 3 START
2019-06-24 19:02:18.081 143 INFO rally.task.runner [-] Task a94c5cdf-cecc-43ec-8d70-53e7b945217b | ITER: 4 START
2019-06-24 19:02:18.675 142 INFO rally.task.runner [-] Task a94c5cdf-cecc-43ec-8d70-53e7b945217b | ITER: 3 END: OK
2019-06-24 19:02:18.677 140 INFO rally.task.runner [-] Task a94c5cdf-cecc-43ec-8d70-53e7b945217b | ITER: 1 END: OK
2019-06-24 19:02:18.680 142 INFO rally.task.runner [-] Task a94c5cdf-cecc-43ec-8d70-53e7b945217b | ITER: 5 START
2019-06-24 19:02:18.681 140 INFO rally.task.runner [-] Task a94c5cdf-cecc-43ec-8d70-53e7b945217b | ITER: 6 START
2019-06-24 19:02:18.684 141 INFO rally.task.runner [-] Task a94c5cdf-cecc-43ec-8d70-53e7b945217b | ITER: 2 END: OK
2019-06-24 19:02:18.687 141 INFO rally.task.runner [-] Task a94c5cdf-cecc-43ec-8d70-53e7b945217b | ITER: 7 START
2019-06-24 19:02:18.703 143 INFO rally.task.runner [-] Task a94c5cdf-cecc-43ec-8d70-53e7b945217b | ITER: 4 END: OK
2019-06-24 19:02:18.707 143 INFO rally.task.runner [-] Task a94c5cdf-cecc-43ec-8d70-53e7b945217b | ITER: 8 START
2019-06-24 19:02:19.311 140 INFO rally.task.runner [-] Task a94c5cdf-cecc-43ec-8d70-53e7b945217b | ITER: 6 END: OK
2019-06-24 19:02:19.315 140 INFO rally.task.runner [-] Task a94c5cdf-cecc-43ec-8d70-53e7b945217b | ITER: 9 START
2019-06-24 19:02:19.319 142 INFO rally.task.runner [-] Task a94c5cdf-cecc-43ec-8d70-53e7b945217b | ITER: 5 END: OK
2019-06-24 19:02:19.320 143 INFO rally.task.runner [-] Task a94c5cdf-cecc-43ec-8d70-53e7b945217b | ITER: 8 END: OK
2019-06-24 19:02:19.323 142 INFO rally.task.runner [-] Task a94c5cdf-cecc-43ec-8d70-53e7b945217b | ITER: 10 START
2019-06-24 19:02:19.330 141 INFO rally.task.runner [-] Task a94c5cdf-cecc-43ec-8d70-53e7b945217b | ITER: 7 END: OK
2019-06-24 19:02:19.835 142 INFO rally.task.runner [-] Task a94c5cdf-cecc-43ec-8d70-53e7b945217b | ITER: 10 END: OK
2019-06-24 19:02:19.920 140 INFO rally.task.runner [-] Task a94c5cdf-cecc-43ec-8d70-53e7b945217b | ITER: 9 END: OK
2019-06-24 19:02:19.945 16 INFO rally.task.context [-] Task a94c5cdf-cecc-43ec-8d70-53e7b945217b | Context users@openstack cleanup() started
2019-06-24 19:02:27.850 16 INFO rally.task.context [-] Task a94c5cdf-cecc-43ec-8d70-53e7b945217b | Context users@openstack cleanup() finished in 7.90 sec
2019-06-24 19:02:29.173 16 INFO rally.task.engine [-] Load duration is: 1.845922
2019-06-24 19:02:29.174 16 INFO rally.task.engine [-] Full runner duration is: 1.893008
2019-06-24 19:02:29.174 16 INFO rally.task.engine [-] Full duration is: 14.772355
2019-06-24 19:02:29.368 16 INFO rally.task.engine [-] Running workload: position = 0 config = { "version": 2, "title": "A cropped version of a bigger task.", "description": "Auto-generated task from a single workload (uuid=e45b793f-fa2c-4109-896d-99c6fb68ddb7)", "subtasks": [ { "title": "Authenticate.validate_cinder", "description": "Check Cinder Client to ensure validation of token.", "scenario": { "Authenticate.validate_cinder": { "repetitions": 2 } }, "contexts": { "users": { "tenants": 3, "users_per_tenant": 2 } }, "runner": { "constant": { "concurrency": 4, "times": 10 } }, "hooks": [], "sla": { "failure_rate": { "max": 0 } } } ] }
2019-06-24 19:02:29.391 16 RALLYDEBUG rally_openstack.contexts.keystone.users [-] Creating 3 tenants using 20 threads
2019-06-24 19:02:31.356 16 RALLYDEBUG rally_openstack.contexts.keystone.users [-] Creating 6 users using 20 threads
2019-06-24 19:02:34.291 16 INFO rally.task.context [-] Task a94c5cdf-cecc-43ec-8d70-53e7b945217b | Context users@openstack setup() finished in 4.90 sec
2019-06-24 19:02:34.298 16 RALLYDEBUG rally.task.runner [-] Starting the constant runner (task UUID: a94c5cdf-cecc-43ec-8d70-53e7b945217b). timeout: 0 concurrency: 4 concurrency_per_worker: 1 times: 10 concurrency_overhead: 0 processes_to_start: 4 max_cpu_used: 16
2019-06-24 19:02:34.311 244 RALLYDEBUG rally.task.runner [-] Starting a worker. concurrency: 1 args: {"repetitions": 2} times: 10 method_name: run timeout: 0 duration: None cls:
2019-06-24 19:02:34.313 245 RALLYDEBUG rally.task.runner [-] Starting a worker. concurrency: 1 args: {"repetitions": 2} times: 10 method_name: run timeout: 0 duration: None cls:
2019-06-24 19:02:34.316 246 RALLYDEBUG rally.task.runner [-] Starting a worker. concurrency: 1 args: {"repetitions": 2} times: 10 method_name: run timeout: 0 duration: None cls:
2019-06-24 19:02:34.317 244 INFO rally.task.runner [-] Task a94c5cdf-cecc-43ec-8d70-53e7b945217b | ITER: 1 START
2019-06-24 19:02:34.318 247 RALLYDEBUG rally.task.runner [-] Starting a worker. concurrency: 1 args: {"repetitions": 2} times: 10 method_name: run timeout: 0 duration: None cls:
2019-06-24 19:02:34.319 245 INFO rally.task.runner [-] Task a94c5cdf-cecc-43ec-8d70-53e7b945217b | ITER: 2 START
2019-06-24 19:02:34.322 246 INFO rally.task.runner [-] Task a94c5cdf-cecc-43ec-8d70-53e7b945217b | ITER: 3 START
2019-06-24 19:02:34.324 247 INFO rally.task.runner [-] Task a94c5cdf-cecc-43ec-8d70-53e7b945217b | ITER: 4 START
2019-06-24 19:02:36.239 247 INFO rally.task.runner [-] Task a94c5cdf-cecc-43ec-8d70-53e7b945217b | ITER: 4 END: OK
2019-06-24 19:02:36.243 247 INFO rally.task.runner [-] Task a94c5cdf-cecc-43ec-8d70-53e7b945217b | ITER: 5 START
2019-06-24 19:02:36.254 246 INFO rally.task.runner [-] Task a94c5cdf-cecc-43ec-8d70-53e7b945217b | ITER: 3 END: OK
2019-06-24 19:02:36.258 246 INFO rally.task.runner [-] Task a94c5cdf-cecc-43ec-8d70-53e7b945217b | ITER: 6 START
2019-06-24 19:02:36.315 245 INFO rally.task.runner [-] Task a94c5cdf-cecc-43ec-8d70-53e7b945217b | ITER: 2 END: OK
2019-06-24 19:02:36.318 245 INFO rally.task.runner [-] Task a94c5cdf-cecc-43ec-8d70-53e7b945217b | ITER: 7 START
2019-06-24 19:02:36.326 244 INFO rally.task.runner [-] Task a94c5cdf-cecc-43ec-8d70-53e7b945217b | ITER: 1 END: OK
2019-06-24 19:02:36.330 244 INFO rally.task.runner [-] Task a94c5cdf-cecc-43ec-8d70-53e7b945217b | ITER: 8 START
2019-06-24 19:02:37.730 247 INFO rally.task.runner [-] Task a94c5cdf-cecc-43ec-8d70-53e7b945217b | ITER: 5 END: OK
2019-06-24 19:02:37.733 247 INFO rally.task.runner [-] Task a94c5cdf-cecc-43ec-8d70-53e7b945217b | ITER: 9 START
2019-06-24 19:02:38.138 244 INFO rally.task.runner [-] Task a94c5cdf-cecc-43ec-8d70-53e7b945217b | ITER: 8 END: OK
2019-06-24 19:02:38.142 244 INFO rally.task.runner [-] Task a94c5cdf-cecc-43ec-8d70-53e7b945217b | ITER: 10 START
2019-06-24 19:02:38.190 245 INFO rally.task.runner [-] Task a94c5cdf-cecc-43ec-8d70-53e7b945217b | ITER: 7 END: OK
2019-06-24 19:02:38.296 246 INFO rally.task.runner [-] Task a94c5cdf-cecc-43ec-8d70-53e7b945217b | ITER: 6 END: OK
2019-06-24 19:02:39.547 247 INFO rally.task.runner [-] Task a94c5cdf-cecc-43ec-8d70-53e7b945217b | ITER: 9 END: OK
2019-06-24 19:02:40.284 244 INFO rally.task.runner [-] Task a94c5cdf-cecc-43ec-8d70-53e7b945217b | ITER: 10 END: OK
2019-06-24 19:02:40.308 16 INFO rally.task.context [-] Task a94c5cdf-cecc-43ec-8d70-53e7b945217b | Context users@openstack cleanup() started
2019-06-24 19:02:48.252 16 INFO rally.task.context [-] Task a94c5cdf-cecc-43ec-8d70-53e7b945217b | Context users@openstack cleanup() finished in 7.94 sec
2019-06-24 19:02:49.500 16 INFO rally.task.engine [-] Load duration is: 5.965329
2019-06-24 19:02:49.500 16 INFO rally.task.engine [-] Full runner duration is: 6.00977
2019-06-24 19:02:49.500 16 INFO rally.task.engine [-] Full duration is: 18.863731
2019-06-24 19:02:49.714 16 INFO rally.task.engine [-] Running workload: position = 0 config = { "version": 2, "title": "A cropped version of a bigger task.", "description": "Auto-generated task from a single workload (uuid=a763ce51-c87a-4796-8452-d06f547aa178)", "subtasks": [ { "title": "Authenticate.validate_glance", "description": "Check Glance Client to ensure validation of token.", "scenario": { "Authenticate.validate_glance": { "repetitions": 2 } }, "contexts": { "users": { "tenants": 3, "users_per_tenant": 2 } }, "runner": { "constant": { "concurrency": 4, "times": 10 } }, "hooks": [], "sla": { "failure_rate": { "max": 0 } } } ] }
2019-06-24 19:02:49.736 16 RALLYDEBUG rally_openstack.contexts.keystone.users [-] Creating 3 tenants using 20 threads
2019-06-24 19:02:51.661 16 RALLYDEBUG rally_openstack.contexts.keystone.users [-] Creating 6 users using 20 threads
2019-06-24 19:02:54.656 16 INFO rally.task.context [-] Task a94c5cdf-cecc-43ec-8d70-53e7b945217b | Context users@openstack setup() finished in 4.92 sec
2019-06-24 19:02:54.664 16 RALLYDEBUG rally.task.runner [-] Starting the constant runner (task UUID: a94c5cdf-cecc-43ec-8d70-53e7b945217b). timeout: 0 concurrency: 4 concurrency_per_worker: 1 times: 10 concurrency_overhead: 0 processes_to_start: 4 max_cpu_used: 16
2019-06-24 19:02:54.675 348 RALLYDEBUG rally.task.runner [-] Starting a worker. concurrency: 1 args: {"repetitions": 2} times: 10 method_name: run timeout: 0 duration: None cls:
2019-06-24 19:02:54.679 349 RALLYDEBUG rally.task.runner [-] Starting a worker. concurrency: 1 args: {"repetitions": 2} times: 10 method_name: run timeout: 0 duration: None cls:
2019-06-24 19:02:54.681 348 INFO rally.task.runner [-] Task a94c5cdf-cecc-43ec-8d70-53e7b945217b | ITER: 1 START
2019-06-24 19:02:54.681 350 RALLYDEBUG rally.task.runner [-] Starting a worker. concurrency: 1 args: {"repetitions": 2} times: 10 method_name: run timeout: 0 duration: None cls:
2019-06-24 19:02:54.685 349 INFO rally.task.runner [-] Task a94c5cdf-cecc-43ec-8d70-53e7b945217b | ITER: 2 START
2019-06-24 19:02:54.685 351 RALLYDEBUG rally.task.runner [-] Starting a worker. concurrency: 1 args: {"repetitions": 2} times: 10 method_name: run timeout: 0 duration: None cls:
2019-06-24 19:02:54.687 350 INFO rally.task.runner [-] Task a94c5cdf-cecc-43ec-8d70-53e7b945217b | ITER: 3 START
2019-06-24 19:02:54.691 351 INFO rally.task.runner [-] Task a94c5cdf-cecc-43ec-8d70-53e7b945217b | ITER: 4 START
2019-06-24 19:02:55.780 349 INFO rally.task.runner [-] Task a94c5cdf-cecc-43ec-8d70-53e7b945217b | ITER: 2 END: OK
2019-06-24 19:02:55.781 350 INFO rally.task.runner [-] Task a94c5cdf-cecc-43ec-8d70-53e7b945217b | ITER: 3 END: OK
2019-06-24 19:02:55.783 348 INFO rally.task.runner [-] Task a94c5cdf-cecc-43ec-8d70-53e7b945217b | ITER: 1 END: OK
2019-06-24 19:02:55.784 349 INFO rally.task.runner [-] Task a94c5cdf-cecc-43ec-8d70-53e7b945217b | ITER: 5 START
2019-06-24 19:02:55.784 350 INFO rally.task.runner [-] Task a94c5cdf-cecc-43ec-8d70-53e7b945217b | ITER: 6 START
2019-06-24 19:02:55.788 348 INFO rally.task.runner [-] Task a94c5cdf-cecc-43ec-8d70-53e7b945217b | ITER: 7 START
2019-06-24 19:02:55.801 351 INFO rally.task.runner [-] Task a94c5cdf-cecc-43ec-8d70-53e7b945217b | ITER: 4 END: OK
2019-06-24 19:02:55.804 351 INFO rally.task.runner [-] Task a94c5cdf-cecc-43ec-8d70-53e7b945217b | ITER: 8 START
2019-06-24 19:02:56.845 351 INFO rally.task.runner [-] Task a94c5cdf-cecc-43ec-8d70-53e7b945217b | ITER: 8 END: OK
2019-06-24 19:02:56.849 351 INFO rally.task.runner [-] Task a94c5cdf-cecc-43ec-8d70-53e7b945217b | ITER: 9 START
2019-06-24 19:02:56.852 350 INFO rally.task.runner [-] Task a94c5cdf-cecc-43ec-8d70-53e7b945217b | ITER: 6 END: OK
2019-06-24 19:02:56.855 350 INFO rally.task.runner [-] Task a94c5cdf-cecc-43ec-8d70-53e7b945217b | ITER: 10 START
2019-06-24 19:02:56.941 349 INFO rally.task.runner [-] Task a94c5cdf-cecc-43ec-8d70-53e7b945217b | ITER: 5 END: OK
2019-06-24 19:02:57.166 348 INFO rally.task.runner [-] Task a94c5cdf-cecc-43ec-8d70-53e7b945217b | ITER: 7 END: OK
2019-06-24 19:02:57.912 351 INFO rally.task.runner [-] Task a94c5cdf-cecc-43ec-8d70-53e7b945217b | ITER: 9 END: OK
2019-06-24 19:02:57.934 350 INFO rally.task.runner [-] Task a94c5cdf-cecc-43ec-8d70-53e7b945217b | ITER: 10 END: OK
2019-06-24 19:02:57.953 16 INFO rally.task.context [-] Task a94c5cdf-cecc-43ec-8d70-53e7b945217b | Context users@openstack cleanup() started
2019-06-24 19:03:05.869 16 INFO rally.task.context [-] Task a94c5cdf-cecc-43ec-8d70-53e7b945217b | Context users@openstack cleanup() finished in 7.92 sec
2019-06-24 19:03:07.817 16 INFO rally.task.engine [-] Load duration is: 3.252056
2019-06-24 19:03:07.817 16 INFO rally.task.engine [-] Full runner duration is: 3.289267
2019-06-24 19:03:07.818 16 INFO rally.task.engine [-] Full duration is: 16.135584
2019-06-24 19:03:08.025 16 INFO rally.task.engine [-] Running workload: position = 0 config = { "version": 2, "title": "A cropped version of a bigger task.", "description": "Auto-generated task from a single workload (uuid=ccde4803-892f-4f08-a3b2-3b097f18e12b)", "subtasks": [ { "title": "Authenticate.validate_heat", "description": "Check Heat Client to ensure validation of token.", "scenario": { "Authenticate.validate_heat": { "repetitions": 2 } }, "contexts": { "users": { "tenants": 3, "users_per_tenant": 2 } }, "runner": { "constant": { "concurrency": 4, "times": 10 } }, "hooks": [], "sla": { "failure_rate": { "max": 0 } } } ] }
2019-06-24 19:03:08.047 16 RALLYDEBUG rally_openstack.contexts.keystone.users [-] Creating 3 tenants using 20 threads
2019-06-24 19:03:09.943 16 RALLYDEBUG rally_openstack.contexts.keystone.users [-] Creating 6 users using 20 threads
2019-06-24 19:03:12.733 16 INFO rally.task.context [-] Task a94c5cdf-cecc-43ec-8d70-53e7b945217b | Context users@openstack setup() finished in 4.69 sec
2019-06-24 19:03:12.740 16 RALLYDEBUG rally.task.runner [-] Starting the constant runner (task UUID: a94c5cdf-cecc-43ec-8d70-53e7b945217b). timeout: 0 concurrency: 4 concurrency_per_worker: 1 times: 10 concurrency_overhead: 0 processes_to_start: 4 max_cpu_used: 16
2019-06-24 19:03:12.752 452 RALLYDEBUG rally.task.runner [-] Starting a worker. concurrency: 1 args: {"repetitions": 2} times: 10 method_name: run timeout: 0 duration: None cls:
2019-06-24 19:03:12.755 453 RALLYDEBUG rally.task.runner [-] Starting a worker. concurrency: 1 args: {"repetitions": 2} times: 10 method_name: run timeout: 0 duration: None cls:
2019-06-24 19:03:12.757 454 RALLYDEBUG rally.task.runner [-] Starting a worker. concurrency: 1 args: {"repetitions": 2} times: 10 method_name: run timeout: 0 duration: None cls:
2019-06-24 19:03:12.759 452 INFO rally.task.runner [-] Task a94c5cdf-cecc-43ec-8d70-53e7b945217b | ITER: 1 START
2019-06-24 19:03:12.761 455 RALLYDEBUG rally.task.runner [-] Starting a worker. concurrency: 1 args: {"repetitions": 2} times: 10 method_name: run timeout: 0 duration: None cls:
2019-06-24 19:03:12.761 453 INFO rally.task.runner [-] Task a94c5cdf-cecc-43ec-8d70-53e7b945217b | ITER: 2 START
2019-06-24 19:03:12.763 454 INFO rally.task.runner [-] Task a94c5cdf-cecc-43ec-8d70-53e7b945217b | ITER: 3 START
2019-06-24 19:03:12.767 455 INFO rally.task.runner [-] Task a94c5cdf-cecc-43ec-8d70-53e7b945217b | ITER: 4 START
2019-06-24 19:03:14.608 454 INFO rally.task.runner [-] Task a94c5cdf-cecc-43ec-8d70-53e7b945217b | ITER: 3 END: OK
2019-06-24 19:03:14.613 454 INFO rally.task.runner [-] Task a94c5cdf-cecc-43ec-8d70-53e7b945217b | ITER: 5 START
2019-06-24 19:03:14.657 452 INFO rally.task.runner [-] Task a94c5cdf-cecc-43ec-8d70-53e7b945217b | ITER: 1 END: OK
2019-06-24 19:03:14.660 455 INFO rally.task.runner [-] Task a94c5cdf-cecc-43ec-8d70-53e7b945217b | ITER: 4 END: OK
2019-06-24 19:03:14.661 452 INFO rally.task.runner [-] Task a94c5cdf-cecc-43ec-8d70-53e7b945217b | ITER: 6 START
2019-06-24 19:03:14.664 455 INFO rally.task.runner [-] Task a94c5cdf-cecc-43ec-8d70-53e7b945217b | ITER: 7 START
2019-06-24 19:03:14.678 453 INFO rally.task.runner [-] Task a94c5cdf-cecc-43ec-8d70-53e7b945217b | ITER: 2 END: OK
2019-06-24 19:03:14.682 453 INFO rally.task.runner [-] Task a94c5cdf-cecc-43ec-8d70-53e7b945217b | ITER: 8 START
2019-06-24 19:03:16.101 455 INFO rally.task.runner [-] Task a94c5cdf-cecc-43ec-8d70-53e7b945217b | ITER: 7 END: OK
2019-06-24 19:03:16.105 455 INFO rally.task.runner [-] Task a94c5cdf-cecc-43ec-8d70-53e7b945217b | ITER: 9 START
2019-06-24 19:03:16.257 453 INFO rally.task.runner [-] Task a94c5cdf-cecc-43ec-8d70-53e7b945217b | ITER: 8 END: OK
2019-06-24 19:03:16.261 453 INFO rally.task.runner [-] Task a94c5cdf-cecc-43ec-8d70-53e7b945217b | ITER: 10 START
2019-06-24 19:03:16.477 454 INFO rally.task.runner [-] Task a94c5cdf-cecc-43ec-8d70-53e7b945217b | ITER: 5 END: OK
2019-06-24 19:03:16.519 452 INFO rally.task.runner [-] Task a94c5cdf-cecc-43ec-8d70-53e7b945217b | ITER: 6 END: OK
2019-06-24 19:03:17.431 455 INFO rally.task.runner [-] Task a94c5cdf-cecc-43ec-8d70-53e7b945217b | ITER: 9 END: OK
2019-06-24 19:03:18.285 453 INFO rally.task.runner [-] Task a94c5cdf-cecc-43ec-8d70-53e7b945217b | ITER: 10 END: OK
2019-06-24 19:03:18.315 16 INFO rally.task.context [-] Task a94c5cdf-cecc-43ec-8d70-53e7b945217b | Context users@openstack cleanup() started
2019-06-24 19:03:26.300 16 INFO rally.task.context [-] Task a94c5cdf-cecc-43ec-8d70-53e7b945217b | Context users@openstack cleanup() finished in 7.98 sec
2019-06-24 19:03:28.149 16 INFO rally.task.engine [-] Load duration is: 5.524402
2019-06-24 19:03:28.150 16 INFO rally.task.engine [-] Full runner duration is: 5.575097
2019-06-24 19:03:28.150 16 INFO rally.task.engine [-] Full duration is: 18.255826
2019-06-24 19:03:28.361 16 INFO rally.task.engine [-] Running workload: position = 0 config = { "version": 2, "title": "A cropped version of a bigger task.", "description": "Auto-generated task from a single workload (uuid=e97c1696-a75a-410f-9405-8f4be5dde26c)", "subtasks": [ { "title": "Authenticate.validate_neutron", "description": "Check Neutron Client to ensure validation of token.", "scenario": { "Authenticate.validate_neutron": { "repetitions": 2 } }, "contexts": { "users": { "tenants": 3, "users_per_tenant": 2 } }, "runner": { "constant": { "concurrency": 4, "times": 10 } }, "hooks": [], "sla": { "failure_rate": { "max": 0 } } } ] }
2019-06-24 19:03:28.383 16 RALLYDEBUG rally_openstack.contexts.keystone.users [-] Creating 3 tenants using 20 threads
2019-06-24 19:03:30.273 16 RALLYDEBUG rally_openstack.contexts.keystone.users [-] Creating 6 users using 20 threads
2019-06-24 19:03:33.197 16 INFO rally.task.context [-] Task a94c5cdf-cecc-43ec-8d70-53e7b945217b | Context users@openstack setup() finished in 4.81 sec
2019-06-24 19:03:33.204 16 RALLYDEBUG rally.task.runner [-] Starting the constant runner (task UUID: a94c5cdf-cecc-43ec-8d70-53e7b945217b). timeout: 0 concurrency: 4 concurrency_per_worker: 1 times: 10 concurrency_overhead: 0 processes_to_start: 4 max_cpu_used: 16
2019-06-24 19:03:33.216 556 RALLYDEBUG rally.task.runner [-] Starting a worker. concurrency: 1 args: {"repetitions": 2} times: 10 method_name: run timeout: 0 duration: None cls:
2019-06-24 19:03:33.219 557 RALLYDEBUG rally.task.runner [-] Starting a worker. concurrency: 1 args: {"repetitions": 2} times: 10 method_name: run timeout: 0 duration: None cls:
2019-06-24 19:03:33.222 558 RALLYDEBUG rally.task.runner [-] Starting a worker. concurrency: 1 args: {"repetitions": 2} times: 10 method_name: run timeout: 0 duration: None cls:
2019-06-24 19:03:33.223 556 INFO rally.task.runner [-] Task a94c5cdf-cecc-43ec-8d70-53e7b945217b | ITER: 1 START
2019-06-24 19:03:33.225 557 INFO rally.task.runner [-] Task a94c5cdf-cecc-43ec-8d70-53e7b945217b | ITER: 2 START
2019-06-24 19:03:33.225 559 RALLYDEBUG rally.task.runner [-] Starting a worker. concurrency: 1 args: {"repetitions": 2} times: 10 method_name: run timeout: 0 duration: None cls:
2019-06-24 19:03:33.228 558 INFO rally.task.runner [-] Task a94c5cdf-cecc-43ec-8d70-53e7b945217b | ITER: 3 START
2019-06-24 19:03:33.231 559 INFO rally.task.runner [-] Task a94c5cdf-cecc-43ec-8d70-53e7b945217b | ITER: 4 START
2019-06-24 19:03:34.130 559 INFO rally.task.runner [-] Task a94c5cdf-cecc-43ec-8d70-53e7b945217b | ITER: 4 END: OK
2019-06-24 19:03:34.134 559 INFO rally.task.runner [-] Task a94c5cdf-cecc-43ec-8d70-53e7b945217b | ITER: 5 START
2019-06-24 19:03:34.155 557 INFO rally.task.runner [-] Task a94c5cdf-cecc-43ec-8d70-53e7b945217b | ITER: 2 END: OK
2019-06-24 19:03:34.159 557 INFO rally.task.runner [-] Task a94c5cdf-cecc-43ec-8d70-53e7b945217b | ITER: 6 START
2019-06-24 19:03:34.491 556 INFO rally.task.runner [-] Task a94c5cdf-cecc-43ec-8d70-53e7b945217b | ITER: 1 END: OK
2019-06-24 19:03:34.496 556 INFO rally.task.runner [-] Task a94c5cdf-cecc-43ec-8d70-53e7b945217b | ITER: 7 START
2019-06-24 19:03:34.571 558 INFO rally.task.runner [-] Task a94c5cdf-cecc-43ec-8d70-53e7b945217b | ITER: 3 END: OK
2019-06-24 19:03:34.575 558 INFO rally.task.runner [-] Task a94c5cdf-cecc-43ec-8d70-53e7b945217b | ITER: 8 START
2019-06-24 19:03:35.419 559 INFO rally.task.runner [-] Task a94c5cdf-cecc-43ec-8d70-53e7b945217b | ITER: 5 END: OK
2019-06-24 19:03:35.423 559 INFO rally.task.runner [-] Task a94c5cdf-cecc-43ec-8d70-53e7b945217b | ITER: 9 START
2019-06-24 19:03:35.582 557 INFO rally.task.runner [-] Task a94c5cdf-cecc-43ec-8d70-53e7b945217b | ITER: 6 END: OK
2019-06-24 19:03:35.587 557 INFO rally.task.runner [-] Task a94c5cdf-cecc-43ec-8d70-53e7b945217b | ITER: 10 START
2019-06-24 19:03:35.746 558 INFO rally.task.runner [-] Task a94c5cdf-cecc-43ec-8d70-53e7b945217b | ITER: 8 END: OK
2019-06-24 19:03:35.823 556 INFO rally.task.runner [-] Task a94c5cdf-cecc-43ec-8d70-53e7b945217b | ITER: 7 END: OK
2019-06-24 19:03:36.729 559 INFO rally.task.runner [-] Task a94c5cdf-cecc-43ec-8d70-53e7b945217b | ITER: 9 END: OK
2019-06-24 19:03:36.854 557 INFO rally.task.runner [-] Task a94c5cdf-cecc-43ec-8d70-53e7b945217b | ITER: 10 END: OK
2019-06-24 19:03:36.877 16 INFO rally.task.context [-] Task a94c5cdf-cecc-43ec-8d70-53e7b945217b | Context users@openstack cleanup() started
2019-06-24 19:03:44.629 16 INFO rally.task.context [-] Task a94c5cdf-cecc-43ec-8d70-53e7b945217b | Context users@openstack cleanup() finished in 7.75 sec
2019-06-24 19:03:46.468 16 INFO rally.task.engine [-] Load duration is: 3.630186
2019-06-24 19:03:46.469 16 INFO rally.task.engine [-] Full runner duration is: 3.673021
2019-06-24 19:03:46.469 16 INFO rally.task.engine [-] Full duration is: 16.247936
2019-06-24 19:03:46.674 16 INFO rally.task.engine [-] Running workload: position = 0 config = { "version": 2, "title": "A cropped version of a bigger task.", "description": "Auto-generated task from a single workload (uuid=daba9f00-c9d4-4894-ab2e-7e79870f995d)", "subtasks": [ { "title": "Authenticate.validate_nova", "description": "Check Nova Client to ensure validation of token.", "scenario": { "Authenticate.validate_nova": { "repetitions": 2 } }, "contexts": { "users": { "tenants": 3, "users_per_tenant": 2 } }, "runner": { "constant": { "concurrency": 4, "times": 10 } }, "hooks": [], "sla": { "failure_rate": { "max": 0 } } } ] }
2019-06-24 19:03:46.695 16 RALLYDEBUG rally_openstack.contexts.keystone.users [-] Creating 3 tenants using 20 threads
2019-06-24 19:03:48.601 16 RALLYDEBUG rally_openstack.contexts.keystone.users [-] Creating 6 users using 20 threads
2019-06-24 19:03:51.379 16 INFO rally.task.context [-] Task a94c5cdf-cecc-43ec-8d70-53e7b945217b | Context users@openstack setup() finished in 4.68 sec
2019-06-24 19:03:51.384 16 RALLYDEBUG rally.task.runner [-] Starting the constant runner (task UUID: a94c5cdf-cecc-43ec-8d70-53e7b945217b). timeout: 0 concurrency: 4 concurrency_per_worker: 1 times: 10 concurrency_overhead: 0 processes_to_start: 4 max_cpu_used: 16
2019-06-24 19:03:51.397 660 RALLYDEBUG rally.task.runner [-] Starting a worker. concurrency: 1 args: {"repetitions": 2} times: 10 method_name: run timeout: 0 duration: None cls:
2019-06-24 19:03:51.399 661 RALLYDEBUG rally.task.runner [-] Starting a worker. concurrency: 1 args: {"repetitions": 2} times: 10 method_name: run timeout: 0 duration: None cls:
2019-06-24 19:03:51.401 662 RALLYDEBUG rally.task.runner [-] Starting a worker. concurrency: 1 args: {"repetitions": 2} times: 10 method_name: run timeout: 0 duration: None cls:
2019-06-24 19:03:51.404 660 INFO rally.task.runner [-] Task a94c5cdf-cecc-43ec-8d70-53e7b945217b | ITER: 1 START
2019-06-24 19:03:51.404 663 RALLYDEBUG rally.task.runner [-] Starting a worker. concurrency: 1 args: {"repetitions": 2} times: 10 method_name: run timeout: 0 duration: None cls:
2019-06-24 19:03:51.405 661 INFO rally.task.runner [-] Task a94c5cdf-cecc-43ec-8d70-53e7b945217b | ITER: 2 START
2019-06-24 19:03:51.408 662 INFO rally.task.runner [-] Task a94c5cdf-cecc-43ec-8d70-53e7b945217b | ITER: 3 START
2019-06-24 19:03:51.410 663 INFO rally.task.runner [-] Task a94c5cdf-cecc-43ec-8d70-53e7b945217b | ITER: 4 START
2019-06-24 19:03:51.905 661 DEBUG novaclient.v2.client [-] REQ: curl -g -i -X GET http://172.30.9.42:8774/v2.1/flavors/detail -H "Accept: application/json" -H "User-Agent: python-novaclient" -H "X-Auth-Token: {SHA1}003aedef6f159cf1adc3309f099639e14c6d18d0" _http_log_request /usr/lib/python2.7/site-packages/keystoneauth1/session.py:448
2019-06-24 19:03:51.911 662 DEBUG novaclient.v2.client [-] REQ: curl -g -i -X GET http://172.30.9.42:8774/v2.1/flavors/detail -H "Accept: application/json" -H "User-Agent: python-novaclient" -H "X-Auth-Token: {SHA1}df643d5059df5ff3794e5790fbd54e7631a1b655" _http_log_request /usr/lib/python2.7/site-packages/keystoneauth1/session.py:448
2019-06-24 19:03:51.921 663 DEBUG novaclient.v2.client [-] REQ: curl -g -i -X GET http://172.30.9.42:8774/v2.1/flavors/detail -H "Accept: application/json" -H "User-Agent: python-novaclient" -H "X-Auth-Token: {SHA1}0dea2a684fec660c05ccefa607af9ace241c3b7f" _http_log_request /usr/lib/python2.7/site-packages/keystoneauth1/session.py:448
2019-06-24 19:03:51.999 660 DEBUG novaclient.v2.client [-] REQ: curl -g -i -X GET http://172.30.9.42:8774/v2.1/flavors/detail -H "Accept: application/json" -H "User-Agent: python-novaclient" -H "X-Auth-Token: {SHA1}819bd9f96daabbad2e60b6a6d1d0aec169a3c3e7" _http_log_request /usr/lib/python2.7/site-packages/keystoneauth1/session.py:448
2019-06-24 19:03:52.210 662 DEBUG novaclient.v2.client [-] RESP: [200] Content-Encoding: gzip Content-Length: 364 Content-Type: application/json Date: Mon, 24 Jun 2019 19:03:51 GMT OpenStack-API-Version: compute 2.1 Server: Apache Vary: OpenStack-API-Version,X-OpenStack-Nova-API-Version,Accept-Encoding X-OpenStack-Nova-API-Version: 2.1 x-compute-request-id: req-9a8b0778-b55a-4600-9c38-ba358f623a59 x-openstack-request-id: req-9a8b0778-b55a-4600-9c38-ba358f623a59 _http_log_response /usr/lib/python2.7/site-packages/keystoneauth1/session.py:479
2019-06-24 19:03:52.211 662 DEBUG novaclient.v2.client [-] RESP BODY: {"flavors": [{"name": "rally_full-flavor_alt_16f09a6e-3b06-4a84-8877-eaa46d16054c", "links": [{"href": "http://172.30.9.42:8774/v2.1/flavors/2cb266fe-3e8b-4a04-ae69-4d782ebccba0", "rel": "self"}, {"href": "http://172.30.9.42:8774/flavors/2cb266fe-3e8b-4a04-ae69-4d782ebccba0", "rel": "bookmark"}], "ram": 1024, "OS-FLV-DISABLED:disabled": false, "vcpus": 1, "swap": "", "os-flavor-access:is_public": true, "rxtx_factor": 1.0, "OS-FLV-EXT-DATA:ephemeral": 0, "disk": 1, "id": "2cb266fe-3e8b-4a04-ae69-4d782ebccba0"}, {"name": "rally_full-flavor_16f09a6e-3b06-4a84-8877-eaa46d16054c", "links": [{"href": "http://172.30.9.42:8774/v2.1/flavors/4d22ca0a-5d27-426a-a97b-ecd6f342a8f5", "rel": "self"}, {"href": "http://172.30.9.42:8774/flavors/4d22ca0a-5d27-426a-a97b-ecd6f342a8f5", "rel": "bookmark"}], "ram": 512, "OS-FLV-DISABLED:disabled": false, "vcpus": 1, "swap": "", "os-flavor-access:is_public": true, "rxtx_factor": 1.0, "OS-FLV-EXT-DATA:ephemeral": 0, "disk": 1, "id": "4d22ca0a-5d27-426a-a97b-ecd6f342a8f5"}]} _http_log_response /usr/lib/python2.7/site-packages/keystoneauth1/session.py:511
2019-06-24 19:03:52.212 662 DEBUG novaclient.v2.client [-] GET call to compute for http://172.30.9.42:8774/v2.1/flavors/detail used request id req-9a8b0778-b55a-4600-9c38-ba358f623a59 request /usr/lib/python2.7/site-packages/keystoneauth1/session.py:844
2019-06-24 19:03:52.212 661 DEBUG novaclient.v2.client [-] RESP: [200] Content-Encoding: gzip Content-Length: 364 Content-Type: application/json Date: Mon, 24 Jun 2019 19:03:51 GMT OpenStack-API-Version: compute 2.1 Server: Apache Vary: OpenStack-API-Version,X-OpenStack-Nova-API-Version,Accept-Encoding X-OpenStack-Nova-API-Version: 2.1 x-compute-request-id: req-9fdf7beb-0226-44c1-a0dc-d5ed4a8e32b6 x-openstack-request-id: req-9fdf7beb-0226-44c1-a0dc-d5ed4a8e32b6 _http_log_response /usr/lib/python2.7/site-packages/keystoneauth1/session.py:479
2019-06-24 19:03:52.213 661 DEBUG novaclient.v2.client [-] RESP BODY: {"flavors": [{"name": "rally_full-flavor_alt_16f09a6e-3b06-4a84-8877-eaa46d16054c", "links": [{"href": "http://172.30.9.42:8774/v2.1/flavors/2cb266fe-3e8b-4a04-ae69-4d782ebccba0", "rel": "self"}, {"href": "http://172.30.9.42:8774/flavors/2cb266fe-3e8b-4a04-ae69-4d782ebccba0", "rel": "bookmark"}], "ram": 1024, "OS-FLV-DISABLED:disabled": false, "vcpus": 1, "swap": "", "os-flavor-access:is_public": true, "rxtx_factor": 1.0, "OS-FLV-EXT-DATA:ephemeral": 0, "disk": 1, "id": "2cb266fe-3e8b-4a04-ae69-4d782ebccba0"}, {"name": "rally_full-flavor_16f09a6e-3b06-4a84-8877-eaa46d16054c", "links": [{"href": "http://172.30.9.42:8774/v2.1/flavors/4d22ca0a-5d27-426a-a97b-ecd6f342a8f5", "rel": "self"}, {"href": "http://172.30.9.42:8774/flavors/4d22ca0a-5d27-426a-a97b-ecd6f342a8f5", "rel": "bookmark"}], "ram": 512, "OS-FLV-DISABLED:disabled": false, "vcpus": 1, "swap": "", "os-flavor-access:is_public": true, "rxtx_factor": 1.0, "OS-FLV-EXT-DATA:ephemeral": 0, "disk": 1, "id": "4d22ca0a-5d27-426a-a97b-ecd6f342a8f5"}]} _http_log_response /usr/lib/python2.7/site-packages/keystoneauth1/session.py:511
2019-06-24 19:03:52.214 661 DEBUG novaclient.v2.client [-] GET call to compute for http://172.30.9.42:8774/v2.1/flavors/detail used request id req-9fdf7beb-0226-44c1-a0dc-d5ed4a8e32b6 request /usr/lib/python2.7/site-packages/keystoneauth1/session.py:844
2019-06-24 19:03:52.214 662 DEBUG novaclient.v2.client [-] REQ: curl -g -i -X GET http://172.30.9.42:8774/v2.1/flavors/detail -H "Accept: application/json" -H "User-Agent: python-novaclient" -H "X-Auth-Token: {SHA1}df643d5059df5ff3794e5790fbd54e7631a1b655" _http_log_request /usr/lib/python2.7/site-packages/keystoneauth1/session.py:448
2019-06-24 19:03:52.215 661 DEBUG novaclient.v2.client [-] REQ: curl -g -i -X GET http://172.30.9.42:8774/v2.1/flavors/detail -H "Accept: application/json" -H "User-Agent: python-novaclient" -H "X-Auth-Token: {SHA1}003aedef6f159cf1adc3309f099639e14c6d18d0" _http_log_request /usr/lib/python2.7/site-packages/keystoneauth1/session.py:448
2019-06-24 19:03:52.239 661 DEBUG novaclient.v2.client [-] RESP: [200] Content-Encoding: gzip Content-Length: 364 Content-Type: application/json Date: Mon, 24 Jun 2019 19:03:52 GMT OpenStack-API-Version: compute 2.1 Server: Apache Vary: OpenStack-API-Version,X-OpenStack-Nova-API-Version,Accept-Encoding X-OpenStack-Nova-API-Version: 2.1 x-compute-request-id: req-097ec9ba-e0ed-4f33-a093-dcfc914a5559 x-openstack-request-id: req-097ec9ba-e0ed-4f33-a093-dcfc914a5559 _http_log_response /usr/lib/python2.7/site-packages/keystoneauth1/session.py:479
2019-06-24 19:03:52.240 661 DEBUG novaclient.v2.client [-] RESP BODY: {"flavors": [{"name": "rally_full-flavor_alt_16f09a6e-3b06-4a84-8877-eaa46d16054c", "links": [{"href": "http://172.30.9.42:8774/v2.1/flavors/2cb266fe-3e8b-4a04-ae69-4d782ebccba0", "rel": "self"}, {"href": "http://172.30.9.42:8774/flavors/2cb266fe-3e8b-4a04-ae69-4d782ebccba0", "rel": "bookmark"}], "ram": 1024, "OS-FLV-DISABLED:disabled": false, "vcpus": 1, "swap": "", "os-flavor-access:is_public": true, "rxtx_factor": 1.0, "OS-FLV-EXT-DATA:ephemeral": 0, "disk": 1, "id": "2cb266fe-3e8b-4a04-ae69-4d782ebccba0"}, {"name": "rally_full-flavor_16f09a6e-3b06-4a84-8877-eaa46d16054c", "links": [{"href": "http://172.30.9.42:8774/v2.1/flavors/4d22ca0a-5d27-426a-a97b-ecd6f342a8f5", "rel": "self"}, {"href": "http://172.30.9.42:8774/flavors/4d22ca0a-5d27-426a-a97b-ecd6f342a8f5", "rel": "bookmark"}], "ram": 512, "OS-FLV-DISABLED:disabled": false, "vcpus": 1, "swap": "", "os-flavor-access:is_public": true, "rxtx_factor": 1.0, "OS-FLV-EXT-DATA:ephemeral": 0, "disk": 1, "id": "4d22ca0a-5d27-426a-a97b-ecd6f342a8f5"}]} _http_log_response /usr/lib/python2.7/site-packages/keystoneauth1/session.py:511
2019-06-24 19:03:52.240 661 DEBUG novaclient.v2.client [-] GET call to compute for http://172.30.9.42:8774/v2.1/flavors/detail used request id req-097ec9ba-e0ed-4f33-a093-dcfc914a5559 request /usr/lib/python2.7/site-packages/keystoneauth1/session.py:844
2019-06-24 19:03:52.241 661 INFO rally.task.runner [-] Task a94c5cdf-cecc-43ec-8d70-53e7b945217b | ITER: 2 END: OK
2019-06-24 19:03:52.244 662 DEBUG novaclient.v2.client [-] RESP: [200] Content-Encoding: gzip Content-Length: 364 Content-Type: application/json Date: Mon, 24 Jun 2019 19:03:52 GMT OpenStack-API-Version: compute 2.1 Server: Apache Vary: OpenStack-API-Version,X-OpenStack-Nova-API-Version,Accept-Encoding X-OpenStack-Nova-API-Version: 2.1 x-compute-request-id: req-e13a1e56-de6f-49ac-8b6d-e58e77bd57b1 x-openstack-request-id: req-e13a1e56-de6f-49ac-8b6d-e58e77bd57b1 _http_log_response /usr/lib/python2.7/site-packages/keystoneauth1/session.py:479
2019-06-24 19:03:52.245 662 DEBUG novaclient.v2.client [-] RESP BODY: {"flavors": [{"name": "rally_full-flavor_alt_16f09a6e-3b06-4a84-8877-eaa46d16054c", "links": [{"href": "http://172.30.9.42:8774/v2.1/flavors/2cb266fe-3e8b-4a04-ae69-4d782ebccba0", "rel": "self"}, {"href": "http://172.30.9.42:8774/flavors/2cb266fe-3e8b-4a04-ae69-4d782ebccba0", "rel": "bookmark"}], "ram": 1024, "OS-FLV-DISABLED:disabled": false, "vcpus": 1, "swap": "", "os-flavor-access:is_public": true, "rxtx_factor": 1.0, "OS-FLV-EXT-DATA:ephemeral": 0, "disk": 1, "id": "2cb266fe-3e8b-4a04-ae69-4d782ebccba0"}, {"name": "rally_full-flavor_16f09a6e-3b06-4a84-8877-eaa46d16054c", "links": [{"href": "http://172.30.9.42:8774/v2.1/flavors/4d22ca0a-5d27-426a-a97b-ecd6f342a8f5", "rel": "self"}, {"href": "http://172.30.9.42:8774/flavors/4d22ca0a-5d27-426a-a97b-ecd6f342a8f5", "rel": "bookmark"}], "ram": 512, "OS-FLV-DISABLED:disabled": false, "vcpus": 1, "swap": "", "os-flavor-access:is_public": true, "rxtx_factor": 1.0, "OS-FLV-EXT-DATA:ephemeral": 0, "disk": 1, "id": "4d22ca0a-5d27-426a-a97b-ecd6f342a8f5"}]} _http_log_response /usr/lib/python2.7/site-packages/keystoneauth1/session.py:511
2019-06-24 19:03:52.245 662 DEBUG novaclient.v2.client [-] GET call to compute for http://172.30.9.42:8774/v2.1/flavors/detail used request id req-e13a1e56-de6f-49ac-8b6d-e58e77bd57b1 request /usr/lib/python2.7/site-packages/keystoneauth1/session.py:844
2019-06-24 19:03:52.245 661 INFO rally.task.runner [-] Task a94c5cdf-cecc-43ec-8d70-53e7b945217b | ITER: 5 START
2019-06-24 19:03:52.246 662 INFO rally.task.runner [-] Task a94c5cdf-cecc-43ec-8d70-53e7b945217b | ITER: 3 END: OK
2019-06-24 19:03:52.250 662 INFO rally.task.runner [-] Task a94c5cdf-cecc-43ec-8d70-53e7b945217b | ITER: 6 START
2019-06-24 19:03:52.284 660 DEBUG novaclient.v2.client [-] RESP: [200] Content-Encoding: gzip Content-Length: 364 Content-Type: application/json Date: Mon, 24 Jun 2019 19:03:51 GMT OpenStack-API-Version: compute 2.1 Server: Apache Vary: OpenStack-API-Version,X-OpenStack-Nova-API-Version,Accept-Encoding X-OpenStack-Nova-API-Version: 2.1 x-compute-request-id: req-3a38790b-df48-4d59-8c95-c11596db7221 x-openstack-request-id: req-3a38790b-df48-4d59-8c95-c11596db7221 _http_log_response /usr/lib/python2.7/site-packages/keystoneauth1/session.py:479
2019-06-24 19:03:52.285 660 DEBUG novaclient.v2.client [-] RESP BODY: {"flavors": [{"name": "rally_full-flavor_alt_16f09a6e-3b06-4a84-8877-eaa46d16054c", "links": [{"href": "http://172.30.9.42:8774/v2.1/flavors/2cb266fe-3e8b-4a04-ae69-4d782ebccba0", "rel": "self"}, {"href": "http://172.30.9.42:8774/flavors/2cb266fe-3e8b-4a04-ae69-4d782ebccba0", "rel": "bookmark"}], "ram": 1024, "OS-FLV-DISABLED:disabled": false, "vcpus": 1, "swap": "", "os-flavor-access:is_public": true, "rxtx_factor": 1.0, "OS-FLV-EXT-DATA:ephemeral": 0, "disk": 1, "id": "2cb266fe-3e8b-4a04-ae69-4d782ebccba0"}, {"name": "rally_full-flavor_16f09a6e-3b06-4a84-8877-eaa46d16054c", "links": [{"href": "http://172.30.9.42:8774/v2.1/flavors/4d22ca0a-5d27-426a-a97b-ecd6f342a8f5", "rel": "self"}, {"href": "http://172.30.9.42:8774/flavors/4d22ca0a-5d27-426a-a97b-ecd6f342a8f5", "rel": "bookmark"}], "ram": 512, "OS-FLV-DISABLED:disabled": false, "vcpus": 1, "swap": "", "os-flavor-access:is_public": true, "rxtx_factor": 1.0, "OS-FLV-EXT-DATA:ephemeral": 0, "disk": 1, "id": "4d22ca0a-5d27-426a-a97b-ecd6f342a8f5"}]} _http_log_response /usr/lib/python2.7/site-packages/keystoneauth1/session.py:511
2019-06-24 19:03:52.285 660 DEBUG novaclient.v2.client [-] GET call to compute for http://172.30.9.42:8774/v2.1/flavors/detail used request id req-3a38790b-df48-4d59-8c95-c11596db7221 request /usr/lib/python2.7/site-packages/keystoneauth1/session.py:844
2019-06-24 19:03:52.286 660 DEBUG novaclient.v2.client [-] REQ: curl -g -i -X GET http://172.30.9.42:8774/v2.1/flavors/detail -H "Accept: application/json" -H "User-Agent: python-novaclient" -H "X-Auth-Token: {SHA1}819bd9f96daabbad2e60b6a6d1d0aec169a3c3e7" _http_log_request /usr/lib/python2.7/site-packages/keystoneauth1/session.py:448
2019-06-24 19:03:52.313 660 DEBUG novaclient.v2.client [-] RESP: [200] Content-Encoding: gzip Content-Length: 364 Content-Type: application/json Date: Mon, 24 Jun 2019 19:03:52 GMT OpenStack-API-Version: compute 2.1 Server: Apache Vary: OpenStack-API-Version,X-OpenStack-Nova-API-Version,Accept-Encoding X-OpenStack-Nova-API-Version: 2.1 x-compute-request-id: req-2c736b4f-37d4-4974-b32f-dde586e94ba1 x-openstack-request-id: req-2c736b4f-37d4-4974-b32f-dde586e94ba1 _http_log_response /usr/lib/python2.7/site-packages/keystoneauth1/session.py:479
2019-06-24 19:03:52.314 660 DEBUG novaclient.v2.client [-] RESP BODY: {"flavors": [{"name": "rally_full-flavor_alt_16f09a6e-3b06-4a84-8877-eaa46d16054c", "links": [{"href": "http://172.30.9.42:8774/v2.1/flavors/2cb266fe-3e8b-4a04-ae69-4d782ebccba0", "rel": "self"}, {"href": "http://172.30.9.42:8774/flavors/2cb266fe-3e8b-4a04-ae69-4d782ebccba0", "rel": "bookmark"}], "ram": 1024, "OS-FLV-DISABLED:disabled": false, "vcpus": 1, "swap": "", "os-flavor-access:is_public": true, "rxtx_factor": 1.0, "OS-FLV-EXT-DATA:ephemeral": 0, "disk": 1, "id": "2cb266fe-3e8b-4a04-ae69-4d782ebccba0"}, {"name": "rally_full-flavor_16f09a6e-3b06-4a84-8877-eaa46d16054c", "links": [{"href": "http://172.30.9.42:8774/v2.1/flavors/4d22ca0a-5d27-426a-a97b-ecd6f342a8f5", "rel": "self"}, {"href": "http://172.30.9.42:8774/flavors/4d22ca0a-5d27-426a-a97b-ecd6f342a8f5", "rel": "bookmark"}], "ram": 512, "OS-FLV-DISABLED:disabled": false, "vcpus": 1, "swap": "", "os-flavor-access:is_public": true, "rxtx_factor": 1.0, "OS-FLV-EXT-DATA:ephemeral": 0, "disk": 1, "id": "4d22ca0a-5d27-426a-a97b-ecd6f342a8f5"}]} _http_log_response /usr/lib/python2.7/site-packages/keystoneauth1/session.py:511
2019-06-24 19:03:52.314 660 DEBUG novaclient.v2.client [-] GET call to compute for http://172.30.9.42:8774/v2.1/flavors/detail used request id req-2c736b4f-37d4-4974-b32f-dde586e94ba1 request /usr/lib/python2.7/site-packages/keystoneauth1/session.py:844
2019-06-24 19:03:52.315 660 INFO rally.task.runner [-] Task a94c5cdf-cecc-43ec-8d70-53e7b945217b | ITER: 1 END: OK
2019-06-24 19:03:52.318 660 INFO rally.task.runner [-] Task a94c5cdf-cecc-43ec-8d70-53e7b945217b | ITER: 7 START
2019-06-24 19:03:52.653 663 DEBUG novaclient.v2.client [-] RESP: [200] Content-Encoding: gzip Content-Length: 364 Content-Type: application/json Date: Mon, 24 Jun 2019 19:03:51 GMT OpenStack-API-Version: compute 2.1 Server: Apache Vary: OpenStack-API-Version,X-OpenStack-Nova-API-Version,Accept-Encoding X-OpenStack-Nova-API-Version: 2.1 x-compute-request-id: req-7b8ec74a-f4c8-4c3d-b311-83326de5d7b9 x-openstack-request-id: req-7b8ec74a-f4c8-4c3d-b311-83326de5d7b9 _http_log_response /usr/lib/python2.7/site-packages/keystoneauth1/session.py:479
2019-06-24 19:03:52.654 663 DEBUG novaclient.v2.client [-] RESP BODY: {"flavors": [{"name": "rally_full-flavor_alt_16f09a6e-3b06-4a84-8877-eaa46d16054c", "links": [{"href": "http://172.30.9.42:8774/v2.1/flavors/2cb266fe-3e8b-4a04-ae69-4d782ebccba0", "rel": "self"}, {"href": "http://172.30.9.42:8774/flavors/2cb266fe-3e8b-4a04-ae69-4d782ebccba0", "rel": "bookmark"}], "ram": 1024, "OS-FLV-DISABLED:disabled": false, "vcpus": 1, "swap": "", "os-flavor-access:is_public": true, "rxtx_factor": 1.0, "OS-FLV-EXT-DATA:ephemeral": 0, "disk": 1, "id": "2cb266fe-3e8b-4a04-ae69-4d782ebccba0"}, {"name": "rally_full-flavor_16f09a6e-3b06-4a84-8877-eaa46d16054c", "links": [{"href": "http://172.30.9.42:8774/v2.1/flavors/4d22ca0a-5d27-426a-a97b-ecd6f342a8f5", "rel": "self"}, {"href": "http://172.30.9.42:8774/flavors/4d22ca0a-5d27-426a-a97b-ecd6f342a8f5", "rel": "bookmark"}], "ram": 512, "OS-FLV-DISABLED:disabled": false, "vcpus": 1, "swap": "", "os-flavor-access:is_public": true, "rxtx_factor": 1.0, "OS-FLV-EXT-DATA:ephemeral": 0, "disk": 1, "id": "4d22ca0a-5d27-426a-a97b-ecd6f342a8f5"}]} _http_log_response /usr/lib/python2.7/site-packages/keystoneauth1/session.py:511
2019-06-24 19:03:52.655 663 DEBUG novaclient.v2.client [-] GET call to compute for http://172.30.9.42:8774/v2.1/flavors/detail used request id req-7b8ec74a-f4c8-4c3d-b311-83326de5d7b9 request /usr/lib/python2.7/site-packages/keystoneauth1/session.py:844
