2019-06-24 19:24:57.562 1842 DEBUG novaclient.v2.client [-] RESP: [200] Content-Length: 16 Content-Type: application/json Date: Mon, 24 Jun 2019 19:24:57 GMT OpenStack-API-Version: compute 2.1 Server: Apache Vary: OpenStack-API-Version,X-OpenStack-Nova-API-Version X-OpenStack-Nova-API-Version: 2.1 x-compute-request-id: req-33efa2c8-5970-44aa-8e6b-da8dc5ca6c2f x-openstack-request-id: req-33efa2c8-5970-44aa-8e6b-da8dc5ca6c2f _http_log_response /usr/lib/python2.7/site-packages/keystoneauth1/session.py:479
2019-06-24 19:24:57.563 1842 DEBUG novaclient.v2.client [-] RESP BODY: {"keypairs": []} _http_log_response /usr/lib/python2.7/site-packages/keystoneauth1/session.py:511
2019-06-24 19:24:57.563 1842 DEBUG novaclient.v2.client [-] GET call to compute for http://172.30.9.42:8774/v2.1/os-keypairs used request id req-33efa2c8-5970-44aa-8e6b-da8dc5ca6c2f request /usr/lib/python2.7/site-packages/keystoneauth1/session.py:844
2019-06-24 19:24:57.994 1842 DEBUG novaclient.v2.client [-] REQ: curl -g -i -X GET http://172.30.9.42:8774/v2.1/os-keypairs -H "Accept: application/json" -H "User-Agent: python-novaclient" -H "X-Auth-Token: {SHA1}12e7878cdcb2932138d5acf06b0a2ff0626c9b4e" _http_log_request /usr/lib/python2.7/site-packages/keystoneauth1/session.py:448
2019-06-24 19:24:58.310 1842 DEBUG novaclient.v2.client [-] RESP: [200] Content-Length: 16 Content-Type: application/json Date: Mon, 24 Jun 2019 19:24:57 GMT OpenStack-API-Version: compute 2.1 Server: Apache Vary: OpenStack-API-Version,X-OpenStack-Nova-API-Version X-OpenStack-Nova-API-Version: 2.1 x-compute-request-id: req-005a7d68-89e7-46a5-bed1-72da698f6320 x-openstack-request-id: req-005a7d68-89e7-46a5-bed1-72da698f6320 _http_log_response /usr/lib/python2.7/site-packages/keystoneauth1/session.py:479
2019-06-24 19:24:58.311 1842 DEBUG novaclient.v2.client [-] RESP BODY: {"keypairs": []} _http_log_response /usr/lib/python2.7/site-packages/keystoneauth1/session.py:511
2019-06-24 19:24:58.311 1842 DEBUG novaclient.v2.client [-] GET call to compute for http://172.30.9.42:8774/v2.1/os-keypairs used request id req-005a7d68-89e7-46a5-bed1-72da698f6320 request /usr/lib/python2.7/site-packages/keystoneauth1/session.py:844
2019-06-24 19:24:58.733 1842 DEBUG novaclient.v2.client [-] REQ: curl -g -i -X GET http://172.30.9.42:8774/v2.1/os-keypairs -H "Accept: application/json" -H "User-Agent: python-novaclient" -H "X-Auth-Token: {SHA1}dc89415b80d6a82652764a9a8d293bd4e63d4798" _http_log_request /usr/lib/python2.7/site-packages/keystoneauth1/session.py:448
2019-06-24 19:24:59.007 1842 DEBUG novaclient.v2.client [-] RESP: [200] Content-Length: 16 Content-Type: application/json Date: Mon, 24 Jun 2019 19:24:58 GMT OpenStack-API-Version: compute 2.1 Server: Apache Vary: OpenStack-API-Version,X-OpenStack-Nova-API-Version X-OpenStack-Nova-API-Version: 2.1 x-compute-request-id: req-488d2e11-c408-4caf-9291-5158af77c887 x-openstack-request-id: req-488d2e11-c408-4caf-9291-5158af77c887 _http_log_response /usr/lib/python2.7/site-packages/keystoneauth1/session.py:479
2019-06-24 19:24:59.008 1842 DEBUG novaclient.v2.client [-] RESP BODY: {"keypairs": []} _http_log_response /usr/lib/python2.7/site-packages/keystoneauth1/session.py:511
2019-06-24 19:24:59.008 1842 DEBUG novaclient.v2.client [-] GET call to compute for http://172.30.9.42:8774/v2.1/os-keypairs used request id req-488d2e11-c408-4caf-9291-5158af77c887 request /usr/lib/python2.7/site-packages/keystoneauth1/session.py:844
2019-06-24 19:24:59.433 1842 DEBUG novaclient.v2.client [-] REQ: curl -g -i -X GET http://172.30.9.42:8774/v2.1/os-keypairs -H "Accept: application/json" -H "User-Agent: python-novaclient" -H "X-Auth-Token: {SHA1}076bd527ae1dafcc6187ff3c5d1f7562b70fd400" _http_log_request /usr/lib/python2.7/site-packages/keystoneauth1/session.py:448
2019-06-24 19:24:59.745 1842 DEBUG novaclient.v2.client [-] RESP: [200] Content-Length: 16 Content-Type: application/json Date: Mon, 24 Jun 2019 19:24:59 GMT OpenStack-API-Version: compute 2.1 Server: Apache Vary: OpenStack-API-Version,X-OpenStack-Nova-API-Version X-OpenStack-Nova-API-Version: 2.1 x-compute-request-id: req-17ee40ea-694d-48a6-a255-d94c2be8c261 x-openstack-request-id: req-17ee40ea-694d-48a6-a255-d94c2be8c261 _http_log_response /usr/lib/python2.7/site-packages/keystoneauth1/session.py:479
2019-06-24 19:24:59.746 1842 DEBUG novaclient.v2.client [-] RESP BODY: {"keypairs": []} _http_log_response /usr/lib/python2.7/site-packages/keystoneauth1/session.py:511
2019-06-24 19:24:59.746 1842 DEBUG novaclient.v2.client [-] GET call to compute for http://172.30.9.42:8774/v2.1/os-keypairs used request id req-17ee40ea-694d-48a6-a255-d94c2be8c261 request /usr/lib/python2.7/site-packages/keystoneauth1/session.py:844
2019-06-24 19:25:00.172 1842 DEBUG novaclient.v2.client [-] REQ: curl -g -i -X GET http://172.30.9.42:8774/v2.1/os-keypairs -H "Accept: application/json" -H "User-Agent: python-novaclient" -H "X-Auth-Token: {SHA1}5814813ff03abeb5130d22ce22dd4c8e1239417c" _http_log_request /usr/lib/python2.7/site-packages/keystoneauth1/session.py:448
2019-06-24 19:25:00.478 1842 DEBUG novaclient.v2.client [-] RESP: [200] Content-Length: 16 Content-Type: application/json Date: Mon, 24 Jun 2019 19:25:00 GMT OpenStack-API-Version: compute 2.1 Server: Apache Vary: OpenStack-API-Version,X-OpenStack-Nova-API-Version X-OpenStack-Nova-API-Version: 2.1 x-compute-request-id: req-8c50cb39-add8-4a16-b247-bf10293716fc x-openstack-request-id: req-8c50cb39-add8-4a16-b247-bf10293716fc _http_log_response /usr/lib/python2.7/site-packages/keystoneauth1/session.py:479
2019-06-24 19:25:00.479 1842 DEBUG novaclient.v2.client [-] RESP BODY: {"keypairs": []} _http_log_response /usr/lib/python2.7/site-packages/keystoneauth1/session.py:511
2019-06-24 19:25:00.479 1842 DEBUG novaclient.v2.client [-] GET call to compute for http://172.30.9.42:8774/v2.1/os-keypairs used request id req-8c50cb39-add8-4a16-b247-bf10293716fc request /usr/lib/python2.7/site-packages/keystoneauth1/session.py:844
2019-06-24 19:25:00.903 1842 DEBUG novaclient.v2.client [-] REQ: curl -g -i -X GET http://172.30.9.42:8774/v2.1/os-keypairs -H "Accept: application/json" -H "User-Agent: python-novaclient" -H "X-Auth-Token: {SHA1}1865fd91058783baaca1f82f0c18e533e378c0a5" _http_log_request /usr/lib/python2.7/site-packages/keystoneauth1/session.py:448
2019-06-24 19:25:01.211 1842 DEBUG novaclient.v2.client [-] RESP: [200] Content-Length: 16 Content-Type: application/json Date: Mon, 24 Jun 2019 19:25:00 GMT OpenStack-API-Version: compute 2.1 Server: Apache Vary: OpenStack-API-Version,X-OpenStack-Nova-API-Version X-OpenStack-Nova-API-Version: 2.1 x-compute-request-id: req-a7c9a242-462c-4e5a-b5a3-8cf277b36f17 x-openstack-request-id: req-a7c9a242-462c-4e5a-b5a3-8cf277b36f17 _http_log_response /usr/lib/python2.7/site-packages/keystoneauth1/session.py:479
2019-06-24 19:25:01.211 1842 DEBUG novaclient.v2.client [-] RESP BODY: {"keypairs": []} _http_log_response /usr/lib/python2.7/site-packages/keystoneauth1/session.py:511
2019-06-24 19:25:01.212 1842 DEBUG novaclient.v2.client [-] GET call to compute for http://172.30.9.42:8774/v2.1/os-keypairs used request id req-a7c9a242-462c-4e5a-b5a3-8cf277b36f17 request /usr/lib/python2.7/site-packages/keystoneauth1/session.py:844
2019-06-24 19:25:01.218 1842 RALLYDEBUG rally_openstack.cleanup.manager [-] Cleaning up cinder backups objects
2019-06-24 19:25:03.427 1842 RALLYDEBUG rally_openstack.cleanup.manager [-] Cleaning up cinder volume_snapshots objects
2019-06-24 19:25:05.739 1842 RALLYDEBUG rally_openstack.cleanup.manager [-] Cleaning up cinder transfers objects
2019-06-24 19:25:08.012 1842 RALLYDEBUG rally_openstack.cleanup.manager [-] Cleaning up cinder volumes objects
2019-06-24 19:25:10.317 1842 INFO rally.task.context [-] Task afcdefd3-44fd-426f-9170-2533b4f3fef0 | Context cleanup@openstack cleanup() finished in 18.20 sec
2019-06-24 19:25:10.318 1842 INFO rally.task.context [-] Task afcdefd3-44fd-426f-9170-2533b4f3fef0 | Context quotas@openstack cleanup() started
2019-06-24 19:25:11.263 1842 INFO rally.task.context [-] Task afcdefd3-44fd-426f-9170-2533b4f3fef0 | Context quotas@openstack cleanup() finished in 0.95 sec
2019-06-24 19:25:11.263 1842 INFO rally.task.context [-] Task afcdefd3-44fd-426f-9170-2533b4f3fef0 | Context api_versions@openstack cleanup() started
2019-06-24 19:25:11.264 1842 INFO rally.task.context [-] Task afcdefd3-44fd-426f-9170-2533b4f3fef0 | Context api_versions@openstack cleanup() finished in 0.30 msec
2019-06-24 19:25:11.264 1842 INFO rally.task.context [-] Task afcdefd3-44fd-426f-9170-2533b4f3fef0 | Context users@openstack cleanup() started
2019-06-24 19:25:18.839 1842 INFO rally.task.context [-] Task afcdefd3-44fd-426f-9170-2533b4f3fef0 | Context users@openstack cleanup() finished in 7.57 sec
2019-06-24 19:25:19.356 1842 INFO rally.task.engine [-] Load duration is: 113.610751
2019-06-24 19:25:19.356 1842 INFO rally.task.engine [-] Full runner duration is: 114.656098
2019-06-24 19:25:19.356 1842 INFO rally.task.engine [-] Full duration is: 150.06592
2019-06-24 19:25:19.593 1842 INFO rally.task.engine [-] Running workload: position = 0 config = { "version": 2, "title": "A cropped version of a bigger task.", "description": "Auto-generated task from a single workload (uuid=824e338d-38d3-4ff6-a995-7e6ce662eb48)", "subtasks": [ { "title": "CinderVolumes.create_volume", "description": "Create a volume.", "scenario": { "CinderVolumes.create_volume": { "size": 1 } }, "contexts": { "users": { "tenants": 3, "users_per_tenant": 2 }, "api_versions": { "cinder": { "version": 3, "service_type": "volumev3" } } }, "runner": { "constant": { "concurrency": 4, "times": 10 } }, "hooks": [], "sla": { "failure_rate": { "max": 0 } } } ] }
2019-06-24 19:25:19.617 1842 RALLYDEBUG rally_openstack.contexts.keystone.users [-] Creating 3 tenants using 20 threads
2019-06-24 19:25:21.588 1842 RALLYDEBUG rally_openstack.contexts.keystone.users [-] Creating 6 users using 20 threads
2019-06-24 19:25:24.524 1842 INFO rally.task.context [-] Task afcdefd3-44fd-426f-9170-2533b4f3fef0 | Context users@openstack setup() finished in 4.91 sec
2019-06-24 19:25:24.945 1842 INFO rally.task.context [-] Task afcdefd3-44fd-426f-9170-2533b4f3fef0 | Context api_versions@openstack setup() finished in 0.42 sec
2019-06-24 19:25:24.945 1842 INFO rally.task.context [-] Task afcdefd3-44fd-426f-9170-2533b4f3fef0 | Context cleanup@openstack setup() finished in 0.01 msec
2019-06-24 19:25:24.953 1842 RALLYDEBUG rally.task.runner [-] Starting the constant runner (task UUID: afcdefd3-44fd-426f-9170-2533b4f3fef0). timeout: 0 concurrency: 4 concurrency_per_worker: 1 times: 10 concurrency_overhead: 0 processes_to_start: 4 max_cpu_used: 16
2019-06-24 19:25:24.965 3474 RALLYDEBUG rally.task.runner [-] Starting a worker. concurrency: 1 args: {"size": 1} times: 10 method_name: run timeout: 0 duration: None cls:
2019-06-24 19:25:24.969 3475 RALLYDEBUG rally.task.runner [-] Starting a worker. concurrency: 1 args: {"size": 1} times: 10 method_name: run timeout: 0 duration: None cls:
2019-06-24 19:25:24.971 3476 RALLYDEBUG rally.task.runner [-] Starting a worker. concurrency: 1 args: {"size": 1} times: 10 method_name: run timeout: 0 duration: None cls:
2019-06-24 19:25:24.972 3474 INFO rally.task.runner [-] Task afcdefd3-44fd-426f-9170-2533b4f3fef0 | ITER: 1 START
2019-06-24 19:25:24.974 3477 RALLYDEBUG rally.task.runner [-] Starting a worker. concurrency: 1 args: {"size": 1} times: 10 method_name: run timeout: 0 duration: None cls:
2019-06-24 19:25:24.976 3475 INFO rally.task.runner [-] Task afcdefd3-44fd-426f-9170-2533b4f3fef0 | ITER: 2 START
2019-06-24 19:25:24.980 3476 INFO rally.task.runner [-] Task afcdefd3-44fd-426f-9170-2533b4f3fef0 | ITER: 3 START
2019-06-24 19:25:24.982 3477 INFO rally.task.runner [-] Task afcdefd3-44fd-426f-9170-2533b4f3fef0 | ITER: 4 START
2019-06-24 19:25:28.722 3477 INFO rally.task.runner [-] Task afcdefd3-44fd-426f-9170-2533b4f3fef0 | ITER: 4 END: OK
2019-06-24 19:25:28.725 3477 INFO rally.task.runner [-] Task afcdefd3-44fd-426f-9170-2533b4f3fef0 | ITER: 5 START
2019-06-24 19:25:28.829 3474 INFO rally.task.runner [-] Task afcdefd3-44fd-426f-9170-2533b4f3fef0 | ITER: 1 END: OK
2019-06-24 19:25:28.834 3474 INFO rally.task.runner [-] Task afcdefd3-44fd-426f-9170-2533b4f3fef0 | ITER: 6 START
2019-06-24 19:25:28.845 3475 INFO rally.task.runner [-] Task afcdefd3-44fd-426f-9170-2533b4f3fef0 | ITER: 2 END: OK
2019-06-24 19:25:28.849 3475 INFO rally.task.runner [-] Task afcdefd3-44fd-426f-9170-2533b4f3fef0 | ITER: 7 START
2019-06-24 19:25:28.858 3476 INFO rally.task.runner [-] Task afcdefd3-44fd-426f-9170-2533b4f3fef0 | ITER: 3 END: OK
2019-06-24 19:25:28.862 3476 INFO rally.task.runner [-] Task afcdefd3-44fd-426f-9170-2533b4f3fef0 | ITER: 8 START
2019-06-24 19:25:32.375 3477 INFO rally.task.runner [-] Task afcdefd3-44fd-426f-9170-2533b4f3fef0 | ITER: 5 END: OK
2019-06-24 19:25:32.381 3477 INFO rally.task.runner [-] Task afcdefd3-44fd-426f-9170-2533b4f3fef0 | ITER: 9 START
2019-06-24 19:25:32.536 3476 INFO rally.task.runner [-] Task afcdefd3-44fd-426f-9170-2533b4f3fef0 | ITER: 8 END: OK
2019-06-24 19:25:32.541 3476 INFO rally.task.runner [-] Task afcdefd3-44fd-426f-9170-2533b4f3fef0 | ITER: 10 START
2019-06-24 19:25:32.591 3475 INFO rally.task.runner [-] Task afcdefd3-44fd-426f-9170-2533b4f3fef0 | ITER: 7 END: OK
2019-06-24 19:25:32.592 3474 INFO rally.task.runner [-] Task afcdefd3-44fd-426f-9170-2533b4f3fef0 | ITER: 6 END: OK
2019-06-24 19:25:36.099 3477 INFO rally.task.runner [-] Task afcdefd3-44fd-426f-9170-2533b4f3fef0 | ITER: 9 END: OK
2019-06-24 19:25:36.177 3476 INFO rally.task.runner [-] Task afcdefd3-44fd-426f-9170-2533b4f3fef0 | ITER: 10 END: OK
2019-06-24 19:25:36.203 1842 INFO rally.task.context [-] Task afcdefd3-44fd-426f-9170-2533b4f3fef0 | Context cleanup@openstack cleanup() started
2019-06-24 19:25:36.205 1842 RALLYDEBUG rally_openstack.cleanup.manager [-] Cleaning up cinder backups objects
2019-06-24 19:25:38.566 1842 RALLYDEBUG rally_openstack.cleanup.manager [-] Cleaning up cinder volume_snapshots objects
2019-06-24 19:25:40.703 1842 RALLYDEBUG rally_openstack.cleanup.manager [-] Cleaning up cinder transfers objects
2019-06-24 19:25:42.911 1842 RALLYDEBUG rally_openstack.cleanup.manager [-] Cleaning up cinder volumes objects
2019-06-24 19:25:45.258 1842 RALLYDEBUG rally_openstack.cleanup.manager [-] Deleting cinder.volumes object s_rally_824e338d_yclsIUz1 (33aa7afb-60d1-42c2-ae4a-4627132cda27)
2019-06-24 19:25:45.259 1842 RALLYDEBUG rally_openstack.cleanup.manager [-] Deleting cinder.volumes object s_rally_824e338d_7V6Ah4FV (55005356-d3af-4e40-929a-a05e566bccf3)
2019-06-24 19:25:45.260 1842 RALLYDEBUG rally_openstack.cleanup.manager [-] Deleting cinder.volumes object s_rally_824e338d_lzUDtBtB (551bfaa5-efc7-4758-882a-4d510ce439f0)
2019-06-24 19:25:45.259 1842 RALLYDEBUG rally_openstack.cleanup.manager [-] Deleting cinder.volumes object s_rally_824e338d_0fudPtgk (daa3346f-ec3a-4c53-977d-dd63fcdc95d4)
2019-06-24 19:25:45.261 1842 RALLYDEBUG rally_openstack.cleanup.manager [-] Deleting cinder.volumes object s_rally_824e338d_nh33KDLy (b66da5f3-61ee-4a7c-b849-fc4a7adee99d)
2019-06-24 19:25:45.263 1842 RALLYDEBUG rally_openstack.cleanup.manager [-] Deleting cinder.volumes object s_rally_824e338d_TNIi3nTO (cc306383-8c30-48f4-bad0-e22d7a2c0c4e)
2019-06-24 19:25:45.265 1842 RALLYDEBUG rally_openstack.cleanup.manager [-] Deleting cinder.volumes object s_rally_824e338d_84tGH3P3 (0576e3a1-f521-4b8d-a7a0-cce54b65e830)
2019-06-24 19:25:45.275 1842 RALLYDEBUG rally_openstack.cleanup.manager [-] Deleting cinder.volumes object s_rally_824e338d_kxcHbcAM (bda51eb5-53f0-4e33-81eb-d5565013fa7d)
2019-06-24 19:25:45.280 1842 RALLYDEBUG rally_openstack.cleanup.manager [-] Deleting cinder.volumes object s_rally_824e338d_sx42uU8Z (0c05432b-e9bd-4ebf-852b-af974c269fec)
2019-06-24 19:25:45.291 1842 RALLYDEBUG rally_openstack.cleanup.manager [-] Deleting cinder.volumes object s_rally_824e338d_Q6B19cgQ (b66444a4-5672-41e0-94c3-95b7bfcefb6e)
2019-06-24 19:25:49.137 1842 INFO rally.task.context [-] Task afcdefd3-44fd-426f-9170-2533b4f3fef0 | Context cleanup@openstack cleanup() finished in 12.93 sec
2019-06-24 19:25:49.138 1842 INFO rally.task.context [-] Task afcdefd3-44fd-426f-9170-2533b4f3fef0 | Context api_versions@openstack cleanup() started
2019-06-24 19:25:49.138 1842 INFO rally.task.context [-] Task afcdefd3-44fd-426f-9170-2533b4f3fef0 | Context api_versions@openstack cleanup() finished in 0.28 msec
2019-06-24 19:25:49.138 1842 INFO rally.task.context [-] Task afcdefd3-44fd-426f-9170-2533b4f3fef0 | Context users@openstack cleanup() started
2019-06-24 19:25:57.425 1842 INFO rally.task.context [-] Task afcdefd3-44fd-426f-9170-2533b4f3fef0 | Context users@openstack cleanup() finished in 8.29 sec
2019-06-24 19:25:57.805 1842 INFO rally.task.engine [-] Load duration is: 11.200514
2019-06-24 19:25:57.805 1842 INFO rally.task.engine [-] Full runner duration is: 11.250186
2019-06-24 19:25:57.805 1842 INFO rally.task.engine [-] Full duration is: 37.812321
2019-06-24 19:25:57.946 1842 INFO rally.task.engine [-] Running workload: position = 1 config = { "version": 2, "title": "A cropped version of a bigger task.", "description": "Auto-generated task from a single workload (uuid=f389f822-5138-44f4-a252-942aa77b93f1)", "subtasks": [ { "title": "CinderVolumes.create_volume", "description": "Create a volume.", "scenario": { "CinderVolumes.create_volume": { "size": { "min": 1, "max": 1 } } }, "contexts": { "users": { "tenants": 3, "users_per_tenant": 2 }, "quotas": { "cinder": { "gigabytes": -1, "snapshots": -1, "volumes": -1 } }, "api_versions": { "cinder": { "version": 3, "service_type": "volumev3" } } }, "runner": { "constant": { "concurrency": 4, "times": 10 } }, "hooks": [], "sla": { "failure_rate": { "max": 0 } } } ] }
2019-06-24 19:25:57.968 1842 RALLYDEBUG rally_openstack.contexts.keystone.users [-] Creating 3 tenants using 20 threads
2019-06-24 19:25:59.967 1842 RALLYDEBUG rally_openstack.contexts.keystone.users [-] Creating 6 users using 20 threads
2019-06-24 19:26:02.733 1842 INFO rally.task.context [-] Task afcdefd3-44fd-426f-9170-2533b4f3fef0 | Context users@openstack setup() finished in 4.76 sec
2019-06-24 19:26:03.149 1842 INFO rally.task.context [-] Task afcdefd3-44fd-426f-9170-2533b4f3fef0 | Context api_versions@openstack setup() finished in 0.42 sec
2019-06-24 19:26:04.888 1842 INFO rally.task.context [-] Task afcdefd3-44fd-426f-9170-2533b4f3fef0 | Context quotas@openstack setup() finished in 1.74 sec
2019-06-24 19:26:04.889 1842 INFO rally.task.context [-] Task afcdefd3-44fd-426f-9170-2533b4f3fef0 | Context cleanup@openstack setup() finished in 0.01 msec
2019-06-24 19:26:04.896 1842 RALLYDEBUG rally.task.runner [-] Starting the constant runner (task UUID: afcdefd3-44fd-426f-9170-2533b4f3fef0). timeout: 0 concurrency: 4 concurrency_per_worker: 1 times: 10 concurrency_overhead: 0 processes_to_start: 4 max_cpu_used: 16
2019-06-24 19:26:04.910 3658 RALLYDEBUG rally.task.runner [-] Starting a worker. concurrency: 1 args: {"size": {"min": 1, "max": 1}} times: 10 method_name: run timeout: 0 duration: None cls:
2019-06-24 19:26:04.912 3659 RALLYDEBUG rally.task.runner [-] Starting a worker. concurrency: 1 args: {"size": {"min": 1, "max": 1}} times: 10 method_name: run timeout: 0 duration: None cls:
2019-06-24 19:26:04.915 3660 RALLYDEBUG rally.task.runner [-] Starting a worker. concurrency: 1 args: {"size": {"min": 1, "max": 1}} times: 10 method_name: run timeout: 0 duration: None cls:
2019-06-24 19:26:04.917 3661 RALLYDEBUG rally.task.runner [-] Starting a worker. concurrency: 1 args: {"size": {"min": 1, "max": 1}} times: 10 method_name: run timeout: 0 duration: None cls:
2019-06-24 19:26:04.919 3658 INFO rally.task.runner [-] Task afcdefd3-44fd-426f-9170-2533b4f3fef0 | ITER: 1 START
2019-06-24 19:26:04.920 3659 INFO rally.task.runner [-] Task afcdefd3-44fd-426f-9170-2533b4f3fef0 | ITER: 2 START
2019-06-24 19:26:04.923 3660 INFO rally.task.runner [-] Task afcdefd3-44fd-426f-9170-2533b4f3fef0 | ITER: 3 START
2019-06-24 19:26:04.925 3661 INFO rally.task.runner [-] Task afcdefd3-44fd-426f-9170-2533b4f3fef0 | ITER: 4 START
2019-06-24 19:26:08.636 3661 INFO rally.task.runner [-] Task afcdefd3-44fd-426f-9170-2533b4f3fef0 | ITER: 4 END: OK
2019-06-24 19:26:08.642 3661 INFO rally.task.runner [-] Task afcdefd3-44fd-426f-9170-2533b4f3fef0 | ITER: 5 START
2019-06-24 19:26:08.651 3660 INFO rally.task.runner [-] Task afcdefd3-44fd-426f-9170-2533b4f3fef0 | ITER: 3 END: OK
2019-06-24 19:26:08.657 3660 INFO rally.task.runner [-] Task afcdefd3-44fd-426f-9170-2533b4f3fef0 | ITER: 6 START
2019-06-24 19:26:08.695 3658 INFO rally.task.runner [-] Task afcdefd3-44fd-426f-9170-2533b4f3fef0 | ITER: 1 END: OK
2019-06-24 19:26:08.700 3658 INFO rally.task.runner [-] Task afcdefd3-44fd-426f-9170-2533b4f3fef0 | ITER: 7 START
2019-06-24 19:26:08.755 3659 INFO rally.task.runner [-] Task afcdefd3-44fd-426f-9170-2533b4f3fef0 | ITER: 2 END: OK
2019-06-24 19:26:08.761 3659 INFO rally.task.runner [-] Task afcdefd3-44fd-426f-9170-2533b4f3fef0 | ITER: 8 START
2019-06-24 19:26:12.034 3658 INFO rally.task.runner [-] Task afcdefd3-44fd-426f-9170-2533b4f3fef0 | ITER: 7 END: OK
2019-06-24 19:26:12.039 3658 INFO rally.task.runner [-] Task afcdefd3-44fd-426f-9170-2533b4f3fef0 | ITER: 9 START
2019-06-24 19:26:12.055 3661 INFO rally.task.runner [-] Task afcdefd3-44fd-426f-9170-2533b4f3fef0 | ITER: 5 END: OK
2019-06-24 19:26:12.060 3661 INFO rally.task.runner [-] Task afcdefd3-44fd-426f-9170-2533b4f3fef0 | ITER: 10 START
2019-06-24 19:26:12.474 3660 INFO rally.task.runner [-] Task afcdefd3-44fd-426f-9170-2533b4f3fef0 | ITER: 6 END: OK
2019-06-24 19:26:12.585 3659 INFO rally.task.runner [-] Task afcdefd3-44fd-426f-9170-2533b4f3fef0 | ITER: 8 END: OK
2019-06-24 19:26:15.643 3658 INFO rally.task.runner [-] Task afcdefd3-44fd-426f-9170-2533b4f3fef0 | ITER: 9 END: OK
2019-06-24 19:26:15.739 3661 INFO rally.task.runner [-] Task afcdefd3-44fd-426f-9170-2533b4f3fef0 | ITER: 10 END: OK
2019-06-24 19:26:15.759 1842 INFO rally.task.context [-] Task afcdefd3-44fd-426f-9170-2533b4f3fef0 | Context cleanup@openstack cleanup() started
2019-06-24 19:26:15.762 1842 RALLYDEBUG rally_openstack.cleanup.manager [-] Cleaning up cinder backups objects
2019-06-24 19:26:17.989 1842 RALLYDEBUG rally_openstack.cleanup.manager [-] Cleaning up cinder volume_snapshots objects
2019-06-24 19:26:20.196 1842 RALLYDEBUG rally_openstack.cleanup.manager [-] Cleaning up cinder transfers objects
2019-06-24 19:26:22.287 1842 RALLYDEBUG rally_openstack.cleanup.manager [-] Cleaning up cinder volumes objects
2019-06-24 19:26:24.683 1842 RALLYDEBUG rally_openstack.cleanup.manager [-] Deleting cinder.volumes object s_rally_f389f822_zBQbPEWb (1ab3b219-bfeb-4999-a809-910930c5b572)
2019-06-24 19:26:24.685 1842 RALLYDEBUG rally_openstack.cleanup.manager [-] Deleting cinder.volumes object s_rally_f389f822_Q9CueVpO (f9295393-8c19-48bb-81fd-33f9bfee1fc1)
2019-06-24 19:26:24.685 1842 RALLYDEBUG rally_openstack.cleanup.manager [-] Deleting cinder.volumes object s_rally_f389f822_XIHjQGsv (d426984f-e83c-43c7-9d80-3cb3d713a7c2)
2019-06-24 19:26:24.691 1842 RALLYDEBUG rally_openstack.cleanup.manager [-] Deleting cinder.volumes object s_rally_f389f822_x6Sjg8nk (0290c481-7aff-44ac-8ff6-cd53ceec3d41)
2019-06-24 19:26:24.695 1842 RALLYDEBUG rally_openstack.cleanup.manager [-] Deleting cinder.volumes object s_rally_f389f822_7mESbl0S (3d93552c-b549-4515-862e-c1aa0ef67987)
2019-06-24 19:26:24.702 1842 RALLYDEBUG rally_openstack.cleanup.manager [-] Deleting cinder.volumes object s_rally_f389f822_kK2A5z0k (7dea0732-638d-4abf-bd42-6973d07ebaec)
2019-06-24 19:26:24.705 1842 RALLYDEBUG rally_openstack.cleanup.manager [-] Deleting cinder.volumes object s_rally_f389f822_mbBPJZwc (b96aa6df-18cf-4d92-8c45-7997a07d5d27)
2019-06-24 19:26:24.707 1842 RALLYDEBUG rally_openstack.cleanup.manager [-] Deleting cinder.volumes object s_rally_f389f822_6B78MvuU (43e7af73-2ab8-400e-88b9-cf0f6c4757a6)
2019-06-24 19:26:24.713 1842 RALLYDEBUG rally_openstack.cleanup.manager [-] Deleting cinder.volumes object s_rally_f389f822_2vsxpKSR (75fdf2e3-98e6-41c9-befe-2a62604e5562)
2019-06-24 19:26:24.728 1842 RALLYDEBUG rally_openstack.cleanup.manager [-] Deleting cinder.volumes object s_rally_f389f822_1Ok4vKRa (012ba00f-091e-490e-8e7a-28a789ff8e66)
2019-06-24 19:26:29.320 1842 INFO rally.task.context [-] Task afcdefd3-44fd-426f-9170-2533b4f3fef0 | Context cleanup@openstack cleanup() finished in 13.56 sec
2019-06-24 19:26:29.321 1842 INFO rally.task.context [-] Task afcdefd3-44fd-426f-9170-2533b4f3fef0 | Context quotas@openstack cleanup() started
2019-06-24 19:26:30.096 1842 INFO rally.task.context [-] Task afcdefd3-44fd-426f-9170-2533b4f3fef0 | Context quotas@openstack cleanup() finished in 0.77 sec
2019-06-24 19:26:30.096 1842 INFO rally.task.context [-] Task afcdefd3-44fd-426f-9170-2533b4f3fef0 | Context api_versions@openstack cleanup() started
2019-06-24 19:26:30.096 1842 INFO rally.task.context [-] Task afcdefd3-44fd-426f-9170-2533b4f3fef0 | Context api_versions@openstack cleanup() finished in 0.33 msec
2019-06-24 19:26:30.097 1842 INFO rally.task.context [-] Task afcdefd3-44fd-426f-9170-2533b4f3fef0 | Context users@openstack cleanup() started
2019-06-24 19:26:38.689 1842 INFO rally.task.context [-] Task afcdefd3-44fd-426f-9170-2533b4f3fef0 | Context users@openstack cleanup() finished in 8.59 sec
2019-06-24 19:26:40.164 1842 INFO rally.task.engine [-] Load duration is: 10.815406
2019-06-24 19:26:40.164 1842 INFO rally.task.engine [-] Full runner duration is: 10.863068
2019-06-24 19:26:40.165 1842 INFO rally.task.engine [-] Full duration is: 40.725464
2019-06-24 19:26:40.367 1842 INFO rally.task.engine [-] Running workload: position = 0 config = { "version": 2, "title": "A cropped version of a bigger task.", "description": "Auto-generated task from a single workload (uuid=3ed4b43a-9e98-4e3b-85ff-c5181769327f)", "subtasks": [ { "title": "CinderVolumes.list_volumes", "description": "List all volumes.", "scenario": { "CinderVolumes.list_volumes": { "detailed": true } }, "contexts": { "users": { "tenants": 3, "users_per_tenant": 2 }, "quotas": { "cinder": { "gigabytes": -1, "snapshots": -1, "volumes": -1 } }, "api_versions": { "cinder": { "version": 3, "service_type": "volumev3" } }, "volumes": { "size": 1, "volumes_per_tenant": 4 } }, "runner": { "constant": { "concurrency": 4, "times": 10 } }, "hooks": [], "sla": { "failure_rate": { "max": 0 } } } ] }
2019-06-24 19:26:40.390 1842 RALLYDEBUG rally_openstack.contexts.keystone.users [-] Creating 3 tenants using 20 threads
2019-06-24 19:26:42.206 1842 RALLYDEBUG rally_openstack.contexts.keystone.users [-] Creating 6 users using 20 threads
2019-06-24 19:26:45.191 1842 INFO rally.task.context [-] Task afcdefd3-44fd-426f-9170-2533b4f3fef0 | Context users@openstack setup() finished in 4.80 sec
2019-06-24 19:26:45.711 1842 INFO rally.task.context [-] Task afcdefd3-44fd-426f-9170-2533b4f3fef0 | Context api_versions@openstack setup() finished in 0.52 sec
2019-06-24 19:26:47.427 1842 INFO rally.task.context [-] Task afcdefd3-44fd-426f-9170-2533b4f3fef0 | Context quotas@openstack setup() finished in 1.72 sec
2019-06-24 19:27:26.314 1842 INFO rally.task.context [-] Task afcdefd3-44fd-426f-9170-2533b4f3fef0 | Context volumes@openstack setup() finished in 38.89 sec
2019-06-24 19:27:26.322 1842 RALLYDEBUG rally.task.runner [-] Starting the constant runner (task UUID: afcdefd3-44fd-426f-9170-2533b4f3fef0). timeout: 0 concurrency: 4 concurrency_per_worker: 1 times: 10 concurrency_overhead: 0 processes_to_start: 4 max_cpu_used: 16
2019-06-24 19:27:26.335 3842 RALLYDEBUG rally.task.runner [-] Starting a worker. concurrency: 1 args: {"detailed": true} times: 10 method_name: run timeout: 0 duration: None cls:
2019-06-24 19:27:26.339 3843 RALLYDEBUG rally.task.runner [-] Starting a worker. concurrency: 1 args: {"detailed": true} times: 10 method_name: run timeout: 0 duration: None cls:
2019-06-24 19:27:26.343 3844 RALLYDEBUG rally.task.runner [-] Starting a worker. concurrency: 1 args: {"detailed": true} times: 10 method_name: run timeout: 0 duration: None cls:
2019-06-24 19:27:26.347 3842 INFO rally.task.runner [-] Task afcdefd3-44fd-426f-9170-2533b4f3fef0 | ITER: 1 START
2019-06-24 19:27:26.347 3845 RALLYDEBUG rally.task.runner [-] Starting a worker. concurrency: 1 args: {"detailed": true} times: 10 method_name: run timeout: 0 duration: None cls:
2019-06-24 19:27:26.350 3843 INFO rally.task.runner [-] Task afcdefd3-44fd-426f-9170-2533b4f3fef0 | ITER: 2 START
2019-06-24 19:27:26.354 3844 INFO rally.task.runner [-] Task afcdefd3-44fd-426f-9170-2533b4f3fef0 | ITER: 3 START
2019-06-24 19:27:26.357 3845 INFO rally.task.runner [-] Task afcdefd3-44fd-426f-9170-2533b4f3fef0 | ITER: 4 START
2019-06-24 19:27:27.158 3842 INFO rally.task.runner [-] Task afcdefd3-44fd-426f-9170-2533b4f3fef0 | ITER: 1 END: OK
2019-06-24 19:27:27.159 3844 INFO rally.task.runner [-] Task afcdefd3-44fd-426f-9170-2533b4f3fef0 | ITER: 3 END: OK
2019-06-24 19:27:27.164 3842 INFO rally.task.runner [-] Task afcdefd3-44fd-426f-9170-2533b4f3fef0 | ITER: 5 START
2019-06-24 19:27:27.166 3844 INFO rally.task.runner [-] Task afcdefd3-44fd-426f-9170-2533b4f3fef0 | ITER: 6 START
2019-06-24 19:27:27.167 3845 INFO rally.task.runner [-] Task afcdefd3-44fd-426f-9170-2533b4f3fef0 | ITER: 4 END: OK
2019-06-24 19:27:27.173 3845 INFO rally.task.runner [-] Task afcdefd3-44fd-426f-9170-2533b4f3fef0 | ITER: 7 START
2019-06-24 19:27:27.255 3843 INFO rally.task.runner [-] Task afcdefd3-44fd-426f-9170-2533b4f3fef0 | ITER: 2 END: OK
2019-06-24 19:27:27.260 3843 INFO rally.task.runner [-] Task afcdefd3-44fd-426f-9170-2533b4f3fef0 | ITER: 8 START
2019-06-24 19:27:27.952 3845 INFO rally.task.runner [-] Task afcdefd3-44fd-426f-9170-2533b4f3fef0 | ITER: 7 END: OK
2019-06-24 19:27:27.957 3845 INFO rally.task.runner [-] Task afcdefd3-44fd-426f-9170-2533b4f3fef0 | ITER: 9 START
2019-06-24 19:27:27.970 3844 INFO rally.task.runner [-] Task afcdefd3-44fd-426f-9170-2533b4f3fef0 | ITER: 6 END: OK
2019-06-24 19:27:27.975 3844 INFO rally.task.runner [-] Task afcdefd3-44fd-426f-9170-2533b4f3fef0 | ITER: 10 START
2019-06-24 19:27:27.979 3842 INFO rally.task.runner [-] Task afcdefd3-44fd-426f-9170-2533b4f3fef0 | ITER: 5 END: OK
2019-06-24 19:27:28.061 3843 INFO rally.task.runner [-] Task afcdefd3-44fd-426f-9170-2533b4f3fef0 | ITER: 8 END: OK
2019-06-24 19:27:28.655 3845 INFO rally.task.runner [-] Task afcdefd3-44fd-426f-9170-2533b4f3fef0 | ITER: 9 END: OK
2019-06-24 19:27:28.777 3844 INFO rally.task.runner [-] Task afcdefd3-44fd-426f-9170-2533b4f3fef0 | ITER: 10 END: OK
2019-06-24 19:27:28.803 1842 INFO rally.task.context [-] Task afcdefd3-44fd-426f-9170-2533b4f3fef0 | Context volumes@openstack cleanup() started
2019-06-24 19:27:28.805 1842 RALLYDEBUG rally_openstack.cleanup.manager [-] Cleaning up cinder volumes objects
2019-06-24 19:27:31.127 1842 RALLYDEBUG rally_openstack.cleanup.manager [-] Deleting cinder.volumes object c_rally_3ed4b43a_d0u0A1gY (35aba424-bb8e-4815-90a1-a394c83b152e)
2019-06-24 19:27:31.129 1842 RALLYDEBUG rally_openstack.cleanup.manager [-] Deleting cinder.volumes object c_rally_3ed4b43a_8PB3EMEh (a9c3741b-aa66-476c-add4-abaa68796660)
2019-06-24 19:27:31.135 1842 RALLYDEBUG rally_openstack.cleanup.manager [-] Deleting cinder.volumes object c_rally_3ed4b43a_YgH5NQjT (d1b9b42f-f031-4be0-a6a9-5c3b9648878a)
2019-06-24 19:27:31.135 1842 RALLYDEBUG rally_openstack.cleanup.manager [-] Deleting cinder.volumes object c_rally_3ed4b43a_IZC2oNFe (c8e9faa1-2510-45db-a71e-d3188c401c07)
2019-06-24 19:27:31.140 1842 RALLYDEBUG rally_openstack.cleanup.manager [-] Deleting cinder.volumes object c_rally_3ed4b43a_j5BMVTos (97f1b192-463d-46b0-acfa-b9d069b5da41)
2019-06-24 19:27:31.144 1842 RALLYDEBUG rally_openstack.cleanup.manager [-] Deleting cinder.volumes object c_rally_3ed4b43a_hPWYllE0 (0607ffcc-7fb6-4620-ae17-48fc99ecd10f)
2019-06-24 19:27:31.145 1842 RALLYDEBUG rally_openstack.cleanup.manager [-] Deleting cinder.volumes object c_rally_3ed4b43a_dCmNHZ17 (8f1f4cc8-68b0-4c15-ad9c-bff4c8fb986a)
2019-06-24 19:27:31.157 1842 RALLYDEBUG rally_openstack.cleanup.manager [-] Deleting cinder.volumes object c_rally_3ed4b43a_gWkJ4grO (0cf159f5-6d7d-4d3c-87ba-96fb4354820d)
2019-06-24 19:27:31.160 1842 RALLYDEBUG rally_openstack.cleanup.manager [-] Deleting cinder.volumes object c_rally_3ed4b43a_mPRr0RZ5 (e842cdb6-dbf7-4e35-a4dc-693578cbffba)
2019-06-24 19:27:31.162 1842 RALLYDEBUG rally_openstack.cleanup.manager [-] Deleting cinder.volumes object c_rally_3ed4b43a_AMr56O3h (e09098fa-77dc-40b2-81a6-dbc0efca4eaf)
2019-06-24 19:27:31.177 1842 RALLYDEBUG rally_openstack.cleanup.manager [-] Deleting cinder.volumes object c_rally_3ed4b43a_dnNTHWNZ (bcc54d54-5547-477f-a474-664672244533)
2019-06-24 19:27:31.184 1842 RALLYDEBUG rally_openstack.cleanup.manager [-] Deleting cinder.volumes object c_rally_3ed4b43a_QkDgp04s (a456cf20-f0b9-46af-b598-c5170a48bd0e)
2019-06-24 19:27:36.423 1842 INFO rally.task.context [-] Task afcdefd3-44fd-426f-9170-2533b4f3fef0 | Context volumes@openstack cleanup() finished in 7.62 sec
2019-06-24 19:27:36.423 1842 INFO rally.task.context [-] Task afcdefd3-44fd-426f-9170-2533b4f3fef0 | Context quotas@openstack cleanup() started
2019-06-24 19:27:37.299 1842 INFO rally.task.context [-] Task afcdefd3-44fd-426f-9170-2533b4f3fef0 | Context quotas@openstack cleanup() finished in 0.88 sec
2019-06-24 19:27:37.300 1842 INFO rally.task.context [-] Task afcdefd3-44fd-426f-9170-2533b4f3fef0 | Context api_versions@openstack cleanup() started
2019-06-24 19:27:37.300 1842 INFO rally.task.context [-] Task afcdefd3-44fd-426f-9170-2533b4f3fef0 | Context api_versions@openstack cleanup() finished in 0.32 msec
2019-06-24 19:27:37.300 1842 INFO rally.task.context [-] Task afcdefd3-44fd-426f-9170-2533b4f3fef0 | Context users@openstack cleanup() started
2019-06-24 19:27:45.156 1842 INFO rally.task.context [-] Task afcdefd3-44fd-426f-9170-2533b4f3fef0 | Context users@openstack cleanup() finished in 7.86 sec
2019-06-24 19:27:46.654 1842 INFO rally.task.engine [-] Load duration is: 2.425968
2019-06-24 19:27:46.655 1842 INFO rally.task.engine [-] Full runner duration is: 2.482517
2019-06-24 19:27:46.655 1842 INFO rally.task.engine [-] Full duration is: 64.768491
2019-06-24 19:27:46.867 1842 INFO rally.task.engine [-] Running workload: position = 0 config = { "version": 2, "title": "A cropped version of a bigger task.", "description": "Auto-generated task from a single workload (uuid=c73d309f-f17e-4f13-b4e1-8f3f34d6b452)", "subtasks": [ { "title": "CinderVolumes.create_and_delete_snapshot", "description": "Create and then delete a volume-snapshot.", "scenario": { "CinderVolumes.create_and_delete_snapshot": { "force": false } }, "contexts": { "users": { "tenants": 3, "users_per_tenant": 2 }, "quotas": { "cinder": { "gigabytes": -1, "snapshots": -1, "volumes": -1 } }, "api_versions": { "cinder": { "version": 3, "service_type": "volumev3" } }, "volumes": { "size": 1, "volumes_per_tenant": 1 } }, "runner": { "constant": { "concurrency": 4, "times": 10 } }, "hooks": [], "sla": { "failure_rate": { "max": 0 } } } ] }
2019-06-24 19:27:46.892 1842 RALLYDEBUG rally_openstack.contexts.keystone.users [-] Creating 3 tenants using 20 threads
2019-06-24 19:27:48.877 1842 RALLYDEBUG rally_openstack.contexts.keystone.users [-] Creating 6 users using 20 threads
2019-06-24 19:27:51.635 1842 INFO rally.task.context [-] Task afcdefd3-44fd-426f-9170-2533b4f3fef0 | Context users@openstack setup() finished in 4.74 sec
2019-06-24 19:27:52.060 1842 INFO rally.task.context [-] Task afcdefd3-44fd-426f-9170-2533b4f3fef0 | Context api_versions@openstack setup() finished in 0.42 sec
2019-06-24 19:27:53.729 1842 INFO rally.task.context [-] Task afcdefd3-44fd-426f-9170-2533b4f3fef0 | Context quotas@openstack setup() finished in 1.67 sec
2019-06-24 19:28:04.815 1842 INFO rally.task.context [-] Task afcdefd3-44fd-426f-9170-2533b4f3fef0 | Context volumes@openstack setup() finished in 11.09 sec
2019-06-24 19:28:04.816 1842 INFO rally.task.context [-] Task afcdefd3-44fd-426f-9170-2533b4f3fef0 | Context cleanup@openstack setup() finished in 0.01 msec
2019-06-24 19:28:04.824 1842 RALLYDEBUG rally.task.runner [-] Starting the constant runner (task UUID: afcdefd3-44fd-426f-9170-2533b4f3fef0). timeout: 0 concurrency: 4 concurrency_per_worker: 1 times: 10 concurrency_overhead: 0 processes_to_start: 4 max_cpu_used: 16
2019-06-24 19:28:04.838 3966 RALLYDEBUG rally.task.runner [-] Starting a worker. concurrency: 1 args: {"force": false} times: 10 method_name: run timeout: 0 duration: None cls:
2019-06-24 19:28:04.840 3967 RALLYDEBUG rally.task.runner [-] Starting a worker. concurrency: 1 args: {"force": false} times: 10 method_name: run timeout: 0 duration: None cls:
2019-06-24 19:28:04.842 3968 RALLYDEBUG rally.task.runner [-] Starting a worker. concurrency: 1 args: {"force": false} times: 10 method_name: run timeout: 0 duration: None cls:
2019-06-24 19:28:04.851 3966 INFO rally.task.runner [-] Task afcdefd3-44fd-426f-9170-2533b4f3fef0 | ITER: 1 START
2019-06-24 19:28:04.851 3969 RALLYDEBUG rally.task.runner [-] Starting a worker. concurrency: 1 args: {"force": false} times: 10 method_name: run timeout: 0 duration: None cls:
2019-06-24 19:28:04.852 3967 INFO rally.task.runner [-] Task afcdefd3-44fd-426f-9170-2533b4f3fef0 | ITER: 2 START
2019-06-24 19:28:04.852 3968 INFO rally.task.runner [-] Task afcdefd3-44fd-426f-9170-2533b4f3fef0 | ITER: 3 START
2019-06-24 19:28:04.857 3969 INFO rally.task.runner [-] Task afcdefd3-44fd-426f-9170-2533b4f3fef0 | ITER: 4 START
2019-06-24 19:28:08.756 3968 RALLYDEBUG rally.task.utils [-] Waiting for resource s_rally_c73d309f_Qg0zW4pv. Status changed: AVAILABLE => DELETING in 0.313938856125
2019-06-24 19:28:08.807 3967 RALLYDEBUG rally.task.utils [-] Waiting for resource s_rally_c73d309f_Q9RVzdMv. Status changed: AVAILABLE => DELETING in 0.0246179103851
2019-06-24 19:28:08.882 3966 RALLYDEBUG rally.task.utils [-] Waiting for resource s_rally_c73d309f_mnlCRtyr. Status changed: AVAILABLE => DELETING in 0.230314016342
2019-06-24 19:28:09.249 3969 RALLYDEBUG rally.task.utils [-] Waiting for resource s_rally_c73d309f_FmNJlrGK. Status changed: AVAILABLE => DELETING in 0.309023141861
2019-06-24 19:28:11.063 3968 INFO rally.task.runner [-] Task afcdefd3-44fd-426f-9170-2533b4f3fef0 | ITER: 3 END: OK
2019-06-24 19:28:11.066 3968 INFO rally.task.runner [-] Task afcdefd3-44fd-426f-9170-2533b4f3fef0 | ITER: 5 START
2019-06-24 19:28:11.085 3967 INFO rally.task.runner [-] Task afcdefd3-44fd-426f-9170-2533b4f3fef0 | ITER: 2 END: OK
2019-06-24 19:28:11.089 3967 INFO rally.task.runner [-] Task afcdefd3-44fd-426f-9170-2533b4f3fef0 | ITER: 6 START
2019-06-24 19:28:11.099 3966 INFO rally.task.runner [-] Task afcdefd3-44fd-426f-9170-2533b4f3fef0 | ITER: 1 END: OK
2019-06-24 19:28:11.104 3966 INFO rally.task.runner [-] Task afcdefd3-44fd-426f-9170-2533b4f3fef0 | ITER: 7 START
2019-06-24 19:28:11.462 3969 INFO rally.task.runner [-] Task afcdefd3-44fd-426f-9170-2533b4f3fef0 | ITER: 4 END: OK
2019-06-24 19:28:11.467 3969 INFO rally.task.runner [-] Task afcdefd3-44fd-426f-9170-2533b4f3fef0 | ITER: 8 START
2019-06-24 19:28:14.850 3968 RALLYDEBUG rally.task.utils [-] Waiting for resource s_rally_c73d309f_4zInkg4x. Status changed: AVAILABLE => DELETING in 0.311659097672
2019-06-24 19:28:14.889 3967 RALLYDEBUG rally.task.utils [-] Waiting for resource s_rally_c73d309f_97kxe8Hq. Status changed: AVAILABLE => DELETING in 0.321585893631
2019-06-24 19:28:15.399 3966 RALLYDEBUG rally.task.utils [-] Waiting for resource s_rally_c73d309f_MmaHKMQz. Status changed: AVAILABLE => DELETING in 0.400949001312
2019-06-24 19:28:15.715 3969 RALLYDEBUG rally.task.utils [-] Waiting for resource s_rally_c73d309f_1pnOcpAF. Status changed: AVAILABLE => DELETING in 0.303733825684
2019-06-24 19:28:17.119 3967 INFO rally.task.runner [-] Task afcdefd3-44fd-426f-9170-2533b4f3fef0 | ITER: 6 END: OK
2019-06-24 19:28:17.124 3967 INFO rally.task.runner [-] Task afcdefd3-44fd-426f-9170-2533b4f3fef0 | ITER: 9 START
2019-06-24 19:28:17.163 3968 INFO rally.task.runner [-] Task afcdefd3-44fd-426f-9170-2533b4f3fef0 | ITER: 5 END: OK
2019-06-24 19:28:17.167 3968 INFO rally.task.runner [-] Task afcdefd3-44fd-426f-9170-2533b4f3fef0 | ITER: 10 START
2019-06-24 19:28:17.424 3966 INFO rally.task.runner [-] Task afcdefd3-44fd-426f-9170-2533b4f3fef0 | ITER: 7 END: OK
2019-06-24 19:28:18.031 3969 INFO rally.task.runner [-] Task afcdefd3-44fd-426f-9170-2533b4f3fef0 | ITER: 8 END: OK
2019-06-24 19:28:21.281 3968 RALLYDEBUG rally.task.utils [-] Waiting for resource s_rally_c73d309f_hQ4QSiB7. Status changed: AVAILABLE => DELETING in 0.317820072174
2019-06-24 19:28:21.368 3967 RALLYDEBUG rally.task.utils [-] Waiting for resource s_rally_c73d309f_0K3LeBRN. Status changed: AVAILABLE => DELETING in 0.393092870712
2019-06-24 19:28:23.394 3967 INFO rally.task.runner [-] Task afcdefd3-44fd-426f-9170-2533b4f3fef0 | ITER: 9 END: OK
2019-06-24 19:28:23.578 3968 INFO rally.task.runner [-] Task afcdefd3-44fd-426f-9170-2533b4f3fef0 | ITER: 10 END: OK
2019-06-24 19:28:23.607 1842 INFO rally.task.context [-] Task afcdefd3-44fd-426f-9170-2533b4f3fef0 | Context cleanup@openstack cleanup() started
2019-06-24 19:28:23.609 1842 RALLYDEBUG rally_openstack.cleanup.manager [-] Cleaning up cinder backups objects
2019-06-24 19:28:25.766 1842 RALLYDEBUG rally_openstack.cleanup.manager [-] Cleaning up cinder volume_snapshots objects
2019-06-24 19:28:27.870 1842 RALLYDEBUG rally_openstack.cleanup.manager [-] Cleaning up cinder transfers objects
2019-06-24 19:28:30.142 1842 RALLYDEBUG rally_openstack.cleanup.manager [-] Cleaning up cinder volumes objects
2019-06-24 19:28:32.385 1842 INFO rally.task.context [-] Task afcdefd3-44fd-426f-9170-2533b4f3fef0 | Context cleanup@openstack cleanup() finished in 8.78 sec
2019-06-24 19:28:32.385 1842 INFO rally.task.context [-] Task afcdefd3-44fd-426f-9170-2533b4f3fef0 | Context volumes@openstack cleanup() started
2019-06-24 19:28:32.386 1842 RALLYDEBUG rally_openstack.cleanup.manager [-] Cleaning up cinder volumes objects
2019-06-24 19:28:34.706 1842 RALLYDEBUG rally_openstack.cleanup.manager [-] Deleting cinder.volumes object c_rally_c73d309f_4BW2E5K4 (7f35f59b-dadc-446e-a887-a8d73c59576b)
2019-06-24 19:28:34.709 1842 RALLYDEBUG rally_openstack.cleanup.manager [-] Deleting cinder.volumes object c_rally_c73d309f_JBR59qGa (853a354a-25df-4c2d-b58c-e383ed54acae)
2019-06-24 19:28:34.716 1842 RALLYDEBUG rally_openstack.cleanup.manager [-] Deleting cinder.volumes object c_rally_c73d309f_Gu4so6H9 (0f8a8c61-c122-46e4-b364-9c804dad5da2)
2019-06-24 19:28:38.242 1842 INFO rally.task.context [-] Task afcdefd3-44fd-426f-9170-2533b4f3fef0 | Context volumes@openstack cleanup() finished in 5.86 sec
2019-06-24 19:28:38.243 1842 INFO rally.task.context [-] Task afcdefd3-44fd-426f-9170-2533b4f3fef0 | Context quotas@openstack cleanup() started
2019-06-24 19:28:39.126 1842 INFO rally.task.context [-] Task afcdefd3-44fd-426f-9170-2533b4f3fef0 | Context quotas@openstack cleanup() finished in 0.88 sec
2019-06-24 19:28:39.127 1842 INFO rally.task.context [-] Task afcdefd3-44fd-426f-9170-2533b4f3fef0 | Context api_versions@openstack cleanup() started
2019-06-24 19:28:39.127 1842 INFO rally.task.context [-] Task afcdefd3-44fd-426f-9170-2533b4f3fef0 | Context api_versions@openstack cleanup() finished in 0.34 msec
2019-06-24 19:28:39.128 1842 INFO rally.task.context [-] Task afcdefd3-44fd-426f-9170-2533b4f3fef0 | Context users@openstack cleanup() started
2019-06-24 19:28:47.149 1842 INFO rally.task.context [-] Task afcdefd3-44fd-426f-9170-2533b4f3fef0 | Context users@openstack cleanup() finished in 8.02 sec
2019-06-24 19:28:49.152 1842 INFO rally.task.engine [-] Load duration is: 18.723835
2019-06-24 19:28:49.153 1842 INFO rally.task.engine [-] Full runner duration is: 18.782743
2019-06-24 19:28:49.153 1842 INFO rally.task.engine [-] Full duration is: 60.260896
2019-06-24 19:28:49.378 1842 INFO rally.task.engine [-] Running workload: position = 0 config = { "version": 2, "title": "A cropped version of a bigger task.", "description": "Auto-generated task from a single workload (uuid=16b9595c-7d9b-416e-b453-0cc6ed8aa1f6)", "subtasks": [ { "title": "CinderVolumes.create_and_delete_volume", "description": "Create and then delete a volume.", "scenario": { "CinderVolumes.create_and_delete_volume": { "size": { "max": 1, "min": 1 } } }, "contexts": { "users": { "tenants": 3, "users_per_tenant": 2 }, "quotas": { "cinder": { "gigabytes": -1, "snapshots": -1, "volumes": -1 } }, "api_versions": { "cinder": { "version": 3, "service_type": "volumev3" } } }, "runner": { "constant": { "concurrency": 4, "times": 10 } }, "hooks": [], "sla": { "failure_rate": { "max": 0 } } } ] }
2019-06-24 19:28:49.398 1842 RALLYDEBUG rally_openstack.contexts.keystone.users [-] Creating 3 tenants using 20 threads
2019-06-24 19:28:51.374 1842 RALLYDEBUG rally_openstack.contexts.keystone.users [-] Creating 6 users using 20 threads
2019-06-24 19:28:54.267 1842 INFO rally.task.context [-] Task afcdefd3-44fd-426f-9170-2533b4f3fef0 | Context users@openstack setup() finished in 4.87 sec
2019-06-24 19:28:54.701 1842 INFO rally.task.context [-] Task afcdefd3-44fd-426f-9170-2533b4f3fef0 | Context api_versions@openstack setup() finished in 0.43 sec
2019-06-24 19:28:56.394 1842 INFO rally.task.context [-] Task afcdefd3-44fd-426f-9170-2533b4f3fef0 | Context quotas@openstack setup() finished in 1.69 sec
2019-06-24 19:28:56.395 1842 INFO rally.task.context [-] Task afcdefd3-44fd-426f-9170-2533b4f3fef0 | Context cleanup@openstack setup() finished in 0.01 msec
2019-06-24 19:28:56.402 1842 RALLYDEBUG rally.task.runner [-] Starting the constant runner (task UUID: afcdefd3-44fd-426f-9170-2533b4f3fef0). timeout: 0 concurrency: 4 concurrency_per_worker: 1 times: 10 concurrency_overhead: 0 processes_to_start: 4 max_cpu_used: 16
2019-06-24 19:28:56.416 4170 RALLYDEBUG rally.task.runner [-] Starting a worker. concurrency: 1 args: {"size": {"max": 1, "min": 1}} times: 10 method_name: run timeout: 0 duration: None cls:
2019-06-24 19:28:56.418 4171 RALLYDEBUG rally.task.runner [-] Starting a worker. concurrency: 1 args: {"size": {"max": 1, "min": 1}} times: 10 method_name: run timeout: 0 duration: None cls:
2019-06-24 19:28:56.421 4172 RALLYDEBUG rally.task.runner [-] Starting a worker. concurrency: 1 args: {"size": {"max": 1, "min": 1}} times: 10 method_name: run timeout: 0 duration: None cls:
2019-06-24 19:28:56.424 4170 INFO rally.task.runner [-] Task afcdefd3-44fd-426f-9170-2533b4f3fef0 | ITER: 1 START
2019-06-24 19:28:56.426 4171 INFO rally.task.runner [-] Task afcdefd3-44fd-426f-9170-2533b4f3fef0 | ITER: 2 START
2019-06-24 19:28:56.425 4173 RALLYDEBUG rally.task.runner [-] Starting a worker. concurrency: 1 args: {"size": {"max": 1, "min": 1}} times: 10 method_name: run timeout: 0 duration: None cls:
2019-06-24 19:28:56.428 4172 INFO rally.task.runner [-] Task afcdefd3-44fd-426f-9170-2533b4f3fef0 | ITER: 3 START
2019-06-24 19:28:56.433 4173 INFO rally.task.runner [-] Task afcdefd3-44fd-426f-9170-2533b4f3fef0 | ITER: 4 START
2019-06-24 19:29:00.860 4171 RALLYDEBUG rally.task.utils [-] Waiting for resource s_rally_16b9595c_BvfOW6dC. Status changed: AVAILABLE => DELETING in 0.263708114624
2019-06-24 19:29:00.876 4173 RALLYDEBUG rally.task.utils [-] Waiting for resource s_rally_16b9595c_dnQBdEdV. Status changed: AVAILABLE => DELETING in 0.356431007385
2019-06-24 19:29:00.962 4170 RALLYDEBUG rally.task.utils [-] Waiting for resource s_rally_16b9595c_3kx9e4QM. Status changed: AVAILABLE => DELETING in 0.376568078995
2019-06-24 19:29:01.138 4172 RALLYDEBUG rally.task.utils [-] Waiting for resource s_rally_16b9595c_th5TLUhu. Status changed: AVAILABLE => DELETING in 0.342941999435
2019-06-24 19:29:03.039 4171 INFO rally.task.runner [-] Task afcdefd3-44fd-426f-9170-2533b4f3fef0 | ITER: 2 END: OK
2019-06-24 19:29:03.045 4171 INFO rally.task.runner [-] Task afcdefd3-44fd-426f-9170-2533b4f3fef0 | ITER: 5 START
2019-06-24 19:29:03.125 4173 INFO rally.task.runner [-] Task afcdefd3-44fd-426f-9170-2533b4f3fef0 | ITER: 4 END: OK
2019-06-24 19:29:03.131 4173 INFO rally.task.runner [-] Task afcdefd3-44fd-426f-9170-2533b4f3fef0 | ITER: 6 START
2019-06-24 19:29:03.299 4170 INFO rally.task.runner [-] Task afcdefd3-44fd-426f-9170-2533b4f3fef0 | ITER: 1 END: OK
2019-06-24 19:29:03.305 4170 INFO rally.task.runner [-] Task afcdefd3-44fd-426f-9170-2533b4f3fef0 | ITER: 7 START
2019-06-24 19:29:03.368 4172 INFO rally.task.runner [-] Task afcdefd3-44fd-426f-9170-2533b4f3fef0 | ITER: 3 END: OK
2019-06-24 19:29:03.373 4172 INFO rally.task.runner [-] Task afcdefd3-44fd-426f-9170-2533b4f3fef0 | ITER: 8 START
2019-06-24 19:29:07.396 4171 INFO rally.task.runner [-] Task afcdefd3-44fd-426f-9170-2533b4f3fef0 | ITER: 5 END: OK
2019-06-24 19:29:07.400 4171 INFO rally.task.runner [-] Task afcdefd3-44fd-426f-9170-2533b4f3fef0 | ITER: 9 START
2019-06-24 19:29:07.485 4172 INFO rally.task.runner [-] Task afcdefd3-44fd-426f-9170-2533b4f3fef0 | ITER: 8 END: OK
2019-06-24 19:29:07.491 4172 INFO rally.task.runner [-] Task afcdefd3-44fd-426f-9170-2533b4f3fef0 | ITER: 10 START
2019-06-24 19:29:07.584 4173 RALLYDEBUG rally.task.utils [-] Waiting for resource s_rally_16b9595c_h8L8BKRZ. Status changed: AVAILABLE => DELETING in 0.256592988968
2019-06-24 19:29:07.633 4170 RALLYDEBUG rally.task.utils [-] Waiting for resource s_rally_16b9595c_dsni2PmN. Status changed: AVAILABLE => DELETING in 0.353899002075
2019-06-24 19:29:09.816 4173 INFO rally.task.runner [-] Task afcdefd3-44fd-426f-9170-2533b4f3fef0 | ITER: 6 END: OK
2019-06-24 19:29:09.957 4170 INFO rally.task.runner [-] Task afcdefd3-44fd-426f-9170-2533b4f3fef0 | ITER: 7 END: OK
2019-06-24 19:29:11.590 4171 INFO rally.task.runner [-] Task afcdefd3-44fd-426f-9170-2533b4f3fef0 | ITER: 9 END: OK
