2019-06-24 19:36:28.138 6400 DEBUG cinderclient.v2.client [-] REQ: curl -g -i -X GET http://172.30.9.42:8776/v3/53825f1f40dc4806b692c4ba94f79ce5/types/51b8ec90-4969-4f84-873b-2cea9c50830b/os-volume-type-access -H "Accept: application/json" -H "User-Agent: python-cinderclient" -H "X-Auth-Token: {SHA1}c987a96f574e28ec2d626346e598ca939b451876" -H "X-OpenStack-Request-ID: req-55a60d83-8247-4b06-934d-44f2b566eb5c" _http_log_request /usr/lib/python2.7/site-packages/keystoneauth1/session.py:448
2019-06-24 19:36:28.156 6399 DEBUG cinderclient.v2.client [-] RESP: [202] Content-Length: 0 Content-Type: text/html; charset=UTF-8 Date: Mon, 24 Jun 2019 19:36:27 GMT OpenStack-API-Version: volume 3.0 Server: Apache Vary: OpenStack-API-Version x-openstack-request-id: req-5e995a2c-71d7-49f5-ab16-e9ce43963593 _http_log_response /usr/lib/python2.7/site-packages/keystoneauth1/session.py:479
2019-06-24 19:36:28.157 6399 DEBUG cinderclient.v2.client [-] RESP BODY: Omitted, Content-Type is set to text/html; charset=UTF-8. Only application/json responses have their bodies logged. _http_log_response /usr/lib/python2.7/site-packages/keystoneauth1/session.py:511
2019-06-24 19:36:28.157 6399 DEBUG cinderclient.v2.client [-] POST call to volumev2 for http://172.30.9.42:8776/v3/53825f1f40dc4806b692c4ba94f79ce5/types/7cc7a2d7-9f4c-4728-b18d-2fca9488393c/action used request id req-5e995a2c-71d7-49f5-ab16-e9ce43963593 request /usr/lib/python2.7/site-packages/keystoneauth1/session.py:844
2019-06-24 19:36:28.158 6399 DEBUG cinderclient.v2.client [-] REQ: curl -g -i -X GET http://172.30.9.42:8776/v3/53825f1f40dc4806b692c4ba94f79ce5/types/7cc7a2d7-9f4c-4728-b18d-2fca9488393c/os-volume-type-access -H "Accept: application/json" -H "User-Agent: python-cinderclient" -H "X-Auth-Token: {SHA1}78de8fed7fa5c9b3f08de78335be51a40aa315e7" -H "X-OpenStack-Request-ID: req-f6026bc4-64a9-4c23-af16-2e7c1d070258" _http_log_request /usr/lib/python2.7/site-packages/keystoneauth1/session.py:448
2019-06-24 19:36:28.422 6398 DEBUG cinderclient.v2.client [-] RESP: [200] Content-Encoding: gzip Content-Length: 127 Content-Type: application/json Date: Mon, 24 Jun 2019 19:36:28 GMT OpenStack-API-Version: volume 3.0 Server: Apache Vary: OpenStack-API-Version,Accept-Encoding x-compute-request-id: req-2c24cef4-37d2-4b78-8775-cce280e16c41 x-openstack-request-id: req-2c24cef4-37d2-4b78-8775-cce280e16c41 _http_log_response /usr/lib/python2.7/site-packages/keystoneauth1/session.py:479
2019-06-24 19:36:28.423 6398 DEBUG cinderclient.v2.client [-] RESP BODY: {"volume_type_access": [{"volume_type_id": "b4e2a787-e572-4be0-ad9d-fb7feb2b99cb", "project_id": "0054e98ac058472b8f76cb5057d80cba"}]} _http_log_response /usr/lib/python2.7/site-packages/keystoneauth1/session.py:511
2019-06-24 19:36:28.423 6398 DEBUG cinderclient.v2.client [-] GET call to volumev2 for http://172.30.9.42:8776/v3/53825f1f40dc4806b692c4ba94f79ce5/types/b4e2a787-e572-4be0-ad9d-fb7feb2b99cb/os-volume-type-access used request id req-2c24cef4-37d2-4b78-8775-cce280e16c41 request /usr/lib/python2.7/site-packages/keystoneauth1/session.py:844
2019-06-24 19:36:28.425 6398 INFO rally.task.runner [-] Task afcdefd3-44fd-426f-9170-2533b4f3fef0 | ITER: 1 END: OK
2019-06-24 19:36:28.430 6398 INFO rally.task.runner [-] Task afcdefd3-44fd-426f-9170-2533b4f3fef0 | ITER: 5 START
2019-06-24 19:36:28.450 6400 DEBUG cinderclient.v2.client [-] RESP: [200] Content-Encoding: gzip Content-Length: 130 Content-Type: application/json Date: Mon, 24 Jun 2019 19:36:28 GMT OpenStack-API-Version: volume 3.0 Server: Apache Vary: OpenStack-API-Version,Accept-Encoding x-compute-request-id: req-49624ca2-1e72-4d29-856c-f0e6903cbf56 x-openstack-request-id: req-49624ca2-1e72-4d29-856c-f0e6903cbf56 _http_log_response /usr/lib/python2.7/site-packages/keystoneauth1/session.py:479
2019-06-24 19:36:28.450 6400 DEBUG cinderclient.v2.client [-] RESP BODY: {"volume_type_access": [{"volume_type_id": "51b8ec90-4969-4f84-873b-2cea9c50830b", "project_id": "707afe2e75944a6482b73eb690acccf2"}]} _http_log_response /usr/lib/python2.7/site-packages/keystoneauth1/session.py:511
2019-06-24 19:36:28.450 6400 DEBUG cinderclient.v2.client [-] GET call to volumev2 for http://172.30.9.42:8776/v3/53825f1f40dc4806b692c4ba94f79ce5/types/51b8ec90-4969-4f84-873b-2cea9c50830b/os-volume-type-access used request id req-49624ca2-1e72-4d29-856c-f0e6903cbf56 request /usr/lib/python2.7/site-packages/keystoneauth1/session.py:844
2019-06-24 19:36:28.451 6400 INFO rally.task.runner [-] Task afcdefd3-44fd-426f-9170-2533b4f3fef0 | ITER: 3 END: OK
2019-06-24 19:36:28.456 6400 INFO rally.task.runner [-] Task afcdefd3-44fd-426f-9170-2533b4f3fef0 | ITER: 6 START
2019-06-24 19:36:28.461 6399 DEBUG cinderclient.v2.client [-] RESP: [200] Content-Encoding: gzip Content-Length: 129 Content-Type: application/json Date: Mon, 24 Jun 2019 19:36:28 GMT OpenStack-API-Version: volume 3.0 Server: Apache Vary: OpenStack-API-Version,Accept-Encoding x-compute-request-id: req-71d3a662-064f-4172-b9b4-daa2fc529fb9 x-openstack-request-id: req-71d3a662-064f-4172-b9b4-daa2fc529fb9 _http_log_response /usr/lib/python2.7/site-packages/keystoneauth1/session.py:479
2019-06-24 19:36:28.462 6399 DEBUG cinderclient.v2.client [-] RESP BODY: {"volume_type_access": [{"volume_type_id": "7cc7a2d7-9f4c-4728-b18d-2fca9488393c", "project_id": "0054e98ac058472b8f76cb5057d80cba"}]} _http_log_response /usr/lib/python2.7/site-packages/keystoneauth1/session.py:511
2019-06-24 19:36:28.462 6399 DEBUG cinderclient.v2.client [-] GET call to volumev2 for http://172.30.9.42:8776/v3/53825f1f40dc4806b692c4ba94f79ce5/types/7cc7a2d7-9f4c-4728-b18d-2fca9488393c/os-volume-type-access used request id req-71d3a662-064f-4172-b9b4-daa2fc529fb9 request /usr/lib/python2.7/site-packages/keystoneauth1/session.py:844
2019-06-24 19:36:28.463 6399 INFO rally.task.runner [-] Task afcdefd3-44fd-426f-9170-2533b4f3fef0 | ITER: 2 END: OK
2019-06-24 19:36:28.468 6399 INFO rally.task.runner [-] Task afcdefd3-44fd-426f-9170-2533b4f3fef0 | ITER: 7 START
2019-06-24 19:36:28.507 6403 DEBUG cinderclient.v2.client [-] RESP: [200] Content-Encoding: gzip Content-Length: 129 Content-Type: application/json Date: Mon, 24 Jun 2019 19:36:28 GMT OpenStack-API-Version: volume 3.0 Server: Apache Vary: OpenStack-API-Version,Accept-Encoding x-compute-request-id: req-0e968f19-e667-4397-b2cf-2e193bd6dee8 x-openstack-request-id: req-0e968f19-e667-4397-b2cf-2e193bd6dee8 _http_log_response /usr/lib/python2.7/site-packages/keystoneauth1/session.py:479
2019-06-24 19:36:28.507 6403 DEBUG cinderclient.v2.client [-] RESP BODY: {"volume_type_access": [{"volume_type_id": "e4066d8c-6538-4ace-92be-c13da131d937", "project_id": "0054e98ac058472b8f76cb5057d80cba"}]} _http_log_response /usr/lib/python2.7/site-packages/keystoneauth1/session.py:511
2019-06-24 19:36:28.508 6403 DEBUG cinderclient.v2.client [-] GET call to volumev2 for http://172.30.9.42:8776/v3/53825f1f40dc4806b692c4ba94f79ce5/types/e4066d8c-6538-4ace-92be-c13da131d937/os-volume-type-access used request id req-0e968f19-e667-4397-b2cf-2e193bd6dee8 request /usr/lib/python2.7/site-packages/keystoneauth1/session.py:844
2019-06-24 19:36:28.509 6403 INFO rally.task.runner [-] Task afcdefd3-44fd-426f-9170-2533b4f3fef0 | ITER: 4 END: OK
2019-06-24 19:36:28.513 6403 INFO rally.task.runner [-] Task afcdefd3-44fd-426f-9170-2533b4f3fef0 | ITER: 8 START
2019-06-24 19:36:28.894 6400 DEBUG cinderclient.v2.client [-] REQ: curl -g -i -X POST http://172.30.9.42:8776/v3/53825f1f40dc4806b692c4ba94f79ce5/types -H "Accept: application/json" -H "Content-Type: application/json" -H "User-Agent: python-cinderclient" -H "X-Auth-Token: {SHA1}1b0fccb4fd1fb41f2fbebadd20dbf40783a02a49" -d '{"volume_type": {"os-volume-type-access:is_public": false, "name": "s_rally_f78e32a9_2BKUJlTy", "description": "rally tests creating types"}}' _http_log_request /usr/lib/python2.7/site-packages/keystoneauth1/session.py:448
2019-06-24 19:36:28.909 6399 DEBUG cinderclient.v2.client [-] REQ: curl -g -i -X POST http://172.30.9.42:8776/v3/53825f1f40dc4806b692c4ba94f79ce5/types -H "Accept: application/json" -H "Content-Type: application/json" -H "User-Agent: python-cinderclient" -H "X-Auth-Token: {SHA1}1a77e2c0d17b638be0b3a595940d9bf07ce8ebe2" -d '{"volume_type": {"os-volume-type-access:is_public": false, "name": "s_rally_f78e32a9_Myxz7ZKc", "description": "rally tests creating types"}}' _http_log_request /usr/lib/python2.7/site-packages/keystoneauth1/session.py:448
2019-06-24 19:36:28.972 6403 DEBUG cinderclient.v2.client [-] REQ: curl -g -i -X POST http://172.30.9.42:8776/v3/53825f1f40dc4806b692c4ba94f79ce5/types -H "Accept: application/json" -H "Content-Type: application/json" -H "User-Agent: python-cinderclient" -H "X-Auth-Token: {SHA1}3f63fe7c97ba52fe1316bff6e631bdbb19d870b2" -d '{"volume_type": {"os-volume-type-access:is_public": false, "name": "s_rally_f78e32a9_Qkj7HNuX", "description": "rally tests creating types"}}' _http_log_request /usr/lib/python2.7/site-packages/keystoneauth1/session.py:448
2019-06-24 19:36:28.978 6398 DEBUG cinderclient.v2.client [-] REQ: curl -g -i -X POST http://172.30.9.42:8776/v3/53825f1f40dc4806b692c4ba94f79ce5/types -H "Accept: application/json" -H "Content-Type: application/json" -H "User-Agent: python-cinderclient" -H "X-Auth-Token: {SHA1}25374166071ed338f92ab41d90fbdbd82e9a6175" -d '{"volume_type": {"os-volume-type-access:is_public": false, "name": "s_rally_f78e32a9_J1pUCrvt", "description": "rally tests creating types"}}' _http_log_request /usr/lib/python2.7/site-packages/keystoneauth1/session.py:448
2019-06-24 19:36:29.236 6399 DEBUG cinderclient.v2.client [-] RESP: [200] Content-Encoding: gzip Content-Length: 183 Content-Type: application/json Date: Mon, 24 Jun 2019 19:36:28 GMT OpenStack-API-Version: volume 3.0 Server: Apache Vary: OpenStack-API-Version,Accept-Encoding x-compute-request-id: req-fc43b296-1ade-4446-9a74-6dcb88373ac8 x-openstack-request-id: req-fc43b296-1ade-4446-9a74-6dcb88373ac8 _http_log_response /usr/lib/python2.7/site-packages/keystoneauth1/session.py:479
2019-06-24 19:36:29.237 6399 DEBUG cinderclient.v2.client [-] RESP BODY: {"volume_type": {"name": "s_rally_f78e32a9_Myxz7ZKc", "extra_specs": {}, "os-volume-type-access:is_public": false, "is_public": false, "id": "784c2125-05c0-4884-9097-429a0c1ac847", "description": "rally tests creating types"}} _http_log_response /usr/lib/python2.7/site-packages/keystoneauth1/session.py:511
2019-06-24 19:36:29.237 6399 DEBUG cinderclient.v2.client [-] POST call to volumev2 for http://172.30.9.42:8776/v3/53825f1f40dc4806b692c4ba94f79ce5/types used request id req-fc43b296-1ade-4446-9a74-6dcb88373ac8 request /usr/lib/python2.7/site-packages/keystoneauth1/session.py:844
2019-06-24 19:36:29.239 6399 DEBUG cinderclient.v2.client [-] REQ: curl -g -i -X POST http://172.30.9.42:8776/v3/53825f1f40dc4806b692c4ba94f79ce5/types/784c2125-05c0-4884-9097-429a0c1ac847/action -H "Accept: application/json" -H "Content-Type: application/json" -H "User-Agent: python-cinderclient" -H "X-Auth-Token: {SHA1}1a77e2c0d17b638be0b3a595940d9bf07ce8ebe2" -H "X-OpenStack-Request-ID: req-fc43b296-1ade-4446-9a74-6dcb88373ac8" -d '{"addProjectAccess": {"project": "707afe2e75944a6482b73eb690acccf2"}}' _http_log_request /usr/lib/python2.7/site-packages/keystoneauth1/session.py:448
2019-06-24 19:36:29.252 6400 DEBUG cinderclient.v2.client [-] RESP: [200] Content-Encoding: gzip Content-Length: 184 Content-Type: application/json Date: Mon, 24 Jun 2019 19:36:28 GMT OpenStack-API-Version: volume 3.0 Server: Apache Vary: OpenStack-API-Version,Accept-Encoding x-compute-request-id: req-2f616426-dbde-453f-a6bc-ea8edcead4ab x-openstack-request-id: req-2f616426-dbde-453f-a6bc-ea8edcead4ab _http_log_response /usr/lib/python2.7/site-packages/keystoneauth1/session.py:479
2019-06-24 19:36:29.253 6400 DEBUG cinderclient.v2.client [-] RESP BODY: {"volume_type": {"name": "s_rally_f78e32a9_2BKUJlTy", "extra_specs": {}, "os-volume-type-access:is_public": false, "is_public": false, "id": "a6185095-b815-4c66-9882-d1b9030683f7", "description": "rally tests creating types"}} _http_log_response /usr/lib/python2.7/site-packages/keystoneauth1/session.py:511
2019-06-24 19:36:29.253 6400 DEBUG cinderclient.v2.client [-] POST call to volumev2 for http://172.30.9.42:8776/v3/53825f1f40dc4806b692c4ba94f79ce5/types used request id req-2f616426-dbde-453f-a6bc-ea8edcead4ab request /usr/lib/python2.7/site-packages/keystoneauth1/session.py:844
2019-06-24 19:36:29.255 6400 DEBUG cinderclient.v2.client [-] REQ: curl -g -i -X POST http://172.30.9.42:8776/v3/53825f1f40dc4806b692c4ba94f79ce5/types/a6185095-b815-4c66-9882-d1b9030683f7/action -H "Accept: application/json" -H "Content-Type: application/json" -H "User-Agent: python-cinderclient" -H "X-Auth-Token: {SHA1}1b0fccb4fd1fb41f2fbebadd20dbf40783a02a49" -H "X-OpenStack-Request-ID: req-2f616426-dbde-453f-a6bc-ea8edcead4ab" -d '{"addProjectAccess": {"project": "707afe2e75944a6482b73eb690acccf2"}}' _http_log_request /usr/lib/python2.7/site-packages/keystoneauth1/session.py:448
2019-06-24 19:36:29.302 6403 DEBUG cinderclient.v2.client [-] RESP: [200] Content-Encoding: gzip Content-Length: 184 Content-Type: application/json Date: Mon, 24 Jun 2019 19:36:28 GMT OpenStack-API-Version: volume 3.0 Server: Apache Vary: OpenStack-API-Version,Accept-Encoding x-compute-request-id: req-b2042b29-3b22-4620-a840-b874697abec7 x-openstack-request-id: req-b2042b29-3b22-4620-a840-b874697abec7 _http_log_response /usr/lib/python2.7/site-packages/keystoneauth1/session.py:479
2019-06-24 19:36:29.303 6403 DEBUG cinderclient.v2.client [-] RESP BODY: {"volume_type": {"name": "s_rally_f78e32a9_Qkj7HNuX", "extra_specs": {}, "os-volume-type-access:is_public": false, "is_public": false, "id": "a0a9c344-d552-4006-8181-90dff46eed37", "description": "rally tests creating types"}} _http_log_response /usr/lib/python2.7/site-packages/keystoneauth1/session.py:511
2019-06-24 19:36:29.303 6403 DEBUG cinderclient.v2.client [-] POST call to volumev2 for http://172.30.9.42:8776/v3/53825f1f40dc4806b692c4ba94f79ce5/types used request id req-b2042b29-3b22-4620-a840-b874697abec7 request /usr/lib/python2.7/site-packages/keystoneauth1/session.py:844
2019-06-24 19:36:29.305 6403 DEBUG cinderclient.v2.client [-] REQ: curl -g -i -X POST http://172.30.9.42:8776/v3/53825f1f40dc4806b692c4ba94f79ce5/types/a0a9c344-d552-4006-8181-90dff46eed37/action -H "Accept: application/json" -H "Content-Type: application/json" -H "User-Agent: python-cinderclient" -H "X-Auth-Token: {SHA1}3f63fe7c97ba52fe1316bff6e631bdbb19d870b2" -H "X-OpenStack-Request-ID: req-b2042b29-3b22-4620-a840-b874697abec7" -d '{"addProjectAccess": {"project": "707afe2e75944a6482b73eb690acccf2"}}' _http_log_request /usr/lib/python2.7/site-packages/keystoneauth1/session.py:448
2019-06-24 19:36:29.346 6398 DEBUG cinderclient.v2.client [-] RESP: [200] Content-Encoding: gzip Content-Length: 181 Content-Type: application/json Date: Mon, 24 Jun 2019 19:36:28 GMT OpenStack-API-Version: volume 3.0 Server: Apache Vary: OpenStack-API-Version,Accept-Encoding x-compute-request-id: req-6e467bfb-d99c-4c05-9a30-ed333271e542 x-openstack-request-id: req-6e467bfb-d99c-4c05-9a30-ed333271e542 _http_log_response /usr/lib/python2.7/site-packages/keystoneauth1/session.py:479
2019-06-24 19:36:29.347 6398 DEBUG cinderclient.v2.client [-] RESP BODY: {"volume_type": {"name": "s_rally_f78e32a9_J1pUCrvt", "extra_specs": {}, "os-volume-type-access:is_public": false, "is_public": false, "id": "2ec47272-33ec-451d-923b-0f3eb654a117", "description": "rally tests creating types"}} _http_log_response /usr/lib/python2.7/site-packages/keystoneauth1/session.py:511
2019-06-24 19:36:29.347 6398 DEBUG cinderclient.v2.client [-] POST call to volumev2 for http://172.30.9.42:8776/v3/53825f1f40dc4806b692c4ba94f79ce5/types used request id req-6e467bfb-d99c-4c05-9a30-ed333271e542 request /usr/lib/python2.7/site-packages/keystoneauth1/session.py:844
2019-06-24 19:36:29.349 6398 DEBUG cinderclient.v2.client [-] REQ: curl -g -i -X POST http://172.30.9.42:8776/v3/53825f1f40dc4806b692c4ba94f79ce5/types/2ec47272-33ec-451d-923b-0f3eb654a117/action -H "Accept: application/json" -H "Content-Type: application/json" -H "User-Agent: python-cinderclient" -H "X-Auth-Token: {SHA1}25374166071ed338f92ab41d90fbdbd82e9a6175" -H "X-OpenStack-Request-ID: req-6e467bfb-d99c-4c05-9a30-ed333271e542" -d '{"addProjectAccess": {"project": "0054e98ac058472b8f76cb5057d80cba"}}' _http_log_request /usr/lib/python2.7/site-packages/keystoneauth1/session.py:448
2019-06-24 19:36:29.477 6399 DEBUG cinderclient.v2.client [-] RESP: [202] Content-Length: 0 Content-Type: text/html; charset=UTF-8 Date: Mon, 24 Jun 2019 19:36:29 GMT OpenStack-API-Version: volume 3.0 Server: Apache Vary: OpenStack-API-Version x-openstack-request-id: req-68cc6507-6d31-4dd7-9b19-a50916c681eb _http_log_response /usr/lib/python2.7/site-packages/keystoneauth1/session.py:479
2019-06-24 19:36:29.477 6399 DEBUG cinderclient.v2.client [-] RESP BODY: Omitted, Content-Type is set to text/html; charset=UTF-8. Only application/json responses have their bodies logged. _http_log_response /usr/lib/python2.7/site-packages/keystoneauth1/session.py:511
2019-06-24 19:36:29.478 6399 DEBUG cinderclient.v2.client [-] POST call to volumev2 for http://172.30.9.42:8776/v3/53825f1f40dc4806b692c4ba94f79ce5/types/784c2125-05c0-4884-9097-429a0c1ac847/action used request id req-68cc6507-6d31-4dd7-9b19-a50916c681eb request /usr/lib/python2.7/site-packages/keystoneauth1/session.py:844
2019-06-24 19:36:29.479 6399 DEBUG cinderclient.v2.client [-] REQ: curl -g -i -X GET http://172.30.9.42:8776/v3/53825f1f40dc4806b692c4ba94f79ce5/types/784c2125-05c0-4884-9097-429a0c1ac847/os-volume-type-access -H "Accept: application/json" -H "User-Agent: python-cinderclient" -H "X-Auth-Token: {SHA1}1a77e2c0d17b638be0b3a595940d9bf07ce8ebe2" -H "X-OpenStack-Request-ID: req-fc43b296-1ade-4446-9a74-6dcb88373ac8" _http_log_request /usr/lib/python2.7/site-packages/keystoneauth1/session.py:448
2019-06-24 19:36:29.585 6400 DEBUG cinderclient.v2.client [-] RESP: [202] Content-Length: 0 Content-Type: text/html; charset=UTF-8 Date: Mon, 24 Jun 2019 19:36:29 GMT OpenStack-API-Version: volume 3.0 Server: Apache Vary: OpenStack-API-Version x-openstack-request-id: req-190532bb-250e-4605-882f-7bd1bc7beb74 _http_log_response /usr/lib/python2.7/site-packages/keystoneauth1/session.py:479
2019-06-24 19:36:29.585 6400 DEBUG cinderclient.v2.client [-] RESP BODY: Omitted, Content-Type is set to text/html; charset=UTF-8. Only application/json responses have their bodies logged. _http_log_response /usr/lib/python2.7/site-packages/keystoneauth1/session.py:511
2019-06-24 19:36:29.585 6400 DEBUG cinderclient.v2.client [-] POST call to volumev2 for http://172.30.9.42:8776/v3/53825f1f40dc4806b692c4ba94f79ce5/types/a6185095-b815-4c66-9882-d1b9030683f7/action used request id req-190532bb-250e-4605-882f-7bd1bc7beb74 request /usr/lib/python2.7/site-packages/keystoneauth1/session.py:844
2019-06-24 19:36:29.587 6400 DEBUG cinderclient.v2.client [-] REQ: curl -g -i -X GET http://172.30.9.42:8776/v3/53825f1f40dc4806b692c4ba94f79ce5/types/a6185095-b815-4c66-9882-d1b9030683f7/os-volume-type-access -H "Accept: application/json" -H "User-Agent: python-cinderclient" -H "X-Auth-Token: {SHA1}1b0fccb4fd1fb41f2fbebadd20dbf40783a02a49" -H "X-OpenStack-Request-ID: req-2f616426-dbde-453f-a6bc-ea8edcead4ab" _http_log_request /usr/lib/python2.7/site-packages/keystoneauth1/session.py:448
2019-06-24 19:36:29.615 6403 DEBUG cinderclient.v2.client [-] RESP: [202] Content-Length: 0 Content-Type: text/html; charset=UTF-8 Date: Mon, 24 Jun 2019 19:36:29 GMT OpenStack-API-Version: volume 3.0 Server: Apache Vary: OpenStack-API-Version x-openstack-request-id: req-21562bb9-b3d0-45d9-b35d-83919f006f32 _http_log_response /usr/lib/python2.7/site-packages/keystoneauth1/session.py:479
2019-06-24 19:36:29.616 6403 DEBUG cinderclient.v2.client [-] RESP BODY: Omitted, Content-Type is set to text/html; charset=UTF-8. Only application/json responses have their bodies logged. _http_log_response /usr/lib/python2.7/site-packages/keystoneauth1/session.py:511
2019-06-24 19:36:29.616 6403 DEBUG cinderclient.v2.client [-] POST call to volumev2 for http://172.30.9.42:8776/v3/53825f1f40dc4806b692c4ba94f79ce5/types/a0a9c344-d552-4006-8181-90dff46eed37/action used request id req-21562bb9-b3d0-45d9-b35d-83919f006f32 request /usr/lib/python2.7/site-packages/keystoneauth1/session.py:844
2019-06-24 19:36:29.617 6403 DEBUG cinderclient.v2.client [-] REQ: curl -g -i -X GET http://172.30.9.42:8776/v3/53825f1f40dc4806b692c4ba94f79ce5/types/a0a9c344-d552-4006-8181-90dff46eed37/os-volume-type-access -H "Accept: application/json" -H "User-Agent: python-cinderclient" -H "X-Auth-Token: {SHA1}3f63fe7c97ba52fe1316bff6e631bdbb19d870b2" -H "X-OpenStack-Request-ID: req-b2042b29-3b22-4620-a840-b874697abec7" _http_log_request /usr/lib/python2.7/site-packages/keystoneauth1/session.py:448
2019-06-24 19:36:29.675 6398 DEBUG cinderclient.v2.client [-] RESP: [202] Content-Length: 0 Content-Type: text/html; charset=UTF-8 Date: Mon, 24 Jun 2019 19:36:29 GMT OpenStack-API-Version: volume 3.0 Server: Apache Vary: OpenStack-API-Version x-openstack-request-id: req-5079193d-4e90-4ba7-82f1-5a2498ab2cd3 _http_log_response /usr/lib/python2.7/site-packages/keystoneauth1/session.py:479
2019-06-24 19:36:29.675 6398 DEBUG cinderclient.v2.client [-] RESP BODY: Omitted, Content-Type is set to text/html; charset=UTF-8. Only application/json responses have their bodies logged. _http_log_response /usr/lib/python2.7/site-packages/keystoneauth1/session.py:511
2019-06-24 19:36:29.676 6398 DEBUG cinderclient.v2.client [-] POST call to volumev2 for http://172.30.9.42:8776/v3/53825f1f40dc4806b692c4ba94f79ce5/types/2ec47272-33ec-451d-923b-0f3eb654a117/action used request id req-5079193d-4e90-4ba7-82f1-5a2498ab2cd3 request /usr/lib/python2.7/site-packages/keystoneauth1/session.py:844
2019-06-24 19:36:29.677 6398 DEBUG cinderclient.v2.client [-] REQ: curl -g -i -X GET http://172.30.9.42:8776/v3/53825f1f40dc4806b692c4ba94f79ce5/types/2ec47272-33ec-451d-923b-0f3eb654a117/os-volume-type-access -H "Accept: application/json" -H "User-Agent: python-cinderclient" -H "X-Auth-Token: {SHA1}25374166071ed338f92ab41d90fbdbd82e9a6175" -H "X-OpenStack-Request-ID: req-6e467bfb-d99c-4c05-9a30-ed333271e542" _http_log_request /usr/lib/python2.7/site-packages/keystoneauth1/session.py:448
2019-06-24 19:36:29.803 6399 DEBUG cinderclient.v2.client [-] RESP: [200] Content-Encoding: gzip Content-Length: 128 Content-Type: application/json Date: Mon, 24 Jun 2019 19:36:29 GMT OpenStack-API-Version: volume 3.0 Server: Apache Vary: OpenStack-API-Version,Accept-Encoding x-compute-request-id: req-9ddf5190-8eee-450f-b77d-5e83cc77e6eb x-openstack-request-id: req-9ddf5190-8eee-450f-b77d-5e83cc77e6eb _http_log_response /usr/lib/python2.7/site-packages/keystoneauth1/session.py:479
2019-06-24 19:36:29.804 6399 DEBUG cinderclient.v2.client [-] RESP BODY: {"volume_type_access": [{"volume_type_id": "784c2125-05c0-4884-9097-429a0c1ac847", "project_id": "707afe2e75944a6482b73eb690acccf2"}]} _http_log_response /usr/lib/python2.7/site-packages/keystoneauth1/session.py:511
2019-06-24 19:36:29.804 6399 DEBUG cinderclient.v2.client [-] GET call to volumev2 for http://172.30.9.42:8776/v3/53825f1f40dc4806b692c4ba94f79ce5/types/784c2125-05c0-4884-9097-429a0c1ac847/os-volume-type-access used request id req-9ddf5190-8eee-450f-b77d-5e83cc77e6eb request /usr/lib/python2.7/site-packages/keystoneauth1/session.py:844
2019-06-24 19:36:29.805 6399 INFO rally.task.runner [-] Task afcdefd3-44fd-426f-9170-2533b4f3fef0 | ITER: 7 END: OK
2019-06-24 19:36:29.810 6399 INFO rally.task.runner [-] Task afcdefd3-44fd-426f-9170-2533b4f3fef0 | ITER: 9 START
2019-06-24 19:36:29.896 6398 DEBUG cinderclient.v2.client [-] RESP: [200] Content-Encoding: gzip Content-Length: 129 Content-Type: application/json Date: Mon, 24 Jun 2019 19:36:29 GMT OpenStack-API-Version: volume 3.0 Server: Apache Vary: OpenStack-API-Version,Accept-Encoding x-compute-request-id: req-873e142e-c7aa-4e94-b508-8836c6dff854 x-openstack-request-id: req-873e142e-c7aa-4e94-b508-8836c6dff854 _http_log_response /usr/lib/python2.7/site-packages/keystoneauth1/session.py:479
2019-06-24 19:36:29.896 6398 DEBUG cinderclient.v2.client [-] RESP BODY: {"volume_type_access": [{"volume_type_id": "2ec47272-33ec-451d-923b-0f3eb654a117", "project_id": "0054e98ac058472b8f76cb5057d80cba"}]} _http_log_response /usr/lib/python2.7/site-packages/keystoneauth1/session.py:511
2019-06-24 19:36:29.897 6398 DEBUG cinderclient.v2.client [-] GET call to volumev2 for http://172.30.9.42:8776/v3/53825f1f40dc4806b692c4ba94f79ce5/types/2ec47272-33ec-451d-923b-0f3eb654a117/os-volume-type-access used request id req-873e142e-c7aa-4e94-b508-8836c6dff854 request /usr/lib/python2.7/site-packages/keystoneauth1/session.py:844
2019-06-24 19:36:29.898 6398 INFO rally.task.runner [-] Task afcdefd3-44fd-426f-9170-2533b4f3fef0 | ITER: 5 END: OK
2019-06-24 19:36:29.902 6398 INFO rally.task.runner [-] Task afcdefd3-44fd-426f-9170-2533b4f3fef0 | ITER: 10 START
2019-06-24 19:36:29.928 6400 DEBUG cinderclient.v2.client [-] RESP: [200] Content-Encoding: gzip Content-Length: 130 Content-Type: application/json Date: Mon, 24 Jun 2019 19:36:29 GMT OpenStack-API-Version: volume 3.0 Server: Apache Vary: OpenStack-API-Version,Accept-Encoding x-compute-request-id: req-4e231498-1d1c-4453-8d80-a47457b8bdbd x-openstack-request-id: req-4e231498-1d1c-4453-8d80-a47457b8bdbd _http_log_response /usr/lib/python2.7/site-packages/keystoneauth1/session.py:479
2019-06-24 19:36:29.928 6400 DEBUG cinderclient.v2.client [-] RESP BODY: {"volume_type_access": [{"volume_type_id": "a6185095-b815-4c66-9882-d1b9030683f7", "project_id": "707afe2e75944a6482b73eb690acccf2"}]} _http_log_response /usr/lib/python2.7/site-packages/keystoneauth1/session.py:511
2019-06-24 19:36:29.928 6400 DEBUG cinderclient.v2.client [-] GET call to volumev2 for http://172.30.9.42:8776/v3/53825f1f40dc4806b692c4ba94f79ce5/types/a6185095-b815-4c66-9882-d1b9030683f7/os-volume-type-access used request id req-4e231498-1d1c-4453-8d80-a47457b8bdbd request /usr/lib/python2.7/site-packages/keystoneauth1/session.py:844
2019-06-24 19:36:29.929 6400 INFO rally.task.runner [-] Task afcdefd3-44fd-426f-9170-2533b4f3fef0 | ITER: 6 END: OK
2019-06-24 19:36:29.955 6403 DEBUG cinderclient.v2.client [-] RESP: [200] Content-Encoding: gzip Content-Length: 131 Content-Type: application/json Date: Mon, 24 Jun 2019 19:36:29 GMT OpenStack-API-Version: volume 3.0 Server: Apache Vary: OpenStack-API-Version,Accept-Encoding x-compute-request-id: req-6abd5d46-fce1-4e62-b727-5b02969b69a8 x-openstack-request-id: req-6abd5d46-fce1-4e62-b727-5b02969b69a8 _http_log_response /usr/lib/python2.7/site-packages/keystoneauth1/session.py:479
2019-06-24 19:36:29.956 6403 DEBUG cinderclient.v2.client [-] RESP BODY: {"volume_type_access": [{"volume_type_id": "a0a9c344-d552-4006-8181-90dff46eed37", "project_id": "707afe2e75944a6482b73eb690acccf2"}]} _http_log_response /usr/lib/python2.7/site-packages/keystoneauth1/session.py:511
2019-06-24 19:36:29.956 6403 DEBUG cinderclient.v2.client [-] GET call to volumev2 for http://172.30.9.42:8776/v3/53825f1f40dc4806b692c4ba94f79ce5/types/a0a9c344-d552-4006-8181-90dff46eed37/os-volume-type-access used request id req-6abd5d46-fce1-4e62-b727-5b02969b69a8 request /usr/lib/python2.7/site-packages/keystoneauth1/session.py:844
2019-06-24 19:36:29.957 6403 INFO rally.task.runner [-] Task afcdefd3-44fd-426f-9170-2533b4f3fef0 | ITER: 8 END: OK
2019-06-24 19:36:30.248 6399 DEBUG cinderclient.v2.client [-] REQ: curl -g -i -X POST http://172.30.9.42:8776/v3/53825f1f40dc4806b692c4ba94f79ce5/types -H "Accept: application/json" -H "Content-Type: application/json" -H "User-Agent: python-cinderclient" -H "X-Auth-Token: {SHA1}0f42a39ffa57295c21f9536bb6522765be1c9595" -d '{"volume_type": {"os-volume-type-access:is_public": false, "name": "s_rally_f78e32a9_Psroi67Y", "description": "rally tests creating types"}}' _http_log_request /usr/lib/python2.7/site-packages/keystoneauth1/session.py:448
2019-06-24 19:36:30.342 6398 DEBUG cinderclient.v2.client [-] REQ: curl -g -i -X POST http://172.30.9.42:8776/v3/53825f1f40dc4806b692c4ba94f79ce5/types -H "Accept: application/json" -H "Content-Type: application/json" -H "User-Agent: python-cinderclient" -H "X-Auth-Token: {SHA1}e7613eb71bf6dba3ff5c49146c20b6dda80ca5db" -d '{"volume_type": {"os-volume-type-access:is_public": false, "name": "s_rally_f78e32a9_wGSeguHE", "description": "rally tests creating types"}}' _http_log_request /usr/lib/python2.7/site-packages/keystoneauth1/session.py:448
2019-06-24 19:36:30.506 6399 DEBUG cinderclient.v2.client [-] RESP: [200] Content-Encoding: gzip Content-Length: 180 Content-Type: application/json Date: Mon, 24 Jun 2019 19:36:30 GMT OpenStack-API-Version: volume 3.0 Server: Apache Vary: OpenStack-API-Version,Accept-Encoding x-compute-request-id: req-71edec58-8d56-4b14-b13e-e77bfbc4c943 x-openstack-request-id: req-71edec58-8d56-4b14-b13e-e77bfbc4c943 _http_log_response /usr/lib/python2.7/site-packages/keystoneauth1/session.py:479
2019-06-24 19:36:30.507 6399 DEBUG cinderclient.v2.client [-] RESP BODY: {"volume_type": {"name": "s_rally_f78e32a9_Psroi67Y", "extra_specs": {}, "os-volume-type-access:is_public": false, "is_public": false, "id": "e944c589-e3ad-4ef5-a20e-7208f452f085", "description": "rally tests creating types"}} _http_log_response /usr/lib/python2.7/site-packages/keystoneauth1/session.py:511
2019-06-24 19:36:30.507 6399 DEBUG cinderclient.v2.client [-] POST call to volumev2 for http://172.30.9.42:8776/v3/53825f1f40dc4806b692c4ba94f79ce5/types used request id req-71edec58-8d56-4b14-b13e-e77bfbc4c943 request /usr/lib/python2.7/site-packages/keystoneauth1/session.py:844
2019-06-24 19:36:30.509 6399 DEBUG cinderclient.v2.client [-] REQ: curl -g -i -X POST http://172.30.9.42:8776/v3/53825f1f40dc4806b692c4ba94f79ce5/types/e944c589-e3ad-4ef5-a20e-7208f452f085/action -H "Accept: application/json" -H "Content-Type: application/json" -H "User-Agent: python-cinderclient" -H "X-Auth-Token: {SHA1}0f42a39ffa57295c21f9536bb6522765be1c9595" -H "X-OpenStack-Request-ID: req-71edec58-8d56-4b14-b13e-e77bfbc4c943" -d '{"addProjectAccess": {"project": "0054e98ac058472b8f76cb5057d80cba"}}' _http_log_request /usr/lib/python2.7/site-packages/keystoneauth1/session.py:448
2019-06-24 19:36:30.660 6398 DEBUG cinderclient.v2.client [-] RESP: [200] Content-Encoding: gzip Content-Length: 183 Content-Type: application/json Date: Mon, 24 Jun 2019 19:36:30 GMT OpenStack-API-Version: volume 3.0 Server: Apache Vary: OpenStack-API-Version,Accept-Encoding x-compute-request-id: req-32074e06-ce64-47a1-8c33-a9fefdcb0ec4 x-openstack-request-id: req-32074e06-ce64-47a1-8c33-a9fefdcb0ec4 _http_log_response /usr/lib/python2.7/site-packages/keystoneauth1/session.py:479
2019-06-24 19:36:30.660 6398 DEBUG cinderclient.v2.client [-] RESP BODY: {"volume_type": {"name": "s_rally_f78e32a9_wGSeguHE", "extra_specs": {}, "os-volume-type-access:is_public": false, "is_public": false, "id": "0f1b4042-cc45-4bfd-901d-a1f149fbd08c", "description": "rally tests creating types"}} _http_log_response /usr/lib/python2.7/site-packages/keystoneauth1/session.py:511
2019-06-24 19:36:30.661 6398 DEBUG cinderclient.v2.client [-] POST call to volumev2 for http://172.30.9.42:8776/v3/53825f1f40dc4806b692c4ba94f79ce5/types used request id req-32074e06-ce64-47a1-8c33-a9fefdcb0ec4 request /usr/lib/python2.7/site-packages/keystoneauth1/session.py:844
2019-06-24 19:36:30.663 6398 DEBUG cinderclient.v2.client [-] REQ: curl -g -i -X POST http://172.30.9.42:8776/v3/53825f1f40dc4806b692c4ba94f79ce5/types/0f1b4042-cc45-4bfd-901d-a1f149fbd08c/action -H "Accept: application/json" -H "Content-Type: application/json" -H "User-Agent: python-cinderclient" -H "X-Auth-Token: {SHA1}e7613eb71bf6dba3ff5c49146c20b6dda80ca5db" -H "X-OpenStack-Request-ID: req-32074e06-ce64-47a1-8c33-a9fefdcb0ec4" -d '{"addProjectAccess": {"project": "c93186ecc4e54a1e967dc8e907c4b23c"}}' _http_log_request /usr/lib/python2.7/site-packages/keystoneauth1/session.py:448
2019-06-24 19:36:30.747 6399 DEBUG cinderclient.v2.client [-] RESP: [202] Content-Length: 0 Content-Type: text/html; charset=UTF-8 Date: Mon, 24 Jun 2019 19:36:30 GMT OpenStack-API-Version: volume 3.0 Server: Apache Vary: OpenStack-API-Version x-openstack-request-id: req-2f2ee9bf-a0ad-478c-bf3c-d0d665a195e9 _http_log_response /usr/lib/python2.7/site-packages/keystoneauth1/session.py:479
2019-06-24 19:36:30.747 6399 DEBUG cinderclient.v2.client [-] RESP BODY: Omitted, Content-Type is set to text/html; charset=UTF-8. Only application/json responses have their bodies logged. _http_log_response /usr/lib/python2.7/site-packages/keystoneauth1/session.py:511
2019-06-24 19:36:30.747 6399 DEBUG cinderclient.v2.client [-] POST call to volumev2 for http://172.30.9.42:8776/v3/53825f1f40dc4806b692c4ba94f79ce5/types/e944c589-e3ad-4ef5-a20e-7208f452f085/action used request id req-2f2ee9bf-a0ad-478c-bf3c-d0d665a195e9 request /usr/lib/python2.7/site-packages/keystoneauth1/session.py:844
2019-06-24 19:36:30.749 6399 DEBUG cinderclient.v2.client [-] REQ: curl -g -i -X GET http://172.30.9.42:8776/v3/53825f1f40dc4806b692c4ba94f79ce5/types/e944c589-e3ad-4ef5-a20e-7208f452f085/os-volume-type-access -H "Accept: application/json" -H "User-Agent: python-cinderclient" -H "X-Auth-Token: {SHA1}0f42a39ffa57295c21f9536bb6522765be1c9595" -H "X-OpenStack-Request-ID: req-71edec58-8d56-4b14-b13e-e77bfbc4c943" _http_log_request /usr/lib/python2.7/site-packages/keystoneauth1/session.py:448
2019-06-24 19:36:30.908 6398 DEBUG cinderclient.v2.client [-] RESP: [202] Content-Length: 0 Content-Type: text/html; charset=UTF-8 Date: Mon, 24 Jun 2019 19:36:30 GMT OpenStack-API-Version: volume 3.0 Server: Apache Vary: OpenStack-API-Version x-openstack-request-id: req-52996c73-91b2-4a15-918c-95fab1dc4622 _http_log_response /usr/lib/python2.7/site-packages/keystoneauth1/session.py:479
2019-06-24 19:36:30.909 6398 DEBUG cinderclient.v2.client [-] RESP BODY: Omitted, Content-Type is set to text/html; charset=UTF-8. Only application/json responses have their bodies logged. _http_log_response /usr/lib/python2.7/site-packages/keystoneauth1/session.py:511
2019-06-24 19:36:30.909 6398 DEBUG cinderclient.v2.client [-] POST call to volumev2 for http://172.30.9.42:8776/v3/53825f1f40dc4806b692c4ba94f79ce5/types/0f1b4042-cc45-4bfd-901d-a1f149fbd08c/action used request id req-52996c73-91b2-4a15-918c-95fab1dc4622 request /usr/lib/python2.7/site-packages/keystoneauth1/session.py:844
2019-06-24 19:36:30.910 6398 DEBUG cinderclient.v2.client [-] REQ: curl -g -i -X GET http://172.30.9.42:8776/v3/53825f1f40dc4806b692c4ba94f79ce5/types/0f1b4042-cc45-4bfd-901d-a1f149fbd08c/os-volume-type-access -H "Accept: application/json" -H "User-Agent: python-cinderclient" -H "X-Auth-Token: {SHA1}e7613eb71bf6dba3ff5c49146c20b6dda80ca5db" -H "X-OpenStack-Request-ID: req-32074e06-ce64-47a1-8c33-a9fefdcb0ec4" _http_log_request /usr/lib/python2.7/site-packages/keystoneauth1/session.py:448
2019-06-24 19:36:30.971 6399 DEBUG cinderclient.v2.client [-] RESP: [200] Content-Encoding: gzip Content-Length: 127 Content-Type: application/json Date: Mon, 24 Jun 2019 19:36:30 GMT OpenStack-API-Version: volume 3.0 Server: Apache Vary: OpenStack-API-Version,Accept-Encoding x-compute-request-id: req-b400f5e7-c50d-42c3-bfde-95ec4650bb1c x-openstack-request-id: req-b400f5e7-c50d-42c3-bfde-95ec4650bb1c _http_log_response /usr/lib/python2.7/site-packages/keystoneauth1/session.py:479
2019-06-24 19:36:30.972 6399 DEBUG cinderclient.v2.client [-] RESP BODY: {"volume_type_access": [{"volume_type_id": "e944c589-e3ad-4ef5-a20e-7208f452f085", "project_id": "0054e98ac058472b8f76cb5057d80cba"}]} _http_log_response /usr/lib/python2.7/site-packages/keystoneauth1/session.py:511
2019-06-24 19:36:30.972 6399 DEBUG cinderclient.v2.client [-] GET call to volumev2 for http://172.30.9.42:8776/v3/53825f1f40dc4806b692c4ba94f79ce5/types/e944c589-e3ad-4ef5-a20e-7208f452f085/os-volume-type-access used request id req-b400f5e7-c50d-42c3-bfde-95ec4650bb1c request /usr/lib/python2.7/site-packages/keystoneauth1/session.py:844
2019-06-24 19:36:30.973 6399 INFO rally.task.runner [-] Task afcdefd3-44fd-426f-9170-2533b4f3fef0 | ITER: 9 END: OK
2019-06-24 19:36:31.138 6398 DEBUG cinderclient.v2.client [-] RESP: [200] Content-Encoding: gzip Content-Length: 128 Content-Type: application/json Date: Mon, 24 Jun 2019 19:36:30 GMT OpenStack-API-Version: volume 3.0 Server: Apache Vary: OpenStack-API-Version,Accept-Encoding x-compute-request-id: req-bdc81a0c-31f2-46dd-b3a1-7d7d0fa07323 x-openstack-request-id: req-bdc81a0c-31f2-46dd-b3a1-7d7d0fa07323 _http_log_response /usr/lib/python2.7/site-packages/keystoneauth1/session.py:479
2019-06-24 19:36:31.138 6398 DEBUG cinderclient.v2.client [-] RESP BODY: {"volume_type_access": [{"volume_type_id": "0f1b4042-cc45-4bfd-901d-a1f149fbd08c", "project_id": "c93186ecc4e54a1e967dc8e907c4b23c"}]} _http_log_response /usr/lib/python2.7/site-packages/keystoneauth1/session.py:511
2019-06-24 19:36:31.138 6398 DEBUG cinderclient.v2.client [-] GET call to volumev2 for http://172.30.9.42:8776/v3/53825f1f40dc4806b692c4ba94f79ce5/types/0f1b4042-cc45-4bfd-901d-a1f149fbd08c/os-volume-type-access used request id req-bdc81a0c-31f2-46dd-b3a1-7d7d0fa07323 request /usr/lib/python2.7/site-packages/keystoneauth1/session.py:844
2019-06-24 19:36:31.139 6398 INFO rally.task.runner [-] Task afcdefd3-44fd-426f-9170-2533b4f3fef0 | ITER: 10 END: OK
2019-06-24 19:36:31.170 1842 INFO rally.task.context [-] Task afcdefd3-44fd-426f-9170-2533b4f3fef0 | Context admin_cleanup@openstack cleanup() started
2019-06-24 19:36:31.172 1842 RALLYDEBUG rally_openstack.cleanup.manager [-] Cleaning up cinder volume_types objects
2019-06-24 19:36:31.888 1842 RALLYDEBUG rally_openstack.cleanup.manager [-] Deleting cinder.volume_types object s_rally_f78e32a9_wGSeguHE (0f1b4042-cc45-4bfd-901d-a1f149fbd08c)
2019-06-24 19:36:31.888 1842 RALLYDEBUG rally_openstack.cleanup.manager [-] Deleting cinder.volume_types object s_rally_f78e32a9_2BKUJlTy (a6185095-b815-4c66-9882-d1b9030683f7)
2019-06-24 19:36:31.899 1842 RALLYDEBUG rally_openstack.cleanup.manager [-] Deleting cinder.volume_types object s_rally_f78e32a9_iLxEoO41 (b4e2a787-e572-4be0-ad9d-fb7feb2b99cb)
2019-06-24 19:36:31.909 1842 RALLYDEBUG rally_openstack.cleanup.manager [-] Deleting cinder.volume_types object s_rally_f78e32a9_Myxz7ZKc (784c2125-05c0-4884-9097-429a0c1ac847)
2019-06-24 19:36:31.909 1842 RALLYDEBUG rally_openstack.cleanup.manager [-] Deleting cinder.volume_types object s_rally_f78e32a9_Psroi67Y (e944c589-e3ad-4ef5-a20e-7208f452f085)
2019-06-24 19:36:31.907 1842 RALLYDEBUG rally_openstack.cleanup.manager [-] Deleting cinder.volume_types object s_rally_f78e32a9_Qkj7HNuX (a0a9c344-d552-4006-8181-90dff46eed37)
2019-06-24 19:36:31.917 1842 RALLYDEBUG rally_openstack.cleanup.manager [-] Deleting cinder.volume_types object s_rally_f78e32a9_nNTqbvzA (7cc7a2d7-9f4c-4728-b18d-2fca9488393c)
2019-06-24 19:36:31.924 1842 RALLYDEBUG rally_openstack.cleanup.manager [-] Deleting cinder.volume_types object s_rally_f78e32a9_1IQxahaV (e4066d8c-6538-4ace-92be-c13da131d937)
2019-06-24 19:36:31.938 1842 RALLYDEBUG rally_openstack.cleanup.manager [-] Deleting cinder.volume_types object s_rally_f78e32a9_J1pUCrvt (2ec47272-33ec-451d-923b-0f3eb654a117)
2019-06-24 19:36:31.965 1842 RALLYDEBUG rally_openstack.cleanup.manager [-] Deleting cinder.volume_types object s_rally_f78e32a9_8uNajMIr (51b8ec90-4969-4f84-873b-2cea9c50830b)
2019-06-24 19:36:34.225 1842 RALLYDEBUG rally_openstack.cleanup.manager [-] Cleaning up cinder image_volumes_cache objects
2019-06-24 19:36:35.534 1842 RALLYDEBUG rally_openstack.cleanup.manager [-] Cleaning up cinder quotas objects
2019-06-24 19:36:37.269 1842 RALLYDEBUG rally_openstack.cleanup.manager [-] Cleaning up cinder qos_specs objects
2019-06-24 19:36:38.014 1842 INFO rally.task.context [-] Task afcdefd3-44fd-426f-9170-2533b4f3fef0 | Context admin_cleanup@openstack cleanup() finished in 6.84 sec
2019-06-24 19:36:38.014 1842 INFO rally.task.context [-] Task afcdefd3-44fd-426f-9170-2533b4f3fef0 | Context api_versions@openstack cleanup() started
2019-06-24 19:36:38.014 1842 INFO rally.task.context [-] Task afcdefd3-44fd-426f-9170-2533b4f3fef0 | Context api_versions@openstack cleanup() finished in 0.30 msec
2019-06-24 19:36:38.015 1842 INFO rally.task.context [-] Task afcdefd3-44fd-426f-9170-2533b4f3fef0 | Context users@openstack cleanup() started
2019-06-24 19:36:45.882 1842 INFO rally.task.context [-] Task afcdefd3-44fd-426f-9170-2533b4f3fef0 | Context users@openstack cleanup() finished in 7.87 sec
2019-06-24 19:36:46.022 1842 INFO rally.task.engine [-] Load duration is: 4.131515
2019-06-24 19:36:46.023 1842 INFO rally.task.engine [-] Full runner duration is: 4.181287
2019-06-24 19:36:46.023 1842 INFO rally.task.engine [-] Full duration is: 24.028996
2019-06-24 19:36:46.211 1842 INFO rally.task.engine [-] Task afcdefd3-44fd-426f-9170-2533b4f3fef0 | Completed: Running task.
2019-06-24 19:36:47.345 6540 RALLYDEBUG rally.api [-] INFO logs from urllib3 and requests module are hide.
2019-06-24 19:36:47.346 6540 RALLYDEBUG rally.api [-] urllib3 insecure warnings are hidden.
2019-06-24 19:36:47.346 6540 RALLYDEBUG rally.api [-] ERROR log from boto module is hide.
2019-06-24 19:36:48.198 6541 RALLYDEBUG rally.api [-] INFO logs from urllib3 and requests module are hide.
2019-06-24 19:36:48.198 6541 RALLYDEBUG rally.api [-] urllib3 insecure warnings are hidden.
2019-06-24 19:36:48.198 6541 RALLYDEBUG rally.api [-] ERROR log from boto module is hide.
2019-06-24 19:36:49.305 6541 INFO rally.api [-] Building 'json' report for the following task(s): 'afcdefd3-44fd-426f-9170-2533b4f3fef0'.
2019-06-24 19:36:49.347 6541 INFO rally.api [-] The report has been successfully built.
2019-06-24 19:36:50.094 6543 RALLYDEBUG rally.api [-] INFO logs from urllib3 and requests module are hide.
2019-06-24 19:36:50.095 6543 RALLYDEBUG rally.api [-] urllib3 insecure warnings are hidden.
2019-06-24 19:36:50.095 6543 RALLYDEBUG rally.api [-] ERROR log from boto module is hide.
2019-06-24 19:36:51.418 6543 INFO rally.task.engine [-] Task 5c4047af-3ba2-453d-815c-b7467222ec95 | Starting: Task validation.
2019-06-24 19:36:51.451 6543 INFO rally.task.engine [-] Task 5c4047af-3ba2-453d-815c-b7467222ec95 | Starting: Task validation of syntax.
2019-06-24 19:36:51.633 6543 INFO rally.task.engine [-] Task 5c4047af-3ba2-453d-815c-b7467222ec95 | Completed: Task validation of syntax.
2019-06-24 19:36:51.633 6543 INFO rally.task.engine [-] Task 5c4047af-3ba2-453d-815c-b7467222ec95 | Starting: Task validation of required platforms.
2019-06-24 19:36:51.696 6543 INFO rally.task.engine [-] Task 5c4047af-3ba2-453d-815c-b7467222ec95 | Completed: Task validation of required platforms.
2019-06-24 19:36:51.696 6543 INFO rally.task.engine [-] Task 5c4047af-3ba2-453d-815c-b7467222ec95 | Starting: Task validation of semantic.
2019-06-24 19:36:51.696 6543 INFO rally.task.engine [-] Check health of the environment '71db6b40-5b19-4f65-ac3b-63f99d50396d'.
2019-06-24 19:36:52.514 6543 INFO rally.task.engine [-] Platform existing@openstack (available: True): OK!
2019-06-24 19:36:52.532 6543 RALLYDEBUG rally_openstack.contexts.keystone.users [-] Creating 1 tenants using 20 threads
2019-06-24 19:36:54.436 6543 RALLYDEBUG rally_openstack.contexts.keystone.users [-] Creating 1 users using 20 threads
2019-06-24 19:36:57.096 6543 INFO rally.task.context [-] Task 5c4047af-3ba2-453d-815c-b7467222ec95 | Context users@openstack setup() finished in 4.56 sec
2019-06-24 19:37:04.437 6543 INFO rally.task.context [-] Task 5c4047af-3ba2-453d-815c-b7467222ec95 | Context users@openstack cleanup() started
2019-06-24 19:37:09.686 6543 INFO rally.task.context [-] Task 5c4047af-3ba2-453d-815c-b7467222ec95 | Context users@openstack cleanup() finished in 5.25 sec
2019-06-24 19:37:09.686 6543 INFO rally.task.engine [-] Task 5c4047af-3ba2-453d-815c-b7467222ec95 | Completed: Task validation of semantic.
2019-06-24 19:37:09.686 6543 INFO rally.task.engine [-] Task 5c4047af-3ba2-453d-815c-b7467222ec95 | Completed: Task validation.
2019-06-24 19:37:09.687 6543 INFO rally.api [-] Task 5c4047af-3ba2-453d-815c-b7467222ec95 input file is valid.
2019-06-24 19:37:09.687 6543 INFO rally.api [-] Run Task 5c4047af-3ba2-453d-815c-b7467222ec95 against Deployment 71db6b40-5b19-4f65-ac3b-63f99d50396d
2019-06-24 19:37:09.687 6543 INFO rally.task.engine [-] Task 5c4047af-3ba2-453d-815c-b7467222ec95 | Starting: Running task.
2019-06-24 19:37:09.817 6543 INFO rally.task.engine [-] Running workload: position = 0 config = { "version": 2, "title": "A cropped version of a bigger task.", "description": "Auto-generated task from a single workload (uuid=ce4c04fa-3839-4b77-9138-2c361cea9359)", "subtasks": [ { "title": "Gnocchi.list_capabilities", "description": "List supported aggregation methods.", "scenario": { "Gnocchi.list_capabilities": {} }, "contexts": { "users": { "tenants": 3, "users_per_tenant": 2 } }, "runner": { "constant": { "concurrency": 4, "times": 10 } }, "hooks": [], "sla": { "failure_rate": { "max": 0 } } } ] }
2019-06-24 19:37:09.840 6543 RALLYDEBUG rally_openstack.contexts.keystone.users [-] Creating 3 tenants using 20 threads
2019-06-24 19:37:11.819 6543 RALLYDEBUG rally_openstack.contexts.keystone.users [-] Creating 6 users using 20 threads
2019-06-24 19:37:14.697 6543 INFO rally.task.context [-] Task 5c4047af-3ba2-453d-815c-b7467222ec95 | Context users@openstack setup() finished in 4.86 sec
2019-06-24 19:37:14.704 6543 RALLYDEBUG rally.task.runner [-] Starting the constant runner (task UUID: 5c4047af-3ba2-453d-815c-b7467222ec95). timeout: 0 concurrency: 4 concurrency_per_worker: 1 times: 10 concurrency_overhead: 0 processes_to_start: 4 max_cpu_used: 16
2019-06-24 19:37:14.717 6667 RALLYDEBUG rally.task.runner [-] Starting a worker. concurrency: 1 args: {} times: 10 method_name: run timeout: 0 duration: None cls:
2019-06-24 19:37:14.719 6669 RALLYDEBUG rally.task.runner [-] Starting a worker. concurrency: 1 args: {} times: 10 method_name: run timeout: 0 duration: None cls:
2019-06-24 19:37:14.719 6668 RALLYDEBUG rally.task.runner [-] Starting a worker. concurrency: 1 args: {} times: 10 method_name: run timeout: 0 duration: None cls:
2019-06-24 19:37:14.723 6669 INFO rally.task.runner [-] Task 5c4047af-3ba2-453d-815c-b7467222ec95 | ITER: 2 START
2019-06-24 19:37:14.724 6670 RALLYDEBUG rally.task.runner [-] Starting a worker. concurrency: 1 args: {} times: 10 method_name: run timeout: 0 duration: None cls:
2019-06-24 19:37:14.725 6668 INFO rally.task.runner [-] Task 5c4047af-3ba2-453d-815c-b7467222ec95 | ITER: 3 START
2019-06-24 19:37:14.726 6667 INFO rally.task.runner [-] Task 5c4047af-3ba2-453d-815c-b7467222ec95 | ITER: 1 START
2019-06-24 19:37:14.730 6670 INFO rally.task.runner [-] Task 5c4047af-3ba2-453d-815c-b7467222ec95 | ITER: 4 START
2019-06-24 19:37:15.443 6669 INFO rally.task.runner [-] Task 5c4047af-3ba2-453d-815c-b7467222ec95 | ITER: 2 END: OK
2019-06-24 19:37:15.447 6669 INFO rally.task.runner [-] Task 5c4047af-3ba2-453d-815c-b7467222ec95 | ITER: 5 START
2019-06-24 19:37:15.457 6667 INFO rally.task.runner [-] Task 5c4047af-3ba2-453d-815c-b7467222ec95 | ITER: 1 END: OK
2019-06-24 19:37:15.458 6670 INFO rally.task.runner [-] Task 5c4047af-3ba2-453d-815c-b7467222ec95 | ITER: 4 END: OK
2019-06-24 19:37:15.461 6667 INFO rally.task.runner [-] Task 5c4047af-3ba2-453d-815c-b7467222ec95 | ITER: 6 START
2019-06-24 19:37:15.463 6670 INFO rally.task.runner [-] Task 5c4047af-3ba2-453d-815c-b7467222ec95 | ITER: 7 START
2019-06-24 19:37:15.467 6668 INFO rally.task.runner [-] Task 5c4047af-3ba2-453d-815c-b7467222ec95 | ITER: 3 END: OK
2019-06-24 19:37:15.471 6668 INFO rally.task.runner [-] Task 5c4047af-3ba2-453d-815c-b7467222ec95 | ITER: 8 START
2019-06-24 19:37:16.124 6669 INFO rally.task.runner [-] Task 5c4047af-3ba2-453d-815c-b7467222ec95 | ITER: 5 END: OK
2019-06-24 19:37:16.127 6669 INFO rally.task.runner [-] Task 5c4047af-3ba2-453d-815c-b7467222ec95 | ITER: 9 START
2019-06-24 19:37:16.176 6668 INFO rally.task.runner [-] Task 5c4047af-3ba2-453d-815c-b7467222ec95 | ITER: 8 END: OK
2019-06-24 19:37:16.178 6668 INFO rally.task.runner [-] Task 5c4047af-3ba2-453d-815c-b7467222ec95 | ITER: 10 START
2019-06-24 19:37:16.196 6667 INFO rally.task.runner [-] Task 5c4047af-3ba2-453d-815c-b7467222ec95 | ITER: 6 END: OK
2019-06-24 19:37:16.311 6670 INFO rally.task.runner [-] Task 5c4047af-3ba2-453d-815c-b7467222ec95 | ITER: 7 END: OK
2019-06-24 19:37:16.869 6669 INFO rally.task.runner [-] Task 5c4047af-3ba2-453d-815c-b7467222ec95 | ITER: 9 END: OK
2019-06-24 19:37:16.883 6668 INFO rally.task.runner [-] Task 5c4047af-3ba2-453d-815c-b7467222ec95 | ITER: 10 END: OK
2019-06-24 19:37:16.912 6543 INFO rally.task.context [-] Task 5c4047af-3ba2-453d-815c-b7467222ec95 | Context users@openstack cleanup() started
2019-06-24 19:37:25.302 6543 INFO rally.task.context [-] Task 5c4047af-3ba2-453d-815c-b7467222ec95 | Context users@openstack cleanup() finished in 8.39 sec
2019-06-24 19:37:25.956 6543 INFO rally.task.engine [-] Load duration is: 2.158623
2019-06-24 19:37:25.957 6543 INFO rally.task.engine [-] Full runner duration is: 2.208922
2019-06-24 19:37:25.957 6543 INFO rally.task.engine [-] Full duration is: 15.46649
2019-06-24 19:37:26.164 6543 INFO rally.task.engine [-] Running workload: position = 0 config = { "version": 2, "title": "A cropped version of a bigger task.", "description": "Auto-generated task from a single workload (uuid=f9adf3f2-3bba-4716-ac07-caa8476dfd8b)", "subtasks": [ { "title": "Gnocchi.get_status", "description": "Get the status of measurements processing.", "scenario": { "Gnocchi.get_status": { "detailed": false } }, "contexts": { "users": { "tenants": 3, "users_per_tenant": 2 } }, "runner": { "constant": { "concurrency": 4, "times": 10 } }, "hooks": [], "sla": { "failure_rate": { "max": 0 } } } ] }
