2019-06-24 09:40:04.413 22700 RALLYDEBUG rally_openstack.cleanup.manager [-] Deleting neutron.port object s_rally_fe9ca9c7_j9aBDFPC (d58df3c1-02ad-4674-9fa0-ad09cc248338)
2019-06-24 09:40:05.158 22700 RALLYDEBUG rally_openstack.cleanup.manager [-] Deleting neutron.port object s_rally_fe9ca9c7_8Rz1d91Y (d64a606d-006f-4d24-b440-a68ddc02bf1c)
2019-06-24 09:40:05.227 22700 RALLYDEBUG rally_openstack.cleanup.manager [-] Deleting neutron.port object s_rally_fe9ca9c7_GCO69uyD (d65cbc57-5090-4f6e-b78c-8456fa531e7f)
2019-06-24 09:40:05.391 22700 RALLYDEBUG rally_openstack.cleanup.manager [-] Deleting neutron.port object s_rally_fe9ca9c7_A9NT8kJd (d749c3b2-c8e3-4ce2-bc45-aa41f93dd9dd)
2019-06-24 09:40:05.439 22700 RALLYDEBUG rally_openstack.cleanup.manager [-] Deleting neutron.port object s_rally_fe9ca9c7_nbafAhnC (d7bf5335-0793-4a1b-bf13-af244d5ae3e0)
2019-06-24 09:40:05.445 22700 RALLYDEBUG rally_openstack.cleanup.manager [-] Deleting neutron.port object s_rally_fe9ca9c7_ciZU3D51 (d8a0a1e9-0e04-4698-9ec2-c2d2d41082cd)
2019-06-24 09:40:05.528 22700 RALLYDEBUG rally_openstack.cleanup.manager [-] Deleting neutron.port object s_rally_fe9ca9c7_TMrMltZ8 (d8dc67ed-13d5-4992-970c-e4d48290708a)
2019-06-24 09:40:05.640 22700 RALLYDEBUG rally_openstack.cleanup.manager [-] Deleting neutron.port object s_rally_fe9ca9c7_3VouEpb4 (d950b818-9f50-461d-9649-32534e3876d4)
2019-06-24 09:40:05.687 22700 RALLYDEBUG rally_openstack.cleanup.manager [-] Deleting neutron.port object s_rally_fe9ca9c7_0yOxGE5K (d9eb998f-5146-491c-a2e0-9fa0793162ca)
2019-06-24 09:40:05.770 22700 RALLYDEBUG rally_openstack.cleanup.manager [-] Deleting neutron.port object s_rally_fe9ca9c7_C6uqHEvR (d9f4c46e-e7de-420a-87d0-508da2e074eb)
2019-06-24 09:40:05.798 22700 RALLYDEBUG rally_openstack.cleanup.manager [-] Deleting neutron.port object s_rally_fe9ca9c7_6ApJtX9i (dd5ef1fa-e989-4d50-8efe-5c76406a8e69)
2019-06-24 09:40:05.799 22700 RALLYDEBUG rally_openstack.cleanup.manager [-] Deleting neutron.port object s_rally_fe9ca9c7_tsIbZd3y (dd3b0d28-ba3a-466d-9ef8-450a51b7f559)
2019-06-24 09:40:05.867 22700 RALLYDEBUG rally_openstack.cleanup.manager [-] Deleting neutron.port object s_rally_fe9ca9c7_jtcVew2C (dd8ab232-f207-42f1-ad3d-e025ed84156c)
2019-06-24 09:40:06.307 22700 RALLYDEBUG rally_openstack.cleanup.manager [-] Deleting neutron.port object s_rally_fe9ca9c7_fFQwRsZs (e0d02665-bc56-4a99-b63a-84ab8de81f9f)
2019-06-24 09:40:06.406 22700 RALLYDEBUG rally_openstack.cleanup.manager [-] Deleting neutron.port object s_rally_fe9ca9c7_jqEmQGyl (e1201968-3d2b-4bf3-a60b-25d325798aa4)
2019-06-24 09:40:06.423 22700 RALLYDEBUG rally_openstack.cleanup.manager [-] Deleting neutron.port object s_rally_fe9ca9c7_kcvkBNS3 (e4b47626-b20b-4ead-8ed7-e2dc94c83561)
2019-06-24 09:40:06.645 22700 RALLYDEBUG rally_openstack.cleanup.manager [-] Deleting neutron.port object s_rally_fe9ca9c7_zlgaxG0i (e4e41698-137c-44ce-8e6a-ba6a5bf79ecd)
2019-06-24 09:40:07.043 22700 RALLYDEBUG rally_openstack.cleanup.manager [-] Deleting neutron.port object s_rally_fe9ca9c7_13AuOXEJ (e5c520db-47e1-4899-b4bd-523067703a45)
2019-06-24 09:40:07.242 22700 RALLYDEBUG rally_openstack.cleanup.manager [-] Deleting neutron.port object s_rally_fe9ca9c7_uPhVy0zd (e619c318-4048-4ec4-877a-6780e6416e93)
2019-06-24 09:40:07.243 22700 RALLYDEBUG rally_openstack.cleanup.manager [-] Deleting neutron.port object s_rally_fe9ca9c7_ISCJE1Pa (e6075c2c-aeaa-477e-906f-c9f2a88c7769)
2019-06-24 09:40:07.246 22700 RALLYDEBUG rally_openstack.cleanup.manager [-] Deleting neutron.port object s_rally_fe9ca9c7_YzqoPJFx (e618f8fd-c377-4994-aea0-a15d08900dce)
2019-06-24 09:40:07.864 22700 RALLYDEBUG rally_openstack.cleanup.manager [-] Deleting neutron.port object s_rally_fe9ca9c7_UxYybphf (e6afeaa8-7777-4d21-937f-dc2245a8ed0e)
2019-06-24 09:40:08.292 22700 RALLYDEBUG rally_openstack.cleanup.manager [-] Deleting neutron.port object s_rally_fe9ca9c7_FqrsHika (e6b3d8d0-6d27-44fe-b45d-6628f462512b)
2019-06-24 09:40:08.355 22700 RALLYDEBUG rally_openstack.cleanup.manager [-] Deleting neutron.port object s_rally_fe9ca9c7_tU5pUBJt (e6ba813f-a1b3-4296-8855-ad5556d52e96)
2019-06-24 09:40:08.478 22700 RALLYDEBUG rally_openstack.cleanup.manager [-] Deleting neutron.port object s_rally_fe9ca9c7_yMNaX3LO (e79323bd-b0e5-4c2c-a4b5-2889868dd8d9)
2019-06-24 09:40:08.590 22700 RALLYDEBUG rally_openstack.cleanup.manager [-] Deleting neutron.port object s_rally_fe9ca9c7_YKoI3SKj (e798924f-5640-4d09-b4e4-dd2d95cc4fda)
2019-06-24 09:40:08.594 22700 RALLYDEBUG rally_openstack.cleanup.manager [-] Deleting neutron.port object s_rally_fe9ca9c7_8oB0i5eI (e7b67dbf-f42c-4e6e-9dd5-466cd95535a0)
2019-06-24 09:40:08.873 22700 RALLYDEBUG rally_openstack.cleanup.manager [-] Deleting neutron.port object s_rally_fe9ca9c7_uyDL7X4A (e8508193-8ee8-4e0b-9779-229ef1029439)
2019-06-24 09:40:09.144 22700 RALLYDEBUG rally_openstack.cleanup.manager [-] Deleting neutron.port object s_rally_fe9ca9c7_KA8ERI4s (e8a80aad-4b0e-4b41-8aab-da25460b04ac)
2019-06-24 09:40:09.328 22700 RALLYDEBUG rally_openstack.cleanup.manager [-] Deleting neutron.port object s_rally_fe9ca9c7_QNJr6ZJV (e9c10dbd-3586-435d-b074-40878947cd4a)
2019-06-24 09:40:09.362 22700 RALLYDEBUG rally_openstack.cleanup.manager [-] Deleting neutron.port object s_rally_fe9ca9c7_btjEuiVC (ea036fec-6591-42f7-9a28-9d4d1cf18120)
2019-06-24 09:40:09.454 22700 RALLYDEBUG rally_openstack.cleanup.manager [-] Deleting neutron.port object s_rally_fe9ca9c7_fxOXCQag (ea108b73-6fa1-4e8b-87bb-912c1e9c6060)
2019-06-24 09:40:09.562 22700 RALLYDEBUG rally_openstack.cleanup.manager [-] Deleting neutron.port object s_rally_fe9ca9c7_fcU7jXw3 (eb0bce13-5689-4485-ada0-81ba73e359bc)
2019-06-24 09:40:09.571 22700 RALLYDEBUG rally_openstack.cleanup.manager [-] Deleting neutron.port object s_rally_fe9ca9c7_y0UfdsDh (eb35b212-8034-41a1-9c35-cbb5c792d9aa)
2019-06-24 09:40:09.574 22700 RALLYDEBUG rally_openstack.cleanup.manager [-] Deleting neutron.port object s_rally_fe9ca9c7_RyjVgtgq (ece0e898-5fec-45d8-9aa0-1aacf09e1f2c)
2019-06-24 09:40:09.701 22700 RALLYDEBUG rally_openstack.cleanup.manager [-] Deleting neutron.port object s_rally_fe9ca9c7_UvqQfBmN (ed02b638-4eb6-4bd2-8e06-5a62ce2e2bd4)
2019-06-24 09:40:09.857 22700 RALLYDEBUG rally_openstack.cleanup.manager [-] Deleting neutron.port object s_rally_fe9ca9c7_viqfCQJq (ed417127-e46b-42f0-91d4-e61341d3240c)
2019-06-24 09:40:09.882 22700 RALLYDEBUG rally_openstack.cleanup.manager [-] Deleting neutron.port object s_rally_fe9ca9c7_ppp9Oy8x (ee647f73-d287-46c9-81d7-526744be38ec)
2019-06-24 09:40:09.882 22700 RALLYDEBUG rally_openstack.cleanup.manager [-] Deleting neutron.port object s_rally_fe9ca9c7_HI74d9o5 (ed68ed4e-7dae-4393-b97c-87f45b208ccd)
2019-06-24 09:40:09.952 22700 RALLYDEBUG rally_openstack.cleanup.manager [-] Deleting neutron.port object s_rally_fe9ca9c7_rXDy5FG5 (ef62a785-4130-407f-a80b-4022c4466159)
2019-06-24 09:40:10.137 22700 RALLYDEBUG rally_openstack.cleanup.manager [-] Deleting neutron.port object s_rally_fe9ca9c7_odMPw8HI (f0b1b4fb-afff-4993-ac8b-d7cb05ff6d03)
2019-06-24 09:40:10.348 22700 RALLYDEBUG rally_openstack.cleanup.manager [-] Deleting neutron.port object s_rally_fe9ca9c7_riOmJY4L (f14f4921-900a-4c65-a59b-729de8790a72)
2019-06-24 09:40:10.948 22700 RALLYDEBUG rally_openstack.cleanup.manager [-] Deleting neutron.port object s_rally_fe9ca9c7_XwYIijbo (f18ce1af-d858-4b07-adef-02105630eba8)
2019-06-24 09:40:11.032 22700 RALLYDEBUG rally_openstack.cleanup.manager [-] Deleting neutron.port object s_rally_fe9ca9c7_iPfu2z6J (f2184ecd-afed-49e8-8521-a20951d08913)
2019-06-24 09:40:11.181 22700 RALLYDEBUG rally_openstack.cleanup.manager [-] Deleting neutron.port object s_rally_fe9ca9c7_jcbJyIdm (f24255f0-8f86-4865-b06c-39a371ae4f94)
2019-06-24 09:40:11.713 22700 RALLYDEBUG rally_openstack.cleanup.manager [-] Deleting neutron.port object s_rally_fe9ca9c7_5cao6Scx (f2d7528b-3e4c-4351-be5d-6aff146e6fac)
2019-06-24 09:40:11.822 22700 RALLYDEBUG rally_openstack.cleanup.manager [-] Deleting neutron.port object s_rally_fe9ca9c7_Fv7TnNRn (f2f21f74-d93a-4062-bce4-9b15b32217c1)
2019-06-24 09:40:11.833 22700 RALLYDEBUG rally_openstack.cleanup.manager [-] Deleting neutron.port object s_rally_fe9ca9c7_M01cfic3 (f3568866-3b41-4044-9625-70562203182f)
2019-06-24 09:40:11.886 22700 RALLYDEBUG rally_openstack.cleanup.manager [-] Deleting neutron.port object s_rally_fe9ca9c7_y7cN6hUL (f44383d7-d67b-4b6f-b1c9-f5ccb7e0c364)
2019-06-24 09:40:12.191 22700 RALLYDEBUG rally_openstack.cleanup.manager [-] Deleting neutron.port object s_rally_fe9ca9c7_jhzFX8Zj (f50b8be0-a143-449f-8039-2a0e4c5150c0)
2019-06-24 09:40:12.268 22700 RALLYDEBUG rally_openstack.cleanup.manager [-] Deleting neutron.port object s_rally_fe9ca9c7_UOsjHJ6b (f5d0c48f-6546-47f1-b8a1-abee82b07aaf)
2019-06-24 09:40:12.374 22700 RALLYDEBUG rally_openstack.cleanup.manager [-] Deleting neutron.port object s_rally_fe9ca9c7_LS0hjyhH (f5e785ec-533c-4dbd-9e76-918bd88fe48b)
2019-06-24 09:40:12.458 22700 RALLYDEBUG rally_openstack.cleanup.manager [-] Deleting neutron.port object s_rally_fe9ca9c7_1BmI0z6w (f6bccc91-d6ba-4be3-8b45-c496d00a10ee)
2019-06-24 09:40:12.494 22700 RALLYDEBUG rally_openstack.cleanup.manager [-] Deleting neutron.port object s_rally_fe9ca9c7_5dUuiNWh (f6f37206-873c-4a2c-950b-0aa788ee9ba4)
2019-06-24 09:40:12.948 22700 RALLYDEBUG rally_openstack.cleanup.manager [-] Deleting neutron.port object s_rally_fe9ca9c7_7YR704Sd (f8114145-2b6f-4c81-8577-e9679d635d60)
2019-06-24 09:40:12.969 22700 RALLYDEBUG rally_openstack.cleanup.manager [-] Deleting neutron.port object s_rally_fe9ca9c7_cKrzYs6l (f89ce744-6930-43e4-9cd0-463be0e69270)
2019-06-24 09:40:12.970 22700 RALLYDEBUG rally_openstack.cleanup.manager [-] Deleting neutron.port object s_rally_fe9ca9c7_edXK6Gxi (f91e1929-1a8e-4d4f-b5b6-2e3f96f481d0)
2019-06-24 09:40:13.179 22700 RALLYDEBUG rally_openstack.cleanup.manager [-] Deleting neutron.port object s_rally_fe9ca9c7_rg6NhwOv (f9a1fbec-5f23-4a0b-a5e7-d620ff21d0a7)
2019-06-24 09:40:13.199 22700 RALLYDEBUG rally_openstack.cleanup.manager [-] Deleting neutron.port object s_rally_fe9ca9c7_pxKznGZA (fa403bac-debb-4803-819e-f84f7b8ebb61)
2019-06-24 09:40:13.384 22700 RALLYDEBUG rally_openstack.cleanup.manager [-] Deleting neutron.port object s_rally_fe9ca9c7_VpInIpWJ (fae4106a-ddf0-496d-8a06-b7af6f7d1366)
2019-06-24 09:40:13.635 22700 RALLYDEBUG rally_openstack.cleanup.manager [-] Deleting neutron.port object s_rally_fe9ca9c7_zmjMdiOB (fdd6f769-a227-44c9-85b8-ec2ea4add584)
2019-06-24 09:40:13.636 22700 RALLYDEBUG rally_openstack.cleanup.manager [-] Deleting neutron.port object s_rally_fe9ca9c7_fBNBGCV1 (fdeeebd1-a1b9-41fc-97bb-7b86f5db29a5)
2019-06-24 09:40:16.460 22700 RALLYDEBUG rally_openstack.cleanup.manager [-] Cleaning up neutron subnet objects
2019-06-24 09:40:17.102 22700 RALLYDEBUG rally_openstack.cleanup.manager [-] Cleaning up neutron network objects
2019-06-24 09:40:17.802 22700 RALLYDEBUG rally_openstack.cleanup.manager [-] Deleting neutron.network object s_rally_fe9ca9c7_9Efbs0bk (53509ad8-adcf-4f02-8fb1-5ed730a2d1a4)
2019-06-24 09:40:17.806 22700 RALLYDEBUG rally_openstack.cleanup.manager [-] Deleting neutron.network object s_rally_fe9ca9c7_QTkC6rbh (5907c593-6813-4473-8498-21f520426e36)
2019-06-24 09:40:17.820 22700 RALLYDEBUG rally_openstack.cleanup.manager [-] Deleting neutron.network object s_rally_fe9ca9c7_2HHR7ESH (81fa1115-be37-4250-b1f2-ccba829d76ab)
2019-06-24 09:40:17.824 22700 RALLYDEBUG rally_openstack.cleanup.manager [-] Deleting neutron.network object s_rally_fe9ca9c7_qwteRFyP (8e7ba046-e3bf-494e-bdec-2e0d2deac19e)
2019-06-24 09:40:17.832 22700 RALLYDEBUG rally_openstack.cleanup.manager [-] Deleting neutron.network object s_rally_fe9ca9c7_LbLQe099 (ab010bbc-da7a-400f-95da-086c9e435f0e)
2019-06-24 09:40:17.845 22700 RALLYDEBUG rally_openstack.cleanup.manager [-] Deleting neutron.network object s_rally_fe9ca9c7_94VwqiuV (b21f126e-4e19-4cbe-bb2c-79b0e19fd0d9)
2019-06-24 09:40:17.847 22700 RALLYDEBUG rally_openstack.cleanup.manager [-] Deleting neutron.network object s_rally_fe9ca9c7_Q7sUb4AM (c106fdc2-7896-4270-8d5a-793f97ccbae0)
2019-06-24 09:40:17.863 22700 RALLYDEBUG rally_openstack.cleanup.manager [-] Deleting neutron.network object s_rally_fe9ca9c7_Angu5eEG (d5443066-bfe5-4dc3-8807-c405458e6f1f)
2019-06-24 09:40:21.921 22700 RALLYDEBUG rally_openstack.cleanup.manager [-] Cleaning up neutron router objects
2019-06-24 09:40:22.599 22700 RALLYDEBUG rally_openstack.cleanup.manager [-] Cleaning up neutron security_group objects
2019-06-24 09:40:23.244 22700 INFO rally.task.context [-] Task e244269a-dd04-4230-8919-eaaedbac739e | Context cleanup@openstack cleanup() finished in 1.28 min
2019-06-24 09:40:23.244 22700 INFO rally.task.context [-] Task e244269a-dd04-4230-8919-eaaedbac739e | Context quotas@openstack cleanup() started
2019-06-24 09:40:23.464 22700 INFO rally.task.context [-] Task e244269a-dd04-4230-8919-eaaedbac739e | Context quotas@openstack cleanup() finished in 0.22 sec
2019-06-24 09:40:23.464 22700 INFO rally.task.context [-] Task e244269a-dd04-4230-8919-eaaedbac739e | Context users@openstack cleanup() started
2019-06-24 09:40:27.775 22700 INFO rally.task.context [-] Task e244269a-dd04-4230-8919-eaaedbac739e | Context users@openstack cleanup() finished in 4.31 sec
2019-06-24 09:40:28.927 22700 INFO rally.task.engine [-] Load duration is: 105.003706
2019-06-24 09:40:28.927 22700 INFO rally.task.engine [-] Full runner duration is: 105.046389
2019-06-24 09:40:28.928 22700 INFO rally.task.engine [-] Full duration is: 191.722027
2019-06-24 09:40:29.104 22700 INFO rally.task.engine [-] Running workload: position = 1 config = { "version": 2, "title": "A cropped version of a bigger task.", "description": "Auto-generated task from a single workload (uuid=43d4547f-ccb5-447d-9f50-7bd8d0729fa0)", "subtasks": [ { "title": "NeutronNetworks.create_and_update_ports", "description": "Create and update a given number of ports.", "scenario": { "NeutronNetworks.create_and_update_ports": { "network_create_args": {}, "port_create_args": {}, "ports_per_network": 5, "port_update_args": { "admin_state_up": false, "device_id": "dummy_id", "device_owner": "dummy_owner", "name": "_port_updated" } } }, "contexts": { "users": { "tenants": 1, "users_per_tenant": 1 }, "quotas": { "neutron": { "network": -1, "port": -1 } } }, "runner": { "constant": { "times": 40, "concurrency": 20 } }, "hooks": [], "sla": { "failure_rate": { "max": 0 } } } ] }
2019-06-24 09:40:29.128 22700 RALLYDEBUG rally_openstack.contexts.keystone.users [-] Creating 1 tenants using 20 threads
2019-06-24 09:40:30.759 22700 RALLYDEBUG rally_openstack.contexts.keystone.users [-] Creating 1 users using 20 threads
2019-06-24 09:40:33.248 22700 INFO rally.task.context [-] Task e244269a-dd04-4230-8919-eaaedbac739e | Context users@openstack setup() finished in 4.12 sec
2019-06-24 09:40:33.995 22700 INFO rally.task.context [-] Task e244269a-dd04-4230-8919-eaaedbac739e | Context quotas@openstack setup() finished in 0.75 sec
2019-06-24 09:40:33.996 22700 INFO rally.task.context [-] Task e244269a-dd04-4230-8919-eaaedbac739e | Context cleanup@openstack setup() finished in 0.00 msec
2019-06-24 09:40:34.003 22700 RALLYDEBUG rally.task.runner [-] Starting the constant runner (task UUID: e244269a-dd04-4230-8919-eaaedbac739e). timeout: 0 concurrency: 20 concurrency_per_worker: 1 times: 40 concurrency_overhead: 4 processes_to_start: 16 max_cpu_used: 16
2019-06-24 09:40:34.018 26576 RALLYDEBUG rally.task.runner [-] Starting a worker. concurrency: 2 args: {"network_create_args": {}, "port_create_args": {}, "ports_per_network": 5, "port_update_args": {"admin_state_up": false, "device_id": "dummy_id", "device_owner": "dummy_owner", "name": "_port_updated"}} times: 40 method_name: run timeout: 0 duration: None cls:
2019-06-24 09:40:34.020 26577 RALLYDEBUG rally.task.runner [-] Starting a worker. concurrency: 2 args: {"network_create_args": {}, "port_create_args": {}, "ports_per_network": 5, "port_update_args": {"admin_state_up": false, "device_id": "dummy_id", "device_owner": "dummy_owner", "name": "_port_updated"}} times: 40 method_name: run timeout: 0 duration: None cls:
2019-06-24 09:40:34.022 26578 RALLYDEBUG rally.task.runner [-] Starting a worker. concurrency: 2 args: {"network_create_args": {}, "port_create_args": {}, "ports_per_network": 5, "port_update_args": {"admin_state_up": false, "device_id": "dummy_id", "device_owner": "dummy_owner", "name": "_port_updated"}} times: 40 method_name: run timeout: 0 duration: None cls:
2019-06-24 09:40:34.026 26579 RALLYDEBUG rally.task.runner [-] Starting a worker. concurrency: 2 args: {"network_create_args": {}, "port_create_args": {}, "ports_per_network": 5, "port_update_args": {"admin_state_up": false, "device_id": "dummy_id", "device_owner": "dummy_owner", "name": "_port_updated"}} times: 40 method_name: run timeout: 0 duration: None cls:
2019-06-24 09:40:34.027 26576 INFO rally.task.runner [-] Task e244269a-dd04-4230-8919-eaaedbac739e | ITER: 1 START
2019-06-24 09:40:34.030 26577 INFO rally.task.runner [-] Task e244269a-dd04-4230-8919-eaaedbac739e | ITER: 2 START
2019-06-24 09:40:34.030 26581 RALLYDEBUG rally.task.runner [-] Starting a worker. concurrency: 1 args: {"network_create_args": {}, "port_create_args": {}, "ports_per_network": 5, "port_update_args": {"admin_state_up": false, "device_id": "dummy_id", "device_owner": "dummy_owner", "name": "_port_updated"}} times: 40 method_name: run timeout: 0 duration: None cls:
2019-06-24 09:40:34.031 26577 WARNING rally_openstack.scenarios.neutron.utils [-] Running this scenario without either the 'network' or 'existing_network' context is deprecated
2019-06-24 09:40:34.032 26578 INFO rally.task.runner [-] Task e244269a-dd04-4230-8919-eaaedbac739e | ITER: 4 START
2019-06-24 09:40:34.030 26576 WARNING rally_openstack.scenarios.neutron.utils [-] Running this scenario without either the 'network' or 'existing_network' context is deprecated
2019-06-24 09:40:34.034 26578 WARNING rally_openstack.scenarios.neutron.utils [-] Running this scenario without either the 'network' or 'existing_network' context is deprecated
2019-06-24 09:40:34.034 26587 RALLYDEBUG rally.task.runner [-] Starting a worker. concurrency: 1 args: {"network_create_args": {}, "port_create_args": {}, "ports_per_network": 5, "port_update_args": {"admin_state_up": false, "device_id": "dummy_id", "device_owner": "dummy_owner", "name": "_port_updated"}} times: 40 method_name: run timeout: 0 duration: None cls:
2019-06-24 09:40:34.035 26579 INFO rally.task.runner [-] Task e244269a-dd04-4230-8919-eaaedbac739e | ITER: 7 START
2019-06-24 09:40:34.038 26581 INFO rally.task.runner [-] Task e244269a-dd04-4230-8919-eaaedbac739e | ITER: 9 START
2019-06-24 09:40:34.032 26576 INFO rally.task.runner [-] Task e244269a-dd04-4230-8919-eaaedbac739e | ITER: 3 START
2019-06-24 09:40:34.037 26579 WARNING rally_openstack.scenarios.neutron.utils [-] Running this scenario without either the 'network' or 'existing_network' context is deprecated
2019-06-24 09:40:34.038 26591 RALLYDEBUG rally.task.runner [-] Starting a worker. concurrency: 1 args: {"network_create_args": {}, "port_create_args": {}, "ports_per_network": 5, "port_update_args": {"admin_state_up": false, "device_id": "dummy_id", "device_owner": "dummy_owner", "name": "_port_updated"}} times: 40 method_name: run timeout: 0 duration: None cls:
2019-06-24 09:40:34.039 26576 WARNING rally_openstack.scenarios.neutron.utils [-] Running this scenario without either the 'network' or 'existing_network' context is deprecated
2019-06-24 09:40:34.040 26581 WARNING rally_openstack.scenarios.neutron.utils [-] Running this scenario without either the 'network' or 'existing_network' context is deprecated
2019-06-24 09:40:34.040 26587 INFO rally.task.runner [-] Task e244269a-dd04-4230-8919-eaaedbac739e | ITER: 10 START
2019-06-24 09:40:34.038 26579 INFO rally.task.runner [-] Task e244269a-dd04-4230-8919-eaaedbac739e | ITER: 8 START
2019-06-24 09:40:34.039 26594 RALLYDEBUG rally.task.runner [-] Starting a worker. concurrency: 1 args: {"network_create_args": {}, "port_create_args": {}, "ports_per_network": 5, "port_update_args": {"admin_state_up": false, "device_id": "dummy_id", "device_owner": "dummy_owner", "name": "_port_updated"}} times: 40 method_name: run timeout: 0 duration: None cls:
2019-06-24 09:40:34.041 26587 WARNING rally_openstack.scenarios.neutron.utils [-] Running this scenario without either the 'network' or 'existing_network' context is deprecated
2019-06-24 09:40:34.039 26578 INFO rally.task.runner [-] Task e244269a-dd04-4230-8919-eaaedbac739e | ITER: 6 START
2019-06-24 09:40:34.042 26578 WARNING rally_openstack.scenarios.neutron.utils [-] Running this scenario without either the 'network' or 'existing_network' context is deprecated
2019-06-24 09:40:34.043 26591 INFO rally.task.runner [-] Task e244269a-dd04-4230-8919-eaaedbac739e | ITER: 11 START
2019-06-24 09:40:34.043 26598 RALLYDEBUG rally.task.runner [-] Starting a worker. concurrency: 1 args: {"network_create_args": {}, "port_create_args": {}, "ports_per_network": 5, "port_update_args": {"admin_state_up": false, "device_id": "dummy_id", "device_owner": "dummy_owner", "name": "_port_updated"}} times: 40 method_name: run timeout: 0 duration: None cls:
2019-06-24 09:40:34.044 26577 INFO rally.task.runner [-] Task e244269a-dd04-4230-8919-eaaedbac739e | ITER: 5 START
2019-06-24 09:40:34.044 26591 WARNING rally_openstack.scenarios.neutron.utils [-] Running this scenario without either the 'network' or 'existing_network' context is deprecated
2019-06-24 09:40:34.045 26577 WARNING rally_openstack.scenarios.neutron.utils [-] Running this scenario without either the 'network' or 'existing_network' context is deprecated
2019-06-24 09:40:34.045 26594 INFO rally.task.runner [-] Task e244269a-dd04-4230-8919-eaaedbac739e | ITER: 12 START
2019-06-24 09:40:34.045 26579 WARNING rally_openstack.scenarios.neutron.utils [-] Running this scenario without either the 'network' or 'existing_network' context is deprecated
2019-06-24 09:40:34.047 26594 WARNING rally_openstack.scenarios.neutron.utils [-] Running this scenario without either the 'network' or 'existing_network' context is deprecated
2019-06-24 09:40:34.048 26598 INFO rally.task.runner [-] Task e244269a-dd04-4230-8919-eaaedbac739e | ITER: 13 START
2019-06-24 09:40:34.050 26598 WARNING rally_openstack.scenarios.neutron.utils [-] Running this scenario without either the 'network' or 'existing_network' context is deprecated
2019-06-24 09:40:34.049 26601 RALLYDEBUG rally.task.runner [-] Starting a worker. concurrency: 1 args: {"network_create_args": {}, "port_create_args": {}, "ports_per_network": 5, "port_update_args": {"admin_state_up": false, "device_id": "dummy_id", "device_owner": "dummy_owner", "name": "_port_updated"}} times: 40 method_name: run timeout: 0 duration: None cls:
2019-06-24 09:40:34.056 26601 INFO rally.task.runner [-] Task e244269a-dd04-4230-8919-eaaedbac739e | ITER: 14 START
2019-06-24 09:40:34.057 26601 WARNING rally_openstack.scenarios.neutron.utils [-] Running this scenario without either the 'network' or 'existing_network' context is deprecated
2019-06-24 09:40:34.058 26608 RALLYDEBUG rally.task.runner [-] Starting a worker. concurrency: 1 args: {"network_create_args": {}, "port_create_args": {}, "ports_per_network": 5, "port_update_args": {"admin_state_up": false, "device_id": "dummy_id", "device_owner": "dummy_owner", "name": "_port_updated"}} times: 40 method_name: run timeout: 0 duration: None cls:
2019-06-24 09:40:34.064 26608 INFO rally.task.runner [-] Task e244269a-dd04-4230-8919-eaaedbac739e | ITER: 15 START
2019-06-24 09:40:34.065 26608 WARNING rally_openstack.scenarios.neutron.utils [-] Running this scenario without either the 'network' or 'existing_network' context is deprecated
2019-06-24 09:40:34.073 26613 RALLYDEBUG rally.task.runner [-] Starting a worker. concurrency: 1 args: {"network_create_args": {}, "port_create_args": {}, "ports_per_network": 5, "port_update_args": {"admin_state_up": false, "device_id": "dummy_id", "device_owner": "dummy_owner", "name": "_port_updated"}} times: 40 method_name: run timeout: 0 duration: None cls:
2019-06-24 09:40:34.078 26613 INFO rally.task.runner [-] Task e244269a-dd04-4230-8919-eaaedbac739e | ITER: 16 START
2019-06-24 09:40:34.078 26614 RALLYDEBUG rally.task.runner [-] Starting a worker. concurrency: 1 args: {"network_create_args": {}, "port_create_args": {}, "ports_per_network": 5, "port_update_args": {"admin_state_up": false, "device_id": "dummy_id", "device_owner": "dummy_owner", "name": "_port_updated"}} times: 40 method_name: run timeout: 0 duration: None cls:
2019-06-24 09:40:34.080 26613 WARNING rally_openstack.scenarios.neutron.utils [-] Running this scenario without either the 'network' or 'existing_network' context is deprecated
2019-06-24 09:40:34.083 26614 INFO rally.task.runner [-] Task e244269a-dd04-4230-8919-eaaedbac739e | ITER: 17 START
2019-06-24 09:40:34.084 26614 WARNING rally_openstack.scenarios.neutron.utils [-] Running this scenario without either the 'network' or 'existing_network' context is deprecated
2019-06-24 09:40:34.086 26617 RALLYDEBUG rally.task.runner [-] Starting a worker. concurrency: 1 args: {"network_create_args": {}, "port_create_args": {}, "ports_per_network": 5, "port_update_args": {"admin_state_up": false, "device_id": "dummy_id", "device_owner": "dummy_owner", "name": "_port_updated"}} times: 40 method_name: run timeout: 0 duration: None cls:
2019-06-24 09:40:34.088 26620 RALLYDEBUG rally.task.runner [-] Starting a worker. concurrency: 1 args: {"network_create_args": {}, "port_create_args": {}, "ports_per_network": 5, "port_update_args": {"admin_state_up": false, "device_id": "dummy_id", "device_owner": "dummy_owner", "name": "_port_updated"}} times: 40 method_name: run timeout: 0 duration: None cls:
2019-06-24 09:40:34.089 26621 RALLYDEBUG rally.task.runner [-] Starting a worker. concurrency: 1 args: {"network_create_args": {}, "port_create_args": {}, "ports_per_network": 5, "port_update_args": {"admin_state_up": false, "device_id": "dummy_id", "device_owner": "dummy_owner", "name": "_port_updated"}} times: 40 method_name: run timeout: 0 duration: None cls:
2019-06-24 09:40:34.092 26617 INFO rally.task.runner [-] Task e244269a-dd04-4230-8919-eaaedbac739e | ITER: 18 START
2019-06-24 09:40:34.093 26617 WARNING rally_openstack.scenarios.neutron.utils [-] Running this scenario without either the 'network' or 'existing_network' context is deprecated
2019-06-24 09:40:34.093 26621 INFO rally.task.runner [-] Task e244269a-dd04-4230-8919-eaaedbac739e | ITER: 20 START
2019-06-24 09:40:34.093 26620 INFO rally.task.runner [-] Task e244269a-dd04-4230-8919-eaaedbac739e | ITER: 19 START
2019-06-24 09:40:34.094 26621 WARNING rally_openstack.scenarios.neutron.utils [-] Running this scenario without either the 'network' or 'existing_network' context is deprecated
2019-06-24 09:40:34.094 26620 WARNING rally_openstack.scenarios.neutron.utils [-] Running this scenario without either the 'network' or 'existing_network' context is deprecated
2019-06-24 09:40:44.903 26578 INFO rally.task.runner [-] Task e244269a-dd04-4230-8919-eaaedbac739e | ITER: 6 END: OK
2019-06-24 09:40:44.908 26578 INFO rally.task.runner [-] Task e244269a-dd04-4230-8919-eaaedbac739e | ITER: 21 START
2019-06-24 09:40:44.909 26578 WARNING rally_openstack.scenarios.neutron.utils [-] Running this scenario without either the 'network' or 'existing_network' context is deprecated
2019-06-24 09:40:45.028 26594 INFO rally.task.runner [-] Task e244269a-dd04-4230-8919-eaaedbac739e | ITER: 12 END: OK
2019-06-24 09:40:45.033 26594 INFO rally.task.runner [-] Task e244269a-dd04-4230-8919-eaaedbac739e | ITER: 22 START
2019-06-24 09:40:45.033 26594 WARNING rally_openstack.scenarios.neutron.utils [-] Running this scenario without either the 'network' or 'existing_network' context is deprecated
2019-06-24 09:40:45.051 26579 INFO rally.task.runner [-] Task e244269a-dd04-4230-8919-eaaedbac739e | ITER: 7 END: OK
2019-06-24 09:40:45.056 26579 INFO rally.task.runner [-] Task e244269a-dd04-4230-8919-eaaedbac739e | ITER: 23 START
2019-06-24 09:40:45.057 26579 WARNING rally_openstack.scenarios.neutron.utils [-] Running this scenario without either the 'network' or 'existing_network' context is deprecated
2019-06-24 09:40:45.204 26577 INFO rally.task.runner [-] Task e244269a-dd04-4230-8919-eaaedbac739e | ITER: 2 END: OK
2019-06-24 09:40:45.208 26577 INFO rally.task.runner [-] Task e244269a-dd04-4230-8919-eaaedbac739e | ITER: 24 START
2019-06-24 09:40:45.209 26577 WARNING rally_openstack.scenarios.neutron.utils [-] Running this scenario without either the 'network' or 'existing_network' context is deprecated
2019-06-24 09:40:45.414 26613 INFO rally.task.runner [-] Task e244269a-dd04-4230-8919-eaaedbac739e | ITER: 16 END: OK
2019-06-24 09:40:45.419 26613 INFO rally.task.runner [-] Task e244269a-dd04-4230-8919-eaaedbac739e | ITER: 25 START
2019-06-24 09:40:45.419 26613 WARNING rally_openstack.scenarios.neutron.utils [-] Running this scenario without either the 'network' or 'existing_network' context is deprecated
2019-06-24 09:40:51.936 26601 INFO rally.task.runner [-] Task e244269a-dd04-4230-8919-eaaedbac739e | ITER: 14 END: OK
2019-06-24 09:40:51.942 26601 INFO rally.task.runner [-] Task e244269a-dd04-4230-8919-eaaedbac739e | ITER: 26 START
2019-06-24 09:40:51.942 26601 WARNING rally_openstack.scenarios.neutron.utils [-] Running this scenario without either the 'network' or 'existing_network' context is deprecated
2019-06-24 09:40:52.131 26614 INFO rally.task.runner [-] Task e244269a-dd04-4230-8919-eaaedbac739e | ITER: 17 END: OK
2019-06-24 09:40:52.135 26614 INFO rally.task.runner [-] Task e244269a-dd04-4230-8919-eaaedbac739e | ITER: 27 START
2019-06-24 09:40:52.135 26614 WARNING rally_openstack.scenarios.neutron.utils [-] Running this scenario without either the 'network' or 'existing_network' context is deprecated
2019-06-24 09:40:52.274 26621 INFO rally.task.runner [-] Task e244269a-dd04-4230-8919-eaaedbac739e | ITER: 20 END: OK
2019-06-24 09:40:52.278 26621 INFO rally.task.runner [-] Task e244269a-dd04-4230-8919-eaaedbac739e | ITER: 28 START
2019-06-24 09:40:52.279 26621 WARNING rally_openstack.scenarios.neutron.utils [-] Running this scenario without either the 'network' or 'existing_network' context is deprecated
2019-06-24 09:40:52.289 26617 INFO rally.task.runner [-] Task e244269a-dd04-4230-8919-eaaedbac739e | ITER: 18 END: OK
2019-06-24 09:40:52.293 26617 INFO rally.task.runner [-] Task e244269a-dd04-4230-8919-eaaedbac739e | ITER: 29 START
2019-06-24 09:40:52.294 26617 WARNING rally_openstack.scenarios.neutron.utils [-] Running this scenario without either the 'network' or 'existing_network' context is deprecated
2019-06-24 09:40:52.310 26587 INFO rally.task.runner [-] Task e244269a-dd04-4230-8919-eaaedbac739e | ITER: 10 END: OK
2019-06-24 09:40:52.314 26587 INFO rally.task.runner [-] Task e244269a-dd04-4230-8919-eaaedbac739e | ITER: 30 START
2019-06-24 09:40:52.315 26587 WARNING rally_openstack.scenarios.neutron.utils [-] Running this scenario without either the 'network' or 'existing_network' context is deprecated
2019-06-24 09:40:52.322 26578 INFO rally.task.runner [-] Task e244269a-dd04-4230-8919-eaaedbac739e | ITER: 4 END: OK
2019-06-24 09:40:52.326 26578 INFO rally.task.runner [-] Task e244269a-dd04-4230-8919-eaaedbac739e | ITER: 31 START
2019-06-24 09:40:52.327 26578 WARNING rally_openstack.scenarios.neutron.utils [-] Running this scenario without either the 'network' or 'existing_network' context is deprecated
2019-06-24 09:40:55.551 26594 INFO rally.task.runner [-] Task e244269a-dd04-4230-8919-eaaedbac739e | ITER: 22 END: OK
2019-06-24 09:40:55.555 26594 INFO rally.task.runner [-] Task e244269a-dd04-4230-8919-eaaedbac739e | ITER: 32 START
2019-06-24 09:40:55.556 26594 WARNING rally_openstack.scenarios.neutron.utils [-] Running this scenario without either the 'network' or 'existing_network' context is deprecated
2019-06-24 09:40:58.659 26581 INFO rally.task.runner [-] Task e244269a-dd04-4230-8919-eaaedbac739e | ITER: 9 END: OK
2019-06-24 09:40:58.663 26581 INFO rally.task.runner [-] Task e244269a-dd04-4230-8919-eaaedbac739e | ITER: 33 START
2019-06-24 09:40:58.664 26581 WARNING rally_openstack.scenarios.neutron.utils [-] Running this scenario without either the 'network' or 'existing_network' context is deprecated
2019-06-24 09:40:59.053 26576 INFO rally.task.runner [-] Task e244269a-dd04-4230-8919-eaaedbac739e | ITER: 3 END: OK
2019-06-24 09:40:59.058 26576 INFO rally.task.runner [-] Task e244269a-dd04-4230-8919-eaaedbac739e | ITER: 34 START
2019-06-24 09:40:59.058 26576 WARNING rally_openstack.scenarios.neutron.utils [-] Running this scenario without either the 'network' or 'existing_network' context is deprecated
2019-06-24 09:40:59.554 26576 INFO rally.task.runner [-] Task e244269a-dd04-4230-8919-eaaedbac739e | ITER: 1 END: OK
2019-06-24 09:40:59.558 26576 INFO rally.task.runner [-] Task e244269a-dd04-4230-8919-eaaedbac739e | ITER: 35 START
2019-06-24 09:40:59.559 26576 WARNING rally_openstack.scenarios.neutron.utils [-] Running this scenario without either the 'network' or 'existing_network' context is deprecated
2019-06-24 09:40:59.901 26591 INFO rally.task.runner [-] Task e244269a-dd04-4230-8919-eaaedbac739e | ITER: 11 END: OK
2019-06-24 09:40:59.906 26591 INFO rally.task.runner [-] Task e244269a-dd04-4230-8919-eaaedbac739e | ITER: 36 START
2019-06-24 09:40:59.907 26591 WARNING rally_openstack.scenarios.neutron.utils [-] Running this scenario without either the 'network' or 'existing_network' context is deprecated
2019-06-24 09:41:00.069 26608 INFO rally.task.runner [-] Task e244269a-dd04-4230-8919-eaaedbac739e | ITER: 15 END: OK
2019-06-24 09:41:00.073 26608 INFO rally.task.runner [-] Task e244269a-dd04-4230-8919-eaaedbac739e | ITER: 37 START
2019-06-24 09:41:00.074 26608 WARNING rally_openstack.scenarios.neutron.utils [-] Running this scenario without either the 'network' or 'existing_network' context is deprecated
2019-06-24 09:41:00.100 26577 INFO rally.task.runner [-] Task e244269a-dd04-4230-8919-eaaedbac739e | ITER: 5 END: OK
2019-06-24 09:41:00.104 26577 INFO rally.task.runner [-] Task e244269a-dd04-4230-8919-eaaedbac739e | ITER: 38 START
2019-06-24 09:41:00.105 26577 WARNING rally_openstack.scenarios.neutron.utils [-] Running this scenario without either the 'network' or 'existing_network' context is deprecated
2019-06-24 09:41:00.337 26620 INFO rally.task.runner [-] Task e244269a-dd04-4230-8919-eaaedbac739e | ITER: 19 END: OK
2019-06-24 09:41:00.341 26620 INFO rally.task.runner [-] Task e244269a-dd04-4230-8919-eaaedbac739e | ITER: 39 START
2019-06-24 09:41:00.342 26620 WARNING rally_openstack.scenarios.neutron.utils [-] Running this scenario without either the 'network' or 'existing_network' context is deprecated
2019-06-24 09:41:00.373 26579 INFO rally.task.runner [-] Task e244269a-dd04-4230-8919-eaaedbac739e | ITER: 8 END: OK
2019-06-24 09:41:00.377 26579 INFO rally.task.runner [-] Task e244269a-dd04-4230-8919-eaaedbac739e | ITER: 40 START
2019-06-24 09:41:00.378 26579 WARNING rally_openstack.scenarios.neutron.utils [-] Running this scenario without either the 'network' or 'existing_network' context is deprecated
2019-06-24 09:41:00.392 26598 INFO rally.task.runner [-] Task e244269a-dd04-4230-8919-eaaedbac739e | ITER: 13 END: OK
2019-06-24 09:41:00.859 26578 INFO rally.task.runner [-] Task e244269a-dd04-4230-8919-eaaedbac739e | ITER: 21 END: OK
2019-06-24 09:41:01.044 26579 INFO rally.task.runner [-] Task e244269a-dd04-4230-8919-eaaedbac739e | ITER: 23 END: OK
2019-06-24 09:41:02.230 26613 INFO rally.task.runner [-] Task e244269a-dd04-4230-8919-eaaedbac739e | ITER: 25 END: OK
2019-06-24 09:41:02.238 26577 INFO rally.task.runner [-] Task e244269a-dd04-4230-8919-eaaedbac739e | ITER: 24 END: OK
2019-06-24 09:41:04.797 26587 INFO rally.task.runner [-] Task e244269a-dd04-4230-8919-eaaedbac739e | ITER: 30 END: OK
2019-06-24 09:41:05.309 26594 INFO rally.task.runner [-] Task e244269a-dd04-4230-8919-eaaedbac739e | ITER: 32 END: OK
2019-06-24 09:41:08.148 26581 INFO rally.task.runner [-] Task e244269a-dd04-4230-8919-eaaedbac739e | ITER: 33 END: OK
2019-06-24 09:41:08.243 26576 INFO rally.task.runner [-] Task e244269a-dd04-4230-8919-eaaedbac739e | ITER: 34 END: OK
2019-06-24 09:41:08.426 26578 INFO rally.task.runner [-] Task e244269a-dd04-4230-8919-eaaedbac739e | ITER: 31 END: OK
2019-06-24 09:41:08.846 26620 INFO rally.task.runner [-] Task e244269a-dd04-4230-8919-eaaedbac739e | ITER: 39 END: OK
2019-06-24 09:41:08.983 26608 INFO rally.task.runner [-] Task e244269a-dd04-4230-8919-eaaedbac739e | ITER: 37 END: OK
2019-06-24 09:41:09.040 26621 INFO rally.task.runner [-] Task e244269a-dd04-4230-8919-eaaedbac739e | ITER: 28 END: OK
2019-06-24 09:41:09.045 26579 INFO rally.task.runner [-] Task e244269a-dd04-4230-8919-eaaedbac739e | ITER: 40 END: OK
2019-06-24 09:41:10.097 26576 INFO rally.task.runner [-] Task e244269a-dd04-4230-8919-eaaedbac739e | ITER: 35 END: OK
2019-06-24 09:41:13.831 26577 INFO rally.task.runner [-] Task e244269a-dd04-4230-8919-eaaedbac739e | ITER: 38 END: OK
2019-06-24 09:41:13.838 26591 INFO rally.task.runner [-] Task e244269a-dd04-4230-8919-eaaedbac739e | ITER: 36 END: OK
2019-06-24 09:41:14.136 26614 INFO rally.task.runner [-] Task e244269a-dd04-4230-8919-eaaedbac739e | ITER: 27 END: OK
2019-06-24 09:41:14.163 26601 INFO rally.task.runner [-] Task e244269a-dd04-4230-8919-eaaedbac739e | ITER: 26 END: OK
2019-06-24 09:41:14.558 26617 INFO rally.task.runner [-] Task e244269a-dd04-4230-8919-eaaedbac739e | ITER: 29 END: OK
2019-06-24 09:41:14.585 22700 INFO rally.task.context [-] Task e244269a-dd04-4230-8919-eaaedbac739e | Context cleanup@openstack cleanup() started
2019-06-24 09:41:14.588 22700 RALLYDEBUG rally_openstack.cleanup.manager [-] Cleaning up neutron vip objects
2019-06-24 09:41:15.231 22700 RALLYDEBUG rally_openstack.cleanup.manager [-] Cleaning up neutron health_monitor objects
2019-06-24 09:41:15.959 22700 RALLYDEBUG rally_openstack.cleanup.manager [-] Cleaning up neutron pool objects
2019-06-24 09:41:16.672 22700 RALLYDEBUG rally_openstack.cleanup.manager [-] Cleaning up neutron loadbalancer objects
2019-06-24 09:41:17.295 22700 RALLYDEBUG rally_openstack.cleanup.manager [-] Cleaning up neutron floatingip objects
2019-06-24 09:41:18.074 22700 RALLYDEBUG rally_openstack.cleanup.manager [-] Cleaning up neutron port objects
2019-06-24 09:41:19.268 22700 RALLYDEBUG rally_openstack.cleanup.manager [-] Deleting neutron.port object s_rally_43d4547f_KRiBvt4C (03cfe3ca-b814-4dee-a8ba-40bf0cf827fb)
2019-06-24 09:41:19.270 22700 RALLYDEBUG rally_openstack.cleanup.manager [-] Deleting neutron.port object s_rally_43d4547f_uZWztdLR (030a4b76-af9b-48b2-bdcf-d72541e41254)
2019-06-24 09:41:19.276 22700 RALLYDEBUG rally_openstack.cleanup.manager [-] Deleting neutron.port object s_rally_43d4547f_uCDVbomt (10d659d2-5f64-4972-8d3a-e6980a464f1e)
2019-06-24 09:41:19.284 22700 RALLYDEBUG rally_openstack.cleanup.manager [-] Deleting neutron.port object s_rally_43d4547f_Lj5j04ZU (0b00c282-5f17-4e4f-8beb-64d49602dccc)
2019-06-24 09:41:19.285 22700 RALLYDEBUG rally_openstack.cleanup.manager [-] Deleting neutron.port object s_rally_43d4547f_ppANahc4 (11de4dfe-9584-4c93-a1ad-7f3eeedef4d8)
2019-06-24 09:41:19.285 22700 RALLYDEBUG rally_openstack.cleanup.manager [-] Deleting neutron.port object s_rally_43d4547f_KpZME90o (03e0f569-5672-4680-b008-5b7b8a6de090)
2019-06-24 09:41:19.286 22700 RALLYDEBUG rally_openstack.cleanup.manager [-] Deleting neutron.port object s_rally_43d4547f_NeGWWjn2 (012d52d5-8274-4cbc-9d3c-0457b81ad858)
2019-06-24 09:41:19.288 22700 RALLYDEBUG rally_openstack.cleanup.manager [-] Deleting neutron.port object s_rally_43d4547f_cxIRqf01 (0adca215-6146-40c7-92bd-e7ab30e95792)
2019-06-24 09:41:19.288 22700 RALLYDEBUG rally_openstack.cleanup.manager [-] Deleting neutron.port object s_rally_43d4547f_LvXWTkGE (04f88efa-bd19-4465-8d0f-712b6f6199be)
2019-06-24 09:41:19.296 22700 RALLYDEBUG rally_openstack.cleanup.manager [-] Deleting neutron.port object s_rally_43d4547f_ZQIFuZaY (0a7b829f-8b75-4076-912b-7618295281ef)
2019-06-24 09:41:19.306 22700 RALLYDEBUG rally_openstack.cleanup.manager [-] Deleting neutron.port object s_rally_43d4547f_SaE5sJZB (0f2af308-1195-449f-a157-707ce9a2a203)
2019-06-24 09:41:19.322 22700 RALLYDEBUG rally_openstack.cleanup.manager [-] Deleting neutron.port object s_rally_43d4547f_7u1f2xFJ (12372119-8f0a-44de-aa0c-67bff6aa1d84)
2019-06-24 09:41:19.325 22700 RALLYDEBUG rally_openstack.cleanup.manager [-] Deleting neutron.port object s_rally_43d4547f_6QrGxeaN (0eb28543-5cd8-4b0f-9323-e0f3655433d1)
2019-06-24 09:41:19.328 22700 RALLYDEBUG rally_openstack.cleanup.manager [-] Deleting neutron.port object s_rally_43d4547f_qQkcIC0I (151b96fc-62e0-44ff-ab9a-ce80b0430d54)
2019-06-24 09:41:19.329 22700 RALLYDEBUG rally_openstack.cleanup.manager [-] Deleting neutron.port object s_rally_43d4547f_WQfY2OST (173f5351-200e-4a5c-b0fa-0ed292f68b70)
2019-06-24 09:41:19.338 22700 RALLYDEBUG rally_openstack.cleanup.manager [-] Deleting neutron.port object s_rally_43d4547f_f97HnM86 (17b71c94-249e-4a50-bd19-c1a590f20e7c)
2019-06-24 09:41:19.344 22700 RALLYDEBUG rally_openstack.cleanup.manager [-] Deleting neutron.port object s_rally_43d4547f_eSUvLucM (1793f244-6385-4736-b93e-26e2d5553883)
2019-06-24 09:41:19.372 22700 RALLYDEBUG rally_openstack.cleanup.manager [-] Deleting neutron.port object s_rally_43d4547f_YZTmQOAJ (18a33908-c968-40ae-a840-8b2331e08170)
2019-06-24 09:41:19.373 22700 RALLYDEBUG rally_openstack.cleanup.manager [-] Deleting neutron.port object s_rally_43d4547f_SPQdcEjf (17cce03a-9a14-465f-8240-bf5ad632e915)
2019-06-24 09:41:19.384 22700 RALLYDEBUG rally_openstack.cleanup.manager [-] Deleting neutron.port object s_rally_43d4547f_J04YNoqs (189e921b-2cf8-4e27-be70-9a0d8d688c13)
2019-06-24 09:41:22.024 22700 RALLYDEBUG rally_openstack.cleanup.manager [-] Deleting neutron.port object s_rally_43d4547f_5a6HQd8n (1dbf1356-7577-49d0-9e45-03930fa07ba8)
2019-06-24 09:41:22.079 22700 RALLYDEBUG rally_openstack.cleanup.manager [-] Deleting neutron.port object s_rally_43d4547f_rgSHVtwN (1e1f2f9c-605d-4c8d-bb0c-58fe8350791d)
2019-06-24 09:41:22.219 22700 RALLYDEBUG rally_openstack.cleanup.manager [-] Deleting neutron.port object s_rally_43d4547f_D3Cw7dOz (1e2ce42f-d3c8-46b8-8d50-157d8a2d15a7)
2019-06-24 09:41:22.380 22700 RALLYDEBUG rally_openstack.cleanup.manager [-] Deleting neutron.port object s_rally_43d4547f_zfGF4dPm (1f69542f-bd43-4d9f-b6d5-f6a92da09b89)
2019-06-24 09:41:22.604 22700 RALLYDEBUG rally_openstack.cleanup.manager [-] Deleting neutron.port object s_rally_43d4547f_eotAoZtI (20d69939-db75-4ee7-89ed-33b09bf0b0bf)
2019-06-24 09:41:22.641 22700 RALLYDEBUG rally_openstack.cleanup.manager [-] Deleting neutron.port object s_rally_43d4547f_G83t5zoK (21ab4634-c420-45ed-ad5e-03ebdc59486d)
2019-06-24 09:41:22.718 22700 RALLYDEBUG rally_openstack.cleanup.manager [-] Deleting neutron.port object s_rally_43d4547f_mc2jpc6F (23eed1e7-3064-4bd4-9d2b-1e0c5ac91f79)
2019-06-24 09:41:23.546 22700 RALLYDEBUG rally_openstack.cleanup.manager [-] Deleting neutron.port object s_rally_43d4547f_QVkp1R3Q (243dbafb-fcfb-41c2-a920-f2b5c08a570d)
2019-06-24 09:41:23.652 22700 RALLYDEBUG rally_openstack.cleanup.manager [-] Deleting neutron.port object s_rally_43d4547f_IBDWCGgP (25e5c275-3754-4b8c-8f06-9ebe307a9362)
2019-06-24 09:41:24.082 22700 RALLYDEBUG rally_openstack.cleanup.manager [-] Deleting neutron.port object s_rally_43d4547f_NQUMxtUG (2c4543f5-f065-423a-a4c4-bbc46861b188)
2019-06-24 09:41:24.416 22700 RALLYDEBUG rally_openstack.cleanup.manager [-] Deleting neutron.port object s_rally_43d4547f_lOQRgKhT (2d555173-efd1-4e7d-9670-35115463ffab)
2019-06-24 09:41:24.538 22700 RALLYDEBUG rally_openstack.cleanup.manager [-] Deleting neutron.port object s_rally_43d4547f_BFFmfkri (2e200757-e399-4093-9a56-47801e43266d)
2019-06-24 09:41:24.602 22700 RALLYDEBUG rally_openstack.cleanup.manager [-] Deleting neutron.port object s_rally_43d4547f_2B6Ol97g (3220bea5-6f0e-4f5e-babf-950ca0f7775c)
2019-06-24 09:41:24.683 22700 RALLYDEBUG rally_openstack.cleanup.manager [-] Deleting neutron.port object s_rally_43d4547f_0dWS0k7j (343b475c-0f8e-4bb5-afe1-d44f1d5a8f97)
2019-06-24 09:41:24.711 22700 RALLYDEBUG rally_openstack.cleanup.manager [-] Deleting neutron.port object s_rally_43d4547f_iKxwlzTv (349e3b13-4029-4f5b-a382-56800d33565c)
2019-06-24 09:41:25.026 22700 RALLYDEBUG rally_openstack.cleanup.manager [-] Deleting neutron.port object s_rally_43d4547f_Zv9BJLXw (3581bc1d-b60c-415b-b43a-ac980079c69c)
2019-06-24 09:41:25.504 22700 RALLYDEBUG rally_openstack.cleanup.manager [-] Deleting neutron.port object s_rally_43d4547f_v1XVpnuy (37ac38e7-cc29-4501-9752-29efffdf5f57)
2019-06-24 09:41:25.510 22700 RALLYDEBUG rally_openstack.cleanup.manager [-] Deleting neutron.port object s_rally_43d4547f_IxGOvncc (37ae3a11-bf05-467b-914b-9dad5c302f7e)
2019-06-24 09:41:25.584 22700 RALLYDEBUG rally_openstack.cleanup.manager [-] Deleting neutron.port object s_rally_43d4547f_XuW0lvkE (37af299c-d5dc-4ba2-bd8d-6307ce040400)
2019-06-24 09:41:25.783 22700 RALLYDEBUG rally_openstack.cleanup.manager [-] Deleting neutron.port object s_rally_43d4547f_OwbsJQIf (37c77af4-bfcd-4895-84c3-5843aecf4149)
2019-06-24 09:41:25.862 22700 RALLYDEBUG rally_openstack.cleanup.manager [-] Deleting neutron.port object s_rally_43d4547f_z3Krcliz (37f972e8-670e-477a-9b20-15ca0fbe393f)
2019-06-24 09:41:25.866 22700 RALLYDEBUG rally_openstack.cleanup.manager [-] Deleting neutron.port object s_rally_43d4547f_4KrQ1R4N (37fd67f6-07ba-4bf5-b028-5bbef7d31420)
2019-06-24 09:41:26.004 22700 RALLYDEBUG rally_openstack.cleanup.manager [-] Deleting neutron.port object s_rally_43d4547f_AgPLjL9m (3e5a3a9d-4dd6-4819-aee7-49c81eddb429)
2019-06-24 09:41:26.018 22700 RALLYDEBUG rally_openstack.cleanup.manager [-] Deleting neutron.port object s_rally_43d4547f_FvF4nJTf (3fb101bb-27fe-48d3-88da-13ec7fdcc0e1)
2019-06-24 09:41:26.019 22700 RALLYDEBUG rally_openstack.cleanup.manager [-] Deleting neutron.port object s_rally_43d4547f_A4oZ3Qgu (40e42708-f87b-4043-852e-be9b6db15018)
2019-06-24 09:41:26.266 22700 RALLYDEBUG rally_openstack.cleanup.manager [-] Deleting neutron.port object s_rally_43d4547f_qNmwffPB (41b22703-db75-4cbd-a0e2-7e5aef9f8dcf)
2019-06-24 09:41:26.350 22700 RALLYDEBUG rally_openstack.cleanup.manager [-] Deleting neutron.port object s_rally_43d4547f_WgpSV33f (42ecb210-a5a0-4a8d-99b0-e43769431b7a)
2019-06-24 09:41:26.458 22700 RALLYDEBUG rally_openstack.cleanup.manager [-] Deleting neutron.port object s_rally_43d4547f_RWcnk6KX (433140c3-57f1-4e6b-bb6f-9b41772d263b)
2019-06-24 09:41:26.698 22700 RALLYDEBUG rally_openstack.cleanup.manager [-] Deleting neutron.port object s_rally_43d4547f_SJDvdbcH (433bd2bf-5c3d-425c-9476-3dca4d2f4ce1)
2019-06-24 09:41:26.755 22700 RALLYDEBUG rally_openstack.cleanup.manager [-] Deleting neutron.port object s_rally_43d4547f_KRSKC8sq (448c2e8d-4607-4884-beab-971c47c846bb)
2019-06-24 09:41:26.761 22700 RALLYDEBUG rally_openstack.cleanup.manager [-] Deleting neutron.port object s_rally_43d4547f_xkcYwPtv (469e9b91-ed53-488d-8fa7-5063eeb69d19)
2019-06-24 09:41:26.879 22700 RALLYDEBUG rally_openstack.cleanup.manager [-] Deleting neutron.port object s_rally_43d4547f_wYyrv7fJ (4b0f4192-325d-4ac0-a0e6-c6f6bed418ba)
2019-06-24 09:41:26.934 22700 RALLYDEBUG rally_openstack.cleanup.manager [-] Deleting neutron.port object s_rally_43d4547f_Yu1CFOO9 (4e71f946-81c8-431b-b0e0-e2ee614805a6)
2019-06-24 09:41:26.957 22700 RALLYDEBUG rally_openstack.cleanup.manager [-] Deleting neutron.port object s_rally_43d4547f_2ebtprOZ (4fc46da3-e8ff-4267-99c1-4529975f61d7)
2019-06-24 09:41:27.275 22700 RALLYDEBUG rally_openstack.cleanup.manager [-] Deleting neutron.port object s_rally_43d4547f_wq3vZNpG (5131aac3-cdd6-440c-aa7f-a64953f08eb5)
2019-06-24 09:41:27.470 22700 RALLYDEBUG rally_openstack.cleanup.manager [-] Deleting neutron.port object s_rally_43d4547f_HX6DC0PZ (52cfb6bd-b039-4a85-a5c0-d7e6e52b07ab)
2019-06-24 09:41:27.892 22700 RALLYDEBUG rally_openstack.cleanup.manager [-] Deleting neutron.port object s_rally_43d4547f_khRlULmo (53223512-3e4d-477f-b42b-33be834f9b2a)
2019-06-24 09:41:27.893 22700 RALLYDEBUG rally_openstack.cleanup.manager [-] Deleting neutron.port object s_rally_43d4547f_rU9ptNIz (52e33ee6-d027-4e32-aec3-23fbf718ff39)
2019-06-24 09:41:28.017 22700 RALLYDEBUG rally_openstack.cleanup.manager [-] Deleting neutron.port object s_rally_43d4547f_rN3uik7N (544de9e7-d102-4d21-9314-3d293f647f05)
2019-06-24 09:41:28.151 22700 RALLYDEBUG rally_openstack.cleanup.manager [-] Deleting neutron.port object s_rally_43d4547f_1MvqkLow (56f1f374-51dc-4f21-a8d9-a1a631094596)
2019-06-24 09:41:28.387 22700 RALLYDEBUG rally_openstack.cleanup.manager [-] Deleting neutron.port object s_rally_43d4547f_SZrncTRR (579c763f-f2ce-4cf8-bf34-5ed19fe2acfc)
2019-06-24 09:41:28.844 22700 RALLYDEBUG rally_openstack.cleanup.manager [-] Deleting neutron.port object s_rally_43d4547f_8nPSA7UH (5ac9f9ac-2163-494f-aa63-aa03cb4e65fd)
2019-06-24 09:41:29.162 22700 RALLYDEBUG rally_openstack.cleanup.manager [-] Deleting neutron.port object s_rally_43d4547f_SIhPwJ4R (5b8424ec-98be-4d92-b455-9a56a85e343e)
2019-06-24 09:41:29.222 22700 RALLYDEBUG rally_openstack.cleanup.manager [-] Deleting neutron.port object s_rally_43d4547f_D2bjGYs9 (5e1e3040-bb25-4be9-ad5c-2df4a487015a)
2019-06-24 09:41:29.436 22700 RALLYDEBUG rally_openstack.cleanup.manager [-] Deleting neutron.port object s_rally_43d4547f_2Tj0IlW1 (5ea4f466-7285-4cd2-ae1b-92f1f19620b6)
2019-06-24 09:41:29.946 22700 RALLYDEBUG rally_openstack.cleanup.manager [-] Deleting neutron.port object s_rally_43d4547f_6FZCncCi (62c388a3-b024-4f37-9994-7ae843a72def)
2019-06-24 09:41:30.126 22700 RALLYDEBUG rally_openstack.cleanup.manager [-] Deleting neutron.port object s_rally_43d4547f_DVs0t5it (69785205-9d90-4dc6-854f-018eee516826)
