2019-06-24 09:27:31.547 24805 WARNING rally_openstack.scenarios.neutron.utils [-] Running this scenario without either the 'network' or 'existing_network' context is deprecated
2019-06-24 09:27:31.548 24799 INFO rally.task.runner [-] Task e244269a-dd04-4230-8919-eaaedbac739e | ITER: 9 START
2019-06-24 09:27:31.549 24799 WARNING rally_openstack.scenarios.neutron.utils [-] Running this scenario without either the 'network' or 'existing_network' context is deprecated
2019-06-24 09:27:31.545 24795 INFO rally.task.runner [-] Task e244269a-dd04-4230-8919-eaaedbac739e | ITER: 6 START
2019-06-24 09:27:31.551 24807 RALLYDEBUG rally.task.runner [-] Starting a worker. concurrency: 1 args: {"network_create_args": {}, "subnet_create_args": {}, "subnet_cidr_start": "1.1.0.0/30", "subnets_per_network": 2} times: 40 method_name: run timeout: 0 duration: None cls:
2019-06-24 09:27:31.551 24796 INFO rally.task.runner [-] Task e244269a-dd04-4230-8919-eaaedbac739e | ITER: 5 START
2019-06-24 09:27:31.552 24796 WARNING rally_openstack.scenarios.neutron.utils [-] Running this scenario without either the 'network' or 'existing_network' context is deprecated
2019-06-24 09:27:31.551 24795 WARNING rally_openstack.scenarios.neutron.utils [-] Running this scenario without either the 'network' or 'existing_network' context is deprecated
2019-06-24 09:27:31.554 24819 RALLYDEBUG rally.task.runner [-] Starting a worker. concurrency: 1 args: {"network_create_args": {}, "subnet_create_args": {}, "subnet_cidr_start": "1.1.0.0/30", "subnets_per_network": 2} times: 40 method_name: run timeout: 0 duration: None cls:
2019-06-24 09:27:31.556 24799 WARNING rally_openstack.scenarios.neutron.utils [-] Running this scenario without either the 'network' or 'existing_network' context is deprecated
2019-06-24 09:27:31.556 24814 RALLYDEBUG rally.task.runner [-] Starting a worker. concurrency: 1 args: {"network_create_args": {}, "subnet_create_args": {}, "subnet_cidr_start": "1.1.0.0/30", "subnets_per_network": 2} times: 40 method_name: run timeout: 0 duration: None cls:
2019-06-24 09:27:31.557 24818 RALLYDEBUG rally.task.runner [-] Starting a worker. concurrency: 1 args: {"network_create_args": {}, "subnet_create_args": {}, "subnet_cidr_start": "1.1.0.0/30", "subnets_per_network": 2} times: 40 method_name: run timeout: 0 duration: None cls:
2019-06-24 09:27:31.559 24807 INFO rally.task.runner [-] Task e244269a-dd04-4230-8919-eaaedbac739e | ITER: 11 START
2019-06-24 09:27:31.560 24819 INFO rally.task.runner [-] Task e244269a-dd04-4230-8919-eaaedbac739e | ITER: 12 START
2019-06-24 09:27:31.560 24820 RALLYDEBUG rally.task.runner [-] Starting a worker. concurrency: 1 args: {"network_create_args": {}, "subnet_create_args": {}, "subnet_cidr_start": "1.1.0.0/30", "subnets_per_network": 2} times: 40 method_name: run timeout: 0 duration: None cls:
2019-06-24 09:27:31.560 24821 RALLYDEBUG rally.task.runner [-] Starting a worker. concurrency: 1 args: {"network_create_args": {}, "subnet_create_args": {}, "subnet_cidr_start": "1.1.0.0/30", "subnets_per_network": 2} times: 40 method_name: run timeout: 0 duration: None cls:
2019-06-24 09:27:31.561 24814 INFO rally.task.runner [-] Task e244269a-dd04-4230-8919-eaaedbac739e | ITER: 13 START
2019-06-24 09:27:31.561 24807 WARNING rally_openstack.scenarios.neutron.utils [-] Running this scenario without either the 'network' or 'existing_network' context is deprecated
2019-06-24 09:27:31.561 24819 WARNING rally_openstack.scenarios.neutron.utils [-] Running this scenario without either the 'network' or 'existing_network' context is deprecated
2019-06-24 09:27:31.562 24814 WARNING rally_openstack.scenarios.neutron.utils [-] Running this scenario without either the 'network' or 'existing_network' context is deprecated
2019-06-24 09:27:31.563 24818 INFO rally.task.runner [-] Task e244269a-dd04-4230-8919-eaaedbac739e | ITER: 14 START
2019-06-24 09:27:31.564 24818 WARNING rally_openstack.scenarios.neutron.utils [-] Running this scenario without either the 'network' or 'existing_network' context is deprecated
2019-06-24 09:27:31.566 24820 INFO rally.task.runner [-] Task e244269a-dd04-4230-8919-eaaedbac739e | ITER: 15 START
2019-06-24 09:27:31.567 24820 WARNING rally_openstack.scenarios.neutron.utils [-] Running this scenario without either the 'network' or 'existing_network' context is deprecated
2019-06-24 09:27:31.570 24821 INFO rally.task.runner [-] Task e244269a-dd04-4230-8919-eaaedbac739e | ITER: 16 START
2019-06-24 09:27:31.570 24833 RALLYDEBUG rally.task.runner [-] Starting a worker. concurrency: 1 args: {"network_create_args": {}, "subnet_create_args": {}, "subnet_cidr_start": "1.1.0.0/30", "subnets_per_network": 2} times: 40 method_name: run timeout: 0 duration: None cls:
2019-06-24 09:27:31.572 24821 WARNING rally_openstack.scenarios.neutron.utils [-] Running this scenario without either the 'network' or 'existing_network' context is deprecated
2019-06-24 09:27:31.574 24833 INFO rally.task.runner [-] Task e244269a-dd04-4230-8919-eaaedbac739e | ITER: 17 START
2019-06-24 09:27:31.575 24833 WARNING rally_openstack.scenarios.neutron.utils [-] Running this scenario without either the 'network' or 'existing_network' context is deprecated
2019-06-24 09:27:31.579 24837 RALLYDEBUG rally.task.runner [-] Starting a worker. concurrency: 1 args: {"network_create_args": {}, "subnet_create_args": {}, "subnet_cidr_start": "1.1.0.0/30", "subnets_per_network": 2} times: 40 method_name: run timeout: 0 duration: None cls:
2019-06-24 09:27:31.585 24838 RALLYDEBUG rally.task.runner [-] Starting a worker. concurrency: 1 args: {"network_create_args": {}, "subnet_create_args": {}, "subnet_cidr_start": "1.1.0.0/30", "subnets_per_network": 2} times: 40 method_name: run timeout: 0 duration: None cls:
2019-06-24 09:27:31.585 24837 INFO rally.task.runner [-] Task e244269a-dd04-4230-8919-eaaedbac739e | ITER: 18 START
2019-06-24 09:27:31.587 24837 WARNING rally_openstack.scenarios.neutron.utils [-] Running this scenario without either the 'network' or 'existing_network' context is deprecated
2019-06-24 09:27:31.589 24838 INFO rally.task.runner [-] Task e244269a-dd04-4230-8919-eaaedbac739e | ITER: 19 START
2019-06-24 09:27:31.588 24840 RALLYDEBUG rally.task.runner [-] Starting a worker. concurrency: 1 args: {"network_create_args": {}, "subnet_create_args": {}, "subnet_cidr_start": "1.1.0.0/30", "subnets_per_network": 2} times: 40 method_name: run timeout: 0 duration: None cls:
2019-06-24 09:27:31.590 24838 WARNING rally_openstack.scenarios.neutron.utils [-] Running this scenario without either the 'network' or 'existing_network' context is deprecated
2019-06-24 09:27:31.593 24840 INFO rally.task.runner [-] Task e244269a-dd04-4230-8919-eaaedbac739e | ITER: 20 START
2019-06-24 09:27:31.594 24840 WARNING rally_openstack.scenarios.neutron.utils [-] Running this scenario without either the 'network' or 'existing_network' context is deprecated
2019-06-24 09:27:33.564 24796 RALLYDEBUG rally_openstack.wrappers.network [-] CIDR generated: 1.1.4.96/30
2019-06-24 09:27:33.656 24794 RALLYDEBUG rally_openstack.wrappers.network [-] CIDR generated: 1.1.4.100/30
2019-06-24 09:27:33.786 24795 RALLYDEBUG rally_openstack.wrappers.network [-] CIDR generated: 1.1.4.104/30
2019-06-24 09:27:33.788 24805 RALLYDEBUG rally_openstack.wrappers.network [-] CIDR generated: 1.1.4.108/30
2019-06-24 09:27:33.889 24796 RALLYDEBUG rally_openstack.wrappers.network [-] CIDR generated: 1.1.4.112/30
2019-06-24 09:27:33.956 24814 RALLYDEBUG rally_openstack.wrappers.network [-] CIDR generated: 1.1.4.116/30
2019-06-24 09:27:34.218 24819 RALLYDEBUG rally_openstack.wrappers.network [-] CIDR generated: 1.1.4.120/30
2019-06-24 09:27:34.318 24818 RALLYDEBUG rally_openstack.wrappers.network [-] CIDR generated: 1.1.4.124/30
2019-06-24 09:27:34.329 24795 RALLYDEBUG rally_openstack.wrappers.network [-] CIDR generated: 1.1.4.128/30
2019-06-24 09:27:34.453 24799 RALLYDEBUG rally_openstack.wrappers.network [-] CIDR generated: 1.1.4.132/30
2019-06-24 09:27:34.652 24799 RALLYDEBUG rally_openstack.wrappers.network [-] CIDR generated: 1.1.4.136/30
2019-06-24 09:27:34.654 24801 RALLYDEBUG rally_openstack.wrappers.network [-] CIDR generated: 1.1.4.140/30
2019-06-24 09:27:34.878 24821 RALLYDEBUG rally_openstack.wrappers.network [-] CIDR generated: 1.1.4.144/30
2019-06-24 09:27:34.938 24807 RALLYDEBUG rally_openstack.wrappers.network [-] CIDR generated: 1.1.4.148/30
2019-06-24 09:27:34.997 24838 RALLYDEBUG rally_openstack.wrappers.network [-] CIDR generated: 1.1.4.156/30
2019-06-24 09:27:34.997 24840 RALLYDEBUG rally_openstack.wrappers.network [-] CIDR generated: 1.1.4.152/30
2019-06-24 09:27:35.010 24820 RALLYDEBUG rally_openstack.wrappers.network [-] CIDR generated: 1.1.4.160/30
2019-06-24 09:27:35.020 24837 RALLYDEBUG rally_openstack.wrappers.network [-] CIDR generated: 1.1.4.164/30
2019-06-24 09:27:35.181 24794 RALLYDEBUG rally_openstack.wrappers.network [-] CIDR generated: 1.1.4.168/30
2019-06-24 09:27:36.028 24795 RALLYDEBUG rally_openstack.wrappers.network [-] CIDR generated: 1.1.4.172/30
2019-06-24 09:27:36.406 24819 RALLYDEBUG rally_openstack.wrappers.network [-] CIDR generated: 1.1.4.176/30
2019-06-24 09:27:36.675 24805 RALLYDEBUG rally_openstack.wrappers.network [-] CIDR generated: 1.1.4.180/30
2019-06-24 09:27:36.755 24833 RALLYDEBUG rally_openstack.wrappers.network [-] CIDR generated: 1.1.4.184/30
2019-06-24 09:27:36.767 24821 RALLYDEBUG rally_openstack.wrappers.network [-] CIDR generated: 1.1.4.188/30
2019-06-24 09:27:37.467 24799 RALLYDEBUG rally_openstack.wrappers.network [-] CIDR generated: 1.1.4.192/30
2019-06-24 09:27:37.488 24807 RALLYDEBUG rally_openstack.wrappers.network [-] CIDR generated: 1.1.4.196/30
2019-06-24 09:27:38.268 24796 RALLYDEBUG rally_openstack.wrappers.network [-] CIDR generated: 1.1.4.200/30
2019-06-24 09:27:38.397 24818 RALLYDEBUG rally_openstack.wrappers.network [-] CIDR generated: 1.1.4.204/30
2019-06-24 09:27:38.434 24801 RALLYDEBUG rally_openstack.wrappers.network [-] CIDR generated: 1.1.4.208/30
2019-06-24 09:27:38.437 24795 RALLYDEBUG rally_openstack.wrappers.network [-] CIDR generated: 1.1.4.212/30
2019-06-24 09:27:38.533 24796 RALLYDEBUG rally_openstack.wrappers.network [-] CIDR generated: 1.1.4.216/30
2019-06-24 09:27:38.983 24837 RALLYDEBUG rally_openstack.wrappers.network [-] CIDR generated: 1.1.4.220/30
2019-06-24 09:27:38.984 24820 RALLYDEBUG rally_openstack.wrappers.network [-] CIDR generated: 1.1.4.224/30
2019-06-24 09:27:39.291 24838 RALLYDEBUG rally_openstack.wrappers.network [-] CIDR generated: 1.1.4.228/30
2019-06-24 09:27:39.299 24840 RALLYDEBUG rally_openstack.wrappers.network [-] CIDR generated: 1.1.4.232/30
2019-06-24 09:27:40.532 24794 RALLYDEBUG rally_openstack.wrappers.network [-] CIDR generated: 1.1.4.236/30
2019-06-24 09:27:40.588 24814 RALLYDEBUG rally_openstack.wrappers.network [-] CIDR generated: 1.1.4.240/30
2019-06-24 09:27:40.613 24795 INFO rally.task.runner [-] Task e244269a-dd04-4230-8919-eaaedbac739e | ITER: 3 END: OK
2019-06-24 09:27:40.616 24795 INFO rally.task.runner [-] Task e244269a-dd04-4230-8919-eaaedbac739e | ITER: 21 START
2019-06-24 09:27:40.617 24795 WARNING rally_openstack.scenarios.neutron.utils [-] Running this scenario without either the 'network' or 'existing_network' context is deprecated
2019-06-24 09:27:40.901 24799 RALLYDEBUG rally_openstack.wrappers.network [-] CIDR generated: 1.1.4.244/30
2019-06-24 09:27:40.980 24819 INFO rally.task.runner [-] Task e244269a-dd04-4230-8919-eaaedbac739e | ITER: 12 END: OK
2019-06-24 09:27:40.983 24819 INFO rally.task.runner [-] Task e244269a-dd04-4230-8919-eaaedbac739e | ITER: 22 START
2019-06-24 09:27:40.984 24819 WARNING rally_openstack.scenarios.neutron.utils [-] Running this scenario without either the 'network' or 'existing_network' context is deprecated
2019-06-24 09:27:41.404 24794 RALLYDEBUG rally_openstack.wrappers.network [-] CIDR generated: 1.1.4.248/30
2019-06-24 09:27:41.528 24805 INFO rally.task.runner [-] Task e244269a-dd04-4230-8919-eaaedbac739e | ITER: 10 END: OK
2019-06-24 09:27:41.532 24805 INFO rally.task.runner [-] Task e244269a-dd04-4230-8919-eaaedbac739e | ITER: 23 START
2019-06-24 09:27:41.532 24805 WARNING rally_openstack.scenarios.neutron.utils [-] Running this scenario without either the 'network' or 'existing_network' context is deprecated
2019-06-24 09:27:42.118 24821 INFO rally.task.runner [-] Task e244269a-dd04-4230-8919-eaaedbac739e | ITER: 16 END: OK
2019-06-24 09:27:42.120 24821 INFO rally.task.runner [-] Task e244269a-dd04-4230-8919-eaaedbac739e | ITER: 24 START
2019-06-24 09:27:42.121 24821 WARNING rally_openstack.scenarios.neutron.utils [-] Running this scenario without either the 'network' or 'existing_network' context is deprecated
2019-06-24 09:27:42.359 24819 RALLYDEBUG rally_openstack.wrappers.network [-] CIDR generated: 1.1.4.252/30
2019-06-24 09:27:42.447 24795 RALLYDEBUG rally_openstack.wrappers.network [-] CIDR generated: 1.1.5.0/30
2019-06-24 09:27:42.570 24833 RALLYDEBUG rally_openstack.wrappers.network [-] CIDR generated: 1.1.5.4/30
2019-06-24 09:27:43.160 24805 RALLYDEBUG rally_openstack.wrappers.network [-] CIDR generated: 1.1.5.8/30
2019-06-24 09:27:43.369 24821 RALLYDEBUG rally_openstack.wrappers.network [-] CIDR generated: 1.1.5.12/30
2019-06-24 09:27:43.683 24819 RALLYDEBUG rally_openstack.wrappers.network [-] CIDR generated: 1.1.5.16/30
2019-06-24 09:27:43.856 24795 RALLYDEBUG rally_openstack.wrappers.network [-] CIDR generated: 1.1.5.20/30
2019-06-24 09:27:44.311 24805 RALLYDEBUG rally_openstack.wrappers.network [-] CIDR generated: 1.1.5.24/30
2019-06-24 09:27:44.320 24821 RALLYDEBUG rally_openstack.wrappers.network [-] CIDR generated: 1.1.5.28/30
2019-06-24 09:27:45.169 24799 INFO rally.task.runner [-] Task e244269a-dd04-4230-8919-eaaedbac739e | ITER: 9 END: OK
2019-06-24 09:27:45.173 24799 INFO rally.task.runner [-] Task e244269a-dd04-4230-8919-eaaedbac739e | ITER: 25 START
2019-06-24 09:27:45.174 24799 WARNING rally_openstack.scenarios.neutron.utils [-] Running this scenario without either the 'network' or 'existing_network' context is deprecated
2019-06-24 09:27:45.174 24807 INFO rally.task.runner [-] Task e244269a-dd04-4230-8919-eaaedbac739e | ITER: 11 END: OK
2019-06-24 09:27:45.177 24807 INFO rally.task.runner [-] Task e244269a-dd04-4230-8919-eaaedbac739e | ITER: 26 START
2019-06-24 09:27:45.178 24807 WARNING rally_openstack.scenarios.neutron.utils [-] Running this scenario without either the 'network' or 'existing_network' context is deprecated
2019-06-24 09:27:46.137 24801 INFO rally.task.runner [-] Task e244269a-dd04-4230-8919-eaaedbac739e | ITER: 8 END: OK
2019-06-24 09:27:46.140 24801 INFO rally.task.runner [-] Task e244269a-dd04-4230-8919-eaaedbac739e | ITER: 27 START
2019-06-24 09:27:46.141 24801 WARNING rally_openstack.scenarios.neutron.utils [-] Running this scenario without either the 'network' or 'existing_network' context is deprecated
2019-06-24 09:27:46.234 24818 INFO rally.task.runner [-] Task e244269a-dd04-4230-8919-eaaedbac739e | ITER: 14 END: OK
2019-06-24 09:27:46.238 24818 INFO rally.task.runner [-] Task e244269a-dd04-4230-8919-eaaedbac739e | ITER: 28 START
2019-06-24 09:27:46.239 24818 WARNING rally_openstack.scenarios.neutron.utils [-] Running this scenario without either the 'network' or 'existing_network' context is deprecated
2019-06-24 09:27:46.290 24795 INFO rally.task.runner [-] Task e244269a-dd04-4230-8919-eaaedbac739e | ITER: 6 END: OK
2019-06-24 09:27:46.293 24795 INFO rally.task.runner [-] Task e244269a-dd04-4230-8919-eaaedbac739e | ITER: 29 START
2019-06-24 09:27:46.293 24795 WARNING rally_openstack.scenarios.neutron.utils [-] Running this scenario without either the 'network' or 'existing_network' context is deprecated
2019-06-24 09:27:46.465 24819 INFO rally.task.runner [-] Task e244269a-dd04-4230-8919-eaaedbac739e | ITER: 22 END: OK
2019-06-24 09:27:46.468 24819 INFO rally.task.runner [-] Task e244269a-dd04-4230-8919-eaaedbac739e | ITER: 30 START
2019-06-24 09:27:46.469 24819 WARNING rally_openstack.scenarios.neutron.utils [-] Running this scenario without either the 'network' or 'existing_network' context is deprecated
2019-06-24 09:27:46.535 24799 RALLYDEBUG rally_openstack.wrappers.network [-] CIDR generated: 1.1.5.32/30
2019-06-24 09:27:46.547 24820 INFO rally.task.runner [-] Task e244269a-dd04-4230-8919-eaaedbac739e | ITER: 15 END: OK
2019-06-24 09:27:46.551 24820 INFO rally.task.runner [-] Task e244269a-dd04-4230-8919-eaaedbac739e | ITER: 31 START
2019-06-24 09:27:46.552 24820 WARNING rally_openstack.scenarios.neutron.utils [-] Running this scenario without either the 'network' or 'existing_network' context is deprecated
2019-06-24 09:27:46.733 24837 INFO rally.task.runner [-] Task e244269a-dd04-4230-8919-eaaedbac739e | ITER: 18 END: OK
2019-06-24 09:27:46.737 24837 INFO rally.task.runner [-] Task e244269a-dd04-4230-8919-eaaedbac739e | ITER: 32 START
2019-06-24 09:27:46.737 24837 WARNING rally_openstack.scenarios.neutron.utils [-] Running this scenario without either the 'network' or 'existing_network' context is deprecated
2019-06-24 09:27:46.752 24807 RALLYDEBUG rally_openstack.wrappers.network [-] CIDR generated: 1.1.5.36/30
2019-06-24 09:27:47.002 24795 INFO rally.task.runner [-] Task e244269a-dd04-4230-8919-eaaedbac739e | ITER: 21 END: OK
2019-06-24 09:27:47.005 24795 INFO rally.task.runner [-] Task e244269a-dd04-4230-8919-eaaedbac739e | ITER: 33 START
2019-06-24 09:27:47.005 24795 WARNING rally_openstack.scenarios.neutron.utils [-] Running this scenario without either the 'network' or 'existing_network' context is deprecated
2019-06-24 09:27:47.345 24838 INFO rally.task.runner [-] Task e244269a-dd04-4230-8919-eaaedbac739e | ITER: 19 END: OK
2019-06-24 09:27:47.348 24838 INFO rally.task.runner [-] Task e244269a-dd04-4230-8919-eaaedbac739e | ITER: 34 START
2019-06-24 09:27:47.349 24838 WARNING rally_openstack.scenarios.neutron.utils [-] Running this scenario without either the 'network' or 'existing_network' context is deprecated
2019-06-24 09:27:47.424 24840 INFO rally.task.runner [-] Task e244269a-dd04-4230-8919-eaaedbac739e | ITER: 20 END: OK
2019-06-24 09:27:47.428 24840 INFO rally.task.runner [-] Task e244269a-dd04-4230-8919-eaaedbac739e | ITER: 35 START
2019-06-24 09:27:47.428 24840 WARNING rally_openstack.scenarios.neutron.utils [-] Running this scenario without either the 'network' or 'existing_network' context is deprecated
2019-06-24 09:27:47.640 24805 INFO rally.task.runner [-] Task e244269a-dd04-4230-8919-eaaedbac739e | ITER: 23 END: OK
2019-06-24 09:27:47.643 24805 INFO rally.task.runner [-] Task e244269a-dd04-4230-8919-eaaedbac739e | ITER: 36 START
2019-06-24 09:27:47.644 24796 INFO rally.task.runner [-] Task e244269a-dd04-4230-8919-eaaedbac739e | ITER: 4 END: OK
2019-06-24 09:27:47.644 24805 WARNING rally_openstack.scenarios.neutron.utils [-] Running this scenario without either the 'network' or 'existing_network' context is deprecated
2019-06-24 09:27:47.648 24796 INFO rally.task.runner [-] Task e244269a-dd04-4230-8919-eaaedbac739e | ITER: 37 START
2019-06-24 09:27:47.648 24796 WARNING rally_openstack.scenarios.neutron.utils [-] Running this scenario without either the 'network' or 'existing_network' context is deprecated
2019-06-24 09:27:47.950 24818 RALLYDEBUG rally_openstack.wrappers.network [-] CIDR generated: 1.1.5.40/30
2019-06-24 09:27:48.125 24796 INFO rally.task.runner [-] Task e244269a-dd04-4230-8919-eaaedbac739e | ITER: 5 END: OK
2019-06-24 09:27:48.129 24796 INFO rally.task.runner [-] Task e244269a-dd04-4230-8919-eaaedbac739e | ITER: 38 START
2019-06-24 09:27:48.129 24796 WARNING rally_openstack.scenarios.neutron.utils [-] Running this scenario without either the 'network' or 'existing_network' context is deprecated
2019-06-24 09:27:48.446 24799 RALLYDEBUG rally_openstack.wrappers.network [-] CIDR generated: 1.1.5.44/30
2019-06-24 09:27:48.627 24801 RALLYDEBUG rally_openstack.wrappers.network [-] CIDR generated: 1.1.5.48/30
2019-06-24 09:27:48.671 24819 RALLYDEBUG rally_openstack.wrappers.network [-] CIDR generated: 1.1.5.52/30
2019-06-24 09:27:48.759 24821 INFO rally.task.runner [-] Task e244269a-dd04-4230-8919-eaaedbac739e | ITER: 24 END: OK
2019-06-24 09:27:48.762 24820 RALLYDEBUG rally_openstack.wrappers.network [-] CIDR generated: 1.1.5.56/30
2019-06-24 09:27:48.762 24821 INFO rally.task.runner [-] Task e244269a-dd04-4230-8919-eaaedbac739e | ITER: 39 START
2019-06-24 09:27:48.763 24821 WARNING rally_openstack.scenarios.neutron.utils [-] Running this scenario without either the 'network' or 'existing_network' context is deprecated
2019-06-24 09:27:49.208 24795 RALLYDEBUG rally_openstack.wrappers.network [-] CIDR generated: 1.1.5.60/30
2019-06-24 09:27:49.295 24795 RALLYDEBUG rally_openstack.wrappers.network [-] CIDR generated: 1.1.5.64/30
2019-06-24 09:27:49.382 24796 RALLYDEBUG rally_openstack.wrappers.network [-] CIDR generated: 1.1.5.68/30
2019-06-24 09:27:49.485 24807 RALLYDEBUG rally_openstack.wrappers.network [-] CIDR generated: 1.1.5.72/30
2019-06-24 09:27:49.560 24840 RALLYDEBUG rally_openstack.wrappers.network [-] CIDR generated: 1.1.5.76/30
2019-06-24 09:27:49.762 24837 RALLYDEBUG rally_openstack.wrappers.network [-] CIDR generated: 1.1.5.80/30
2019-06-24 09:27:49.917 24796 RALLYDEBUG rally_openstack.wrappers.network [-] CIDR generated: 1.1.5.84/30
2019-06-24 09:27:50.311 24805 RALLYDEBUG rally_openstack.wrappers.network [-] CIDR generated: 1.1.5.88/30
2019-06-24 09:27:50.312 24818 RALLYDEBUG rally_openstack.wrappers.network [-] CIDR generated: 1.1.5.92/30
2019-06-24 09:27:50.679 24838 RALLYDEBUG rally_openstack.wrappers.network [-] CIDR generated: 1.1.5.96/30
2019-06-24 09:27:52.851 24820 RALLYDEBUG rally_openstack.wrappers.network [-] CIDR generated: 1.1.5.100/30
2019-06-24 09:27:53.116 24821 RALLYDEBUG rally_openstack.wrappers.network [-] CIDR generated: 1.1.5.104/30
2019-06-24 09:27:53.249 24819 RALLYDEBUG rally_openstack.wrappers.network [-] CIDR generated: 1.1.5.108/30
2019-06-24 09:27:53.755 24796 RALLYDEBUG rally_openstack.wrappers.network [-] CIDR generated: 1.1.5.112/30
2019-06-24 09:27:54.182 24795 RALLYDEBUG rally_openstack.wrappers.network [-] CIDR generated: 1.1.5.116/30
2019-06-24 09:27:54.545 24796 RALLYDEBUG rally_openstack.wrappers.network [-] CIDR generated: 1.1.5.120/30
2019-06-24 09:27:54.715 24801 RALLYDEBUG rally_openstack.wrappers.network [-] CIDR generated: 1.1.5.124/30
2019-06-24 09:27:55.033 24840 RALLYDEBUG rally_openstack.wrappers.network [-] CIDR generated: 1.1.5.128/30
2019-06-24 09:27:55.453 24805 RALLYDEBUG rally_openstack.wrappers.network [-] CIDR generated: 1.1.5.132/30
2019-06-24 09:27:56.120 24794 INFO rally.task.runner [-] Task e244269a-dd04-4230-8919-eaaedbac739e | ITER: 2 END: OK
2019-06-24 09:27:56.123 24794 INFO rally.task.runner [-] Task e244269a-dd04-4230-8919-eaaedbac739e | ITER: 40 START
2019-06-24 09:27:56.124 24794 WARNING rally_openstack.scenarios.neutron.utils [-] Running this scenario without either the 'network' or 'existing_network' context is deprecated
2019-06-24 09:27:56.292 24799 INFO rally.task.runner [-] Task e244269a-dd04-4230-8919-eaaedbac739e | ITER: 25 END: OK
2019-06-24 09:27:56.655 24795 RALLYDEBUG rally_openstack.wrappers.network [-] CIDR generated: 1.1.5.136/30
2019-06-24 09:27:57.253 24838 RALLYDEBUG rally_openstack.wrappers.network [-] CIDR generated: 1.1.5.140/30
2019-06-24 09:27:57.308 24837 RALLYDEBUG rally_openstack.wrappers.network [-] CIDR generated: 1.1.5.144/30
2019-06-24 09:27:57.767 24821 RALLYDEBUG rally_openstack.wrappers.network [-] CIDR generated: 1.1.5.148/30
2019-06-24 09:27:58.117 24794 RALLYDEBUG rally_openstack.wrappers.network [-] CIDR generated: 1.1.5.152/30
2019-06-24 09:27:58.234 24799 INFO rally.task.runner [-] Task e244269a-dd04-4230-8919-eaaedbac739e | ITER: 7 END: OK
2019-06-24 09:27:58.302 24794 INFO rally.task.runner [-] Task e244269a-dd04-4230-8919-eaaedbac739e | ITER: 1 END: OK
2019-06-24 09:27:58.378 24833 INFO rally.task.runner [-] Task e244269a-dd04-4230-8919-eaaedbac739e | ITER: 17 END: OK
2019-06-24 09:27:58.428 24818 INFO rally.task.runner [-] Task e244269a-dd04-4230-8919-eaaedbac739e | ITER: 28 END: OK
2019-06-24 09:27:59.005 24820 INFO rally.task.runner [-] Task e244269a-dd04-4230-8919-eaaedbac739e | ITER: 31 END: OK
2019-06-24 09:27:59.029 24807 INFO rally.task.runner [-] Task e244269a-dd04-4230-8919-eaaedbac739e | ITER: 26 END: OK
2019-06-24 09:27:59.483 24814 INFO rally.task.runner [-] Task e244269a-dd04-4230-8919-eaaedbac739e | ITER: 13 END: OK
2019-06-24 09:27:59.497 24796 INFO rally.task.runner [-] Task e244269a-dd04-4230-8919-eaaedbac739e | ITER: 38 END: OK
2019-06-24 09:28:00.214 24794 RALLYDEBUG rally_openstack.wrappers.network [-] CIDR generated: 1.1.5.156/30
2019-06-24 09:28:00.893 24840 INFO rally.task.runner [-] Task e244269a-dd04-4230-8919-eaaedbac739e | ITER: 35 END: OK
2019-06-24 09:28:01.934 24794 INFO rally.task.runner [-] Task e244269a-dd04-4230-8919-eaaedbac739e | ITER: 40 END: OK
2019-06-24 09:28:02.045 24796 INFO rally.task.runner [-] Task e244269a-dd04-4230-8919-eaaedbac739e | ITER: 37 END: OK
2019-06-24 09:28:02.935 24805 INFO rally.task.runner [-] Task e244269a-dd04-4230-8919-eaaedbac739e | ITER: 36 END: OK
2019-06-24 09:28:04.117 24819 INFO rally.task.runner [-] Task e244269a-dd04-4230-8919-eaaedbac739e | ITER: 30 END: OK
2019-06-24 09:28:04.143 24821 INFO rally.task.runner [-] Task e244269a-dd04-4230-8919-eaaedbac739e | ITER: 39 END: OK
2019-06-24 09:28:04.173 24795 INFO rally.task.runner [-] Task e244269a-dd04-4230-8919-eaaedbac739e | ITER: 33 END: OK
2019-06-24 09:28:05.841 24801 INFO rally.task.runner [-] Task e244269a-dd04-4230-8919-eaaedbac739e | ITER: 27 END: OK
2019-06-24 09:28:07.381 24795 INFO rally.task.runner [-] Task e244269a-dd04-4230-8919-eaaedbac739e | ITER: 29 END: OK
2019-06-24 09:28:07.399 24838 INFO rally.task.runner [-] Task e244269a-dd04-4230-8919-eaaedbac739e | ITER: 34 END: OK
2019-06-24 09:28:07.851 24837 INFO rally.task.runner [-] Task e244269a-dd04-4230-8919-eaaedbac739e | ITER: 32 END: OK
2019-06-24 09:28:07.870 22700 INFO rally.task.context [-] Task e244269a-dd04-4230-8919-eaaedbac739e | Context cleanup@openstack cleanup() started
2019-06-24 09:28:07.872 22700 RALLYDEBUG rally_openstack.cleanup.manager [-] Cleaning up neutron vip objects
2019-06-24 09:28:08.537 22700 RALLYDEBUG rally_openstack.cleanup.manager [-] Cleaning up neutron health_monitor objects
2019-06-24 09:28:09.225 22700 RALLYDEBUG rally_openstack.cleanup.manager [-] Cleaning up neutron pool objects
2019-06-24 09:28:09.954 22700 RALLYDEBUG rally_openstack.cleanup.manager [-] Cleaning up neutron loadbalancer objects
2019-06-24 09:28:10.718 22700 RALLYDEBUG rally_openstack.cleanup.manager [-] Cleaning up neutron floatingip objects
2019-06-24 09:28:11.584 22700 RALLYDEBUG rally_openstack.cleanup.manager [-] Cleaning up neutron port objects
2019-06-24 09:28:12.554 22700 RALLYDEBUG rally_openstack.cleanup.manager [-] Cleaning up neutron subnet objects
2019-06-24 09:28:13.494 22700 RALLYDEBUG rally_openstack.cleanup.manager [-] Cleaning up neutron network objects
2019-06-24 09:28:14.357 22700 RALLYDEBUG rally_openstack.cleanup.manager [-] Deleting neutron.network object s_rally_6e2a7581_4wenYpUG (0ad182a2-c269-4099-9413-7e0620a27d0a)
2019-06-24 09:28:14.360 22700 RALLYDEBUG rally_openstack.cleanup.manager [-] Deleting neutron.network object s_rally_6e2a7581_GbL7QDxU (120cf934-2793-4e6a-b5ea-751adbb6a841)
2019-06-24 09:28:14.369 22700 RALLYDEBUG rally_openstack.cleanup.manager [-] Deleting neutron.network object s_rally_6e2a7581_VHlrrBNL (13434e2a-3abd-41b2-8d7b-018bb788cbb8)
2019-06-24 09:28:14.373 22700 RALLYDEBUG rally_openstack.cleanup.manager [-] Deleting neutron.network object s_rally_6e2a7581_cmzaVKZF (1475b20b-eab9-433f-ab0b-41667f7e420b)
2019-06-24 09:28:14.373 22700 RALLYDEBUG rally_openstack.cleanup.manager [-] Deleting neutron.network object s_rally_6e2a7581_UKWJlw4X (16c3b7f4-347b-4ad5-a3c4-4686fd175ad6)
2019-06-24 09:28:14.378 22700 RALLYDEBUG rally_openstack.cleanup.manager [-] Deleting neutron.network object s_rally_6e2a7581_QgAWp6j7 (23548bd5-5af5-4c7b-b329-eeee95b43027)
2019-06-24 09:28:14.397 22700 RALLYDEBUG rally_openstack.cleanup.manager [-] Deleting neutron.network object s_rally_6e2a7581_UEfO12LR (2428d103-d702-4e5d-8359-5a7920e426a9)
2019-06-24 09:28:14.407 22700 RALLYDEBUG rally_openstack.cleanup.manager [-] Deleting neutron.network object s_rally_6e2a7581_cgEYBLUP (44732e69-3f2f-4d96-8359-2a446ba2224a)
2019-06-24 09:28:14.408 22700 RALLYDEBUG rally_openstack.cleanup.manager [-] Deleting neutron.network object s_rally_6e2a7581_DAdTMrDg (2ae514f8-54ae-4006-94e1-6c0c089cab7d)
2019-06-24 09:28:14.416 22700 RALLYDEBUG rally_openstack.cleanup.manager [-] Deleting neutron.network object s_rally_6e2a7581_tyrFFzk4 (48116ea9-0e7d-4dba-958a-0dc2c09d85d5)
2019-06-24 09:28:14.423 22700 RALLYDEBUG rally_openstack.cleanup.manager [-] Deleting neutron.network object s_rally_6e2a7581_J9eT1hT7 (50863b50-1c88-4798-b591-d83b3d7e30d9)
2019-06-24 09:28:14.437 22700 RALLYDEBUG rally_openstack.cleanup.manager [-] Deleting neutron.network object s_rally_6e2a7581_P00SF3ww (5972ba69-b66f-400f-a24a-a70b9ba1cf28)
2019-06-24 09:28:14.442 22700 RALLYDEBUG rally_openstack.cleanup.manager [-] Deleting neutron.network object s_rally_6e2a7581_EnJ4D0I3 (62279adb-0551-44f9-ac9e-71c1c82d561a)
2019-06-24 09:28:14.449 22700 RALLYDEBUG rally_openstack.cleanup.manager [-] Deleting neutron.network object s_rally_6e2a7581_T6Vjk3v5 (68d8221a-164b-457d-b1fd-8e361a213607)
2019-06-24 09:28:14.456 22700 RALLYDEBUG rally_openstack.cleanup.manager [-] Deleting neutron.network object s_rally_6e2a7581_30uMZZne (6e7244d4-49ee-4cd7-8db4-c38eb1abb2f8)
2019-06-24 09:28:14.468 22700 RALLYDEBUG rally_openstack.cleanup.manager [-] Deleting neutron.network object s_rally_6e2a7581_g9fb4d8m (74b42546-65ca-432f-824d-f080909f58df)
2019-06-24 09:28:14.484 22700 RALLYDEBUG rally_openstack.cleanup.manager [-] Deleting neutron.network object s_rally_6e2a7581_yPHMgpyS (7678a916-50e6-446a-b27a-ac528c693d91)
2019-06-24 09:28:14.488 22700 RALLYDEBUG rally_openstack.cleanup.manager [-] Deleting neutron.network object s_rally_6e2a7581_D8DOLIgf (782f3122-8619-4881-a638-712056dc6420)
2019-06-24 09:28:14.491 22700 RALLYDEBUG rally_openstack.cleanup.manager [-] Deleting neutron.network object s_rally_6e2a7581_iNOc3tgl (79f80bb9-af3e-4959-946b-1052d211a924)
2019-06-24 09:28:14.511 22700 RALLYDEBUG rally_openstack.cleanup.manager [-] Deleting neutron.network object s_rally_6e2a7581_Zk0DQUdM (81c13752-542d-4348-b532-dcafbaa908d8)
2019-06-24 09:28:17.411 22700 RALLYDEBUG rally_openstack.cleanup.manager [-] Deleting neutron.network object s_rally_6e2a7581_AqnWSNL6 (825c8ed2-da94-46f0-9659-7df2b28deee9)
2019-06-24 09:28:17.524 22700 RALLYDEBUG rally_openstack.cleanup.manager [-] Deleting neutron.network object s_rally_6e2a7581_MUQANXt7 (83c41698-79bd-466e-b527-b993cbfbdb4c)
2019-06-24 09:28:17.631 22700 RALLYDEBUG rally_openstack.cleanup.manager [-] Deleting neutron.network object s_rally_6e2a7581_7pDPn8zX (8ef3cb57-d4ee-4059-9507-dc38669c983d)
2019-06-24 09:28:17.951 22700 RALLYDEBUG rally_openstack.cleanup.manager [-] Deleting neutron.network object s_rally_6e2a7581_xtHpIRsI (96c033c3-e9a7-4a21-a4c4-2c95faf72c2a)
2019-06-24 09:28:18.563 22700 RALLYDEBUG rally_openstack.cleanup.manager [-] Deleting neutron.network object s_rally_6e2a7581_pIJP5rfg (983a287c-8df6-4205-b191-87b61d745c12)
2019-06-24 09:28:18.623 22700 RALLYDEBUG rally_openstack.cleanup.manager [-] Deleting neutron.network object s_rally_6e2a7581_RlmPKZ9t (a5c7f4b2-f360-43ca-979f-ac1161611f3e)
2019-06-24 09:28:19.584 22700 RALLYDEBUG rally_openstack.cleanup.manager [-] Deleting neutron.network object s_rally_6e2a7581_bg3MDXMw (add14260-bbd1-4ec0-9360-c40f5b7236d4)
2019-06-24 09:28:20.155 22700 RALLYDEBUG rally_openstack.cleanup.manager [-] Deleting neutron.network object s_rally_6e2a7581_gwWIl2iI (af008a8b-c565-4242-aa29-526a78b0843a)
2019-06-24 09:28:20.869 22700 RALLYDEBUG rally_openstack.cleanup.manager [-] Deleting neutron.network object s_rally_6e2a7581_N0PboWS6 (af9fbf57-3cd9-4eed-a29d-9d4c5846d491)
2019-06-24 09:28:20.952 22700 RALLYDEBUG rally_openstack.cleanup.manager [-] Deleting neutron.network object s_rally_6e2a7581_NspNBnnp (b1681723-f770-4d68-a2a3-778fe9af9abc)
2019-06-24 09:28:21.155 22700 RALLYDEBUG rally_openstack.cleanup.manager [-] Deleting neutron.network object s_rally_6e2a7581_AgjNnUQR (b578abb5-549d-41c9-b32f-e76c30c00903)
2019-06-24 09:28:21.203 22700 RALLYDEBUG rally_openstack.cleanup.manager [-] Deleting neutron.network object s_rally_6e2a7581_Sro3e2yP (bc7e9282-26ff-4747-bfe5-7d651bdb6b84)
2019-06-24 09:28:21.242 22700 RALLYDEBUG rally_openstack.cleanup.manager [-] Deleting neutron.network object s_rally_6e2a7581_uiKCL93u (bd1f8f4e-7c65-48fd-a7b5-108a1020762f)
2019-06-24 09:28:21.265 22700 RALLYDEBUG rally_openstack.cleanup.manager [-] Deleting neutron.network object s_rally_6e2a7581_Aet1ChDr (d4de6a40-0e51-4fbf-a969-ed293da9d860)
2019-06-24 09:28:21.372 22700 RALLYDEBUG rally_openstack.cleanup.manager [-] Deleting neutron.network object s_rally_6e2a7581_Dw38mI3h (dae94e7f-506e-4443-b9d1-49c9946d8c29)
2019-06-24 09:28:21.383 22700 RALLYDEBUG rally_openstack.cleanup.manager [-] Deleting neutron.network object s_rally_6e2a7581_eJuBaCyI (dc64f86d-e069-4d64-9f02-7a78f4c786dd)
2019-06-24 09:28:21.518 22700 RALLYDEBUG rally_openstack.cleanup.manager [-] Deleting neutron.network object s_rally_6e2a7581_ipxKMXm9 (e6716145-ef70-4bd7-b684-d81f3cd699b8)
2019-06-24 09:28:21.728 22700 RALLYDEBUG rally_openstack.cleanup.manager [-] Deleting neutron.network object s_rally_6e2a7581_95K2Vq0c (e696d10b-bccb-473e-b6a8-d988650d7133)
2019-06-24 09:28:22.575 22700 RALLYDEBUG rally_openstack.cleanup.manager [-] Deleting neutron.network object s_rally_6e2a7581_SycYg6Rf (eacb6fb0-e8db-4f3a-bc45-b07e438c1d91)
2019-06-24 09:28:22.579 22700 RALLYDEBUG rally_openstack.cleanup.manager [-] Deleting neutron.network object s_rally_6e2a7581_TGXwWebt (fabb50b2-0d81-4dd4-b9bb-4f52ed69eb43)
2019-06-24 09:28:25.612 22700 RALLYDEBUG rally_openstack.cleanup.manager [-] Cleaning up neutron router objects
2019-06-24 09:28:26.293 22700 RALLYDEBUG rally_openstack.cleanup.manager [-] Cleaning up neutron security_group objects
2019-06-24 09:28:26.964 22700 INFO rally.task.context [-] Task e244269a-dd04-4230-8919-eaaedbac739e | Context cleanup@openstack cleanup() finished in 19.09 sec
2019-06-24 09:28:26.965 22700 INFO rally.task.context [-] Task e244269a-dd04-4230-8919-eaaedbac739e | Context quotas@openstack cleanup() started
2019-06-24 09:28:27.192 22700 INFO rally.task.context [-] Task e244269a-dd04-4230-8919-eaaedbac739e | Context quotas@openstack cleanup() finished in 0.23 sec
2019-06-24 09:28:27.192 22700 INFO rally.task.context [-] Task e244269a-dd04-4230-8919-eaaedbac739e | Context users@openstack cleanup() started
2019-06-24 09:28:31.461 22700 INFO rally.task.context [-] Task e244269a-dd04-4230-8919-eaaedbac739e | Context users@openstack cleanup() finished in 4.27 sec
2019-06-24 09:28:32.931 22700 INFO rally.task.engine [-] Load duration is: 36.313755
2019-06-24 09:28:32.931 22700 INFO rally.task.engine [-] Full runner duration is: 36.348507
2019-06-24 09:28:32.931 22700 INFO rally.task.engine [-] Full duration is: 64.759766
2019-06-24 09:28:33.162 22700 INFO rally.task.engine [-] Running workload: position = 0 config = { "version": 2, "title": "A cropped version of a bigger task.", "description": "Auto-generated task from a single workload (uuid=c9d61a23-2ea0-495f-b864-da3748a3e2a7)", "subtasks": [ { "title": "NeutronNetworks.create_and_list_routers", "description": "Create and a given number of routers and list all routers.", "scenario": { "NeutronNetworks.create_and_list_routers": { "network_create_args": null, "subnet_create_args": null, "subnet_cidr_start": "1.1.0.0/30", "subnets_per_network": 2, "router_create_args": null } }, "contexts": { "users": { "tenants": 1, "users_per_tenant": 1 }, "quotas": { "neutron": { "network": -1, "subnet": -1, "router": -1 } } }, "runner": { "constant": { "times": 40, "concurrency": 20 } }, "hooks": [], "sla": { "failure_rate": { "max": 0 } } } ] }
2019-06-24 09:28:33.188 22700 RALLYDEBUG rally_openstack.contexts.keystone.users [-] Creating 1 tenants using 20 threads
2019-06-24 09:28:34.962 22700 RALLYDEBUG rally_openstack.contexts.keystone.users [-] Creating 1 users using 20 threads
2019-06-24 09:28:37.289 22700 INFO rally.task.context [-] Task e244269a-dd04-4230-8919-eaaedbac739e | Context users@openstack setup() finished in 4.10 sec
2019-06-24 09:28:38.063 22700 INFO rally.task.context [-] Task e244269a-dd04-4230-8919-eaaedbac739e | Context quotas@openstack setup() finished in 0.77 sec
2019-06-24 09:28:38.064 22700 INFO rally.task.context [-] Task e244269a-dd04-4230-8919-eaaedbac739e | Context cleanup@openstack setup() finished in 0.02 msec
2019-06-24 09:28:38.071 22700 RALLYDEBUG rally.task.runner [-] Starting the constant runner (task UUID: e244269a-dd04-4230-8919-eaaedbac739e). timeout: 0 concurrency: 20 concurrency_per_worker: 1 times: 40 concurrency_overhead: 4 processes_to_start: 16 max_cpu_used: 16
2019-06-24 09:28:38.080 25164 RALLYDEBUG rally.task.runner [-] Starting a worker. concurrency: 2 args: {"network_create_args": null, "subnet_create_args": null, "subnet_cidr_start": "1.1.0.0/30", "subnets_per_network": 2, "router_create_args": null} times: 40 method_name: run timeout: 0 duration: None cls:
2019-06-24 09:28:38.085 25165 RALLYDEBUG rally.task.runner [-] Starting a worker. concurrency: 2 args: {"network_create_args": null, "subnet_create_args": null, "subnet_cidr_start": "1.1.0.0/30", "subnets_per_network": 2, "router_create_args": null} times: 40 method_name: run timeout: 0 duration: None cls:
2019-06-24 09:28:38.085 25164 INFO rally.task.runner [-] Task e244269a-dd04-4230-8919-eaaedbac739e | ITER: 1 START
2019-06-24 09:28:38.087 25166 RALLYDEBUG rally.task.runner [-] Starting a worker. concurrency: 2 args: {"network_create_args": null, "subnet_create_args": null, "subnet_cidr_start": "1.1.0.0/30", "subnets_per_network": 2, "router_create_args": null} times: 40 method_name: run timeout: 0 duration: None cls:
2019-06-24 09:28:38.088 25169 RALLYDEBUG rally.task.runner [-] Starting a worker. concurrency: 2 args: {"network_create_args": null, "subnet_create_args": null, "subnet_cidr_start": "1.1.0.0/30", "subnets_per_network": 2, "router_create_args": null} times: 40 method_name: run timeout: 0 duration: None cls:
2019-06-24 09:28:38.089 25164 INFO rally.task.runner [-] Task e244269a-dd04-4230-8919-eaaedbac739e | ITER: 2 START
2019-06-24 09:28:38.091 25171 RALLYDEBUG rally.task.runner [-] Starting a worker. concurrency: 1 args: {"network_create_args": null, "subnet_create_args": null, "subnet_cidr_start": "1.1.0.0/30", "subnets_per_network": 2, "router_create_args": null} times: 40 method_name: run timeout: 0 duration: None cls:
2019-06-24 09:28:38.092 25165 INFO rally.task.runner [-] Task e244269a-dd04-4230-8919-eaaedbac739e | ITER: 3 START
2019-06-24 09:28:38.094 25171 INFO rally.task.runner [-] Task e244269a-dd04-4230-8919-eaaedbac739e | ITER: 8 START
2019-06-24 09:28:38.095 25166 INFO rally.task.runner [-] Task e244269a-dd04-4230-8919-eaaedbac739e | ITER: 5 START
2019-06-24 09:28:38.094 25169 INFO rally.task.runner [-] Task e244269a-dd04-4230-8919-eaaedbac739e | ITER: 4 START
2019-06-24 09:28:38.095 25169 INFO rally.task.runner [-] Task e244269a-dd04-4230-8919-eaaedbac739e | ITER: 7 START
2019-06-24 09:28:38.098 25174 RALLYDEBUG rally.task.runner [-] Starting a worker. concurrency: 1 args: {"network_create_args": null, "subnet_create_args": null, "subnet_cidr_start": "1.1.0.0/30", "subnets_per_network": 2, "router_create_args": null} times: 40 method_name: run timeout: 0 duration: None cls:
2019-06-24 09:28:38.101 25174 INFO rally.task.runner [-] Task e244269a-dd04-4230-8919-eaaedbac739e | ITER: 10 START
2019-06-24 09:28:38.103 25165 INFO rally.task.runner [-] Task e244269a-dd04-4230-8919-eaaedbac739e | ITER: 6 START
2019-06-24 09:28:38.103 25177 RALLYDEBUG rally.task.runner [-] Starting a worker. concurrency: 1 args: {"network_create_args": null, "subnet_create_args": null, "subnet_cidr_start": "1.1.0.0/30", "subnets_per_network": 2, "router_create_args": null} times: 40 method_name: run timeout: 0 duration: None cls:
2019-06-24 09:28:38.103 25184 RALLYDEBUG rally.task.runner [-] Starting a worker. concurrency: 1 args: {"network_create_args": null, "subnet_create_args": null, "subnet_cidr_start": "1.1.0.0/30", "subnets_per_network": 2, "router_create_args": null} times: 40 method_name: run timeout: 0 duration: None cls:
2019-06-24 09:28:38.103 25166 INFO rally.task.runner [-] Task e244269a-dd04-4230-8919-eaaedbac739e | ITER: 9 START
2019-06-24 09:28:38.105 25186 RALLYDEBUG rally.task.runner [-] Starting a worker. concurrency: 1 args: {"network_create_args": null, "subnet_create_args": null, "subnet_cidr_start": "1.1.0.0/30", "subnets_per_network": 2, "router_create_args": null} times: 40 method_name: run timeout: 0 duration: None cls:
2019-06-24 09:28:38.109 25186 INFO rally.task.runner [-] Task e244269a-dd04-4230-8919-eaaedbac739e | ITER: 13 START
2019-06-24 09:28:38.109 25184 INFO rally.task.runner [-] Task e244269a-dd04-4230-8919-eaaedbac739e | ITER: 12 START
2019-06-24 09:28:38.110 25177 INFO rally.task.runner [-] Task e244269a-dd04-4230-8919-eaaedbac739e | ITER: 11 START
2019-06-24 09:28:38.112 25189 RALLYDEBUG rally.task.runner [-] Starting a worker. concurrency: 1 args: {"network_create_args": null, "subnet_create_args": null, "subnet_cidr_start": "1.1.0.0/30", "subnets_per_network": 2, "router_create_args": null} times: 40 method_name: run timeout: 0 duration: None cls:
2019-06-24 09:28:38.117 25189 INFO rally.task.runner [-] Task e244269a-dd04-4230-8919-eaaedbac739e | ITER: 14 START
2019-06-24 09:28:38.118 25196 RALLYDEBUG rally.task.runner [-] Starting a worker. concurrency: 1 args: {"network_create_args": null, "subnet_create_args": null, "subnet_cidr_start": "1.1.0.0/30", "subnets_per_network": 2, "router_create_args": null} times: 40 method_name: run timeout: 0 duration: None cls:
2019-06-24 09:28:38.122 25196 INFO rally.task.runner [-] Task e244269a-dd04-4230-8919-eaaedbac739e | ITER: 15 START
2019-06-24 09:28:38.128 25201 RALLYDEBUG rally.task.runner [-] Starting a worker. concurrency: 1 args: {"network_create_args": null, "subnet_create_args": null, "subnet_cidr_start": "1.1.0.0/30", "subnets_per_network": 2, "router_create_args": null} times: 40 method_name: run timeout: 0 duration: None cls:
2019-06-24 09:28:38.133 25202 RALLYDEBUG rally.task.runner [-] Starting a worker. concurrency: 1 args: {"network_create_args": null, "subnet_create_args": null, "subnet_cidr_start": "1.1.0.0/30", "subnets_per_network": 2, "router_create_args": null} times: 40 method_name: run timeout: 0 duration: None cls:
2019-06-24 09:28:38.137 25203 RALLYDEBUG rally.task.runner [-] Starting a worker. concurrency: 1 args: {"network_create_args": null, "subnet_create_args": null, "subnet_cidr_start": "1.1.0.0/30", "subnets_per_network": 2, "router_create_args": null} times: 40 method_name: run timeout: 0 duration: None cls:
2019-06-24 09:28:38.138 25202 INFO rally.task.runner [-] Task e244269a-dd04-4230-8919-eaaedbac739e | ITER: 17 START
2019-06-24 09:28:38.141 25201 INFO rally.task.runner [-] Task e244269a-dd04-4230-8919-eaaedbac739e | ITER: 16 START
2019-06-24 09:28:38.143 25203 INFO rally.task.runner [-] Task e244269a-dd04-4230-8919-eaaedbac739e | ITER: 18 START
2019-06-24 09:28:38.143 25205 RALLYDEBUG rally.task.runner [-] Starting a worker. concurrency: 1 args: {"network_create_args": null, "subnet_create_args": null, "subnet_cidr_start": "1.1.0.0/30", "subnets_per_network": 2, "router_create_args": null} times: 40 method_name: run timeout: 0 duration: None cls:
2019-06-24 09:28:38.144 25209 RALLYDEBUG rally.task.runner [-] Starting a worker. concurrency: 1 args: {"network_create_args": null, "subnet_create_args": null, "subnet_cidr_start": "1.1.0.0/30", "subnets_per_network": 2, "router_create_args": null} times: 40 method_name: run timeout: 0 duration: None cls:
2019-06-24 09:28:38.147 25205 INFO rally.task.runner [-] Task e244269a-dd04-4230-8919-eaaedbac739e | ITER: 19 START
2019-06-24 09:28:38.147 25209 INFO rally.task.runner [-] Task e244269a-dd04-4230-8919-eaaedbac739e | ITER: 20 START
2019-06-24 09:28:39.795 25171 RALLYDEBUG rally_openstack.wrappers.network [-] CIDR generated: 1.1.5.160/30
2019-06-24 09:28:39.867 25169 RALLYDEBUG rally_openstack.wrappers.network [-] CIDR generated: 1.1.5.164/30
2019-06-24 09:28:39.883 25174 RALLYDEBUG rally_openstack.wrappers.network [-] CIDR generated: 1.1.5.168/30
2019-06-24 09:28:39.985 25165 RALLYDEBUG rally_openstack.wrappers.network [-] CIDR generated: 1.1.5.172/30
2019-06-24 09:28:40.165 25203 RALLYDEBUG rally_openstack.wrappers.network [-] CIDR generated: 1.1.5.176/30
2019-06-24 09:28:40.210 25164 RALLYDEBUG rally_openstack.wrappers.network [-] CIDR generated: 1.1.5.180/30
2019-06-24 09:28:40.226 25186 RALLYDEBUG rally_openstack.wrappers.network [-] CIDR generated: 1.1.5.184/30
2019-06-24 09:28:40.234 25169 RALLYDEBUG rally_openstack.wrappers.network [-] CIDR generated: 1.1.5.188/30
2019-06-24 09:28:40.335 25177 RALLYDEBUG rally_openstack.wrappers.network [-] CIDR generated: 1.1.5.192/30
2019-06-24 09:28:40.436 25209 RALLYDEBUG rally_openstack.wrappers.network [-] CIDR generated: 1.1.5.196/30
2019-06-24 09:28:40.455 25166 RALLYDEBUG rally_openstack.wrappers.network [-] CIDR generated: 1.1.5.200/30
2019-06-24 09:28:40.493 25184 RALLYDEBUG rally_openstack.wrappers.network [-] CIDR generated: 1.1.5.204/30
2019-06-24 09:28:40.553 25196 RALLYDEBUG rally_openstack.wrappers.network [-] CIDR generated: 1.1.5.208/30
2019-06-24 09:28:40.596 25165 RALLYDEBUG rally_openstack.wrappers.network [-] CIDR generated: 1.1.5.212/30
2019-06-24 09:28:40.597 25166 RALLYDEBUG rally_openstack.wrappers.network [-] CIDR generated: 1.1.5.216/30
2019-06-24 09:28:40.606 25189 RALLYDEBUG rally_openstack.wrappers.network [-] CIDR generated: 1.1.5.220/30
2019-06-24 09:28:40.898 25205 RALLYDEBUG rally_openstack.wrappers.network [-] CIDR generated: 1.1.5.224/30
2019-06-24 09:28:40.989 25202 RALLYDEBUG rally_openstack.wrappers.network [-] CIDR generated: 1.1.5.228/30
2019-06-24 09:28:41.138 25164 RALLYDEBUG rally_openstack.wrappers.network [-] CIDR generated: 1.1.5.232/30
2019-06-24 09:28:41.302 25177 RALLYDEBUG rally_openstack.wrappers.network [-] CIDR generated: 1.1.5.236/30
2019-06-24 09:28:41.615 25203 RALLYDEBUG rally_openstack.wrappers.network [-] CIDR generated: 1.1.5.240/30
2019-06-24 09:28:42.095 25174 RALLYDEBUG rally_openstack.wrappers.network [-] CIDR generated: 1.1.5.244/30
2019-06-24 09:28:42.329 25171 RALLYDEBUG rally_openstack.wrappers.network [-] CIDR generated: 1.1.5.248/30
2019-06-24 09:28:42.570 25201 RALLYDEBUG rally_openstack.wrappers.network [-] CIDR generated: 1.1.5.252/30
2019-06-24 09:28:42.908 25169 RALLYDEBUG rally_openstack.wrappers.network [-] CIDR generated: 1.1.6.0/30
2019-06-24 09:28:43.031 25184 RALLYDEBUG rally_openstack.wrappers.network [-] CIDR generated: 1.1.6.4/30
2019-06-24 09:28:43.109 25166 RALLYDEBUG rally_openstack.wrappers.network [-] CIDR generated: 1.1.6.8/30
2019-06-24 09:28:43.596 25186 RALLYDEBUG rally_openstack.wrappers.network [-] CIDR generated: 1.1.6.12/30
2019-06-24 09:28:43.718 25196 RALLYDEBUG rally_openstack.wrappers.network [-] CIDR generated: 1.1.6.16/30
2019-06-24 09:28:43.767 25209 RALLYDEBUG rally_openstack.wrappers.network [-] CIDR generated: 1.1.6.20/30
2019-06-24 09:28:44.027 25165 RALLYDEBUG rally_openstack.wrappers.network [-] CIDR generated: 1.1.6.24/30
2019-06-24 09:28:44.245 25189 RALLYDEBUG rally_openstack.wrappers.network [-] CIDR generated: 1.1.6.28/30
2019-06-24 09:28:44.813 25205 RALLYDEBUG rally_openstack.wrappers.network [-] CIDR generated: 1.1.6.32/30
2019-06-24 09:28:44.844 25202 RALLYDEBUG rally_openstack.wrappers.network [-] CIDR generated: 1.1.6.36/30
2019-06-24 09:28:45.395 25164 RALLYDEBUG rally_openstack.wrappers.network [-] CIDR generated: 1.1.6.40/30
2019-06-24 09:28:46.669 25169 RALLYDEBUG rally_openstack.wrappers.network [-] CIDR generated: 1.1.6.44/30
2019-06-24 09:28:47.015 25164 RALLYDEBUG rally_openstack.wrappers.network [-] CIDR generated: 1.1.6.48/30
2019-06-24 09:28:47.208 25166 RALLYDEBUG rally_openstack.wrappers.network [-] CIDR generated: 1.1.6.52/30
2019-06-24 09:28:47.347 25165 RALLYDEBUG rally_openstack.wrappers.network [-] CIDR generated: 1.1.6.56/30
2019-06-24 09:28:49.165 25201 RALLYDEBUG rally_openstack.wrappers.network [-] CIDR generated: 1.1.6.60/30
2019-06-24 09:28:52.241 25203 INFO rally.task.runner [-] Task e244269a-dd04-4230-8919-eaaedbac739e | ITER: 18 END: OK
2019-06-24 09:28:52.244 25203 INFO rally.task.runner [-] Task e244269a-dd04-4230-8919-eaaedbac739e | ITER: 21 START
2019-06-24 09:28:53.321 25177 INFO rally.task.runner [-] Task e244269a-dd04-4230-8919-eaaedbac739e | ITER: 11 END: OK
2019-06-24 09:28:53.323 25177 INFO rally.task.runner [-] Task e244269a-dd04-4230-8919-eaaedbac739e | ITER: 22 START
2019-06-24 09:28:54.079 25203 RALLYDEBUG rally_openstack.wrappers.network [-] CIDR generated: 1.1.6.64/30
2019-06-24 09:28:55.208 25177 RALLYDEBUG rally_openstack.wrappers.network [-] CIDR generated: 1.1.6.68/30
2019-06-24 09:28:55.758 25203 RALLYDEBUG rally_openstack.wrappers.network [-] CIDR generated: 1.1.6.72/30
2019-06-24 09:28:57.116 25177 RALLYDEBUG rally_openstack.wrappers.network [-] CIDR generated: 1.1.6.76/30
2019-06-24 09:29:00.805 25174 INFO rally.task.runner [-] Task e244269a-dd04-4230-8919-eaaedbac739e | ITER: 10 END: OK
2019-06-24 09:29:00.808 25174 INFO rally.task.runner [-] Task e244269a-dd04-4230-8919-eaaedbac739e | ITER: 23 START
2019-06-24 09:29:00.843 25184 INFO rally.task.runner [-] Task e244269a-dd04-4230-8919-eaaedbac739e | ITER: 12 END: OK
