2019-06-24 09:41:30.461 22700 RALLYDEBUG rally_openstack.cleanup.manager [-] Deleting neutron.port object s_rally_43d4547f_UUAU2ViZ (69e55236-bb41-413a-8a7a-2b74494391b0)
2019-06-24 09:41:30.469 22700 RALLYDEBUG rally_openstack.cleanup.manager [-] Deleting neutron.port object s_rally_43d4547f_y9wfgswZ (6a4e05ad-d060-4679-a26b-c4d3709083d3)
2019-06-24 09:41:30.485 22700 RALLYDEBUG rally_openstack.cleanup.manager [-] Deleting neutron.port object s_rally_43d4547f_Fp6ZS1mS (6a950172-4957-4c50-acce-9b9546f88a21)
2019-06-24 09:41:30.631 22700 RALLYDEBUG rally_openstack.cleanup.manager [-] Deleting neutron.port object s_rally_43d4547f_atCBlTVW (6b84f757-bf14-4522-9d8f-30419085023d)
2019-06-24 09:41:30.660 22700 RALLYDEBUG rally_openstack.cleanup.manager [-] Deleting neutron.port object s_rally_43d4547f_GNzcrm9I (6b975298-70bb-45dc-84cd-26b5ce7392e9)
2019-06-24 09:41:30.835 22700 RALLYDEBUG rally_openstack.cleanup.manager [-] Deleting neutron.port object s_rally_43d4547f_44lQQuBJ (6d519b33-4133-4df7-acc6-c72a50cd001b)
2019-06-24 09:41:31.080 22700 RALLYDEBUG rally_openstack.cleanup.manager [-] Deleting neutron.port object s_rally_43d4547f_JAIhBXag (6f0a1207-89f4-4c7e-9f79-41b62646ccb1)
2019-06-24 09:41:31.120 22700 RALLYDEBUG rally_openstack.cleanup.manager [-] Deleting neutron.port object s_rally_43d4547f_dcVjbiEv (6f0ab6aa-679c-44a7-bfad-7998f984119a)
2019-06-24 09:41:31.490 22700 RALLYDEBUG rally_openstack.cleanup.manager [-] Deleting neutron.port object s_rally_43d4547f_JZYkGgQr (6fa1b7df-9a64-4179-bf11-7273ea097cd4)
2019-06-24 09:41:31.516 22700 RALLYDEBUG rally_openstack.cleanup.manager [-] Deleting neutron.port object s_rally_43d4547f_pOT6cbob (756ae7b4-9e62-48d8-9bd3-4a3888ef26c7)
2019-06-24 09:41:31.529 22700 RALLYDEBUG rally_openstack.cleanup.manager [-] Deleting neutron.port object s_rally_43d4547f_yb19D73C (789638ff-aa25-4738-b115-b3c8dd7fbb87)
2019-06-24 09:41:31.673 22700 RALLYDEBUG rally_openstack.cleanup.manager [-] Deleting neutron.port object s_rally_43d4547f_fWSOb7Zo (79fca86b-f19e-4514-bfb3-74e4c5e25ebf)
2019-06-24 09:41:31.723 22700 RALLYDEBUG rally_openstack.cleanup.manager [-] Deleting neutron.port object s_rally_43d4547f_vPONBRbn (7a663b25-8998-4c9e-bebe-a1ef3c8ba485)
2019-06-24 09:41:31.730 22700 RALLYDEBUG rally_openstack.cleanup.manager [-] Deleting neutron.port object s_rally_43d4547f_Y51rPdIy (7a7532a5-b29b-4ae9-be0f-a79fd0fe9268)
2019-06-24 09:41:31.766 22700 RALLYDEBUG rally_openstack.cleanup.manager [-] Deleting neutron.port object s_rally_43d4547f_gIcoy2xD (7ad700cf-dba0-4d2c-b26f-bec48d6c0408)
2019-06-24 09:41:31.779 22700 RALLYDEBUG rally_openstack.cleanup.manager [-] Deleting neutron.port object s_rally_43d4547f_5nIgTok6 (7b89a740-0c36-4175-a664-4d69d2894d32)
2019-06-24 09:41:31.802 22700 RALLYDEBUG rally_openstack.cleanup.manager [-] Deleting neutron.port object s_rally_43d4547f_fPKwvX6H (7bacc984-2b1e-4f71-9439-6c153339be26)
2019-06-24 09:41:32.005 22700 RALLYDEBUG rally_openstack.cleanup.manager [-] Deleting neutron.port object s_rally_43d4547f_wJNo2dRT (7c9b7c63-01db-40fc-99ab-8e7480dedfca)
2019-06-24 09:41:32.543 22700 RALLYDEBUG rally_openstack.cleanup.manager [-] Deleting neutron.port object s_rally_43d4547f_blhl5j2I (7dfcdd67-dd8b-4a14-a5ef-bee8eb1f3a5b)
2019-06-24 09:41:32.913 22700 RALLYDEBUG rally_openstack.cleanup.manager [-] Deleting neutron.port object s_rally_43d4547f_HqGy8n8n (7e292a80-3101-4903-add4-1dbc9855dd84)
2019-06-24 09:41:33.090 22700 RALLYDEBUG rally_openstack.cleanup.manager [-] Deleting neutron.port object s_rally_43d4547f_0Yb82xbI (7e96180a-74b7-4fd1-b25d-98e704313b7d)
2019-06-24 09:41:33.454 22700 RALLYDEBUG rally_openstack.cleanup.manager [-] Deleting neutron.port object s_rally_43d4547f_8KC4UtjI (80388bb0-50cb-4483-8362-8f369dc22474)
2019-06-24 09:41:33.619 22700 RALLYDEBUG rally_openstack.cleanup.manager [-] Deleting neutron.port object s_rally_43d4547f_AwOAE7A6 (805eec41-c0ea-4f9c-8423-03c08d592d72)
2019-06-24 09:41:33.630 22700 RALLYDEBUG rally_openstack.cleanup.manager [-] Deleting neutron.port object s_rally_43d4547f_N2tej7dA (8129000b-9f0a-4a67-966d-037432bf3b23)
2019-06-24 09:41:33.847 22700 RALLYDEBUG rally_openstack.cleanup.manager [-] Deleting neutron.port object s_rally_43d4547f_vnsgcMa7 (81fb8765-c8bd-4c0b-b23f-4b603c5a9a29)
2019-06-24 09:41:33.966 22700 RALLYDEBUG rally_openstack.cleanup.manager [-] Deleting neutron.port object s_rally_43d4547f_8xxsEMHr (823a64ad-409f-48f4-84a1-36d647b58edb)
2019-06-24 09:41:34.292 22700 RALLYDEBUG rally_openstack.cleanup.manager [-] Deleting neutron.port object s_rally_43d4547f_B9lu4qC5 (833e7bf6-cabe-4745-a6ea-5f1186a057bb)
2019-06-24 09:41:34.342 22700 RALLYDEBUG rally_openstack.cleanup.manager [-] Deleting neutron.port object s_rally_43d4547f_ycGL0G9r (845486ad-49e3-4e8c-9f1a-7a275872d1f3)
2019-06-24 09:41:34.345 22700 RALLYDEBUG rally_openstack.cleanup.manager [-] Deleting neutron.port object s_rally_43d4547f_WJeU8vmB (83ff10ac-5ddd-42c2-b1f4-21acba47d1b7)
2019-06-24 09:41:34.352 22700 RALLYDEBUG rally_openstack.cleanup.manager [-] Deleting neutron.port object s_rally_43d4547f_dlLPuTK3 (8584fb63-249f-419e-9019-aeda7ccb2a77)
2019-06-24 09:41:34.435 22700 RALLYDEBUG rally_openstack.cleanup.manager [-] Deleting neutron.port object s_rally_43d4547f_DFAR0cVw (88a46356-158b-47fd-ae0a-a8085bed9989)
2019-06-24 09:41:34.459 22700 RALLYDEBUG rally_openstack.cleanup.manager [-] Deleting neutron.port object s_rally_43d4547f_2OCinVnn (8987071e-00e4-4790-9669-3b91674ff2b2)
2019-06-24 09:41:34.545 22700 RALLYDEBUG rally_openstack.cleanup.manager [-] Deleting neutron.port object s_rally_43d4547f_LtHpHwhg (8a089e07-4de6-4336-81da-89e510d065b2)
2019-06-24 09:41:34.655 22700 RALLYDEBUG rally_openstack.cleanup.manager [-] Deleting neutron.port object s_rally_43d4547f_zVREBQQF (8af597ba-eba5-4560-8d49-72c69deff56a)
2019-06-24 09:41:34.829 22700 RALLYDEBUG rally_openstack.cleanup.manager [-] Deleting neutron.port object s_rally_43d4547f_XjMo8gF6 (8d036a05-a93e-4749-a47f-3cb190399c36)
2019-06-24 09:41:34.872 22700 RALLYDEBUG rally_openstack.cleanup.manager [-] Deleting neutron.port object s_rally_43d4547f_fKZkabtG (8e1989c7-e74f-435c-9fca-15924fbd5ee1)
2019-06-24 09:41:35.027 22700 RALLYDEBUG rally_openstack.cleanup.manager [-] Deleting neutron.port object s_rally_43d4547f_a8g5A342 (8f066dde-2781-475f-8561-3f2683a9eef0)
2019-06-24 09:41:35.218 22700 RALLYDEBUG rally_openstack.cleanup.manager [-] Deleting neutron.port object s_rally_43d4547f_4dM9qMBb (90ac91eb-86b5-4e25-a79a-e0c95e720a8e)
2019-06-24 09:41:35.310 22700 RALLYDEBUG rally_openstack.cleanup.manager [-] Deleting neutron.port object s_rally_43d4547f_KjBHvayf (91f30bf6-1329-44df-b3a8-b15dcfa7e08a)
2019-06-24 09:41:35.366 22700 RALLYDEBUG rally_openstack.cleanup.manager [-] Deleting neutron.port object s_rally_43d4547f_wqPfUt7B (926bbd2a-9c30-464b-a8cd-1c6e32d683c9)
2019-06-24 09:41:35.370 22700 RALLYDEBUG rally_openstack.cleanup.manager [-] Deleting neutron.port object s_rally_43d4547f_IHo5AekM (9275e07b-1d5d-4842-a78b-2d200c3e2007)
2019-06-24 09:41:35.664 22700 RALLYDEBUG rally_openstack.cleanup.manager [-] Deleting neutron.port object s_rally_43d4547f_sm7i5Y73 (92d4949d-e4c6-4638-8226-41963510ccf9)
2019-06-24 09:41:36.368 22700 RALLYDEBUG rally_openstack.cleanup.manager [-] Deleting neutron.port object s_rally_43d4547f_lQrwvYz9 (94a814b6-7228-48f0-bab8-1b1e0d32200c)
2019-06-24 09:41:36.928 22700 RALLYDEBUG rally_openstack.cleanup.manager [-] Deleting neutron.port object s_rally_43d4547f_w4miDbRU (954f283b-f943-4799-b062-4edda2790545)
2019-06-24 09:41:37.091 22700 RALLYDEBUG rally_openstack.cleanup.manager [-] Deleting neutron.port object s_rally_43d4547f_q0X6qbER (9590b987-9738-4f52-9b49-de6d3b0d5bdd)
2019-06-24 09:41:37.146 22700 RALLYDEBUG rally_openstack.cleanup.manager [-] Deleting neutron.port object s_rally_43d4547f_hDHvVPGX (95b2083e-cc17-4d2a-9820-69c48c788da4)
2019-06-24 09:41:37.154 22700 RALLYDEBUG rally_openstack.cleanup.manager [-] Deleting neutron.port object s_rally_43d4547f_816MuQey (9922b7fa-c69d-4bfc-93a2-4e46dd4ad303)
2019-06-24 09:41:37.309 22700 RALLYDEBUG rally_openstack.cleanup.manager [-] Deleting neutron.port object s_rally_43d4547f_Ok1tGPTD (99ae52ea-cef7-40cf-a33d-8fd40696a801)
2019-06-24 09:41:37.395 22700 RALLYDEBUG rally_openstack.cleanup.manager [-] Deleting neutron.port object s_rally_43d4547f_68smQkhp (9ac9e5dd-6b43-44f6-99bc-67c77b759bea)
2019-06-24 09:41:37.518 22700 RALLYDEBUG rally_openstack.cleanup.manager [-] Deleting neutron.port object s_rally_43d4547f_evdQeCwU (9c4bb06d-7bc5-4999-b444-3999cbf4de69)
2019-06-24 09:41:37.524 22700 RALLYDEBUG rally_openstack.cleanup.manager [-] Deleting neutron.port object s_rally_43d4547f_9UK2IYio (9cf3d65f-8a3d-4609-8b01-81bfdc4f8556)
2019-06-24 09:41:37.668 22700 RALLYDEBUG rally_openstack.cleanup.manager [-] Deleting neutron.port object s_rally_43d4547f_15CqAQTW (9e146b41-a265-451d-87fd-ea28b684c36b)
2019-06-24 09:41:37.872 22700 RALLYDEBUG rally_openstack.cleanup.manager [-] Deleting neutron.port object s_rally_43d4547f_Az8TDArw (a043a201-ba85-4b24-a437-186fad200f43)
2019-06-24 09:41:37.879 22700 RALLYDEBUG rally_openstack.cleanup.manager [-] Deleting neutron.port object s_rally_43d4547f_btOIfSmu (a048f763-5070-46c0-a1c9-3fa5fa8725cc)
2019-06-24 09:41:37.929 22700 RALLYDEBUG rally_openstack.cleanup.manager [-] Deleting neutron.port object s_rally_43d4547f_dHBUT8gX (a0df58d2-6f2a-4ea9-a923-7ba5aa913116)
2019-06-24 09:41:37.995 22700 RALLYDEBUG rally_openstack.cleanup.manager [-] Deleting neutron.port object s_rally_43d4547f_lBHwC6Nc (a1875cb8-658b-48a6-a562-9dd050e6c453)
2019-06-24 09:41:38.116 22700 RALLYDEBUG rally_openstack.cleanup.manager [-] Deleting neutron.port object s_rally_43d4547f_zmZcScLq (a1d5693c-6393-42d1-b3bd-85401b6a3317)
2019-06-24 09:41:38.292 22700 RALLYDEBUG rally_openstack.cleanup.manager [-] Deleting neutron.port object s_rally_43d4547f_N5TWPyBy (a3e00717-a71e-4952-92aa-b66e8299ed10)
2019-06-24 09:41:38.296 22700 RALLYDEBUG rally_openstack.cleanup.manager [-] Deleting neutron.port object s_rally_43d4547f_cnzvagfP (a3f476bf-30b7-49e4-b1fd-d1f31913ad7a)
2019-06-24 09:41:38.514 22700 RALLYDEBUG rally_openstack.cleanup.manager [-] Deleting neutron.port object s_rally_43d4547f_gCPofx7m (a5a6f602-5277-4f86-a468-55ce4e6f756d)
2019-06-24 09:41:39.364 22700 RALLYDEBUG rally_openstack.cleanup.manager [-] Deleting neutron.port object s_rally_43d4547f_mmOxMsvS (a630cb94-3db7-4a31-a631-40ec06661905)
2019-06-24 09:41:39.374 22700 RALLYDEBUG rally_openstack.cleanup.manager [-] Deleting neutron.port object s_rally_43d4547f_u3Yl2qVo (a94ff2c3-4eba-44e6-895d-a5b82ca125e5)
2019-06-24 09:41:39.376 22700 RALLYDEBUG rally_openstack.cleanup.manager [-] Deleting neutron.port object s_rally_43d4547f_bLr3WrqM (a8227ff8-5740-485f-a17d-77dfd5dff766)
2019-06-24 09:41:39.589 22700 RALLYDEBUG rally_openstack.cleanup.manager [-] Deleting neutron.port object s_rally_43d4547f_QSAdZq6E (aa8e0eb8-a344-4ab5-913e-32db3471caa2)
2019-06-24 09:41:39.895 22700 RALLYDEBUG rally_openstack.cleanup.manager [-] Deleting neutron.port object s_rally_43d4547f_VVSBTpIU (aaad56f0-4d68-4670-925d-3c773416040b)
2019-06-24 09:41:40.118 22700 RALLYDEBUG rally_openstack.cleanup.manager [-] Deleting neutron.port object s_rally_43d4547f_W94IR4s5 (acdc1131-da4d-43b0-aa11-feb9a5d83e9e)
2019-06-24 09:41:40.174 22700 RALLYDEBUG rally_openstack.cleanup.manager [-] Deleting neutron.port object s_rally_43d4547f_3b92dFDS (ad7f4e99-c2a7-4999-9805-3d9ec176169a)
2019-06-24 09:41:40.335 22700 RALLYDEBUG rally_openstack.cleanup.manager [-] Deleting neutron.port object s_rally_43d4547f_KGSaucbv (b00e5245-c90e-4def-9dec-434cade2d8e3)
2019-06-24 09:41:40.479 22700 RALLYDEBUG rally_openstack.cleanup.manager [-] Deleting neutron.port object s_rally_43d4547f_lcNaEgUG (b0ac0ca4-b285-42ba-ab44-5c6df9b7f69a)
2019-06-24 09:41:40.653 22700 RALLYDEBUG rally_openstack.cleanup.manager [-] Deleting neutron.port object s_rally_43d4547f_qoXgieVU (b38b347d-f010-45e5-98f4-37e5d11042a1)
2019-06-24 09:41:40.770 22700 RALLYDEBUG rally_openstack.cleanup.manager [-] Deleting neutron.port object s_rally_43d4547f_GWBgUi06 (b41f5a75-0204-48f1-a82b-887d536ffbe9)
2019-06-24 09:41:40.774 22700 RALLYDEBUG rally_openstack.cleanup.manager [-] Deleting neutron.port object s_rally_43d4547f_hIRVdouA (b46cb4c8-e88c-4c10-b5c0-d3c4cb4e7ea8)
2019-06-24 09:41:40.776 22700 RALLYDEBUG rally_openstack.cleanup.manager [-] Deleting neutron.port object s_rally_43d4547f_pPgCt97U (b5920ca1-008a-4f82-bded-a006cf3fbd72)
2019-06-24 09:41:40.842 22700 RALLYDEBUG rally_openstack.cleanup.manager [-] Deleting neutron.port object s_rally_43d4547f_lDnp4g81 (b5f7d7d4-5ce7-43a7-bf55-a094c414ae1d)
2019-06-24 09:41:41.129 22700 RALLYDEBUG rally_openstack.cleanup.manager [-] Deleting neutron.port object s_rally_43d4547f_ijyhyG2A (b709c06e-4e85-4411-8f6f-15ca80f293e5)
2019-06-24 09:41:41.164 22700 RALLYDEBUG rally_openstack.cleanup.manager [-] Deleting neutron.port object s_rally_43d4547f_3EnDBH74 (b8106aa1-6c9b-4243-84e9-6d2b40ce764f)
2019-06-24 09:41:41.197 22700 RALLYDEBUG rally_openstack.cleanup.manager [-] Deleting neutron.port object s_rally_43d4547f_olgzi4V5 (b8f2caee-4d19-4d8c-860a-9266c02de250)
2019-06-24 09:41:41.264 22700 RALLYDEBUG rally_openstack.cleanup.manager [-] Deleting neutron.port object s_rally_43d4547f_OLdg4sUN (b9e2ef25-b955-42f1-b76f-d5073bc2e824)
2019-06-24 09:41:41.489 22700 RALLYDEBUG rally_openstack.cleanup.manager [-] Deleting neutron.port object s_rally_43d4547f_LBYbFwsb (b9e5aecb-4a73-455e-ad9a-c91f9d450354)
2019-06-24 09:41:41.515 22700 RALLYDEBUG rally_openstack.cleanup.manager [-] Deleting neutron.port object s_rally_43d4547f_damnoJFg (bb3daecb-6273-4115-a996-5249f22c2c3a)
2019-06-24 09:41:41.635 22700 RALLYDEBUG rally_openstack.cleanup.manager [-] Deleting neutron.port object s_rally_43d4547f_F0ZayK0i (bcdc4ed7-e110-447c-ae7f-78dcd8a716ed)
2019-06-24 09:41:41.818 22700 RALLYDEBUG rally_openstack.cleanup.manager [-] Deleting neutron.port object s_rally_43d4547f_zHMhXojo (bdbf4382-58f8-46f6-8f16-6139cdbea1be)
2019-06-24 09:41:42.001 22700 RALLYDEBUG rally_openstack.cleanup.manager [-] Deleting neutron.port object s_rally_43d4547f_NcXEIYTp (bf5fb1a5-28e7-4776-b069-62d8e900bbf0)
2019-06-24 09:41:42.008 22700 RALLYDEBUG rally_openstack.cleanup.manager [-] Deleting neutron.port object s_rally_43d4547f_yfttc0yw (c03c5fc2-a688-4c71-a9d3-49049b42410d)
2019-06-24 09:41:42.516 22700 RALLYDEBUG rally_openstack.cleanup.manager [-] Deleting neutron.port object s_rally_43d4547f_E5O1oBUy (c042307e-18a9-4d77-a3c4-2e00e5e2a0ef)
2019-06-24 09:41:42.551 22700 RALLYDEBUG rally_openstack.cleanup.manager [-] Deleting neutron.port object s_rally_43d4547f_JsbKoiCj (c076ab61-cc6d-4563-964f-7b58979fe22d)
2019-06-24 09:41:42.940 22700 RALLYDEBUG rally_openstack.cleanup.manager [-] Deleting neutron.port object s_rally_43d4547f_NDDeG07c (c3b33ad1-89a8-4ba5-ad88-a1ec4dc95290)
2019-06-24 09:41:43.474 22700 RALLYDEBUG rally_openstack.cleanup.manager [-] Deleting neutron.port object s_rally_43d4547f_lfuKxQ6y (c783daa0-1c41-4d46-963a-855c3ba03a2a)
2019-06-24 09:41:43.660 22700 RALLYDEBUG rally_openstack.cleanup.manager [-] Deleting neutron.port object s_rally_43d4547f_9ur68q7W (c8a683f6-fd68-48fd-9c7e-a72dee310a4b)
2019-06-24 09:41:43.674 22700 RALLYDEBUG rally_openstack.cleanup.manager [-] Deleting neutron.port object s_rally_43d4547f_7YXjSDcE (c8c9e7ce-b03d-4331-9d75-83d7f1558c3e)
2019-06-24 09:41:43.675 22700 RALLYDEBUG rally_openstack.cleanup.manager [-] Deleting neutron.port object s_rally_43d4547f_G4Wmq4xB (c9226a6c-27ad-43f7-a2e5-66570a2c2a0d)
2019-06-24 09:41:43.782 22700 RALLYDEBUG rally_openstack.cleanup.manager [-] Deleting neutron.port object s_rally_43d4547f_hsGrLgbB (cba31bd6-d78f-4f42-88ee-a3d8d0d1201d)
2019-06-24 09:41:43.990 22700 RALLYDEBUG rally_openstack.cleanup.manager [-] Deleting neutron.port object s_rally_43d4547f_PjxIZjOv (ced9b73f-0ae0-4b9a-a012-9991db318373)
2019-06-24 09:41:44.166 22700 RALLYDEBUG rally_openstack.cleanup.manager [-] Deleting neutron.port object s_rally_43d4547f_yWsfJlft (d1aa59f0-b349-46b0-be5d-455843a83377)
2019-06-24 09:41:44.167 22700 RALLYDEBUG rally_openstack.cleanup.manager [-] Deleting neutron.port object s_rally_43d4547f_nlVhWELk (d1d73e3e-42ea-4dae-a2c3-c9fcdb9dc27b)
2019-06-24 09:41:44.218 22700 RALLYDEBUG rally_openstack.cleanup.manager [-] Deleting neutron.port object s_rally_43d4547f_Ij70OQ2C (d4b4cf88-069f-4783-9d48-3b1f2916e404)
2019-06-24 09:41:44.400 22700 RALLYDEBUG rally_openstack.cleanup.manager [-] Deleting neutron.port object s_rally_43d4547f_y95jIqOm (d692025a-aca4-46ee-b829-8bcd2b6945d1)
2019-06-24 09:41:44.401 22700 RALLYDEBUG rally_openstack.cleanup.manager [-] Deleting neutron.port object s_rally_43d4547f_fI5UCsVl (d694d323-30f2-4485-9684-94883ae81334)
2019-06-24 09:41:44.469 22700 RALLYDEBUG rally_openstack.cleanup.manager [-] Deleting neutron.port object s_rally_43d4547f_Rb4yO7Bq (d6cb3231-3d52-4d13-a3e1-e41a486dc954)
2019-06-24 09:41:44.482 22700 RALLYDEBUG rally_openstack.cleanup.manager [-] Deleting neutron.port object s_rally_43d4547f_DbOOgMs2 (d84cc3af-41e0-4670-b9c0-237b17ca718a)
2019-06-24 09:41:44.599 22700 RALLYDEBUG rally_openstack.cleanup.manager [-] Deleting neutron.port object s_rally_43d4547f_wtyWzQOg (d8e4b48f-5105-48e7-9f73-ca39f154088d)
2019-06-24 09:41:44.724 22700 RALLYDEBUG rally_openstack.cleanup.manager [-] Deleting neutron.port object s_rally_43d4547f_55opzOit (dc98bab6-1812-45d2-aaeb-7e5b9883da5c)
2019-06-24 09:41:44.747 22700 RALLYDEBUG rally_openstack.cleanup.manager [-] Deleting neutron.port object s_rally_43d4547f_ZMXCpQ00 (dcab6793-8a01-4f16-bb1b-0a29bda1741a)
2019-06-24 09:41:44.808 22700 RALLYDEBUG rally_openstack.cleanup.manager [-] Deleting neutron.port object s_rally_43d4547f_12dLHhqM (dd88bcbc-77fa-488b-812f-cf71f784ac21)
2019-06-24 09:41:45.115 22700 RALLYDEBUG rally_openstack.cleanup.manager [-] Deleting neutron.port object s_rally_43d4547f_FFM0daOd (e06c89de-9a3e-4fef-bf04-4e4f6ce35d47)
2019-06-24 09:41:45.118 22700 RALLYDEBUG rally_openstack.cleanup.manager [-] Deleting neutron.port object s_rally_43d4547f_fda27M2k (de8ac3e5-c708-4032-ba23-99584959c587)
2019-06-24 09:41:45.289 22700 RALLYDEBUG rally_openstack.cleanup.manager [-] Deleting neutron.port object s_rally_43d4547f_gKzqdw5w (e16787e3-47ba-4733-821b-f41693074a76)
2019-06-24 09:41:46.065 22700 RALLYDEBUG rally_openstack.cleanup.manager [-] Deleting neutron.port object s_rally_43d4547f_uEbrSwdS (e39b7939-7b59-45d6-8ed8-d82920a7380f)
2019-06-24 09:41:46.087 22700 RALLYDEBUG rally_openstack.cleanup.manager [-] Deleting neutron.port object s_rally_43d4547f_i38PIVwm (e423edcf-2af7-41c2-a5a0-b0d0c32cf2ee)
2019-06-24 09:41:46.096 22700 RALLYDEBUG rally_openstack.cleanup.manager [-] Deleting neutron.port object s_rally_43d4547f_udTb676x (e4d7cce2-b48e-424a-844d-24431f4f788c)
2019-06-24 09:41:46.953 22700 RALLYDEBUG rally_openstack.cleanup.manager [-] Deleting neutron.port object s_rally_43d4547f_q6SX3P0R (e6baa33b-9367-4b25-bf0c-3ad065041793)
2019-06-24 09:41:46.987 22700 RALLYDEBUG rally_openstack.cleanup.manager [-] Deleting neutron.port object s_rally_43d4547f_96HMrSAk (e71b7f84-1635-4864-9726-6083b69bfe63)
2019-06-24 09:41:47.115 22700 RALLYDEBUG rally_openstack.cleanup.manager [-] Deleting neutron.port object s_rally_43d4547f_HMXeuPBe (e76d12dd-951f-4f92-aaa0-34ac2cd80fce)
2019-06-24 09:41:47.323 22700 RALLYDEBUG rally_openstack.cleanup.manager [-] Deleting neutron.port object s_rally_43d4547f_PuryhnQD (e858788f-6a27-4e71-9176-46cefc03d30d)
2019-06-24 09:41:47.368 22700 RALLYDEBUG rally_openstack.cleanup.manager [-] Deleting neutron.port object s_rally_43d4547f_dcPKwEm3 (e8e40db5-d926-44ed-b371-f2945595e156)
2019-06-24 09:41:47.633 22700 RALLYDEBUG rally_openstack.cleanup.manager [-] Deleting neutron.port object s_rally_43d4547f_kcKb91UW (e9de2eeb-0691-4e62-991d-30d76436615f)
2019-06-24 09:41:47.957 22700 RALLYDEBUG rally_openstack.cleanup.manager [-] Deleting neutron.port object s_rally_43d4547f_2U5N5nRQ (ebe8e3ea-67fb-4d29-b582-95a89204c79a)
2019-06-24 09:41:48.016 22700 RALLYDEBUG rally_openstack.cleanup.manager [-] Deleting neutron.port object s_rally_43d4547f_Y38QcQhS (ef2ada4b-9c09-4c5d-8f98-3f7843f39e83)
2019-06-24 09:41:48.023 22700 RALLYDEBUG rally_openstack.cleanup.manager [-] Deleting neutron.port object s_rally_43d4547f_kXz5RoQ4 (f14b23e3-0073-4fab-a3f2-8ec5e88adff0)
2019-06-24 09:41:48.252 22700 RALLYDEBUG rally_openstack.cleanup.manager [-] Deleting neutron.port object s_rally_43d4547f_Ab6lNP0K (f159398d-0ded-4770-9608-c764f90600d7)
2019-06-24 09:41:48.476 22700 RALLYDEBUG rally_openstack.cleanup.manager [-] Deleting neutron.port object s_rally_43d4547f_53vJDTWQ (f2169081-56c8-47a0-ab90-249cf6bdeb38)
2019-06-24 09:41:48.482 22700 RALLYDEBUG rally_openstack.cleanup.manager [-] Deleting neutron.port object s_rally_43d4547f_N8NXbq5M (f2b9278e-fba7-4204-9959-64b4282585a4)
2019-06-24 09:41:48.497 22700 RALLYDEBUG rally_openstack.cleanup.manager [-] Deleting neutron.port object s_rally_43d4547f_tMNXW3Lc (f4ef0f3a-3129-4a44-b67f-dcafa3860102)
2019-06-24 09:41:48.752 22700 RALLYDEBUG rally_openstack.cleanup.manager [-] Deleting neutron.port object s_rally_43d4547f_X1kVNKBw (f5b20f3f-388f-42df-aa71-aab919abb9d7)
2019-06-24 09:41:48.980 22700 RALLYDEBUG rally_openstack.cleanup.manager [-] Deleting neutron.port object s_rally_43d4547f_zMwz5iwn (f74e3b2e-8497-4b45-9362-9075c8783656)
2019-06-24 09:41:48.980 22700 RALLYDEBUG rally_openstack.cleanup.manager [-] Deleting neutron.port object s_rally_43d4547f_bawyYcyc (f79ee247-352b-4d4a-a573-2f06d1f2a8af)
2019-06-24 09:41:49.070 22700 RALLYDEBUG rally_openstack.cleanup.manager [-] Deleting neutron.port object s_rally_43d4547f_gxzRYnr9 (f96eaaf6-7f8c-4641-8bdc-1610dc1f312a)
2019-06-24 09:41:49.135 22700 RALLYDEBUG rally_openstack.cleanup.manager [-] Deleting neutron.port object s_rally_43d4547f_1iy6ZWZR (fb2a6f49-a0e2-4cb6-95a7-de1e1f5d9490)
2019-06-24 09:41:49.190 22700 RALLYDEBUG rally_openstack.cleanup.manager [-] Deleting neutron.port object s_rally_43d4547f_EEARKFHW (fc158bf2-10f7-4015-928c-43665e23b2d6)
2019-06-24 09:41:49.261 22700 RALLYDEBUG rally_openstack.cleanup.manager [-] Deleting neutron.port object s_rally_43d4547f_rBhvRx2O (fc93eee9-4fc0-42ba-9552-37a905da97c0)
2019-06-24 09:41:49.268 22700 RALLYDEBUG rally_openstack.cleanup.manager [-] Deleting neutron.port object s_rally_43d4547f_bfTVXuib (fd1ee6aa-4bd8-479c-83dd-7aec088da40a)
2019-06-24 09:41:49.560 22700 RALLYDEBUG rally_openstack.cleanup.manager [-] Deleting neutron.port object s_rally_43d4547f_0GYmys5p (fe2daf58-4b27-4785-a704-a27a6da1619d)
2019-06-24 09:41:49.717 22700 RALLYDEBUG rally_openstack.cleanup.manager [-] Deleting neutron.port object s_rally_43d4547f_AQxOtcsW (fef45c40-8db5-4c92-a2dc-8f8b1fee9e82)
2019-06-24 09:41:52.229 22700 RALLYDEBUG rally_openstack.cleanup.manager [-] Cleaning up neutron subnet objects
2019-06-24 09:41:52.873 22700 RALLYDEBUG rally_openstack.cleanup.manager [-] Cleaning up neutron network objects
2019-06-24 09:41:53.654 22700 RALLYDEBUG rally_openstack.cleanup.manager [-] Deleting neutron.network object s_rally_43d4547f_r3ybvIyb (087c22a5-46b4-4dcb-979c-419c8802f6d5)
2019-06-24 09:41:53.655 22700 RALLYDEBUG rally_openstack.cleanup.manager [-] Deleting neutron.network object s_rally_43d4547f_7ptfwH2L (044900bd-7c5c-4432-a0df-34e12441311c)
2019-06-24 09:41:53.660 22700 RALLYDEBUG rally_openstack.cleanup.manager [-] Deleting neutron.network object s_rally_43d4547f_rxLb1Jhk (116f6d62-3497-42a9-8dc9-5388773d3ead)
2019-06-24 09:41:53.668 22700 RALLYDEBUG rally_openstack.cleanup.manager [-] Deleting neutron.network object s_rally_43d4547f_ySP1IliS (241d03eb-9270-4f87-a643-a0ba4cb3db76)
2019-06-24 09:41:53.669 22700 RALLYDEBUG rally_openstack.cleanup.manager [-] Deleting neutron.network object s_rally_43d4547f_EJbKmXG0 (21c8a8c0-bae5-4cf6-ab72-a995bf22bf3b)
2019-06-24 09:41:53.674 22700 RALLYDEBUG rally_openstack.cleanup.manager [-] Deleting neutron.network object s_rally_43d4547f_RqbbL1LT (2b143b0a-2863-4607-9c2c-e48b9e627777)
2019-06-24 09:41:53.675 22700 RALLYDEBUG rally_openstack.cleanup.manager [-] Deleting neutron.network object s_rally_43d4547f_Z9BMd7RR (16b27eda-4d07-4ce2-ab5b-b87f4c7660f2)
2019-06-24 09:41:53.685 22700 RALLYDEBUG rally_openstack.cleanup.manager [-] Deleting neutron.network object s_rally_43d4547f_SQGvsx8v (37182f3f-6f8f-4fc3-8aae-b7b4dcf21934)
2019-06-24 09:41:53.696 22700 RALLYDEBUG rally_openstack.cleanup.manager [-] Deleting neutron.network object s_rally_43d4547f_o0rDy8OV (39674369-ac89-46d0-854f-761c6fabbb6e)
2019-06-24 09:41:53.699 22700 RALLYDEBUG rally_openstack.cleanup.manager [-] Deleting neutron.network object s_rally_43d4547f_lnm4Jt4g (311441a0-0439-4c21-b462-b92388e492a1)
2019-06-24 09:41:53.719 22700 RALLYDEBUG rally_openstack.cleanup.manager [-] Deleting neutron.network object s_rally_43d4547f_Zn4J0flM (398a3485-ad9c-4c67-b1ea-a9857b101a8c)
2019-06-24 09:41:53.736 22700 RALLYDEBUG rally_openstack.cleanup.manager [-] Deleting neutron.network object s_rally_43d4547f_LzqVt9zL (3b2b5a96-5a8a-497a-9d91-0241cb33927e)
2019-06-24 09:41:53.747 22700 RALLYDEBUG rally_openstack.cleanup.manager [-] Deleting neutron.network object s_rally_43d4547f_fA7rx6Kq (4aae09d5-1861-43cf-bee6-dbf12f3fb381)
2019-06-24 09:41:53.767 22700 RALLYDEBUG rally_openstack.cleanup.manager [-] Deleting neutron.network object s_rally_43d4547f_hiP9okUu (4ab62e78-27fd-46dc-baa8-43af50bc234c)
2019-06-24 09:41:53.777 22700 RALLYDEBUG rally_openstack.cleanup.manager [-] Deleting neutron.network object s_rally_43d4547f_W7zqaTai (673fd952-aecd-47bf-bb59-47ba72d0d8bd)
2019-06-24 09:41:53.821 22700 RALLYDEBUG rally_openstack.cleanup.manager [-] Deleting neutron.network object s_rally_43d4547f_nk5qHraQ (6b66cd74-65bb-43e7-bcff-ed84c8c7b33e)
2019-06-24 09:41:53.823 22700 RALLYDEBUG rally_openstack.cleanup.manager [-] Deleting neutron.network object s_rally_43d4547f_nWD0DlWW (682958b5-caab-40db-98aa-2bb19a5d7ded)
2019-06-24 09:41:53.955 22700 RALLYDEBUG rally_openstack.cleanup.manager [-] Deleting neutron.network object s_rally_43d4547f_C6I1EdRD (6ea7da6e-2999-4a95-a53c-df76253d0d0c)
2019-06-24 09:41:53.971 22700 RALLYDEBUG rally_openstack.cleanup.manager [-] Deleting neutron.network object s_rally_43d4547f_OUsrnwbF (704730c2-c4c6-406b-a638-cc7beea2262c)
2019-06-24 09:41:53.984 22700 RALLYDEBUG rally_openstack.cleanup.manager [-] Deleting neutron.network object s_rally_43d4547f_l04d6Y67 (8268d519-dbc3-4f02-b2f1-40af00fa55b0)
2019-06-24 09:41:57.268 22700 RALLYDEBUG rally_openstack.cleanup.manager [-] Deleting neutron.network object s_rally_43d4547f_FENGxOvn (85f14f6d-2cc0-4a93-9bfd-4b9ec25ea037)
2019-06-24 09:41:57.293 22700 RALLYDEBUG rally_openstack.cleanup.manager [-] Deleting neutron.network object s_rally_43d4547f_HB0KMZMT (981ed98a-a1b3-4c13-a4a2-f1e5ad388e55)
2019-06-24 09:41:57.353 22700 RALLYDEBUG rally_openstack.cleanup.manager [-] Deleting neutron.network object s_rally_43d4547f_SH4aTfTT (a1dc59c2-61c2-4d2d-bb97-859a4af12301)
2019-06-24 09:41:57.745 22700 RALLYDEBUG rally_openstack.cleanup.manager [-] Deleting neutron.network object s_rally_43d4547f_VRf4AcJh (a61ba91d-cb4e-4770-9024-cc122ec7e6ee)
2019-06-24 09:41:57.762 22700 RALLYDEBUG rally_openstack.cleanup.manager [-] Deleting neutron.network object s_rally_43d4547f_OK2f59Il (a8cbe8e9-9f79-47ce-ac74-2d66652ab705)
2019-06-24 09:41:58.021 22700 RALLYDEBUG rally_openstack.cleanup.manager [-] Deleting neutron.network object s_rally_43d4547f_4z4FOloN (ab11f8a7-63b0-4376-99b4-e678701465c5)
2019-06-24 09:41:58.178 22700 RALLYDEBUG rally_openstack.cleanup.manager [-] Deleting neutron.network object s_rally_43d4547f_fBGkSN9q (b5a974f4-935b-42de-9dd5-48d0d793403e)
2019-06-24 09:41:58.297 22700 RALLYDEBUG rally_openstack.cleanup.manager [-] Deleting neutron.network object s_rally_43d4547f_c1pqdwTp (bdeda4f4-f384-4114-8a36-03748697d541)
2019-06-24 09:41:58.297 22700 RALLYDEBUG rally_openstack.cleanup.manager [-] Deleting neutron.network object s_rally_43d4547f_gbRERiRq (be69c33e-35f6-4fb8-96d3-7ac99b8444bd)
2019-06-24 09:41:58.470 22700 RALLYDEBUG rally_openstack.cleanup.manager [-] Deleting neutron.network object s_rally_43d4547f_DWLpH27h (c587698e-c209-4322-83c2-0029e900baf5)
2019-06-24 09:41:58.471 22700 RALLYDEBUG rally_openstack.cleanup.manager [-] Deleting neutron.network object s_rally_43d4547f_cN49YiTR (bffc62b4-a409-4a8d-8ddf-e4586d130d44)
2019-06-24 09:41:58.484 22700 RALLYDEBUG rally_openstack.cleanup.manager [-] Deleting neutron.network object s_rally_43d4547f_sDCwuYs7 (d33fed9b-9875-42d6-9181-6ca45ea15ee9)
2019-06-24 09:41:58.632 22700 RALLYDEBUG rally_openstack.cleanup.manager [-] Deleting neutron.network object s_rally_43d4547f_jH1DtJ9V (d539aba1-ccad-459a-bdae-19ded424debf)
2019-06-24 09:41:58.664 22700 RALLYDEBUG rally_openstack.cleanup.manager [-] Deleting neutron.network object s_rally_43d4547f_WutsRbeP (d82c93d1-453f-45d0-aabd-6b6feed84ab6)
2019-06-24 09:41:58.677 22700 RALLYDEBUG rally_openstack.cleanup.manager [-] Deleting neutron.network object s_rally_43d4547f_EYelbVsb (e6f8913c-b50b-4794-adf9-cc4f910a0d2c)
2019-06-24 09:42:00.546 22700 RALLYDEBUG rally_openstack.cleanup.manager [-] Deleting neutron.network object s_rally_43d4547f_5WXoaaQv (f5ff9aae-0b39-4943-9e1e-ca543c502156)
2019-06-24 09:42:00.556 22700 RALLYDEBUG rally_openstack.cleanup.manager [-] Deleting neutron.network object s_rally_43d4547f_EHQA7QVo (f6981d85-ca30-46f0-8f42-2b728c293054)
2019-06-24 09:42:00.590 22700 RALLYDEBUG rally_openstack.cleanup.manager [-] Deleting neutron.network object s_rally_43d4547f_CusgkgFT (f8c1fc3f-a151-4387-8ded-2dbd52718410)
2019-06-24 09:42:00.663 22700 RALLYDEBUG rally_openstack.cleanup.manager [-] Deleting neutron.network object s_rally_43d4547f_WJCVu7Dw (faac2391-dcaa-4754-9ab5-6e6a4f3344a4)
2019-06-24 09:42:00.684 22700 RALLYDEBUG rally_openstack.cleanup.manager [-] Deleting neutron.network object s_rally_43d4547f_UsOdfgOm (fe9ae89d-19b7-4a03-a074-0cbfe57588c5)
2019-06-24 09:42:04.515 22700 RALLYDEBUG rally_openstack.cleanup.manager [-] Cleaning up neutron router objects
2019-06-24 09:42:05.216 22700 RALLYDEBUG rally_openstack.cleanup.manager [-] Cleaning up neutron security_group objects
2019-06-24 09:42:05.889 22700 INFO rally.task.context [-] Task e244269a-dd04-4230-8919-eaaedbac739e | Context cleanup@openstack cleanup() finished in 51.30 sec
2019-06-24 09:42:05.889 22700 INFO rally.task.context [-] Task e244269a-dd04-4230-8919-eaaedbac739e | Context quotas@openstack cleanup() started
2019-06-24 09:42:06.107 22700 INFO rally.task.context [-] Task e244269a-dd04-4230-8919-eaaedbac739e | Context quotas@openstack cleanup() finished in 0.22 sec
2019-06-24 09:42:06.108 22700 INFO rally.task.context [-] Task e244269a-dd04-4230-8919-eaaedbac739e | Context users@openstack cleanup() started
2019-06-24 09:42:10.544 22700 INFO rally.task.context [-] Task e244269a-dd04-4230-8919-eaaedbac739e | Context users@openstack cleanup() finished in 4.44 sec
2019-06-24 09:42:11.543 22700 INFO rally.task.engine [-] Load duration is: 40.527775
2019-06-24 09:42:11.544 22700 INFO rally.task.engine [-] Full runner duration is: 40.582066
2019-06-24 09:42:11.544 22700 INFO rally.task.engine [-] Full duration is: 101.42088
2019-06-24 09:42:11.750 22700 INFO rally.task.engine [-] Running workload: position = 2 config = { "version": 2, "title": "A cropped version of a bigger task.", "description": "Auto-generated task from a single workload (uuid=a438cb7e-4c55-4089-9052-381d350d57aa)", "subtasks": [ { "title": "NeutronNetworks.create_and_delete_ports", "description": "Create and delete a port.", "scenario": { "NeutronNetworks.create_and_delete_ports": { "network_create_args": {}, "port_create_args": {}, "ports_per_network": 5 } }, "contexts": { "users": { "tenants": 1, "users_per_tenant": 1 }, "quotas": { "neutron": { "network": -1, "port": -1 } } }, "runner": { "constant": { "times": 40, "concurrency": 20 } }, "hooks": [], "sla": { "failure_rate": { "max": 0 } } } ] }
2019-06-24 09:42:11.773 22700 RALLYDEBUG rally_openstack.contexts.keystone.users [-] Creating 1 tenants using 20 threads
2019-06-24 09:42:13.436 22700 RALLYDEBUG rally_openstack.contexts.keystone.users [-] Creating 1 users using 20 threads
2019-06-24 09:42:15.938 22700 INFO rally.task.context [-] Task e244269a-dd04-4230-8919-eaaedbac739e | Context users@openstack setup() finished in 4.17 sec
2019-06-24 09:42:16.678 22700 INFO rally.task.context [-] Task e244269a-dd04-4230-8919-eaaedbac739e | Context quotas@openstack setup() finished in 0.74 sec
2019-06-24 09:42:16.678 22700 INFO rally.task.context [-] Task e244269a-dd04-4230-8919-eaaedbac739e | Context cleanup@openstack setup() finished in 0.01 msec
2019-06-24 09:42:16.686 22700 RALLYDEBUG rally.task.runner [-] Starting the constant runner (task UUID: e244269a-dd04-4230-8919-eaaedbac739e). timeout: 0 concurrency: 20 concurrency_per_worker: 1 times: 40 concurrency_overhead: 4 processes_to_start: 16 max_cpu_used: 16
2019-06-24 09:42:16.699 26946 RALLYDEBUG rally.task.runner [-] Starting a worker. concurrency: 2 args: {"network_create_args": {}, "port_create_args": {}, "ports_per_network": 5} times: 40 method_name: run timeout: 0 duration: None cls:
2019-06-24 09:42:16.702 26947 RALLYDEBUG rally.task.runner [-] Starting a worker. concurrency: 2 args: {"network_create_args": {}, "port_create_args": {}, "ports_per_network": 5} times: 40 method_name: run timeout: 0 duration: None cls:
2019-06-24 09:42:16.705 26948 RALLYDEBUG rally.task.runner [-] Starting a worker. concurrency: 2 args: {"network_create_args": {}, "port_create_args": {}, "ports_per_network": 5} times: 40 method_name: run timeout: 0 duration: None cls:
2019-06-24 09:42:16.706 26946 INFO rally.task.runner [-] Task e244269a-dd04-4230-8919-eaaedbac739e | ITER: 1 START
2019-06-24 09:42:16.707 26949 RALLYDEBUG rally.task.runner [-] Starting a worker. concurrency: 2 args: {"network_create_args": {}, "port_create_args": {}, "ports_per_network": 5} times: 40 method_name: run timeout: 0 duration: None cls:
2019-06-24 09:42:16.711 26947 INFO rally.task.runner [-] Task e244269a-dd04-4230-8919-eaaedbac739e | ITER: 2 START
2019-06-24 09:42:16.710 26946 WARNING rally_openstack.scenarios.neutron.utils [-] Running this scenario without either the 'network' or 'existing_network' context is deprecated
2019-06-24 09:42:16.712 26948 INFO rally.task.runner [-] Task e244269a-dd04-4230-8919-eaaedbac739e | ITER: 4 START
2019-06-24 09:42:16.712 26951 RALLYDEBUG rally.task.runner [-] Starting a worker. concurrency: 1 args: {"network_create_args": {}, "port_create_args": {}, "ports_per_network": 5} times: 40 method_name: run timeout: 0 duration: None cls:
2019-06-24 09:42:16.713 26947 INFO rally.task.runner [-] Task e244269a-dd04-4230-8919-eaaedbac739e | ITER: 5 START
2019-06-24 09:42:16.711 26946 INFO rally.task.runner [-] Task e244269a-dd04-4230-8919-eaaedbac739e | ITER: 3 START
2019-06-24 09:42:16.713 26948 WARNING rally_openstack.scenarios.neutron.utils [-] Running this scenario without either the 'network' or 'existing_network' context is deprecated
2019-06-24 09:42:16.715 26955 RALLYDEBUG rally.task.runner [-] Starting a worker. concurrency: 1 args: {"network_create_args": {}, "port_create_args": {}, "ports_per_network": 5} times: 40 method_name: run timeout: 0 duration: None cls:
2019-06-24 09:42:16.716 26947 WARNING rally_openstack.scenarios.neutron.utils [-] Running this scenario without either the 'network' or 'existing_network' context is deprecated
2019-06-24 09:42:16.719 26949 INFO rally.task.runner [-] Task e244269a-dd04-4230-8919-eaaedbac739e | ITER: 6 START
2019-06-24 09:42:16.719 26951 INFO rally.task.runner [-] Task e244269a-dd04-4230-8919-eaaedbac739e | ITER: 9 START
2019-06-24 09:42:16.719 26946 WARNING rally_openstack.scenarios.neutron.utils [-] Running this scenario without either the 'network' or 'existing_network' context is deprecated
2019-06-24 09:42:16.719 26960 RALLYDEBUG rally.task.runner [-] Starting a worker. concurrency: 1 args: {"network_create_args": {}, "port_create_args": {}, "ports_per_network": 5} times: 40 method_name: run timeout: 0 duration: None cls:
2019-06-24 09:42:16.720 26947 WARNING rally_openstack.scenarios.neutron.utils [-] Running this scenario without either the 'network' or 'existing_network' context is deprecated
2019-06-24 09:42:16.721 26949 WARNING rally_openstack.scenarios.neutron.utils [-] Running this scenario without either the 'network' or 'existing_network' context is deprecated
2019-06-24 09:42:16.721 26951 WARNING rally_openstack.scenarios.neutron.utils [-] Running this scenario without either the 'network' or 'existing_network' context is deprecated
2019-06-24 09:42:16.721 26962 RALLYDEBUG rally.task.runner [-] Starting a worker. concurrency: 1 args: {"network_create_args": {}, "port_create_args": {}, "ports_per_network": 5} times: 40 method_name: run timeout: 0 duration: None cls:
2019-06-24 09:42:16.726 26955 INFO rally.task.runner [-] Task e244269a-dd04-4230-8919-eaaedbac739e | ITER: 10 START
2019-06-24 09:42:16.725 26965 RALLYDEBUG rally.task.runner [-] Starting a worker. concurrency: 1 args: {"network_create_args": {}, "port_create_args": {}, "ports_per_network": 5} times: 40 method_name: run timeout: 0 duration: None cls:
2019-06-24 09:42:16.726 26960 INFO rally.task.runner [-] Task e244269a-dd04-4230-8919-eaaedbac739e | ITER: 11 START
2019-06-24 09:42:16.727 26962 INFO rally.task.runner [-] Task e244269a-dd04-4230-8919-eaaedbac739e | ITER: 12 START
2019-06-24 09:42:16.727 26955 WARNING rally_openstack.scenarios.neutron.utils [-] Running this scenario without either the 'network' or 'existing_network' context is deprecated
2019-06-24 09:42:16.716 26948 INFO rally.task.runner [-] Task e244269a-dd04-4230-8919-eaaedbac739e | ITER: 7 START
2019-06-24 09:42:16.728 26960 WARNING rally_openstack.scenarios.neutron.utils [-] Running this scenario without either the 'network' or 'existing_network' context is deprecated
2019-06-24 09:42:16.729 26962 WARNING rally_openstack.scenarios.neutron.utils [-] Running this scenario without either the 'network' or 'existing_network' context is deprecated
2019-06-24 09:42:16.729 26969 RALLYDEBUG rally.task.runner [-] Starting a worker. concurrency: 1 args: {"network_create_args": {}, "port_create_args": {}, "ports_per_network": 5} times: 40 method_name: run timeout: 0 duration: None cls:
2019-06-24 09:42:16.730 26948 WARNING rally_openstack.scenarios.neutron.utils [-] Running this scenario without either the 'network' or 'existing_network' context is deprecated
2019-06-24 09:42:16.733 26965 INFO rally.task.runner [-] Task e244269a-dd04-4230-8919-eaaedbac739e | ITER: 13 START
2019-06-24 09:42:16.733 26974 RALLYDEBUG rally.task.runner [-] Starting a worker. concurrency: 1 args: {"network_create_args": {}, "port_create_args": {}, "ports_per_network": 5} times: 40 method_name: run timeout: 0 duration: None cls:
2019-06-24 09:42:16.735 26965 WARNING rally_openstack.scenarios.neutron.utils [-] Running this scenario without either the 'network' or 'existing_network' context is deprecated
2019-06-24 09:42:16.732 26949 INFO rally.task.runner [-] Task e244269a-dd04-4230-8919-eaaedbac739e | ITER: 8 START
2019-06-24 09:42:16.736 26949 WARNING rally_openstack.scenarios.neutron.utils [-] Running this scenario without either the 'network' or 'existing_network' context is deprecated
2019-06-24 09:42:16.736 26969 INFO rally.task.runner [-] Task e244269a-dd04-4230-8919-eaaedbac739e | ITER: 14 START
2019-06-24 09:42:16.738 26969 WARNING rally_openstack.scenarios.neutron.utils [-] Running this scenario without either the 'network' or 'existing_network' context is deprecated
2019-06-24 09:42:16.742 26974 INFO rally.task.runner [-] Task e244269a-dd04-4230-8919-eaaedbac739e | ITER: 15 START
2019-06-24 09:42:16.744 26974 WARNING rally_openstack.scenarios.neutron.utils [-] Running this scenario without either the 'network' or 'existing_network' context is deprecated
2019-06-24 09:42:16.746 26980 RALLYDEBUG rally.task.runner [-] Starting a worker. concurrency: 1 args: {"network_create_args": {}, "port_create_args": {}, "ports_per_network": 5} times: 40 method_name: run timeout: 0 duration: None cls:
2019-06-24 09:42:16.752 26980 INFO rally.task.runner [-] Task e244269a-dd04-4230-8919-eaaedbac739e | ITER: 16 START
2019-06-24 09:42:16.753 26980 WARNING rally_openstack.scenarios.neutron.utils [-] Running this scenario without either the 'network' or 'existing_network' context is deprecated
2019-06-24 09:42:16.757 26986 RALLYDEBUG rally.task.runner [-] Starting a worker. concurrency: 1 args: {"network_create_args": {}, "port_create_args": {}, "ports_per_network": 5} times: 40 method_name: run timeout: 0 duration: None cls:
2019-06-24 09:42:16.761 26984 RALLYDEBUG rally.task.runner [-] Starting a worker. concurrency: 1 args: {"network_create_args": {}, "port_create_args": {}, "ports_per_network": 5} times: 40 method_name: run timeout: 0 duration: None cls:
2019-06-24 09:42:16.763 26986 INFO rally.task.runner [-] Task e244269a-dd04-4230-8919-eaaedbac739e | ITER: 17 START
2019-06-24 09:42:16.765 26986 WARNING rally_openstack.scenarios.neutron.utils [-] Running this scenario without either the 'network' or 'existing_network' context is deprecated
2019-06-24 09:42:16.765 26988 RALLYDEBUG rally.task.runner [-] Starting a worker. concurrency: 1 args: {"network_create_args": {}, "port_create_args": {}, "ports_per_network": 5} times: 40 method_name: run timeout: 0 duration: None cls:
2019-06-24 09:42:16.767 26984 INFO rally.task.runner [-] Task e244269a-dd04-4230-8919-eaaedbac739e | ITER: 18 START
2019-06-24 09:42:16.768 26984 WARNING rally_openstack.scenarios.neutron.utils [-] Running this scenario without either the 'network' or 'existing_network' context is deprecated
2019-06-24 09:42:16.769 26991 RALLYDEBUG rally.task.runner [-] Starting a worker. concurrency: 1 args: {"network_create_args": {}, "port_create_args": {}, "ports_per_network": 5} times: 40 method_name: run timeout: 0 duration: None cls:
2019-06-24 09:42:16.770 26988 INFO rally.task.runner [-] Task e244269a-dd04-4230-8919-eaaedbac739e | ITER: 19 START
2019-06-24 09:42:16.772 26988 WARNING rally_openstack.scenarios.neutron.utils [-] Running this scenario without either the 'network' or 'existing_network' context is deprecated
2019-06-24 09:42:16.774 26991 INFO rally.task.runner [-] Task e244269a-dd04-4230-8919-eaaedbac739e | ITER: 20 START
2019-06-24 09:42:16.776 26991 WARNING rally_openstack.scenarios.neutron.utils [-] Running this scenario without either the 'network' or 'existing_network' context is deprecated
2019-06-24 09:42:26.579 26946 INFO rally.task.runner [-] Task e244269a-dd04-4230-8919-eaaedbac739e | ITER: 3 END: OK
2019-06-24 09:42:26.584 26946 INFO rally.task.runner [-] Task e244269a-dd04-4230-8919-eaaedbac739e | ITER: 21 START
2019-06-24 09:42:26.584 26946 WARNING rally_openstack.scenarios.neutron.utils [-] Running this scenario without either the 'network' or 'existing_network' context is deprecated
2019-06-24 09:42:27.005 26951 INFO rally.task.runner [-] Task e244269a-dd04-4230-8919-eaaedbac739e | ITER: 9 END: OK
2019-06-24 09:42:27.010 26951 INFO rally.task.runner [-] Task e244269a-dd04-4230-8919-eaaedbac739e | ITER: 22 START
2019-06-24 09:42:27.011 26951 WARNING rally_openstack.scenarios.neutron.utils [-] Running this scenario without either the 'network' or 'existing_network' context is deprecated
2019-06-24 09:42:27.158 26974 INFO rally.task.runner [-] Task e244269a-dd04-4230-8919-eaaedbac739e | ITER: 15 END: OK
2019-06-24 09:42:27.161 26974 INFO rally.task.runner [-] Task e244269a-dd04-4230-8919-eaaedbac739e | ITER: 23 START
2019-06-24 09:42:27.162 26974 WARNING rally_openstack.scenarios.neutron.utils [-] Running this scenario without either the 'network' or 'existing_network' context is deprecated
2019-06-24 09:42:27.190 26986 INFO rally.task.runner [-] Task e244269a-dd04-4230-8919-eaaedbac739e | ITER: 17 END: OK
2019-06-24 09:42:27.194 26986 INFO rally.task.runner [-] Task e244269a-dd04-4230-8919-eaaedbac739e | ITER: 24 START
2019-06-24 09:42:27.195 26986 WARNING rally_openstack.scenarios.neutron.utils [-] Running this scenario without either the 'network' or 'existing_network' context is deprecated
2019-06-24 09:42:27.394 26988 INFO rally.task.runner [-] Task e244269a-dd04-4230-8919-eaaedbac739e | ITER: 19 END: OK
2019-06-24 09:42:27.398 26988 INFO rally.task.runner [-] Task e244269a-dd04-4230-8919-eaaedbac739e | ITER: 25 START
2019-06-24 09:42:27.399 26988 WARNING rally_openstack.scenarios.neutron.utils [-] Running this scenario without either the 'network' or 'existing_network' context is deprecated
2019-06-24 09:42:33.389 26980 INFO rally.task.runner [-] Task e244269a-dd04-4230-8919-eaaedbac739e | ITER: 16 END: OK
2019-06-24 09:42:33.393 26980 INFO rally.task.runner [-] Task e244269a-dd04-4230-8919-eaaedbac739e | ITER: 26 START
2019-06-24 09:42:33.394 26980 WARNING rally_openstack.scenarios.neutron.utils [-] Running this scenario without either the 'network' or 'existing_network' context is deprecated
2019-06-24 09:42:33.554 26949 INFO rally.task.runner [-] Task e244269a-dd04-4230-8919-eaaedbac739e | ITER: 8 END: OK
2019-06-24 09:42:33.558 26949 INFO rally.task.runner [-] Task e244269a-dd04-4230-8919-eaaedbac739e | ITER: 27 START
2019-06-24 09:42:33.558 26949 WARNING rally_openstack.scenarios.neutron.utils [-] Running this scenario without either the 'network' or 'existing_network' context is deprecated
2019-06-24 09:42:35.921 26946 INFO rally.task.runner [-] Task e244269a-dd04-4230-8919-eaaedbac739e | ITER: 21 END: OK
2019-06-24 09:42:35.925 26946 INFO rally.task.runner [-] Task e244269a-dd04-4230-8919-eaaedbac739e | ITER: 28 START
2019-06-24 09:42:35.925 26946 WARNING rally_openstack.scenarios.neutron.utils [-] Running this scenario without either the 'network' or 'existing_network' context is deprecated
2019-06-24 09:42:36.966 26986 INFO rally.task.runner [-] Task e244269a-dd04-4230-8919-eaaedbac739e | ITER: 24 END: OK
2019-06-24 09:42:36.969 26986 INFO rally.task.runner [-] Task e244269a-dd04-4230-8919-eaaedbac739e | ITER: 29 START
2019-06-24 09:42:36.970 26986 WARNING rally_openstack.scenarios.neutron.utils [-] Running this scenario without either the 'network' or 'existing_network' context is deprecated
2019-06-24 09:42:37.462 26988 INFO rally.task.runner [-] Task e244269a-dd04-4230-8919-eaaedbac739e | ITER: 25 END: OK
2019-06-24 09:42:37.466 26988 INFO rally.task.runner [-] Task e244269a-dd04-4230-8919-eaaedbac739e | ITER: 30 START
2019-06-24 09:42:37.467 26988 WARNING rally_openstack.scenarios.neutron.utils [-] Running this scenario without either the 'network' or 'existing_network' context is deprecated
2019-06-24 09:42:40.265 26960 INFO rally.task.runner [-] Task e244269a-dd04-4230-8919-eaaedbac739e | ITER: 11 END: OK
2019-06-24 09:42:40.269 26960 INFO rally.task.runner [-] Task e244269a-dd04-4230-8919-eaaedbac739e | ITER: 31 START
2019-06-24 09:42:40.269 26960 WARNING rally_openstack.scenarios.neutron.utils [-] Running this scenario without either the 'network' or 'existing_network' context is deprecated
2019-06-24 09:42:41.111 26969 INFO rally.task.runner [-] Task e244269a-dd04-4230-8919-eaaedbac739e | ITER: 14 END: OK
2019-06-24 09:42:41.115 26969 INFO rally.task.runner [-] Task e244269a-dd04-4230-8919-eaaedbac739e | ITER: 32 START
2019-06-24 09:42:41.115 26969 WARNING rally_openstack.scenarios.neutron.utils [-] Running this scenario without either the 'network' or 'existing_network' context is deprecated
2019-06-24 09:42:41.155 26947 INFO rally.task.runner [-] Task e244269a-dd04-4230-8919-eaaedbac739e | ITER: 2 END: OK
2019-06-24 09:42:41.158 26947 INFO rally.task.runner [-] Task e244269a-dd04-4230-8919-eaaedbac739e | ITER: 33 START
2019-06-24 09:42:41.159 26947 WARNING rally_openstack.scenarios.neutron.utils [-] Running this scenario without either the 'network' or 'existing_network' context is deprecated
2019-06-24 09:42:42.259 26949 INFO rally.task.runner [-] Task e244269a-dd04-4230-8919-eaaedbac739e | ITER: 27 END: OK
2019-06-24 09:42:42.263 26949 INFO rally.task.runner [-] Task e244269a-dd04-4230-8919-eaaedbac739e | ITER: 34 START
2019-06-24 09:42:42.263 26949 WARNING rally_openstack.scenarios.neutron.utils [-] Running this scenario without either the 'network' or 'existing_network' context is deprecated
2019-06-24 09:42:43.015 26980 INFO rally.task.runner [-] Task e244269a-dd04-4230-8919-eaaedbac739e | ITER: 26 END: OK
2019-06-24 09:42:43.020 26980 INFO rally.task.runner [-] Task e244269a-dd04-4230-8919-eaaedbac739e | ITER: 35 START
2019-06-24 09:42:43.021 26980 WARNING rally_openstack.scenarios.neutron.utils [-] Running this scenario without either the 'network' or 'existing_network' context is deprecated
2019-06-24 09:42:43.079 26974 INFO rally.task.runner [-] Task e244269a-dd04-4230-8919-eaaedbac739e | ITER: 23 END: OK
2019-06-24 09:42:43.083 26974 INFO rally.task.runner [-] Task e244269a-dd04-4230-8919-eaaedbac739e | ITER: 36 START
2019-06-24 09:42:43.084 26974 WARNING rally_openstack.scenarios.neutron.utils [-] Running this scenario without either the 'network' or 'existing_network' context is deprecated
2019-06-24 09:42:43.089 26951 INFO rally.task.runner [-] Task e244269a-dd04-4230-8919-eaaedbac739e | ITER: 22 END: OK
2019-06-24 09:42:43.093 26951 INFO rally.task.runner [-] Task e244269a-dd04-4230-8919-eaaedbac739e | ITER: 37 START
2019-06-24 09:42:43.094 26951 WARNING rally_openstack.scenarios.neutron.utils [-] Running this scenario without either the 'network' or 'existing_network' context is deprecated
2019-06-24 09:42:46.590 26988 INFO rally.task.runner [-] Task e244269a-dd04-4230-8919-eaaedbac739e | ITER: 30 END: OK
2019-06-24 09:42:46.594 26988 INFO rally.task.runner [-] Task e244269a-dd04-4230-8919-eaaedbac739e | ITER: 38 START
2019-06-24 09:42:46.594 26988 WARNING rally_openstack.scenarios.neutron.utils [-] Running this scenario without either the 'network' or 'existing_network' context is deprecated
