2019-06-24 09:42:50.275 26969 INFO rally.task.runner [-] Task e244269a-dd04-4230-8919-eaaedbac739e | ITER: 32 END: OK
2019-06-24 09:42:50.282 26969 INFO rally.task.runner [-] Task e244269a-dd04-4230-8919-eaaedbac739e | ITER: 39 START
2019-06-24 09:42:50.283 26969 WARNING rally_openstack.scenarios.neutron.utils [-] Running this scenario without either the 'network' or 'existing_network' context is deprecated
2019-06-24 09:42:50.902 26949 INFO rally.task.runner [-] Task e244269a-dd04-4230-8919-eaaedbac739e | ITER: 34 END: OK
2019-06-24 09:42:50.909 26949 INFO rally.task.runner [-] Task e244269a-dd04-4230-8919-eaaedbac739e | ITER: 40 START
2019-06-24 09:42:50.910 26949 WARNING rally_openstack.scenarios.neutron.utils [-] Running this scenario without either the 'network' or 'existing_network' context is deprecated
2019-06-24 09:42:51.909 26946 INFO rally.task.runner [-] Task e244269a-dd04-4230-8919-eaaedbac739e | ITER: 28 END: OK
2019-06-24 09:42:53.293 26960 INFO rally.task.runner [-] Task e244269a-dd04-4230-8919-eaaedbac739e | ITER: 31 END: OK
2019-06-24 09:42:55.146 26988 INFO rally.task.runner [-] Task e244269a-dd04-4230-8919-eaaedbac739e | ITER: 38 END: OK
2019-06-24 09:42:55.258 26986 INFO rally.task.runner [-] Task e244269a-dd04-4230-8919-eaaedbac739e | ITER: 29 END: OK
2019-06-24 09:42:55.564 26946 INFO rally.task.runner [-] Task e244269a-dd04-4230-8919-eaaedbac739e | ITER: 1 END: OK
2019-06-24 09:42:55.659 26947 INFO rally.task.runner [-] Task e244269a-dd04-4230-8919-eaaedbac739e | ITER: 5 END: OK
2019-06-24 09:42:55.659 26948 INFO rally.task.runner [-] Task e244269a-dd04-4230-8919-eaaedbac739e | ITER: 7 END: OK
2019-06-24 09:42:55.662 26949 INFO rally.task.runner [-] Task e244269a-dd04-4230-8919-eaaedbac739e | ITER: 6 END: OK
2019-06-24 09:42:55.714 26955 INFO rally.task.runner [-] Task e244269a-dd04-4230-8919-eaaedbac739e | ITER: 10 END: OK
2019-06-24 09:42:55.824 26962 INFO rally.task.runner [-] Task e244269a-dd04-4230-8919-eaaedbac739e | ITER: 12 END: OK
2019-06-24 09:42:56.129 26980 INFO rally.task.runner [-] Task e244269a-dd04-4230-8919-eaaedbac739e | ITER: 35 END: OK
2019-06-24 09:42:56.561 26984 INFO rally.task.runner [-] Task e244269a-dd04-4230-8919-eaaedbac739e | ITER: 18 END: OK
2019-06-24 09:42:56.805 26948 INFO rally.task.runner [-] Task e244269a-dd04-4230-8919-eaaedbac739e | ITER: 4 END: OK
2019-06-24 09:42:56.890 26991 INFO rally.task.runner [-] Task e244269a-dd04-4230-8919-eaaedbac739e | ITER: 20 END: OK
2019-06-24 09:42:56.959 26965 INFO rally.task.runner [-] Task e244269a-dd04-4230-8919-eaaedbac739e | ITER: 13 END: OK
2019-06-24 09:42:57.298 26947 INFO rally.task.runner [-] Task e244269a-dd04-4230-8919-eaaedbac739e | ITER: 33 END: OK
2019-06-24 09:42:57.867 26974 INFO rally.task.runner [-] Task e244269a-dd04-4230-8919-eaaedbac739e | ITER: 36 END: OK
2019-06-24 09:42:58.072 26951 INFO rally.task.runner [-] Task e244269a-dd04-4230-8919-eaaedbac739e | ITER: 37 END: OK
2019-06-24 09:42:58.246 26969 INFO rally.task.runner [-] Task e244269a-dd04-4230-8919-eaaedbac739e | ITER: 39 END: OK
2019-06-24 09:42:58.544 26949 INFO rally.task.runner [-] Task e244269a-dd04-4230-8919-eaaedbac739e | ITER: 40 END: OK
2019-06-24 09:42:58.574 22700 INFO rally.task.context [-] Task e244269a-dd04-4230-8919-eaaedbac739e | Context cleanup@openstack cleanup() started
2019-06-24 09:42:58.577 22700 RALLYDEBUG rally_openstack.cleanup.manager [-] Cleaning up neutron vip objects
2019-06-24 09:42:59.203 22700 RALLYDEBUG rally_openstack.cleanup.manager [-] Cleaning up neutron health_monitor objects
2019-06-24 09:43:00.010 22700 RALLYDEBUG rally_openstack.cleanup.manager [-] Cleaning up neutron pool objects
2019-06-24 09:43:00.631 22700 RALLYDEBUG rally_openstack.cleanup.manager [-] Cleaning up neutron loadbalancer objects
2019-06-24 09:43:01.337 22700 RALLYDEBUG rally_openstack.cleanup.manager [-] Cleaning up neutron floatingip objects
2019-06-24 09:43:02.073 22700 RALLYDEBUG rally_openstack.cleanup.manager [-] Cleaning up neutron port objects
2019-06-24 09:43:02.751 22700 RALLYDEBUG rally_openstack.cleanup.manager [-] Cleaning up neutron subnet objects
2019-06-24 09:43:03.471 22700 RALLYDEBUG rally_openstack.cleanup.manager [-] Cleaning up neutron network objects
2019-06-24 09:43:04.363 22700 RALLYDEBUG rally_openstack.cleanup.manager [-] Deleting neutron.network object s_rally_a438cb7e_jce5r0Ls (03ad6bcc-958a-4129-b75c-f421d461160b)
2019-06-24 09:43:04.364 22700 RALLYDEBUG rally_openstack.cleanup.manager [-] Deleting neutron.network object s_rally_a438cb7e_p0CpAR8j (1b5c9ae5-2592-464c-8aa5-d9bc8e2cc156)
2019-06-24 09:43:04.368 22700 RALLYDEBUG rally_openstack.cleanup.manager [-] Deleting neutron.network object s_rally_a438cb7e_MP0K6BLx (396ec7ae-987f-4baf-ae1a-6f23d8e54af9)
2019-06-24 09:43:04.376 22700 RALLYDEBUG rally_openstack.cleanup.manager [-] Deleting neutron.network object s_rally_a438cb7e_RSm73WaQ (0936202b-0cde-43cf-a259-032e5b24555c)
2019-06-24 09:43:04.377 22700 RALLYDEBUG rally_openstack.cleanup.manager [-] Deleting neutron.network object s_rally_a438cb7e_s5CzQOA0 (1db424bf-1934-44ff-a59d-cfc0f6b406b2)
2019-06-24 09:43:04.383 22700 RALLYDEBUG rally_openstack.cleanup.manager [-] Deleting neutron.network object s_rally_a438cb7e_7BCgH0Zi (52240450-71b8-47c3-8632-a5d6153f99e7)
2019-06-24 09:43:04.383 22700 RALLYDEBUG rally_openstack.cleanup.manager [-] Deleting neutron.network object s_rally_a438cb7e_SgjpiRkS (53f3b078-544c-4e2b-95c0-5b9cd086f620)
2019-06-24 09:43:04.386 22700 RALLYDEBUG rally_openstack.cleanup.manager [-] Deleting neutron.network object s_rally_a438cb7e_Zbz01j6I (096b8948-f39c-48ed-a541-34898aa173b4)
2019-06-24 09:43:04.390 22700 RALLYDEBUG rally_openstack.cleanup.manager [-] Deleting neutron.network object s_rally_a438cb7e_vUdeSkHt (09a5b03a-86e8-417a-8bc9-c9d80eac634c)
2019-06-24 09:43:04.394 22700 RALLYDEBUG rally_openstack.cleanup.manager [-] Deleting neutron.network object s_rally_a438cb7e_jy7gs8v9 (2d1b2fdb-f82e-4753-8cbd-b86644188f34)
2019-06-24 09:43:04.399 22700 RALLYDEBUG rally_openstack.cleanup.manager [-] Deleting neutron.network object s_rally_a438cb7e_8F428Mhs (5442a1a2-7a47-4337-8ff4-e1c6ea1244d8)
2019-06-24 09:43:04.400 22700 RALLYDEBUG rally_openstack.cleanup.manager [-] Deleting neutron.network object s_rally_a438cb7e_y753r4UX (10402d37-2ad2-47a1-99c5-de59257f728a)
2019-06-24 09:43:04.401 22700 RALLYDEBUG rally_openstack.cleanup.manager [-] Deleting neutron.network object s_rally_a438cb7e_ljQVyClt (208f6800-d16d-4e97-b67d-0684e30998d9)
2019-06-24 09:43:04.402 22700 RALLYDEBUG rally_openstack.cleanup.manager [-] Deleting neutron.network object s_rally_a438cb7e_JMW1Ktrk (56e265d1-0db4-42af-bcef-b21fc1eeb96d)
2019-06-24 09:43:04.416 22700 RALLYDEBUG rally_openstack.cleanup.manager [-] Deleting neutron.network object s_rally_a438cb7e_R8blDM4o (58017d0e-cae4-4785-81ee-e1a8129e5211)
2019-06-24 09:43:04.426 22700 RALLYDEBUG rally_openstack.cleanup.manager [-] Deleting neutron.network object s_rally_a438cb7e_wBw5gbrs (624b1149-8eb2-48fb-a958-7d23b547d30a)
2019-06-24 09:43:04.428 22700 RALLYDEBUG rally_openstack.cleanup.manager [-] Deleting neutron.network object s_rally_a438cb7e_SZ7ek78c (63fa5235-3683-4422-9bee-a2c213c42735)
2019-06-24 09:43:04.439 22700 RALLYDEBUG rally_openstack.cleanup.manager [-] Deleting neutron.network object s_rally_a438cb7e_YqTQz2m1 (6bcb8668-06b3-4c86-a294-34ea29d01273)
2019-06-24 09:43:04.448 22700 RALLYDEBUG rally_openstack.cleanup.manager [-] Deleting neutron.network object s_rally_a438cb7e_2DIL6vvs (6f02beba-0321-4197-9246-5ddd56ee5908)
2019-06-24 09:43:04.455 22700 RALLYDEBUG rally_openstack.cleanup.manager [-] Deleting neutron.network object s_rally_a438cb7e_yMoOeoBw (7bb0c48d-a3c6-4fd8-981a-9db66d9bc993)
2019-06-24 09:43:07.291 22700 RALLYDEBUG rally_openstack.cleanup.manager [-] Deleting neutron.network object s_rally_a438cb7e_773E55o6 (88369b04-d90e-46a3-806f-fe80a72f5eb5)
2019-06-24 09:43:07.296 22700 RALLYDEBUG rally_openstack.cleanup.manager [-] Deleting neutron.network object s_rally_a438cb7e_KVBC4uYM (8d963fcf-3b19-466d-ab48-f723df321bc9)
2019-06-24 09:43:07.329 22700 RALLYDEBUG rally_openstack.cleanup.manager [-] Deleting neutron.network object s_rally_a438cb7e_W9TFE6Tm (8e134acd-e5ec-4e26-bcda-6796bbd068e6)
2019-06-24 09:43:07.964 22700 RALLYDEBUG rally_openstack.cleanup.manager [-] Deleting neutron.network object s_rally_a438cb7e_P4MyinrQ (9776335a-4dd5-445f-80db-0fa862954c60)
2019-06-24 09:43:08.712 22700 RALLYDEBUG rally_openstack.cleanup.manager [-] Deleting neutron.network object s_rally_a438cb7e_wknq9tn4 (985c4d29-fa67-4025-9a6a-a131e5ec8123)
2019-06-24 09:43:09.062 22700 RALLYDEBUG rally_openstack.cleanup.manager [-] Deleting neutron.network object s_rally_a438cb7e_2wfF8AGb (9a2093f8-07cb-4bfe-bfd6-35841cf6224e)
2019-06-24 09:43:09.780 22700 RALLYDEBUG rally_openstack.cleanup.manager [-] Deleting neutron.network object s_rally_a438cb7e_cIgV9wW2 (9a6efc2b-d5c6-474a-bacc-5d194a2e5ebf)
2019-06-24 09:43:09.844 22700 RALLYDEBUG rally_openstack.cleanup.manager [-] Deleting neutron.network object s_rally_a438cb7e_b2VviyQd (9c212d16-a4f6-4372-bfb2-d6ea7aa5cdbb)
2019-06-24 09:43:10.010 22700 RALLYDEBUG rally_openstack.cleanup.manager [-] Deleting neutron.network object s_rally_a438cb7e_m4Z3MwUw (aed352c2-8f18-496d-8e4e-eb69ec1430bd)
2019-06-24 09:43:10.242 22700 RALLYDEBUG rally_openstack.cleanup.manager [-] Deleting neutron.network object s_rally_a438cb7e_igsmxfjG (c6f1cb1d-764a-429a-9aa4-3ce953855ca2)
2019-06-24 09:43:10.250 22700 RALLYDEBUG rally_openstack.cleanup.manager [-] Deleting neutron.network object s_rally_a438cb7e_hhkirJRv (c9ed02c1-0aa3-4e94-92f9-df8e8a62d104)
2019-06-24 09:43:10.315 22700 RALLYDEBUG rally_openstack.cleanup.manager [-] Deleting neutron.network object s_rally_a438cb7e_9yUpAQwF (d0782dea-dd4c-4c8f-ba43-dbabaa14b940)
2019-06-24 09:43:10.372 22700 RALLYDEBUG rally_openstack.cleanup.manager [-] Deleting neutron.network object s_rally_a438cb7e_g7NdQ6AE (dac3f82f-8f07-414c-a1ca-642821538702)
2019-06-24 09:43:10.457 22700 RALLYDEBUG rally_openstack.cleanup.manager [-] Deleting neutron.network object s_rally_a438cb7e_d0Wh53Qn (dc6ddda9-3c05-43d2-b47a-8f77275ce4cd)
2019-06-24 09:43:10.750 22700 RALLYDEBUG rally_openstack.cleanup.manager [-] Deleting neutron.network object s_rally_a438cb7e_moaDi8X7 (e8a65438-cedf-40c1-ab03-989606344927)
2019-06-24 09:43:11.174 22700 RALLYDEBUG rally_openstack.cleanup.manager [-] Deleting neutron.network object s_rally_a438cb7e_Tsh0dVMk (e99c0ce4-cae5-40a8-ae3f-6d0cfe395924)
2019-06-24 09:43:11.212 22700 RALLYDEBUG rally_openstack.cleanup.manager [-] Deleting neutron.network object s_rally_a438cb7e_nbaN3nD2 (ea1ceef9-f16d-43d4-8b85-cc4128f9a1e4)
2019-06-24 09:43:11.438 22700 RALLYDEBUG rally_openstack.cleanup.manager [-] Deleting neutron.network object s_rally_a438cb7e_L47SmLFS (ef99e7da-e5ee-421d-b629-d92ff3214582)
2019-06-24 09:43:11.595 22700 RALLYDEBUG rally_openstack.cleanup.manager [-] Deleting neutron.network object s_rally_a438cb7e_r4NCKpWF (f0fbb76d-50ac-46e8-b051-ea34dfb6d322)
2019-06-24 09:43:11.620 22700 RALLYDEBUG rally_openstack.cleanup.manager [-] Deleting neutron.network object s_rally_a438cb7e_iPhwEovp (f763b054-a9fd-4a5f-99d9-da93ab90a9f6)
2019-06-24 09:43:14.832 22700 RALLYDEBUG rally_openstack.cleanup.manager [-] Cleaning up neutron router objects
2019-06-24 09:43:15.512 22700 RALLYDEBUG rally_openstack.cleanup.manager [-] Cleaning up neutron security_group objects
2019-06-24 09:43:16.176 22700 INFO rally.task.context [-] Task e244269a-dd04-4230-8919-eaaedbac739e | Context cleanup@openstack cleanup() finished in 17.60 sec
2019-06-24 09:43:16.176 22700 INFO rally.task.context [-] Task e244269a-dd04-4230-8919-eaaedbac739e | Context quotas@openstack cleanup() started
2019-06-24 09:43:16.403 22700 INFO rally.task.context [-] Task e244269a-dd04-4230-8919-eaaedbac739e | Context quotas@openstack cleanup() finished in 0.23 sec
2019-06-24 09:43:16.403 22700 INFO rally.task.context [-] Task e244269a-dd04-4230-8919-eaaedbac739e | Context users@openstack cleanup() started
2019-06-24 09:43:20.932 22700 INFO rally.task.context [-] Task e244269a-dd04-4230-8919-eaaedbac739e | Context users@openstack cleanup() finished in 4.53 sec
2019-06-24 09:43:22.031 22700 INFO rally.task.engine [-] Load duration is: 41.834091
2019-06-24 09:43:22.032 22700 INFO rally.task.engine [-] Full runner duration is: 41.88889
2019-06-24 09:43:22.032 22700 INFO rally.task.engine [-] Full duration is: 69.164352
2019-06-24 09:43:22.355 22700 INFO rally.task.engine [-] Running workload: position = 0 config = { "version": 2, "title": "A cropped version of a bigger task.", "description": "Auto-generated task from a single workload (uuid=32f97fa7-8ac1-477b-bce5-de257b56e647)", "subtasks": [ { "title": "Quotas.neutron_update", "description": "Update quotas for neutron.", "scenario": { "Quotas.neutron_update": { "max_quota": 1024 } }, "contexts": { "users": { "tenants": 20, "users_per_tenant": 1 } }, "runner": { "constant": { "times": 40, "concurrency": 20 } }, "hooks": [], "sla": { "failure_rate": { "max": 0 } } } ] }
2019-06-24 09:43:22.378 22700 RALLYDEBUG rally_openstack.contexts.keystone.users [-] Creating 20 tenants using 20 threads
2019-06-24 09:43:26.324 22700 RALLYDEBUG rally_openstack.contexts.keystone.users [-] Creating 20 users using 20 threads
2019-06-24 09:43:31.860 22700 INFO rally.task.context [-] Task e244269a-dd04-4230-8919-eaaedbac739e | Context users@openstack setup() finished in 9.48 sec
2019-06-24 09:43:31.861 22700 INFO rally.task.context [-] Task e244269a-dd04-4230-8919-eaaedbac739e | Context admin_cleanup@openstack setup() finished in 0.00 msec
2019-06-24 09:43:31.869 22700 RALLYDEBUG rally.task.runner [-] Starting the constant runner (task UUID: e244269a-dd04-4230-8919-eaaedbac739e). timeout: 0 concurrency: 20 concurrency_per_worker: 1 times: 40 concurrency_overhead: 4 processes_to_start: 16 max_cpu_used: 16
2019-06-24 09:43:31.882 27317 RALLYDEBUG rally.task.runner [-] Starting a worker. concurrency: 2 args: {"max_quota": 1024} times: 40 method_name: run timeout: 0 duration: None cls:
2019-06-24 09:43:31.882 27316 RALLYDEBUG rally.task.runner [-] Starting a worker. concurrency: 2 args: {"max_quota": 1024} times: 40 method_name: run timeout: 0 duration: None cls:
2019-06-24 09:43:31.886 27318 RALLYDEBUG rally.task.runner [-] Starting a worker. concurrency: 2 args: {"max_quota": 1024} times: 40 method_name: run timeout: 0 duration: None cls:
2019-06-24 09:43:31.891 27317 INFO rally.task.runner [-] Task e244269a-dd04-4230-8919-eaaedbac739e | ITER: 1 START
2019-06-24 09:43:31.891 27319 RALLYDEBUG rally.task.runner [-] Starting a worker. concurrency: 2 args: {"max_quota": 1024} times: 40 method_name: run timeout: 0 duration: None cls:
2019-06-24 09:43:31.892 27322 RALLYDEBUG rally.task.runner [-] Starting a worker. concurrency: 1 args: {"max_quota": 1024} times: 40 method_name: run timeout: 0 duration: None cls:
2019-06-24 09:43:31.893 27316 INFO rally.task.runner [-] Task e244269a-dd04-4230-8919-eaaedbac739e | ITER: 2 START
2019-06-24 09:43:31.893 27318 INFO rally.task.runner [-] Task e244269a-dd04-4230-8919-eaaedbac739e | ITER: 3 START
2019-06-24 09:43:31.897 27324 RALLYDEBUG rally.task.runner [-] Starting a worker. concurrency: 1 args: {"max_quota": 1024} times: 40 method_name: run timeout: 0 duration: None cls:
2019-06-24 09:43:31.900 27322 INFO rally.task.runner [-] Task e244269a-dd04-4230-8919-eaaedbac739e | ITER: 8 START
2019-06-24 09:43:31.900 27328 RALLYDEBUG rally.task.runner [-] Starting a worker. concurrency: 1 args: {"max_quota": 1024} times: 40 method_name: run timeout: 0 duration: None cls:
2019-06-24 09:43:31.901 27319 INFO rally.task.runner [-] Task e244269a-dd04-4230-8919-eaaedbac739e | ITER: 7 START
2019-06-24 09:43:31.904 27317 INFO rally.task.runner [-] Task e244269a-dd04-4230-8919-eaaedbac739e | ITER: 4 START
2019-06-24 09:43:31.904 27329 RALLYDEBUG rally.task.runner [-] Starting a worker. concurrency: 1 args: {"max_quota": 1024} times: 40 method_name: run timeout: 0 duration: None cls:
2019-06-24 09:43:31.906 27324 INFO rally.task.runner [-] Task e244269a-dd04-4230-8919-eaaedbac739e | ITER: 9 START
2019-06-24 09:43:31.907 27333 RALLYDEBUG rally.task.runner [-] Starting a worker. concurrency: 1 args: {"max_quota": 1024} times: 40 method_name: run timeout: 0 duration: None cls:
2019-06-24 09:43:31.910 27316 INFO rally.task.runner [-] Task e244269a-dd04-4230-8919-eaaedbac739e | ITER: 5 START
2019-06-24 09:43:31.910 27318 INFO rally.task.runner [-] Task e244269a-dd04-4230-8919-eaaedbac739e | ITER: 6 START
2019-06-24 09:43:31.912 27336 RALLYDEBUG rally.task.runner [-] Starting a worker. concurrency: 1 args: {"max_quota": 1024} times: 40 method_name: run timeout: 0 duration: None cls:
2019-06-24 09:43:31.914 27333 INFO rally.task.runner [-] Task e244269a-dd04-4230-8919-eaaedbac739e | ITER: 13 START
2019-06-24 09:43:31.916 27329 INFO rally.task.runner [-] Task e244269a-dd04-4230-8919-eaaedbac739e | ITER: 12 START
2019-06-24 09:43:31.919 27341 RALLYDEBUG rally.task.runner [-] Starting a worker. concurrency: 1 args: {"max_quota": 1024} times: 40 method_name: run timeout: 0 duration: None cls:
2019-06-24 09:43:31.920 27328 INFO rally.task.runner [-] Task e244269a-dd04-4230-8919-eaaedbac739e | ITER: 11 START
2019-06-24 09:43:31.918 27319 INFO rally.task.runner [-] Task e244269a-dd04-4230-8919-eaaedbac739e | ITER: 10 START
2019-06-24 09:43:31.924 27348 RALLYDEBUG rally.task.runner [-] Starting a worker. concurrency: 1 args: {"max_quota": 1024} times: 40 method_name: run timeout: 0 duration: None cls:
2019-06-24 09:43:31.926 27336 INFO rally.task.runner [-] Task e244269a-dd04-4230-8919-eaaedbac739e | ITER: 14 START
2019-06-24 09:43:31.927 27341 INFO rally.task.runner [-] Task e244269a-dd04-4230-8919-eaaedbac739e | ITER: 15 START
2019-06-24 09:43:31.930 27348 INFO rally.task.runner [-] Task e244269a-dd04-4230-8919-eaaedbac739e | ITER: 16 START
2019-06-24 09:43:31.932 27354 RALLYDEBUG rally.task.runner [-] Starting a worker. concurrency: 1 args: {"max_quota": 1024} times: 40 method_name: run timeout: 0 duration: None cls:
2019-06-24 09:43:31.937 27354 INFO rally.task.runner [-] Task e244269a-dd04-4230-8919-eaaedbac739e | ITER: 17 START
2019-06-24 09:43:31.942 27357 RALLYDEBUG rally.task.runner [-] Starting a worker. concurrency: 1 args: {"max_quota": 1024} times: 40 method_name: run timeout: 0 duration: None cls:
2019-06-24 09:43:31.946 27360 RALLYDEBUG rally.task.runner [-] Starting a worker. concurrency: 1 args: {"max_quota": 1024} times: 40 method_name: run timeout: 0 duration: None cls:
2019-06-24 09:43:31.950 27357 INFO rally.task.runner [-] Task e244269a-dd04-4230-8919-eaaedbac739e | ITER: 18 START
2019-06-24 09:43:31.952 27360 INFO rally.task.runner [-] Task e244269a-dd04-4230-8919-eaaedbac739e | ITER: 19 START
2019-06-24 09:43:31.954 27361 RALLYDEBUG rally.task.runner [-] Starting a worker. concurrency: 1 args: {"max_quota": 1024} times: 40 method_name: run timeout: 0 duration: None cls:
2019-06-24 09:43:31.960 27361 INFO rally.task.runner [-] Task e244269a-dd04-4230-8919-eaaedbac739e | ITER: 20 START
2019-06-24 09:43:33.387 27333 INFO rally.task.runner [-] Task e244269a-dd04-4230-8919-eaaedbac739e | ITER: 13 END: OK
2019-06-24 09:43:33.390 27324 INFO rally.task.runner [-] Task e244269a-dd04-4230-8919-eaaedbac739e | ITER: 9 END: OK
2019-06-24 09:43:33.393 27322 INFO rally.task.runner [-] Task e244269a-dd04-4230-8919-eaaedbac739e | ITER: 8 END: OK
2019-06-24 09:43:33.394 27324 INFO rally.task.runner [-] Task e244269a-dd04-4230-8919-eaaedbac739e | ITER: 22 START
2019-06-24 09:43:33.395 27333 INFO rally.task.runner [-] Task e244269a-dd04-4230-8919-eaaedbac739e | ITER: 21 START
2019-06-24 09:43:33.402 27322 INFO rally.task.runner [-] Task e244269a-dd04-4230-8919-eaaedbac739e | ITER: 23 START
2019-06-24 09:43:33.414 27317 INFO rally.task.runner [-] Task e244269a-dd04-4230-8919-eaaedbac739e | ITER: 1 END: OK
2019-06-24 09:43:33.420 27317 INFO rally.task.runner [-] Task e244269a-dd04-4230-8919-eaaedbac739e | ITER: 24 START
2019-06-24 09:43:33.445 27348 INFO rally.task.runner [-] Task e244269a-dd04-4230-8919-eaaedbac739e | ITER: 16 END: OK
2019-06-24 09:43:33.450 27348 INFO rally.task.runner [-] Task e244269a-dd04-4230-8919-eaaedbac739e | ITER: 25 START
2019-06-24 09:43:33.493 27329 INFO rally.task.runner [-] Task e244269a-dd04-4230-8919-eaaedbac739e | ITER: 12 END: OK
2019-06-24 09:43:33.501 27329 INFO rally.task.runner [-] Task e244269a-dd04-4230-8919-eaaedbac739e | ITER: 26 START
2019-06-24 09:43:33.505 27328 INFO rally.task.runner [-] Task e244269a-dd04-4230-8919-eaaedbac739e | ITER: 11 END: OK
2019-06-24 09:43:33.508 27328 INFO rally.task.runner [-] Task e244269a-dd04-4230-8919-eaaedbac739e | ITER: 27 START
2019-06-24 09:43:33.701 27317 INFO rally.task.runner [-] Task e244269a-dd04-4230-8919-eaaedbac739e | ITER: 4 END: OK
2019-06-24 09:43:33.708 27317 INFO rally.task.runner [-] Task e244269a-dd04-4230-8919-eaaedbac739e | ITER: 28 START
2019-06-24 09:43:33.725 27336 INFO rally.task.runner [-] Task e244269a-dd04-4230-8919-eaaedbac739e | ITER: 14 END: OK
2019-06-24 09:43:33.733 27336 INFO rally.task.runner [-] Task e244269a-dd04-4230-8919-eaaedbac739e | ITER: 29 START
2019-06-24 09:43:33.739 27360 INFO rally.task.runner [-] Task e244269a-dd04-4230-8919-eaaedbac739e | ITER: 19 END: OK
2019-06-24 09:43:33.746 27360 INFO rally.task.runner [-] Task e244269a-dd04-4230-8919-eaaedbac739e | ITER: 30 START
2019-06-24 09:43:33.764 27319 INFO rally.task.runner [-] Task e244269a-dd04-4230-8919-eaaedbac739e | ITER: 10 END: OK
2019-06-24 09:43:33.768 27318 INFO rally.task.runner [-] Task e244269a-dd04-4230-8919-eaaedbac739e | ITER: 3 END: OK
2019-06-24 09:43:33.769 27361 INFO rally.task.runner [-] Task e244269a-dd04-4230-8919-eaaedbac739e | ITER: 20 END: OK
2019-06-24 09:43:33.770 27319 INFO rally.task.runner [-] Task e244269a-dd04-4230-8919-eaaedbac739e | ITER: 31 START
2019-06-24 09:43:33.775 27318 INFO rally.task.runner [-] Task e244269a-dd04-4230-8919-eaaedbac739e | ITER: 32 START
2019-06-24 09:43:33.776 27361 INFO rally.task.runner [-] Task e244269a-dd04-4230-8919-eaaedbac739e | ITER: 33 START
2019-06-24 09:43:33.814 27357 INFO rally.task.runner [-] Task e244269a-dd04-4230-8919-eaaedbac739e | ITER: 18 END: OK
2019-06-24 09:43:33.821 27357 INFO rally.task.runner [-] Task e244269a-dd04-4230-8919-eaaedbac739e | ITER: 34 START
2019-06-24 09:43:33.904 27319 INFO rally.task.runner [-] Task e244269a-dd04-4230-8919-eaaedbac739e | ITER: 7 END: OK
2019-06-24 09:43:33.910 27319 INFO rally.task.runner [-] Task e244269a-dd04-4230-8919-eaaedbac739e | ITER: 35 START
2019-06-24 09:43:33.966 27316 INFO rally.task.runner [-] Task e244269a-dd04-4230-8919-eaaedbac739e | ITER: 2 END: OK
2019-06-24 09:43:33.972 27316 INFO rally.task.runner [-] Task e244269a-dd04-4230-8919-eaaedbac739e | ITER: 5 END: OK
2019-06-24 09:43:33.975 27316 INFO rally.task.runner [-] Task e244269a-dd04-4230-8919-eaaedbac739e | ITER: 36 START
2019-06-24 09:43:33.984 27316 INFO rally.task.runner [-] Task e244269a-dd04-4230-8919-eaaedbac739e | ITER: 37 START
2019-06-24 09:43:34.010 27318 INFO rally.task.runner [-] Task e244269a-dd04-4230-8919-eaaedbac739e | ITER: 6 END: OK
2019-06-24 09:43:34.016 27318 INFO rally.task.runner [-] Task e244269a-dd04-4230-8919-eaaedbac739e | ITER: 38 START
2019-06-24 09:43:34.079 27341 INFO rally.task.runner [-] Task e244269a-dd04-4230-8919-eaaedbac739e | ITER: 15 END: OK
2019-06-24 09:43:34.086 27341 INFO rally.task.runner [-] Task e244269a-dd04-4230-8919-eaaedbac739e | ITER: 39 START
2019-06-24 09:43:34.120 27354 INFO rally.task.runner [-] Task e244269a-dd04-4230-8919-eaaedbac739e | ITER: 17 END: OK
2019-06-24 09:43:34.127 27354 INFO rally.task.runner [-] Task e244269a-dd04-4230-8919-eaaedbac739e | ITER: 40 START
2019-06-24 09:43:34.687 27333 INFO rally.task.runner [-] Task e244269a-dd04-4230-8919-eaaedbac739e | ITER: 21 END: OK
2019-06-24 09:43:34.762 27322 INFO rally.task.runner [-] Task e244269a-dd04-4230-8919-eaaedbac739e | ITER: 23 END: OK
2019-06-24 09:43:34.933 27317 INFO rally.task.runner [-] Task e244269a-dd04-4230-8919-eaaedbac739e | ITER: 24 END: OK
2019-06-24 09:43:34.936 27324 INFO rally.task.runner [-] Task e244269a-dd04-4230-8919-eaaedbac739e | ITER: 22 END: OK
2019-06-24 09:43:34.994 27348 INFO rally.task.runner [-] Task e244269a-dd04-4230-8919-eaaedbac739e | ITER: 25 END: OK
2019-06-24 09:43:35.070 27328 INFO rally.task.runner [-] Task e244269a-dd04-4230-8919-eaaedbac739e | ITER: 27 END: OK
2019-06-24 09:43:35.142 27329 INFO rally.task.runner [-] Task e244269a-dd04-4230-8919-eaaedbac739e | ITER: 26 END: OK
2019-06-24 09:43:35.335 27317 INFO rally.task.runner [-] Task e244269a-dd04-4230-8919-eaaedbac739e | ITER: 28 END: OK
2019-06-24 09:43:35.403 27319 INFO rally.task.runner [-] Task e244269a-dd04-4230-8919-eaaedbac739e | ITER: 31 END: OK
2019-06-24 09:43:35.422 27336 INFO rally.task.runner [-] Task e244269a-dd04-4230-8919-eaaedbac739e | ITER: 29 END: OK
2019-06-24 09:43:35.426 27319 INFO rally.task.runner [-] Task e244269a-dd04-4230-8919-eaaedbac739e | ITER: 35 END: OK
2019-06-24 09:43:35.518 27318 INFO rally.task.runner [-] Task e244269a-dd04-4230-8919-eaaedbac739e | ITER: 38 END: OK
2019-06-24 09:43:35.530 27316 INFO rally.task.runner [-] Task e244269a-dd04-4230-8919-eaaedbac739e | ITER: 36 END: OK
2019-06-24 09:43:35.704 27360 INFO rally.task.runner [-] Task e244269a-dd04-4230-8919-eaaedbac739e | ITER: 30 END: OK
2019-06-24 09:43:35.721 27361 INFO rally.task.runner [-] Task e244269a-dd04-4230-8919-eaaedbac739e | ITER: 33 END: OK
2019-06-24 09:43:35.829 27318 INFO rally.task.runner [-] Task e244269a-dd04-4230-8919-eaaedbac739e | ITER: 32 END: OK
2019-06-24 09:43:35.925 27341 INFO rally.task.runner [-] Task e244269a-dd04-4230-8919-eaaedbac739e | ITER: 39 END: OK
2019-06-24 09:43:35.941 27357 INFO rally.task.runner [-] Task e244269a-dd04-4230-8919-eaaedbac739e | ITER: 34 END: OK
2019-06-24 09:43:35.956 27316 INFO rally.task.runner [-] Task e244269a-dd04-4230-8919-eaaedbac739e | ITER: 37 END: OK
2019-06-24 09:43:35.958 27354 INFO rally.task.runner [-] Task e244269a-dd04-4230-8919-eaaedbac739e | ITER: 40 END: OK
2019-06-24 09:43:35.989 22700 INFO rally.task.context [-] Task e244269a-dd04-4230-8919-eaaedbac739e | Context admin_cleanup@openstack cleanup() started
2019-06-24 09:43:35.991 22700 RALLYDEBUG rally_openstack.cleanup.manager [-] Cleaning up neutron quota objects
2019-06-24 09:43:39.747 22700 INFO rally.task.context [-] Task e244269a-dd04-4230-8919-eaaedbac739e | Context admin_cleanup@openstack cleanup() finished in 3.76 sec
2019-06-24 09:43:39.747 22700 INFO rally.task.context [-] Task e244269a-dd04-4230-8919-eaaedbac739e | Context users@openstack cleanup() started
2019-06-24 09:44:08.006 22700 INFO rally.task.context [-] Task e244269a-dd04-4230-8919-eaaedbac739e | Context users@openstack cleanup() finished in 28.26 sec
2019-06-24 09:44:08.660 22700 INFO rally.task.engine [-] Load duration is: 4.063856
2019-06-24 09:44:08.661 22700 INFO rally.task.engine [-] Full runner duration is: 4.119494
2019-06-24 09:44:08.661 22700 INFO rally.task.engine [-] Full duration is: 45.630471
2019-06-24 09:44:08.900 22700 INFO rally.task.engine [-] Running workload: position = 0 config = { "version": 2, "title": "A cropped version of a bigger task.", "description": "Auto-generated task from a single workload (uuid=32d4a7d6-65b3-40fc-b892-1e29d11aeffc)", "subtasks": [ { "title": "NeutronTrunks.create_and_list_trunk_subports", "description": "", "scenario": { "NeutronTrunks.create_and_list_trunk_subports": { "subport_count": 125 } }, "contexts": { "users": { "tenants": 1, "users_per_tenant": 1 }, "quotas": { "neutron": { "network": -1, "port": 1000 } } }, "runner": { "constant": { "times": 4, "concurrency": 4 } }, "hooks": [], "sla": { "failure_rate": { "max": 0 } } } ] }
2019-06-24 09:44:08.923 22700 RALLYDEBUG rally_openstack.contexts.keystone.users [-] Creating 1 tenants using 20 threads
2019-06-24 09:44:10.457 22700 RALLYDEBUG rally_openstack.contexts.keystone.users [-] Creating 1 users using 20 threads
2019-06-24 09:44:12.673 22700 INFO rally.task.context [-] Task e244269a-dd04-4230-8919-eaaedbac739e | Context users@openstack setup() finished in 3.75 sec
2019-06-24 09:44:13.700 22700 INFO rally.task.context [-] Task e244269a-dd04-4230-8919-eaaedbac739e | Context quotas@openstack setup() finished in 1.03 sec
2019-06-24 09:44:13.700 22700 INFO rally.task.context [-] Task e244269a-dd04-4230-8919-eaaedbac739e | Context cleanup@openstack setup() finished in 0.01 msec
2019-06-24 09:44:13.707 22700 RALLYDEBUG rally.task.runner [-] Starting the constant runner (task UUID: e244269a-dd04-4230-8919-eaaedbac739e). timeout: 0 concurrency: 4 concurrency_per_worker: 1 times: 4 concurrency_overhead: 0 processes_to_start: 4 max_cpu_used: 16
2019-06-24 09:44:13.720 27506 RALLYDEBUG rally.task.runner [-] Starting a worker. concurrency: 1 args: {"subport_count": 125} times: 4 method_name: run timeout: 0 duration: None cls:
2019-06-24 09:44:13.723 27507 RALLYDEBUG rally.task.runner [-] Starting a worker. concurrency: 1 args: {"subport_count": 125} times: 4 method_name: run timeout: 0 duration: None cls:
2019-06-24 09:44:13.725 27508 RALLYDEBUG rally.task.runner [-] Starting a worker. concurrency: 1 args: {"subport_count": 125} times: 4 method_name: run timeout: 0 duration: None cls:
2019-06-24 09:44:13.726 27506 INFO rally.task.runner [-] Task e244269a-dd04-4230-8919-eaaedbac739e | ITER: 1 START
2019-06-24 09:44:13.728 27507 INFO rally.task.runner [-] Task e244269a-dd04-4230-8919-eaaedbac739e | ITER: 2 START
2019-06-24 09:44:13.728 27509 RALLYDEBUG rally.task.runner [-] Starting a worker. concurrency: 1 args: {"subport_count": 125} times: 4 method_name: run timeout: 0 duration: None cls:
2019-06-24 09:44:13.730 27508 INFO rally.task.runner [-] Task e244269a-dd04-4230-8919-eaaedbac739e | ITER: 3 START
2019-06-24 09:44:13.733 27509 INFO rally.task.runner [-] Task e244269a-dd04-4230-8919-eaaedbac739e | ITER: 4 START
2019-06-24 09:46:31.217 27507 WARNING rally.task.atomic [-] 'optional_action_timer' is deprecated since rally v0.10.0.Please use action_timer instead, we have improved atomic actions, now do not need to explicitly close original action.
2019-06-24 09:46:31.253 27507 WARNING rally.task.atomic [-] 'optional_action_timer' is deprecated since rally v0.10.0.Please use action_timer instead, we have improved atomic actions, now do not need to explicitly close original action.
2019-06-24 09:46:31.585 27508 WARNING rally.task.atomic [-] 'optional_action_timer' is deprecated since rally v0.10.0.Please use action_timer instead, we have improved atomic actions, now do not need to explicitly close original action.
2019-06-24 09:46:31.625 27508 WARNING rally.task.atomic [-] 'optional_action_timer' is deprecated since rally v0.10.0.Please use action_timer instead, we have improved atomic actions, now do not need to explicitly close original action.
2019-06-24 09:46:31.934 27507 INFO rally.task.runner [-] Task e244269a-dd04-4230-8919-eaaedbac739e | ITER: 2 END: OK
2019-06-24 09:46:32.330 27508 INFO rally.task.runner [-] Task e244269a-dd04-4230-8919-eaaedbac739e | ITER: 3 END: OK
2019-06-24 09:48:20.991 27506 WARNING rally.task.atomic [-] 'optional_action_timer' is deprecated since rally v0.10.0.Please use action_timer instead, we have improved atomic actions, now do not need to explicitly close original action.
2019-06-24 09:48:21.001 27509 WARNING rally.task.atomic [-] 'optional_action_timer' is deprecated since rally v0.10.0.Please use action_timer instead, we have improved atomic actions, now do not need to explicitly close original action.
2019-06-24 09:48:21.050 27506 WARNING rally.task.atomic [-] 'optional_action_timer' is deprecated since rally v0.10.0.Please use action_timer instead, we have improved atomic actions, now do not need to explicitly close original action.
2019-06-24 09:48:21.054 27509 WARNING rally.task.atomic [-] 'optional_action_timer' is deprecated since rally v0.10.0.Please use action_timer instead, we have improved atomic actions, now do not need to explicitly close original action.
2019-06-24 09:48:22.412 27506 INFO rally.task.runner [-] Task e244269a-dd04-4230-8919-eaaedbac739e | ITER: 1 END: OK
2019-06-24 09:48:22.435 27509 INFO rally.task.runner [-] Task e244269a-dd04-4230-8919-eaaedbac739e | ITER: 4 END: OK
2019-06-24 09:48:22.461 22700 INFO rally.task.context [-] Task e244269a-dd04-4230-8919-eaaedbac739e | Context cleanup@openstack cleanup() started
2019-06-24 09:48:22.466 22700 RALLYDEBUG rally_openstack.cleanup.manager [-] Cleaning up neutron vip objects
2019-06-24 09:48:23.710 22700 RALLYDEBUG rally_openstack.cleanup.manager [-] Cleaning up neutron health_monitor objects
2019-06-24 09:48:24.423 22700 RALLYDEBUG rally_openstack.cleanup.manager [-] Cleaning up neutron pool objects
2019-06-24 09:48:25.462 22700 RALLYDEBUG rally_openstack.cleanup.manager [-] Cleaning up neutron loadbalancer objects
2019-06-24 09:48:26.152 22700 RALLYDEBUG rally_openstack.cleanup.manager [-] Cleaning up neutron floatingip objects
2019-06-24 09:48:26.928 22700 RALLYDEBUG rally_openstack.cleanup.manager [-] Cleaning up neutron port objects
2019-06-24 09:48:29.278 22700 RALLYDEBUG rally_openstack.cleanup.manager [-] Deleting neutron.port object s_rally_32d4a7d6_4FQTC05Q (051d9577-d65a-4643-a790-fb95a2b7f69a)
2019-06-24 09:48:29.284 22700 RALLYDEBUG rally_openstack.cleanup.manager [-] Deleting neutron.port object s_rally_32d4a7d6_jnrjOKmc (02030eae-b84e-4d4e-8a08-bb4a73e2171b)
2019-06-24 09:48:29.294 22700 RALLYDEBUG rally_openstack.cleanup.manager [-] Deleting neutron.port object s_rally_32d4a7d6_7QcV76RY (071f4f8b-a5e2-4129-a669-63d34c88af78)
2019-06-24 09:48:29.294 22700 RALLYDEBUG rally_openstack.cleanup.manager [-] Deleting neutron.port object s_rally_32d4a7d6_FfeFSfIf (0115621b-6327-4311-becf-d6fefc0a03c5)
2019-06-24 09:48:29.298 22700 RALLYDEBUG rally_openstack.cleanup.manager [-] Deleting neutron.port object s_rally_32d4a7d6_4d2sxIJD (09ae1069-cc3c-4485-b565-db497927daa6)
2019-06-24 09:48:29.301 22700 RALLYDEBUG rally_openstack.cleanup.manager [-] Deleting neutron.port object s_rally_32d4a7d6_vEAUCimx (025df578-7d62-4657-9fc5-db5e79adb4d0)
2019-06-24 09:48:29.305 22700 RALLYDEBUG rally_openstack.cleanup.manager [-] Deleting neutron.port object s_rally_32d4a7d6_I4925Jv8 (0748f823-4b8d-45ac-a088-edff784ef11c)
2019-06-24 09:48:29.305 22700 RALLYDEBUG rally_openstack.cleanup.manager [-] Deleting neutron.port object s_rally_32d4a7d6_9uZjeTtO (0a428aa4-7fe0-4a51-92c8-bff44525866e)
2019-06-24 09:48:29.308 22700 RALLYDEBUG rally_openstack.cleanup.manager [-] Deleting neutron.port object s_rally_32d4a7d6_vv2Xxtyz (0710631d-3c3e-4640-9ca5-cf3228e44e59)
2019-06-24 09:48:29.311 22700 RALLYDEBUG rally_openstack.cleanup.manager [-] Deleting neutron.port object s_rally_32d4a7d6_bcDhrWPF (0661269f-c4e3-421a-82ec-2d1e00c553f4)
2019-06-24 09:48:29.315 22700 RALLYDEBUG rally_openstack.cleanup.manager [-] Deleting neutron.port object s_rally_32d4a7d6_14Mj6mOJ (0c61c4c4-6f89-4b23-9f7c-a0b950c4799e)
2019-06-24 09:48:29.318 22700 RALLYDEBUG rally_openstack.cleanup.manager [-] Deleting neutron.port object s_rally_32d4a7d6_r4JjuKTM (0b6f52d0-7dee-4f96-a48b-a0926f9535a9)
2019-06-24 09:48:29.326 22700 RALLYDEBUG rally_openstack.cleanup.manager [-] Deleting neutron.port object s_rally_32d4a7d6_0gtGeePc (0ce84b39-a9e2-4913-be24-f5b46566d15f)
2019-06-24 09:48:29.353 22700 RALLYDEBUG rally_openstack.cleanup.manager [-] Deleting neutron.port object s_rally_32d4a7d6_9g6MchkU (08b4ef08-4c42-4ed8-80c9-728a873107d9)
2019-06-24 09:48:29.354 22700 RALLYDEBUG rally_openstack.cleanup.manager [-] Deleting neutron.port object s_rally_32d4a7d6_oPa9vj8B (0ccdb5e3-7e74-4ada-86fa-658fd1bb1395)
2019-06-24 09:48:29.365 22700 RALLYDEBUG rally_openstack.cleanup.manager [-] Deleting neutron.port object s_rally_32d4a7d6_UnYviO5a (0e3db994-16b9-4016-87ad-3fe964855dd2)
2019-06-24 09:48:29.365 22700 RALLYDEBUG rally_openstack.cleanup.manager [-] Deleting neutron.port object s_rally_32d4a7d6_sRXZKD43 (0d4ca9ac-9622-4086-ac19-97f8f24e684e)
2019-06-24 09:48:29.371 22700 RALLYDEBUG rally_openstack.cleanup.manager [-] Deleting neutron.port object s_rally_32d4a7d6_DgfuXxdt (0e6a2559-de36-4b7f-b9f8-b26216fe5763)
2019-06-24 09:48:29.390 22700 RALLYDEBUG rally_openstack.cleanup.manager [-] Deleting neutron.port object s_rally_32d4a7d6_NEDQsZLC (0f1118f3-07d4-4170-a6cc-596ae5792a1a)
2019-06-24 09:48:29.396 22700 RALLYDEBUG rally_openstack.cleanup.manager [-] Deleting neutron.port object s_rally_32d4a7d6_jqnT8xE7 (0f3a784d-323b-4845-8166-e5719366b52e)
2019-06-24 09:48:32.051 22700 RALLYDEBUG rally_openstack.cleanup.manager [-] Deleting neutron.port object s_rally_32d4a7d6_IxPIHD1A (0f52cd6c-807d-4b4b-8011-10c2d62b099e)
2019-06-24 09:48:32.146 22700 RALLYDEBUG rally_openstack.cleanup.manager [-] Deleting neutron.port object s_rally_32d4a7d6_OGL09CpB (0f630bb9-c5dd-4e10-926a-51eb33796739)
2019-06-24 09:48:32.236 22700 RALLYDEBUG rally_openstack.cleanup.manager [-] Deleting neutron.port object s_rally_32d4a7d6_avHETNZv (0f98d07c-0d82-4746-ad7e-eb99982ca128)
2019-06-24 09:48:32.742 22700 RALLYDEBUG rally_openstack.cleanup.manager [-] Deleting neutron.port object s_rally_32d4a7d6_HfBx2Io9 (10249693-3723-43b9-9e55-378eca7c8385)
2019-06-24 09:48:34.339 22700 RALLYDEBUG rally_openstack.cleanup.manager [-] Deleting neutron.port object s_rally_32d4a7d6_UhoNrBZD (10e35400-eba2-4411-be1d-15b7d2aa0c3e)
2019-06-24 09:48:34.437 22700 RALLYDEBUG rally_openstack.cleanup.manager [-] Deleting neutron.port object s_rally_32d4a7d6_H3wPXrX5 (11efb1aa-d1a3-4733-b689-392fa6a57d17)
2019-06-24 09:48:34.730 22700 RALLYDEBUG rally_openstack.cleanup.manager [-] Deleting neutron.port object s_rally_32d4a7d6_RmgHppop (13e6cd37-2361-4d4d-9917-4b33593e5701)
2019-06-24 09:48:35.629 22700 RALLYDEBUG rally_openstack.cleanup.manager [-] Deleting neutron.port object s_rally_32d4a7d6_Y1V9KbmB (141bfdf4-6b27-4c0d-a9cc-6a7070cd825e)
2019-06-24 09:48:35.666 22700 RALLYDEBUG rally_openstack.cleanup.manager [-] Deleting neutron.port object s_rally_32d4a7d6_WYufrjgp (14ade986-608c-4d93-a21c-c82769e91afd)
2019-06-24 09:48:36.036 22700 RALLYDEBUG rally_openstack.cleanup.manager [-] Deleting neutron.port object s_rally_32d4a7d6_ZRGvEA1r (14b18958-f55b-4424-b7ae-fe26b12f8db5)
2019-06-24 09:48:36.345 22700 RALLYDEBUG rally_openstack.cleanup.manager [-] Deleting neutron.port object s_rally_32d4a7d6_swgTu7N5 (14b1ff8b-75f2-469d-a684-280980f1455c)
2019-06-24 09:48:36.358 22700 RALLYDEBUG rally_openstack.cleanup.manager [-] Deleting neutron.port object s_rally_32d4a7d6_PfVYCWtE (14e2bb4d-511b-4966-9f82-66900e817b0b)
2019-06-24 09:48:36.607 22700 RALLYDEBUG rally_openstack.cleanup.manager [-] Deleting neutron.port object s_rally_32d4a7d6_tJ8Pi76e (15deb592-3267-4379-a399-945054746ab4)
2019-06-24 09:48:36.615 22700 RALLYDEBUG rally_openstack.cleanup.manager [-] Deleting neutron.port object s_rally_32d4a7d6_80NfY2ha (16d0052f-1bed-4ecf-a3b5-417daaedd710)
2019-06-24 09:48:36.666 22700 RALLYDEBUG rally_openstack.cleanup.manager [-] Deleting neutron.port object s_rally_32d4a7d6_w5fqVTL1 (16d32fd2-2b81-4a2d-94e2-0fa998b23e6b)
2019-06-24 09:48:36.687 22700 RALLYDEBUG rally_openstack.cleanup.manager [-] Deleting neutron.port object s_rally_32d4a7d6_o3COwWN3 (17e027cf-99be-4154-b054-cc6891d3bf67)
2019-06-24 09:48:37.305 22700 RALLYDEBUG rally_openstack.cleanup.manager [-] Deleting neutron.port object s_rally_32d4a7d6_PNdblSdu (17fd37ff-8ef7-4292-a0b4-e10f83d1a885)
2019-06-24 09:48:37.498 22700 RALLYDEBUG rally_openstack.cleanup.manager [-] Deleting neutron.port object s_rally_32d4a7d6_wtTiLr3c (183624f1-2793-4f79-ae10-65cb26a5a805)
2019-06-24 09:48:37.498 22700 RALLYDEBUG rally_openstack.cleanup.manager [-] Deleting neutron.port object s_rally_32d4a7d6_j2r6qqmm (18007aaf-2f78-48c1-97f0-84c8636423b6)
2019-06-24 09:48:37.628 22700 RALLYDEBUG rally_openstack.cleanup.manager [-] Deleting neutron.port object s_rally_32d4a7d6_6NsUME29 (19140d22-7880-4dc1-a0b4-a6677bcff6ea)
2019-06-24 09:48:37.642 22700 RALLYDEBUG rally_openstack.cleanup.manager [-] Deleting neutron.port object s_rally_32d4a7d6_PCqY0ji2 (19256a49-0c34-4b02-9540-560a22af025f)
2019-06-24 09:48:37.672 22700 RALLYDEBUG rally_openstack.cleanup.manager [-] Deleting neutron.port object s_rally_32d4a7d6_z65mV9ZC (1b23557e-0ae8-46c2-b1d5-e6cc5bdb22b8)
2019-06-24 09:48:38.287 22700 RALLYDEBUG rally_openstack.cleanup.manager [-] Deleting neutron.port object s_rally_32d4a7d6_QXIDnRAW (1b44fd76-4b8c-423c-8566-b4f37d2a5925)
2019-06-24 09:48:38.310 22700 RALLYDEBUG rally_openstack.cleanup.manager [-] Deleting neutron.port object s_rally_32d4a7d6_7GDjNddp (1cb4c39f-c0c9-4803-a66b-99148fe8c10f)
2019-06-24 09:48:38.495 22700 RALLYDEBUG rally_openstack.cleanup.manager [-] Deleting neutron.port object s_rally_32d4a7d6_4TDiXuid (1db52a2e-756f-4614-8aa8-70f9d51a4b23)
2019-06-24 09:48:38.533 22700 RALLYDEBUG rally_openstack.cleanup.manager [-] Deleting neutron.port object s_rally_32d4a7d6_bywSsj8g (1dbb5688-2ad9-4ff4-932a-abfb37e47450)
2019-06-24 09:48:38.539 22700 RALLYDEBUG rally_openstack.cleanup.manager [-] Deleting neutron.port object s_rally_32d4a7d6_EcpJiqts (1ea36fc7-7388-40d6-ae96-57e957244f61)
2019-06-24 09:48:38.549 22700 RALLYDEBUG rally_openstack.cleanup.manager [-] Deleting neutron.port object s_rally_32d4a7d6_Z3LrJ5e8 (1ed78680-6d2e-489a-99b3-3ddb40927139)
2019-06-24 09:48:38.558 22700 RALLYDEBUG rally_openstack.cleanup.manager [-] Deleting neutron.port object s_rally_32d4a7d6_Vcbee0mU (1ee2d08f-7b68-42da-8eec-cdeec5dfd1c6)
2019-06-24 09:48:39.416 22700 RALLYDEBUG rally_openstack.cleanup.manager [-] Deleting neutron.port object s_rally_32d4a7d6_SomJfxyZ (1fb906bd-92b1-450b-98dc-c76403a9c575)
2019-06-24 09:48:39.684 22700 RALLYDEBUG rally_openstack.cleanup.manager [-] Deleting neutron.port object s_rally_32d4a7d6_32LXQBJY (20429175-a032-49a1-8933-610bdc7ef450)
2019-06-24 09:48:40.305 22700 RALLYDEBUG rally_openstack.cleanup.manager [-] Deleting neutron.port object s_rally_32d4a7d6_Bwn2iQro (20be9275-5a28-4abb-8321-25920dd972cf)
2019-06-24 09:48:40.326 22700 RALLYDEBUG rally_openstack.cleanup.manager [-] Deleting neutron.port object s_rally_32d4a7d6_HiV6ZvRa (20c6a5d3-e4f5-4b52-8324-e758d241baf2)
2019-06-24 09:48:40.343 22700 RALLYDEBUG rally_openstack.cleanup.manager [-] Deleting neutron.port object s_rally_32d4a7d6_KFBNfl1W (21042200-2b68-412f-bacc-e7f6464e0d18)
2019-06-24 09:48:40.367 22700 RALLYDEBUG rally_openstack.cleanup.manager [-] Deleting neutron.port object s_rally_32d4a7d6_FOMoAOw1 (21285220-e6be-4f85-bfbf-c30044742a71)
2019-06-24 09:48:40.408 22700 RALLYDEBUG rally_openstack.cleanup.manager [-] Deleting neutron.port object s_rally_32d4a7d6_Vxy46JQt (212a1960-374c-4a65-84be-e9fb4b433a86)
2019-06-24 09:48:41.078 22700 RALLYDEBUG rally_openstack.cleanup.manager [-] Deleting neutron.port object s_rally_32d4a7d6_4cjdIzrN (219277d6-7e62-4415-b925-53eb5dddd1a3)
2019-06-24 09:48:41.281 22700 RALLYDEBUG rally_openstack.cleanup.manager [-] Deleting neutron.port object s_rally_32d4a7d6_hX52bWnS (21f6e1d8-2726-443c-90fc-041e74bac493)
2019-06-24 09:48:41.285 22700 RALLYDEBUG rally_openstack.cleanup.manager [-] Deleting neutron.port object s_rally_32d4a7d6_ZE48jElV (22855dbd-3453-4429-acae-e68b85e6fcbb)
2019-06-24 09:48:41.380 22700 RALLYDEBUG rally_openstack.cleanup.manager [-] Deleting neutron.port object s_rally_32d4a7d6_pm2RBbIa (2303a9bd-580b-4c79-bf1b-1305da784613)
2019-06-24 09:48:41.475 22700 RALLYDEBUG rally_openstack.cleanup.manager [-] Deleting neutron.port object s_rally_32d4a7d6_aorGkdcj (2310063b-2014-47f2-9397-44406bb5b689)
2019-06-24 09:48:42.223 22700 RALLYDEBUG rally_openstack.cleanup.manager [-] Deleting neutron.port object s_rally_32d4a7d6_8eV1QkWB (233b369e-2ce4-4f4c-ba6f-8df2c378d51e)
2019-06-24 09:48:42.244 22700 RALLYDEBUG rally_openstack.cleanup.manager [-] Deleting neutron.port object s_rally_32d4a7d6_YctOBXUr (23ec544a-b150-43e3-a814-cee781da155f)
2019-06-24 09:48:42.266 22700 RALLYDEBUG rally_openstack.cleanup.manager [-] Deleting neutron.port object s_rally_32d4a7d6_McfGRzuk (23fba34f-94ed-41a1-b1fc-dc97bb2f1d8c)
2019-06-24 09:48:42.285 22700 RALLYDEBUG rally_openstack.cleanup.manager [-] Deleting neutron.port object s_rally_32d4a7d6_XKgkVExD (2461d875-ccda-4f79-bb6c-134e276c0e67)
2019-06-24 09:48:42.337 22700 RALLYDEBUG rally_openstack.cleanup.manager [-] Deleting neutron.port object s_rally_32d4a7d6_RCeQHCDM (2665bd3e-9bf0-489e-aa06-c9e00b4c8af8)
2019-06-24 09:48:42.366 22700 RALLYDEBUG rally_openstack.cleanup.manager [-] Deleting neutron.port object s_rally_32d4a7d6_xfE8N4mI (268866ea-3524-477b-b262-3238edf7d77c)
2019-06-24 09:48:42.400 22700 RALLYDEBUG rally_openstack.cleanup.manager [-] Deleting neutron.port object s_rally_32d4a7d6_Kef688AL (280f532d-74e5-44bd-800f-6ca36f0df516)
2019-06-24 09:48:42.499 22700 RALLYDEBUG rally_openstack.cleanup.manager [-] Deleting neutron.port object s_rally_32d4a7d6_mTpQytG0 (283cd796-270d-4ccc-8a36-943d1e761fe4)
2019-06-24 09:48:42.859 22700 RALLYDEBUG rally_openstack.cleanup.manager [-] Deleting neutron.port object s_rally_32d4a7d6_2KpNbZnD (28857827-17a9-45ef-b976-3248da3c5e7f)
2019-06-24 09:48:42.862 22700 RALLYDEBUG rally_openstack.cleanup.manager [-] Deleting neutron.port object s_rally_32d4a7d6_PnfuXf5Y (29688bc9-7bb9-424f-b7d6-689fe15a837d)
2019-06-24 09:48:43.924 22700 RALLYDEBUG rally_openstack.cleanup.manager [-] Deleting neutron.port object s_rally_32d4a7d6_O5abTX4V (29cbc6c3-7d5d-4d16-8d6a-a3f7fcc9df74)
2019-06-24 09:48:44.022 22700 RALLYDEBUG rally_openstack.cleanup.manager [-] Deleting neutron.port object s_rally_32d4a7d6_mOCcmjVz (29d6aa4e-ce3a-4959-a60d-a82f349462a7)
2019-06-24 09:48:44.131 22700 RALLYDEBUG rally_openstack.cleanup.manager [-] Deleting neutron.port object s_rally_32d4a7d6_uy2t9jEH (2a99484b-101b-4642-9d5d-050a887d4f0e)
2019-06-24 09:48:44.510 22700 RALLYDEBUG rally_openstack.cleanup.manager [-] Deleting neutron.port object s_rally_32d4a7d6_hwGRm0yl (2aa7d04c-4858-48c3-9d3a-d003bfc6cb0b)
2019-06-24 09:48:44.581 22700 RALLYDEBUG rally_openstack.cleanup.manager [-] Deleting neutron.port object s_rally_32d4a7d6_adbfWokd (2b82c0aa-53eb-4123-89dd-fce69490863e)
2019-06-24 09:48:44.866 22700 RALLYDEBUG rally_openstack.cleanup.manager [-] Deleting neutron.port object s_rally_32d4a7d6_oOE8vSdy (2bacf692-9505-43d3-8f23-060ee107c979)
2019-06-24 09:48:44.874 22700 RALLYDEBUG rally_openstack.cleanup.manager [-] Deleting neutron.port object s_rally_32d4a7d6_Jw8CI0h0 (2c616af8-340a-4735-a4b2-d0f24a838a0c)
2019-06-24 09:48:44.890 22700 RALLYDEBUG rally_openstack.cleanup.manager [-] Deleting neutron.port object s_rally_32d4a7d6_ZxLUBrkM (2cd0761a-e8ef-4cb6-971b-10044196e0cd)
2019-06-24 09:48:44.910 22700 RALLYDEBUG rally_openstack.cleanup.manager [-] Deleting neutron.port object s_rally_32d4a7d6_TdHi11Rn (2d155ddd-a9cb-4ab8-a6ac-564fdd6658fe)
2019-06-24 09:48:44.912 22700 RALLYDEBUG rally_openstack.cleanup.manager [-] Deleting neutron.port object s_rally_32d4a7d6_qicDqDT8 (2de798d1-8f19-4dd6-bafc-bb0dec02f4c9)
2019-06-24 09:48:45.631 22700 RALLYDEBUG rally_openstack.cleanup.manager [-] Deleting neutron.port object s_rally_32d4a7d6_Zhg7421y (2e0d12ff-7159-4602-8c28-53a45843e639)
2019-06-24 09:48:45.883 22700 RALLYDEBUG rally_openstack.cleanup.manager [-] Deleting neutron.port object s_rally_32d4a7d6_r8aP8FwP (2e47a90d-84e9-4c4b-9c17-1fbe99ab1447)
2019-06-24 09:48:45.892 22700 RALLYDEBUG rally_openstack.cleanup.manager [-] Deleting neutron.port object s_rally_32d4a7d6_wZOst1V3 (2e6d4b7d-d322-4d40-9b81-89891da74dd7)
2019-06-24 09:48:46.220 22700 RALLYDEBUG rally_openstack.cleanup.manager [-] Deleting neutron.port object s_rally_32d4a7d6_ltCBtWFd (2edaf350-2646-4bf6-9915-ecd0a1e690d4)
2019-06-24 09:48:46.248 22700 RALLYDEBUG rally_openstack.cleanup.manager [-] Deleting neutron.port object s_rally_32d4a7d6_1egyBI48 (2f95ec1c-0284-4a4e-968e-6b4fcc718675)
2019-06-24 09:48:46.527 22700 RALLYDEBUG rally_openstack.cleanup.manager [-] Deleting neutron.port object s_rally_32d4a7d6_JIfx0rBx (2fc605f7-dac2-438c-978e-bb3ef2388529)
2019-06-24 09:48:46.534 22700 RALLYDEBUG rally_openstack.cleanup.manager [-] Deleting neutron.port object s_rally_32d4a7d6_BnSWO0Bt (303d4e0d-9ce2-4647-9601-94ba008a8f3e)
2019-06-24 09:48:46.717 22700 RALLYDEBUG rally_openstack.cleanup.manager [-] Deleting neutron.port object s_rally_32d4a7d6_tMc2GruB (312395be-acb6-4542-b554-c8ea626dd90a)
2019-06-24 09:48:46.734 22700 RALLYDEBUG rally_openstack.cleanup.manager [-] Deleting neutron.port object s_rally_32d4a7d6_RCludcDk (33722ec2-2e4a-4488-a07b-02188d73024b)
2019-06-24 09:48:46.848 22700 RALLYDEBUG rally_openstack.cleanup.manager [-] Deleting neutron.port object s_rally_32d4a7d6_DUxF24dl (33e3e58f-c3d4-45f0-87d2-1f56271b5493)
2019-06-24 09:48:47.057 22700 RALLYDEBUG rally_openstack.cleanup.manager [-] Deleting neutron.port object s_rally_32d4a7d6_jJy5hi3a (34f721cd-c486-47c1-ac85-5a0a258b6d7f)
2019-06-24 09:48:47.325 22700 RALLYDEBUG rally_openstack.cleanup.manager [-] Deleting neutron.port object s_rally_32d4a7d6_Xm5ybGI7 (35cb2af5-dbf3-4155-ab68-afd541bf54e4)
2019-06-24 09:48:47.486 22700 RALLYDEBUG rally_openstack.cleanup.manager [-] Deleting neutron.port object s_rally_32d4a7d6_PAiN3qUA (35f15e90-047a-41be-afcf-d2c34d6d31fa)
2019-06-24 09:48:47.510 22700 RALLYDEBUG rally_openstack.cleanup.manager [-] Deleting neutron.port object s_rally_32d4a7d6_QUCPvvaC (381fc6e0-86bf-4a11-bc9b-8eb8e8010022)
2019-06-24 09:48:47.558 22700 RALLYDEBUG rally_openstack.cleanup.manager [-] Deleting neutron.port object s_rally_32d4a7d6_rptkFL76 (38d68094-179e-41f4-9c46-5811ca2dc331)
2019-06-24 09:48:48.098 22700 RALLYDEBUG rally_openstack.cleanup.manager [-] Deleting neutron.port object s_rally_32d4a7d6_pIkhGwDm (3a5b5164-c1d8-4505-a1a6-c0455e309b53)
2019-06-24 09:48:48.098 22700 RALLYDEBUG rally_openstack.cleanup.manager [-] Deleting neutron.port object s_rally_32d4a7d6_e8m4vhJ1 (39042bbf-e30d-4af9-9643-1a915e223f38)
