2019-06-24 09:21:16.853 22691 RALLYDEBUG rally.api [-] INFO logs from urllib3 and requests module are hide.
2019-06-24 09:21:16.854 22691 RALLYDEBUG rally.api [-] urllib3 insecure warnings are hidden.
2019-06-24 09:21:16.854 22691 RALLYDEBUG rally.api [-] ERROR log from boto module is hide.
2019-06-24 09:21:18.901 22693 RALLYDEBUG rally.api [-] INFO logs from urllib3 and requests module are hide.
2019-06-24 09:21:18.901 22693 RALLYDEBUG rally.api [-] urllib3 insecure warnings are hidden.
2019-06-24 09:21:18.902 22693 RALLYDEBUG rally.api [-] ERROR log from boto module is hide.
2019-06-24 09:21:20.179 22693 WARNING rally_openstack.platforms.existing [-] endpoint is deprecated and not used.
2019-06-24 09:21:21.123 22695 RALLYDEBUG rally.api [-] INFO logs from urllib3 and requests module are hide.
2019-06-24 09:21:21.123 22695 RALLYDEBUG rally.api [-] urllib3 insecure warnings are hidden.
2019-06-24 09:21:21.123 22695 RALLYDEBUG rally.api [-] ERROR log from boto module is hide.
2019-06-24 09:21:24.383 22698 RALLYDEBUG rally.api [-] INFO logs from urllib3 and requests module are hide.
2019-06-24 09:21:24.384 22698 RALLYDEBUG rally.api [-] urllib3 insecure warnings are hidden.
2019-06-24 09:21:24.384 22698 RALLYDEBUG rally.api [-] ERROR log from boto module is hide.
2019-06-24 09:21:26.233 22700 RALLYDEBUG rally.api [-] INFO logs from urllib3 and requests module are hide.
2019-06-24 09:21:26.233 22700 RALLYDEBUG rally.api [-] urllib3 insecure warnings are hidden.
2019-06-24 09:21:26.233 22700 RALLYDEBUG rally.api [-] ERROR log from boto module is hide.
2019-06-24 09:21:27.357 22700 INFO rally.common.plugin.discover [-] Loading plugins from directories /root/.rally/plugins/*
2019-06-24 09:21:27.358 22700 INFO rally.common.plugin.discover [-] Loaded module with plugins: /root/.rally/plugins/__init__.py
2019-06-24 09:21:27.360 22700 INFO rally.common.plugin.discover [-] Loaded module with plugins: /root/.rally/plugins/trunk_scenario.py
2019-06-24 09:21:27.527 22700 INFO rally.task.engine [-] Task e244269a-dd04-4230-8919-eaaedbac739e | Starting: Task validation.
2019-06-24 09:21:27.559 22700 INFO rally.task.engine [-] Task e244269a-dd04-4230-8919-eaaedbac739e | Starting: Task validation of syntax.
2019-06-24 09:21:27.731 22700 INFO rally.task.engine [-] Task e244269a-dd04-4230-8919-eaaedbac739e | Completed: Task validation of syntax.
2019-06-24 09:21:27.732 22700 INFO rally.task.engine [-] Task e244269a-dd04-4230-8919-eaaedbac739e | Starting: Task validation of required platforms.
2019-06-24 09:21:27.798 22700 INFO rally.task.engine [-] Task e244269a-dd04-4230-8919-eaaedbac739e | Completed: Task validation of required platforms.
2019-06-24 09:21:27.798 22700 INFO rally.task.engine [-] Task e244269a-dd04-4230-8919-eaaedbac739e | Starting: Task validation of semantic.
2019-06-24 09:21:27.799 22700 INFO rally.task.engine [-] Check health of the environment '9dfb8904-bbf7-4416-8ebe-0c0eba2e3339'.
2019-06-24 09:21:28.637 22700 INFO rally.task.engine [-] Platform existing@openstack (available: True): OK!
2019-06-24 09:21:28.656 22700 RALLYDEBUG rally_openstack.contexts.keystone.users [-] Creating 1 tenants using 20 threads
2019-06-24 09:21:30.437 22700 RALLYDEBUG rally_openstack.contexts.keystone.users [-] Creating 1 users using 20 threads
2019-06-24 09:21:32.780 22700 INFO rally.task.context [-] Task e244269a-dd04-4230-8919-eaaedbac739e | Context users@openstack setup() finished in 4.12 sec
2019-06-24 09:21:38.934 22700 INFO rally.task.context [-] Task e244269a-dd04-4230-8919-eaaedbac739e | Context users@openstack cleanup() started
2019-06-24 09:21:43.394 22700 INFO rally.task.context [-] Task e244269a-dd04-4230-8919-eaaedbac739e | Context users@openstack cleanup() finished in 4.46 sec
2019-06-24 09:21:43.395 22700 INFO rally.task.engine [-] Task e244269a-dd04-4230-8919-eaaedbac739e | Completed: Task validation of semantic.
2019-06-24 09:21:43.395 22700 INFO rally.task.engine [-] Task e244269a-dd04-4230-8919-eaaedbac739e | Completed: Task validation.
2019-06-24 09:21:43.395 22700 INFO rally.api [-] Task e244269a-dd04-4230-8919-eaaedbac739e input file is valid.
2019-06-24 09:21:43.396 22700 INFO rally.api [-] Run Task e244269a-dd04-4230-8919-eaaedbac739e against Deployment 9dfb8904-bbf7-4416-8ebe-0c0eba2e3339
2019-06-24 09:21:43.396 22700 INFO rally.task.engine [-] Task e244269a-dd04-4230-8919-eaaedbac739e | Starting: Running task.
2019-06-24 09:21:43.524 22700 INFO rally.task.engine [-] Running workload: position = 0 config = { "version": 2, "title": "A cropped version of a bigger task.", "description": "Auto-generated task from a single workload (uuid=ce787ad0-2395-4e38-87fb-f3a3ad5cfe23)", "subtasks": [ { "title": "NeutronNetworks.create_and_list_networks", "description": "Check performance of list_networks action and ensure > network quotas are not exceeded", "scenario": { "NeutronNetworks.create_and_list_networks": {} }, "contexts": { "users": { "tenants": 1, "users_per_tenant": 1 }, "quotas": { "neutron": { "network": 119 } } }, "runner": { "constant": { "times": 100, "concurrency": 20 } }, "hooks": [], "sla": { "max_avg_duration_per_atomic": { "neutron.list_networks": 15 }, "failure_rate": { "max": 0 } } } ] }
2019-06-24 09:21:43.547 22700 RALLYDEBUG rally_openstack.contexts.keystone.users [-] Creating 1 tenants using 20 threads
2019-06-24 09:21:45.216 22700 RALLYDEBUG rally_openstack.contexts.keystone.users [-] Creating 1 users using 20 threads
2019-06-24 09:21:47.629 22700 INFO rally.task.context [-] Task e244269a-dd04-4230-8919-eaaedbac739e | Context users@openstack setup() finished in 4.08 sec
2019-06-24 09:21:48.369 22700 INFO rally.task.context [-] Task e244269a-dd04-4230-8919-eaaedbac739e | Context quotas@openstack setup() finished in 0.74 sec
2019-06-24 09:21:48.369 22700 INFO rally.task.context [-] Task e244269a-dd04-4230-8919-eaaedbac739e | Context cleanup@openstack setup() finished in 0.03 msec
2019-06-24 09:21:48.377 22700 RALLYDEBUG rally.task.runner [-] Starting the constant runner (task UUID: e244269a-dd04-4230-8919-eaaedbac739e). timeout: 0 concurrency: 20 concurrency_per_worker: 1 times: 100 concurrency_overhead: 4 processes_to_start: 16 max_cpu_used: 16
2019-06-24 09:21:48.389 22824 RALLYDEBUG rally.task.runner [-] Starting a worker. concurrency: 2 args: {} times: 100 method_name: run timeout: 0 duration: None cls:
2019-06-24 09:21:48.389 22825 RALLYDEBUG rally.task.runner [-] Starting a worker. concurrency: 2 args: {} times: 100 method_name: run timeout: 0 duration: None cls:
2019-06-24 09:21:48.395 22825 INFO rally.task.runner [-] Task e244269a-dd04-4230-8919-eaaedbac739e | ITER: 2 START
2019-06-24 09:21:48.395 22826 RALLYDEBUG rally.task.runner [-] Starting a worker. concurrency: 2 args: {} times: 100 method_name: run timeout: 0 duration: None cls:
2019-06-24 09:21:48.395 22828 RALLYDEBUG rally.task.runner [-] Starting a worker. concurrency: 2 args: {} times: 100 method_name: run timeout: 0 duration: None cls:
2019-06-24 09:21:48.398 22832 RALLYDEBUG rally.task.runner [-] Starting a worker. concurrency: 1 args: {} times: 100 method_name: run timeout: 0 duration: None cls:
2019-06-24 09:21:48.399 22824 INFO rally.task.runner [-] Task e244269a-dd04-4230-8919-eaaedbac739e | ITER: 1 START
2019-06-24 09:21:48.399 22828 INFO rally.task.runner [-] Task e244269a-dd04-4230-8919-eaaedbac739e | ITER: 6 START
2019-06-24 09:21:48.401 22837 RALLYDEBUG rally.task.runner [-] Starting a worker. concurrency: 1 args: {} times: 100 method_name: run timeout: 0 duration: None cls:
2019-06-24 09:21:48.401 22832 INFO rally.task.runner [-] Task e244269a-dd04-4230-8919-eaaedbac739e | ITER: 8 START
2019-06-24 09:21:48.396 22825 INFO rally.task.runner [-] Task e244269a-dd04-4230-8919-eaaedbac739e | ITER: 3 START
2019-06-24 09:21:48.404 22826 INFO rally.task.runner [-] Task e244269a-dd04-4230-8919-eaaedbac739e | ITER: 5 START
2019-06-24 09:21:48.399 22824 INFO rally.task.runner [-] Task e244269a-dd04-4230-8919-eaaedbac739e | ITER: 4 START
2019-06-24 09:21:48.407 22828 INFO rally.task.runner [-] Task e244269a-dd04-4230-8919-eaaedbac739e | ITER: 7 START
2019-06-24 09:21:48.407 22843 RALLYDEBUG rally.task.runner [-] Starting a worker. concurrency: 1 args: {} times: 100 method_name: run timeout: 0 duration: None cls:
2019-06-24 09:21:48.407 22846 RALLYDEBUG rally.task.runner [-] Starting a worker. concurrency: 1 args: {} times: 100 method_name: run timeout: 0 duration: None cls:
2019-06-24 09:21:48.409 22837 INFO rally.task.runner [-] Task e244269a-dd04-4230-8919-eaaedbac739e | ITER: 10 START
2019-06-24 09:21:48.411 22843 INFO rally.task.runner [-] Task e244269a-dd04-4230-8919-eaaedbac739e | ITER: 11 START
2019-06-24 09:21:48.411 22847 RALLYDEBUG rally.task.runner [-] Starting a worker. concurrency: 1 args: {} times: 100 method_name: run timeout: 0 duration: None cls:
2019-06-24 09:21:48.412 22846 INFO rally.task.runner [-] Task e244269a-dd04-4230-8919-eaaedbac739e | ITER: 12 START
2019-06-24 09:21:48.414 22852 RALLYDEBUG rally.task.runner [-] Starting a worker. concurrency: 1 args: {} times: 100 method_name: run timeout: 0 duration: None cls:
2019-06-24 09:21:48.416 22826 INFO rally.task.runner [-] Task e244269a-dd04-4230-8919-eaaedbac739e | ITER: 9 START
2019-06-24 09:21:48.417 22847 INFO rally.task.runner [-] Task e244269a-dd04-4230-8919-eaaedbac739e | ITER: 13 START
2019-06-24 09:21:48.419 22852 INFO rally.task.runner [-] Task e244269a-dd04-4230-8919-eaaedbac739e | ITER: 14 START
2019-06-24 09:21:48.424 22855 RALLYDEBUG rally.task.runner [-] Starting a worker. concurrency: 1 args: {} times: 100 method_name: run timeout: 0 duration: None cls:
2019-06-24 09:21:48.433 22859 RALLYDEBUG rally.task.runner [-] Starting a worker. concurrency: 1 args: {} times: 100 method_name: run timeout: 0 duration: None cls:
2019-06-24 09:21:48.437 22860 RALLYDEBUG rally.task.runner [-] Starting a worker. concurrency: 1 args: {} times: 100 method_name: run timeout: 0 duration: None cls:
2019-06-24 09:21:48.438 22855 INFO rally.task.runner [-] Task e244269a-dd04-4230-8919-eaaedbac739e | ITER: 15 START
2019-06-24 09:21:48.438 22863 RALLYDEBUG rally.task.runner [-] Starting a worker. concurrency: 1 args: {} times: 100 method_name: run timeout: 0 duration: None cls:
2019-06-24 09:21:48.441 22859 INFO rally.task.runner [-] Task e244269a-dd04-4230-8919-eaaedbac739e | ITER: 16 START
2019-06-24 09:21:48.442 22863 INFO rally.task.runner [-] Task e244269a-dd04-4230-8919-eaaedbac739e | ITER: 18 START
2019-06-24 09:21:48.444 22860 INFO rally.task.runner [-] Task e244269a-dd04-4230-8919-eaaedbac739e | ITER: 17 START
2019-06-24 09:21:48.446 22864 RALLYDEBUG rally.task.runner [-] Starting a worker. concurrency: 1 args: {} times: 100 method_name: run timeout: 0 duration: None cls:
2019-06-24 09:21:48.447 22871 RALLYDEBUG rally.task.runner [-] Starting a worker. concurrency: 1 args: {} times: 100 method_name: run timeout: 0 duration: None cls:
2019-06-24 09:21:48.451 22864 INFO rally.task.runner [-] Task e244269a-dd04-4230-8919-eaaedbac739e | ITER: 19 START
2019-06-24 09:21:48.451 22871 INFO rally.task.runner [-] Task e244269a-dd04-4230-8919-eaaedbac739e | ITER: 20 START
2019-06-24 09:21:49.946 22832 INFO rally.task.runner [-] Task e244269a-dd04-4230-8919-eaaedbac739e | ITER: 8 END: OK
2019-06-24 09:21:49.950 22832 INFO rally.task.runner [-] Task e244269a-dd04-4230-8919-eaaedbac739e | ITER: 21 START
2019-06-24 09:21:50.024 22825 INFO rally.task.runner [-] Task e244269a-dd04-4230-8919-eaaedbac739e | ITER: 3 END: OK
2019-06-24 09:21:50.027 22825 INFO rally.task.runner [-] Task e244269a-dd04-4230-8919-eaaedbac739e | ITER: 22 START
2019-06-24 09:21:50.318 22855 INFO rally.task.runner [-] Task e244269a-dd04-4230-8919-eaaedbac739e | ITER: 15 END: OK
2019-06-24 09:21:50.320 22826 INFO rally.task.runner [-] Task e244269a-dd04-4230-8919-eaaedbac739e | ITER: 5 END: OK
2019-06-24 09:21:50.323 22855 INFO rally.task.runner [-] Task e244269a-dd04-4230-8919-eaaedbac739e | ITER: 23 START
2019-06-24 09:21:50.324 22826 INFO rally.task.runner [-] Task e244269a-dd04-4230-8919-eaaedbac739e | ITER: 24 START
2019-06-24 09:21:50.564 22828 INFO rally.task.runner [-] Task e244269a-dd04-4230-8919-eaaedbac739e | ITER: 6 END: OK
2019-06-24 09:21:50.567 22828 INFO rally.task.runner [-] Task e244269a-dd04-4230-8919-eaaedbac739e | ITER: 25 START
2019-06-24 09:21:50.655 22843 INFO rally.task.runner [-] Task e244269a-dd04-4230-8919-eaaedbac739e | ITER: 11 END: OK
2019-06-24 09:21:50.659 22843 INFO rally.task.runner [-] Task e244269a-dd04-4230-8919-eaaedbac739e | ITER: 26 START
2019-06-24 09:21:50.915 22852 INFO rally.task.runner [-] Task e244269a-dd04-4230-8919-eaaedbac739e | ITER: 14 END: OK
2019-06-24 09:21:50.919 22852 INFO rally.task.runner [-] Task e244269a-dd04-4230-8919-eaaedbac739e | ITER: 27 START
2019-06-24 09:21:50.935 22846 INFO rally.task.runner [-] Task e244269a-dd04-4230-8919-eaaedbac739e | ITER: 12 END: OK
2019-06-24 09:21:50.939 22846 INFO rally.task.runner [-] Task e244269a-dd04-4230-8919-eaaedbac739e | ITER: 28 START
2019-06-24 09:21:51.301 22837 INFO rally.task.runner [-] Task e244269a-dd04-4230-8919-eaaedbac739e | ITER: 10 END: OK
2019-06-24 09:21:51.305 22837 INFO rally.task.runner [-] Task e244269a-dd04-4230-8919-eaaedbac739e | ITER: 29 START
2019-06-24 09:21:51.394 22825 INFO rally.task.runner [-] Task e244269a-dd04-4230-8919-eaaedbac739e | ITER: 2 END: OK
2019-06-24 09:21:51.397 22825 INFO rally.task.runner [-] Task e244269a-dd04-4230-8919-eaaedbac739e | ITER: 30 START
2019-06-24 09:21:51.558 22847 INFO rally.task.runner [-] Task e244269a-dd04-4230-8919-eaaedbac739e | ITER: 13 END: OK
2019-06-24 09:21:51.563 22847 INFO rally.task.runner [-] Task e244269a-dd04-4230-8919-eaaedbac739e | ITER: 31 START
2019-06-24 09:21:51.842 22871 INFO rally.task.runner [-] Task e244269a-dd04-4230-8919-eaaedbac739e | ITER: 20 END: OK
2019-06-24 09:21:51.845 22871 INFO rally.task.runner [-] Task e244269a-dd04-4230-8919-eaaedbac739e | ITER: 32 START
2019-06-24 09:21:51.898 22824 INFO rally.task.runner [-] Task e244269a-dd04-4230-8919-eaaedbac739e | ITER: 4 END: OK
2019-06-24 09:21:51.901 22824 INFO rally.task.runner [-] Task e244269a-dd04-4230-8919-eaaedbac739e | ITER: 33 START
2019-06-24 09:21:52.049 22826 INFO rally.task.runner [-] Task e244269a-dd04-4230-8919-eaaedbac739e | ITER: 9 END: OK
2019-06-24 09:21:52.051 22826 INFO rally.task.runner [-] Task e244269a-dd04-4230-8919-eaaedbac739e | ITER: 34 START
2019-06-24 09:21:52.128 22828 INFO rally.task.runner [-] Task e244269a-dd04-4230-8919-eaaedbac739e | ITER: 7 END: OK
2019-06-24 09:21:52.131 22828 INFO rally.task.runner [-] Task e244269a-dd04-4230-8919-eaaedbac739e | ITER: 35 START
2019-06-24 09:21:52.296 22863 INFO rally.task.runner [-] Task e244269a-dd04-4230-8919-eaaedbac739e | ITER: 18 END: OK
2019-06-24 09:21:52.300 22863 INFO rally.task.runner [-] Task e244269a-dd04-4230-8919-eaaedbac739e | ITER: 36 START
2019-06-24 09:21:52.307 22824 INFO rally.task.runner [-] Task e244269a-dd04-4230-8919-eaaedbac739e | ITER: 1 END: OK
2019-06-24 09:21:52.310 22824 INFO rally.task.runner [-] Task e244269a-dd04-4230-8919-eaaedbac739e | ITER: 37 START
2019-06-24 09:21:52.792 22859 INFO rally.task.runner [-] Task e244269a-dd04-4230-8919-eaaedbac739e | ITER: 16 END: OK
2019-06-24 09:21:52.796 22859 INFO rally.task.runner [-] Task e244269a-dd04-4230-8919-eaaedbac739e | ITER: 38 START
2019-06-24 09:21:53.022 22864 INFO rally.task.runner [-] Task e244269a-dd04-4230-8919-eaaedbac739e | ITER: 19 END: OK
2019-06-24 09:21:53.027 22864 INFO rally.task.runner [-] Task e244269a-dd04-4230-8919-eaaedbac739e | ITER: 39 START
2019-06-24 09:21:53.050 22860 INFO rally.task.runner [-] Task e244269a-dd04-4230-8919-eaaedbac739e | ITER: 17 END: OK
2019-06-24 09:21:53.053 22860 INFO rally.task.runner [-] Task e244269a-dd04-4230-8919-eaaedbac739e | ITER: 40 START
2019-06-24 09:21:53.148 22855 INFO rally.task.runner [-] Task e244269a-dd04-4230-8919-eaaedbac739e | ITER: 23 END: OK
2019-06-24 09:21:53.151 22855 INFO rally.task.runner [-] Task e244269a-dd04-4230-8919-eaaedbac739e | ITER: 41 START
2019-06-24 09:21:53.152 22828 INFO rally.task.runner [-] Task e244269a-dd04-4230-8919-eaaedbac739e | ITER: 25 END: OK
2019-06-24 09:21:53.155 22828 INFO rally.task.runner [-] Task e244269a-dd04-4230-8919-eaaedbac739e | ITER: 42 START
2019-06-24 09:21:53.534 22825 INFO rally.task.runner [-] Task e244269a-dd04-4230-8919-eaaedbac739e | ITER: 22 END: OK
2019-06-24 09:21:53.537 22825 INFO rally.task.runner [-] Task e244269a-dd04-4230-8919-eaaedbac739e | ITER: 43 START
2019-06-24 09:21:53.602 22843 INFO rally.task.runner [-] Task e244269a-dd04-4230-8919-eaaedbac739e | ITER: 26 END: OK
2019-06-24 09:21:53.605 22843 INFO rally.task.runner [-] Task e244269a-dd04-4230-8919-eaaedbac739e | ITER: 44 START
2019-06-24 09:21:53.678 22826 INFO rally.task.runner [-] Task e244269a-dd04-4230-8919-eaaedbac739e | ITER: 24 END: OK
2019-06-24 09:21:53.681 22826 INFO rally.task.runner [-] Task e244269a-dd04-4230-8919-eaaedbac739e | ITER: 45 START
2019-06-24 09:21:54.152 22825 INFO rally.task.runner [-] Task e244269a-dd04-4230-8919-eaaedbac739e | ITER: 30 END: OK
2019-06-24 09:21:54.155 22825 INFO rally.task.runner [-] Task e244269a-dd04-4230-8919-eaaedbac739e | ITER: 46 START
2019-06-24 09:21:54.269 22852 INFO rally.task.runner [-] Task e244269a-dd04-4230-8919-eaaedbac739e | ITER: 27 END: OK
2019-06-24 09:21:54.272 22852 INFO rally.task.runner [-] Task e244269a-dd04-4230-8919-eaaedbac739e | ITER: 47 START
2019-06-24 09:21:54.397 22832 INFO rally.task.runner [-] Task e244269a-dd04-4230-8919-eaaedbac739e | ITER: 21 END: OK
2019-06-24 09:21:54.400 22832 INFO rally.task.runner [-] Task e244269a-dd04-4230-8919-eaaedbac739e | ITER: 48 START
2019-06-24 09:21:54.460 22837 INFO rally.task.runner [-] Task e244269a-dd04-4230-8919-eaaedbac739e | ITER: 29 END: OK
2019-06-24 09:21:54.463 22837 INFO rally.task.runner [-] Task e244269a-dd04-4230-8919-eaaedbac739e | ITER: 49 START
2019-06-24 09:21:54.922 22847 INFO rally.task.runner [-] Task e244269a-dd04-4230-8919-eaaedbac739e | ITER: 31 END: OK
2019-06-24 09:21:54.926 22847 INFO rally.task.runner [-] Task e244269a-dd04-4230-8919-eaaedbac739e | ITER: 50 START
2019-06-24 09:21:55.006 22828 INFO rally.task.runner [-] Task e244269a-dd04-4230-8919-eaaedbac739e | ITER: 35 END: OK
2019-06-24 09:21:55.010 22828 INFO rally.task.runner [-] Task e244269a-dd04-4230-8919-eaaedbac739e | ITER: 51 START
2019-06-24 09:21:55.058 22846 INFO rally.task.runner [-] Task e244269a-dd04-4230-8919-eaaedbac739e | ITER: 28 END: OK
2019-06-24 09:21:55.061 22846 INFO rally.task.runner [-] Task e244269a-dd04-4230-8919-eaaedbac739e | ITER: 52 START
2019-06-24 09:21:55.062 22826 INFO rally.task.runner [-] Task e244269a-dd04-4230-8919-eaaedbac739e | ITER: 34 END: OK
2019-06-24 09:21:55.065 22826 INFO rally.task.runner [-] Task e244269a-dd04-4230-8919-eaaedbac739e | ITER: 53 START
2019-06-24 09:21:55.067 22864 INFO rally.task.runner [-] Task e244269a-dd04-4230-8919-eaaedbac739e | ITER: 39 END: OK
2019-06-24 09:21:55.070 22864 INFO rally.task.runner [-] Task e244269a-dd04-4230-8919-eaaedbac739e | ITER: 54 START
2019-06-24 09:21:55.074 22824 INFO rally.task.runner [-] Task e244269a-dd04-4230-8919-eaaedbac739e | ITER: 37 END: OK
2019-06-24 09:21:55.077 22824 INFO rally.task.runner [-] Task e244269a-dd04-4230-8919-eaaedbac739e | ITER: 55 START
2019-06-24 09:21:55.367 22871 INFO rally.task.runner [-] Task e244269a-dd04-4230-8919-eaaedbac739e | ITER: 32 END: OK
2019-06-24 09:21:55.371 22871 INFO rally.task.runner [-] Task e244269a-dd04-4230-8919-eaaedbac739e | ITER: 56 START
2019-06-24 09:21:55.523 22863 INFO rally.task.runner [-] Task e244269a-dd04-4230-8919-eaaedbac739e | ITER: 36 END: OK
2019-06-24 09:21:55.527 22863 INFO rally.task.runner [-] Task e244269a-dd04-4230-8919-eaaedbac739e | ITER: 57 START
2019-06-24 09:21:55.546 22824 INFO rally.task.runner [-] Task e244269a-dd04-4230-8919-eaaedbac739e | ITER: 33 END: OK
2019-06-24 09:21:55.550 22824 INFO rally.task.runner [-] Task e244269a-dd04-4230-8919-eaaedbac739e | ITER: 58 START
2019-06-24 09:21:55.790 22825 INFO rally.task.runner [-] Task e244269a-dd04-4230-8919-eaaedbac739e | ITER: 46 END: OK
2019-06-24 09:21:55.794 22825 INFO rally.task.runner [-] Task e244269a-dd04-4230-8919-eaaedbac739e | ITER: 59 START
2019-06-24 09:21:55.904 22825 INFO rally.task.runner [-] Task e244269a-dd04-4230-8919-eaaedbac739e | ITER: 43 END: OK
2019-06-24 09:21:55.907 22825 INFO rally.task.runner [-] Task e244269a-dd04-4230-8919-eaaedbac739e | ITER: 60 START
2019-06-24 09:21:56.021 22859 INFO rally.task.runner [-] Task e244269a-dd04-4230-8919-eaaedbac739e | ITER: 38 END: OK
2019-06-24 09:21:56.024 22859 INFO rally.task.runner [-] Task e244269a-dd04-4230-8919-eaaedbac739e | ITER: 61 START
2019-06-24 09:21:56.054 22852 INFO rally.task.runner [-] Task e244269a-dd04-4230-8919-eaaedbac739e | ITER: 47 END: OK
2019-06-24 09:21:56.056 22852 INFO rally.task.runner [-] Task e244269a-dd04-4230-8919-eaaedbac739e | ITER: 62 START
2019-06-24 09:21:56.096 22860 INFO rally.task.runner [-] Task e244269a-dd04-4230-8919-eaaedbac739e | ITER: 40 END: OK
2019-06-24 09:21:56.099 22860 INFO rally.task.runner [-] Task e244269a-dd04-4230-8919-eaaedbac739e | ITER: 63 START
2019-06-24 09:21:56.104 22826 INFO rally.task.runner [-] Task e244269a-dd04-4230-8919-eaaedbac739e | ITER: 45 END: OK
2019-06-24 09:21:56.107 22826 INFO rally.task.runner [-] Task e244269a-dd04-4230-8919-eaaedbac739e | ITER: 64 START
2019-06-24 09:21:56.357 22832 INFO rally.task.runner [-] Task e244269a-dd04-4230-8919-eaaedbac739e | ITER: 48 END: OK
2019-06-24 09:21:56.360 22832 INFO rally.task.runner [-] Task e244269a-dd04-4230-8919-eaaedbac739e | ITER: 65 START
2019-06-24 09:21:56.407 22855 INFO rally.task.runner [-] Task e244269a-dd04-4230-8919-eaaedbac739e | ITER: 41 END: OK
2019-06-24 09:21:56.410 22855 INFO rally.task.runner [-] Task e244269a-dd04-4230-8919-eaaedbac739e | ITER: 66 START
2019-06-24 09:21:56.504 22828 INFO rally.task.runner [-] Task e244269a-dd04-4230-8919-eaaedbac739e | ITER: 42 END: OK
2019-06-24 09:21:56.505 22837 INFO rally.task.runner [-] Task e244269a-dd04-4230-8919-eaaedbac739e | ITER: 49 END: OK
2019-06-24 09:21:56.507 22828 INFO rally.task.runner [-] Task e244269a-dd04-4230-8919-eaaedbac739e | ITER: 67 START
2019-06-24 09:21:56.508 22837 INFO rally.task.runner [-] Task e244269a-dd04-4230-8919-eaaedbac739e | ITER: 68 START
2019-06-24 09:21:56.597 22843 INFO rally.task.runner [-] Task e244269a-dd04-4230-8919-eaaedbac739e | ITER: 44 END: OK
2019-06-24 09:21:56.600 22843 INFO rally.task.runner [-] Task e244269a-dd04-4230-8919-eaaedbac739e | ITER: 69 START
2019-06-24 09:21:57.029 22828 INFO rally.task.runner [-] Task e244269a-dd04-4230-8919-eaaedbac739e | ITER: 51 END: OK
2019-06-24 09:21:57.029 22826 INFO rally.task.runner [-] Task e244269a-dd04-4230-8919-eaaedbac739e | ITER: 53 END: OK
2019-06-24 09:21:57.029 22846 INFO rally.task.runner [-] Task e244269a-dd04-4230-8919-eaaedbac739e | ITER: 52 END: OK
2019-06-24 09:21:57.032 22826 INFO rally.task.runner [-] Task e244269a-dd04-4230-8919-eaaedbac739e | ITER: 71 START
2019-06-24 09:21:57.032 22828 INFO rally.task.runner [-] Task e244269a-dd04-4230-8919-eaaedbac739e | ITER: 70 START
2019-06-24 09:21:57.033 22846 INFO rally.task.runner [-] Task e244269a-dd04-4230-8919-eaaedbac739e | ITER: 72 START
2019-06-24 09:21:57.206 22864 INFO rally.task.runner [-] Task e244269a-dd04-4230-8919-eaaedbac739e | ITER: 54 END: OK
2019-06-24 09:21:57.210 22864 INFO rally.task.runner [-] Task e244269a-dd04-4230-8919-eaaedbac739e | ITER: 73 START
2019-06-24 09:21:57.394 22871 INFO rally.task.runner [-] Task e244269a-dd04-4230-8919-eaaedbac739e | ITER: 56 END: OK
2019-06-24 09:21:57.397 22871 INFO rally.task.runner [-] Task e244269a-dd04-4230-8919-eaaedbac739e | ITER: 74 START
2019-06-24 09:21:57.527 22847 INFO rally.task.runner [-] Task e244269a-dd04-4230-8919-eaaedbac739e | ITER: 50 END: OK
2019-06-24 09:21:57.530 22847 INFO rally.task.runner [-] Task e244269a-dd04-4230-8919-eaaedbac739e | ITER: 75 START
2019-06-24 09:21:57.658 22863 INFO rally.task.runner [-] Task e244269a-dd04-4230-8919-eaaedbac739e | ITER: 57 END: OK
2019-06-24 09:21:57.661 22863 INFO rally.task.runner [-] Task e244269a-dd04-4230-8919-eaaedbac739e | ITER: 76 START
2019-06-24 09:21:57.898 22824 INFO rally.task.runner [-] Task e244269a-dd04-4230-8919-eaaedbac739e | ITER: 55 END: OK
2019-06-24 09:21:57.901 22824 INFO rally.task.runner [-] Task e244269a-dd04-4230-8919-eaaedbac739e | ITER: 77 START
2019-06-24 09:21:57.956 22824 INFO rally.task.runner [-] Task e244269a-dd04-4230-8919-eaaedbac739e | ITER: 58 END: OK
2019-06-24 09:21:57.959 22824 INFO rally.task.runner [-] Task e244269a-dd04-4230-8919-eaaedbac739e | ITER: 78 START
2019-06-24 09:21:58.312 22825 INFO rally.task.runner [-] Task e244269a-dd04-4230-8919-eaaedbac739e | ITER: 59 END: OK
2019-06-24 09:21:58.315 22825 INFO rally.task.runner [-] Task e244269a-dd04-4230-8919-eaaedbac739e | ITER: 79 START
2019-06-24 09:21:58.478 22826 INFO rally.task.runner [-] Task e244269a-dd04-4230-8919-eaaedbac739e | ITER: 64 END: OK
2019-06-24 09:21:58.481 22826 INFO rally.task.runner [-] Task e244269a-dd04-4230-8919-eaaedbac739e | ITER: 80 START
2019-06-24 09:21:58.492 22832 INFO rally.task.runner [-] Task e244269a-dd04-4230-8919-eaaedbac739e | ITER: 65 END: OK
2019-06-24 09:21:58.496 22832 INFO rally.task.runner [-] Task e244269a-dd04-4230-8919-eaaedbac739e | ITER: 81 START
2019-06-24 09:21:58.526 22825 INFO rally.task.runner [-] Task e244269a-dd04-4230-8919-eaaedbac739e | ITER: 60 END: OK
2019-06-24 09:21:58.529 22825 INFO rally.task.runner [-] Task e244269a-dd04-4230-8919-eaaedbac739e | ITER: 82 START
2019-06-24 09:21:58.819 22860 INFO rally.task.runner [-] Task e244269a-dd04-4230-8919-eaaedbac739e | ITER: 63 END: OK
2019-06-24 09:21:58.822 22860 INFO rally.task.runner [-] Task e244269a-dd04-4230-8919-eaaedbac739e | ITER: 83 START
2019-06-24 09:21:58.901 22859 INFO rally.task.runner [-] Task e244269a-dd04-4230-8919-eaaedbac739e | ITER: 61 END: OK
2019-06-24 09:21:58.904 22859 INFO rally.task.runner [-] Task e244269a-dd04-4230-8919-eaaedbac739e | ITER: 84 START
2019-06-24 09:21:59.026 22852 INFO rally.task.runner [-] Task e244269a-dd04-4230-8919-eaaedbac739e | ITER: 62 END: OK
2019-06-24 09:21:59.029 22852 INFO rally.task.runner [-] Task e244269a-dd04-4230-8919-eaaedbac739e | ITER: 85 START
2019-06-24 09:21:59.076 22828 INFO rally.task.runner [-] Task e244269a-dd04-4230-8919-eaaedbac739e | ITER: 67 END: OK
2019-06-24 09:21:59.079 22828 INFO rally.task.runner [-] Task e244269a-dd04-4230-8919-eaaedbac739e | ITER: 86 START
2019-06-24 09:21:59.216 22843 INFO rally.task.runner [-] Task e244269a-dd04-4230-8919-eaaedbac739e | ITER: 69 END: OK
2019-06-24 09:21:59.219 22843 INFO rally.task.runner [-] Task e244269a-dd04-4230-8919-eaaedbac739e | ITER: 87 START
2019-06-24 09:21:59.377 22837 INFO rally.task.runner [-] Task e244269a-dd04-4230-8919-eaaedbac739e | ITER: 68 END: OK
2019-06-24 09:21:59.380 22837 INFO rally.task.runner [-] Task e244269a-dd04-4230-8919-eaaedbac739e | ITER: 88 START
2019-06-24 09:21:59.701 22864 INFO rally.task.runner [-] Task e244269a-dd04-4230-8919-eaaedbac739e | ITER: 73 END: OK
2019-06-24 09:21:59.704 22864 INFO rally.task.runner [-] Task e244269a-dd04-4230-8919-eaaedbac739e | ITER: 89 START
2019-06-24 09:21:59.735 22855 INFO rally.task.runner [-] Task e244269a-dd04-4230-8919-eaaedbac739e | ITER: 66 END: OK
2019-06-24 09:21:59.738 22855 INFO rally.task.runner [-] Task e244269a-dd04-4230-8919-eaaedbac739e | ITER: 90 START
2019-06-24 09:21:59.763 22828 INFO rally.task.runner [-] Task e244269a-dd04-4230-8919-eaaedbac739e | ITER: 70 END: OK
2019-06-24 09:21:59.766 22828 INFO rally.task.runner [-] Task e244269a-dd04-4230-8919-eaaedbac739e | ITER: 91 START
2019-06-24 09:21:59.951 22826 INFO rally.task.runner [-] Task e244269a-dd04-4230-8919-eaaedbac739e | ITER: 71 END: OK
2019-06-24 09:21:59.954 22826 INFO rally.task.runner [-] Task e244269a-dd04-4230-8919-eaaedbac739e | ITER: 92 START
2019-06-24 09:22:00.145 22824 INFO rally.task.runner [-] Task e244269a-dd04-4230-8919-eaaedbac739e | ITER: 77 END: OK
2019-06-24 09:22:00.148 22824 INFO rally.task.runner [-] Task e244269a-dd04-4230-8919-eaaedbac739e | ITER: 93 START
2019-06-24 09:22:00.193 22846 INFO rally.task.runner [-] Task e244269a-dd04-4230-8919-eaaedbac739e | ITER: 72 END: OK
2019-06-24 09:22:00.196 22846 INFO rally.task.runner [-] Task e244269a-dd04-4230-8919-eaaedbac739e | ITER: 94 START
2019-06-24 09:22:00.347 22871 INFO rally.task.runner [-] Task e244269a-dd04-4230-8919-eaaedbac739e | ITER: 74 END: OK
2019-06-24 09:22:00.351 22871 INFO rally.task.runner [-] Task e244269a-dd04-4230-8919-eaaedbac739e | ITER: 95 START
2019-06-24 09:22:00.409 22824 INFO rally.task.runner [-] Task e244269a-dd04-4230-8919-eaaedbac739e | ITER: 78 END: OK
2019-06-24 09:22:00.412 22824 INFO rally.task.runner [-] Task e244269a-dd04-4230-8919-eaaedbac739e | ITER: 96 START
2019-06-24 09:22:00.436 22847 INFO rally.task.runner [-] Task e244269a-dd04-4230-8919-eaaedbac739e | ITER: 75 END: OK
2019-06-24 09:22:00.440 22847 INFO rally.task.runner [-] Task e244269a-dd04-4230-8919-eaaedbac739e | ITER: 97 START
2019-06-24 09:22:00.641 22863 INFO rally.task.runner [-] Task e244269a-dd04-4230-8919-eaaedbac739e | ITER: 76 END: OK
2019-06-24 09:22:00.644 22863 INFO rally.task.runner [-] Task e244269a-dd04-4230-8919-eaaedbac739e | ITER: 98 START
2019-06-24 09:22:00.669 22826 INFO rally.task.runner [-] Task e244269a-dd04-4230-8919-eaaedbac739e | ITER: 80 END: OK
2019-06-24 09:22:00.672 22826 INFO rally.task.runner [-] Task e244269a-dd04-4230-8919-eaaedbac739e | ITER: 99 START
2019-06-24 09:22:00.897 22825 INFO rally.task.runner [-] Task e244269a-dd04-4230-8919-eaaedbac739e | ITER: 82 END: OK
2019-06-24 09:22:00.900 22825 INFO rally.task.runner [-] Task e244269a-dd04-4230-8919-eaaedbac739e | ITER: 100 START
2019-06-24 09:22:01.002 22859 INFO rally.task.runner [-] Task e244269a-dd04-4230-8919-eaaedbac739e | ITER: 84 END: OK
2019-06-24 09:22:01.036 22832 INFO rally.task.runner [-] Task e244269a-dd04-4230-8919-eaaedbac739e | ITER: 81 END: OK
2019-06-24 09:22:01.131 22843 INFO rally.task.runner [-] Task e244269a-dd04-4230-8919-eaaedbac739e | ITER: 87 END: OK
2019-06-24 09:22:01.205 22852 INFO rally.task.runner [-] Task e244269a-dd04-4230-8919-eaaedbac739e | ITER: 85 END: OK
2019-06-24 09:22:01.237 22825 INFO rally.task.runner [-] Task e244269a-dd04-4230-8919-eaaedbac739e | ITER: 79 END: OK
2019-06-24 09:22:01.404 22837 INFO rally.task.runner [-] Task e244269a-dd04-4230-8919-eaaedbac739e | ITER: 88 END: OK
2019-06-24 09:22:01.550 22860 INFO rally.task.runner [-] Task e244269a-dd04-4230-8919-eaaedbac739e | ITER: 83 END: OK
2019-06-24 09:22:01.624 22828 INFO rally.task.runner [-] Task e244269a-dd04-4230-8919-eaaedbac739e | ITER: 86 END: OK
2019-06-24 09:22:01.722 22855 INFO rally.task.runner [-] Task e244269a-dd04-4230-8919-eaaedbac739e | ITER: 90 END: OK
2019-06-24 09:22:02.124 22826 INFO rally.task.runner [-] Task e244269a-dd04-4230-8919-eaaedbac739e | ITER: 92 END: OK
2019-06-24 09:22:02.132 22828 INFO rally.task.runner [-] Task e244269a-dd04-4230-8919-eaaedbac739e | ITER: 91 END: OK
2019-06-24 09:22:02.241 22864 INFO rally.task.runner [-] Task e244269a-dd04-4230-8919-eaaedbac739e | ITER: 89 END: OK
2019-06-24 09:22:02.242 22824 INFO rally.task.runner [-] Task e244269a-dd04-4230-8919-eaaedbac739e | ITER: 93 END: OK
2019-06-24 09:22:02.305 22847 INFO rally.task.runner [-] Task e244269a-dd04-4230-8919-eaaedbac739e | ITER: 97 END: OK
2019-06-24 09:22:02.309 22863 INFO rally.task.runner [-] Task e244269a-dd04-4230-8919-eaaedbac739e | ITER: 98 END: OK
2019-06-24 09:22:02.357 22825 INFO rally.task.runner [-] Task e244269a-dd04-4230-8919-eaaedbac739e | ITER: 100 END: OK
2019-06-24 09:22:02.484 22846 INFO rally.task.runner [-] Task e244269a-dd04-4230-8919-eaaedbac739e | ITER: 94 END: OK
2019-06-24 09:22:02.579 22826 INFO rally.task.runner [-] Task e244269a-dd04-4230-8919-eaaedbac739e | ITER: 99 END: OK
2019-06-24 09:22:03.109 22871 INFO rally.task.runner [-] Task e244269a-dd04-4230-8919-eaaedbac739e | ITER: 95 END: OK
2019-06-24 09:22:03.188 22824 INFO rally.task.runner [-] Task e244269a-dd04-4230-8919-eaaedbac739e | ITER: 96 END: OK
2019-06-24 09:22:03.218 22700 INFO rally.task.context [-] Task e244269a-dd04-4230-8919-eaaedbac739e | Context cleanup@openstack cleanup() started
2019-06-24 09:22:03.221 22700 RALLYDEBUG rally_openstack.cleanup.manager [-] Cleaning up neutron vip objects
2019-06-24 09:22:03.855 22700 RALLYDEBUG rally_openstack.cleanup.manager [-] Cleaning up neutron health_monitor objects
2019-06-24 09:22:04.563 22700 RALLYDEBUG rally_openstack.cleanup.manager [-] Cleaning up neutron pool objects
2019-06-24 09:22:05.175 22700 RALLYDEBUG rally_openstack.cleanup.manager [-] Cleaning up neutron loadbalancer objects
2019-06-24 09:22:05.791 22700 RALLYDEBUG rally_openstack.cleanup.manager [-] Cleaning up neutron floatingip objects
2019-06-24 09:22:06.452 22700 RALLYDEBUG rally_openstack.cleanup.manager [-] Cleaning up neutron port objects
2019-06-24 09:22:07.365 22700 RALLYDEBUG rally_openstack.cleanup.manager [-] Cleaning up neutron subnet objects
2019-06-24 09:22:08.094 22700 RALLYDEBUG rally_openstack.cleanup.manager [-] Cleaning up neutron network objects
2019-06-24 09:22:08.996 22700 RALLYDEBUG rally_openstack.cleanup.manager [-] Deleting neutron.network object s_rally_ce787ad0_zwevkUYp (042c6cbb-3391-403c-85fc-c33b30750b7c)
2019-06-24 09:22:08.997 22700 RALLYDEBUG rally_openstack.cleanup.manager [-] Deleting neutron.network object s_rally_ce787ad0_FXumfgH6 (063ceee5-d61b-4b77-8589-cba42b9b35b0)
2019-06-24 09:22:08.997 22700 RALLYDEBUG rally_openstack.cleanup.manager [-] Deleting neutron.network object s_rally_ce787ad0_ptR3p1jM (0be31d50-c207-4cd0-891d-af960e5352b8)
2019-06-24 09:22:09.007 22700 RALLYDEBUG rally_openstack.cleanup.manager [-] Deleting neutron.network object s_rally_ce787ad0_V7KSOR6z (0c093b9c-68f0-4a54-94fb-9c543ca48259)
2019-06-24 09:22:09.014 22700 RALLYDEBUG rally_openstack.cleanup.manager [-] Deleting neutron.network object s_rally_ce787ad0_L4d5aNK8 (0f5cd79a-e1d4-4a8c-acb0-22196be9786a)
2019-06-24 09:22:09.018 22700 RALLYDEBUG rally_openstack.cleanup.manager [-] Deleting neutron.network object s_rally_ce787ad0_sjRzSKHi (031e51e3-7e40-45b7-80d7-ab531ed4cd6e)
2019-06-24 09:22:09.029 22700 RALLYDEBUG rally_openstack.cleanup.manager [-] Deleting neutron.network object s_rally_ce787ad0_Vl0QyB38 (10f883cc-2bc6-4aaa-a3e9-6003f1d5807f)
2019-06-24 09:22:09.031 22700 RALLYDEBUG rally_openstack.cleanup.manager [-] Deleting neutron.network object s_rally_ce787ad0_U3ACJXPO (0c1aec1c-e3d6-4bb3-a79d-620c5e412abb)
2019-06-24 09:22:09.038 22700 RALLYDEBUG rally_openstack.cleanup.manager [-] Deleting neutron.network object s_rally_ce787ad0_qdbn9Psz (081ae6fd-4ad0-4ee6-a10d-d923c7bf481f)
2019-06-24 09:22:09.040 22700 RALLYDEBUG rally_openstack.cleanup.manager [-] Deleting neutron.network object s_rally_ce787ad0_6km0Efj8 (0675b8d4-353e-4246-bb86-4291941347b4)
2019-06-24 09:22:09.041 22700 RALLYDEBUG rally_openstack.cleanup.manager [-] Deleting neutron.network object s_rally_ce787ad0_dQ4wRtlt (158913a4-e6b8-40e3-83b7-9ddad94ef37b)
2019-06-24 09:22:09.054 22700 RALLYDEBUG rally_openstack.cleanup.manager [-] Deleting neutron.network object s_rally_ce787ad0_el9P6DKZ (1844fde2-5506-48e5-bd72-af8451bc5d23)
2019-06-24 09:22:09.067 22700 RALLYDEBUG rally_openstack.cleanup.manager [-] Deleting neutron.network object s_rally_ce787ad0_0LPoljBU (1b01961a-c4a5-428d-93f5-200b8fbe103f)
2019-06-24 09:22:09.075 22700 RALLYDEBUG rally_openstack.cleanup.manager [-] Deleting neutron.network object s_rally_ce787ad0_qwdJaO6j (1d7a4d77-a0cb-460e-be84-6172192c270c)
2019-06-24 09:22:09.095 22700 RALLYDEBUG rally_openstack.cleanup.manager [-] Deleting neutron.network object s_rally_ce787ad0_PY3Nw0fZ (1b55078b-e3b3-4269-bf5a-66daee4bbe80)
2019-06-24 09:22:09.102 22700 RALLYDEBUG rally_openstack.cleanup.manager [-] Deleting neutron.network object s_rally_ce787ad0_Zwknm3Zw (1e87d686-61be-4f2c-8b09-ba7545fdeb53)
2019-06-24 09:22:09.112 22700 RALLYDEBUG rally_openstack.cleanup.manager [-] Deleting neutron.network object s_rally_ce787ad0_71yFXgHE (21f4ba1e-8e50-4b6b-837b-8cabf6173088)
2019-06-24 09:22:09.120 22700 RALLYDEBUG rally_openstack.cleanup.manager [-] Deleting neutron.network object s_rally_ce787ad0_Xe5WtJBL (267bd839-297c-4343-bebf-5247710cae9b)
2019-06-24 09:22:09.127 22700 RALLYDEBUG rally_openstack.cleanup.manager [-] Deleting neutron.network object s_rally_ce787ad0_RSAIbRtS (2a691591-4a5d-4dd5-ba05-def3ec2d38df)
2019-06-24 09:22:09.135 22700 RALLYDEBUG rally_openstack.cleanup.manager [-] Deleting neutron.network object s_rally_ce787ad0_Y8hhCUz2 (30c24547-031c-460d-be01-ad2bc8c7c37a)
2019-06-24 09:22:12.622 22700 RALLYDEBUG rally_openstack.cleanup.manager [-] Deleting neutron.network object s_rally_ce787ad0_lpOMnlEI (313e8b9b-8196-4f95-80b3-57638fb0eb72)
2019-06-24 09:22:13.011 22700 RALLYDEBUG rally_openstack.cleanup.manager [-] Deleting neutron.network object s_rally_ce787ad0_ZZRRvxH1 (32b06a12-f445-4c85-8af2-d853017a9628)
2019-06-24 09:22:13.417 22700 RALLYDEBUG rally_openstack.cleanup.manager [-] Deleting neutron.network object s_rally_ce787ad0_MzmXd0WL (369a1617-048e-4583-b8c9-238ef0eb3a45)
2019-06-24 09:22:13.491 22700 RALLYDEBUG rally_openstack.cleanup.manager [-] Deleting neutron.network object s_rally_ce787ad0_w9aaZFW9 (36ca9305-ab11-4d47-b5ed-1a4cb7b79c62)
2019-06-24 09:22:13.497 22700 RALLYDEBUG rally_openstack.cleanup.manager [-] Deleting neutron.network object s_rally_ce787ad0_gMGpXnxr (3906f4b4-0984-486c-bd20-7f198d0e0b29)
2019-06-24 09:22:13.530 22700 RALLYDEBUG rally_openstack.cleanup.manager [-] Deleting neutron.network object s_rally_ce787ad0_mQozKRCD (3ae30a75-f1b0-4fe9-8787-2d888e100b94)
2019-06-24 09:22:13.550 22700 RALLYDEBUG rally_openstack.cleanup.manager [-] Deleting neutron.network object s_rally_ce787ad0_PPS0Ba1D (3d7d8f92-5909-4714-9f87-54fb5d416934)
2019-06-24 09:22:13.575 22700 RALLYDEBUG rally_openstack.cleanup.manager [-] Deleting neutron.network object s_rally_ce787ad0_1Lg8YrMe (4131ab0e-fbd0-4215-ac0c-660a3c930f3d)
2019-06-24 09:22:13.813 22700 RALLYDEBUG rally_openstack.cleanup.manager [-] Deleting neutron.network object s_rally_ce787ad0_XOdbinvj (4cabf66c-f408-48f3-a5ee-39727958c118)
2019-06-24 09:22:13.813 22700 RALLYDEBUG rally_openstack.cleanup.manager [-] Deleting neutron.network object s_rally_ce787ad0_qCv7VHHy (46d32083-857a-44e4-ad10-1cac3e4156e2)
2019-06-24 09:22:13.841 22700 RALLYDEBUG rally_openstack.cleanup.manager [-] Deleting neutron.network object s_rally_ce787ad0_1IPFF5JB (4e540f7d-b610-45ed-a2bd-f0e566e0a594)
2019-06-24 09:22:13.847 22700 RALLYDEBUG rally_openstack.cleanup.manager [-] Deleting neutron.network object s_rally_ce787ad0_QVlgflWo (55655723-4fcb-450a-a87e-ecf060583ede)
2019-06-24 09:22:13.873 22700 RALLYDEBUG rally_openstack.cleanup.manager [-] Deleting neutron.network object s_rally_ce787ad0_yeqHV7cD (59a1e68b-04eb-4491-b2ee-62f0207ae771)
2019-06-24 09:22:14.095 22700 RALLYDEBUG rally_openstack.cleanup.manager [-] Deleting neutron.network object s_rally_ce787ad0_KvmtZ76Y (5c7d6d4f-491c-4004-8f0e-de6a0467225a)
2019-06-24 09:22:14.259 22700 RALLYDEBUG rally_openstack.cleanup.manager [-] Deleting neutron.network object s_rally_ce787ad0_ucSb69mV (5de97035-e56b-4978-832e-efd2139fe0f2)
2019-06-24 09:22:14.970 22700 RALLYDEBUG rally_openstack.cleanup.manager [-] Deleting neutron.network object s_rally_ce787ad0_EEs5Zvlw (623c0701-5dfa-4a8b-8625-7e70d49d53f5)
2019-06-24 09:22:15.582 22700 RALLYDEBUG rally_openstack.cleanup.manager [-] Deleting neutron.network object s_rally_ce787ad0_7YoWnkMM (631967ef-a204-4ce8-987a-15b869b2d08b)
2019-06-24 09:22:16.136 22700 RALLYDEBUG rally_openstack.cleanup.manager [-] Deleting neutron.network object s_rally_ce787ad0_bijtvKm1 (6361193f-dd3f-4d18-bd76-9ab0ea9b4195)
2019-06-24 09:22:16.616 22700 RALLYDEBUG rally_openstack.cleanup.manager [-] Deleting neutron.network object s_rally_ce787ad0_kELvpg98 (63c8a762-c010-4f52-afbf-6f4c440e0ca8)
2019-06-24 09:22:16.638 22700 RALLYDEBUG rally_openstack.cleanup.manager [-] Deleting neutron.network object s_rally_ce787ad0_bjsNRV9W (64e14875-2da4-4979-b85f-26cb464d985e)
2019-06-24 09:22:16.868 22700 RALLYDEBUG rally_openstack.cleanup.manager [-] Deleting neutron.network object s_rally_ce787ad0_4dSGGylE (6729dd1e-231f-45f4-b3c8-91b8661ddf29)
2019-06-24 09:22:16.872 22700 RALLYDEBUG rally_openstack.cleanup.manager [-] Deleting neutron.network object s_rally_ce787ad0_b1eFAM0Y (68858884-7e96-43d7-84c5-5458bda540bd)
2019-06-24 09:22:17.007 22700 RALLYDEBUG rally_openstack.cleanup.manager [-] Deleting neutron.network object s_rally_ce787ad0_SS0pwVRu (68934329-7dda-485a-a371-cf39834db96f)
2019-06-24 09:22:17.057 22700 RALLYDEBUG rally_openstack.cleanup.manager [-] Deleting neutron.network object s_rally_ce787ad0_bkKSHslr (6893e340-3bdd-48a4-822b-f9167ab700a0)
2019-06-24 09:22:17.189 22700 RALLYDEBUG rally_openstack.cleanup.manager [-] Deleting neutron.network object s_rally_ce787ad0_pKIBxXpQ (696a651d-dc29-4213-901d-3ee219b5ff2f)
2019-06-24 09:22:17.213 22700 RALLYDEBUG rally_openstack.cleanup.manager [-] Deleting neutron.network object s_rally_ce787ad0_hQMcie8M (6f5981e1-ab15-4e51-b5f3-994a959f1c75)
2019-06-24 09:22:17.225 22700 RALLYDEBUG rally_openstack.cleanup.manager [-] Deleting neutron.network object s_rally_ce787ad0_v1LkR4Mp (740be903-9e5d-4616-801f-a8f3de4c4254)
2019-06-24 09:22:17.268 22700 RALLYDEBUG rally_openstack.cleanup.manager [-] Deleting neutron.network object s_rally_ce787ad0_L3LSrvq5 (74b37034-b110-49b3-92e5-0c902be03cfa)
2019-06-24 09:22:17.272 22700 RALLYDEBUG rally_openstack.cleanup.manager [-] Deleting neutron.network object s_rally_ce787ad0_KCskuz2T (75cd66eb-8ecb-4c41-8e02-8b48a950b7ba)
2019-06-24 09:22:17.312 22700 RALLYDEBUG rally_openstack.cleanup.manager [-] Deleting neutron.network object s_rally_ce787ad0_0ZHqBKGy (7a77ad32-2d69-463e-bff0-9453288a5dd5)
2019-06-24 09:22:17.366 22700 RALLYDEBUG rally_openstack.cleanup.manager [-] Deleting neutron.network object s_rally_ce787ad0_VCS1C29f (7c519b70-9eaf-439f-9eab-9f6d52d2207d)
2019-06-24 09:22:17.646 22700 RALLYDEBUG rally_openstack.cleanup.manager [-] Deleting neutron.network object s_rally_ce787ad0_cVxJ4MWj (7c629df6-a9f9-4657-b308-9be3fd8fec15)
2019-06-24 09:22:17.895 22700 RALLYDEBUG rally_openstack.cleanup.manager [-] Deleting neutron.network object s_rally_ce787ad0_vgSYMNqL (82d9c4d9-b611-4682-baa5-4ae67db3be1f)
2019-06-24 09:22:18.479 22700 RALLYDEBUG rally_openstack.cleanup.manager [-] Deleting neutron.network object s_rally_ce787ad0_ZjaKRTrn (8b1890dd-63d2-4482-9254-efb238049703)
2019-06-24 09:22:19.168 22700 RALLYDEBUG rally_openstack.cleanup.manager [-] Deleting neutron.network object s_rally_ce787ad0_6q1HIEYp (8d697010-2d04-4a42-ac0f-c8d8bef1428e)
2019-06-24 09:22:19.288 22700 RALLYDEBUG rally_openstack.cleanup.manager [-] Deleting neutron.network object s_rally_ce787ad0_1Lrlbltl (8e9cf209-f067-4d28-b626-c2b3ea54738c)
2019-06-24 09:22:19.332 22700 RALLYDEBUG rally_openstack.cleanup.manager [-] Deleting neutron.network object s_rally_ce787ad0_Y9rcOyOL (8fbc284c-72dd-487e-bede-18854014e31b)
2019-06-24 09:22:19.374 22700 RALLYDEBUG rally_openstack.cleanup.manager [-] Deleting neutron.network object s_rally_ce787ad0_59ej2sef (94008e1b-fb1f-4d00-9d3f-cf879ec89240)
2019-06-24 09:22:19.672 22700 RALLYDEBUG rally_openstack.cleanup.manager [-] Deleting neutron.network object s_rally_ce787ad0_z8woWSt6 (94f6f4e9-1685-4b4b-a8c7-30b5698b92c7)
2019-06-24 09:22:19.705 22700 RALLYDEBUG rally_openstack.cleanup.manager [-] Deleting neutron.network object s_rally_ce787ad0_d7XBmLP9 (95c00d7d-9d97-4282-8d7d-9e9e4019d95a)
2019-06-24 09:22:20.102 22700 RALLYDEBUG rally_openstack.cleanup.manager [-] Deleting neutron.network object s_rally_ce787ad0_BsPb4LbT (95ccb301-25e6-494e-95bd-7dfbf9f5a0a8)
2019-06-24 09:22:20.185 22700 RALLYDEBUG rally_openstack.cleanup.manager [-] Deleting neutron.network object s_rally_ce787ad0_iUKjudps (9efed792-548a-4fb4-b229-63fb57272b46)
2019-06-24 09:22:20.471 22700 RALLYDEBUG rally_openstack.cleanup.manager [-] Deleting neutron.network object s_rally_ce787ad0_rbwKXONo (a1a709a0-f5ba-41f0-9c4b-c12c82a83ff9)
2019-06-24 09:22:21.039 22700 RALLYDEBUG rally_openstack.cleanup.manager [-] Deleting neutron.network object s_rally_ce787ad0_VbiLtPLJ (a2b3d537-d367-4c5d-8b87-baab611852c9)
2019-06-24 09:22:21.180 22700 RALLYDEBUG rally_openstack.cleanup.manager [-] Deleting neutron.network object s_rally_ce787ad0_8Amnnwdy (a2c6be2a-5ade-4972-903e-c2fd995bb668)
2019-06-24 09:22:21.198 22700 RALLYDEBUG rally_openstack.cleanup.manager [-] Deleting neutron.network object s_rally_ce787ad0_P1KKGdsQ (af940c70-d787-44ae-aeda-e179bfb9a3c0)
2019-06-24 09:22:21.301 22700 RALLYDEBUG rally_openstack.cleanup.manager [-] Deleting neutron.network object s_rally_ce787ad0_1PUEbinU (b33280e3-afd5-445c-83fc-cb6239f4712c)
2019-06-24 09:22:21.442 22700 RALLYDEBUG rally_openstack.cleanup.manager [-] Deleting neutron.network object s_rally_ce787ad0_ufGYKDSK (b48d4f29-0492-4011-a940-7f0e100792f2)
2019-06-24 09:22:21.507 22700 RALLYDEBUG rally_openstack.cleanup.manager [-] Deleting neutron.network object s_rally_ce787ad0_jjq6wVZV (b75f84df-2df5-4dfb-8168-49158bc2d30d)
2019-06-24 09:22:21.766 22700 RALLYDEBUG rally_openstack.cleanup.manager [-] Deleting neutron.network object s_rally_ce787ad0_OucsU6Xq (b8802364-edcd-4ce3-bcec-e123ea5409c3)
2019-06-24 09:22:21.996 22700 RALLYDEBUG rally_openstack.cleanup.manager [-] Deleting neutron.network object s_rally_ce787ad0_73Lhs9n7 (ba603acf-4412-47cd-ada3-4d3b3c82c9ed)
2019-06-24 09:22:22.033 22700 RALLYDEBUG rally_openstack.cleanup.manager [-] Deleting neutron.network object s_rally_ce787ad0_pbhX3DO8 (bcd0487a-28ab-4425-b214-876011811ba4)
2019-06-24 09:22:22.062 22700 RALLYDEBUG rally_openstack.cleanup.manager [-] Deleting neutron.network object s_rally_ce787ad0_ZYxlonLU (bf36f3ba-d6ac-432d-832e-c191b7e7a555)
2019-06-24 09:22:22.076 22700 RALLYDEBUG rally_openstack.cleanup.manager [-] Deleting neutron.network object s_rally_ce787ad0_sbNdW0oY (c009bda0-5215-498c-b890-7bff46a5ef68)
2019-06-24 09:22:22.167 22700 RALLYDEBUG rally_openstack.cleanup.manager [-] Deleting neutron.network object s_rally_ce787ad0_BqGo9OLG (c135d706-406a-42d9-a2fe-b67e76c9e268)
2019-06-24 09:22:22.221 22700 RALLYDEBUG rally_openstack.cleanup.manager [-] Deleting neutron.network object s_rally_ce787ad0_ducFngD0 (c3e87087-ce4f-4cd8-bdf6-886c76181fb4)
2019-06-24 09:22:22.412 22700 RALLYDEBUG rally_openstack.cleanup.manager [-] Deleting neutron.network object s_rally_ce787ad0_R7v7PJrH (c470d3d0-368b-49f7-bf1b-a981df1145e5)
2019-06-24 09:22:22.424 22700 RALLYDEBUG rally_openstack.cleanup.manager [-] Deleting neutron.network object s_rally_ce787ad0_zjre8qai (c7b9c20a-2d51-46ea-b7be-88fbc66f5409)
2019-06-24 09:22:23.367 22700 RALLYDEBUG rally_openstack.cleanup.manager [-] Deleting neutron.network object s_rally_ce787ad0_5qdOF8U2 (c90df69f-78ef-4511-bd65-e12a88e847ca)
2019-06-24 09:22:23.382 22700 RALLYDEBUG rally_openstack.cleanup.manager [-] Deleting neutron.network object s_rally_ce787ad0_hs9dZR15 (c939fec9-c8ce-4947-8b9a-4487cc154cea)
2019-06-24 09:22:23.403 22700 RALLYDEBUG rally_openstack.cleanup.manager [-] Deleting neutron.network object s_rally_ce787ad0_Tf4f6NmM (d33688d7-9ff1-4acc-9992-2f73f946aab7)
2019-06-24 09:22:23.729 22700 RALLYDEBUG rally_openstack.cleanup.manager [-] Deleting neutron.network object s_rally_ce787ad0_r2Y7NW0E (d39b0974-fc96-4ec0-b349-1e4b412e20dd)
2019-06-24 09:22:23.859 22700 RALLYDEBUG rally_openstack.cleanup.manager [-] Deleting neutron.network object s_rally_ce787ad0_vN7uyVQ1 (d4025114-7f53-4807-8dd0-bf35c7195774)
2019-06-24 09:22:24.207 22700 RALLYDEBUG rally_openstack.cleanup.manager [-] Deleting neutron.network object s_rally_ce787ad0_hZPWaLdf (d509b83e-47a9-4b45-8a22-01cddde07d9d)
2019-06-24 09:22:24.475 22700 RALLYDEBUG rally_openstack.cleanup.manager [-] Deleting neutron.network object s_rally_ce787ad0_iG5qVSZO (d6abbba7-49f7-4ea9-accd-23c008cacd9e)
2019-06-24 09:22:24.643 22700 RALLYDEBUG rally_openstack.cleanup.manager [-] Deleting neutron.network object s_rally_ce787ad0_Bpx3aoiw (d9829beb-7168-48cc-b454-00435940feee)
2019-06-24 09:22:24.938 22700 RALLYDEBUG rally_openstack.cleanup.manager [-] Deleting neutron.network object s_rally_ce787ad0_9Asrpxny (dec1b1ff-b7e1-465b-8d21-692d2d1baa4b)
2019-06-24 09:22:25.189 22700 RALLYDEBUG rally_openstack.cleanup.manager [-] Deleting neutron.network object s_rally_ce787ad0_5EPU1Oxt (e01943a5-9c5a-45d1-af6f-79a81d41a072)
2019-06-24 09:22:25.194 22700 RALLYDEBUG rally_openstack.cleanup.manager [-] Deleting neutron.network object s_rally_ce787ad0_5tF7Jb5H (e0a0f2db-700c-4321-a506-49e11b6a1203)
2019-06-24 09:22:25.401 22700 RALLYDEBUG rally_openstack.cleanup.manager [-] Deleting neutron.network object s_rally_ce787ad0_EUQIvD2U (e83e8e15-6ba3-4b44-a315-d9160d21343e)
2019-06-24 09:22:25.418 22700 RALLYDEBUG rally_openstack.cleanup.manager [-] Deleting neutron.network object s_rally_ce787ad0_02Zs457J (f171497b-b2c3-49af-a3bc-0c694f408c8e)
2019-06-24 09:22:25.553 22700 RALLYDEBUG rally_openstack.cleanup.manager [-] Deleting neutron.network object s_rally_ce787ad0_jfvP239d (f2763a34-6292-49f0-8619-0a7d3380732d)
2019-06-24 09:22:25.885 22700 RALLYDEBUG rally_openstack.cleanup.manager [-] Deleting neutron.network object s_rally_ce787ad0_ob4RKVli (f367990e-6cde-4316-9770-b9cd6911354e)
2019-06-24 09:22:26.070 22700 RALLYDEBUG rally_openstack.cleanup.manager [-] Deleting neutron.network object s_rally_ce787ad0_YurBGZMD (f6a84451-96f0-42b7-9c92-65ff41324f3e)
2019-06-24 09:22:26.077 22700 RALLYDEBUG rally_openstack.cleanup.manager [-] Deleting neutron.network object s_rally_ce787ad0_mJxPitUF (f6ae7014-bcdd-4b93-9b5a-a00d3bc79a7b)
2019-06-24 09:22:26.447 22700 RALLYDEBUG rally_openstack.cleanup.manager [-] Deleting neutron.network object s_rally_ce787ad0_jQ7XcDvZ (f78699f0-91e3-4fae-984d-9894cb24eeee)
