2019-06-24 07:59:00.117 1842 INFO rally.task.engine [-] Full runner duration is: 27.526012
2019-06-24 07:59:00.117 1842 INFO rally.task.engine [-] Full duration is: 50.610019
2019-06-24 07:59:00.270 1842 INFO rally.task.engine [-] Running workload: position = 2 config = { "version": 2, "title": "A cropped version of a bigger task.", "description": "Auto-generated task from a single workload (uuid=159dee5c-2d8d-414c-a1ba-8f61ad68fa72)", "subtasks": [ { "title": "CinderVolumes.create_and_delete_volume", "description": "Create and then delete a volume.", "scenario": { "CinderVolumes.create_and_delete_volume": { "size": 1 } }, "contexts": { "users": { "tenants": 3, "users_per_tenant": 2 }, "quotas": { "cinder": { "gigabytes": -1, "snapshots": -1, "volumes": -1 } }, "api_versions": { "cinder": { "version": 3, "service_type": "volumev3" } } }, "runner": { "constant": { "concurrency": 4, "times": 10 } }, "hooks": [], "sla": { "failure_rate": { "max": 0 } } } ] }
2019-06-24 07:59:00.292 1842 RALLYDEBUG rally_openstack.contexts.keystone.users [-] Creating 3 tenants using 20 threads
2019-06-24 07:59:02.120 1842 RALLYDEBUG rally_openstack.contexts.keystone.users [-] Creating 6 users using 20 threads
2019-06-24 07:59:04.770 1842 INFO rally.task.context [-] Task a05044bc-e213-43b3-a5d5-6c25e80f7dff | Context users@openstack setup() finished in 4.48 sec
2019-06-24 07:59:05.175 1842 INFO rally.task.context [-] Task a05044bc-e213-43b3-a5d5-6c25e80f7dff | Context api_versions@openstack setup() finished in 0.40 sec
2019-06-24 07:59:06.917 1842 INFO rally.task.context [-] Task a05044bc-e213-43b3-a5d5-6c25e80f7dff | Context quotas@openstack setup() finished in 1.74 sec
2019-06-24 07:59:06.918 1842 INFO rally.task.context [-] Task a05044bc-e213-43b3-a5d5-6c25e80f7dff | Context cleanup@openstack setup() finished in 0.01 msec
2019-06-24 07:59:06.925 1842 RALLYDEBUG rally.task.runner [-] Starting the constant runner (task UUID: a05044bc-e213-43b3-a5d5-6c25e80f7dff). timeout: 0 concurrency: 4 concurrency_per_worker: 1 times: 10 concurrency_overhead: 0 processes_to_start: 4 max_cpu_used: 16
2019-06-24 07:59:06.938 4538 RALLYDEBUG rally.task.runner [-] Starting a worker. concurrency: 1 args: {"size": 1} times: 10 method_name: run timeout: 0 duration: None cls:
2019-06-24 07:59:06.942 4539 RALLYDEBUG rally.task.runner [-] Starting a worker. concurrency: 1 args: {"size": 1} times: 10 method_name: run timeout: 0 duration: None cls:
2019-06-24 07:59:06.944 4540 RALLYDEBUG rally.task.runner [-] Starting a worker. concurrency: 1 args: {"size": 1} times: 10 method_name: run timeout: 0 duration: None cls:
2019-06-24 07:59:06.946 4538 INFO rally.task.runner [-] Task a05044bc-e213-43b3-a5d5-6c25e80f7dff | ITER: 1 START
2019-06-24 07:59:06.947 4541 RALLYDEBUG rally.task.runner [-] Starting a worker. concurrency: 1 args: {"size": 1} times: 10 method_name: run timeout: 0 duration: None cls:
2019-06-24 07:59:06.950 4539 INFO rally.task.runner [-] Task a05044bc-e213-43b3-a5d5-6c25e80f7dff | ITER: 2 START
2019-06-24 07:59:06.952 4540 INFO rally.task.runner [-] Task a05044bc-e213-43b3-a5d5-6c25e80f7dff | ITER: 3 START
2019-06-24 07:59:06.955 4541 INFO rally.task.runner [-] Task a05044bc-e213-43b3-a5d5-6c25e80f7dff | ITER: 4 START
2019-06-24 07:59:10.838 4539 RALLYDEBUG rally.task.utils [-] Waiting for resource s_rally_159dee5c_KIrhrfM8. Status changed: AVAILABLE => DELETING in 0.254539966583
2019-06-24 07:59:11.009 4538 RALLYDEBUG rally.task.utils [-] Waiting for resource s_rally_159dee5c_myKAPu1s. Status changed: AVAILABLE => DELETING in 0.298424959183
2019-06-24 07:59:11.192 4541 RALLYDEBUG rally.task.utils [-] Waiting for resource s_rally_159dee5c_xzaa5NeU. Status changed: AVAILABLE => DELETING in 0.271964788437
2019-06-24 07:59:11.284 4540 RALLYDEBUG rally.task.utils [-] Waiting for resource s_rally_159dee5c_8ezqEIdS. Status changed: AVAILABLE => DELETING in 0.514334917068
2019-06-24 07:59:13.071 4539 INFO rally.task.runner [-] Task a05044bc-e213-43b3-a5d5-6c25e80f7dff | ITER: 2 END: OK
2019-06-24 07:59:13.076 4539 INFO rally.task.runner [-] Task a05044bc-e213-43b3-a5d5-6c25e80f7dff | ITER: 5 START
2019-06-24 07:59:13.222 4538 INFO rally.task.runner [-] Task a05044bc-e213-43b3-a5d5-6c25e80f7dff | ITER: 1 END: OK
2019-06-24 07:59:13.227 4538 INFO rally.task.runner [-] Task a05044bc-e213-43b3-a5d5-6c25e80f7dff | ITER: 6 START
2019-06-24 07:59:13.230 4541 INFO rally.task.runner [-] Task a05044bc-e213-43b3-a5d5-6c25e80f7dff | ITER: 4 END: OK
2019-06-24 07:59:13.236 4541 INFO rally.task.runner [-] Task a05044bc-e213-43b3-a5d5-6c25e80f7dff | ITER: 7 START
2019-06-24 07:59:13.605 4540 INFO rally.task.runner [-] Task a05044bc-e213-43b3-a5d5-6c25e80f7dff | ITER: 3 END: OK
2019-06-24 07:59:13.610 4540 INFO rally.task.runner [-] Task a05044bc-e213-43b3-a5d5-6c25e80f7dff | ITER: 8 START
2019-06-24 07:59:16.886 4539 RALLYDEBUG rally.task.utils [-] Waiting for resource s_rally_159dee5c_0DwngenI. Status changed: AVAILABLE => DELETING in 0.0805180072784
2019-06-24 07:59:17.412 4538 RALLYDEBUG rally.task.utils [-] Waiting for resource s_rally_159dee5c_QYzel0Nl. Status changed: AVAILABLE => DELETING in 0.298547029495
2019-06-24 07:59:17.501 4541 INFO rally.task.runner [-] Task a05044bc-e213-43b3-a5d5-6c25e80f7dff | ITER: 7 END: OK
2019-06-24 07:59:17.506 4541 INFO rally.task.runner [-] Task a05044bc-e213-43b3-a5d5-6c25e80f7dff | ITER: 9 START
2019-06-24 07:59:17.671 4540 RALLYDEBUG rally.task.utils [-] Waiting for resource s_rally_159dee5c_42fPED2P. Status changed: AVAILABLE => DELETING in 0.25044298172
2019-06-24 07:59:19.254 4539 INFO rally.task.runner [-] Task a05044bc-e213-43b3-a5d5-6c25e80f7dff | ITER: 5 END: OK
2019-06-24 07:59:19.258 4539 INFO rally.task.runner [-] Task a05044bc-e213-43b3-a5d5-6c25e80f7dff | ITER: 10 START
2019-06-24 07:59:19.631 4538 INFO rally.task.runner [-] Task a05044bc-e213-43b3-a5d5-6c25e80f7dff | ITER: 6 END: OK
2019-06-24 07:59:19.977 4540 INFO rally.task.runner [-] Task a05044bc-e213-43b3-a5d5-6c25e80f7dff | ITER: 8 END: OK
2019-06-24 07:59:21.304 4541 INFO rally.task.runner [-] Task a05044bc-e213-43b3-a5d5-6c25e80f7dff | ITER: 9 END: OK
2019-06-24 07:59:22.951 4539 INFO rally.task.runner [-] Task a05044bc-e213-43b3-a5d5-6c25e80f7dff | ITER: 10 END: OK
2019-06-24 07:59:22.979 1842 INFO rally.task.context [-] Task a05044bc-e213-43b3-a5d5-6c25e80f7dff | Context cleanup@openstack cleanup() started
2019-06-24 07:59:22.982 1842 RALLYDEBUG rally_openstack.cleanup.manager [-] Cleaning up cinder backups objects
2019-06-24 07:59:25.040 1842 RALLYDEBUG rally_openstack.cleanup.manager [-] Cleaning up cinder volume_snapshots objects
2019-06-24 07:59:27.017 1842 RALLYDEBUG rally_openstack.cleanup.manager [-] Cleaning up cinder transfers objects
2019-06-24 07:59:28.999 1842 RALLYDEBUG rally_openstack.cleanup.manager [-] Cleaning up cinder volumes objects
2019-06-24 07:59:31.020 1842 INFO rally.task.context [-] Task a05044bc-e213-43b3-a5d5-6c25e80f7dff | Context cleanup@openstack cleanup() finished in 8.04 sec
2019-06-24 07:59:31.021 1842 INFO rally.task.context [-] Task a05044bc-e213-43b3-a5d5-6c25e80f7dff | Context quotas@openstack cleanup() started
2019-06-24 07:59:31.300 1842 INFO rally.task.context [-] Task a05044bc-e213-43b3-a5d5-6c25e80f7dff | Context quotas@openstack cleanup() finished in 0.28 sec
2019-06-24 07:59:31.301 1842 INFO rally.task.context [-] Task a05044bc-e213-43b3-a5d5-6c25e80f7dff | Context api_versions@openstack cleanup() started
2019-06-24 07:59:31.301 1842 INFO rally.task.context [-] Task a05044bc-e213-43b3-a5d5-6c25e80f7dff | Context api_versions@openstack cleanup() finished in 0.34 msec
2019-06-24 07:59:31.301 1842 INFO rally.task.context [-] Task a05044bc-e213-43b3-a5d5-6c25e80f7dff | Context users@openstack cleanup() started
2019-06-24 07:59:38.184 1842 INFO rally.task.context [-] Task a05044bc-e213-43b3-a5d5-6c25e80f7dff | Context users@openstack cleanup() finished in 6.88 sec
2019-06-24 07:59:38.454 1842 INFO rally.task.engine [-] Load duration is: 16.002987
2019-06-24 07:59:38.454 1842 INFO rally.task.engine [-] Full runner duration is: 16.054563
2019-06-24 07:59:38.454 1842 INFO rally.task.engine [-] Full duration is: 37.894136
2019-06-24 07:59:38.709 1842 INFO rally.task.engine [-] Running workload: position = 0 config = { "version": 2, "title": "A cropped version of a bigger task.", "description": "Auto-generated task from a single workload (uuid=3448e327-7287-4572-968b-501079b8a39a)", "subtasks": [ { "title": "CinderVolumes.create_and_extend_volume", "description": "Create and extend a volume and then delete it.", "scenario": { "CinderVolumes.create_and_extend_volume": { "new_size": 2, "size": 1 } }, "contexts": { "users": { "tenants": 3, "users_per_tenant": 2 }, "quotas": { "cinder": { "gigabytes": -1, "snapshots": -1, "volumes": -1 } }, "api_versions": { "cinder": { "version": 3, "service_type": "volumev3" } } }, "runner": { "constant": { "concurrency": 4, "times": 10 } }, "hooks": [], "sla": { "failure_rate": { "max": 0 } } } ] }
2019-06-24 07:59:38.733 1842 RALLYDEBUG rally_openstack.contexts.keystone.users [-] Creating 3 tenants using 20 threads
2019-06-24 07:59:40.567 1842 RALLYDEBUG rally_openstack.contexts.keystone.users [-] Creating 6 users using 20 threads
2019-06-24 07:59:43.176 1842 INFO rally.task.context [-] Task a05044bc-e213-43b3-a5d5-6c25e80f7dff | Context users@openstack setup() finished in 4.44 sec
2019-06-24 07:59:43.733 1842 INFO rally.task.context [-] Task a05044bc-e213-43b3-a5d5-6c25e80f7dff | Context api_versions@openstack setup() finished in 0.56 sec
2019-06-24 07:59:45.282 1842 INFO rally.task.context [-] Task a05044bc-e213-43b3-a5d5-6c25e80f7dff | Context quotas@openstack setup() finished in 1.55 sec
2019-06-24 07:59:45.283 1842 INFO rally.task.context [-] Task a05044bc-e213-43b3-a5d5-6c25e80f7dff | Context cleanup@openstack setup() finished in 0.01 msec
2019-06-24 07:59:45.290 1842 RALLYDEBUG rally.task.runner [-] Starting the constant runner (task UUID: a05044bc-e213-43b3-a5d5-6c25e80f7dff). timeout: 0 concurrency: 4 concurrency_per_worker: 1 times: 10 concurrency_overhead: 0 processes_to_start: 4 max_cpu_used: 16
2019-06-24 07:59:45.301 4722 RALLYDEBUG rally.task.runner [-] Starting a worker. concurrency: 1 args: {"new_size": 2, "size": 1} times: 10 method_name: run timeout: 0 duration: None cls:
2019-06-24 07:59:45.306 4723 RALLYDEBUG rally.task.runner [-] Starting a worker. concurrency: 1 args: {"new_size": 2, "size": 1} times: 10 method_name: run timeout: 0 duration: None cls:
2019-06-24 07:59:45.307 4724 RALLYDEBUG rally.task.runner [-] Starting a worker. concurrency: 1 args: {"new_size": 2, "size": 1} times: 10 method_name: run timeout: 0 duration: None cls:
2019-06-24 07:59:45.308 4722 INFO rally.task.runner [-] Task a05044bc-e213-43b3-a5d5-6c25e80f7dff | ITER: 1 START
2019-06-24 07:59:45.312 4725 RALLYDEBUG rally.task.runner [-] Starting a worker. concurrency: 1 args: {"new_size": 2, "size": 1} times: 10 method_name: run timeout: 0 duration: None cls:
2019-06-24 07:59:45.313 4724 INFO rally.task.runner [-] Task a05044bc-e213-43b3-a5d5-6c25e80f7dff | ITER: 3 START
2019-06-24 07:59:45.313 4723 INFO rally.task.runner [-] Task a05044bc-e213-43b3-a5d5-6c25e80f7dff | ITER: 2 START
2019-06-24 07:59:45.319 4725 INFO rally.task.runner [-] Task a05044bc-e213-43b3-a5d5-6c25e80f7dff | ITER: 4 START
2019-06-24 07:59:49.585 4724 RALLYDEBUG rally.task.utils [-] Waiting for resource s_rally_3448e327_vtXbMvXk. Status changed: AVAILABLE => EXTENDING in 0.0736889839172
2019-06-24 07:59:49.696 4725 RALLYDEBUG rally.task.utils [-] Waiting for resource s_rally_3448e327_jAr2NE6k. Status changed: AVAILABLE => EXTENDING in 0.064404964447
2019-06-24 07:59:50.010 4723 INFO rally.task.runner [-] Task a05044bc-e213-43b3-a5d5-6c25e80f7dff | ITER: 2 END: OK
2019-06-24 07:59:50.016 4723 INFO rally.task.runner [-] Task a05044bc-e213-43b3-a5d5-6c25e80f7dff | ITER: 5 START
2019-06-24 07:59:50.183 4722 RALLYDEBUG rally.task.utils [-] Waiting for resource s_rally_3448e327_CjRlyaae. Status changed: AVAILABLE => DELETING in 0.247704982758
2019-06-24 07:59:51.643 4724 RALLYDEBUG rally.task.utils [-] Waiting for resource s_rally_3448e327_vtXbMvXk. Status changed: EXTENDING => AVAILABLE in 2.05816507339
2019-06-24 07:59:51.752 4725 RALLYDEBUG rally.task.utils [-] Waiting for resource s_rally_3448e327_jAr2NE6k. Status changed: EXTENDING => AVAILABLE in 2.05616998672
2019-06-24 07:59:52.038 4724 RALLYDEBUG rally.task.utils [-] Waiting for resource s_rally_3448e327_vtXbMvXk. Status changed: AVAILABLE => DELETING in 0.0551600456238
2019-06-24 07:59:52.348 4725 RALLYDEBUG rally.task.utils [-] Waiting for resource s_rally_3448e327_jAr2NE6k. Status changed: AVAILABLE => DELETING in 0.331233024597
2019-06-24 07:59:52.421 4722 INFO rally.task.runner [-] Task a05044bc-e213-43b3-a5d5-6c25e80f7dff | ITER: 1 END: OK
2019-06-24 07:59:52.425 4722 INFO rally.task.runner [-] Task a05044bc-e213-43b3-a5d5-6c25e80f7dff | ITER: 6 START
2019-06-24 07:59:54.263 4724 INFO rally.task.runner [-] Task a05044bc-e213-43b3-a5d5-6c25e80f7dff | ITER: 3 END: OK
2019-06-24 07:59:54.268 4724 INFO rally.task.runner [-] Task a05044bc-e213-43b3-a5d5-6c25e80f7dff | ITER: 7 START
2019-06-24 07:59:54.470 4723 INFO rally.task.runner [-] Task a05044bc-e213-43b3-a5d5-6c25e80f7dff | ITER: 5 END: OK
2019-06-24 07:59:54.474 4723 INFO rally.task.runner [-] Task a05044bc-e213-43b3-a5d5-6c25e80f7dff | ITER: 8 START
2019-06-24 07:59:54.598 4725 INFO rally.task.runner [-] Task a05044bc-e213-43b3-a5d5-6c25e80f7dff | ITER: 4 END: OK
2019-06-24 07:59:54.603 4725 INFO rally.task.runner [-] Task a05044bc-e213-43b3-a5d5-6c25e80f7dff | ITER: 9 START
2019-06-24 07:59:56.932 4722 INFO rally.task.runner [-] Task a05044bc-e213-43b3-a5d5-6c25e80f7dff | ITER: 6 END: OK
2019-06-24 07:59:56.937 4722 INFO rally.task.runner [-] Task a05044bc-e213-43b3-a5d5-6c25e80f7dff | ITER: 10 START
2019-06-24 07:59:58.260 4724 RALLYDEBUG rally.task.utils [-] Waiting for resource s_rally_3448e327_mGg4tB3U. Status changed: AVAILABLE => EXTENDING in 0.0548760890961
2019-06-24 07:59:58.915 4723 RALLYDEBUG rally.task.utils [-] Waiting for resource s_rally_3448e327_rgsUWFPm. Status changed: AVAILABLE => DELETING in 0.0525290966034
2019-06-24 07:59:58.938 4725 RALLYDEBUG rally.task.utils [-] Waiting for resource s_rally_3448e327_6sDGcahr. Status changed: AVAILABLE => DELETING in 0.0510649681091
2019-06-24 08:00:00.524 4724 RALLYDEBUG rally.task.utils [-] Waiting for resource s_rally_3448e327_mGg4tB3U. Status changed: EXTENDING => AVAILABLE in 2.26411294937
2019-06-24 08:00:00.857 4724 RALLYDEBUG rally.task.utils [-] Waiting for resource s_rally_3448e327_mGg4tB3U. Status changed: AVAILABLE => DELETING in 0.261678934097
2019-06-24 08:00:00.956 4723 INFO rally.task.runner [-] Task a05044bc-e213-43b3-a5d5-6c25e80f7dff | ITER: 8 END: OK
2019-06-24 08:00:00.984 4722 RALLYDEBUG rally.task.utils [-] Waiting for resource s_rally_3448e327_dmSeWIjq. Status changed: AVAILABLE => DELETING in 0.251363992691
2019-06-24 08:00:00.984 4725 INFO rally.task.runner [-] Task a05044bc-e213-43b3-a5d5-6c25e80f7dff | ITER: 9 END: OK
2019-06-24 08:00:03.023 4722 INFO rally.task.runner [-] Task a05044bc-e213-43b3-a5d5-6c25e80f7dff | ITER: 10 END: OK
2019-06-24 08:00:03.088 4724 INFO rally.task.runner [-] Task a05044bc-e213-43b3-a5d5-6c25e80f7dff | ITER: 7 END: OK
2019-06-24 08:00:03.118 1842 INFO rally.task.context [-] Task a05044bc-e213-43b3-a5d5-6c25e80f7dff | Context cleanup@openstack cleanup() started
2019-06-24 08:00:03.120 1842 RALLYDEBUG rally_openstack.cleanup.manager [-] Cleaning up cinder backups objects
2019-06-24 08:00:04.995 1842 RALLYDEBUG rally_openstack.cleanup.manager [-] Cleaning up cinder volume_snapshots objects
2019-06-24 08:00:06.926 1842 RALLYDEBUG rally_openstack.cleanup.manager [-] Cleaning up cinder transfers objects
2019-06-24 08:00:09.048 1842 RALLYDEBUG rally_openstack.cleanup.manager [-] Cleaning up cinder volumes objects
2019-06-24 08:00:11.053 1842 INFO rally.task.context [-] Task a05044bc-e213-43b3-a5d5-6c25e80f7dff | Context cleanup@openstack cleanup() finished in 7.93 sec
2019-06-24 08:00:11.053 1842 INFO rally.task.context [-] Task a05044bc-e213-43b3-a5d5-6c25e80f7dff | Context quotas@openstack cleanup() started
2019-06-24 08:00:11.690 1842 INFO rally.task.context [-] Task a05044bc-e213-43b3-a5d5-6c25e80f7dff | Context quotas@openstack cleanup() finished in 0.64 sec
2019-06-24 08:00:11.690 1842 INFO rally.task.context [-] Task a05044bc-e213-43b3-a5d5-6c25e80f7dff | Context api_versions@openstack cleanup() started
2019-06-24 08:00:11.690 1842 INFO rally.task.context [-] Task a05044bc-e213-43b3-a5d5-6c25e80f7dff | Context api_versions@openstack cleanup() finished in 0.33 msec
2019-06-24 08:00:11.691 1842 INFO rally.task.context [-] Task a05044bc-e213-43b3-a5d5-6c25e80f7dff | Context users@openstack cleanup() started
2019-06-24 08:00:18.546 1842 INFO rally.task.context [-] Task a05044bc-e213-43b3-a5d5-6c25e80f7dff | Context users@openstack cleanup() finished in 6.86 sec
2019-06-24 08:00:18.883 1842 INFO rally.task.engine [-] Load duration is: 17.777891
2019-06-24 08:00:18.883 1842 INFO rally.task.engine [-] Full runner duration is: 17.828124
2019-06-24 08:00:18.883 1842 INFO rally.task.engine [-] Full duration is: 39.816615
2019-06-24 08:00:19.128 1842 INFO rally.task.engine [-] Running workload: position = 0 config = { "version": 2, "title": "A cropped version of a bigger task.", "description": "Auto-generated task from a single workload (uuid=2a697598-ad40-4900-9a29-3cfc1db369c8)", "subtasks": [ { "title": "CinderVolumes.create_from_volume_and_delete_volume", "description": "Create volume from volume and then delete it.", "scenario": { "CinderVolumes.create_from_volume_and_delete_volume": { "size": 1 } }, "contexts": { "users": { "tenants": 3, "users_per_tenant": 2 }, "quotas": { "cinder": { "gigabytes": -1, "snapshots": -1, "volumes": -1 } }, "api_versions": { "cinder": { "version": 3, "service_type": "volumev3" } }, "volumes": { "size": 1, "volumes_per_tenant": 1 } }, "runner": { "constant": { "concurrency": 4, "times": 10 } }, "hooks": [], "sla": { "failure_rate": { "max": 0 } } } ] }
2019-06-24 08:00:19.152 1842 RALLYDEBUG rally_openstack.contexts.keystone.users [-] Creating 3 tenants using 20 threads
2019-06-24 08:00:21.022 1842 RALLYDEBUG rally_openstack.contexts.keystone.users [-] Creating 6 users using 20 threads
2019-06-24 08:00:24.317 1842 INFO rally.task.context [-] Task a05044bc-e213-43b3-a5d5-6c25e80f7dff | Context users@openstack setup() finished in 5.16 sec
2019-06-24 08:00:24.750 1842 INFO rally.task.context [-] Task a05044bc-e213-43b3-a5d5-6c25e80f7dff | Context api_versions@openstack setup() finished in 0.43 sec
2019-06-24 08:00:26.373 1842 INFO rally.task.context [-] Task a05044bc-e213-43b3-a5d5-6c25e80f7dff | Context quotas@openstack setup() finished in 1.62 sec
2019-06-24 08:00:37.215 1842 INFO rally.task.context [-] Task a05044bc-e213-43b3-a5d5-6c25e80f7dff | Context volumes@openstack setup() finished in 10.84 sec
2019-06-24 08:00:37.216 1842 INFO rally.task.context [-] Task a05044bc-e213-43b3-a5d5-6c25e80f7dff | Context cleanup@openstack setup() finished in 0.01 msec
2019-06-24 08:00:37.223 1842 RALLYDEBUG rally.task.runner [-] Starting the constant runner (task UUID: a05044bc-e213-43b3-a5d5-6c25e80f7dff). timeout: 0 concurrency: 4 concurrency_per_worker: 1 times: 10 concurrency_overhead: 0 processes_to_start: 4 max_cpu_used: 16
2019-06-24 08:00:37.236 4906 RALLYDEBUG rally.task.runner [-] Starting a worker. concurrency: 1 args: {"size": 1} times: 10 method_name: run timeout: 0 duration: None cls:
2019-06-24 08:00:37.239 4907 RALLYDEBUG rally.task.runner [-] Starting a worker. concurrency: 1 args: {"size": 1} times: 10 method_name: run timeout: 0 duration: None cls:
2019-06-24 08:00:37.244 4906 INFO rally.task.runner [-] Task a05044bc-e213-43b3-a5d5-6c25e80f7dff | ITER: 1 START
2019-06-24 08:00:37.246 4907 INFO rally.task.runner [-] Task a05044bc-e213-43b3-a5d5-6c25e80f7dff | ITER: 2 START
2019-06-24 08:00:37.253 4913 RALLYDEBUG rally.task.runner [-] Starting a worker. concurrency: 1 args: {"size": 1} times: 10 method_name: run timeout: 0 duration: None cls:
2019-06-24 08:00:40.937 4906 RALLYDEBUG rally.task.utils [-] Waiting for resource s_rally_2a697598_BvR3CBrp. Status changed: AVAILABLE => DELETING in 0.0617411136627
2019-06-24 08:00:41.380 4907 RALLYDEBUG rally.task.utils [-] Waiting for resource s_rally_2a697598_WMg3FinE. Status changed: AVAILABLE => DELETING in 0.0535509586334
2019-06-24 08:00:42.984 4906 INFO rally.task.runner [-] Task a05044bc-e213-43b3-a5d5-6c25e80f7dff | ITER: 1 END: OK
2019-06-24 08:00:42.990 4906 INFO rally.task.runner [-] Task a05044bc-e213-43b3-a5d5-6c25e80f7dff | ITER: 4 START
2019-06-24 08:00:43.667 4907 INFO rally.task.runner [-] Task a05044bc-e213-43b3-a5d5-6c25e80f7dff | ITER: 2 END: OK
2019-06-24 08:00:43.673 4907 INFO rally.task.runner [-] Task a05044bc-e213-43b3-a5d5-6c25e80f7dff | ITER: 5 START
2019-06-24 08:00:46.882 4906 RALLYDEBUG rally.task.utils [-] Waiting for resource s_rally_2a697598_oqCo2kis. Status changed: AVAILABLE => DELETING in 0.057256937027
2019-06-24 08:00:47.477 4907 RALLYDEBUG rally.task.utils [-] Waiting for resource s_rally_2a697598_eL00XLLh. Status changed: AVAILABLE => DELETING in 0.241227865219
2019-06-24 08:00:49.132 4906 INFO rally.task.runner [-] Task a05044bc-e213-43b3-a5d5-6c25e80f7dff | ITER: 4 END: OK
2019-06-24 08:00:49.137 4906 INFO rally.task.runner [-] Task a05044bc-e213-43b3-a5d5-6c25e80f7dff | ITER: 6 START
2019-06-24 08:00:49.523 4907 INFO rally.task.runner [-] Task a05044bc-e213-43b3-a5d5-6c25e80f7dff | ITER: 5 END: OK
2019-06-24 08:00:49.528 4907 INFO rally.task.runner [-] Task a05044bc-e213-43b3-a5d5-6c25e80f7dff | ITER: 7 START
2019-06-24 08:00:53.531 4906 RALLYDEBUG rally.task.utils [-] Waiting for resource s_rally_2a697598_DpOBKFBx. Status changed: AVAILABLE => DELETING in 0.280768156052
2019-06-24 08:00:53.536 4907 RALLYDEBUG rally.task.utils [-] Waiting for resource s_rally_2a697598_kTbDdbmx. Status changed: AVAILABLE => DELETING in 0.273678064346
2019-06-24 08:00:55.760 4906 INFO rally.task.runner [-] Task a05044bc-e213-43b3-a5d5-6c25e80f7dff | ITER: 6 END: OK
2019-06-24 08:00:55.764 4906 INFO rally.task.runner [-] Task a05044bc-e213-43b3-a5d5-6c25e80f7dff | ITER: 8 START
2019-06-24 08:00:55.768 4907 INFO rally.task.runner [-] Task a05044bc-e213-43b3-a5d5-6c25e80f7dff | ITER: 7 END: OK
2019-06-24 08:00:55.774 4907 INFO rally.task.runner [-] Task a05044bc-e213-43b3-a5d5-6c25e80f7dff | ITER: 9 START
2019-06-24 08:00:59.806 4906 RALLYDEBUG rally.task.utils [-] Waiting for resource s_rally_2a697598_Inf0B44X. Status changed: AVAILABLE => DELETING in 0.262489795685
2019-06-24 08:00:59.927 4907 RALLYDEBUG rally.task.utils [-] Waiting for resource s_rally_2a697598_dbJk1Z8m. Status changed: AVAILABLE => DELETING in 0.255721092224
2019-06-24 08:01:02.038 4906 INFO rally.task.runner [-] Task a05044bc-e213-43b3-a5d5-6c25e80f7dff | ITER: 8 END: OK
2019-06-24 08:01:02.044 4906 INFO rally.task.runner [-] Task a05044bc-e213-43b3-a5d5-6c25e80f7dff | ITER: 10 START
2019-06-24 08:01:02.155 4907 INFO rally.task.runner [-] Task a05044bc-e213-43b3-a5d5-6c25e80f7dff | ITER: 9 END: OK
2019-06-24 08:01:06.109 4906 RALLYDEBUG rally.task.utils [-] Waiting for resource s_rally_2a697598_74SA3c0q. Status changed: AVAILABLE => DELETING in 0.240719079971
2019-06-24 08:01:08.361 4906 INFO rally.task.runner [-] Task a05044bc-e213-43b3-a5d5-6c25e80f7dff | ITER: 10 END: OK
2019-06-24 08:01:08.386 1842 INFO rally.task.context [-] Task a05044bc-e213-43b3-a5d5-6c25e80f7dff | Context cleanup@openstack cleanup() started
2019-06-24 08:01:08.388 1842 RALLYDEBUG rally_openstack.cleanup.manager [-] Cleaning up cinder backups objects
2019-06-24 08:01:10.390 1842 RALLYDEBUG rally_openstack.cleanup.manager [-] Cleaning up cinder volume_snapshots objects
2019-06-24 08:01:12.282 1842 RALLYDEBUG rally_openstack.cleanup.manager [-] Cleaning up cinder transfers objects
2019-06-24 08:01:14.321 1842 RALLYDEBUG rally_openstack.cleanup.manager [-] Cleaning up cinder volumes objects
2019-06-24 08:01:16.430 1842 INFO rally.task.context [-] Task a05044bc-e213-43b3-a5d5-6c25e80f7dff | Context cleanup@openstack cleanup() finished in 8.04 sec
2019-06-24 08:01:16.430 1842 INFO rally.task.context [-] Task a05044bc-e213-43b3-a5d5-6c25e80f7dff | Context volumes@openstack cleanup() started
2019-06-24 08:01:16.431 1842 RALLYDEBUG rally_openstack.cleanup.manager [-] Cleaning up cinder volumes objects
2019-06-24 08:01:18.440 1842 RALLYDEBUG rally_openstack.cleanup.manager [-] Deleting cinder.volumes object c_rally_2a697598_GdXaCu8R (3e80990e-95a1-4262-b588-8475666f081b)
2019-06-24 08:01:18.441 1842 RALLYDEBUG rally_openstack.cleanup.manager [-] Deleting cinder.volumes object c_rally_2a697598_JZ1Jltir (4d8ee056-35b3-42eb-acb6-e5a0c48aea27)
2019-06-24 08:01:18.448 1842 RALLYDEBUG rally_openstack.cleanup.manager [-] Deleting cinder.volumes object c_rally_2a697598_9ELoN3Tb (92012d0b-0ae2-44dd-b155-f07ba864b0ee)
2019-06-24 08:01:21.761 1842 INFO rally.task.context [-] Task a05044bc-e213-43b3-a5d5-6c25e80f7dff | Context volumes@openstack cleanup() finished in 5.33 sec
2019-06-24 08:01:21.761 1842 INFO rally.task.context [-] Task a05044bc-e213-43b3-a5d5-6c25e80f7dff | Context quotas@openstack cleanup() started
2019-06-24 08:01:22.226 1842 INFO rally.task.context [-] Task a05044bc-e213-43b3-a5d5-6c25e80f7dff | Context quotas@openstack cleanup() finished in 0.46 sec
2019-06-24 08:01:22.226 1842 INFO rally.task.context [-] Task a05044bc-e213-43b3-a5d5-6c25e80f7dff | Context api_versions@openstack cleanup() started
2019-06-24 08:01:22.227 1842 INFO rally.task.context [-] Task a05044bc-e213-43b3-a5d5-6c25e80f7dff | Context api_versions@openstack cleanup() finished in 0.32 msec
2019-06-24 08:01:22.227 1842 INFO rally.task.context [-] Task a05044bc-e213-43b3-a5d5-6c25e80f7dff | Context users@openstack cleanup() started
2019-06-24 08:01:29.819 1842 INFO rally.task.context [-] Task a05044bc-e213-43b3-a5d5-6c25e80f7dff | Context users@openstack cleanup() finished in 7.59 sec
2019-06-24 08:01:31.457 1842 INFO rally.task.engine [-] Load duration is: 31.11458
2019-06-24 08:01:31.458 1842 INFO rally.task.engine [-] Full runner duration is: 31.162787
2019-06-24 08:01:31.458 1842 INFO rally.task.engine [-] Full duration is: 70.670819
2019-06-24 08:01:31.691 1842 INFO rally.task.engine [-] Running workload: position = 0 config = { "version": 2, "title": "A cropped version of a bigger task.", "description": "Auto-generated task from a single workload (uuid=f6794565-5d09-4cd1-bd5b-4bfbe7fbd060)", "subtasks": [ { "title": "CinderQos.create_and_get_qos", "description": "Create a qos, then get details of the qos.", "scenario": { "CinderQos.create_and_get_qos": { "consumer": "both", "write_iops_sec": "10", "read_iops_sec": "1000" } }, "contexts": { "users": { "tenants": 3, "users_per_tenant": 2 }, "api_versions": { "cinder": { "version": 3, "service_type": "volumev3" } } }, "runner": { "constant": { "concurrency": 4, "times": 10 } }, "hooks": [], "sla": { "failure_rate": { "max": 0 } } } ] }
2019-06-24 08:01:31.710 1842 RALLYDEBUG rally_openstack.contexts.keystone.users [-] Creating 3 tenants using 20 threads
2019-06-24 08:01:33.567 1842 RALLYDEBUG rally_openstack.contexts.keystone.users [-] Creating 6 users using 20 threads
2019-06-24 08:01:36.242 1842 INFO rally.task.context [-] Task a05044bc-e213-43b3-a5d5-6c25e80f7dff | Context users@openstack setup() finished in 4.53 sec
2019-06-24 08:01:36.648 1842 INFO rally.task.context [-] Task a05044bc-e213-43b3-a5d5-6c25e80f7dff | Context api_versions@openstack setup() finished in 0.40 sec
2019-06-24 08:01:36.648 1842 INFO rally.task.context [-] Task a05044bc-e213-43b3-a5d5-6c25e80f7dff | Context admin_cleanup@openstack setup() finished in 0.01 msec
2019-06-24 08:01:36.655 1842 RALLYDEBUG rally.task.runner [-] Starting the constant runner (task UUID: a05044bc-e213-43b3-a5d5-6c25e80f7dff). timeout: 0 concurrency: 4 concurrency_per_worker: 1 times: 10 concurrency_overhead: 0 processes_to_start: 4 max_cpu_used: 16
2019-06-24 08:01:36.667 5105 RALLYDEBUG rally.task.runner [-] Starting a worker. concurrency: 1 args: {"consumer": "both", "write_iops_sec": "10", "read_iops_sec": "1000"} times: 10 method_name: run timeout: 0 duration: None cls:
2019-06-24 08:01:36.670 5107 RALLYDEBUG rally.task.runner [-] Starting a worker. concurrency: 1 args: {"consumer": "both", "write_iops_sec": "10", "read_iops_sec": "1000"} times: 10 method_name: run timeout: 0 duration: None cls:
2019-06-24 08:01:36.670 5106 RALLYDEBUG rally.task.runner [-] Starting a worker. concurrency: 1 args: {"consumer": "both", "write_iops_sec": "10", "read_iops_sec": "1000"} times: 10 method_name: run timeout: 0 duration: None cls:
2019-06-24 08:01:36.674 5107 INFO rally.task.runner [-] Task a05044bc-e213-43b3-a5d5-6c25e80f7dff | ITER: 2 START
2019-06-24 08:01:36.674 5105 INFO rally.task.runner [-] Task a05044bc-e213-43b3-a5d5-6c25e80f7dff | ITER: 1 START
2019-06-24 08:01:36.676 5108 RALLYDEBUG rally.task.runner [-] Starting a worker. concurrency: 1 args: {"consumer": "both", "write_iops_sec": "10", "read_iops_sec": "1000"} times: 10 method_name: run timeout: 0 duration: None cls:
2019-06-24 08:01:36.678 5106 INFO rally.task.runner [-] Task a05044bc-e213-43b3-a5d5-6c25e80f7dff | ITER: 3 START
2019-06-24 08:01:36.683 5108 INFO rally.task.runner [-] Task a05044bc-e213-43b3-a5d5-6c25e80f7dff | ITER: 4 START
2019-06-24 08:01:37.745 5106 INFO rally.task.runner [-] Task a05044bc-e213-43b3-a5d5-6c25e80f7dff | ITER: 3 END: OK
2019-06-24 08:01:37.752 5106 INFO rally.task.runner [-] Task a05044bc-e213-43b3-a5d5-6c25e80f7dff | ITER: 5 START
2019-06-24 08:01:37.776 5108 INFO rally.task.runner [-] Task a05044bc-e213-43b3-a5d5-6c25e80f7dff | ITER: 4 END: OK
2019-06-24 08:01:37.782 5108 INFO rally.task.runner [-] Task a05044bc-e213-43b3-a5d5-6c25e80f7dff | ITER: 6 START
2019-06-24 08:01:37.822 5107 INFO rally.task.runner [-] Task a05044bc-e213-43b3-a5d5-6c25e80f7dff | ITER: 2 END: OK
2019-06-24 08:01:37.827 5107 INFO rally.task.runner [-] Task a05044bc-e213-43b3-a5d5-6c25e80f7dff | ITER: 7 START
2019-06-24 08:01:37.830 5105 INFO rally.task.runner [-] Task a05044bc-e213-43b3-a5d5-6c25e80f7dff | ITER: 1 END: OK
2019-06-24 08:01:37.835 5105 INFO rally.task.runner [-] Task a05044bc-e213-43b3-a5d5-6c25e80f7dff | ITER: 8 START
2019-06-24 08:01:38.757 5106 INFO rally.task.runner [-] Task a05044bc-e213-43b3-a5d5-6c25e80f7dff | ITER: 5 END: OK
2019-06-24 08:01:38.758 5107 INFO rally.task.runner [-] Task a05044bc-e213-43b3-a5d5-6c25e80f7dff | ITER: 7 END: OK
2019-06-24 08:01:38.762 5106 INFO rally.task.runner [-] Task a05044bc-e213-43b3-a5d5-6c25e80f7dff | ITER: 9 START
2019-06-24 08:01:38.763 5107 INFO rally.task.runner [-] Task a05044bc-e213-43b3-a5d5-6c25e80f7dff | ITER: 10 START
2019-06-24 08:01:38.766 5108 INFO rally.task.runner [-] Task a05044bc-e213-43b3-a5d5-6c25e80f7dff | ITER: 6 END: OK
2019-06-24 08:01:38.849 5105 INFO rally.task.runner [-] Task a05044bc-e213-43b3-a5d5-6c25e80f7dff | ITER: 8 END: OK
2019-06-24 08:01:39.630 5106 INFO rally.task.runner [-] Task a05044bc-e213-43b3-a5d5-6c25e80f7dff | ITER: 9 END: OK
2019-06-24 08:01:39.707 5107 INFO rally.task.runner [-] Task a05044bc-e213-43b3-a5d5-6c25e80f7dff | ITER: 10 END: OK
2019-06-24 08:01:39.733 1842 INFO rally.task.context [-] Task a05044bc-e213-43b3-a5d5-6c25e80f7dff | Context admin_cleanup@openstack cleanup() started
2019-06-24 08:01:39.735 1842 RALLYDEBUG rally_openstack.cleanup.manager [-] Cleaning up cinder volume_types objects
2019-06-24 08:01:40.359 1842 RALLYDEBUG rally_openstack.cleanup.manager [-] Cleaning up cinder image_volumes_cache objects
2019-06-24 08:01:41.313 1842 RALLYDEBUG rally_openstack.cleanup.manager [-] Cleaning up cinder quotas objects
2019-06-24 08:01:42.753 1842 RALLYDEBUG rally_openstack.cleanup.manager [-] Cleaning up cinder qos_specs objects
2019-06-24 08:01:43.383 1842 RALLYDEBUG rally_openstack.cleanup.manager [-] Deleting cinder.qos_specs object s_rally_f6794565_FGGOFsxl (1ba6dfa6-e826-4b3c-a613-2ef60110db32)
2019-06-24 08:01:43.384 1842 RALLYDEBUG rally_openstack.cleanup.manager [-] Deleting cinder.qos_specs object s_rally_f6794565_YzLhK4yo (d6ddb651-68b4-405a-8944-10271c8da6fa)
2019-06-24 08:01:43.390 1842 RALLYDEBUG rally_openstack.cleanup.manager [-] Deleting cinder.qos_specs object s_rally_f6794565_ayhk9IO4 (cdf5a488-a073-4416-9183-6b0bcea91b6e)
2019-06-24 08:01:43.404 1842 RALLYDEBUG rally_openstack.cleanup.manager [-] Deleting cinder.qos_specs object s_rally_f6794565_2a6eHUW5 (ae7fe3c8-d721-46d2-aa88-7a8e5240d0df)
2019-06-24 08:01:43.405 1842 RALLYDEBUG rally_openstack.cleanup.manager [-] Deleting cinder.qos_specs object s_rally_f6794565_j7z52Z8P (bfeeb9da-ff2e-47fc-b224-1a638821177b)
2019-06-24 08:01:43.419 1842 RALLYDEBUG rally_openstack.cleanup.manager [-] Deleting cinder.qos_specs object s_rally_f6794565_EmPxmN7W (26d9e4d6-5807-465d-8569-f6d3b6e635c3)
2019-06-24 08:01:43.428 1842 RALLYDEBUG rally_openstack.cleanup.manager [-] Deleting cinder.qos_specs object s_rally_f6794565_g1ERil4M (fb091ade-4d81-4b08-914d-e510995382d6)
2019-06-24 08:01:43.442 1842 RALLYDEBUG rally_openstack.cleanup.manager [-] Deleting cinder.qos_specs object s_rally_f6794565_gSclNlqj (f78a01ab-dd77-460d-a6a4-34c14c2e397c)
2019-06-24 08:01:43.448 1842 RALLYDEBUG rally_openstack.cleanup.manager [-] Deleting cinder.qos_specs object s_rally_f6794565_yykiipKX (e8cf71e1-df00-4773-b8ef-4d35c9e43866)
2019-06-24 08:01:43.469 1842 RALLYDEBUG rally_openstack.cleanup.manager [-] Deleting cinder.qos_specs object s_rally_f6794565_wULD5pHB (929607ce-10bb-4a38-bf65-5068f267fba3)
2019-06-24 08:01:45.791 1842 INFO rally.task.context [-] Task a05044bc-e213-43b3-a5d5-6c25e80f7dff | Context admin_cleanup@openstack cleanup() finished in 6.06 sec
2019-06-24 08:01:45.792 1842 INFO rally.task.context [-] Task a05044bc-e213-43b3-a5d5-6c25e80f7dff | Context api_versions@openstack cleanup() started
2019-06-24 08:01:45.792 1842 INFO rally.task.context [-] Task a05044bc-e213-43b3-a5d5-6c25e80f7dff | Context api_versions@openstack cleanup() finished in 0.30 msec
2019-06-24 08:01:45.792 1842 INFO rally.task.context [-] Task a05044bc-e213-43b3-a5d5-6c25e80f7dff | Context users@openstack cleanup() started
2019-06-24 08:01:52.654 1842 INFO rally.task.context [-] Task a05044bc-e213-43b3-a5d5-6c25e80f7dff | Context users@openstack cleanup() finished in 6.86 sec
2019-06-24 08:01:53.810 1842 INFO rally.task.engine [-] Load duration is: 3.031689
2019-06-24 08:01:53.811 1842 INFO rally.task.engine [-] Full runner duration is: 3.077761
2019-06-24 08:01:53.811 1842 INFO rally.task.engine [-] Full duration is: 20.947417
2019-06-24 08:01:54.039 1842 INFO rally.task.engine [-] Running workload: position = 0 config = { "version": 2, "title": "A cropped version of a bigger task.", "description": "Auto-generated task from a single workload (uuid=86e2ec23-0e15-4c2b-9209-05e56932a14f)", "subtasks": [ { "title": "CinderQos.create_and_list_qos", "description": "Create a qos, then list all qos.", "scenario": { "CinderQos.create_and_list_qos": { "consumer": "both", "write_iops_sec": "10", "read_iops_sec": "1000" } }, "contexts": { "users": { "tenants": 3, "users_per_tenant": 2 }, "api_versions": { "cinder": { "version": 3, "service_type": "volumev3" } } }, "runner": { "constant": { "concurrency": 4, "times": 10 } }, "hooks": [], "sla": { "failure_rate": { "max": 0 } } } ] }
2019-06-24 08:01:54.063 1842 RALLYDEBUG rally_openstack.contexts.keystone.users [-] Creating 3 tenants using 20 threads
2019-06-24 08:01:55.845 1842 RALLYDEBUG rally_openstack.contexts.keystone.users [-] Creating 6 users using 20 threads
2019-06-24 08:01:58.496 1842 INFO rally.task.context [-] Task a05044bc-e213-43b3-a5d5-6c25e80f7dff | Context users@openstack setup() finished in 4.43 sec
2019-06-24 08:01:59.025 1842 INFO rally.task.context [-] Task a05044bc-e213-43b3-a5d5-6c25e80f7dff | Context api_versions@openstack setup() finished in 0.53 sec
2019-06-24 08:01:59.025 1842 INFO rally.task.context [-] Task a05044bc-e213-43b3-a5d5-6c25e80f7dff | Context admin_cleanup@openstack setup() finished in 0.01 msec
2019-06-24 08:01:59.032 1842 RALLYDEBUG rally.task.runner [-] Starting the constant runner (task UUID: a05044bc-e213-43b3-a5d5-6c25e80f7dff). timeout: 0 concurrency: 4 concurrency_per_worker: 1 times: 10 concurrency_overhead: 0 processes_to_start: 4 max_cpu_used: 16
2019-06-24 08:01:59.046 5289 RALLYDEBUG rally.task.runner [-] Starting a worker. concurrency: 1 args: {"consumer": "both", "write_iops_sec": "10", "read_iops_sec": "1000"} times: 10 method_name: run timeout: 0 duration: None cls:
2019-06-24 08:01:59.049 5290 RALLYDEBUG rally.task.runner [-] Starting a worker. concurrency: 1 args: {"consumer": "both", "write_iops_sec": "10", "read_iops_sec": "1000"} times: 10 method_name: run timeout: 0 duration: None cls:
2019-06-24 08:01:59.049 5291 RALLYDEBUG rally.task.runner [-] Starting a worker. concurrency: 1 args: {"consumer": "both", "write_iops_sec": "10", "read_iops_sec": "1000"} times: 10 method_name: run timeout: 0 duration: None cls:
2019-06-24 08:01:59.054 5289 INFO rally.task.runner [-] Task a05044bc-e213-43b3-a5d5-6c25e80f7dff | ITER: 1 START
2019-06-24 08:01:59.055 5291 INFO rally.task.runner [-] Task a05044bc-e213-43b3-a5d5-6c25e80f7dff | ITER: 2 START
2019-06-24 08:01:59.054 5292 RALLYDEBUG rally.task.runner [-] Starting a worker. concurrency: 1 args: {"consumer": "both", "write_iops_sec": "10", "read_iops_sec": "1000"} times: 10 method_name: run timeout: 0 duration: None cls:
2019-06-24 08:01:59.056 5290 INFO rally.task.runner [-] Task a05044bc-e213-43b3-a5d5-6c25e80f7dff | ITER: 3 START
2019-06-24 08:01:59.062 5292 INFO rally.task.runner [-] Task a05044bc-e213-43b3-a5d5-6c25e80f7dff | ITER: 4 START
2019-06-24 08:02:00.146 5290 INFO rally.task.runner [-] Task a05044bc-e213-43b3-a5d5-6c25e80f7dff | ITER: 3 END: OK
2019-06-24 08:02:00.151 5290 INFO rally.task.runner [-] Task a05044bc-e213-43b3-a5d5-6c25e80f7dff | ITER: 5 START
2019-06-24 08:02:00.178 5289 INFO rally.task.runner [-] Task a05044bc-e213-43b3-a5d5-6c25e80f7dff | ITER: 1 END: OK
2019-06-24 08:02:00.183 5289 INFO rally.task.runner [-] Task a05044bc-e213-43b3-a5d5-6c25e80f7dff | ITER: 6 START
2019-06-24 08:02:00.281 5291 INFO rally.task.runner [-] Task a05044bc-e213-43b3-a5d5-6c25e80f7dff | ITER: 2 END: OK
2019-06-24 08:02:00.286 5291 INFO rally.task.runner [-] Task a05044bc-e213-43b3-a5d5-6c25e80f7dff | ITER: 7 START
2019-06-24 08:02:00.380 5292 INFO rally.task.runner [-] Task a05044bc-e213-43b3-a5d5-6c25e80f7dff | ITER: 4 END: OK
2019-06-24 08:02:00.385 5292 INFO rally.task.runner [-] Task a05044bc-e213-43b3-a5d5-6c25e80f7dff | ITER: 8 START
2019-06-24 08:02:01.079 5289 INFO rally.task.runner [-] Task a05044bc-e213-43b3-a5d5-6c25e80f7dff | ITER: 6 END: OK
2019-06-24 08:02:01.084 5289 INFO rally.task.runner [-] Task a05044bc-e213-43b3-a5d5-6c25e80f7dff | ITER: 9 START
2019-06-24 08:02:01.086 5290 INFO rally.task.runner [-] Task a05044bc-e213-43b3-a5d5-6c25e80f7dff | ITER: 5 END: OK
2019-06-24 08:02:01.091 5290 INFO rally.task.runner [-] Task a05044bc-e213-43b3-a5d5-6c25e80f7dff | ITER: 10 START
2019-06-24 08:02:01.202 5291 INFO rally.task.runner [-] Task a05044bc-e213-43b3-a5d5-6c25e80f7dff | ITER: 7 END: OK
2019-06-24 08:02:01.293 5292 INFO rally.task.runner [-] Task a05044bc-e213-43b3-a5d5-6c25e80f7dff | ITER: 8 END: OK
2019-06-24 08:02:02.032 5289 INFO rally.task.runner [-] Task a05044bc-e213-43b3-a5d5-6c25e80f7dff | ITER: 9 END: OK
2019-06-24 08:02:02.050 5290 INFO rally.task.runner [-] Task a05044bc-e213-43b3-a5d5-6c25e80f7dff | ITER: 10 END: OK
2019-06-24 08:02:02.078 1842 INFO rally.task.context [-] Task a05044bc-e213-43b3-a5d5-6c25e80f7dff | Context admin_cleanup@openstack cleanup() started
2019-06-24 08:02:02.080 1842 RALLYDEBUG rally_openstack.cleanup.manager [-] Cleaning up cinder volume_types objects
2019-06-24 08:02:02.726 1842 RALLYDEBUG rally_openstack.cleanup.manager [-] Cleaning up cinder image_volumes_cache objects
2019-06-24 08:02:03.709 1842 RALLYDEBUG rally_openstack.cleanup.manager [-] Cleaning up cinder quotas objects
2019-06-24 08:02:05.248 1842 RALLYDEBUG rally_openstack.cleanup.manager [-] Cleaning up cinder qos_specs objects
2019-06-24 08:02:05.961 1842 RALLYDEBUG rally_openstack.cleanup.manager [-] Deleting cinder.qos_specs object s_rally_86e2ec23_KawbTHK0 (bdcee05d-e681-471f-844c-0e2e8f3e633c)
2019-06-24 08:02:05.965 1842 RALLYDEBUG rally_openstack.cleanup.manager [-] Deleting cinder.qos_specs object s_rally_86e2ec23_gYAo5kGh (5957d574-9c19-4dc7-a09a-59e0732f1739)
2019-06-24 08:02:05.975 1842 RALLYDEBUG rally_openstack.cleanup.manager [-] Deleting cinder.qos_specs object s_rally_86e2ec23_PkhiVBjY (2170afb7-e307-42e8-bb97-8a0fbc6d8b4a)
2019-06-24 08:02:05.980 1842 RALLYDEBUG rally_openstack.cleanup.manager [-] Deleting cinder.qos_specs object s_rally_86e2ec23_kfNuJXpj (ff35649f-0e96-46b3-bfaf-bb8f39b363c8)
2019-06-24 08:02:05.984 1842 RALLYDEBUG rally_openstack.cleanup.manager [-] Deleting cinder.qos_specs object s_rally_86e2ec23_A2C7k10U (a019c46a-f39d-4bfa-a75c-f29fa4d6275c)
2019-06-24 08:02:05.990 1842 RALLYDEBUG rally_openstack.cleanup.manager [-] Deleting cinder.qos_specs object s_rally_86e2ec23_UQzDuKI3 (1c8caf1c-69a5-4b82-a696-21f27d5c1c43)
2019-06-24 08:02:06.001 1842 RALLYDEBUG rally_openstack.cleanup.manager [-] Deleting cinder.qos_specs object s_rally_86e2ec23_YOQcfx7r (d26c5dc4-3bd7-475d-879f-e94e087d8c1f)
2019-06-24 08:02:06.022 1842 RALLYDEBUG rally_openstack.cleanup.manager [-] Deleting cinder.qos_specs object s_rally_86e2ec23_S3ebVgWw (c0cbf8c6-494e-4ecf-a819-ee7a7468bd61)
2019-06-24 08:02:06.023 1842 RALLYDEBUG rally_openstack.cleanup.manager [-] Deleting cinder.qos_specs object s_rally_86e2ec23_Rqyq6WKd (653319ca-6ceb-4926-87aa-83ebb99c51a4)
2019-06-24 08:02:06.048 1842 RALLYDEBUG rally_openstack.cleanup.manager [-] Deleting cinder.qos_specs object s_rally_86e2ec23_F4eTMAJJ (2e54de6c-c9cf-4994-8b1d-2776910fd1fc)
2019-06-24 08:02:08.436 1842 INFO rally.task.context [-] Task a05044bc-e213-43b3-a5d5-6c25e80f7dff | Context admin_cleanup@openstack cleanup() finished in 6.36 sec
2019-06-24 08:02:08.437 1842 INFO rally.task.context [-] Task a05044bc-e213-43b3-a5d5-6c25e80f7dff | Context api_versions@openstack cleanup() started
2019-06-24 08:02:08.437 1842 INFO rally.task.context [-] Task a05044bc-e213-43b3-a5d5-6c25e80f7dff | Context api_versions@openstack cleanup() finished in 0.35 msec
2019-06-24 08:02:08.437 1842 INFO rally.task.context [-] Task a05044bc-e213-43b3-a5d5-6c25e80f7dff | Context users@openstack cleanup() started
2019-06-24 08:02:16.057 1842 INFO rally.task.context [-] Task a05044bc-e213-43b3-a5d5-6c25e80f7dff | Context users@openstack cleanup() finished in 7.62 sec
2019-06-24 08:02:16.195 1842 INFO rally.task.engine [-] Load duration is: 2.992867
2019-06-24 08:02:16.196 1842 INFO rally.task.engine [-] Full runner duration is: 3.045494
2019-06-24 08:02:16.196 1842 INFO rally.task.engine [-] Full duration is: 21.996471
2019-06-24 08:02:16.413 1842 INFO rally.task.engine [-] Running workload: position = 0 config = { "version": 2, "title": "A cropped version of a bigger task.", "description": "Auto-generated task from a single workload (uuid=4e7001ec-34fb-449f-90d2-7776fa039cec)", "subtasks": [ { "title": "CinderQos.create_and_set_qos", "description": "Create a qos, then Add/Update keys in qos specs.", "scenario": { "CinderQos.create_and_set_qos": { "consumer": "back-end", "write_iops_sec": "10", "read_iops_sec": "1000", "set_consumer": "both", "set_write_iops_sec": "11", "set_read_iops_sec": "1001" } }, "contexts": { "users": { "tenants": 3, "users_per_tenant": 2 }, "api_versions": { "cinder": { "version": 3, "service_type": "volumev3" } } }, "runner": { "constant": { "concurrency": 4, "times": 10 } }, "hooks": [], "sla": { "failure_rate": { "max": 0 } } } ] }
2019-06-24 08:02:16.436 1842 RALLYDEBUG rally_openstack.contexts.keystone.users [-] Creating 3 tenants using 20 threads
2019-06-24 08:02:18.199 1842 RALLYDEBUG rally_openstack.contexts.keystone.users [-] Creating 6 users using 20 threads
2019-06-24 08:02:20.809 1842 INFO rally.task.context [-] Task a05044bc-e213-43b3-a5d5-6c25e80f7dff | Context users@openstack setup() finished in 4.37 sec
2019-06-24 08:02:21.234 1842 INFO rally.task.context [-] Task a05044bc-e213-43b3-a5d5-6c25e80f7dff | Context api_versions@openstack setup() finished in 0.42 sec
2019-06-24 08:02:21.235 1842 INFO rally.task.context [-] Task a05044bc-e213-43b3-a5d5-6c25e80f7dff | Context admin_cleanup@openstack setup() finished in 0.01 msec
2019-06-24 08:02:21.242 1842 RALLYDEBUG rally.task.runner [-] Starting the constant runner (task UUID: a05044bc-e213-43b3-a5d5-6c25e80f7dff). timeout: 0 concurrency: 4 concurrency_per_worker: 1 times: 10 concurrency_overhead: 0 processes_to_start: 4 max_cpu_used: 16
2019-06-24 08:02:21.253 5473 RALLYDEBUG rally.task.runner [-] Starting a worker. concurrency: 1 args: {"consumer": "back-end", "write_iops_sec": "10", "read_iops_sec": "1000", "set_consumer": "both", "set_write_iops_sec": "11", "set_read_iops_sec": "1001"} times: 10 method_name: run timeout: 0 duration: None cls:
2019-06-24 08:02:21.254 5474 RALLYDEBUG rally.task.runner [-] Starting a worker. concurrency: 1 args: {"consumer": "back-end", "write_iops_sec": "10", "read_iops_sec": "1000", "set_consumer": "both", "set_write_iops_sec": "11", "set_read_iops_sec": "1001"} times: 10 method_name: run timeout: 0 duration: None cls:
2019-06-24 08:02:21.255 5476 RALLYDEBUG rally.task.runner [-] Starting a worker. concurrency: 1 args: {"consumer": "back-end", "write_iops_sec": "10", "read_iops_sec": "1000", "set_consumer": "both", "set_write_iops_sec": "11", "set_read_iops_sec": "1001"} times: 10 method_name: run timeout: 0 duration: None cls:
2019-06-24 08:02:21.257 5475 RALLYDEBUG rally.task.runner [-] Starting a worker. concurrency: 1 args: {"consumer": "back-end", "write_iops_sec": "10", "read_iops_sec": "1000", "set_consumer": "both", "set_write_iops_sec": "11", "set_read_iops_sec": "1001"} times: 10 method_name: run timeout: 0 duration: None cls:
2019-06-24 08:02:21.260 5476 INFO rally.task.runner [-] Task a05044bc-e213-43b3-a5d5-6c25e80f7dff | ITER: 3 START
2019-06-24 08:02:21.260 5473 INFO rally.task.runner [-] Task a05044bc-e213-43b3-a5d5-6c25e80f7dff | ITER: 1 START
2019-06-24 08:02:21.261 5474 INFO rally.task.runner [-] Task a05044bc-e213-43b3-a5d5-6c25e80f7dff | ITER: 2 START
2019-06-24 08:02:21.264 5475 INFO rally.task.runner [-] Task a05044bc-e213-43b3-a5d5-6c25e80f7dff | ITER: 4 START
2019-06-24 08:02:22.397 5475 INFO rally.task.runner [-] Task a05044bc-e213-43b3-a5d5-6c25e80f7dff | ITER: 4 END: OK
2019-06-24 08:02:22.403 5475 INFO rally.task.runner [-] Task a05044bc-e213-43b3-a5d5-6c25e80f7dff | ITER: 5 START
2019-06-24 08:02:22.461 5476 INFO rally.task.runner [-] Task a05044bc-e213-43b3-a5d5-6c25e80f7dff | ITER: 3 END: OK
2019-06-24 08:02:22.466 5474 INFO rally.task.runner [-] Task a05044bc-e213-43b3-a5d5-6c25e80f7dff | ITER: 2 END: OK
2019-06-24 08:02:22.466 5476 INFO rally.task.runner [-] Task a05044bc-e213-43b3-a5d5-6c25e80f7dff | ITER: 6 START
2019-06-24 08:02:22.470 5474 INFO rally.task.runner [-] Task a05044bc-e213-43b3-a5d5-6c25e80f7dff | ITER: 7 START
2019-06-24 08:02:22.479 5473 INFO rally.task.runner [-] Task a05044bc-e213-43b3-a5d5-6c25e80f7dff | ITER: 1 END: OK
2019-06-24 08:02:22.484 5473 INFO rally.task.runner [-] Task a05044bc-e213-43b3-a5d5-6c25e80f7dff | ITER: 8 START
2019-06-24 08:02:23.439 5474 INFO rally.task.runner [-] Task a05044bc-e213-43b3-a5d5-6c25e80f7dff | ITER: 7 END: OK
2019-06-24 08:02:23.444 5474 INFO rally.task.runner [-] Task a05044bc-e213-43b3-a5d5-6c25e80f7dff | ITER: 9 START
2019-06-24 08:02:23.478 5476 INFO rally.task.runner [-] Task a05044bc-e213-43b3-a5d5-6c25e80f7dff | ITER: 6 END: OK
2019-06-24 08:02:23.481 5476 INFO rally.task.runner [-] Task a05044bc-e213-43b3-a5d5-6c25e80f7dff | ITER: 10 START
2019-06-24 08:02:23.490 5475 INFO rally.task.runner [-] Task a05044bc-e213-43b3-a5d5-6c25e80f7dff | ITER: 5 END: OK
2019-06-24 08:02:23.543 5473 INFO rally.task.runner [-] Task a05044bc-e213-43b3-a5d5-6c25e80f7dff | ITER: 8 END: OK
2019-06-24 08:02:24.364 5474 INFO rally.task.runner [-] Task a05044bc-e213-43b3-a5d5-6c25e80f7dff | ITER: 9 END: OK
2019-06-24 08:02:24.439 5476 INFO rally.task.runner [-] Task a05044bc-e213-43b3-a5d5-6c25e80f7dff | ITER: 10 END: OK
2019-06-24 08:02:24.462 1842 INFO rally.task.context [-] Task a05044bc-e213-43b3-a5d5-6c25e80f7dff | Context admin_cleanup@openstack cleanup() started
2019-06-24 08:02:24.465 1842 RALLYDEBUG rally_openstack.cleanup.manager [-] Cleaning up cinder volume_types objects
2019-06-24 08:02:25.120 1842 RALLYDEBUG rally_openstack.cleanup.manager [-] Cleaning up cinder image_volumes_cache objects
2019-06-24 08:02:26.088 1842 RALLYDEBUG rally_openstack.cleanup.manager [-] Cleaning up cinder quotas objects
2019-06-24 08:02:27.655 1842 RALLYDEBUG rally_openstack.cleanup.manager [-] Cleaning up cinder qos_specs objects
2019-06-24 08:02:28.295 1842 RALLYDEBUG rally_openstack.cleanup.manager [-] Deleting cinder.qos_specs object s_rally_4e7001ec_qX4Dp0xq (13bac608-cb76-4bc2-ab5c-7daa80b877d6)
2019-06-24 08:02:28.299 1842 RALLYDEBUG rally_openstack.cleanup.manager [-] Deleting cinder.qos_specs object s_rally_4e7001ec_4S2USAqN (75bc86e3-9d4e-4146-95e9-005e5b0492ee)
2019-06-24 08:02:28.307 1842 RALLYDEBUG rally_openstack.cleanup.manager [-] Deleting cinder.qos_specs object s_rally_4e7001ec_3ndIYZUl (3dc61df3-f29e-4fa9-a2c1-46b292f70eb7)
2019-06-24 08:02:28.308 1842 RALLYDEBUG rally_openstack.cleanup.manager [-] Deleting cinder.qos_specs object s_rally_4e7001ec_SlUqhGwx (5ae8f24c-a48c-4bb6-a499-d41d2ef2b531)
2019-06-24 08:02:28.314 1842 RALLYDEBUG rally_openstack.cleanup.manager [-] Deleting cinder.qos_specs object s_rally_4e7001ec_Pvdw76Ar (474c576a-630a-4b5a-8760-5e375fbb4db5)
