2019-06-24 07:34:00.464 7 RALLYDEBUG rally.api [-] INFO logs from urllib3 and requests module are hide.
2019-06-24 07:34:00.464 7 RALLYDEBUG rally.api [-] urllib3 insecure warnings are hidden.
2019-06-24 07:34:00.464 7 RALLYDEBUG rally.api [-] ERROR log from boto module is hide.
2019-06-24 07:34:01.647 7 ERROR rally.cli.cliutils [-] Unexpected exception in CLI: DBRecordNotFound: Record for uuid or name is opnfv-rally not found in table envs
2019-06-24 07:34:01.647 7 ERROR rally.cli.cliutils
Traceback (most recent call last):
2019-06-24 07:34:01.647 7 ERROR rally.cli.cliutils
File "/usr/lib/python2.7/site-packages/rally/cli/cliutils.py", line 674, in run
2019-06-24 07:34:01.647 7 ERROR rally.cli.cliutils ret = fn(*fn_args, **fn_kwargs)
2019-06-24 07:34:01.647 7 ERROR rally.cli.cliutils File "", line 2, in destroy
2019-06-24 07:34:01.647 7 ERROR rally.cli.cliutils
File "/usr/lib/python2.7/site-packages/rally/cli/envutils.py", line 69, in default_from_global
2019-06-24 07:34:01.647 7 ERROR rally.cli.cliutils return f(*args, **kwargs)
2019-06-24 07:34:01.647 7 ERROR rally.cli.cliutils File "", line 2, in destroy
2019-06-24 07:34:01.647 7 ERROR rally.cli.cliutils
File "/usr/lib/python2.7/site-packages/rally/plugins/__init__.py", line 51, in ensure_plugins_are_loaded
2019-06-24 07:34:01.647 7 ERROR rally.cli.cliutils return f(*args, **kwargs)
2019-06-24 07:34:01.647 7 ERROR rally.cli.cliutils
File "/usr/lib/python2.7/site-packages/rally/cli/commands/deployment.py", line 140, in destroy
2019-06-24 07:34:01.647 7 ERROR rally.cli.cliutils api.deployment.destroy(deployment=deployment)
2019-06-24 07:34:01.647 7 ERROR rally.cli.cliutils
File "/usr/lib/python2.7/site-packages/rally/api.py", line 115, in destroy
2019-06-24 07:34:01.647 7 ERROR rally.cli.cliutils deploy = objects.Deployment.get(deployment)
2019-06-24 07:34:01.647 7 ERROR rally.cli.cliutils
File "/usr/lib/python2.7/site-packages/rally/common/objects/deploy.py", line 124, in get
2019-06-24 07:34:01.647 7 ERROR rally.cli.cliutils return Deployment(env_mgr.EnvManager.get(deploy))
2019-06-24 07:34:01.647 7 ERROR rally.cli.cliutils
File "/usr/lib/python2.7/site-packages/rally/env/env_mgr.py", line 212, in get
2019-06-24 07:34:01.647 7 ERROR rally.cli.cliutils return cls(db.env_get(uuid_or_name))
2019-06-24 07:34:01.647 7 ERROR rally.cli.cliutils
File "/usr/lib/python2.7/site-packages/rally/common/db/api.py", line 135, in wrapper
2019-06-24 07:34:01.647 7 ERROR rally.cli.cliutils result = f(session, *args, **kwargs)
2019-06-24 07:34:01.647 7 ERROR rally.cli.cliutils
File "/usr/lib/python2.7/site-packages/rally/common/db/api.py", line 521, in env_get
2019-06-24 07:34:01.647 7 ERROR rally.cli.cliutils criteria="uuid or name is %s" % uuid_or_name, table="envs")
2019-06-24 07:34:01.647 7 ERROR rally.cli.cliutils DBRecordNotFound: Record for uuid or name is opnfv-rally not found in table envs
2019-06-24 07:34:01.647 7 ERROR rally.cli.cliutils
2019-06-24 07:34:02.402 9 RALLYDEBUG rally.api [-] INFO logs from urllib3 and requests module are hide.
2019-06-24 07:34:02.402 9 RALLYDEBUG rally.api [-] urllib3 insecure warnings are hidden.
2019-06-24 07:34:02.402 9 RALLYDEBUG rally.api [-] ERROR log from boto module is hide.
2019-06-24 07:34:03.634 9 WARNING rally_openstack.platforms.existing [-] endpoint is deprecated and not used.
2019-06-24 07:34:04.592 11 RALLYDEBUG rally.api [-] INFO logs from urllib3 and requests module are hide.
2019-06-24 07:34:04.593 11 RALLYDEBUG rally.api [-] urllib3 insecure warnings are hidden.
2019-06-24 07:34:04.593 11 RALLYDEBUG rally.api [-] ERROR log from boto module is hide.
2019-06-24 07:34:07.832 14 RALLYDEBUG rally.api [-] INFO logs from urllib3 and requests module are hide.
2019-06-24 07:34:07.832 14 RALLYDEBUG rally.api [-] urllib3 insecure warnings are hidden.
2019-06-24 07:34:07.832 14 RALLYDEBUG rally.api [-] ERROR log from boto module is hide.
2019-06-24 07:34:09.515 16 RALLYDEBUG rally.api [-] INFO logs from urllib3 and requests module are hide.
2019-06-24 07:34:09.515 16 RALLYDEBUG rally.api [-] urllib3 insecure warnings are hidden.
2019-06-24 07:34:09.516 16 RALLYDEBUG rally.api [-] ERROR log from boto module is hide.
2019-06-24 07:34:11.893 16 INFO rally.task.engine [-] Task 271b8005-68bd-4b4b-8a56-1a54a7d04719 | Starting: Task validation.
2019-06-24 07:34:11.925 16 INFO rally.task.engine [-] Task 271b8005-68bd-4b4b-8a56-1a54a7d04719 | Starting: Task validation of syntax.
2019-06-24 07:34:11.989 16 INFO rally.task.engine [-] Task 271b8005-68bd-4b4b-8a56-1a54a7d04719 | Completed: Task validation of syntax.
2019-06-24 07:34:11.990 16 INFO rally.task.engine [-] Task 271b8005-68bd-4b4b-8a56-1a54a7d04719 | Starting: Task validation of required platforms.
2019-06-24 07:34:12.026 16 INFO rally.task.engine [-] Task 271b8005-68bd-4b4b-8a56-1a54a7d04719 | Completed: Task validation of required platforms.
2019-06-24 07:34:12.027 16 INFO rally.task.engine [-] Task 271b8005-68bd-4b4b-8a56-1a54a7d04719 | Starting: Task validation of semantic.
2019-06-24 07:34:12.027 16 INFO rally.task.engine [-] Check health of the environment 'c18efd7d-8d3d-495e-aceb-c4ad5d33263f'.
2019-06-24 07:34:12.825 16 INFO rally.task.engine [-] Platform existing@openstack (available: True): OK!
2019-06-24 07:34:12.842 16 RALLYDEBUG rally_openstack.contexts.keystone.users [-] Creating 1 tenants using 20 threads
2019-06-24 07:34:14.514 16 RALLYDEBUG rally_openstack.contexts.keystone.users [-] Creating 1 users using 20 threads
2019-06-24 07:34:16.900 16 INFO rally.task.context [-] Task 271b8005-68bd-4b4b-8a56-1a54a7d04719 | Context users@openstack setup() finished in 4.06 sec
2019-06-24 07:34:16.947 16 INFO rally.task.context [-] Task 271b8005-68bd-4b4b-8a56-1a54a7d04719 | Context users@openstack cleanup() started
2019-06-24 07:34:21.618 16 INFO rally.task.context [-] Task 271b8005-68bd-4b4b-8a56-1a54a7d04719 | Context users@openstack cleanup() finished in 4.67 sec
2019-06-24 07:34:21.618 16 INFO rally.task.engine [-] Task 271b8005-68bd-4b4b-8a56-1a54a7d04719 | Completed: Task validation of semantic.
2019-06-24 07:34:21.618 16 INFO rally.task.engine [-] Task 271b8005-68bd-4b4b-8a56-1a54a7d04719 | Completed: Task validation.
2019-06-24 07:34:21.619 16 INFO rally.api [-] Task 271b8005-68bd-4b4b-8a56-1a54a7d04719 input file is valid.
2019-06-24 07:34:21.619 16 INFO rally.api [-] Run Task 271b8005-68bd-4b4b-8a56-1a54a7d04719 against Deployment c18efd7d-8d3d-495e-aceb-c4ad5d33263f
2019-06-24 07:34:21.620 16 INFO rally.task.engine [-] Task 271b8005-68bd-4b4b-8a56-1a54a7d04719 | Starting: Running task.
2019-06-24 07:34:21.774 16 INFO rally.task.engine [-] Running workload: position = 0 config = { "version": 2, "title": "A cropped version of a bigger task.", "description": "Auto-generated task from a single workload (uuid=167bbb5b-6d48-48af-9329-0b7a41377e41)", "subtasks": [ { "title": "Authenticate.keystone", "description": "Check Keystone Client.", "scenario": { "Authenticate.keystone": {} }, "contexts": { "users": { "tenants": 3, "users_per_tenant": 2 } }, "runner": { "constant": { "concurrency": 4, "times": 10 } }, "hooks": [], "sla": { "failure_rate": { "max": 0 } } } ] }
2019-06-24 07:34:21.796 16 RALLYDEBUG rally_openstack.contexts.keystone.users [-] Creating 3 tenants using 20 threads
2019-06-24 07:34:23.596 16 RALLYDEBUG rally_openstack.contexts.keystone.users [-] Creating 6 users using 20 threads
2019-06-24 07:34:26.469 16 INFO rally.task.context [-] Task 271b8005-68bd-4b4b-8a56-1a54a7d04719 | Context users@openstack setup() finished in 4.67 sec
2019-06-24 07:34:26.476 16 RALLYDEBUG rally.task.runner [-] Starting the constant runner (task UUID: 271b8005-68bd-4b4b-8a56-1a54a7d04719). timeout: 0 concurrency: 4 concurrency_per_worker: 1 times: 10 concurrency_overhead: 0 processes_to_start: 4 max_cpu_used: 16
2019-06-24 07:34:26.492 140 RALLYDEBUG rally.task.runner [-] Starting a worker. concurrency: 1 args: {} times: 10 method_name: run timeout: 0 duration: None cls:
2019-06-24 07:34:26.495 141 RALLYDEBUG rally.task.runner [-] Starting a worker. concurrency: 1 args: {} times: 10 method_name: run timeout: 0 duration: None cls:
2019-06-24 07:34:26.497 142 RALLYDEBUG rally.task.runner [-] Starting a worker. concurrency: 1 args: {} times: 10 method_name: run timeout: 0 duration: None cls:
2019-06-24 07:34:26.499 140 INFO rally.task.runner [-] Task 271b8005-68bd-4b4b-8a56-1a54a7d04719 | ITER: 1 START
2019-06-24 07:34:26.501 141 INFO rally.task.runner [-] Task 271b8005-68bd-4b4b-8a56-1a54a7d04719 | ITER: 2 START
2019-06-24 07:34:26.501 143 RALLYDEBUG rally.task.runner [-] Starting a worker. concurrency: 1 args: {} times: 10 method_name: run timeout: 0 duration: None cls:
2019-06-24 07:34:26.501 142 INFO rally.task.runner [-] Task 271b8005-68bd-4b4b-8a56-1a54a7d04719 | ITER: 3 START
2019-06-24 07:34:26.506 143 INFO rally.task.runner [-] Task 271b8005-68bd-4b4b-8a56-1a54a7d04719 | ITER: 4 START
2019-06-24 07:34:27.077 141 INFO rally.task.runner [-] Task 271b8005-68bd-4b4b-8a56-1a54a7d04719 | ITER: 2 END: OK
2019-06-24 07:34:27.081 141 INFO rally.task.runner [-] Task 271b8005-68bd-4b4b-8a56-1a54a7d04719 | ITER: 5 START
2019-06-24 07:34:27.091 140 INFO rally.task.runner [-] Task 271b8005-68bd-4b4b-8a56-1a54a7d04719 | ITER: 1 END: OK
2019-06-24 07:34:27.092 142 INFO rally.task.runner [-] Task 271b8005-68bd-4b4b-8a56-1a54a7d04719 | ITER: 3 END: OK
2019-06-24 07:34:27.094 143 INFO rally.task.runner [-] Task 271b8005-68bd-4b4b-8a56-1a54a7d04719 | ITER: 4 END: OK
2019-06-24 07:34:27.094 140 INFO rally.task.runner [-] Task 271b8005-68bd-4b4b-8a56-1a54a7d04719 | ITER: 6 START
2019-06-24 07:34:27.098 143 INFO rally.task.runner [-] Task 271b8005-68bd-4b4b-8a56-1a54a7d04719 | ITER: 8 START
2019-06-24 07:34:27.098 142 INFO rally.task.runner [-] Task 271b8005-68bd-4b4b-8a56-1a54a7d04719 | ITER: 7 START
2019-06-24 07:34:27.687 141 INFO rally.task.runner [-] Task 271b8005-68bd-4b4b-8a56-1a54a7d04719 | ITER: 5 END: OK
2019-06-24 07:34:27.687 140 INFO rally.task.runner [-] Task 271b8005-68bd-4b4b-8a56-1a54a7d04719 | ITER: 6 END: OK
2019-06-24 07:34:27.690 141 INFO rally.task.runner [-] Task 271b8005-68bd-4b4b-8a56-1a54a7d04719 | ITER: 9 START
2019-06-24 07:34:27.691 140 INFO rally.task.runner [-] Task 271b8005-68bd-4b4b-8a56-1a54a7d04719 | ITER: 10 START
2019-06-24 07:34:27.697 143 INFO rally.task.runner [-] Task 271b8005-68bd-4b4b-8a56-1a54a7d04719 | ITER: 8 END: OK
2019-06-24 07:34:27.727 142 INFO rally.task.runner [-] Task 271b8005-68bd-4b4b-8a56-1a54a7d04719 | ITER: 7 END: OK
2019-06-24 07:34:28.264 140 INFO rally.task.runner [-] Task 271b8005-68bd-4b4b-8a56-1a54a7d04719 | ITER: 10 END: OK
2019-06-24 07:34:28.270 141 INFO rally.task.runner [-] Task 271b8005-68bd-4b4b-8a56-1a54a7d04719 | ITER: 9 END: OK
2019-06-24 07:34:28.291 16 INFO rally.task.context [-] Task 271b8005-68bd-4b4b-8a56-1a54a7d04719 | Context users@openstack cleanup() started
2019-06-24 07:34:34.807 16 INFO rally.task.context [-] Task 271b8005-68bd-4b4b-8a56-1a54a7d04719 | Context users@openstack cleanup() finished in 6.52 sec
2019-06-24 07:34:35.867 16 INFO rally.task.engine [-] Load duration is: 1.769492
2019-06-24 07:34:35.867 16 INFO rally.task.engine [-] Full runner duration is: 1.815234
2019-06-24 07:34:35.867 16 INFO rally.task.engine [-] Full duration is: 13.013476
2019-06-24 07:34:36.091 16 INFO rally.task.engine [-] Running workload: position = 0 config = { "version": 2, "title": "A cropped version of a bigger task.", "description": "Auto-generated task from a single workload (uuid=2a9c0639-0e12-4852-8628-6ab38eb7bc7e)", "subtasks": [ { "title": "Authenticate.validate_cinder", "description": "Check Cinder Client to ensure validation of token.", "scenario": { "Authenticate.validate_cinder": { "repetitions": 2 } }, "contexts": { "users": { "tenants": 3, "users_per_tenant": 2 } }, "runner": { "constant": { "concurrency": 4, "times": 10 } }, "hooks": [], "sla": { "failure_rate": { "max": 0 } } } ] }
2019-06-24 07:34:36.111 16 RALLYDEBUG rally_openstack.contexts.keystone.users [-] Creating 3 tenants using 20 threads
2019-06-24 07:34:37.913 16 RALLYDEBUG rally_openstack.contexts.keystone.users [-] Creating 6 users using 20 threads
2019-06-24 07:34:40.727 16 INFO rally.task.context [-] Task 271b8005-68bd-4b4b-8a56-1a54a7d04719 | Context users@openstack setup() finished in 4.62 sec
2019-06-24 07:34:40.735 16 RALLYDEBUG rally.task.runner [-] Starting the constant runner (task UUID: 271b8005-68bd-4b4b-8a56-1a54a7d04719). timeout: 0 concurrency: 4 concurrency_per_worker: 1 times: 10 concurrency_overhead: 0 processes_to_start: 4 max_cpu_used: 16
2019-06-24 07:34:40.747 244 RALLYDEBUG rally.task.runner [-] Starting a worker. concurrency: 1 args: {"repetitions": 2} times: 10 method_name: run timeout: 0 duration: None cls:
2019-06-24 07:34:40.750 245 RALLYDEBUG rally.task.runner [-] Starting a worker. concurrency: 1 args: {"repetitions": 2} times: 10 method_name: run timeout: 0 duration: None cls:
2019-06-24 07:34:40.753 244 INFO rally.task.runner [-] Task 271b8005-68bd-4b4b-8a56-1a54a7d04719 | ITER: 1 START
2019-06-24 07:34:40.752 246 RALLYDEBUG rally.task.runner [-] Starting a worker. concurrency: 1 args: {"repetitions": 2} times: 10 method_name: run timeout: 0 duration: None cls:
2019-06-24 07:34:40.756 245 INFO rally.task.runner [-] Task 271b8005-68bd-4b4b-8a56-1a54a7d04719 | ITER: 2 START
2019-06-24 07:34:40.755 247 RALLYDEBUG rally.task.runner [-] Starting a worker. concurrency: 1 args: {"repetitions": 2} times: 10 method_name: run timeout: 0 duration: None cls:
2019-06-24 07:34:40.758 246 INFO rally.task.runner [-] Task 271b8005-68bd-4b4b-8a56-1a54a7d04719 | ITER: 3 START
2019-06-24 07:34:40.761 247 INFO rally.task.runner [-] Task 271b8005-68bd-4b4b-8a56-1a54a7d04719 | ITER: 4 START
2019-06-24 07:34:42.630 246 INFO rally.task.runner [-] Task 271b8005-68bd-4b4b-8a56-1a54a7d04719 | ITER: 3 END: OK
2019-06-24 07:34:42.635 246 INFO rally.task.runner [-] Task 271b8005-68bd-4b4b-8a56-1a54a7d04719 | ITER: 5 START
2019-06-24 07:34:42.647 244 INFO rally.task.runner [-] Task 271b8005-68bd-4b4b-8a56-1a54a7d04719 | ITER: 1 END: OK
2019-06-24 07:34:42.651 244 INFO rally.task.runner [-] Task 271b8005-68bd-4b4b-8a56-1a54a7d04719 | ITER: 6 START
2019-06-24 07:34:42.772 245 INFO rally.task.runner [-] Task 271b8005-68bd-4b4b-8a56-1a54a7d04719 | ITER: 2 END: OK
2019-06-24 07:34:42.776 245 INFO rally.task.runner [-] Task 271b8005-68bd-4b4b-8a56-1a54a7d04719 | ITER: 7 START
2019-06-24 07:34:42.786 247 INFO rally.task.runner [-] Task 271b8005-68bd-4b4b-8a56-1a54a7d04719 | ITER: 4 END: OK
2019-06-24 07:34:42.790 247 INFO rally.task.runner [-] Task 271b8005-68bd-4b4b-8a56-1a54a7d04719 | ITER: 8 START
2019-06-24 07:34:43.513 244 INFO rally.task.runner [-] Task 271b8005-68bd-4b4b-8a56-1a54a7d04719 | ITER: 6 END: OK
2019-06-24 07:34:43.516 244 INFO rally.task.runner [-] Task 271b8005-68bd-4b4b-8a56-1a54a7d04719 | ITER: 9 START
2019-06-24 07:34:45.446 245 INFO rally.task.runner [-] Task 271b8005-68bd-4b4b-8a56-1a54a7d04719 | ITER: 7 END: OK
2019-06-24 07:34:45.450 245 INFO rally.task.runner [-] Task 271b8005-68bd-4b4b-8a56-1a54a7d04719 | ITER: 10 START
2019-06-24 07:34:45.567 247 INFO rally.task.runner [-] Task 271b8005-68bd-4b4b-8a56-1a54a7d04719 | ITER: 8 END: OK
2019-06-24 07:34:45.658 246 INFO rally.task.runner [-] Task 271b8005-68bd-4b4b-8a56-1a54a7d04719 | ITER: 5 END: OK
2019-06-24 07:34:46.403 245 INFO rally.task.runner [-] Task 271b8005-68bd-4b4b-8a56-1a54a7d04719 | ITER: 10 END: OK
2019-06-24 07:34:46.493 244 INFO rally.task.runner [-] Task 271b8005-68bd-4b4b-8a56-1a54a7d04719 | ITER: 9 END: OK
2019-06-24 07:34:46.514 16 INFO rally.task.context [-] Task 271b8005-68bd-4b4b-8a56-1a54a7d04719 | Context users@openstack cleanup() started
2019-06-24 07:34:53.761 16 INFO rally.task.context [-] Task 271b8005-68bd-4b4b-8a56-1a54a7d04719 | Context users@openstack cleanup() finished in 7.25 sec
2019-06-24 07:34:54.189 16 INFO rally.task.engine [-] Load duration is: 5.738822
2019-06-24 07:34:54.190 16 INFO rally.task.engine [-] Full runner duration is: 5.77995
2019-06-24 07:34:54.190 16 INFO rally.task.engine [-] Full duration is: 17.650905
2019-06-24 07:34:54.421 16 INFO rally.task.engine [-] Running workload: position = 0 config = { "version": 2, "title": "A cropped version of a bigger task.", "description": "Auto-generated task from a single workload (uuid=b6d9e33c-a104-4a95-a920-f5c47b2cc458)", "subtasks": [ { "title": "Authenticate.validate_glance", "description": "Check Glance Client to ensure validation of token.", "scenario": { "Authenticate.validate_glance": { "repetitions": 2 } }, "contexts": { "users": { "tenants": 3, "users_per_tenant": 2 } }, "runner": { "constant": { "concurrency": 4, "times": 10 } }, "hooks": [], "sla": { "failure_rate": { "max": 0 } } } ] }
2019-06-24 07:34:54.441 16 RALLYDEBUG rally_openstack.contexts.keystone.users [-] Creating 3 tenants using 20 threads
2019-06-24 07:34:56.318 16 RALLYDEBUG rally_openstack.contexts.keystone.users [-] Creating 6 users using 20 threads
2019-06-24 07:34:59.251 16 INFO rally.task.context [-] Task 271b8005-68bd-4b4b-8a56-1a54a7d04719 | Context users@openstack setup() finished in 4.81 sec
2019-06-24 07:34:59.258 16 RALLYDEBUG rally.task.runner [-] Starting the constant runner (task UUID: 271b8005-68bd-4b4b-8a56-1a54a7d04719). timeout: 0 concurrency: 4 concurrency_per_worker: 1 times: 10 concurrency_overhead: 0 processes_to_start: 4 max_cpu_used: 16
2019-06-24 07:34:59.270 348 RALLYDEBUG rally.task.runner [-] Starting a worker. concurrency: 1 args: {"repetitions": 2} times: 10 method_name: run timeout: 0 duration: None cls:
2019-06-24 07:34:59.272 349 RALLYDEBUG rally.task.runner [-] Starting a worker. concurrency: 1 args: {"repetitions": 2} times: 10 method_name: run timeout: 0 duration: None cls:
2019-06-24 07:34:59.275 350 RALLYDEBUG rally.task.runner [-] Starting a worker. concurrency: 1 args: {"repetitions": 2} times: 10 method_name: run timeout: 0 duration: None cls:
2019-06-24 07:34:59.276 348 INFO rally.task.runner [-] Task 271b8005-68bd-4b4b-8a56-1a54a7d04719 | ITER: 1 START
2019-06-24 07:34:59.279 349 INFO rally.task.runner [-] Task 271b8005-68bd-4b4b-8a56-1a54a7d04719 | ITER: 2 START
2019-06-24 07:34:59.281 350 INFO rally.task.runner [-] Task 271b8005-68bd-4b4b-8a56-1a54a7d04719 | ITER: 3 START
2019-06-24 07:34:59.286 351 RALLYDEBUG rally.task.runner [-] Starting a worker. concurrency: 1 args: {"repetitions": 2} times: 10 method_name: run timeout: 0 duration: None cls:
2019-06-24 07:34:59.298 351 INFO rally.task.runner [-] Task 271b8005-68bd-4b4b-8a56-1a54a7d04719 | ITER: 4 START
2019-06-24 07:35:00.090 349 INFO rally.task.runner [-] Task 271b8005-68bd-4b4b-8a56-1a54a7d04719 | ITER: 2 END: OK
2019-06-24 07:35:00.095 349 INFO rally.task.runner [-] Task 271b8005-68bd-4b4b-8a56-1a54a7d04719 | ITER: 5 START
2019-06-24 07:35:00.160 348 INFO rally.task.runner [-] Task 271b8005-68bd-4b4b-8a56-1a54a7d04719 | ITER: 1 END: OK
2019-06-24 07:35:00.165 348 INFO rally.task.runner [-] Task 271b8005-68bd-4b4b-8a56-1a54a7d04719 | ITER: 6 START
2019-06-24 07:35:00.226 350 INFO rally.task.runner [-] Task 271b8005-68bd-4b4b-8a56-1a54a7d04719 | ITER: 3 END: OK
2019-06-24 07:35:00.230 350 INFO rally.task.runner [-] Task 271b8005-68bd-4b4b-8a56-1a54a7d04719 | ITER: 7 START
2019-06-24 07:35:00.271 351 INFO rally.task.runner [-] Task 271b8005-68bd-4b4b-8a56-1a54a7d04719 | ITER: 4 END: OK
2019-06-24 07:35:00.275 351 INFO rally.task.runner [-] Task 271b8005-68bd-4b4b-8a56-1a54a7d04719 | ITER: 8 START
2019-06-24 07:35:00.913 349 INFO rally.task.runner [-] Task 271b8005-68bd-4b4b-8a56-1a54a7d04719 | ITER: 5 END: OK
2019-06-24 07:35:00.916 349 INFO rally.task.runner [-] Task 271b8005-68bd-4b4b-8a56-1a54a7d04719 | ITER: 9 START
2019-06-24 07:35:00.996 348 INFO rally.task.runner [-] Task 271b8005-68bd-4b4b-8a56-1a54a7d04719 | ITER: 6 END: OK
2019-06-24 07:35:01.000 348 INFO rally.task.runner [-] Task 271b8005-68bd-4b4b-8a56-1a54a7d04719 | ITER: 10 START
2019-06-24 07:35:01.136 350 INFO rally.task.runner [-] Task 271b8005-68bd-4b4b-8a56-1a54a7d04719 | ITER: 7 END: OK
2019-06-24 07:35:01.150 351 INFO rally.task.runner [-] Task 271b8005-68bd-4b4b-8a56-1a54a7d04719 | ITER: 8 END: OK
2019-06-24 07:35:01.742 348 INFO rally.task.runner [-] Task 271b8005-68bd-4b4b-8a56-1a54a7d04719 | ITER: 10 END: OK
2019-06-24 07:35:01.744 349 INFO rally.task.runner [-] Task 271b8005-68bd-4b4b-8a56-1a54a7d04719 | ITER: 9 END: OK
2019-06-24 07:35:01.767 16 INFO rally.task.context [-] Task 271b8005-68bd-4b4b-8a56-1a54a7d04719 | Context users@openstack cleanup() started
2019-06-24 07:35:08.473 16 INFO rally.task.context [-] Task 271b8005-68bd-4b4b-8a56-1a54a7d04719 | Context users@openstack cleanup() finished in 6.71 sec
2019-06-24 07:35:08.517 16 INFO rally.task.engine [-] Load duration is: 2.466516
2019-06-24 07:35:08.517 16 INFO rally.task.engine [-] Full runner duration is: 2.509039
2019-06-24 07:35:08.517 16 INFO rally.task.engine [-] Full duration is: 14.033191
2019-06-24 07:35:08.760 16 INFO rally.task.engine [-] Running workload: position = 0 config = { "version": 2, "title": "A cropped version of a bigger task.", "description": "Auto-generated task from a single workload (uuid=5fb88497-33ac-458b-99e7-87a0397dbfca)", "subtasks": [ { "title": "Authenticate.validate_heat", "description": "Check Heat Client to ensure validation of token.", "scenario": { "Authenticate.validate_heat": { "repetitions": 2 } }, "contexts": { "users": { "tenants": 3, "users_per_tenant": 2 } }, "runner": { "constant": { "concurrency": 4, "times": 10 } }, "hooks": [], "sla": { "failure_rate": { "max": 0 } } } ] }
2019-06-24 07:35:08.785 16 RALLYDEBUG rally_openstack.contexts.keystone.users [-] Creating 3 tenants using 20 threads
2019-06-24 07:35:10.526 16 RALLYDEBUG rally_openstack.contexts.keystone.users [-] Creating 6 users using 20 threads
2019-06-24 07:35:13.274 16 INFO rally.task.context [-] Task 271b8005-68bd-4b4b-8a56-1a54a7d04719 | Context users@openstack setup() finished in 4.49 sec
2019-06-24 07:35:13.282 16 RALLYDEBUG rally.task.runner [-] Starting the constant runner (task UUID: 271b8005-68bd-4b4b-8a56-1a54a7d04719). timeout: 0 concurrency: 4 concurrency_per_worker: 1 times: 10 concurrency_overhead: 0 processes_to_start: 4 max_cpu_used: 16
2019-06-24 07:35:13.295 452 RALLYDEBUG rally.task.runner [-] Starting a worker. concurrency: 1 args: {"repetitions": 2} times: 10 method_name: run timeout: 0 duration: None cls:
2019-06-24 07:35:13.297 453 RALLYDEBUG rally.task.runner [-] Starting a worker. concurrency: 1 args: {"repetitions": 2} times: 10 method_name: run timeout: 0 duration: None cls:
2019-06-24 07:35:13.300 454 RALLYDEBUG rally.task.runner [-] Starting a worker. concurrency: 1 args: {"repetitions": 2} times: 10 method_name: run timeout: 0 duration: None cls:
2019-06-24 07:35:13.301 452 INFO rally.task.runner [-] Task 271b8005-68bd-4b4b-8a56-1a54a7d04719 | ITER: 1 START
2019-06-24 07:35:13.303 453 INFO rally.task.runner [-] Task 271b8005-68bd-4b4b-8a56-1a54a7d04719 | ITER: 2 START
2019-06-24 07:35:13.303 455 RALLYDEBUG rally.task.runner [-] Starting a worker. concurrency: 1 args: {"repetitions": 2} times: 10 method_name: run timeout: 0 duration: None cls:
2019-06-24 07:35:13.306 454 INFO rally.task.runner [-] Task 271b8005-68bd-4b4b-8a56-1a54a7d04719 | ITER: 3 START
2019-06-24 07:35:13.310 455 INFO rally.task.runner [-] Task 271b8005-68bd-4b4b-8a56-1a54a7d04719 | ITER: 4 START
2019-06-24 07:35:14.811 454 INFO rally.task.runner [-] Task 271b8005-68bd-4b4b-8a56-1a54a7d04719 | ITER: 3 END: OK
2019-06-24 07:35:14.816 454 INFO rally.task.runner [-] Task 271b8005-68bd-4b4b-8a56-1a54a7d04719 | ITER: 5 START
2019-06-24 07:35:14.859 452 INFO rally.task.runner [-] Task 271b8005-68bd-4b4b-8a56-1a54a7d04719 | ITER: 1 END: OK
2019-06-24 07:35:14.863 452 INFO rally.task.runner [-] Task 271b8005-68bd-4b4b-8a56-1a54a7d04719 | ITER: 6 START
2019-06-24 07:35:15.161 455 INFO rally.task.runner [-] Task 271b8005-68bd-4b4b-8a56-1a54a7d04719 | ITER: 4 END: OK
2019-06-24 07:35:15.165 455 INFO rally.task.runner [-] Task 271b8005-68bd-4b4b-8a56-1a54a7d04719 | ITER: 7 START
2019-06-24 07:35:15.256 453 INFO rally.task.runner [-] Task 271b8005-68bd-4b4b-8a56-1a54a7d04719 | ITER: 2 END: OK
2019-06-24 07:35:15.260 453 INFO rally.task.runner [-] Task 271b8005-68bd-4b4b-8a56-1a54a7d04719 | ITER: 8 START
2019-06-24 07:35:15.806 452 INFO rally.task.runner [-] Task 271b8005-68bd-4b4b-8a56-1a54a7d04719 | ITER: 6 END: OK
2019-06-24 07:35:15.809 452 INFO rally.task.runner [-] Task 271b8005-68bd-4b4b-8a56-1a54a7d04719 | ITER: 9 START
2019-06-24 07:35:16.086 455 INFO rally.task.runner [-] Task 271b8005-68bd-4b4b-8a56-1a54a7d04719 | ITER: 7 END: OK
2019-06-24 07:35:16.089 455 INFO rally.task.runner [-] Task 271b8005-68bd-4b4b-8a56-1a54a7d04719 | ITER: 10 START
2019-06-24 07:35:16.580 454 INFO rally.task.runner [-] Task 271b8005-68bd-4b4b-8a56-1a54a7d04719 | ITER: 5 END: OK
2019-06-24 07:35:16.778 453 INFO rally.task.runner [-] Task 271b8005-68bd-4b4b-8a56-1a54a7d04719 | ITER: 8 END: OK
2019-06-24 07:35:17.050 452 INFO rally.task.runner [-] Task 271b8005-68bd-4b4b-8a56-1a54a7d04719 | ITER: 9 END: OK
2019-06-24 07:35:17.333 455 INFO rally.task.runner [-] Task 271b8005-68bd-4b4b-8a56-1a54a7d04719 | ITER: 10 END: OK
2019-06-24 07:35:17.361 16 INFO rally.task.context [-] Task 271b8005-68bd-4b4b-8a56-1a54a7d04719 | Context users@openstack cleanup() started
2019-06-24 07:35:25.692 16 INFO rally.task.context [-] Task 271b8005-68bd-4b4b-8a56-1a54a7d04719 | Context users@openstack cleanup() finished in 8.33 sec
2019-06-24 07:35:26.877 16 INFO rally.task.engine [-] Load duration is: 4.029694
2019-06-24 07:35:26.877 16 INFO rally.task.engine [-] Full runner duration is: 4.080051
2019-06-24 07:35:26.877 16 INFO rally.task.engine [-] Full duration is: 16.908753
2019-06-24 07:35:27.122 16 INFO rally.task.engine [-] Running workload: position = 0 config = { "version": 2, "title": "A cropped version of a bigger task.", "description": "Auto-generated task from a single workload (uuid=3dc013ac-778f-4fa3-8e53-658e817a2eb4)", "subtasks": [ { "title": "Authenticate.validate_neutron", "description": "Check Neutron Client to ensure validation of token.", "scenario": { "Authenticate.validate_neutron": { "repetitions": 2 } }, "contexts": { "users": { "tenants": 3, "users_per_tenant": 2 } }, "runner": { "constant": { "concurrency": 4, "times": 10 } }, "hooks": [], "sla": { "failure_rate": { "max": 0 } } } ] }
2019-06-24 07:35:27.137 16 RALLYDEBUG rally_openstack.contexts.keystone.users [-] Creating 3 tenants using 20 threads
2019-06-24 07:35:29.043 16 RALLYDEBUG rally_openstack.contexts.keystone.users [-] Creating 6 users using 20 threads
2019-06-24 07:35:31.706 16 INFO rally.task.context [-] Task 271b8005-68bd-4b4b-8a56-1a54a7d04719 | Context users@openstack setup() finished in 4.57 sec
2019-06-24 07:35:31.714 16 RALLYDEBUG rally.task.runner [-] Starting the constant runner (task UUID: 271b8005-68bd-4b4b-8a56-1a54a7d04719). timeout: 0 concurrency: 4 concurrency_per_worker: 1 times: 10 concurrency_overhead: 0 processes_to_start: 4 max_cpu_used: 16
2019-06-24 07:35:31.726 556 RALLYDEBUG rally.task.runner [-] Starting a worker. concurrency: 1 args: {"repetitions": 2} times: 10 method_name: run timeout: 0 duration: None cls:
2019-06-24 07:35:31.729 557 RALLYDEBUG rally.task.runner [-] Starting a worker. concurrency: 1 args: {"repetitions": 2} times: 10 method_name: run timeout: 0 duration: None cls:
2019-06-24 07:35:31.732 558 RALLYDEBUG rally.task.runner [-] Starting a worker. concurrency: 1 args: {"repetitions": 2} times: 10 method_name: run timeout: 0 duration: None cls:
2019-06-24 07:35:31.733 556 INFO rally.task.runner [-] Task 271b8005-68bd-4b4b-8a56-1a54a7d04719 | ITER: 1 START
2019-06-24 07:35:31.736 557 INFO rally.task.runner [-] Task 271b8005-68bd-4b4b-8a56-1a54a7d04719 | ITER: 2 START
2019-06-24 07:35:31.736 559 RALLYDEBUG rally.task.runner [-] Starting a worker. concurrency: 1 args: {"repetitions": 2} times: 10 method_name: run timeout: 0 duration: None cls:
2019-06-24 07:35:31.737 558 INFO rally.task.runner [-] Task 271b8005-68bd-4b4b-8a56-1a54a7d04719 | ITER: 3 START
2019-06-24 07:35:31.742 559 INFO rally.task.runner [-] Task 271b8005-68bd-4b4b-8a56-1a54a7d04719 | ITER: 4 START
2019-06-24 07:35:32.685 556 INFO rally.task.runner [-] Task 271b8005-68bd-4b4b-8a56-1a54a7d04719 | ITER: 1 END: OK
2019-06-24 07:35:32.686 557 INFO rally.task.runner [-] Task 271b8005-68bd-4b4b-8a56-1a54a7d04719 | ITER: 2 END: OK
2019-06-24 07:35:32.690 556 INFO rally.task.runner [-] Task 271b8005-68bd-4b4b-8a56-1a54a7d04719 | ITER: 5 START
2019-06-24 07:35:32.690 557 INFO rally.task.runner [-] Task 271b8005-68bd-4b4b-8a56-1a54a7d04719 | ITER: 6 START
2019-06-24 07:35:32.707 558 INFO rally.task.runner [-] Task 271b8005-68bd-4b4b-8a56-1a54a7d04719 | ITER: 3 END: OK
2019-06-24 07:35:32.712 558 INFO rally.task.runner [-] Task 271b8005-68bd-4b4b-8a56-1a54a7d04719 | ITER: 7 START
2019-06-24 07:35:32.775 559 INFO rally.task.runner [-] Task 271b8005-68bd-4b4b-8a56-1a54a7d04719 | ITER: 4 END: OK
2019-06-24 07:35:32.779 559 INFO rally.task.runner [-] Task 271b8005-68bd-4b4b-8a56-1a54a7d04719 | ITER: 8 START
2019-06-24 07:35:33.618 556 INFO rally.task.runner [-] Task 271b8005-68bd-4b4b-8a56-1a54a7d04719 | ITER: 5 END: OK
2019-06-24 07:35:33.622 556 INFO rally.task.runner [-] Task 271b8005-68bd-4b4b-8a56-1a54a7d04719 | ITER: 9 START
2019-06-24 07:35:33.663 559 INFO rally.task.runner [-] Task 271b8005-68bd-4b4b-8a56-1a54a7d04719 | ITER: 8 END: OK
2019-06-24 07:35:33.666 559 INFO rally.task.runner [-] Task 271b8005-68bd-4b4b-8a56-1a54a7d04719 | ITER: 10 START
2019-06-24 07:35:33.833 557 INFO rally.task.runner [-] Task 271b8005-68bd-4b4b-8a56-1a54a7d04719 | ITER: 6 END: OK
2019-06-24 07:35:33.893 558 INFO rally.task.runner [-] Task 271b8005-68bd-4b4b-8a56-1a54a7d04719 | ITER: 7 END: OK
2019-06-24 07:35:34.497 556 INFO rally.task.runner [-] Task 271b8005-68bd-4b4b-8a56-1a54a7d04719 | ITER: 9 END: OK
2019-06-24 07:35:34.591 559 INFO rally.task.runner [-] Task 271b8005-68bd-4b4b-8a56-1a54a7d04719 | ITER: 10 END: OK
2019-06-24 07:35:34.615 16 INFO rally.task.context [-] Task 271b8005-68bd-4b4b-8a56-1a54a7d04719 | Context users@openstack cleanup() started
2019-06-24 07:35:41.372 16 INFO rally.task.context [-] Task 271b8005-68bd-4b4b-8a56-1a54a7d04719 | Context users@openstack cleanup() finished in 6.76 sec
2019-06-24 07:35:43.215 16 INFO rally.task.engine [-] Load duration is: 2.856814
2019-06-24 07:35:43.215 16 INFO rally.task.engine [-] Full runner duration is: 2.901778
2019-06-24 07:35:43.215 16 INFO rally.task.engine [-] Full duration is: 14.236347
2019-06-24 07:35:43.442 16 INFO rally.task.engine [-] Running workload: position = 0 config = { "version": 2, "title": "A cropped version of a bigger task.", "description": "Auto-generated task from a single workload (uuid=ad384710-90ec-45f1-9858-be86d3fc99a5)", "subtasks": [ { "title": "Authenticate.validate_nova", "description": "Check Nova Client to ensure validation of token.", "scenario": { "Authenticate.validate_nova": { "repetitions": 2 } }, "contexts": { "users": { "tenants": 3, "users_per_tenant": 2 } }, "runner": { "constant": { "concurrency": 4, "times": 10 } }, "hooks": [], "sla": { "failure_rate": { "max": 0 } } } ] }
2019-06-24 07:35:43.463 16 RALLYDEBUG rally_openstack.contexts.keystone.users [-] Creating 3 tenants using 20 threads
2019-06-24 07:35:45.266 16 RALLYDEBUG rally_openstack.contexts.keystone.users [-] Creating 6 users using 20 threads
2019-06-24 07:35:47.937 16 INFO rally.task.context [-] Task 271b8005-68bd-4b4b-8a56-1a54a7d04719 | Context users@openstack setup() finished in 4.47 sec
2019-06-24 07:35:47.944 16 RALLYDEBUG rally.task.runner [-] Starting the constant runner (task UUID: 271b8005-68bd-4b4b-8a56-1a54a7d04719). timeout: 0 concurrency: 4 concurrency_per_worker: 1 times: 10 concurrency_overhead: 0 processes_to_start: 4 max_cpu_used: 16
2019-06-24 07:35:47.957 660 RALLYDEBUG rally.task.runner [-] Starting a worker. concurrency: 1 args: {"repetitions": 2} times: 10 method_name: run timeout: 0 duration: None cls:
2019-06-24 07:35:47.959 661 RALLYDEBUG rally.task.runner [-] Starting a worker. concurrency: 1 args: {"repetitions": 2} times: 10 method_name: run timeout: 0 duration: None cls:
2019-06-24 07:35:47.962 662 RALLYDEBUG rally.task.runner [-] Starting a worker. concurrency: 1 args: {"repetitions": 2} times: 10 method_name: run timeout: 0 duration: None cls:
2019-06-24 07:35:47.963 660 INFO rally.task.runner [-] Task 271b8005-68bd-4b4b-8a56-1a54a7d04719 | ITER: 1 START
2019-06-24 07:35:47.964 663 RALLYDEBUG rally.task.runner [-] Starting a worker. concurrency: 1 args: {"repetitions": 2} times: 10 method_name: run timeout: 0 duration: None cls:
2019-06-24 07:35:47.966 661 INFO rally.task.runner [-] Task 271b8005-68bd-4b4b-8a56-1a54a7d04719 | ITER: 2 START
2019-06-24 07:35:47.969 662 INFO rally.task.runner [-] Task 271b8005-68bd-4b4b-8a56-1a54a7d04719 | ITER: 3 START
2019-06-24 07:35:47.970 663 INFO rally.task.runner [-] Task 271b8005-68bd-4b4b-8a56-1a54a7d04719 | ITER: 4 START
2019-06-24 07:35:48.462 660 DEBUG novaclient.v2.client [-] REQ: curl -g -i -X GET http://172.30.9.29:8774/v2.1/flavors/detail -H "Accept: application/json" -H "User-Agent: python-novaclient" -H "X-Auth-Token: {SHA1}fa9bf07247f210e0bf0600835104e8568ccc3660" _http_log_request /usr/lib/python2.7/site-packages/keystoneauth1/session.py:448
2019-06-24 07:35:48.490 662 DEBUG novaclient.v2.client [-] REQ: curl -g -i -X GET http://172.30.9.29:8774/v2.1/flavors/detail -H "Accept: application/json" -H "User-Agent: python-novaclient" -H "X-Auth-Token: {SHA1}fe29460867596276a1dcefd371c3374269dbbf3d" _http_log_request /usr/lib/python2.7/site-packages/keystoneauth1/session.py:448
2019-06-24 07:35:48.549 661 DEBUG novaclient.v2.client [-] REQ: curl -g -i -X GET http://172.30.9.29:8774/v2.1/flavors/detail -H "Accept: application/json" -H "User-Agent: python-novaclient" -H "X-Auth-Token: {SHA1}e6e30989605d0da452aad511a4889da041051986" _http_log_request /usr/lib/python2.7/site-packages/keystoneauth1/session.py:448
2019-06-24 07:35:48.595 663 DEBUG novaclient.v2.client [-] REQ: curl -g -i -X GET http://172.30.9.29:8774/v2.1/flavors/detail -H "Accept: application/json" -H "User-Agent: python-novaclient" -H "X-Auth-Token: {SHA1}152e93d1ee00df62e1149b01eecd5e830cd346dd" _http_log_request /usr/lib/python2.7/site-packages/keystoneauth1/session.py:448
2019-06-24 07:35:48.764 660 DEBUG novaclient.v2.client [-] RESP: [200] Content-Encoding: gzip Content-Length: 364 Content-Type: application/json Date: Mon, 24 Jun 2019 07:35:48 GMT OpenStack-API-Version: compute 2.1 Server: Apache Vary: OpenStack-API-Version,X-OpenStack-Nova-API-Version,Accept-Encoding X-OpenStack-Nova-API-Version: 2.1 x-compute-request-id: req-fd95203e-e9ec-4f42-9d65-d0c114c41977 x-openstack-request-id: req-fd95203e-e9ec-4f42-9d65-d0c114c41977 _http_log_response /usr/lib/python2.7/site-packages/keystoneauth1/session.py:479
2019-06-24 07:35:48.765 660 DEBUG novaclient.v2.client [-] RESP BODY: {"flavors": [{"name": "rally_full-flavor_alt_5a88827e-4f27-45bb-8e03-0791e24ad88f", "links": [{"href": "http://172.30.9.29:8774/v2.1/flavors/6e1b0833-39c1-4b07-90f2-52de59b27033", "rel": "self"}, {"href": "http://172.30.9.29:8774/flavors/6e1b0833-39c1-4b07-90f2-52de59b27033", "rel": "bookmark"}], "ram": 1024, "OS-FLV-DISABLED:disabled": false, "vcpus": 1, "swap": "", "os-flavor-access:is_public": true, "rxtx_factor": 1.0, "OS-FLV-EXT-DATA:ephemeral": 0, "disk": 1, "id": "6e1b0833-39c1-4b07-90f2-52de59b27033"}, {"name": "rally_full-flavor_5a88827e-4f27-45bb-8e03-0791e24ad88f", "links": [{"href": "http://172.30.9.29:8774/v2.1/flavors/ed1ed3b6-819d-4e71-8c5d-423157f9cc74", "rel": "self"}, {"href": "http://172.30.9.29:8774/flavors/ed1ed3b6-819d-4e71-8c5d-423157f9cc74", "rel": "bookmark"}], "ram": 512, "OS-FLV-DISABLED:disabled": false, "vcpus": 1, "swap": "", "os-flavor-access:is_public": true, "rxtx_factor": 1.0, "OS-FLV-EXT-DATA:ephemeral": 0, "disk": 1, "id": "ed1ed3b6-819d-4e71-8c5d-423157f9cc74"}]} _http_log_response /usr/lib/python2.7/site-packages/keystoneauth1/session.py:511
2019-06-24 07:35:48.765 660 DEBUG novaclient.v2.client [-] GET call to compute for http://172.30.9.29:8774/v2.1/flavors/detail used request id req-fd95203e-e9ec-4f42-9d65-d0c114c41977 request /usr/lib/python2.7/site-packages/keystoneauth1/session.py:844
2019-06-24 07:35:48.767 660 DEBUG novaclient.v2.client [-] REQ: curl -g -i -X GET http://172.30.9.29:8774/v2.1/flavors/detail -H "Accept: application/json" -H "User-Agent: python-novaclient" -H "X-Auth-Token: {SHA1}fa9bf07247f210e0bf0600835104e8568ccc3660" _http_log_request /usr/lib/python2.7/site-packages/keystoneauth1/session.py:448
2019-06-24 07:35:48.788 660 DEBUG novaclient.v2.client [-] RESP: [200] Content-Encoding: gzip Content-Length: 364 Content-Type: application/json Date: Mon, 24 Jun 2019 07:35:48 GMT OpenStack-API-Version: compute 2.1 Server: Apache Vary: OpenStack-API-Version,X-OpenStack-Nova-API-Version,Accept-Encoding X-OpenStack-Nova-API-Version: 2.1 x-compute-request-id: req-07a790e7-3edb-4df4-a564-cd55a566dfdd x-openstack-request-id: req-07a790e7-3edb-4df4-a564-cd55a566dfdd _http_log_response /usr/lib/python2.7/site-packages/keystoneauth1/session.py:479
2019-06-24 07:35:48.788 660 DEBUG novaclient.v2.client [-] RESP BODY: {"flavors": [{"name": "rally_full-flavor_alt_5a88827e-4f27-45bb-8e03-0791e24ad88f", "links": [{"href": "http://172.30.9.29:8774/v2.1/flavors/6e1b0833-39c1-4b07-90f2-52de59b27033", "rel": "self"}, {"href": "http://172.30.9.29:8774/flavors/6e1b0833-39c1-4b07-90f2-52de59b27033", "rel": "bookmark"}], "ram": 1024, "OS-FLV-DISABLED:disabled": false, "vcpus": 1, "swap": "", "os-flavor-access:is_public": true, "rxtx_factor": 1.0, "OS-FLV-EXT-DATA:ephemeral": 0, "disk": 1, "id": "6e1b0833-39c1-4b07-90f2-52de59b27033"}, {"name": "rally_full-flavor_5a88827e-4f27-45bb-8e03-0791e24ad88f", "links": [{"href": "http://172.30.9.29:8774/v2.1/flavors/ed1ed3b6-819d-4e71-8c5d-423157f9cc74", "rel": "self"}, {"href": "http://172.30.9.29:8774/flavors/ed1ed3b6-819d-4e71-8c5d-423157f9cc74", "rel": "bookmark"}], "ram": 512, "OS-FLV-DISABLED:disabled": false, "vcpus": 1, "swap": "", "os-flavor-access:is_public": true, "rxtx_factor": 1.0, "OS-FLV-EXT-DATA:ephemeral": 0, "disk": 1, "id": "ed1ed3b6-819d-4e71-8c5d-423157f9cc74"}]} _http_log_response /usr/lib/python2.7/site-packages/keystoneauth1/session.py:511
2019-06-24 07:35:48.789 660 DEBUG novaclient.v2.client [-] GET call to compute for http://172.30.9.29:8774/v2.1/flavors/detail used request id req-07a790e7-3edb-4df4-a564-cd55a566dfdd request /usr/lib/python2.7/site-packages/keystoneauth1/session.py:844
2019-06-24 07:35:48.790 660 INFO rally.task.runner [-] Task 271b8005-68bd-4b4b-8a56-1a54a7d04719 | ITER: 1 END: OK
2019-06-24 07:35:48.793 660 INFO rally.task.runner [-] Task 271b8005-68bd-4b4b-8a56-1a54a7d04719 | ITER: 5 START
2019-06-24 07:35:48.866 661 DEBUG novaclient.v2.client [-] RESP: [200] Content-Encoding: gzip Content-Length: 364 Content-Type: application/json Date: Mon, 24 Jun 2019 07:35:48 GMT OpenStack-API-Version: compute 2.1 Server: Apache Vary: OpenStack-API-Version,X-OpenStack-Nova-API-Version,Accept-Encoding X-OpenStack-Nova-API-Version: 2.1 x-compute-request-id: req-b50b7e84-039e-4c52-b500-e2f101d44365 x-openstack-request-id: req-b50b7e84-039e-4c52-b500-e2f101d44365 _http_log_response /usr/lib/python2.7/site-packages/keystoneauth1/session.py:479
2019-06-24 07:35:48.866 661 DEBUG novaclient.v2.client [-] RESP BODY: {"flavors": [{"name": "rally_full-flavor_alt_5a88827e-4f27-45bb-8e03-0791e24ad88f", "links": [{"href": "http://172.30.9.29:8774/v2.1/flavors/6e1b0833-39c1-4b07-90f2-52de59b27033", "rel": "self"}, {"href": "http://172.30.9.29:8774/flavors/6e1b0833-39c1-4b07-90f2-52de59b27033", "rel": "bookmark"}], "ram": 1024, "OS-FLV-DISABLED:disabled": false, "vcpus": 1, "swap": "", "os-flavor-access:is_public": true, "rxtx_factor": 1.0, "OS-FLV-EXT-DATA:ephemeral": 0, "disk": 1, "id": "6e1b0833-39c1-4b07-90f2-52de59b27033"}, {"name": "rally_full-flavor_5a88827e-4f27-45bb-8e03-0791e24ad88f", "links": [{"href": "http://172.30.9.29:8774/v2.1/flavors/ed1ed3b6-819d-4e71-8c5d-423157f9cc74", "rel": "self"}, {"href": "http://172.30.9.29:8774/flavors/ed1ed3b6-819d-4e71-8c5d-423157f9cc74", "rel": "bookmark"}], "ram": 512, "OS-FLV-DISABLED:disabled": false, "vcpus": 1, "swap": "", "os-flavor-access:is_public": true, "rxtx_factor": 1.0, "OS-FLV-EXT-DATA:ephemeral": 0, "disk": 1, "id": "ed1ed3b6-819d-4e71-8c5d-423157f9cc74"}]} _http_log_response /usr/lib/python2.7/site-packages/keystoneauth1/session.py:511
2019-06-24 07:35:48.867 661 DEBUG novaclient.v2.client [-] GET call to compute for http://172.30.9.29:8774/v2.1/flavors/detail used request id req-b50b7e84-039e-4c52-b500-e2f101d44365 request /usr/lib/python2.7/site-packages/keystoneauth1/session.py:844
2019-06-24 07:35:48.868 661 DEBUG novaclient.v2.client [-] REQ: curl -g -i -X GET http://172.30.9.29:8774/v2.1/flavors/detail -H "Accept: application/json" -H "User-Agent: python-novaclient" -H "X-Auth-Token: {SHA1}e6e30989605d0da452aad511a4889da041051986" _http_log_request /usr/lib/python2.7/site-packages/keystoneauth1/session.py:448
2019-06-24 07:35:48.898 661 DEBUG novaclient.v2.client [-] RESP: [200] Content-Encoding: gzip Content-Length: 364 Content-Type: application/json Date: Mon, 24 Jun 2019 07:35:48 GMT OpenStack-API-Version: compute 2.1 Server: Apache Vary: OpenStack-API-Version,X-OpenStack-Nova-API-Version,Accept-Encoding X-OpenStack-Nova-API-Version: 2.1 x-compute-request-id: req-5104d7ea-2920-4b2f-a81c-0526a1e26b33 x-openstack-request-id: req-5104d7ea-2920-4b2f-a81c-0526a1e26b33 _http_log_response /usr/lib/python2.7/site-packages/keystoneauth1/session.py:479
2019-06-24 07:35:48.899 661 DEBUG novaclient.v2.client [-] RESP BODY: {"flavors": [{"name": "rally_full-flavor_alt_5a88827e-4f27-45bb-8e03-0791e24ad88f", "links": [{"href": "http://172.30.9.29:8774/v2.1/flavors/6e1b0833-39c1-4b07-90f2-52de59b27033", "rel": "self"}, {"href": "http://172.30.9.29:8774/flavors/6e1b0833-39c1-4b07-90f2-52de59b27033", "rel": "bookmark"}], "ram": 1024, "OS-FLV-DISABLED:disabled": false, "vcpus": 1, "swap": "", "os-flavor-access:is_public": true, "rxtx_factor": 1.0, "OS-FLV-EXT-DATA:ephemeral": 0, "disk": 1, "id": "6e1b0833-39c1-4b07-90f2-52de59b27033"}, {"name": "rally_full-flavor_5a88827e-4f27-45bb-8e03-0791e24ad88f", "links": [{"href": "http://172.30.9.29:8774/v2.1/flavors/ed1ed3b6-819d-4e71-8c5d-423157f9cc74", "rel": "self"}, {"href": "http://172.30.9.29:8774/flavors/ed1ed3b6-819d-4e71-8c5d-423157f9cc74", "rel": "bookmark"}], "ram": 512, "OS-FLV-DISABLED:disabled": false, "vcpus": 1, "swap": "", "os-flavor-access:is_public": true, "rxtx_factor": 1.0, "OS-FLV-EXT-DATA:ephemeral": 0, "disk": 1, "id": "ed1ed3b6-819d-4e71-8c5d-423157f9cc74"}]} _http_log_response /usr/lib/python2.7/site-packages/keystoneauth1/session.py:511
2019-06-24 07:35:48.899 661 DEBUG novaclient.v2.client [-] GET call to compute for http://172.30.9.29:8774/v2.1/flavors/detail used request id req-5104d7ea-2920-4b2f-a81c-0526a1e26b33 request /usr/lib/python2.7/site-packages/keystoneauth1/session.py:844
2019-06-24 07:35:48.900 661 INFO rally.task.runner [-] Task 271b8005-68bd-4b4b-8a56-1a54a7d04719 | ITER: 2 END: OK
2019-06-24 07:35:48.904 661 INFO rally.task.runner [-] Task 271b8005-68bd-4b4b-8a56-1a54a7d04719 | ITER: 6 START
2019-06-24 07:35:48.907 662 DEBUG novaclient.v2.client [-] RESP: [200] Content-Encoding: gzip Content-Length: 364 Content-Type: application/json Date: Mon, 24 Jun 2019 07:35:48 GMT OpenStack-API-Version: compute 2.1 Server: Apache Vary: OpenStack-API-Version,X-OpenStack-Nova-API-Version,Accept-Encoding X-OpenStack-Nova-API-Version: 2.1 x-compute-request-id: req-2d826cc6-6082-4ccf-8d9b-692e83828cf7 x-openstack-request-id: req-2d826cc6-6082-4ccf-8d9b-692e83828cf7 _http_log_response /usr/lib/python2.7/site-packages/keystoneauth1/session.py:479
2019-06-24 07:35:48.908 662 DEBUG novaclient.v2.client [-] RESP BODY: {"flavors": [{"name": "rally_full-flavor_alt_5a88827e-4f27-45bb-8e03-0791e24ad88f", "links": [{"href": "http://172.30.9.29:8774/v2.1/flavors/6e1b0833-39c1-4b07-90f2-52de59b27033", "rel": "self"}, {"href": "http://172.30.9.29:8774/flavors/6e1b0833-39c1-4b07-90f2-52de59b27033", "rel": "bookmark"}], "ram": 1024, "OS-FLV-DISABLED:disabled": false, "vcpus": 1, "swap": "", "os-flavor-access:is_public": true, "rxtx_factor": 1.0, "OS-FLV-EXT-DATA:ephemeral": 0, "disk": 1, "id": "6e1b0833-39c1-4b07-90f2-52de59b27033"}, {"name": "rally_full-flavor_5a88827e-4f27-45bb-8e03-0791e24ad88f", "links": [{"href": "http://172.30.9.29:8774/v2.1/flavors/ed1ed3b6-819d-4e71-8c5d-423157f9cc74", "rel": "self"}, {"href": "http://172.30.9.29:8774/flavors/ed1ed3b6-819d-4e71-8c5d-423157f9cc74", "rel": "bookmark"}], "ram": 512, "OS-FLV-DISABLED:disabled": false, "vcpus": 1, "swap": "", "os-flavor-access:is_public": true, "rxtx_factor": 1.0, "OS-FLV-EXT-DATA:ephemeral": 0, "disk": 1, "id": "ed1ed3b6-819d-4e71-8c5d-423157f9cc74"}]} _http_log_response /usr/lib/python2.7/site-packages/keystoneauth1/session.py:511
2019-06-24 07:35:48.909 662 DEBUG novaclient.v2.client [-] GET call to compute for http://172.30.9.29:8774/v2.1/flavors/detail used request id req-2d826cc6-6082-4ccf-8d9b-692e83828cf7 request /usr/lib/python2.7/site-packages/keystoneauth1/session.py:844
2019-06-24 07:35:48.910 662 DEBUG novaclient.v2.client [-] REQ: curl -g -i -X GET http://172.30.9.29:8774/v2.1/flavors/detail -H "Accept: application/json" -H "User-Agent: python-novaclient" -H "X-Auth-Token: {SHA1}fe29460867596276a1dcefd371c3374269dbbf3d" _http_log_request /usr/lib/python2.7/site-packages/keystoneauth1/session.py:448
2019-06-24 07:35:48.919 663 DEBUG novaclient.v2.client [-] RESP: [200] Content-Encoding: gzip Content-Length: 364 Content-Type: application/json Date: Mon, 24 Jun 2019 07:35:48 GMT OpenStack-API-Version: compute 2.1 Server: Apache Vary: OpenStack-API-Version,X-OpenStack-Nova-API-Version,Accept-Encoding X-OpenStack-Nova-API-Version: 2.1 x-compute-request-id: req-34be1d47-00c9-44c7-99c7-12e6b53fd091 x-openstack-request-id: req-34be1d47-00c9-44c7-99c7-12e6b53fd091 _http_log_response /usr/lib/python2.7/site-packages/keystoneauth1/session.py:479
2019-06-24 07:35:48.920 663 DEBUG novaclient.v2.client [-] RESP BODY: {"flavors": [{"name": "rally_full-flavor_alt_5a88827e-4f27-45bb-8e03-0791e24ad88f", "links": [{"href": "http://172.30.9.29:8774/v2.1/flavors/6e1b0833-39c1-4b07-90f2-52de59b27033", "rel": "self"}, {"href": "http://172.30.9.29:8774/flavors/6e1b0833-39c1-4b07-90f2-52de59b27033", "rel": "bookmark"}], "ram": 1024, "OS-FLV-DISABLED:disabled": false, "vcpus": 1, "swap": "", "os-flavor-access:is_public": true, "rxtx_factor": 1.0, "OS-FLV-EXT-DATA:ephemeral": 0, "disk": 1, "id": "6e1b0833-39c1-4b07-90f2-52de59b27033"}, {"name": "rally_full-flavor_5a88827e-4f27-45bb-8e03-0791e24ad88f", "links": [{"href": "http://172.30.9.29:8774/v2.1/flavors/ed1ed3b6-819d-4e71-8c5d-423157f9cc74", "rel": "self"}, {"href": "http://172.30.9.29:8774/flavors/ed1ed3b6-819d-4e71-8c5d-423157f9cc74", "rel": "bookmark"}], "ram": 512, "OS-FLV-DISABLED:disabled": false, "vcpus": 1, "swap": "", "os-flavor-access:is_public": true, "rxtx_factor": 1.0, "OS-FLV-EXT-DATA:ephemeral": 0, "disk": 1, "id": "ed1ed3b6-819d-4e71-8c5d-423157f9cc74"}]} _http_log_response /usr/lib/python2.7/site-packages/keystoneauth1/session.py:511
2019-06-24 07:35:48.920 663 DEBUG novaclient.v2.client [-] GET call to compute for http://172.30.9.29:8774/v2.1/flavors/detail used request id req-34be1d47-00c9-44c7-99c7-12e6b53fd091 request /usr/lib/python2.7/site-packages/keystoneauth1/session.py:844
2019-06-24 07:35:48.921 663 DEBUG novaclient.v2.client [-] REQ: curl -g -i -X GET http://172.30.9.29:8774/v2.1/flavors/detail -H "Accept: application/json" -H "User-Agent: python-novaclient" -H "X-Auth-Token: {SHA1}152e93d1ee00df62e1149b01eecd5e830cd346dd" _http_log_request /usr/lib/python2.7/site-packages/keystoneauth1/session.py:448
2019-06-24 07:35:48.936 662 DEBUG novaclient.v2.client [-] RESP: [200] Content-Encoding: gzip Content-Length: 364 Content-Type: application/json Date: Mon, 24 Jun 2019 07:35:48 GMT OpenStack-API-Version: compute 2.1 Server: Apache Vary: OpenStack-API-Version,X-OpenStack-Nova-API-Version,Accept-Encoding X-OpenStack-Nova-API-Version: 2.1 x-compute-request-id: req-28439f7d-1fa9-44d9-a924-160d76e360d4 x-openstack-request-id: req-28439f7d-1fa9-44d9-a924-160d76e360d4 _http_log_response /usr/lib/python2.7/site-packages/keystoneauth1/session.py:479
2019-06-24 07:35:48.937 662 DEBUG novaclient.v2.client [-] RESP BODY: {"flavors": [{"name": "rally_full-flavor_alt_5a88827e-4f27-45bb-8e03-0791e24ad88f", "links": [{"href": "http://172.30.9.29:8774/v2.1/flavors/6e1b0833-39c1-4b07-90f2-52de59b27033", "rel": "self"}, {"href": "http://172.30.9.29:8774/flavors/6e1b0833-39c1-4b07-90f2-52de59b27033", "rel": "bookmark"}], "ram": 1024, "OS-FLV-DISABLED:disabled": false, "vcpus": 1, "swap": "", "os-flavor-access:is_public": true, "rxtx_factor": 1.0, "OS-FLV-EXT-DATA:ephemeral": 0, "disk": 1, "id": "6e1b0833-39c1-4b07-90f2-52de59b27033"}, {"name": "rally_full-flavor_5a88827e-4f27-45bb-8e03-0791e24ad88f", "links": [{"href": "http://172.30.9.29:8774/v2.1/flavors/ed1ed3b6-819d-4e71-8c5d-423157f9cc74", "rel": "self"}, {"href": "http://172.30.9.29:8774/flavors/ed1ed3b6-819d-4e71-8c5d-423157f9cc74", "rel": "bookmark"}], "ram": 512, "OS-FLV-DISABLED:disabled": false, "vcpus": 1, "swap": "", "os-flavor-access:is_public": true, "rxtx_factor": 1.0, "OS-FLV-EXT-DATA:ephemeral": 0, "disk": 1, "id": "ed1ed3b6-819d-4e71-8c5d-423157f9cc74"}]} _http_log_response /usr/lib/python2.7/site-packages/keystoneauth1/session.py:511
2019-06-24 07:35:48.937 662 DEBUG novaclient.v2.client [-] GET call to compute for http://172.30.9.29:8774/v2.1/flavors/detail used request id req-28439f7d-1fa9-44d9-a924-160d76e360d4 request /usr/lib/python2.7/site-packages/keystoneauth1/session.py:844
