2019-06-24 07:39:33.750 725 RALLYDEBUG rally_openstack.cleanup.manager [-] Cleaning up glance images objects
2019-06-24 07:39:35.992 725 RALLYDEBUG rally_openstack.cleanup.manager [-] Deleting glance.images object s_rally_68b60b85_1FcDdvkR (3aacc4aa-93e0-437d-bdbe-29d298760f81)
2019-06-24 07:39:35.998 725 RALLYDEBUG rally_openstack.cleanup.manager [-] Deleting glance.images object s_rally_68b60b85_UjbwhRkC (d0a1d9b8-fce3-4238-93b5-97010df4bbf8)
2019-06-24 07:39:36.007 725 RALLYDEBUG rally_openstack.cleanup.manager [-] Deleting glance.images object s_rally_68b60b85_cwK1XnlN (888b09b7-1477-4a33-9f8c-76ee080535ea)
2019-06-24 07:39:36.020 725 RALLYDEBUG rally_openstack.cleanup.manager [-] Deleting glance.images object s_rally_68b60b85_ZyLdJz2K (93c9ac64-df3d-480c-9550-330cb2fe4d94)
2019-06-24 07:39:36.024 725 RALLYDEBUG rally_openstack.cleanup.manager [-] Deleting glance.images object s_rally_68b60b85_qOtQUt3s (f8deddb1-bb31-401e-b8e6-56b923da9568)
2019-06-24 07:39:36.037 725 RALLYDEBUG rally_openstack.cleanup.manager [-] Deleting glance.images object s_rally_68b60b85_ediPaMCi (e459fedd-1c28-43a4-8d66-6fda54474159)
2019-06-24 07:39:36.038 725 RALLYDEBUG rally_openstack.cleanup.manager [-] Deleting glance.images object s_rally_68b60b85_AiCsaiBO (11ddfff4-f48c-4f6d-8cbb-2be1d2d0f714)
2019-06-24 07:39:36.044 725 RALLYDEBUG rally_openstack.cleanup.manager [-] Deleting glance.images object s_rally_68b60b85_T9Rt2Rki (763b9a3a-1ee6-406c-a153-9ef87691374a)
2019-06-24 07:39:36.054 725 RALLYDEBUG rally_openstack.cleanup.manager [-] Deleting glance.images object s_rally_68b60b85_KLEkXZWp (c54fb8ee-39d0-4ef5-a7de-a3de84347ff4)
2019-06-24 07:39:36.058 725 RALLYDEBUG rally_openstack.cleanup.manager [-] Deleting glance.images object s_rally_68b60b85_tzybqI5n (03e6cae1-c462-4595-afef-0fe783e45076)
2019-06-24 07:39:37.529 725 DEBUG glanceclient.common.http [-] Request returned failure status 404. _handle_response /usr/lib/python2.7/site-packages/glanceclient/common/http.py:125
2019-06-24 07:39:37.543 725 DEBUG glanceclient.common.http [-] Request returned failure status 404. _handle_response /usr/lib/python2.7/site-packages/glanceclient/common/http.py:125
2019-06-24 07:39:38.549 725 DEBUG glanceclient.common.http [-] Request returned failure status 404. _handle_response /usr/lib/python2.7/site-packages/glanceclient/common/http.py:125
2019-06-24 07:39:38.565 725 DEBUG glanceclient.common.http [-] Request returned failure status 404. _handle_response /usr/lib/python2.7/site-packages/glanceclient/common/http.py:125
2019-06-24 07:39:38.577 725 DEBUG glanceclient.common.http [-] Request returned failure status 404. _handle_response /usr/lib/python2.7/site-packages/glanceclient/common/http.py:125
2019-06-24 07:39:38.589 725 DEBUG glanceclient.common.http [-] Request returned failure status 404. _handle_response /usr/lib/python2.7/site-packages/glanceclient/common/http.py:125
2019-06-24 07:39:39.634 725 DEBUG glanceclient.common.http [-] Request returned failure status 404. _handle_response /usr/lib/python2.7/site-packages/glanceclient/common/http.py:125
2019-06-24 07:39:39.659 725 DEBUG glanceclient.common.http [-] Request returned failure status 404. _handle_response /usr/lib/python2.7/site-packages/glanceclient/common/http.py:125
2019-06-24 07:39:39.663 725 DEBUG glanceclient.common.http [-] Request returned failure status 404. _handle_response /usr/lib/python2.7/site-packages/glanceclient/common/http.py:125
2019-06-24 07:39:39.665 725 DEBUG glanceclient.common.http [-] Request returned failure status 404. _handle_response /usr/lib/python2.7/site-packages/glanceclient/common/http.py:125
2019-06-24 07:39:39.683 725 DEBUG glanceclient.common.http [-] Request returned failure status 404. _handle_response /usr/lib/python2.7/site-packages/glanceclient/common/http.py:125
2019-06-24 07:39:39.684 725 DEBUG glanceclient.common.http [-] Request returned failure status 404. _handle_response /usr/lib/python2.7/site-packages/glanceclient/common/http.py:125
2019-06-24 07:39:40.921 725 DEBUG glanceclient.common.http [-] Request returned failure status 404. _handle_response /usr/lib/python2.7/site-packages/glanceclient/common/http.py:125
2019-06-24 07:39:40.949 725 DEBUG glanceclient.common.http [-] Request returned failure status 404. _handle_response /usr/lib/python2.7/site-packages/glanceclient/common/http.py:125
2019-06-24 07:39:40.957 725 DEBUG glanceclient.common.http [-] Request returned failure status 404. _handle_response /usr/lib/python2.7/site-packages/glanceclient/common/http.py:125
2019-06-24 07:39:40.960 725 DEBUG glanceclient.common.http [-] Request returned failure status 404. _handle_response /usr/lib/python2.7/site-packages/glanceclient/common/http.py:125
2019-06-24 07:39:40.978 725 DEBUG glanceclient.common.http [-] Request returned failure status 404. _handle_response /usr/lib/python2.7/site-packages/glanceclient/common/http.py:125
2019-06-24 07:39:40.980 725 DEBUG glanceclient.common.http [-] Request returned failure status 404. _handle_response /usr/lib/python2.7/site-packages/glanceclient/common/http.py:125
2019-06-24 07:39:40.982 725 DEBUG glanceclient.common.http [-] Request returned failure status 404. _handle_response /usr/lib/python2.7/site-packages/glanceclient/common/http.py:125
2019-06-24 07:39:40.999 725 DEBUG glanceclient.common.http [-] Request returned failure status 404. _handle_response /usr/lib/python2.7/site-packages/glanceclient/common/http.py:125
2019-06-24 07:39:42.001 725 INFO rally.task.context [-] Task af616adf-3b1e-44f6-9a6c-7e4889a2e056 | Context cleanup@openstack cleanup() finished in 32.75 sec
2019-06-24 07:39:42.002 725 INFO rally.task.context [-] Task af616adf-3b1e-44f6-9a6c-7e4889a2e056 | Context quotas@openstack cleanup() started
2019-06-24 07:39:42.003 725 DEBUG novaclient.v2.client [-] REQ: curl -g -i -X DELETE http://172.30.9.29:8774/v2.1/os-quota-sets/57d786a11f0b44ccb3c040f7c2e4f949 -H "Accept: application/json" -H "User-Agent: python-novaclient" -H "X-Auth-Token: {SHA1}1aa04db051882ff3c6c82ee90c18650ad4518d90" _http_log_request /usr/lib/python2.7/site-packages/keystoneauth1/session.py:448
2019-06-24 07:39:42.043 725 DEBUG novaclient.v2.client [-] RESP: [202] Content-Length: 0 Content-Type: application/json Date: Mon, 24 Jun 2019 07:39:42 GMT OpenStack-API-Version: compute 2.1 Server: Apache Vary: OpenStack-API-Version,X-OpenStack-Nova-API-Version X-OpenStack-Nova-API-Version: 2.1 x-compute-request-id: req-487bc1ad-654f-4993-a916-82b415b0c50a x-openstack-request-id: req-487bc1ad-654f-4993-a916-82b415b0c50a _http_log_response /usr/lib/python2.7/site-packages/keystoneauth1/session.py:479
2019-06-24 07:39:42.043 725 DEBUG novaclient.v2.client [-] DELETE call to compute for http://172.30.9.29:8774/v2.1/os-quota-sets/57d786a11f0b44ccb3c040f7c2e4f949 used request id req-487bc1ad-654f-4993-a916-82b415b0c50a request /usr/lib/python2.7/site-packages/keystoneauth1/session.py:844
2019-06-24 07:39:42.044 725 DEBUG novaclient.v2.client [-] REQ: curl -g -i -X DELETE http://172.30.9.29:8774/v2.1/os-quota-sets/c6549ff2f7d448da95840da36c34292d -H "Accept: application/json" -H "User-Agent: python-novaclient" -H "X-Auth-Token: {SHA1}1aa04db051882ff3c6c82ee90c18650ad4518d90" _http_log_request /usr/lib/python2.7/site-packages/keystoneauth1/session.py:448
2019-06-24 07:39:42.067 725 DEBUG novaclient.v2.client [-] RESP: [202] Content-Length: 0 Content-Type: application/json Date: Mon, 24 Jun 2019 07:39:42 GMT OpenStack-API-Version: compute 2.1 Server: Apache Vary: OpenStack-API-Version,X-OpenStack-Nova-API-Version X-OpenStack-Nova-API-Version: 2.1 x-compute-request-id: req-936ec864-f833-4ac1-8330-f4dc20885b58 x-openstack-request-id: req-936ec864-f833-4ac1-8330-f4dc20885b58 _http_log_response /usr/lib/python2.7/site-packages/keystoneauth1/session.py:479
2019-06-24 07:39:42.067 725 DEBUG novaclient.v2.client [-] DELETE call to compute for http://172.30.9.29:8774/v2.1/os-quota-sets/c6549ff2f7d448da95840da36c34292d used request id req-936ec864-f833-4ac1-8330-f4dc20885b58 request /usr/lib/python2.7/site-packages/keystoneauth1/session.py:844
2019-06-24 07:39:42.068 725 DEBUG novaclient.v2.client [-] REQ: curl -g -i -X DELETE http://172.30.9.29:8774/v2.1/os-quota-sets/afe87454b8aa46e58b991af97a1e8d61 -H "Accept: application/json" -H "User-Agent: python-novaclient" -H "X-Auth-Token: {SHA1}1aa04db051882ff3c6c82ee90c18650ad4518d90" _http_log_request /usr/lib/python2.7/site-packages/keystoneauth1/session.py:448
2019-06-24 07:39:42.091 725 DEBUG novaclient.v2.client [-] RESP: [202] Content-Length: 0 Content-Type: application/json Date: Mon, 24 Jun 2019 07:39:42 GMT OpenStack-API-Version: compute 2.1 Server: Apache Vary: OpenStack-API-Version,X-OpenStack-Nova-API-Version X-OpenStack-Nova-API-Version: 2.1 x-compute-request-id: req-82349f00-662a-4a38-a68e-06502e962437 x-openstack-request-id: req-82349f00-662a-4a38-a68e-06502e962437 _http_log_response /usr/lib/python2.7/site-packages/keystoneauth1/session.py:479
2019-06-24 07:39:42.091 725 DEBUG novaclient.v2.client [-] DELETE call to compute for http://172.30.9.29:8774/v2.1/os-quota-sets/afe87454b8aa46e58b991af97a1e8d61 used request id req-82349f00-662a-4a38-a68e-06502e962437 request /usr/lib/python2.7/site-packages/keystoneauth1/session.py:844
2019-06-24 07:39:42.091 725 INFO rally.task.context [-] Task af616adf-3b1e-44f6-9a6c-7e4889a2e056 | Context quotas@openstack cleanup() finished in 89.56 msec
2019-06-24 07:39:42.092 725 INFO rally.task.context [-] Task af616adf-3b1e-44f6-9a6c-7e4889a2e056 | Context users@openstack cleanup() started
2019-06-24 07:39:48.803 725 INFO rally.task.context [-] Task af616adf-3b1e-44f6-9a6c-7e4889a2e056 | Context users@openstack cleanup() finished in 6.71 sec
2019-06-24 07:39:48.980 725 INFO rally.task.engine [-] Load duration is: 75.712584
2019-06-24 07:39:48.980 725 INFO rally.task.engine [-] Full runner duration is: 77.619664
2019-06-24 07:39:48.981 725 INFO rally.task.engine [-] Full duration is: 124.285866
2019-06-24 07:39:49.240 725 INFO rally.task.engine [-] Running workload: position = 0 config = { "version": 2, "title": "A cropped version of a bigger task.", "description": "Auto-generated task from a single workload (uuid=f0dd2731-474a-47e9-a584-22d7cfb3301d)", "subtasks": [ { "title": "GlanceImages.create_and_deactivate_image", "description": "Create an image, then deactivate it.", "scenario": { "GlanceImages.create_and_deactivate_image": { "container_format": "bare", "disk_format": "qcow2", "image_location": "/home/opnfv/functest/images/cirros-0.4.0-x86_64-disk.img" } }, "contexts": { "users": { "tenants": 3, "users_per_tenant": 2 } }, "runner": { "constant": { "concurrency": 4, "times": 10 } }, "hooks": [], "sla": { "failure_rate": { "max": 0 } } } ] }
2019-06-24 07:39:49.263 725 RALLYDEBUG rally_openstack.contexts.keystone.users [-] Creating 3 tenants using 20 threads
2019-06-24 07:39:51.074 725 RALLYDEBUG rally_openstack.contexts.keystone.users [-] Creating 6 users using 20 threads
2019-06-24 07:39:53.664 725 INFO rally.task.context [-] Task af616adf-3b1e-44f6-9a6c-7e4889a2e056 | Context users@openstack setup() finished in 4.40 sec
2019-06-24 07:39:53.664 725 INFO rally.task.context [-] Task af616adf-3b1e-44f6-9a6c-7e4889a2e056 | Context cleanup@openstack setup() finished in 0.00 msec
2019-06-24 07:39:53.672 725 RALLYDEBUG rally.task.runner [-] Starting the constant runner (task UUID: af616adf-3b1e-44f6-9a6c-7e4889a2e056). timeout: 0 concurrency: 4 concurrency_per_worker: 1 times: 10 concurrency_overhead: 0 processes_to_start: 4 max_cpu_used: 16
2019-06-24 07:39:53.685 1385 RALLYDEBUG rally.task.runner [-] Starting a worker. concurrency: 1 args: {"container_format": "bare", "disk_format": "qcow2", "image_location": "/home/opnfv/functest/images/cirros-0.4.0-x86_64-disk.img"} times: 10 method_name: run timeout: 0 duration: None cls:
2019-06-24 07:39:53.688 1386 RALLYDEBUG rally.task.runner [-] Starting a worker. concurrency: 1 args: {"container_format": "bare", "disk_format": "qcow2", "image_location": "/home/opnfv/functest/images/cirros-0.4.0-x86_64-disk.img"} times: 10 method_name: run timeout: 0 duration: None cls:
2019-06-24 07:39:53.691 1385 INFO rally.task.runner [-] Task af616adf-3b1e-44f6-9a6c-7e4889a2e056 | ITER: 1 START
2019-06-24 07:39:53.691 1387 RALLYDEBUG rally.task.runner [-] Starting a worker. concurrency: 1 args: {"container_format": "bare", "disk_format": "qcow2", "image_location": "/home/opnfv/functest/images/cirros-0.4.0-x86_64-disk.img"} times: 10 method_name: run timeout: 0 duration: None cls:
2019-06-24 07:39:53.694 1386 INFO rally.task.runner [-] Task af616adf-3b1e-44f6-9a6c-7e4889a2e056 | ITER: 2 START
2019-06-24 07:39:53.696 1388 RALLYDEBUG rally.task.runner [-] Starting a worker. concurrency: 1 args: {"container_format": "bare", "disk_format": "qcow2", "image_location": "/home/opnfv/functest/images/cirros-0.4.0-x86_64-disk.img"} times: 10 method_name: run timeout: 0 duration: None cls:
2019-06-24 07:39:53.697 1387 INFO rally.task.runner [-] Task af616adf-3b1e-44f6-9a6c-7e4889a2e056 | ITER: 3 START
2019-06-24 07:39:53.701 1388 INFO rally.task.runner [-] Task af616adf-3b1e-44f6-9a6c-7e4889a2e056 | ITER: 4 START
2019-06-24 07:39:56.991 1388 RALLYDEBUG rally.task.utils [-] Waiting for resource u'3ee84dde-cc90-465f-9528-ab58197c099f'. Status changed: NONE => QUEUED in 0.0464150905609
2019-06-24 07:39:56.994 1387 RALLYDEBUG rally.task.utils [-] Waiting for resource u'e1b50433-b43e-4bff-be53-b59f15e76093'. Status changed: NONE => QUEUED in 0.0542819499969
2019-06-24 07:39:56.997 1385 RALLYDEBUG rally.task.utils [-] Waiting for resource u'1870967a-b161-49fd-8cb1-fef82f604ad0'. Status changed: NONE => QUEUED in 0.0429871082306
2019-06-24 07:39:56.998 1386 RALLYDEBUG rally.task.utils [-] Waiting for resource u'd7aaa389-68be-435b-a1a5-b2315d50ca70'. Status changed: NONE => QUEUED in 0.030063867569
2019-06-24 07:39:57.434 1386 RALLYDEBUG rally.task.utils [-] Waiting for resource s_rally_f0dd2731_u3h4suP8. Status changed: QUEUED => ACTIVE in 0.0185461044312
2019-06-24 07:39:57.569 1386 INFO rally.task.runner [-] Task af616adf-3b1e-44f6-9a6c-7e4889a2e056 | ITER: 2 END: OK
2019-06-24 07:39:57.573 1386 INFO rally.task.runner [-] Task af616adf-3b1e-44f6-9a6c-7e4889a2e056 | ITER: 5 START
2019-06-24 07:39:59.500 1388 RALLYDEBUG rally.task.utils [-] Waiting for resource s_rally_f0dd2731_hiqdn0C0. Status changed: QUEUED => ACTIVE in 0.0228741168976
2019-06-24 07:39:59.541 1387 RALLYDEBUG rally.task.utils [-] Waiting for resource s_rally_f0dd2731_OKlXXMmU. Status changed: QUEUED => ACTIVE in 0.0347809791565
2019-06-24 07:39:59.602 1385 RALLYDEBUG rally.task.utils [-] Waiting for resource s_rally_f0dd2731_1R1PD0Zv. Status changed: QUEUED => ACTIVE in 0.0392889976501
2019-06-24 07:39:59.654 1388 INFO rally.task.runner [-] Task af616adf-3b1e-44f6-9a6c-7e4889a2e056 | ITER: 4 END: OK
2019-06-24 07:39:59.658 1388 INFO rally.task.runner [-] Task af616adf-3b1e-44f6-9a6c-7e4889a2e056 | ITER: 6 START
2019-06-24 07:39:59.659 1387 INFO rally.task.runner [-] Task af616adf-3b1e-44f6-9a6c-7e4889a2e056 | ITER: 3 END: OK
2019-06-24 07:39:59.662 1387 INFO rally.task.runner [-] Task af616adf-3b1e-44f6-9a6c-7e4889a2e056 | ITER: 7 START
2019-06-24 07:39:59.681 1385 INFO rally.task.runner [-] Task af616adf-3b1e-44f6-9a6c-7e4889a2e056 | ITER: 1 END: OK
2019-06-24 07:39:59.684 1385 INFO rally.task.runner [-] Task af616adf-3b1e-44f6-9a6c-7e4889a2e056 | ITER: 8 START
2019-06-24 07:40:00.940 1386 RALLYDEBUG rally.task.utils [-] Waiting for resource u'e2dc0294-e592-422f-9a94-b6dfb3c8e27f'. Status changed: NONE => QUEUED in 0.0338850021362
2019-06-24 07:40:01.798 1386 RALLYDEBUG rally.task.utils [-] Waiting for resource s_rally_f0dd2731_h2kB3ZUV. Status changed: QUEUED => ACTIVE in 0.0166900157928
2019-06-24 07:40:01.862 1386 INFO rally.task.runner [-] Task af616adf-3b1e-44f6-9a6c-7e4889a2e056 | ITER: 5 END: OK
2019-06-24 07:40:01.866 1386 INFO rally.task.runner [-] Task af616adf-3b1e-44f6-9a6c-7e4889a2e056 | ITER: 9 START
2019-06-24 07:40:02.927 1387 RALLYDEBUG rally.task.utils [-] Waiting for resource u'd0a39e07-8fc8-4496-aa46-55104688dd99'. Status changed: NONE => QUEUED in 0.0289618968964
2019-06-24 07:40:02.976 1388 RALLYDEBUG rally.task.utils [-] Waiting for resource u'3655651f-0296-48ad-b098-c982d400ec0f'. Status changed: NONE => QUEUED in 0.0319089889526
2019-06-24 07:40:02.978 1385 RALLYDEBUG rally.task.utils [-] Waiting for resource u'dd02e7a7-e0d4-43a4-9cfc-5c8e33dca75c'. Status changed: NONE => QUEUED in 0.0391449928284
2019-06-24 07:40:03.745 1388 RALLYDEBUG rally.task.utils [-] Waiting for resource s_rally_f0dd2731_J7IDSUnY. Status changed: QUEUED => ACTIVE in 0.0217170715332
2019-06-24 07:40:03.825 1388 INFO rally.task.runner [-] Task af616adf-3b1e-44f6-9a6c-7e4889a2e056 | ITER: 6 END: OK
2019-06-24 07:40:03.829 1388 INFO rally.task.runner [-] Task af616adf-3b1e-44f6-9a6c-7e4889a2e056 | ITER: 10 START
2019-06-24 07:40:04.775 1387 RALLYDEBUG rally.task.utils [-] Waiting for resource s_rally_f0dd2731_mpQv1GMl. Status changed: QUEUED => ACTIVE in 0.0258009433746
2019-06-24 07:40:04.813 1385 RALLYDEBUG rally.task.utils [-] Waiting for resource s_rally_f0dd2731_n2OTxtgI. Status changed: QUEUED => ACTIVE in 0.0272800922394
2019-06-24 07:40:04.866 1387 INFO rally.task.runner [-] Task af616adf-3b1e-44f6-9a6c-7e4889a2e056 | ITER: 7 END: OK
2019-06-24 07:40:04.896 1385 INFO rally.task.runner [-] Task af616adf-3b1e-44f6-9a6c-7e4889a2e056 | ITER: 8 END: OK
2019-06-24 07:40:05.109 1386 RALLYDEBUG rally.task.utils [-] Waiting for resource u'd3db2856-0872-42cd-80f2-fa480a815a65'. Status changed: NONE => QUEUED in 0.029974937439
2019-06-24 07:40:05.882 1386 RALLYDEBUG rally.task.utils [-] Waiting for resource s_rally_f0dd2731_pJqbVaWH. Status changed: QUEUED => ACTIVE in 0.0178170204163
2019-06-24 07:40:05.991 1386 INFO rally.task.runner [-] Task af616adf-3b1e-44f6-9a6c-7e4889a2e056 | ITER: 9 END: OK
2019-06-24 07:40:06.994 1388 RALLYDEBUG rally.task.utils [-] Waiting for resource u'c9a33d36-3b97-4397-9e99-04b47bb83c7d'. Status changed: NONE => QUEUED in 0.0306489467621
2019-06-24 07:40:08.030 1388 RALLYDEBUG rally.task.utils [-] Waiting for resource s_rally_f0dd2731_ToASj3rN. Status changed: QUEUED => ACTIVE in 0.0183157920837
2019-06-24 07:40:08.086 1388 INFO rally.task.runner [-] Task af616adf-3b1e-44f6-9a6c-7e4889a2e056 | ITER: 10 END: OK
2019-06-24 07:40:08.108 725 INFO rally.task.context [-] Task af616adf-3b1e-44f6-9a6c-7e4889a2e056 | Context cleanup@openstack cleanup() started
2019-06-24 07:40:08.110 725 RALLYDEBUG rally_openstack.cleanup.manager [-] Cleaning up glance images objects
2019-06-24 07:40:10.420 725 RALLYDEBUG rally_openstack.cleanup.manager [-] Deleting glance.images object s_rally_f0dd2731_mpQv1GMl (d0a39e07-8fc8-4496-aa46-55104688dd99)
2019-06-24 07:40:10.422 725 RALLYDEBUG rally_openstack.cleanup.manager [-] Deleting glance.images object s_rally_f0dd2731_J7IDSUnY (3655651f-0296-48ad-b098-c982d400ec0f)
2019-06-24 07:40:10.432 725 RALLYDEBUG rally_openstack.cleanup.manager [-] Deleting glance.images object s_rally_f0dd2731_ToASj3rN (c9a33d36-3b97-4397-9e99-04b47bb83c7d)
2019-06-24 07:40:10.433 725 RALLYDEBUG rally_openstack.cleanup.manager [-] Deleting glance.images object s_rally_f0dd2731_h2kB3ZUV (e2dc0294-e592-422f-9a94-b6dfb3c8e27f)
2019-06-24 07:40:10.446 725 RALLYDEBUG rally_openstack.cleanup.manager [-] Deleting glance.images object s_rally_f0dd2731_n2OTxtgI (dd02e7a7-e0d4-43a4-9cfc-5c8e33dca75c)
2019-06-24 07:40:10.448 725 RALLYDEBUG rally_openstack.cleanup.manager [-] Deleting glance.images object s_rally_f0dd2731_1R1PD0Zv (1870967a-b161-49fd-8cb1-fef82f604ad0)
2019-06-24 07:40:10.451 725 RALLYDEBUG rally_openstack.cleanup.manager [-] Deleting glance.images object s_rally_f0dd2731_hiqdn0C0 (3ee84dde-cc90-465f-9528-ab58197c099f)
2019-06-24 07:40:10.451 725 RALLYDEBUG rally_openstack.cleanup.manager [-] Deleting glance.images object s_rally_f0dd2731_u3h4suP8 (d7aaa389-68be-435b-a1a5-b2315d50ca70)
2019-06-24 07:40:10.468 725 RALLYDEBUG rally_openstack.cleanup.manager [-] Deleting glance.images object s_rally_f0dd2731_OKlXXMmU (e1b50433-b43e-4bff-be53-b59f15e76093)
2019-06-24 07:40:10.476 725 RALLYDEBUG rally_openstack.cleanup.manager [-] Deleting glance.images object s_rally_f0dd2731_pJqbVaWH (d3db2856-0872-42cd-80f2-fa480a815a65)
2019-06-24 07:40:11.767 725 DEBUG glanceclient.common.http [-] Request returned failure status 404. _handle_response /usr/lib/python2.7/site-packages/glanceclient/common/http.py:125
2019-06-24 07:40:11.779 725 DEBUG glanceclient.common.http [-] Request returned failure status 404. _handle_response /usr/lib/python2.7/site-packages/glanceclient/common/http.py:125
2019-06-24 07:40:12.843 725 DEBUG glanceclient.common.http [-] Request returned failure status 404. _handle_response /usr/lib/python2.7/site-packages/glanceclient/common/http.py:125
2019-06-24 07:40:12.850 725 DEBUG glanceclient.common.http [-] Request returned failure status 404. _handle_response /usr/lib/python2.7/site-packages/glanceclient/common/http.py:125
2019-06-24 07:40:12.856 725 DEBUG glanceclient.common.http [-] Request returned failure status 404. _handle_response /usr/lib/python2.7/site-packages/glanceclient/common/http.py:125
2019-06-24 07:40:12.860 725 DEBUG glanceclient.common.http [-] Request returned failure status 404. _handle_response /usr/lib/python2.7/site-packages/glanceclient/common/http.py:125
2019-06-24 07:40:12.865 725 DEBUG glanceclient.common.http [-] Request returned failure status 404. _handle_response /usr/lib/python2.7/site-packages/glanceclient/common/http.py:125
2019-06-24 07:40:12.869 725 DEBUG glanceclient.common.http [-] Request returned failure status 404. _handle_response /usr/lib/python2.7/site-packages/glanceclient/common/http.py:125
2019-06-24 07:40:13.811 725 DEBUG glanceclient.common.http [-] Request returned failure status 404. _handle_response /usr/lib/python2.7/site-packages/glanceclient/common/http.py:125
2019-06-24 07:40:13.829 725 DEBUG glanceclient.common.http [-] Request returned failure status 404. _handle_response /usr/lib/python2.7/site-packages/glanceclient/common/http.py:125
2019-06-24 07:40:13.853 725 DEBUG glanceclient.common.http [-] Request returned failure status 404. _handle_response /usr/lib/python2.7/site-packages/glanceclient/common/http.py:125
2019-06-24 07:40:13.867 725 DEBUG glanceclient.common.http [-] Request returned failure status 404. _handle_response /usr/lib/python2.7/site-packages/glanceclient/common/http.py:125
2019-06-24 07:40:16.029 725 DEBUG glanceclient.common.http [-] Request returned failure status 404. _handle_response /usr/lib/python2.7/site-packages/glanceclient/common/http.py:125
2019-06-24 07:40:16.065 725 DEBUG glanceclient.common.http [-] Request returned failure status 404. _handle_response /usr/lib/python2.7/site-packages/glanceclient/common/http.py:125
2019-06-24 07:40:16.067 725 DEBUG glanceclient.common.http [-] Request returned failure status 404. _handle_response /usr/lib/python2.7/site-packages/glanceclient/common/http.py:125
2019-06-24 07:40:16.069 725 DEBUG glanceclient.common.http [-] Request returned failure status 404. _handle_response /usr/lib/python2.7/site-packages/glanceclient/common/http.py:125
2019-06-24 07:40:16.093 725 DEBUG glanceclient.common.http [-] Request returned failure status 404. _handle_response /usr/lib/python2.7/site-packages/glanceclient/common/http.py:125
2019-06-24 07:40:16.096 725 DEBUG glanceclient.common.http [-] Request returned failure status 404. _handle_response /usr/lib/python2.7/site-packages/glanceclient/common/http.py:125
2019-06-24 07:40:16.133 725 DEBUG glanceclient.common.http [-] Request returned failure status 404. _handle_response /usr/lib/python2.7/site-packages/glanceclient/common/http.py:125
2019-06-24 07:40:16.151 725 DEBUG glanceclient.common.http [-] Request returned failure status 404. _handle_response /usr/lib/python2.7/site-packages/glanceclient/common/http.py:125
2019-06-24 07:40:17.154 725 INFO rally.task.context [-] Task af616adf-3b1e-44f6-9a6c-7e4889a2e056 | Context cleanup@openstack cleanup() finished in 9.05 sec
2019-06-24 07:40:17.154 725 INFO rally.task.context [-] Task af616adf-3b1e-44f6-9a6c-7e4889a2e056 | Context users@openstack cleanup() started
2019-06-24 07:40:23.976 725 INFO rally.task.context [-] Task af616adf-3b1e-44f6-9a6c-7e4889a2e056 | Context users@openstack cleanup() finished in 6.82 sec
2019-06-24 07:40:25.434 725 INFO rally.task.engine [-] Load duration is: 13.534925
2019-06-24 07:40:25.434 725 INFO rally.task.engine [-] Full runner duration is: 14.436737
2019-06-24 07:40:25.435 725 INFO rally.task.engine [-] Full duration is: 34.716989
2019-06-24 07:40:25.670 725 INFO rally.task.engine [-] Running workload: position = 0 config = { "version": 2, "title": "A cropped version of a bigger task.", "description": "Auto-generated task from a single workload (uuid=6b025e94-8b02-4072-b346-30e7eb716479)", "subtasks": [ { "title": "GlanceImages.create_and_download_image", "description": "Create an image, then download data of the image.", "scenario": { "GlanceImages.create_and_download_image": { "container_format": "bare", "disk_format": "qcow2", "image_location": "/home/opnfv/functest/images/cirros-0.4.0-x86_64-disk.img" } }, "contexts": { "users": { "tenants": 3, "users_per_tenant": 2 } }, "runner": { "constant": { "concurrency": 4, "times": 10 } }, "hooks": [], "sla": { "failure_rate": { "max": 0 } } } ] }
2019-06-24 07:40:25.695 725 RALLYDEBUG rally_openstack.contexts.keystone.users [-] Creating 3 tenants using 20 threads
2019-06-24 07:40:27.492 725 RALLYDEBUG rally_openstack.contexts.keystone.users [-] Creating 6 users using 20 threads
2019-06-24 07:40:30.069 725 INFO rally.task.context [-] Task af616adf-3b1e-44f6-9a6c-7e4889a2e056 | Context users@openstack setup() finished in 4.37 sec
2019-06-24 07:40:30.069 725 INFO rally.task.context [-] Task af616adf-3b1e-44f6-9a6c-7e4889a2e056 | Context cleanup@openstack setup() finished in 0.01 msec
2019-06-24 07:40:30.077 725 RALLYDEBUG rally.task.runner [-] Starting the constant runner (task UUID: af616adf-3b1e-44f6-9a6c-7e4889a2e056). timeout: 0 concurrency: 4 concurrency_per_worker: 1 times: 10 concurrency_overhead: 0 processes_to_start: 4 max_cpu_used: 16
2019-06-24 07:40:30.089 1509 RALLYDEBUG rally.task.runner [-] Starting a worker. concurrency: 1 args: {"container_format": "bare", "disk_format": "qcow2", "image_location": "/home/opnfv/functest/images/cirros-0.4.0-x86_64-disk.img"} times: 10 method_name: run timeout: 0 duration: None cls:
2019-06-24 07:40:30.094 1510 RALLYDEBUG rally.task.runner [-] Starting a worker. concurrency: 1 args: {"container_format": "bare", "disk_format": "qcow2", "image_location": "/home/opnfv/functest/images/cirros-0.4.0-x86_64-disk.img"} times: 10 method_name: run timeout: 0 duration: None cls:
2019-06-24 07:40:30.094 1509 INFO rally.task.runner [-] Task af616adf-3b1e-44f6-9a6c-7e4889a2e056 | ITER: 1 START
2019-06-24 07:40:30.096 1511 RALLYDEBUG rally.task.runner [-] Starting a worker. concurrency: 1 args: {"container_format": "bare", "disk_format": "qcow2", "image_location": "/home/opnfv/functest/images/cirros-0.4.0-x86_64-disk.img"} times: 10 method_name: run timeout: 0 duration: None cls:
2019-06-24 07:40:30.099 1512 RALLYDEBUG rally.task.runner [-] Starting a worker. concurrency: 1 args: {"container_format": "bare", "disk_format": "qcow2", "image_location": "/home/opnfv/functest/images/cirros-0.4.0-x86_64-disk.img"} times: 10 method_name: run timeout: 0 duration: None cls:
2019-06-24 07:40:30.100 1510 INFO rally.task.runner [-] Task af616adf-3b1e-44f6-9a6c-7e4889a2e056 | ITER: 2 START
2019-06-24 07:40:30.102 1511 INFO rally.task.runner [-] Task af616adf-3b1e-44f6-9a6c-7e4889a2e056 | ITER: 3 START
2019-06-24 07:40:30.104 1512 INFO rally.task.runner [-] Task af616adf-3b1e-44f6-9a6c-7e4889a2e056 | ITER: 4 START
2019-06-24 07:40:33.383 1511 RALLYDEBUG rally.task.utils [-] Waiting for resource u'5b4a7d42-42d3-4757-ad73-c2f734401b0d'. Status changed: NONE => QUEUED in 0.0318281650543
2019-06-24 07:40:33.420 1512 RALLYDEBUG rally.task.utils [-] Waiting for resource u'a5136c3c-2ab3-4bb3-b313-55d73ebe5faf'. Status changed: NONE => QUEUED in 0.0465741157532
2019-06-24 07:40:33.421 1509 RALLYDEBUG rally.task.utils [-] Waiting for resource u'ffb19bc3-98ca-406c-a7c8-10a0444f949d'. Status changed: NONE => QUEUED in 0.0380201339722
2019-06-24 07:40:33.427 1510 RALLYDEBUG rally.task.utils [-] Waiting for resource u'2e7e397c-329d-4b10-8e9b-e05c7a044dc9'. Status changed: NONE => QUEUED in 0.0425398349762
2019-06-24 07:40:34.922 1512 RALLYDEBUG rally.task.utils [-] Waiting for resource s_rally_6b025e94_8Deh7fE9. Status changed: QUEUED => ACTIVE in 0.017902135849
2019-06-24 07:40:34.924 1511 RALLYDEBUG rally.task.utils [-] Waiting for resource s_rally_6b025e94_AVSRHZXQ. Status changed: QUEUED => ACTIVE in 0.0192289352417
2019-06-24 07:40:35.083 1512 INFO rally.task.runner [-] Task af616adf-3b1e-44f6-9a6c-7e4889a2e056 | ITER: 4 END: OK
2019-06-24 07:40:35.086 1512 INFO rally.task.runner [-] Task af616adf-3b1e-44f6-9a6c-7e4889a2e056 | ITER: 5 START
2019-06-24 07:40:35.112 1511 INFO rally.task.runner [-] Task af616adf-3b1e-44f6-9a6c-7e4889a2e056 | ITER: 3 END: OK
2019-06-24 07:40:35.115 1511 INFO rally.task.runner [-] Task af616adf-3b1e-44f6-9a6c-7e4889a2e056 | ITER: 6 START
2019-06-24 07:40:35.126 1509 RALLYDEBUG rally.task.utils [-] Waiting for resource s_rally_6b025e94_eMefYYXN. Status changed: QUEUED => ACTIVE in 0.168314933777
2019-06-24 07:40:35.132 1510 RALLYDEBUG rally.task.utils [-] Waiting for resource s_rally_6b025e94_aVa5yhMP. Status changed: QUEUED => ACTIVE in 0.173931121826
2019-06-24 07:40:35.413 1509 INFO rally.task.runner [-] Task af616adf-3b1e-44f6-9a6c-7e4889a2e056 | ITER: 1 END: OK
2019-06-24 07:40:35.417 1509 INFO rally.task.runner [-] Task af616adf-3b1e-44f6-9a6c-7e4889a2e056 | ITER: 7 START
2019-06-24 07:40:35.421 1510 INFO rally.task.runner [-] Task af616adf-3b1e-44f6-9a6c-7e4889a2e056 | ITER: 2 END: OK
2019-06-24 07:40:35.425 1510 INFO rally.task.runner [-] Task af616adf-3b1e-44f6-9a6c-7e4889a2e056 | ITER: 8 START
2019-06-24 07:40:38.415 1512 RALLYDEBUG rally.task.utils [-] Waiting for resource u'6b474ba8-9c1d-4257-8b0c-8dca122a1c25'. Status changed: NONE => QUEUED in 0.0396621227264
2019-06-24 07:40:38.419 1511 RALLYDEBUG rally.task.utils [-] Waiting for resource u'fdaa625a-d84e-4967-9d6d-e84036d31090'. Status changed: NONE => QUEUED in 0.033842086792
2019-06-24 07:40:39.448 1509 RALLYDEBUG rally.task.utils [-] Waiting for resource u'86431bd9-ca2f-4d58-b2bb-b0b6ca10e83e'. Status changed: NONE => QUEUED in 0.86235499382
2019-06-24 07:40:39.519 1510 RALLYDEBUG rally.task.utils [-] Waiting for resource u'2a5aab5f-5956-4d7e-9a87-8b2b7aea0abe'. Status changed: NONE => QUEUED in 0.79595708847
2019-06-24 07:40:40.913 1512 RALLYDEBUG rally.task.utils [-] Waiting for resource s_rally_6b025e94_BV5TD5dE. Status changed: QUEUED => ACTIVE in 0.199826002121
2019-06-24 07:40:41.645 1512 INFO rally.task.runner [-] Task af616adf-3b1e-44f6-9a6c-7e4889a2e056 | ITER: 5 END: OK
2019-06-24 07:40:41.648 1512 INFO rally.task.runner [-] Task af616adf-3b1e-44f6-9a6c-7e4889a2e056 | ITER: 9 START
2019-06-24 07:40:42.820 1511 RALLYDEBUG rally.task.utils [-] Waiting for resource s_rally_6b025e94_3pbEyJej. Status changed: QUEUED => ACTIVE in 1.30053281784
2019-06-24 07:40:42.883 1509 RALLYDEBUG rally.task.utils [-] Waiting for resource s_rally_6b025e94_sVWYKjhB. Status changed: QUEUED => ACTIVE in 0.0337679386139
2019-06-24 07:40:43.022 1511 INFO rally.task.runner [-] Task af616adf-3b1e-44f6-9a6c-7e4889a2e056 | ITER: 6 END: OK
2019-06-24 07:40:43.026 1511 INFO rally.task.runner [-] Task af616adf-3b1e-44f6-9a6c-7e4889a2e056 | ITER: 10 START
2019-06-24 07:40:43.080 1510 RALLYDEBUG rally.task.utils [-] Waiting for resource s_rally_6b025e94_dJMj8eDV. Status changed: QUEUED => ACTIVE in 0.0283689498901
2019-06-24 07:40:43.205 1509 INFO rally.task.runner [-] Task af616adf-3b1e-44f6-9a6c-7e4889a2e056 | ITER: 7 END: OK
2019-06-24 07:40:43.358 1510 INFO rally.task.runner [-] Task af616adf-3b1e-44f6-9a6c-7e4889a2e056 | ITER: 8 END: OK
2019-06-24 07:40:44.934 1512 RALLYDEBUG rally.task.utils [-] Waiting for resource u'9207403f-f487-493e-a169-ebf94b31cc62'. Status changed: NONE => QUEUED in 0.0304470062256
2019-06-24 07:40:45.677 1512 RALLYDEBUG rally.task.utils [-] Waiting for resource s_rally_6b025e94_vgfJfN4O. Status changed: QUEUED => ACTIVE in 0.017382144928
2019-06-24 07:40:46.046 1512 INFO rally.task.runner [-] Task af616adf-3b1e-44f6-9a6c-7e4889a2e056 | ITER: 9 END: OK
2019-06-24 07:40:46.411 1511 RALLYDEBUG rally.task.utils [-] Waiting for resource u'a4ed9a8f-74dc-49c2-b90c-33cbbb67fc23'. Status changed: NONE => QUEUED in 0.0286848545074
2019-06-24 07:40:47.744 1511 RALLYDEBUG rally.task.utils [-] Waiting for resource s_rally_6b025e94_euaQEmaM. Status changed: QUEUED => ACTIVE in 0.0172560214996
2019-06-24 07:40:48.098 1511 INFO rally.task.runner [-] Task af616adf-3b1e-44f6-9a6c-7e4889a2e056 | ITER: 10 END: OK
2019-06-24 07:40:48.127 725 INFO rally.task.context [-] Task af616adf-3b1e-44f6-9a6c-7e4889a2e056 | Context cleanup@openstack cleanup() started
2019-06-24 07:40:48.129 725 RALLYDEBUG rally_openstack.cleanup.manager [-] Cleaning up glance images objects
2019-06-24 07:40:50.336 725 RALLYDEBUG rally_openstack.cleanup.manager [-] Deleting glance.images object s_rally_6b025e94_sVWYKjhB (86431bd9-ca2f-4d58-b2bb-b0b6ca10e83e)
2019-06-24 07:40:50.336 725 RALLYDEBUG rally_openstack.cleanup.manager [-] Deleting glance.images object s_rally_6b025e94_dJMj8eDV (2a5aab5f-5956-4d7e-9a87-8b2b7aea0abe)
2019-06-24 07:40:50.337 725 RALLYDEBUG rally_openstack.cleanup.manager [-] Deleting glance.images object s_rally_6b025e94_vgfJfN4O (9207403f-f487-493e-a169-ebf94b31cc62)
2019-06-24 07:40:50.342 725 RALLYDEBUG rally_openstack.cleanup.manager [-] Deleting glance.images object s_rally_6b025e94_AVSRHZXQ (5b4a7d42-42d3-4757-ad73-c2f734401b0d)
2019-06-24 07:40:50.346 725 RALLYDEBUG rally_openstack.cleanup.manager [-] Deleting glance.images object s_rally_6b025e94_3pbEyJej (fdaa625a-d84e-4967-9d6d-e84036d31090)
2019-06-24 07:40:50.347 725 RALLYDEBUG rally_openstack.cleanup.manager [-] Deleting glance.images object s_rally_6b025e94_euaQEmaM (a4ed9a8f-74dc-49c2-b90c-33cbbb67fc23)
2019-06-24 07:40:50.350 725 RALLYDEBUG rally_openstack.cleanup.manager [-] Deleting glance.images object s_rally_6b025e94_eMefYYXN (ffb19bc3-98ca-406c-a7c8-10a0444f949d)
2019-06-24 07:40:50.357 725 RALLYDEBUG rally_openstack.cleanup.manager [-] Deleting glance.images object s_rally_6b025e94_8Deh7fE9 (a5136c3c-2ab3-4bb3-b313-55d73ebe5faf)
2019-06-24 07:40:50.360 725 RALLYDEBUG rally_openstack.cleanup.manager [-] Deleting glance.images object s_rally_6b025e94_aVa5yhMP (2e7e397c-329d-4b10-8e9b-e05c7a044dc9)
2019-06-24 07:40:50.361 725 RALLYDEBUG rally_openstack.cleanup.manager [-] Deleting glance.images object s_rally_6b025e94_BV5TD5dE (6b474ba8-9c1d-4257-8b0c-8dca122a1c25)
2019-06-24 07:40:52.706 725 DEBUG glanceclient.common.http [-] Request returned failure status 404. _handle_response /usr/lib/python2.7/site-packages/glanceclient/common/http.py:125
2019-06-24 07:40:52.726 725 DEBUG glanceclient.common.http [-] Request returned failure status 404. _handle_response /usr/lib/python2.7/site-packages/glanceclient/common/http.py:125
2019-06-24 07:40:52.729 725 DEBUG glanceclient.common.http [-] Request returned failure status 404. _handle_response /usr/lib/python2.7/site-packages/glanceclient/common/http.py:125
2019-06-24 07:40:52.740 725 DEBUG glanceclient.common.http [-] Request returned failure status 404. _handle_response /usr/lib/python2.7/site-packages/glanceclient/common/http.py:125
2019-06-24 07:40:53.791 725 DEBUG glanceclient.common.http [-] Request returned failure status 404. _handle_response /usr/lib/python2.7/site-packages/glanceclient/common/http.py:125
2019-06-24 07:40:53.800 725 DEBUG glanceclient.common.http [-] Request returned failure status 404. _handle_response /usr/lib/python2.7/site-packages/glanceclient/common/http.py:125
2019-06-24 07:40:53.803 725 DEBUG glanceclient.common.http [-] Request returned failure status 404. _handle_response /usr/lib/python2.7/site-packages/glanceclient/common/http.py:125
2019-06-24 07:40:53.816 725 DEBUG glanceclient.common.http [-] Request returned failure status 404. _handle_response /usr/lib/python2.7/site-packages/glanceclient/common/http.py:125
2019-06-24 07:40:53.819 725 DEBUG glanceclient.common.http [-] Request returned failure status 404. _handle_response /usr/lib/python2.7/site-packages/glanceclient/common/http.py:125
2019-06-24 07:40:53.821 725 DEBUG glanceclient.common.http [-] Request returned failure status 404. _handle_response /usr/lib/python2.7/site-packages/glanceclient/common/http.py:125
2019-06-24 07:40:53.825 725 DEBUG glanceclient.common.http [-] Request returned failure status 404. _handle_response /usr/lib/python2.7/site-packages/glanceclient/common/http.py:125
2019-06-24 07:40:53.827 725 DEBUG glanceclient.common.http [-] Request returned failure status 404. _handle_response /usr/lib/python2.7/site-packages/glanceclient/common/http.py:125
2019-06-24 07:40:53.837 725 DEBUG glanceclient.common.http [-] Request returned failure status 404. _handle_response /usr/lib/python2.7/site-packages/glanceclient/common/http.py:125
2019-06-24 07:40:53.839 725 DEBUG glanceclient.common.http [-] Request returned failure status 404. _handle_response /usr/lib/python2.7/site-packages/glanceclient/common/http.py:125
2019-06-24 07:40:54.856 725 DEBUG glanceclient.common.http [-] Request returned failure status 404. _handle_response /usr/lib/python2.7/site-packages/glanceclient/common/http.py:125
2019-06-24 07:40:54.860 725 DEBUG glanceclient.common.http [-] Request returned failure status 404. _handle_response /usr/lib/python2.7/site-packages/glanceclient/common/http.py:125
2019-06-24 07:40:54.878 725 DEBUG glanceclient.common.http [-] Request returned failure status 404. _handle_response /usr/lib/python2.7/site-packages/glanceclient/common/http.py:125
2019-06-24 07:40:54.880 725 DEBUG glanceclient.common.http [-] Request returned failure status 404. _handle_response /usr/lib/python2.7/site-packages/glanceclient/common/http.py:125
2019-06-24 07:40:54.897 725 DEBUG glanceclient.common.http [-] Request returned failure status 404. _handle_response /usr/lib/python2.7/site-packages/glanceclient/common/http.py:125
2019-06-24 07:40:54.914 725 DEBUG glanceclient.common.http [-] Request returned failure status 404. _handle_response /usr/lib/python2.7/site-packages/glanceclient/common/http.py:125
2019-06-24 07:40:55.916 725 INFO rally.task.context [-] Task af616adf-3b1e-44f6-9a6c-7e4889a2e056 | Context cleanup@openstack cleanup() finished in 7.79 sec
2019-06-24 07:40:55.917 725 INFO rally.task.context [-] Task af616adf-3b1e-44f6-9a6c-7e4889a2e056 | Context users@openstack cleanup() started
2019-06-24 07:41:02.736 725 INFO rally.task.context [-] Task af616adf-3b1e-44f6-9a6c-7e4889a2e056 | Context users@openstack cleanup() finished in 6.82 sec
2019-06-24 07:41:03.849 725 INFO rally.task.engine [-] Load duration is: 17.103493
2019-06-24 07:41:03.850 725 INFO rally.task.engine [-] Full runner duration is: 18.049779
2019-06-24 07:41:03.850 725 INFO rally.task.engine [-] Full duration is: 37.043582
2019-06-24 07:41:04.078 725 INFO rally.task.engine [-] Running workload: position = 0 config = { "version": 2, "title": "A cropped version of a bigger task.", "description": "Auto-generated task from a single workload (uuid=c9598067-2d83-47a9-ac3e-f4c7095647ea)", "subtasks": [ { "title": "GlanceImages.create_and_get_image", "description": "Create and get detailed information of an image.", "scenario": { "GlanceImages.create_and_get_image": { "container_format": "bare", "disk_format": "qcow2", "image_location": "/home/opnfv/functest/images/cirros-0.4.0-x86_64-disk.img" } }, "contexts": { "users": { "tenants": 3, "users_per_tenant": 2 } }, "runner": { "constant": { "concurrency": 4, "times": 10 } }, "hooks": [], "sla": { "failure_rate": { "max": 0 } } } ] }
2019-06-24 07:41:04.101 725 RALLYDEBUG rally_openstack.contexts.keystone.users [-] Creating 3 tenants using 20 threads
2019-06-24 07:41:05.926 725 RALLYDEBUG rally_openstack.contexts.keystone.users [-] Creating 6 users using 20 threads
2019-06-24 07:41:08.689 725 INFO rally.task.context [-] Task af616adf-3b1e-44f6-9a6c-7e4889a2e056 | Context users@openstack setup() finished in 4.59 sec
2019-06-24 07:41:08.690 725 INFO rally.task.context [-] Task af616adf-3b1e-44f6-9a6c-7e4889a2e056 | Context cleanup@openstack setup() finished in 0.00 msec
2019-06-24 07:41:08.697 725 RALLYDEBUG rally.task.runner [-] Starting the constant runner (task UUID: af616adf-3b1e-44f6-9a6c-7e4889a2e056). timeout: 0 concurrency: 4 concurrency_per_worker: 1 times: 10 concurrency_overhead: 0 processes_to_start: 4 max_cpu_used: 16
2019-06-24 07:41:08.707 1633 RALLYDEBUG rally.task.runner [-] Starting a worker. concurrency: 1 args: {"container_format": "bare", "disk_format": "qcow2", "image_location": "/home/opnfv/functest/images/cirros-0.4.0-x86_64-disk.img"} times: 10 method_name: run timeout: 0 duration: None cls:
2019-06-24 07:41:08.711 1633 INFO rally.task.runner [-] Task af616adf-3b1e-44f6-9a6c-7e4889a2e056 | ITER: 1 START
2019-06-24 07:41:08.712 1634 RALLYDEBUG rally.task.runner [-] Starting a worker. concurrency: 1 args: {"container_format": "bare", "disk_format": "qcow2", "image_location": "/home/opnfv/functest/images/cirros-0.4.0-x86_64-disk.img"} times: 10 method_name: run timeout: 0 duration: None cls:
2019-06-24 07:41:08.714 1635 RALLYDEBUG rally.task.runner [-] Starting a worker. concurrency: 1 args: {"container_format": "bare", "disk_format": "qcow2", "image_location": "/home/opnfv/functest/images/cirros-0.4.0-x86_64-disk.img"} times: 10 method_name: run timeout: 0 duration: None cls:
2019-06-24 07:41:08.718 1634 INFO rally.task.runner [-] Task af616adf-3b1e-44f6-9a6c-7e4889a2e056 | ITER: 2 START
2019-06-24 07:41:08.718 1638 RALLYDEBUG rally.task.runner [-] Starting a worker. concurrency: 1 args: {"container_format": "bare", "disk_format": "qcow2", "image_location": "/home/opnfv/functest/images/cirros-0.4.0-x86_64-disk.img"} times: 10 method_name: run timeout: 0 duration: None cls:
2019-06-24 07:41:08.719 1635 INFO rally.task.runner [-] Task af616adf-3b1e-44f6-9a6c-7e4889a2e056 | ITER: 3 START
2019-06-24 07:41:08.723 1638 INFO rally.task.runner [-] Task af616adf-3b1e-44f6-9a6c-7e4889a2e056 | ITER: 4 START
2019-06-24 07:41:12.007 1633 RALLYDEBUG rally.task.utils [-] Waiting for resource u'6df53bde-0a2c-497f-90ab-1d7e55874f89'. Status changed: NONE => QUEUED in 0.0293650627136
2019-06-24 07:41:12.019 1635 RALLYDEBUG rally.task.utils [-] Waiting for resource u'1e56bf4e-ca7e-4b10-91f7-d7625ea6d951'. Status changed: NONE => QUEUED in 0.0274798870087
2019-06-24 07:41:12.037 1638 RALLYDEBUG rally.task.utils [-] Waiting for resource u'b27ea35f-26b4-42f6-b7da-dc7994de2722'. Status changed: NONE => QUEUED in 0.0380499362946
2019-06-24 07:41:12.040 1634 RALLYDEBUG rally.task.utils [-] Waiting for resource u'0e52ca7b-3b9f-47da-b71f-57aaf0bd2376'. Status changed: NONE => QUEUED in 0.0461950302124
2019-06-24 07:41:12.403 1635 RALLYDEBUG rally.task.utils [-] Waiting for resource s_rally_c9598067_qYSaqh92. Status changed: QUEUED => ACTIVE in 0.0183610916138
2019-06-24 07:41:12.403 1633 RALLYDEBUG rally.task.utils [-] Waiting for resource s_rally_c9598067_Ago25RhR. Status changed: QUEUED => ACTIVE in 0.018572807312
2019-06-24 07:41:12.421 1635 INFO rally.task.runner [-] Task af616adf-3b1e-44f6-9a6c-7e4889a2e056 | ITER: 3 END: OK
2019-06-24 07:41:12.421 1633 INFO rally.task.runner [-] Task af616adf-3b1e-44f6-9a6c-7e4889a2e056 | ITER: 1 END: OK
2019-06-24 07:41:12.425 1635 INFO rally.task.runner [-] Task af616adf-3b1e-44f6-9a6c-7e4889a2e056 | ITER: 5 START
2019-06-24 07:41:12.425 1633 INFO rally.task.runner [-] Task af616adf-3b1e-44f6-9a6c-7e4889a2e056 | ITER: 6 START
2019-06-24 07:41:14.477 1634 RALLYDEBUG rally.task.utils [-] Waiting for resource s_rally_c9598067_9FCfjAw1. Status changed: QUEUED => ACTIVE in 0.025041103363
2019-06-24 07:41:14.501 1634 INFO rally.task.runner [-] Task af616adf-3b1e-44f6-9a6c-7e4889a2e056 | ITER: 2 END: OK
2019-06-24 07:41:14.503 1638 RALLYDEBUG rally.task.utils [-] Waiting for resource s_rally_c9598067_zAAWZOYf. Status changed: QUEUED => ACTIVE in 0.0234889984131
2019-06-24 07:41:14.505 1634 INFO rally.task.runner [-] Task af616adf-3b1e-44f6-9a6c-7e4889a2e056 | ITER: 7 START
2019-06-24 07:41:14.519 1638 INFO rally.task.runner [-] Task af616adf-3b1e-44f6-9a6c-7e4889a2e056 | ITER: 4 END: OK
2019-06-24 07:41:14.523 1638 INFO rally.task.runner [-] Task af616adf-3b1e-44f6-9a6c-7e4889a2e056 | ITER: 8 START
2019-06-24 07:41:15.702 1635 RALLYDEBUG rally.task.utils [-] Waiting for resource u'a5e6d117-2a5e-4a28-9afd-183d3de995b7'. Status changed: NONE => QUEUED in 0.0260391235352
2019-06-24 07:41:15.710 1633 RALLYDEBUG rally.task.utils [-] Waiting for resource u'13da2ba8-a293-4744-8cf0-30c77d1c7c6c'. Status changed: NONE => QUEUED in 0.0277519226074
2019-06-24 07:41:16.666 1633 RALLYDEBUG rally.task.utils [-] Waiting for resource s_rally_c9598067_5fTPJFot. Status changed: QUEUED => ACTIVE in 0.0195631980896
2019-06-24 07:41:16.675 1635 RALLYDEBUG rally.task.utils [-] Waiting for resource s_rally_c9598067_NwPbo1IF. Status changed: QUEUED => ACTIVE in 0.0215229988098
2019-06-24 07:41:16.685 1633 INFO rally.task.runner [-] Task af616adf-3b1e-44f6-9a6c-7e4889a2e056 | ITER: 6 END: OK
2019-06-24 07:41:16.688 1633 INFO rally.task.runner [-] Task af616adf-3b1e-44f6-9a6c-7e4889a2e056 | ITER: 9 START
2019-06-24 07:41:16.694 1635 INFO rally.task.runner [-] Task af616adf-3b1e-44f6-9a6c-7e4889a2e056 | ITER: 5 END: OK
2019-06-24 07:41:16.697 1635 INFO rally.task.runner [-] Task af616adf-3b1e-44f6-9a6c-7e4889a2e056 | ITER: 10 START
2019-06-24 07:41:17.707 1638 RALLYDEBUG rally.task.utils [-] Waiting for resource u'5b0bf8bf-32ee-44d7-b0c8-385646668639'. Status changed: NONE => QUEUED in 0.029599905014
2019-06-24 07:41:17.758 1634 RALLYDEBUG rally.task.utils [-] Waiting for resource u'ac00c291-c2da-4fed-a1f9-706cc76d1a0b'. Status changed: NONE => QUEUED in 0.0341200828552
2019-06-24 07:41:18.630 1634 RALLYDEBUG rally.task.utils [-] Waiting for resource s_rally_c9598067_lLqFWJUi. Status changed: QUEUED => ACTIVE in 0.0174508094788
2019-06-24 07:41:18.632 1638 RALLYDEBUG rally.task.utils [-] Waiting for resource s_rally_c9598067_8ZXXKqDv. Status changed: QUEUED => ACTIVE in 0.019299030304
2019-06-24 07:41:18.647 1634 INFO rally.task.runner [-] Task af616adf-3b1e-44f6-9a6c-7e4889a2e056 | ITER: 7 END: OK
2019-06-24 07:41:18.651 1638 INFO rally.task.runner [-] Task af616adf-3b1e-44f6-9a6c-7e4889a2e056 | ITER: 8 END: OK
2019-06-24 07:41:19.969 1635 RALLYDEBUG rally.task.utils [-] Waiting for resource u'55fef5e7-eead-4fa9-b1b5-d0689e8c956d'. Status changed: NONE => QUEUED in 0.0313379764557
2019-06-24 07:41:20.629 1633 RALLYDEBUG rally.task.utils [-] Waiting for resource u'acf29404-139e-4387-8714-b272c8977391'. Status changed: NONE => QUEUED in 0.0280268192291
2019-06-24 07:41:20.724 1635 RALLYDEBUG rally.task.utils [-] Waiting for resource s_rally_c9598067_uVEFHt2A. Status changed: QUEUED => ACTIVE in 0.0222399234772
2019-06-24 07:41:20.749 1635 INFO rally.task.runner [-] Task af616adf-3b1e-44f6-9a6c-7e4889a2e056 | ITER: 10 END: OK
2019-06-24 07:41:21.905 1633 RALLYDEBUG rally.task.utils [-] Waiting for resource s_rally_c9598067_XAyLHeVH. Status changed: QUEUED => ACTIVE in 0.0194990634918
2019-06-24 07:41:21.923 1633 INFO rally.task.runner [-] Task af616adf-3b1e-44f6-9a6c-7e4889a2e056 | ITER: 9 END: OK
2019-06-24 07:41:21.946 725 INFO rally.task.context [-] Task af616adf-3b1e-44f6-9a6c-7e4889a2e056 | Context cleanup@openstack cleanup() started
2019-06-24 07:41:21.949 725 RALLYDEBUG rally_openstack.cleanup.manager [-] Cleaning up glance images objects
2019-06-24 07:41:24.081 725 RALLYDEBUG rally_openstack.cleanup.manager [-] Deleting glance.images object s_rally_c9598067_NwPbo1IF (a5e6d117-2a5e-4a28-9afd-183d3de995b7)
2019-06-24 07:41:24.084 725 RALLYDEBUG rally_openstack.cleanup.manager [-] Deleting glance.images object s_rally_c9598067_9FCfjAw1 (0e52ca7b-3b9f-47da-b71f-57aaf0bd2376)
2019-06-24 07:41:24.084 725 RALLYDEBUG rally_openstack.cleanup.manager [-] Deleting glance.images object s_rally_c9598067_XAyLHeVH (acf29404-139e-4387-8714-b272c8977391)
2019-06-24 07:41:24.086 725 RALLYDEBUG rally_openstack.cleanup.manager [-] Deleting glance.images object s_rally_c9598067_Ago25RhR (6df53bde-0a2c-497f-90ab-1d7e55874f89)
2019-06-24 07:41:24.087 725 RALLYDEBUG rally_openstack.cleanup.manager [-] Deleting glance.images object s_rally_c9598067_zAAWZOYf (b27ea35f-26b4-42f6-b7da-dc7994de2722)
2019-06-24 07:41:24.089 725 RALLYDEBUG rally_openstack.cleanup.manager [-] Deleting glance.images object s_rally_c9598067_uVEFHt2A (55fef5e7-eead-4fa9-b1b5-d0689e8c956d)
2019-06-24 07:41:24.092 725 RALLYDEBUG rally_openstack.cleanup.manager [-] Deleting glance.images object s_rally_c9598067_5fTPJFot (13da2ba8-a293-4744-8cf0-30c77d1c7c6c)
2019-06-24 07:41:24.103 725 RALLYDEBUG rally_openstack.cleanup.manager [-] Deleting glance.images object s_rally_c9598067_8ZXXKqDv (5b0bf8bf-32ee-44d7-b0c8-385646668639)
2019-06-24 07:41:24.106 725 RALLYDEBUG rally_openstack.cleanup.manager [-] Deleting glance.images object s_rally_c9598067_lLqFWJUi (ac00c291-c2da-4fed-a1f9-706cc76d1a0b)
2019-06-24 07:41:24.108 725 RALLYDEBUG rally_openstack.cleanup.manager [-] Deleting glance.images object s_rally_c9598067_qYSaqh92 (1e56bf4e-ca7e-4b10-91f7-d7625ea6d951)
2019-06-24 07:41:25.515 725 DEBUG glanceclient.common.http [-] Request returned failure status 404. _handle_response /usr/lib/python2.7/site-packages/glanceclient/common/http.py:125
