2019-06-24 07:54:24.594 3474 INFO rally.task.runner [-] Task a05044bc-e213-43b3-a5d5-6c25e80f7dff | ITER: 1 END: OK
2019-06-24 07:54:24.600 3474 INFO rally.task.runner [-] Task a05044bc-e213-43b3-a5d5-6c25e80f7dff | ITER: 8 START
2019-06-24 07:54:27.494 3475 INFO rally.task.runner [-] Task a05044bc-e213-43b3-a5d5-6c25e80f7dff | ITER: 5 END: OK
2019-06-24 07:54:27.499 3475 INFO rally.task.runner [-] Task a05044bc-e213-43b3-a5d5-6c25e80f7dff | ITER: 9 START
2019-06-24 07:54:27.761 3476 INFO rally.task.runner [-] Task a05044bc-e213-43b3-a5d5-6c25e80f7dff | ITER: 6 END: OK
2019-06-24 07:54:27.766 3476 INFO rally.task.runner [-] Task a05044bc-e213-43b3-a5d5-6c25e80f7dff | ITER: 10 START
2019-06-24 07:54:28.084 3477 INFO rally.task.runner [-] Task a05044bc-e213-43b3-a5d5-6c25e80f7dff | ITER: 7 END: OK
2019-06-24 07:54:28.197 3474 INFO rally.task.runner [-] Task a05044bc-e213-43b3-a5d5-6c25e80f7dff | ITER: 8 END: OK
2019-06-24 07:54:31.054 3475 INFO rally.task.runner [-] Task a05044bc-e213-43b3-a5d5-6c25e80f7dff | ITER: 9 END: OK
2019-06-24 07:54:31.231 3476 INFO rally.task.runner [-] Task a05044bc-e213-43b3-a5d5-6c25e80f7dff | ITER: 10 END: OK
2019-06-24 07:54:31.254 1842 INFO rally.task.context [-] Task a05044bc-e213-43b3-a5d5-6c25e80f7dff | Context cleanup@openstack cleanup() started
2019-06-24 07:54:31.256 1842 RALLYDEBUG rally_openstack.cleanup.manager [-] Cleaning up cinder backups objects
2019-06-24 07:54:33.291 1842 RALLYDEBUG rally_openstack.cleanup.manager [-] Cleaning up cinder volume_snapshots objects
2019-06-24 07:54:35.252 1842 RALLYDEBUG rally_openstack.cleanup.manager [-] Cleaning up cinder transfers objects
2019-06-24 07:54:37.110 1842 RALLYDEBUG rally_openstack.cleanup.manager [-] Cleaning up cinder volumes objects
2019-06-24 07:54:39.243 1842 RALLYDEBUG rally_openstack.cleanup.manager [-] Deleting cinder.volumes object s_rally_8725a156_PyG50S7g (7f822634-245e-4182-8c99-7107d6daac33)
2019-06-24 07:54:39.244 1842 RALLYDEBUG rally_openstack.cleanup.manager [-] Deleting cinder.volumes object s_rally_8725a156_Y7Tga6Qq (4850d078-c79d-493d-ab55-f74349f6f4a5)
2019-06-24 07:54:39.248 1842 RALLYDEBUG rally_openstack.cleanup.manager [-] Deleting cinder.volumes object s_rally_8725a156_DDoB7oBB (3cda88d6-34f1-4151-9512-428626f639ac)
2019-06-24 07:54:39.249 1842 RALLYDEBUG rally_openstack.cleanup.manager [-] Deleting cinder.volumes object s_rally_8725a156_IvzNtzlO (9a723605-6850-4578-8395-fab0fef2f4f5)
2019-06-24 07:54:39.251 1842 RALLYDEBUG rally_openstack.cleanup.manager [-] Deleting cinder.volumes object s_rally_8725a156_y52Z7jtm (25f01502-04b1-4b06-bf46-7699cdcceb3a)
2019-06-24 07:54:39.252 1842 RALLYDEBUG rally_openstack.cleanup.manager [-] Deleting cinder.volumes object s_rally_8725a156_p0SeW3jS (7d7515a0-8f13-4b27-86db-3ea2e4aa17e5)
2019-06-24 07:54:39.257 1842 RALLYDEBUG rally_openstack.cleanup.manager [-] Deleting cinder.volumes object s_rally_8725a156_ZRIo7v5l (d7df6383-c7a4-44a4-93fd-99eef102f250)
2019-06-24 07:54:39.258 1842 RALLYDEBUG rally_openstack.cleanup.manager [-] Deleting cinder.volumes object s_rally_8725a156_ksbNDOHm (83fb2cb5-14e5-4493-9b8a-4911283c412e)
2019-06-24 07:54:39.260 1842 RALLYDEBUG rally_openstack.cleanup.manager [-] Deleting cinder.volumes object s_rally_8725a156_GXXH6Pr4 (7378c03c-b478-41ae-82a0-06caa4d92819)
2019-06-24 07:54:39.280 1842 RALLYDEBUG rally_openstack.cleanup.manager [-] Deleting cinder.volumes object s_rally_8725a156_tuc5eFdJ (b9b91da9-429c-4185-8df0-00d0670abd43)
2019-06-24 07:54:43.885 1842 INFO rally.task.context [-] Task a05044bc-e213-43b3-a5d5-6c25e80f7dff | Context cleanup@openstack cleanup() finished in 12.63 sec
2019-06-24 07:54:43.885 1842 INFO rally.task.context [-] Task a05044bc-e213-43b3-a5d5-6c25e80f7dff | Context api_versions@openstack cleanup() started
2019-06-24 07:54:43.886 1842 INFO rally.task.context [-] Task a05044bc-e213-43b3-a5d5-6c25e80f7dff | Context api_versions@openstack cleanup() finished in 0.32 msec
2019-06-24 07:54:43.886 1842 INFO rally.task.context [-] Task a05044bc-e213-43b3-a5d5-6c25e80f7dff | Context users@openstack cleanup() started
2019-06-24 07:54:51.609 1842 INFO rally.task.context [-] Task a05044bc-e213-43b3-a5d5-6c25e80f7dff | Context users@openstack cleanup() finished in 7.72 sec
2019-06-24 07:54:51.864 1842 INFO rally.task.engine [-] Load duration is: 10.451778
2019-06-24 07:54:51.864 1842 INFO rally.task.engine [-] Full runner duration is: 10.496173
2019-06-24 07:54:51.864 1842 INFO rally.task.engine [-] Full duration is: 35.939447
2019-06-24 07:54:52.038 1842 INFO rally.task.engine [-] Running workload: position = 1 config = { "version": 2, "title": "A cropped version of a bigger task.", "description": "Auto-generated task from a single workload (uuid=8a712b40-982c-444c-ad77-20c8130fb706)", "subtasks": [ { "title": "CinderVolumes.create_volume", "description": "Create a volume.", "scenario": { "CinderVolumes.create_volume": { "size": { "min": 1, "max": 1 } } }, "contexts": { "users": { "tenants": 3, "users_per_tenant": 2 }, "quotas": { "cinder": { "gigabytes": -1, "snapshots": -1, "volumes": -1 } }, "api_versions": { "cinder": { "version": 3, "service_type": "volumev3" } } }, "runner": { "constant": { "concurrency": 4, "times": 10 } }, "hooks": [], "sla": { "failure_rate": { "max": 0 } } } ] }
2019-06-24 07:54:52.052 1842 RALLYDEBUG rally_openstack.contexts.keystone.users [-] Creating 3 tenants using 20 threads
2019-06-24 07:54:53.996 1842 RALLYDEBUG rally_openstack.contexts.keystone.users [-] Creating 6 users using 20 threads
2019-06-24 07:54:56.707 1842 INFO rally.task.context [-] Task a05044bc-e213-43b3-a5d5-6c25e80f7dff | Context users@openstack setup() finished in 4.66 sec
2019-06-24 07:54:57.127 1842 INFO rally.task.context [-] Task a05044bc-e213-43b3-a5d5-6c25e80f7dff | Context api_versions@openstack setup() finished in 0.42 sec
2019-06-24 07:54:58.758 1842 INFO rally.task.context [-] Task a05044bc-e213-43b3-a5d5-6c25e80f7dff | Context quotas@openstack setup() finished in 1.63 sec
2019-06-24 07:54:58.758 1842 INFO rally.task.context [-] Task a05044bc-e213-43b3-a5d5-6c25e80f7dff | Context cleanup@openstack setup() finished in 0.01 msec
2019-06-24 07:54:58.767 1842 RALLYDEBUG rally.task.runner [-] Starting the constant runner (task UUID: a05044bc-e213-43b3-a5d5-6c25e80f7dff). timeout: 0 concurrency: 4 concurrency_per_worker: 1 times: 10 concurrency_overhead: 0 processes_to_start: 4 max_cpu_used: 16
2019-06-24 07:54:58.780 3658 RALLYDEBUG rally.task.runner [-] Starting a worker. concurrency: 1 args: {"size": {"min": 1, "max": 1}} times: 10 method_name: run timeout: 0 duration: None cls:
2019-06-24 07:54:58.783 3659 RALLYDEBUG rally.task.runner [-] Starting a worker. concurrency: 1 args: {"size": {"min": 1, "max": 1}} times: 10 method_name: run timeout: 0 duration: None cls:
2019-06-24 07:54:58.784 3660 RALLYDEBUG rally.task.runner [-] Starting a worker. concurrency: 1 args: {"size": {"min": 1, "max": 1}} times: 10 method_name: run timeout: 0 duration: None cls:
2019-06-24 07:54:58.788 3658 INFO rally.task.runner [-] Task a05044bc-e213-43b3-a5d5-6c25e80f7dff | ITER: 1 START
2019-06-24 07:54:58.788 3661 RALLYDEBUG rally.task.runner [-] Starting a worker. concurrency: 1 args: {"size": {"min": 1, "max": 1}} times: 10 method_name: run timeout: 0 duration: None cls:
2019-06-24 07:54:58.789 3660 INFO rally.task.runner [-] Task a05044bc-e213-43b3-a5d5-6c25e80f7dff | ITER: 3 START
2019-06-24 07:54:58.791 3659 INFO rally.task.runner [-] Task a05044bc-e213-43b3-a5d5-6c25e80f7dff | ITER: 2 START
2019-06-24 07:54:58.797 3661 INFO rally.task.runner [-] Task a05044bc-e213-43b3-a5d5-6c25e80f7dff | ITER: 4 START
2019-06-24 07:55:02.369 3659 INFO rally.task.runner [-] Task a05044bc-e213-43b3-a5d5-6c25e80f7dff | ITER: 2 END: OK
2019-06-24 07:55:02.375 3659 INFO rally.task.runner [-] Task a05044bc-e213-43b3-a5d5-6c25e80f7dff | ITER: 5 START
2019-06-24 07:55:02.442 3658 INFO rally.task.runner [-] Task a05044bc-e213-43b3-a5d5-6c25e80f7dff | ITER: 1 END: OK
2019-06-24 07:55:02.448 3658 INFO rally.task.runner [-] Task a05044bc-e213-43b3-a5d5-6c25e80f7dff | ITER: 6 START
2019-06-24 07:55:02.490 3660 INFO rally.task.runner [-] Task a05044bc-e213-43b3-a5d5-6c25e80f7dff | ITER: 3 END: OK
2019-06-24 07:55:02.495 3660 INFO rally.task.runner [-] Task a05044bc-e213-43b3-a5d5-6c25e80f7dff | ITER: 7 START
2019-06-24 07:55:02.597 3661 INFO rally.task.runner [-] Task a05044bc-e213-43b3-a5d5-6c25e80f7dff | ITER: 4 END: OK
2019-06-24 07:55:02.603 3661 INFO rally.task.runner [-] Task a05044bc-e213-43b3-a5d5-6c25e80f7dff | ITER: 8 START
2019-06-24 07:55:05.862 3658 INFO rally.task.runner [-] Task a05044bc-e213-43b3-a5d5-6c25e80f7dff | ITER: 6 END: OK
2019-06-24 07:55:05.866 3658 INFO rally.task.runner [-] Task a05044bc-e213-43b3-a5d5-6c25e80f7dff | ITER: 9 START
2019-06-24 07:55:05.917 3659 INFO rally.task.runner [-] Task a05044bc-e213-43b3-a5d5-6c25e80f7dff | ITER: 5 END: OK
2019-06-24 07:55:05.921 3659 INFO rally.task.runner [-] Task a05044bc-e213-43b3-a5d5-6c25e80f7dff | ITER: 10 START
2019-06-24 07:55:05.996 3660 INFO rally.task.runner [-] Task a05044bc-e213-43b3-a5d5-6c25e80f7dff | ITER: 7 END: OK
2019-06-24 07:55:06.089 3661 INFO rally.task.runner [-] Task a05044bc-e213-43b3-a5d5-6c25e80f7dff | ITER: 8 END: OK
2019-06-24 07:55:09.109 3659 INFO rally.task.runner [-] Task a05044bc-e213-43b3-a5d5-6c25e80f7dff | ITER: 10 END: OK
2019-06-24 07:55:09.351 3658 INFO rally.task.runner [-] Task a05044bc-e213-43b3-a5d5-6c25e80f7dff | ITER: 9 END: OK
2019-06-24 07:55:09.379 1842 INFO rally.task.context [-] Task a05044bc-e213-43b3-a5d5-6c25e80f7dff | Context cleanup@openstack cleanup() started
2019-06-24 07:55:09.381 1842 RALLYDEBUG rally_openstack.cleanup.manager [-] Cleaning up cinder backups objects
2019-06-24 07:55:11.295 1842 RALLYDEBUG rally_openstack.cleanup.manager [-] Cleaning up cinder volume_snapshots objects
2019-06-24 07:55:13.161 1842 RALLYDEBUG rally_openstack.cleanup.manager [-] Cleaning up cinder transfers objects
2019-06-24 07:55:15.051 1842 RALLYDEBUG rally_openstack.cleanup.manager [-] Cleaning up cinder volumes objects
2019-06-24 07:55:17.272 1842 RALLYDEBUG rally_openstack.cleanup.manager [-] Deleting cinder.volumes object s_rally_8a712b40_488RdD6c (f602781a-23de-49e3-b0fd-b6f754c45e6a)
2019-06-24 07:55:17.275 1842 RALLYDEBUG rally_openstack.cleanup.manager [-] Deleting cinder.volumes object s_rally_8a712b40_DisavoJQ (b8c2553e-0779-40d8-8eb8-f2adc98a05cb)
2019-06-24 07:55:17.282 1842 RALLYDEBUG rally_openstack.cleanup.manager [-] Deleting cinder.volumes object s_rally_8a712b40_gdJ9e5B4 (649279e9-921c-42f0-8fd5-0039a246e5ee)
2019-06-24 07:55:17.289 1842 RALLYDEBUG rally_openstack.cleanup.manager [-] Deleting cinder.volumes object s_rally_8a712b40_WNwLaOyR (2750b47c-111f-4deb-90c1-c95d8a1ddd54)
2019-06-24 07:55:17.295 1842 RALLYDEBUG rally_openstack.cleanup.manager [-] Deleting cinder.volumes object s_rally_8a712b40_46aQCTLd (22b1c605-61e0-4c8e-9080-62ca41e9589b)
2019-06-24 07:55:17.295 1842 RALLYDEBUG rally_openstack.cleanup.manager [-] Deleting cinder.volumes object s_rally_8a712b40_FHWDbGs3 (8b922f03-46ce-4dff-85c1-a6f280595569)
2019-06-24 07:55:17.298 1842 RALLYDEBUG rally_openstack.cleanup.manager [-] Deleting cinder.volumes object s_rally_8a712b40_dhHqn3fr (45fbce4a-ae1d-418c-8102-822a50cdaab7)
2019-06-24 07:55:17.307 1842 RALLYDEBUG rally_openstack.cleanup.manager [-] Deleting cinder.volumes object s_rally_8a712b40_YwS52hni (a85d2129-2a3c-4cc8-9b67-575c0dd7609f)
2019-06-24 07:55:17.309 1842 RALLYDEBUG rally_openstack.cleanup.manager [-] Deleting cinder.volumes object s_rally_8a712b40_q9Noxaiz (265da81a-2772-462c-95ef-4a48e73e2fa1)
2019-06-24 07:55:17.330 1842 RALLYDEBUG rally_openstack.cleanup.manager [-] Deleting cinder.volumes object s_rally_8a712b40_DoddMekx (3924cda0-c284-45e1-b2cc-6d8025edfdba)
2019-06-24 07:55:21.666 1842 INFO rally.task.context [-] Task a05044bc-e213-43b3-a5d5-6c25e80f7dff | Context cleanup@openstack cleanup() finished in 12.29 sec
2019-06-24 07:55:21.666 1842 INFO rally.task.context [-] Task a05044bc-e213-43b3-a5d5-6c25e80f7dff | Context quotas@openstack cleanup() started
2019-06-24 07:55:22.113 1842 INFO rally.task.context [-] Task a05044bc-e213-43b3-a5d5-6c25e80f7dff | Context quotas@openstack cleanup() finished in 0.45 sec
2019-06-24 07:55:22.114 1842 INFO rally.task.context [-] Task a05044bc-e213-43b3-a5d5-6c25e80f7dff | Context api_versions@openstack cleanup() started
2019-06-24 07:55:22.114 1842 INFO rally.task.context [-] Task a05044bc-e213-43b3-a5d5-6c25e80f7dff | Context api_versions@openstack cleanup() finished in 0.31 msec
2019-06-24 07:55:22.114 1842 INFO rally.task.context [-] Task a05044bc-e213-43b3-a5d5-6c25e80f7dff | Context users@openstack cleanup() started
2019-06-24 07:55:29.940 1842 INFO rally.task.context [-] Task a05044bc-e213-43b3-a5d5-6c25e80f7dff | Context users@openstack cleanup() finished in 7.83 sec
2019-06-24 07:55:30.207 1842 INFO rally.task.engine [-] Load duration is: 10.560028
2019-06-24 07:55:30.207 1842 INFO rally.task.engine [-] Full runner duration is: 10.612357
2019-06-24 07:55:30.208 1842 INFO rally.task.engine [-] Full duration is: 37.893085
2019-06-24 07:55:30.479 1842 INFO rally.task.engine [-] Running workload: position = 0 config = { "version": 2, "title": "A cropped version of a bigger task.", "description": "Auto-generated task from a single workload (uuid=f3e94a79-1dad-484d-8222-fd7706f2388a)", "subtasks": [ { "title": "CinderVolumes.list_volumes", "description": "List all volumes.", "scenario": { "CinderVolumes.list_volumes": { "detailed": true } }, "contexts": { "users": { "tenants": 3, "users_per_tenant": 2 }, "quotas": { "cinder": { "gigabytes": -1, "snapshots": -1, "volumes": -1 } }, "api_versions": { "cinder": { "version": 3, "service_type": "volumev3" } }, "volumes": { "size": 1, "volumes_per_tenant": 4 } }, "runner": { "constant": { "concurrency": 4, "times": 10 } }, "hooks": [], "sla": { "failure_rate": { "max": 0 } } } ] }
2019-06-24 07:55:30.502 1842 RALLYDEBUG rally_openstack.contexts.keystone.users [-] Creating 3 tenants using 20 threads
2019-06-24 07:55:32.258 1842 RALLYDEBUG rally_openstack.contexts.keystone.users [-] Creating 6 users using 20 threads
2019-06-24 07:55:34.995 1842 INFO rally.task.context [-] Task a05044bc-e213-43b3-a5d5-6c25e80f7dff | Context users@openstack setup() finished in 4.49 sec
2019-06-24 07:55:35.429 1842 INFO rally.task.context [-] Task a05044bc-e213-43b3-a5d5-6c25e80f7dff | Context api_versions@openstack setup() finished in 0.43 sec
2019-06-24 07:55:36.969 1842 INFO rally.task.context [-] Task a05044bc-e213-43b3-a5d5-6c25e80f7dff | Context quotas@openstack setup() finished in 1.54 sec
2019-06-24 07:56:12.442 1842 INFO rally.task.context [-] Task a05044bc-e213-43b3-a5d5-6c25e80f7dff | Context volumes@openstack setup() finished in 35.47 sec
2019-06-24 07:56:12.455 1842 RALLYDEBUG rally.task.runner [-] Starting the constant runner (task UUID: a05044bc-e213-43b3-a5d5-6c25e80f7dff). timeout: 0 concurrency: 4 concurrency_per_worker: 1 times: 10 concurrency_overhead: 0 processes_to_start: 4 max_cpu_used: 16
2019-06-24 07:56:12.472 3843 RALLYDEBUG rally.task.runner [-] Starting a worker. concurrency: 1 args: {"detailed": true} times: 10 method_name: run timeout: 0 duration: None cls:
2019-06-24 07:56:12.472 3842 RALLYDEBUG rally.task.runner [-] Starting a worker. concurrency: 1 args: {"detailed": true} times: 10 method_name: run timeout: 0 duration: None cls:
2019-06-24 07:56:12.474 3844 RALLYDEBUG rally.task.runner [-] Starting a worker. concurrency: 1 args: {"detailed": true} times: 10 method_name: run timeout: 0 duration: None cls:
2019-06-24 07:56:12.477 3845 RALLYDEBUG rally.task.runner [-] Starting a worker. concurrency: 1 args: {"detailed": true} times: 10 method_name: run timeout: 0 duration: None cls:
2019-06-24 07:56:12.481 3843 INFO rally.task.runner [-] Task a05044bc-e213-43b3-a5d5-6c25e80f7dff | ITER: 1 START
2019-06-24 07:56:12.481 3842 INFO rally.task.runner [-] Task a05044bc-e213-43b3-a5d5-6c25e80f7dff | ITER: 2 START
2019-06-24 07:56:12.483 3844 INFO rally.task.runner [-] Task a05044bc-e213-43b3-a5d5-6c25e80f7dff | ITER: 3 START
2019-06-24 07:56:12.486 3845 INFO rally.task.runner [-] Task a05044bc-e213-43b3-a5d5-6c25e80f7dff | ITER: 4 START
2019-06-24 07:56:13.224 3842 INFO rally.task.runner [-] Task a05044bc-e213-43b3-a5d5-6c25e80f7dff | ITER: 2 END: OK
2019-06-24 07:56:13.231 3842 INFO rally.task.runner [-] Task a05044bc-e213-43b3-a5d5-6c25e80f7dff | ITER: 5 START
2019-06-24 07:56:13.307 3845 INFO rally.task.runner [-] Task a05044bc-e213-43b3-a5d5-6c25e80f7dff | ITER: 4 END: OK
2019-06-24 07:56:13.313 3845 INFO rally.task.runner [-] Task a05044bc-e213-43b3-a5d5-6c25e80f7dff | ITER: 6 START
2019-06-24 07:56:13.331 3844 INFO rally.task.runner [-] Task a05044bc-e213-43b3-a5d5-6c25e80f7dff | ITER: 3 END: OK
2019-06-24 07:56:13.338 3844 INFO rally.task.runner [-] Task a05044bc-e213-43b3-a5d5-6c25e80f7dff | ITER: 7 START
2019-06-24 07:56:13.368 3843 INFO rally.task.runner [-] Task a05044bc-e213-43b3-a5d5-6c25e80f7dff | ITER: 1 END: OK
2019-06-24 07:56:13.374 3843 INFO rally.task.runner [-] Task a05044bc-e213-43b3-a5d5-6c25e80f7dff | ITER: 8 START
2019-06-24 07:56:14.033 3845 INFO rally.task.runner [-] Task a05044bc-e213-43b3-a5d5-6c25e80f7dff | ITER: 6 END: OK
2019-06-24 07:56:14.038 3845 INFO rally.task.runner [-] Task a05044bc-e213-43b3-a5d5-6c25e80f7dff | ITER: 9 START
2019-06-24 07:56:14.049 3842 INFO rally.task.runner [-] Task a05044bc-e213-43b3-a5d5-6c25e80f7dff | ITER: 5 END: OK
2019-06-24 07:56:14.054 3842 INFO rally.task.runner [-] Task a05044bc-e213-43b3-a5d5-6c25e80f7dff | ITER: 10 START
2019-06-24 07:56:14.118 3843 INFO rally.task.runner [-] Task a05044bc-e213-43b3-a5d5-6c25e80f7dff | ITER: 8 END: OK
2019-06-24 07:56:14.122 3844 INFO rally.task.runner [-] Task a05044bc-e213-43b3-a5d5-6c25e80f7dff | ITER: 7 END: OK
2019-06-24 07:56:14.736 3845 INFO rally.task.runner [-] Task a05044bc-e213-43b3-a5d5-6c25e80f7dff | ITER: 9 END: OK
2019-06-24 07:56:14.738 3842 INFO rally.task.runner [-] Task a05044bc-e213-43b3-a5d5-6c25e80f7dff | ITER: 10 END: OK
2019-06-24 07:56:14.760 1842 INFO rally.task.context [-] Task a05044bc-e213-43b3-a5d5-6c25e80f7dff | Context volumes@openstack cleanup() started
2019-06-24 07:56:14.761 1842 RALLYDEBUG rally_openstack.cleanup.manager [-] Cleaning up cinder volumes objects
2019-06-24 07:56:16.832 1842 RALLYDEBUG rally_openstack.cleanup.manager [-] Deleting cinder.volumes object c_rally_f3e94a79_Wx7lTNsS (874805ac-8d02-4f3a-8619-57381bf1f6f8)
2019-06-24 07:56:16.834 1842 RALLYDEBUG rally_openstack.cleanup.manager [-] Deleting cinder.volumes object c_rally_f3e94a79_pBhyL6B2 (8d68dd69-8506-419e-9828-ff49e3cd6325)
2019-06-24 07:56:16.837 1842 RALLYDEBUG rally_openstack.cleanup.manager [-] Deleting cinder.volumes object c_rally_f3e94a79_H2qTmAhu (530644d2-d382-43cd-883e-1a629a3733c2)
2019-06-24 07:56:16.841 1842 RALLYDEBUG rally_openstack.cleanup.manager [-] Deleting cinder.volumes object c_rally_f3e94a79_Nlfdu0PA (e2831db4-49da-4d1a-b959-a1182561e075)
2019-06-24 07:56:16.845 1842 RALLYDEBUG rally_openstack.cleanup.manager [-] Deleting cinder.volumes object c_rally_f3e94a79_sf1V7oHd (d201d478-b3a8-478d-9635-69b163474dbf)
2019-06-24 07:56:16.851 1842 RALLYDEBUG rally_openstack.cleanup.manager [-] Deleting cinder.volumes object c_rally_f3e94a79_c9INGNY9 (b944013f-74d2-4b3d-afb2-583d41181cad)
2019-06-24 07:56:16.856 1842 RALLYDEBUG rally_openstack.cleanup.manager [-] Deleting cinder.volumes object c_rally_f3e94a79_hN674u8j (87f0bc67-2609-4448-9dc4-bfd330568199)
2019-06-24 07:56:16.863 1842 RALLYDEBUG rally_openstack.cleanup.manager [-] Deleting cinder.volumes object c_rally_f3e94a79_O0WiWau1 (1909ef46-c503-4467-b263-9e5e3c795582)
2019-06-24 07:56:16.875 1842 RALLYDEBUG rally_openstack.cleanup.manager [-] Deleting cinder.volumes object c_rally_f3e94a79_Pn59gecE (c0408817-8b41-497b-9901-e28ea27cc71d)
2019-06-24 07:56:16.882 1842 RALLYDEBUG rally_openstack.cleanup.manager [-] Deleting cinder.volumes object c_rally_f3e94a79_TcBXlK8w (aa8c0eda-c4fb-4ba1-8c70-4fd2ed4b9a42)
2019-06-24 07:56:16.900 1842 RALLYDEBUG rally_openstack.cleanup.manager [-] Deleting cinder.volumes object c_rally_f3e94a79_pOYfrwVK (b9c83f8f-f86d-411c-a4d0-1dc756c58c97)
2019-06-24 07:56:16.914 1842 RALLYDEBUG rally_openstack.cleanup.manager [-] Deleting cinder.volumes object c_rally_f3e94a79_Lc31luvg (e59da6fe-9a95-441e-a68a-a6b7e4ab9a97)
2019-06-24 07:56:21.880 1842 INFO rally.task.context [-] Task a05044bc-e213-43b3-a5d5-6c25e80f7dff | Context volumes@openstack cleanup() finished in 7.12 sec
2019-06-24 07:56:21.880 1842 INFO rally.task.context [-] Task a05044bc-e213-43b3-a5d5-6c25e80f7dff | Context quotas@openstack cleanup() started
2019-06-24 07:56:22.507 1842 INFO rally.task.context [-] Task a05044bc-e213-43b3-a5d5-6c25e80f7dff | Context quotas@openstack cleanup() finished in 0.63 sec
2019-06-24 07:56:22.508 1842 INFO rally.task.context [-] Task a05044bc-e213-43b3-a5d5-6c25e80f7dff | Context api_versions@openstack cleanup() started
2019-06-24 07:56:22.508 1842 INFO rally.task.context [-] Task a05044bc-e213-43b3-a5d5-6c25e80f7dff | Context api_versions@openstack cleanup() finished in 0.32 msec
2019-06-24 07:56:22.508 1842 INFO rally.task.context [-] Task a05044bc-e213-43b3-a5d5-6c25e80f7dff | Context users@openstack cleanup() started
2019-06-24 07:56:29.331 1842 INFO rally.task.context [-] Task a05044bc-e213-43b3-a5d5-6c25e80f7dff | Context users@openstack cleanup() finished in 6.82 sec
2019-06-24 07:56:30.767 1842 INFO rally.task.engine [-] Load duration is: 2.253321
2019-06-24 07:56:30.768 1842 INFO rally.task.engine [-] Full runner duration is: 2.306522
2019-06-24 07:56:30.768 1842 INFO rally.task.engine [-] Full duration is: 58.833939
2019-06-24 07:56:31.023 1842 INFO rally.task.engine [-] Running workload: position = 0 config = { "version": 2, "title": "A cropped version of a bigger task.", "description": "Auto-generated task from a single workload (uuid=ac7037a5-eab4-4fa5-ab48-a42b153d876b)", "subtasks": [ { "title": "CinderVolumes.create_and_delete_snapshot", "description": "Create and then delete a volume-snapshot.", "scenario": { "CinderVolumes.create_and_delete_snapshot": { "force": false } }, "contexts": { "users": { "tenants": 3, "users_per_tenant": 2 }, "quotas": { "cinder": { "gigabytes": -1, "snapshots": -1, "volumes": -1 } }, "api_versions": { "cinder": { "version": 3, "service_type": "volumev3" } }, "volumes": { "size": 1, "volumes_per_tenant": 1 } }, "runner": { "constant": { "concurrency": 4, "times": 10 } }, "hooks": [], "sla": { "failure_rate": { "max": 0 } } } ] }
2019-06-24 07:56:31.047 1842 RALLYDEBUG rally_openstack.contexts.keystone.users [-] Creating 3 tenants using 20 threads
2019-06-24 07:56:32.852 1842 RALLYDEBUG rally_openstack.contexts.keystone.users [-] Creating 6 users using 20 threads
2019-06-24 07:56:35.534 1842 INFO rally.task.context [-] Task a05044bc-e213-43b3-a5d5-6c25e80f7dff | Context users@openstack setup() finished in 4.49 sec
2019-06-24 07:56:35.970 1842 INFO rally.task.context [-] Task a05044bc-e213-43b3-a5d5-6c25e80f7dff | Context api_versions@openstack setup() finished in 0.43 sec
2019-06-24 07:56:37.514 1842 INFO rally.task.context [-] Task a05044bc-e213-43b3-a5d5-6c25e80f7dff | Context quotas@openstack setup() finished in 1.54 sec
2019-06-24 07:56:47.923 1842 INFO rally.task.context [-] Task a05044bc-e213-43b3-a5d5-6c25e80f7dff | Context volumes@openstack setup() finished in 10.41 sec
2019-06-24 07:56:47.924 1842 INFO rally.task.context [-] Task a05044bc-e213-43b3-a5d5-6c25e80f7dff | Context cleanup@openstack setup() finished in 0.01 msec
2019-06-24 07:56:47.932 1842 RALLYDEBUG rally.task.runner [-] Starting the constant runner (task UUID: a05044bc-e213-43b3-a5d5-6c25e80f7dff). timeout: 0 concurrency: 4 concurrency_per_worker: 1 times: 10 concurrency_overhead: 0 processes_to_start: 4 max_cpu_used: 16
2019-06-24 07:56:47.946 3966 RALLYDEBUG rally.task.runner [-] Starting a worker. concurrency: 1 args: {"force": false} times: 10 method_name: run timeout: 0 duration: None cls:
2019-06-24 07:56:47.948 3967 RALLYDEBUG rally.task.runner [-] Starting a worker. concurrency: 1 args: {"force": false} times: 10 method_name: run timeout: 0 duration: None cls:
2019-06-24 07:56:47.951 3968 RALLYDEBUG rally.task.runner [-] Starting a worker. concurrency: 1 args: {"force": false} times: 10 method_name: run timeout: 0 duration: None cls:
2019-06-24 07:56:47.955 3966 INFO rally.task.runner [-] Task a05044bc-e213-43b3-a5d5-6c25e80f7dff | ITER: 1 START
2019-06-24 07:56:47.955 3969 RALLYDEBUG rally.task.runner [-] Starting a worker. concurrency: 1 args: {"force": false} times: 10 method_name: run timeout: 0 duration: None cls:
2019-06-24 07:56:47.957 3967 INFO rally.task.runner [-] Task a05044bc-e213-43b3-a5d5-6c25e80f7dff | ITER: 2 START
2019-06-24 07:56:47.959 3968 INFO rally.task.runner [-] Task a05044bc-e213-43b3-a5d5-6c25e80f7dff | ITER: 3 START
2019-06-24 07:56:47.964 3969 INFO rally.task.runner [-] Task a05044bc-e213-43b3-a5d5-6c25e80f7dff | ITER: 4 START
2019-06-24 07:56:51.920 3967 RALLYDEBUG rally.task.utils [-] Waiting for resource s_rally_ac7037a5_5IHUOTJC. Status changed: AVAILABLE => DELETING in 0.356554031372
2019-06-24 07:56:51.925 3969 RALLYDEBUG rally.task.utils [-] Waiting for resource s_rally_ac7037a5_ZGtvJEvw. Status changed: AVAILABLE => DELETING in 0.284638166428
2019-06-24 07:56:51.964 3968 RALLYDEBUG rally.task.utils [-] Waiting for resource s_rally_ac7037a5_kOuoeVpm. Status changed: AVAILABLE => DELETING in 0.265851020813
2019-06-24 07:56:52.036 3966 RALLYDEBUG rally.task.utils [-] Waiting for resource s_rally_ac7037a5_o5feQqBs. Status changed: AVAILABLE => DELETING in 0.275228977203
2019-06-24 07:56:54.154 3969 INFO rally.task.runner [-] Task a05044bc-e213-43b3-a5d5-6c25e80f7dff | ITER: 4 END: OK
2019-06-24 07:56:54.160 3969 INFO rally.task.runner [-] Task a05044bc-e213-43b3-a5d5-6c25e80f7dff | ITER: 5 START
2019-06-24 07:56:54.192 3968 INFO rally.task.runner [-] Task a05044bc-e213-43b3-a5d5-6c25e80f7dff | ITER: 3 END: OK
2019-06-24 07:56:54.198 3968 INFO rally.task.runner [-] Task a05044bc-e213-43b3-a5d5-6c25e80f7dff | ITER: 6 START
2019-06-24 07:56:54.218 3967 INFO rally.task.runner [-] Task a05044bc-e213-43b3-a5d5-6c25e80f7dff | ITER: 2 END: OK
2019-06-24 07:56:54.223 3967 INFO rally.task.runner [-] Task a05044bc-e213-43b3-a5d5-6c25e80f7dff | ITER: 7 START
2019-06-24 07:56:56.290 3966 INFO rally.task.runner [-] Task a05044bc-e213-43b3-a5d5-6c25e80f7dff | ITER: 1 END: OK
2019-06-24 07:56:56.296 3966 INFO rally.task.runner [-] Task a05044bc-e213-43b3-a5d5-6c25e80f7dff | ITER: 8 START
2019-06-24 07:56:57.775 3969 RALLYDEBUG rally.task.utils [-] Waiting for resource s_rally_ac7037a5_xEZfqDKq. Status changed: AVAILABLE => DELETING in 0.242393016815
2019-06-24 07:56:57.940 3968 RALLYDEBUG rally.task.utils [-] Waiting for resource s_rally_ac7037a5_pSuz8LJ3. Status changed: AVAILABLE => DELETING in 0.214237928391
2019-06-24 07:56:57.957 3967 RALLYDEBUG rally.task.utils [-] Waiting for resource s_rally_ac7037a5_myS43gw6. Status changed: AVAILABLE => DELETING in 0.222583055496
2019-06-24 07:56:59.966 3968 INFO rally.task.runner [-] Task a05044bc-e213-43b3-a5d5-6c25e80f7dff | ITER: 6 END: OK
2019-06-24 07:56:59.971 3968 INFO rally.task.runner [-] Task a05044bc-e213-43b3-a5d5-6c25e80f7dff | ITER: 9 START
2019-06-24 07:56:59.981 3967 INFO rally.task.runner [-] Task a05044bc-e213-43b3-a5d5-6c25e80f7dff | ITER: 7 END: OK
2019-06-24 07:56:59.986 3967 INFO rally.task.runner [-] Task a05044bc-e213-43b3-a5d5-6c25e80f7dff | ITER: 10 START
2019-06-24 07:56:59.993 3969 INFO rally.task.runner [-] Task a05044bc-e213-43b3-a5d5-6c25e80f7dff | ITER: 5 END: OK
2019-06-24 07:57:00.201 3966 RALLYDEBUG rally.task.utils [-] Waiting for resource s_rally_ac7037a5_1Yqo32FG. Status changed: AVAILABLE => DELETING in 0.220282077789
2019-06-24 07:57:02.415 3966 INFO rally.task.runner [-] Task a05044bc-e213-43b3-a5d5-6c25e80f7dff | ITER: 8 END: OK
2019-06-24 07:57:03.509 3967 RALLYDEBUG rally.task.utils [-] Waiting for resource s_rally_ac7037a5_QDQgJSjH. Status changed: AVAILABLE => DELETING in 0.0361177921295
2019-06-24 07:57:03.735 3968 RALLYDEBUG rally.task.utils [-] Waiting for resource s_rally_ac7037a5_QySDdhAn. Status changed: AVAILABLE => DELETING in 0.0264718532562
2019-06-24 07:57:05.741 3967 INFO rally.task.runner [-] Task a05044bc-e213-43b3-a5d5-6c25e80f7dff | ITER: 10 END: OK
2019-06-24 07:57:05.768 3968 INFO rally.task.runner [-] Task a05044bc-e213-43b3-a5d5-6c25e80f7dff | ITER: 9 END: OK
2019-06-24 07:57:05.796 1842 INFO rally.task.context [-] Task a05044bc-e213-43b3-a5d5-6c25e80f7dff | Context cleanup@openstack cleanup() started
2019-06-24 07:57:05.798 1842 RALLYDEBUG rally_openstack.cleanup.manager [-] Cleaning up cinder backups objects
2019-06-24 07:57:07.707 1842 RALLYDEBUG rally_openstack.cleanup.manager [-] Cleaning up cinder volume_snapshots objects
2019-06-24 07:57:09.634 1842 RALLYDEBUG rally_openstack.cleanup.manager [-] Cleaning up cinder transfers objects
2019-06-24 07:57:11.479 1842 RALLYDEBUG rally_openstack.cleanup.manager [-] Cleaning up cinder volumes objects
2019-06-24 07:57:13.607 1842 INFO rally.task.context [-] Task a05044bc-e213-43b3-a5d5-6c25e80f7dff | Context cleanup@openstack cleanup() finished in 7.81 sec
2019-06-24 07:57:13.607 1842 INFO rally.task.context [-] Task a05044bc-e213-43b3-a5d5-6c25e80f7dff | Context volumes@openstack cleanup() started
2019-06-24 07:57:13.608 1842 RALLYDEBUG rally_openstack.cleanup.manager [-] Cleaning up cinder volumes objects
2019-06-24 07:57:15.747 1842 RALLYDEBUG rally_openstack.cleanup.manager [-] Deleting cinder.volumes object c_rally_ac7037a5_VAnxmOA6 (916faac0-65fd-435d-a822-a8c54f551272)
2019-06-24 07:57:15.749 1842 RALLYDEBUG rally_openstack.cleanup.manager [-] Deleting cinder.volumes object c_rally_ac7037a5_DYt6Wrrn (f1135913-eeb1-45c7-8c6a-9a1476ae71b7)
2019-06-24 07:57:15.755 1842 RALLYDEBUG rally_openstack.cleanup.manager [-] Deleting cinder.volumes object c_rally_ac7037a5_xb0wMNPF (2eb22e7f-4426-4041-a471-3c9a01f1a152)
2019-06-24 07:57:19.118 1842 INFO rally.task.context [-] Task a05044bc-e213-43b3-a5d5-6c25e80f7dff | Context volumes@openstack cleanup() finished in 5.51 sec
2019-06-24 07:57:19.118 1842 INFO rally.task.context [-] Task a05044bc-e213-43b3-a5d5-6c25e80f7dff | Context quotas@openstack cleanup() started
2019-06-24 07:57:19.860 1842 INFO rally.task.context [-] Task a05044bc-e213-43b3-a5d5-6c25e80f7dff | Context quotas@openstack cleanup() finished in 0.74 sec
2019-06-24 07:57:19.861 1842 INFO rally.task.context [-] Task a05044bc-e213-43b3-a5d5-6c25e80f7dff | Context api_versions@openstack cleanup() started
2019-06-24 07:57:19.861 1842 INFO rally.task.context [-] Task a05044bc-e213-43b3-a5d5-6c25e80f7dff | Context api_versions@openstack cleanup() finished in 0.34 msec
2019-06-24 07:57:19.862 1842 INFO rally.task.context [-] Task a05044bc-e213-43b3-a5d5-6c25e80f7dff | Context users@openstack cleanup() started
2019-06-24 07:57:26.789 1842 INFO rally.task.context [-] Task a05044bc-e213-43b3-a5d5-6c25e80f7dff | Context users@openstack cleanup() finished in 6.93 sec
2019-06-24 07:57:27.277 1842 INFO rally.task.engine [-] Load duration is: 17.810494
2019-06-24 07:57:27.278 1842 INFO rally.task.engine [-] Full runner duration is: 17.864794
2019-06-24 07:57:27.278 1842 INFO rally.task.engine [-] Full duration is: 55.74455
2019-06-24 07:57:27.537 1842 INFO rally.task.engine [-] Running workload: position = 0 config = { "version": 2, "title": "A cropped version of a bigger task.", "description": "Auto-generated task from a single workload (uuid=a73b9d8e-23a7-46bd-8914-b7186bde5b37)", "subtasks": [ { "title": "CinderVolumes.create_and_delete_volume", "description": "Create and then delete a volume.", "scenario": { "CinderVolumes.create_and_delete_volume": { "size": { "max": 1, "min": 1 } } }, "contexts": { "users": { "tenants": 3, "users_per_tenant": 2 }, "quotas": { "cinder": { "gigabytes": -1, "snapshots": -1, "volumes": -1 } }, "api_versions": { "cinder": { "version": 3, "service_type": "volumev3" } } }, "runner": { "constant": { "concurrency": 4, "times": 10 } }, "hooks": [], "sla": { "failure_rate": { "max": 0 } } } ] }
2019-06-24 07:57:27.558 1842 RALLYDEBUG rally_openstack.contexts.keystone.users [-] Creating 3 tenants using 20 threads
2019-06-24 07:57:29.386 1842 RALLYDEBUG rally_openstack.contexts.keystone.users [-] Creating 6 users using 20 threads
2019-06-24 07:57:32.124 1842 INFO rally.task.context [-] Task a05044bc-e213-43b3-a5d5-6c25e80f7dff | Context users@openstack setup() finished in 4.57 sec
2019-06-24 07:57:32.555 1842 INFO rally.task.context [-] Task a05044bc-e213-43b3-a5d5-6c25e80f7dff | Context api_versions@openstack setup() finished in 0.43 sec
2019-06-24 07:57:34.150 1842 INFO rally.task.context [-] Task a05044bc-e213-43b3-a5d5-6c25e80f7dff | Context quotas@openstack setup() finished in 1.59 sec
2019-06-24 07:57:34.150 1842 INFO rally.task.context [-] Task a05044bc-e213-43b3-a5d5-6c25e80f7dff | Context cleanup@openstack setup() finished in 0.01 msec
2019-06-24 07:57:34.158 1842 RALLYDEBUG rally.task.runner [-] Starting the constant runner (task UUID: a05044bc-e213-43b3-a5d5-6c25e80f7dff). timeout: 0 concurrency: 4 concurrency_per_worker: 1 times: 10 concurrency_overhead: 0 processes_to_start: 4 max_cpu_used: 16
2019-06-24 07:57:34.171 4170 RALLYDEBUG rally.task.runner [-] Starting a worker. concurrency: 1 args: {"size": {"max": 1, "min": 1}} times: 10 method_name: run timeout: 0 duration: None cls:
2019-06-24 07:57:34.174 4171 RALLYDEBUG rally.task.runner [-] Starting a worker. concurrency: 1 args: {"size": {"max": 1, "min": 1}} times: 10 method_name: run timeout: 0 duration: None cls:
2019-06-24 07:57:34.175 4172 RALLYDEBUG rally.task.runner [-] Starting a worker. concurrency: 1 args: {"size": {"max": 1, "min": 1}} times: 10 method_name: run timeout: 0 duration: None cls:
2019-06-24 07:57:34.178 4170 INFO rally.task.runner [-] Task a05044bc-e213-43b3-a5d5-6c25e80f7dff | ITER: 1 START
2019-06-24 07:57:34.180 4173 RALLYDEBUG rally.task.runner [-] Starting a worker. concurrency: 1 args: {"size": {"max": 1, "min": 1}} times: 10 method_name: run timeout: 0 duration: None cls:
2019-06-24 07:57:34.182 4171 INFO rally.task.runner [-] Task a05044bc-e213-43b3-a5d5-6c25e80f7dff | ITER: 2 START
2019-06-24 07:57:34.182 4172 INFO rally.task.runner [-] Task a05044bc-e213-43b3-a5d5-6c25e80f7dff | ITER: 3 START
2019-06-24 07:57:34.188 4173 INFO rally.task.runner [-] Task a05044bc-e213-43b3-a5d5-6c25e80f7dff | ITER: 4 START
2019-06-24 07:57:38.312 4170 RALLYDEBUG rally.task.utils [-] Waiting for resource s_rally_a73b9d8e_o0Ofhkds. Status changed: AVAILABLE => DELETING in 0.294954061508
2019-06-24 07:57:38.333 4171 RALLYDEBUG rally.task.utils [-] Waiting for resource s_rally_a73b9d8e_VzLIXlpU. Status changed: AVAILABLE => DELETING in 0.273673772812
2019-06-24 07:57:38.365 4173 RALLYDEBUG rally.task.utils [-] Waiting for resource s_rally_a73b9d8e_43IUlJdG. Status changed: AVAILABLE => DELETING in 0.289828062057
2019-06-24 07:57:38.507 4172 RALLYDEBUG rally.task.utils [-] Waiting for resource s_rally_a73b9d8e_wO05aH1f. Status changed: AVAILABLE => DELETING in 0.265773057938
2019-06-24 07:57:40.361 4170 INFO rally.task.runner [-] Task a05044bc-e213-43b3-a5d5-6c25e80f7dff | ITER: 1 END: OK
2019-06-24 07:57:40.365 4170 INFO rally.task.runner [-] Task a05044bc-e213-43b3-a5d5-6c25e80f7dff | ITER: 5 START
2019-06-24 07:57:40.583 4171 INFO rally.task.runner [-] Task a05044bc-e213-43b3-a5d5-6c25e80f7dff | ITER: 2 END: OK
2019-06-24 07:57:40.588 4171 INFO rally.task.runner [-] Task a05044bc-e213-43b3-a5d5-6c25e80f7dff | ITER: 6 START
2019-06-24 07:57:40.604 4173 INFO rally.task.runner [-] Task a05044bc-e213-43b3-a5d5-6c25e80f7dff | ITER: 4 END: OK
2019-06-24 07:57:40.609 4173 INFO rally.task.runner [-] Task a05044bc-e213-43b3-a5d5-6c25e80f7dff | ITER: 7 START
2019-06-24 07:57:40.860 4172 INFO rally.task.runner [-] Task a05044bc-e213-43b3-a5d5-6c25e80f7dff | ITER: 3 END: OK
2019-06-24 07:57:40.865 4172 INFO rally.task.runner [-] Task a05044bc-e213-43b3-a5d5-6c25e80f7dff | ITER: 8 START
2019-06-24 07:57:44.605 4170 RALLYDEBUG rally.task.utils [-] Waiting for resource s_rally_a73b9d8e_fgryikeT. Status changed: AVAILABLE => DELETING in 0.287105083466
2019-06-24 07:57:44.694 4171 INFO rally.task.runner [-] Task a05044bc-e213-43b3-a5d5-6c25e80f7dff | ITER: 6 END: OK
2019-06-24 07:57:44.700 4171 INFO rally.task.runner [-] Task a05044bc-e213-43b3-a5d5-6c25e80f7dff | ITER: 9 START
2019-06-24 07:57:44.835 4173 RALLYDEBUG rally.task.utils [-] Waiting for resource s_rally_a73b9d8e_DjBg3PWe. Status changed: AVAILABLE => DELETING in 0.428153038025
2019-06-24 07:57:45.037 4172 RALLYDEBUG rally.task.utils [-] Waiting for resource s_rally_a73b9d8e_2zjbfT3s. Status changed: AVAILABLE => DELETING in 0.24534201622
2019-06-24 07:57:46.838 4170 INFO rally.task.runner [-] Task a05044bc-e213-43b3-a5d5-6c25e80f7dff | ITER: 5 END: OK
2019-06-24 07:57:46.843 4170 INFO rally.task.runner [-] Task a05044bc-e213-43b3-a5d5-6c25e80f7dff | ITER: 10 START
2019-06-24 07:57:46.872 4173 INFO rally.task.runner [-] Task a05044bc-e213-43b3-a5d5-6c25e80f7dff | ITER: 7 END: OK
2019-06-24 07:57:47.257 4172 INFO rally.task.runner [-] Task a05044bc-e213-43b3-a5d5-6c25e80f7dff | ITER: 8 END: OK
2019-06-24 07:57:48.652 4171 INFO rally.task.runner [-] Task a05044bc-e213-43b3-a5d5-6c25e80f7dff | ITER: 9 END: OK
2019-06-24 07:57:50.670 4170 INFO rally.task.runner [-] Task a05044bc-e213-43b3-a5d5-6c25e80f7dff | ITER: 10 END: OK
2019-06-24 07:57:50.696 1842 INFO rally.task.context [-] Task a05044bc-e213-43b3-a5d5-6c25e80f7dff | Context cleanup@openstack cleanup() started
2019-06-24 07:57:50.699 1842 RALLYDEBUG rally_openstack.cleanup.manager [-] Cleaning up cinder backups objects
2019-06-24 07:57:52.611 1842 RALLYDEBUG rally_openstack.cleanup.manager [-] Cleaning up cinder volume_snapshots objects
2019-06-24 07:57:54.754 1842 RALLYDEBUG rally_openstack.cleanup.manager [-] Cleaning up cinder transfers objects
2019-06-24 07:57:56.638 1842 RALLYDEBUG rally_openstack.cleanup.manager [-] Cleaning up cinder volumes objects
2019-06-24 07:57:58.758 1842 INFO rally.task.context [-] Task a05044bc-e213-43b3-a5d5-6c25e80f7dff | Context cleanup@openstack cleanup() finished in 8.06 sec
2019-06-24 07:57:58.759 1842 INFO rally.task.context [-] Task a05044bc-e213-43b3-a5d5-6c25e80f7dff | Context quotas@openstack cleanup() started
2019-06-24 07:57:59.300 1842 INFO rally.task.context [-] Task a05044bc-e213-43b3-a5d5-6c25e80f7dff | Context quotas@openstack cleanup() finished in 0.54 sec
2019-06-24 07:57:59.300 1842 INFO rally.task.context [-] Task a05044bc-e213-43b3-a5d5-6c25e80f7dff | Context api_versions@openstack cleanup() started
2019-06-24 07:57:59.300 1842 INFO rally.task.context [-] Task a05044bc-e213-43b3-a5d5-6c25e80f7dff | Context api_versions@openstack cleanup() finished in 0.32 msec
2019-06-24 07:57:59.301 1842 INFO rally.task.context [-] Task a05044bc-e213-43b3-a5d5-6c25e80f7dff | Context users@openstack cleanup() started
2019-06-24 07:58:05.981 1842 INFO rally.task.context [-] Task a05044bc-e213-43b3-a5d5-6c25e80f7dff | Context users@openstack cleanup() finished in 6.68 sec
2019-06-24 07:58:07.724 1842 INFO rally.task.engine [-] Load duration is: 16.489938
2019-06-24 07:58:07.724 1842 INFO rally.task.engine [-] Full runner duration is: 16.53852
2019-06-24 07:58:07.725 1842 INFO rally.task.engine [-] Full duration is: 38.42713
2019-06-24 07:58:07.898 1842 INFO rally.task.engine [-] Running workload: position = 1 config = { "version": 2, "title": "A cropped version of a bigger task.", "description": "Auto-generated task from a single workload (uuid=f1e6dba4-b7b9-49bc-9290-576382275300)", "subtasks": [ { "title": "CinderVolumes.create_and_delete_volume", "description": "Create and then delete a volume.", "scenario": { "CinderVolumes.create_and_delete_volume": { "image": { "name": "rally_full-img_5a88827e-4f27-45bb-8e03-0791e24ad88f" }, "size": 1 } }, "contexts": { "users": { "tenants": 3, "users_per_tenant": 2 }, "quotas": { "cinder": { "gigabytes": -1, "snapshots": -1, "volumes": -1 } }, "api_versions": { "cinder": { "version": 3, "service_type": "volumev3" } } }, "runner": { "constant": { "concurrency": 4, "times": 10 } }, "hooks": [], "sla": { "failure_rate": { "max": 0 } } } ] }
2019-06-24 07:58:07.922 1842 RALLYDEBUG rally_openstack.contexts.keystone.users [-] Creating 3 tenants using 20 threads
2019-06-24 07:58:09.835 1842 RALLYDEBUG rally_openstack.contexts.keystone.users [-] Creating 6 users using 20 threads
2019-06-24 07:58:12.538 1842 INFO rally.task.context [-] Task a05044bc-e213-43b3-a5d5-6c25e80f7dff | Context users@openstack setup() finished in 4.62 sec
2019-06-24 07:58:13.086 1842 INFO rally.task.context [-] Task a05044bc-e213-43b3-a5d5-6c25e80f7dff | Context api_versions@openstack setup() finished in 0.55 sec
2019-06-24 07:58:14.611 1842 INFO rally.task.context [-] Task a05044bc-e213-43b3-a5d5-6c25e80f7dff | Context quotas@openstack setup() finished in 1.52 sec
2019-06-24 07:58:14.612 1842 INFO rally.task.context [-] Task a05044bc-e213-43b3-a5d5-6c25e80f7dff | Context cleanup@openstack setup() finished in 0.01 msec
2019-06-24 07:58:15.325 1842 RALLYDEBUG rally.task.runner [-] Starting the constant runner (task UUID: a05044bc-e213-43b3-a5d5-6c25e80f7dff). timeout: 0 concurrency: 4 concurrency_per_worker: 1 times: 10 concurrency_overhead: 0 processes_to_start: 4 max_cpu_used: 16
2019-06-24 07:58:15.338 4354 RALLYDEBUG rally.task.runner [-] Starting a worker. concurrency: 1 args: {"image": "ff503058-1cca-4f02-93b3-3cbd55a1dfba", "size": 1} times: 10 method_name: run timeout: 0 duration: None cls:
2019-06-24 07:58:15.341 4355 RALLYDEBUG rally.task.runner [-] Starting a worker. concurrency: 1 args: {"image": "ff503058-1cca-4f02-93b3-3cbd55a1dfba", "size": 1} times: 10 method_name: run timeout: 0 duration: None cls:
2019-06-24 07:58:15.342 4356 RALLYDEBUG rally.task.runner [-] Starting a worker. concurrency: 1 args: {"image": "ff503058-1cca-4f02-93b3-3cbd55a1dfba", "size": 1} times: 10 method_name: run timeout: 0 duration: None cls:
2019-06-24 07:58:15.346 4354 INFO rally.task.runner [-] Task a05044bc-e213-43b3-a5d5-6c25e80f7dff | ITER: 1 START
2019-06-24 07:58:15.348 4356 INFO rally.task.runner [-] Task a05044bc-e213-43b3-a5d5-6c25e80f7dff | ITER: 2 START
2019-06-24 07:58:15.348 4357 RALLYDEBUG rally.task.runner [-] Starting a worker. concurrency: 1 args: {"image": "ff503058-1cca-4f02-93b3-3cbd55a1dfba", "size": 1} times: 10 method_name: run timeout: 0 duration: None cls:
2019-06-24 07:58:15.350 4355 INFO rally.task.runner [-] Task a05044bc-e213-43b3-a5d5-6c25e80f7dff | ITER: 3 START
2019-06-24 07:58:15.355 4357 INFO rally.task.runner [-] Task a05044bc-e213-43b3-a5d5-6c25e80f7dff | ITER: 4 START
2019-06-24 07:58:21.191 4354 RALLYDEBUG rally.task.utils [-] Waiting for resource s_rally_f1e6dba4_eN2wGimR. Status changed: CREATING => DOWNLOADING in 2.11806488037
2019-06-24 07:58:22.919 4356 RALLYDEBUG rally.task.utils [-] Waiting for resource s_rally_f1e6dba4_o925zpWb. Status changed: DOWNLOADING => AVAILABLE in 4.15520787239
2019-06-24 07:58:23.071 4355 RALLYDEBUG rally.task.utils [-] Waiting for resource s_rally_f1e6dba4_hLQk41am. Status changed: DOWNLOADING => AVAILABLE in 4.27973604202
2019-06-24 07:58:23.164 4357 RALLYDEBUG rally.task.utils [-] Waiting for resource s_rally_f1e6dba4_40mmuibn. Status changed: DOWNLOADING => AVAILABLE in 4.40373587608
2019-06-24 07:58:23.486 4354 RALLYDEBUG rally.task.utils [-] Waiting for resource s_rally_f1e6dba4_eN2wGimR. Status changed: DOWNLOADING => AVAILABLE in 2.29423213005
2019-06-24 07:58:23.608 4356 RALLYDEBUG rally.task.utils [-] Waiting for resource s_rally_f1e6dba4_o925zpWb. Status changed: AVAILABLE => DELETING in 0.294708013535
2019-06-24 07:58:23.702 4355 INFO rally.task.runner [-] Task a05044bc-e213-43b3-a5d5-6c25e80f7dff | ITER: 3 END: OK
2019-06-24 07:58:23.707 4355 INFO rally.task.runner [-] Task a05044bc-e213-43b3-a5d5-6c25e80f7dff | ITER: 5 START
2019-06-24 07:58:23.866 4357 RALLYDEBUG rally.task.utils [-] Waiting for resource s_rally_f1e6dba4_40mmuibn. Status changed: AVAILABLE => DELETING in 0.3707010746
2019-06-24 07:58:24.038 4354 RALLYDEBUG rally.task.utils [-] Waiting for resource s_rally_f1e6dba4_eN2wGimR. Status changed: AVAILABLE => DELETING in 0.264451026917
2019-06-24 07:58:25.843 4356 INFO rally.task.runner [-] Task a05044bc-e213-43b3-a5d5-6c25e80f7dff | ITER: 2 END: OK
2019-06-24 07:58:25.849 4356 INFO rally.task.runner [-] Task a05044bc-e213-43b3-a5d5-6c25e80f7dff | ITER: 6 START
2019-06-24 07:58:25.906 4357 INFO rally.task.runner [-] Task a05044bc-e213-43b3-a5d5-6c25e80f7dff | ITER: 4 END: OK
2019-06-24 07:58:25.910 4357 INFO rally.task.runner [-] Task a05044bc-e213-43b3-a5d5-6c25e80f7dff | ITER: 7 START
2019-06-24 07:58:26.077 4354 INFO rally.task.runner [-] Task a05044bc-e213-43b3-a5d5-6c25e80f7dff | ITER: 1 END: OK
2019-06-24 07:58:26.081 4354 INFO rally.task.runner [-] Task a05044bc-e213-43b3-a5d5-6c25e80f7dff | ITER: 8 START
2019-06-24 07:58:29.699 4354 RALLYDEBUG rally.task.utils [-] Waiting for resource s_rally_f1e6dba4_IKvaxr2V. Status changed: CREATING => DOWNLOADING in 0.419578075409
2019-06-24 07:58:29.716 4355 RALLYDEBUG rally.task.utils [-] Waiting for resource s_rally_f1e6dba4_jClnwjFv. Status changed: DOWNLOADING => AVAILABLE in 2.68206787109
2019-06-24 07:58:30.341 4355 RALLYDEBUG rally.task.utils [-] Waiting for resource s_rally_f1e6dba4_jClnwjFv. Status changed: AVAILABLE => DELETING in 0.256879091263
2019-06-24 07:58:31.824 4356 RALLYDEBUG rally.task.utils [-] Waiting for resource s_rally_f1e6dba4_nmyJBS4n. Status changed: DOWNLOADING => AVAILABLE in 2.75308609009
2019-06-24 07:58:32.053 4354 RALLYDEBUG rally.task.utils [-] Waiting for resource s_rally_f1e6dba4_IKvaxr2V. Status changed: DOWNLOADING => AVAILABLE in 2.35479092598
2019-06-24 07:58:32.118 4357 RALLYDEBUG rally.task.utils [-] Waiting for resource s_rally_f1e6dba4_1fxhATUM. Status changed: DOWNLOADING => AVAILABLE in 3.04695487022
2019-06-24 07:58:32.163 4356 RALLYDEBUG rally.task.utils [-] Waiting for resource s_rally_f1e6dba4_nmyJBS4n. Status changed: AVAILABLE => DELETING in 0.0642580986023
2019-06-24 07:58:32.361 4354 RALLYDEBUG rally.task.utils [-] Waiting for resource s_rally_f1e6dba4_IKvaxr2V. Status changed: AVAILABLE => DELETING in 0.234909057617
2019-06-24 07:58:32.601 4355 INFO rally.task.runner [-] Task a05044bc-e213-43b3-a5d5-6c25e80f7dff | ITER: 5 END: OK
2019-06-24 07:58:32.605 4355 INFO rally.task.runner [-] Task a05044bc-e213-43b3-a5d5-6c25e80f7dff | ITER: 9 START
2019-06-24 07:58:32.664 4357 RALLYDEBUG rally.task.utils [-] Waiting for resource s_rally_f1e6dba4_1fxhATUM. Status changed: AVAILABLE => DELETING in 0.267258882523
2019-06-24 07:58:34.475 4356 INFO rally.task.runner [-] Task a05044bc-e213-43b3-a5d5-6c25e80f7dff | ITER: 6 END: OK
2019-06-24 07:58:34.480 4356 INFO rally.task.runner [-] Task a05044bc-e213-43b3-a5d5-6c25e80f7dff | ITER: 10 START
2019-06-24 07:58:34.702 4357 INFO rally.task.runner [-] Task a05044bc-e213-43b3-a5d5-6c25e80f7dff | ITER: 7 END: OK
2019-06-24 07:58:34.764 4354 INFO rally.task.runner [-] Task a05044bc-e213-43b3-a5d5-6c25e80f7dff | ITER: 8 END: OK
2019-06-24 07:58:38.724 4355 RALLYDEBUG rally.task.utils [-] Waiting for resource s_rally_f1e6dba4_z9BwXKWL. Status changed: DOWNLOADING => AVAILABLE in 2.95778298378
2019-06-24 07:58:39.031 4355 RALLYDEBUG rally.task.utils [-] Waiting for resource s_rally_f1e6dba4_z9BwXKWL. Status changed: AVAILABLE => DELETING in 0.0557310581207
2019-06-24 07:58:40.419 4356 RALLYDEBUG rally.task.utils [-] Waiting for resource s_rally_f1e6dba4_EnFn9xnO. Status changed: DOWNLOADING => AVAILABLE in 2.81848907471
2019-06-24 07:58:40.537 4356 RALLYDEBUG rally.task.utils [-] Waiting for resource s_rally_f1e6dba4_EnFn9xnO. Status changed: AVAILABLE => DELETING in 0.0532999038696
2019-06-24 07:58:41.257 4355 INFO rally.task.runner [-] Task a05044bc-e213-43b3-a5d5-6c25e80f7dff | ITER: 9 END: OK
2019-06-24 07:58:42.830 4356 INFO rally.task.runner [-] Task a05044bc-e213-43b3-a5d5-6c25e80f7dff | ITER: 10 END: OK
2019-06-24 07:58:42.851 1842 INFO rally.task.context [-] Task a05044bc-e213-43b3-a5d5-6c25e80f7dff | Context cleanup@openstack cleanup() started
2019-06-24 07:58:42.853 1842 RALLYDEBUG rally_openstack.cleanup.manager [-] Cleaning up cinder backups objects
2019-06-24 07:58:44.824 1842 RALLYDEBUG rally_openstack.cleanup.manager [-] Cleaning up cinder volume_snapshots objects
2019-06-24 07:58:46.941 1842 RALLYDEBUG rally_openstack.cleanup.manager [-] Cleaning up cinder transfers objects
2019-06-24 07:58:48.891 1842 RALLYDEBUG rally_openstack.cleanup.manager [-] Cleaning up cinder volumes objects
2019-06-24 07:58:51.094 1842 INFO rally.task.context [-] Task a05044bc-e213-43b3-a5d5-6c25e80f7dff | Context cleanup@openstack cleanup() finished in 8.24 sec
2019-06-24 07:58:51.095 1842 INFO rally.task.context [-] Task a05044bc-e213-43b3-a5d5-6c25e80f7dff | Context quotas@openstack cleanup() started
2019-06-24 07:58:51.651 1842 INFO rally.task.context [-] Task a05044bc-e213-43b3-a5d5-6c25e80f7dff | Context quotas@openstack cleanup() finished in 0.56 sec
2019-06-24 07:58:51.651 1842 INFO rally.task.context [-] Task a05044bc-e213-43b3-a5d5-6c25e80f7dff | Context api_versions@openstack cleanup() started
2019-06-24 07:58:51.651 1842 INFO rally.task.context [-] Task a05044bc-e213-43b3-a5d5-6c25e80f7dff | Context api_versions@openstack cleanup() finished in 0.32 msec
2019-06-24 07:58:51.652 1842 INFO rally.task.context [-] Task a05044bc-e213-43b3-a5d5-6c25e80f7dff | Context users@openstack cleanup() started
2019-06-24 07:58:58.525 1842 INFO rally.task.context [-] Task a05044bc-e213-43b3-a5d5-6c25e80f7dff | Context users@openstack cleanup() finished in 6.87 sec
2019-06-24 07:59:00.117 1842 INFO rally.task.engine [-] Load duration is: 27.480675
