2019-06-24 07:41:25.530 725 DEBUG glanceclient.common.http [-] Request returned failure status 404. _handle_response /usr/lib/python2.7/site-packages/glanceclient/common/http.py:125
2019-06-24 07:41:25.534 725 DEBUG glanceclient.common.http [-] Request returned failure status 404. _handle_response /usr/lib/python2.7/site-packages/glanceclient/common/http.py:125
2019-06-24 07:41:25.538 725 DEBUG glanceclient.common.http [-] Request returned failure status 404. _handle_response /usr/lib/python2.7/site-packages/glanceclient/common/http.py:125
2019-06-24 07:41:25.540 725 DEBUG glanceclient.common.http [-] Request returned failure status 404. _handle_response /usr/lib/python2.7/site-packages/glanceclient/common/http.py:125
2019-06-24 07:41:25.546 725 DEBUG glanceclient.common.http [-] Request returned failure status 404. _handle_response /usr/lib/python2.7/site-packages/glanceclient/common/http.py:125
2019-06-24 07:41:25.550 725 DEBUG glanceclient.common.http [-] Request returned failure status 404. _handle_response /usr/lib/python2.7/site-packages/glanceclient/common/http.py:125
2019-06-24 07:41:25.553 725 DEBUG glanceclient.common.http [-] Request returned failure status 404. _handle_response /usr/lib/python2.7/site-packages/glanceclient/common/http.py:125
2019-06-24 07:41:26.573 725 DEBUG glanceclient.common.http [-] Request returned failure status 404. _handle_response /usr/lib/python2.7/site-packages/glanceclient/common/http.py:125
2019-06-24 07:41:26.585 725 DEBUG glanceclient.common.http [-] Request returned failure status 404. _handle_response /usr/lib/python2.7/site-packages/glanceclient/common/http.py:125
2019-06-24 07:41:26.596 725 DEBUG glanceclient.common.http [-] Request returned failure status 404. _handle_response /usr/lib/python2.7/site-packages/glanceclient/common/http.py:125
2019-06-24 07:41:26.603 725 DEBUG glanceclient.common.http [-] Request returned failure status 404. _handle_response /usr/lib/python2.7/site-packages/glanceclient/common/http.py:125
2019-06-24 07:41:26.606 725 DEBUG glanceclient.common.http [-] Request returned failure status 404. _handle_response /usr/lib/python2.7/site-packages/glanceclient/common/http.py:125
2019-06-24 07:41:26.614 725 DEBUG glanceclient.common.http [-] Request returned failure status 404. _handle_response /usr/lib/python2.7/site-packages/glanceclient/common/http.py:125
2019-06-24 07:41:26.616 725 DEBUG glanceclient.common.http [-] Request returned failure status 404. _handle_response /usr/lib/python2.7/site-packages/glanceclient/common/http.py:125
2019-06-24 07:41:26.620 725 DEBUG glanceclient.common.http [-] Request returned failure status 404. _handle_response /usr/lib/python2.7/site-packages/glanceclient/common/http.py:125
2019-06-24 07:41:26.620 725 DEBUG glanceclient.common.http [-] Request returned failure status 404. _handle_response /usr/lib/python2.7/site-packages/glanceclient/common/http.py:125
2019-06-24 07:41:26.625 725 DEBUG glanceclient.common.http [-] Request returned failure status 404. _handle_response /usr/lib/python2.7/site-packages/glanceclient/common/http.py:125
2019-06-24 07:41:26.639 725 DEBUG glanceclient.common.http [-] Request returned failure status 404. _handle_response /usr/lib/python2.7/site-packages/glanceclient/common/http.py:125
2019-06-24 07:41:26.642 725 DEBUG glanceclient.common.http [-] Request returned failure status 404. _handle_response /usr/lib/python2.7/site-packages/glanceclient/common/http.py:125
2019-06-24 07:41:27.645 725 INFO rally.task.context [-] Task af616adf-3b1e-44f6-9a6c-7e4889a2e056 | Context cleanup@openstack cleanup() finished in 5.70 sec
2019-06-24 07:41:27.645 725 INFO rally.task.context [-] Task af616adf-3b1e-44f6-9a6c-7e4889a2e056 | Context users@openstack cleanup() started
2019-06-24 07:41:35.178 725 INFO rally.task.context [-] Task af616adf-3b1e-44f6-9a6c-7e4889a2e056 | Context users@openstack cleanup() finished in 7.53 sec
2019-06-24 07:41:36.250 725 INFO rally.task.engine [-] Load duration is: 12.327901
2019-06-24 07:41:36.251 725 INFO rally.task.engine [-] Full runner duration is: 13.250033
2019-06-24 07:41:36.251 725 INFO rally.task.engine [-] Full duration is: 31.081277
2019-06-24 07:41:36.521 725 INFO rally.task.engine [-] Running workload: position = 0 config = { "version": 2, "title": "A cropped version of a bigger task.", "description": "Auto-generated task from a single workload (uuid=995a7111-d3d3-4cf8-a569-e51d12587ac2)", "subtasks": [ { "title": "GlanceImages.create_and_update_image", "description": "Create an image then update it.", "scenario": { "GlanceImages.create_and_update_image": { "container_format": "bare", "disk_format": "qcow2", "image_location": "/home/opnfv/functest/images/cirros-0.4.0-x86_64-disk.img" } }, "contexts": { "users": { "tenants": 3, "users_per_tenant": 2 } }, "runner": { "constant": { "concurrency": 4, "times": 10 } }, "hooks": [], "sla": { "failure_rate": { "max": 0 } } } ] }
2019-06-24 07:41:36.542 725 RALLYDEBUG rally_openstack.contexts.keystone.users [-] Creating 3 tenants using 20 threads
2019-06-24 07:41:38.383 725 RALLYDEBUG rally_openstack.contexts.keystone.users [-] Creating 6 users using 20 threads
2019-06-24 07:41:40.980 725 INFO rally.task.context [-] Task af616adf-3b1e-44f6-9a6c-7e4889a2e056 | Context users@openstack setup() finished in 4.44 sec
2019-06-24 07:41:40.980 725 INFO rally.task.context [-] Task af616adf-3b1e-44f6-9a6c-7e4889a2e056 | Context cleanup@openstack setup() finished in 0.01 msec
2019-06-24 07:41:40.989 725 RALLYDEBUG rally.task.runner [-] Starting the constant runner (task UUID: af616adf-3b1e-44f6-9a6c-7e4889a2e056). timeout: 0 concurrency: 4 concurrency_per_worker: 1 times: 10 concurrency_overhead: 0 processes_to_start: 4 max_cpu_used: 16
2019-06-24 07:41:40.999 1757 RALLYDEBUG rally.task.runner [-] Starting a worker. concurrency: 1 args: {"container_format": "bare", "disk_format": "qcow2", "image_location": "/home/opnfv/functest/images/cirros-0.4.0-x86_64-disk.img"} times: 10 method_name: run timeout: 0 duration: None cls:
2019-06-24 07:41:41.003 1757 INFO rally.task.runner [-] Task af616adf-3b1e-44f6-9a6c-7e4889a2e056 | ITER: 1 START
2019-06-24 07:41:41.004 1758 RALLYDEBUG rally.task.runner [-] Starting a worker. concurrency: 1 args: {"container_format": "bare", "disk_format": "qcow2", "image_location": "/home/opnfv/functest/images/cirros-0.4.0-x86_64-disk.img"} times: 10 method_name: run timeout: 0 duration: None cls:
2019-06-24 07:41:41.008 1759 RALLYDEBUG rally.task.runner [-] Starting a worker. concurrency: 1 args: {"container_format": "bare", "disk_format": "qcow2", "image_location": "/home/opnfv/functest/images/cirros-0.4.0-x86_64-disk.img"} times: 10 method_name: run timeout: 0 duration: None cls:
2019-06-24 07:41:41.009 1758 INFO rally.task.runner [-] Task af616adf-3b1e-44f6-9a6c-7e4889a2e056 | ITER: 2 START
2019-06-24 07:41:41.010 1762 RALLYDEBUG rally.task.runner [-] Starting a worker. concurrency: 1 args: {"container_format": "bare", "disk_format": "qcow2", "image_location": "/home/opnfv/functest/images/cirros-0.4.0-x86_64-disk.img"} times: 10 method_name: run timeout: 0 duration: None cls:
2019-06-24 07:41:41.013 1759 INFO rally.task.runner [-] Task af616adf-3b1e-44f6-9a6c-7e4889a2e056 | ITER: 3 START
2019-06-24 07:41:41.016 1762 INFO rally.task.runner [-] Task af616adf-3b1e-44f6-9a6c-7e4889a2e056 | ITER: 4 START
2019-06-24 07:41:44.306 1759 RALLYDEBUG rally.task.utils [-] Waiting for resource u'd402852d-fa8d-4f81-8540-cefc591cbb4f'. Status changed: NONE => QUEUED in 0.0279319286346
2019-06-24 07:41:44.323 1757 RALLYDEBUG rally.task.utils [-] Waiting for resource u'56d6c307-f9ea-433b-9841-c104f8aab07a'. Status changed: NONE => QUEUED in 0.0342769622803
2019-06-24 07:41:44.325 1762 RALLYDEBUG rally.task.utils [-] Waiting for resource u'3f7f51a6-3c1a-4b24-89d1-47716107753c'. Status changed: NONE => QUEUED in 0.0375080108643
2019-06-24 07:41:44.397 1758 RALLYDEBUG rally.task.utils [-] Waiting for resource u'13f8d07a-caad-4df9-bcbc-b487aa657e26'. Status changed: NONE => QUEUED in 0.0329151153564
2019-06-24 07:41:45.508 1762 RALLYDEBUG rally.task.utils [-] Waiting for resource s_rally_995a7111_fLiU8ynh. Status changed: QUEUED => ACTIVE in 0.018933057785
2019-06-24 07:41:45.530 1759 RALLYDEBUG rally.task.utils [-] Waiting for resource s_rally_995a7111_HZT6N0Lj. Status changed: QUEUED => ACTIVE in 0.0180327892303
2019-06-24 07:41:45.675 1762 INFO rally.task.runner [-] Task af616adf-3b1e-44f6-9a6c-7e4889a2e056 | ITER: 4 END: OK
2019-06-24 07:41:45.679 1762 INFO rally.task.runner [-] Task af616adf-3b1e-44f6-9a6c-7e4889a2e056 | ITER: 5 START
2019-06-24 07:41:45.694 1759 INFO rally.task.runner [-] Task af616adf-3b1e-44f6-9a6c-7e4889a2e056 | ITER: 3 END: OK
2019-06-24 07:41:45.697 1759 INFO rally.task.runner [-] Task af616adf-3b1e-44f6-9a6c-7e4889a2e056 | ITER: 6 START
2019-06-24 07:41:46.529 1757 RALLYDEBUG rally.task.utils [-] Waiting for resource s_rally_995a7111_gbOSVCAi. Status changed: QUEUED => ACTIVE in 0.0206580162048
2019-06-24 07:41:46.578 1758 RALLYDEBUG rally.task.utils [-] Waiting for resource s_rally_995a7111_1bwFS62i. Status changed: QUEUED => ACTIVE in 0.0209181308746
2019-06-24 07:41:46.711 1757 INFO rally.task.runner [-] Task af616adf-3b1e-44f6-9a6c-7e4889a2e056 | ITER: 1 END: OK
2019-06-24 07:41:46.715 1757 INFO rally.task.runner [-] Task af616adf-3b1e-44f6-9a6c-7e4889a2e056 | ITER: 7 START
2019-06-24 07:41:46.754 1758 INFO rally.task.runner [-] Task af616adf-3b1e-44f6-9a6c-7e4889a2e056 | ITER: 2 END: OK
2019-06-24 07:41:46.758 1758 INFO rally.task.runner [-] Task af616adf-3b1e-44f6-9a6c-7e4889a2e056 | ITER: 8 START
2019-06-24 07:41:48.934 1762 RALLYDEBUG rally.task.utils [-] Waiting for resource u'840ad0c0-db7e-4f40-862c-69f96ca72c4a'. Status changed: NONE => QUEUED in 0.0296669006348
2019-06-24 07:41:49.035 1759 RALLYDEBUG rally.task.utils [-] Waiting for resource u'6e2e50d7-45f3-49f6-adc1-6559874e9529'. Status changed: NONE => QUEUED in 0.0293118953705
2019-06-24 07:41:49.834 1762 RALLYDEBUG rally.task.utils [-] Waiting for resource s_rally_995a7111_KdR2QYsZ. Status changed: QUEUED => ACTIVE in 0.0198769569397
2019-06-24 07:41:49.960 1757 RALLYDEBUG rally.task.utils [-] Waiting for resource u'023f23d3-59cb-41e4-883f-65ddf8616d3b'. Status changed: NONE => QUEUED in 0.0289840698242
2019-06-24 07:41:49.963 1762 INFO rally.task.runner [-] Task af616adf-3b1e-44f6-9a6c-7e4889a2e056 | ITER: 5 END: OK
2019-06-24 07:41:49.967 1762 INFO rally.task.runner [-] Task af616adf-3b1e-44f6-9a6c-7e4889a2e056 | ITER: 9 START
2019-06-24 07:41:50.020 1758 RALLYDEBUG rally.task.utils [-] Waiting for resource u'1cbb15fa-459f-43b0-8f55-5410bf6393d6'. Status changed: NONE => QUEUED in 0.0324549674988
2019-06-24 07:41:50.710 1757 RALLYDEBUG rally.task.utils [-] Waiting for resource s_rally_995a7111_KCR05NEz. Status changed: QUEUED => ACTIVE in 0.0182678699493
2019-06-24 07:41:50.714 1758 RALLYDEBUG rally.task.utils [-] Waiting for resource s_rally_995a7111_oPM43ug7. Status changed: QUEUED => ACTIVE in 0.024393081665
2019-06-24 07:41:50.715 1759 RALLYDEBUG rally.task.utils [-] Waiting for resource s_rally_995a7111_3ZfCR8wg. Status changed: QUEUED => ACTIVE in 0.0231559276581
2019-06-24 07:41:50.855 1757 INFO rally.task.runner [-] Task af616adf-3b1e-44f6-9a6c-7e4889a2e056 | ITER: 7 END: OK
2019-06-24 07:41:50.858 1759 INFO rally.task.runner [-] Task af616adf-3b1e-44f6-9a6c-7e4889a2e056 | ITER: 6 END: OK
2019-06-24 07:41:50.858 1757 INFO rally.task.runner [-] Task af616adf-3b1e-44f6-9a6c-7e4889a2e056 | ITER: 10 START
2019-06-24 07:41:50.965 1758 INFO rally.task.runner [-] Task af616adf-3b1e-44f6-9a6c-7e4889a2e056 | ITER: 8 END: OK
2019-06-24 07:41:53.368 1762 RALLYDEBUG rally.task.utils [-] Waiting for resource u'ff084955-c010-47ef-a998-06b25c97ec19'. Status changed: NONE => QUEUED in 0.0311679840088
2019-06-24 07:41:53.844 1762 RALLYDEBUG rally.task.utils [-] Waiting for resource s_rally_995a7111_FsgGqSOs. Status changed: QUEUED => ACTIVE in 0.0178878307343
2019-06-24 07:41:53.971 1762 INFO rally.task.runner [-] Task af616adf-3b1e-44f6-9a6c-7e4889a2e056 | ITER: 9 END: OK
2019-06-24 07:41:54.103 1757 RALLYDEBUG rally.task.utils [-] Waiting for resource u'ec6a15a6-3434-41a4-b9c0-0d32e18bd3e0'. Status changed: NONE => QUEUED in 0.0272331237793
2019-06-24 07:41:55.054 1757 RALLYDEBUG rally.task.utils [-] Waiting for resource s_rally_995a7111_wGfdr9KG. Status changed: QUEUED => ACTIVE in 0.0176451206207
2019-06-24 07:41:55.185 1757 INFO rally.task.runner [-] Task af616adf-3b1e-44f6-9a6c-7e4889a2e056 | ITER: 10 END: OK
2019-06-24 07:41:55.205 725 INFO rally.task.context [-] Task af616adf-3b1e-44f6-9a6c-7e4889a2e056 | Context cleanup@openstack cleanup() started
2019-06-24 07:41:55.208 725 RALLYDEBUG rally_openstack.cleanup.manager [-] Cleaning up glance images objects
2019-06-24 07:41:57.374 725 RALLYDEBUG rally_openstack.cleanup.manager [-] Deleting glance.images object s_rally_995a7111_JSc5oSX5 (3f7f51a6-3c1a-4b24-89d1-47716107753c)
2019-06-24 07:41:57.380 725 RALLYDEBUG rally_openstack.cleanup.manager [-] Deleting glance.images object s_rally_995a7111_4ahzbo5Z (d402852d-fa8d-4f81-8540-cefc591cbb4f)
2019-06-24 07:41:57.380 725 RALLYDEBUG rally_openstack.cleanup.manager [-] Deleting glance.images object s_rally_995a7111_EeQ4geD1 (023f23d3-59cb-41e4-883f-65ddf8616d3b)
2019-06-24 07:41:57.382 725 RALLYDEBUG rally_openstack.cleanup.manager [-] Deleting glance.images object s_rally_995a7111_hHsQlDdD (ec6a15a6-3434-41a4-b9c0-0d32e18bd3e0)
2019-06-24 07:41:57.386 725 RALLYDEBUG rally_openstack.cleanup.manager [-] Deleting glance.images object s_rally_995a7111_83rheK3y (13f8d07a-caad-4df9-bcbc-b487aa657e26)
2019-06-24 07:41:57.388 725 RALLYDEBUG rally_openstack.cleanup.manager [-] Deleting glance.images object s_rally_995a7111_K429oi2j (1cbb15fa-459f-43b0-8f55-5410bf6393d6)
2019-06-24 07:41:57.401 725 RALLYDEBUG rally_openstack.cleanup.manager [-] Deleting glance.images object s_rally_995a7111_PFQRhwwZ (6e2e50d7-45f3-49f6-adc1-6559874e9529)
2019-06-24 07:41:57.409 725 RALLYDEBUG rally_openstack.cleanup.manager [-] Deleting glance.images object s_rally_995a7111_igsuRQrd (840ad0c0-db7e-4f40-862c-69f96ca72c4a)
2019-06-24 07:41:57.421 725 RALLYDEBUG rally_openstack.cleanup.manager [-] Deleting glance.images object s_rally_995a7111_f0W00VGb (ff084955-c010-47ef-a998-06b25c97ec19)
2019-06-24 07:41:57.430 725 RALLYDEBUG rally_openstack.cleanup.manager [-] Deleting glance.images object s_rally_995a7111_b54e7leO (56d6c307-f9ea-433b-9841-c104f8aab07a)
2019-06-24 07:41:59.554 725 DEBUG glanceclient.common.http [-] Request returned failure status 404. _handle_response /usr/lib/python2.7/site-packages/glanceclient/common/http.py:125
2019-06-24 07:41:59.558 725 DEBUG glanceclient.common.http [-] Request returned failure status 404. _handle_response /usr/lib/python2.7/site-packages/glanceclient/common/http.py:125
2019-06-24 07:41:59.566 725 DEBUG glanceclient.common.http [-] Request returned failure status 404. _handle_response /usr/lib/python2.7/site-packages/glanceclient/common/http.py:125
2019-06-24 07:41:59.570 725 DEBUG glanceclient.common.http [-] Request returned failure status 404. _handle_response /usr/lib/python2.7/site-packages/glanceclient/common/http.py:125
2019-06-24 07:41:59.572 725 DEBUG glanceclient.common.http [-] Request returned failure status 404. _handle_response /usr/lib/python2.7/site-packages/glanceclient/common/http.py:125
2019-06-24 07:41:59.580 725 DEBUG glanceclient.common.http [-] Request returned failure status 404. _handle_response /usr/lib/python2.7/site-packages/glanceclient/common/http.py:125
2019-06-24 07:42:00.542 725 DEBUG glanceclient.common.http [-] Request returned failure status 404. _handle_response /usr/lib/python2.7/site-packages/glanceclient/common/http.py:125
2019-06-24 07:42:00.559 725 DEBUG glanceclient.common.http [-] Request returned failure status 404. _handle_response /usr/lib/python2.7/site-packages/glanceclient/common/http.py:125
2019-06-24 07:42:00.569 725 DEBUG glanceclient.common.http [-] Request returned failure status 404. _handle_response /usr/lib/python2.7/site-packages/glanceclient/common/http.py:125
2019-06-24 07:42:00.579 725 DEBUG glanceclient.common.http [-] Request returned failure status 404. _handle_response /usr/lib/python2.7/site-packages/glanceclient/common/http.py:125
2019-06-24 07:42:00.587 725 DEBUG glanceclient.common.http [-] Request returned failure status 404. _handle_response /usr/lib/python2.7/site-packages/glanceclient/common/http.py:125
2019-06-24 07:42:00.590 725 DEBUG glanceclient.common.http [-] Request returned failure status 404. _handle_response /usr/lib/python2.7/site-packages/glanceclient/common/http.py:125
2019-06-24 07:42:00.601 725 DEBUG glanceclient.common.http [-] Request returned failure status 404. _handle_response /usr/lib/python2.7/site-packages/glanceclient/common/http.py:125
2019-06-24 07:42:00.613 725 DEBUG glanceclient.common.http [-] Request returned failure status 404. _handle_response /usr/lib/python2.7/site-packages/glanceclient/common/http.py:125
2019-06-24 07:42:00.639 725 DEBUG glanceclient.common.http [-] Request returned failure status 404. _handle_response /usr/lib/python2.7/site-packages/glanceclient/common/http.py:125
2019-06-24 07:42:00.650 725 DEBUG glanceclient.common.http [-] Request returned failure status 404. _handle_response /usr/lib/python2.7/site-packages/glanceclient/common/http.py:125
2019-06-24 07:42:00.650 725 DEBUG glanceclient.common.http [-] Request returned failure status 404. _handle_response /usr/lib/python2.7/site-packages/glanceclient/common/http.py:125
2019-06-24 07:42:00.651 725 DEBUG glanceclient.common.http [-] Request returned failure status 404. _handle_response /usr/lib/python2.7/site-packages/glanceclient/common/http.py:125
2019-06-24 07:42:00.682 725 DEBUG glanceclient.common.http [-] Request returned failure status 404. _handle_response /usr/lib/python2.7/site-packages/glanceclient/common/http.py:125
2019-06-24 07:42:00.683 725 DEBUG glanceclient.common.http [-] Request returned failure status 404. _handle_response /usr/lib/python2.7/site-packages/glanceclient/common/http.py:125
2019-06-24 07:42:01.686 725 INFO rally.task.context [-] Task af616adf-3b1e-44f6-9a6c-7e4889a2e056 | Context cleanup@openstack cleanup() finished in 6.48 sec
2019-06-24 07:42:01.686 725 INFO rally.task.context [-] Task af616adf-3b1e-44f6-9a6c-7e4889a2e056 | Context users@openstack cleanup() started
2019-06-24 07:42:09.184 725 INFO rally.task.context [-] Task af616adf-3b1e-44f6-9a6c-7e4889a2e056 | Context users@openstack cleanup() finished in 7.50 sec
2019-06-24 07:42:10.697 725 INFO rally.task.engine [-] Load duration is: 13.312586
2019-06-24 07:42:10.697 725 INFO rally.task.engine [-] Full runner duration is: 14.21771
2019-06-24 07:42:10.697 725 INFO rally.task.engine [-] Full duration is: 32.643333
2019-06-24 07:42:10.915 725 INFO rally.task.engine [-] Task af616adf-3b1e-44f6-9a6c-7e4889a2e056 | Completed: Running task.
2019-06-24 07:42:11.855 1839 RALLYDEBUG rally.api [-] INFO logs from urllib3 and requests module are hide.
2019-06-24 07:42:11.856 1839 RALLYDEBUG rally.api [-] urllib3 insecure warnings are hidden.
2019-06-24 07:42:11.856 1839 RALLYDEBUG rally.api [-] ERROR log from boto module is hide.
2019-06-24 07:42:12.703 1840 RALLYDEBUG rally.api [-] INFO logs from urllib3 and requests module are hide.
2019-06-24 07:42:12.703 1840 RALLYDEBUG rally.api [-] urllib3 insecure warnings are hidden.
2019-06-24 07:42:12.703 1840 RALLYDEBUG rally.api [-] ERROR log from boto module is hide.
2019-06-24 07:42:13.784 1840 INFO rally.api [-] Building 'json' report for the following task(s): 'af616adf-3b1e-44f6-9a6c-7e4889a2e056'.
2019-06-24 07:42:13.801 1840 INFO rally.api [-] The report has been successfully built.
2019-06-24 07:42:14.581 1842 RALLYDEBUG rally.api [-] INFO logs from urllib3 and requests module are hide.
2019-06-24 07:42:14.581 1842 RALLYDEBUG rally.api [-] urllib3 insecure warnings are hidden.
2019-06-24 07:42:14.581 1842 RALLYDEBUG rally.api [-] ERROR log from boto module is hide.
2019-06-24 07:42:16.033 1842 INFO rally.task.engine [-] Task a05044bc-e213-43b3-a5d5-6c25e80f7dff | Starting: Task validation.
2019-06-24 07:42:16.077 1842 INFO rally.task.engine [-] Task a05044bc-e213-43b3-a5d5-6c25e80f7dff | Starting: Task validation of syntax.
2019-06-24 07:42:16.405 1842 INFO rally.task.engine [-] Task a05044bc-e213-43b3-a5d5-6c25e80f7dff | Completed: Task validation of syntax.
2019-06-24 07:42:16.405 1842 INFO rally.task.engine [-] Task a05044bc-e213-43b3-a5d5-6c25e80f7dff | Starting: Task validation of required platforms.
2019-06-24 07:42:16.508 1842 INFO rally.task.engine [-] Task a05044bc-e213-43b3-a5d5-6c25e80f7dff | Completed: Task validation of required platforms.
2019-06-24 07:42:16.508 1842 INFO rally.task.engine [-] Task a05044bc-e213-43b3-a5d5-6c25e80f7dff | Starting: Task validation of semantic.
2019-06-24 07:42:16.509 1842 INFO rally.task.engine [-] Check health of the environment 'c18efd7d-8d3d-495e-aceb-c4ad5d33263f'.
2019-06-24 07:42:17.289 1842 INFO rally.task.engine [-] Platform existing@openstack (available: True): OK!
2019-06-24 07:42:17.307 1842 RALLYDEBUG rally_openstack.contexts.keystone.users [-] Creating 1 tenants using 20 threads
2019-06-24 07:42:18.995 1842 RALLYDEBUG rally_openstack.contexts.keystone.users [-] Creating 1 users using 20 threads
2019-06-24 07:42:21.732 1842 INFO rally.task.context [-] Task a05044bc-e213-43b3-a5d5-6c25e80f7dff | Context users@openstack setup() finished in 4.42 sec
2019-06-24 07:42:22.624 1842 DEBUG novaclient.v2.client [-] REQ: curl -g -i -X GET http://172.30.9.29:8774/v2.1/flavors/detail -H "Accept: application/json" -H "User-Agent: python-novaclient" -H "X-Auth-Token: {SHA1}b72cdd5d45174b7e12e6758467c0de85e8f832ac" _http_log_request /usr/lib/python2.7/site-packages/keystoneauth1/session.py:448
2019-06-24 07:42:22.907 1842 DEBUG novaclient.v2.client [-] RESP: [200] Content-Encoding: gzip Content-Length: 364 Content-Type: application/json Date: Mon, 24 Jun 2019 07:42:22 GMT OpenStack-API-Version: compute 2.1 Server: Apache Vary: OpenStack-API-Version,X-OpenStack-Nova-API-Version,Accept-Encoding X-OpenStack-Nova-API-Version: 2.1 x-compute-request-id: req-1c2b8f62-c5a2-435b-94d3-e22f9ec523fe x-openstack-request-id: req-1c2b8f62-c5a2-435b-94d3-e22f9ec523fe _http_log_response /usr/lib/python2.7/site-packages/keystoneauth1/session.py:479
2019-06-24 07:42:22.908 1842 DEBUG novaclient.v2.client [-] RESP BODY: {"flavors": [{"name": "rally_full-flavor_alt_5a88827e-4f27-45bb-8e03-0791e24ad88f", "links": [{"href": "http://172.30.9.29:8774/v2.1/flavors/6e1b0833-39c1-4b07-90f2-52de59b27033", "rel": "self"}, {"href": "http://172.30.9.29:8774/flavors/6e1b0833-39c1-4b07-90f2-52de59b27033", "rel": "bookmark"}], "ram": 1024, "OS-FLV-DISABLED:disabled": false, "vcpus": 1, "swap": "", "os-flavor-access:is_public": true, "rxtx_factor": 1.0, "OS-FLV-EXT-DATA:ephemeral": 0, "disk": 1, "id": "6e1b0833-39c1-4b07-90f2-52de59b27033"}, {"name": "rally_full-flavor_5a88827e-4f27-45bb-8e03-0791e24ad88f", "links": [{"href": "http://172.30.9.29:8774/v2.1/flavors/ed1ed3b6-819d-4e71-8c5d-423157f9cc74", "rel": "self"}, {"href": "http://172.30.9.29:8774/flavors/ed1ed3b6-819d-4e71-8c5d-423157f9cc74", "rel": "bookmark"}], "ram": 512, "OS-FLV-DISABLED:disabled": false, "vcpus": 1, "swap": "", "os-flavor-access:is_public": true, "rxtx_factor": 1.0, "OS-FLV-EXT-DATA:ephemeral": 0, "disk": 1, "id": "ed1ed3b6-819d-4e71-8c5d-423157f9cc74"}]} _http_log_response /usr/lib/python2.7/site-packages/keystoneauth1/session.py:511
2019-06-24 07:42:22.908 1842 DEBUG novaclient.v2.client [-] GET call to compute for http://172.30.9.29:8774/v2.1/flavors/detail used request id req-1c2b8f62-c5a2-435b-94d3-e22f9ec523fe request /usr/lib/python2.7/site-packages/keystoneauth1/session.py:844
2019-06-24 07:42:23.326 1842 DEBUG novaclient.v2.client [-] REQ: curl -g -i -X GET http://172.30.9.29:8774/v2.1/flavors/ed1ed3b6-819d-4e71-8c5d-423157f9cc74 -H "Accept: application/json" -H "User-Agent: python-novaclient" -H "X-Auth-Token: {SHA1}0d90b05477b30cc84e1a75f5a7339d68e9355af0" _http_log_request /usr/lib/python2.7/site-packages/keystoneauth1/session.py:448
2019-06-24 07:42:23.621 1842 DEBUG novaclient.v2.client [-] RESP: [200] Content-Encoding: gzip Content-Length: 310 Content-Type: application/json Date: Mon, 24 Jun 2019 07:42:23 GMT OpenStack-API-Version: compute 2.1 Server: Apache Vary: OpenStack-API-Version,X-OpenStack-Nova-API-Version,Accept-Encoding X-OpenStack-Nova-API-Version: 2.1 x-compute-request-id: req-63c88b3a-3b59-46d5-9434-63a3755a3e6f x-openstack-request-id: req-63c88b3a-3b59-46d5-9434-63a3755a3e6f _http_log_response /usr/lib/python2.7/site-packages/keystoneauth1/session.py:479
2019-06-24 07:42:23.622 1842 DEBUG novaclient.v2.client [-] RESP BODY: {"flavor": {"name": "rally_full-flavor_5a88827e-4f27-45bb-8e03-0791e24ad88f", "links": [{"href": "http://172.30.9.29:8774/v2.1/flavors/ed1ed3b6-819d-4e71-8c5d-423157f9cc74", "rel": "self"}, {"href": "http://172.30.9.29:8774/flavors/ed1ed3b6-819d-4e71-8c5d-423157f9cc74", "rel": "bookmark"}], "ram": 512, "OS-FLV-DISABLED:disabled": false, "vcpus": 1, "swap": "", "os-flavor-access:is_public": true, "rxtx_factor": 1.0, "OS-FLV-EXT-DATA:ephemeral": 0, "disk": 1, "id": "ed1ed3b6-819d-4e71-8c5d-423157f9cc74"}} _http_log_response /usr/lib/python2.7/site-packages/keystoneauth1/session.py:511
2019-06-24 07:42:23.622 1842 DEBUG novaclient.v2.client [-] GET call to compute for http://172.30.9.29:8774/v2.1/flavors/ed1ed3b6-819d-4e71-8c5d-423157f9cc74 used request id req-63c88b3a-3b59-46d5-9434-63a3755a3e6f request /usr/lib/python2.7/site-packages/keystoneauth1/session.py:844
2019-06-24 07:42:28.786 1842 DEBUG novaclient.v2.client [-] REQ: curl -g -i -X GET http://172.30.9.29:8774/v2.1/flavors/detail -H "Accept: application/json" -H "User-Agent: python-novaclient" -H "X-Auth-Token: {SHA1}ab7d3e3734814eead11364f952ed706144f86083" _http_log_request /usr/lib/python2.7/site-packages/keystoneauth1/session.py:448
2019-06-24 07:42:29.052 1842 DEBUG novaclient.v2.client [-] RESP: [200] Content-Encoding: gzip Content-Length: 364 Content-Type: application/json Date: Mon, 24 Jun 2019 07:42:28 GMT OpenStack-API-Version: compute 2.1 Server: Apache Vary: OpenStack-API-Version,X-OpenStack-Nova-API-Version,Accept-Encoding X-OpenStack-Nova-API-Version: 2.1 x-compute-request-id: req-5058f768-29b9-4b46-ae83-fab98cca4929 x-openstack-request-id: req-5058f768-29b9-4b46-ae83-fab98cca4929 _http_log_response /usr/lib/python2.7/site-packages/keystoneauth1/session.py:479
2019-06-24 07:42:29.053 1842 DEBUG novaclient.v2.client [-] RESP BODY: {"flavors": [{"name": "rally_full-flavor_alt_5a88827e-4f27-45bb-8e03-0791e24ad88f", "links": [{"href": "http://172.30.9.29:8774/v2.1/flavors/6e1b0833-39c1-4b07-90f2-52de59b27033", "rel": "self"}, {"href": "http://172.30.9.29:8774/flavors/6e1b0833-39c1-4b07-90f2-52de59b27033", "rel": "bookmark"}], "ram": 1024, "OS-FLV-DISABLED:disabled": false, "vcpus": 1, "swap": "", "os-flavor-access:is_public": true, "rxtx_factor": 1.0, "OS-FLV-EXT-DATA:ephemeral": 0, "disk": 1, "id": "6e1b0833-39c1-4b07-90f2-52de59b27033"}, {"name": "rally_full-flavor_5a88827e-4f27-45bb-8e03-0791e24ad88f", "links": [{"href": "http://172.30.9.29:8774/v2.1/flavors/ed1ed3b6-819d-4e71-8c5d-423157f9cc74", "rel": "self"}, {"href": "http://172.30.9.29:8774/flavors/ed1ed3b6-819d-4e71-8c5d-423157f9cc74", "rel": "bookmark"}], "ram": 512, "OS-FLV-DISABLED:disabled": false, "vcpus": 1, "swap": "", "os-flavor-access:is_public": true, "rxtx_factor": 1.0, "OS-FLV-EXT-DATA:ephemeral": 0, "disk": 1, "id": "ed1ed3b6-819d-4e71-8c5d-423157f9cc74"}]} _http_log_response /usr/lib/python2.7/site-packages/keystoneauth1/session.py:511
2019-06-24 07:42:29.053 1842 DEBUG novaclient.v2.client [-] GET call to compute for http://172.30.9.29:8774/v2.1/flavors/detail used request id req-5058f768-29b9-4b46-ae83-fab98cca4929 request /usr/lib/python2.7/site-packages/keystoneauth1/session.py:844
2019-06-24 07:42:29.482 1842 DEBUG novaclient.v2.client [-] REQ: curl -g -i -X GET http://172.30.9.29:8774/v2.1/flavors/ed1ed3b6-819d-4e71-8c5d-423157f9cc74 -H "Accept: application/json" -H "User-Agent: python-novaclient" -H "X-Auth-Token: {SHA1}dbb75dc30274de9ecb64ca25020402ad75f08015" _http_log_request /usr/lib/python2.7/site-packages/keystoneauth1/session.py:448
2019-06-24 07:42:29.747 1842 DEBUG novaclient.v2.client [-] RESP: [200] Content-Encoding: gzip Content-Length: 310 Content-Type: application/json Date: Mon, 24 Jun 2019 07:42:29 GMT OpenStack-API-Version: compute 2.1 Server: Apache Vary: OpenStack-API-Version,X-OpenStack-Nova-API-Version,Accept-Encoding X-OpenStack-Nova-API-Version: 2.1 x-compute-request-id: req-27a37ba6-5bc1-43a8-ae99-6b7d9ad620af x-openstack-request-id: req-27a37ba6-5bc1-43a8-ae99-6b7d9ad620af _http_log_response /usr/lib/python2.7/site-packages/keystoneauth1/session.py:479
2019-06-24 07:42:29.748 1842 DEBUG novaclient.v2.client [-] RESP BODY: {"flavor": {"name": "rally_full-flavor_5a88827e-4f27-45bb-8e03-0791e24ad88f", "links": [{"href": "http://172.30.9.29:8774/v2.1/flavors/ed1ed3b6-819d-4e71-8c5d-423157f9cc74", "rel": "self"}, {"href": "http://172.30.9.29:8774/flavors/ed1ed3b6-819d-4e71-8c5d-423157f9cc74", "rel": "bookmark"}], "ram": 512, "OS-FLV-DISABLED:disabled": false, "vcpus": 1, "swap": "", "os-flavor-access:is_public": true, "rxtx_factor": 1.0, "OS-FLV-EXT-DATA:ephemeral": 0, "disk": 1, "id": "ed1ed3b6-819d-4e71-8c5d-423157f9cc74"}} _http_log_response /usr/lib/python2.7/site-packages/keystoneauth1/session.py:511
2019-06-24 07:42:29.748 1842 DEBUG novaclient.v2.client [-] GET call to compute for http://172.30.9.29:8774/v2.1/flavors/ed1ed3b6-819d-4e71-8c5d-423157f9cc74 used request id req-27a37ba6-5bc1-43a8-ae99-6b7d9ad620af request /usr/lib/python2.7/site-packages/keystoneauth1/session.py:844
2019-06-24 07:42:31.551 1842 DEBUG novaclient.v2.client [-] REQ: curl -g -i -X GET http://172.30.9.29:8774/v2.1/flavors/detail -H "Accept: application/json" -H "User-Agent: python-novaclient" -H "X-Auth-Token: {SHA1}1fd854e9203e5cd3f627de2abd301f475505b6f0" _http_log_request /usr/lib/python2.7/site-packages/keystoneauth1/session.py:448
2019-06-24 07:42:31.830 1842 DEBUG novaclient.v2.client [-] RESP: [200] Content-Encoding: gzip Content-Length: 364 Content-Type: application/json Date: Mon, 24 Jun 2019 07:42:31 GMT OpenStack-API-Version: compute 2.1 Server: Apache Vary: OpenStack-API-Version,X-OpenStack-Nova-API-Version,Accept-Encoding X-OpenStack-Nova-API-Version: 2.1 x-compute-request-id: req-93b1440f-3a05-44a7-a676-16ee42bd3cd5 x-openstack-request-id: req-93b1440f-3a05-44a7-a676-16ee42bd3cd5 _http_log_response /usr/lib/python2.7/site-packages/keystoneauth1/session.py:479
2019-06-24 07:42:31.831 1842 DEBUG novaclient.v2.client [-] RESP BODY: {"flavors": [{"name": "rally_full-flavor_alt_5a88827e-4f27-45bb-8e03-0791e24ad88f", "links": [{"href": "http://172.30.9.29:8774/v2.1/flavors/6e1b0833-39c1-4b07-90f2-52de59b27033", "rel": "self"}, {"href": "http://172.30.9.29:8774/flavors/6e1b0833-39c1-4b07-90f2-52de59b27033", "rel": "bookmark"}], "ram": 1024, "OS-FLV-DISABLED:disabled": false, "vcpus": 1, "swap": "", "os-flavor-access:is_public": true, "rxtx_factor": 1.0, "OS-FLV-EXT-DATA:ephemeral": 0, "disk": 1, "id": "6e1b0833-39c1-4b07-90f2-52de59b27033"}, {"name": "rally_full-flavor_5a88827e-4f27-45bb-8e03-0791e24ad88f", "links": [{"href": "http://172.30.9.29:8774/v2.1/flavors/ed1ed3b6-819d-4e71-8c5d-423157f9cc74", "rel": "self"}, {"href": "http://172.30.9.29:8774/flavors/ed1ed3b6-819d-4e71-8c5d-423157f9cc74", "rel": "bookmark"}], "ram": 512, "OS-FLV-DISABLED:disabled": false, "vcpus": 1, "swap": "", "os-flavor-access:is_public": true, "rxtx_factor": 1.0, "OS-FLV-EXT-DATA:ephemeral": 0, "disk": 1, "id": "ed1ed3b6-819d-4e71-8c5d-423157f9cc74"}]} _http_log_response /usr/lib/python2.7/site-packages/keystoneauth1/session.py:511
2019-06-24 07:42:31.831 1842 DEBUG novaclient.v2.client [-] GET call to compute for http://172.30.9.29:8774/v2.1/flavors/detail used request id req-93b1440f-3a05-44a7-a676-16ee42bd3cd5 request /usr/lib/python2.7/site-packages/keystoneauth1/session.py:844
2019-06-24 07:42:32.244 1842 DEBUG novaclient.v2.client [-] REQ: curl -g -i -X GET http://172.30.9.29:8774/v2.1/flavors/ed1ed3b6-819d-4e71-8c5d-423157f9cc74 -H "Accept: application/json" -H "User-Agent: python-novaclient" -H "X-Auth-Token: {SHA1}f8de5ce3e3e6cf4551d99876b05d2caca9f0db2a" _http_log_request /usr/lib/python2.7/site-packages/keystoneauth1/session.py:448
2019-06-24 07:42:32.518 1842 DEBUG novaclient.v2.client [-] RESP: [200] Content-Encoding: gzip Content-Length: 310 Content-Type: application/json Date: Mon, 24 Jun 2019 07:42:32 GMT OpenStack-API-Version: compute 2.1 Server: Apache Vary: OpenStack-API-Version,X-OpenStack-Nova-API-Version,Accept-Encoding X-OpenStack-Nova-API-Version: 2.1 x-compute-request-id: req-d9586bf3-2a34-4ffb-b140-ec51094c9401 x-openstack-request-id: req-d9586bf3-2a34-4ffb-b140-ec51094c9401 _http_log_response /usr/lib/python2.7/site-packages/keystoneauth1/session.py:479
2019-06-24 07:42:32.519 1842 DEBUG novaclient.v2.client [-] RESP BODY: {"flavor": {"name": "rally_full-flavor_5a88827e-4f27-45bb-8e03-0791e24ad88f", "links": [{"href": "http://172.30.9.29:8774/v2.1/flavors/ed1ed3b6-819d-4e71-8c5d-423157f9cc74", "rel": "self"}, {"href": "http://172.30.9.29:8774/flavors/ed1ed3b6-819d-4e71-8c5d-423157f9cc74", "rel": "bookmark"}], "ram": 512, "OS-FLV-DISABLED:disabled": false, "vcpus": 1, "swap": "", "os-flavor-access:is_public": true, "rxtx_factor": 1.0, "OS-FLV-EXT-DATA:ephemeral": 0, "disk": 1, "id": "ed1ed3b6-819d-4e71-8c5d-423157f9cc74"}} _http_log_response /usr/lib/python2.7/site-packages/keystoneauth1/session.py:511
2019-06-24 07:42:32.519 1842 DEBUG novaclient.v2.client [-] GET call to compute for http://172.30.9.29:8774/v2.1/flavors/ed1ed3b6-819d-4e71-8c5d-423157f9cc74 used request id req-d9586bf3-2a34-4ffb-b140-ec51094c9401 request /usr/lib/python2.7/site-packages/keystoneauth1/session.py:844
2019-06-24 07:42:42.291 1842 INFO rally.task.context [-] Task a05044bc-e213-43b3-a5d5-6c25e80f7dff | Context users@openstack cleanup() started
2019-06-24 07:42:46.872 1842 INFO rally.task.context [-] Task a05044bc-e213-43b3-a5d5-6c25e80f7dff | Context users@openstack cleanup() finished in 4.58 sec
2019-06-24 07:42:46.873 1842 INFO rally.task.engine [-] Task a05044bc-e213-43b3-a5d5-6c25e80f7dff | Completed: Task validation of semantic.
2019-06-24 07:42:46.873 1842 INFO rally.task.engine [-] Task a05044bc-e213-43b3-a5d5-6c25e80f7dff | Completed: Task validation.
2019-06-24 07:42:46.874 1842 INFO rally.api [-] Task a05044bc-e213-43b3-a5d5-6c25e80f7dff input file is valid.
2019-06-24 07:42:46.874 1842 INFO rally.api [-] Run Task a05044bc-e213-43b3-a5d5-6c25e80f7dff against Deployment c18efd7d-8d3d-495e-aceb-c4ad5d33263f
2019-06-24 07:42:46.874 1842 INFO rally.task.engine [-] Task a05044bc-e213-43b3-a5d5-6c25e80f7dff | Starting: Running task.
2019-06-24 07:42:47.019 1842 INFO rally.task.engine [-] Running workload: position = 0 config = { "version": 2, "title": "A cropped version of a bigger task.", "description": "Auto-generated task from a single workload (uuid=5b74c6e5-7ca7-4825-bea5-222afbc5895d)", "subtasks": [ { "title": "CinderVolumes.create_and_attach_volume", "description": "Create a VM and attach a volume to it.", "scenario": { "CinderVolumes.create_and_attach_volume": { "flavor": { "name": "rally_full-flavor_5a88827e-4f27-45bb-8e03-0791e24ad88f" }, "image": { "name": "rally_full-img_5a88827e-4f27-45bb-8e03-0791e24ad88f" }, "size": 1, "nics": [ { "net-id": "4fde7904-8e87-46f4-8711-b86cc86cfb03" } ] } }, "contexts": { "users": { "tenants": 3, "users_per_tenant": 2 }, "quotas": { "cinder": { "gigabytes": -1, "snapshots": -1, "volumes": -1 } }, "api_versions": { "cinder": { "version": 3, "service_type": "volumev3" } } }, "runner": { "constant": { "concurrency": 4, "times": 10 } }, "hooks": [], "sla": { "failure_rate": { "max": 0 } } } ] }
2019-06-24 07:42:47.043 1842 RALLYDEBUG rally_openstack.contexts.keystone.users [-] Creating 3 tenants using 20 threads
2019-06-24 07:42:48.896 1842 RALLYDEBUG rally_openstack.contexts.keystone.users [-] Creating 6 users using 20 threads
2019-06-24 07:42:51.695 1842 INFO rally.task.context [-] Task a05044bc-e213-43b3-a5d5-6c25e80f7dff | Context users@openstack setup() finished in 4.65 sec
2019-06-24 07:42:52.121 1842 INFO rally.task.context [-] Task a05044bc-e213-43b3-a5d5-6c25e80f7dff | Context api_versions@openstack setup() finished in 0.43 sec
2019-06-24 07:42:53.660 1842 INFO rally.task.context [-] Task a05044bc-e213-43b3-a5d5-6c25e80f7dff | Context quotas@openstack setup() finished in 1.54 sec
2019-06-24 07:42:53.661 1842 INFO rally.task.context [-] Task a05044bc-e213-43b3-a5d5-6c25e80f7dff | Context cleanup@openstack setup() finished in 0.01 msec
2019-06-24 07:42:54.801 1842 DEBUG novaclient.v2.client [-] REQ: curl -g -i -X GET http://172.30.9.29:8774/v2.1/flavors/detail -H "Accept: application/json" -H "User-Agent: python-novaclient" -H "X-Auth-Token: {SHA1}7735b55459aaa8de5d5e17ce5070f781e2c242c2" _http_log_request /usr/lib/python2.7/site-packages/keystoneauth1/session.py:448
2019-06-24 07:42:55.485 1842 DEBUG novaclient.v2.client [-] RESP: [200] Content-Encoding: gzip Content-Length: 364 Content-Type: application/json Date: Mon, 24 Jun 2019 07:42:54 GMT OpenStack-API-Version: compute 2.1 Server: Apache Vary: OpenStack-API-Version,X-OpenStack-Nova-API-Version,Accept-Encoding X-OpenStack-Nova-API-Version: 2.1 x-compute-request-id: req-1ea011be-187a-492f-af6f-931fa6589831 x-openstack-request-id: req-1ea011be-187a-492f-af6f-931fa6589831 _http_log_response /usr/lib/python2.7/site-packages/keystoneauth1/session.py:479
2019-06-24 07:42:55.486 1842 DEBUG novaclient.v2.client [-] RESP BODY: {"flavors": [{"name": "rally_full-flavor_alt_5a88827e-4f27-45bb-8e03-0791e24ad88f", "links": [{"href": "http://172.30.9.29:8774/v2.1/flavors/6e1b0833-39c1-4b07-90f2-52de59b27033", "rel": "self"}, {"href": "http://172.30.9.29:8774/flavors/6e1b0833-39c1-4b07-90f2-52de59b27033", "rel": "bookmark"}], "ram": 1024, "OS-FLV-DISABLED:disabled": false, "vcpus": 1, "swap": "", "os-flavor-access:is_public": true, "rxtx_factor": 1.0, "OS-FLV-EXT-DATA:ephemeral": 0, "disk": 1, "id": "6e1b0833-39c1-4b07-90f2-52de59b27033"}, {"name": "rally_full-flavor_5a88827e-4f27-45bb-8e03-0791e24ad88f", "links": [{"href": "http://172.30.9.29:8774/v2.1/flavors/ed1ed3b6-819d-4e71-8c5d-423157f9cc74", "rel": "self"}, {"href": "http://172.30.9.29:8774/flavors/ed1ed3b6-819d-4e71-8c5d-423157f9cc74", "rel": "bookmark"}], "ram": 512, "OS-FLV-DISABLED:disabled": false, "vcpus": 1, "swap": "", "os-flavor-access:is_public": true, "rxtx_factor": 1.0, "OS-FLV-EXT-DATA:ephemeral": 0, "disk": 1, "id": "ed1ed3b6-819d-4e71-8c5d-423157f9cc74"}]} _http_log_response /usr/lib/python2.7/site-packages/keystoneauth1/session.py:511
2019-06-24 07:42:55.486 1842 DEBUG novaclient.v2.client [-] GET call to compute for http://172.30.9.29:8774/v2.1/flavors/detail used request id req-1ea011be-187a-492f-af6f-931fa6589831 request /usr/lib/python2.7/site-packages/keystoneauth1/session.py:844
2019-06-24 07:42:55.488 1842 RALLYDEBUG rally.task.runner [-] Starting the constant runner (task UUID: a05044bc-e213-43b3-a5d5-6c25e80f7dff). timeout: 0 concurrency: 4 concurrency_per_worker: 1 times: 10 concurrency_overhead: 0 processes_to_start: 4 max_cpu_used: 16
2019-06-24 07:42:55.500 1966 RALLYDEBUG rally.task.runner [-] Starting a worker. concurrency: 1 args: {"flavor": "ed1ed3b6-819d-4e71-8c5d-423157f9cc74", "image": "ff503058-1cca-4f02-93b3-3cbd55a1dfba", "size": 1, "nics": [{"net-id": "4fde7904-8e87-46f4-8711-b86cc86cfb03"}]} times: 10 method_name: run timeout: 0 duration: None cls:
2019-06-24 07:42:55.504 1967 RALLYDEBUG rally.task.runner [-] Starting a worker. concurrency: 1 args: {"flavor": "ed1ed3b6-819d-4e71-8c5d-423157f9cc74", "image": "ff503058-1cca-4f02-93b3-3cbd55a1dfba", "size": 1, "nics": [{"net-id": "4fde7904-8e87-46f4-8711-b86cc86cfb03"}]} times: 10 method_name: run timeout: 0 duration: None cls:
2019-06-24 07:42:55.508 1966 INFO rally.task.runner [-] Task a05044bc-e213-43b3-a5d5-6c25e80f7dff | ITER: 1 START
2019-06-24 07:42:55.508 1968 RALLYDEBUG rally.task.runner [-] Starting a worker. concurrency: 1 args: {"flavor": "ed1ed3b6-819d-4e71-8c5d-423157f9cc74", "image": "ff503058-1cca-4f02-93b3-3cbd55a1dfba", "size": 1, "nics": [{"net-id": "4fde7904-8e87-46f4-8711-b86cc86cfb03"}]} times: 10 method_name: run timeout: 0 duration: None cls:
2019-06-24 07:42:55.510 1969 RALLYDEBUG rally.task.runner [-] Starting a worker. concurrency: 1 args: {"flavor": "ed1ed3b6-819d-4e71-8c5d-423157f9cc74", "image": "ff503058-1cca-4f02-93b3-3cbd55a1dfba", "size": 1, "nics": [{"net-id": "4fde7904-8e87-46f4-8711-b86cc86cfb03"}]} times: 10 method_name: run timeout: 0 duration: None cls:
2019-06-24 07:42:55.515 1967 INFO rally.task.runner [-] Task a05044bc-e213-43b3-a5d5-6c25e80f7dff | ITER: 2 START
2019-06-24 07:42:55.519 1968 INFO rally.task.runner [-] Task a05044bc-e213-43b3-a5d5-6c25e80f7dff | ITER: 3 START
2019-06-24 07:42:55.520 1969 INFO rally.task.runner [-] Task a05044bc-e213-43b3-a5d5-6c25e80f7dff | ITER: 4 START
2019-06-24 07:42:55.935 1967 DEBUG novaclient.v2.client [-] REQ: curl -g -i -X POST http://172.30.9.29:8774/v2.1/servers -H "Accept: application/json" -H "Content-Type: application/json" -H "User-Agent: python-novaclient" -H "X-Auth-Token: {SHA1}cbdb0bcfb5af50d5dab6cdd7112ac80036bccf2a" -d '{"server": {"name": "s_rally_5b74c6e5_1PCBeWBP", "imageRef": "ff503058-1cca-4f02-93b3-3cbd55a1dfba", "flavorRef": "ed1ed3b6-819d-4e71-8c5d-423157f9cc74", "max_count": 1, "min_count": 1, "networks": [{"uuid": "4fde7904-8e87-46f4-8711-b86cc86cfb03"}]}}' _http_log_request /usr/lib/python2.7/site-packages/keystoneauth1/session.py:448
2019-06-24 07:42:55.945 1968 DEBUG novaclient.v2.client [-] REQ: curl -g -i -X POST http://172.30.9.29:8774/v2.1/servers -H "Accept: application/json" -H "Content-Type: application/json" -H "User-Agent: python-novaclient" -H "X-Auth-Token: {SHA1}ae7df48ef1bf76077be5a5d397e242a92694e830" -d '{"server": {"name": "s_rally_5b74c6e5_T4IvpTsY", "imageRef": "ff503058-1cca-4f02-93b3-3cbd55a1dfba", "flavorRef": "ed1ed3b6-819d-4e71-8c5d-423157f9cc74", "max_count": 1, "min_count": 1, "networks": [{"uuid": "4fde7904-8e87-46f4-8711-b86cc86cfb03"}]}}' _http_log_request /usr/lib/python2.7/site-packages/keystoneauth1/session.py:448
2019-06-24 07:42:55.954 1969 DEBUG novaclient.v2.client [-] REQ: curl -g -i -X POST http://172.30.9.29:8774/v2.1/servers -H "Accept: application/json" -H "Content-Type: application/json" -H "User-Agent: python-novaclient" -H "X-Auth-Token: {SHA1}c71a62f672e1095a26eb9cb18842e4421e6a2667" -d '{"server": {"name": "s_rally_5b74c6e5_EF2NMN4O", "imageRef": "ff503058-1cca-4f02-93b3-3cbd55a1dfba", "flavorRef": "ed1ed3b6-819d-4e71-8c5d-423157f9cc74", "max_count": 1, "min_count": 1, "networks": [{"uuid": "4fde7904-8e87-46f4-8711-b86cc86cfb03"}]}}' _http_log_request /usr/lib/python2.7/site-packages/keystoneauth1/session.py:448
2019-06-24 07:42:55.957 1966 DEBUG novaclient.v2.client [-] REQ: curl -g -i -X POST http://172.30.9.29:8774/v2.1/servers -H "Accept: application/json" -H "Content-Type: application/json" -H "User-Agent: python-novaclient" -H "X-Auth-Token: {SHA1}fe560f04d3e668dbd77960281d2111e3a2d2830a" -d '{"server": {"name": "s_rally_5b74c6e5_5TPQrpNd", "imageRef": "ff503058-1cca-4f02-93b3-3cbd55a1dfba", "flavorRef": "ed1ed3b6-819d-4e71-8c5d-423157f9cc74", "max_count": 1, "min_count": 1, "networks": [{"uuid": "4fde7904-8e87-46f4-8711-b86cc86cfb03"}]}}' _http_log_request /usr/lib/python2.7/site-packages/keystoneauth1/session.py:448
2019-06-24 07:42:58.120 1969 DEBUG novaclient.v2.client [-] RESP: [202] Content-Length: 374 Content-Type: application/json Date: Mon, 24 Jun 2019 07:42:55 GMT OpenStack-API-Version: compute 2.1 Server: Apache Vary: OpenStack-API-Version,X-OpenStack-Nova-API-Version X-OpenStack-Nova-API-Version: 2.1 location: http://172.30.9.29:8774/v2.1/servers/6869a172-e430-48ca-b13b-747b3e65a748 x-compute-request-id: req-75a0f129-bfc0-4056-8b50-ad035f74ebd7 x-openstack-request-id: req-75a0f129-bfc0-4056-8b50-ad035f74ebd7 _http_log_response /usr/lib/python2.7/site-packages/keystoneauth1/session.py:479
2019-06-24 07:42:58.120 1966 DEBUG novaclient.v2.client [-] RESP: [202] Content-Length: 374 Content-Type: application/json Date: Mon, 24 Jun 2019 07:42:55 GMT OpenStack-API-Version: compute 2.1 Server: Apache Vary: OpenStack-API-Version,X-OpenStack-Nova-API-Version X-OpenStack-Nova-API-Version: 2.1 location: http://172.30.9.29:8774/v2.1/servers/d760d5b1-acb9-4dd7-a5bb-fd72cf0db0ec x-compute-request-id: req-6ee06b6d-3fc8-4b36-b15f-6f896f1b7d6a x-openstack-request-id: req-6ee06b6d-3fc8-4b36-b15f-6f896f1b7d6a _http_log_response /usr/lib/python2.7/site-packages/keystoneauth1/session.py:479
2019-06-24 07:42:58.121 1969 DEBUG novaclient.v2.client [-] RESP BODY: {"server": {"security_groups": [{"name": "default"}], "OS-DCF:diskConfig": "MANUAL", "id": "6869a172-e430-48ca-b13b-747b3e65a748", "links": [{"href": "http://172.30.9.29:8774/v2.1/servers/6869a172-e430-48ca-b13b-747b3e65a748", "rel": "self"}, {"href": "http://172.30.9.29:8774/servers/6869a172-e430-48ca-b13b-747b3e65a748", "rel": "bookmark"}], "adminPass": "U4vBgk5X37Cr"}} _http_log_response /usr/lib/python2.7/site-packages/keystoneauth1/session.py:511
2019-06-24 07:42:58.121 1969 DEBUG novaclient.v2.client [-] POST call to compute for http://172.30.9.29:8774/v2.1/servers used request id req-75a0f129-bfc0-4056-8b50-ad035f74ebd7 request /usr/lib/python2.7/site-packages/keystoneauth1/session.py:844
2019-06-24 07:42:58.121 1966 DEBUG novaclient.v2.client [-] RESP BODY: {"server": {"security_groups": [{"name": "default"}], "OS-DCF:diskConfig": "MANUAL", "id": "d760d5b1-acb9-4dd7-a5bb-fd72cf0db0ec", "links": [{"href": "http://172.30.9.29:8774/v2.1/servers/d760d5b1-acb9-4dd7-a5bb-fd72cf0db0ec", "rel": "self"}, {"href": "http://172.30.9.29:8774/servers/d760d5b1-acb9-4dd7-a5bb-fd72cf0db0ec", "rel": "bookmark"}], "adminPass": "R2CTpapNL3nT"}} _http_log_response /usr/lib/python2.7/site-packages/keystoneauth1/session.py:511
2019-06-24 07:42:58.122 1966 DEBUG novaclient.v2.client [-] POST call to compute for http://172.30.9.29:8774/v2.1/servers used request id req-6ee06b6d-3fc8-4b36-b15f-6f896f1b7d6a request /usr/lib/python2.7/site-packages/keystoneauth1/session.py:844
2019-06-24 07:42:58.393 1967 DEBUG novaclient.v2.client [-] RESP: [202] Content-Length: 374 Content-Type: application/json Date: Mon, 24 Jun 2019 07:42:55 GMT OpenStack-API-Version: compute 2.1 Server: Apache Vary: OpenStack-API-Version,X-OpenStack-Nova-API-Version X-OpenStack-Nova-API-Version: 2.1 location: http://172.30.9.29:8774/v2.1/servers/af21afd0-e2ad-4bf0-8856-f21414db8cf9 x-compute-request-id: req-3dc4a2f1-4444-48fd-bdc0-d63808915c22 x-openstack-request-id: req-3dc4a2f1-4444-48fd-bdc0-d63808915c22 _http_log_response /usr/lib/python2.7/site-packages/keystoneauth1/session.py:479
2019-06-24 07:42:58.394 1967 DEBUG novaclient.v2.client [-] RESP BODY: {"server": {"security_groups": [{"name": "default"}], "OS-DCF:diskConfig": "MANUAL", "id": "af21afd0-e2ad-4bf0-8856-f21414db8cf9", "links": [{"href": "http://172.30.9.29:8774/v2.1/servers/af21afd0-e2ad-4bf0-8856-f21414db8cf9", "rel": "self"}, {"href": "http://172.30.9.29:8774/servers/af21afd0-e2ad-4bf0-8856-f21414db8cf9", "rel": "bookmark"}], "adminPass": "ERtg9FiaGiNo"}} _http_log_response /usr/lib/python2.7/site-packages/keystoneauth1/session.py:511
2019-06-24 07:42:58.394 1967 DEBUG novaclient.v2.client [-] POST call to compute for http://172.30.9.29:8774/v2.1/servers used request id req-3dc4a2f1-4444-48fd-bdc0-d63808915c22 request /usr/lib/python2.7/site-packages/keystoneauth1/session.py:844
2019-06-24 07:42:58.527 1968 DEBUG novaclient.v2.client [-] RESP: [202] Content-Length: 374 Content-Type: application/json Date: Mon, 24 Jun 2019 07:42:55 GMT OpenStack-API-Version: compute 2.1 Server: Apache Vary: OpenStack-API-Version,X-OpenStack-Nova-API-Version X-OpenStack-Nova-API-Version: 2.1 location: http://172.30.9.29:8774/v2.1/servers/3a439793-fe8e-44f2-ac3b-5f8d4c02d38a x-compute-request-id: req-3b95685f-47b8-4182-8802-7e5b2918e9e6 x-openstack-request-id: req-3b95685f-47b8-4182-8802-7e5b2918e9e6 _http_log_response /usr/lib/python2.7/site-packages/keystoneauth1/session.py:479
2019-06-24 07:42:58.528 1968 DEBUG novaclient.v2.client [-] RESP BODY: {"server": {"security_groups": [{"name": "default"}], "OS-DCF:diskConfig": "MANUAL", "id": "3a439793-fe8e-44f2-ac3b-5f8d4c02d38a", "links": [{"href": "http://172.30.9.29:8774/v2.1/servers/3a439793-fe8e-44f2-ac3b-5f8d4c02d38a", "rel": "self"}, {"href": "http://172.30.9.29:8774/servers/3a439793-fe8e-44f2-ac3b-5f8d4c02d38a", "rel": "bookmark"}], "adminPass": "QpMo7S2MRqPw"}} _http_log_response /usr/lib/python2.7/site-packages/keystoneauth1/session.py:511
2019-06-24 07:42:58.529 1968 DEBUG novaclient.v2.client [-] POST call to compute for http://172.30.9.29:8774/v2.1/servers used request id req-3b95685f-47b8-4182-8802-7e5b2918e9e6 request /usr/lib/python2.7/site-packages/keystoneauth1/session.py:844
2019-06-24 07:42:59.125 1969 DEBUG novaclient.v2.client [-] REQ: curl -g -i -X GET http://172.30.9.29:8774/v2.1/servers/6869a172-e430-48ca-b13b-747b3e65a748 -H "Accept: application/json" -H "User-Agent: python-novaclient" -H "X-Auth-Token: {SHA1}c71a62f672e1095a26eb9cb18842e4421e6a2667" _http_log_request /usr/lib/python2.7/site-packages/keystoneauth1/session.py:448
2019-06-24 07:42:59.125 1966 DEBUG novaclient.v2.client [-] REQ: curl -g -i -X GET http://172.30.9.29:8774/v2.1/servers/d760d5b1-acb9-4dd7-a5bb-fd72cf0db0ec -H "Accept: application/json" -H "User-Agent: python-novaclient" -H "X-Auth-Token: {SHA1}fe560f04d3e668dbd77960281d2111e3a2d2830a" _http_log_request /usr/lib/python2.7/site-packages/keystoneauth1/session.py:448
