2019-06-22 09:23:04.817 22695 RALLYDEBUG rally.api [-] INFO logs from urllib3 and requests module are hide.
2019-06-22 09:23:04.817 22695 RALLYDEBUG rally.api [-] urllib3 insecure warnings are hidden.
2019-06-22 09:23:04.817 22695 RALLYDEBUG rally.api [-] ERROR log from boto module is hide.
2019-06-22 09:23:06.955 22697 RALLYDEBUG rally.api [-] INFO logs from urllib3 and requests module are hide.
2019-06-22 09:23:06.955 22697 RALLYDEBUG rally.api [-] urllib3 insecure warnings are hidden.
2019-06-22 09:23:06.955 22697 RALLYDEBUG rally.api [-] ERROR log from boto module is hide.
2019-06-22 09:23:08.210 22697 WARNING rally_openstack.platforms.existing [-] endpoint is deprecated and not used.
2019-06-22 09:23:09.144 22699 RALLYDEBUG rally.api [-] INFO logs from urllib3 and requests module are hide.
2019-06-22 09:23:09.145 22699 RALLYDEBUG rally.api [-] urllib3 insecure warnings are hidden.
2019-06-22 09:23:09.145 22699 RALLYDEBUG rally.api [-] ERROR log from boto module is hide.
2019-06-22 09:23:12.478 22702 RALLYDEBUG rally.api [-] INFO logs from urllib3 and requests module are hide.
2019-06-22 09:23:12.478 22702 RALLYDEBUG rally.api [-] urllib3 insecure warnings are hidden.
2019-06-22 09:23:12.478 22702 RALLYDEBUG rally.api [-] ERROR log from boto module is hide.
2019-06-22 09:23:14.111 22704 RALLYDEBUG rally.api [-] INFO logs from urllib3 and requests module are hide.
2019-06-22 09:23:14.111 22704 RALLYDEBUG rally.api [-] urllib3 insecure warnings are hidden.
2019-06-22 09:23:14.111 22704 RALLYDEBUG rally.api [-] ERROR log from boto module is hide.
2019-06-22 09:23:15.288 22704 INFO rally.common.plugin.discover [-] Loading plugins from directories /root/.rally/plugins/*
2019-06-22 09:23:15.289 22704 INFO rally.common.plugin.discover [-] Loaded module with plugins: /root/.rally/plugins/__init__.py
2019-06-22 09:23:15.291 22704 INFO rally.common.plugin.discover [-] Loaded module with plugins: /root/.rally/plugins/trunk_scenario.py
2019-06-22 09:23:15.517 22704 INFO rally.task.engine [-] Task e3672d45-2c24-4b3f-8511-63439df4c647 | Starting: Task validation.
2019-06-22 09:23:15.560 22704 INFO rally.task.engine [-] Task e3672d45-2c24-4b3f-8511-63439df4c647 | Starting: Task validation of syntax.
2019-06-22 09:23:15.767 22704 INFO rally.task.engine [-] Task e3672d45-2c24-4b3f-8511-63439df4c647 | Completed: Task validation of syntax.
2019-06-22 09:23:15.767 22704 INFO rally.task.engine [-] Task e3672d45-2c24-4b3f-8511-63439df4c647 | Starting: Task validation of required platforms.
2019-06-22 09:23:15.825 22704 INFO rally.task.engine [-] Task e3672d45-2c24-4b3f-8511-63439df4c647 | Completed: Task validation of required platforms.
2019-06-22 09:23:15.825 22704 INFO rally.task.engine [-] Task e3672d45-2c24-4b3f-8511-63439df4c647 | Starting: Task validation of semantic.
2019-06-22 09:23:15.825 22704 INFO rally.task.engine [-] Check health of the environment '135e7e69-1aa9-4afa-afb8-cb1f101ddb62'.
2019-06-22 09:23:16.627 22704 INFO rally.task.engine [-] Platform existing@openstack (available: True): OK!
2019-06-22 09:23:16.645 22704 RALLYDEBUG rally_openstack.contexts.keystone.users [-] Creating 1 tenants using 20 threads
2019-06-22 09:23:18.469 22704 RALLYDEBUG rally_openstack.contexts.keystone.users [-] Creating 1 users using 20 threads
2019-06-22 09:23:21.670 22704 INFO rally.task.context [-] Task e3672d45-2c24-4b3f-8511-63439df4c647 | Context users@openstack setup() finished in 5.03 sec
2019-06-22 09:23:27.879 22704 INFO rally.task.context [-] Task e3672d45-2c24-4b3f-8511-63439df4c647 | Context users@openstack cleanup() started
2019-06-22 09:23:32.384 22704 INFO rally.task.context [-] Task e3672d45-2c24-4b3f-8511-63439df4c647 | Context users@openstack cleanup() finished in 4.50 sec
2019-06-22 09:23:32.384 22704 INFO rally.task.engine [-] Task e3672d45-2c24-4b3f-8511-63439df4c647 | Completed: Task validation of semantic.
2019-06-22 09:23:32.385 22704 INFO rally.task.engine [-] Task e3672d45-2c24-4b3f-8511-63439df4c647 | Completed: Task validation.
2019-06-22 09:23:32.385 22704 INFO rally.api [-] Task e3672d45-2c24-4b3f-8511-63439df4c647 input file is valid.
2019-06-22 09:23:32.385 22704 INFO rally.api [-] Run Task e3672d45-2c24-4b3f-8511-63439df4c647 against Deployment 135e7e69-1aa9-4afa-afb8-cb1f101ddb62
2019-06-22 09:23:32.386 22704 INFO rally.task.engine [-] Task e3672d45-2c24-4b3f-8511-63439df4c647 | Starting: Running task.
2019-06-22 09:23:32.525 22704 INFO rally.task.engine [-] Running workload: position = 0 config = { "version": 2, "title": "A cropped version of a bigger task.", "description": "Auto-generated task from a single workload (uuid=16740cbe-7486-4e64-a6ea-54c3fc374897)", "subtasks": [ { "title": "NeutronNetworks.create_and_list_networks", "description": "Check performance of list_networks action and ensure > network quotas are not exceeded", "scenario": { "NeutronNetworks.create_and_list_networks": {} }, "contexts": { "users": { "tenants": 1, "users_per_tenant": 1 }, "quotas": { "neutron": { "network": 119 } } }, "runner": { "constant": { "times": 100, "concurrency": 20 } }, "hooks": [], "sla": { "max_avg_duration_per_atomic": { "neutron.list_networks": 15 }, "failure_rate": { "max": 0 } } } ] }
2019-06-22 09:23:32.546 22704 RALLYDEBUG rally_openstack.contexts.keystone.users [-] Creating 1 tenants using 20 threads
2019-06-22 09:23:34.176 22704 RALLYDEBUG rally_openstack.contexts.keystone.users [-] Creating 1 users using 20 threads
2019-06-22 09:23:36.561 22704 INFO rally.task.context [-] Task e3672d45-2c24-4b3f-8511-63439df4c647 | Context users@openstack setup() finished in 4.02 sec
2019-06-22 09:23:37.311 22704 INFO rally.task.context [-] Task e3672d45-2c24-4b3f-8511-63439df4c647 | Context quotas@openstack setup() finished in 0.75 sec
2019-06-22 09:23:37.312 22704 INFO rally.task.context [-] Task e3672d45-2c24-4b3f-8511-63439df4c647 | Context cleanup@openstack setup() finished in 0.03 msec
2019-06-22 09:23:37.319 22704 RALLYDEBUG rally.task.runner [-] Starting the constant runner (task UUID: e3672d45-2c24-4b3f-8511-63439df4c647). timeout: 0 concurrency: 20 concurrency_per_worker: 1 times: 100 concurrency_overhead: 4 processes_to_start: 16 max_cpu_used: 16
2019-06-22 09:23:37.331 22828 RALLYDEBUG rally.task.runner [-] Starting a worker. concurrency: 2 args: {} times: 100 method_name: run timeout: 0 duration: None cls:
2019-06-22 09:23:37.334 22829 RALLYDEBUG rally.task.runner [-] Starting a worker. concurrency: 2 args: {} times: 100 method_name: run timeout: 0 duration: None cls:
2019-06-22 09:23:37.340 22831 RALLYDEBUG rally.task.runner [-] Starting a worker. concurrency: 2 args: {} times: 100 method_name: run timeout: 0 duration: None cls:
2019-06-22 09:23:37.340 22830 RALLYDEBUG rally.task.runner [-] Starting a worker. concurrency: 2 args: {} times: 100 method_name: run timeout: 0 duration: None cls:
2019-06-22 09:23:37.342 22828 INFO rally.task.runner [-] Task e3672d45-2c24-4b3f-8511-63439df4c647 | ITER: 1 START
2019-06-22 09:23:37.344 22830 INFO rally.task.runner [-] Task e3672d45-2c24-4b3f-8511-63439df4c647 | ITER: 5 START
2019-06-22 09:23:37.345 22831 INFO rally.task.runner [-] Task e3672d45-2c24-4b3f-8511-63439df4c647 | ITER: 4 START
2019-06-22 09:23:37.345 22829 INFO rally.task.runner [-] Task e3672d45-2c24-4b3f-8511-63439df4c647 | ITER: 3 START
2019-06-22 09:23:37.347 22832 RALLYDEBUG rally.task.runner [-] Starting a worker. concurrency: 1 args: {} times: 100 method_name: run timeout: 0 duration: None cls:
2019-06-22 09:23:37.349 22838 RALLYDEBUG rally.task.runner [-] Starting a worker. concurrency: 1 args: {} times: 100 method_name: run timeout: 0 duration: None cls:
2019-06-22 09:23:37.350 22834 RALLYDEBUG rally.task.runner [-] Starting a worker. concurrency: 1 args: {} times: 100 method_name: run timeout: 0 duration: None cls:
2019-06-22 09:23:37.342 22828 INFO rally.task.runner [-] Task e3672d45-2c24-4b3f-8511-63439df4c647 | ITER: 2 START
2019-06-22 09:23:37.346 22829 INFO rally.task.runner [-] Task e3672d45-2c24-4b3f-8511-63439df4c647 | ITER: 6 START
2019-06-22 09:23:37.354 22832 INFO rally.task.runner [-] Task e3672d45-2c24-4b3f-8511-63439df4c647 | ITER: 9 START
2019-06-22 09:23:37.355 22834 INFO rally.task.runner [-] Task e3672d45-2c24-4b3f-8511-63439df4c647 | ITER: 11 START
2019-06-22 09:23:37.355 22838 INFO rally.task.runner [-] Task e3672d45-2c24-4b3f-8511-63439df4c647 | ITER: 10 START
2019-06-22 09:23:37.355 22846 RALLYDEBUG rally.task.runner [-] Starting a worker. concurrency: 1 args: {} times: 100 method_name: run timeout: 0 duration: None cls:
2019-06-22 09:23:37.355 22845 RALLYDEBUG rally.task.runner [-] Starting a worker. concurrency: 1 args: {} times: 100 method_name: run timeout: 0 duration: None cls:
2019-06-22 09:23:37.358 22831 INFO rally.task.runner [-] Task e3672d45-2c24-4b3f-8511-63439df4c647 | ITER: 7 START
2019-06-22 09:23:37.359 22846 INFO rally.task.runner [-] Task e3672d45-2c24-4b3f-8511-63439df4c647 | ITER: 12 START
2019-06-22 09:23:37.360 22830 INFO rally.task.runner [-] Task e3672d45-2c24-4b3f-8511-63439df4c647 | ITER: 8 START
2019-06-22 09:23:37.362 22856 RALLYDEBUG rally.task.runner [-] Starting a worker. concurrency: 1 args: {} times: 100 method_name: run timeout: 0 duration: None cls:
2019-06-22 09:23:37.363 22853 RALLYDEBUG rally.task.runner [-] Starting a worker. concurrency: 1 args: {} times: 100 method_name: run timeout: 0 duration: None cls:
2019-06-22 09:23:37.366 22845 INFO rally.task.runner [-] Task e3672d45-2c24-4b3f-8511-63439df4c647 | ITER: 13 START
2019-06-22 09:23:37.368 22853 INFO rally.task.runner [-] Task e3672d45-2c24-4b3f-8511-63439df4c647 | ITER: 15 START
2019-06-22 09:23:37.368 22856 INFO rally.task.runner [-] Task e3672d45-2c24-4b3f-8511-63439df4c647 | ITER: 14 START
2019-06-22 09:23:37.371 22860 RALLYDEBUG rally.task.runner [-] Starting a worker. concurrency: 1 args: {} times: 100 method_name: run timeout: 0 duration: None cls:
2019-06-22 09:23:37.375 22866 RALLYDEBUG rally.task.runner [-] Starting a worker. concurrency: 1 args: {} times: 100 method_name: run timeout: 0 duration: None cls:
2019-06-22 09:23:37.377 22860 INFO rally.task.runner [-] Task e3672d45-2c24-4b3f-8511-63439df4c647 | ITER: 16 START
2019-06-22 09:23:37.381 22869 RALLYDEBUG rally.task.runner [-] Starting a worker. concurrency: 1 args: {} times: 100 method_name: run timeout: 0 duration: None cls:
2019-06-22 09:23:37.379 22866 INFO rally.task.runner [-] Task e3672d45-2c24-4b3f-8511-63439df4c647 | ITER: 17 START
2019-06-22 09:23:37.387 22869 INFO rally.task.runner [-] Task e3672d45-2c24-4b3f-8511-63439df4c647 | ITER: 18 START
2019-06-22 09:23:37.390 22872 RALLYDEBUG rally.task.runner [-] Starting a worker. concurrency: 1 args: {} times: 100 method_name: run timeout: 0 duration: None cls:
2019-06-22 09:23:37.393 22875 RALLYDEBUG rally.task.runner [-] Starting a worker. concurrency: 1 args: {} times: 100 method_name: run timeout: 0 duration: None cls:
2019-06-22 09:23:37.394 22872 INFO rally.task.runner [-] Task e3672d45-2c24-4b3f-8511-63439df4c647 | ITER: 19 START
2019-06-22 09:23:37.398 22875 INFO rally.task.runner [-] Task e3672d45-2c24-4b3f-8511-63439df4c647 | ITER: 20 START
2019-06-22 09:23:38.612 22830 INFO rally.task.runner [-] Task e3672d45-2c24-4b3f-8511-63439df4c647 | ITER: 5 END: OK
2019-06-22 09:23:38.615 22830 INFO rally.task.runner [-] Task e3672d45-2c24-4b3f-8511-63439df4c647 | ITER: 21 START
2019-06-22 09:23:38.700 22831 INFO rally.task.runner [-] Task e3672d45-2c24-4b3f-8511-63439df4c647 | ITER: 4 END: OK
2019-06-22 09:23:38.703 22831 INFO rally.task.runner [-] Task e3672d45-2c24-4b3f-8511-63439df4c647 | ITER: 22 START
2019-06-22 09:23:39.021 22828 INFO rally.task.runner [-] Task e3672d45-2c24-4b3f-8511-63439df4c647 | ITER: 2 END: OK
2019-06-22 09:23:39.022 22834 INFO rally.task.runner [-] Task e3672d45-2c24-4b3f-8511-63439df4c647 | ITER: 11 END: OK
2019-06-22 09:23:39.025 22834 INFO rally.task.runner [-] Task e3672d45-2c24-4b3f-8511-63439df4c647 | ITER: 23 START
2019-06-22 09:23:39.026 22828 INFO rally.task.runner [-] Task e3672d45-2c24-4b3f-8511-63439df4c647 | ITER: 24 START
2019-06-22 09:23:39.065 22860 INFO rally.task.runner [-] Task e3672d45-2c24-4b3f-8511-63439df4c647 | ITER: 16 END: OK
2019-06-22 09:23:39.068 22860 INFO rally.task.runner [-] Task e3672d45-2c24-4b3f-8511-63439df4c647 | ITER: 25 START
2019-06-22 09:23:39.945 22830 INFO rally.task.runner [-] Task e3672d45-2c24-4b3f-8511-63439df4c647 | ITER: 8 END: OK
2019-06-22 09:23:39.948 22830 INFO rally.task.runner [-] Task e3672d45-2c24-4b3f-8511-63439df4c647 | ITER: 26 START
2019-06-22 09:23:39.994 22856 INFO rally.task.runner [-] Task e3672d45-2c24-4b3f-8511-63439df4c647 | ITER: 14 END: OK
2019-06-22 09:23:39.995 22845 INFO rally.task.runner [-] Task e3672d45-2c24-4b3f-8511-63439df4c647 | ITER: 13 END: OK
2019-06-22 09:23:39.998 22856 INFO rally.task.runner [-] Task e3672d45-2c24-4b3f-8511-63439df4c647 | ITER: 27 START
2019-06-22 09:23:40.000 22845 INFO rally.task.runner [-] Task e3672d45-2c24-4b3f-8511-63439df4c647 | ITER: 28 START
2019-06-22 09:23:40.078 22838 INFO rally.task.runner [-] Task e3672d45-2c24-4b3f-8511-63439df4c647 | ITER: 10 END: OK
2019-06-22 09:23:40.082 22838 INFO rally.task.runner [-] Task e3672d45-2c24-4b3f-8511-63439df4c647 | ITER: 29 START
2019-06-22 09:23:40.198 22828 INFO rally.task.runner [-] Task e3672d45-2c24-4b3f-8511-63439df4c647 | ITER: 1 END: OK
2019-06-22 09:23:40.200 22828 INFO rally.task.runner [-] Task e3672d45-2c24-4b3f-8511-63439df4c647 | ITER: 30 START
2019-06-22 09:23:40.411 22846 INFO rally.task.runner [-] Task e3672d45-2c24-4b3f-8511-63439df4c647 | ITER: 12 END: OK
2019-06-22 09:23:40.416 22846 INFO rally.task.runner [-] Task e3672d45-2c24-4b3f-8511-63439df4c647 | ITER: 31 START
2019-06-22 09:23:40.504 22829 INFO rally.task.runner [-] Task e3672d45-2c24-4b3f-8511-63439df4c647 | ITER: 3 END: OK
2019-06-22 09:23:40.507 22829 INFO rally.task.runner [-] Task e3672d45-2c24-4b3f-8511-63439df4c647 | ITER: 32 START
2019-06-22 09:23:40.530 22832 INFO rally.task.runner [-] Task e3672d45-2c24-4b3f-8511-63439df4c647 | ITER: 9 END: OK
2019-06-22 09:23:40.534 22832 INFO rally.task.runner [-] Task e3672d45-2c24-4b3f-8511-63439df4c647 | ITER: 33 START
2019-06-22 09:23:40.675 22831 INFO rally.task.runner [-] Task e3672d45-2c24-4b3f-8511-63439df4c647 | ITER: 7 END: OK
2019-06-22 09:23:40.678 22831 INFO rally.task.runner [-] Task e3672d45-2c24-4b3f-8511-63439df4c647 | ITER: 34 START
2019-06-22 09:23:40.725 22853 INFO rally.task.runner [-] Task e3672d45-2c24-4b3f-8511-63439df4c647 | ITER: 15 END: OK
2019-06-22 09:23:40.728 22853 INFO rally.task.runner [-] Task e3672d45-2c24-4b3f-8511-63439df4c647 | ITER: 35 START
2019-06-22 09:23:40.836 22829 INFO rally.task.runner [-] Task e3672d45-2c24-4b3f-8511-63439df4c647 | ITER: 6 END: OK
2019-06-22 09:23:40.839 22829 INFO rally.task.runner [-] Task e3672d45-2c24-4b3f-8511-63439df4c647 | ITER: 36 START
2019-06-22 09:23:41.419 22830 INFO rally.task.runner [-] Task e3672d45-2c24-4b3f-8511-63439df4c647 | ITER: 21 END: OK
2019-06-22 09:23:41.422 22830 INFO rally.task.runner [-] Task e3672d45-2c24-4b3f-8511-63439df4c647 | ITER: 37 START
2019-06-22 09:23:41.628 22866 INFO rally.task.runner [-] Task e3672d45-2c24-4b3f-8511-63439df4c647 | ITER: 17 END: OK
2019-06-22 09:23:41.631 22866 INFO rally.task.runner [-] Task e3672d45-2c24-4b3f-8511-63439df4c647 | ITER: 38 START
2019-06-22 09:23:41.785 22875 INFO rally.task.runner [-] Task e3672d45-2c24-4b3f-8511-63439df4c647 | ITER: 20 END: OK
2019-06-22 09:23:41.789 22875 INFO rally.task.runner [-] Task e3672d45-2c24-4b3f-8511-63439df4c647 | ITER: 39 START
2019-06-22 09:23:41.885 22869 INFO rally.task.runner [-] Task e3672d45-2c24-4b3f-8511-63439df4c647 | ITER: 18 END: OK
2019-06-22 09:23:41.889 22869 INFO rally.task.runner [-] Task e3672d45-2c24-4b3f-8511-63439df4c647 | ITER: 40 START
2019-06-22 09:23:42.139 22872 INFO rally.task.runner [-] Task e3672d45-2c24-4b3f-8511-63439df4c647 | ITER: 19 END: OK
2019-06-22 09:23:42.143 22872 INFO rally.task.runner [-] Task e3672d45-2c24-4b3f-8511-63439df4c647 | ITER: 41 START
2019-06-22 09:23:42.424 22831 INFO rally.task.runner [-] Task e3672d45-2c24-4b3f-8511-63439df4c647 | ITER: 22 END: OK
2019-06-22 09:23:42.427 22831 INFO rally.task.runner [-] Task e3672d45-2c24-4b3f-8511-63439df4c647 | ITER: 42 START
2019-06-22 09:23:43.820 22828 INFO rally.task.runner [-] Task e3672d45-2c24-4b3f-8511-63439df4c647 | ITER: 24 END: OK
2019-06-22 09:23:43.821 22860 INFO rally.task.runner [-] Task e3672d45-2c24-4b3f-8511-63439df4c647 | ITER: 25 END: OK
2019-06-22 09:23:43.823 22828 INFO rally.task.runner [-] Task e3672d45-2c24-4b3f-8511-63439df4c647 | ITER: 43 START
2019-06-22 09:23:43.824 22860 INFO rally.task.runner [-] Task e3672d45-2c24-4b3f-8511-63439df4c647 | ITER: 44 START
2019-06-22 09:23:44.128 22838 INFO rally.task.runner [-] Task e3672d45-2c24-4b3f-8511-63439df4c647 | ITER: 29 END: OK
2019-06-22 09:23:44.129 22831 INFO rally.task.runner [-] Task e3672d45-2c24-4b3f-8511-63439df4c647 | ITER: 34 END: OK
2019-06-22 09:23:44.129 22845 INFO rally.task.runner [-] Task e3672d45-2c24-4b3f-8511-63439df4c647 | ITER: 28 END: OK
2019-06-22 09:23:44.129 22856 INFO rally.task.runner [-] Task e3672d45-2c24-4b3f-8511-63439df4c647 | ITER: 27 END: OK
2019-06-22 09:23:44.131 22838 INFO rally.task.runner [-] Task e3672d45-2c24-4b3f-8511-63439df4c647 | ITER: 45 START
2019-06-22 09:23:44.132 22831 INFO rally.task.runner [-] Task e3672d45-2c24-4b3f-8511-63439df4c647 | ITER: 46 START
2019-06-22 09:23:44.132 22845 INFO rally.task.runner [-] Task e3672d45-2c24-4b3f-8511-63439df4c647 | ITER: 47 START
2019-06-22 09:23:44.131 22830 INFO rally.task.runner [-] Task e3672d45-2c24-4b3f-8511-63439df4c647 | ITER: 26 END: OK
2019-06-22 09:23:44.133 22856 INFO rally.task.runner [-] Task e3672d45-2c24-4b3f-8511-63439df4c647 | ITER: 48 START
2019-06-22 09:23:44.137 22830 INFO rally.task.runner [-] Task e3672d45-2c24-4b3f-8511-63439df4c647 | ITER: 37 END: OK
2019-06-22 09:23:44.140 22830 INFO rally.task.runner [-] Task e3672d45-2c24-4b3f-8511-63439df4c647 | ITER: 49 START
2019-06-22 09:23:44.145 22830 INFO rally.task.runner [-] Task e3672d45-2c24-4b3f-8511-63439df4c647 | ITER: 50 START
2019-06-22 09:23:44.158 22834 INFO rally.task.runner [-] Task e3672d45-2c24-4b3f-8511-63439df4c647 | ITER: 23 END: OK
2019-06-22 09:23:44.161 22834 INFO rally.task.runner [-] Task e3672d45-2c24-4b3f-8511-63439df4c647 | ITER: 51 START
2019-06-22 09:23:44.225 22866 INFO rally.task.runner [-] Task e3672d45-2c24-4b3f-8511-63439df4c647 | ITER: 38 END: OK
2019-06-22 09:23:44.228 22866 INFO rally.task.runner [-] Task e3672d45-2c24-4b3f-8511-63439df4c647 | ITER: 52 START
2019-06-22 09:23:44.233 22829 INFO rally.task.runner [-] Task e3672d45-2c24-4b3f-8511-63439df4c647 | ITER: 32 END: OK
2019-06-22 09:23:44.235 22829 INFO rally.task.runner [-] Task e3672d45-2c24-4b3f-8511-63439df4c647 | ITER: 53 START
2019-06-22 09:23:44.466 22829 INFO rally.task.runner [-] Task e3672d45-2c24-4b3f-8511-63439df4c647 | ITER: 36 END: OK
2019-06-22 09:23:44.469 22829 INFO rally.task.runner [-] Task e3672d45-2c24-4b3f-8511-63439df4c647 | ITER: 54 START
2019-06-22 09:23:44.534 22875 INFO rally.task.runner [-] Task e3672d45-2c24-4b3f-8511-63439df4c647 | ITER: 39 END: OK
2019-06-22 09:23:44.536 22875 INFO rally.task.runner [-] Task e3672d45-2c24-4b3f-8511-63439df4c647 | ITER: 55 START
2019-06-22 09:23:44.599 22853 INFO rally.task.runner [-] Task e3672d45-2c24-4b3f-8511-63439df4c647 | ITER: 35 END: OK
2019-06-22 09:23:44.601 22853 INFO rally.task.runner [-] Task e3672d45-2c24-4b3f-8511-63439df4c647 | ITER: 56 START
2019-06-22 09:23:44.685 22828 INFO rally.task.runner [-] Task e3672d45-2c24-4b3f-8511-63439df4c647 | ITER: 30 END: OK
2019-06-22 09:23:44.687 22846 INFO rally.task.runner [-] Task e3672d45-2c24-4b3f-8511-63439df4c647 | ITER: 31 END: OK
2019-06-22 09:23:44.688 22828 INFO rally.task.runner [-] Task e3672d45-2c24-4b3f-8511-63439df4c647 | ITER: 57 START
2019-06-22 09:23:44.690 22846 INFO rally.task.runner [-] Task e3672d45-2c24-4b3f-8511-63439df4c647 | ITER: 58 START
2019-06-22 09:23:45.026 22869 INFO rally.task.runner [-] Task e3672d45-2c24-4b3f-8511-63439df4c647 | ITER: 40 END: OK
2019-06-22 09:23:45.030 22869 INFO rally.task.runner [-] Task e3672d45-2c24-4b3f-8511-63439df4c647 | ITER: 59 START
2019-06-22 09:23:45.055 22872 INFO rally.task.runner [-] Task e3672d45-2c24-4b3f-8511-63439df4c647 | ITER: 41 END: OK
2019-06-22 09:23:45.060 22872 INFO rally.task.runner [-] Task e3672d45-2c24-4b3f-8511-63439df4c647 | ITER: 60 START
2019-06-22 09:23:45.067 22832 INFO rally.task.runner [-] Task e3672d45-2c24-4b3f-8511-63439df4c647 | ITER: 33 END: OK
2019-06-22 09:23:45.070 22832 INFO rally.task.runner [-] Task e3672d45-2c24-4b3f-8511-63439df4c647 | ITER: 61 START
2019-06-22 09:23:45.687 22831 INFO rally.task.runner [-] Task e3672d45-2c24-4b3f-8511-63439df4c647 | ITER: 42 END: OK
2019-06-22 09:23:45.690 22831 INFO rally.task.runner [-] Task e3672d45-2c24-4b3f-8511-63439df4c647 | ITER: 62 START
2019-06-22 09:23:45.816 22860 INFO rally.task.runner [-] Task e3672d45-2c24-4b3f-8511-63439df4c647 | ITER: 44 END: OK
2019-06-22 09:23:45.818 22828 INFO rally.task.runner [-] Task e3672d45-2c24-4b3f-8511-63439df4c647 | ITER: 43 END: OK
2019-06-22 09:23:45.819 22860 INFO rally.task.runner [-] Task e3672d45-2c24-4b3f-8511-63439df4c647 | ITER: 63 START
2019-06-22 09:23:45.821 22828 INFO rally.task.runner [-] Task e3672d45-2c24-4b3f-8511-63439df4c647 | ITER: 64 START
2019-06-22 09:23:46.770 22845 INFO rally.task.runner [-] Task e3672d45-2c24-4b3f-8511-63439df4c647 | ITER: 47 END: OK
2019-06-22 09:23:46.771 22831 INFO rally.task.runner [-] Task e3672d45-2c24-4b3f-8511-63439df4c647 | ITER: 46 END: OK
2019-06-22 09:23:46.773 22845 INFO rally.task.runner [-] Task e3672d45-2c24-4b3f-8511-63439df4c647 | ITER: 65 START
2019-06-22 09:23:46.775 22831 INFO rally.task.runner [-] Task e3672d45-2c24-4b3f-8511-63439df4c647 | ITER: 66 START
2019-06-22 09:23:46.885 22846 INFO rally.task.runner [-] Task e3672d45-2c24-4b3f-8511-63439df4c647 | ITER: 58 END: OK
2019-06-22 09:23:46.888 22846 INFO rally.task.runner [-] Task e3672d45-2c24-4b3f-8511-63439df4c647 | ITER: 67 START
2019-06-22 09:23:46.956 22856 INFO rally.task.runner [-] Task e3672d45-2c24-4b3f-8511-63439df4c647 | ITER: 48 END: OK
2019-06-22 09:23:46.956 22828 INFO rally.task.runner [-] Task e3672d45-2c24-4b3f-8511-63439df4c647 | ITER: 57 END: OK
2019-06-22 09:23:46.957 22830 INFO rally.task.runner [-] Task e3672d45-2c24-4b3f-8511-63439df4c647 | ITER: 49 END: OK
2019-06-22 09:23:46.959 22856 INFO rally.task.runner [-] Task e3672d45-2c24-4b3f-8511-63439df4c647 | ITER: 68 START
2019-06-22 09:23:46.959 22828 INFO rally.task.runner [-] Task e3672d45-2c24-4b3f-8511-63439df4c647 | ITER: 69 START
2019-06-22 09:23:46.962 22830 INFO rally.task.runner [-] Task e3672d45-2c24-4b3f-8511-63439df4c647 | ITER: 50 END: OK
2019-06-22 09:23:46.965 22830 INFO rally.task.runner [-] Task e3672d45-2c24-4b3f-8511-63439df4c647 | ITER: 70 START
2019-06-22 09:23:46.972 22830 INFO rally.task.runner [-] Task e3672d45-2c24-4b3f-8511-63439df4c647 | ITER: 71 START
2019-06-22 09:23:47.016 22838 INFO rally.task.runner [-] Task e3672d45-2c24-4b3f-8511-63439df4c647 | ITER: 45 END: OK
2019-06-22 09:23:47.019 22838 INFO rally.task.runner [-] Task e3672d45-2c24-4b3f-8511-63439df4c647 | ITER: 72 START
2019-06-22 09:23:47.021 22834 INFO rally.task.runner [-] Task e3672d45-2c24-4b3f-8511-63439df4c647 | ITER: 51 END: OK
2019-06-22 09:23:47.023 22834 INFO rally.task.runner [-] Task e3672d45-2c24-4b3f-8511-63439df4c647 | ITER: 73 START
2019-06-22 09:23:47.043 22866 INFO rally.task.runner [-] Task e3672d45-2c24-4b3f-8511-63439df4c647 | ITER: 52 END: OK
2019-06-22 09:23:47.046 22866 INFO rally.task.runner [-] Task e3672d45-2c24-4b3f-8511-63439df4c647 | ITER: 74 START
2019-06-22 09:23:47.053 22853 INFO rally.task.runner [-] Task e3672d45-2c24-4b3f-8511-63439df4c647 | ITER: 56 END: OK
2019-06-22 09:23:47.056 22853 INFO rally.task.runner [-] Task e3672d45-2c24-4b3f-8511-63439df4c647 | ITER: 75 START
2019-06-22 09:23:47.078 22832 INFO rally.task.runner [-] Task e3672d45-2c24-4b3f-8511-63439df4c647 | ITER: 61 END: OK
2019-06-22 09:23:47.082 22832 INFO rally.task.runner [-] Task e3672d45-2c24-4b3f-8511-63439df4c647 | ITER: 76 START
2019-06-22 09:23:47.837 22872 INFO rally.task.runner [-] Task e3672d45-2c24-4b3f-8511-63439df4c647 | ITER: 60 END: OK
2019-06-22 09:23:47.840 22872 INFO rally.task.runner [-] Task e3672d45-2c24-4b3f-8511-63439df4c647 | ITER: 77 START
2019-06-22 09:23:47.897 22829 INFO rally.task.runner [-] Task e3672d45-2c24-4b3f-8511-63439df4c647 | ITER: 54 END: OK
2019-06-22 09:23:47.901 22829 INFO rally.task.runner [-] Task e3672d45-2c24-4b3f-8511-63439df4c647 | ITER: 78 START
2019-06-22 09:23:47.975 22869 INFO rally.task.runner [-] Task e3672d45-2c24-4b3f-8511-63439df4c647 | ITER: 59 END: OK
2019-06-22 09:23:47.978 22869 INFO rally.task.runner [-] Task e3672d45-2c24-4b3f-8511-63439df4c647 | ITER: 79 START
2019-06-22 09:23:48.102 22875 INFO rally.task.runner [-] Task e3672d45-2c24-4b3f-8511-63439df4c647 | ITER: 55 END: OK
2019-06-22 09:23:48.105 22875 INFO rally.task.runner [-] Task e3672d45-2c24-4b3f-8511-63439df4c647 | ITER: 80 START
2019-06-22 09:23:48.695 22831 INFO rally.task.runner [-] Task e3672d45-2c24-4b3f-8511-63439df4c647 | ITER: 62 END: OK
2019-06-22 09:23:48.698 22831 INFO rally.task.runner [-] Task e3672d45-2c24-4b3f-8511-63439df4c647 | ITER: 81 START
2019-06-22 09:23:48.862 22829 INFO rally.task.runner [-] Task e3672d45-2c24-4b3f-8511-63439df4c647 | ITER: 53 END: OK
2019-06-22 09:23:48.866 22829 INFO rally.task.runner [-] Task e3672d45-2c24-4b3f-8511-63439df4c647 | ITER: 82 START
2019-06-22 09:23:48.982 22845 INFO rally.task.runner [-] Task e3672d45-2c24-4b3f-8511-63439df4c647 | ITER: 65 END: OK
2019-06-22 09:23:48.982 22828 INFO rally.task.runner [-] Task e3672d45-2c24-4b3f-8511-63439df4c647 | ITER: 64 END: OK
2019-06-22 09:23:48.986 22845 INFO rally.task.runner [-] Task e3672d45-2c24-4b3f-8511-63439df4c647 | ITER: 83 START
2019-06-22 09:23:48.986 22828 INFO rally.task.runner [-] Task e3672d45-2c24-4b3f-8511-63439df4c647 | ITER: 84 START
2019-06-22 09:23:49.019 22860 INFO rally.task.runner [-] Task e3672d45-2c24-4b3f-8511-63439df4c647 | ITER: 63 END: OK
2019-06-22 09:23:49.022 22860 INFO rally.task.runner [-] Task e3672d45-2c24-4b3f-8511-63439df4c647 | ITER: 85 START
2019-06-22 09:23:49.038 22834 INFO rally.task.runner [-] Task e3672d45-2c24-4b3f-8511-63439df4c647 | ITER: 73 END: OK
2019-06-22 09:23:49.041 22834 INFO rally.task.runner [-] Task e3672d45-2c24-4b3f-8511-63439df4c647 | ITER: 86 START
2019-06-22 09:23:49.073 22846 INFO rally.task.runner [-] Task e3672d45-2c24-4b3f-8511-63439df4c647 | ITER: 67 END: OK
2019-06-22 09:23:49.076 22846 INFO rally.task.runner [-] Task e3672d45-2c24-4b3f-8511-63439df4c647 | ITER: 87 START
2019-06-22 09:23:49.101 22830 INFO rally.task.runner [-] Task e3672d45-2c24-4b3f-8511-63439df4c647 | ITER: 71 END: OK
2019-06-22 09:23:49.105 22830 INFO rally.task.runner [-] Task e3672d45-2c24-4b3f-8511-63439df4c647 | ITER: 88 START
2019-06-22 09:23:49.204 22830 INFO rally.task.runner [-] Task e3672d45-2c24-4b3f-8511-63439df4c647 | ITER: 70 END: OK
2019-06-22 09:23:49.207 22830 INFO rally.task.runner [-] Task e3672d45-2c24-4b3f-8511-63439df4c647 | ITER: 89 START
2019-06-22 09:23:49.213 22831 INFO rally.task.runner [-] Task e3672d45-2c24-4b3f-8511-63439df4c647 | ITER: 66 END: OK
2019-06-22 09:23:49.222 22831 INFO rally.task.runner [-] Task e3672d45-2c24-4b3f-8511-63439df4c647 | ITER: 90 START
2019-06-22 09:23:49.660 22866 INFO rally.task.runner [-] Task e3672d45-2c24-4b3f-8511-63439df4c647 | ITER: 74 END: OK
2019-06-22 09:23:49.664 22866 INFO rally.task.runner [-] Task e3672d45-2c24-4b3f-8511-63439df4c647 | ITER: 91 START
2019-06-22 09:23:49.699 22828 INFO rally.task.runner [-] Task e3672d45-2c24-4b3f-8511-63439df4c647 | ITER: 69 END: OK
2019-06-22 09:23:49.702 22828 INFO rally.task.runner [-] Task e3672d45-2c24-4b3f-8511-63439df4c647 | ITER: 92 START
2019-06-22 09:23:49.860 22853 INFO rally.task.runner [-] Task e3672d45-2c24-4b3f-8511-63439df4c647 | ITER: 75 END: OK
2019-06-22 09:23:49.863 22832 INFO rally.task.runner [-] Task e3672d45-2c24-4b3f-8511-63439df4c647 | ITER: 76 END: OK
2019-06-22 09:23:49.864 22853 INFO rally.task.runner [-] Task e3672d45-2c24-4b3f-8511-63439df4c647 | ITER: 93 START
2019-06-22 09:23:49.865 22832 INFO rally.task.runner [-] Task e3672d45-2c24-4b3f-8511-63439df4c647 | ITER: 94 START
2019-06-22 09:23:50.099 22872 INFO rally.task.runner [-] Task e3672d45-2c24-4b3f-8511-63439df4c647 | ITER: 77 END: OK
2019-06-22 09:23:50.102 22872 INFO rally.task.runner [-] Task e3672d45-2c24-4b3f-8511-63439df4c647 | ITER: 95 START
2019-06-22 09:23:50.295 22869 INFO rally.task.runner [-] Task e3672d45-2c24-4b3f-8511-63439df4c647 | ITER: 79 END: OK
2019-06-22 09:23:50.299 22869 INFO rally.task.runner [-] Task e3672d45-2c24-4b3f-8511-63439df4c647 | ITER: 96 START
2019-06-22 09:23:50.391 22856 INFO rally.task.runner [-] Task e3672d45-2c24-4b3f-8511-63439df4c647 | ITER: 68 END: OK
2019-06-22 09:23:50.394 22856 INFO rally.task.runner [-] Task e3672d45-2c24-4b3f-8511-63439df4c647 | ITER: 97 START
2019-06-22 09:23:50.588 22838 INFO rally.task.runner [-] Task e3672d45-2c24-4b3f-8511-63439df4c647 | ITER: 72 END: OK
2019-06-22 09:23:50.591 22838 INFO rally.task.runner [-] Task e3672d45-2c24-4b3f-8511-63439df4c647 | ITER: 98 START
2019-06-22 09:23:50.730 22831 INFO rally.task.runner [-] Task e3672d45-2c24-4b3f-8511-63439df4c647 | ITER: 81 END: OK
2019-06-22 09:23:50.734 22831 INFO rally.task.runner [-] Task e3672d45-2c24-4b3f-8511-63439df4c647 | ITER: 99 START
2019-06-22 09:23:51.002 22875 INFO rally.task.runner [-] Task e3672d45-2c24-4b3f-8511-63439df4c647 | ITER: 80 END: OK
2019-06-22 09:23:51.005 22875 INFO rally.task.runner [-] Task e3672d45-2c24-4b3f-8511-63439df4c647 | ITER: 100 START
2019-06-22 09:23:51.038 22829 INFO rally.task.runner [-] Task e3672d45-2c24-4b3f-8511-63439df4c647 | ITER: 78 END: OK
2019-06-22 09:23:51.301 22860 INFO rally.task.runner [-] Task e3672d45-2c24-4b3f-8511-63439df4c647 | ITER: 85 END: OK
2019-06-22 09:23:51.495 22830 INFO rally.task.runner [-] Task e3672d45-2c24-4b3f-8511-63439df4c647 | ITER: 89 END: OK
2019-06-22 09:23:51.614 22846 INFO rally.task.runner [-] Task e3672d45-2c24-4b3f-8511-63439df4c647 | ITER: 87 END: OK
2019-06-22 09:23:51.794 22872 INFO rally.task.runner [-] Task e3672d45-2c24-4b3f-8511-63439df4c647 | ITER: 95 END: OK
2019-06-22 09:23:51.932 22856 INFO rally.task.runner [-] Task e3672d45-2c24-4b3f-8511-63439df4c647 | ITER: 97 END: OK
2019-06-22 09:23:52.000 22853 INFO rally.task.runner [-] Task e3672d45-2c24-4b3f-8511-63439df4c647 | ITER: 93 END: OK
2019-06-22 09:23:52.041 22829 INFO rally.task.runner [-] Task e3672d45-2c24-4b3f-8511-63439df4c647 | ITER: 82 END: OK
2019-06-22 09:23:52.047 22831 INFO rally.task.runner [-] Task e3672d45-2c24-4b3f-8511-63439df4c647 | ITER: 99 END: OK
2019-06-22 09:23:52.097 22828 INFO rally.task.runner [-] Task e3672d45-2c24-4b3f-8511-63439df4c647 | ITER: 92 END: OK
2019-06-22 09:23:52.100 22866 INFO rally.task.runner [-] Task e3672d45-2c24-4b3f-8511-63439df4c647 | ITER: 91 END: OK
2019-06-22 09:23:52.117 22834 INFO rally.task.runner [-] Task e3672d45-2c24-4b3f-8511-63439df4c647 | ITER: 86 END: OK
2019-06-22 09:23:52.220 22845 INFO rally.task.runner [-] Task e3672d45-2c24-4b3f-8511-63439df4c647 | ITER: 83 END: OK
2019-06-22 09:23:52.250 22832 INFO rally.task.runner [-] Task e3672d45-2c24-4b3f-8511-63439df4c647 | ITER: 94 END: OK
2019-06-22 09:23:52.350 22828 INFO rally.task.runner [-] Task e3672d45-2c24-4b3f-8511-63439df4c647 | ITER: 84 END: OK
2019-06-22 09:23:52.537 22830 INFO rally.task.runner [-] Task e3672d45-2c24-4b3f-8511-63439df4c647 | ITER: 88 END: OK
2019-06-22 09:23:52.686 22869 INFO rally.task.runner [-] Task e3672d45-2c24-4b3f-8511-63439df4c647 | ITER: 96 END: OK
2019-06-22 09:23:52.739 22831 INFO rally.task.runner [-] Task e3672d45-2c24-4b3f-8511-63439df4c647 | ITER: 90 END: OK
2019-06-22 09:23:52.958 22838 INFO rally.task.runner [-] Task e3672d45-2c24-4b3f-8511-63439df4c647 | ITER: 98 END: OK
2019-06-22 09:23:53.205 22875 INFO rally.task.runner [-] Task e3672d45-2c24-4b3f-8511-63439df4c647 | ITER: 100 END: OK
2019-06-22 09:23:53.231 22704 INFO rally.task.context [-] Task e3672d45-2c24-4b3f-8511-63439df4c647 | Context cleanup@openstack cleanup() started
2019-06-22 09:23:53.235 22704 RALLYDEBUG rally_openstack.cleanup.manager [-] Cleaning up neutron vip objects
2019-06-22 09:23:53.860 22704 RALLYDEBUG rally_openstack.cleanup.manager [-] Cleaning up neutron health_monitor objects
2019-06-22 09:23:54.572 22704 RALLYDEBUG rally_openstack.cleanup.manager [-] Cleaning up neutron pool objects
2019-06-22 09:23:55.197 22704 RALLYDEBUG rally_openstack.cleanup.manager [-] Cleaning up neutron loadbalancer objects
2019-06-22 09:23:55.917 22704 RALLYDEBUG rally_openstack.cleanup.manager [-] Cleaning up neutron floatingip objects
2019-06-22 09:23:56.693 22704 RALLYDEBUG rally_openstack.cleanup.manager [-] Cleaning up neutron port objects
2019-06-22 09:23:57.333 22704 RALLYDEBUG rally_openstack.cleanup.manager [-] Cleaning up neutron subnet objects
2019-06-22 09:23:58.054 22704 RALLYDEBUG rally_openstack.cleanup.manager [-] Cleaning up neutron network objects
2019-06-22 09:23:59.014 22704 RALLYDEBUG rally_openstack.cleanup.manager [-] Deleting neutron.network object s_rally_16740cbe_TLMVTLYJ (012d4ac5-d40b-4c49-824c-984608c7e086)
2019-06-22 09:23:59.015 22704 RALLYDEBUG rally_openstack.cleanup.manager [-] Deleting neutron.network object s_rally_16740cbe_th5FfVBE (0309b6f5-1cf5-409a-962d-689ca32656fb)
2019-06-22 09:23:59.027 22704 RALLYDEBUG rally_openstack.cleanup.manager [-] Deleting neutron.network object s_rally_16740cbe_1PPwXhWc (0ca07ddc-75bc-49c3-9379-085c0440e0dc)
2019-06-22 09:23:59.030 22704 RALLYDEBUG rally_openstack.cleanup.manager [-] Deleting neutron.network object s_rally_16740cbe_WrqnRKqj (024db881-c2d0-416a-a033-b66f232bc324)
2019-06-22 09:23:59.034 22704 RALLYDEBUG rally_openstack.cleanup.manager [-] Deleting neutron.network object s_rally_16740cbe_EJM9UFpG (0bd3c33f-c937-4836-8d7d-d3147cdb5495)
2019-06-22 09:23:59.036 22704 RALLYDEBUG rally_openstack.cleanup.manager [-] Deleting neutron.network object s_rally_16740cbe_IlZcJ3qP (0475a2d0-8e05-4dbe-989c-b9445896bdca)
2019-06-22 09:23:59.048 22704 RALLYDEBUG rally_openstack.cleanup.manager [-] Deleting neutron.network object s_rally_16740cbe_wL4ECBSt (0670d978-b9a7-4d94-ac41-21e6cec17c7d)
2019-06-22 09:23:59.052 22704 RALLYDEBUG rally_openstack.cleanup.manager [-] Deleting neutron.network object s_rally_16740cbe_NK8GasjP (12357d07-7f81-4148-835f-cac3be9ef964)
2019-06-22 09:23:59.057 22704 RALLYDEBUG rally_openstack.cleanup.manager [-] Deleting neutron.network object s_rally_16740cbe_ymeeQQSk (08cd5444-3259-4e8b-8564-e0c00477ba61)
2019-06-22 09:23:59.061 22704 RALLYDEBUG rally_openstack.cleanup.manager [-] Deleting neutron.network object s_rally_16740cbe_CjKQAmnT (13c75463-db8f-4d42-9635-0ccf45075a45)
2019-06-22 09:23:59.075 22704 RALLYDEBUG rally_openstack.cleanup.manager [-] Deleting neutron.network object s_rally_16740cbe_6QLCMTZB (15fa6951-7cf0-4b85-b4d0-d40b0a0078a4)
2019-06-22 09:23:59.087 22704 RALLYDEBUG rally_openstack.cleanup.manager [-] Deleting neutron.network object s_rally_16740cbe_GRYINptz (1ef8336b-8793-478f-81f4-c19b2cae6e85)
2019-06-22 09:23:59.093 22704 RALLYDEBUG rally_openstack.cleanup.manager [-] Deleting neutron.network object s_rally_16740cbe_0duDSTvu (08bed643-0a72-4988-a61b-bac1def1dbcc)
2019-06-22 09:23:59.102 22704 RALLYDEBUG rally_openstack.cleanup.manager [-] Deleting neutron.network object s_rally_16740cbe_GS5LufXi (1f271542-1ad1-4115-b6b0-fdd1b84fb409)
2019-06-22 09:23:59.105 22704 RALLYDEBUG rally_openstack.cleanup.manager [-] Deleting neutron.network object s_rally_16740cbe_sFXx1H7w (1e9d4974-004f-4d06-83bc-defcff8f13cc)
2019-06-22 09:23:59.109 22704 RALLYDEBUG rally_openstack.cleanup.manager [-] Deleting neutron.network object s_rally_16740cbe_UprXgxm0 (1e62164b-5e28-4c8b-8e33-2deeca1d5e3b)
2019-06-22 09:23:59.118 22704 RALLYDEBUG rally_openstack.cleanup.manager [-] Deleting neutron.network object s_rally_16740cbe_YV6weC6R (2097f005-6f46-4a76-9ae6-11d8f0fac119)
2019-06-22 09:23:59.120 22704 RALLYDEBUG rally_openstack.cleanup.manager [-] Deleting neutron.network object s_rally_16740cbe_93g6yQlP (29308c48-8b64-4054-81f4-eee99d457e5c)
2019-06-22 09:23:59.121 22704 RALLYDEBUG rally_openstack.cleanup.manager [-] Deleting neutron.network object s_rally_16740cbe_fz9S6c43 (140afc28-0101-485e-a82f-1294d7e1c0de)
2019-06-22 09:23:59.123 22704 RALLYDEBUG rally_openstack.cleanup.manager [-] Deleting neutron.network object s_rally_16740cbe_qonwOUAx (1b6d578d-498e-48c5-97ab-d3c1846f290c)
2019-06-22 09:24:02.839 22704 RALLYDEBUG rally_openstack.cleanup.manager [-] Deleting neutron.network object s_rally_16740cbe_g9K4KXhi (2991c306-b88f-4cd0-a6c1-02cb1f6d81ca)
2019-06-22 09:24:03.070 22704 RALLYDEBUG rally_openstack.cleanup.manager [-] Deleting neutron.network object s_rally_16740cbe_GPy0MMoN (2bd0f668-3f66-4969-86f1-472871f1129b)
2019-06-22 09:24:03.085 22704 RALLYDEBUG rally_openstack.cleanup.manager [-] Deleting neutron.network object s_rally_16740cbe_j0fiuo5b (2c557afe-b2bd-4e9e-8770-6cdbf7920b2a)
2019-06-22 09:24:03.123 22704 RALLYDEBUG rally_openstack.cleanup.manager [-] Deleting neutron.network object s_rally_16740cbe_TJVzKbub (342ff2ee-5bd8-46ff-a7f2-bb12c4ebdbeb)
2019-06-22 09:24:03.189 22704 RALLYDEBUG rally_openstack.cleanup.manager [-] Deleting neutron.network object s_rally_16740cbe_QO4xlHta (38f51889-35cc-42a5-a5ee-12c622fddde8)
2019-06-22 09:24:03.256 22704 RALLYDEBUG rally_openstack.cleanup.manager [-] Deleting neutron.network object s_rally_16740cbe_7TFtkGQK (3d2adf50-66ef-4508-b3eb-005af455378b)
2019-06-22 09:24:03.288 22704 RALLYDEBUG rally_openstack.cleanup.manager [-] Deleting neutron.network object s_rally_16740cbe_toqBAxVR (4460199a-64ef-40e9-a408-b0aefa3783bc)
2019-06-22 09:24:03.299 22704 RALLYDEBUG rally_openstack.cleanup.manager [-] Deleting neutron.network object s_rally_16740cbe_Te9LnkHi (4750cbae-e095-47fb-a756-04269f6b1f6a)
2019-06-22 09:24:03.516 22704 RALLYDEBUG rally_openstack.cleanup.manager [-] Deleting neutron.network object s_rally_16740cbe_Z02nbUTC (4760f942-5525-4367-9e48-b9be254a0865)
2019-06-22 09:24:03.582 22704 RALLYDEBUG rally_openstack.cleanup.manager [-] Deleting neutron.network object s_rally_16740cbe_fQHqbiWr (47f7e560-bcac-42c1-9734-8406b24951d2)
2019-06-22 09:24:03.837 22704 RALLYDEBUG rally_openstack.cleanup.manager [-] Deleting neutron.network object s_rally_16740cbe_lsU5mrOo (4b7bd063-a90b-4379-ab8a-a2304a79a2bd)
2019-06-22 09:24:03.841 22704 RALLYDEBUG rally_openstack.cleanup.manager [-] Deleting neutron.network object s_rally_16740cbe_WBrRO529 (4e93f4b6-a131-4f8e-b7e5-c009108384b8)
2019-06-22 09:24:03.868 22704 RALLYDEBUG rally_openstack.cleanup.manager [-] Deleting neutron.network object s_rally_16740cbe_qm5GQWaW (50dc8612-1fb1-4c99-b9a7-5d37eced7b77)
2019-06-22 09:24:03.879 22704 RALLYDEBUG rally_openstack.cleanup.manager [-] Deleting neutron.network object s_rally_16740cbe_BlW4kLvu (5bc07d14-493c-4de7-a8af-0f58758b9cf3)
2019-06-22 09:24:04.281 22704 RALLYDEBUG rally_openstack.cleanup.manager [-] Deleting neutron.network object s_rally_16740cbe_6vJvBeCp (5fb7ec7d-3929-46f8-a2c8-9e28bdaf69b2)
2019-06-22 09:24:04.308 22704 RALLYDEBUG rally_openstack.cleanup.manager [-] Deleting neutron.network object s_rally_16740cbe_lRLOyuym (6129e38a-4e8b-4f17-895e-4bf1b09bf45b)
2019-06-22 09:24:04.324 22704 RALLYDEBUG rally_openstack.cleanup.manager [-] Deleting neutron.network object s_rally_16740cbe_SXaLTIwA (669832bf-5463-4bfc-a1e9-300803a6f290)
2019-06-22 09:24:04.504 22704 RALLYDEBUG rally_openstack.cleanup.manager [-] Deleting neutron.network object s_rally_16740cbe_wew518uA (69b972e5-be0f-4783-9d86-4301e955984a)
2019-06-22 09:24:04.711 22704 RALLYDEBUG rally_openstack.cleanup.manager [-] Deleting neutron.network object s_rally_16740cbe_WAdLRvFl (6c59d5a8-7837-4fd0-a8ca-8420a7e37a63)
2019-06-22 09:24:04.712 22704 RALLYDEBUG rally_openstack.cleanup.manager [-] Deleting neutron.network object s_rally_16740cbe_Lwz2nbyi (6a2daf2f-cbae-4139-b520-3125148966df)
2019-06-22 09:24:05.421 22704 RALLYDEBUG rally_openstack.cleanup.manager [-] Deleting neutron.network object s_rally_16740cbe_LfFbG5Dv (6c6c19f7-9ccb-4e39-82cf-5eb4c1def29f)
2019-06-22 09:24:05.749 22704 RALLYDEBUG rally_openstack.cleanup.manager [-] Deleting neutron.network object s_rally_16740cbe_3WQUbjXe (6e8f7efb-83cc-42ce-8cf7-08b702cc0e6a)
2019-06-22 09:24:06.672 22704 RALLYDEBUG rally_openstack.cleanup.manager [-] Deleting neutron.network object s_rally_16740cbe_mP15YJn5 (728756f5-e3ac-4295-a358-b81bf8754d3a)
2019-06-22 09:24:06.699 22704 RALLYDEBUG rally_openstack.cleanup.manager [-] Deleting neutron.network object s_rally_16740cbe_DbNu6A9L (762580d5-58c0-4ce2-a766-dc7f6c4105ef)
2019-06-22 09:24:06.852 22704 RALLYDEBUG rally_openstack.cleanup.manager [-] Deleting neutron.network object s_rally_16740cbe_qxO8E2ex (77ea5858-7283-47ee-9a3b-80364ef660b3)
2019-06-22 09:24:07.208 22704 RALLYDEBUG rally_openstack.cleanup.manager [-] Deleting neutron.network object s_rally_16740cbe_NW9LicSY (79d5a6ba-1bcb-4c1d-a0d3-a30c2a0dc189)
2019-06-22 09:24:07.208 22704 RALLYDEBUG rally_openstack.cleanup.manager [-] Deleting neutron.network object s_rally_16740cbe_iVJRZl5y (7ace7d25-6caa-40e5-bc2e-5044065369f7)
2019-06-22 09:24:07.248 22704 RALLYDEBUG rally_openstack.cleanup.manager [-] Deleting neutron.network object s_rally_16740cbe_WwZpxpEm (7f4a69bd-2cd1-43eb-8b7f-0ae4961bef0f)
2019-06-22 09:24:07.367 22704 RALLYDEBUG rally_openstack.cleanup.manager [-] Deleting neutron.network object s_rally_16740cbe_VenMhDVo (8050abd6-bfac-4d08-9593-017eaaa3e62d)
2019-06-22 09:24:07.565 22704 RALLYDEBUG rally_openstack.cleanup.manager [-] Deleting neutron.network object s_rally_16740cbe_0a7MY0Rl (81afebd8-3ced-457b-8b07-29e67f6f3be4)
2019-06-22 09:24:07.892 22704 RALLYDEBUG rally_openstack.cleanup.manager [-] Deleting neutron.network object s_rally_16740cbe_JivqT0Bc (8211ce5d-044a-4f78-9bf7-41cb6c38a13c)
2019-06-22 09:24:07.927 22704 RALLYDEBUG rally_openstack.cleanup.manager [-] Deleting neutron.network object s_rally_16740cbe_n7e9MP1h (83abc953-ed09-4ba0-b734-dcd39d25e9dd)
2019-06-22 09:24:07.965 22704 RALLYDEBUG rally_openstack.cleanup.manager [-] Deleting neutron.network object s_rally_16740cbe_i5nc9vHK (842c8911-822c-4ec8-ba31-8f1ea4f2f45c)
2019-06-22 09:24:08.035 22704 RALLYDEBUG rally_openstack.cleanup.manager [-] Deleting neutron.network object s_rally_16740cbe_gHye4KJy (84630995-59aa-4cb9-83b0-ad1ef2f9b24d)
2019-06-22 09:24:08.060 22704 RALLYDEBUG rally_openstack.cleanup.manager [-] Deleting neutron.network object s_rally_16740cbe_YgiGCIGm (854eafc2-afaf-4ca7-91bd-a9c1b8fd37b7)
2019-06-22 09:24:08.071 22704 RALLYDEBUG rally_openstack.cleanup.manager [-] Deleting neutron.network object s_rally_16740cbe_BmzG3cUO (85b934b8-e914-49c9-ad00-4cfcce4168f4)
2019-06-22 09:24:08.353 22704 RALLYDEBUG rally_openstack.cleanup.manager [-] Deleting neutron.network object s_rally_16740cbe_eoHXG2aq (8bb6382b-2b17-4a6c-9a6d-f571d8992d49)
2019-06-22 09:24:08.439 22704 RALLYDEBUG rally_openstack.cleanup.manager [-] Deleting neutron.network object s_rally_16740cbe_vIZMBsXb (8e0ca750-e8f3-4d99-bdcc-859af6bda590)
2019-06-22 09:24:08.483 22704 RALLYDEBUG rally_openstack.cleanup.manager [-] Deleting neutron.network object s_rally_16740cbe_pHWIRwKA (8e2b967c-7e6c-4a8b-bf0f-8447c977ed51)
2019-06-22 09:24:08.528 22704 RALLYDEBUG rally_openstack.cleanup.manager [-] Deleting neutron.network object s_rally_16740cbe_HqVnoJBc (8f70db2a-6916-4072-b614-ca607cbe4baf)
2019-06-22 09:24:08.575 22704 RALLYDEBUG rally_openstack.cleanup.manager [-] Deleting neutron.network object s_rally_16740cbe_LkyTOfkm (92cd0e31-953a-42d7-8f64-a76eb7dd780e)
2019-06-22 09:24:08.580 22704 RALLYDEBUG rally_openstack.cleanup.manager [-] Deleting neutron.network object s_rally_16740cbe_2Z6yv5Bh (93910082-b440-41cd-9678-6fc4b8f29ad4)
2019-06-22 09:24:09.317 22704 RALLYDEBUG rally_openstack.cleanup.manager [-] Deleting neutron.network object s_rally_16740cbe_w48NMpzD (96245627-e410-4434-93ec-5522a751eb44)
2019-06-22 09:24:10.207 22704 RALLYDEBUG rally_openstack.cleanup.manager [-] Deleting neutron.network object s_rally_16740cbe_JhkIqvpY (9a95e975-abce-4fa7-b205-ffbd497730b9)
2019-06-22 09:24:10.682 22704 RALLYDEBUG rally_openstack.cleanup.manager [-] Deleting neutron.network object s_rally_16740cbe_15ia2IhF (9ba91035-cc07-42ea-a09b-1d8d269f0c66)
2019-06-22 09:24:10.696 22704 RALLYDEBUG rally_openstack.cleanup.manager [-] Deleting neutron.network object s_rally_16740cbe_F8QlNdtC (9f98e652-b0ae-46a8-8dfb-399001604764)
2019-06-22 09:24:10.817 22704 RALLYDEBUG rally_openstack.cleanup.manager [-] Deleting neutron.network object s_rally_16740cbe_A8LKC8jB (a1c696ad-a726-4378-9625-f182d8cdbaad)
2019-06-22 09:24:11.099 22704 RALLYDEBUG rally_openstack.cleanup.manager [-] Deleting neutron.network object s_rally_16740cbe_adX6cyAJ (a43c6b9c-2407-43db-9bd7-75f544a8b03e)
2019-06-22 09:24:11.173 22704 RALLYDEBUG rally_openstack.cleanup.manager [-] Deleting neutron.network object s_rally_16740cbe_gLBLuTTh (a5a4008a-7046-463f-b295-e27ef8536ecb)
2019-06-22 09:24:11.287 22704 RALLYDEBUG rally_openstack.cleanup.manager [-] Deleting neutron.network object s_rally_16740cbe_7NJOAutr (a783c9b0-8ea4-498b-988f-0dfc6332b3ef)
2019-06-22 09:24:11.524 22704 RALLYDEBUG rally_openstack.cleanup.manager [-] Deleting neutron.network object s_rally_16740cbe_ncfum8eM (ab478ea3-18dc-44f7-bd21-365de7cdaccd)
2019-06-22 09:24:11.524 22704 RALLYDEBUG rally_openstack.cleanup.manager [-] Deleting neutron.network object s_rally_16740cbe_Xwv8d1GY (ad6a454d-7a77-4302-9cd0-a8b745fd7bf4)
2019-06-22 09:24:11.576 22704 RALLYDEBUG rally_openstack.cleanup.manager [-] Deleting neutron.network object s_rally_16740cbe_GK0M5RHS (b1e70490-6bf7-48a7-9be1-a54098e85f3a)
2019-06-22 09:24:11.810 22704 RALLYDEBUG rally_openstack.cleanup.manager [-] Deleting neutron.network object s_rally_16740cbe_H8XHWWUK (b48c4450-e22e-4c32-9067-dd93f5e82d29)
2019-06-22 09:24:11.928 22704 RALLYDEBUG rally_openstack.cleanup.manager [-] Deleting neutron.network object s_rally_16740cbe_d92HQABY (bcccf30f-e245-4b7b-a280-c5543ca43ffc)
2019-06-22 09:24:11.950 22704 RALLYDEBUG rally_openstack.cleanup.manager [-] Deleting neutron.network object s_rally_16740cbe_zvkMxpgt (bd53671a-f4dc-42e4-8a50-a49e43a90515)
2019-06-22 09:24:12.115 22704 RALLYDEBUG rally_openstack.cleanup.manager [-] Deleting neutron.network object s_rally_16740cbe_1bulTDYV (c7fac916-2be2-48c7-ae6f-af0419ff0f0d)
2019-06-22 09:24:12.116 22704 RALLYDEBUG rally_openstack.cleanup.manager [-] Deleting neutron.network object s_rally_16740cbe_2yNKTzD8 (c77ed14e-edf0-45b0-af64-e5c4f3255cf9)
2019-06-22 09:24:12.120 22704 RALLYDEBUG rally_openstack.cleanup.manager [-] Deleting neutron.network object s_rally_16740cbe_LqtTee55 (bf8060ba-6cf4-4f1c-9390-8a6b57ffd8db)
2019-06-22 09:24:12.536 22704 RALLYDEBUG rally_openstack.cleanup.manager [-] Deleting neutron.network object s_rally_16740cbe_S93gSJIX (c9af7c44-65ae-4cd2-a3d2-2c9280de24f5)
2019-06-22 09:24:12.681 22704 RALLYDEBUG rally_openstack.cleanup.manager [-] Deleting neutron.network object s_rally_16740cbe_KnM4iZNn (ca58478e-e774-4da2-bd89-5a72a51873ad)
2019-06-22 09:24:12.750 22704 RALLYDEBUG rally_openstack.cleanup.manager [-] Deleting neutron.network object s_rally_16740cbe_audq5Xii (cc151b7e-470c-4f75-9037-fc64a06da34d)
2019-06-22 09:24:12.904 22704 RALLYDEBUG rally_openstack.cleanup.manager [-] Deleting neutron.network object s_rally_16740cbe_ye5xflql (ce78b86c-e3e3-47ea-a515-efa024adf456)
2019-06-22 09:24:13.033 22704 RALLYDEBUG rally_openstack.cleanup.manager [-] Deleting neutron.network object s_rally_16740cbe_8uaENFp3 (d34a6bb7-2303-4c4b-a69e-55d1a2a34ed2)
2019-06-22 09:24:13.297 22704 RALLYDEBUG rally_openstack.cleanup.manager [-] Deleting neutron.network object s_rally_16740cbe_MyCvCzTc (d5191be2-e8f5-4634-bc41-076e3fabe2f5)
2019-06-22 09:24:13.650 22704 RALLYDEBUG rally_openstack.cleanup.manager [-] Deleting neutron.network object s_rally_16740cbe_mw7MPXyB (d6f6debf-cb34-4777-be6b-111d28ba6255)
2019-06-22 09:24:13.675 22704 RALLYDEBUG rally_openstack.cleanup.manager [-] Deleting neutron.network object s_rally_16740cbe_qcBe5boI (d86c8cd3-9bdf-421a-a323-711243352f50)
2019-06-22 09:24:14.264 22704 RALLYDEBUG rally_openstack.cleanup.manager [-] Deleting neutron.network object s_rally_16740cbe_1LKGKb9x (d8e5333c-fb67-493d-9ce8-52e4ecd9e6af)
2019-06-22 09:24:14.433 22704 RALLYDEBUG rally_openstack.cleanup.manager [-] Deleting neutron.network object s_rally_16740cbe_EzCjyWgQ (db0b1492-ba58-4025-af5d-d3183aacdf17)
2019-06-22 09:24:14.605 22704 RALLYDEBUG rally_openstack.cleanup.manager [-] Deleting neutron.network object s_rally_16740cbe_tdOILOJE (dcfe48cf-2c37-4086-93e1-57b89547e7f8)
2019-06-22 09:24:14.669 22704 RALLYDEBUG rally_openstack.cleanup.manager [-] Deleting neutron.network object s_rally_16740cbe_tra4v3zI (dd9f0d61-3442-4457-b5c1-d0487aea455f)
2019-06-22 09:24:15.218 22704 RALLYDEBUG rally_openstack.cleanup.manager [-] Deleting neutron.network object s_rally_16740cbe_vPKkCWYs (de77f02f-398e-4b8c-946a-875e688703d3)
2019-06-22 09:24:15.231 22704 RALLYDEBUG rally_openstack.cleanup.manager [-] Deleting neutron.network object s_rally_16740cbe_mnTvCH7x (e59d62e1-de0d-4aa5-bfb9-60112ed784d1)
2019-06-22 09:24:15.612 22704 RALLYDEBUG rally_openstack.cleanup.manager [-] Deleting neutron.network object s_rally_16740cbe_IbFcCilN (eaf32947-6ee4-4d4b-b5b4-48a8fb0c61ee)
2019-06-22 09:24:15.728 22704 RALLYDEBUG rally_openstack.cleanup.manager [-] Deleting neutron.network object s_rally_16740cbe_xihB73R6 (eb4bcd90-5c87-40bf-8867-6ccef2266b1c)
2019-06-22 09:24:16.057 22704 RALLYDEBUG rally_openstack.cleanup.manager [-] Deleting neutron.network object s_rally_16740cbe_hWffvY2K (ed8836c9-453c-4dc6-a7e8-59ca7959db78)
