2019-06-22 09:42:05.311 22704 RALLYDEBUG rally_openstack.cleanup.manager [-] Deleting neutron.port object s_rally_57f98ffa_ozNyQxe5 (e21d6cfd-2d86-4222-a158-08cf16a711ae)
2019-06-22 09:42:05.464 22704 RALLYDEBUG rally_openstack.cleanup.manager [-] Deleting neutron.port object s_rally_57f98ffa_i1LpHALv (e2707c5f-c5fe-4d32-88ca-97f11b2c5753)
2019-06-22 09:42:05.480 22704 RALLYDEBUG rally_openstack.cleanup.manager [-] Deleting neutron.port object s_rally_57f98ffa_kPKsffEH (e2d38b8c-e9c5-498e-b023-318087b8e8fc)
2019-06-22 09:42:05.490 22704 RALLYDEBUG rally_openstack.cleanup.manager [-] Deleting neutron.port object s_rally_57f98ffa_dFsPXCMj (e352933a-6a6f-442e-976b-fda1aabdb76d)
2019-06-22 09:42:05.774 22704 RALLYDEBUG rally_openstack.cleanup.manager [-] Deleting neutron.port object s_rally_57f98ffa_wAubeUHa (e3e281df-3125-4ded-87fc-11068d7546fc)
2019-06-22 09:42:05.905 22704 RALLYDEBUG rally_openstack.cleanup.manager [-] Deleting neutron.port object s_rally_57f98ffa_SKNPHLpe (e4ff5dcc-3abe-48ef-a433-a6adb8594e4b)
2019-06-22 09:42:05.964 22704 RALLYDEBUG rally_openstack.cleanup.manager [-] Deleting neutron.port object s_rally_57f98ffa_Ks8v5xoG (e55c5855-bc2e-479d-b627-3f454f2fb662)
2019-06-22 09:42:06.061 22704 RALLYDEBUG rally_openstack.cleanup.manager [-] Deleting neutron.port object s_rally_57f98ffa_GGbkXjD7 (e567010f-194c-40f5-8ce7-b4c7a0252a2e)
2019-06-22 09:42:06.675 22704 RALLYDEBUG rally_openstack.cleanup.manager [-] Deleting neutron.port object s_rally_57f98ffa_XDIQT8Y3 (e6dd1115-2bfe-4a5e-9d95-48ba16315afb)
2019-06-22 09:42:07.044 22704 RALLYDEBUG rally_openstack.cleanup.manager [-] Deleting neutron.port object s_rally_57f98ffa_xAjyXmhu (e6dd201c-e881-4eef-ab1a-4e40557080de)
2019-06-22 09:42:07.195 22704 RALLYDEBUG rally_openstack.cleanup.manager [-] Deleting neutron.port object s_rally_57f98ffa_L4YNNAI9 (e7197963-b3b4-407e-882d-5021c46c968b)
2019-06-22 09:42:07.282 22704 RALLYDEBUG rally_openstack.cleanup.manager [-] Deleting neutron.port object s_rally_57f98ffa_0645fpNt (e73e8888-098c-48d2-bfad-b075c6b8fe07)
2019-06-22 09:42:07.471 22704 RALLYDEBUG rally_openstack.cleanup.manager [-] Deleting neutron.port object s_rally_57f98ffa_LMj7Nbho (e77c41c6-56f4-4286-b61d-1399965c5736)
2019-06-22 09:42:07.493 22704 RALLYDEBUG rally_openstack.cleanup.manager [-] Deleting neutron.port object s_rally_57f98ffa_LdxxRWy0 (e7862510-b8e6-4c6b-9c89-6f17e5b3358a)
2019-06-22 09:42:08.138 22704 RALLYDEBUG rally_openstack.cleanup.manager [-] Deleting neutron.port object s_rally_57f98ffa_W7n7uizM (e79c51a4-50c7-4f8e-8ba0-9d5060459b5d)
2019-06-22 09:42:08.288 22704 RALLYDEBUG rally_openstack.cleanup.manager [-] Deleting neutron.port object s_rally_57f98ffa_zxLq9vNB (e85923ca-71b8-4012-992e-bf6d1e5ef573)
2019-06-22 09:42:08.320 22704 RALLYDEBUG rally_openstack.cleanup.manager [-] Deleting neutron.port object s_rally_57f98ffa_4pghwNyN (e870a46a-3188-4dd2-9e08-ea8bc3cc74c2)
2019-06-22 09:42:08.326 22704 RALLYDEBUG rally_openstack.cleanup.manager [-] Deleting neutron.port object s_rally_57f98ffa_Kg61MNO2 (e8da39bc-ddb1-4927-a6fd-920dfb243b43)
2019-06-22 09:42:08.333 22704 RALLYDEBUG rally_openstack.cleanup.manager [-] Deleting neutron.port object s_rally_57f98ffa_FxUDj17j (e94cb566-1158-4051-83c1-6000dbfe91f3)
2019-06-22 09:42:08.398 22704 RALLYDEBUG rally_openstack.cleanup.manager [-] Deleting neutron.port object s_rally_57f98ffa_PRhbNnXq (ea0b7a29-ce0f-4bc3-a89d-01aa4b5629f3)
2019-06-22 09:42:08.442 22704 RALLYDEBUG rally_openstack.cleanup.manager [-] Deleting neutron.port object s_rally_57f98ffa_hltPVN07 (ea686f9d-7e02-474a-b8d5-d5454e4d56d4)
2019-06-22 09:42:08.510 22704 RALLYDEBUG rally_openstack.cleanup.manager [-] Deleting neutron.port object s_rally_57f98ffa_qx0imMue (ea68b4a9-32d6-483c-b84e-3d95d84bb834)
2019-06-22 09:42:08.646 22704 RALLYDEBUG rally_openstack.cleanup.manager [-] Deleting neutron.port object s_rally_57f98ffa_ameguTwv (ead0f6dc-63e4-4bbd-a1b2-82ee136853cd)
2019-06-22 09:42:08.651 22704 RALLYDEBUG rally_openstack.cleanup.manager [-] Deleting neutron.port object s_rally_57f98ffa_WrkOBPAq (eb2b4d65-0f7b-470b-a521-2e67bcb9822a)
2019-06-22 09:42:08.736 22704 RALLYDEBUG rally_openstack.cleanup.manager [-] Deleting neutron.port object s_rally_57f98ffa_GEFeWC0n (ec35c524-34a5-48be-b15a-f6fc345fa8c7)
2019-06-22 09:42:08.930 22704 RALLYDEBUG rally_openstack.cleanup.manager [-] Deleting neutron.port object s_rally_57f98ffa_HAJ31LwN (ec7e9931-9d09-432e-9060-9d2138d6424d)
2019-06-22 09:42:08.938 22704 RALLYDEBUG rally_openstack.cleanup.manager [-] Deleting neutron.port object s_rally_57f98ffa_wgbJR5RH (ecbd8157-dd1b-459a-b3c0-cb61865666d3)
2019-06-22 09:42:08.940 22704 RALLYDEBUG rally_openstack.cleanup.manager [-] Deleting neutron.port object s_rally_57f98ffa_iTe3Zfj4 (ed848703-5b59-48ef-a20e-679410d9c07f)
2019-06-22 09:42:09.163 22704 RALLYDEBUG rally_openstack.cleanup.manager [-] Deleting neutron.port object s_rally_57f98ffa_s7pVz7fS (edd2e9f4-2e11-45d1-b9ba-a95b73461ef4)
2019-06-22 09:42:09.262 22704 RALLYDEBUG rally_openstack.cleanup.manager [-] Deleting neutron.port object s_rally_57f98ffa_GLIJrp48 (ee23f4c6-69d5-4628-8918-a0c7e64dd8e7)
2019-06-22 09:42:09.444 22704 RALLYDEBUG rally_openstack.cleanup.manager [-] Deleting neutron.port object s_rally_57f98ffa_EQUwaFF0 (ef16c3cb-bb86-44a8-bdeb-76d4a2723a70)
2019-06-22 09:42:09.495 22704 RALLYDEBUG rally_openstack.cleanup.manager [-] Deleting neutron.port object s_rally_57f98ffa_w2d8lRna (efc47abd-9181-4d33-a523-d78dbb20dcc6)
2019-06-22 09:42:10.144 22704 RALLYDEBUG rally_openstack.cleanup.manager [-] Deleting neutron.port object s_rally_57f98ffa_aNQfVsOL (f06c8636-4274-4ad7-8053-403c4faa6a48)
2019-06-22 09:42:10.179 22704 RALLYDEBUG rally_openstack.cleanup.manager [-] Deleting neutron.port object s_rally_57f98ffa_NJUo4RpW (f12284e9-f69b-433c-adaa-16e1ce48d56c)
2019-06-22 09:42:10.879 22704 RALLYDEBUG rally_openstack.cleanup.manager [-] Deleting neutron.port object s_rally_57f98ffa_xxMU6ARW (f1ff1725-5a6b-4b1a-b0d5-a374576eb82f)
2019-06-22 09:42:11.035 22704 RALLYDEBUG rally_openstack.cleanup.manager [-] Deleting neutron.port object s_rally_57f98ffa_7lNje96I (f21237c2-0227-4f45-836c-cb5b742d02c7)
2019-06-22 09:42:11.489 22704 RALLYDEBUG rally_openstack.cleanup.manager [-] Deleting neutron.port object s_rally_57f98ffa_rXn9iluU (f21c1807-4c88-49d9-b28a-1d58abe9d0c3)
2019-06-22 09:42:11.616 22704 RALLYDEBUG rally_openstack.cleanup.manager [-] Deleting neutron.port object s_rally_57f98ffa_mx0N8Mq1 (f2708674-8dfc-4bb8-86c3-48ef473f37b9)
2019-06-22 09:42:11.679 22704 RALLYDEBUG rally_openstack.cleanup.manager [-] Deleting neutron.port object s_rally_57f98ffa_6XdMhiCh (f27aae3f-5f6e-4be2-9b75-8dcfc5f9a3de)
2019-06-22 09:42:11.861 22704 RALLYDEBUG rally_openstack.cleanup.manager [-] Deleting neutron.port object s_rally_57f98ffa_U3aCTrNv (f2a214fb-ca76-4233-be64-09acdd02aaab)
2019-06-22 09:42:11.893 22704 RALLYDEBUG rally_openstack.cleanup.manager [-] Deleting neutron.port object s_rally_57f98ffa_LZg1jWnU (f34fb446-b148-4a72-a444-92104f8e47cc)
2019-06-22 09:42:11.955 22704 RALLYDEBUG rally_openstack.cleanup.manager [-] Deleting neutron.port object s_rally_57f98ffa_Fw4OnD68 (f3fa44c6-48eb-40d7-be1a-eafd134af439)
2019-06-22 09:42:11.983 22704 RALLYDEBUG rally_openstack.cleanup.manager [-] Deleting neutron.port object s_rally_57f98ffa_KFh0qMer (f581b71b-6c66-418d-a266-23ce4ee9d141)
2019-06-22 09:42:12.022 22704 RALLYDEBUG rally_openstack.cleanup.manager [-] Deleting neutron.port object s_rally_57f98ffa_VfefdvT4 (f5ac3c1e-38fb-4fa8-98a5-3c9436f3ca8f)
2019-06-22 09:42:12.354 22704 RALLYDEBUG rally_openstack.cleanup.manager [-] Deleting neutron.port object s_rally_57f98ffa_2mCqdHZg (f5d4ff06-39ee-4877-b660-1f09aaa1079e)
2019-06-22 09:42:12.361 22704 RALLYDEBUG rally_openstack.cleanup.manager [-] Deleting neutron.port object s_rally_57f98ffa_Zfo2pTj2 (f67d57b8-cadb-43de-ba36-5bf1b0f0debe)
2019-06-22 09:42:12.395 22704 RALLYDEBUG rally_openstack.cleanup.manager [-] Deleting neutron.port object s_rally_57f98ffa_PkW4WwI4 (f6f37165-7d1f-4236-b392-5ffb75d7dbee)
2019-06-22 09:42:12.480 22704 RALLYDEBUG rally_openstack.cleanup.manager [-] Deleting neutron.port object s_rally_57f98ffa_okZIAbk4 (f7ce6f73-95e6-454f-90c1-1d688b18ff70)
2019-06-22 09:42:12.484 22704 RALLYDEBUG rally_openstack.cleanup.manager [-] Deleting neutron.port object s_rally_57f98ffa_XIvUWhzu (f83d350a-5cc8-49c1-8cea-9a2bd26d0701)
2019-06-22 09:42:12.689 22704 RALLYDEBUG rally_openstack.cleanup.manager [-] Deleting neutron.port object s_rally_57f98ffa_6Mp1a5Fs (f85e1c68-b95b-41ad-9ad5-bf92207c9db7)
2019-06-22 09:42:12.716 22704 RALLYDEBUG rally_openstack.cleanup.manager [-] Deleting neutron.port object s_rally_57f98ffa_cHxpNTBA (f8a06e0a-4656-4d93-b138-64235a79ba48)
2019-06-22 09:42:12.737 22704 RALLYDEBUG rally_openstack.cleanup.manager [-] Deleting neutron.port object s_rally_57f98ffa_eYE2hAzR (f901dcc4-9373-4924-bca2-cefc8184ce9f)
2019-06-22 09:42:12.742 22704 RALLYDEBUG rally_openstack.cleanup.manager [-] Deleting neutron.port object s_rally_57f98ffa_tibIwMmn (f9be7ffd-15ab-4916-856b-04cf330dd289)
2019-06-22 09:42:12.777 22704 RALLYDEBUG rally_openstack.cleanup.manager [-] Deleting neutron.port object s_rally_57f98ffa_V9DFYVmE (fb0f1322-989c-4b0a-8258-639787807032)
2019-06-22 09:42:13.702 22704 RALLYDEBUG rally_openstack.cleanup.manager [-] Deleting neutron.port object s_rally_57f98ffa_FDi944Hk (fb106b50-3795-4606-abde-3c326c60fa65)
2019-06-22 09:42:13.753 22704 RALLYDEBUG rally_openstack.cleanup.manager [-] Deleting neutron.port object s_rally_57f98ffa_Dyoemd93 (fc29ab51-0ca4-4e58-a810-c956ac2e5261)
2019-06-22 09:42:14.196 22704 RALLYDEBUG rally_openstack.cleanup.manager [-] Deleting neutron.port object s_rally_57f98ffa_07QGZtO3 (fe37399f-5a50-46b6-bd48-42853b33d83b)
2019-06-22 09:42:14.961 22704 RALLYDEBUG rally_openstack.cleanup.manager [-] Deleting neutron.port object s_rally_57f98ffa_9p9vQp6I (feab901f-9c7a-4b7b-ae3e-c4eae9d521da)
2019-06-22 09:42:15.253 22704 RALLYDEBUG rally_openstack.cleanup.manager [-] Deleting neutron.port object s_rally_57f98ffa_zLQpiz18 (fed38327-52b6-4428-9c3e-5de77bfa9c61)
2019-06-22 09:42:15.299 22704 RALLYDEBUG rally_openstack.cleanup.manager [-] Deleting neutron.port object s_rally_57f98ffa_4diM6iGk (ff08e110-47e5-488e-9966-7ed3fb550f5f)
2019-06-22 09:42:18.026 22704 RALLYDEBUG rally_openstack.cleanup.manager [-] Cleaning up neutron subnet objects
2019-06-22 09:42:18.686 22704 RALLYDEBUG rally_openstack.cleanup.manager [-] Cleaning up neutron network objects
2019-06-22 09:42:19.834 22704 RALLYDEBUG rally_openstack.cleanup.manager [-] Deleting neutron.network object s_rally_57f98ffa_hlKOtXgp (0c10c919-e7f0-4ec0-9460-5073c7a9b70c)
2019-06-22 09:42:19.838 22704 RALLYDEBUG rally_openstack.cleanup.manager [-] Deleting neutron.network object s_rally_57f98ffa_kb4vomVX (12ec1bd1-1e56-4374-95c4-9c2032a311b0)
2019-06-22 09:42:19.842 22704 RALLYDEBUG rally_openstack.cleanup.manager [-] Deleting neutron.network object s_rally_57f98ffa_UtMw1NEq (425e8be6-8ad8-48e6-b02b-960803cd32a3)
2019-06-22 09:42:19.854 22704 RALLYDEBUG rally_openstack.cleanup.manager [-] Deleting neutron.network object s_rally_57f98ffa_WyH5TQix (6508d894-3457-4e5b-8fdd-eacc2d28ed15)
2019-06-22 09:42:19.863 22704 RALLYDEBUG rally_openstack.cleanup.manager [-] Deleting neutron.network object s_rally_57f98ffa_60AaSJyG (7abad7f5-6017-4f8c-ac4c-ba3b0bf5ac1f)
2019-06-22 09:42:19.866 22704 RALLYDEBUG rally_openstack.cleanup.manager [-] Deleting neutron.network object s_rally_57f98ffa_998BquqK (7ce18c5d-2de1-4de7-bcc5-0a23bfc7e115)
2019-06-22 09:42:19.878 22704 RALLYDEBUG rally_openstack.cleanup.manager [-] Deleting neutron.network object s_rally_57f98ffa_pTpMawe0 (9c6ec6f5-19ee-4486-bef9-128b6eabeefd)
2019-06-22 09:42:19.886 22704 RALLYDEBUG rally_openstack.cleanup.manager [-] Deleting neutron.network object s_rally_57f98ffa_CKRq1Ata (b199454d-d735-46fe-925c-aa261cf1b7dd)
2019-06-22 09:42:23.381 22704 RALLYDEBUG rally_openstack.cleanup.manager [-] Cleaning up neutron router objects
2019-06-22 09:42:24.067 22704 RALLYDEBUG rally_openstack.cleanup.manager [-] Cleaning up neutron security_group objects
2019-06-22 09:42:24.764 22704 INFO rally.task.context [-] Task e3672d45-2c24-4b3f-8511-63439df4c647 | Context cleanup@openstack cleanup() finished in 1.29 min
2019-06-22 09:42:24.764 22704 INFO rally.task.context [-] Task e3672d45-2c24-4b3f-8511-63439df4c647 | Context quotas@openstack cleanup() started
2019-06-22 09:42:24.781 22704 INFO rally.task.context [-] Task e3672d45-2c24-4b3f-8511-63439df4c647 | Context quotas@openstack cleanup() finished in 16.38 msec
2019-06-22 09:42:24.781 22704 INFO rally.task.context [-] Task e3672d45-2c24-4b3f-8511-63439df4c647 | Context users@openstack cleanup() started
2019-06-22 09:42:29.261 22704 INFO rally.task.context [-] Task e3672d45-2c24-4b3f-8511-63439df4c647 | Context users@openstack cleanup() finished in 4.48 sec
2019-06-22 09:42:29.323 22704 INFO rally.task.engine [-] Load duration is: 100.697711
2019-06-22 09:42:29.323 22704 INFO rally.task.engine [-] Full runner duration is: 100.741856
2019-06-22 09:42:29.324 22704 INFO rally.task.engine [-] Full duration is: 188.685817
2019-06-22 09:42:29.518 22704 INFO rally.task.engine [-] Running workload: position = 1 config = { "version": 2, "title": "A cropped version of a bigger task.", "description": "Auto-generated task from a single workload (uuid=1f2416d3-0b55-451b-8d27-257927f2480c)", "subtasks": [ { "title": "NeutronNetworks.create_and_update_ports", "description": "Create and update a given number of ports.", "scenario": { "NeutronNetworks.create_and_update_ports": { "network_create_args": {}, "port_create_args": {}, "ports_per_network": 5, "port_update_args": { "admin_state_up": false, "device_id": "dummy_id", "device_owner": "dummy_owner", "name": "_port_updated" } } }, "contexts": { "users": { "tenants": 1, "users_per_tenant": 1 }, "quotas": { "neutron": { "network": -1, "port": -1 } } }, "runner": { "constant": { "times": 40, "concurrency": 20 } }, "hooks": [], "sla": { "failure_rate": { "max": 0 } } } ] }
2019-06-22 09:42:29.539 22704 RALLYDEBUG rally_openstack.contexts.keystone.users [-] Creating 1 tenants using 20 threads
2019-06-22 09:42:31.226 22704 RALLYDEBUG rally_openstack.contexts.keystone.users [-] Creating 1 users using 20 threads
2019-06-22 09:42:33.842 22704 INFO rally.task.context [-] Task e3672d45-2c24-4b3f-8511-63439df4c647 | Context users@openstack setup() finished in 4.30 sec
2019-06-22 09:42:34.578 22704 INFO rally.task.context [-] Task e3672d45-2c24-4b3f-8511-63439df4c647 | Context quotas@openstack setup() finished in 0.74 sec
2019-06-22 09:42:34.578 22704 INFO rally.task.context [-] Task e3672d45-2c24-4b3f-8511-63439df4c647 | Context cleanup@openstack setup() finished in 0.01 msec
2019-06-22 09:42:34.586 22704 RALLYDEBUG rally.task.runner [-] Starting the constant runner (task UUID: e3672d45-2c24-4b3f-8511-63439df4c647). timeout: 0 concurrency: 20 concurrency_per_worker: 1 times: 40 concurrency_overhead: 4 processes_to_start: 16 max_cpu_used: 16
2019-06-22 09:42:34.599 26581 RALLYDEBUG rally.task.runner [-] Starting a worker. concurrency: 2 args: {"network_create_args": {}, "port_create_args": {}, "ports_per_network": 5, "port_update_args": {"admin_state_up": false, "device_id": "dummy_id", "device_owner": "dummy_owner", "name": "_port_updated"}} times: 40 method_name: run timeout: 0 duration: None cls:
2019-06-22 09:42:34.598 26580 RALLYDEBUG rally.task.runner [-] Starting a worker. concurrency: 2 args: {"network_create_args": {}, "port_create_args": {}, "ports_per_network": 5, "port_update_args": {"admin_state_up": false, "device_id": "dummy_id", "device_owner": "dummy_owner", "name": "_port_updated"}} times: 40 method_name: run timeout: 0 duration: None cls:
2019-06-22 09:42:34.606 26580 INFO rally.task.runner [-] Task e3672d45-2c24-4b3f-8511-63439df4c647 | ITER: 2 START
2019-06-22 09:42:34.605 26582 RALLYDEBUG rally.task.runner [-] Starting a worker. concurrency: 2 args: {"network_create_args": {}, "port_create_args": {}, "ports_per_network": 5, "port_update_args": {"admin_state_up": false, "device_id": "dummy_id", "device_owner": "dummy_owner", "name": "_port_updated"}} times: 40 method_name: run timeout: 0 duration: None cls:
2019-06-22 09:42:34.604 26581 INFO rally.task.runner [-] Task e3672d45-2c24-4b3f-8511-63439df4c647 | ITER: 1 START
2019-06-22 09:42:34.607 26580 WARNING rally_openstack.scenarios.neutron.utils [-] Running this scenario without either the 'network' or 'existing_network' context is deprecated
2019-06-22 09:42:34.608 26581 WARNING rally_openstack.scenarios.neutron.utils [-] Running this scenario without either the 'network' or 'existing_network' context is deprecated
2019-06-22 09:42:34.608 26583 RALLYDEBUG rally.task.runner [-] Starting a worker. concurrency: 2 args: {"network_create_args": {}, "port_create_args": {}, "ports_per_network": 5, "port_update_args": {"admin_state_up": false, "device_id": "dummy_id", "device_owner": "dummy_owner", "name": "_port_updated"}} times: 40 method_name: run timeout: 0 duration: None cls:
2019-06-22 09:42:34.611 26589 RALLYDEBUG rally.task.runner [-] Starting a worker. concurrency: 1 args: {"network_create_args": {}, "port_create_args": {}, "ports_per_network": 5, "port_update_args": {"admin_state_up": false, "device_id": "dummy_id", "device_owner": "dummy_owner", "name": "_port_updated"}} times: 40 method_name: run timeout: 0 duration: None cls:
2019-06-22 09:42:34.614 26580 INFO rally.task.runner [-] Task e3672d45-2c24-4b3f-8511-63439df4c647 | ITER: 4 START
2019-06-22 09:42:34.615 26583 INFO rally.task.runner [-] Task e3672d45-2c24-4b3f-8511-63439df4c647 | ITER: 6 START
2019-06-22 09:42:34.615 26580 WARNING rally_openstack.scenarios.neutron.utils [-] Running this scenario without either the 'network' or 'existing_network' context is deprecated
2019-06-22 09:42:34.616 26589 INFO rally.task.runner [-] Task e3672d45-2c24-4b3f-8511-63439df4c647 | ITER: 9 START
2019-06-22 09:42:34.617 26589 WARNING rally_openstack.scenarios.neutron.utils [-] Running this scenario without either the 'network' or 'existing_network' context is deprecated
2019-06-22 09:42:34.614 26582 INFO rally.task.runner [-] Task e3672d45-2c24-4b3f-8511-63439df4c647 | ITER: 5 START
2019-06-22 09:42:34.616 26583 WARNING rally_openstack.scenarios.neutron.utils [-] Running this scenario without either the 'network' or 'existing_network' context is deprecated
2019-06-22 09:42:34.619 26581 INFO rally.task.runner [-] Task e3672d45-2c24-4b3f-8511-63439df4c647 | ITER: 3 START
2019-06-22 09:42:34.619 26582 WARNING rally_openstack.scenarios.neutron.utils [-] Running this scenario without either the 'network' or 'existing_network' context is deprecated
2019-06-22 09:42:34.620 26593 RALLYDEBUG rally.task.runner [-] Starting a worker. concurrency: 1 args: {"network_create_args": {}, "port_create_args": {}, "ports_per_network": 5, "port_update_args": {"admin_state_up": false, "device_id": "dummy_id", "device_owner": "dummy_owner", "name": "_port_updated"}} times: 40 method_name: run timeout: 0 duration: None cls:
2019-06-22 09:42:34.621 26581 WARNING rally_openstack.scenarios.neutron.utils [-] Running this scenario without either the 'network' or 'existing_network' context is deprecated
2019-06-22 09:42:34.620 26582 INFO rally.task.runner [-] Task e3672d45-2c24-4b3f-8511-63439df4c647 | ITER: 7 START
2019-06-22 09:42:34.623 26599 RALLYDEBUG rally.task.runner [-] Starting a worker. concurrency: 1 args: {"network_create_args": {}, "port_create_args": {}, "ports_per_network": 5, "port_update_args": {"admin_state_up": false, "device_id": "dummy_id", "device_owner": "dummy_owner", "name": "_port_updated"}} times: 40 method_name: run timeout: 0 duration: None cls:
2019-06-22 09:42:34.624 26582 WARNING rally_openstack.scenarios.neutron.utils [-] Running this scenario without either the 'network' or 'existing_network' context is deprecated
2019-06-22 09:42:34.626 26593 INFO rally.task.runner [-] Task e3672d45-2c24-4b3f-8511-63439df4c647 | ITER: 10 START
2019-06-22 09:42:34.627 26593 WARNING rally_openstack.scenarios.neutron.utils [-] Running this scenario without either the 'network' or 'existing_network' context is deprecated
2019-06-22 09:42:34.628 26599 INFO rally.task.runner [-] Task e3672d45-2c24-4b3f-8511-63439df4c647 | ITER: 11 START
2019-06-22 09:42:34.630 26599 WARNING rally_openstack.scenarios.neutron.utils [-] Running this scenario without either the 'network' or 'existing_network' context is deprecated
2019-06-22 09:42:34.631 26602 RALLYDEBUG rally.task.runner [-] Starting a worker. concurrency: 1 args: {"network_create_args": {}, "port_create_args": {}, "ports_per_network": 5, "port_update_args": {"admin_state_up": false, "device_id": "dummy_id", "device_owner": "dummy_owner", "name": "_port_updated"}} times: 40 method_name: run timeout: 0 duration: None cls:
2019-06-22 09:42:34.631 26583 INFO rally.task.runner [-] Task e3672d45-2c24-4b3f-8511-63439df4c647 | ITER: 8 START
2019-06-22 09:42:34.633 26583 WARNING rally_openstack.scenarios.neutron.utils [-] Running this scenario without either the 'network' or 'existing_network' context is deprecated
2019-06-22 09:42:34.638 26606 RALLYDEBUG rally.task.runner [-] Starting a worker. concurrency: 1 args: {"network_create_args": {}, "port_create_args": {}, "ports_per_network": 5, "port_update_args": {"admin_state_up": false, "device_id": "dummy_id", "device_owner": "dummy_owner", "name": "_port_updated"}} times: 40 method_name: run timeout: 0 duration: None cls:
2019-06-22 09:42:34.641 26602 INFO rally.task.runner [-] Task e3672d45-2c24-4b3f-8511-63439df4c647 | ITER: 12 START
2019-06-22 09:42:34.642 26602 WARNING rally_openstack.scenarios.neutron.utils [-] Running this scenario without either the 'network' or 'existing_network' context is deprecated
2019-06-22 09:42:34.645 26610 RALLYDEBUG rally.task.runner [-] Starting a worker. concurrency: 1 args: {"network_create_args": {}, "port_create_args": {}, "ports_per_network": 5, "port_update_args": {"admin_state_up": false, "device_id": "dummy_id", "device_owner": "dummy_owner", "name": "_port_updated"}} times: 40 method_name: run timeout: 0 duration: None cls:
2019-06-22 09:42:34.646 26608 RALLYDEBUG rally.task.runner [-] Starting a worker. concurrency: 1 args: {"network_create_args": {}, "port_create_args": {}, "ports_per_network": 5, "port_update_args": {"admin_state_up": false, "device_id": "dummy_id", "device_owner": "dummy_owner", "name": "_port_updated"}} times: 40 method_name: run timeout: 0 duration: None cls:
2019-06-22 09:42:34.646 26606 INFO rally.task.runner [-] Task e3672d45-2c24-4b3f-8511-63439df4c647 | ITER: 13 START
2019-06-22 09:42:34.649 26606 WARNING rally_openstack.scenarios.neutron.utils [-] Running this scenario without either the 'network' or 'existing_network' context is deprecated
2019-06-22 09:42:34.652 26610 INFO rally.task.runner [-] Task e3672d45-2c24-4b3f-8511-63439df4c647 | ITER: 14 START
2019-06-22 09:42:34.653 26610 WARNING rally_openstack.scenarios.neutron.utils [-] Running this scenario without either the 'network' or 'existing_network' context is deprecated
2019-06-22 09:42:34.653 26614 RALLYDEBUG rally.task.runner [-] Starting a worker. concurrency: 1 args: {"network_create_args": {}, "port_create_args": {}, "ports_per_network": 5, "port_update_args": {"admin_state_up": false, "device_id": "dummy_id", "device_owner": "dummy_owner", "name": "_port_updated"}} times: 40 method_name: run timeout: 0 duration: None cls:
2019-06-22 09:42:34.653 26615 RALLYDEBUG rally.task.runner [-] Starting a worker. concurrency: 1 args: {"network_create_args": {}, "port_create_args": {}, "ports_per_network": 5, "port_update_args": {"admin_state_up": false, "device_id": "dummy_id", "device_owner": "dummy_owner", "name": "_port_updated"}} times: 40 method_name: run timeout: 0 duration: None cls:
2019-06-22 09:42:34.656 26611 RALLYDEBUG rally.task.runner [-] Starting a worker. concurrency: 1 args: {"network_create_args": {}, "port_create_args": {}, "ports_per_network": 5, "port_update_args": {"admin_state_up": false, "device_id": "dummy_id", "device_owner": "dummy_owner", "name": "_port_updated"}} times: 40 method_name: run timeout: 0 duration: None cls:
2019-06-22 09:42:34.658 26616 RALLYDEBUG rally.task.runner [-] Starting a worker. concurrency: 1 args: {"network_create_args": {}, "port_create_args": {}, "ports_per_network": 5, "port_update_args": {"admin_state_up": false, "device_id": "dummy_id", "device_owner": "dummy_owner", "name": "_port_updated"}} times: 40 method_name: run timeout: 0 duration: None cls:
2019-06-22 09:42:34.660 26615 INFO rally.task.runner [-] Task e3672d45-2c24-4b3f-8511-63439df4c647 | ITER: 17 START
2019-06-22 09:42:34.661 26621 RALLYDEBUG rally.task.runner [-] Starting a worker. concurrency: 1 args: {"network_create_args": {}, "port_create_args": {}, "ports_per_network": 5, "port_update_args": {"admin_state_up": false, "device_id": "dummy_id", "device_owner": "dummy_owner", "name": "_port_updated"}} times: 40 method_name: run timeout: 0 duration: None cls:
2019-06-22 09:42:34.662 26615 WARNING rally_openstack.scenarios.neutron.utils [-] Running this scenario without either the 'network' or 'existing_network' context is deprecated
2019-06-22 09:42:34.662 26608 INFO rally.task.runner [-] Task e3672d45-2c24-4b3f-8511-63439df4c647 | ITER: 15 START
2019-06-22 09:42:34.663 26611 INFO rally.task.runner [-] Task e3672d45-2c24-4b3f-8511-63439df4c647 | ITER: 18 START
2019-06-22 09:42:34.664 26608 WARNING rally_openstack.scenarios.neutron.utils [-] Running this scenario without either the 'network' or 'existing_network' context is deprecated
2019-06-22 09:42:34.664 26614 INFO rally.task.runner [-] Task e3672d45-2c24-4b3f-8511-63439df4c647 | ITER: 16 START
2019-06-22 09:42:34.665 26621 INFO rally.task.runner [-] Task e3672d45-2c24-4b3f-8511-63439df4c647 | ITER: 20 START
2019-06-22 09:42:34.665 26616 INFO rally.task.runner [-] Task e3672d45-2c24-4b3f-8511-63439df4c647 | ITER: 19 START
2019-06-22 09:42:34.665 26611 WARNING rally_openstack.scenarios.neutron.utils [-] Running this scenario without either the 'network' or 'existing_network' context is deprecated
2019-06-22 09:42:34.666 26614 WARNING rally_openstack.scenarios.neutron.utils [-] Running this scenario without either the 'network' or 'existing_network' context is deprecated
2019-06-22 09:42:34.666 26621 WARNING rally_openstack.scenarios.neutron.utils [-] Running this scenario without either the 'network' or 'existing_network' context is deprecated
2019-06-22 09:42:34.666 26616 WARNING rally_openstack.scenarios.neutron.utils [-] Running this scenario without either the 'network' or 'existing_network' context is deprecated
2019-06-22 09:42:43.730 26593 INFO rally.task.runner [-] Task e3672d45-2c24-4b3f-8511-63439df4c647 | ITER: 10 END: OK
2019-06-22 09:42:43.734 26593 INFO rally.task.runner [-] Task e3672d45-2c24-4b3f-8511-63439df4c647 | ITER: 21 START
2019-06-22 09:42:43.735 26593 WARNING rally_openstack.scenarios.neutron.utils [-] Running this scenario without either the 'network' or 'existing_network' context is deprecated
2019-06-22 09:42:44.260 26582 INFO rally.task.runner [-] Task e3672d45-2c24-4b3f-8511-63439df4c647 | ITER: 5 END: OK
2019-06-22 09:42:44.264 26582 INFO rally.task.runner [-] Task e3672d45-2c24-4b3f-8511-63439df4c647 | ITER: 22 START
2019-06-22 09:42:44.265 26582 WARNING rally_openstack.scenarios.neutron.utils [-] Running this scenario without either the 'network' or 'existing_network' context is deprecated
2019-06-22 09:42:44.700 26583 INFO rally.task.runner [-] Task e3672d45-2c24-4b3f-8511-63439df4c647 | ITER: 6 END: OK
2019-06-22 09:42:44.705 26583 INFO rally.task.runner [-] Task e3672d45-2c24-4b3f-8511-63439df4c647 | ITER: 23 START
2019-06-22 09:42:44.705 26583 WARNING rally_openstack.scenarios.neutron.utils [-] Running this scenario without either the 'network' or 'existing_network' context is deprecated
2019-06-22 09:42:51.234 26593 INFO rally.task.runner [-] Task e3672d45-2c24-4b3f-8511-63439df4c647 | ITER: 21 END: OK
2019-06-22 09:42:51.237 26593 INFO rally.task.runner [-] Task e3672d45-2c24-4b3f-8511-63439df4c647 | ITER: 24 START
2019-06-22 09:42:51.238 26593 WARNING rally_openstack.scenarios.neutron.utils [-] Running this scenario without either the 'network' or 'existing_network' context is deprecated
2019-06-22 09:42:51.574 26589 INFO rally.task.runner [-] Task e3672d45-2c24-4b3f-8511-63439df4c647 | ITER: 9 END: OK
2019-06-22 09:42:51.578 26589 INFO rally.task.runner [-] Task e3672d45-2c24-4b3f-8511-63439df4c647 | ITER: 25 START
2019-06-22 09:42:51.579 26589 WARNING rally_openstack.scenarios.neutron.utils [-] Running this scenario without either the 'network' or 'existing_network' context is deprecated
2019-06-22 09:42:51.752 26581 INFO rally.task.runner [-] Task e3672d45-2c24-4b3f-8511-63439df4c647 | ITER: 3 END: OK
2019-06-22 09:42:51.755 26581 INFO rally.task.runner [-] Task e3672d45-2c24-4b3f-8511-63439df4c647 | ITER: 26 START
2019-06-22 09:42:51.756 26581 WARNING rally_openstack.scenarios.neutron.utils [-] Running this scenario without either the 'network' or 'existing_network' context is deprecated
2019-06-22 09:42:58.240 26593 INFO rally.task.runner [-] Task e3672d45-2c24-4b3f-8511-63439df4c647 | ITER: 24 END: OK
2019-06-22 09:42:58.244 26593 INFO rally.task.runner [-] Task e3672d45-2c24-4b3f-8511-63439df4c647 | ITER: 27 START
2019-06-22 09:42:58.245 26593 WARNING rally_openstack.scenarios.neutron.utils [-] Running this scenario without either the 'network' or 'existing_network' context is deprecated
2019-06-22 09:42:59.777 26611 INFO rally.task.runner [-] Task e3672d45-2c24-4b3f-8511-63439df4c647 | ITER: 18 END: OK
2019-06-22 09:42:59.780 26611 INFO rally.task.runner [-] Task e3672d45-2c24-4b3f-8511-63439df4c647 | ITER: 28 START
2019-06-22 09:42:59.780 26611 WARNING rally_openstack.scenarios.neutron.utils [-] Running this scenario without either the 'network' or 'existing_network' context is deprecated
2019-06-22 09:43:00.374 26606 INFO rally.task.runner [-] Task e3672d45-2c24-4b3f-8511-63439df4c647 | ITER: 13 END: OK
2019-06-22 09:43:00.379 26606 INFO rally.task.runner [-] Task e3672d45-2c24-4b3f-8511-63439df4c647 | ITER: 29 START
2019-06-22 09:43:00.380 26606 WARNING rally_openstack.scenarios.neutron.utils [-] Running this scenario without either the 'network' or 'existing_network' context is deprecated
2019-06-22 09:43:00.406 26616 INFO rally.task.runner [-] Task e3672d45-2c24-4b3f-8511-63439df4c647 | ITER: 19 END: OK
2019-06-22 09:43:00.408 26582 INFO rally.task.runner [-] Task e3672d45-2c24-4b3f-8511-63439df4c647 | ITER: 22 END: OK
2019-06-22 09:43:00.410 26616 INFO rally.task.runner [-] Task e3672d45-2c24-4b3f-8511-63439df4c647 | ITER: 30 START
2019-06-22 09:43:00.411 26616 WARNING rally_openstack.scenarios.neutron.utils [-] Running this scenario without either the 'network' or 'existing_network' context is deprecated
2019-06-22 09:43:00.411 26582 INFO rally.task.runner [-] Task e3672d45-2c24-4b3f-8511-63439df4c647 | ITER: 31 START
2019-06-22 09:43:00.411 26582 WARNING rally_openstack.scenarios.neutron.utils [-] Running this scenario without either the 'network' or 'existing_network' context is deprecated
2019-06-22 09:43:00.509 26589 INFO rally.task.runner [-] Task e3672d45-2c24-4b3f-8511-63439df4c647 | ITER: 25 END: OK
2019-06-22 09:43:00.512 26589 INFO rally.task.runner [-] Task e3672d45-2c24-4b3f-8511-63439df4c647 | ITER: 32 START
2019-06-22 09:43:00.512 26589 WARNING rally_openstack.scenarios.neutron.utils [-] Running this scenario without either the 'network' or 'existing_network' context is deprecated
2019-06-22 09:43:00.856 26581 INFO rally.task.runner [-] Task e3672d45-2c24-4b3f-8511-63439df4c647 | ITER: 26 END: OK
2019-06-22 09:43:00.861 26581 INFO rally.task.runner [-] Task e3672d45-2c24-4b3f-8511-63439df4c647 | ITER: 33 START
2019-06-22 09:43:00.861 26581 WARNING rally_openstack.scenarios.neutron.utils [-] Running this scenario without either the 'network' or 'existing_network' context is deprecated
2019-06-22 09:43:01.100 26583 INFO rally.task.runner [-] Task e3672d45-2c24-4b3f-8511-63439df4c647 | ITER: 23 END: OK
2019-06-22 09:43:01.104 26583 INFO rally.task.runner [-] Task e3672d45-2c24-4b3f-8511-63439df4c647 | ITER: 34 START
2019-06-22 09:43:01.104 26583 WARNING rally_openstack.scenarios.neutron.utils [-] Running this scenario without either the 'network' or 'existing_network' context is deprecated
2019-06-22 09:43:06.776 26593 INFO rally.task.runner [-] Task e3672d45-2c24-4b3f-8511-63439df4c647 | ITER: 27 END: OK
2019-06-22 09:43:06.782 26593 INFO rally.task.runner [-] Task e3672d45-2c24-4b3f-8511-63439df4c647 | ITER: 35 START
2019-06-22 09:43:06.783 26593 WARNING rally_openstack.scenarios.neutron.utils [-] Running this scenario without either the 'network' or 'existing_network' context is deprecated
2019-06-22 09:43:06.891 26580 INFO rally.task.runner [-] Task e3672d45-2c24-4b3f-8511-63439df4c647 | ITER: 4 END: OK
2019-06-22 09:43:06.899 26580 INFO rally.task.runner [-] Task e3672d45-2c24-4b3f-8511-63439df4c647 | ITER: 36 START
2019-06-22 09:43:06.899 26580 WARNING rally_openstack.scenarios.neutron.utils [-] Running this scenario without either the 'network' or 'existing_network' context is deprecated
2019-06-22 09:43:06.957 26599 INFO rally.task.runner [-] Task e3672d45-2c24-4b3f-8511-63439df4c647 | ITER: 11 END: OK
2019-06-22 09:43:06.965 26599 INFO rally.task.runner [-] Task e3672d45-2c24-4b3f-8511-63439df4c647 | ITER: 37 START
2019-06-22 09:43:06.966 26599 WARNING rally_openstack.scenarios.neutron.utils [-] Running this scenario without either the 'network' or 'existing_network' context is deprecated
2019-06-22 09:43:06.987 26581 INFO rally.task.runner [-] Task e3672d45-2c24-4b3f-8511-63439df4c647 | ITER: 1 END: OK
2019-06-22 09:43:06.991 26581 INFO rally.task.runner [-] Task e3672d45-2c24-4b3f-8511-63439df4c647 | ITER: 38 START
2019-06-22 09:43:06.992 26581 WARNING rally_openstack.scenarios.neutron.utils [-] Running this scenario without either the 'network' or 'existing_network' context is deprecated
2019-06-22 09:43:07.039 26602 INFO rally.task.runner [-] Task e3672d45-2c24-4b3f-8511-63439df4c647 | ITER: 12 END: OK
2019-06-22 09:43:07.046 26602 INFO rally.task.runner [-] Task e3672d45-2c24-4b3f-8511-63439df4c647 | ITER: 39 START
2019-06-22 09:43:07.047 26602 WARNING rally_openstack.scenarios.neutron.utils [-] Running this scenario without either the 'network' or 'existing_network' context is deprecated
2019-06-22 09:43:07.448 26583 INFO rally.task.runner [-] Task e3672d45-2c24-4b3f-8511-63439df4c647 | ITER: 8 END: OK
2019-06-22 09:43:07.452 26583 INFO rally.task.runner [-] Task e3672d45-2c24-4b3f-8511-63439df4c647 | ITER: 40 START
2019-06-22 09:43:07.453 26583 WARNING rally_openstack.scenarios.neutron.utils [-] Running this scenario without either the 'network' or 'existing_network' context is deprecated
2019-06-22 09:43:08.140 26610 INFO rally.task.runner [-] Task e3672d45-2c24-4b3f-8511-63439df4c647 | ITER: 14 END: OK
2019-06-22 09:43:08.339 26615 INFO rally.task.runner [-] Task e3672d45-2c24-4b3f-8511-63439df4c647 | ITER: 17 END: OK
2019-06-22 09:43:08.342 26580 INFO rally.task.runner [-] Task e3672d45-2c24-4b3f-8511-63439df4c647 | ITER: 2 END: OK
2019-06-22 09:43:08.416 26608 INFO rally.task.runner [-] Task e3672d45-2c24-4b3f-8511-63439df4c647 | ITER: 15 END: OK
2019-06-22 09:43:08.472 26621 INFO rally.task.runner [-] Task e3672d45-2c24-4b3f-8511-63439df4c647 | ITER: 20 END: OK
2019-06-22 09:43:08.494 26582 INFO rally.task.runner [-] Task e3672d45-2c24-4b3f-8511-63439df4c647 | ITER: 7 END: OK
2019-06-22 09:43:08.568 26614 INFO rally.task.runner [-] Task e3672d45-2c24-4b3f-8511-63439df4c647 | ITER: 16 END: OK
2019-06-22 09:43:09.516 26616 INFO rally.task.runner [-] Task e3672d45-2c24-4b3f-8511-63439df4c647 | ITER: 30 END: OK
2019-06-22 09:43:10.772 26582 INFO rally.task.runner [-] Task e3672d45-2c24-4b3f-8511-63439df4c647 | ITER: 31 END: OK
2019-06-22 09:43:11.173 26583 INFO rally.task.runner [-] Task e3672d45-2c24-4b3f-8511-63439df4c647 | ITER: 34 END: OK
2019-06-22 09:43:15.257 26589 INFO rally.task.runner [-] Task e3672d45-2c24-4b3f-8511-63439df4c647 | ITER: 32 END: OK
2019-06-22 09:43:15.348 26599 INFO rally.task.runner [-] Task e3672d45-2c24-4b3f-8511-63439df4c647 | ITER: 37 END: OK
2019-06-22 09:43:15.416 26581 INFO rally.task.runner [-] Task e3672d45-2c24-4b3f-8511-63439df4c647 | ITER: 33 END: OK
2019-06-22 09:43:16.156 26581 INFO rally.task.runner [-] Task e3672d45-2c24-4b3f-8511-63439df4c647 | ITER: 38 END: OK
2019-06-22 09:43:16.329 26602 INFO rally.task.runner [-] Task e3672d45-2c24-4b3f-8511-63439df4c647 | ITER: 39 END: OK
2019-06-22 09:43:17.052 26611 INFO rally.task.runner [-] Task e3672d45-2c24-4b3f-8511-63439df4c647 | ITER: 28 END: OK
2019-06-22 09:43:17.775 26606 INFO rally.task.runner [-] Task e3672d45-2c24-4b3f-8511-63439df4c647 | ITER: 29 END: OK
2019-06-22 09:43:20.031 26593 INFO rally.task.runner [-] Task e3672d45-2c24-4b3f-8511-63439df4c647 | ITER: 35 END: OK
2019-06-22 09:43:20.156 26580 INFO rally.task.runner [-] Task e3672d45-2c24-4b3f-8511-63439df4c647 | ITER: 36 END: OK
2019-06-22 09:43:20.503 26583 INFO rally.task.runner [-] Task e3672d45-2c24-4b3f-8511-63439df4c647 | ITER: 40 END: OK
2019-06-22 09:43:20.533 22704 INFO rally.task.context [-] Task e3672d45-2c24-4b3f-8511-63439df4c647 | Context cleanup@openstack cleanup() started
2019-06-22 09:43:20.536 22704 RALLYDEBUG rally_openstack.cleanup.manager [-] Cleaning up neutron vip objects
2019-06-22 09:43:21.255 22704 RALLYDEBUG rally_openstack.cleanup.manager [-] Cleaning up neutron health_monitor objects
2019-06-22 09:43:21.994 22704 RALLYDEBUG rally_openstack.cleanup.manager [-] Cleaning up neutron pool objects
2019-06-22 09:43:22.707 22704 RALLYDEBUG rally_openstack.cleanup.manager [-] Cleaning up neutron loadbalancer objects
2019-06-22 09:43:23.337 22704 RALLYDEBUG rally_openstack.cleanup.manager [-] Cleaning up neutron floatingip objects
2019-06-22 09:43:24.086 22704 RALLYDEBUG rally_openstack.cleanup.manager [-] Cleaning up neutron port objects
2019-06-22 09:43:25.209 22704 RALLYDEBUG rally_openstack.cleanup.manager [-] Deleting neutron.port object s_rally_1f2416d3_ra23qCHT (0c727bfc-da1e-42ec-b6f2-c38c0519365d)
2019-06-22 09:43:25.211 22704 RALLYDEBUG rally_openstack.cleanup.manager [-] Deleting neutron.port object s_rally_1f2416d3_91zQ9pqc (062e4ebe-ffa0-4dcb-bebd-2398bf7c22a9)
2019-06-22 09:43:25.216 22704 RALLYDEBUG rally_openstack.cleanup.manager [-] Deleting neutron.port object s_rally_1f2416d3_39aUS9NL (0a41a311-8411-4a27-8e10-2d3a368a9bc3)
2019-06-22 09:43:25.219 22704 RALLYDEBUG rally_openstack.cleanup.manager [-] Deleting neutron.port object s_rally_1f2416d3_3kRxc9u8 (0a08cc5c-c7dc-4231-8cb0-63c07d97476f)
2019-06-22 09:43:25.227 22704 RALLYDEBUG rally_openstack.cleanup.manager [-] Deleting neutron.port object s_rally_1f2416d3_4gGpG2YZ (06924057-b7f2-4e8d-aacf-d04002699675)
2019-06-22 09:43:25.230 22704 RALLYDEBUG rally_openstack.cleanup.manager [-] Deleting neutron.port object s_rally_1f2416d3_gZgyoPXr (04695bea-084d-42b1-b220-183441358fc5)
2019-06-22 09:43:25.234 22704 RALLYDEBUG rally_openstack.cleanup.manager [-] Deleting neutron.port object s_rally_1f2416d3_cJGVGwUT (0e1d3730-83d9-4ee3-9795-9f1efd82c66f)
2019-06-22 09:43:25.235 22704 RALLYDEBUG rally_openstack.cleanup.manager [-] Deleting neutron.port object s_rally_1f2416d3_84PEpYGQ (0f6b1e63-6c17-4a3d-992a-3fd489256270)
2019-06-22 09:43:25.237 22704 RALLYDEBUG rally_openstack.cleanup.manager [-] Deleting neutron.port object s_rally_1f2416d3_H0iqdocw (0b4090f5-0970-406e-b3e1-f75aeed89ce5)
2019-06-22 09:43:25.239 22704 RALLYDEBUG rally_openstack.cleanup.manager [-] Deleting neutron.port object s_rally_1f2416d3_16p732Oo (16db415f-03c4-4199-a833-293230d8b63e)
2019-06-22 09:43:25.246 22704 RALLYDEBUG rally_openstack.cleanup.manager [-] Deleting neutron.port object s_rally_1f2416d3_4nlfO8HM (16659acf-b329-40d8-90ba-c38dd180483f)
2019-06-22 09:43:25.247 22704 RALLYDEBUG rally_openstack.cleanup.manager [-] Deleting neutron.port object s_rally_1f2416d3_JP2u87Ww (17929ea1-4e6b-409a-baf1-c27f665cfa1e)
2019-06-22 09:43:25.248 22704 RALLYDEBUG rally_openstack.cleanup.manager [-] Deleting neutron.port object s_rally_1f2416d3_FrjxEiQG (08abf914-eba1-4f0f-b254-964db4005b7f)
2019-06-22 09:43:25.248 22704 RALLYDEBUG rally_openstack.cleanup.manager [-] Deleting neutron.port object s_rally_1f2416d3_I1K9GPEg (0bd17cb4-9271-466e-ba50-569116263063)
2019-06-22 09:43:25.254 22704 RALLYDEBUG rally_openstack.cleanup.manager [-] Deleting neutron.port object s_rally_1f2416d3_b1vzExIA (07688bfb-b782-4da6-b164-539c578cc655)
2019-06-22 09:43:25.268 22704 RALLYDEBUG rally_openstack.cleanup.manager [-] Deleting neutron.port object s_rally_1f2416d3_Wu4U5Bpb (1a897f2b-3bb1-4371-8c1e-b7658557d08b)
2019-06-22 09:43:25.271 22704 RALLYDEBUG rally_openstack.cleanup.manager [-] Deleting neutron.port object s_rally_1f2416d3_ylVjtrmt (1dbadc10-278d-425b-9afc-6bb7e1c248f7)
2019-06-22 09:43:25.286 22704 RALLYDEBUG rally_openstack.cleanup.manager [-] Deleting neutron.port object s_rally_1f2416d3_XjXg9Cm7 (09be7583-9442-4a53-9612-67b33adf9003)
2019-06-22 09:43:25.287 22704 RALLYDEBUG rally_openstack.cleanup.manager [-] Deleting neutron.port object s_rally_1f2416d3_qb4yvFWe (2000486e-95d5-49f6-a154-e05cd0edb921)
2019-06-22 09:43:25.298 22704 RALLYDEBUG rally_openstack.cleanup.manager [-] Deleting neutron.port object s_rally_1f2416d3_8pXmPiYJ (1f9bc7b0-df98-4973-80cf-8195d0a547da)
2019-06-22 09:43:27.662 22704 RALLYDEBUG rally_openstack.cleanup.manager [-] Deleting neutron.port object s_rally_1f2416d3_ihE9eas2 (20aa1576-4afd-4739-84e8-ead7c80818ad)
2019-06-22 09:43:28.246 22704 RALLYDEBUG rally_openstack.cleanup.manager [-] Deleting neutron.port object s_rally_1f2416d3_bTUJfFxW (214b8562-f2ed-4735-8895-40cf41367390)
2019-06-22 09:43:28.446 22704 RALLYDEBUG rally_openstack.cleanup.manager [-] Deleting neutron.port object s_rally_1f2416d3_qfDCKu8B (23755c9a-0010-4cbc-99d6-a31510c9cc6f)
2019-06-22 09:43:28.515 22704 RALLYDEBUG rally_openstack.cleanup.manager [-] Deleting neutron.port object s_rally_1f2416d3_3bNPSpTG (25eaed0f-fefe-49ef-9420-37fbbd06d0c4)
2019-06-22 09:43:28.583 22704 RALLYDEBUG rally_openstack.cleanup.manager [-] Deleting neutron.port object s_rally_1f2416d3_RMU8DrFr (292985af-c3d6-4144-9d35-078cac353603)
2019-06-22 09:43:29.950 22704 RALLYDEBUG rally_openstack.cleanup.manager [-] Deleting neutron.port object s_rally_1f2416d3_f2AzeK3g (2939cba2-2e36-46a4-aeac-b6ab501f1207)
2019-06-22 09:43:30.035 22704 RALLYDEBUG rally_openstack.cleanup.manager [-] Deleting neutron.port object s_rally_1f2416d3_Et3z9RtW (29ab9d82-1b6a-4a43-801a-b7141c791135)
2019-06-22 09:43:30.441 22704 RALLYDEBUG rally_openstack.cleanup.manager [-] Deleting neutron.port object s_rally_1f2416d3_RRxNBOM3 (29d16873-f687-41d6-9b34-399571330144)
2019-06-22 09:43:30.940 22704 RALLYDEBUG rally_openstack.cleanup.manager [-] Deleting neutron.port object s_rally_1f2416d3_dCZawtq5 (2bb37dbe-e58c-4579-8c63-8486f1b503fc)
2019-06-22 09:43:31.037 22704 RALLYDEBUG rally_openstack.cleanup.manager [-] Deleting neutron.port object s_rally_1f2416d3_WUQSRzL1 (2ca88fc9-ab52-4592-9cfd-9260190a16aa)
2019-06-22 09:43:31.207 22704 RALLYDEBUG rally_openstack.cleanup.manager [-] Deleting neutron.port object s_rally_1f2416d3_xTGTNflF (2cd05647-518f-4c43-aa4d-5629f6982940)
2019-06-22 09:43:31.462 22704 RALLYDEBUG rally_openstack.cleanup.manager [-] Deleting neutron.port object s_rally_1f2416d3_1fQHk90v (301f2d70-c21d-456f-b466-0791d47459f3)
2019-06-22 09:43:31.580 22704 RALLYDEBUG rally_openstack.cleanup.manager [-] Deleting neutron.port object s_rally_1f2416d3_DpmHtXQc (31ed6063-40bc-42f3-901b-dfaf6cea51fb)
2019-06-22 09:43:31.685 22704 RALLYDEBUG rally_openstack.cleanup.manager [-] Deleting neutron.port object s_rally_1f2416d3_cCZUqoQa (3264f013-0052-41dd-a3f2-59359acf943f)
2019-06-22 09:43:31.746 22704 RALLYDEBUG rally_openstack.cleanup.manager [-] Deleting neutron.port object s_rally_1f2416d3_eryHNwQs (32a952ec-5dc9-43a9-b976-ce0bab517f23)
2019-06-22 09:43:31.765 22704 RALLYDEBUG rally_openstack.cleanup.manager [-] Deleting neutron.port object s_rally_1f2416d3_BWbMzWz3 (34bd38ff-b732-46e2-a1d2-7f1181cd2a24)
2019-06-22 09:43:31.902 22704 RALLYDEBUG rally_openstack.cleanup.manager [-] Deleting neutron.port object s_rally_1f2416d3_91qpBs5I (34c32a5d-7b2b-4cd6-92e6-ac00043b1cb4)
2019-06-22 09:43:31.961 22704 RALLYDEBUG rally_openstack.cleanup.manager [-] Deleting neutron.port object s_rally_1f2416d3_8htODcpi (34c4d3d5-1f76-4738-85ae-cb205ea0050a)
2019-06-22 09:43:32.049 22704 RALLYDEBUG rally_openstack.cleanup.manager [-] Deleting neutron.port object s_rally_1f2416d3_YomnQVSO (34d040de-2ed5-4e67-90d4-e5f7bb9e3761)
2019-06-22 09:43:32.087 22704 RALLYDEBUG rally_openstack.cleanup.manager [-] Deleting neutron.port object s_rally_1f2416d3_JT04VeDU (34d276c4-9faa-44a0-8341-98ec5f531fc7)
2019-06-22 09:43:32.133 22704 RALLYDEBUG rally_openstack.cleanup.manager [-] Deleting neutron.port object s_rally_1f2416d3_wZZu8PK6 (36d9010e-c644-4e78-8d95-9e66e4568017)
2019-06-22 09:43:32.207 22704 RALLYDEBUG rally_openstack.cleanup.manager [-] Deleting neutron.port object s_rally_1f2416d3_MYzG7gi7 (39442a5d-01c2-4f5f-961f-40c15bbfa8be)
2019-06-22 09:43:32.292 22704 RALLYDEBUG rally_openstack.cleanup.manager [-] Deleting neutron.port object s_rally_1f2416d3_3iJci0Pf (394b6623-a509-4bdd-b07e-aa2f7aa20b5a)
2019-06-22 09:43:32.334 22704 RALLYDEBUG rally_openstack.cleanup.manager [-] Deleting neutron.port object s_rally_1f2416d3_PMLmhYRt (39f875e0-26b6-4fcf-ab88-c8610465a960)
2019-06-22 09:43:32.466 22704 RALLYDEBUG rally_openstack.cleanup.manager [-] Deleting neutron.port object s_rally_1f2416d3_YZ7D8aWD (3c1bf8c6-49b6-44db-9503-baa9923ae151)
2019-06-22 09:43:32.776 22704 RALLYDEBUG rally_openstack.cleanup.manager [-] Deleting neutron.port object s_rally_1f2416d3_RWF4MkTY (3d310b71-0deb-459f-a2e0-cf0aea4aa0d6)
2019-06-22 09:43:32.896 22704 RALLYDEBUG rally_openstack.cleanup.manager [-] Deleting neutron.port object s_rally_1f2416d3_FN037DDw (43c9d2ba-dbde-42fe-9b8f-57cf4b13e545)
2019-06-22 09:43:33.116 22704 RALLYDEBUG rally_openstack.cleanup.manager [-] Deleting neutron.port object s_rally_1f2416d3_KUhSlpht (440d4a52-28e7-4f9b-bcc9-32f409d7db0d)
2019-06-22 09:43:33.736 22704 RALLYDEBUG rally_openstack.cleanup.manager [-] Deleting neutron.port object s_rally_1f2416d3_hhG457eX (4589a609-0e41-4ae0-af73-f63061ff854b)
2019-06-22 09:43:33.743 22704 RALLYDEBUG rally_openstack.cleanup.manager [-] Deleting neutron.port object s_rally_1f2416d3_uqYkXPlA (4af2ea28-8a62-4f91-93a1-39223b31b92a)
2019-06-22 09:43:34.233 22704 RALLYDEBUG rally_openstack.cleanup.manager [-] Deleting neutron.port object s_rally_1f2416d3_YK2lrEwj (4bb89c4e-1ca0-435b-ac06-31bb6f4f65b9)
2019-06-22 09:43:34.393 22704 RALLYDEBUG rally_openstack.cleanup.manager [-] Deleting neutron.port object s_rally_1f2416d3_WLP658Fu (4c60b63e-738d-44a1-a22b-ae07ac3f7940)
2019-06-22 09:43:34.837 22704 RALLYDEBUG rally_openstack.cleanup.manager [-] Deleting neutron.port object s_rally_1f2416d3_XNDOXLH2 (4cef2fe8-62eb-4d59-9fe0-827e5b3e0a16)
2019-06-22 09:43:34.922 22704 RALLYDEBUG rally_openstack.cleanup.manager [-] Deleting neutron.port object s_rally_1f2416d3_EeCvuYqR (4d987d4c-bb9b-4944-b742-312cf3e1fab8)
2019-06-22 09:43:35.127 22704 RALLYDEBUG rally_openstack.cleanup.manager [-] Deleting neutron.port object s_rally_1f2416d3_jnbQdhkR (50ee9990-bbad-42bf-8204-8b26bc9df25c)
2019-06-22 09:43:35.150 22704 RALLYDEBUG rally_openstack.cleanup.manager [-] Deleting neutron.port object s_rally_1f2416d3_ZQcsIH2i (51cafada-7dd5-40c7-9349-342b38d4f64b)
2019-06-22 09:43:35.275 22704 RALLYDEBUG rally_openstack.cleanup.manager [-] Deleting neutron.port object s_rally_1f2416d3_uoyigson (536b7896-9d3a-4730-9680-1d93f68dd757)
2019-06-22 09:43:35.280 22704 RALLYDEBUG rally_openstack.cleanup.manager [-] Deleting neutron.port object s_rally_1f2416d3_uHF74hPq (53e69b1c-36ff-4f48-ad3f-243907e3509b)
2019-06-22 09:43:35.317 22704 RALLYDEBUG rally_openstack.cleanup.manager [-] Deleting neutron.port object s_rally_1f2416d3_OvvsB80e (5583e9e5-20b2-45cb-bae1-d8b6083e681d)
2019-06-22 09:43:35.446 22704 RALLYDEBUG rally_openstack.cleanup.manager [-] Deleting neutron.port object s_rally_1f2416d3_umUwZxwk (55dc37fc-fde1-44dc-a6a7-83cab42aac76)
2019-06-22 09:43:35.525 22704 RALLYDEBUG rally_openstack.cleanup.manager [-] Deleting neutron.port object s_rally_1f2416d3_HYYA9tEG (5608db83-f9a7-4e25-a28b-a92fe38e8731)
2019-06-22 09:43:35.770 22704 RALLYDEBUG rally_openstack.cleanup.manager [-] Deleting neutron.port object s_rally_1f2416d3_xL2dBOX7 (56db25a5-1c99-4c7f-81b2-9ef3f0409f6d)
2019-06-22 09:43:35.790 22704 RALLYDEBUG rally_openstack.cleanup.manager [-] Deleting neutron.port object s_rally_1f2416d3_UnimT7fV (584673bc-2381-4625-b430-0ba03cb2ecec)
2019-06-22 09:43:35.994 22704 RALLYDEBUG rally_openstack.cleanup.manager [-] Deleting neutron.port object s_rally_1f2416d3_8KwmYwKA (58b92049-b376-4f04-abe8-965e927c1fdb)
2019-06-22 09:43:36.024 22704 RALLYDEBUG rally_openstack.cleanup.manager [-] Deleting neutron.port object s_rally_1f2416d3_GuoGQCr7 (5950970b-08f8-4c41-853a-50ccc68f4ba8)
2019-06-22 09:43:36.025 22704 RALLYDEBUG rally_openstack.cleanup.manager [-] Deleting neutron.port object s_rally_1f2416d3_Dal7Rgr2 (5a3dc6a3-722e-41bb-a402-2b566b40e367)
2019-06-22 09:43:36.034 22704 RALLYDEBUG rally_openstack.cleanup.manager [-] Deleting neutron.port object s_rally_1f2416d3_DQJofglv (5a5e2a0f-ae0b-403d-8c21-1276b7ae8ab7)
2019-06-22 09:43:36.397 22704 RALLYDEBUG rally_openstack.cleanup.manager [-] Deleting neutron.port object s_rally_1f2416d3_rQbZN3F5 (5b3326e1-4bba-4890-9176-b5f249ef964e)
2019-06-22 09:43:36.415 22704 RALLYDEBUG rally_openstack.cleanup.manager [-] Deleting neutron.port object s_rally_1f2416d3_85ZTqvE8 (5c93d161-124b-43c9-b126-7bec0cd5d215)
