2019-06-22 09:43:36.612 22704 RALLYDEBUG rally_openstack.cleanup.manager [-] Deleting neutron.port object s_rally_1f2416d3_2I3QdPVt (5e1b5afa-9726-4659-a8c9-bcc437bb665e)
2019-06-22 09:43:36.681 22704 RALLYDEBUG rally_openstack.cleanup.manager [-] Deleting neutron.port object s_rally_1f2416d3_KowRyBAR (5fb71460-001c-4524-8f58-6cce4985a4c9)
2019-06-22 09:43:36.687 22704 RALLYDEBUG rally_openstack.cleanup.manager [-] Deleting neutron.port object s_rally_1f2416d3_fpb7i2mn (616c7f5c-1944-4b68-ab90-0d24e82f4d6a)
2019-06-22 09:43:37.462 22704 RALLYDEBUG rally_openstack.cleanup.manager [-] Deleting neutron.port object s_rally_1f2416d3_YWQFgX3L (620f9c24-893c-41ff-ac47-330adc577046)
2019-06-22 09:43:37.591 22704 RALLYDEBUG rally_openstack.cleanup.manager [-] Deleting neutron.port object s_rally_1f2416d3_t8AmRniO (642abce7-5d73-4df1-8803-4953664a1b2e)
2019-06-22 09:43:37.653 22704 RALLYDEBUG rally_openstack.cleanup.manager [-] Deleting neutron.port object s_rally_1f2416d3_l2zxmtg7 (64c70eff-728d-4edc-a9ac-782725ae3dc4)
2019-06-22 09:43:37.911 22704 RALLYDEBUG rally_openstack.cleanup.manager [-] Deleting neutron.port object s_rally_1f2416d3_6mnaxF3h (6768b64a-bee8-4a4f-a1db-f6795c6e2fac)
2019-06-22 09:43:37.946 22704 RALLYDEBUG rally_openstack.cleanup.manager [-] Deleting neutron.port object s_rally_1f2416d3_jU80GU77 (67d1d511-ac0b-4088-be11-652aa1d0b09a)
2019-06-22 09:43:38.048 22704 RALLYDEBUG rally_openstack.cleanup.manager [-] Deleting neutron.port object s_rally_1f2416d3_GChrGKy3 (68b01cc7-2c35-4158-b392-45f3849fb0da)
2019-06-22 09:43:38.073 22704 RALLYDEBUG rally_openstack.cleanup.manager [-] Deleting neutron.port object s_rally_1f2416d3_YiZczOuh (6bc22d15-8f59-4386-815c-95de38993496)
2019-06-22 09:43:38.447 22704 RALLYDEBUG rally_openstack.cleanup.manager [-] Deleting neutron.port object s_rally_1f2416d3_DQYn5iYv (6c971857-88de-4afe-a22d-673a8000dbf2)
2019-06-22 09:43:38.684 22704 RALLYDEBUG rally_openstack.cleanup.manager [-] Deleting neutron.port object s_rally_1f2416d3_ZPDvOICR (6cc13505-3086-4478-b7f3-7d105ddad6bb)
2019-06-22 09:43:38.775 22704 RALLYDEBUG rally_openstack.cleanup.manager [-] Deleting neutron.port object s_rally_1f2416d3_1wwAkvtd (6f50b2ba-bb2a-415a-b49c-3cfa113e079d)
2019-06-22 09:43:38.983 22704 RALLYDEBUG rally_openstack.cleanup.manager [-] Deleting neutron.port object s_rally_1f2416d3_w3ebC8rY (71a08948-69e1-42b7-9d49-f6a82c44d0b6)
2019-06-22 09:43:39.117 22704 RALLYDEBUG rally_openstack.cleanup.manager [-] Deleting neutron.port object s_rally_1f2416d3_mXSdqX6x (748cd9a2-e8c4-40c5-8d05-bc447dcbfdf6)
2019-06-22 09:43:39.934 22704 RALLYDEBUG rally_openstack.cleanup.manager [-] Deleting neutron.port object s_rally_1f2416d3_BQqHKZuD (761683ad-801e-4e3a-b8a5-59671486b916)
2019-06-22 09:43:40.089 22704 RALLYDEBUG rally_openstack.cleanup.manager [-] Deleting neutron.port object s_rally_1f2416d3_J13DXa7Q (776ddfab-4d9a-4836-b4cd-eb532f0bf443)
2019-06-22 09:43:40.096 22704 RALLYDEBUG rally_openstack.cleanup.manager [-] Deleting neutron.port object s_rally_1f2416d3_44UUMz14 (79999357-c13d-4046-9c69-bee180a707c7)
2019-06-22 09:43:40.161 22704 RALLYDEBUG rally_openstack.cleanup.manager [-] Deleting neutron.port object s_rally_1f2416d3_aEOL6YxR (7dfdeea7-864b-46d6-905e-f66c065fbe95)
2019-06-22 09:43:40.244 22704 RALLYDEBUG rally_openstack.cleanup.manager [-] Deleting neutron.port object s_rally_1f2416d3_bk9uTBJv (7f37df0a-72f1-4587-9d2f-2ab765c981d7)
2019-06-22 09:43:40.245 22704 RALLYDEBUG rally_openstack.cleanup.manager [-] Deleting neutron.port object s_rally_1f2416d3_etdHaI1K (7f4ed959-84d1-43ab-a644-82aa0489beb0)
2019-06-22 09:43:40.541 22704 RALLYDEBUG rally_openstack.cleanup.manager [-] Deleting neutron.port object s_rally_1f2416d3_yDkQwlvI (801aec08-8378-4f0e-a7aa-35753cdba9cf)
2019-06-22 09:43:40.556 22704 RALLYDEBUG rally_openstack.cleanup.manager [-] Deleting neutron.port object s_rally_1f2416d3_EM9LNCw7 (82e134aa-9cef-479e-84c8-338d5fcaea09)
2019-06-22 09:43:40.622 22704 RALLYDEBUG rally_openstack.cleanup.manager [-] Deleting neutron.port object s_rally_1f2416d3_EXUFiHS5 (83d540c9-832e-40c8-a51d-c33aa846dff7)
2019-06-22 09:43:40.663 22704 RALLYDEBUG rally_openstack.cleanup.manager [-] Deleting neutron.port object s_rally_1f2416d3_53ESLFmq (83fe2664-5983-427c-89eb-451e95ff6ad1)
2019-06-22 09:43:40.702 22704 RALLYDEBUG rally_openstack.cleanup.manager [-] Deleting neutron.port object s_rally_1f2416d3_m69L1ZVn (8432431c-6ccf-4577-8965-41135df5f4a8)
2019-06-22 09:43:40.733 22704 RALLYDEBUG rally_openstack.cleanup.manager [-] Deleting neutron.port object s_rally_1f2416d3_T0OqesMj (8457b737-a278-4fbc-bb9a-134670cffb7d)
2019-06-22 09:43:40.739 22704 RALLYDEBUG rally_openstack.cleanup.manager [-] Deleting neutron.port object s_rally_1f2416d3_LXAoZrDd (86dbbfb9-fb97-4923-911e-f799f46e4c74)
2019-06-22 09:43:40.771 22704 RALLYDEBUG rally_openstack.cleanup.manager [-] Deleting neutron.port object s_rally_1f2416d3_sQ9xTgAM (86ee8f76-dc78-403a-897b-e83a225c6d82)
2019-06-22 09:43:40.862 22704 RALLYDEBUG rally_openstack.cleanup.manager [-] Deleting neutron.port object s_rally_1f2416d3_nE4zgfZN (87532882-0774-454b-b8c6-aad0c7d915e1)
2019-06-22 09:43:40.868 22704 RALLYDEBUG rally_openstack.cleanup.manager [-] Deleting neutron.port object s_rally_1f2416d3_sWrDFi14 (87f7f310-f16e-4e69-ae48-48278b364ecb)
2019-06-22 09:43:40.941 22704 RALLYDEBUG rally_openstack.cleanup.manager [-] Deleting neutron.port object s_rally_1f2416d3_iWG7SuPL (885aeee8-c7cb-446f-b052-62bfa47e1bfb)
2019-06-22 09:43:41.306 22704 RALLYDEBUG rally_openstack.cleanup.manager [-] Deleting neutron.port object s_rally_1f2416d3_blJ0p4XV (8864a0b5-edd2-45b2-b004-7c08559f4cb4)
2019-06-22 09:43:41.433 22704 RALLYDEBUG rally_openstack.cleanup.manager [-] Deleting neutron.port object s_rally_1f2416d3_oweM6BGV (88d645be-2c94-4eb4-86e1-5960f6c4a3be)
2019-06-22 09:43:41.703 22704 RALLYDEBUG rally_openstack.cleanup.manager [-] Deleting neutron.port object s_rally_1f2416d3_vnkyZbrH (8b545bf9-e362-48a9-b379-e642495cda8e)
2019-06-22 09:43:42.337 22704 RALLYDEBUG rally_openstack.cleanup.manager [-] Deleting neutron.port object s_rally_1f2416d3_ssRhPVOS (8d753e8d-ea6f-45de-bbd0-0d2240605990)
2019-06-22 09:43:43.053 22704 RALLYDEBUG rally_openstack.cleanup.manager [-] Deleting neutron.port object s_rally_1f2416d3_aqlO5fBg (8ddcb78e-6eee-44f6-8f1f-e8f0cdce330d)
2019-06-22 09:43:43.210 22704 RALLYDEBUG rally_openstack.cleanup.manager [-] Deleting neutron.port object s_rally_1f2416d3_WsXJiuzP (8ea3f2c9-a0ab-41d1-9540-9b00629e490d)
2019-06-22 09:43:43.316 22704 RALLYDEBUG rally_openstack.cleanup.manager [-] Deleting neutron.port object s_rally_1f2416d3_qdp1UmdQ (8ec676ff-af14-43e6-b674-1e92cc83d642)
2019-06-22 09:43:43.485 22704 RALLYDEBUG rally_openstack.cleanup.manager [-] Deleting neutron.port object s_rally_1f2416d3_o2DVP3oB (8fb65b32-276e-41cc-8153-bf699bc42404)
2019-06-22 09:43:43.492 22704 RALLYDEBUG rally_openstack.cleanup.manager [-] Deleting neutron.port object s_rally_1f2416d3_7ZWy7xUa (900e3208-053a-4358-840b-509e972cbbfc)
2019-06-22 09:43:43.571 22704 RALLYDEBUG rally_openstack.cleanup.manager [-] Deleting neutron.port object s_rally_1f2416d3_QVpkaqOr (912fbb8f-cc53-45b8-ad99-12cad3435346)
2019-06-22 09:43:43.665 22704 RALLYDEBUG rally_openstack.cleanup.manager [-] Deleting neutron.port object s_rally_1f2416d3_ijEJPGk1 (914081a8-33ad-45b3-8f01-0b0a18a44315)
2019-06-22 09:43:43.676 22704 RALLYDEBUG rally_openstack.cleanup.manager [-] Deleting neutron.port object s_rally_1f2416d3_SwXIHI37 (917f1fd8-e9f7-4b53-a619-5fd788925ec8)
2019-06-22 09:43:43.962 22704 RALLYDEBUG rally_openstack.cleanup.manager [-] Deleting neutron.port object s_rally_1f2416d3_BEPQDbhs (9264aed5-4924-44ee-9860-bf246b80df47)
2019-06-22 09:43:44.059 22704 RALLYDEBUG rally_openstack.cleanup.manager [-] Deleting neutron.port object s_rally_1f2416d3_VQNmVHWK (95bb6115-c3ec-4e24-80a5-2d65e05c3620)
2019-06-22 09:43:44.135 22704 RALLYDEBUG rally_openstack.cleanup.manager [-] Deleting neutron.port object s_rally_1f2416d3_dgv8rzyz (95c98536-255a-4684-9363-a7b2c19ade67)
2019-06-22 09:43:44.182 22704 RALLYDEBUG rally_openstack.cleanup.manager [-] Deleting neutron.port object s_rally_1f2416d3_tFMJH1YC (992cb91f-2c5b-4ecc-ab8c-4d4175d00b1d)
2019-06-22 09:43:44.182 22704 RALLYDEBUG rally_openstack.cleanup.manager [-] Deleting neutron.port object s_rally_1f2416d3_kp3KhX9Z (9979e837-ee94-4e70-b30d-157f20eab1d6)
2019-06-22 09:43:44.250 22704 RALLYDEBUG rally_openstack.cleanup.manager [-] Deleting neutron.port object s_rally_1f2416d3_sFbym3mI (9d832600-4639-4721-ac80-ddfe4870023d)
2019-06-22 09:43:44.376 22704 RALLYDEBUG rally_openstack.cleanup.manager [-] Deleting neutron.port object s_rally_1f2416d3_3mUDLwbN (9e87bd2a-345d-4697-96c7-be4241f8a9fb)
2019-06-22 09:43:44.388 22704 RALLYDEBUG rally_openstack.cleanup.manager [-] Deleting neutron.port object s_rally_1f2416d3_RADXUxum (9f60f7bb-5b54-406b-bd4b-8abecf10a387)
2019-06-22 09:43:44.392 22704 RALLYDEBUG rally_openstack.cleanup.manager [-] Deleting neutron.port object s_rally_1f2416d3_wRNQOXHy (9f562a4c-0c73-49c9-bd9c-c19c351809e2)
2019-06-22 09:43:44.543 22704 RALLYDEBUG rally_openstack.cleanup.manager [-] Deleting neutron.port object s_rally_1f2416d3_BTAXhyyC (a012a103-a3fe-4801-a0c5-9bae69254066)
2019-06-22 09:43:44.594 22704 RALLYDEBUG rally_openstack.cleanup.manager [-] Deleting neutron.port object s_rally_1f2416d3_vFfRzWuO (a1363107-7ca4-45d4-8a70-6bbafd5848ed)
2019-06-22 09:43:44.611 22704 RALLYDEBUG rally_openstack.cleanup.manager [-] Deleting neutron.port object s_rally_1f2416d3_MXkbjPUl (a1e2477d-a085-4cee-8a15-8953cf499c2d)
2019-06-22 09:43:45.691 22704 RALLYDEBUG rally_openstack.cleanup.manager [-] Deleting neutron.port object s_rally_1f2416d3_MJN3FB4C (a22d49a6-77b1-4e64-b873-d41f1ab3639d)
2019-06-22 09:43:45.830 22704 RALLYDEBUG rally_openstack.cleanup.manager [-] Deleting neutron.port object s_rally_1f2416d3_mEp99Zzb (a27532a7-3bc9-4819-b12b-18c3d00dd52d)
2019-06-22 09:43:46.096 22704 RALLYDEBUG rally_openstack.cleanup.manager [-] Deleting neutron.port object s_rally_1f2416d3_EP1apjLy (a3ca6d13-15f2-441d-81e6-75a7843ee6fe)
2019-06-22 09:43:46.533 22704 RALLYDEBUG rally_openstack.cleanup.manager [-] Deleting neutron.port object s_rally_1f2416d3_iL5MNJiE (a63dc353-cb76-4baf-83c1-cc383160f07c)
2019-06-22 09:43:46.654 22704 RALLYDEBUG rally_openstack.cleanup.manager [-] Deleting neutron.port object s_rally_1f2416d3_gmg0O25P (a79e1e12-5213-44b5-b94e-dc29297c93e1)
2019-06-22 09:43:46.661 22704 RALLYDEBUG rally_openstack.cleanup.manager [-] Deleting neutron.port object s_rally_1f2416d3_WoYvFMuj (a825b57b-9f30-41f2-a0c6-dc4dee7a7681)
2019-06-22 09:43:46.876 22704 RALLYDEBUG rally_openstack.cleanup.manager [-] Deleting neutron.port object s_rally_1f2416d3_11kPTK8V (a950a917-e63a-43a3-86b2-5ae189368b5e)
2019-06-22 09:43:46.967 22704 RALLYDEBUG rally_openstack.cleanup.manager [-] Deleting neutron.port object s_rally_1f2416d3_Ji0ihK1m (a991122b-7794-41a1-8ead-cd8588c86394)
2019-06-22 09:43:46.973 22704 RALLYDEBUG rally_openstack.cleanup.manager [-] Deleting neutron.port object s_rally_1f2416d3_217TW9L2 (aa37ef84-56a5-48c8-8d62-c95cc74c8686)
2019-06-22 09:43:47.081 22704 RALLYDEBUG rally_openstack.cleanup.manager [-] Deleting neutron.port object s_rally_1f2416d3_wbzicNiv (ac60c221-8e20-4da6-a11f-cb9d400dda8a)
2019-06-22 09:43:47.164 22704 RALLYDEBUG rally_openstack.cleanup.manager [-] Deleting neutron.port object s_rally_1f2416d3_uesqgGTJ (acc2ff63-968c-4925-9146-0569d9fa2750)
2019-06-22 09:43:47.314 22704 RALLYDEBUG rally_openstack.cleanup.manager [-] Deleting neutron.port object s_rally_1f2416d3_Q52XhuTI (af01012e-4d92-4567-839a-0aa1f4acdb04)
2019-06-22 09:43:47.411 22704 RALLYDEBUG rally_openstack.cleanup.manager [-] Deleting neutron.port object s_rally_1f2416d3_J2rkOOZE (b1b54691-74a9-425a-baeb-7fb2af4c6183)
2019-06-22 09:43:47.666 22704 RALLYDEBUG rally_openstack.cleanup.manager [-] Deleting neutron.port object s_rally_1f2416d3_EnHbMHMH (b61f7310-7aee-4af1-9751-cc7fd9e0f70f)
2019-06-22 09:43:47.686 22704 RALLYDEBUG rally_openstack.cleanup.manager [-] Deleting neutron.port object s_rally_1f2416d3_Sz12heW4 (b6d11f36-e4cd-4a8c-b0ff-ae8e07847437)
2019-06-22 09:43:47.725 22704 RALLYDEBUG rally_openstack.cleanup.manager [-] Deleting neutron.port object s_rally_1f2416d3_1z29OfsZ (b7cfbbd6-7e5a-4d1d-87e9-e9769d39e27e)
2019-06-22 09:43:47.832 22704 RALLYDEBUG rally_openstack.cleanup.manager [-] Deleting neutron.port object s_rally_1f2416d3_Ga70iqRb (b94ee7ce-e60b-41be-86ef-34a32dcdf32d)
2019-06-22 09:43:47.956 22704 RALLYDEBUG rally_openstack.cleanup.manager [-] Deleting neutron.port object s_rally_1f2416d3_XJkR6142 (b9fedd8c-8f15-48b9-bcfd-39ae07100291)
2019-06-22 09:43:48.319 22704 RALLYDEBUG rally_openstack.cleanup.manager [-] Deleting neutron.port object s_rally_1f2416d3_sruZqPgy (bdf76ecb-6296-4e85-a533-f362ebee5ee1)
2019-06-22 09:43:48.540 22704 RALLYDEBUG rally_openstack.cleanup.manager [-] Deleting neutron.port object s_rally_1f2416d3_GPC53Hwx (bec29d62-03c1-4c3b-b2c1-1148f64f37cb)
2019-06-22 09:43:48.861 22704 RALLYDEBUG rally_openstack.cleanup.manager [-] Deleting neutron.port object s_rally_1f2416d3_wshxhBVt (bf8602c1-1545-459b-97ef-68daf6e4061b)
2019-06-22 09:43:48.868 22704 RALLYDEBUG rally_openstack.cleanup.manager [-] Deleting neutron.port object s_rally_1f2416d3_zHcD3HZV (bfd22b87-9695-4031-a578-901d3f79adbe)
2019-06-22 09:43:48.875 22704 RALLYDEBUG rally_openstack.cleanup.manager [-] Deleting neutron.port object s_rally_1f2416d3_ty0AmGpo (c12f804a-40cc-415b-8b9f-f0d95973bd1b)
2019-06-22 09:43:49.359 22704 RALLYDEBUG rally_openstack.cleanup.manager [-] Deleting neutron.port object s_rally_1f2416d3_JNVupmc1 (c17addf1-f1ec-49fd-a3ec-99b55cdb79b2)
2019-06-22 09:43:49.446 22704 RALLYDEBUG rally_openstack.cleanup.manager [-] Deleting neutron.port object s_rally_1f2416d3_vobTHRJv (c17f359c-6737-4891-b00f-8fa0c0b56ec9)
2019-06-22 09:43:49.499 22704 RALLYDEBUG rally_openstack.cleanup.manager [-] Deleting neutron.port object s_rally_1f2416d3_xghbiGaq (c2497189-4626-4213-88b6-8cbd7f5617e3)
2019-06-22 09:43:49.853 22704 RALLYDEBUG rally_openstack.cleanup.manager [-] Deleting neutron.port object s_rally_1f2416d3_uqI41Szp (c3360a42-3cd5-4ad7-a1be-69914093271a)
2019-06-22 09:43:49.920 22704 RALLYDEBUG rally_openstack.cleanup.manager [-] Deleting neutron.port object s_rally_1f2416d3_Ag2WtWXU (c59009a9-aa7d-4adf-a737-3b7e675f54f4)
2019-06-22 09:43:49.921 22704 RALLYDEBUG rally_openstack.cleanup.manager [-] Deleting neutron.port object s_rally_1f2416d3_sWJvZQAd (c4428bb4-f8b5-4d89-b9fe-180c713364e1)
2019-06-22 09:43:50.006 22704 RALLYDEBUG rally_openstack.cleanup.manager [-] Deleting neutron.port object s_rally_1f2416d3_SLDhnieR (ca53b63a-7093-4b7d-95ee-379dce040b4b)
2019-06-22 09:43:50.279 22704 RALLYDEBUG rally_openstack.cleanup.manager [-] Deleting neutron.port object s_rally_1f2416d3_Qhipgwnu (cb06ce58-3169-4426-9ceb-0ef30793a001)
2019-06-22 09:43:50.371 22704 RALLYDEBUG rally_openstack.cleanup.manager [-] Deleting neutron.port object s_rally_1f2416d3_KT8wErfL (cbd602af-2a5b-45b9-b3f8-390bab734068)
2019-06-22 09:43:50.444 22704 RALLYDEBUG rally_openstack.cleanup.manager [-] Deleting neutron.port object s_rally_1f2416d3_XLHHS738 (cc338cec-4ce2-4bea-94fc-f426292e00fa)
2019-06-22 09:43:50.462 22704 RALLYDEBUG rally_openstack.cleanup.manager [-] Deleting neutron.port object s_rally_1f2416d3_iRVKrIhG (cc468cd7-ea5f-4216-b874-aa082fe562a3)
2019-06-22 09:43:50.475 22704 RALLYDEBUG rally_openstack.cleanup.manager [-] Deleting neutron.port object s_rally_1f2416d3_FuwX8bsf (d018ba2c-8c69-4c82-90d9-4db1098b9c7d)
2019-06-22 09:43:50.647 22704 RALLYDEBUG rally_openstack.cleanup.manager [-] Deleting neutron.port object s_rally_1f2416d3_lQf11R6H (d03996b9-eacb-4a96-981d-ea9d7d667156)
2019-06-22 09:43:50.827 22704 RALLYDEBUG rally_openstack.cleanup.manager [-] Deleting neutron.port object s_rally_1f2416d3_clmytW6s (d05cb059-eaae-46fd-ad19-d239e649c2ca)
2019-06-22 09:43:50.926 22704 RALLYDEBUG rally_openstack.cleanup.manager [-] Deleting neutron.port object s_rally_1f2416d3_Yypq2spb (d16c9df2-0988-4fdd-919e-99fb918d52b4)
2019-06-22 09:43:51.042 22704 RALLYDEBUG rally_openstack.cleanup.manager [-] Deleting neutron.port object s_rally_1f2416d3_H1wgGXSF (d1704356-6c01-4669-8bf8-c2e4857363f7)
2019-06-22 09:43:51.219 22704 RALLYDEBUG rally_openstack.cleanup.manager [-] Deleting neutron.port object s_rally_1f2416d3_uHfB7rEG (d1c977fe-f3ce-4350-b507-df16d619ce49)
2019-06-22 09:43:51.545 22704 RALLYDEBUG rally_openstack.cleanup.manager [-] Deleting neutron.port object s_rally_1f2416d3_5pbe5Swu (d1d63a1c-9924-4836-b96b-85e1fcf859d0)
2019-06-22 09:43:51.849 22704 RALLYDEBUG rally_openstack.cleanup.manager [-] Deleting neutron.port object s_rally_1f2416d3_ilHURQfN (d44f8c0d-a8bc-4a8f-8bd4-bb78a35e8bc3)
2019-06-22 09:43:52.176 22704 RALLYDEBUG rally_openstack.cleanup.manager [-] Deleting neutron.port object s_rally_1f2416d3_WEtfjFvC (d49bccf7-6b91-45bc-ae42-ec168e985a7c)
2019-06-22 09:43:52.201 22704 RALLYDEBUG rally_openstack.cleanup.manager [-] Deleting neutron.port object s_rally_1f2416d3_kXlhR5t4 (d728ba2e-817f-42f7-8152-ac4559cc0ca0)
2019-06-22 09:43:52.527 22704 RALLYDEBUG rally_openstack.cleanup.manager [-] Deleting neutron.port object s_rally_1f2416d3_Dkcn42B3 (d905ffcb-fd29-406a-b832-9c5c8668e806)
2019-06-22 09:43:52.557 22704 RALLYDEBUG rally_openstack.cleanup.manager [-] Deleting neutron.port object s_rally_1f2416d3_j6vfVzay (da00b0a8-4570-455c-96b6-26697f1ffbcf)
2019-06-22 09:43:52.613 22704 RALLYDEBUG rally_openstack.cleanup.manager [-] Deleting neutron.port object s_rally_1f2416d3_bHPzc196 (da0f5ed7-3fd2-4a05-8564-46d5bb993ebc)
2019-06-22 09:43:53.297 22704 RALLYDEBUG rally_openstack.cleanup.manager [-] Deleting neutron.port object s_rally_1f2416d3_q8TXDeX2 (dac1d074-ed99-448d-8d88-33cdb3cbf9e7)
2019-06-22 09:43:53.298 22704 RALLYDEBUG rally_openstack.cleanup.manager [-] Deleting neutron.port object s_rally_1f2416d3_rXwysUHz (dae14456-2e83-4c8b-90b1-72e9eff88a6d)
2019-06-22 09:43:53.350 22704 RALLYDEBUG rally_openstack.cleanup.manager [-] Deleting neutron.port object s_rally_1f2416d3_xzYFne9F (db249f6d-e3cf-4638-8407-30b636c7bc1e)
2019-06-22 09:43:53.429 22704 RALLYDEBUG rally_openstack.cleanup.manager [-] Deleting neutron.port object s_rally_1f2416d3_NmyYTR3M (dbd54acb-4a01-4f2a-ae03-eaad21586f43)
2019-06-22 09:43:53.463 22704 RALLYDEBUG rally_openstack.cleanup.manager [-] Deleting neutron.port object s_rally_1f2416d3_5PUroxUS (ddcc55d6-1b18-4301-9c1a-67ed97ba2592)
2019-06-22 09:43:53.497 22704 RALLYDEBUG rally_openstack.cleanup.manager [-] Deleting neutron.port object s_rally_1f2416d3_I26Dl7K3 (de70354a-819b-425f-9115-951128f21460)
2019-06-22 09:43:53.578 22704 RALLYDEBUG rally_openstack.cleanup.manager [-] Deleting neutron.port object s_rally_1f2416d3_Cf4NB7tm (e0a57f7b-1de2-4459-88b4-64de83db59ee)
2019-06-22 09:43:53.668 22704 RALLYDEBUG rally_openstack.cleanup.manager [-] Deleting neutron.port object s_rally_1f2416d3_4rnu1rDq (e6f0a429-4133-405a-af94-47896d81b3e0)
2019-06-22 09:43:53.675 22704 RALLYDEBUG rally_openstack.cleanup.manager [-] Deleting neutron.port object s_rally_1f2416d3_RR5BAR4K (e8b83dfb-d6cc-4474-af75-eb6e242d444f)
2019-06-22 09:43:53.784 22704 RALLYDEBUG rally_openstack.cleanup.manager [-] Deleting neutron.port object s_rally_1f2416d3_9ub24n22 (ea134e59-836b-40f7-b2b0-dda24716e17b)
2019-06-22 09:43:53.785 22704 RALLYDEBUG rally_openstack.cleanup.manager [-] Deleting neutron.port object s_rally_1f2416d3_J4xJ6xZq (eb4fe8ec-63b0-4ab3-ac8e-0dbb7227fa2c)
2019-06-22 09:43:53.905 22704 RALLYDEBUG rally_openstack.cleanup.manager [-] Deleting neutron.port object s_rally_1f2416d3_Mg0XjjCy (ed71e65f-53a4-4d0f-8231-57a22c11302f)
2019-06-22 09:43:53.922 22704 RALLYDEBUG rally_openstack.cleanup.manager [-] Deleting neutron.port object s_rally_1f2416d3_ojoqzU3H (ef4222ec-adc6-40e6-865a-08e169feae9d)
2019-06-22 09:43:53.930 22704 RALLYDEBUG rally_openstack.cleanup.manager [-] Deleting neutron.port object s_rally_1f2416d3_ZILJoQ9k (ef5752bf-b471-40be-b466-2034a6779d34)
2019-06-22 09:43:54.134 22704 RALLYDEBUG rally_openstack.cleanup.manager [-] Deleting neutron.port object s_rally_1f2416d3_uvxkqS6l (efa9fa4a-9f65-47c3-94b4-ce8a09acedef)
2019-06-22 09:43:54.617 22704 RALLYDEBUG rally_openstack.cleanup.manager [-] Deleting neutron.port object s_rally_1f2416d3_Mimc1In8 (f0057e1e-dfb7-4250-b5fc-5c83d903efea)
2019-06-22 09:43:54.696 22704 RALLYDEBUG rally_openstack.cleanup.manager [-] Deleting neutron.port object s_rally_1f2416d3_jF6q2tju (f0a3ea36-422c-421d-8263-68c0557278fe)
2019-06-22 09:43:54.879 22704 RALLYDEBUG rally_openstack.cleanup.manager [-] Deleting neutron.port object s_rally_1f2416d3_tY6GTz7A (f2f68263-25ce-4c40-8183-49eff656f89d)
2019-06-22 09:43:55.521 22704 RALLYDEBUG rally_openstack.cleanup.manager [-] Deleting neutron.port object s_rally_1f2416d3_D0WWZFeN (f3367240-ea2d-4aa9-8d00-73f6dfbadb83)
2019-06-22 09:43:55.627 22704 RALLYDEBUG rally_openstack.cleanup.manager [-] Deleting neutron.port object s_rally_1f2416d3_lyN30ynk (f3a38af0-1847-45b0-b456-8525bfc1c152)
2019-06-22 09:43:56.241 22704 RALLYDEBUG rally_openstack.cleanup.manager [-] Deleting neutron.port object s_rally_1f2416d3_JYJOjWAQ (f44cf8cc-e207-4656-a5c6-312587d6de73)
2019-06-22 09:43:56.489 22704 RALLYDEBUG rally_openstack.cleanup.manager [-] Deleting neutron.port object s_rally_1f2416d3_kxvqp6jV (f657a386-e3ca-447b-82f9-7bcefcfdb141)
2019-06-22 09:43:56.647 22704 RALLYDEBUG rally_openstack.cleanup.manager [-] Deleting neutron.port object s_rally_1f2416d3_njcTUGtE (f75416da-6469-4b83-9f67-8b42265cf783)
2019-06-22 09:43:56.659 22704 RALLYDEBUG rally_openstack.cleanup.manager [-] Deleting neutron.port object s_rally_1f2416d3_c2ZiQVlx (f7a74940-0797-4d87-9302-b1bc4cb96f6f)
2019-06-22 09:43:56.737 22704 RALLYDEBUG rally_openstack.cleanup.manager [-] Deleting neutron.port object s_rally_1f2416d3_SANDyVAg (fa75f985-188c-4e84-bcca-60dd4b21f0ee)
2019-06-22 09:43:56.832 22704 RALLYDEBUG rally_openstack.cleanup.manager [-] Deleting neutron.port object s_rally_1f2416d3_cHr9TABo (faef99e2-4181-4c95-97d9-472a064c652d)
2019-06-22 09:43:56.870 22704 RALLYDEBUG rally_openstack.cleanup.manager [-] Deleting neutron.port object s_rally_1f2416d3_a8CSyAL8 (fc8160ba-8056-40ba-8e7f-66674f4fa1d6)
2019-06-22 09:43:56.910 22704 RALLYDEBUG rally_openstack.cleanup.manager [-] Deleting neutron.port object s_rally_1f2416d3_R0LPcSMo (fd4a0435-0ade-4259-af30-ce82080092fa)
2019-06-22 09:44:00.878 22704 RALLYDEBUG rally_openstack.cleanup.manager [-] Cleaning up neutron subnet objects
2019-06-22 09:44:01.523 22704 RALLYDEBUG rally_openstack.cleanup.manager [-] Cleaning up neutron network objects
2019-06-22 09:44:02.330 22704 RALLYDEBUG rally_openstack.cleanup.manager [-] Deleting neutron.network object s_rally_1f2416d3_zjHvnKkJ (066765b7-26cc-4d27-a3bb-040415950421)
2019-06-22 09:44:02.339 22704 RALLYDEBUG rally_openstack.cleanup.manager [-] Deleting neutron.network object s_rally_1f2416d3_2MzyqJbN (07704a16-865f-438e-9f39-8b29527e92ed)
2019-06-22 09:44:02.346 22704 RALLYDEBUG rally_openstack.cleanup.manager [-] Deleting neutron.network object s_rally_1f2416d3_PAH87fMV (150eff2e-fe51-44ad-81fd-6b3cbf3108fd)
2019-06-22 09:44:02.354 22704 RALLYDEBUG rally_openstack.cleanup.manager [-] Deleting neutron.network object s_rally_1f2416d3_pW2sIJvl (193494ea-7531-4eae-8eed-514252015a96)
2019-06-22 09:44:02.360 22704 RALLYDEBUG rally_openstack.cleanup.manager [-] Deleting neutron.network object s_rally_1f2416d3_EPK4K9zu (1c0f46c9-368a-4f1e-a1f8-fe60b8c9dd99)
2019-06-22 09:44:02.372 22704 RALLYDEBUG rally_openstack.cleanup.manager [-] Deleting neutron.network object s_rally_1f2416d3_v2vdkNk9 (1e2db576-5a1b-4c3d-8045-d8c484a5fff3)
2019-06-22 09:44:02.374 22704 RALLYDEBUG rally_openstack.cleanup.manager [-] Deleting neutron.network object s_rally_1f2416d3_zwjylyhF (1c93df0e-6f1f-4385-a71d-072b8f71e149)
2019-06-22 09:44:02.389 22704 RALLYDEBUG rally_openstack.cleanup.manager [-] Deleting neutron.network object s_rally_1f2416d3_X4kbBBm0 (2cc6a81c-b185-48f9-a81b-883dec543283)
2019-06-22 09:44:02.394 22704 RALLYDEBUG rally_openstack.cleanup.manager [-] Deleting neutron.network object s_rally_1f2416d3_z1jyBeuZ (1ee2a346-6dc1-4371-96e6-ca3e9306e56c)
2019-06-22 09:44:02.397 22704 RALLYDEBUG rally_openstack.cleanup.manager [-] Deleting neutron.network object s_rally_1f2416d3_desYqOvz (366a7df2-3381-4468-8974-d74f6f5ffef9)
2019-06-22 09:44:02.408 22704 RALLYDEBUG rally_openstack.cleanup.manager [-] Deleting neutron.network object s_rally_1f2416d3_3z1R43Bs (374a8583-2e6a-484c-9b44-2eea752b4685)
2019-06-22 09:44:02.414 22704 RALLYDEBUG rally_openstack.cleanup.manager [-] Deleting neutron.network object s_rally_1f2416d3_uFI25J1x (42d83370-a83e-4b0e-8a83-c6482cfdc081)
2019-06-22 09:44:02.420 22704 RALLYDEBUG rally_openstack.cleanup.manager [-] Deleting neutron.network object s_rally_1f2416d3_zctQFKkj (3754627a-1ebd-4c7c-9422-2e4172b95c26)
2019-06-22 09:44:02.422 22704 RALLYDEBUG rally_openstack.cleanup.manager [-] Deleting neutron.network object s_rally_1f2416d3_clflNWE0 (4517e1f6-3f5d-4b31-9376-b25aa57eadfd)
2019-06-22 09:44:02.435 22704 RALLYDEBUG rally_openstack.cleanup.manager [-] Deleting neutron.network object s_rally_1f2416d3_yDZ2FaEW (45ae8848-3f2f-4598-b70f-21bf1372e0ea)
2019-06-22 09:44:02.435 22704 RALLYDEBUG rally_openstack.cleanup.manager [-] Deleting neutron.network object s_rally_1f2416d3_jWUKHB4T (4b1ae8e9-078a-472c-8566-877d50106e9a)
2019-06-22 09:44:02.450 22704 RALLYDEBUG rally_openstack.cleanup.manager [-] Deleting neutron.network object s_rally_1f2416d3_lu50fsfA (5659f2b1-2607-40d8-9a7e-6463b2e5b4ca)
2019-06-22 09:44:02.451 22704 RALLYDEBUG rally_openstack.cleanup.manager [-] Deleting neutron.network object s_rally_1f2416d3_d5VS2xK8 (51c270f7-0890-4d71-b68e-71f5279d6c49)
2019-06-22 09:44:02.451 22704 RALLYDEBUG rally_openstack.cleanup.manager [-] Deleting neutron.network object s_rally_1f2416d3_6szP48gk (64d18285-1282-43a3-b3c7-fce9dc473777)
2019-06-22 09:44:02.461 22704 RALLYDEBUG rally_openstack.cleanup.manager [-] Deleting neutron.network object s_rally_1f2416d3_Nf9V9Shp (6604b223-d73d-4d48-b740-684a5e9c46dd)
2019-06-22 09:44:06.047 22704 RALLYDEBUG rally_openstack.cleanup.manager [-] Deleting neutron.network object s_rally_1f2416d3_YDAyu01X (6f9f95b5-3481-42d4-b2fb-a57c1639cdcb)
2019-06-22 09:44:06.118 22704 RALLYDEBUG rally_openstack.cleanup.manager [-] Deleting neutron.network object s_rally_1f2416d3_WX0c4kd5 (74269110-805e-4289-b814-17070f076f64)
2019-06-22 09:44:06.185 22704 RALLYDEBUG rally_openstack.cleanup.manager [-] Deleting neutron.network object s_rally_1f2416d3_xOOUmEBq (897cb305-f074-41d8-b79f-a8352c29695d)
2019-06-22 09:44:06.271 22704 RALLYDEBUG rally_openstack.cleanup.manager [-] Deleting neutron.network object s_rally_1f2416d3_JTgxO2xK (8ed51aae-9686-4b08-b04e-9211946c157f)
2019-06-22 09:44:06.540 22704 RALLYDEBUG rally_openstack.cleanup.manager [-] Deleting neutron.network object s_rally_1f2416d3_L5ieeA1c (90c1ed0d-3025-44f0-bfff-58b3f6f4711b)
2019-06-22 09:44:06.896 22704 RALLYDEBUG rally_openstack.cleanup.manager [-] Deleting neutron.network object s_rally_1f2416d3_Qwut3ZA9 (9a1cc2c4-490f-4cab-94ab-f0d2cd6a4ac3)
2019-06-22 09:44:06.897 22704 RALLYDEBUG rally_openstack.cleanup.manager [-] Deleting neutron.network object s_rally_1f2416d3_u3l7vOnw (a0ffdfbf-f9c5-424b-a7e8-e506f68c0d80)
2019-06-22 09:44:07.287 22704 RALLYDEBUG rally_openstack.cleanup.manager [-] Deleting neutron.network object s_rally_1f2416d3_BFVCe38w (bd80c1a3-48ce-4f9a-a1ac-7cd788486539)
2019-06-22 09:44:07.301 22704 RALLYDEBUG rally_openstack.cleanup.manager [-] Deleting neutron.network object s_rally_1f2416d3_wzLokvS6 (cb43d782-5c0d-4a28-8777-0f2768f84200)
2019-06-22 09:44:07.678 22704 RALLYDEBUG rally_openstack.cleanup.manager [-] Deleting neutron.network object s_rally_1f2416d3_6XIv5v7H (cc3642fb-7d00-4497-8eac-c8a69e2e65f7)
2019-06-22 09:44:07.725 22704 RALLYDEBUG rally_openstack.cleanup.manager [-] Deleting neutron.network object s_rally_1f2416d3_G4J2itkL (d3206d74-166c-4e85-8bae-7998360422f0)
2019-06-22 09:44:07.730 22704 RALLYDEBUG rally_openstack.cleanup.manager [-] Deleting neutron.network object s_rally_1f2416d3_AeSQH4DU (d65f7368-ae19-4598-98f5-beb0a4c9cf65)
2019-06-22 09:44:07.744 22704 RALLYDEBUG rally_openstack.cleanup.manager [-] Deleting neutron.network object s_rally_1f2416d3_TGkhhVK7 (d74d6fda-00a8-4232-a3a2-2955a932eb89)
2019-06-22 09:44:07.787 22704 RALLYDEBUG rally_openstack.cleanup.manager [-] Deleting neutron.network object s_rally_1f2416d3_3wecTh8a (ddd87714-4d02-4056-b006-c4f0e7dc999d)
2019-06-22 09:44:07.787 22704 RALLYDEBUG rally_openstack.cleanup.manager [-] Deleting neutron.network object s_rally_1f2416d3_IYdSRHCd (de2c7359-bbea-488f-a981-6398bbddb909)
2019-06-22 09:44:08.871 22704 RALLYDEBUG rally_openstack.cleanup.manager [-] Deleting neutron.network object s_rally_1f2416d3_uLYr49X0 (e1dbbdc9-9518-4652-bfac-1b80256692cb)
2019-06-22 09:44:09.436 22704 RALLYDEBUG rally_openstack.cleanup.manager [-] Deleting neutron.network object s_rally_1f2416d3_3XT4Z1OU (edf3fc51-d515-44bf-970f-9ecd5ceaf42d)
2019-06-22 09:44:09.440 22704 RALLYDEBUG rally_openstack.cleanup.manager [-] Deleting neutron.network object s_rally_1f2416d3_xMgjrpAW (f9379871-1466-4d54-ab05-187206302eba)
2019-06-22 09:44:09.474 22704 RALLYDEBUG rally_openstack.cleanup.manager [-] Deleting neutron.network object s_rally_1f2416d3_e1tgOqdr (fb878b70-3104-416d-ba63-de4865d74aaf)
2019-06-22 09:44:09.553 22704 RALLYDEBUG rally_openstack.cleanup.manager [-] Deleting neutron.network object s_rally_1f2416d3_mJqp5Q32 (fe9aedf3-851f-4283-8880-8590775104a4)
2019-06-22 09:44:12.597 22704 RALLYDEBUG rally_openstack.cleanup.manager [-] Cleaning up neutron router objects
2019-06-22 09:44:13.269 22704 RALLYDEBUG rally_openstack.cleanup.manager [-] Cleaning up neutron security_group objects
2019-06-22 09:44:13.941 22704 INFO rally.task.context [-] Task e3672d45-2c24-4b3f-8511-63439df4c647 | Context cleanup@openstack cleanup() finished in 53.41 sec
2019-06-22 09:44:13.941 22704 INFO rally.task.context [-] Task e3672d45-2c24-4b3f-8511-63439df4c647 | Context quotas@openstack cleanup() started
2019-06-22 09:44:14.164 22704 INFO rally.task.context [-] Task e3672d45-2c24-4b3f-8511-63439df4c647 | Context quotas@openstack cleanup() finished in 0.22 sec
2019-06-22 09:44:14.165 22704 INFO rally.task.context [-] Task e3672d45-2c24-4b3f-8511-63439df4c647 | Context users@openstack cleanup() started
2019-06-22 09:44:18.546 22704 INFO rally.task.context [-] Task e3672d45-2c24-4b3f-8511-63439df4c647 | Context users@openstack cleanup() finished in 4.38 sec
2019-06-22 09:44:20.111 22704 INFO rally.task.engine [-] Load duration is: 45.895954
2019-06-22 09:44:20.111 22704 INFO rally.task.engine [-] Full runner duration is: 45.947558
2019-06-22 09:44:20.111 22704 INFO rally.task.engine [-] Full duration is: 109.010809
2019-06-22 09:44:20.282 22704 INFO rally.task.engine [-] Running workload: position = 2 config = { "version": 2, "title": "A cropped version of a bigger task.", "description": "Auto-generated task from a single workload (uuid=50582de7-d8d6-4276-a284-97c99113502a)", "subtasks": [ { "title": "NeutronNetworks.create_and_delete_ports", "description": "Create and delete a port.", "scenario": { "NeutronNetworks.create_and_delete_ports": { "network_create_args": {}, "port_create_args": {}, "ports_per_network": 5 } }, "contexts": { "users": { "tenants": 1, "users_per_tenant": 1 }, "quotas": { "neutron": { "network": -1, "port": -1 } } }, "runner": { "constant": { "times": 40, "concurrency": 20 } }, "hooks": [], "sla": { "failure_rate": { "max": 0 } } } ] }
2019-06-22 09:44:20.306 22704 RALLYDEBUG rally_openstack.contexts.keystone.users [-] Creating 1 tenants using 20 threads
2019-06-22 09:44:22.018 22704 RALLYDEBUG rally_openstack.contexts.keystone.users [-] Creating 1 users using 20 threads
2019-06-22 09:44:24.506 22704 INFO rally.task.context [-] Task e3672d45-2c24-4b3f-8511-63439df4c647 | Context users@openstack setup() finished in 4.20 sec
2019-06-22 09:44:25.266 22704 INFO rally.task.context [-] Task e3672d45-2c24-4b3f-8511-63439df4c647 | Context quotas@openstack setup() finished in 0.76 sec
2019-06-22 09:44:25.266 22704 INFO rally.task.context [-] Task e3672d45-2c24-4b3f-8511-63439df4c647 | Context cleanup@openstack setup() finished in 0.00 msec
2019-06-22 09:44:25.274 22704 RALLYDEBUG rally.task.runner [-] Starting the constant runner (task UUID: e3672d45-2c24-4b3f-8511-63439df4c647). timeout: 0 concurrency: 20 concurrency_per_worker: 1 times: 40 concurrency_overhead: 4 processes_to_start: 16 max_cpu_used: 16
2019-06-22 09:44:25.287 26950 RALLYDEBUG rally.task.runner [-] Starting a worker. concurrency: 2 args: {"network_create_args": {}, "port_create_args": {}, "ports_per_network": 5} times: 40 method_name: run timeout: 0 duration: None cls:
2019-06-22 09:44:25.290 26952 RALLYDEBUG rally.task.runner [-] Starting a worker. concurrency: 2 args: {"network_create_args": {}, "port_create_args": {}, "ports_per_network": 5} times: 40 method_name: run timeout: 0 duration: None cls:
2019-06-22 09:44:25.291 26951 RALLYDEBUG rally.task.runner [-] Starting a worker. concurrency: 2 args: {"network_create_args": {}, "port_create_args": {}, "ports_per_network": 5} times: 40 method_name: run timeout: 0 duration: None cls:
2019-06-22 09:44:25.293 26953 RALLYDEBUG rally.task.runner [-] Starting a worker. concurrency: 2 args: {"network_create_args": {}, "port_create_args": {}, "ports_per_network": 5} times: 40 method_name: run timeout: 0 duration: None cls:
2019-06-22 09:44:25.296 26952 INFO rally.task.runner [-] Task e3672d45-2c24-4b3f-8511-63439df4c647 | ITER: 2 START
2019-06-22 09:44:25.296 26950 INFO rally.task.runner [-] Task e3672d45-2c24-4b3f-8511-63439df4c647 | ITER: 1 START
2019-06-22 09:44:25.298 26953 INFO rally.task.runner [-] Task e3672d45-2c24-4b3f-8511-63439df4c647 | ITER: 6 START
2019-06-22 09:44:25.297 26950 INFO rally.task.runner [-] Task e3672d45-2c24-4b3f-8511-63439df4c647 | ITER: 3 START
2019-06-22 09:44:25.298 26952 WARNING rally_openstack.scenarios.neutron.utils [-] Running this scenario without either the 'network' or 'existing_network' context is deprecated
2019-06-22 09:44:25.298 26950 WARNING rally_openstack.scenarios.neutron.utils [-] Running this scenario without either the 'network' or 'existing_network' context is deprecated
2019-06-22 09:44:25.299 26953 WARNING rally_openstack.scenarios.neutron.utils [-] Running this scenario without either the 'network' or 'existing_network' context is deprecated
2019-06-22 09:44:25.299 26954 RALLYDEBUG rally.task.runner [-] Starting a worker. concurrency: 1 args: {"network_create_args": {}, "port_create_args": {}, "ports_per_network": 5} times: 40 method_name: run timeout: 0 duration: None cls:
2019-06-22 09:44:25.301 26951 INFO rally.task.runner [-] Task e3672d45-2c24-4b3f-8511-63439df4c647 | ITER: 4 START
2019-06-22 09:44:25.302 26958 RALLYDEBUG rally.task.runner [-] Starting a worker. concurrency: 1 args: {"network_create_args": {}, "port_create_args": {}, "ports_per_network": 5} times: 40 method_name: run timeout: 0 duration: None cls:
2019-06-22 09:44:25.299 26950 WARNING rally_openstack.scenarios.neutron.utils [-] Running this scenario without either the 'network' or 'existing_network' context is deprecated
2019-06-22 09:44:25.303 26951 WARNING rally_openstack.scenarios.neutron.utils [-] Running this scenario without either the 'network' or 'existing_network' context is deprecated
2019-06-22 09:44:25.305 26952 INFO rally.task.runner [-] Task e3672d45-2c24-4b3f-8511-63439df4c647 | ITER: 5 START
2019-06-22 09:44:25.306 26967 RALLYDEBUG rally.task.runner [-] Starting a worker. concurrency: 1 args: {"network_create_args": {}, "port_create_args": {}, "ports_per_network": 5} times: 40 method_name: run timeout: 0 duration: None cls:
2019-06-22 09:44:25.307 26954 INFO rally.task.runner [-] Task e3672d45-2c24-4b3f-8511-63439df4c647 | ITER: 9 START
2019-06-22 09:44:25.309 26954 WARNING rally_openstack.scenarios.neutron.utils [-] Running this scenario without either the 'network' or 'existing_network' context is deprecated
2019-06-22 09:44:25.310 26958 INFO rally.task.runner [-] Task e3672d45-2c24-4b3f-8511-63439df4c647 | ITER: 10 START
2019-06-22 09:44:25.308 26952 WARNING rally_openstack.scenarios.neutron.utils [-] Running this scenario without either the 'network' or 'existing_network' context is deprecated
2019-06-22 09:44:25.311 26958 WARNING rally_openstack.scenarios.neutron.utils [-] Running this scenario without either the 'network' or 'existing_network' context is deprecated
2019-06-22 09:44:25.304 26951 INFO rally.task.runner [-] Task e3672d45-2c24-4b3f-8511-63439df4c647 | ITER: 8 START
2019-06-22 09:44:25.311 26967 INFO rally.task.runner [-] Task e3672d45-2c24-4b3f-8511-63439df4c647 | ITER: 11 START
2019-06-22 09:44:25.312 26953 INFO rally.task.runner [-] Task e3672d45-2c24-4b3f-8511-63439df4c647 | ITER: 7 START
2019-06-22 09:44:25.313 26953 WARNING rally_openstack.scenarios.neutron.utils [-] Running this scenario without either the 'network' or 'existing_network' context is deprecated
2019-06-22 09:44:25.312 26951 WARNING rally_openstack.scenarios.neutron.utils [-] Running this scenario without either the 'network' or 'existing_network' context is deprecated
2019-06-22 09:44:25.313 26967 WARNING rally_openstack.scenarios.neutron.utils [-] Running this scenario without either the 'network' or 'existing_network' context is deprecated
2019-06-22 09:44:25.315 26971 RALLYDEBUG rally.task.runner [-] Starting a worker. concurrency: 1 args: {"network_create_args": {}, "port_create_args": {}, "ports_per_network": 5} times: 40 method_name: run timeout: 0 duration: None cls:
2019-06-22 09:44:25.320 26976 RALLYDEBUG rally.task.runner [-] Starting a worker. concurrency: 1 args: {"network_create_args": {}, "port_create_args": {}, "ports_per_network": 5} times: 40 method_name: run timeout: 0 duration: None cls:
2019-06-22 09:44:25.322 26971 INFO rally.task.runner [-] Task e3672d45-2c24-4b3f-8511-63439df4c647 | ITER: 12 START
2019-06-22 09:44:25.323 26971 WARNING rally_openstack.scenarios.neutron.utils [-] Running this scenario without either the 'network' or 'existing_network' context is deprecated
2019-06-22 09:44:25.325 26976 INFO rally.task.runner [-] Task e3672d45-2c24-4b3f-8511-63439df4c647 | ITER: 13 START
2019-06-22 09:44:25.326 26976 WARNING rally_openstack.scenarios.neutron.utils [-] Running this scenario without either the 'network' or 'existing_network' context is deprecated
2019-06-22 09:44:25.328 26979 RALLYDEBUG rally.task.runner [-] Starting a worker. concurrency: 1 args: {"network_create_args": {}, "port_create_args": {}, "ports_per_network": 5} times: 40 method_name: run timeout: 0 duration: None cls:
2019-06-22 09:44:25.334 26979 INFO rally.task.runner [-] Task e3672d45-2c24-4b3f-8511-63439df4c647 | ITER: 14 START
2019-06-22 09:44:25.335 26979 WARNING rally_openstack.scenarios.neutron.utils [-] Running this scenario without either the 'network' or 'existing_network' context is deprecated
2019-06-22 09:44:25.338 26984 RALLYDEBUG rally.task.runner [-] Starting a worker. concurrency: 1 args: {"network_create_args": {}, "port_create_args": {}, "ports_per_network": 5} times: 40 method_name: run timeout: 0 duration: None cls:
2019-06-22 09:44:25.341 26984 INFO rally.task.runner [-] Task e3672d45-2c24-4b3f-8511-63439df4c647 | ITER: 15 START
2019-06-22 09:44:25.342 26984 WARNING rally_openstack.scenarios.neutron.utils [-] Running this scenario without either the 'network' or 'existing_network' context is deprecated
2019-06-22 09:44:25.346 26985 RALLYDEBUG rally.task.runner [-] Starting a worker. concurrency: 1 args: {"network_create_args": {}, "port_create_args": {}, "ports_per_network": 5} times: 40 method_name: run timeout: 0 duration: None cls:
2019-06-22 09:44:25.351 26988 RALLYDEBUG rally.task.runner [-] Starting a worker. concurrency: 1 args: {"network_create_args": {}, "port_create_args": {}, "ports_per_network": 5} times: 40 method_name: run timeout: 0 duration: None cls:
2019-06-22 09:44:25.353 26985 INFO rally.task.runner [-] Task e3672d45-2c24-4b3f-8511-63439df4c647 | ITER: 16 START
2019-06-22 09:44:25.355 26985 WARNING rally_openstack.scenarios.neutron.utils [-] Running this scenario without either the 'network' or 'existing_network' context is deprecated
2019-06-22 09:44:25.355 26989 RALLYDEBUG rally.task.runner [-] Starting a worker. concurrency: 1 args: {"network_create_args": {}, "port_create_args": {}, "ports_per_network": 5} times: 40 method_name: run timeout: 0 duration: None cls:
2019-06-22 09:44:25.358 26988 INFO rally.task.runner [-] Task e3672d45-2c24-4b3f-8511-63439df4c647 | ITER: 17 START
2019-06-22 09:44:25.359 26988 WARNING rally_openstack.scenarios.neutron.utils [-] Running this scenario without either the 'network' or 'existing_network' context is deprecated
2019-06-22 09:44:25.361 26989 INFO rally.task.runner [-] Task e3672d45-2c24-4b3f-8511-63439df4c647 | ITER: 18 START
2019-06-22 09:44:25.362 26989 WARNING rally_openstack.scenarios.neutron.utils [-] Running this scenario without either the 'network' or 'existing_network' context is deprecated
2019-06-22 09:44:25.365 26994 RALLYDEBUG rally.task.runner [-] Starting a worker. concurrency: 1 args: {"network_create_args": {}, "port_create_args": {}, "ports_per_network": 5} times: 40 method_name: run timeout: 0 duration: None cls:
2019-06-22 09:44:25.369 26994 INFO rally.task.runner [-] Task e3672d45-2c24-4b3f-8511-63439df4c647 | ITER: 19 START
2019-06-22 09:44:25.370 26994 WARNING rally_openstack.scenarios.neutron.utils [-] Running this scenario without either the 'network' or 'existing_network' context is deprecated
2019-06-22 09:44:25.370 26997 RALLYDEBUG rally.task.runner [-] Starting a worker. concurrency: 1 args: {"network_create_args": {}, "port_create_args": {}, "ports_per_network": 5} times: 40 method_name: run timeout: 0 duration: None cls:
2019-06-22 09:44:25.374 26997 INFO rally.task.runner [-] Task e3672d45-2c24-4b3f-8511-63439df4c647 | ITER: 20 START
2019-06-22 09:44:25.375 26997 WARNING rally_openstack.scenarios.neutron.utils [-] Running this scenario without either the 'network' or 'existing_network' context is deprecated
2019-06-22 09:44:34.365 26988 INFO rally.task.runner [-] Task e3672d45-2c24-4b3f-8511-63439df4c647 | ITER: 17 END: OK
2019-06-22 09:44:34.369 26988 INFO rally.task.runner [-] Task e3672d45-2c24-4b3f-8511-63439df4c647 | ITER: 21 START
2019-06-22 09:44:34.369 26988 WARNING rally_openstack.scenarios.neutron.utils [-] Running this scenario without either the 'network' or 'existing_network' context is deprecated
2019-06-22 09:44:35.600 26954 INFO rally.task.runner [-] Task e3672d45-2c24-4b3f-8511-63439df4c647 | ITER: 9 END: OK
2019-06-22 09:44:35.604 26954 INFO rally.task.runner [-] Task e3672d45-2c24-4b3f-8511-63439df4c647 | ITER: 22 START
2019-06-22 09:44:35.605 26954 WARNING rally_openstack.scenarios.neutron.utils [-] Running this scenario without either the 'network' or 'existing_network' context is deprecated
2019-06-22 09:44:35.712 26953 INFO rally.task.runner [-] Task e3672d45-2c24-4b3f-8511-63439df4c647 | ITER: 7 END: OK
2019-06-22 09:44:35.717 26953 INFO rally.task.runner [-] Task e3672d45-2c24-4b3f-8511-63439df4c647 | ITER: 23 START
2019-06-22 09:44:35.718 26953 WARNING rally_openstack.scenarios.neutron.utils [-] Running this scenario without either the 'network' or 'existing_network' context is deprecated
2019-06-22 09:44:43.227 26988 INFO rally.task.runner [-] Task e3672d45-2c24-4b3f-8511-63439df4c647 | ITER: 21 END: OK
2019-06-22 09:44:43.231 26988 INFO rally.task.runner [-] Task e3672d45-2c24-4b3f-8511-63439df4c647 | ITER: 24 START
2019-06-22 09:44:43.232 26988 WARNING rally_openstack.scenarios.neutron.utils [-] Running this scenario without either the 'network' or 'existing_network' context is deprecated
2019-06-22 09:44:43.686 26976 INFO rally.task.runner [-] Task e3672d45-2c24-4b3f-8511-63439df4c647 | ITER: 13 END: OK
2019-06-22 09:44:43.690 26976 INFO rally.task.runner [-] Task e3672d45-2c24-4b3f-8511-63439df4c647 | ITER: 25 START
2019-06-22 09:44:43.691 26976 WARNING rally_openstack.scenarios.neutron.utils [-] Running this scenario without either the 'network' or 'existing_network' context is deprecated
2019-06-22 09:44:43.692 26985 INFO rally.task.runner [-] Task e3672d45-2c24-4b3f-8511-63439df4c647 | ITER: 16 END: OK
2019-06-22 09:44:43.696 26985 INFO rally.task.runner [-] Task e3672d45-2c24-4b3f-8511-63439df4c647 | ITER: 26 START
2019-06-22 09:44:43.697 26985 WARNING rally_openstack.scenarios.neutron.utils [-] Running this scenario without either the 'network' or 'existing_network' context is deprecated
2019-06-22 09:44:43.957 26951 INFO rally.task.runner [-] Task e3672d45-2c24-4b3f-8511-63439df4c647 | ITER: 8 END: OK
2019-06-22 09:44:43.960 26951 INFO rally.task.runner [-] Task e3672d45-2c24-4b3f-8511-63439df4c647 | ITER: 27 START
2019-06-22 09:44:43.961 26951 WARNING rally_openstack.scenarios.neutron.utils [-] Running this scenario without either the 'network' or 'existing_network' context is deprecated
2019-06-22 09:44:44.285 26984 INFO rally.task.runner [-] Task e3672d45-2c24-4b3f-8511-63439df4c647 | ITER: 15 END: OK
2019-06-22 09:44:44.289 26984 INFO rally.task.runner [-] Task e3672d45-2c24-4b3f-8511-63439df4c647 | ITER: 28 START
2019-06-22 09:44:44.290 26984 WARNING rally_openstack.scenarios.neutron.utils [-] Running this scenario without either the 'network' or 'existing_network' context is deprecated
2019-06-22 09:44:48.975 26953 INFO rally.task.runner [-] Task e3672d45-2c24-4b3f-8511-63439df4c647 | ITER: 23 END: OK
2019-06-22 09:44:48.980 26953 INFO rally.task.runner [-] Task e3672d45-2c24-4b3f-8511-63439df4c647 | ITER: 29 START
2019-06-22 09:44:48.980 26953 WARNING rally_openstack.scenarios.neutron.utils [-] Running this scenario without either the 'network' or 'existing_network' context is deprecated
2019-06-22 09:44:49.022 26954 INFO rally.task.runner [-] Task e3672d45-2c24-4b3f-8511-63439df4c647 | ITER: 22 END: OK
2019-06-22 09:44:49.026 26954 INFO rally.task.runner [-] Task e3672d45-2c24-4b3f-8511-63439df4c647 | ITER: 30 START
2019-06-22 09:44:49.027 26954 WARNING rally_openstack.scenarios.neutron.utils [-] Running this scenario without either the 'network' or 'existing_network' context is deprecated
2019-06-22 09:44:52.254 26988 INFO rally.task.runner [-] Task e3672d45-2c24-4b3f-8511-63439df4c647 | ITER: 24 END: OK
2019-06-22 09:44:52.258 26988 INFO rally.task.runner [-] Task e3672d45-2c24-4b3f-8511-63439df4c647 | ITER: 31 START
2019-06-22 09:44:52.259 26988 WARNING rally_openstack.scenarios.neutron.utils [-] Running this scenario without either the 'network' or 'existing_network' context is deprecated
2019-06-22 09:44:53.188 26985 INFO rally.task.runner [-] Task e3672d45-2c24-4b3f-8511-63439df4c647 | ITER: 26 END: OK
2019-06-22 09:44:53.192 26985 INFO rally.task.runner [-] Task e3672d45-2c24-4b3f-8511-63439df4c647 | ITER: 32 START
2019-06-22 09:44:53.193 26985 WARNING rally_openstack.scenarios.neutron.utils [-] Running this scenario without either the 'network' or 'existing_network' context is deprecated
2019-06-22 09:44:53.542 26984 INFO rally.task.runner [-] Task e3672d45-2c24-4b3f-8511-63439df4c647 | ITER: 28 END: OK
2019-06-22 09:44:53.545 26984 INFO rally.task.runner [-] Task e3672d45-2c24-4b3f-8511-63439df4c647 | ITER: 33 START
2019-06-22 09:44:53.545 26984 WARNING rally_openstack.scenarios.neutron.utils [-] Running this scenario without either the 'network' or 'existing_network' context is deprecated
2019-06-22 09:44:58.077 26953 INFO rally.task.runner [-] Task e3672d45-2c24-4b3f-8511-63439df4c647 | ITER: 29 END: OK
2019-06-22 09:44:58.085 26953 INFO rally.task.runner [-] Task e3672d45-2c24-4b3f-8511-63439df4c647 | ITER: 34 START
2019-06-22 09:44:58.086 26953 WARNING rally_openstack.scenarios.neutron.utils [-] Running this scenario without either the 'network' or 'existing_network' context is deprecated
2019-06-22 09:44:59.005 26954 INFO rally.task.runner [-] Task e3672d45-2c24-4b3f-8511-63439df4c647 | ITER: 30 END: OK
2019-06-22 09:44:59.012 26954 INFO rally.task.runner [-] Task e3672d45-2c24-4b3f-8511-63439df4c647 | ITER: 35 START
2019-06-22 09:44:59.013 26954 WARNING rally_openstack.scenarios.neutron.utils [-] Running this scenario without either the 'network' or 'existing_network' context is deprecated
2019-06-22 09:44:59.340 26952 INFO rally.task.runner [-] Task e3672d45-2c24-4b3f-8511-63439df4c647 | ITER: 5 END: OK
2019-06-22 09:44:59.346 26952 INFO rally.task.runner [-] Task e3672d45-2c24-4b3f-8511-63439df4c647 | ITER: 36 START
2019-06-22 09:44:59.347 26952 WARNING rally_openstack.scenarios.neutron.utils [-] Running this scenario without either the 'network' or 'existing_network' context is deprecated
2019-06-22 09:44:59.623 26952 INFO rally.task.runner [-] Task e3672d45-2c24-4b3f-8511-63439df4c647 | ITER: 2 END: OK
2019-06-22 09:44:59.628 26952 INFO rally.task.runner [-] Task e3672d45-2c24-4b3f-8511-63439df4c647 | ITER: 37 START
2019-06-22 09:44:59.628 26952 WARNING rally_openstack.scenarios.neutron.utils [-] Running this scenario without either the 'network' or 'existing_network' context is deprecated
2019-06-22 09:44:59.719 26979 INFO rally.task.runner [-] Task e3672d45-2c24-4b3f-8511-63439df4c647 | ITER: 14 END: OK
2019-06-22 09:44:59.726 26979 INFO rally.task.runner [-] Task e3672d45-2c24-4b3f-8511-63439df4c647 | ITER: 38 START
2019-06-22 09:44:59.727 26979 WARNING rally_openstack.scenarios.neutron.utils [-] Running this scenario without either the 'network' or 'existing_network' context is deprecated
2019-06-22 09:44:59.814 26951 INFO rally.task.runner [-] Task e3672d45-2c24-4b3f-8511-63439df4c647 | ITER: 4 END: OK
2019-06-22 09:44:59.818 26951 INFO rally.task.runner [-] Task e3672d45-2c24-4b3f-8511-63439df4c647 | ITER: 39 START
