2019-06-22 09:44:59.819 26951 WARNING rally_openstack.scenarios.neutron.utils [-] Running this scenario without either the 'network' or 'existing_network' context is deprecated
2019-06-22 09:44:59.943 26976 INFO rally.task.runner [-] Task e3672d45-2c24-4b3f-8511-63439df4c647 | ITER: 25 END: OK
2019-06-22 09:44:59.949 26976 INFO rally.task.runner [-] Task e3672d45-2c24-4b3f-8511-63439df4c647 | ITER: 40 START
2019-06-22 09:44:59.950 26976 WARNING rally_openstack.scenarios.neutron.utils [-] Running this scenario without either the 'network' or 'existing_network' context is deprecated
2019-06-22 09:45:00.229 26950 INFO rally.task.runner [-] Task e3672d45-2c24-4b3f-8511-63439df4c647 | ITER: 1 END: OK
2019-06-22 09:45:00.302 26988 INFO rally.task.runner [-] Task e3672d45-2c24-4b3f-8511-63439df4c647 | ITER: 31 END: OK
2019-06-22 09:45:00.557 26951 INFO rally.task.runner [-] Task e3672d45-2c24-4b3f-8511-63439df4c647 | ITER: 27 END: OK
2019-06-22 09:45:00.947 26989 INFO rally.task.runner [-] Task e3672d45-2c24-4b3f-8511-63439df4c647 | ITER: 18 END: OK
2019-06-22 09:45:01.381 26967 INFO rally.task.runner [-] Task e3672d45-2c24-4b3f-8511-63439df4c647 | ITER: 11 END: OK
2019-06-22 09:45:01.479 26994 INFO rally.task.runner [-] Task e3672d45-2c24-4b3f-8511-63439df4c647 | ITER: 19 END: OK
2019-06-22 09:45:02.622 26985 INFO rally.task.runner [-] Task e3672d45-2c24-4b3f-8511-63439df4c647 | ITER: 32 END: OK
2019-06-22 09:45:03.043 26984 INFO rally.task.runner [-] Task e3672d45-2c24-4b3f-8511-63439df4c647 | ITER: 33 END: OK
2019-06-22 09:45:06.792 26971 INFO rally.task.runner [-] Task e3672d45-2c24-4b3f-8511-63439df4c647 | ITER: 12 END: OK
2019-06-22 09:45:06.795 26950 INFO rally.task.runner [-] Task e3672d45-2c24-4b3f-8511-63439df4c647 | ITER: 3 END: OK
2019-06-22 09:45:06.819 26958 INFO rally.task.runner [-] Task e3672d45-2c24-4b3f-8511-63439df4c647 | ITER: 10 END: OK
2019-06-22 09:45:07.060 26997 INFO rally.task.runner [-] Task e3672d45-2c24-4b3f-8511-63439df4c647 | ITER: 20 END: OK
2019-06-22 09:45:07.453 26953 INFO rally.task.runner [-] Task e3672d45-2c24-4b3f-8511-63439df4c647 | ITER: 6 END: OK
2019-06-22 09:45:08.106 26979 INFO rally.task.runner [-] Task e3672d45-2c24-4b3f-8511-63439df4c647 | ITER: 38 END: OK
2019-06-22 09:45:08.127 26952 INFO rally.task.runner [-] Task e3672d45-2c24-4b3f-8511-63439df4c647 | ITER: 37 END: OK
2019-06-22 09:45:13.109 26976 INFO rally.task.runner [-] Task e3672d45-2c24-4b3f-8511-63439df4c647 | ITER: 40 END: OK
2019-06-22 09:45:13.110 26951 INFO rally.task.runner [-] Task e3672d45-2c24-4b3f-8511-63439df4c647 | ITER: 39 END: OK
2019-06-22 09:45:15.810 26953 INFO rally.task.runner [-] Task e3672d45-2c24-4b3f-8511-63439df4c647 | ITER: 34 END: OK
2019-06-22 09:45:17.437 26954 INFO rally.task.runner [-] Task e3672d45-2c24-4b3f-8511-63439df4c647 | ITER: 35 END: OK
2019-06-22 09:45:17.659 26952 INFO rally.task.runner [-] Task e3672d45-2c24-4b3f-8511-63439df4c647 | ITER: 36 END: OK
2019-06-22 09:45:17.688 22704 INFO rally.task.context [-] Task e3672d45-2c24-4b3f-8511-63439df4c647 | Context cleanup@openstack cleanup() started
2019-06-22 09:45:17.691 22704 RALLYDEBUG rally_openstack.cleanup.manager [-] Cleaning up neutron vip objects
2019-06-22 09:45:18.705 22704 RALLYDEBUG rally_openstack.cleanup.manager [-] Cleaning up neutron health_monitor objects
2019-06-22 09:45:19.409 22704 RALLYDEBUG rally_openstack.cleanup.manager [-] Cleaning up neutron pool objects
2019-06-22 09:45:20.035 22704 RALLYDEBUG rally_openstack.cleanup.manager [-] Cleaning up neutron loadbalancer objects
2019-06-22 09:45:20.643 22704 RALLYDEBUG rally_openstack.cleanup.manager [-] Cleaning up neutron floatingip objects
2019-06-22 09:45:21.393 22704 RALLYDEBUG rally_openstack.cleanup.manager [-] Cleaning up neutron port objects
2019-06-22 09:45:22.119 22704 RALLYDEBUG rally_openstack.cleanup.manager [-] Cleaning up neutron subnet objects
2019-06-22 09:45:22.965 22704 RALLYDEBUG rally_openstack.cleanup.manager [-] Cleaning up neutron network objects
2019-06-22 09:45:23.778 22704 RALLYDEBUG rally_openstack.cleanup.manager [-] Deleting neutron.network object s_rally_50582de7_8hzW88wh (0f8c246d-53ad-4995-b445-313011c44cfc)
2019-06-22 09:45:23.779 22704 RALLYDEBUG rally_openstack.cleanup.manager [-] Deleting neutron.network object s_rally_50582de7_l7tlKyUu (0abfa9f8-2484-4baa-a35f-ab02bd0dd779)
2019-06-22 09:45:23.780 22704 RALLYDEBUG rally_openstack.cleanup.manager [-] Deleting neutron.network object s_rally_50582de7_P64GdLHa (0d1a9272-2671-4fb4-830b-b6ec079a71a9)
2019-06-22 09:45:23.786 22704 RALLYDEBUG rally_openstack.cleanup.manager [-] Deleting neutron.network object s_rally_50582de7_X7IrrgNY (226fbdb8-986a-4146-9424-4398ab4edf36)
2019-06-22 09:45:23.786 22704 RALLYDEBUG rally_openstack.cleanup.manager [-] Deleting neutron.network object s_rally_50582de7_azgfdh1n (1140c693-1cba-4084-bd83-d1af4fc053b6)
2019-06-22 09:45:23.786 22704 RALLYDEBUG rally_openstack.cleanup.manager [-] Deleting neutron.network object s_rally_50582de7_Tw93GH3b (2fd32d60-8883-4b6e-9078-81f3c77eb005)
2019-06-22 09:45:23.795 22704 RALLYDEBUG rally_openstack.cleanup.manager [-] Deleting neutron.network object s_rally_50582de7_rEs7gnGY (31b4ae36-346b-4afd-8816-2fa4dada748c)
2019-06-22 09:45:23.811 22704 RALLYDEBUG rally_openstack.cleanup.manager [-] Deleting neutron.network object s_rally_50582de7_YBPVmgpX (39cdd461-8525-474c-878e-bc7101862045)
2019-06-22 09:45:23.817 22704 RALLYDEBUG rally_openstack.cleanup.manager [-] Deleting neutron.network object s_rally_50582de7_9eaxpQD5 (3a7b892e-c4f8-4531-a502-8ed286e35296)
2019-06-22 09:45:23.840 22704 RALLYDEBUG rally_openstack.cleanup.manager [-] Deleting neutron.network object s_rally_50582de7_e0ZBpN76 (526fe1e7-44da-4d6f-8252-0a9364574d98)
2019-06-22 09:45:23.856 22704 RALLYDEBUG rally_openstack.cleanup.manager [-] Deleting neutron.network object s_rally_50582de7_5djJIeYq (563db06b-912d-4700-83cc-db202cae9bc5)
2019-06-22 09:45:23.858 22704 RALLYDEBUG rally_openstack.cleanup.manager [-] Deleting neutron.network object s_rally_50582de7_D3crcjK8 (53dc4c47-4bba-42c9-b9c6-4f63d57e09c4)
2019-06-22 09:45:23.879 22704 RALLYDEBUG rally_openstack.cleanup.manager [-] Deleting neutron.network object s_rally_50582de7_Go2Mwlda (59460666-0333-4f91-9db4-c9ccae7b56d9)
2019-06-22 09:45:23.880 22704 RALLYDEBUG rally_openstack.cleanup.manager [-] Deleting neutron.network object s_rally_50582de7_VhlXCecy (5db5edcc-9053-430c-95ea-7572249d9ca6)
2019-06-22 09:45:23.890 22704 RALLYDEBUG rally_openstack.cleanup.manager [-] Deleting neutron.network object s_rally_50582de7_8LX1KuIQ (5e99ca11-1250-4303-a1e7-b660e4661a93)
2019-06-22 09:45:23.923 22704 RALLYDEBUG rally_openstack.cleanup.manager [-] Deleting neutron.network object s_rally_50582de7_CfUTC28r (72b96121-1845-4ca7-8e04-80f428264e32)
2019-06-22 09:45:23.927 22704 RALLYDEBUG rally_openstack.cleanup.manager [-] Deleting neutron.network object s_rally_50582de7_oo7i43BF (7d8dbbe6-e786-4809-9447-7ae09cbf4991)
2019-06-22 09:45:23.933 22704 RALLYDEBUG rally_openstack.cleanup.manager [-] Deleting neutron.network object s_rally_50582de7_ZYxjZPbD (60bd2688-7205-4900-a9b1-700b5af0fba5)
2019-06-22 09:45:23.938 22704 RALLYDEBUG rally_openstack.cleanup.manager [-] Deleting neutron.network object s_rally_50582de7_O9VaOxb9 (84e8762c-1245-4d16-b49f-4504e16533aa)
2019-06-22 09:45:23.944 22704 RALLYDEBUG rally_openstack.cleanup.manager [-] Deleting neutron.network object s_rally_50582de7_e1tXLB1u (857272ff-e499-4004-a775-d321043362cd)
2019-06-22 09:45:26.595 22704 RALLYDEBUG rally_openstack.cleanup.manager [-] Deleting neutron.network object s_rally_50582de7_XLVBktwf (896611a6-b036-4cb3-8373-5a22d51b8bce)
2019-06-22 09:45:26.608 22704 RALLYDEBUG rally_openstack.cleanup.manager [-] Deleting neutron.network object s_rally_50582de7_d7Q19gvg (8a14e6a1-7b4f-4aa4-91f7-253111e5e06d)
2019-06-22 09:45:26.881 22704 RALLYDEBUG rally_openstack.cleanup.manager [-] Deleting neutron.network object s_rally_50582de7_1PzxVQwe (8e8c453e-7455-47ba-b70e-e4dc56133927)
2019-06-22 09:45:27.872 22704 RALLYDEBUG rally_openstack.cleanup.manager [-] Deleting neutron.network object s_rally_50582de7_FxHcKKBn (94ca8d7a-ba00-42f2-ad73-3d195140e124)
2019-06-22 09:45:27.971 22704 RALLYDEBUG rally_openstack.cleanup.manager [-] Deleting neutron.network object s_rally_50582de7_81wJSNLx (9febbe75-16f0-4608-953e-a7d8b06fb649)
2019-06-22 09:45:28.366 22704 RALLYDEBUG rally_openstack.cleanup.manager [-] Deleting neutron.network object s_rally_50582de7_D5zO61QI (a0feb053-0d46-4fda-94e8-78950b9a16de)
2019-06-22 09:45:28.711 22704 RALLYDEBUG rally_openstack.cleanup.manager [-] Deleting neutron.network object s_rally_50582de7_NQDyTo1W (a20e54e7-1d94-4d32-914f-7f25584e864a)
2019-06-22 09:45:29.307 22704 RALLYDEBUG rally_openstack.cleanup.manager [-] Deleting neutron.network object s_rally_50582de7_0L59nnTT (ac867575-6a0f-4ac4-9802-a89a4ab7af16)
2019-06-22 09:45:29.715 22704 RALLYDEBUG rally_openstack.cleanup.manager [-] Deleting neutron.network object s_rally_50582de7_VlBsQi94 (b3f1b0dd-098f-42ae-a006-20c50fc40b18)
2019-06-22 09:45:29.725 22704 RALLYDEBUG rally_openstack.cleanup.manager [-] Deleting neutron.network object s_rally_50582de7_q1GQvjM1 (bf4a3a20-8885-48ba-89f5-b0cb0442455d)
2019-06-22 09:45:29.939 22704 RALLYDEBUG rally_openstack.cleanup.manager [-] Deleting neutron.network object s_rally_50582de7_vhGADCqa (c03fd176-b5f2-4bb3-b84a-39af10b35198)
2019-06-22 09:45:30.096 22704 RALLYDEBUG rally_openstack.cleanup.manager [-] Deleting neutron.network object s_rally_50582de7_NV0OtJgU (cd021d12-479b-4c9c-a6f7-1621cd80c4d2)
2019-06-22 09:45:30.156 22704 RALLYDEBUG rally_openstack.cleanup.manager [-] Deleting neutron.network object s_rally_50582de7_dZWaUpOs (ce6bf6dd-8ae3-40dd-afeb-26f3cb2cb230)
2019-06-22 09:45:30.206 22704 RALLYDEBUG rally_openstack.cleanup.manager [-] Deleting neutron.network object s_rally_50582de7_UF5awfEm (d829c849-6a0c-4df9-9ab0-e9a30fdbd980)
2019-06-22 09:45:30.248 22704 RALLYDEBUG rally_openstack.cleanup.manager [-] Deleting neutron.network object s_rally_50582de7_cuiURhO4 (e2b8f92e-431c-47a1-b27f-a2abc76e38a0)
2019-06-22 09:45:30.538 22704 RALLYDEBUG rally_openstack.cleanup.manager [-] Deleting neutron.network object s_rally_50582de7_GfKyvjWs (e909f981-fa8e-467e-b81b-e79004634a77)
2019-06-22 09:45:30.915 22704 RALLYDEBUG rally_openstack.cleanup.manager [-] Deleting neutron.network object s_rally_50582de7_f7E8jRpC (eb973bcc-ce57-4c62-b1ed-36cbb3b4b61f)
2019-06-22 09:45:30.935 22704 RALLYDEBUG rally_openstack.cleanup.manager [-] Deleting neutron.network object s_rally_50582de7_Uzf7f3jg (f1c450c7-1082-4d18-97dd-85ea8f484966)
2019-06-22 09:45:31.335 22704 RALLYDEBUG rally_openstack.cleanup.manager [-] Deleting neutron.network object s_rally_50582de7_joexrL4F (f4265ece-76e3-46c2-9582-d421a9fd43f0)
2019-06-22 09:45:31.364 22704 RALLYDEBUG rally_openstack.cleanup.manager [-] Deleting neutron.network object s_rally_50582de7_ogV7PMR5 (f723b8fa-9d1b-4d05-829b-a43a31e23ff9)
2019-06-22 09:45:33.896 22704 RALLYDEBUG rally_openstack.cleanup.manager [-] Cleaning up neutron router objects
2019-06-22 09:45:34.804 22704 RALLYDEBUG rally_openstack.cleanup.manager [-] Cleaning up neutron security_group objects
2019-06-22 09:45:35.448 22704 INFO rally.task.context [-] Task e3672d45-2c24-4b3f-8511-63439df4c647 | Context cleanup@openstack cleanup() finished in 17.76 sec
2019-06-22 09:45:35.449 22704 INFO rally.task.context [-] Task e3672d45-2c24-4b3f-8511-63439df4c647 | Context quotas@openstack cleanup() started
2019-06-22 09:45:35.760 22704 INFO rally.task.context [-] Task e3672d45-2c24-4b3f-8511-63439df4c647 | Context quotas@openstack cleanup() finished in 0.31 sec
2019-06-22 09:45:35.760 22704 INFO rally.task.context [-] Task e3672d45-2c24-4b3f-8511-63439df4c647 | Context users@openstack cleanup() started
2019-06-22 09:45:40.107 22704 INFO rally.task.context [-] Task e3672d45-2c24-4b3f-8511-63439df4c647 | Context users@openstack cleanup() finished in 4.35 sec
2019-06-22 09:45:40.790 22704 INFO rally.task.engine [-] Load duration is: 52.360338
2019-06-22 09:45:40.790 22704 INFO rally.task.engine [-] Full runner duration is: 52.414827
2019-06-22 09:45:40.791 22704 INFO rally.task.engine [-] Full duration is: 79.804429
2019-06-22 09:45:41.049 22704 INFO rally.task.engine [-] Running workload: position = 0 config = { "version": 2, "title": "A cropped version of a bigger task.", "description": "Auto-generated task from a single workload (uuid=cb506566-8594-47ff-b8f8-640321acb9f2)", "subtasks": [ { "title": "Quotas.neutron_update", "description": "Update quotas for neutron.", "scenario": { "Quotas.neutron_update": { "max_quota": 1024 } }, "contexts": { "users": { "tenants": 20, "users_per_tenant": 1 } }, "runner": { "constant": { "times": 40, "concurrency": 20 } }, "hooks": [], "sla": { "failure_rate": { "max": 0 } } } ] }
2019-06-22 09:45:41.068 22704 RALLYDEBUG rally_openstack.contexts.keystone.users [-] Creating 20 tenants using 20 threads
2019-06-22 09:45:45.434 22704 RALLYDEBUG rally_openstack.contexts.keystone.users [-] Creating 20 users using 20 threads
2019-06-22 09:45:50.976 22704 INFO rally.task.context [-] Task e3672d45-2c24-4b3f-8511-63439df4c647 | Context users@openstack setup() finished in 9.91 sec
2019-06-22 09:45:50.976 22704 INFO rally.task.context [-] Task e3672d45-2c24-4b3f-8511-63439df4c647 | Context admin_cleanup@openstack setup() finished in 0.01 msec
2019-06-22 09:45:50.983 22704 RALLYDEBUG rally.task.runner [-] Starting the constant runner (task UUID: e3672d45-2c24-4b3f-8511-63439df4c647). timeout: 0 concurrency: 20 concurrency_per_worker: 1 times: 40 concurrency_overhead: 4 processes_to_start: 16 max_cpu_used: 16
2019-06-22 09:45:50.993 27320 RALLYDEBUG rally.task.runner [-] Starting a worker. concurrency: 2 args: {"max_quota": 1024} times: 40 method_name: run timeout: 0 duration: None cls:
2019-06-22 09:45:50.998 27321 RALLYDEBUG rally.task.runner [-] Starting a worker. concurrency: 2 args: {"max_quota": 1024} times: 40 method_name: run timeout: 0 duration: None cls:
2019-06-22 09:45:50.999 27320 INFO rally.task.runner [-] Task e3672d45-2c24-4b3f-8511-63439df4c647 | ITER: 1 START
2019-06-22 09:45:51.002 27322 RALLYDEBUG rally.task.runner [-] Starting a worker. concurrency: 2 args: {"max_quota": 1024} times: 40 method_name: run timeout: 0 duration: None cls:
2019-06-22 09:45:51.003 27324 RALLYDEBUG rally.task.runner [-] Starting a worker. concurrency: 2 args: {"max_quota": 1024} times: 40 method_name: run timeout: 0 duration: None cls:
2019-06-22 09:45:51.006 27326 RALLYDEBUG rally.task.runner [-] Starting a worker. concurrency: 1 args: {"max_quota": 1024} times: 40 method_name: run timeout: 0 duration: None cls:
2019-06-22 09:45:51.013 27324 INFO rally.task.runner [-] Task e3672d45-2c24-4b3f-8511-63439df4c647 | ITER: 5 START
2019-06-22 09:45:51.013 27321 INFO rally.task.runner [-] Task e3672d45-2c24-4b3f-8511-63439df4c647 | ITER: 3 START
2019-06-22 09:45:51.013 27320 INFO rally.task.runner [-] Task e3672d45-2c24-4b3f-8511-63439df4c647 | ITER: 2 START
2019-06-22 09:45:51.014 27326 INFO rally.task.runner [-] Task e3672d45-2c24-4b3f-8511-63439df4c647 | ITER: 7 START
2019-06-22 09:45:51.013 27322 INFO rally.task.runner [-] Task e3672d45-2c24-4b3f-8511-63439df4c647 | ITER: 4 START
2019-06-22 09:45:51.016 27328 RALLYDEBUG rally.task.runner [-] Starting a worker. concurrency: 1 args: {"max_quota": 1024} times: 40 method_name: run timeout: 0 duration: None cls:
2019-06-22 09:45:51.018 27337 RALLYDEBUG rally.task.runner [-] Starting a worker. concurrency: 1 args: {"max_quota": 1024} times: 40 method_name: run timeout: 0 duration: None cls:
2019-06-22 09:45:51.023 27321 INFO rally.task.runner [-] Task e3672d45-2c24-4b3f-8511-63439df4c647 | ITER: 6 START
2019-06-22 09:45:51.024 27337 INFO rally.task.runner [-] Task e3672d45-2c24-4b3f-8511-63439df4c647 | ITER: 11 START
2019-06-22 09:45:51.025 27328 INFO rally.task.runner [-] Task e3672d45-2c24-4b3f-8511-63439df4c647 | ITER: 10 START
2019-06-22 09:45:51.025 27324 INFO rally.task.runner [-] Task e3672d45-2c24-4b3f-8511-63439df4c647 | ITER: 8 START
2019-06-22 09:45:51.026 27339 RALLYDEBUG rally.task.runner [-] Starting a worker. concurrency: 1 args: {"max_quota": 1024} times: 40 method_name: run timeout: 0 duration: None cls:
2019-06-22 09:45:51.030 27322 INFO rally.task.runner [-] Task e3672d45-2c24-4b3f-8511-63439df4c647 | ITER: 9 START
2019-06-22 09:45:51.031 27345 RALLYDEBUG rally.task.runner [-] Starting a worker. concurrency: 1 args: {"max_quota": 1024} times: 40 method_name: run timeout: 0 duration: None cls:
2019-06-22 09:45:51.035 27339 INFO rally.task.runner [-] Task e3672d45-2c24-4b3f-8511-63439df4c647 | ITER: 12 START
2019-06-22 09:45:51.035 27347 RALLYDEBUG rally.task.runner [-] Starting a worker. concurrency: 1 args: {"max_quota": 1024} times: 40 method_name: run timeout: 0 duration: None cls:
2019-06-22 09:45:51.039 27345 INFO rally.task.runner [-] Task e3672d45-2c24-4b3f-8511-63439df4c647 | ITER: 13 START
2019-06-22 09:45:51.041 27348 RALLYDEBUG rally.task.runner [-] Starting a worker. concurrency: 1 args: {"max_quota": 1024} times: 40 method_name: run timeout: 0 duration: None cls:
2019-06-22 09:45:51.043 27347 INFO rally.task.runner [-] Task e3672d45-2c24-4b3f-8511-63439df4c647 | ITER: 14 START
2019-06-22 09:45:51.048 27353 RALLYDEBUG rally.task.runner [-] Starting a worker. concurrency: 1 args: {"max_quota": 1024} times: 40 method_name: run timeout: 0 duration: None cls:
2019-06-22 09:45:51.049 27348 INFO rally.task.runner [-] Task e3672d45-2c24-4b3f-8511-63439df4c647 | ITER: 15 START
2019-06-22 09:45:51.054 27356 RALLYDEBUG rally.task.runner [-] Starting a worker. concurrency: 1 args: {"max_quota": 1024} times: 40 method_name: run timeout: 0 duration: None cls:
2019-06-22 09:45:51.056 27353 INFO rally.task.runner [-] Task e3672d45-2c24-4b3f-8511-63439df4c647 | ITER: 16 START
2019-06-22 09:45:51.058 27359 RALLYDEBUG rally.task.runner [-] Starting a worker. concurrency: 1 args: {"max_quota": 1024} times: 40 method_name: run timeout: 0 duration: None cls:
2019-06-22 09:45:51.061 27356 INFO rally.task.runner [-] Task e3672d45-2c24-4b3f-8511-63439df4c647 | ITER: 17 START
2019-06-22 09:45:51.065 27362 RALLYDEBUG rally.task.runner [-] Starting a worker. concurrency: 1 args: {"max_quota": 1024} times: 40 method_name: run timeout: 0 duration: None cls:
2019-06-22 09:45:51.068 27359 INFO rally.task.runner [-] Task e3672d45-2c24-4b3f-8511-63439df4c647 | ITER: 18 START
2019-06-22 09:45:51.070 27365 RALLYDEBUG rally.task.runner [-] Starting a worker. concurrency: 1 args: {"max_quota": 1024} times: 40 method_name: run timeout: 0 duration: None cls:
2019-06-22 09:45:51.072 27362 INFO rally.task.runner [-] Task e3672d45-2c24-4b3f-8511-63439df4c647 | ITER: 19 START
2019-06-22 09:45:51.075 27365 INFO rally.task.runner [-] Task e3672d45-2c24-4b3f-8511-63439df4c647 | ITER: 20 START
2019-06-22 09:45:52.534 27320 INFO rally.task.runner [-] Task e3672d45-2c24-4b3f-8511-63439df4c647 | ITER: 2 END: OK
2019-06-22 09:45:52.541 27320 INFO rally.task.runner [-] Task e3672d45-2c24-4b3f-8511-63439df4c647 | ITER: 21 START
2019-06-22 09:45:52.579 27321 INFO rally.task.runner [-] Task e3672d45-2c24-4b3f-8511-63439df4c647 | ITER: 3 END: OK
2019-06-22 09:45:52.585 27339 INFO rally.task.runner [-] Task e3672d45-2c24-4b3f-8511-63439df4c647 | ITER: 12 END: OK
2019-06-22 09:45:52.586 27321 INFO rally.task.runner [-] Task e3672d45-2c24-4b3f-8511-63439df4c647 | ITER: 22 START
2019-06-22 09:45:52.591 27339 INFO rally.task.runner [-] Task e3672d45-2c24-4b3f-8511-63439df4c647 | ITER: 23 START
2019-06-22 09:45:52.626 27328 INFO rally.task.runner [-] Task e3672d45-2c24-4b3f-8511-63439df4c647 | ITER: 10 END: OK
2019-06-22 09:45:52.633 27328 INFO rally.task.runner [-] Task e3672d45-2c24-4b3f-8511-63439df4c647 | ITER: 24 START
2019-06-22 09:45:52.669 27347 INFO rally.task.runner [-] Task e3672d45-2c24-4b3f-8511-63439df4c647 | ITER: 14 END: OK
2019-06-22 09:45:52.675 27347 INFO rally.task.runner [-] Task e3672d45-2c24-4b3f-8511-63439df4c647 | ITER: 25 START
2019-06-22 09:45:52.773 27348 INFO rally.task.runner [-] Task e3672d45-2c24-4b3f-8511-63439df4c647 | ITER: 15 END: OK
2019-06-22 09:45:52.780 27348 INFO rally.task.runner [-] Task e3672d45-2c24-4b3f-8511-63439df4c647 | ITER: 26 START
2019-06-22 09:45:52.815 27359 INFO rally.task.runner [-] Task e3672d45-2c24-4b3f-8511-63439df4c647 | ITER: 18 END: OK
2019-06-22 09:45:52.816 27362 INFO rally.task.runner [-] Task e3672d45-2c24-4b3f-8511-63439df4c647 | ITER: 19 END: OK
2019-06-22 09:45:52.817 27356 INFO rally.task.runner [-] Task e3672d45-2c24-4b3f-8511-63439df4c647 | ITER: 17 END: OK
2019-06-22 09:45:52.819 27353 INFO rally.task.runner [-] Task e3672d45-2c24-4b3f-8511-63439df4c647 | ITER: 16 END: OK
2019-06-22 09:45:52.824 27362 INFO rally.task.runner [-] Task e3672d45-2c24-4b3f-8511-63439df4c647 | ITER: 27 START
2019-06-22 09:45:52.825 27365 INFO rally.task.runner [-] Task e3672d45-2c24-4b3f-8511-63439df4c647 | ITER: 20 END: OK
2019-06-22 09:45:52.825 27359 INFO rally.task.runner [-] Task e3672d45-2c24-4b3f-8511-63439df4c647 | ITER: 28 START
2019-06-22 09:45:52.825 27356 INFO rally.task.runner [-] Task e3672d45-2c24-4b3f-8511-63439df4c647 | ITER: 29 START
2019-06-22 09:45:52.826 27353 INFO rally.task.runner [-] Task e3672d45-2c24-4b3f-8511-63439df4c647 | ITER: 30 START
2019-06-22 09:45:52.831 27365 INFO rally.task.runner [-] Task e3672d45-2c24-4b3f-8511-63439df4c647 | ITER: 31 START
2019-06-22 09:45:52.864 27322 INFO rally.task.runner [-] Task e3672d45-2c24-4b3f-8511-63439df4c647 | ITER: 4 END: OK
2019-06-22 09:45:52.868 27322 INFO rally.task.runner [-] Task e3672d45-2c24-4b3f-8511-63439df4c647 | ITER: 32 START
2019-06-22 09:45:52.935 27324 INFO rally.task.runner [-] Task e3672d45-2c24-4b3f-8511-63439df4c647 | ITER: 8 END: OK
2019-06-22 09:45:52.941 27324 INFO rally.task.runner [-] Task e3672d45-2c24-4b3f-8511-63439df4c647 | ITER: 33 START
2019-06-22 09:45:52.972 27326 INFO rally.task.runner [-] Task e3672d45-2c24-4b3f-8511-63439df4c647 | ITER: 7 END: OK
2019-06-22 09:45:52.978 27326 INFO rally.task.runner [-] Task e3672d45-2c24-4b3f-8511-63439df4c647 | ITER: 34 START
2019-06-22 09:45:53.079 27324 INFO rally.task.runner [-] Task e3672d45-2c24-4b3f-8511-63439df4c647 | ITER: 5 END: OK
2019-06-22 09:45:53.080 27320 INFO rally.task.runner [-] Task e3672d45-2c24-4b3f-8511-63439df4c647 | ITER: 1 END: OK
2019-06-22 09:45:53.083 27321 INFO rally.task.runner [-] Task e3672d45-2c24-4b3f-8511-63439df4c647 | ITER: 6 END: OK
2019-06-22 09:45:53.084 27324 INFO rally.task.runner [-] Task e3672d45-2c24-4b3f-8511-63439df4c647 | ITER: 35 START
2019-06-22 09:45:53.086 27320 INFO rally.task.runner [-] Task e3672d45-2c24-4b3f-8511-63439df4c647 | ITER: 36 START
2019-06-22 09:45:53.088 27321 INFO rally.task.runner [-] Task e3672d45-2c24-4b3f-8511-63439df4c647 | ITER: 37 START
2019-06-22 09:45:53.128 27337 INFO rally.task.runner [-] Task e3672d45-2c24-4b3f-8511-63439df4c647 | ITER: 11 END: OK
2019-06-22 09:45:53.128 27322 INFO rally.task.runner [-] Task e3672d45-2c24-4b3f-8511-63439df4c647 | ITER: 9 END: OK
2019-06-22 09:45:53.130 27345 INFO rally.task.runner [-] Task e3672d45-2c24-4b3f-8511-63439df4c647 | ITER: 13 END: OK
2019-06-22 09:45:53.134 27322 INFO rally.task.runner [-] Task e3672d45-2c24-4b3f-8511-63439df4c647 | ITER: 39 START
2019-06-22 09:45:53.135 27337 INFO rally.task.runner [-] Task e3672d45-2c24-4b3f-8511-63439df4c647 | ITER: 38 START
2019-06-22 09:45:53.136 27345 INFO rally.task.runner [-] Task e3672d45-2c24-4b3f-8511-63439df4c647 | ITER: 40 START
2019-06-22 09:45:53.836 27320 INFO rally.task.runner [-] Task e3672d45-2c24-4b3f-8511-63439df4c647 | ITER: 21 END: OK
2019-06-22 09:45:53.881 27328 INFO rally.task.runner [-] Task e3672d45-2c24-4b3f-8511-63439df4c647 | ITER: 24 END: OK
2019-06-22 09:45:54.130 27339 INFO rally.task.runner [-] Task e3672d45-2c24-4b3f-8511-63439df4c647 | ITER: 23 END: OK
2019-06-22 09:45:54.138 27321 INFO rally.task.runner [-] Task e3672d45-2c24-4b3f-8511-63439df4c647 | ITER: 22 END: OK
2019-06-22 09:45:54.173 27347 INFO rally.task.runner [-] Task e3672d45-2c24-4b3f-8511-63439df4c647 | ITER: 25 END: OK
2019-06-22 09:45:54.221 27348 INFO rally.task.runner [-] Task e3672d45-2c24-4b3f-8511-63439df4c647 | ITER: 26 END: OK
2019-06-22 09:45:54.229 27362 INFO rally.task.runner [-] Task e3672d45-2c24-4b3f-8511-63439df4c647 | ITER: 27 END: OK
2019-06-22 09:45:54.254 27365 INFO rally.task.runner [-] Task e3672d45-2c24-4b3f-8511-63439df4c647 | ITER: 31 END: OK
2019-06-22 09:45:54.264 27356 INFO rally.task.runner [-] Task e3672d45-2c24-4b3f-8511-63439df4c647 | ITER: 29 END: OK
2019-06-22 09:45:54.265 27324 INFO rally.task.runner [-] Task e3672d45-2c24-4b3f-8511-63439df4c647 | ITER: 33 END: OK
2019-06-22 09:45:54.278 27322 INFO rally.task.runner [-] Task e3672d45-2c24-4b3f-8511-63439df4c647 | ITER: 32 END: OK
2019-06-22 09:45:54.279 27353 INFO rally.task.runner [-] Task e3672d45-2c24-4b3f-8511-63439df4c647 | ITER: 30 END: OK
2019-06-22 09:45:54.305 27326 INFO rally.task.runner [-] Task e3672d45-2c24-4b3f-8511-63439df4c647 | ITER: 34 END: OK
2019-06-22 09:45:54.307 27359 INFO rally.task.runner [-] Task e3672d45-2c24-4b3f-8511-63439df4c647 | ITER: 28 END: OK
2019-06-22 09:45:54.356 27321 INFO rally.task.runner [-] Task e3672d45-2c24-4b3f-8511-63439df4c647 | ITER: 37 END: OK
2019-06-22 09:45:54.365 27320 INFO rally.task.runner [-] Task e3672d45-2c24-4b3f-8511-63439df4c647 | ITER: 36 END: OK
2019-06-22 09:45:54.427 27324 INFO rally.task.runner [-] Task e3672d45-2c24-4b3f-8511-63439df4c647 | ITER: 35 END: OK
2019-06-22 09:45:54.458 27322 INFO rally.task.runner [-] Task e3672d45-2c24-4b3f-8511-63439df4c647 | ITER: 39 END: OK
2019-06-22 09:45:54.483 27345 INFO rally.task.runner [-] Task e3672d45-2c24-4b3f-8511-63439df4c647 | ITER: 40 END: OK
2019-06-22 09:45:54.494 27337 INFO rally.task.runner [-] Task e3672d45-2c24-4b3f-8511-63439df4c647 | ITER: 38 END: OK
2019-06-22 09:45:54.515 22704 INFO rally.task.context [-] Task e3672d45-2c24-4b3f-8511-63439df4c647 | Context admin_cleanup@openstack cleanup() started
2019-06-22 09:45:54.517 22704 RALLYDEBUG rally_openstack.cleanup.manager [-] Cleaning up neutron quota objects
2019-06-22 09:45:58.409 22704 INFO rally.task.context [-] Task e3672d45-2c24-4b3f-8511-63439df4c647 | Context admin_cleanup@openstack cleanup() finished in 3.89 sec
2019-06-22 09:45:58.410 22704 INFO rally.task.context [-] Task e3672d45-2c24-4b3f-8511-63439df4c647 | Context users@openstack cleanup() started
2019-06-22 09:46:26.509 22704 INFO rally.task.context [-] Task e3672d45-2c24-4b3f-8511-63439df4c647 | Context users@openstack cleanup() finished in 28.10 sec
2019-06-22 09:46:27.302 22704 INFO rally.task.engine [-] Load duration is: 3.493477
2019-06-22 09:46:27.302 22704 INFO rally.task.engine [-] Full runner duration is: 3.531982
2019-06-22 09:46:27.302 22704 INFO rally.task.engine [-] Full duration is: 45.442886
2019-06-22 09:46:27.537 22704 INFO rally.task.engine [-] Running workload: position = 0 config = { "version": 2, "title": "A cropped version of a bigger task.", "description": "Auto-generated task from a single workload (uuid=5a1fd456-07be-4b1a-a7b4-afa7ac708a8f)", "subtasks": [ { "title": "NeutronTrunks.create_and_list_trunk_subports", "description": "", "scenario": { "NeutronTrunks.create_and_list_trunk_subports": { "subport_count": 125 } }, "contexts": { "users": { "tenants": 1, "users_per_tenant": 1 }, "quotas": { "neutron": { "network": -1, "port": 1000 } } }, "runner": { "constant": { "times": 4, "concurrency": 4 } }, "hooks": [], "sla": { "failure_rate": { "max": 0 } } } ] }
2019-06-22 09:46:27.560 22704 RALLYDEBUG rally_openstack.contexts.keystone.users [-] Creating 1 tenants using 20 threads
2019-06-22 09:46:29.221 22704 RALLYDEBUG rally_openstack.contexts.keystone.users [-] Creating 1 users using 20 threads
2019-06-22 09:46:31.537 22704 INFO rally.task.context [-] Task e3672d45-2c24-4b3f-8511-63439df4c647 | Context users@openstack setup() finished in 3.98 sec
2019-06-22 09:46:32.283 22704 INFO rally.task.context [-] Task e3672d45-2c24-4b3f-8511-63439df4c647 | Context quotas@openstack setup() finished in 0.75 sec
2019-06-22 09:46:32.283 22704 INFO rally.task.context [-] Task e3672d45-2c24-4b3f-8511-63439df4c647 | Context cleanup@openstack setup() finished in 0.00 msec
2019-06-22 09:46:32.290 22704 RALLYDEBUG rally.task.runner [-] Starting the constant runner (task UUID: e3672d45-2c24-4b3f-8511-63439df4c647). timeout: 0 concurrency: 4 concurrency_per_worker: 1 times: 4 concurrency_overhead: 0 processes_to_start: 4 max_cpu_used: 16
2019-06-22 09:46:32.303 27510 RALLYDEBUG rally.task.runner [-] Starting a worker. concurrency: 1 args: {"subport_count": 125} times: 4 method_name: run timeout: 0 duration: None cls:
2019-06-22 09:46:32.307 27511 RALLYDEBUG rally.task.runner [-] Starting a worker. concurrency: 1 args: {"subport_count": 125} times: 4 method_name: run timeout: 0 duration: None cls:
2019-06-22 09:46:32.309 27510 INFO rally.task.runner [-] Task e3672d45-2c24-4b3f-8511-63439df4c647 | ITER: 1 START
2019-06-22 09:46:32.308 27512 RALLYDEBUG rally.task.runner [-] Starting a worker. concurrency: 1 args: {"subport_count": 125} times: 4 method_name: run timeout: 0 duration: None cls:
2019-06-22 09:46:32.312 27511 INFO rally.task.runner [-] Task e3672d45-2c24-4b3f-8511-63439df4c647 | ITER: 2 START
2019-06-22 09:46:32.312 27513 RALLYDEBUG rally.task.runner [-] Starting a worker. concurrency: 1 args: {"subport_count": 125} times: 4 method_name: run timeout: 0 duration: None cls:
2019-06-22 09:46:32.313 27512 INFO rally.task.runner [-] Task e3672d45-2c24-4b3f-8511-63439df4c647 | ITER: 3 START
2019-06-22 09:46:32.318 27513 INFO rally.task.runner [-] Task e3672d45-2c24-4b3f-8511-63439df4c647 | ITER: 4 START
2019-06-22 09:48:49.538 27512 WARNING rally.task.atomic [-] 'optional_action_timer' is deprecated since rally v0.10.0.Please use action_timer instead, we have improved atomic actions, now do not need to explicitly close original action.
2019-06-22 09:48:49.575 27512 WARNING rally.task.atomic [-] 'optional_action_timer' is deprecated since rally v0.10.0.Please use action_timer instead, we have improved atomic actions, now do not need to explicitly close original action.
2019-06-22 09:48:50.344 27512 INFO rally.task.runner [-] Task e3672d45-2c24-4b3f-8511-63439df4c647 | ITER: 3 END: OK
2019-06-22 09:48:50.537 27511 WARNING rally.task.atomic [-] 'optional_action_timer' is deprecated since rally v0.10.0.Please use action_timer instead, we have improved atomic actions, now do not need to explicitly close original action.
2019-06-22 09:48:50.572 27511 WARNING rally.task.atomic [-] 'optional_action_timer' is deprecated since rally v0.10.0.Please use action_timer instead, we have improved atomic actions, now do not need to explicitly close original action.
2019-06-22 09:48:50.689 27510 WARNING rally.task.atomic [-] 'optional_action_timer' is deprecated since rally v0.10.0.Please use action_timer instead, we have improved atomic actions, now do not need to explicitly close original action.
2019-06-22 09:48:50.727 27510 WARNING rally.task.atomic [-] 'optional_action_timer' is deprecated since rally v0.10.0.Please use action_timer instead, we have improved atomic actions, now do not need to explicitly close original action.
2019-06-22 09:48:51.469 27511 INFO rally.task.runner [-] Task e3672d45-2c24-4b3f-8511-63439df4c647 | ITER: 2 END: OK
2019-06-22 09:48:51.622 27510 INFO rally.task.runner [-] Task e3672d45-2c24-4b3f-8511-63439df4c647 | ITER: 1 END: OK
2019-06-22 09:48:54.234 27513 WARNING rally.task.atomic [-] 'optional_action_timer' is deprecated since rally v0.10.0.Please use action_timer instead, we have improved atomic actions, now do not need to explicitly close original action.
2019-06-22 09:48:54.271 27513 WARNING rally.task.atomic [-] 'optional_action_timer' is deprecated since rally v0.10.0.Please use action_timer instead, we have improved atomic actions, now do not need to explicitly close original action.
2019-06-22 09:48:55.032 27513 INFO rally.task.runner [-] Task e3672d45-2c24-4b3f-8511-63439df4c647 | ITER: 4 END: OK
2019-06-22 09:48:55.064 22704 INFO rally.task.context [-] Task e3672d45-2c24-4b3f-8511-63439df4c647 | Context cleanup@openstack cleanup() started
2019-06-22 09:48:55.067 22704 RALLYDEBUG rally_openstack.cleanup.manager [-] Cleaning up neutron vip objects
2019-06-22 09:48:55.785 22704 RALLYDEBUG rally_openstack.cleanup.manager [-] Cleaning up neutron health_monitor objects
2019-06-22 09:48:56.502 22704 RALLYDEBUG rally_openstack.cleanup.manager [-] Cleaning up neutron pool objects
2019-06-22 09:48:57.214 22704 RALLYDEBUG rally_openstack.cleanup.manager [-] Cleaning up neutron loadbalancer objects
2019-06-22 09:48:57.905 22704 RALLYDEBUG rally_openstack.cleanup.manager [-] Cleaning up neutron floatingip objects
2019-06-22 09:48:58.678 22704 RALLYDEBUG rally_openstack.cleanup.manager [-] Cleaning up neutron port objects
2019-06-22 09:49:00.364 22704 RALLYDEBUG rally_openstack.cleanup.manager [-] Deleting neutron.port object s_rally_5a1fd456_KXDa3Clr (00702bc0-85be-41f6-a3a8-fff71c42b7c9)
2019-06-22 09:49:00.364 22704 RALLYDEBUG rally_openstack.cleanup.manager [-] Deleting neutron.port object s_rally_5a1fd456_1kHSPrak (000d22eb-1482-4237-9720-5d2b05b99034)
2019-06-22 09:49:00.371 22704 RALLYDEBUG rally_openstack.cleanup.manager [-] Deleting neutron.port object s_rally_5a1fd456_QQxNrqYK (022a1944-e19b-4923-b3d6-a98ba5467393)
2019-06-22 09:49:00.374 22704 RALLYDEBUG rally_openstack.cleanup.manager [-] Deleting neutron.port object s_rally_5a1fd456_GGKqmLEk (00b2d896-7d23-4966-a618-fad7ef18b089)
2019-06-22 09:49:00.374 22704 RALLYDEBUG rally_openstack.cleanup.manager [-] Deleting neutron.port object s_rally_5a1fd456_ecxnJY2F (00f1e2e3-df24-4ce8-bd1b-65570555caf6)
2019-06-22 09:49:00.376 22704 RALLYDEBUG rally_openstack.cleanup.manager [-] Deleting neutron.port object s_rally_5a1fd456_oC2IQDQ2 (0000fff7-ee9c-4bc2-b4bc-5868c104bc73)
2019-06-22 09:49:00.389 22704 RALLYDEBUG rally_openstack.cleanup.manager [-] Deleting neutron.port object s_rally_5a1fd456_rk8NpRXC (029f20f2-0008-4a72-8271-d4a88e19648c)
2019-06-22 09:49:00.391 22704 RALLYDEBUG rally_openstack.cleanup.manager [-] Deleting neutron.port object s_rally_5a1fd456_htYsA4EA (0199f5fe-52b1-4c46-9a15-4d3cabd856cf)
2019-06-22 09:49:00.407 22704 RALLYDEBUG rally_openstack.cleanup.manager [-] Deleting neutron.port object s_rally_5a1fd456_rz4O8Hjg (02c87120-dc22-442f-b80f-e397c102789b)
2019-06-22 09:49:00.425 22704 RALLYDEBUG rally_openstack.cleanup.manager [-] Deleting neutron.port object s_rally_5a1fd456_PIj7QnFk (02f54def-28d2-4d0d-b965-030389a8a166)
2019-06-22 09:49:00.426 22704 RALLYDEBUG rally_openstack.cleanup.manager [-] Deleting neutron.port object s_rally_5a1fd456_6mEPjUDa (020f021d-e39e-4509-8038-1670d3d7b6d5)
2019-06-22 09:49:00.428 22704 RALLYDEBUG rally_openstack.cleanup.manager [-] Deleting neutron.port object s_rally_5a1fd456_HZ92s49q (030435dc-ed07-4c42-b5c9-164abeb1b2a1)
2019-06-22 09:49:00.450 22704 RALLYDEBUG rally_openstack.cleanup.manager [-] Deleting neutron.port object s_rally_5a1fd456_vuUBOuPn (03969f47-49d2-4959-961f-3639f7062f43)
2019-06-22 09:49:00.455 22704 RALLYDEBUG rally_openstack.cleanup.manager [-] Deleting neutron.port object s_rally_5a1fd456_X7L8XBCU (03b10873-87d3-4290-a886-655e19e404fe)
2019-06-22 09:49:00.467 22704 RALLYDEBUG rally_openstack.cleanup.manager [-] Deleting neutron.port object s_rally_5a1fd456_bcsOk0Dr (03e81f90-9fd9-4ddb-a1f9-4b1afc985a87)
2019-06-22 09:49:00.478 22704 RALLYDEBUG rally_openstack.cleanup.manager [-] Deleting neutron.port object s_rally_5a1fd456_IulZxkZT (04189d5b-7fac-4a48-8aa8-ab29acd2fea7)
2019-06-22 09:49:00.497 22704 RALLYDEBUG rally_openstack.cleanup.manager [-] Deleting neutron.port object s_rally_5a1fd456_iLJOVcba (04a8f600-7d13-408a-b993-ca2e045448ab)
2019-06-22 09:49:00.508 22704 RALLYDEBUG rally_openstack.cleanup.manager [-] Deleting neutron.port object s_rally_5a1fd456_JlQtuWfa (04d1e6a4-2c5a-494c-a8b9-ce81395a2148)
2019-06-22 09:49:00.519 22704 RALLYDEBUG rally_openstack.cleanup.manager [-] Deleting neutron.port object s_rally_5a1fd456_6zQRv59R (04e06b1c-3dda-4101-ac4e-1434dfb4a3bc)
2019-06-22 09:49:00.524 22704 RALLYDEBUG rally_openstack.cleanup.manager [-] Deleting neutron.port object s_rally_5a1fd456_YMkbluyM (04f8c44c-bfa5-400d-bb36-9d0c8857c3e0)
2019-06-22 09:49:03.017 22704 RALLYDEBUG rally_openstack.cleanup.manager [-] Deleting neutron.port object s_rally_5a1fd456_Hf1vmNso (0597af07-9463-44d5-8a98-ad8bcc86aa43)
2019-06-22 09:49:03.074 22704 RALLYDEBUG rally_openstack.cleanup.manager [-] Deleting neutron.port object s_rally_5a1fd456_oWGKpEDY (064476e4-e594-4d1c-a837-35727469a82e)
2019-06-22 09:49:03.223 22704 RALLYDEBUG rally_openstack.cleanup.manager [-] Deleting neutron.port object s_rally_5a1fd456_QMAHAzaK (06dd97f5-7b99-4871-9d4c-b9c51dbbec16)
2019-06-22 09:49:03.495 22704 RALLYDEBUG rally_openstack.cleanup.manager [-] Deleting neutron.port object s_rally_5a1fd456_ggdMtlW3 (06f8e2cc-bfdd-4b41-82cc-0d8553968e7f)
2019-06-22 09:49:04.856 22704 RALLYDEBUG rally_openstack.cleanup.manager [-] Deleting neutron.port object s_rally_5a1fd456_Hx0g81YX (070d55d5-473f-4810-a9d7-ab00b4fa0670)
2019-06-22 09:49:05.502 22704 RALLYDEBUG rally_openstack.cleanup.manager [-] Deleting neutron.port object s_rally_5a1fd456_HiDe66zu (074ddb5d-6cc1-44e6-99c1-3df58b3d7a6a)
2019-06-22 09:49:05.651 22704 RALLYDEBUG rally_openstack.cleanup.manager [-] Deleting neutron.port object s_rally_5a1fd456_PuIFioQS (0813ab73-10ac-43ba-b4b2-cfada9898f7e)
2019-06-22 09:49:06.269 22704 RALLYDEBUG rally_openstack.cleanup.manager [-] Deleting neutron.port object s_rally_5a1fd456_hZ4oOZvx (0829ccee-1707-4895-8733-7cd4cc832fda)
2019-06-22 09:49:06.469 22704 RALLYDEBUG rally_openstack.cleanup.manager [-] Deleting neutron.port object s_rally_5a1fd456_OGPVaREM (09d808e5-c91d-4cbf-9903-314dbffc331b)
2019-06-22 09:49:06.599 22704 RALLYDEBUG rally_openstack.cleanup.manager [-] Deleting neutron.port object s_rally_5a1fd456_f1PeY2Hq (0ab0fe02-c6f7-48cf-95ed-5bcd325036b3)
2019-06-22 09:49:06.658 22704 RALLYDEBUG rally_openstack.cleanup.manager [-] Deleting neutron.port object s_rally_5a1fd456_oRkHGa9j (0ab6adaa-f76d-40e7-8516-4adb6b8f4f5e)
2019-06-22 09:49:07.152 22704 RALLYDEBUG rally_openstack.cleanup.manager [-] Deleting neutron.port object s_rally_5a1fd456_ArXaKomU (0b89e158-4409-4295-9a86-53671f624223)
2019-06-22 09:49:07.153 22704 RALLYDEBUG rally_openstack.cleanup.manager [-] Deleting neutron.port object s_rally_5a1fd456_9QEnGMRX (0b1907d9-5d9b-4d09-8cfb-f071e8f247c2)
2019-06-22 09:49:07.291 22704 RALLYDEBUG rally_openstack.cleanup.manager [-] Deleting neutron.port object s_rally_5a1fd456_zYDfTmBi (0bafcf9b-dd4a-46ca-9f52-c9cf8b630df9)
2019-06-22 09:49:07.311 22704 RALLYDEBUG rally_openstack.cleanup.manager [-] Deleting neutron.port object s_rally_5a1fd456_fpwXiDR8 (0bc5661f-fe2a-45d9-957e-b3e2851cf9fe)
2019-06-22 09:49:07.907 22704 RALLYDEBUG rally_openstack.cleanup.manager [-] Deleting neutron.port object s_rally_5a1fd456_mubHs2TM (0bfdf8ba-d315-46d2-a14e-d3e36356190f)
2019-06-22 09:49:08.010 22704 RALLYDEBUG rally_openstack.cleanup.manager [-] Deleting neutron.port object s_rally_5a1fd456_eBdNAiHp (0cdf7aa6-26f7-41cf-9841-b51cda213022)
2019-06-22 09:49:08.073 22704 RALLYDEBUG rally_openstack.cleanup.manager [-] Deleting neutron.port object s_rally_5a1fd456_D1KzLsg1 (0cebc07c-7d68-4c9a-9e5b-7a6faa533a62)
2019-06-22 09:49:08.104 22704 RALLYDEBUG rally_openstack.cleanup.manager [-] Deleting neutron.port object s_rally_5a1fd456_i0fk09KJ (0d1dd68b-28e6-4fe0-ba38-08e7856a00f3)
2019-06-22 09:49:08.365 22704 RALLYDEBUG rally_openstack.cleanup.manager [-] Deleting neutron.port object s_rally_5a1fd456_Sjetqx4t (0d850a7e-890f-473b-9255-3a5080999401)
2019-06-22 09:49:08.532 22704 RALLYDEBUG rally_openstack.cleanup.manager [-] Deleting neutron.port object s_rally_5a1fd456_OyR6byzi (0e503bca-87f9-4926-922b-6a6abe5cf6e1)
2019-06-22 09:49:08.725 22704 RALLYDEBUG rally_openstack.cleanup.manager [-] Deleting neutron.port object s_rally_5a1fd456_rEyXkgN4 (1083f73b-836f-4efa-8707-3b87ff18d30e)
2019-06-22 09:49:08.790 22704 RALLYDEBUG rally_openstack.cleanup.manager [-] Deleting neutron.port object s_rally_5a1fd456_yr8ymirV (10968197-e2e5-4c54-98aa-c71b9840dfb2)
2019-06-22 09:49:08.835 22704 RALLYDEBUG rally_openstack.cleanup.manager [-] Deleting neutron.port object s_rally_5a1fd456_De7VUFQQ (11242dbe-eeaa-4724-ba26-144de8e6e62e)
2019-06-22 09:49:09.045 22704 RALLYDEBUG rally_openstack.cleanup.manager [-] Deleting neutron.port object s_rally_5a1fd456_0yIKjMAU (11793d01-7476-462d-a08b-167f82fbdbd2)
2019-06-22 09:49:09.156 22704 RALLYDEBUG rally_openstack.cleanup.manager [-] Deleting neutron.port object s_rally_5a1fd456_PfIoVd4T (11f64cc1-a004-482a-9431-fed9e14ea12f)
2019-06-22 09:49:09.353 22704 RALLYDEBUG rally_openstack.cleanup.manager [-] Deleting neutron.port object s_rally_5a1fd456_KzJ95yJG (1239c6ff-af55-41df-8f00-4fe53b37215e)
2019-06-22 09:49:09.370 22704 RALLYDEBUG rally_openstack.cleanup.manager [-] Deleting neutron.port object s_rally_5a1fd456_6LILX88L (125e72c0-81e0-4c5f-b9e7-4da0f1643ef9)
2019-06-22 09:49:09.665 22704 RALLYDEBUG rally_openstack.cleanup.manager [-] Deleting neutron.port object s_rally_5a1fd456_cKr81rmM (1260e47e-77c9-4118-9c35-3cd5ede39a50)
2019-06-22 09:49:09.706 22704 RALLYDEBUG rally_openstack.cleanup.manager [-] Deleting neutron.port object s_rally_5a1fd456_WRTJAIw9 (12f32b95-a86b-4779-90b6-fe2b13d09c8d)
2019-06-22 09:49:09.722 22704 RALLYDEBUG rally_openstack.cleanup.manager [-] Deleting neutron.port object s_rally_5a1fd456_A7afZ7AI (132c1bc1-fce1-4f4b-adb2-f1658db444be)
2019-06-22 09:49:10.016 22704 RALLYDEBUG rally_openstack.cleanup.manager [-] Deleting neutron.port object s_rally_5a1fd456_6Q3dyQpv (13a1b859-6a1d-41d4-8bea-8cf4bd3dfb3e)
2019-06-22 09:49:10.741 22704 RALLYDEBUG rally_openstack.cleanup.manager [-] Deleting neutron.port object s_rally_5a1fd456_abtYkA3P (13c2d72c-4780-4099-81ff-db0ad29e59e5)
2019-06-22 09:49:10.885 22704 RALLYDEBUG rally_openstack.cleanup.manager [-] Deleting neutron.port object s_rally_5a1fd456_K59BFhP7 (1452be4f-775c-417b-b4eb-482004e59761)
2019-06-22 09:49:10.927 22704 RALLYDEBUG rally_openstack.cleanup.manager [-] Deleting neutron.port object s_rally_5a1fd456_1wCYa3at (1544ea56-b0b4-4b8e-8caf-ee29a65bc180)
2019-06-22 09:49:10.999 22704 RALLYDEBUG rally_openstack.cleanup.manager [-] Deleting neutron.port object s_rally_5a1fd456_WuDwzL3J (15b5e1ac-36ae-42d8-96a3-69f262b7da8f)
2019-06-22 09:49:11.236 22704 RALLYDEBUG rally_openstack.cleanup.manager [-] Deleting neutron.port object s_rally_5a1fd456_ysHxzR1u (15db8749-2f8d-454f-a6a9-b3ff06429496)
2019-06-22 09:49:11.408 22704 RALLYDEBUG rally_openstack.cleanup.manager [-] Deleting neutron.port object s_rally_5a1fd456_J8qcdSUm (160e475c-3720-4f32-8412-cf81e01281b5)
2019-06-22 09:49:11.905 22704 RALLYDEBUG rally_openstack.cleanup.manager [-] Deleting neutron.port object s_rally_5a1fd456_mwxxwwd6 (17691991-62f4-4a58-8cba-f2f7ac229137)
2019-06-22 09:49:12.037 22704 RALLYDEBUG rally_openstack.cleanup.manager [-] Deleting neutron.port object s_rally_5a1fd456_8x2b7S6Q (18765777-162b-473d-b5b8-c895d4c10637)
2019-06-22 09:49:12.145 22704 RALLYDEBUG rally_openstack.cleanup.manager [-] Deleting neutron.port object s_rally_5a1fd456_NI91RylF (19908ea6-e688-4850-9c62-1ea28a5c124d)
2019-06-22 09:49:12.294 22704 RALLYDEBUG rally_openstack.cleanup.manager [-] Deleting neutron.port object s_rally_5a1fd456_SHKaZqTb (1acd6cd0-42e1-47a4-ac2c-e00b70424407)
2019-06-22 09:49:12.410 22704 RALLYDEBUG rally_openstack.cleanup.manager [-] Deleting neutron.port object s_rally_5a1fd456_c9H2pVpr (1bd36296-78c5-4f3e-91ca-deb6ca82c326)
2019-06-22 09:49:12.624 22704 RALLYDEBUG rally_openstack.cleanup.manager [-] Deleting neutron.port object s_rally_5a1fd456_0AAk1xjJ (1d61623e-fdb1-403b-a4f9-3169a4dc9da6)
2019-06-22 09:49:12.809 22704 RALLYDEBUG rally_openstack.cleanup.manager [-] Deleting neutron.port object s_rally_5a1fd456_NdKaE5cT (1d67d11b-0c71-41d8-9c96-4cd3704e49da)
2019-06-22 09:49:12.859 22704 RALLYDEBUG rally_openstack.cleanup.manager [-] Deleting neutron.port object s_rally_5a1fd456_31BT8mAm (1d7d3482-370c-4b9a-b136-5778e666772b)
2019-06-22 09:49:12.874 22704 RALLYDEBUG rally_openstack.cleanup.manager [-] Deleting neutron.port object s_rally_5a1fd456_qwP5K7HT (1e4a58e2-506a-41cf-ba12-10c523141606)
2019-06-22 09:49:12.884 22704 RALLYDEBUG rally_openstack.cleanup.manager [-] Deleting neutron.port object s_rally_5a1fd456_gzr9DR7I (1feeefc2-d60d-4c6b-a6a3-b81c8a8c21d6)
2019-06-22 09:49:13.835 22704 RALLYDEBUG rally_openstack.cleanup.manager [-] Deleting neutron.port object s_rally_5a1fd456_UuPguUpi (200bc034-2811-4fff-8003-c1fd4836d6ea)
2019-06-22 09:49:13.959 22704 RALLYDEBUG rally_openstack.cleanup.manager [-] Deleting neutron.port object s_rally_5a1fd456_CP90tExd (213fc57a-1108-44fe-ae54-0bc18c32d1d3)
2019-06-22 09:49:14.012 22704 RALLYDEBUG rally_openstack.cleanup.manager [-] Deleting neutron.port object s_rally_5a1fd456_1lyaXO4A (22782988-2917-41ca-9e34-1044af64f7b2)
2019-06-22 09:49:14.733 22704 RALLYDEBUG rally_openstack.cleanup.manager [-] Deleting neutron.port object s_rally_5a1fd456_Nr0b1hoG (231c68f8-426c-4bac-a5aa-09d0c171ed95)
2019-06-22 09:49:14.865 22704 RALLYDEBUG rally_openstack.cleanup.manager [-] Deleting neutron.port object s_rally_5a1fd456_2x4a9Lel (2320cfcc-9ee8-4430-a76f-6dfe2d8fe1f7)
2019-06-22 09:49:14.920 22704 RALLYDEBUG rally_openstack.cleanup.manager [-] Deleting neutron.port object s_rally_5a1fd456_u162S18s (24766d94-e18a-4909-b81e-a10949e7dea4)
2019-06-22 09:49:15.142 22704 RALLYDEBUG rally_openstack.cleanup.manager [-] Deleting neutron.port object s_rally_5a1fd456_j89QX7ea (2478f8b9-7d36-4c61-90d1-75f6f71aa8cc)
2019-06-22 09:49:15.331 22704 RALLYDEBUG rally_openstack.cleanup.manager [-] Deleting neutron.port object s_rally_5a1fd456_jSy66pwU (25bef114-a79e-445a-9952-06ea31ad4892)
2019-06-22 09:49:15.331 22704 RALLYDEBUG rally_openstack.cleanup.manager [-] Deleting neutron.port object s_rally_5a1fd456_XGk0obZE (260e23dd-3ea6-461b-b027-233850fcfc31)
2019-06-22 09:49:15.352 22704 RALLYDEBUG rally_openstack.cleanup.manager [-] Deleting neutron.port object s_rally_5a1fd456_APsGGsXa (273fc7fe-dd82-4881-8011-fc34b55d4b62)
2019-06-22 09:49:15.649 22704 RALLYDEBUG rally_openstack.cleanup.manager [-] Deleting neutron.port object s_rally_5a1fd456_1ACzWE2u (27b4cfd9-7996-4b41-bf39-bde1b511090b)
2019-06-22 09:49:15.773 22704 RALLYDEBUG rally_openstack.cleanup.manager [-] Deleting neutron.port object s_rally_5a1fd456_GjXrcBRu (2816c731-9313-47ad-b466-f0b426916869)
2019-06-22 09:49:15.863 22704 RALLYDEBUG rally_openstack.cleanup.manager [-] Deleting neutron.port object s_rally_5a1fd456_3GX3Zilo (28c8acc9-d328-4a42-8f91-6cbe809ca8b2)
2019-06-22 09:49:15.869 22704 RALLYDEBUG rally_openstack.cleanup.manager [-] Deleting neutron.port object s_rally_5a1fd456_SI6oOPaE (28844753-2efb-4bf4-a77a-a6d1dc5c134c)
2019-06-22 09:49:15.971 22704 RALLYDEBUG rally_openstack.cleanup.manager [-] Deleting neutron.port object s_rally_5a1fd456_VxgZDzNI (28d819ad-f9cb-42e8-98cf-22195b95e053)
2019-06-22 09:49:15.977 22704 RALLYDEBUG rally_openstack.cleanup.manager [-] Deleting neutron.port object s_rally_5a1fd456_AIxZBYrp (28fd7e89-2cf5-4cd8-a322-11c4a6c59b5f)
2019-06-22 09:49:16.026 22704 RALLYDEBUG rally_openstack.cleanup.manager [-] Deleting neutron.port object s_rally_5a1fd456_h86XH7O6 (296d1f08-4687-4406-b067-45cfee889de9)
2019-06-22 09:49:16.101 22704 RALLYDEBUG rally_openstack.cleanup.manager [-] Deleting neutron.port object s_rally_5a1fd456_4XQX7MRv (2a3ae51d-280a-4bee-8199-87a588109987)
2019-06-22 09:49:16.141 22704 RALLYDEBUG rally_openstack.cleanup.manager [-] Deleting neutron.port object s_rally_5a1fd456_qSIpsEJX (2a4db5cb-f05c-4a54-8d4d-85e0b3b532be)
2019-06-22 09:49:16.234 22704 RALLYDEBUG rally_openstack.cleanup.manager [-] Deleting neutron.port object s_rally_5a1fd456_JcjPebnU (2a7dc000-34b9-4255-9d13-7c1ef79e5a9f)
2019-06-22 09:49:16.767 22704 RALLYDEBUG rally_openstack.cleanup.manager [-] Deleting neutron.port object s_rally_5a1fd456_E9WwwpxH (2acc78c3-f74f-440c-8c3b-99e6bf01792b)
2019-06-22 09:49:17.259 22704 RALLYDEBUG rally_openstack.cleanup.manager [-] Deleting neutron.port object s_rally_5a1fd456_H6qOK4KB (2b085639-24fb-4d2f-8153-b78075a47814)
2019-06-22 09:49:17.297 22704 RALLYDEBUG rally_openstack.cleanup.manager [-] Deleting neutron.port object s_rally_5a1fd456_V77bqTUi (2b1a7348-650e-477d-90fa-a7ecbc3d9e7d)
2019-06-22 09:49:17.447 22704 RALLYDEBUG rally_openstack.cleanup.manager [-] Deleting neutron.port object s_rally_5a1fd456_mNfnAh1S (2bf1b159-fda2-45d0-943c-ae7f68493da4)
2019-06-22 09:49:17.540 22704 RALLYDEBUG rally_openstack.cleanup.manager [-] Deleting neutron.port object s_rally_5a1fd456_4saCQbdK (2cb44fb9-acb8-4f7d-9d0f-9fc4aa51569c)
2019-06-22 09:49:18.018 22704 RALLYDEBUG rally_openstack.cleanup.manager [-] Deleting neutron.port object s_rally_5a1fd456_e6pypO8v (2e98c204-944e-4cff-9c72-e0388294c73d)
2019-06-22 09:49:18.278 22704 RALLYDEBUG rally_openstack.cleanup.manager [-] Deleting neutron.port object s_rally_5a1fd456_1q6yDUDS (2ef0ad98-0156-4264-8580-aad1a2fc70ed)
2019-06-22 09:49:18.376 22704 RALLYDEBUG rally_openstack.cleanup.manager [-] Deleting neutron.port object s_rally_5a1fd456_giGYcWxZ (30076929-e7f3-4b34-8eb9-5e2091fbbf2d)
2019-06-22 09:49:18.639 22704 RALLYDEBUG rally_openstack.cleanup.manager [-] Deleting neutron.port object s_rally_5a1fd456_pnbq07Wv (303a4614-a538-43db-9d8d-17674af1b324)
2019-06-22 09:49:18.747 22704 RALLYDEBUG rally_openstack.cleanup.manager [-] Deleting neutron.port object s_rally_5a1fd456_4I0ixMck (30695820-5b64-495a-81ff-43acc3231005)
2019-06-22 09:49:19.073 22704 RALLYDEBUG rally_openstack.cleanup.manager [-] Deleting neutron.port object s_rally_5a1fd456_zQ9bYZwP (30f88013-f8e1-478e-b6ba-f418e0353ced)
