2019-06-22 09:29:30.486 24816 RALLYDEBUG rally.task.runner [-] Starting a worker. concurrency: 1 args: {"network_create_args": {}, "subnet_create_args": {}, "subnet_cidr_start": "1.1.0.0/30", "subnets_per_network": 2} times: 40 method_name: run timeout: 0 duration: None cls:
2019-06-22 09:29:30.488 24805 INFO rally.task.runner [-] Task e3672d45-2c24-4b3f-8511-63439df4c647 | ITER: 10 START
2019-06-22 09:29:30.488 24804 INFO rally.task.runner [-] Task e3672d45-2c24-4b3f-8511-63439df4c647 | ITER: 9 START
2019-06-22 09:29:30.482 24799 INFO rally.task.runner [-] Task e3672d45-2c24-4b3f-8511-63439df4c647 | ITER: 3 START
2019-06-22 09:29:30.489 24810 INFO rally.task.runner [-] Task e3672d45-2c24-4b3f-8511-63439df4c647 | ITER: 11 START
2019-06-22 09:29:30.490 24805 WARNING rally_openstack.scenarios.neutron.utils [-] Running this scenario without either the 'network' or 'existing_network' context is deprecated
2019-06-22 09:29:30.490 24799 WARNING rally_openstack.scenarios.neutron.utils [-] Running this scenario without either the 'network' or 'existing_network' context is deprecated
2019-06-22 09:29:30.490 24804 WARNING rally_openstack.scenarios.neutron.utils [-] Running this scenario without either the 'network' or 'existing_network' context is deprecated
2019-06-22 09:29:30.490 24801 INFO rally.task.runner [-] Task e3672d45-2c24-4b3f-8511-63439df4c647 | ITER: 7 START
2019-06-22 09:29:30.491 24810 WARNING rally_openstack.scenarios.neutron.utils [-] Running this scenario without either the 'network' or 'existing_network' context is deprecated
2019-06-22 09:29:30.492 24801 WARNING rally_openstack.scenarios.neutron.utils [-] Running this scenario without either the 'network' or 'existing_network' context is deprecated
2019-06-22 09:29:30.483 24800 INFO rally.task.runner [-] Task e3672d45-2c24-4b3f-8511-63439df4c647 | ITER: 8 START
2019-06-22 09:29:30.493 24818 RALLYDEBUG rally.task.runner [-] Starting a worker. concurrency: 1 args: {"network_create_args": {}, "subnet_create_args": {}, "subnet_cidr_start": "1.1.0.0/30", "subnets_per_network": 2} times: 40 method_name: run timeout: 0 duration: None cls:
2019-06-22 09:29:30.497 24816 INFO rally.task.runner [-] Task e3672d45-2c24-4b3f-8511-63439df4c647 | ITER: 12 START
2019-06-22 09:29:30.497 24826 RALLYDEBUG rally.task.runner [-] Starting a worker. concurrency: 1 args: {"network_create_args": {}, "subnet_create_args": {}, "subnet_cidr_start": "1.1.0.0/30", "subnets_per_network": 2} times: 40 method_name: run timeout: 0 duration: None cls:
2019-06-22 09:29:30.497 24823 RALLYDEBUG rally.task.runner [-] Starting a worker. concurrency: 1 args: {"network_create_args": {}, "subnet_create_args": {}, "subnet_cidr_start": "1.1.0.0/30", "subnets_per_network": 2} times: 40 method_name: run timeout: 0 duration: None cls:
2019-06-22 09:29:30.498 24816 WARNING rally_openstack.scenarios.neutron.utils [-] Running this scenario without either the 'network' or 'existing_network' context is deprecated
2019-06-22 09:29:30.498 24800 WARNING rally_openstack.scenarios.neutron.utils [-] Running this scenario without either the 'network' or 'existing_network' context is deprecated
2019-06-22 09:29:30.500 24828 RALLYDEBUG rally.task.runner [-] Starting a worker. concurrency: 1 args: {"network_create_args": {}, "subnet_create_args": {}, "subnet_cidr_start": "1.1.0.0/30", "subnets_per_network": 2} times: 40 method_name: run timeout: 0 duration: None cls:
2019-06-22 09:29:30.502 24826 INFO rally.task.runner [-] Task e3672d45-2c24-4b3f-8511-63439df4c647 | ITER: 14 START
2019-06-22 09:29:30.503 24826 WARNING rally_openstack.scenarios.neutron.utils [-] Running this scenario without either the 'network' or 'existing_network' context is deprecated
2019-06-22 09:29:30.504 24823 INFO rally.task.runner [-] Task e3672d45-2c24-4b3f-8511-63439df4c647 | ITER: 15 START
2019-06-22 09:29:30.506 24823 WARNING rally_openstack.scenarios.neutron.utils [-] Running this scenario without either the 'network' or 'existing_network' context is deprecated
2019-06-22 09:29:30.506 24828 INFO rally.task.runner [-] Task e3672d45-2c24-4b3f-8511-63439df4c647 | ITER: 16 START
2019-06-22 09:29:30.507 24828 WARNING rally_openstack.scenarios.neutron.utils [-] Running this scenario without either the 'network' or 'existing_network' context is deprecated
2019-06-22 09:29:30.509 24818 INFO rally.task.runner [-] Task e3672d45-2c24-4b3f-8511-63439df4c647 | ITER: 13 START
2019-06-22 09:29:30.514 24838 RALLYDEBUG rally.task.runner [-] Starting a worker. concurrency: 1 args: {"network_create_args": {}, "subnet_create_args": {}, "subnet_cidr_start": "1.1.0.0/30", "subnets_per_network": 2} times: 40 method_name: run timeout: 0 duration: None cls:
2019-06-22 09:29:30.519 24838 INFO rally.task.runner [-] Task e3672d45-2c24-4b3f-8511-63439df4c647 | ITER: 17 START
2019-06-22 09:29:30.519 24830 RALLYDEBUG rally.task.runner [-] Starting a worker. concurrency: 1 args: {"network_create_args": {}, "subnet_create_args": {}, "subnet_cidr_start": "1.1.0.0/30", "subnets_per_network": 2} times: 40 method_name: run timeout: 0 duration: None cls:
2019-06-22 09:29:30.520 24838 WARNING rally_openstack.scenarios.neutron.utils [-] Running this scenario without either the 'network' or 'existing_network' context is deprecated
2019-06-22 09:29:30.511 24818 WARNING rally_openstack.scenarios.neutron.utils [-] Running this scenario without either the 'network' or 'existing_network' context is deprecated
2019-06-22 09:29:30.526 24830 INFO rally.task.runner [-] Task e3672d45-2c24-4b3f-8511-63439df4c647 | ITER: 18 START
2019-06-22 09:29:30.525 24841 RALLYDEBUG rally.task.runner [-] Starting a worker. concurrency: 1 args: {"network_create_args": {}, "subnet_create_args": {}, "subnet_cidr_start": "1.1.0.0/30", "subnets_per_network": 2} times: 40 method_name: run timeout: 0 duration: None cls:
2019-06-22 09:29:30.527 24830 WARNING rally_openstack.scenarios.neutron.utils [-] Running this scenario without either the 'network' or 'existing_network' context is deprecated
2019-06-22 09:29:30.530 24841 INFO rally.task.runner [-] Task e3672d45-2c24-4b3f-8511-63439df4c647 | ITER: 19 START
2019-06-22 09:29:30.531 24841 WARNING rally_openstack.scenarios.neutron.utils [-] Running this scenario without either the 'network' or 'existing_network' context is deprecated
2019-06-22 09:29:30.532 24845 RALLYDEBUG rally.task.runner [-] Starting a worker. concurrency: 1 args: {"network_create_args": {}, "subnet_create_args": {}, "subnet_cidr_start": "1.1.0.0/30", "subnets_per_network": 2} times: 40 method_name: run timeout: 0 duration: None cls:
2019-06-22 09:29:30.537 24845 INFO rally.task.runner [-] Task e3672d45-2c24-4b3f-8511-63439df4c647 | ITER: 20 START
2019-06-22 09:29:30.538 24845 WARNING rally_openstack.scenarios.neutron.utils [-] Running this scenario without either the 'network' or 'existing_network' context is deprecated
2019-06-22 09:29:32.242 24801 RALLYDEBUG rally_openstack.wrappers.network [-] CIDR generated: 1.1.4.96/30
2019-06-22 09:29:32.258 24798 RALLYDEBUG rally_openstack.wrappers.network [-] CIDR generated: 1.1.4.100/30
2019-06-22 09:29:32.345 24798 RALLYDEBUG rally_openstack.wrappers.network [-] CIDR generated: 1.1.4.104/30
2019-06-22 09:29:32.364 24799 RALLYDEBUG rally_openstack.wrappers.network [-] CIDR generated: 1.1.4.108/30
2019-06-22 09:29:32.365 24799 RALLYDEBUG rally_openstack.wrappers.network [-] CIDR generated: 1.1.4.112/30
2019-06-22 09:29:32.384 24826 RALLYDEBUG rally_openstack.wrappers.network [-] CIDR generated: 1.1.4.116/30
2019-06-22 09:29:32.391 24805 RALLYDEBUG rally_openstack.wrappers.network [-] CIDR generated: 1.1.4.120/30
2019-06-22 09:29:32.468 24823 RALLYDEBUG rally_openstack.wrappers.network [-] CIDR generated: 1.1.4.124/30
2019-06-22 09:29:32.645 24810 RALLYDEBUG rally_openstack.wrappers.network [-] CIDR generated: 1.1.4.128/30
2019-06-22 09:29:32.667 24801 RALLYDEBUG rally_openstack.wrappers.network [-] CIDR generated: 1.1.4.132/30
2019-06-22 09:29:32.802 24818 RALLYDEBUG rally_openstack.wrappers.network [-] CIDR generated: 1.1.4.136/30
2019-06-22 09:29:32.836 24800 RALLYDEBUG rally_openstack.wrappers.network [-] CIDR generated: 1.1.4.140/30
2019-06-22 09:29:32.862 24830 RALLYDEBUG rally_openstack.wrappers.network [-] CIDR generated: 1.1.4.144/30
2019-06-22 09:29:32.951 24816 RALLYDEBUG rally_openstack.wrappers.network [-] CIDR generated: 1.1.4.148/30
2019-06-22 09:29:33.023 24800 RALLYDEBUG rally_openstack.wrappers.network [-] CIDR generated: 1.1.4.152/30
2019-06-22 09:29:33.234 24841 RALLYDEBUG rally_openstack.wrappers.network [-] CIDR generated: 1.1.4.156/30
2019-06-22 09:29:33.372 24828 RALLYDEBUG rally_openstack.wrappers.network [-] CIDR generated: 1.1.4.160/30
2019-06-22 09:29:33.437 24838 RALLYDEBUG rally_openstack.wrappers.network [-] CIDR generated: 1.1.4.164/30
2019-06-22 09:29:33.469 24845 RALLYDEBUG rally_openstack.wrappers.network [-] CIDR generated: 1.1.4.168/30
2019-06-22 09:29:33.554 24801 RALLYDEBUG rally_openstack.wrappers.network [-] CIDR generated: 1.1.4.172/30
2019-06-22 09:29:33.765 24798 RALLYDEBUG rally_openstack.wrappers.network [-] CIDR generated: 1.1.4.176/30
2019-06-22 09:29:33.954 24798 RALLYDEBUG rally_openstack.wrappers.network [-] CIDR generated: 1.1.4.180/30
2019-06-22 09:29:34.288 24804 RALLYDEBUG rally_openstack.wrappers.network [-] CIDR generated: 1.1.4.184/30
2019-06-22 09:29:35.013 24805 RALLYDEBUG rally_openstack.wrappers.network [-] CIDR generated: 1.1.4.188/30
2019-06-22 09:29:35.019 24799 RALLYDEBUG rally_openstack.wrappers.network [-] CIDR generated: 1.1.4.192/30
2019-06-22 09:29:35.075 24799 RALLYDEBUG rally_openstack.wrappers.network [-] CIDR generated: 1.1.4.196/30
2019-06-22 09:29:35.448 24826 RALLYDEBUG rally_openstack.wrappers.network [-] CIDR generated: 1.1.4.200/30
2019-06-22 09:29:35.482 24800 RALLYDEBUG rally_openstack.wrappers.network [-] CIDR generated: 1.1.4.204/30
2019-06-22 09:29:35.575 24800 RALLYDEBUG rally_openstack.wrappers.network [-] CIDR generated: 1.1.4.208/30
2019-06-22 09:29:35.611 24830 RALLYDEBUG rally_openstack.wrappers.network [-] CIDR generated: 1.1.4.212/30
2019-06-22 09:29:36.168 24841 RALLYDEBUG rally_openstack.wrappers.network [-] CIDR generated: 1.1.4.216/30
2019-06-22 09:29:36.608 24838 RALLYDEBUG rally_openstack.wrappers.network [-] CIDR generated: 1.1.4.220/30
2019-06-22 09:29:36.652 24845 RALLYDEBUG rally_openstack.wrappers.network [-] CIDR generated: 1.1.4.224/30
2019-06-22 09:29:37.306 24801 RALLYDEBUG rally_openstack.wrappers.network [-] CIDR generated: 1.1.4.228/30
2019-06-22 09:29:37.310 24818 RALLYDEBUG rally_openstack.wrappers.network [-] CIDR generated: 1.1.4.232/30
2019-06-22 09:29:37.524 24816 RALLYDEBUG rally_openstack.wrappers.network [-] CIDR generated: 1.1.4.236/30
2019-06-22 09:29:38.549 24798 INFO rally.task.runner [-] Task e3672d45-2c24-4b3f-8511-63439df4c647 | ITER: 2 END: OK
2019-06-22 09:29:38.553 24798 INFO rally.task.runner [-] Task e3672d45-2c24-4b3f-8511-63439df4c647 | ITER: 21 START
2019-06-22 09:29:38.554 24798 WARNING rally_openstack.scenarios.neutron.utils [-] Running this scenario without either the 'network' or 'existing_network' context is deprecated
2019-06-22 09:29:38.646 24810 RALLYDEBUG rally_openstack.wrappers.network [-] CIDR generated: 1.1.4.240/30
2019-06-22 09:29:38.696 24823 RALLYDEBUG rally_openstack.wrappers.network [-] CIDR generated: 1.1.4.244/30
2019-06-22 09:29:39.287 24828 RALLYDEBUG rally_openstack.wrappers.network [-] CIDR generated: 1.1.4.248/30
2019-06-22 09:29:39.291 24798 INFO rally.task.runner [-] Task e3672d45-2c24-4b3f-8511-63439df4c647 | ITER: 1 END: OK
2019-06-22 09:29:39.295 24798 INFO rally.task.runner [-] Task e3672d45-2c24-4b3f-8511-63439df4c647 | ITER: 22 START
2019-06-22 09:29:39.295 24798 WARNING rally_openstack.scenarios.neutron.utils [-] Running this scenario without either the 'network' or 'existing_network' context is deprecated
2019-06-22 09:29:39.341 24801 INFO rally.task.runner [-] Task e3672d45-2c24-4b3f-8511-63439df4c647 | ITER: 5 END: OK
2019-06-22 09:29:39.345 24801 INFO rally.task.runner [-] Task e3672d45-2c24-4b3f-8511-63439df4c647 | ITER: 23 START
2019-06-22 09:29:39.345 24801 WARNING rally_openstack.scenarios.neutron.utils [-] Running this scenario without either the 'network' or 'existing_network' context is deprecated
2019-06-22 09:29:39.419 24804 RALLYDEBUG rally_openstack.wrappers.network [-] CIDR generated: 1.1.4.252/30
2019-06-22 09:29:39.810 24798 RALLYDEBUG rally_openstack.wrappers.network [-] CIDR generated: 1.1.5.0/30
2019-06-22 09:29:40.662 24801 RALLYDEBUG rally_openstack.wrappers.network [-] CIDR generated: 1.1.5.4/30
2019-06-22 09:29:40.674 24798 RALLYDEBUG rally_openstack.wrappers.network [-] CIDR generated: 1.1.5.8/30
2019-06-22 09:29:41.243 24798 RALLYDEBUG rally_openstack.wrappers.network [-] CIDR generated: 1.1.5.12/30
2019-06-22 09:29:42.186 24798 RALLYDEBUG rally_openstack.wrappers.network [-] CIDR generated: 1.1.5.16/30
2019-06-22 09:29:42.191 24826 INFO rally.task.runner [-] Task e3672d45-2c24-4b3f-8511-63439df4c647 | ITER: 14 END: OK
2019-06-22 09:29:42.196 24826 INFO rally.task.runner [-] Task e3672d45-2c24-4b3f-8511-63439df4c647 | ITER: 24 START
2019-06-22 09:29:42.197 24826 WARNING rally_openstack.scenarios.neutron.utils [-] Running this scenario without either the 'network' or 'existing_network' context is deprecated
2019-06-22 09:29:42.244 24801 RALLYDEBUG rally_openstack.wrappers.network [-] CIDR generated: 1.1.5.20/30
2019-06-22 09:29:42.260 24800 INFO rally.task.runner [-] Task e3672d45-2c24-4b3f-8511-63439df4c647 | ITER: 8 END: OK
2019-06-22 09:29:42.264 24800 INFO rally.task.runner [-] Task e3672d45-2c24-4b3f-8511-63439df4c647 | ITER: 25 START
2019-06-22 09:29:42.265 24800 WARNING rally_openstack.scenarios.neutron.utils [-] Running this scenario without either the 'network' or 'existing_network' context is deprecated
2019-06-22 09:29:42.559 24841 INFO rally.task.runner [-] Task e3672d45-2c24-4b3f-8511-63439df4c647 | ITER: 19 END: OK
2019-06-22 09:29:42.563 24841 INFO rally.task.runner [-] Task e3672d45-2c24-4b3f-8511-63439df4c647 | ITER: 26 START
2019-06-22 09:29:42.564 24841 WARNING rally_openstack.scenarios.neutron.utils [-] Running this scenario without either the 'network' or 'existing_network' context is deprecated
2019-06-22 09:29:42.932 24838 INFO rally.task.runner [-] Task e3672d45-2c24-4b3f-8511-63439df4c647 | ITER: 17 END: OK
2019-06-22 09:29:42.937 24845 INFO rally.task.runner [-] Task e3672d45-2c24-4b3f-8511-63439df4c647 | ITER: 20 END: OK
2019-06-22 09:29:42.937 24838 INFO rally.task.runner [-] Task e3672d45-2c24-4b3f-8511-63439df4c647 | ITER: 27 START
2019-06-22 09:29:42.938 24838 WARNING rally_openstack.scenarios.neutron.utils [-] Running this scenario without either the 'network' or 'existing_network' context is deprecated
2019-06-22 09:29:42.942 24845 INFO rally.task.runner [-] Task e3672d45-2c24-4b3f-8511-63439df4c647 | ITER: 28 START
2019-06-22 09:29:42.942 24845 WARNING rally_openstack.scenarios.neutron.utils [-] Running this scenario without either the 'network' or 'existing_network' context is deprecated
2019-06-22 09:29:43.353 24799 INFO rally.task.runner [-] Task e3672d45-2c24-4b3f-8511-63439df4c647 | ITER: 6 END: OK
2019-06-22 09:29:43.357 24799 INFO rally.task.runner [-] Task e3672d45-2c24-4b3f-8511-63439df4c647 | ITER: 29 START
2019-06-22 09:29:43.358 24799 WARNING rally_openstack.scenarios.neutron.utils [-] Running this scenario without either the 'network' or 'existing_network' context is deprecated
2019-06-22 09:29:44.077 24800 INFO rally.task.runner [-] Task e3672d45-2c24-4b3f-8511-63439df4c647 | ITER: 4 END: OK
2019-06-22 09:29:44.081 24800 INFO rally.task.runner [-] Task e3672d45-2c24-4b3f-8511-63439df4c647 | ITER: 30 START
2019-06-22 09:29:44.082 24800 WARNING rally_openstack.scenarios.neutron.utils [-] Running this scenario without either the 'network' or 'existing_network' context is deprecated
2019-06-22 09:29:44.087 24805 INFO rally.task.runner [-] Task e3672d45-2c24-4b3f-8511-63439df4c647 | ITER: 10 END: OK
2019-06-22 09:29:44.091 24800 RALLYDEBUG rally_openstack.wrappers.network [-] CIDR generated: 1.1.5.24/30
2019-06-22 09:29:44.092 24805 INFO rally.task.runner [-] Task e3672d45-2c24-4b3f-8511-63439df4c647 | ITER: 31 START
2019-06-22 09:29:44.093 24805 WARNING rally_openstack.scenarios.neutron.utils [-] Running this scenario without either the 'network' or 'existing_network' context is deprecated
2019-06-22 09:29:44.132 24799 INFO rally.task.runner [-] Task e3672d45-2c24-4b3f-8511-63439df4c647 | ITER: 3 END: OK
2019-06-22 09:29:44.135 24799 INFO rally.task.runner [-] Task e3672d45-2c24-4b3f-8511-63439df4c647 | ITER: 32 START
2019-06-22 09:29:44.136 24799 WARNING rally_openstack.scenarios.neutron.utils [-] Running this scenario without either the 'network' or 'existing_network' context is deprecated
2019-06-22 09:29:44.244 24826 RALLYDEBUG rally_openstack.wrappers.network [-] CIDR generated: 1.1.5.28/30
2019-06-22 09:29:44.385 24830 INFO rally.task.runner [-] Task e3672d45-2c24-4b3f-8511-63439df4c647 | ITER: 18 END: OK
2019-06-22 09:29:44.389 24830 INFO rally.task.runner [-] Task e3672d45-2c24-4b3f-8511-63439df4c647 | ITER: 33 START
2019-06-22 09:29:44.390 24830 WARNING rally_openstack.scenarios.neutron.utils [-] Running this scenario without either the 'network' or 'existing_network' context is deprecated
2019-06-22 09:29:44.738 24841 RALLYDEBUG rally_openstack.wrappers.network [-] CIDR generated: 1.1.5.32/30
2019-06-22 09:29:45.468 24838 RALLYDEBUG rally_openstack.wrappers.network [-] CIDR generated: 1.1.5.36/30
2019-06-22 09:29:45.573 24800 RALLYDEBUG rally_openstack.wrappers.network [-] CIDR generated: 1.1.5.40/30
2019-06-22 09:29:45.680 24799 RALLYDEBUG rally_openstack.wrappers.network [-] CIDR generated: 1.1.5.44/30
2019-06-22 09:29:45.775 24845 RALLYDEBUG rally_openstack.wrappers.network [-] CIDR generated: 1.1.5.48/30
2019-06-22 09:29:45.875 24805 RALLYDEBUG rally_openstack.wrappers.network [-] CIDR generated: 1.1.5.52/30
2019-06-22 09:29:46.134 24799 RALLYDEBUG rally_openstack.wrappers.network [-] CIDR generated: 1.1.5.56/30
2019-06-22 09:29:46.173 24830 RALLYDEBUG rally_openstack.wrappers.network [-] CIDR generated: 1.1.5.60/30
2019-06-22 09:29:46.225 24816 INFO rally.task.runner [-] Task e3672d45-2c24-4b3f-8511-63439df4c647 | ITER: 12 END: OK
2019-06-22 09:29:46.227 24818 INFO rally.task.runner [-] Task e3672d45-2c24-4b3f-8511-63439df4c647 | ITER: 13 END: OK
2019-06-22 09:29:46.228 24816 INFO rally.task.runner [-] Task e3672d45-2c24-4b3f-8511-63439df4c647 | ITER: 34 START
2019-06-22 09:29:46.229 24816 WARNING rally_openstack.scenarios.neutron.utils [-] Running this scenario without either the 'network' or 'existing_network' context is deprecated
2019-06-22 09:29:46.230 24798 INFO rally.task.runner [-] Task e3672d45-2c24-4b3f-8511-63439df4c647 | ITER: 22 END: OK
2019-06-22 09:29:46.230 24818 INFO rally.task.runner [-] Task e3672d45-2c24-4b3f-8511-63439df4c647 | ITER: 35 START
2019-06-22 09:29:46.231 24818 WARNING rally_openstack.scenarios.neutron.utils [-] Running this scenario without either the 'network' or 'existing_network' context is deprecated
2019-06-22 09:29:46.232 24801 INFO rally.task.runner [-] Task e3672d45-2c24-4b3f-8511-63439df4c647 | ITER: 7 END: OK
2019-06-22 09:29:46.234 24798 INFO rally.task.runner [-] Task e3672d45-2c24-4b3f-8511-63439df4c647 | ITER: 36 START
2019-06-22 09:29:46.234 24798 WARNING rally_openstack.scenarios.neutron.utils [-] Running this scenario without either the 'network' or 'existing_network' context is deprecated
2019-06-22 09:29:46.237 24801 INFO rally.task.runner [-] Task e3672d45-2c24-4b3f-8511-63439df4c647 | ITER: 37 START
2019-06-22 09:29:46.237 24801 WARNING rally_openstack.scenarios.neutron.utils [-] Running this scenario without either the 'network' or 'existing_network' context is deprecated
2019-06-22 09:29:46.706 24798 INFO rally.task.runner [-] Task e3672d45-2c24-4b3f-8511-63439df4c647 | ITER: 21 END: OK
2019-06-22 09:29:46.710 24798 INFO rally.task.runner [-] Task e3672d45-2c24-4b3f-8511-63439df4c647 | ITER: 38 START
2019-06-22 09:29:46.711 24798 WARNING rally_openstack.scenarios.neutron.utils [-] Running this scenario without either the 'network' or 'existing_network' context is deprecated
2019-06-22 09:29:46.874 24801 INFO rally.task.runner [-] Task e3672d45-2c24-4b3f-8511-63439df4c647 | ITER: 23 END: OK
2019-06-22 09:29:46.878 24801 INFO rally.task.runner [-] Task e3672d45-2c24-4b3f-8511-63439df4c647 | ITER: 39 START
2019-06-22 09:29:46.879 24801 WARNING rally_openstack.scenarios.neutron.utils [-] Running this scenario without either the 'network' or 'existing_network' context is deprecated
2019-06-22 09:29:47.503 24841 RALLYDEBUG rally_openstack.wrappers.network [-] CIDR generated: 1.1.5.64/30
2019-06-22 09:29:47.788 24798 RALLYDEBUG rally_openstack.wrappers.network [-] CIDR generated: 1.1.5.68/30
2019-06-22 09:29:47.940 24799 RALLYDEBUG rally_openstack.wrappers.network [-] CIDR generated: 1.1.5.72/30
2019-06-22 09:29:48.112 24816 RALLYDEBUG rally_openstack.wrappers.network [-] CIDR generated: 1.1.5.76/30
2019-06-22 09:29:48.315 24801 RALLYDEBUG rally_openstack.wrappers.network [-] CIDR generated: 1.1.5.80/30
2019-06-22 09:29:48.369 24800 RALLYDEBUG rally_openstack.wrappers.network [-] CIDR generated: 1.1.5.84/30
2019-06-22 09:29:48.507 24798 RALLYDEBUG rally_openstack.wrappers.network [-] CIDR generated: 1.1.5.88/30
2019-06-22 09:29:48.547 24818 RALLYDEBUG rally_openstack.wrappers.network [-] CIDR generated: 1.1.5.92/30
2019-06-22 09:29:48.556 24826 RALLYDEBUG rally_openstack.wrappers.network [-] CIDR generated: 1.1.5.96/30
2019-06-22 09:29:48.726 24801 RALLYDEBUG rally_openstack.wrappers.network [-] CIDR generated: 1.1.5.100/30
2019-06-22 09:29:48.750 24800 RALLYDEBUG rally_openstack.wrappers.network [-] CIDR generated: 1.1.5.104/30
2019-06-22 09:29:48.833 24838 RALLYDEBUG rally_openstack.wrappers.network [-] CIDR generated: 1.1.5.108/30
2019-06-22 09:29:49.108 24805 RALLYDEBUG rally_openstack.wrappers.network [-] CIDR generated: 1.1.5.112/30
2019-06-22 09:29:49.169 24799 RALLYDEBUG rally_openstack.wrappers.network [-] CIDR generated: 1.1.5.116/30
2019-06-22 09:29:49.306 24830 RALLYDEBUG rally_openstack.wrappers.network [-] CIDR generated: 1.1.5.120/30
2019-06-22 09:29:49.761 24798 RALLYDEBUG rally_openstack.wrappers.network [-] CIDR generated: 1.1.5.124/30
2019-06-22 09:29:49.855 24845 RALLYDEBUG rally_openstack.wrappers.network [-] CIDR generated: 1.1.5.128/30
2019-06-22 09:29:50.429 24816 RALLYDEBUG rally_openstack.wrappers.network [-] CIDR generated: 1.1.5.132/30
2019-06-22 09:29:51.135 24798 RALLYDEBUG rally_openstack.wrappers.network [-] CIDR generated: 1.1.5.136/30
2019-06-22 09:29:51.216 24823 INFO rally.task.runner [-] Task e3672d45-2c24-4b3f-8511-63439df4c647 | ITER: 15 END: OK
2019-06-22 09:29:51.221 24823 INFO rally.task.runner [-] Task e3672d45-2c24-4b3f-8511-63439df4c647 | ITER: 40 START
2019-06-22 09:29:51.221 24823 WARNING rally_openstack.scenarios.neutron.utils [-] Running this scenario without either the 'network' or 'existing_network' context is deprecated
2019-06-22 09:29:51.713 24828 INFO rally.task.runner [-] Task e3672d45-2c24-4b3f-8511-63439df4c647 | ITER: 16 END: OK
2019-06-22 09:29:53.271 24801 RALLYDEBUG rally_openstack.wrappers.network [-] CIDR generated: 1.1.5.140/30
2019-06-22 09:29:53.525 24799 INFO rally.task.runner [-] Task e3672d45-2c24-4b3f-8511-63439df4c647 | ITER: 32 END: OK
2019-06-22 09:29:53.745 24801 RALLYDEBUG rally_openstack.wrappers.network [-] CIDR generated: 1.1.5.144/30
2019-06-22 09:29:53.750 24818 RALLYDEBUG rally_openstack.wrappers.network [-] CIDR generated: 1.1.5.148/30
2019-06-22 09:29:53.894 24823 RALLYDEBUG rally_openstack.wrappers.network [-] CIDR generated: 1.1.5.152/30
2019-06-22 09:29:53.965 24804 INFO rally.task.runner [-] Task e3672d45-2c24-4b3f-8511-63439df4c647 | ITER: 9 END: OK
2019-06-22 09:29:54.701 24810 INFO rally.task.runner [-] Task e3672d45-2c24-4b3f-8511-63439df4c647 | ITER: 11 END: OK
2019-06-22 09:29:55.735 24798 INFO rally.task.runner [-] Task e3672d45-2c24-4b3f-8511-63439df4c647 | ITER: 36 END: OK
2019-06-22 09:29:55.765 24841 INFO rally.task.runner [-] Task e3672d45-2c24-4b3f-8511-63439df4c647 | ITER: 26 END: OK
2019-06-22 09:29:56.465 24816 INFO rally.task.runner [-] Task e3672d45-2c24-4b3f-8511-63439df4c647 | ITER: 34 END: OK
2019-06-22 09:29:56.780 24823 RALLYDEBUG rally_openstack.wrappers.network [-] CIDR generated: 1.1.5.156/30
2019-06-22 09:29:56.863 24838 INFO rally.task.runner [-] Task e3672d45-2c24-4b3f-8511-63439df4c647 | ITER: 27 END: OK
2019-06-22 09:29:57.140 24798 INFO rally.task.runner [-] Task e3672d45-2c24-4b3f-8511-63439df4c647 | ITER: 38 END: OK
2019-06-22 09:29:57.251 24830 INFO rally.task.runner [-] Task e3672d45-2c24-4b3f-8511-63439df4c647 | ITER: 33 END: OK
2019-06-22 09:29:57.253 24800 INFO rally.task.runner [-] Task e3672d45-2c24-4b3f-8511-63439df4c647 | ITER: 30 END: OK
2019-06-22 09:29:57.538 24805 INFO rally.task.runner [-] Task e3672d45-2c24-4b3f-8511-63439df4c647 | ITER: 31 END: OK
2019-06-22 09:29:57.619 24799 INFO rally.task.runner [-] Task e3672d45-2c24-4b3f-8511-63439df4c647 | ITER: 29 END: OK
2019-06-22 09:29:57.964 24845 INFO rally.task.runner [-] Task e3672d45-2c24-4b3f-8511-63439df4c647 | ITER: 28 END: OK
2019-06-22 09:29:59.747 24800 INFO rally.task.runner [-] Task e3672d45-2c24-4b3f-8511-63439df4c647 | ITER: 25 END: OK
2019-06-22 09:29:59.910 24826 INFO rally.task.runner [-] Task e3672d45-2c24-4b3f-8511-63439df4c647 | ITER: 24 END: OK
2019-06-22 09:30:00.718 24801 INFO rally.task.runner [-] Task e3672d45-2c24-4b3f-8511-63439df4c647 | ITER: 39 END: OK
2019-06-22 09:30:01.727 24801 INFO rally.task.runner [-] Task e3672d45-2c24-4b3f-8511-63439df4c647 | ITER: 37 END: OK
2019-06-22 09:30:01.734 24818 INFO rally.task.runner [-] Task e3672d45-2c24-4b3f-8511-63439df4c647 | ITER: 35 END: OK
2019-06-22 09:30:02.268 24823 INFO rally.task.runner [-] Task e3672d45-2c24-4b3f-8511-63439df4c647 | ITER: 40 END: OK
2019-06-22 09:30:02.291 22704 INFO rally.task.context [-] Task e3672d45-2c24-4b3f-8511-63439df4c647 | Context cleanup@openstack cleanup() started
2019-06-22 09:30:02.293 22704 RALLYDEBUG rally_openstack.cleanup.manager [-] Cleaning up neutron vip objects
2019-06-22 09:30:03.018 22704 RALLYDEBUG rally_openstack.cleanup.manager [-] Cleaning up neutron health_monitor objects
2019-06-22 09:30:03.747 22704 RALLYDEBUG rally_openstack.cleanup.manager [-] Cleaning up neutron pool objects
2019-06-22 09:30:04.377 22704 RALLYDEBUG rally_openstack.cleanup.manager [-] Cleaning up neutron loadbalancer objects
2019-06-22 09:30:05.000 22704 RALLYDEBUG rally_openstack.cleanup.manager [-] Cleaning up neutron floatingip objects
2019-06-22 09:30:05.664 22704 RALLYDEBUG rally_openstack.cleanup.manager [-] Cleaning up neutron port objects
2019-06-22 09:30:06.491 22704 RALLYDEBUG rally_openstack.cleanup.manager [-] Cleaning up neutron subnet objects
2019-06-22 09:30:07.147 22704 RALLYDEBUG rally_openstack.cleanup.manager [-] Cleaning up neutron network objects
2019-06-22 09:30:07.958 22704 RALLYDEBUG rally_openstack.cleanup.manager [-] Deleting neutron.network object s_rally_735aa64e_8XbOLj5h (041a036c-0cc0-4328-80d5-443851226bfe)
2019-06-22 09:30:07.967 22704 RALLYDEBUG rally_openstack.cleanup.manager [-] Deleting neutron.network object s_rally_735aa64e_E0fhKMre (08beb1c5-0185-4a27-a224-ccd99be7d3f7)
2019-06-22 09:30:07.974 22704 RALLYDEBUG rally_openstack.cleanup.manager [-] Deleting neutron.network object s_rally_735aa64e_ILcN0tWQ (143848a4-e85e-4041-9300-34efc8b2d7db)
2019-06-22 09:30:07.983 22704 RALLYDEBUG rally_openstack.cleanup.manager [-] Deleting neutron.network object s_rally_735aa64e_zrxwE9y1 (1840796c-89cb-457b-8d60-2cbe783182c4)
2019-06-22 09:30:07.993 22704 RALLYDEBUG rally_openstack.cleanup.manager [-] Deleting neutron.network object s_rally_735aa64e_clddJezB (287bca7c-cc87-4c80-af40-14645ef55d87)
2019-06-22 09:30:08.005 22704 RALLYDEBUG rally_openstack.cleanup.manager [-] Deleting neutron.network object s_rally_735aa64e_hpDQ0Sd8 (2bbe19b9-ffbc-4699-be6c-1ea92341ac7d)
2019-06-22 09:30:08.014 22704 RALLYDEBUG rally_openstack.cleanup.manager [-] Deleting neutron.network object s_rally_735aa64e_FGhiJ3rr (2e05b0d9-f397-416a-8626-2b6905b6dc23)
2019-06-22 09:30:08.025 22704 RALLYDEBUG rally_openstack.cleanup.manager [-] Deleting neutron.network object s_rally_735aa64e_UNlrX7O5 (3d57008a-f76d-4bed-9611-8bb0752e5c93)
2019-06-22 09:30:08.036 22704 RALLYDEBUG rally_openstack.cleanup.manager [-] Deleting neutron.network object s_rally_735aa64e_k4e6KIB6 (3d42af04-6a42-4957-b6dc-4bb27ae075a0)
2019-06-22 09:30:08.055 22704 RALLYDEBUG rally_openstack.cleanup.manager [-] Deleting neutron.network object s_rally_735aa64e_Or7RT2KE (3f5e234c-c61a-45c1-9b91-00477b99095a)
2019-06-22 09:30:08.066 22704 RALLYDEBUG rally_openstack.cleanup.manager [-] Deleting neutron.network object s_rally_735aa64e_T0BAqqFH (552ce55d-1677-42c2-a109-1325773d447b)
2019-06-22 09:30:08.065 22704 RALLYDEBUG rally_openstack.cleanup.manager [-] Deleting neutron.network object s_rally_735aa64e_7Fc8nBgJ (3df767ce-b569-49eb-8bde-823174c9e6b2)
2019-06-22 09:30:08.067 22704 RALLYDEBUG rally_openstack.cleanup.manager [-] Deleting neutron.network object s_rally_735aa64e_7dxUY6du (49530ae3-4008-445d-a020-8627dfac0d15)
2019-06-22 09:30:08.075 22704 RALLYDEBUG rally_openstack.cleanup.manager [-] Deleting neutron.network object s_rally_735aa64e_J76JAK0C (5a8528a9-e686-471c-8af9-afb7c3316221)
2019-06-22 09:30:08.079 22704 RALLYDEBUG rally_openstack.cleanup.manager [-] Deleting neutron.network object s_rally_735aa64e_hK8RCj8A (626fbab9-0b9f-4c2a-8786-1e32139fe88e)
2019-06-22 09:30:08.084 22704 RALLYDEBUG rally_openstack.cleanup.manager [-] Deleting neutron.network object s_rally_735aa64e_pWDB1xrS (633bf523-6d50-4b2e-af12-a959bb4f6fb8)
2019-06-22 09:30:08.115 22704 RALLYDEBUG rally_openstack.cleanup.manager [-] Deleting neutron.network object s_rally_735aa64e_OTcPBDVi (67413256-a9d0-441e-acd2-b08a2c195117)
2019-06-22 09:30:08.121 22704 RALLYDEBUG rally_openstack.cleanup.manager [-] Deleting neutron.network object s_rally_735aa64e_P89IH23g (63c0a91b-49b0-41b0-ab19-291507cdbd4e)
2019-06-22 09:30:08.125 22704 RALLYDEBUG rally_openstack.cleanup.manager [-] Deleting neutron.network object s_rally_735aa64e_IcBbe0gJ (718db893-4857-4c27-aa5b-4f2de19b1603)
2019-06-22 09:30:08.127 22704 RALLYDEBUG rally_openstack.cleanup.manager [-] Deleting neutron.network object s_rally_735aa64e_DF1tAqJ1 (700939e4-3ea4-41b3-a7dd-dee4ee05a4b4)
2019-06-22 09:30:11.022 22704 RALLYDEBUG rally_openstack.cleanup.manager [-] Deleting neutron.network object s_rally_735aa64e_TCcr4QRc (7eb4d2da-e9f0-48e8-b6c2-0cc4ac3f8403)
2019-06-22 09:30:11.183 22704 RALLYDEBUG rally_openstack.cleanup.manager [-] Deleting neutron.network object s_rally_735aa64e_0EFJzgnK (865e97ce-335f-4ea4-8b2a-83ba62518096)
2019-06-22 09:30:11.553 22704 RALLYDEBUG rally_openstack.cleanup.manager [-] Deleting neutron.network object s_rally_735aa64e_mvoSNIVA (89dcb224-821d-4d02-8723-6ea473ef7118)
2019-06-22 09:30:11.659 22704 RALLYDEBUG rally_openstack.cleanup.manager [-] Deleting neutron.network object s_rally_735aa64e_oj7C0BGt (9a34d8d6-2113-42be-a442-cf34ca33dbc3)
2019-06-22 09:30:11.865 22704 RALLYDEBUG rally_openstack.cleanup.manager [-] Deleting neutron.network object s_rally_735aa64e_zpnlrKvy (a15108ed-c589-49d9-9395-c11f045b2222)
2019-06-22 09:30:12.186 22704 RALLYDEBUG rally_openstack.cleanup.manager [-] Deleting neutron.network object s_rally_735aa64e_1k7dWIFt (acca576e-d1c1-4688-a353-6ccc1b9077af)
2019-06-22 09:30:12.380 22704 RALLYDEBUG rally_openstack.cleanup.manager [-] Deleting neutron.network object s_rally_735aa64e_Eq8UyOPb (b793953d-cbaf-4de6-85f6-68f39b0a0503)
2019-06-22 09:30:12.399 22704 RALLYDEBUG rally_openstack.cleanup.manager [-] Deleting neutron.network object s_rally_735aa64e_W04onQpb (bab97e73-66fd-4d25-9205-dc1f744d311d)
2019-06-22 09:30:12.409 22704 RALLYDEBUG rally_openstack.cleanup.manager [-] Deleting neutron.network object s_rally_735aa64e_Q7or750x (bcae5709-e18f-4795-808f-4f9ed46b9a2a)
2019-06-22 09:30:13.898 22704 RALLYDEBUG rally_openstack.cleanup.manager [-] Deleting neutron.network object s_rally_735aa64e_2rO7K1lZ (bd3c6cea-c1c1-437d-89b1-669ca97cae0d)
2019-06-22 09:30:13.912 22704 RALLYDEBUG rally_openstack.cleanup.manager [-] Deleting neutron.network object s_rally_735aa64e_PEkyaWso (be64e4df-cb7b-4250-bfa7-20bef8771fe7)
2019-06-22 09:30:13.919 22704 RALLYDEBUG rally_openstack.cleanup.manager [-] Deleting neutron.network object s_rally_735aa64e_DTYpOeDz (bfcafee3-1e04-49b5-9adf-48937e86e4ce)
2019-06-22 09:30:13.924 22704 RALLYDEBUG rally_openstack.cleanup.manager [-] Deleting neutron.network object s_rally_735aa64e_H0HG3J1s (c027119a-46e8-4652-bef6-b660a3941453)
2019-06-22 09:30:14.241 22704 RALLYDEBUG rally_openstack.cleanup.manager [-] Deleting neutron.network object s_rally_735aa64e_uZMPGDzN (d1a892b2-5395-46f7-bb6c-884c1febaab6)
2019-06-22 09:30:14.449 22704 RALLYDEBUG rally_openstack.cleanup.manager [-] Deleting neutron.network object s_rally_735aa64e_GNt8w2Kv (d65c4bbf-48b8-4fb5-8dd5-d1cf71637e93)
2019-06-22 09:30:14.655 22704 RALLYDEBUG rally_openstack.cleanup.manager [-] Deleting neutron.network object s_rally_735aa64e_b83kvsPG (d7a876c8-d505-4226-a400-97664edbc690)
2019-06-22 09:30:14.747 22704 RALLYDEBUG rally_openstack.cleanup.manager [-] Deleting neutron.network object s_rally_735aa64e_WyZPOcYC (e02dba1f-b3c6-4085-9b9a-cafe53c1ed31)
2019-06-22 09:30:14.860 22704 RALLYDEBUG rally_openstack.cleanup.manager [-] Deleting neutron.network object s_rally_735aa64e_FeKAmJCm (e07dafee-37fe-4725-903d-8244690a2f0b)
2019-06-22 09:30:15.029 22704 RALLYDEBUG rally_openstack.cleanup.manager [-] Deleting neutron.network object s_rally_735aa64e_oTAw1Ixm (f7c5418b-45f2-4ce7-840f-68254658d010)
2019-06-22 09:30:15.073 22704 RALLYDEBUG rally_openstack.cleanup.manager [-] Deleting neutron.network object s_rally_735aa64e_46T4TJI2 (fea8a4a3-d75d-4185-ab60-5724e987187a)
2019-06-22 09:30:19.714 22704 RALLYDEBUG rally_openstack.cleanup.manager [-] Cleaning up neutron router objects
2019-06-22 09:30:20.417 22704 RALLYDEBUG rally_openstack.cleanup.manager [-] Cleaning up neutron security_group objects
2019-06-22 09:30:21.087 22704 INFO rally.task.context [-] Task e3672d45-2c24-4b3f-8511-63439df4c647 | Context cleanup@openstack cleanup() finished in 18.80 sec
2019-06-22 09:30:21.088 22704 INFO rally.task.context [-] Task e3672d45-2c24-4b3f-8511-63439df4c647 | Context quotas@openstack cleanup() started
2019-06-22 09:30:21.304 22704 INFO rally.task.context [-] Task e3672d45-2c24-4b3f-8511-63439df4c647 | Context quotas@openstack cleanup() finished in 0.22 sec
2019-06-22 09:30:21.305 22704 INFO rally.task.context [-] Task e3672d45-2c24-4b3f-8511-63439df4c647 | Context users@openstack cleanup() started
2019-06-22 09:30:25.802 22704 INFO rally.task.context [-] Task e3672d45-2c24-4b3f-8511-63439df4c647 | Context users@openstack cleanup() finished in 4.50 sec
2019-06-22 09:30:27.530 22704 INFO rally.task.engine [-] Load duration is: 31.793198
2019-06-22 09:30:27.531 22704 INFO rally.task.engine [-] Full runner duration is: 31.838447
2019-06-22 09:30:27.531 22704 INFO rally.task.engine [-] Full duration is: 60.512013
2019-06-22 09:30:27.791 22704 INFO rally.task.engine [-] Running workload: position = 0 config = { "version": 2, "title": "A cropped version of a bigger task.", "description": "Auto-generated task from a single workload (uuid=22966946-f2de-4a25-902a-a314fcbfe123)", "subtasks": [ { "title": "NeutronNetworks.create_and_list_routers", "description": "Create and a given number of routers and list all routers.", "scenario": { "NeutronNetworks.create_and_list_routers": { "network_create_args": null, "subnet_create_args": null, "subnet_cidr_start": "1.1.0.0/30", "subnets_per_network": 2, "router_create_args": null } }, "contexts": { "users": { "tenants": 1, "users_per_tenant": 1 }, "quotas": { "neutron": { "network": -1, "subnet": -1, "router": -1 } } }, "runner": { "constant": { "times": 40, "concurrency": 20 } }, "hooks": [], "sla": { "failure_rate": { "max": 0 } } } ] }
2019-06-22 09:30:27.811 22704 RALLYDEBUG rally_openstack.contexts.keystone.users [-] Creating 1 tenants using 20 threads
2019-06-22 09:30:29.603 22704 RALLYDEBUG rally_openstack.contexts.keystone.users [-] Creating 1 users using 20 threads
2019-06-22 09:30:32.110 22704 INFO rally.task.context [-] Task e3672d45-2c24-4b3f-8511-63439df4c647 | Context users@openstack setup() finished in 4.30 sec
2019-06-22 09:30:32.926 22704 INFO rally.task.context [-] Task e3672d45-2c24-4b3f-8511-63439df4c647 | Context quotas@openstack setup() finished in 0.81 sec
2019-06-22 09:30:32.926 22704 INFO rally.task.context [-] Task e3672d45-2c24-4b3f-8511-63439df4c647 | Context cleanup@openstack setup() finished in 0.01 msec
2019-06-22 09:30:32.933 22704 RALLYDEBUG rally.task.runner [-] Starting the constant runner (task UUID: e3672d45-2c24-4b3f-8511-63439df4c647). timeout: 0 concurrency: 20 concurrency_per_worker: 1 times: 40 concurrency_overhead: 4 processes_to_start: 16 max_cpu_used: 16
2019-06-22 09:30:32.947 25168 RALLYDEBUG rally.task.runner [-] Starting a worker. concurrency: 2 args: {"network_create_args": null, "subnet_create_args": null, "subnet_cidr_start": "1.1.0.0/30", "subnets_per_network": 2, "router_create_args": null} times: 40 method_name: run timeout: 0 duration: None cls:
2019-06-22 09:30:32.949 25169 RALLYDEBUG rally.task.runner [-] Starting a worker. concurrency: 2 args: {"network_create_args": null, "subnet_create_args": null, "subnet_cidr_start": "1.1.0.0/30", "subnets_per_network": 2, "router_create_args": null} times: 40 method_name: run timeout: 0 duration: None cls:
2019-06-22 09:30:32.952 25170 RALLYDEBUG rally.task.runner [-] Starting a worker. concurrency: 2 args: {"network_create_args": null, "subnet_create_args": null, "subnet_cidr_start": "1.1.0.0/30", "subnets_per_network": 2, "router_create_args": null} times: 40 method_name: run timeout: 0 duration: None cls:
2019-06-22 09:30:32.954 25171 RALLYDEBUG rally.task.runner [-] Starting a worker. concurrency: 2 args: {"network_create_args": null, "subnet_create_args": null, "subnet_cidr_start": "1.1.0.0/30", "subnets_per_network": 2, "router_create_args": null} times: 40 method_name: run timeout: 0 duration: None cls:
2019-06-22 09:30:32.954 25168 INFO rally.task.runner [-] Task e3672d45-2c24-4b3f-8511-63439df4c647 | ITER: 1 START
2019-06-22 09:30:32.955 25172 RALLYDEBUG rally.task.runner [-] Starting a worker. concurrency: 1 args: {"network_create_args": null, "subnet_create_args": null, "subnet_cidr_start": "1.1.0.0/30", "subnets_per_network": 2, "router_create_args": null} times: 40 method_name: run timeout: 0 duration: None cls:
2019-06-22 09:30:32.955 25169 INFO rally.task.runner [-] Task e3672d45-2c24-4b3f-8511-63439df4c647 | ITER: 2 START
2019-06-22 09:30:32.961 25168 INFO rally.task.runner [-] Task e3672d45-2c24-4b3f-8511-63439df4c647 | ITER: 3 START
2019-06-22 09:30:32.960 25175 RALLYDEBUG rally.task.runner [-] Starting a worker. concurrency: 1 args: {"network_create_args": null, "subnet_create_args": null, "subnet_cidr_start": "1.1.0.0/30", "subnets_per_network": 2, "router_create_args": null} times: 40 method_name: run timeout: 0 duration: None cls:
2019-06-22 09:30:32.961 25172 INFO rally.task.runner [-] Task e3672d45-2c24-4b3f-8511-63439df4c647 | ITER: 7 START
2019-06-22 09:30:32.962 25170 INFO rally.task.runner [-] Task e3672d45-2c24-4b3f-8511-63439df4c647 | ITER: 4 START
2019-06-22 09:30:32.963 25171 INFO rally.task.runner [-] Task e3672d45-2c24-4b3f-8511-63439df4c647 | ITER: 6 START
2019-06-22 09:30:32.964 25175 INFO rally.task.runner [-] Task e3672d45-2c24-4b3f-8511-63439df4c647 | ITER: 10 START
2019-06-22 09:30:32.965 25178 RALLYDEBUG rally.task.runner [-] Starting a worker. concurrency: 1 args: {"network_create_args": null, "subnet_create_args": null, "subnet_cidr_start": "1.1.0.0/30", "subnets_per_network": 2, "router_create_args": null} times: 40 method_name: run timeout: 0 duration: None cls:
2019-06-22 09:30:32.968 25169 INFO rally.task.runner [-] Task e3672d45-2c24-4b3f-8511-63439df4c647 | ITER: 5 START
2019-06-22 09:30:32.967 25183 RALLYDEBUG rally.task.runner [-] Starting a worker. concurrency: 1 args: {"network_create_args": null, "subnet_create_args": null, "subnet_cidr_start": "1.1.0.0/30", "subnets_per_network": 2, "router_create_args": null} times: 40 method_name: run timeout: 0 duration: None cls:
2019-06-22 09:30:32.968 25171 INFO rally.task.runner [-] Task e3672d45-2c24-4b3f-8511-63439df4c647 | ITER: 9 START
2019-06-22 09:30:32.971 25170 INFO rally.task.runner [-] Task e3672d45-2c24-4b3f-8511-63439df4c647 | ITER: 8 START
2019-06-22 09:30:32.972 25178 INFO rally.task.runner [-] Task e3672d45-2c24-4b3f-8511-63439df4c647 | ITER: 11 START
2019-06-22 09:30:32.972 25193 RALLYDEBUG rally.task.runner [-] Starting a worker. concurrency: 1 args: {"network_create_args": null, "subnet_create_args": null, "subnet_cidr_start": "1.1.0.0/30", "subnets_per_network": 2, "router_create_args": null} times: 40 method_name: run timeout: 0 duration: None cls:
2019-06-22 09:30:32.977 25183 INFO rally.task.runner [-] Task e3672d45-2c24-4b3f-8511-63439df4c647 | ITER: 12 START
2019-06-22 09:30:32.977 25189 RALLYDEBUG rally.task.runner [-] Starting a worker. concurrency: 1 args: {"network_create_args": null, "subnet_create_args": null, "subnet_cidr_start": "1.1.0.0/30", "subnets_per_network": 2, "router_create_args": null} times: 40 method_name: run timeout: 0 duration: None cls:
2019-06-22 09:30:32.979 25193 INFO rally.task.runner [-] Task e3672d45-2c24-4b3f-8511-63439df4c647 | ITER: 13 START
2019-06-22 09:30:32.984 25189 INFO rally.task.runner [-] Task e3672d45-2c24-4b3f-8511-63439df4c647 | ITER: 14 START
2019-06-22 09:30:32.985 25201 RALLYDEBUG rally.task.runner [-] Starting a worker. concurrency: 1 args: {"network_create_args": null, "subnet_create_args": null, "subnet_cidr_start": "1.1.0.0/30", "subnets_per_network": 2, "router_create_args": null} times: 40 method_name: run timeout: 0 duration: None cls:
2019-06-22 09:30:32.987 25195 RALLYDEBUG rally.task.runner [-] Starting a worker. concurrency: 1 args: {"network_create_args": null, "subnet_create_args": null, "subnet_cidr_start": "1.1.0.0/30", "subnets_per_network": 2, "router_create_args": null} times: 40 method_name: run timeout: 0 duration: None cls:
2019-06-22 09:30:32.991 25201 INFO rally.task.runner [-] Task e3672d45-2c24-4b3f-8511-63439df4c647 | ITER: 15 START
2019-06-22 09:30:32.995 25195 INFO rally.task.runner [-] Task e3672d45-2c24-4b3f-8511-63439df4c647 | ITER: 16 START
2019-06-22 09:30:32.999 25208 RALLYDEBUG rally.task.runner [-] Starting a worker. concurrency: 1 args: {"network_create_args": null, "subnet_create_args": null, "subnet_cidr_start": "1.1.0.0/30", "subnets_per_network": 2, "router_create_args": null} times: 40 method_name: run timeout: 0 duration: None cls:
2019-06-22 09:30:33.004 25208 INFO rally.task.runner [-] Task e3672d45-2c24-4b3f-8511-63439df4c647 | ITER: 17 START
2019-06-22 09:30:33.005 25204 RALLYDEBUG rally.task.runner [-] Starting a worker. concurrency: 1 args: {"network_create_args": null, "subnet_create_args": null, "subnet_cidr_start": "1.1.0.0/30", "subnets_per_network": 2, "router_create_args": null} times: 40 method_name: run timeout: 0 duration: None cls:
2019-06-22 09:30:33.007 25210 RALLYDEBUG rally.task.runner [-] Starting a worker. concurrency: 1 args: {"network_create_args": null, "subnet_create_args": null, "subnet_cidr_start": "1.1.0.0/30", "subnets_per_network": 2, "router_create_args": null} times: 40 method_name: run timeout: 0 duration: None cls:
2019-06-22 09:30:33.012 25204 INFO rally.task.runner [-] Task e3672d45-2c24-4b3f-8511-63439df4c647 | ITER: 18 START
2019-06-22 09:30:33.012 25210 INFO rally.task.runner [-] Task e3672d45-2c24-4b3f-8511-63439df4c647 | ITER: 19 START
2019-06-22 09:30:33.012 25213 RALLYDEBUG rally.task.runner [-] Starting a worker. concurrency: 1 args: {"network_create_args": null, "subnet_create_args": null, "subnet_cidr_start": "1.1.0.0/30", "subnets_per_network": 2, "router_create_args": null} times: 40 method_name: run timeout: 0 duration: None cls:
2019-06-22 09:30:33.016 25213 INFO rally.task.runner [-] Task e3672d45-2c24-4b3f-8511-63439df4c647 | ITER: 20 START
2019-06-22 09:30:34.724 25170 RALLYDEBUG rally_openstack.wrappers.network [-] CIDR generated: 1.1.5.160/30
2019-06-22 09:30:34.773 25172 RALLYDEBUG rally_openstack.wrappers.network [-] CIDR generated: 1.1.5.164/30
2019-06-22 09:30:34.828 25178 RALLYDEBUG rally_openstack.wrappers.network [-] CIDR generated: 1.1.5.168/30
2019-06-22 09:30:34.861 25193 RALLYDEBUG rally_openstack.wrappers.network [-] CIDR generated: 1.1.5.172/30
2019-06-22 09:30:34.881 25169 RALLYDEBUG rally_openstack.wrappers.network [-] CIDR generated: 1.1.5.176/30
2019-06-22 09:30:34.971 25183 RALLYDEBUG rally_openstack.wrappers.network [-] CIDR generated: 1.1.5.180/30
2019-06-22 09:30:34.987 25204 RALLYDEBUG rally_openstack.wrappers.network [-] CIDR generated: 1.1.5.184/30
2019-06-22 09:30:35.040 25171 RALLYDEBUG rally_openstack.wrappers.network [-] CIDR generated: 1.1.5.188/30
2019-06-22 09:30:35.042 25169 RALLYDEBUG rally_openstack.wrappers.network [-] CIDR generated: 1.1.5.192/30
2019-06-22 09:30:35.091 25171 RALLYDEBUG rally_openstack.wrappers.network [-] CIDR generated: 1.1.5.196/30
2019-06-22 09:30:35.232 25170 RALLYDEBUG rally_openstack.wrappers.network [-] CIDR generated: 1.1.5.200/30
2019-06-22 09:30:35.234 25168 RALLYDEBUG rally_openstack.wrappers.network [-] CIDR generated: 1.1.5.204/30
2019-06-22 09:30:35.463 25168 RALLYDEBUG rally_openstack.wrappers.network [-] CIDR generated: 1.1.5.208/30
2019-06-22 09:30:35.555 25175 RALLYDEBUG rally_openstack.wrappers.network [-] CIDR generated: 1.1.5.212/30
2019-06-22 09:30:35.663 25208 RALLYDEBUG rally_openstack.wrappers.network [-] CIDR generated: 1.1.5.216/30
2019-06-22 09:30:36.016 25172 RALLYDEBUG rally_openstack.wrappers.network [-] CIDR generated: 1.1.5.220/30
2019-06-22 09:30:36.107 25201 RALLYDEBUG rally_openstack.wrappers.network [-] CIDR generated: 1.1.5.224/30
2019-06-22 09:30:36.177 25204 RALLYDEBUG rally_openstack.wrappers.network [-] CIDR generated: 1.1.5.228/30
2019-06-22 09:30:36.286 25183 RALLYDEBUG rally_openstack.wrappers.network [-] CIDR generated: 1.1.5.232/30
2019-06-22 09:30:36.354 25189 RALLYDEBUG rally_openstack.wrappers.network [-] CIDR generated: 1.1.5.236/30
2019-06-22 09:30:36.790 25195 RALLYDEBUG rally_openstack.wrappers.network [-] CIDR generated: 1.1.5.240/30
2019-06-22 09:30:37.260 25213 RALLYDEBUG rally_openstack.wrappers.network [-] CIDR generated: 1.1.5.244/30
2019-06-22 09:30:37.350 25178 RALLYDEBUG rally_openstack.wrappers.network [-] CIDR generated: 1.1.5.248/30
2019-06-22 09:30:37.528 25169 RALLYDEBUG rally_openstack.wrappers.network [-] CIDR generated: 1.1.5.252/30
2019-06-22 09:30:37.634 25169 RALLYDEBUG rally_openstack.wrappers.network [-] CIDR generated: 1.1.6.0/30
2019-06-22 09:30:37.670 25171 RALLYDEBUG rally_openstack.wrappers.network [-] CIDR generated: 1.1.6.4/30
2019-06-22 09:30:37.727 25210 RALLYDEBUG rally_openstack.wrappers.network [-] CIDR generated: 1.1.6.8/30
2019-06-22 09:30:38.064 25170 RALLYDEBUG rally_openstack.wrappers.network [-] CIDR generated: 1.1.6.12/30
2019-06-22 09:30:38.099 25168 RALLYDEBUG rally_openstack.wrappers.network [-] CIDR generated: 1.1.6.16/30
2019-06-22 09:30:38.688 25171 RALLYDEBUG rally_openstack.wrappers.network [-] CIDR generated: 1.1.6.20/30
2019-06-22 09:30:39.027 25170 RALLYDEBUG rally_openstack.wrappers.network [-] CIDR generated: 1.1.6.24/30
2019-06-22 09:30:39.229 25208 RALLYDEBUG rally_openstack.wrappers.network [-] CIDR generated: 1.1.6.28/30
2019-06-22 09:30:40.290 25168 RALLYDEBUG rally_openstack.wrappers.network [-] CIDR generated: 1.1.6.32/30
2019-06-22 09:30:40.457 25193 RALLYDEBUG rally_openstack.wrappers.network [-] CIDR generated: 1.1.6.36/30
2019-06-22 09:30:40.756 25201 RALLYDEBUG rally_openstack.wrappers.network [-] CIDR generated: 1.1.6.40/30
2019-06-22 09:30:40.795 25195 RALLYDEBUG rally_openstack.wrappers.network [-] CIDR generated: 1.1.6.44/30
2019-06-22 09:30:41.098 25175 RALLYDEBUG rally_openstack.wrappers.network [-] CIDR generated: 1.1.6.48/30
2019-06-22 09:30:41.696 25189 RALLYDEBUG rally_openstack.wrappers.network [-] CIDR generated: 1.1.6.52/30
2019-06-22 09:30:42.102 25213 RALLYDEBUG rally_openstack.wrappers.network [-] CIDR generated: 1.1.6.56/30
2019-06-22 09:30:42.808 25210 RALLYDEBUG rally_openstack.wrappers.network [-] CIDR generated: 1.1.6.60/30
2019-06-22 09:30:47.514 25183 INFO rally.task.runner [-] Task e3672d45-2c24-4b3f-8511-63439df4c647 | ITER: 12 END: OK
2019-06-22 09:30:47.518 25183 INFO rally.task.runner [-] Task e3672d45-2c24-4b3f-8511-63439df4c647 | ITER: 21 START
2019-06-22 09:30:47.787 25172 INFO rally.task.runner [-] Task e3672d45-2c24-4b3f-8511-63439df4c647 | ITER: 7 END: OK
2019-06-22 09:30:47.792 25172 INFO rally.task.runner [-] Task e3672d45-2c24-4b3f-8511-63439df4c647 | ITER: 22 START
2019-06-22 09:30:48.491 25204 INFO rally.task.runner [-] Task e3672d45-2c24-4b3f-8511-63439df4c647 | ITER: 18 END: OK
2019-06-22 09:30:48.496 25204 INFO rally.task.runner [-] Task e3672d45-2c24-4b3f-8511-63439df4c647 | ITER: 23 START
2019-06-22 09:30:49.826 25183 RALLYDEBUG rally_openstack.wrappers.network [-] CIDR generated: 1.1.6.64/30
2019-06-22 09:30:50.027 25172 RALLYDEBUG rally_openstack.wrappers.network [-] CIDR generated: 1.1.6.68/30
2019-06-22 09:30:50.153 25204 RALLYDEBUG rally_openstack.wrappers.network [-] CIDR generated: 1.1.6.72/30
2019-06-22 09:30:51.987 25204 RALLYDEBUG rally_openstack.wrappers.network [-] CIDR generated: 1.1.6.76/30
2019-06-22 09:30:52.598 25172 RALLYDEBUG rally_openstack.wrappers.network [-] CIDR generated: 1.1.6.80/30
2019-06-22 09:30:52.642 25183 RALLYDEBUG rally_openstack.wrappers.network [-] CIDR generated: 1.1.6.84/30
