2019-06-22 07:56:11.632 1842 DEBUG novaclient.v2.client [-] REQ: curl -g -i -X GET http://172.30.9.31:8774/v2.1/servers/detail -H "Accept: application/json" -H "User-Agent: python-novaclient" -H "X-Auth-Token: {SHA1}61331ec70ff05df0052a0648ea5aa89bc50942da" _http_log_request /usr/lib/python2.7/site-packages/keystoneauth1/session.py:448
2019-06-22 07:56:11.955 1842 DEBUG novaclient.v2.client [-] RESP: [200] Content-Length: 15 Content-Type: application/json Date: Sat, 22 Jun 2019 07:56:11 GMT OpenStack-API-Version: compute 2.1 Server: Apache Vary: OpenStack-API-Version,X-OpenStack-Nova-API-Version X-OpenStack-Nova-API-Version: 2.1 x-compute-request-id: req-295df3e3-dd8c-4a71-841a-07066d41cf1e x-openstack-request-id: req-295df3e3-dd8c-4a71-841a-07066d41cf1e _http_log_response /usr/lib/python2.7/site-packages/keystoneauth1/session.py:479
2019-06-22 07:56:11.955 1842 DEBUG novaclient.v2.client [-] RESP BODY: {"servers": []} _http_log_response /usr/lib/python2.7/site-packages/keystoneauth1/session.py:511
2019-06-22 07:56:11.956 1842 DEBUG novaclient.v2.client [-] GET call to compute for http://172.30.9.31:8774/v2.1/servers/detail used request id req-295df3e3-dd8c-4a71-841a-07066d41cf1e request /usr/lib/python2.7/site-packages/keystoneauth1/session.py:844
2019-06-22 07:56:11.963 1842 RALLYDEBUG rally_openstack.cleanup.manager [-] Cleaning up nova server_groups objects
2019-06-22 07:56:12.376 1842 DEBUG novaclient.v2.client [-] REQ: curl -g -i -X GET http://172.30.9.31:8774/v2.1/os-server-groups -H "Accept: application/json" -H "User-Agent: python-novaclient" -H "X-Auth-Token: {SHA1}683bc4b7f762d7e68c217989666ff28eafdf779c" _http_log_request /usr/lib/python2.7/site-packages/keystoneauth1/session.py:448
2019-06-22 07:56:12.650 1842 DEBUG novaclient.v2.client [-] RESP: [200] Content-Length: 21 Content-Type: application/json Date: Sat, 22 Jun 2019 07:56:12 GMT OpenStack-API-Version: compute 2.1 Server: Apache Vary: OpenStack-API-Version,X-OpenStack-Nova-API-Version X-OpenStack-Nova-API-Version: 2.1 x-compute-request-id: req-012fe992-cddb-482a-bb0c-e4576ce22818 x-openstack-request-id: req-012fe992-cddb-482a-bb0c-e4576ce22818 _http_log_response /usr/lib/python2.7/site-packages/keystoneauth1/session.py:479
2019-06-22 07:56:12.650 1842 DEBUG novaclient.v2.client [-] RESP BODY: {"server_groups": []} _http_log_response /usr/lib/python2.7/site-packages/keystoneauth1/session.py:511
2019-06-22 07:56:12.651 1842 DEBUG novaclient.v2.client [-] GET call to compute for http://172.30.9.31:8774/v2.1/os-server-groups used request id req-012fe992-cddb-482a-bb0c-e4576ce22818 request /usr/lib/python2.7/site-packages/keystoneauth1/session.py:844
2019-06-22 07:56:13.062 1842 DEBUG novaclient.v2.client [-] REQ: curl -g -i -X GET http://172.30.9.31:8774/v2.1/os-server-groups -H "Accept: application/json" -H "User-Agent: python-novaclient" -H "X-Auth-Token: {SHA1}ba2897d14dc303cbff8bfcf94c74012d60240ee9" _http_log_request /usr/lib/python2.7/site-packages/keystoneauth1/session.py:448
2019-06-22 07:56:13.259 1842 DEBUG novaclient.v2.client [-] RESP: [200] Content-Length: 21 Content-Type: application/json Date: Sat, 22 Jun 2019 07:56:12 GMT OpenStack-API-Version: compute 2.1 Server: Apache Vary: OpenStack-API-Version,X-OpenStack-Nova-API-Version X-OpenStack-Nova-API-Version: 2.1 x-compute-request-id: req-543d20b0-0667-4de6-966a-e0c3b13d3b25 x-openstack-request-id: req-543d20b0-0667-4de6-966a-e0c3b13d3b25 _http_log_response /usr/lib/python2.7/site-packages/keystoneauth1/session.py:479
2019-06-22 07:56:13.260 1842 DEBUG novaclient.v2.client [-] RESP BODY: {"server_groups": []} _http_log_response /usr/lib/python2.7/site-packages/keystoneauth1/session.py:511
2019-06-22 07:56:13.260 1842 DEBUG novaclient.v2.client [-] GET call to compute for http://172.30.9.31:8774/v2.1/os-server-groups used request id req-543d20b0-0667-4de6-966a-e0c3b13d3b25 request /usr/lib/python2.7/site-packages/keystoneauth1/session.py:844
2019-06-22 07:56:13.671 1842 DEBUG novaclient.v2.client [-] REQ: curl -g -i -X GET http://172.30.9.31:8774/v2.1/os-server-groups -H "Accept: application/json" -H "User-Agent: python-novaclient" -H "X-Auth-Token: {SHA1}f2efc1d03d2cd5561544254c976ceec030945f37" _http_log_request /usr/lib/python2.7/site-packages/keystoneauth1/session.py:448
2019-06-22 07:56:13.934 1842 DEBUG novaclient.v2.client [-] RESP: [200] Content-Length: 21 Content-Type: application/json Date: Sat, 22 Jun 2019 07:56:13 GMT OpenStack-API-Version: compute 2.1 Server: Apache Vary: OpenStack-API-Version,X-OpenStack-Nova-API-Version X-OpenStack-Nova-API-Version: 2.1 x-compute-request-id: req-a6d63325-89f8-495e-a83b-d8a8984679f4 x-openstack-request-id: req-a6d63325-89f8-495e-a83b-d8a8984679f4 _http_log_response /usr/lib/python2.7/site-packages/keystoneauth1/session.py:479
2019-06-22 07:56:13.934 1842 DEBUG novaclient.v2.client [-] RESP BODY: {"server_groups": []} _http_log_response /usr/lib/python2.7/site-packages/keystoneauth1/session.py:511
2019-06-22 07:56:13.935 1842 DEBUG novaclient.v2.client [-] GET call to compute for http://172.30.9.31:8774/v2.1/os-server-groups used request id req-a6d63325-89f8-495e-a83b-d8a8984679f4 request /usr/lib/python2.7/site-packages/keystoneauth1/session.py:844
2019-06-22 07:56:13.942 1842 RALLYDEBUG rally_openstack.cleanup.manager [-] Cleaning up nova keypairs objects
2019-06-22 07:56:14.361 1842 DEBUG novaclient.v2.client [-] REQ: curl -g -i -X GET http://172.30.9.31:8774/v2.1/os-keypairs -H "Accept: application/json" -H "User-Agent: python-novaclient" -H "X-Auth-Token: {SHA1}3231149a90b826567380bcfcd6f34d066de75739" _http_log_request /usr/lib/python2.7/site-packages/keystoneauth1/session.py:448
2019-06-22 07:56:14.568 1842 DEBUG novaclient.v2.client [-] RESP: [200] Content-Length: 16 Content-Type: application/json Date: Sat, 22 Jun 2019 07:56:14 GMT OpenStack-API-Version: compute 2.1 Server: Apache Vary: OpenStack-API-Version,X-OpenStack-Nova-API-Version X-OpenStack-Nova-API-Version: 2.1 x-compute-request-id: req-7515d0d7-b4c6-491b-aa49-05815513ce6d x-openstack-request-id: req-7515d0d7-b4c6-491b-aa49-05815513ce6d _http_log_response /usr/lib/python2.7/site-packages/keystoneauth1/session.py:479
2019-06-22 07:56:14.569 1842 DEBUG novaclient.v2.client [-] RESP BODY: {"keypairs": []} _http_log_response /usr/lib/python2.7/site-packages/keystoneauth1/session.py:511
2019-06-22 07:56:14.569 1842 DEBUG novaclient.v2.client [-] GET call to compute for http://172.30.9.31:8774/v2.1/os-keypairs used request id req-7515d0d7-b4c6-491b-aa49-05815513ce6d request /usr/lib/python2.7/site-packages/keystoneauth1/session.py:844
2019-06-22 07:56:14.994 1842 DEBUG novaclient.v2.client [-] REQ: curl -g -i -X GET http://172.30.9.31:8774/v2.1/os-keypairs -H "Accept: application/json" -H "User-Agent: python-novaclient" -H "X-Auth-Token: {SHA1}fa2ea074c68fcfcb6c4602b2721fb7860f75d4fa" _http_log_request /usr/lib/python2.7/site-packages/keystoneauth1/session.py:448
2019-06-22 07:56:15.199 1842 DEBUG novaclient.v2.client [-] RESP: [200] Content-Length: 16 Content-Type: application/json Date: Sat, 22 Jun 2019 07:56:14 GMT OpenStack-API-Version: compute 2.1 Server: Apache Vary: OpenStack-API-Version,X-OpenStack-Nova-API-Version X-OpenStack-Nova-API-Version: 2.1 x-compute-request-id: req-64b673f6-4816-4f47-9314-1ab6c5416534 x-openstack-request-id: req-64b673f6-4816-4f47-9314-1ab6c5416534 _http_log_response /usr/lib/python2.7/site-packages/keystoneauth1/session.py:479
2019-06-22 07:56:15.200 1842 DEBUG novaclient.v2.client [-] RESP BODY: {"keypairs": []} _http_log_response /usr/lib/python2.7/site-packages/keystoneauth1/session.py:511
2019-06-22 07:56:15.200 1842 DEBUG novaclient.v2.client [-] GET call to compute for http://172.30.9.31:8774/v2.1/os-keypairs used request id req-64b673f6-4816-4f47-9314-1ab6c5416534 request /usr/lib/python2.7/site-packages/keystoneauth1/session.py:844
2019-06-22 07:56:15.619 1842 DEBUG novaclient.v2.client [-] REQ: curl -g -i -X GET http://172.30.9.31:8774/v2.1/os-keypairs -H "Accept: application/json" -H "User-Agent: python-novaclient" -H "X-Auth-Token: {SHA1}1015ebe75aa9d146346f3bf26c39a4f15f267ff0" _http_log_request /usr/lib/python2.7/site-packages/keystoneauth1/session.py:448
2019-06-22 07:56:15.823 1842 DEBUG novaclient.v2.client [-] RESP: [200] Content-Length: 16 Content-Type: application/json Date: Sat, 22 Jun 2019 07:56:15 GMT OpenStack-API-Version: compute 2.1 Server: Apache Vary: OpenStack-API-Version,X-OpenStack-Nova-API-Version X-OpenStack-Nova-API-Version: 2.1 x-compute-request-id: req-95710098-fb01-4934-9403-355d58c3d432 x-openstack-request-id: req-95710098-fb01-4934-9403-355d58c3d432 _http_log_response /usr/lib/python2.7/site-packages/keystoneauth1/session.py:479
2019-06-22 07:56:15.824 1842 DEBUG novaclient.v2.client [-] RESP BODY: {"keypairs": []} _http_log_response /usr/lib/python2.7/site-packages/keystoneauth1/session.py:511
2019-06-22 07:56:15.824 1842 DEBUG novaclient.v2.client [-] GET call to compute for http://172.30.9.31:8774/v2.1/os-keypairs used request id req-95710098-fb01-4934-9403-355d58c3d432 request /usr/lib/python2.7/site-packages/keystoneauth1/session.py:844
2019-06-22 07:56:16.353 1842 DEBUG novaclient.v2.client [-] REQ: curl -g -i -X GET http://172.30.9.31:8774/v2.1/os-keypairs -H "Accept: application/json" -H "User-Agent: python-novaclient" -H "X-Auth-Token: {SHA1}b699ea5c5c6cb13fe8f8c3d6b4a9d8768885affc" _http_log_request /usr/lib/python2.7/site-packages/keystoneauth1/session.py:448
2019-06-22 07:56:16.627 1842 DEBUG novaclient.v2.client [-] RESP: [200] Content-Length: 16 Content-Type: application/json Date: Sat, 22 Jun 2019 07:56:16 GMT OpenStack-API-Version: compute 2.1 Server: Apache Vary: OpenStack-API-Version,X-OpenStack-Nova-API-Version X-OpenStack-Nova-API-Version: 2.1 x-compute-request-id: req-d4fd3bc7-588e-4d36-b40c-0aeaa3e6d433 x-openstack-request-id: req-d4fd3bc7-588e-4d36-b40c-0aeaa3e6d433 _http_log_response /usr/lib/python2.7/site-packages/keystoneauth1/session.py:479
2019-06-22 07:56:16.627 1842 DEBUG novaclient.v2.client [-] RESP BODY: {"keypairs": []} _http_log_response /usr/lib/python2.7/site-packages/keystoneauth1/session.py:511
2019-06-22 07:56:16.628 1842 DEBUG novaclient.v2.client [-] GET call to compute for http://172.30.9.31:8774/v2.1/os-keypairs used request id req-d4fd3bc7-588e-4d36-b40c-0aeaa3e6d433 request /usr/lib/python2.7/site-packages/keystoneauth1/session.py:844
2019-06-22 07:56:17.040 1842 DEBUG novaclient.v2.client [-] REQ: curl -g -i -X GET http://172.30.9.31:8774/v2.1/os-keypairs -H "Accept: application/json" -H "User-Agent: python-novaclient" -H "X-Auth-Token: {SHA1}beabbd29cc5768668a77e40b68ecf42ed743adc6" _http_log_request /usr/lib/python2.7/site-packages/keystoneauth1/session.py:448
2019-06-22 07:56:17.241 1842 DEBUG novaclient.v2.client [-] RESP: [200] Content-Length: 16 Content-Type: application/json Date: Sat, 22 Jun 2019 07:56:16 GMT OpenStack-API-Version: compute 2.1 Server: Apache Vary: OpenStack-API-Version,X-OpenStack-Nova-API-Version X-OpenStack-Nova-API-Version: 2.1 x-compute-request-id: req-bcd550ab-76ea-46e6-9607-11053098b355 x-openstack-request-id: req-bcd550ab-76ea-46e6-9607-11053098b355 _http_log_response /usr/lib/python2.7/site-packages/keystoneauth1/session.py:479
2019-06-22 07:56:17.242 1842 DEBUG novaclient.v2.client [-] RESP BODY: {"keypairs": []} _http_log_response /usr/lib/python2.7/site-packages/keystoneauth1/session.py:511
2019-06-22 07:56:17.242 1842 DEBUG novaclient.v2.client [-] GET call to compute for http://172.30.9.31:8774/v2.1/os-keypairs used request id req-bcd550ab-76ea-46e6-9607-11053098b355 request /usr/lib/python2.7/site-packages/keystoneauth1/session.py:844
2019-06-22 07:56:17.657 1842 DEBUG novaclient.v2.client [-] REQ: curl -g -i -X GET http://172.30.9.31:8774/v2.1/os-keypairs -H "Accept: application/json" -H "User-Agent: python-novaclient" -H "X-Auth-Token: {SHA1}007ec5dd62643e8214892cfb1cfcc7449c22de2e" _http_log_request /usr/lib/python2.7/site-packages/keystoneauth1/session.py:448
2019-06-22 07:56:17.858 1842 DEBUG novaclient.v2.client [-] RESP: [200] Content-Length: 16 Content-Type: application/json Date: Sat, 22 Jun 2019 07:56:17 GMT OpenStack-API-Version: compute 2.1 Server: Apache Vary: OpenStack-API-Version,X-OpenStack-Nova-API-Version X-OpenStack-Nova-API-Version: 2.1 x-compute-request-id: req-4efb13ab-8f00-4fc8-af89-8c44788d80bb x-openstack-request-id: req-4efb13ab-8f00-4fc8-af89-8c44788d80bb _http_log_response /usr/lib/python2.7/site-packages/keystoneauth1/session.py:479
2019-06-22 07:56:17.858 1842 DEBUG novaclient.v2.client [-] RESP BODY: {"keypairs": []} _http_log_response /usr/lib/python2.7/site-packages/keystoneauth1/session.py:511
2019-06-22 07:56:17.859 1842 DEBUG novaclient.v2.client [-] GET call to compute for http://172.30.9.31:8774/v2.1/os-keypairs used request id req-4efb13ab-8f00-4fc8-af89-8c44788d80bb request /usr/lib/python2.7/site-packages/keystoneauth1/session.py:844
2019-06-22 07:56:17.865 1842 RALLYDEBUG rally_openstack.cleanup.manager [-] Cleaning up cinder backups objects
2019-06-22 07:56:19.971 1842 RALLYDEBUG rally_openstack.cleanup.manager [-] Cleaning up cinder volume_snapshots objects
2019-06-22 07:56:22.173 1842 RALLYDEBUG rally_openstack.cleanup.manager [-] Cleaning up cinder transfers objects
2019-06-22 07:56:24.222 1842 RALLYDEBUG rally_openstack.cleanup.manager [-] Cleaning up cinder volumes objects
2019-06-22 07:56:26.304 1842 INFO rally.task.context [-] Task 9119aa6e-3900-40d8-a511-451b15b704b3 | Context cleanup@openstack cleanup() finished in 16.56 sec
2019-06-22 07:56:26.305 1842 INFO rally.task.context [-] Task 9119aa6e-3900-40d8-a511-451b15b704b3 | Context quotas@openstack cleanup() started
2019-06-22 07:56:26.573 1842 INFO rally.task.context [-] Task 9119aa6e-3900-40d8-a511-451b15b704b3 | Context quotas@openstack cleanup() finished in 0.27 sec
2019-06-22 07:56:26.573 1842 INFO rally.task.context [-] Task 9119aa6e-3900-40d8-a511-451b15b704b3 | Context api_versions@openstack cleanup() started
2019-06-22 07:56:26.573 1842 INFO rally.task.context [-] Task 9119aa6e-3900-40d8-a511-451b15b704b3 | Context api_versions@openstack cleanup() finished in 0.33 msec
2019-06-22 07:56:26.574 1842 INFO rally.task.context [-] Task 9119aa6e-3900-40d8-a511-451b15b704b3 | Context users@openstack cleanup() started
2019-06-22 07:56:33.029 1842 INFO rally.task.context [-] Task 9119aa6e-3900-40d8-a511-451b15b704b3 | Context users@openstack cleanup() finished in 6.46 sec
2019-06-22 07:56:33.680 1842 INFO rally.task.engine [-] Load duration is: 97.081295
2019-06-22 07:56:33.681 1842 INFO rally.task.engine [-] Full runner duration is: 98.132443
2019-06-22 07:56:33.681 1842 INFO rally.task.engine [-] Full duration is: 129.851957
2019-06-22 07:56:33.913 1842 INFO rally.task.engine [-] Running workload: position = 0 config = { "version": 2, "title": "A cropped version of a bigger task.", "description": "Auto-generated task from a single workload (uuid=8e7bffcf-d42d-48b3-b474-6efe622a4d98)", "subtasks": [ { "title": "CinderVolumes.create_volume", "description": "Create a volume.", "scenario": { "CinderVolumes.create_volume": { "size": 1 } }, "contexts": { "users": { "tenants": 3, "users_per_tenant": 2 }, "api_versions": { "cinder": { "version": 3, "service_type": "volumev3" } } }, "runner": { "constant": { "concurrency": 4, "times": 10 } }, "hooks": [], "sla": { "failure_rate": { "max": 0 } } } ] }
2019-06-22 07:56:33.942 1842 RALLYDEBUG rally_openstack.contexts.keystone.users [-] Creating 3 tenants using 20 threads
2019-06-22 07:56:35.780 1842 RALLYDEBUG rally_openstack.contexts.keystone.users [-] Creating 6 users using 20 threads
2019-06-22 07:56:38.627 1842 INFO rally.task.context [-] Task 9119aa6e-3900-40d8-a511-451b15b704b3 | Context users@openstack setup() finished in 4.69 sec
2019-06-22 07:56:39.040 1842 INFO rally.task.context [-] Task 9119aa6e-3900-40d8-a511-451b15b704b3 | Context api_versions@openstack setup() finished in 0.41 sec
2019-06-22 07:56:39.041 1842 INFO rally.task.context [-] Task 9119aa6e-3900-40d8-a511-451b15b704b3 | Context cleanup@openstack setup() finished in 0.01 msec
2019-06-22 07:56:39.049 1842 RALLYDEBUG rally.task.runner [-] Starting the constant runner (task UUID: 9119aa6e-3900-40d8-a511-451b15b704b3). timeout: 0 concurrency: 4 concurrency_per_worker: 1 times: 10 concurrency_overhead: 0 processes_to_start: 4 max_cpu_used: 16
2019-06-22 07:56:39.061 3474 RALLYDEBUG rally.task.runner [-] Starting a worker. concurrency: 1 args: {"size": 1} times: 10 method_name: run timeout: 0 duration: None cls:
2019-06-22 07:56:39.065 3475 RALLYDEBUG rally.task.runner [-] Starting a worker. concurrency: 1 args: {"size": 1} times: 10 method_name: run timeout: 0 duration: None cls:
2019-06-22 07:56:39.067 3476 RALLYDEBUG rally.task.runner [-] Starting a worker. concurrency: 1 args: {"size": 1} times: 10 method_name: run timeout: 0 duration: None cls:
2019-06-22 07:56:39.068 3474 INFO rally.task.runner [-] Task 9119aa6e-3900-40d8-a511-451b15b704b3 | ITER: 1 START
2019-06-22 07:56:39.071 3477 RALLYDEBUG rally.task.runner [-] Starting a worker. concurrency: 1 args: {"size": 1} times: 10 method_name: run timeout: 0 duration: None cls:
2019-06-22 07:56:39.073 3475 INFO rally.task.runner [-] Task 9119aa6e-3900-40d8-a511-451b15b704b3 | ITER: 2 START
2019-06-22 07:56:39.074 3476 INFO rally.task.runner [-] Task 9119aa6e-3900-40d8-a511-451b15b704b3 | ITER: 3 START
2019-06-22 07:56:39.078 3477 INFO rally.task.runner [-] Task 9119aa6e-3900-40d8-a511-451b15b704b3 | ITER: 4 START
2019-06-22 07:56:42.439 3477 INFO rally.task.runner [-] Task 9119aa6e-3900-40d8-a511-451b15b704b3 | ITER: 4 END: OK
2019-06-22 07:56:42.445 3477 INFO rally.task.runner [-] Task 9119aa6e-3900-40d8-a511-451b15b704b3 | ITER: 5 START
2019-06-22 07:56:42.633 3475 INFO rally.task.runner [-] Task 9119aa6e-3900-40d8-a511-451b15b704b3 | ITER: 2 END: OK
2019-06-22 07:56:42.638 3475 INFO rally.task.runner [-] Task 9119aa6e-3900-40d8-a511-451b15b704b3 | ITER: 6 START
2019-06-22 07:56:42.706 3474 INFO rally.task.runner [-] Task 9119aa6e-3900-40d8-a511-451b15b704b3 | ITER: 1 END: OK
2019-06-22 07:56:42.711 3474 INFO rally.task.runner [-] Task 9119aa6e-3900-40d8-a511-451b15b704b3 | ITER: 7 START
2019-06-22 07:56:42.741 3476 INFO rally.task.runner [-] Task 9119aa6e-3900-40d8-a511-451b15b704b3 | ITER: 3 END: OK
2019-06-22 07:56:42.746 3476 INFO rally.task.runner [-] Task 9119aa6e-3900-40d8-a511-451b15b704b3 | ITER: 8 START
2019-06-22 07:56:45.823 3477 INFO rally.task.runner [-] Task 9119aa6e-3900-40d8-a511-451b15b704b3 | ITER: 5 END: OK
2019-06-22 07:56:45.828 3477 INFO rally.task.runner [-] Task 9119aa6e-3900-40d8-a511-451b15b704b3 | ITER: 9 START
2019-06-22 07:56:46.146 3474 INFO rally.task.runner [-] Task 9119aa6e-3900-40d8-a511-451b15b704b3 | ITER: 7 END: OK
2019-06-22 07:56:46.152 3474 INFO rally.task.runner [-] Task 9119aa6e-3900-40d8-a511-451b15b704b3 | ITER: 10 START
2019-06-22 07:56:46.188 3475 INFO rally.task.runner [-] Task 9119aa6e-3900-40d8-a511-451b15b704b3 | ITER: 6 END: OK
2019-06-22 07:56:46.298 3476 INFO rally.task.runner [-] Task 9119aa6e-3900-40d8-a511-451b15b704b3 | ITER: 8 END: OK
2019-06-22 07:56:49.307 3477 INFO rally.task.runner [-] Task 9119aa6e-3900-40d8-a511-451b15b704b3 | ITER: 9 END: OK
2019-06-22 07:56:49.483 3474 INFO rally.task.runner [-] Task 9119aa6e-3900-40d8-a511-451b15b704b3 | ITER: 10 END: OK
2019-06-22 07:56:49.505 1842 INFO rally.task.context [-] Task 9119aa6e-3900-40d8-a511-451b15b704b3 | Context cleanup@openstack cleanup() started
2019-06-22 07:56:49.507 1842 RALLYDEBUG rally_openstack.cleanup.manager [-] Cleaning up cinder backups objects
2019-06-22 07:56:51.372 1842 RALLYDEBUG rally_openstack.cleanup.manager [-] Cleaning up cinder volume_snapshots objects
2019-06-22 07:56:53.355 1842 RALLYDEBUG rally_openstack.cleanup.manager [-] Cleaning up cinder transfers objects
2019-06-22 07:56:55.186 1842 RALLYDEBUG rally_openstack.cleanup.manager [-] Cleaning up cinder volumes objects
2019-06-22 07:56:57.242 1842 RALLYDEBUG rally_openstack.cleanup.manager [-] Deleting cinder.volumes object s_rally_8e7bffcf_uD3pNsLn (c26b9763-198b-4fa5-ba4c-39977182f09b)
2019-06-22 07:56:57.243 1842 RALLYDEBUG rally_openstack.cleanup.manager [-] Deleting cinder.volumes object s_rally_8e7bffcf_4KcHTGU9 (3c6f5564-539e-48a9-bba5-870b521650a4)
2019-06-22 07:56:57.245 1842 RALLYDEBUG rally_openstack.cleanup.manager [-] Deleting cinder.volumes object s_rally_8e7bffcf_poQlUbue (c678b5c1-21e8-442e-9d7d-880cb2614ff2)
2019-06-22 07:56:57.252 1842 RALLYDEBUG rally_openstack.cleanup.manager [-] Deleting cinder.volumes object s_rally_8e7bffcf_39T8Ncph (371d4888-0894-468c-8364-dcc4a0750330)
2019-06-22 07:56:57.256 1842 RALLYDEBUG rally_openstack.cleanup.manager [-] Deleting cinder.volumes object s_rally_8e7bffcf_iuIczt2D (5ab0ca4a-a7ca-43a5-b272-6c60261749aa)
2019-06-22 07:56:57.256 1842 RALLYDEBUG rally_openstack.cleanup.manager [-] Deleting cinder.volumes object s_rally_8e7bffcf_fEXacHYW (66251e86-ac56-4a47-b22a-311dcccc07b4)
2019-06-22 07:56:57.259 1842 RALLYDEBUG rally_openstack.cleanup.manager [-] Deleting cinder.volumes object s_rally_8e7bffcf_UnE5DbTT (a848d861-8ba6-4e33-8a7b-96c753342cc0)
2019-06-22 07:56:57.260 1842 RALLYDEBUG rally_openstack.cleanup.manager [-] Deleting cinder.volumes object s_rally_8e7bffcf_0vzWphPX (32551de0-e164-4112-8114-6ed37cdea2c3)
2019-06-22 07:56:57.262 1842 RALLYDEBUG rally_openstack.cleanup.manager [-] Deleting cinder.volumes object s_rally_8e7bffcf_dNn1NWvZ (f4ffb0f3-20c5-44db-b650-bce9c6724de3)
2019-06-22 07:56:57.277 1842 RALLYDEBUG rally_openstack.cleanup.manager [-] Deleting cinder.volumes object s_rally_8e7bffcf_Q0m8WxGP (ddbc6f27-2b21-4d3d-95f8-10791b185138)
2019-06-22 07:57:01.836 1842 INFO rally.task.context [-] Task 9119aa6e-3900-40d8-a511-451b15b704b3 | Context cleanup@openstack cleanup() finished in 12.33 sec
2019-06-22 07:57:01.837 1842 INFO rally.task.context [-] Task 9119aa6e-3900-40d8-a511-451b15b704b3 | Context api_versions@openstack cleanup() started
2019-06-22 07:57:01.837 1842 INFO rally.task.context [-] Task 9119aa6e-3900-40d8-a511-451b15b704b3 | Context api_versions@openstack cleanup() finished in 0.34 msec
2019-06-22 07:57:01.837 1842 INFO rally.task.context [-] Task 9119aa6e-3900-40d8-a511-451b15b704b3 | Context users@openstack cleanup() started
2019-06-22 07:57:09.471 1842 INFO rally.task.context [-] Task 9119aa6e-3900-40d8-a511-451b15b704b3 | Context users@openstack cleanup() finished in 7.63 sec
2019-06-22 07:57:10.097 1842 INFO rally.task.engine [-] Load duration is: 10.410821
2019-06-22 07:57:10.097 1842 INFO rally.task.engine [-] Full runner duration is: 10.456547
2019-06-22 07:57:10.097 1842 INFO rally.task.engine [-] Full duration is: 35.533514
2019-06-22 07:57:10.271 1842 INFO rally.task.engine [-] Running workload: position = 1 config = { "version": 2, "title": "A cropped version of a bigger task.", "description": "Auto-generated task from a single workload (uuid=9fa458df-e66f-4558-b861-62fe3881d849)", "subtasks": [ { "title": "CinderVolumes.create_volume", "description": "Create a volume.", "scenario": { "CinderVolumes.create_volume": { "size": { "min": 1, "max": 1 } } }, "contexts": { "users": { "tenants": 3, "users_per_tenant": 2 }, "quotas": { "cinder": { "gigabytes": -1, "snapshots": -1, "volumes": -1 } }, "api_versions": { "cinder": { "version": 3, "service_type": "volumev3" } } }, "runner": { "constant": { "concurrency": 4, "times": 10 } }, "hooks": [], "sla": { "failure_rate": { "max": 0 } } } ] }
2019-06-22 07:57:10.291 1842 RALLYDEBUG rally_openstack.contexts.keystone.users [-] Creating 3 tenants using 20 threads
2019-06-22 07:57:12.089 1842 RALLYDEBUG rally_openstack.contexts.keystone.users [-] Creating 6 users using 20 threads
2019-06-22 07:57:14.854 1842 INFO rally.task.context [-] Task 9119aa6e-3900-40d8-a511-451b15b704b3 | Context users@openstack setup() finished in 4.56 sec
2019-06-22 07:57:15.258 1842 INFO rally.task.context [-] Task 9119aa6e-3900-40d8-a511-451b15b704b3 | Context api_versions@openstack setup() finished in 0.40 sec
2019-06-22 07:57:16.949 1842 INFO rally.task.context [-] Task 9119aa6e-3900-40d8-a511-451b15b704b3 | Context quotas@openstack setup() finished in 1.69 sec
2019-06-22 07:57:16.949 1842 INFO rally.task.context [-] Task 9119aa6e-3900-40d8-a511-451b15b704b3 | Context cleanup@openstack setup() finished in 0.00 msec
2019-06-22 07:57:16.957 1842 RALLYDEBUG rally.task.runner [-] Starting the constant runner (task UUID: 9119aa6e-3900-40d8-a511-451b15b704b3). timeout: 0 concurrency: 4 concurrency_per_worker: 1 times: 10 concurrency_overhead: 0 processes_to_start: 4 max_cpu_used: 16
2019-06-22 07:57:16.968 3658 RALLYDEBUG rally.task.runner [-] Starting a worker. concurrency: 1 args: {"size": {"min": 1, "max": 1}} times: 10 method_name: run timeout: 0 duration: None cls:
2019-06-22 07:57:16.972 3659 RALLYDEBUG rally.task.runner [-] Starting a worker. concurrency: 1 args: {"size": {"min": 1, "max": 1}} times: 10 method_name: run timeout: 0 duration: None cls:
2019-06-22 07:57:16.974 3658 INFO rally.task.runner [-] Task 9119aa6e-3900-40d8-a511-451b15b704b3 | ITER: 1 START
2019-06-22 07:57:16.973 3660 RALLYDEBUG rally.task.runner [-] Starting a worker. concurrency: 1 args: {"size": {"min": 1, "max": 1}} times: 10 method_name: run timeout: 0 duration: None cls:
2019-06-22 07:57:16.978 3661 RALLYDEBUG rally.task.runner [-] Starting a worker. concurrency: 1 args: {"size": {"min": 1, "max": 1}} times: 10 method_name: run timeout: 0 duration: None cls:
2019-06-22 07:57:16.979 3660 INFO rally.task.runner [-] Task 9119aa6e-3900-40d8-a511-451b15b704b3 | ITER: 3 START
2019-06-22 07:57:16.979 3659 INFO rally.task.runner [-] Task 9119aa6e-3900-40d8-a511-451b15b704b3 | ITER: 2 START
2019-06-22 07:57:16.986 3661 INFO rally.task.runner [-] Task 9119aa6e-3900-40d8-a511-451b15b704b3 | ITER: 4 START
2019-06-22 07:57:20.363 3660 INFO rally.task.runner [-] Task 9119aa6e-3900-40d8-a511-451b15b704b3 | ITER: 3 END: OK
2019-06-22 07:57:20.369 3660 INFO rally.task.runner [-] Task 9119aa6e-3900-40d8-a511-451b15b704b3 | ITER: 5 START
2019-06-22 07:57:20.472 3658 INFO rally.task.runner [-] Task 9119aa6e-3900-40d8-a511-451b15b704b3 | ITER: 1 END: OK
2019-06-22 07:57:20.477 3658 INFO rally.task.runner [-] Task 9119aa6e-3900-40d8-a511-451b15b704b3 | ITER: 6 START
2019-06-22 07:57:20.498 3661 INFO rally.task.runner [-] Task 9119aa6e-3900-40d8-a511-451b15b704b3 | ITER: 4 END: OK
2019-06-22 07:57:20.504 3661 INFO rally.task.runner [-] Task 9119aa6e-3900-40d8-a511-451b15b704b3 | ITER: 7 START
2019-06-22 07:57:20.744 3659 INFO rally.task.runner [-] Task 9119aa6e-3900-40d8-a511-451b15b704b3 | ITER: 2 END: OK
2019-06-22 07:57:20.750 3659 INFO rally.task.runner [-] Task 9119aa6e-3900-40d8-a511-451b15b704b3 | ITER: 8 START
2019-06-22 07:57:24.032 3658 INFO rally.task.runner [-] Task 9119aa6e-3900-40d8-a511-451b15b704b3 | ITER: 6 END: OK
2019-06-22 07:57:24.038 3658 INFO rally.task.runner [-] Task 9119aa6e-3900-40d8-a511-451b15b704b3 | ITER: 9 START
2019-06-22 07:57:24.120 3660 INFO rally.task.runner [-] Task 9119aa6e-3900-40d8-a511-451b15b704b3 | ITER: 5 END: OK
2019-06-22 07:57:24.125 3660 INFO rally.task.runner [-] Task 9119aa6e-3900-40d8-a511-451b15b704b3 | ITER: 10 START
2019-06-22 07:57:24.144 3661 INFO rally.task.runner [-] Task 9119aa6e-3900-40d8-a511-451b15b704b3 | ITER: 7 END: OK
2019-06-22 07:57:24.240 3659 INFO rally.task.runner [-] Task 9119aa6e-3900-40d8-a511-451b15b704b3 | ITER: 8 END: OK
2019-06-22 07:57:27.374 3658 INFO rally.task.runner [-] Task 9119aa6e-3900-40d8-a511-451b15b704b3 | ITER: 9 END: OK
2019-06-22 07:57:27.703 3660 INFO rally.task.runner [-] Task 9119aa6e-3900-40d8-a511-451b15b704b3 | ITER: 10 END: OK
2019-06-22 07:57:27.733 1842 INFO rally.task.context [-] Task 9119aa6e-3900-40d8-a511-451b15b704b3 | Context cleanup@openstack cleanup() started
2019-06-22 07:57:27.735 1842 RALLYDEBUG rally_openstack.cleanup.manager [-] Cleaning up cinder backups objects
2019-06-22 07:57:29.684 1842 RALLYDEBUG rally_openstack.cleanup.manager [-] Cleaning up cinder volume_snapshots objects
2019-06-22 07:57:31.609 1842 RALLYDEBUG rally_openstack.cleanup.manager [-] Cleaning up cinder transfers objects
2019-06-22 07:57:33.561 1842 RALLYDEBUG rally_openstack.cleanup.manager [-] Cleaning up cinder volumes objects
2019-06-22 07:57:35.592 1842 RALLYDEBUG rally_openstack.cleanup.manager [-] Deleting cinder.volumes object s_rally_9fa458df_DpBCJYJk (3c551658-96f3-4509-bba3-1c5467800d3e)
2019-06-22 07:57:35.596 1842 RALLYDEBUG rally_openstack.cleanup.manager [-] Deleting cinder.volumes object s_rally_9fa458df_SeJXOJHp (c80ab00f-278d-43d7-a0f2-68f153e2f591)
2019-06-22 07:57:35.604 1842 RALLYDEBUG rally_openstack.cleanup.manager [-] Deleting cinder.volumes object s_rally_9fa458df_fWVsxA9S (4081e381-c471-4418-96ce-d9f57060488e)
2019-06-22 07:57:35.608 1842 RALLYDEBUG rally_openstack.cleanup.manager [-] Deleting cinder.volumes object s_rally_9fa458df_VrNw29NS (780aba7c-8543-4e22-8a9f-4b18c3b94e6f)
2019-06-22 07:57:35.615 1842 RALLYDEBUG rally_openstack.cleanup.manager [-] Deleting cinder.volumes object s_rally_9fa458df_UCStbDoC (2898ab02-0a42-4b7b-b802-1fb46ed7fccb)
2019-06-22 07:57:35.620 1842 RALLYDEBUG rally_openstack.cleanup.manager [-] Deleting cinder.volumes object s_rally_9fa458df_8PQ5ttFa (129c02c8-97aa-42b9-9852-88f1b9d41e7c)
2019-06-22 07:57:35.621 1842 RALLYDEBUG rally_openstack.cleanup.manager [-] Deleting cinder.volumes object s_rally_9fa458df_iQrlgG7V (f34438d6-54fa-475c-8189-ae8924976d6b)
2019-06-22 07:57:35.628 1842 RALLYDEBUG rally_openstack.cleanup.manager [-] Deleting cinder.volumes object s_rally_9fa458df_G16RnoKI (f114b6c1-f107-4652-a7fc-c4496f31007b)
2019-06-22 07:57:35.637 1842 RALLYDEBUG rally_openstack.cleanup.manager [-] Deleting cinder.volumes object s_rally_9fa458df_L4bUd3Bh (6b9065ea-650b-432d-b974-33d5102d1a48)
2019-06-22 07:57:35.646 1842 RALLYDEBUG rally_openstack.cleanup.manager [-] Deleting cinder.volumes object s_rally_9fa458df_XWk8cOH9 (101d638c-50a6-4f2a-9089-b1eb09769eca)
2019-06-22 07:57:40.154 1842 INFO rally.task.context [-] Task 9119aa6e-3900-40d8-a511-451b15b704b3 | Context cleanup@openstack cleanup() finished in 12.42 sec
2019-06-22 07:57:40.155 1842 INFO rally.task.context [-] Task 9119aa6e-3900-40d8-a511-451b15b704b3 | Context quotas@openstack cleanup() started
2019-06-22 07:57:40.635 1842 INFO rally.task.context [-] Task 9119aa6e-3900-40d8-a511-451b15b704b3 | Context quotas@openstack cleanup() finished in 0.48 sec
2019-06-22 07:57:40.636 1842 INFO rally.task.context [-] Task 9119aa6e-3900-40d8-a511-451b15b704b3 | Context api_versions@openstack cleanup() started
2019-06-22 07:57:40.636 1842 INFO rally.task.context [-] Task 9119aa6e-3900-40d8-a511-451b15b704b3 | Context api_versions@openstack cleanup() finished in 0.30 msec
2019-06-22 07:57:40.636 1842 INFO rally.task.context [-] Task 9119aa6e-3900-40d8-a511-451b15b704b3 | Context users@openstack cleanup() started
2019-06-22 07:57:48.330 1842 INFO rally.task.context [-] Task 9119aa6e-3900-40d8-a511-451b15b704b3 | Context users@openstack cleanup() finished in 7.69 sec
2019-06-22 07:57:48.470 1842 INFO rally.task.engine [-] Load duration is: 10.727212
2019-06-22 07:57:48.471 1842 INFO rally.task.engine [-] Full runner duration is: 10.775956
2019-06-22 07:57:48.471 1842 INFO rally.task.engine [-] Full duration is: 38.043033
2019-06-22 07:57:48.745 1842 INFO rally.task.engine [-] Running workload: position = 0 config = { "version": 2, "title": "A cropped version of a bigger task.", "description": "Auto-generated task from a single workload (uuid=b4646ac4-5955-450b-811a-ee71e921138b)", "subtasks": [ { "title": "CinderVolumes.list_volumes", "description": "List all volumes.", "scenario": { "CinderVolumes.list_volumes": { "detailed": true } }, "contexts": { "users": { "tenants": 3, "users_per_tenant": 2 }, "quotas": { "cinder": { "gigabytes": -1, "snapshots": -1, "volumes": -1 } }, "api_versions": { "cinder": { "version": 3, "service_type": "volumev3" } }, "volumes": { "size": 1, "volumes_per_tenant": 4 } }, "runner": { "constant": { "concurrency": 4, "times": 10 } }, "hooks": [], "sla": { "failure_rate": { "max": 0 } } } ] }
2019-06-22 07:57:48.768 1842 RALLYDEBUG rally_openstack.contexts.keystone.users [-] Creating 3 tenants using 20 threads
2019-06-22 07:57:50.873 1842 RALLYDEBUG rally_openstack.contexts.keystone.users [-] Creating 6 users using 20 threads
2019-06-22 07:57:53.617 1842 INFO rally.task.context [-] Task 9119aa6e-3900-40d8-a511-451b15b704b3 | Context users@openstack setup() finished in 4.85 sec
2019-06-22 07:57:54.065 1842 INFO rally.task.context [-] Task 9119aa6e-3900-40d8-a511-451b15b704b3 | Context api_versions@openstack setup() finished in 0.45 sec
2019-06-22 07:57:55.576 1842 INFO rally.task.context [-] Task 9119aa6e-3900-40d8-a511-451b15b704b3 | Context quotas@openstack setup() finished in 1.51 sec
2019-06-22 07:58:30.563 1842 INFO rally.task.context [-] Task 9119aa6e-3900-40d8-a511-451b15b704b3 | Context volumes@openstack setup() finished in 34.99 sec
2019-06-22 07:58:30.571 1842 RALLYDEBUG rally.task.runner [-] Starting the constant runner (task UUID: 9119aa6e-3900-40d8-a511-451b15b704b3). timeout: 0 concurrency: 4 concurrency_per_worker: 1 times: 10 concurrency_overhead: 0 processes_to_start: 4 max_cpu_used: 16
2019-06-22 07:58:30.584 3842 RALLYDEBUG rally.task.runner [-] Starting a worker. concurrency: 1 args: {"detailed": true} times: 10 method_name: run timeout: 0 duration: None cls:
2019-06-22 07:58:30.587 3843 RALLYDEBUG rally.task.runner [-] Starting a worker. concurrency: 1 args: {"detailed": true} times: 10 method_name: run timeout: 0 duration: None cls:
2019-06-22 07:58:30.590 3844 RALLYDEBUG rally.task.runner [-] Starting a worker. concurrency: 1 args: {"detailed": true} times: 10 method_name: run timeout: 0 duration: None cls:
2019-06-22 07:58:30.593 3842 INFO rally.task.runner [-] Task 9119aa6e-3900-40d8-a511-451b15b704b3 | ITER: 1 START
2019-06-22 07:58:30.593 3845 RALLYDEBUG rally.task.runner [-] Starting a worker. concurrency: 1 args: {"detailed": true} times: 10 method_name: run timeout: 0 duration: None cls:
2019-06-22 07:58:30.595 3843 INFO rally.task.runner [-] Task 9119aa6e-3900-40d8-a511-451b15b704b3 | ITER: 2 START
2019-06-22 07:58:30.598 3844 INFO rally.task.runner [-] Task 9119aa6e-3900-40d8-a511-451b15b704b3 | ITER: 3 START
2019-06-22 07:58:30.601 3845 INFO rally.task.runner [-] Task 9119aa6e-3900-40d8-a511-451b15b704b3 | ITER: 4 START
2019-06-22 07:58:31.351 3842 INFO rally.task.runner [-] Task 9119aa6e-3900-40d8-a511-451b15b704b3 | ITER: 1 END: OK
2019-06-22 07:58:31.357 3842 INFO rally.task.runner [-] Task 9119aa6e-3900-40d8-a511-451b15b704b3 | ITER: 5 START
2019-06-22 07:58:31.358 3844 INFO rally.task.runner [-] Task 9119aa6e-3900-40d8-a511-451b15b704b3 | ITER: 3 END: OK
2019-06-22 07:58:31.364 3844 INFO rally.task.runner [-] Task 9119aa6e-3900-40d8-a511-451b15b704b3 | ITER: 6 START
2019-06-22 07:58:31.459 3845 INFO rally.task.runner [-] Task 9119aa6e-3900-40d8-a511-451b15b704b3 | ITER: 4 END: OK
2019-06-22 07:58:31.464 3845 INFO rally.task.runner [-] Task 9119aa6e-3900-40d8-a511-451b15b704b3 | ITER: 7 START
2019-06-22 07:58:31.478 3843 INFO rally.task.runner [-] Task 9119aa6e-3900-40d8-a511-451b15b704b3 | ITER: 2 END: OK
2019-06-22 07:58:31.484 3843 INFO rally.task.runner [-] Task 9119aa6e-3900-40d8-a511-451b15b704b3 | ITER: 8 START
2019-06-22 07:58:32.146 3842 INFO rally.task.runner [-] Task 9119aa6e-3900-40d8-a511-451b15b704b3 | ITER: 5 END: OK
2019-06-22 07:58:32.151 3842 INFO rally.task.runner [-] Task 9119aa6e-3900-40d8-a511-451b15b704b3 | ITER: 9 START
2019-06-22 07:58:32.188 3843 INFO rally.task.runner [-] Task 9119aa6e-3900-40d8-a511-451b15b704b3 | ITER: 8 END: OK
2019-06-22 07:58:32.191 3844 INFO rally.task.runner [-] Task 9119aa6e-3900-40d8-a511-451b15b704b3 | ITER: 6 END: OK
2019-06-22 07:58:32.193 3843 INFO rally.task.runner [-] Task 9119aa6e-3900-40d8-a511-451b15b704b3 | ITER: 10 START
2019-06-22 07:58:32.277 3845 INFO rally.task.runner [-] Task 9119aa6e-3900-40d8-a511-451b15b704b3 | ITER: 7 END: OK
2019-06-22 07:58:32.941 3842 INFO rally.task.runner [-] Task 9119aa6e-3900-40d8-a511-451b15b704b3 | ITER: 9 END: OK
2019-06-22 07:58:32.949 3843 INFO rally.task.runner [-] Task 9119aa6e-3900-40d8-a511-451b15b704b3 | ITER: 10 END: OK
2019-06-22 07:58:32.977 1842 INFO rally.task.context [-] Task 9119aa6e-3900-40d8-a511-451b15b704b3 | Context volumes@openstack cleanup() started
2019-06-22 07:58:32.978 1842 RALLYDEBUG rally_openstack.cleanup.manager [-] Cleaning up cinder volumes objects
2019-06-22 07:58:35.101 1842 RALLYDEBUG rally_openstack.cleanup.manager [-] Deleting cinder.volumes object c_rally_b4646ac4_bPSjsxak (db7b75b3-0fce-47aa-845c-050b24eaebe6)
2019-06-22 07:58:35.107 1842 RALLYDEBUG rally_openstack.cleanup.manager [-] Deleting cinder.volumes object c_rally_b4646ac4_SnzxX4rj (83129245-b9c6-4167-8645-4502005bc55a)
2019-06-22 07:58:35.113 1842 RALLYDEBUG rally_openstack.cleanup.manager [-] Deleting cinder.volumes object c_rally_b4646ac4_zKJgchdN (d2feae6a-3a88-474d-b79c-54b010c8ce51)
2019-06-22 07:58:35.117 1842 RALLYDEBUG rally_openstack.cleanup.manager [-] Deleting cinder.volumes object c_rally_b4646ac4_jA2MKrYi (566d219d-3c85-4bb5-a4be-0abb23469dcb)
2019-06-22 07:58:35.118 1842 RALLYDEBUG rally_openstack.cleanup.manager [-] Deleting cinder.volumes object c_rally_b4646ac4_IfFlkOm8 (69a00273-a119-4143-807d-7cf84741a42f)
2019-06-22 07:58:35.118 1842 RALLYDEBUG rally_openstack.cleanup.manager [-] Deleting cinder.volumes object c_rally_b4646ac4_YysyMtml (1d1e5d63-075a-47ff-8d1b-654f2e571701)
2019-06-22 07:58:35.120 1842 RALLYDEBUG rally_openstack.cleanup.manager [-] Deleting cinder.volumes object c_rally_b4646ac4_OOxotyTG (60083afd-9bad-49a0-9ba3-bd62cfded6b7)
2019-06-22 07:58:35.124 1842 RALLYDEBUG rally_openstack.cleanup.manager [-] Deleting cinder.volumes object c_rally_b4646ac4_9lvTMzgv (714873f3-d2f6-4ecc-a071-7a6ceb3a9b2f)
2019-06-22 07:58:35.129 1842 RALLYDEBUG rally_openstack.cleanup.manager [-] Deleting cinder.volumes object c_rally_b4646ac4_ZmynIM5T (1e88e340-f6ea-432c-9ca8-7d6513d7169a)
2019-06-22 07:58:35.139 1842 RALLYDEBUG rally_openstack.cleanup.manager [-] Deleting cinder.volumes object c_rally_b4646ac4_lBIKXtLd (88277530-9cee-4f65-a358-c3b797fb7929)
2019-06-22 07:58:35.163 1842 RALLYDEBUG rally_openstack.cleanup.manager [-] Deleting cinder.volumes object c_rally_b4646ac4_eC1E7W6p (f80e306c-7195-4241-a956-5709c4bdf089)
2019-06-22 07:58:35.168 1842 RALLYDEBUG rally_openstack.cleanup.manager [-] Deleting cinder.volumes object c_rally_b4646ac4_evnqfKDr (2557d7e7-2705-4f68-9f0c-46b588c953e1)
2019-06-22 07:58:40.323 1842 INFO rally.task.context [-] Task 9119aa6e-3900-40d8-a511-451b15b704b3 | Context volumes@openstack cleanup() finished in 7.35 sec
2019-06-22 07:58:40.324 1842 INFO rally.task.context [-] Task 9119aa6e-3900-40d8-a511-451b15b704b3 | Context quotas@openstack cleanup() started
2019-06-22 07:58:40.787 1842 INFO rally.task.context [-] Task 9119aa6e-3900-40d8-a511-451b15b704b3 | Context quotas@openstack cleanup() finished in 0.46 sec
2019-06-22 07:58:40.788 1842 INFO rally.task.context [-] Task 9119aa6e-3900-40d8-a511-451b15b704b3 | Context api_versions@openstack cleanup() started
2019-06-22 07:58:40.788 1842 INFO rally.task.context [-] Task 9119aa6e-3900-40d8-a511-451b15b704b3 | Context api_versions@openstack cleanup() finished in 0.28 msec
2019-06-22 07:58:40.788 1842 INFO rally.task.context [-] Task 9119aa6e-3900-40d8-a511-451b15b704b3 | Context users@openstack cleanup() started
2019-06-22 07:58:47.990 1842 INFO rally.task.context [-] Task 9119aa6e-3900-40d8-a511-451b15b704b3 | Context users@openstack cleanup() finished in 7.20 sec
2019-06-22 07:58:49.011 1842 INFO rally.task.engine [-] Load duration is: 2.351064
2019-06-22 07:58:49.012 1842 INFO rally.task.engine [-] Full runner duration is: 2.406993
2019-06-22 07:58:49.012 1842 INFO rally.task.engine [-] Full duration is: 59.227465
2019-06-22 07:58:49.242 1842 INFO rally.task.engine [-] Running workload: position = 0 config = { "version": 2, "title": "A cropped version of a bigger task.", "description": "Auto-generated task from a single workload (uuid=521a511c-aac0-4e49-b479-4cb040ed7622)", "subtasks": [ { "title": "CinderVolumes.create_and_delete_snapshot", "description": "Create and then delete a volume-snapshot.", "scenario": { "CinderVolumes.create_and_delete_snapshot": { "force": false } }, "contexts": { "users": { "tenants": 3, "users_per_tenant": 2 }, "quotas": { "cinder": { "gigabytes": -1, "snapshots": -1, "volumes": -1 } }, "api_versions": { "cinder": { "version": 3, "service_type": "volumev3" } }, "volumes": { "size": 1, "volumes_per_tenant": 1 } }, "runner": { "constant": { "concurrency": 4, "times": 10 } }, "hooks": [], "sla": { "failure_rate": { "max": 0 } } } ] }
2019-06-22 07:58:49.266 1842 RALLYDEBUG rally_openstack.contexts.keystone.users [-] Creating 3 tenants using 20 threads
2019-06-22 07:58:51.168 1842 RALLYDEBUG rally_openstack.contexts.keystone.users [-] Creating 6 users using 20 threads
2019-06-22 07:58:53.751 1842 INFO rally.task.context [-] Task 9119aa6e-3900-40d8-a511-451b15b704b3 | Context users@openstack setup() finished in 4.48 sec
2019-06-22 07:58:54.171 1842 INFO rally.task.context [-] Task 9119aa6e-3900-40d8-a511-451b15b704b3 | Context api_versions@openstack setup() finished in 0.42 sec
2019-06-22 07:58:55.881 1842 INFO rally.task.context [-] Task 9119aa6e-3900-40d8-a511-451b15b704b3 | Context quotas@openstack setup() finished in 1.71 sec
2019-06-22 07:59:06.446 1842 INFO rally.task.context [-] Task 9119aa6e-3900-40d8-a511-451b15b704b3 | Context volumes@openstack setup() finished in 10.56 sec
2019-06-22 07:59:06.446 1842 INFO rally.task.context [-] Task 9119aa6e-3900-40d8-a511-451b15b704b3 | Context cleanup@openstack setup() finished in 0.01 msec
2019-06-22 07:59:06.454 1842 RALLYDEBUG rally.task.runner [-] Starting the constant runner (task UUID: 9119aa6e-3900-40d8-a511-451b15b704b3). timeout: 0 concurrency: 4 concurrency_per_worker: 1 times: 10 concurrency_overhead: 0 processes_to_start: 4 max_cpu_used: 16
2019-06-22 07:59:06.467 3966 RALLYDEBUG rally.task.runner [-] Starting a worker. concurrency: 1 args: {"force": false} times: 10 method_name: run timeout: 0 duration: None cls:
2019-06-22 07:59:06.470 3967 RALLYDEBUG rally.task.runner [-] Starting a worker. concurrency: 1 args: {"force": false} times: 10 method_name: run timeout: 0 duration: None cls:
2019-06-22 07:59:06.473 3969 RALLYDEBUG rally.task.runner [-] Starting a worker. concurrency: 1 args: {"force": false} times: 10 method_name: run timeout: 0 duration: None cls:
2019-06-22 07:59:06.473 3968 RALLYDEBUG rally.task.runner [-] Starting a worker. concurrency: 1 args: {"force": false} times: 10 method_name: run timeout: 0 duration: None cls:
2019-06-22 07:59:06.478 3966 INFO rally.task.runner [-] Task 9119aa6e-3900-40d8-a511-451b15b704b3 | ITER: 1 START
2019-06-22 07:59:06.481 3969 INFO rally.task.runner [-] Task 9119aa6e-3900-40d8-a511-451b15b704b3 | ITER: 3 START
2019-06-22 07:59:06.482 3967 INFO rally.task.runner [-] Task 9119aa6e-3900-40d8-a511-451b15b704b3 | ITER: 2 START
2019-06-22 07:59:06.484 3968 INFO rally.task.runner [-] Task 9119aa6e-3900-40d8-a511-451b15b704b3 | ITER: 4 START
2019-06-22 07:59:10.458 3966 RALLYDEBUG rally.task.utils [-] Waiting for resource s_rally_521a511c_objLeJcH. Status changed: AVAILABLE => DELETING in 0.243556022644
2019-06-22 07:59:10.552 3967 RALLYDEBUG rally.task.utils [-] Waiting for resource s_rally_521a511c_RdNMGMB5. Status changed: AVAILABLE => DELETING in 0.241729974747
2019-06-22 07:59:10.563 3969 RALLYDEBUG rally.task.utils [-] Waiting for resource s_rally_521a511c_lApbzTLJ. Status changed: AVAILABLE => DELETING in 0.247201919556
2019-06-22 07:59:10.684 3968 RALLYDEBUG rally.task.utils [-] Waiting for resource s_rally_521a511c_defVJH84. Status changed: AVAILABLE => DELETING in 0.259473085403
2019-06-22 07:59:12.485 3966 INFO rally.task.runner [-] Task 9119aa6e-3900-40d8-a511-451b15b704b3 | ITER: 1 END: OK
2019-06-22 07:59:12.490 3966 INFO rally.task.runner [-] Task 9119aa6e-3900-40d8-a511-451b15b704b3 | ITER: 5 START
2019-06-22 07:59:12.584 3967 INFO rally.task.runner [-] Task 9119aa6e-3900-40d8-a511-451b15b704b3 | ITER: 2 END: OK
2019-06-22 07:59:12.588 3967 INFO rally.task.runner [-] Task 9119aa6e-3900-40d8-a511-451b15b704b3 | ITER: 6 START
2019-06-22 07:59:12.709 3968 INFO rally.task.runner [-] Task 9119aa6e-3900-40d8-a511-451b15b704b3 | ITER: 4 END: OK
2019-06-22 07:59:12.714 3968 INFO rally.task.runner [-] Task 9119aa6e-3900-40d8-a511-451b15b704b3 | ITER: 7 START
2019-06-22 07:59:12.795 3969 INFO rally.task.runner [-] Task 9119aa6e-3900-40d8-a511-451b15b704b3 | ITER: 3 END: OK
2019-06-22 07:59:12.800 3969 INFO rally.task.runner [-] Task 9119aa6e-3900-40d8-a511-451b15b704b3 | ITER: 8 START
2019-06-22 07:59:16.357 3966 RALLYDEBUG rally.task.utils [-] Waiting for resource s_rally_521a511c_f0p30ynC. Status changed: AVAILABLE => DELETING in 0.0390079021454
2019-06-22 07:59:16.485 3967 RALLYDEBUG rally.task.utils [-] Waiting for resource s_rally_521a511c_4EhunBNb. Status changed: AVAILABLE => DELETING in 0.360749959946
2019-06-22 07:59:16.554 3968 RALLYDEBUG rally.task.utils [-] Waiting for resource s_rally_521a511c_YgUYcxhe. Status changed: AVAILABLE => DELETING in 0.250092029572
2019-06-22 07:59:16.819 3969 RALLYDEBUG rally.task.utils [-] Waiting for resource s_rally_521a511c_0F6RPAn7. Status changed: AVAILABLE => DELETING in 0.245815038681
2019-06-22 07:59:18.389 3966 INFO rally.task.runner [-] Task 9119aa6e-3900-40d8-a511-451b15b704b3 | ITER: 5 END: OK
2019-06-22 07:59:18.393 3966 INFO rally.task.runner [-] Task 9119aa6e-3900-40d8-a511-451b15b704b3 | ITER: 9 START
2019-06-22 07:59:18.510 3967 INFO rally.task.runner [-] Task 9119aa6e-3900-40d8-a511-451b15b704b3 | ITER: 6 END: OK
2019-06-22 07:59:18.515 3967 INFO rally.task.runner [-] Task 9119aa6e-3900-40d8-a511-451b15b704b3 | ITER: 10 START
2019-06-22 07:59:18.761 3968 INFO rally.task.runner [-] Task 9119aa6e-3900-40d8-a511-451b15b704b3 | ITER: 7 END: OK
2019-06-22 07:59:19.030 3969 INFO rally.task.runner [-] Task 9119aa6e-3900-40d8-a511-451b15b704b3 | ITER: 8 END: OK
2019-06-22 07:59:22.192 3966 RALLYDEBUG rally.task.utils [-] Waiting for resource s_rally_521a511c_DdlgsYj0. Status changed: AVAILABLE => DELETING in 0.215548038483
2019-06-22 07:59:22.270 3967 RALLYDEBUG rally.task.utils [-] Waiting for resource s_rally_521a511c_zvRlDJZ7. Status changed: AVAILABLE => DELETING in 0.0245759487152
2019-06-22 07:59:24.222 3966 INFO rally.task.runner [-] Task 9119aa6e-3900-40d8-a511-451b15b704b3 | ITER: 9 END: OK
2019-06-22 07:59:24.298 3967 INFO rally.task.runner [-] Task 9119aa6e-3900-40d8-a511-451b15b704b3 | ITER: 10 END: OK
2019-06-22 07:59:24.320 1842 INFO rally.task.context [-] Task 9119aa6e-3900-40d8-a511-451b15b704b3 | Context cleanup@openstack cleanup() started
2019-06-22 07:59:24.322 1842 RALLYDEBUG rally_openstack.cleanup.manager [-] Cleaning up cinder backups objects
2019-06-22 07:59:26.332 1842 RALLYDEBUG rally_openstack.cleanup.manager [-] Cleaning up cinder volume_snapshots objects
2019-06-22 07:59:28.176 1842 RALLYDEBUG rally_openstack.cleanup.manager [-] Cleaning up cinder transfers objects
2019-06-22 07:59:30.356 1842 RALLYDEBUG rally_openstack.cleanup.manager [-] Cleaning up cinder volumes objects
2019-06-22 07:59:32.395 1842 INFO rally.task.context [-] Task 9119aa6e-3900-40d8-a511-451b15b704b3 | Context cleanup@openstack cleanup() finished in 8.08 sec
2019-06-22 07:59:32.396 1842 INFO rally.task.context [-] Task 9119aa6e-3900-40d8-a511-451b15b704b3 | Context volumes@openstack cleanup() started
2019-06-22 07:59:32.396 1842 RALLYDEBUG rally_openstack.cleanup.manager [-] Cleaning up cinder volumes objects
2019-06-22 07:59:34.464 1842 RALLYDEBUG rally_openstack.cleanup.manager [-] Deleting cinder.volumes object c_rally_521a511c_cRLUBN2o (59bc6f1f-263a-44cb-a024-5c84bf88acc2)
2019-06-22 07:59:34.468 1842 RALLYDEBUG rally_openstack.cleanup.manager [-] Deleting cinder.volumes object c_rally_521a511c_gCxolBBu (e593b6dd-7711-44a1-bc38-2cdd3e5fdfe2)
2019-06-22 07:59:34.474 1842 RALLYDEBUG rally_openstack.cleanup.manager [-] Deleting cinder.volumes object c_rally_521a511c_zUdEDQ8a (ff41ec46-2321-453e-9b27-a385d75561fa)
2019-06-22 07:59:37.928 1842 INFO rally.task.context [-] Task 9119aa6e-3900-40d8-a511-451b15b704b3 | Context volumes@openstack cleanup() finished in 5.53 sec
2019-06-22 07:59:37.929 1842 INFO rally.task.context [-] Task 9119aa6e-3900-40d8-a511-451b15b704b3 | Context quotas@openstack cleanup() started
2019-06-22 07:59:38.423 1842 INFO rally.task.context [-] Task 9119aa6e-3900-40d8-a511-451b15b704b3 | Context quotas@openstack cleanup() finished in 0.49 sec
2019-06-22 07:59:38.424 1842 INFO rally.task.context [-] Task 9119aa6e-3900-40d8-a511-451b15b704b3 | Context api_versions@openstack cleanup() started
2019-06-22 07:59:38.424 1842 INFO rally.task.context [-] Task 9119aa6e-3900-40d8-a511-451b15b704b3 | Context api_versions@openstack cleanup() finished in 0.34 msec
2019-06-22 07:59:38.424 1842 INFO rally.task.context [-] Task 9119aa6e-3900-40d8-a511-451b15b704b3 | Context users@openstack cleanup() started
2019-06-22 07:59:45.975 1842 INFO rally.task.context [-] Task 9119aa6e-3900-40d8-a511-451b15b704b3 | Context users@openstack cleanup() finished in 7.55 sec
2019-06-22 07:59:47.518 1842 INFO rally.task.engine [-] Load duration is: 17.815203
2019-06-22 07:59:47.519 1842 INFO rally.task.engine [-] Full runner duration is: 17.866099
2019-06-22 07:59:47.519 1842 INFO rally.task.engine [-] Full duration is: 56.714128
