2019-06-22 07:42:19.629 725 DEBUG glanceclient.common.http [-] Request returned failure status 404. _handle_response /usr/lib/python2.7/site-packages/glanceclient/common/http.py:125
2019-06-22 07:42:19.645 725 DEBUG glanceclient.common.http [-] Request returned failure status 404. _handle_response /usr/lib/python2.7/site-packages/glanceclient/common/http.py:125
2019-06-22 07:42:19.692 725 DEBUG glanceclient.common.http [-] Request returned failure status 404. _handle_response /usr/lib/python2.7/site-packages/glanceclient/common/http.py:125
2019-06-22 07:42:19.704 725 DEBUG glanceclient.common.http [-] Request returned failure status 404. _handle_response /usr/lib/python2.7/site-packages/glanceclient/common/http.py:125
2019-06-22 07:42:20.652 725 DEBUG glanceclient.common.http [-] Request returned failure status 404. _handle_response /usr/lib/python2.7/site-packages/glanceclient/common/http.py:125
2019-06-22 07:42:20.672 725 DEBUG glanceclient.common.http [-] Request returned failure status 404. _handle_response /usr/lib/python2.7/site-packages/glanceclient/common/http.py:125
2019-06-22 07:42:20.706 725 DEBUG glanceclient.common.http [-] Request returned failure status 404. _handle_response /usr/lib/python2.7/site-packages/glanceclient/common/http.py:125
2019-06-22 07:42:20.719 725 DEBUG glanceclient.common.http [-] Request returned failure status 404. _handle_response /usr/lib/python2.7/site-packages/glanceclient/common/http.py:125
2019-06-22 07:42:21.721 725 INFO rally.task.context [-] Task 04b58275-33fe-422e-a78c-d8796a828c22 | Context cleanup@openstack cleanup() finished in 6.29 sec
2019-06-22 07:42:21.722 725 INFO rally.task.context [-] Task 04b58275-33fe-422e-a78c-d8796a828c22 | Context users@openstack cleanup() started
2019-06-22 07:42:28.772 725 INFO rally.task.context [-] Task 04b58275-33fe-422e-a78c-d8796a828c22 | Context users@openstack cleanup() finished in 7.05 sec
2019-06-22 07:42:29.565 725 INFO rally.task.engine [-] Load duration is: 14.609722
2019-06-22 07:42:29.565 725 INFO rally.task.engine [-] Full runner duration is: 15.535248
2019-06-22 07:42:29.566 725 INFO rally.task.engine [-] Full duration is: 33.370694
2019-06-22 07:42:29.778 725 INFO rally.task.engine [-] Running workload: position = 0 config = { "version": 2, "title": "A cropped version of a bigger task.", "description": "Auto-generated task from a single workload (uuid=8a819a99-aab5-4ca0-b053-7a0ae35e21ee)", "subtasks": [ { "title": "GlanceImages.create_and_download_image", "description": "Create an image, then download data of the image.", "scenario": { "GlanceImages.create_and_download_image": { "container_format": "bare", "disk_format": "qcow2", "image_location": "/home/opnfv/functest/images/cirros-0.4.0-x86_64-disk.img" } }, "contexts": { "users": { "tenants": 3, "users_per_tenant": 2 } }, "runner": { "constant": { "concurrency": 4, "times": 10 } }, "hooks": [], "sla": { "failure_rate": { "max": 0 } } } ] }
2019-06-22 07:42:29.797 725 RALLYDEBUG rally_openstack.contexts.keystone.users [-] Creating 3 tenants using 20 threads
2019-06-22 07:42:31.605 725 RALLYDEBUG rally_openstack.contexts.keystone.users [-] Creating 6 users using 20 threads
2019-06-22 07:42:34.564 725 INFO rally.task.context [-] Task 04b58275-33fe-422e-a78c-d8796a828c22 | Context users@openstack setup() finished in 4.77 sec
2019-06-22 07:42:34.564 725 INFO rally.task.context [-] Task 04b58275-33fe-422e-a78c-d8796a828c22 | Context cleanup@openstack setup() finished in 0.01 msec
2019-06-22 07:42:34.576 725 RALLYDEBUG rally.task.runner [-] Starting the constant runner (task UUID: 04b58275-33fe-422e-a78c-d8796a828c22). timeout: 0 concurrency: 4 concurrency_per_worker: 1 times: 10 concurrency_overhead: 0 processes_to_start: 4 max_cpu_used: 16
2019-06-22 07:42:34.591 1509 RALLYDEBUG rally.task.runner [-] Starting a worker. concurrency: 1 args: {"container_format": "bare", "disk_format": "qcow2", "image_location": "/home/opnfv/functest/images/cirros-0.4.0-x86_64-disk.img"} times: 10 method_name: run timeout: 0 duration: None cls:
2019-06-22 07:42:34.594 1510 RALLYDEBUG rally.task.runner [-] Starting a worker. concurrency: 1 args: {"container_format": "bare", "disk_format": "qcow2", "image_location": "/home/opnfv/functest/images/cirros-0.4.0-x86_64-disk.img"} times: 10 method_name: run timeout: 0 duration: None cls:
2019-06-22 07:42:34.597 1511 RALLYDEBUG rally.task.runner [-] Starting a worker. concurrency: 1 args: {"container_format": "bare", "disk_format": "qcow2", "image_location": "/home/opnfv/functest/images/cirros-0.4.0-x86_64-disk.img"} times: 10 method_name: run timeout: 0 duration: None cls:
2019-06-22 07:42:34.599 1509 INFO rally.task.runner [-] Task 04b58275-33fe-422e-a78c-d8796a828c22 | ITER: 1 START
2019-06-22 07:42:34.601 1510 INFO rally.task.runner [-] Task 04b58275-33fe-422e-a78c-d8796a828c22 | ITER: 2 START
2019-06-22 07:42:34.601 1512 RALLYDEBUG rally.task.runner [-] Starting a worker. concurrency: 1 args: {"container_format": "bare", "disk_format": "qcow2", "image_location": "/home/opnfv/functest/images/cirros-0.4.0-x86_64-disk.img"} times: 10 method_name: run timeout: 0 duration: None cls:
2019-06-22 07:42:34.605 1511 INFO rally.task.runner [-] Task 04b58275-33fe-422e-a78c-d8796a828c22 | ITER: 3 START
2019-06-22 07:42:34.609 1512 INFO rally.task.runner [-] Task 04b58275-33fe-422e-a78c-d8796a828c22 | ITER: 4 START
2019-06-22 07:42:37.885 1509 RALLYDEBUG rally.task.utils [-] Waiting for resource u'a053548b-7793-4c63-adea-2a7a1badd17e'. Status changed: NONE => QUEUED in 0.0299100875854
2019-06-22 07:42:37.890 1510 RALLYDEBUG rally.task.utils [-] Waiting for resource u'4fd7c753-f25e-44d1-a9b3-1659a3abedd7'. Status changed: NONE => QUEUED in 0.0280039310455
2019-06-22 07:42:37.901 1512 RALLYDEBUG rally.task.utils [-] Waiting for resource u'5a3fb871-736f-40de-9dcf-5aee2b8b3fe7'. Status changed: NONE => QUEUED in 0.0324490070343
2019-06-22 07:42:37.978 1511 RALLYDEBUG rally.task.utils [-] Waiting for resource u'a2cb5953-18fb-4bbc-a5c4-c114c3bb6ed2'. Status changed: NONE => QUEUED in 0.0258769989014
2019-06-22 07:42:38.722 1510 RALLYDEBUG rally.task.utils [-] Waiting for resource s_rally_8a819a99_u95eFiBV. Status changed: QUEUED => ACTIVE in 0.018926858902
2019-06-22 07:42:38.879 1510 INFO rally.task.runner [-] Task 04b58275-33fe-422e-a78c-d8796a828c22 | ITER: 2 END: OK
2019-06-22 07:42:38.883 1510 INFO rally.task.runner [-] Task 04b58275-33fe-422e-a78c-d8796a828c22 | ITER: 5 START
2019-06-22 07:42:39.486 1511 RALLYDEBUG rally.task.utils [-] Waiting for resource s_rally_8a819a99_XCkFS3iF. Status changed: QUEUED => ACTIVE in 0.0178430080414
2019-06-22 07:42:39.636 1511 INFO rally.task.runner [-] Task 04b58275-33fe-422e-a78c-d8796a828c22 | ITER: 3 END: OK
2019-06-22 07:42:39.640 1511 INFO rally.task.runner [-] Task 04b58275-33fe-422e-a78c-d8796a828c22 | ITER: 6 START
2019-06-22 07:42:40.757 1509 RALLYDEBUG rally.task.utils [-] Waiting for resource s_rally_8a819a99_YJZs1eoG. Status changed: QUEUED => ACTIVE in 0.0264310836792
2019-06-22 07:42:40.759 1512 RALLYDEBUG rally.task.utils [-] Waiting for resource s_rally_8a819a99_3UhtEsdT. Status changed: QUEUED => ACTIVE in 0.0248639583588
2019-06-22 07:42:40.934 1509 INFO rally.task.runner [-] Task 04b58275-33fe-422e-a78c-d8796a828c22 | ITER: 1 END: OK
2019-06-22 07:42:40.938 1509 INFO rally.task.runner [-] Task 04b58275-33fe-422e-a78c-d8796a828c22 | ITER: 7 START
2019-06-22 07:42:41.021 1512 INFO rally.task.runner [-] Task 04b58275-33fe-422e-a78c-d8796a828c22 | ITER: 4 END: OK
2019-06-22 07:42:41.025 1512 INFO rally.task.runner [-] Task 04b58275-33fe-422e-a78c-d8796a828c22 | ITER: 8 START
2019-06-22 07:42:42.133 1510 RALLYDEBUG rally.task.utils [-] Waiting for resource u'10c17185-d6a0-4e4f-9cf3-7675ed213586'. Status changed: NONE => QUEUED in 0.0295901298523
2019-06-22 07:42:42.630 1510 RALLYDEBUG rally.task.utils [-] Waiting for resource s_rally_8a819a99_134WZwn8. Status changed: QUEUED => ACTIVE in 0.019119977951
2019-06-22 07:42:42.890 1510 INFO rally.task.runner [-] Task 04b58275-33fe-422e-a78c-d8796a828c22 | ITER: 5 END: OK
2019-06-22 07:42:42.894 1510 INFO rally.task.runner [-] Task 04b58275-33fe-422e-a78c-d8796a828c22 | ITER: 9 START
2019-06-22 07:42:42.924 1511 RALLYDEBUG rally.task.utils [-] Waiting for resource u'2bdd18cb-fcbe-467b-9be3-03081711c493'. Status changed: NONE => QUEUED in 0.0568468570709
2019-06-22 07:42:43.674 1511 RALLYDEBUG rally.task.utils [-] Waiting for resource s_rally_8a819a99_UCRZqHub. Status changed: QUEUED => ACTIVE in 0.0162081718445
2019-06-22 07:42:43.827 1511 INFO rally.task.runner [-] Task 04b58275-33fe-422e-a78c-d8796a828c22 | ITER: 6 END: OK
2019-06-22 07:42:43.830 1511 INFO rally.task.runner [-] Task 04b58275-33fe-422e-a78c-d8796a828c22 | ITER: 10 START
2019-06-22 07:42:44.250 1509 RALLYDEBUG rally.task.utils [-] Waiting for resource u'6f464c68-17cb-4665-9737-f34589b94f5f'. Status changed: NONE => QUEUED in 0.0274949073792
2019-06-22 07:42:44.701 1512 RALLYDEBUG rally.task.utils [-] Waiting for resource u'8c820a90-900c-41f3-9479-da90a7556de1'. Status changed: NONE => QUEUED in 0.398530006409
2019-06-22 07:42:44.772 1509 RALLYDEBUG rally.task.utils [-] Waiting for resource s_rally_8a819a99_2JSkCb5t. Status changed: QUEUED => ACTIVE in 0.0276570320129
2019-06-22 07:42:46.080 1509 INFO rally.task.runner [-] Task 04b58275-33fe-422e-a78c-d8796a828c22 | ITER: 7 END: OK
2019-06-22 07:42:46.121 1512 RALLYDEBUG rally.task.utils [-] Waiting for resource s_rally_8a819a99_Wr3Fvpar. Status changed: QUEUED => ACTIVE in 0.0173630714417
2019-06-22 07:42:46.165 1510 RALLYDEBUG rally.task.utils [-] Waiting for resource u'861f699a-9e2f-4d17-866d-2bc385f9bc2d'. Status changed: NONE => QUEUED in 0.0294919013977
2019-06-22 07:42:46.267 1512 INFO rally.task.runner [-] Task 04b58275-33fe-422e-a78c-d8796a828c22 | ITER: 8 END: OK
2019-06-22 07:42:46.913 1510 RALLYDEBUG rally.task.utils [-] Waiting for resource s_rally_8a819a99_lk91GfiJ. Status changed: QUEUED => ACTIVE in 0.0170888900757
2019-06-22 07:42:47.047 1511 RALLYDEBUG rally.task.utils [-] Waiting for resource u'22186f68-4b49-4464-a07d-b55b32b0e7b9'. Status changed: NONE => QUEUED in 0.0288350582123
2019-06-22 07:42:47.057 1510 INFO rally.task.runner [-] Task 04b58275-33fe-422e-a78c-d8796a828c22 | ITER: 9 END: OK
2019-06-22 07:42:48.170 1511 RALLYDEBUG rally.task.utils [-] Waiting for resource s_rally_8a819a99_rDbZc0OI. Status changed: QUEUED => ACTIVE in 0.018651008606
2019-06-22 07:42:48.325 1511 INFO rally.task.runner [-] Task 04b58275-33fe-422e-a78c-d8796a828c22 | ITER: 10 END: OK
2019-06-22 07:42:48.350 725 INFO rally.task.context [-] Task 04b58275-33fe-422e-a78c-d8796a828c22 | Context cleanup@openstack cleanup() started
2019-06-22 07:42:48.352 725 RALLYDEBUG rally_openstack.cleanup.manager [-] Cleaning up glance images objects
2019-06-22 07:42:50.721 725 RALLYDEBUG rally_openstack.cleanup.manager [-] Deleting glance.images object s_rally_8a819a99_u95eFiBV (4fd7c753-f25e-44d1-a9b3-1659a3abedd7)
2019-06-22 07:42:50.722 725 RALLYDEBUG rally_openstack.cleanup.manager [-] Deleting glance.images object s_rally_8a819a99_134WZwn8 (10c17185-d6a0-4e4f-9cf3-7675ed213586)
2019-06-22 07:42:50.727 725 RALLYDEBUG rally_openstack.cleanup.manager [-] Deleting glance.images object s_rally_8a819a99_lk91GfiJ (861f699a-9e2f-4d17-866d-2bc385f9bc2d)
2019-06-22 07:42:50.727 725 RALLYDEBUG rally_openstack.cleanup.manager [-] Deleting glance.images object s_rally_8a819a99_rDbZc0OI (22186f68-4b49-4464-a07d-b55b32b0e7b9)
2019-06-22 07:42:50.728 725 RALLYDEBUG rally_openstack.cleanup.manager [-] Deleting glance.images object s_rally_8a819a99_3UhtEsdT (5a3fb871-736f-40de-9dcf-5aee2b8b3fe7)
2019-06-22 07:42:50.729 725 RALLYDEBUG rally_openstack.cleanup.manager [-] Deleting glance.images object s_rally_8a819a99_2JSkCb5t (6f464c68-17cb-4665-9737-f34589b94f5f)
2019-06-22 07:42:50.729 725 RALLYDEBUG rally_openstack.cleanup.manager [-] Deleting glance.images object s_rally_8a819a99_XCkFS3iF (a2cb5953-18fb-4bbc-a5c4-c114c3bb6ed2)
2019-06-22 07:42:50.729 725 RALLYDEBUG rally_openstack.cleanup.manager [-] Deleting glance.images object s_rally_8a819a99_Wr3Fvpar (8c820a90-900c-41f3-9479-da90a7556de1)
2019-06-22 07:42:50.733 725 RALLYDEBUG rally_openstack.cleanup.manager [-] Deleting glance.images object s_rally_8a819a99_UCRZqHub (2bdd18cb-fcbe-467b-9be3-03081711c493)
2019-06-22 07:42:50.744 725 RALLYDEBUG rally_openstack.cleanup.manager [-] Deleting glance.images object s_rally_8a819a99_YJZs1eoG (a053548b-7793-4c63-adea-2a7a1badd17e)
2019-06-22 07:42:51.958 725 DEBUG glanceclient.common.http [-] Request returned failure status 404. _handle_response /usr/lib/python2.7/site-packages/glanceclient/common/http.py:125
2019-06-22 07:42:51.968 725 DEBUG glanceclient.common.http [-] Request returned failure status 404. _handle_response /usr/lib/python2.7/site-packages/glanceclient/common/http.py:125
2019-06-22 07:42:51.972 725 DEBUG glanceclient.common.http [-] Request returned failure status 404. _handle_response /usr/lib/python2.7/site-packages/glanceclient/common/http.py:125
2019-06-22 07:42:51.980 725 DEBUG glanceclient.common.http [-] Request returned failure status 404. _handle_response /usr/lib/python2.7/site-packages/glanceclient/common/http.py:125
2019-06-22 07:42:53.034 725 DEBUG glanceclient.common.http [-] Request returned failure status 404. _handle_response /usr/lib/python2.7/site-packages/glanceclient/common/http.py:125
2019-06-22 07:42:53.040 725 DEBUG glanceclient.common.http [-] Request returned failure status 404. _handle_response /usr/lib/python2.7/site-packages/glanceclient/common/http.py:125
2019-06-22 07:42:53.049 725 DEBUG glanceclient.common.http [-] Request returned failure status 404. _handle_response /usr/lib/python2.7/site-packages/glanceclient/common/http.py:125
2019-06-22 07:42:53.049 725 DEBUG glanceclient.common.http [-] Request returned failure status 404. _handle_response /usr/lib/python2.7/site-packages/glanceclient/common/http.py:125
2019-06-22 07:42:53.066 725 DEBUG glanceclient.common.http [-] Request returned failure status 404. _handle_response /usr/lib/python2.7/site-packages/glanceclient/common/http.py:125
2019-06-22 07:42:53.076 725 DEBUG glanceclient.common.http [-] Request returned failure status 404. _handle_response /usr/lib/python2.7/site-packages/glanceclient/common/http.py:125
2019-06-22 07:42:53.078 725 DEBUG glanceclient.common.http [-] Request returned failure status 404. _handle_response /usr/lib/python2.7/site-packages/glanceclient/common/http.py:125
2019-06-22 07:42:53.082 725 DEBUG glanceclient.common.http [-] Request returned failure status 404. _handle_response /usr/lib/python2.7/site-packages/glanceclient/common/http.py:125
2019-06-22 07:42:53.082 725 DEBUG glanceclient.common.http [-] Request returned failure status 404. _handle_response /usr/lib/python2.7/site-packages/glanceclient/common/http.py:125
2019-06-22 07:42:53.084 725 DEBUG glanceclient.common.http [-] Request returned failure status 404. _handle_response /usr/lib/python2.7/site-packages/glanceclient/common/http.py:125
2019-06-22 07:42:53.086 725 DEBUG glanceclient.common.http [-] Request returned failure status 404. _handle_response /usr/lib/python2.7/site-packages/glanceclient/common/http.py:125
2019-06-22 07:42:53.095 725 DEBUG glanceclient.common.http [-] Request returned failure status 404. _handle_response /usr/lib/python2.7/site-packages/glanceclient/common/http.py:125
2019-06-22 07:42:53.103 725 DEBUG glanceclient.common.http [-] Request returned failure status 404. _handle_response /usr/lib/python2.7/site-packages/glanceclient/common/http.py:125
2019-06-22 07:42:53.115 725 DEBUG glanceclient.common.http [-] Request returned failure status 404. _handle_response /usr/lib/python2.7/site-packages/glanceclient/common/http.py:125
2019-06-22 07:42:53.117 725 DEBUG glanceclient.common.http [-] Request returned failure status 404. _handle_response /usr/lib/python2.7/site-packages/glanceclient/common/http.py:125
2019-06-22 07:42:53.129 725 DEBUG glanceclient.common.http [-] Request returned failure status 404. _handle_response /usr/lib/python2.7/site-packages/glanceclient/common/http.py:125
2019-06-22 07:42:54.132 725 INFO rally.task.context [-] Task 04b58275-33fe-422e-a78c-d8796a828c22 | Context cleanup@openstack cleanup() finished in 5.78 sec
2019-06-22 07:42:54.132 725 INFO rally.task.context [-] Task 04b58275-33fe-422e-a78c-d8796a828c22 | Context users@openstack cleanup() started
2019-06-22 07:43:01.007 725 INFO rally.task.context [-] Task 04b58275-33fe-422e-a78c-d8796a828c22 | Context users@openstack cleanup() finished in 6.87 sec
2019-06-22 07:43:01.929 725 INFO rally.task.engine [-] Load duration is: 12.857673
2019-06-22 07:43:01.930 725 INFO rally.task.engine [-] Full runner duration is: 13.774652
2019-06-22 07:43:01.930 725 INFO rally.task.engine [-] Full duration is: 31.211345
2019-06-22 07:43:02.160 725 INFO rally.task.engine [-] Running workload: position = 0 config = { "version": 2, "title": "A cropped version of a bigger task.", "description": "Auto-generated task from a single workload (uuid=c28e3e98-b32b-4cd3-8653-8ba9e81f7341)", "subtasks": [ { "title": "GlanceImages.create_and_get_image", "description": "Create and get detailed information of an image.", "scenario": { "GlanceImages.create_and_get_image": { "container_format": "bare", "disk_format": "qcow2", "image_location": "/home/opnfv/functest/images/cirros-0.4.0-x86_64-disk.img" } }, "contexts": { "users": { "tenants": 3, "users_per_tenant": 2 } }, "runner": { "constant": { "concurrency": 4, "times": 10 } }, "hooks": [], "sla": { "failure_rate": { "max": 0 } } } ] }
2019-06-22 07:43:02.183 725 RALLYDEBUG rally_openstack.contexts.keystone.users [-] Creating 3 tenants using 20 threads
2019-06-22 07:43:03.999 725 RALLYDEBUG rally_openstack.contexts.keystone.users [-] Creating 6 users using 20 threads
2019-06-22 07:43:06.581 725 INFO rally.task.context [-] Task 04b58275-33fe-422e-a78c-d8796a828c22 | Context users@openstack setup() finished in 4.40 sec
2019-06-22 07:43:06.582 725 INFO rally.task.context [-] Task 04b58275-33fe-422e-a78c-d8796a828c22 | Context cleanup@openstack setup() finished in 0.00 msec
2019-06-22 07:43:06.590 725 RALLYDEBUG rally.task.runner [-] Starting the constant runner (task UUID: 04b58275-33fe-422e-a78c-d8796a828c22). timeout: 0 concurrency: 4 concurrency_per_worker: 1 times: 10 concurrency_overhead: 0 processes_to_start: 4 max_cpu_used: 16
2019-06-22 07:43:06.601 1633 RALLYDEBUG rally.task.runner [-] Starting a worker. concurrency: 1 args: {"container_format": "bare", "disk_format": "qcow2", "image_location": "/home/opnfv/functest/images/cirros-0.4.0-x86_64-disk.img"} times: 10 method_name: run timeout: 0 duration: None cls:
2019-06-22 07:43:06.602 1635 RALLYDEBUG rally.task.runner [-] Starting a worker. concurrency: 1 args: {"container_format": "bare", "disk_format": "qcow2", "image_location": "/home/opnfv/functest/images/cirros-0.4.0-x86_64-disk.img"} times: 10 method_name: run timeout: 0 duration: None cls:
2019-06-22 07:43:06.603 1634 RALLYDEBUG rally.task.runner [-] Starting a worker. concurrency: 1 args: {"container_format": "bare", "disk_format": "qcow2", "image_location": "/home/opnfv/functest/images/cirros-0.4.0-x86_64-disk.img"} times: 10 method_name: run timeout: 0 duration: None cls:
2019-06-22 07:43:06.607 1635 INFO rally.task.runner [-] Task 04b58275-33fe-422e-a78c-d8796a828c22 | ITER: 2 START
2019-06-22 07:43:06.607 1633 INFO rally.task.runner [-] Task 04b58275-33fe-422e-a78c-d8796a828c22 | ITER: 1 START
2019-06-22 07:43:06.607 1636 RALLYDEBUG rally.task.runner [-] Starting a worker. concurrency: 1 args: {"container_format": "bare", "disk_format": "qcow2", "image_location": "/home/opnfv/functest/images/cirros-0.4.0-x86_64-disk.img"} times: 10 method_name: run timeout: 0 duration: None cls:
2019-06-22 07:43:06.609 1634 INFO rally.task.runner [-] Task 04b58275-33fe-422e-a78c-d8796a828c22 | ITER: 3 START
2019-06-22 07:43:06.613 1636 INFO rally.task.runner [-] Task 04b58275-33fe-422e-a78c-d8796a828c22 | ITER: 4 START
2019-06-22 07:43:09.889 1635 RALLYDEBUG rally.task.utils [-] Waiting for resource u'194524fb-4e86-4d9c-9f9f-b479defdd6f3'. Status changed: NONE => QUEUED in 0.0334000587463
2019-06-22 07:43:09.898 1634 RALLYDEBUG rally.task.utils [-] Waiting for resource u'9cce199c-597a-4630-b4dd-b13c5f7c20fd'. Status changed: NONE => QUEUED in 0.0358150005341
2019-06-22 07:43:09.898 1636 RALLYDEBUG rally.task.utils [-] Waiting for resource u'87d3eaa0-75fb-40c8-9875-80892cd3723f'. Status changed: NONE => QUEUED in 0.0348689556122
2019-06-22 07:43:10.049 1633 RALLYDEBUG rally.task.utils [-] Waiting for resource u'ae4c5bd7-9cf8-4fee-8834-7dbc15ec2795'. Status changed: NONE => QUEUED in 0.028037071228
2019-06-22 07:43:10.703 1635 RALLYDEBUG rally.task.utils [-] Waiting for resource s_rally_c28e3e98_IlKEzfYI. Status changed: QUEUED => ACTIVE in 0.0188219547272
2019-06-22 07:43:10.710 1636 RALLYDEBUG rally.task.utils [-] Waiting for resource s_rally_c28e3e98_VeiCgOLH. Status changed: QUEUED => ACTIVE in 0.0211429595947
2019-06-22 07:43:10.722 1635 INFO rally.task.runner [-] Task 04b58275-33fe-422e-a78c-d8796a828c22 | ITER: 2 END: OK
2019-06-22 07:43:10.726 1635 INFO rally.task.runner [-] Task 04b58275-33fe-422e-a78c-d8796a828c22 | ITER: 5 START
2019-06-22 07:43:10.727 1636 INFO rally.task.runner [-] Task 04b58275-33fe-422e-a78c-d8796a828c22 | ITER: 4 END: OK
2019-06-22 07:43:10.730 1636 INFO rally.task.runner [-] Task 04b58275-33fe-422e-a78c-d8796a828c22 | ITER: 6 START
2019-06-22 07:43:10.735 1634 RALLYDEBUG rally.task.utils [-] Waiting for resource s_rally_c28e3e98_A6Bv4mHR. Status changed: QUEUED => ACTIVE in 0.0174520015717
2019-06-22 07:43:10.755 1634 INFO rally.task.runner [-] Task 04b58275-33fe-422e-a78c-d8796a828c22 | ITER: 3 END: OK
2019-06-22 07:43:10.758 1634 INFO rally.task.runner [-] Task 04b58275-33fe-422e-a78c-d8796a828c22 | ITER: 7 START
2019-06-22 07:43:11.639 1633 RALLYDEBUG rally.task.utils [-] Waiting for resource s_rally_c28e3e98_e9m0Y8po. Status changed: QUEUED => ACTIVE in 0.0229260921478
2019-06-22 07:43:11.659 1633 INFO rally.task.runner [-] Task 04b58275-33fe-422e-a78c-d8796a828c22 | ITER: 1 END: OK
2019-06-22 07:43:11.663 1633 INFO rally.task.runner [-] Task 04b58275-33fe-422e-a78c-d8796a828c22 | ITER: 8 START
2019-06-22 07:43:13.942 1635 RALLYDEBUG rally.task.utils [-] Waiting for resource u'65bfd8b6-bde4-4904-b007-457318077ac7'. Status changed: NONE => QUEUED in 0.0307440757751
2019-06-22 07:43:14.026 1636 RALLYDEBUG rally.task.utils [-] Waiting for resource u'1c6e0b8b-6c95-4671-ad5c-257928115c2b'. Status changed: NONE => QUEUED in 0.0393409729004
2019-06-22 07:43:14.028 1634 RALLYDEBUG rally.task.utils [-] Waiting for resource u'105b80ed-2663-46ec-985d-42b61dca8057'. Status changed: NONE => QUEUED in 0.0345280170441
2019-06-22 07:43:14.359 1635 RALLYDEBUG rally.task.utils [-] Waiting for resource s_rally_c28e3e98_xBU0sN5V. Status changed: QUEUED => ACTIVE in 0.0183131694794
2019-06-22 07:43:14.375 1635 INFO rally.task.runner [-] Task 04b58275-33fe-422e-a78c-d8796a828c22 | ITER: 5 END: OK
2019-06-22 07:43:14.379 1635 INFO rally.task.runner [-] Task 04b58275-33fe-422e-a78c-d8796a828c22 | ITER: 9 START
2019-06-22 07:43:14.935 1633 RALLYDEBUG rally.task.utils [-] Waiting for resource u'a3140d98-6bee-4ac1-a047-ac6a1e65b8f4'. Status changed: NONE => QUEUED in 0.0265100002289
2019-06-22 07:43:16.505 1633 RALLYDEBUG rally.task.utils [-] Waiting for resource s_rally_c28e3e98_9Oxz9VBu. Status changed: QUEUED => ACTIVE in 0.0259258747101
2019-06-22 07:43:16.526 1633 INFO rally.task.runner [-] Task 04b58275-33fe-422e-a78c-d8796a828c22 | ITER: 8 END: OK
2019-06-22 07:43:16.530 1633 INFO rally.task.runner [-] Task 04b58275-33fe-422e-a78c-d8796a828c22 | ITER: 10 START
2019-06-22 07:43:16.536 1636 RALLYDEBUG rally.task.utils [-] Waiting for resource s_rally_c28e3e98_ene2b8xH. Status changed: QUEUED => ACTIVE in 0.0268938541412
2019-06-22 07:43:16.539 1634 RALLYDEBUG rally.task.utils [-] Waiting for resource s_rally_c28e3e98_LnvGd8i3. Status changed: QUEUED => ACTIVE in 0.0270209312439
2019-06-22 07:43:16.563 1634 INFO rally.task.runner [-] Task 04b58275-33fe-422e-a78c-d8796a828c22 | ITER: 7 END: OK
2019-06-22 07:43:16.565 1636 INFO rally.task.runner [-] Task 04b58275-33fe-422e-a78c-d8796a828c22 | ITER: 6 END: OK
2019-06-22 07:43:17.744 1635 RALLYDEBUG rally.task.utils [-] Waiting for resource u'07dd6574-e9c3-4e45-a547-cc85a680d548'. Status changed: NONE => QUEUED in 0.0280630588531
2019-06-22 07:43:18.594 1635 RALLYDEBUG rally.task.utils [-] Waiting for resource s_rally_c28e3e98_yBjLGrDw. Status changed: QUEUED => ACTIVE in 0.0180330276489
2019-06-22 07:43:18.611 1635 INFO rally.task.runner [-] Task 04b58275-33fe-422e-a78c-d8796a828c22 | ITER: 9 END: OK
2019-06-22 07:43:19.774 1633 RALLYDEBUG rally.task.utils [-] Waiting for resource u'4bd3cb34-4185-498d-bbee-b35b2516c588'. Status changed: NONE => QUEUED in 0.0302460193634
2019-06-22 07:43:20.692 1633 RALLYDEBUG rally.task.utils [-] Waiting for resource s_rally_c28e3e98_WHnJzYw8. Status changed: QUEUED => ACTIVE in 0.0198040008545
2019-06-22 07:43:20.709 1633 INFO rally.task.runner [-] Task 04b58275-33fe-422e-a78c-d8796a828c22 | ITER: 10 END: OK
2019-06-22 07:43:20.738 725 INFO rally.task.context [-] Task 04b58275-33fe-422e-a78c-d8796a828c22 | Context cleanup@openstack cleanup() started
2019-06-22 07:43:20.740 725 RALLYDEBUG rally_openstack.cleanup.manager [-] Cleaning up glance images objects
2019-06-22 07:43:22.934 725 RALLYDEBUG rally_openstack.cleanup.manager [-] Deleting glance.images object s_rally_c28e3e98_LnvGd8i3 (105b80ed-2663-46ec-985d-42b61dca8057)
2019-06-22 07:43:22.942 725 RALLYDEBUG rally_openstack.cleanup.manager [-] Deleting glance.images object s_rally_c28e3e98_e9m0Y8po (ae4c5bd7-9cf8-4fee-8834-7dbc15ec2795)
2019-06-22 07:43:22.942 725 RALLYDEBUG rally_openstack.cleanup.manager [-] Deleting glance.images object s_rally_c28e3e98_A6Bv4mHR (9cce199c-597a-4630-b4dd-b13c5f7c20fd)
2019-06-22 07:43:22.943 725 RALLYDEBUG rally_openstack.cleanup.manager [-] Deleting glance.images object s_rally_c28e3e98_9Oxz9VBu (a3140d98-6bee-4ac1-a047-ac6a1e65b8f4)
2019-06-22 07:43:22.944 725 RALLYDEBUG rally_openstack.cleanup.manager [-] Deleting glance.images object s_rally_c28e3e98_yBjLGrDw (07dd6574-e9c3-4e45-a547-cc85a680d548)
2019-06-22 07:43:22.944 725 RALLYDEBUG rally_openstack.cleanup.manager [-] Deleting glance.images object s_rally_c28e3e98_IlKEzfYI (194524fb-4e86-4d9c-9f9f-b479defdd6f3)
2019-06-22 07:43:22.945 725 RALLYDEBUG rally_openstack.cleanup.manager [-] Deleting glance.images object s_rally_c28e3e98_VeiCgOLH (87d3eaa0-75fb-40c8-9875-80892cd3723f)
2019-06-22 07:43:22.945 725 RALLYDEBUG rally_openstack.cleanup.manager [-] Deleting glance.images object s_rally_c28e3e98_xBU0sN5V (65bfd8b6-bde4-4904-b007-457318077ac7)
2019-06-22 07:43:22.946 725 RALLYDEBUG rally_openstack.cleanup.manager [-] Deleting glance.images object s_rally_c28e3e98_ene2b8xH (1c6e0b8b-6c95-4671-ad5c-257928115c2b)
2019-06-22 07:43:22.953 725 RALLYDEBUG rally_openstack.cleanup.manager [-] Deleting glance.images object s_rally_c28e3e98_WHnJzYw8 (4bd3cb34-4185-498d-bbee-b35b2516c588)
2019-06-22 07:43:24.369 725 DEBUG glanceclient.common.http [-] Request returned failure status 404. _handle_response /usr/lib/python2.7/site-packages/glanceclient/common/http.py:125
2019-06-22 07:43:24.379 725 DEBUG glanceclient.common.http [-] Request returned failure status 404. _handle_response /usr/lib/python2.7/site-packages/glanceclient/common/http.py:125
2019-06-22 07:43:24.386 725 DEBUG glanceclient.common.http [-] Request returned failure status 404. _handle_response /usr/lib/python2.7/site-packages/glanceclient/common/http.py:125
2019-06-22 07:43:24.396 725 DEBUG glanceclient.common.http [-] Request returned failure status 404. _handle_response /usr/lib/python2.7/site-packages/glanceclient/common/http.py:125
2019-06-22 07:43:24.399 725 DEBUG glanceclient.common.http [-] Request returned failure status 404. _handle_response /usr/lib/python2.7/site-packages/glanceclient/common/http.py:125
2019-06-22 07:43:24.409 725 DEBUG glanceclient.common.http [-] Request returned failure status 404. _handle_response /usr/lib/python2.7/site-packages/glanceclient/common/http.py:125
2019-06-22 07:43:25.429 725 DEBUG glanceclient.common.http [-] Request returned failure status 404. _handle_response /usr/lib/python2.7/site-packages/glanceclient/common/http.py:125
2019-06-22 07:43:25.431 725 DEBUG glanceclient.common.http [-] Request returned failure status 404. _handle_response /usr/lib/python2.7/site-packages/glanceclient/common/http.py:125
2019-06-22 07:43:25.442 725 DEBUG glanceclient.common.http [-] Request returned failure status 404. _handle_response /usr/lib/python2.7/site-packages/glanceclient/common/http.py:125
2019-06-22 07:43:25.449 725 DEBUG glanceclient.common.http [-] Request returned failure status 404. _handle_response /usr/lib/python2.7/site-packages/glanceclient/common/http.py:125
2019-06-22 07:43:25.452 725 DEBUG glanceclient.common.http [-] Request returned failure status 404. _handle_response /usr/lib/python2.7/site-packages/glanceclient/common/http.py:125
2019-06-22 07:43:25.454 725 DEBUG glanceclient.common.http [-] Request returned failure status 404. _handle_response /usr/lib/python2.7/site-packages/glanceclient/common/http.py:125
2019-06-22 07:43:25.457 725 DEBUG glanceclient.common.http [-] Request returned failure status 404. _handle_response /usr/lib/python2.7/site-packages/glanceclient/common/http.py:125
2019-06-22 07:43:25.462 725 DEBUG glanceclient.common.http [-] Request returned failure status 404. _handle_response /usr/lib/python2.7/site-packages/glanceclient/common/http.py:125
2019-06-22 07:43:26.484 725 DEBUG glanceclient.common.http [-] Request returned failure status 404. _handle_response /usr/lib/python2.7/site-packages/glanceclient/common/http.py:125
2019-06-22 07:43:26.506 725 DEBUG glanceclient.common.http [-] Request returned failure status 404. _handle_response /usr/lib/python2.7/site-packages/glanceclient/common/http.py:125
2019-06-22 07:43:26.517 725 DEBUG glanceclient.common.http [-] Request returned failure status 404. _handle_response /usr/lib/python2.7/site-packages/glanceclient/common/http.py:125
2019-06-22 07:43:26.530 725 DEBUG glanceclient.common.http [-] Request returned failure status 404. _handle_response /usr/lib/python2.7/site-packages/glanceclient/common/http.py:125
2019-06-22 07:43:26.547 725 DEBUG glanceclient.common.http [-] Request returned failure status 404. _handle_response /usr/lib/python2.7/site-packages/glanceclient/common/http.py:125
2019-06-22 07:43:26.559 725 DEBUG glanceclient.common.http [-] Request returned failure status 404. _handle_response /usr/lib/python2.7/site-packages/glanceclient/common/http.py:125
2019-06-22 07:43:27.562 725 INFO rally.task.context [-] Task 04b58275-33fe-422e-a78c-d8796a828c22 | Context cleanup@openstack cleanup() finished in 6.82 sec
2019-06-22 07:43:27.562 725 INFO rally.task.context [-] Task 04b58275-33fe-422e-a78c-d8796a828c22 | Context users@openstack cleanup() started
2019-06-22 07:43:35.354 725 INFO rally.task.context [-] Task 04b58275-33fe-422e-a78c-d8796a828c22 | Context users@openstack cleanup() finished in 7.79 sec
2019-06-22 07:43:36.348 725 INFO rally.task.engine [-] Load duration is: 13.240671
2019-06-22 07:43:36.348 725 INFO rally.task.engine [-] Full runner duration is: 14.148567
2019-06-22 07:43:36.349 725 INFO rally.task.engine [-] Full duration is: 33.173663
2019-06-22 07:43:36.622 725 INFO rally.task.engine [-] Running workload: position = 0 config = { "version": 2, "title": "A cropped version of a bigger task.", "description": "Auto-generated task from a single workload (uuid=1a71122c-c709-4c95-9585-f5a7f32d9933)", "subtasks": [ { "title": "GlanceImages.create_and_update_image", "description": "Create an image then update it.", "scenario": { "GlanceImages.create_and_update_image": { "container_format": "bare", "disk_format": "qcow2", "image_location": "/home/opnfv/functest/images/cirros-0.4.0-x86_64-disk.img" } }, "contexts": { "users": { "tenants": 3, "users_per_tenant": 2 } }, "runner": { "constant": { "concurrency": 4, "times": 10 } }, "hooks": [], "sla": { "failure_rate": { "max": 0 } } } ] }
2019-06-22 07:43:36.643 725 RALLYDEBUG rally_openstack.contexts.keystone.users [-] Creating 3 tenants using 20 threads
2019-06-22 07:43:38.590 725 RALLYDEBUG rally_openstack.contexts.keystone.users [-] Creating 6 users using 20 threads
2019-06-22 07:43:41.382 725 INFO rally.task.context [-] Task 04b58275-33fe-422e-a78c-d8796a828c22 | Context users@openstack setup() finished in 4.74 sec
2019-06-22 07:43:41.382 725 INFO rally.task.context [-] Task 04b58275-33fe-422e-a78c-d8796a828c22 | Context cleanup@openstack setup() finished in 0.00 msec
2019-06-22 07:43:41.391 725 RALLYDEBUG rally.task.runner [-] Starting the constant runner (task UUID: 04b58275-33fe-422e-a78c-d8796a828c22). timeout: 0 concurrency: 4 concurrency_per_worker: 1 times: 10 concurrency_overhead: 0 processes_to_start: 4 max_cpu_used: 16
2019-06-22 07:43:41.403 1757 RALLYDEBUG rally.task.runner [-] Starting a worker. concurrency: 1 args: {"container_format": "bare", "disk_format": "qcow2", "image_location": "/home/opnfv/functest/images/cirros-0.4.0-x86_64-disk.img"} times: 10 method_name: run timeout: 0 duration: None cls:
2019-06-22 07:43:41.407 1758 RALLYDEBUG rally.task.runner [-] Starting a worker. concurrency: 1 args: {"container_format": "bare", "disk_format": "qcow2", "image_location": "/home/opnfv/functest/images/cirros-0.4.0-x86_64-disk.img"} times: 10 method_name: run timeout: 0 duration: None cls:
2019-06-22 07:43:41.408 1757 INFO rally.task.runner [-] Task 04b58275-33fe-422e-a78c-d8796a828c22 | ITER: 1 START
2019-06-22 07:43:41.410 1760 RALLYDEBUG rally.task.runner [-] Starting a worker. concurrency: 1 args: {"container_format": "bare", "disk_format": "qcow2", "image_location": "/home/opnfv/functest/images/cirros-0.4.0-x86_64-disk.img"} times: 10 method_name: run timeout: 0 duration: None cls:
2019-06-22 07:43:41.410 1759 RALLYDEBUG rally.task.runner [-] Starting a worker. concurrency: 1 args: {"container_format": "bare", "disk_format": "qcow2", "image_location": "/home/opnfv/functest/images/cirros-0.4.0-x86_64-disk.img"} times: 10 method_name: run timeout: 0 duration: None cls:
2019-06-22 07:43:41.412 1758 INFO rally.task.runner [-] Task 04b58275-33fe-422e-a78c-d8796a828c22 | ITER: 2 START
2019-06-22 07:43:41.414 1760 INFO rally.task.runner [-] Task 04b58275-33fe-422e-a78c-d8796a828c22 | ITER: 3 START
2019-06-22 07:43:41.416 1759 INFO rally.task.runner [-] Task 04b58275-33fe-422e-a78c-d8796a828c22 | ITER: 4 START
2019-06-22 07:43:44.708 1757 RALLYDEBUG rally.task.utils [-] Waiting for resource u'8399936d-cce3-46a2-b67b-f993a2841619'. Status changed: NONE => QUEUED in 0.0304388999939
2019-06-22 07:43:44.719 1760 RALLYDEBUG rally.task.utils [-] Waiting for resource u'9b86e28e-0017-4df1-8c18-519937b033df'. Status changed: NONE => QUEUED in 0.0305619239807
2019-06-22 07:43:44.730 1759 RALLYDEBUG rally.task.utils [-] Waiting for resource u'437faf84-5a05-4687-9538-1b514285bb31'. Status changed: NONE => QUEUED in 0.0306479930878
2019-06-22 07:43:44.762 1758 RALLYDEBUG rally.task.utils [-] Waiting for resource u'5f896d7d-5429-4b86-9dfc-f4c31de06ad1'. Status changed: NONE => QUEUED in 0.0322079658508
2019-06-22 07:43:45.476 1757 RALLYDEBUG rally.task.utils [-] Waiting for resource s_rally_1a71122c_ENyDO986. Status changed: QUEUED => ACTIVE in 0.0188460350037
2019-06-22 07:43:45.490 1759 RALLYDEBUG rally.task.utils [-] Waiting for resource s_rally_1a71122c_DCvigJEC. Status changed: QUEUED => ACTIVE in 0.0278759002686
2019-06-22 07:43:45.617 1757 INFO rally.task.runner [-] Task 04b58275-33fe-422e-a78c-d8796a828c22 | ITER: 1 END: OK
2019-06-22 07:43:45.621 1757 INFO rally.task.runner [-] Task 04b58275-33fe-422e-a78c-d8796a828c22 | ITER: 5 START
2019-06-22 07:43:45.647 1759 INFO rally.task.runner [-] Task 04b58275-33fe-422e-a78c-d8796a828c22 | ITER: 4 END: OK
2019-06-22 07:43:45.651 1759 INFO rally.task.runner [-] Task 04b58275-33fe-422e-a78c-d8796a828c22 | ITER: 6 START
2019-06-22 07:43:46.547 1760 RALLYDEBUG rally.task.utils [-] Waiting for resource s_rally_1a71122c_gXSjiFnJ. Status changed: QUEUED => ACTIVE in 0.0311999320984
2019-06-22 07:43:46.590 1758 RALLYDEBUG rally.task.utils [-] Waiting for resource s_rally_1a71122c_CAF9n4pE. Status changed: QUEUED => ACTIVE in 0.0287170410156
2019-06-22 07:43:46.724 1760 INFO rally.task.runner [-] Task 04b58275-33fe-422e-a78c-d8796a828c22 | ITER: 3 END: OK
2019-06-22 07:43:46.727 1760 INFO rally.task.runner [-] Task 04b58275-33fe-422e-a78c-d8796a828c22 | ITER: 7 START
2019-06-22 07:43:46.743 1758 INFO rally.task.runner [-] Task 04b58275-33fe-422e-a78c-d8796a828c22 | ITER: 2 END: OK
2019-06-22 07:43:46.746 1758 INFO rally.task.runner [-] Task 04b58275-33fe-422e-a78c-d8796a828c22 | ITER: 8 START
2019-06-22 07:43:48.889 1757 RALLYDEBUG rally.task.utils [-] Waiting for resource u'c867cabd-58b5-4e7f-afe4-bb27b6626677'. Status changed: NONE => QUEUED in 0.0369229316711
2019-06-22 07:43:48.891 1759 RALLYDEBUG rally.task.utils [-] Waiting for resource u'05cbe98e-0e36-40ce-b43e-5cb03d9d7ee9'. Status changed: NONE => QUEUED in 0.0325219631195
2019-06-22 07:43:50.358 1760 RALLYDEBUG rally.task.utils [-] Waiting for resource u'5292a1b7-2b1e-4a71-ba23-76176abcd98c'. Status changed: NONE => QUEUED in 0.0274209976196
2019-06-22 07:43:50.719 1758 RALLYDEBUG rally.task.utils [-] Waiting for resource u'efddce11-8df8-4dcd-8f50-07ee8cafc06c'. Status changed: NONE => QUEUED in 0.820481061935
2019-06-22 07:43:50.730 1760 RALLYDEBUG rally.task.utils [-] Waiting for resource s_rally_1a71122c_wCYUJuSt. Status changed: QUEUED => ACTIVE in 0.0208201408386
2019-06-22 07:43:50.784 1757 RALLYDEBUG rally.task.utils [-] Waiting for resource s_rally_1a71122c_FANBoQRh. Status changed: QUEUED => ACTIVE in 0.0331499576569
2019-06-22 07:43:50.822 1759 RALLYDEBUG rally.task.utils [-] Waiting for resource s_rally_1a71122c_iz4HNbPE. Status changed: QUEUED => ACTIVE in 0.0265200138092
2019-06-22 07:43:50.866 1760 INFO rally.task.runner [-] Task 04b58275-33fe-422e-a78c-d8796a828c22 | ITER: 7 END: OK
2019-06-22 07:43:50.869 1760 INFO rally.task.runner [-] Task 04b58275-33fe-422e-a78c-d8796a828c22 | ITER: 9 START
2019-06-22 07:43:51.959 1758 RALLYDEBUG rally.task.utils [-] Waiting for resource s_rally_1a71122c_ICm832GS. Status changed: QUEUED => ACTIVE in 0.0362668037415
2019-06-22 07:43:51.964 1757 INFO rally.task.runner [-] Task 04b58275-33fe-422e-a78c-d8796a828c22 | ITER: 5 END: OK
2019-06-22 07:43:51.968 1757 INFO rally.task.runner [-] Task 04b58275-33fe-422e-a78c-d8796a828c22 | ITER: 10 START
2019-06-22 07:43:52.006 1759 INFO rally.task.runner [-] Task 04b58275-33fe-422e-a78c-d8796a828c22 | ITER: 6 END: OK
2019-06-22 07:43:52.092 1758 INFO rally.task.runner [-] Task 04b58275-33fe-422e-a78c-d8796a828c22 | ITER: 8 END: OK
2019-06-22 07:43:54.146 1760 RALLYDEBUG rally.task.utils [-] Waiting for resource u'20274cd8-6e67-4943-a6c7-1a0b2f50acee'. Status changed: NONE => QUEUED in 0.0345430374146
2019-06-22 07:43:55.228 1757 RALLYDEBUG rally.task.utils [-] Waiting for resource u'3764775e-1151-40e3-9c77-854af4155551'. Status changed: NONE => QUEUED in 0.0354428291321
2019-06-22 07:43:55.468 1760 RALLYDEBUG rally.task.utils [-] Waiting for resource s_rally_1a71122c_MoTUsUwv. Status changed: QUEUED => ACTIVE in 0.0183990001678
2019-06-22 07:43:55.603 1760 INFO rally.task.runner [-] Task 04b58275-33fe-422e-a78c-d8796a828c22 | ITER: 9 END: OK
2019-06-22 07:43:56.492 1757 RALLYDEBUG rally.task.utils [-] Waiting for resource s_rally_1a71122c_FJO356Oi. Status changed: QUEUED => ACTIVE in 0.022442817688
2019-06-22 07:43:56.657 1757 INFO rally.task.runner [-] Task 04b58275-33fe-422e-a78c-d8796a828c22 | ITER: 10 END: OK
2019-06-22 07:43:56.688 725 INFO rally.task.context [-] Task 04b58275-33fe-422e-a78c-d8796a828c22 | Context cleanup@openstack cleanup() started
2019-06-22 07:43:56.690 725 RALLYDEBUG rally_openstack.cleanup.manager [-] Cleaning up glance images objects
2019-06-22 07:43:58.982 725 RALLYDEBUG rally_openstack.cleanup.manager [-] Deleting glance.images object s_rally_1a71122c_31u95ltL (05cbe98e-0e36-40ce-b43e-5cb03d9d7ee9)
2019-06-22 07:43:58.983 725 RALLYDEBUG rally_openstack.cleanup.manager [-] Deleting glance.images object s_rally_1a71122c_WVGfZbCa (9b86e28e-0017-4df1-8c18-519937b033df)
2019-06-22 07:43:58.989 725 RALLYDEBUG rally_openstack.cleanup.manager [-] Deleting glance.images object s_rally_1a71122c_SqRPv65H (5f896d7d-5429-4b86-9dfc-f4c31de06ad1)
2019-06-22 07:43:58.989 725 RALLYDEBUG rally_openstack.cleanup.manager [-] Deleting glance.images object s_rally_1a71122c_74wgLHvG (8399936d-cce3-46a2-b67b-f993a2841619)
2019-06-22 07:43:59.001 725 RALLYDEBUG rally_openstack.cleanup.manager [-] Deleting glance.images object s_rally_1a71122c_qXBZ29eG (3764775e-1151-40e3-9c77-854af4155551)
2019-06-22 07:43:59.003 725 RALLYDEBUG rally_openstack.cleanup.manager [-] Deleting glance.images object s_rally_1a71122c_CdHZTJyf (20274cd8-6e67-4943-a6c7-1a0b2f50acee)
2019-06-22 07:43:59.005 725 RALLYDEBUG rally_openstack.cleanup.manager [-] Deleting glance.images object s_rally_1a71122c_jot4VpOz (c867cabd-58b5-4e7f-afe4-bb27b6626677)
2019-06-22 07:43:59.020 725 RALLYDEBUG rally_openstack.cleanup.manager [-] Deleting glance.images object s_rally_1a71122c_KY97MgGK (437faf84-5a05-4687-9538-1b514285bb31)
2019-06-22 07:43:59.022 725 RALLYDEBUG rally_openstack.cleanup.manager [-] Deleting glance.images object s_rally_1a71122c_qnpXH5YM (efddce11-8df8-4dcd-8f50-07ee8cafc06c)
2019-06-22 07:43:59.040 725 RALLYDEBUG rally_openstack.cleanup.manager [-] Deleting glance.images object s_rally_1a71122c_qtOWXzXt (5292a1b7-2b1e-4a71-ba23-76176abcd98c)
2019-06-22 07:44:00.362 725 DEBUG glanceclient.common.http [-] Request returned failure status 404. _handle_response /usr/lib/python2.7/site-packages/glanceclient/common/http.py:125
2019-06-22 07:44:00.378 725 DEBUG glanceclient.common.http [-] Request returned failure status 404. _handle_response /usr/lib/python2.7/site-packages/glanceclient/common/http.py:125
2019-06-22 07:44:00.379 725 DEBUG glanceclient.common.http [-] Request returned failure status 404. _handle_response /usr/lib/python2.7/site-packages/glanceclient/common/http.py:125
2019-06-22 07:44:00.391 725 DEBUG glanceclient.common.http [-] Request returned failure status 404. _handle_response /usr/lib/python2.7/site-packages/glanceclient/common/http.py:125
2019-06-22 07:44:01.395 725 DEBUG glanceclient.common.http [-] Request returned failure status 404. _handle_response /usr/lib/python2.7/site-packages/glanceclient/common/http.py:125
2019-06-22 07:44:01.402 725 DEBUG glanceclient.common.http [-] Request returned failure status 404. _handle_response /usr/lib/python2.7/site-packages/glanceclient/common/http.py:125
2019-06-22 07:44:01.403 725 DEBUG glanceclient.common.http [-] Request returned failure status 404. _handle_response /usr/lib/python2.7/site-packages/glanceclient/common/http.py:125
2019-06-22 07:44:01.422 725 DEBUG glanceclient.common.http [-] Request returned failure status 404. _handle_response /usr/lib/python2.7/site-packages/glanceclient/common/http.py:125
2019-06-22 07:44:01.425 725 DEBUG glanceclient.common.http [-] Request returned failure status 404. _handle_response /usr/lib/python2.7/site-packages/glanceclient/common/http.py:125
2019-06-22 07:44:01.433 725 DEBUG glanceclient.common.http [-] Request returned failure status 404. _handle_response /usr/lib/python2.7/site-packages/glanceclient/common/http.py:125
2019-06-22 07:44:01.439 725 DEBUG glanceclient.common.http [-] Request returned failure status 404. _handle_response /usr/lib/python2.7/site-packages/glanceclient/common/http.py:125
2019-06-22 07:44:01.440 725 DEBUG glanceclient.common.http [-] Request returned failure status 404. _handle_response /usr/lib/python2.7/site-packages/glanceclient/common/http.py:125
2019-06-22 07:44:01.443 725 DEBUG glanceclient.common.http [-] Request returned failure status 404. _handle_response /usr/lib/python2.7/site-packages/glanceclient/common/http.py:125
2019-06-22 07:44:01.454 725 DEBUG glanceclient.common.http [-] Request returned failure status 404. _handle_response /usr/lib/python2.7/site-packages/glanceclient/common/http.py:125
2019-06-22 07:44:02.439 725 DEBUG glanceclient.common.http [-] Request returned failure status 404. _handle_response /usr/lib/python2.7/site-packages/glanceclient/common/http.py:125
2019-06-22 07:44:02.450 725 DEBUG glanceclient.common.http [-] Request returned failure status 404. _handle_response /usr/lib/python2.7/site-packages/glanceclient/common/http.py:125
2019-06-22 07:44:02.487 725 DEBUG glanceclient.common.http [-] Request returned failure status 404. _handle_response /usr/lib/python2.7/site-packages/glanceclient/common/http.py:125
2019-06-22 07:44:02.492 725 DEBUG glanceclient.common.http [-] Request returned failure status 404. _handle_response /usr/lib/python2.7/site-packages/glanceclient/common/http.py:125
2019-06-22 07:44:02.495 725 DEBUG glanceclient.common.http [-] Request returned failure status 404. _handle_response /usr/lib/python2.7/site-packages/glanceclient/common/http.py:125
2019-06-22 07:44:02.508 725 DEBUG glanceclient.common.http [-] Request returned failure status 404. _handle_response /usr/lib/python2.7/site-packages/glanceclient/common/http.py:125
2019-06-22 07:44:03.510 725 INFO rally.task.context [-] Task 04b58275-33fe-422e-a78c-d8796a828c22 | Context cleanup@openstack cleanup() finished in 6.82 sec
2019-06-22 07:44:03.511 725 INFO rally.task.context [-] Task 04b58275-33fe-422e-a78c-d8796a828c22 | Context users@openstack cleanup() started
2019-06-22 07:44:11.378 725 INFO rally.task.context [-] Task 04b58275-33fe-422e-a78c-d8796a828c22 | Context users@openstack cleanup() finished in 7.87 sec
2019-06-22 07:44:12.802 725 INFO rally.task.engine [-] Load duration is: 14.370592
2019-06-22 07:44:12.803 725 INFO rally.task.engine [-] Full runner duration is: 15.298167
2019-06-22 07:44:12.803 725 INFO rally.task.engine [-] Full duration is: 34.739327
2019-06-22 07:44:12.969 725 INFO rally.task.engine [-] Task 04b58275-33fe-422e-a78c-d8796a828c22 | Completed: Running task.
2019-06-22 07:44:13.897 1839 RALLYDEBUG rally.api [-] INFO logs from urllib3 and requests module are hide.
2019-06-22 07:44:13.897 1839 RALLYDEBUG rally.api [-] urllib3 insecure warnings are hidden.
2019-06-22 07:44:13.897 1839 RALLYDEBUG rally.api [-] ERROR log from boto module is hide.
2019-06-22 07:44:14.732 1840 RALLYDEBUG rally.api [-] INFO logs from urllib3 and requests module are hide.
2019-06-22 07:44:14.732 1840 RALLYDEBUG rally.api [-] urllib3 insecure warnings are hidden.
2019-06-22 07:44:14.732 1840 RALLYDEBUG rally.api [-] ERROR log from boto module is hide.
2019-06-22 07:44:15.798 1840 INFO rally.api [-] Building 'json' report for the following task(s): '04b58275-33fe-422e-a78c-d8796a828c22'.
2019-06-22 07:44:15.815 1840 INFO rally.api [-] The report has been successfully built.
2019-06-22 07:44:16.603 1842 RALLYDEBUG rally.api [-] INFO logs from urllib3 and requests module are hide.
2019-06-22 07:44:16.603 1842 RALLYDEBUG rally.api [-] urllib3 insecure warnings are hidden.
2019-06-22 07:44:16.603 1842 RALLYDEBUG rally.api [-] ERROR log from boto module is hide.
2019-06-22 07:44:18.225 1842 INFO rally.task.engine [-] Task 9119aa6e-3900-40d8-a511-451b15b704b3 | Starting: Task validation.
2019-06-22 07:44:18.262 1842 INFO rally.task.engine [-] Task 9119aa6e-3900-40d8-a511-451b15b704b3 | Starting: Task validation of syntax.
2019-06-22 07:44:18.611 1842 INFO rally.task.engine [-] Task 9119aa6e-3900-40d8-a511-451b15b704b3 | Completed: Task validation of syntax.
2019-06-22 07:44:18.611 1842 INFO rally.task.engine [-] Task 9119aa6e-3900-40d8-a511-451b15b704b3 | Starting: Task validation of required platforms.
2019-06-22 07:44:18.714 1842 INFO rally.task.engine [-] Task 9119aa6e-3900-40d8-a511-451b15b704b3 | Completed: Task validation of required platforms.
2019-06-22 07:44:18.714 1842 INFO rally.task.engine [-] Task 9119aa6e-3900-40d8-a511-451b15b704b3 | Starting: Task validation of semantic.
2019-06-22 07:44:18.714 1842 INFO rally.task.engine [-] Check health of the environment '7885a5cb-a198-457a-8d77-749871bb68e7'.
2019-06-22 07:44:19.521 1842 INFO rally.task.engine [-] Platform existing@openstack (available: True): OK!
2019-06-22 07:44:19.538 1842 RALLYDEBUG rally_openstack.contexts.keystone.users [-] Creating 1 tenants using 20 threads
2019-06-22 07:44:21.268 1842 RALLYDEBUG rally_openstack.contexts.keystone.users [-] Creating 1 users using 20 threads
2019-06-22 07:44:23.796 1842 INFO rally.task.context [-] Task 9119aa6e-3900-40d8-a511-451b15b704b3 | Context users@openstack setup() finished in 4.26 sec
2019-06-22 07:44:24.716 1842 DEBUG novaclient.v2.client [-] REQ: curl -g -i -X GET http://172.30.9.31:8774/v2.1/flavors/detail -H "Accept: application/json" -H "User-Agent: python-novaclient" -H "X-Auth-Token: {SHA1}d8995f7c8c89a2a4d37122936bd9d3d0ec9f141e" _http_log_request /usr/lib/python2.7/site-packages/keystoneauth1/session.py:448
2019-06-22 07:44:24.998 1842 DEBUG novaclient.v2.client [-] RESP: [200] Content-Encoding: gzip Content-Length: 365 Content-Type: application/json Date: Sat, 22 Jun 2019 07:44:24 GMT OpenStack-API-Version: compute 2.1 Server: Apache Vary: OpenStack-API-Version,X-OpenStack-Nova-API-Version,Accept-Encoding X-OpenStack-Nova-API-Version: 2.1 x-compute-request-id: req-1d8dbf96-ee94-4f76-a285-924597a5e28e x-openstack-request-id: req-1d8dbf96-ee94-4f76-a285-924597a5e28e _http_log_response /usr/lib/python2.7/site-packages/keystoneauth1/session.py:479
