2019-06-22 07:46:29.513 1842 DEBUG novaclient.v2.client [-] GET call to compute for http://172.30.9.31:8774/v2.1/os-keypairs used request id req-3efa5263-7117-450e-8216-e87e81b628de request /usr/lib/python2.7/site-packages/keystoneauth1/session.py:844
2019-06-22 07:46:29.521 1842 RALLYDEBUG rally_openstack.cleanup.manager [-] Cleaning up cinder backups objects
2019-06-22 07:46:31.665 1842 RALLYDEBUG rally_openstack.cleanup.manager [-] Cleaning up cinder volume_snapshots objects
2019-06-22 07:46:33.882 1842 RALLYDEBUG rally_openstack.cleanup.manager [-] Cleaning up cinder transfers objects
2019-06-22 07:46:35.895 1842 RALLYDEBUG rally_openstack.cleanup.manager [-] Cleaning up cinder volumes objects
2019-06-22 07:46:37.996 1842 INFO rally.task.context [-] Task 9119aa6e-3900-40d8-a511-451b15b704b3 | Context cleanup@openstack cleanup() finished in 16.55 sec
2019-06-22 07:46:37.997 1842 INFO rally.task.context [-] Task 9119aa6e-3900-40d8-a511-451b15b704b3 | Context quotas@openstack cleanup() started
2019-06-22 07:46:38.441 1842 INFO rally.task.context [-] Task 9119aa6e-3900-40d8-a511-451b15b704b3 | Context quotas@openstack cleanup() finished in 0.44 sec
2019-06-22 07:46:38.441 1842 INFO rally.task.context [-] Task 9119aa6e-3900-40d8-a511-451b15b704b3 | Context api_versions@openstack cleanup() started
2019-06-22 07:46:38.441 1842 INFO rally.task.context [-] Task 9119aa6e-3900-40d8-a511-451b15b704b3 | Context api_versions@openstack cleanup() finished in 0.30 msec
2019-06-22 07:46:38.442 1842 INFO rally.task.context [-] Task 9119aa6e-3900-40d8-a511-451b15b704b3 | Context users@openstack cleanup() started
2019-06-22 07:46:44.865 1842 INFO rally.task.context [-] Task 9119aa6e-3900-40d8-a511-451b15b704b3 | Context users@openstack cleanup() finished in 6.42 sec
2019-06-22 07:46:45.809 1842 INFO rally.task.engine [-] Load duration is: 82.324145
2019-06-22 07:46:45.809 1842 INFO rally.task.engine [-] Full runner duration is: 83.379742
2019-06-22 07:46:45.809 1842 INFO rally.task.engine [-] Full duration is: 115.642617
2019-06-22 07:46:46.043 1842 INFO rally.task.engine [-] Running workload: position = 0 config = { "version": 2, "title": "A cropped version of a bigger task.", "description": "Auto-generated task from a single workload (uuid=6a133dba-1763-42a7-92f5-17514d728768)", "subtasks": [ { "title": "CinderVolumes.create_and_list_snapshots", "description": "Create and then list a volume-snapshot.", "scenario": { "CinderVolumes.create_and_list_snapshots": { "detailed": true, "force": false } }, "contexts": { "users": { "tenants": 3, "users_per_tenant": 2 }, "quotas": { "cinder": { "gigabytes": -1, "snapshots": -1, "volumes": -1 } }, "api_versions": { "cinder": { "version": 3, "service_type": "volumev3" } }, "volumes": { "size": 1, "volumes_per_tenant": 1 } }, "runner": { "constant": { "concurrency": 4, "times": 10 } }, "hooks": [], "sla": { "failure_rate": { "max": 0 } } } ] }
2019-06-22 07:46:46.069 1842 RALLYDEBUG rally_openstack.contexts.keystone.users [-] Creating 3 tenants using 20 threads
2019-06-22 07:46:47.862 1842 RALLYDEBUG rally_openstack.contexts.keystone.users [-] Creating 6 users using 20 threads
2019-06-22 07:46:50.447 1842 INFO rally.task.context [-] Task 9119aa6e-3900-40d8-a511-451b15b704b3 | Context users@openstack setup() finished in 4.38 sec
2019-06-22 07:46:50.878 1842 INFO rally.task.context [-] Task 9119aa6e-3900-40d8-a511-451b15b704b3 | Context api_versions@openstack setup() finished in 0.43 sec
2019-06-22 07:46:52.437 1842 INFO rally.task.context [-] Task 9119aa6e-3900-40d8-a511-451b15b704b3 | Context quotas@openstack setup() finished in 1.56 sec
2019-06-22 07:47:03.080 1842 INFO rally.task.context [-] Task 9119aa6e-3900-40d8-a511-451b15b704b3 | Context volumes@openstack setup() finished in 10.64 sec
2019-06-22 07:47:03.081 1842 INFO rally.task.context [-] Task 9119aa6e-3900-40d8-a511-451b15b704b3 | Context cleanup@openstack setup() finished in 0.01 msec
2019-06-22 07:47:03.088 1842 RALLYDEBUG rally.task.runner [-] Starting the constant runner (task UUID: 9119aa6e-3900-40d8-a511-451b15b704b3). timeout: 0 concurrency: 4 concurrency_per_worker: 1 times: 10 concurrency_overhead: 0 processes_to_start: 4 max_cpu_used: 16
2019-06-22 07:47:03.100 2210 RALLYDEBUG rally.task.runner [-] Starting a worker. concurrency: 1 args: {"detailed": true, "force": false} times: 10 method_name: run timeout: 0 duration: None cls:
2019-06-22 07:47:03.103 2211 RALLYDEBUG rally.task.runner [-] Starting a worker. concurrency: 1 args: {"detailed": true, "force": false} times: 10 method_name: run timeout: 0 duration: None cls:
2019-06-22 07:47:03.106 2212 RALLYDEBUG rally.task.runner [-] Starting a worker. concurrency: 1 args: {"detailed": true, "force": false} times: 10 method_name: run timeout: 0 duration: None cls:
2019-06-22 07:47:03.109 2213 RALLYDEBUG rally.task.runner [-] Starting a worker. concurrency: 1 args: {"detailed": true, "force": false} times: 10 method_name: run timeout: 0 duration: None cls:
2019-06-22 07:47:03.112 2210 INFO rally.task.runner [-] Task 9119aa6e-3900-40d8-a511-451b15b704b3 | ITER: 1 START
2019-06-22 07:47:03.115 2211 INFO rally.task.runner [-] Task 9119aa6e-3900-40d8-a511-451b15b704b3 | ITER: 2 START
2019-06-22 07:47:03.117 2212 INFO rally.task.runner [-] Task 9119aa6e-3900-40d8-a511-451b15b704b3 | ITER: 3 START
2019-06-22 07:47:03.121 2213 INFO rally.task.runner [-] Task 9119aa6e-3900-40d8-a511-451b15b704b3 | ITER: 4 START
2019-06-22 07:47:06.543 2211 INFO rally.task.runner [-] Task 9119aa6e-3900-40d8-a511-451b15b704b3 | ITER: 2 END: OK
2019-06-22 07:47:06.549 2211 INFO rally.task.runner [-] Task 9119aa6e-3900-40d8-a511-451b15b704b3 | ITER: 5 START
2019-06-22 07:47:06.589 2212 RALLYDEBUG rally.task.utils [-] Waiting for resource s_rally_6a133dba_YkT6Pcv5. Status changed: CREATING => AVAILABLE in 0.470000982285
2019-06-22 07:47:06.799 2212 INFO rally.task.runner [-] Task 9119aa6e-3900-40d8-a511-451b15b704b3 | ITER: 3 END: OK
2019-06-22 07:47:06.804 2212 INFO rally.task.runner [-] Task 9119aa6e-3900-40d8-a511-451b15b704b3 | ITER: 6 START
2019-06-22 07:47:06.814 2213 INFO rally.task.runner [-] Task 9119aa6e-3900-40d8-a511-451b15b704b3 | ITER: 4 END: OK
2019-06-22 07:47:06.820 2213 INFO rally.task.runner [-] Task 9119aa6e-3900-40d8-a511-451b15b704b3 | ITER: 7 START
2019-06-22 07:47:06.827 2210 INFO rally.task.runner [-] Task 9119aa6e-3900-40d8-a511-451b15b704b3 | ITER: 1 END: OK
2019-06-22 07:47:06.834 2210 INFO rally.task.runner [-] Task 9119aa6e-3900-40d8-a511-451b15b704b3 | ITER: 8 START
2019-06-22 07:47:09.909 2211 INFO rally.task.runner [-] Task 9119aa6e-3900-40d8-a511-451b15b704b3 | ITER: 5 END: OK
2019-06-22 07:47:09.913 2211 INFO rally.task.runner [-] Task 9119aa6e-3900-40d8-a511-451b15b704b3 | ITER: 9 START
2019-06-22 07:47:10.322 2210 INFO rally.task.runner [-] Task 9119aa6e-3900-40d8-a511-451b15b704b3 | ITER: 8 END: OK
2019-06-22 07:47:10.327 2210 INFO rally.task.runner [-] Task 9119aa6e-3900-40d8-a511-451b15b704b3 | ITER: 10 START
2019-06-22 07:47:10.373 2213 INFO rally.task.runner [-] Task 9119aa6e-3900-40d8-a511-451b15b704b3 | ITER: 7 END: OK
2019-06-22 07:47:10.395 2212 INFO rally.task.runner [-] Task 9119aa6e-3900-40d8-a511-451b15b704b3 | ITER: 6 END: OK
2019-06-22 07:47:13.379 2211 INFO rally.task.runner [-] Task 9119aa6e-3900-40d8-a511-451b15b704b3 | ITER: 9 END: OK
2019-06-22 07:47:13.698 2210 INFO rally.task.runner [-] Task 9119aa6e-3900-40d8-a511-451b15b704b3 | ITER: 10 END: OK
2019-06-22 07:47:13.727 1842 INFO rally.task.context [-] Task 9119aa6e-3900-40d8-a511-451b15b704b3 | Context cleanup@openstack cleanup() started
2019-06-22 07:47:13.729 1842 RALLYDEBUG rally_openstack.cleanup.manager [-] Cleaning up cinder backups objects
2019-06-22 07:47:15.609 1842 RALLYDEBUG rally_openstack.cleanup.manager [-] Cleaning up cinder volume_snapshots objects
2019-06-22 07:47:17.534 1842 RALLYDEBUG rally_openstack.cleanup.manager [-] Deleting cinder.volume_snapshots object s_rally_6a133dba_DjiamEJI (70b5db05-f199-49d0-af17-c903c394c84d)
2019-06-22 07:47:17.535 1842 RALLYDEBUG rally_openstack.cleanup.manager [-] Deleting cinder.volume_snapshots object s_rally_6a133dba_gsebCAzr (dbae9eb7-6d2e-480c-ac63-aede04c4b373)
2019-06-22 07:47:17.538 1842 RALLYDEBUG rally_openstack.cleanup.manager [-] Deleting cinder.volume_snapshots object s_rally_6a133dba_YkT6Pcv5 (ed871227-af90-4ab3-a9b6-cf824e15e3ab)
2019-06-22 07:47:17.538 1842 RALLYDEBUG rally_openstack.cleanup.manager [-] Deleting cinder.volume_snapshots object s_rally_6a133dba_WQwt54LC (0a0904fb-a65f-4cf4-b19c-699d4c69fc52)
2019-06-22 07:47:17.539 1842 RALLYDEBUG rally_openstack.cleanup.manager [-] Deleting cinder.volume_snapshots object s_rally_6a133dba_iSItAguo (f4a5546b-cafd-4d2e-883f-60eb639e3ee6)
2019-06-22 07:47:17.539 1842 RALLYDEBUG rally_openstack.cleanup.manager [-] Deleting cinder.volume_snapshots object s_rally_6a133dba_8Dos1VKF (7b0e8c5f-7f26-4bf3-8c12-0b09b063f211)
2019-06-22 07:47:17.541 1842 RALLYDEBUG rally_openstack.cleanup.manager [-] Deleting cinder.volume_snapshots object s_rally_6a133dba_hvDjca96 (e1669e70-6197-4cbb-b22d-50ed342c2787)
2019-06-22 07:47:17.561 1842 RALLYDEBUG rally_openstack.cleanup.manager [-] Deleting cinder.volume_snapshots object s_rally_6a133dba_dic7C3tJ (da4fa524-45a6-40ed-913b-f0c3a5ed4242)
2019-06-22 07:47:17.563 1842 RALLYDEBUG rally_openstack.cleanup.manager [-] Deleting cinder.volume_snapshots object s_rally_6a133dba_qqteeYxe (59038e4b-3d47-4988-9873-357c5847fb14)
2019-06-22 07:47:17.570 1842 RALLYDEBUG rally_openstack.cleanup.manager [-] Deleting cinder.volume_snapshots object s_rally_6a133dba_wOJsKsZv (bb0cf56c-df31-45dd-b5e8-9c8ffeff9247)
2019-06-22 07:47:22.638 1842 RALLYDEBUG rally_openstack.cleanup.manager [-] Cleaning up cinder transfers objects
2019-06-22 07:47:24.589 1842 RALLYDEBUG rally_openstack.cleanup.manager [-] Cleaning up cinder volumes objects
2019-06-22 07:47:26.812 1842 INFO rally.task.context [-] Task 9119aa6e-3900-40d8-a511-451b15b704b3 | Context cleanup@openstack cleanup() finished in 13.08 sec
2019-06-22 07:47:26.812 1842 INFO rally.task.context [-] Task 9119aa6e-3900-40d8-a511-451b15b704b3 | Context volumes@openstack cleanup() started
2019-06-22 07:47:26.813 1842 RALLYDEBUG rally_openstack.cleanup.manager [-] Cleaning up cinder volumes objects
2019-06-22 07:47:28.921 1842 RALLYDEBUG rally_openstack.cleanup.manager [-] Deleting cinder.volumes object c_rally_6a133dba_7j7j9r5h (45aba88b-8d66-4f8a-a5fc-23f9c3b95052)
2019-06-22 07:47:28.927 1842 RALLYDEBUG rally_openstack.cleanup.manager [-] Deleting cinder.volumes object c_rally_6a133dba_PubRClkx (712c6d90-f2b5-4d28-9c88-dfe142bf98f8)
2019-06-22 07:47:28.933 1842 RALLYDEBUG rally_openstack.cleanup.manager [-] Deleting cinder.volumes object c_rally_6a133dba_wOnuTcjr (479ad82d-9b7b-49a8-b56c-514eeb4ad344)
2019-06-22 07:47:32.338 1842 INFO rally.task.context [-] Task 9119aa6e-3900-40d8-a511-451b15b704b3 | Context volumes@openstack cleanup() finished in 5.53 sec
2019-06-22 07:47:32.339 1842 INFO rally.task.context [-] Task 9119aa6e-3900-40d8-a511-451b15b704b3 | Context quotas@openstack cleanup() started
2019-06-22 07:47:33.008 1842 INFO rally.task.context [-] Task 9119aa6e-3900-40d8-a511-451b15b704b3 | Context quotas@openstack cleanup() finished in 0.67 sec
2019-06-22 07:47:33.008 1842 INFO rally.task.context [-] Task 9119aa6e-3900-40d8-a511-451b15b704b3 | Context api_versions@openstack cleanup() started
2019-06-22 07:47:33.009 1842 INFO rally.task.context [-] Task 9119aa6e-3900-40d8-a511-451b15b704b3 | Context api_versions@openstack cleanup() finished in 0.30 msec
2019-06-22 07:47:33.009 1842 INFO rally.task.context [-] Task 9119aa6e-3900-40d8-a511-451b15b704b3 | Context users@openstack cleanup() started
2019-06-22 07:47:39.918 1842 INFO rally.task.context [-] Task 9119aa6e-3900-40d8-a511-451b15b704b3 | Context users@openstack cleanup() finished in 6.91 sec
2019-06-22 07:47:40.280 1842 INFO rally.task.engine [-] Load duration is: 10.581941
2019-06-22 07:47:40.281 1842 INFO rally.task.engine [-] Full runner duration is: 10.639629
2019-06-22 07:47:40.281 1842 INFO rally.task.engine [-] Full duration is: 53.853424
2019-06-22 07:47:40.503 1842 INFO rally.task.engine [-] Running workload: position = 0 config = { "version": 2, "title": "A cropped version of a bigger task.", "description": "Auto-generated task from a single workload (uuid=3076d18f-619e-449c-8617-27760d03c0ac)", "subtasks": [ { "title": "CinderVolumes.create_and_list_volume", "description": "Create a volume and list all volumes.", "scenario": { "CinderVolumes.create_and_list_volume": { "detailed": true, "image": { "name": "rally_full-img_76e20c2a-86bb-44de-9f5f-84610258cadf" }, "size": 1 } }, "contexts": { "users": { "tenants": 3, "users_per_tenant": 2 }, "quotas": { "cinder": { "gigabytes": -1, "snapshots": -1, "volumes": -1 } }, "api_versions": { "cinder": { "version": 3, "service_type": "volumev3" } } }, "runner": { "constant": { "concurrency": 4, "times": 10 } }, "hooks": [], "sla": { "failure_rate": { "max": 0 } } } ] }
2019-06-22 07:47:40.527 1842 RALLYDEBUG rally_openstack.contexts.keystone.users [-] Creating 3 tenants using 20 threads
2019-06-22 07:47:42.382 1842 RALLYDEBUG rally_openstack.contexts.keystone.users [-] Creating 6 users using 20 threads
2019-06-22 07:47:45.028 1842 INFO rally.task.context [-] Task 9119aa6e-3900-40d8-a511-451b15b704b3 | Context users@openstack setup() finished in 4.50 sec
2019-06-22 07:47:45.465 1842 INFO rally.task.context [-] Task 9119aa6e-3900-40d8-a511-451b15b704b3 | Context api_versions@openstack setup() finished in 0.44 sec
2019-06-22 07:47:47.011 1842 INFO rally.task.context [-] Task 9119aa6e-3900-40d8-a511-451b15b704b3 | Context quotas@openstack setup() finished in 1.55 sec
2019-06-22 07:47:47.012 1842 INFO rally.task.context [-] Task 9119aa6e-3900-40d8-a511-451b15b704b3 | Context cleanup@openstack setup() finished in 0.00 msec
2019-06-22 07:47:47.759 1842 RALLYDEBUG rally.task.runner [-] Starting the constant runner (task UUID: 9119aa6e-3900-40d8-a511-451b15b704b3). timeout: 0 concurrency: 4 concurrency_per_worker: 1 times: 10 concurrency_overhead: 0 processes_to_start: 4 max_cpu_used: 16
2019-06-22 07:47:47.773 2414 RALLYDEBUG rally.task.runner [-] Starting a worker. concurrency: 1 args: {"detailed": true, "image": "04eec704-216e-4930-9e05-9f2b9c57d81e", "size": 1} times: 10 method_name: run timeout: 0 duration: None cls:
2019-06-22 07:47:47.774 2415 RALLYDEBUG rally.task.runner [-] Starting a worker. concurrency: 1 args: {"detailed": true, "image": "04eec704-216e-4930-9e05-9f2b9c57d81e", "size": 1} times: 10 method_name: run timeout: 0 duration: None cls:
2019-06-22 07:47:47.777 2416 RALLYDEBUG rally.task.runner [-] Starting a worker. concurrency: 1 args: {"detailed": true, "image": "04eec704-216e-4930-9e05-9f2b9c57d81e", "size": 1} times: 10 method_name: run timeout: 0 duration: None cls:
2019-06-22 07:47:47.781 2414 INFO rally.task.runner [-] Task 9119aa6e-3900-40d8-a511-451b15b704b3 | ITER: 1 START
2019-06-22 07:47:47.780 2417 RALLYDEBUG rally.task.runner [-] Starting a worker. concurrency: 1 args: {"detailed": true, "image": "04eec704-216e-4930-9e05-9f2b9c57d81e", "size": 1} times: 10 method_name: run timeout: 0 duration: None cls:
2019-06-22 07:47:47.782 2415 INFO rally.task.runner [-] Task 9119aa6e-3900-40d8-a511-451b15b704b3 | ITER: 2 START
2019-06-22 07:47:47.784 2416 INFO rally.task.runner [-] Task 9119aa6e-3900-40d8-a511-451b15b704b3 | ITER: 3 START
2019-06-22 07:47:47.788 2417 INFO rally.task.runner [-] Task 9119aa6e-3900-40d8-a511-451b15b704b3 | ITER: 4 START
2019-06-22 07:47:51.941 2415 RALLYDEBUG rally.task.utils [-] Waiting for resource s_rally_3076d18f_4XWDKQ2d. Status changed: CREATING => DOWNLOADING in 0.801331996918
2019-06-22 07:47:51.958 2416 RALLYDEBUG rally.task.utils [-] Waiting for resource s_rally_3076d18f_gmXxqeue. Status changed: CREATING => DOWNLOADING in 0.805740833282
2019-06-22 07:47:54.266 2414 RALLYDEBUG rally.task.utils [-] Waiting for resource s_rally_3076d18f_f2YMHgM0. Status changed: DOWNLOADING => AVAILABLE in 3.08544898033
2019-06-22 07:47:54.271 2417 RALLYDEBUG rally.task.utils [-] Waiting for resource s_rally_3076d18f_2o1LdhsL. Status changed: CREATING => DOWNLOADING in 3.09570002556
2019-06-22 07:47:54.284 2415 RALLYDEBUG rally.task.utils [-] Waiting for resource s_rally_3076d18f_4XWDKQ2d. Status changed: DOWNLOADING => AVAILABLE in 2.34244799614
2019-06-22 07:47:54.302 2416 RALLYDEBUG rally.task.utils [-] Waiting for resource s_rally_3076d18f_gmXxqeue. Status changed: DOWNLOADING => AVAILABLE in 2.34425711632
2019-06-22 07:47:54.525 2415 INFO rally.task.runner [-] Task 9119aa6e-3900-40d8-a511-451b15b704b3 | ITER: 2 END: OK
2019-06-22 07:47:54.531 2415 INFO rally.task.runner [-] Task 9119aa6e-3900-40d8-a511-451b15b704b3 | ITER: 5 START
2019-06-22 07:47:54.537 2414 INFO rally.task.runner [-] Task 9119aa6e-3900-40d8-a511-451b15b704b3 | ITER: 1 END: OK
2019-06-22 07:47:54.542 2414 INFO rally.task.runner [-] Task 9119aa6e-3900-40d8-a511-451b15b704b3 | ITER: 6 START
2019-06-22 07:47:54.630 2416 INFO rally.task.runner [-] Task 9119aa6e-3900-40d8-a511-451b15b704b3 | ITER: 3 END: OK
2019-06-22 07:47:54.636 2416 INFO rally.task.runner [-] Task 9119aa6e-3900-40d8-a511-451b15b704b3 | ITER: 7 START
2019-06-22 07:47:56.332 2417 RALLYDEBUG rally.task.utils [-] Waiting for resource s_rally_3076d18f_2o1LdhsL. Status changed: DOWNLOADING => AVAILABLE in 2.06172585487
2019-06-22 07:47:56.702 2417 INFO rally.task.runner [-] Task 9119aa6e-3900-40d8-a511-451b15b704b3 | ITER: 4 END: OK
2019-06-22 07:47:56.708 2417 INFO rally.task.runner [-] Task 9119aa6e-3900-40d8-a511-451b15b704b3 | ITER: 8 START
2019-06-22 07:47:58.431 2415 RALLYDEBUG rally.task.utils [-] Waiting for resource s_rally_3076d18f_UbUFzU87. Status changed: CREATING => DOWNLOADING in 0.632741928101
2019-06-22 07:48:00.217 2417 RALLYDEBUG rally.task.utils [-] Waiting for resource s_rally_3076d18f_TKlQ7Dcy. Status changed: CREATING => DOWNLOADING in 0.304687023163
2019-06-22 07:48:00.494 2415 RALLYDEBUG rally.task.utils [-] Waiting for resource s_rally_3076d18f_UbUFzU87. Status changed: DOWNLOADING => AVAILABLE in 2.06332993507
2019-06-22 07:48:00.560 2414 RALLYDEBUG rally.task.utils [-] Waiting for resource s_rally_3076d18f_4b9iX2Fo. Status changed: DOWNLOADING => AVAILABLE in 2.77301096916
2019-06-22 07:48:00.815 2415 INFO rally.task.runner [-] Task 9119aa6e-3900-40d8-a511-451b15b704b3 | ITER: 5 END: OK
2019-06-22 07:48:00.820 2415 INFO rally.task.runner [-] Task 9119aa6e-3900-40d8-a511-451b15b704b3 | ITER: 9 START
2019-06-22 07:48:00.828 2416 RALLYDEBUG rally.task.utils [-] Waiting for resource s_rally_3076d18f_k2IXPAFD. Status changed: DOWNLOADING => AVAILABLE in 2.77631402016
2019-06-22 07:48:00.922 2414 INFO rally.task.runner [-] Task 9119aa6e-3900-40d8-a511-451b15b704b3 | ITER: 6 END: OK
2019-06-22 07:48:00.927 2414 INFO rally.task.runner [-] Task 9119aa6e-3900-40d8-a511-451b15b704b3 | ITER: 10 START
2019-06-22 07:48:01.176 2416 INFO rally.task.runner [-] Task 9119aa6e-3900-40d8-a511-451b15b704b3 | ITER: 7 END: OK
2019-06-22 07:48:04.893 2417 RALLYDEBUG rally.task.utils [-] Waiting for resource s_rally_3076d18f_TKlQ7Dcy. Status changed: DOWNLOADING => AVAILABLE in 4.67611694336
2019-06-22 07:48:05.158 2417 INFO rally.task.runner [-] Task 9119aa6e-3900-40d8-a511-451b15b704b3 | ITER: 8 END: OK
2019-06-22 07:48:06.983 2414 RALLYDEBUG rally.task.utils [-] Waiting for resource s_rally_3076d18f_NcXj7yhg. Status changed: DOWNLOADING => AVAILABLE in 2.8211209774
2019-06-22 07:48:07.063 2414 INFO rally.task.runner [-] Task 9119aa6e-3900-40d8-a511-451b15b704b3 | ITER: 10 END: OK
2019-06-22 07:48:07.238 2415 RALLYDEBUG rally.task.utils [-] Waiting for resource s_rally_3076d18f_dfuU1sdH. Status changed: DOWNLOADING => AVAILABLE in 2.93778610229
2019-06-22 07:48:07.497 2415 INFO rally.task.runner [-] Task 9119aa6e-3900-40d8-a511-451b15b704b3 | ITER: 9 END: OK
2019-06-22 07:48:07.524 1842 INFO rally.task.context [-] Task 9119aa6e-3900-40d8-a511-451b15b704b3 | Context cleanup@openstack cleanup() started
2019-06-22 07:48:07.526 1842 RALLYDEBUG rally_openstack.cleanup.manager [-] Cleaning up cinder backups objects
2019-06-22 07:48:09.504 1842 RALLYDEBUG rally_openstack.cleanup.manager [-] Cleaning up cinder volume_snapshots objects
2019-06-22 07:48:11.377 1842 RALLYDEBUG rally_openstack.cleanup.manager [-] Cleaning up cinder transfers objects
2019-06-22 07:48:13.309 1842 RALLYDEBUG rally_openstack.cleanup.manager [-] Cleaning up cinder volumes objects
2019-06-22 07:48:15.410 1842 RALLYDEBUG rally_openstack.cleanup.manager [-] Deleting cinder.volumes object s_rally_3076d18f_2o1LdhsL (d8ffbf05-2f30-4537-9905-3eeb762ecdaa)
2019-06-22 07:48:15.411 1842 RALLYDEBUG rally_openstack.cleanup.manager [-] Deleting cinder.volumes object s_rally_3076d18f_dfuU1sdH (502de4c7-fd77-4691-bbcc-2c3afcc027de)
2019-06-22 07:48:15.412 1842 RALLYDEBUG rally_openstack.cleanup.manager [-] Deleting cinder.volumes object s_rally_3076d18f_UbUFzU87 (de609972-1fb6-441d-9c56-d042c2aa2ba9)
2019-06-22 07:48:15.417 1842 RALLYDEBUG rally_openstack.cleanup.manager [-] Deleting cinder.volumes object s_rally_3076d18f_k2IXPAFD (e0aa4ee2-aedc-4084-abff-eead1b602fe7)
2019-06-22 07:48:15.424 1842 RALLYDEBUG rally_openstack.cleanup.manager [-] Deleting cinder.volumes object s_rally_3076d18f_4XWDKQ2d (689da134-4264-4e95-aede-d9909715c2ea)
2019-06-22 07:48:15.429 1842 RALLYDEBUG rally_openstack.cleanup.manager [-] Deleting cinder.volumes object s_rally_3076d18f_TKlQ7Dcy (4501fc19-83ea-4916-9555-4c5ab07b6b88)
2019-06-22 07:48:15.429 1842 RALLYDEBUG rally_openstack.cleanup.manager [-] Deleting cinder.volumes object s_rally_3076d18f_f2YMHgM0 (7b4ed905-3288-40ee-a439-b0af25f5bd45)
2019-06-22 07:48:15.432 1842 RALLYDEBUG rally_openstack.cleanup.manager [-] Deleting cinder.volumes object s_rally_3076d18f_NcXj7yhg (01fd5cce-1b98-4853-ab63-e5b8899d3f29)
2019-06-22 07:48:15.439 1842 RALLYDEBUG rally_openstack.cleanup.manager [-] Deleting cinder.volumes object s_rally_3076d18f_gmXxqeue (5794179c-7877-4a1d-81c8-c599b9968c17)
2019-06-22 07:48:15.460 1842 RALLYDEBUG rally_openstack.cleanup.manager [-] Deleting cinder.volumes object s_rally_3076d18f_4b9iX2Fo (9f62c19c-9281-4bdf-acc5-e8d6107a2993)
2019-06-22 07:48:20.485 1842 INFO rally.task.context [-] Task 9119aa6e-3900-40d8-a511-451b15b704b3 | Context cleanup@openstack cleanup() finished in 12.96 sec
2019-06-22 07:48:20.486 1842 INFO rally.task.context [-] Task 9119aa6e-3900-40d8-a511-451b15b704b3 | Context quotas@openstack cleanup() started
2019-06-22 07:48:20.974 1842 INFO rally.task.context [-] Task 9119aa6e-3900-40d8-a511-451b15b704b3 | Context quotas@openstack cleanup() finished in 0.49 sec
2019-06-22 07:48:20.974 1842 INFO rally.task.context [-] Task 9119aa6e-3900-40d8-a511-451b15b704b3 | Context api_versions@openstack cleanup() started
2019-06-22 07:48:20.975 1842 INFO rally.task.context [-] Task 9119aa6e-3900-40d8-a511-451b15b704b3 | Context api_versions@openstack cleanup() finished in 0.32 msec
2019-06-22 07:48:20.975 1842 INFO rally.task.context [-] Task 9119aa6e-3900-40d8-a511-451b15b704b3 | Context users@openstack cleanup() started
2019-06-22 07:48:27.933 1842 INFO rally.task.context [-] Task 9119aa6e-3900-40d8-a511-451b15b704b3 | Context users@openstack cleanup() finished in 6.96 sec
2019-06-22 07:48:28.733 1842 INFO rally.task.engine [-] Load duration is: 19.712603
2019-06-22 07:48:28.733 1842 INFO rally.task.engine [-] Full runner duration is: 19.766274
2019-06-22 07:48:28.734 1842 INFO rally.task.engine [-] Full duration is: 47.409506
2019-06-22 07:48:28.890 1842 INFO rally.task.engine [-] Running workload: position = 1 config = { "version": 2, "title": "A cropped version of a bigger task.", "description": "Auto-generated task from a single workload (uuid=915977c9-e282-4b53-9cc8-ea49e52e7170)", "subtasks": [ { "title": "CinderVolumes.create_and_list_volume", "description": "Create a volume and list all volumes.", "scenario": { "CinderVolumes.create_and_list_volume": { "detailed": true, "size": 1 } }, "contexts": { "users": { "tenants": 3, "users_per_tenant": 2 }, "quotas": { "cinder": { "gigabytes": -1, "snapshots": -1, "volumes": -1 } }, "api_versions": { "cinder": { "version": 3, "service_type": "volumev3" } } }, "runner": { "constant": { "concurrency": 4, "times": 10 } }, "hooks": [], "sla": { "failure_rate": { "max": 0 } } } ] }
2019-06-22 07:48:28.913 1842 RALLYDEBUG rally_openstack.contexts.keystone.users [-] Creating 3 tenants using 20 threads
2019-06-22 07:48:30.653 1842 RALLYDEBUG rally_openstack.contexts.keystone.users [-] Creating 6 users using 20 threads
2019-06-22 07:48:33.518 1842 INFO rally.task.context [-] Task 9119aa6e-3900-40d8-a511-451b15b704b3 | Context users@openstack setup() finished in 4.60 sec
2019-06-22 07:48:33.939 1842 INFO rally.task.context [-] Task 9119aa6e-3900-40d8-a511-451b15b704b3 | Context api_versions@openstack setup() finished in 0.42 sec
2019-06-22 07:48:35.400 1842 INFO rally.task.context [-] Task 9119aa6e-3900-40d8-a511-451b15b704b3 | Context quotas@openstack setup() finished in 1.46 sec
2019-06-22 07:48:35.401 1842 INFO rally.task.context [-] Task 9119aa6e-3900-40d8-a511-451b15b704b3 | Context cleanup@openstack setup() finished in 0.00 msec
2019-06-22 07:48:35.408 1842 RALLYDEBUG rally.task.runner [-] Starting the constant runner (task UUID: 9119aa6e-3900-40d8-a511-451b15b704b3). timeout: 0 concurrency: 4 concurrency_per_worker: 1 times: 10 concurrency_overhead: 0 processes_to_start: 4 max_cpu_used: 16
2019-06-22 07:48:35.421 2598 RALLYDEBUG rally.task.runner [-] Starting a worker. concurrency: 1 args: {"detailed": true, "size": 1} times: 10 method_name: run timeout: 0 duration: None cls:
2019-06-22 07:48:35.424 2599 RALLYDEBUG rally.task.runner [-] Starting a worker. concurrency: 1 args: {"detailed": true, "size": 1} times: 10 method_name: run timeout: 0 duration: None cls:
2019-06-22 07:48:35.426 2600 RALLYDEBUG rally.task.runner [-] Starting a worker. concurrency: 1 args: {"detailed": true, "size": 1} times: 10 method_name: run timeout: 0 duration: None cls:
2019-06-22 07:48:35.428 2598 INFO rally.task.runner [-] Task 9119aa6e-3900-40d8-a511-451b15b704b3 | ITER: 1 START
2019-06-22 07:48:35.430 2601 RALLYDEBUG rally.task.runner [-] Starting a worker. concurrency: 1 args: {"detailed": true, "size": 1} times: 10 method_name: run timeout: 0 duration: None cls:
2019-06-22 07:48:35.432 2599 INFO rally.task.runner [-] Task 9119aa6e-3900-40d8-a511-451b15b704b3 | ITER: 2 START
2019-06-22 07:48:35.433 2600 INFO rally.task.runner [-] Task 9119aa6e-3900-40d8-a511-451b15b704b3 | ITER: 3 START
2019-06-22 07:48:35.438 2601 INFO rally.task.runner [-] Task 9119aa6e-3900-40d8-a511-451b15b704b3 | ITER: 4 START
2019-06-22 07:48:39.039 2601 INFO rally.task.runner [-] Task 9119aa6e-3900-40d8-a511-451b15b704b3 | ITER: 4 END: OK
2019-06-22 07:48:39.045 2601 INFO rally.task.runner [-] Task 9119aa6e-3900-40d8-a511-451b15b704b3 | ITER: 5 START
2019-06-22 07:48:39.322 2599 INFO rally.task.runner [-] Task 9119aa6e-3900-40d8-a511-451b15b704b3 | ITER: 2 END: OK
2019-06-22 07:48:39.327 2599 INFO rally.task.runner [-] Task 9119aa6e-3900-40d8-a511-451b15b704b3 | ITER: 6 START
2019-06-22 07:48:39.357 2600 INFO rally.task.runner [-] Task 9119aa6e-3900-40d8-a511-451b15b704b3 | ITER: 3 END: OK
2019-06-22 07:48:39.362 2600 INFO rally.task.runner [-] Task 9119aa6e-3900-40d8-a511-451b15b704b3 | ITER: 7 START
2019-06-22 07:48:39.395 2598 INFO rally.task.runner [-] Task 9119aa6e-3900-40d8-a511-451b15b704b3 | ITER: 1 END: OK
2019-06-22 07:48:39.400 2598 INFO rally.task.runner [-] Task 9119aa6e-3900-40d8-a511-451b15b704b3 | ITER: 8 START
2019-06-22 07:48:42.629 2601 INFO rally.task.runner [-] Task 9119aa6e-3900-40d8-a511-451b15b704b3 | ITER: 5 END: OK
2019-06-22 07:48:42.634 2601 INFO rally.task.runner [-] Task 9119aa6e-3900-40d8-a511-451b15b704b3 | ITER: 9 START
2019-06-22 07:48:42.956 2598 INFO rally.task.runner [-] Task 9119aa6e-3900-40d8-a511-451b15b704b3 | ITER: 8 END: OK
2019-06-22 07:48:42.960 2598 INFO rally.task.runner [-] Task 9119aa6e-3900-40d8-a511-451b15b704b3 | ITER: 10 START
2019-06-22 07:48:43.074 2599 INFO rally.task.runner [-] Task 9119aa6e-3900-40d8-a511-451b15b704b3 | ITER: 6 END: OK
2019-06-22 07:48:43.296 2600 INFO rally.task.runner [-] Task 9119aa6e-3900-40d8-a511-451b15b704b3 | ITER: 7 END: OK
2019-06-22 07:48:46.295 2601 INFO rally.task.runner [-] Task 9119aa6e-3900-40d8-a511-451b15b704b3 | ITER: 9 END: OK
2019-06-22 07:48:46.678 2598 INFO rally.task.runner [-] Task 9119aa6e-3900-40d8-a511-451b15b704b3 | ITER: 10 END: OK
2019-06-22 07:48:46.702 1842 INFO rally.task.context [-] Task 9119aa6e-3900-40d8-a511-451b15b704b3 | Context cleanup@openstack cleanup() started
2019-06-22 07:48:46.704 1842 RALLYDEBUG rally_openstack.cleanup.manager [-] Cleaning up cinder backups objects
2019-06-22 07:48:48.744 1842 RALLYDEBUG rally_openstack.cleanup.manager [-] Cleaning up cinder volume_snapshots objects
2019-06-22 07:48:50.666 1842 RALLYDEBUG rally_openstack.cleanup.manager [-] Cleaning up cinder transfers objects
2019-06-22 07:48:52.685 1842 RALLYDEBUG rally_openstack.cleanup.manager [-] Cleaning up cinder volumes objects
2019-06-22 07:48:54.837 1842 RALLYDEBUG rally_openstack.cleanup.manager [-] Deleting cinder.volumes object s_rally_915977c9_kvdIY6fS (9ab69e75-646e-4e7a-a481-427eaa991e24)
2019-06-22 07:48:54.844 1842 RALLYDEBUG rally_openstack.cleanup.manager [-] Deleting cinder.volumes object s_rally_915977c9_tXeLULvm (c6ec957f-3f8f-4d5b-a2b4-61f81b09f543)
2019-06-22 07:48:54.845 1842 RALLYDEBUG rally_openstack.cleanup.manager [-] Deleting cinder.volumes object s_rally_915977c9_b0RrKiBD (4051938d-0ff3-467a-abaf-1a398910b21e)
2019-06-22 07:48:54.849 1842 RALLYDEBUG rally_openstack.cleanup.manager [-] Deleting cinder.volumes object s_rally_915977c9_e8v0MtiG (76013925-465f-480d-a188-3a16b3fe1df4)
2019-06-22 07:48:54.851 1842 RALLYDEBUG rally_openstack.cleanup.manager [-] Deleting cinder.volumes object s_rally_915977c9_YXbezsCw (40b93ffc-195d-49dd-ab81-05cc107283e2)
2019-06-22 07:48:54.852 1842 RALLYDEBUG rally_openstack.cleanup.manager [-] Deleting cinder.volumes object s_rally_915977c9_eUbBbREj (4b25b361-a0ec-4f35-82b7-9e99390aa7da)
2019-06-22 07:48:54.872 1842 RALLYDEBUG rally_openstack.cleanup.manager [-] Deleting cinder.volumes object s_rally_915977c9_ZmzIvO7L (a37a8035-b8be-4ce9-9f6f-594ee55540ec)
2019-06-22 07:48:54.877 1842 RALLYDEBUG rally_openstack.cleanup.manager [-] Deleting cinder.volumes object s_rally_915977c9_tm2NTyB4 (85ba5e0c-1589-4aa7-9864-bbde96d57b95)
2019-06-22 07:48:54.893 1842 RALLYDEBUG rally_openstack.cleanup.manager [-] Deleting cinder.volumes object s_rally_915977c9_IUJKNn7R (0fbc4cb3-cadf-4324-8b7f-4ee0c6a41e6d)
2019-06-22 07:48:54.903 1842 RALLYDEBUG rally_openstack.cleanup.manager [-] Deleting cinder.volumes object s_rally_915977c9_U8eAJ1Jd (6109787b-b14b-4d92-a846-630761399bd2)
2019-06-22 07:48:58.708 1842 INFO rally.task.context [-] Task 9119aa6e-3900-40d8-a511-451b15b704b3 | Context cleanup@openstack cleanup() finished in 12.01 sec
2019-06-22 07:48:58.709 1842 INFO rally.task.context [-] Task 9119aa6e-3900-40d8-a511-451b15b704b3 | Context quotas@openstack cleanup() started
2019-06-22 07:48:59.423 1842 INFO rally.task.context [-] Task 9119aa6e-3900-40d8-a511-451b15b704b3 | Context quotas@openstack cleanup() finished in 0.71 sec
2019-06-22 07:48:59.424 1842 INFO rally.task.context [-] Task 9119aa6e-3900-40d8-a511-451b15b704b3 | Context api_versions@openstack cleanup() started
2019-06-22 07:48:59.424 1842 INFO rally.task.context [-] Task 9119aa6e-3900-40d8-a511-451b15b704b3 | Context api_versions@openstack cleanup() finished in 0.30 msec
2019-06-22 07:48:59.424 1842 INFO rally.task.context [-] Task 9119aa6e-3900-40d8-a511-451b15b704b3 | Context users@openstack cleanup() started
2019-06-22 07:49:07.687 1842 INFO rally.task.context [-] Task 9119aa6e-3900-40d8-a511-451b15b704b3 | Context users@openstack cleanup() finished in 8.26 sec
2019-06-22 07:49:09.072 1842 INFO rally.task.engine [-] Load duration is: 11.244583
2019-06-22 07:49:09.072 1842 INFO rally.task.engine [-] Full runner duration is: 11.29371
2019-06-22 07:49:09.072 1842 INFO rally.task.engine [-] Full duration is: 38.777333
2019-06-22 07:49:09.269 1842 INFO rally.task.engine [-] Running workload: position = 0 config = { "version": 2, "title": "A cropped version of a bigger task.", "description": "Auto-generated task from a single workload (uuid=db8f6625-7f2f-407e-8e8e-bbcbfadefb8a)", "subtasks": [ { "title": "CinderVolumes.create_and_upload_volume_to_image", "description": "Create and upload a volume to image.", "scenario": { "CinderVolumes.create_and_upload_volume_to_image": { "container_format": "bare", "disk_format": "raw", "do_delete": true, "force": false, "size": 1 } }, "contexts": { "users": { "tenants": 3, "users_per_tenant": 2 }, "quotas": { "cinder": { "gigabytes": -1, "snapshots": -1, "volumes": -1 } }, "api_versions": { "cinder": { "version": 3, "service_type": "volumev3" } } }, "runner": { "constant": { "concurrency": 4, "times": 10 } }, "hooks": [], "sla": { "failure_rate": { "max": 0 } } } ] }
2019-06-22 07:49:09.288 1842 RALLYDEBUG rally_openstack.contexts.keystone.users [-] Creating 3 tenants using 20 threads
2019-06-22 07:49:11.084 1842 RALLYDEBUG rally_openstack.contexts.keystone.users [-] Creating 6 users using 20 threads
2019-06-22 07:49:13.805 1842 INFO rally.task.context [-] Task 9119aa6e-3900-40d8-a511-451b15b704b3 | Context users@openstack setup() finished in 4.52 sec
2019-06-22 07:49:14.227 1842 INFO rally.task.context [-] Task 9119aa6e-3900-40d8-a511-451b15b704b3 | Context api_versions@openstack setup() finished in 0.42 sec
2019-06-22 07:49:15.796 1842 INFO rally.task.context [-] Task 9119aa6e-3900-40d8-a511-451b15b704b3 | Context quotas@openstack setup() finished in 1.57 sec
2019-06-22 07:49:15.796 1842 INFO rally.task.context [-] Task 9119aa6e-3900-40d8-a511-451b15b704b3 | Context cleanup@openstack setup() finished in 0.01 msec
2019-06-22 07:49:15.804 1842 RALLYDEBUG rally.task.runner [-] Starting the constant runner (task UUID: 9119aa6e-3900-40d8-a511-451b15b704b3). timeout: 0 concurrency: 4 concurrency_per_worker: 1 times: 10 concurrency_overhead: 0 processes_to_start: 4 max_cpu_used: 16
2019-06-22 07:49:15.817 2782 RALLYDEBUG rally.task.runner [-] Starting a worker. concurrency: 1 args: {"container_format": "bare", "disk_format": "raw", "do_delete": true, "force": false, "size": 1} times: 10 method_name: run timeout: 0 duration: None cls:
2019-06-22 07:49:15.820 2783 RALLYDEBUG rally.task.runner [-] Starting a worker. concurrency: 1 args: {"container_format": "bare", "disk_format": "raw", "do_delete": true, "force": false, "size": 1} times: 10 method_name: run timeout: 0 duration: None cls:
2019-06-22 07:49:15.823 2784 RALLYDEBUG rally.task.runner [-] Starting a worker. concurrency: 1 args: {"container_format": "bare", "disk_format": "raw", "do_delete": true, "force": false, "size": 1} times: 10 method_name: run timeout: 0 duration: None cls:
2019-06-22 07:49:15.824 2782 INFO rally.task.runner [-] Task 9119aa6e-3900-40d8-a511-451b15b704b3 | ITER: 1 START
2019-06-22 07:49:15.826 2783 INFO rally.task.runner [-] Task 9119aa6e-3900-40d8-a511-451b15b704b3 | ITER: 2 START
2019-06-22 07:49:15.826 2785 RALLYDEBUG rally.task.runner [-] Starting a worker. concurrency: 1 args: {"container_format": "bare", "disk_format": "raw", "do_delete": true, "force": false, "size": 1} times: 10 method_name: run timeout: 0 duration: None cls:
2019-06-22 07:49:15.831 2784 INFO rally.task.runner [-] Task 9119aa6e-3900-40d8-a511-451b15b704b3 | ITER: 3 START
2019-06-22 07:49:15.834 2785 INFO rally.task.runner [-] Task 9119aa6e-3900-40d8-a511-451b15b704b3 | ITER: 4 START
2019-06-22 07:49:20.575 2785 RALLYDEBUG rally.task.utils [-] Waiting for resource s_rally_db8f6625_FEnn7oWR. Status changed: AVAILABLE => UPLOADING in 0.0596990585327
2019-06-22 07:49:20.841 2783 RALLYDEBUG rally.task.utils [-] Waiting for resource s_rally_db8f6625_jed8Sdq7. Status changed: AVAILABLE => UPLOADING in 0.260562181473
2019-06-22 07:49:20.999 2784 RALLYDEBUG rally.task.utils [-] Waiting for resource s_rally_db8f6625_Yr4pSvLE. Status changed: AVAILABLE => UPLOADING in 0.290970087051
2019-06-22 07:49:21.084 2782 RALLYDEBUG rally.task.utils [-] Waiting for resource s_rally_db8f6625_ReUDYBp3. Status changed: AVAILABLE => UPLOADING in 0.296189069748
2019-06-22 07:50:01.191 2783 RALLYDEBUG rally.task.utils [-] Waiting for resource s_rally_db8f6625_jed8Sdq7. Status changed: UPLOADING => AVAILABLE in 40.3494999409
2019-06-22 07:50:01.489 2782 RALLYDEBUG rally.task.utils [-] Waiting for resource s_rally_db8f6625_ReUDYBp3. Status changed: UPLOADING => AVAILABLE in 40.4049239159
2019-06-22 07:50:01.706 2782 RALLYDEBUG rally.task.utils [-] Waiting for resource s_rally_db8f6625_ReUDYBp3. Status changed: AVAILABLE => DELETING in 0.0579798221588
2019-06-22 07:50:01.995 2783 RALLYDEBUG rally.task.utils [-] Waiting for resource s_rally_db8f6625_jed8Sdq7. Status changed: AVAILABLE => DELETING in 0.351630926132
2019-06-22 07:50:04.837 2782 INFO rally.task.runner [-] Task 9119aa6e-3900-40d8-a511-451b15b704b3 | ITER: 1 END: OK
2019-06-22 07:50:04.844 2782 INFO rally.task.runner [-] Task 9119aa6e-3900-40d8-a511-451b15b704b3 | ITER: 5 START
2019-06-22 07:50:05.736 2783 INFO rally.task.runner [-] Task 9119aa6e-3900-40d8-a511-451b15b704b3 | ITER: 2 END: OK
2019-06-22 07:50:05.744 2783 INFO rally.task.runner [-] Task 9119aa6e-3900-40d8-a511-451b15b704b3 | ITER: 6 START
2019-06-22 07:50:10.009 2782 RALLYDEBUG rally.task.utils [-] Waiting for resource s_rally_db8f6625_GczIf28u. Status changed: AVAILABLE => UPLOADING in 0.35001206398
2019-06-22 07:50:10.957 2783 RALLYDEBUG rally.task.utils [-] Waiting for resource s_rally_db8f6625_ofPIhBjX. Status changed: AVAILABLE => UPLOADING in 0.341558933258
2019-06-22 07:50:26.441 2785 RALLYDEBUG rally.task.utils [-] Waiting for resource s_rally_db8f6625_FEnn7oWR. Status changed: UPLOADING => AVAILABLE in 65.8656909466
2019-06-22 07:50:26.512 2784 RALLYDEBUG rally.task.utils [-] Waiting for resource s_rally_db8f6625_Yr4pSvLE. Status changed: UPLOADING => AVAILABLE in 65.5130870342
2019-06-22 07:50:27.030 2784 RALLYDEBUG rally.task.utils [-] Waiting for resource s_rally_db8f6625_Yr4pSvLE. Status changed: AVAILABLE => DELETING in 0.0696151256561
2019-06-22 07:50:27.450 2785 RALLYDEBUG rally.task.utils [-] Waiting for resource s_rally_db8f6625_FEnn7oWR. Status changed: AVAILABLE => DELETING in 0.0636870861053
2019-06-22 07:50:31.079 2784 INFO rally.task.runner [-] Task 9119aa6e-3900-40d8-a511-451b15b704b3 | ITER: 3 END: OK
2019-06-22 07:50:31.088 2784 INFO rally.task.runner [-] Task 9119aa6e-3900-40d8-a511-451b15b704b3 | ITER: 7 START
2019-06-22 07:50:31.145 2785 INFO rally.task.runner [-] Task 9119aa6e-3900-40d8-a511-451b15b704b3 | ITER: 4 END: OK
2019-06-22 07:50:31.154 2785 INFO rally.task.runner [-] Task 9119aa6e-3900-40d8-a511-451b15b704b3 | ITER: 8 START
2019-06-22 07:50:35.822 2784 RALLYDEBUG rally.task.utils [-] Waiting for resource s_rally_db8f6625_qkns6sCa. Status changed: AVAILABLE => UPLOADING in 0.0572118759155
2019-06-22 07:50:36.317 2785 RALLYDEBUG rally.task.utils [-] Waiting for resource s_rally_db8f6625_NorAobnH. Status changed: AVAILABLE => UPLOADING in 0.271195888519
2019-06-22 07:50:48.602 2782 RALLYDEBUG rally.task.utils [-] Waiting for resource s_rally_db8f6625_GczIf28u. Status changed: UPLOADING => AVAILABLE in 38.5923089981
2019-06-22 07:50:49.502 2782 RALLYDEBUG rally.task.utils [-] Waiting for resource s_rally_db8f6625_GczIf28u. Status changed: AVAILABLE => DELETING in 0.0555238723755
2019-06-22 07:50:51.430 2783 RALLYDEBUG rally.task.utils [-] Waiting for resource s_rally_db8f6625_ofPIhBjX. Status changed: UPLOADING => AVAILABLE in 40.4733641148
2019-06-22 07:50:51.917 2783 RALLYDEBUG rally.task.utils [-] Waiting for resource s_rally_db8f6625_ofPIhBjX. Status changed: AVAILABLE => DELETING in 0.0630369186401
2019-06-22 07:50:52.747 2782 INFO rally.task.runner [-] Task 9119aa6e-3900-40d8-a511-451b15b704b3 | ITER: 5 END: OK
2019-06-22 07:50:52.753 2782 INFO rally.task.runner [-] Task 9119aa6e-3900-40d8-a511-451b15b704b3 | ITER: 9 START
2019-06-22 07:50:55.778 2783 INFO rally.task.runner [-] Task 9119aa6e-3900-40d8-a511-451b15b704b3 | ITER: 6 END: OK
2019-06-22 07:50:55.782 2783 INFO rally.task.runner [-] Task 9119aa6e-3900-40d8-a511-451b15b704b3 | ITER: 10 START
2019-06-22 07:50:57.799 2782 RALLYDEBUG rally.task.utils [-] Waiting for resource s_rally_db8f6625_KvnBeQL1. Status changed: AVAILABLE => UPLOADING in 0.368601083755
2019-06-22 07:51:00.875 2783 RALLYDEBUG rally.task.utils [-] Waiting for resource s_rally_db8f6625_c2KWQpmv. Status changed: AVAILABLE => UPLOADING in 0.367228031158
2019-06-22 07:51:20.995 2785 RALLYDEBUG rally.task.utils [-] Waiting for resource s_rally_db8f6625_NorAobnH. Status changed: UPLOADING => AVAILABLE in 44.6775250435
2019-06-22 07:51:21.064 2784 RALLYDEBUG rally.task.utils [-] Waiting for resource s_rally_db8f6625_qkns6sCa. Status changed: UPLOADING => AVAILABLE in 45.2425310612
2019-06-22 07:51:21.254 2784 RALLYDEBUG rally.task.utils [-] Waiting for resource s_rally_db8f6625_qkns6sCa. Status changed: AVAILABLE => DELETING in 0.0705270767212
2019-06-22 07:51:21.475 2785 RALLYDEBUG rally.task.utils [-] Waiting for resource s_rally_db8f6625_NorAobnH. Status changed: AVAILABLE => DELETING in 0.0546398162842
2019-06-22 07:51:26.156 2784 INFO rally.task.runner [-] Task 9119aa6e-3900-40d8-a511-451b15b704b3 | ITER: 7 END: OK
2019-06-22 07:51:26.161 2785 INFO rally.task.runner [-] Task 9119aa6e-3900-40d8-a511-451b15b704b3 | ITER: 8 END: OK
2019-06-22 07:51:38.909 2782 RALLYDEBUG rally.task.utils [-] Waiting for resource s_rally_db8f6625_KvnBeQL1. Status changed: UPLOADING => AVAILABLE in 41.1093158722
2019-06-22 07:51:39.346 2783 RALLYDEBUG rally.task.utils [-] Waiting for resource s_rally_db8f6625_c2KWQpmv. Status changed: UPLOADING => AVAILABLE in 38.4708340168
2019-06-22 07:51:39.355 2782 RALLYDEBUG rally.task.utils [-] Waiting for resource s_rally_db8f6625_KvnBeQL1. Status changed: AVAILABLE => DELETING in 0.0822131633759
2019-06-22 07:51:39.796 2783 RALLYDEBUG rally.task.utils [-] Waiting for resource s_rally_db8f6625_c2KWQpmv. Status changed: AVAILABLE => DELETING in 0.0506489276886
2019-06-22 07:51:43.281 2782 INFO rally.task.runner [-] Task 9119aa6e-3900-40d8-a511-451b15b704b3 | ITER: 9 END: OK
2019-06-22 07:51:43.296 2783 INFO rally.task.runner [-] Task 9119aa6e-3900-40d8-a511-451b15b704b3 | ITER: 10 END: OK
2019-06-22 07:51:43.316 1842 INFO rally.task.context [-] Task 9119aa6e-3900-40d8-a511-451b15b704b3 | Context cleanup@openstack cleanup() started
2019-06-22 07:51:43.318 1842 RALLYDEBUG rally_openstack.cleanup.manager [-] Cleaning up cinder backups objects
2019-06-22 07:51:45.363 1842 RALLYDEBUG rally_openstack.cleanup.manager [-] Cleaning up cinder volume_snapshots objects
2019-06-22 07:51:47.491 1842 RALLYDEBUG rally_openstack.cleanup.manager [-] Cleaning up cinder transfers objects
2019-06-22 07:51:49.532 1842 RALLYDEBUG rally_openstack.cleanup.manager [-] Cleaning up cinder volumes objects
2019-06-22 07:51:51.656 1842 RALLYDEBUG rally_openstack.cleanup.manager [-] Cleaning up glance images objects
2019-06-22 07:51:54.812 1842 INFO rally.task.context [-] Task 9119aa6e-3900-40d8-a511-451b15b704b3 | Context cleanup@openstack cleanup() finished in 11.50 sec
2019-06-22 07:51:54.813 1842 INFO rally.task.context [-] Task 9119aa6e-3900-40d8-a511-451b15b704b3 | Context quotas@openstack cleanup() started
2019-06-22 07:51:55.253 1842 INFO rally.task.context [-] Task 9119aa6e-3900-40d8-a511-451b15b704b3 | Context quotas@openstack cleanup() finished in 0.44 sec
2019-06-22 07:51:55.253 1842 INFO rally.task.context [-] Task 9119aa6e-3900-40d8-a511-451b15b704b3 | Context api_versions@openstack cleanup() started
2019-06-22 07:51:55.254 1842 INFO rally.task.context [-] Task 9119aa6e-3900-40d8-a511-451b15b704b3 | Context api_versions@openstack cleanup() finished in 0.29 msec
2019-06-22 07:51:55.254 1842 INFO rally.task.context [-] Task 9119aa6e-3900-40d8-a511-451b15b704b3 | Context users@openstack cleanup() started
2019-06-22 07:52:03.894 1842 INFO rally.task.context [-] Task 9119aa6e-3900-40d8-a511-451b15b704b3 | Context users@openstack cleanup() finished in 8.64 sec
2019-06-22 07:52:03.953 1842 INFO rally.task.engine [-] Load duration is: 146.593062
2019-06-22 07:52:03.954 1842 INFO rally.task.engine [-] Full runner duration is: 147.512112
2019-06-22 07:52:03.954 1842 INFO rally.task.engine [-] Full duration is: 174.610356
2019-06-22 07:52:04.185 1842 INFO rally.task.engine [-] Running workload: position = 0 config = { "version": 2, "title": "A cropped version of a bigger task.", "description": "Auto-generated task from a single workload (uuid=6b6208cb-24a9-457e-abbf-6feb6487b628)", "subtasks": [ { "title": "CinderVolumes.create_nested_snapshots_and_attach_volume", "description": "Create a volume from snapshot and attach/detach the volume", "scenario": { "CinderVolumes.create_nested_snapshots_and_attach_volume": { "flavor": { "name": "rally_full-flavor_76e20c2a-86bb-44de-9f5f-84610258cadf" }, "image": { "name": "rally_full-img_76e20c2a-86bb-44de-9f5f-84610258cadf" }, "nested_level": 1, "size": { "max": 1, "min": 1 }, "create_vm_params": { "nics": [ { "net-id": "d39abdb7-74f8-40c7-8ee7-d7558c461b08" } ] } } }, "contexts": { "users": { "tenants": 3, "users_per_tenant": 2 }, "quotas": { "cinder": { "gigabytes": -1, "snapshots": -1, "volumes": -1 } }, "api_versions": { "cinder": { "version": 3, "service_type": "volumev3" } } }, "runner": { "constant": { "concurrency": 4, "times": 10 } }, "hooks": [], "sla": { "failure_rate": { "max": 0 } } } ] }
2019-06-22 07:52:04.209 1842 RALLYDEBUG rally_openstack.contexts.keystone.users [-] Creating 3 tenants using 20 threads
2019-06-22 07:52:05.945 1842 RALLYDEBUG rally_openstack.contexts.keystone.users [-] Creating 6 users using 20 threads
2019-06-22 07:52:08.688 1842 INFO rally.task.context [-] Task 9119aa6e-3900-40d8-a511-451b15b704b3 | Context users@openstack setup() finished in 4.48 sec
2019-06-22 07:52:09.099 1842 INFO rally.task.context [-] Task 9119aa6e-3900-40d8-a511-451b15b704b3 | Context api_versions@openstack setup() finished in 0.41 sec
2019-06-22 07:52:10.631 1842 INFO rally.task.context [-] Task 9119aa6e-3900-40d8-a511-451b15b704b3 | Context quotas@openstack setup() finished in 1.53 sec
2019-06-22 07:52:10.632 1842 INFO rally.task.context [-] Task 9119aa6e-3900-40d8-a511-451b15b704b3 | Context cleanup@openstack setup() finished in 0.00 msec
2019-06-22 07:52:11.793 1842 DEBUG novaclient.v2.client [-] REQ: curl -g -i -X GET http://172.30.9.31:8774/v2.1/flavors/detail -H "Accept: application/json" -H "User-Agent: python-novaclient" -H "X-Auth-Token: {SHA1}cdbd6725be765352c2e2983d06ca5f4abb3b0757" _http_log_request /usr/lib/python2.7/site-packages/keystoneauth1/session.py:448
2019-06-22 07:52:12.502 1842 DEBUG novaclient.v2.client [-] RESP: [200] Content-Encoding: gzip Content-Length: 365 Content-Type: application/json Date: Sat, 22 Jun 2019 07:52:11 GMT OpenStack-API-Version: compute 2.1 Server: Apache Vary: OpenStack-API-Version,X-OpenStack-Nova-API-Version,Accept-Encoding X-OpenStack-Nova-API-Version: 2.1 x-compute-request-id: req-bf52bebd-832c-4904-a53c-0434fb69d6db x-openstack-request-id: req-bf52bebd-832c-4904-a53c-0434fb69d6db _http_log_response /usr/lib/python2.7/site-packages/keystoneauth1/session.py:479
2019-06-22 07:52:12.503 1842 DEBUG novaclient.v2.client [-] RESP BODY: {"flavors": [{"name": "rally_full-flavor_alt_76e20c2a-86bb-44de-9f5f-84610258cadf", "links": [{"href": "http://172.30.9.31:8774/v2.1/flavors/be1c0081-6c71-4da9-a573-4dd8a27f5472", "rel": "self"}, {"href": "http://172.30.9.31:8774/flavors/be1c0081-6c71-4da9-a573-4dd8a27f5472", "rel": "bookmark"}], "ram": 1024, "OS-FLV-DISABLED:disabled": false, "vcpus": 1, "swap": "", "os-flavor-access:is_public": true, "rxtx_factor": 1.0, "OS-FLV-EXT-DATA:ephemeral": 0, "disk": 1, "id": "be1c0081-6c71-4da9-a573-4dd8a27f5472"}, {"name": "rally_full-flavor_76e20c2a-86bb-44de-9f5f-84610258cadf", "links": [{"href": "http://172.30.9.31:8774/v2.1/flavors/de9958d7-84ca-4bbc-b87c-231470fd3c8f", "rel": "self"}, {"href": "http://172.30.9.31:8774/flavors/de9958d7-84ca-4bbc-b87c-231470fd3c8f", "rel": "bookmark"}], "ram": 512, "OS-FLV-DISABLED:disabled": false, "vcpus": 1, "swap": "", "os-flavor-access:is_public": true, "rxtx_factor": 1.0, "OS-FLV-EXT-DATA:ephemeral": 0, "disk": 1, "id": "de9958d7-84ca-4bbc-b87c-231470fd3c8f"}]} _http_log_response /usr/lib/python2.7/site-packages/keystoneauth1/session.py:511
2019-06-22 07:52:12.503 1842 DEBUG novaclient.v2.client [-] GET call to compute for http://172.30.9.31:8774/v2.1/flavors/detail used request id req-bf52bebd-832c-4904-a53c-0434fb69d6db request /usr/lib/python2.7/site-packages/keystoneauth1/session.py:844
2019-06-22 07:52:12.505 1842 RALLYDEBUG rally.task.runner [-] Starting the constant runner (task UUID: 9119aa6e-3900-40d8-a511-451b15b704b3). timeout: 0 concurrency: 4 concurrency_per_worker: 1 times: 10 concurrency_overhead: 0 processes_to_start: 4 max_cpu_used: 16
2019-06-22 07:52:12.517 2986 RALLYDEBUG rally.task.runner [-] Starting a worker. concurrency: 1 args: {"flavor": "de9958d7-84ca-4bbc-b87c-231470fd3c8f", "image": "04eec704-216e-4930-9e05-9f2b9c57d81e", "nested_level": 1, "size": {"max": 1, "min": 1}, "create_vm_params": {"nics": [{"net-id": "d39abdb7-74f8-40c7-8ee7-d7558c461b08"}]}} times: 10 method_name: run timeout: 0 duration: None cls:
2019-06-22 07:52:12.521 2987 RALLYDEBUG rally.task.runner [-] Starting a worker. concurrency: 1 args: {"flavor": "de9958d7-84ca-4bbc-b87c-231470fd3c8f", "image": "04eec704-216e-4930-9e05-9f2b9c57d81e", "nested_level": 1, "size": {"max": 1, "min": 1}, "create_vm_params": {"nics": [{"net-id": "d39abdb7-74f8-40c7-8ee7-d7558c461b08"}]}} times: 10 method_name: run timeout: 0 duration: None cls:
