2019-06-22 07:59:47.727 1842 INFO rally.task.engine [-] Running workload: position = 0 config = { "version": 2, "title": "A cropped version of a bigger task.", "description": "Auto-generated task from a single workload (uuid=acb5f1fe-17e1-4102-85a7-2d2ad304c39b)", "subtasks": [ { "title": "CinderVolumes.create_and_delete_volume", "description": "Create and then delete a volume.", "scenario": { "CinderVolumes.create_and_delete_volume": { "size": { "max": 1, "min": 1 } } }, "contexts": { "users": { "tenants": 3, "users_per_tenant": 2 }, "quotas": { "cinder": { "gigabytes": -1, "snapshots": -1, "volumes": -1 } }, "api_versions": { "cinder": { "version": 3, "service_type": "volumev3" } } }, "runner": { "constant": { "concurrency": 4, "times": 10 } }, "hooks": [], "sla": { "failure_rate": { "max": 0 } } } ] }
2019-06-22 07:59:47.745 1842 RALLYDEBUG rally_openstack.contexts.keystone.users [-] Creating 3 tenants using 20 threads
2019-06-22 07:59:49.606 1842 RALLYDEBUG rally_openstack.contexts.keystone.users [-] Creating 6 users using 20 threads
2019-06-22 07:59:52.392 1842 INFO rally.task.context [-] Task 9119aa6e-3900-40d8-a511-451b15b704b3 | Context users@openstack setup() finished in 4.65 sec
2019-06-22 07:59:52.805 1842 INFO rally.task.context [-] Task 9119aa6e-3900-40d8-a511-451b15b704b3 | Context api_versions@openstack setup() finished in 0.41 sec
2019-06-22 07:59:54.334 1842 INFO rally.task.context [-] Task 9119aa6e-3900-40d8-a511-451b15b704b3 | Context quotas@openstack setup() finished in 1.53 sec
2019-06-22 07:59:54.334 1842 INFO rally.task.context [-] Task 9119aa6e-3900-40d8-a511-451b15b704b3 | Context cleanup@openstack setup() finished in 0.01 msec
2019-06-22 07:59:54.342 1842 RALLYDEBUG rally.task.runner [-] Starting the constant runner (task UUID: 9119aa6e-3900-40d8-a511-451b15b704b3). timeout: 0 concurrency: 4 concurrency_per_worker: 1 times: 10 concurrency_overhead: 0 processes_to_start: 4 max_cpu_used: 16
2019-06-22 07:59:54.356 4170 RALLYDEBUG rally.task.runner [-] Starting a worker. concurrency: 1 args: {"size": {"max": 1, "min": 1}} times: 10 method_name: run timeout: 0 duration: None cls:
2019-06-22 07:59:54.358 4171 RALLYDEBUG rally.task.runner [-] Starting a worker. concurrency: 1 args: {"size": {"max": 1, "min": 1}} times: 10 method_name: run timeout: 0 duration: None cls:
2019-06-22 07:59:54.361 4172 RALLYDEBUG rally.task.runner [-] Starting a worker. concurrency: 1 args: {"size": {"max": 1, "min": 1}} times: 10 method_name: run timeout: 0 duration: None cls:
2019-06-22 07:59:54.364 4170 INFO rally.task.runner [-] Task 9119aa6e-3900-40d8-a511-451b15b704b3 | ITER: 1 START
2019-06-22 07:59:54.364 4173 RALLYDEBUG rally.task.runner [-] Starting a worker. concurrency: 1 args: {"size": {"max": 1, "min": 1}} times: 10 method_name: run timeout: 0 duration: None cls:
2019-06-22 07:59:54.366 4171 INFO rally.task.runner [-] Task 9119aa6e-3900-40d8-a511-451b15b704b3 | ITER: 2 START
2019-06-22 07:59:54.369 4172 INFO rally.task.runner [-] Task 9119aa6e-3900-40d8-a511-451b15b704b3 | ITER: 3 START
2019-06-22 07:59:54.371 4173 INFO rally.task.runner [-] Task 9119aa6e-3900-40d8-a511-451b15b704b3 | ITER: 4 START
2019-06-22 07:59:58.330 4170 RALLYDEBUG rally.task.utils [-] Waiting for resource s_rally_acb5f1fe_vTCrT0KO. Status changed: AVAILABLE => DELETING in 0.0614919662476
2019-06-22 07:59:58.411 4171 RALLYDEBUG rally.task.utils [-] Waiting for resource s_rally_acb5f1fe_KCwbN6WZ. Status changed: AVAILABLE => DELETING in 0.257874011993
2019-06-22 07:59:58.412 4173 RALLYDEBUG rally.task.utils [-] Waiting for resource s_rally_acb5f1fe_kuSmZnfu. Status changed: AVAILABLE => DELETING in 0.253500938416
2019-06-22 07:59:58.492 4172 RALLYDEBUG rally.task.utils [-] Waiting for resource s_rally_acb5f1fe_iCSGgYWC. Status changed: AVAILABLE => DELETING in 0.254326105118
2019-06-22 08:00:00.532 4172 INFO rally.task.runner [-] Task 9119aa6e-3900-40d8-a511-451b15b704b3 | ITER: 3 END: OK
2019-06-22 08:00:00.537 4172 INFO rally.task.runner [-] Task 9119aa6e-3900-40d8-a511-451b15b704b3 | ITER: 5 START
2019-06-22 08:00:00.650 4173 INFO rally.task.runner [-] Task 9119aa6e-3900-40d8-a511-451b15b704b3 | ITER: 4 END: OK
2019-06-22 08:00:00.656 4173 INFO rally.task.runner [-] Task 9119aa6e-3900-40d8-a511-451b15b704b3 | ITER: 6 START
2019-06-22 08:00:00.668 4171 INFO rally.task.runner [-] Task 9119aa6e-3900-40d8-a511-451b15b704b3 | ITER: 2 END: OK
2019-06-22 08:00:00.673 4170 INFO rally.task.runner [-] Task 9119aa6e-3900-40d8-a511-451b15b704b3 | ITER: 1 END: OK
2019-06-22 08:00:00.673 4171 INFO rally.task.runner [-] Task 9119aa6e-3900-40d8-a511-451b15b704b3 | ITER: 7 START
2019-06-22 08:00:00.679 4170 INFO rally.task.runner [-] Task 9119aa6e-3900-40d8-a511-451b15b704b3 | ITER: 8 START
2019-06-22 08:00:04.529 4170 RALLYDEBUG rally.task.utils [-] Waiting for resource s_rally_acb5f1fe_HARxxUv1. Status changed: AVAILABLE => DELETING in 0.260872125626
2019-06-22 08:00:04.608 4171 RALLYDEBUG rally.task.utils [-] Waiting for resource s_rally_acb5f1fe_f90bWLsk. Status changed: AVAILABLE => DELETING in 0.286195993423
2019-06-22 08:00:04.700 4173 RALLYDEBUG rally.task.utils [-] Waiting for resource s_rally_acb5f1fe_2DxesIQi. Status changed: AVAILABLE => DELETING in 0.264545917511
2019-06-22 08:00:04.764 4172 RALLYDEBUG rally.task.utils [-] Waiting for resource s_rally_acb5f1fe_ou9o5t5b. Status changed: AVAILABLE => DELETING in 0.283900976181
2019-06-22 08:00:06.571 4170 INFO rally.task.runner [-] Task 9119aa6e-3900-40d8-a511-451b15b704b3 | ITER: 8 END: OK
2019-06-22 08:00:06.576 4170 INFO rally.task.runner [-] Task 9119aa6e-3900-40d8-a511-451b15b704b3 | ITER: 9 START
2019-06-22 08:00:06.864 4171 INFO rally.task.runner [-] Task 9119aa6e-3900-40d8-a511-451b15b704b3 | ITER: 7 END: OK
2019-06-22 08:00:06.869 4171 INFO rally.task.runner [-] Task 9119aa6e-3900-40d8-a511-451b15b704b3 | ITER: 10 START
2019-06-22 08:00:06.983 4173 INFO rally.task.runner [-] Task 9119aa6e-3900-40d8-a511-451b15b704b3 | ITER: 6 END: OK
2019-06-22 08:00:07.024 4172 INFO rally.task.runner [-] Task 9119aa6e-3900-40d8-a511-451b15b704b3 | ITER: 5 END: OK
2019-06-22 08:00:10.628 4170 RALLYDEBUG rally.task.utils [-] Waiting for resource s_rally_acb5f1fe_KN5RESdq. Status changed: AVAILABLE => DELETING in 0.262847900391
2019-06-22 08:00:11.118 4171 INFO rally.task.runner [-] Task 9119aa6e-3900-40d8-a511-451b15b704b3 | ITER: 10 END: OK
2019-06-22 08:00:12.669 4170 INFO rally.task.runner [-] Task 9119aa6e-3900-40d8-a511-451b15b704b3 | ITER: 9 END: OK
2019-06-22 08:00:12.691 1842 INFO rally.task.context [-] Task 9119aa6e-3900-40d8-a511-451b15b704b3 | Context cleanup@openstack cleanup() started
2019-06-22 08:00:12.694 1842 RALLYDEBUG rally_openstack.cleanup.manager [-] Cleaning up cinder backups objects
2019-06-22 08:00:14.583 1842 RALLYDEBUG rally_openstack.cleanup.manager [-] Cleaning up cinder volume_snapshots objects
2019-06-22 08:00:16.567 1842 RALLYDEBUG rally_openstack.cleanup.manager [-] Cleaning up cinder transfers objects
2019-06-22 08:00:18.489 1842 RALLYDEBUG rally_openstack.cleanup.manager [-] Cleaning up cinder volumes objects
2019-06-22 08:00:20.585 1842 INFO rally.task.context [-] Task 9119aa6e-3900-40d8-a511-451b15b704b3 | Context cleanup@openstack cleanup() finished in 7.89 sec
2019-06-22 08:00:20.586 1842 INFO rally.task.context [-] Task 9119aa6e-3900-40d8-a511-451b15b704b3 | Context quotas@openstack cleanup() started
2019-06-22 08:00:21.237 1842 INFO rally.task.context [-] Task 9119aa6e-3900-40d8-a511-451b15b704b3 | Context quotas@openstack cleanup() finished in 0.65 sec
2019-06-22 08:00:21.238 1842 INFO rally.task.context [-] Task 9119aa6e-3900-40d8-a511-451b15b704b3 | Context api_versions@openstack cleanup() started
2019-06-22 08:00:21.238 1842 INFO rally.task.context [-] Task 9119aa6e-3900-40d8-a511-451b15b704b3 | Context api_versions@openstack cleanup() finished in 0.35 msec
2019-06-22 08:00:21.238 1842 INFO rally.task.context [-] Task 9119aa6e-3900-40d8-a511-451b15b704b3 | Context users@openstack cleanup() started
2019-06-22 08:00:28.932 1842 INFO rally.task.context [-] Task 9119aa6e-3900-40d8-a511-451b15b704b3 | Context users@openstack cleanup() finished in 7.69 sec
2019-06-22 08:00:29.928 1842 INFO rally.task.engine [-] Load duration is: 18.299059
2019-06-22 08:00:29.929 1842 INFO rally.task.engine [-] Full runner duration is: 18.349769
2019-06-22 08:00:29.929 1842 INFO rally.task.engine [-] Full duration is: 41.193023
2019-06-22 08:00:30.092 1842 INFO rally.task.engine [-] Running workload: position = 1 config = { "version": 2, "title": "A cropped version of a bigger task.", "description": "Auto-generated task from a single workload (uuid=95a10362-0b27-48a8-a2d4-d42b411e8284)", "subtasks": [ { "title": "CinderVolumes.create_and_delete_volume", "description": "Create and then delete a volume.", "scenario": { "CinderVolumes.create_and_delete_volume": { "image": { "name": "rally_full-img_76e20c2a-86bb-44de-9f5f-84610258cadf" }, "size": 1 } }, "contexts": { "users": { "tenants": 3, "users_per_tenant": 2 }, "quotas": { "cinder": { "gigabytes": -1, "snapshots": -1, "volumes": -1 } }, "api_versions": { "cinder": { "version": 3, "service_type": "volumev3" } } }, "runner": { "constant": { "concurrency": 4, "times": 10 } }, "hooks": [], "sla": { "failure_rate": { "max": 0 } } } ] }
2019-06-22 08:00:30.118 1842 RALLYDEBUG rally_openstack.contexts.keystone.users [-] Creating 3 tenants using 20 threads
2019-06-22 08:00:31.909 1842 RALLYDEBUG rally_openstack.contexts.keystone.users [-] Creating 6 users using 20 threads
2019-06-22 08:00:34.683 1842 INFO rally.task.context [-] Task 9119aa6e-3900-40d8-a511-451b15b704b3 | Context users@openstack setup() finished in 4.57 sec
2019-06-22 08:00:35.094 1842 INFO rally.task.context [-] Task 9119aa6e-3900-40d8-a511-451b15b704b3 | Context api_versions@openstack setup() finished in 0.41 sec
2019-06-22 08:00:36.783 1842 INFO rally.task.context [-] Task 9119aa6e-3900-40d8-a511-451b15b704b3 | Context quotas@openstack setup() finished in 1.69 sec
2019-06-22 08:00:36.784 1842 INFO rally.task.context [-] Task 9119aa6e-3900-40d8-a511-451b15b704b3 | Context cleanup@openstack setup() finished in 0.00 msec
2019-06-22 08:00:37.508 1842 RALLYDEBUG rally.task.runner [-] Starting the constant runner (task UUID: 9119aa6e-3900-40d8-a511-451b15b704b3). timeout: 0 concurrency: 4 concurrency_per_worker: 1 times: 10 concurrency_overhead: 0 processes_to_start: 4 max_cpu_used: 16
2019-06-22 08:00:37.522 4354 RALLYDEBUG rally.task.runner [-] Starting a worker. concurrency: 1 args: {"image": "04eec704-216e-4930-9e05-9f2b9c57d81e", "size": 1} times: 10 method_name: run timeout: 0 duration: None cls:
2019-06-22 08:00:37.524 4355 RALLYDEBUG rally.task.runner [-] Starting a worker. concurrency: 1 args: {"image": "04eec704-216e-4930-9e05-9f2b9c57d81e", "size": 1} times: 10 method_name: run timeout: 0 duration: None cls:
2019-06-22 08:00:37.527 4356 RALLYDEBUG rally.task.runner [-] Starting a worker. concurrency: 1 args: {"image": "04eec704-216e-4930-9e05-9f2b9c57d81e", "size": 1} times: 10 method_name: run timeout: 0 duration: None cls:
2019-06-22 08:00:37.530 4354 INFO rally.task.runner [-] Task 9119aa6e-3900-40d8-a511-451b15b704b3 | ITER: 1 START
2019-06-22 08:00:37.531 4357 RALLYDEBUG rally.task.runner [-] Starting a worker. concurrency: 1 args: {"image": "04eec704-216e-4930-9e05-9f2b9c57d81e", "size": 1} times: 10 method_name: run timeout: 0 duration: None cls:
2019-06-22 08:00:37.533 4355 INFO rally.task.runner [-] Task 9119aa6e-3900-40d8-a511-451b15b704b3 | ITER: 2 START
2019-06-22 08:00:37.534 4356 INFO rally.task.runner [-] Task 9119aa6e-3900-40d8-a511-451b15b704b3 | ITER: 3 START
2019-06-22 08:00:37.539 4357 INFO rally.task.runner [-] Task 9119aa6e-3900-40d8-a511-451b15b704b3 | ITER: 4 START
2019-06-22 08:00:41.393 4356 RALLYDEBUG rally.task.utils [-] Waiting for resource s_rally_95a10362_v732hVTh. Status changed: CREATING => DOWNLOADING in 0.459782123566
2019-06-22 08:00:43.545 4354 RALLYDEBUG rally.task.utils [-] Waiting for resource s_rally_95a10362_jnRL4Yxr. Status changed: CREATING => DOWNLOADING in 2.63897418976
2019-06-22 08:00:43.608 4355 RALLYDEBUG rally.task.utils [-] Waiting for resource s_rally_95a10362_5Ael3OSp. Status changed: DOWNLOADING => AVAILABLE in 2.69533109665
2019-06-22 08:00:43.637 4356 RALLYDEBUG rally.task.utils [-] Waiting for resource s_rally_95a10362_v732hVTh. Status changed: DOWNLOADING => AVAILABLE in 2.24364590645
2019-06-22 08:00:43.915 4357 RALLYDEBUG rally.task.utils [-] Waiting for resource s_rally_95a10362_cZa0ew3r. Status changed: DOWNLOADING => AVAILABLE in 2.92320895195
2019-06-22 08:00:44.034 4355 INFO rally.task.runner [-] Task 9119aa6e-3900-40d8-a511-451b15b704b3 | ITER: 2 END: OK
2019-06-22 08:00:44.040 4355 INFO rally.task.runner [-] Task 9119aa6e-3900-40d8-a511-451b15b704b3 | ITER: 5 START
2019-06-22 08:00:44.261 4356 RALLYDEBUG rally.task.utils [-] Waiting for resource s_rally_95a10362_v732hVTh. Status changed: AVAILABLE => DELETING in 0.25111079216
2019-06-22 08:00:44.463 4357 RALLYDEBUG rally.task.utils [-] Waiting for resource s_rally_95a10362_cZa0ew3r. Status changed: AVAILABLE => DELETING in 0.256485939026
2019-06-22 08:00:45.789 4354 RALLYDEBUG rally.task.utils [-] Waiting for resource s_rally_95a10362_jnRL4Yxr. Status changed: DOWNLOADING => AVAILABLE in 2.24463295937
2019-06-22 08:00:46.512 4356 INFO rally.task.runner [-] Task 9119aa6e-3900-40d8-a511-451b15b704b3 | ITER: 3 END: OK
2019-06-22 08:00:46.517 4356 INFO rally.task.runner [-] Task 9119aa6e-3900-40d8-a511-451b15b704b3 | ITER: 6 START
2019-06-22 08:00:46.568 4354 INFO rally.task.runner [-] Task 9119aa6e-3900-40d8-a511-451b15b704b3 | ITER: 1 END: OK
2019-06-22 08:00:46.573 4354 INFO rally.task.runner [-] Task 9119aa6e-3900-40d8-a511-451b15b704b3 | ITER: 7 START
2019-06-22 08:00:46.698 4357 INFO rally.task.runner [-] Task 9119aa6e-3900-40d8-a511-451b15b704b3 | ITER: 4 END: OK
2019-06-22 08:00:46.704 4357 INFO rally.task.runner [-] Task 9119aa6e-3900-40d8-a511-451b15b704b3 | ITER: 8 START
2019-06-22 08:00:50.179 4355 RALLYDEBUG rally.task.utils [-] Waiting for resource s_rally_95a10362_HBLpmiyb. Status changed: DOWNLOADING => AVAILABLE in 2.82017207146
2019-06-22 08:00:50.816 4355 RALLYDEBUG rally.task.utils [-] Waiting for resource s_rally_95a10362_HBLpmiyb. Status changed: AVAILABLE => DELETING in 0.330165147781
2019-06-22 08:00:52.852 4355 INFO rally.task.runner [-] Task 9119aa6e-3900-40d8-a511-451b15b704b3 | ITER: 5 END: OK
2019-06-22 08:00:52.856 4355 INFO rally.task.runner [-] Task 9119aa6e-3900-40d8-a511-451b15b704b3 | ITER: 9 START
2019-06-22 08:00:52.970 4354 RALLYDEBUG rally.task.utils [-] Waiting for resource s_rally_95a10362_AHqMkskK. Status changed: DOWNLOADING => AVAILABLE in 3.09554600716
2019-06-22 08:00:53.104 4357 RALLYDEBUG rally.task.utils [-] Waiting for resource s_rally_95a10362_P2sqEb5t. Status changed: DOWNLOADING => AVAILABLE in 2.99317908287
2019-06-22 08:00:53.603 4354 INFO rally.task.runner [-] Task 9119aa6e-3900-40d8-a511-451b15b704b3 | ITER: 7 END: OK
2019-06-22 08:00:53.608 4354 INFO rally.task.runner [-] Task 9119aa6e-3900-40d8-a511-451b15b704b3 | ITER: 10 START
2019-06-22 08:00:53.624 4357 INFO rally.task.runner [-] Task 9119aa6e-3900-40d8-a511-451b15b704b3 | ITER: 8 END: OK
2019-06-22 08:00:54.948 4356 RALLYDEBUG rally.task.utils [-] Waiting for resource s_rally_95a10362_y0FD8qGP. Status changed: DOWNLOADING => AVAILABLE in 5.06785511971
2019-06-22 08:00:55.270 4356 RALLYDEBUG rally.task.utils [-] Waiting for resource s_rally_95a10362_y0FD8qGP. Status changed: AVAILABLE => DELETING in 0.0538568496704
2019-06-22 08:00:57.310 4356 INFO rally.task.runner [-] Task 9119aa6e-3900-40d8-a511-451b15b704b3 | ITER: 6 END: OK
2019-06-22 08:00:59.047 4355 RALLYDEBUG rally.task.utils [-] Waiting for resource s_rally_95a10362_WPQBqRM1. Status changed: DOWNLOADING => AVAILABLE in 2.9436378479
2019-06-22 08:00:59.176 4355 RALLYDEBUG rally.task.utils [-] Waiting for resource s_rally_95a10362_WPQBqRM1. Status changed: AVAILABLE => DELETING in 0.0563669204712
2019-06-22 08:00:59.594 4354 RALLYDEBUG rally.task.utils [-] Waiting for resource s_rally_95a10362_oaVAUWSe. Status changed: DOWNLOADING => AVAILABLE in 2.83240389824
2019-06-22 08:01:00.055 4354 RALLYDEBUG rally.task.utils [-] Waiting for resource s_rally_95a10362_oaVAUWSe. Status changed: AVAILABLE => DELETING in 0.0699150562286
2019-06-22 08:01:01.410 4355 INFO rally.task.runner [-] Task 9119aa6e-3900-40d8-a511-451b15b704b3 | ITER: 9 END: OK
2019-06-22 08:01:02.092 4354 INFO rally.task.runner [-] Task 9119aa6e-3900-40d8-a511-451b15b704b3 | ITER: 10 END: OK
2019-06-22 08:01:02.115 1842 INFO rally.task.context [-] Task 9119aa6e-3900-40d8-a511-451b15b704b3 | Context cleanup@openstack cleanup() started
2019-06-22 08:01:02.117 1842 RALLYDEBUG rally_openstack.cleanup.manager [-] Cleaning up cinder backups objects
2019-06-22 08:01:04.085 1842 RALLYDEBUG rally_openstack.cleanup.manager [-] Cleaning up cinder volume_snapshots objects
2019-06-22 08:01:06.234 1842 RALLYDEBUG rally_openstack.cleanup.manager [-] Cleaning up cinder transfers objects
2019-06-22 08:01:08.111 1842 RALLYDEBUG rally_openstack.cleanup.manager [-] Cleaning up cinder volumes objects
2019-06-22 08:01:10.284 1842 INFO rally.task.context [-] Task 9119aa6e-3900-40d8-a511-451b15b704b3 | Context cleanup@openstack cleanup() finished in 8.17 sec
2019-06-22 08:01:10.284 1842 INFO rally.task.context [-] Task 9119aa6e-3900-40d8-a511-451b15b704b3 | Context quotas@openstack cleanup() started
2019-06-22 08:01:10.730 1842 INFO rally.task.context [-] Task 9119aa6e-3900-40d8-a511-451b15b704b3 | Context quotas@openstack cleanup() finished in 0.45 sec
2019-06-22 08:01:10.730 1842 INFO rally.task.context [-] Task 9119aa6e-3900-40d8-a511-451b15b704b3 | Context api_versions@openstack cleanup() started
2019-06-22 08:01:10.731 1842 INFO rally.task.context [-] Task 9119aa6e-3900-40d8-a511-451b15b704b3 | Context api_versions@openstack cleanup() finished in 0.31 msec
2019-06-22 08:01:10.731 1842 INFO rally.task.context [-] Task 9119aa6e-3900-40d8-a511-451b15b704b3 | Context users@openstack cleanup() started
2019-06-22 08:01:17.778 1842 INFO rally.task.context [-] Task 9119aa6e-3900-40d8-a511-451b15b704b3 | Context users@openstack cleanup() finished in 7.05 sec
2019-06-22 08:01:18.312 1842 INFO rally.task.engine [-] Load duration is: 24.557951
2019-06-22 08:01:18.312 1842 INFO rally.task.engine [-] Full runner duration is: 24.607441
2019-06-22 08:01:18.312 1842 INFO rally.task.engine [-] Full duration is: 47.667164
2019-06-22 08:01:18.440 1842 INFO rally.task.engine [-] Running workload: position = 2 config = { "version": 2, "title": "A cropped version of a bigger task.", "description": "Auto-generated task from a single workload (uuid=a9885722-f15e-4b3b-a260-25f31c3af270)", "subtasks": [ { "title": "CinderVolumes.create_and_delete_volume", "description": "Create and then delete a volume.", "scenario": { "CinderVolumes.create_and_delete_volume": { "size": 1 } }, "contexts": { "users": { "tenants": 3, "users_per_tenant": 2 }, "quotas": { "cinder": { "gigabytes": -1, "snapshots": -1, "volumes": -1 } }, "api_versions": { "cinder": { "version": 3, "service_type": "volumev3" } } }, "runner": { "constant": { "concurrency": 4, "times": 10 } }, "hooks": [], "sla": { "failure_rate": { "max": 0 } } } ] }
2019-06-22 08:01:18.455 1842 RALLYDEBUG rally_openstack.contexts.keystone.users [-] Creating 3 tenants using 20 threads
2019-06-22 08:01:20.226 1842 RALLYDEBUG rally_openstack.contexts.keystone.users [-] Creating 6 users using 20 threads
2019-06-22 08:01:22.959 1842 INFO rally.task.context [-] Task 9119aa6e-3900-40d8-a511-451b15b704b3 | Context users@openstack setup() finished in 4.50 sec
2019-06-22 08:01:23.382 1842 INFO rally.task.context [-] Task 9119aa6e-3900-40d8-a511-451b15b704b3 | Context api_versions@openstack setup() finished in 0.42 sec
2019-06-22 08:01:25.049 1842 INFO rally.task.context [-] Task 9119aa6e-3900-40d8-a511-451b15b704b3 | Context quotas@openstack setup() finished in 1.67 sec
2019-06-22 08:01:25.050 1842 INFO rally.task.context [-] Task 9119aa6e-3900-40d8-a511-451b15b704b3 | Context cleanup@openstack setup() finished in 0.01 msec
2019-06-22 08:01:25.057 1842 RALLYDEBUG rally.task.runner [-] Starting the constant runner (task UUID: 9119aa6e-3900-40d8-a511-451b15b704b3). timeout: 0 concurrency: 4 concurrency_per_worker: 1 times: 10 concurrency_overhead: 0 processes_to_start: 4 max_cpu_used: 16
2019-06-22 08:01:25.069 4538 RALLYDEBUG rally.task.runner [-] Starting a worker. concurrency: 1 args: {"size": 1} times: 10 method_name: run timeout: 0 duration: None cls:
2019-06-22 08:01:25.072 4539 RALLYDEBUG rally.task.runner [-] Starting a worker. concurrency: 1 args: {"size": 1} times: 10 method_name: run timeout: 0 duration: None cls:
2019-06-22 08:01:25.074 4540 RALLYDEBUG rally.task.runner [-] Starting a worker. concurrency: 1 args: {"size": 1} times: 10 method_name: run timeout: 0 duration: None cls:
2019-06-22 08:01:25.076 4538 INFO rally.task.runner [-] Task 9119aa6e-3900-40d8-a511-451b15b704b3 | ITER: 1 START
2019-06-22 08:01:25.077 4541 RALLYDEBUG rally.task.runner [-] Starting a worker. concurrency: 1 args: {"size": 1} times: 10 method_name: run timeout: 0 duration: None cls:
2019-06-22 08:01:25.081 4540 INFO rally.task.runner [-] Task 9119aa6e-3900-40d8-a511-451b15b704b3 | ITER: 3 START
2019-06-22 08:01:25.081 4539 INFO rally.task.runner [-] Task 9119aa6e-3900-40d8-a511-451b15b704b3 | ITER: 2 START
2019-06-22 08:01:25.084 4541 INFO rally.task.runner [-] Task 9119aa6e-3900-40d8-a511-451b15b704b3 | ITER: 4 START
2019-06-22 08:01:29.165 4541 RALLYDEBUG rally.task.utils [-] Waiting for resource s_rally_a9885722_X4y00zeZ. Status changed: AVAILABLE => DELETING in 0.0573830604553
2019-06-22 08:01:29.273 4540 RALLYDEBUG rally.task.utils [-] Waiting for resource s_rally_a9885722_ClXPJqQK. Status changed: AVAILABLE => DELETING in 0.24932384491
2019-06-22 08:01:29.418 4538 RALLYDEBUG rally.task.utils [-] Waiting for resource s_rally_a9885722_0ijkCgpB. Status changed: AVAILABLE => DELETING in 0.341048002243
2019-06-22 08:01:30.251 4539 INFO rally.task.runner [-] Task 9119aa6e-3900-40d8-a511-451b15b704b3 | ITER: 2 END: OK
2019-06-22 08:01:30.257 4539 INFO rally.task.runner [-] Task 9119aa6e-3900-40d8-a511-451b15b704b3 | ITER: 5 START
2019-06-22 08:01:31.471 4541 INFO rally.task.runner [-] Task 9119aa6e-3900-40d8-a511-451b15b704b3 | ITER: 4 END: OK
2019-06-22 08:01:31.476 4541 INFO rally.task.runner [-] Task 9119aa6e-3900-40d8-a511-451b15b704b3 | ITER: 6 START
2019-06-22 08:01:31.528 4540 INFO rally.task.runner [-] Task 9119aa6e-3900-40d8-a511-451b15b704b3 | ITER: 3 END: OK
2019-06-22 08:01:31.533 4540 INFO rally.task.runner [-] Task 9119aa6e-3900-40d8-a511-451b15b704b3 | ITER: 7 START
2019-06-22 08:01:31.689 4538 INFO rally.task.runner [-] Task 9119aa6e-3900-40d8-a511-451b15b704b3 | ITER: 1 END: OK
2019-06-22 08:01:31.695 4538 INFO rally.task.runner [-] Task 9119aa6e-3900-40d8-a511-451b15b704b3 | ITER: 8 START
2019-06-22 08:01:33.885 4539 RALLYDEBUG rally.task.utils [-] Waiting for resource s_rally_a9885722_tLVzDRSq. Status changed: AVAILABLE => DELETING in 0.0525250434875
2019-06-22 08:01:35.245 4540 INFO rally.task.runner [-] Task 9119aa6e-3900-40d8-a511-451b15b704b3 | ITER: 7 END: OK
2019-06-22 08:01:35.249 4540 INFO rally.task.runner [-] Task 9119aa6e-3900-40d8-a511-451b15b704b3 | ITER: 9 START
2019-06-22 08:01:35.525 4541 RALLYDEBUG rally.task.utils [-] Waiting for resource s_rally_a9885722_O5EPTBkB. Status changed: AVAILABLE => DELETING in 0.296182870865
2019-06-22 08:01:35.952 4538 RALLYDEBUG rally.task.utils [-] Waiting for resource s_rally_a9885722_TSDyaoCh. Status changed: AVAILABLE => DELETING in 0.327885866165
2019-06-22 08:01:36.116 4539 INFO rally.task.runner [-] Task 9119aa6e-3900-40d8-a511-451b15b704b3 | ITER: 5 END: OK
2019-06-22 08:01:36.121 4539 INFO rally.task.runner [-] Task 9119aa6e-3900-40d8-a511-451b15b704b3 | ITER: 10 START
2019-06-22 08:01:37.563 4541 INFO rally.task.runner [-] Task 9119aa6e-3900-40d8-a511-451b15b704b3 | ITER: 6 END: OK
2019-06-22 08:01:38.381 4538 INFO rally.task.runner [-] Task 9119aa6e-3900-40d8-a511-451b15b704b3 | ITER: 8 END: OK
2019-06-22 08:01:39.113 4540 INFO rally.task.runner [-] Task 9119aa6e-3900-40d8-a511-451b15b704b3 | ITER: 9 END: OK
2019-06-22 08:01:39.859 4539 RALLYDEBUG rally.task.utils [-] Waiting for resource s_rally_a9885722_SICE02GX. Status changed: AVAILABLE => DELETING in 0.0543818473816
2019-06-22 08:01:42.088 4539 INFO rally.task.runner [-] Task 9119aa6e-3900-40d8-a511-451b15b704b3 | ITER: 10 END: OK
2019-06-22 08:01:42.111 1842 INFO rally.task.context [-] Task 9119aa6e-3900-40d8-a511-451b15b704b3 | Context cleanup@openstack cleanup() started
2019-06-22 08:01:42.113 1842 RALLYDEBUG rally_openstack.cleanup.manager [-] Cleaning up cinder backups objects
2019-06-22 08:01:44.064 1842 RALLYDEBUG rally_openstack.cleanup.manager [-] Cleaning up cinder volume_snapshots objects
2019-06-22 08:01:45.948 1842 RALLYDEBUG rally_openstack.cleanup.manager [-] Cleaning up cinder transfers objects
2019-06-22 08:01:47.882 1842 RALLYDEBUG rally_openstack.cleanup.manager [-] Cleaning up cinder volumes objects
2019-06-22 08:01:49.990 1842 INFO rally.task.context [-] Task 9119aa6e-3900-40d8-a511-451b15b704b3 | Context cleanup@openstack cleanup() finished in 7.88 sec
2019-06-22 08:01:49.990 1842 INFO rally.task.context [-] Task 9119aa6e-3900-40d8-a511-451b15b704b3 | Context quotas@openstack cleanup() started
2019-06-22 08:01:50.634 1842 INFO rally.task.context [-] Task 9119aa6e-3900-40d8-a511-451b15b704b3 | Context quotas@openstack cleanup() finished in 0.64 sec
2019-06-22 08:01:50.635 1842 INFO rally.task.context [-] Task 9119aa6e-3900-40d8-a511-451b15b704b3 | Context api_versions@openstack cleanup() started
2019-06-22 08:01:50.635 1842 INFO rally.task.context [-] Task 9119aa6e-3900-40d8-a511-451b15b704b3 | Context api_versions@openstack cleanup() finished in 0.33 msec
2019-06-22 08:01:50.636 1842 INFO rally.task.context [-] Task 9119aa6e-3900-40d8-a511-451b15b704b3 | Context users@openstack cleanup() started
2019-06-22 08:01:57.557 1842 INFO rally.task.context [-] Task 9119aa6e-3900-40d8-a511-451b15b704b3 | Context users@openstack cleanup() finished in 6.92 sec
2019-06-22 08:01:58.637 1842 INFO rally.task.engine [-] Load duration is: 17.009728
2019-06-22 08:01:58.638 1842 INFO rally.task.engine [-] Full runner duration is: 17.053534
2019-06-22 08:01:58.638 1842 INFO rally.task.engine [-] Full duration is: 39.10553
2019-06-22 08:01:58.859 1842 INFO rally.task.engine [-] Running workload: position = 0 config = { "version": 2, "title": "A cropped version of a bigger task.", "description": "Auto-generated task from a single workload (uuid=d648352b-781b-47a9-b140-966871a694c4)", "subtasks": [ { "title": "CinderVolumes.create_and_extend_volume", "description": "Create and extend a volume and then delete it.", "scenario": { "CinderVolumes.create_and_extend_volume": { "new_size": 2, "size": 1 } }, "contexts": { "users": { "tenants": 3, "users_per_tenant": 2 }, "quotas": { "cinder": { "gigabytes": -1, "snapshots": -1, "volumes": -1 } }, "api_versions": { "cinder": { "version": 3, "service_type": "volumev3" } } }, "runner": { "constant": { "concurrency": 4, "times": 10 } }, "hooks": [], "sla": { "failure_rate": { "max": 0 } } } ] }
2019-06-22 08:01:58.877 1842 RALLYDEBUG rally_openstack.contexts.keystone.users [-] Creating 3 tenants using 20 threads
2019-06-22 08:02:00.740 1842 RALLYDEBUG rally_openstack.contexts.keystone.users [-] Creating 6 users using 20 threads
2019-06-22 08:02:03.435 1842 INFO rally.task.context [-] Task 9119aa6e-3900-40d8-a511-451b15b704b3 | Context users@openstack setup() finished in 4.56 sec
2019-06-22 08:02:03.860 1842 INFO rally.task.context [-] Task 9119aa6e-3900-40d8-a511-451b15b704b3 | Context api_versions@openstack setup() finished in 0.42 sec
2019-06-22 08:02:05.459 1842 INFO rally.task.context [-] Task 9119aa6e-3900-40d8-a511-451b15b704b3 | Context quotas@openstack setup() finished in 1.60 sec
2019-06-22 08:02:05.460 1842 INFO rally.task.context [-] Task 9119aa6e-3900-40d8-a511-451b15b704b3 | Context cleanup@openstack setup() finished in 0.01 msec
2019-06-22 08:02:05.467 1842 RALLYDEBUG rally.task.runner [-] Starting the constant runner (task UUID: 9119aa6e-3900-40d8-a511-451b15b704b3). timeout: 0 concurrency: 4 concurrency_per_worker: 1 times: 10 concurrency_overhead: 0 processes_to_start: 4 max_cpu_used: 16
2019-06-22 08:02:05.478 4722 RALLYDEBUG rally.task.runner [-] Starting a worker. concurrency: 1 args: {"new_size": 2, "size": 1} times: 10 method_name: run timeout: 0 duration: None cls:
2019-06-22 08:02:05.481 4723 RALLYDEBUG rally.task.runner [-] Starting a worker. concurrency: 1 args: {"new_size": 2, "size": 1} times: 10 method_name: run timeout: 0 duration: None cls:
2019-06-22 08:02:05.484 4724 RALLYDEBUG rally.task.runner [-] Starting a worker. concurrency: 1 args: {"new_size": 2, "size": 1} times: 10 method_name: run timeout: 0 duration: None cls:
2019-06-22 08:02:05.486 4722 INFO rally.task.runner [-] Task 9119aa6e-3900-40d8-a511-451b15b704b3 | ITER: 1 START
2019-06-22 08:02:05.487 4725 RALLYDEBUG rally.task.runner [-] Starting a worker. concurrency: 1 args: {"new_size": 2, "size": 1} times: 10 method_name: run timeout: 0 duration: None cls:
2019-06-22 08:02:05.490 4723 INFO rally.task.runner [-] Task 9119aa6e-3900-40d8-a511-451b15b704b3 | ITER: 2 START
2019-06-22 08:02:05.492 4724 INFO rally.task.runner [-] Task 9119aa6e-3900-40d8-a511-451b15b704b3 | ITER: 3 START
2019-06-22 08:02:05.497 4725 INFO rally.task.runner [-] Task 9119aa6e-3900-40d8-a511-451b15b704b3 | ITER: 4 START
2019-06-22 08:02:09.474 4722 RALLYDEBUG rally.task.utils [-] Waiting for resource s_rally_d648352b_zMDbDAfW. Status changed: AVAILABLE => EXTENDING in 0.0517070293427
2019-06-22 08:02:10.149 4723 INFO rally.task.runner [-] Task 9119aa6e-3900-40d8-a511-451b15b704b3 | ITER: 2 END: OK
2019-06-22 08:02:10.154 4723 INFO rally.task.runner [-] Task 9119aa6e-3900-40d8-a511-451b15b704b3 | ITER: 5 START
2019-06-22 08:02:10.194 4724 RALLYDEBUG rally.task.utils [-] Waiting for resource s_rally_d648352b_RNVt8rtB. Status changed: AVAILABLE => DELETING in 0.0666370391846
2019-06-22 08:02:10.456 4725 RALLYDEBUG rally.task.utils [-] Waiting for resource s_rally_d648352b_qSxrEAWA. Status changed: AVAILABLE => DELETING in 0.255777835846
2019-06-22 08:02:11.718 4722 RALLYDEBUG rally.task.utils [-] Waiting for resource s_rally_d648352b_zMDbDAfW. Status changed: EXTENDING => AVAILABLE in 2.24461984634
2019-06-22 08:02:12.052 4722 RALLYDEBUG rally.task.utils [-] Waiting for resource s_rally_d648352b_zMDbDAfW. Status changed: AVAILABLE => DELETING in 0.0511100292206
2019-06-22 08:02:12.245 4724 INFO rally.task.runner [-] Task 9119aa6e-3900-40d8-a511-451b15b704b3 | ITER: 3 END: OK
2019-06-22 08:02:12.251 4724 INFO rally.task.runner [-] Task 9119aa6e-3900-40d8-a511-451b15b704b3 | ITER: 6 START
2019-06-22 08:02:12.497 4725 INFO rally.task.runner [-] Task 9119aa6e-3900-40d8-a511-451b15b704b3 | ITER: 4 END: OK
2019-06-22 08:02:12.502 4725 INFO rally.task.runner [-] Task 9119aa6e-3900-40d8-a511-451b15b704b3 | ITER: 7 START
2019-06-22 08:02:14.279 4722 INFO rally.task.runner [-] Task 9119aa6e-3900-40d8-a511-451b15b704b3 | ITER: 1 END: OK
2019-06-22 08:02:14.284 4722 INFO rally.task.runner [-] Task 9119aa6e-3900-40d8-a511-451b15b704b3 | ITER: 8 START
2019-06-22 08:02:14.405 4723 INFO rally.task.runner [-] Task 9119aa6e-3900-40d8-a511-451b15b704b3 | ITER: 5 END: OK
2019-06-22 08:02:14.409 4723 INFO rally.task.runner [-] Task 9119aa6e-3900-40d8-a511-451b15b704b3 | ITER: 9 START
2019-06-22 08:02:16.331 4725 RALLYDEBUG rally.task.utils [-] Waiting for resource s_rally_d648352b_LdYNhZVU. Status changed: AVAILABLE => EXTENDING in 0.0527391433716
2019-06-22 08:02:16.638 4724 INFO rally.task.runner [-] Task 9119aa6e-3900-40d8-a511-451b15b704b3 | ITER: 6 END: OK
2019-06-22 08:02:16.642 4724 INFO rally.task.runner [-] Task 9119aa6e-3900-40d8-a511-451b15b704b3 | ITER: 10 START
2019-06-22 08:02:18.197 4722 RALLYDEBUG rally.task.utils [-] Waiting for resource s_rally_d648352b_fgCf3DTi. Status changed: AVAILABLE => EXTENDING in 0.0570840835571
2019-06-22 08:02:18.258 4723 RALLYDEBUG rally.task.utils [-] Waiting for resource s_rally_d648352b_AsoKIpjv. Status changed: AVAILABLE => EXTENDING in 0.0779509544373
2019-06-22 08:02:18.386 4725 RALLYDEBUG rally.task.utils [-] Waiting for resource s_rally_d648352b_LdYNhZVU. Status changed: EXTENDING => AVAILABLE in 2.05567884445
2019-06-22 08:02:18.796 4725 RALLYDEBUG rally.task.utils [-] Waiting for resource s_rally_d648352b_LdYNhZVU. Status changed: AVAILABLE => DELETING in 0.0509159564972
2019-06-22 08:02:20.507 4723 RALLYDEBUG rally.task.utils [-] Waiting for resource s_rally_d648352b_AsoKIpjv. Status changed: EXTENDING => AVAILABLE in 2.24881696701
2019-06-22 08:02:20.531 4722 RALLYDEBUG rally.task.utils [-] Waiting for resource s_rally_d648352b_fgCf3DTi. Status changed: EXTENDING => AVAILABLE in 2.33368182182
2019-06-22 08:02:20.890 4722 RALLYDEBUG rally.task.utils [-] Waiting for resource s_rally_d648352b_fgCf3DTi. Status changed: AVAILABLE => DELETING in 0.0852341651917
2019-06-22 08:02:21.017 4723 INFO rally.task.runner [-] Task 9119aa6e-3900-40d8-a511-451b15b704b3 | ITER: 9 END: OK
2019-06-22 08:02:21.028 4725 INFO rally.task.runner [-] Task 9119aa6e-3900-40d8-a511-451b15b704b3 | ITER: 7 END: OK
2019-06-22 08:02:21.254 4724 RALLYDEBUG rally.task.utils [-] Waiting for resource s_rally_d648352b_9lPFLBnX. Status changed: AVAILABLE => DELETING in 0.269277095795
2019-06-22 08:02:23.116 4722 INFO rally.task.runner [-] Task 9119aa6e-3900-40d8-a511-451b15b704b3 | ITER: 8 END: OK
2019-06-22 08:02:23.291 4724 INFO rally.task.runner [-] Task 9119aa6e-3900-40d8-a511-451b15b704b3 | ITER: 10 END: OK
2019-06-22 08:02:23.318 1842 INFO rally.task.context [-] Task 9119aa6e-3900-40d8-a511-451b15b704b3 | Context cleanup@openstack cleanup() started
2019-06-22 08:02:23.319 1842 RALLYDEBUG rally_openstack.cleanup.manager [-] Cleaning up cinder backups objects
2019-06-22 08:02:25.282 1842 RALLYDEBUG rally_openstack.cleanup.manager [-] Cleaning up cinder volume_snapshots objects
2019-06-22 08:02:27.226 1842 RALLYDEBUG rally_openstack.cleanup.manager [-] Cleaning up cinder transfers objects
2019-06-22 08:02:29.346 1842 RALLYDEBUG rally_openstack.cleanup.manager [-] Cleaning up cinder volumes objects
2019-06-22 08:02:31.426 1842 INFO rally.task.context [-] Task 9119aa6e-3900-40d8-a511-451b15b704b3 | Context cleanup@openstack cleanup() finished in 8.11 sec
2019-06-22 08:02:31.426 1842 INFO rally.task.context [-] Task 9119aa6e-3900-40d8-a511-451b15b704b3 | Context quotas@openstack cleanup() started
2019-06-22 08:02:31.940 1842 INFO rally.task.context [-] Task 9119aa6e-3900-40d8-a511-451b15b704b3 | Context quotas@openstack cleanup() finished in 0.51 sec
2019-06-22 08:02:31.940 1842 INFO rally.task.context [-] Task 9119aa6e-3900-40d8-a511-451b15b704b3 | Context api_versions@openstack cleanup() started
2019-06-22 08:02:31.941 1842 INFO rally.task.context [-] Task 9119aa6e-3900-40d8-a511-451b15b704b3 | Context api_versions@openstack cleanup() finished in 0.27 msec
2019-06-22 08:02:31.941 1842 INFO rally.task.context [-] Task 9119aa6e-3900-40d8-a511-451b15b704b3 | Context users@openstack cleanup() started
2019-06-22 08:02:38.660 1842 INFO rally.task.context [-] Task 9119aa6e-3900-40d8-a511-451b15b704b3 | Context users@openstack cleanup() finished in 6.72 sec
2019-06-22 08:02:39.047 1842 INFO rally.task.engine [-] Load duration is: 17.800733
2019-06-22 08:02:39.048 1842 INFO rally.task.engine [-] Full runner duration is: 17.850952
2019-06-22 08:02:39.048 1842 INFO rally.task.engine [-] Full duration is: 39.787871
2019-06-22 08:02:39.321 1842 INFO rally.task.engine [-] Running workload: position = 0 config = { "version": 2, "title": "A cropped version of a bigger task.", "description": "Auto-generated task from a single workload (uuid=603ba36c-ebaf-4a3b-9ca7-dd53e7c85365)", "subtasks": [ { "title": "CinderVolumes.create_from_volume_and_delete_volume", "description": "Create volume from volume and then delete it.", "scenario": { "CinderVolumes.create_from_volume_and_delete_volume": { "size": 1 } }, "contexts": { "users": { "tenants": 3, "users_per_tenant": 2 }, "quotas": { "cinder": { "gigabytes": -1, "snapshots": -1, "volumes": -1 } }, "api_versions": { "cinder": { "version": 3, "service_type": "volumev3" } }, "volumes": { "size": 1, "volumes_per_tenant": 1 } }, "runner": { "constant": { "concurrency": 4, "times": 10 } }, "hooks": [], "sla": { "failure_rate": { "max": 0 } } } ] }
2019-06-22 08:02:39.339 1842 RALLYDEBUG rally_openstack.contexts.keystone.users [-] Creating 3 tenants using 20 threads
2019-06-22 08:02:41.273 1842 RALLYDEBUG rally_openstack.contexts.keystone.users [-] Creating 6 users using 20 threads
2019-06-22 08:02:44.055 1842 INFO rally.task.context [-] Task 9119aa6e-3900-40d8-a511-451b15b704b3 | Context users@openstack setup() finished in 4.72 sec
2019-06-22 08:02:44.474 1842 INFO rally.task.context [-] Task 9119aa6e-3900-40d8-a511-451b15b704b3 | Context api_versions@openstack setup() finished in 0.42 sec
2019-06-22 08:02:46.031 1842 INFO rally.task.context [-] Task 9119aa6e-3900-40d8-a511-451b15b704b3 | Context quotas@openstack setup() finished in 1.56 sec
2019-06-22 08:02:56.215 1842 INFO rally.task.context [-] Task 9119aa6e-3900-40d8-a511-451b15b704b3 | Context volumes@openstack setup() finished in 10.18 sec
2019-06-22 08:02:56.215 1842 INFO rally.task.context [-] Task 9119aa6e-3900-40d8-a511-451b15b704b3 | Context cleanup@openstack setup() finished in 0.01 msec
2019-06-22 08:02:56.224 1842 RALLYDEBUG rally.task.runner [-] Starting the constant runner (task UUID: 9119aa6e-3900-40d8-a511-451b15b704b3). timeout: 0 concurrency: 4 concurrency_per_worker: 1 times: 10 concurrency_overhead: 0 processes_to_start: 4 max_cpu_used: 16
2019-06-22 08:02:56.235 4906 RALLYDEBUG rally.task.runner [-] Starting a worker. concurrency: 1 args: {"size": 1} times: 10 method_name: run timeout: 0 duration: None cls:
2019-06-22 08:02:56.238 4907 RALLYDEBUG rally.task.runner [-] Starting a worker. concurrency: 1 args: {"size": 1} times: 10 method_name: run timeout: 0 duration: None cls:
2019-06-22 08:02:56.240 4908 RALLYDEBUG rally.task.runner [-] Starting a worker. concurrency: 1 args: {"size": 1} times: 10 method_name: run timeout: 0 duration: None cls:
2019-06-22 08:02:56.243 4909 RALLYDEBUG rally.task.runner [-] Starting a worker. concurrency: 1 args: {"size": 1} times: 10 method_name: run timeout: 0 duration: None cls:
2019-06-22 08:02:56.246 4906 INFO rally.task.runner [-] Task 9119aa6e-3900-40d8-a511-451b15b704b3 | ITER: 1 START
2019-06-22 08:02:56.249 4907 INFO rally.task.runner [-] Task 9119aa6e-3900-40d8-a511-451b15b704b3 | ITER: 2 START
2019-06-22 08:02:56.251 4908 INFO rally.task.runner [-] Task 9119aa6e-3900-40d8-a511-451b15b704b3 | ITER: 3 START
2019-06-22 08:02:56.252 4909 INFO rally.task.runner [-] Task 9119aa6e-3900-40d8-a511-451b15b704b3 | ITER: 4 START
2019-06-22 08:03:00.252 4908 RALLYDEBUG rally.task.utils [-] Waiting for resource s_rally_603ba36c_XO33iTdw. Status changed: AVAILABLE => DELETING in 0.0642549991608
2019-06-22 08:03:01.954 4907 RALLYDEBUG rally.task.utils [-] Waiting for resource s_rally_603ba36c_qmALgRu2. Status changed: CREATING => AVAILABLE in 2.57740783691
2019-06-22 08:03:02.329 4909 RALLYDEBUG rally.task.utils [-] Waiting for resource s_rally_603ba36c_8L3mADSe. Status changed: CREATING => AVAILABLE in 2.97409391403
2019-06-22 08:03:02.547 4907 RALLYDEBUG rally.task.utils [-] Waiting for resource s_rally_603ba36c_qmALgRu2. Status changed: AVAILABLE => DELETING in 0.262469053268
2019-06-22 08:03:03.034 4909 RALLYDEBUG rally.task.utils [-] Waiting for resource s_rally_603ba36c_8L3mADSe. Status changed: AVAILABLE => DELETING in 0.325767040253
2019-06-22 08:03:04.509 4906 RALLYDEBUG rally.task.utils [-] Waiting for resource s_rally_603ba36c_QnPEPl1j. Status changed: CREATING => AVAILABLE in 5.12898206711
2019-06-22 08:03:04.562 4908 INFO rally.task.runner [-] Task 9119aa6e-3900-40d8-a511-451b15b704b3 | ITER: 3 END: OK
2019-06-22 08:03:04.568 4908 INFO rally.task.runner [-] Task 9119aa6e-3900-40d8-a511-451b15b704b3 | ITER: 5 START
2019-06-22 08:03:05.022 4906 RALLYDEBUG rally.task.utils [-] Waiting for resource s_rally_603ba36c_QnPEPl1j. Status changed: AVAILABLE => DELETING in 0.242144107819
2019-06-22 08:03:05.349 4909 INFO rally.task.runner [-] Task 9119aa6e-3900-40d8-a511-451b15b704b3 | ITER: 4 END: OK
2019-06-22 08:03:05.355 4909 INFO rally.task.runner [-] Task 9119aa6e-3900-40d8-a511-451b15b704b3 | ITER: 6 START
2019-06-22 08:03:06.932 4907 INFO rally.task.runner [-] Task 9119aa6e-3900-40d8-a511-451b15b704b3 | ITER: 2 END: OK
2019-06-22 08:03:06.937 4907 INFO rally.task.runner [-] Task 9119aa6e-3900-40d8-a511-451b15b704b3 | ITER: 7 START
2019-06-22 08:03:07.265 4906 INFO rally.task.runner [-] Task 9119aa6e-3900-40d8-a511-451b15b704b3 | ITER: 1 END: OK
2019-06-22 08:03:07.270 4906 INFO rally.task.runner [-] Task 9119aa6e-3900-40d8-a511-451b15b704b3 | ITER: 8 START
2019-06-22 08:03:08.667 4908 RALLYDEBUG rally.task.utils [-] Waiting for resource s_rally_603ba36c_hEJrs9JS. Status changed: AVAILABLE => DELETING in 0.359724998474
2019-06-22 08:03:09.258 4909 RALLYDEBUG rally.task.utils [-] Waiting for resource s_rally_603ba36c_uHkV6xmN. Status changed: AVAILABLE => DELETING in 0.0533020496368
2019-06-22 08:03:10.852 4907 RALLYDEBUG rally.task.utils [-] Waiting for resource s_rally_603ba36c_Gv8E5Fu6. Status changed: AVAILABLE => DELETING in 0.0540480613708
2019-06-22 08:03:12.930 4906 RALLYDEBUG rally.task.utils [-] Waiting for resource s_rally_603ba36c_BNlYkL7X. Status changed: CREATING => AVAILABLE in 2.65544080734
2019-06-22 08:03:13.139 4908 INFO rally.task.runner [-] Task 9119aa6e-3900-40d8-a511-451b15b704b3 | ITER: 5 END: OK
2019-06-22 08:03:13.144 4908 INFO rally.task.runner [-] Task 9119aa6e-3900-40d8-a511-451b15b704b3 | ITER: 9 START
2019-06-22 08:03:13.279 4906 RALLYDEBUG rally.task.utils [-] Waiting for resource s_rally_603ba36c_BNlYkL7X. Status changed: AVAILABLE => DELETING in 0.0551970005035
2019-06-22 08:03:13.754 4909 INFO rally.task.runner [-] Task 9119aa6e-3900-40d8-a511-451b15b704b3 | ITER: 6 END: OK
2019-06-22 08:03:13.758 4909 INFO rally.task.runner [-] Task 9119aa6e-3900-40d8-a511-451b15b704b3 | ITER: 10 START
2019-06-22 08:03:15.328 4906 INFO rally.task.runner [-] Task 9119aa6e-3900-40d8-a511-451b15b704b3 | ITER: 8 END: OK
2019-06-22 08:03:15.547 4907 INFO rally.task.runner [-] Task 9119aa6e-3900-40d8-a511-451b15b704b3 | ITER: 7 END: OK
2019-06-22 08:03:17.042 4908 RALLYDEBUG rally.task.utils [-] Waiting for resource s_rally_603ba36c_R2eBja0H. Status changed: AVAILABLE => DELETING in 0.0764980316162
2019-06-22 08:03:17.798 4909 RALLYDEBUG rally.task.utils [-] Waiting for resource s_rally_603ba36c_Mn2Mam5o. Status changed: AVAILABLE => DELETING in 0.053631067276
2019-06-22 08:03:19.080 4908 INFO rally.task.runner [-] Task 9119aa6e-3900-40d8-a511-451b15b704b3 | ITER: 9 END: OK
2019-06-22 08:03:19.844 4909 INFO rally.task.runner [-] Task 9119aa6e-3900-40d8-a511-451b15b704b3 | ITER: 10 END: OK
2019-06-22 08:03:19.869 1842 INFO rally.task.context [-] Task 9119aa6e-3900-40d8-a511-451b15b704b3 | Context cleanup@openstack cleanup() started
2019-06-22 08:03:19.871 1842 RALLYDEBUG rally_openstack.cleanup.manager [-] Cleaning up cinder backups objects
2019-06-22 08:03:21.852 1842 RALLYDEBUG rally_openstack.cleanup.manager [-] Cleaning up cinder volume_snapshots objects
2019-06-22 08:03:23.905 1842 RALLYDEBUG rally_openstack.cleanup.manager [-] Cleaning up cinder transfers objects
2019-06-22 08:03:25.789 1842 RALLYDEBUG rally_openstack.cleanup.manager [-] Cleaning up cinder volumes objects
2019-06-22 08:03:27.816 1842 INFO rally.task.context [-] Task 9119aa6e-3900-40d8-a511-451b15b704b3 | Context cleanup@openstack cleanup() finished in 7.95 sec
2019-06-22 08:03:27.816 1842 INFO rally.task.context [-] Task 9119aa6e-3900-40d8-a511-451b15b704b3 | Context volumes@openstack cleanup() started
2019-06-22 08:03:27.817 1842 RALLYDEBUG rally_openstack.cleanup.manager [-] Cleaning up cinder volumes objects
2019-06-22 08:03:30.112 1842 RALLYDEBUG rally_openstack.cleanup.manager [-] Deleting cinder.volumes object c_rally_603ba36c_CSSXClB7 (58b2fefd-8269-480b-9e2b-25e897848749)
2019-06-22 08:03:30.113 1842 RALLYDEBUG rally_openstack.cleanup.manager [-] Deleting cinder.volumes object c_rally_603ba36c_GEcb6bjd (0830b628-626f-48ef-8be6-806168fefdb3)
2019-06-22 08:03:30.121 1842 RALLYDEBUG rally_openstack.cleanup.manager [-] Deleting cinder.volumes object c_rally_603ba36c_YGVkBNaz (ea5a6eca-205d-4dbf-ae8b-b412eebf2386)
2019-06-22 08:03:33.509 1842 INFO rally.task.context [-] Task 9119aa6e-3900-40d8-a511-451b15b704b3 | Context volumes@openstack cleanup() finished in 5.69 sec
2019-06-22 08:03:33.509 1842 INFO rally.task.context [-] Task 9119aa6e-3900-40d8-a511-451b15b704b3 | Context quotas@openstack cleanup() started
2019-06-22 08:03:33.948 1842 INFO rally.task.context [-] Task 9119aa6e-3900-40d8-a511-451b15b704b3 | Context quotas@openstack cleanup() finished in 0.44 sec
2019-06-22 08:03:33.948 1842 INFO rally.task.context [-] Task 9119aa6e-3900-40d8-a511-451b15b704b3 | Context api_versions@openstack cleanup() started
2019-06-22 08:03:33.948 1842 INFO rally.task.context [-] Task 9119aa6e-3900-40d8-a511-451b15b704b3 | Context api_versions@openstack cleanup() finished in 0.30 msec
2019-06-22 08:03:33.949 1842 INFO rally.task.context [-] Task 9119aa6e-3900-40d8-a511-451b15b704b3 | Context users@openstack cleanup() started
2019-06-22 08:03:41.585 1842 INFO rally.task.context [-] Task 9119aa6e-3900-40d8-a511-451b15b704b3 | Context users@openstack cleanup() finished in 7.64 sec
2019-06-22 08:03:43.593 1842 INFO rally.task.engine [-] Load duration is: 23.593702
2019-06-22 08:03:43.593 1842 INFO rally.task.engine [-] Full runner duration is: 23.646693
2019-06-22 08:03:43.594 1842 INFO rally.task.engine [-] Full duration is: 62.251024
2019-06-22 08:03:43.848 1842 INFO rally.task.engine [-] Running workload: position = 0 config = { "version": 2, "title": "A cropped version of a bigger task.", "description": "Auto-generated task from a single workload (uuid=f49d3f8f-20c1-4f67-89b7-96566f858c82)", "subtasks": [ { "title": "CinderQos.create_and_get_qos", "description": "Create a qos, then get details of the qos.", "scenario": { "CinderQos.create_and_get_qos": { "consumer": "both", "write_iops_sec": "10", "read_iops_sec": "1000" } }, "contexts": { "users": { "tenants": 3, "users_per_tenant": 2 }, "api_versions": { "cinder": { "version": 3, "service_type": "volumev3" } } }, "runner": { "constant": { "concurrency": 4, "times": 10 } }, "hooks": [], "sla": { "failure_rate": { "max": 0 } } } ] }
2019-06-22 08:03:43.870 1842 RALLYDEBUG rally_openstack.contexts.keystone.users [-] Creating 3 tenants using 20 threads
2019-06-22 08:03:45.886 1842 RALLYDEBUG rally_openstack.contexts.keystone.users [-] Creating 6 users using 20 threads
2019-06-22 08:03:48.598 1842 INFO rally.task.context [-] Task 9119aa6e-3900-40d8-a511-451b15b704b3 | Context users@openstack setup() finished in 4.73 sec
2019-06-22 08:03:49.026 1842 INFO rally.task.context [-] Task 9119aa6e-3900-40d8-a511-451b15b704b3 | Context api_versions@openstack setup() finished in 0.43 sec
2019-06-22 08:03:49.026 1842 INFO rally.task.context [-] Task 9119aa6e-3900-40d8-a511-451b15b704b3 | Context admin_cleanup@openstack setup() finished in 0.01 msec
2019-06-22 08:03:49.033 1842 RALLYDEBUG rally.task.runner [-] Starting the constant runner (task UUID: 9119aa6e-3900-40d8-a511-451b15b704b3). timeout: 0 concurrency: 4 concurrency_per_worker: 1 times: 10 concurrency_overhead: 0 processes_to_start: 4 max_cpu_used: 16
2019-06-22 08:03:49.047 5110 RALLYDEBUG rally.task.runner [-] Starting a worker. concurrency: 1 args: {"consumer": "both", "write_iops_sec": "10", "read_iops_sec": "1000"} times: 10 method_name: run timeout: 0 duration: None cls:
2019-06-22 08:03:49.049 5111 RALLYDEBUG rally.task.runner [-] Starting a worker. concurrency: 1 args: {"consumer": "both", "write_iops_sec": "10", "read_iops_sec": "1000"} times: 10 method_name: run timeout: 0 duration: None cls:
2019-06-22 08:03:49.051 5112 RALLYDEBUG rally.task.runner [-] Starting a worker. concurrency: 1 args: {"consumer": "both", "write_iops_sec": "10", "read_iops_sec": "1000"} times: 10 method_name: run timeout: 0 duration: None cls:
2019-06-22 08:03:49.054 5110 INFO rally.task.runner [-] Task 9119aa6e-3900-40d8-a511-451b15b704b3 | ITER: 1 START
2019-06-22 08:03:49.056 5111 INFO rally.task.runner [-] Task 9119aa6e-3900-40d8-a511-451b15b704b3 | ITER: 2 START
2019-06-22 08:03:49.055 5113 RALLYDEBUG rally.task.runner [-] Starting a worker. concurrency: 1 args: {"consumer": "both", "write_iops_sec": "10", "read_iops_sec": "1000"} times: 10 method_name: run timeout: 0 duration: None cls:
2019-06-22 08:03:49.058 5112 INFO rally.task.runner [-] Task 9119aa6e-3900-40d8-a511-451b15b704b3 | ITER: 3 START
2019-06-22 08:03:49.063 5113 INFO rally.task.runner [-] Task 9119aa6e-3900-40d8-a511-451b15b704b3 | ITER: 4 START
2019-06-22 08:03:50.122 5113 INFO rally.task.runner [-] Task 9119aa6e-3900-40d8-a511-451b15b704b3 | ITER: 4 END: OK
2019-06-22 08:03:50.127 5113 INFO rally.task.runner [-] Task 9119aa6e-3900-40d8-a511-451b15b704b3 | ITER: 5 START
2019-06-22 08:03:50.129 5112 INFO rally.task.runner [-] Task 9119aa6e-3900-40d8-a511-451b15b704b3 | ITER: 3 END: OK
2019-06-22 08:03:50.135 5112 INFO rally.task.runner [-] Task 9119aa6e-3900-40d8-a511-451b15b704b3 | ITER: 6 START
2019-06-22 08:03:50.192 5110 INFO rally.task.runner [-] Task 9119aa6e-3900-40d8-a511-451b15b704b3 | ITER: 1 END: OK
2019-06-22 08:03:50.197 5110 INFO rally.task.runner [-] Task 9119aa6e-3900-40d8-a511-451b15b704b3 | ITER: 7 START
