2019-06-22 07:36:07.475 7 RALLYDEBUG rally.api [-] INFO logs from urllib3 and requests module are hide.
2019-06-22 07:36:07.475 7 RALLYDEBUG rally.api [-] urllib3 insecure warnings are hidden.
2019-06-22 07:36:07.475 7 RALLYDEBUG rally.api [-] ERROR log from boto module is hide.
2019-06-22 07:36:08.613 7 ERROR rally.cli.cliutils [-] Unexpected exception in CLI: DBRecordNotFound: Record for uuid or name is opnfv-rally not found in table envs
2019-06-22 07:36:08.613 7 ERROR rally.cli.cliutils
Traceback (most recent call last):
2019-06-22 07:36:08.613 7 ERROR rally.cli.cliutils
File "/usr/lib/python2.7/site-packages/rally/cli/cliutils.py", line 674, in run
2019-06-22 07:36:08.613 7 ERROR rally.cli.cliutils ret = fn(*fn_args, **fn_kwargs)
2019-06-22 07:36:08.613 7 ERROR rally.cli.cliutils File "", line 2, in destroy
2019-06-22 07:36:08.613 7 ERROR rally.cli.cliutils
File "/usr/lib/python2.7/site-packages/rally/cli/envutils.py", line 69, in default_from_global
2019-06-22 07:36:08.613 7 ERROR rally.cli.cliutils return f(*args, **kwargs)
2019-06-22 07:36:08.613 7 ERROR rally.cli.cliutils File "", line 2, in destroy
2019-06-22 07:36:08.613 7 ERROR rally.cli.cliutils
File "/usr/lib/python2.7/site-packages/rally/plugins/__init__.py", line 51, in ensure_plugins_are_loaded
2019-06-22 07:36:08.613 7 ERROR rally.cli.cliutils return f(*args, **kwargs)
2019-06-22 07:36:08.613 7 ERROR rally.cli.cliutils
File "/usr/lib/python2.7/site-packages/rally/cli/commands/deployment.py", line 140, in destroy
2019-06-22 07:36:08.613 7 ERROR rally.cli.cliutils api.deployment.destroy(deployment=deployment)
2019-06-22 07:36:08.613 7 ERROR rally.cli.cliutils
File "/usr/lib/python2.7/site-packages/rally/api.py", line 115, in destroy
2019-06-22 07:36:08.613 7 ERROR rally.cli.cliutils deploy = objects.Deployment.get(deployment)
2019-06-22 07:36:08.613 7 ERROR rally.cli.cliutils
File "/usr/lib/python2.7/site-packages/rally/common/objects/deploy.py", line 124, in get
2019-06-22 07:36:08.613 7 ERROR rally.cli.cliutils return Deployment(env_mgr.EnvManager.get(deploy))
2019-06-22 07:36:08.613 7 ERROR rally.cli.cliutils
File "/usr/lib/python2.7/site-packages/rally/env/env_mgr.py", line 212, in get
2019-06-22 07:36:08.613 7 ERROR rally.cli.cliutils return cls(db.env_get(uuid_or_name))
2019-06-22 07:36:08.613 7 ERROR rally.cli.cliutils
File "/usr/lib/python2.7/site-packages/rally/common/db/api.py", line 135, in wrapper
2019-06-22 07:36:08.613 7 ERROR rally.cli.cliutils result = f(session, *args, **kwargs)
2019-06-22 07:36:08.613 7 ERROR rally.cli.cliutils
File "/usr/lib/python2.7/site-packages/rally/common/db/api.py", line 521, in env_get
2019-06-22 07:36:08.613 7 ERROR rally.cli.cliutils criteria="uuid or name is %s" % uuid_or_name, table="envs")
2019-06-22 07:36:08.613 7 ERROR rally.cli.cliutils DBRecordNotFound: Record for uuid or name is opnfv-rally not found in table envs
2019-06-22 07:36:08.613 7 ERROR rally.cli.cliutils
2019-06-22 07:36:09.386 9 RALLYDEBUG rally.api [-] INFO logs from urllib3 and requests module are hide.
2019-06-22 07:36:09.387 9 RALLYDEBUG rally.api [-] urllib3 insecure warnings are hidden.
2019-06-22 07:36:09.387 9 RALLYDEBUG rally.api [-] ERROR log from boto module is hide.
2019-06-22 07:36:10.867 9 WARNING rally_openstack.platforms.existing [-] endpoint is deprecated and not used.
2019-06-22 07:36:15.670 11 RALLYDEBUG rally.api [-] INFO logs from urllib3 and requests module are hide.
2019-06-22 07:36:15.670 11 RALLYDEBUG rally.api [-] urllib3 insecure warnings are hidden.
2019-06-22 07:36:15.670 11 RALLYDEBUG rally.api [-] ERROR log from boto module is hide.
2019-06-22 07:36:19.223 14 RALLYDEBUG rally.api [-] INFO logs from urllib3 and requests module are hide.
2019-06-22 07:36:19.223 14 RALLYDEBUG rally.api [-] urllib3 insecure warnings are hidden.
2019-06-22 07:36:19.224 14 RALLYDEBUG rally.api [-] ERROR log from boto module is hide.
2019-06-22 07:36:20.800 16 RALLYDEBUG rally.api [-] INFO logs from urllib3 and requests module are hide.
2019-06-22 07:36:20.800 16 RALLYDEBUG rally.api [-] urllib3 insecure warnings are hidden.
2019-06-22 07:36:20.801 16 RALLYDEBUG rally.api [-] ERROR log from boto module is hide.
2019-06-22 07:36:22.307 16 INFO rally.task.engine [-] Task 572bfd97-510e-4d00-8264-7396f0f4c10f | Starting: Task validation.
2019-06-22 07:36:22.337 16 INFO rally.task.engine [-] Task 572bfd97-510e-4d00-8264-7396f0f4c10f | Starting: Task validation of syntax.
2019-06-22 07:36:22.379 16 INFO rally.task.engine [-] Task 572bfd97-510e-4d00-8264-7396f0f4c10f | Completed: Task validation of syntax.
2019-06-22 07:36:22.379 16 INFO rally.task.engine [-] Task 572bfd97-510e-4d00-8264-7396f0f4c10f | Starting: Task validation of required platforms.
2019-06-22 07:36:22.403 16 INFO rally.task.engine [-] Task 572bfd97-510e-4d00-8264-7396f0f4c10f | Completed: Task validation of required platforms.
2019-06-22 07:36:22.403 16 INFO rally.task.engine [-] Task 572bfd97-510e-4d00-8264-7396f0f4c10f | Starting: Task validation of semantic.
2019-06-22 07:36:22.403 16 INFO rally.task.engine [-] Check health of the environment '7885a5cb-a198-457a-8d77-749871bb68e7'.
2019-06-22 07:36:23.153 16 INFO rally.task.engine [-] Platform existing@openstack (available: True): OK!
2019-06-22 07:36:23.166 16 RALLYDEBUG rally_openstack.contexts.keystone.users [-] Creating 1 tenants using 20 threads
2019-06-22 07:36:24.758 16 RALLYDEBUG rally_openstack.contexts.keystone.users [-] Creating 1 users using 20 threads
2019-06-22 07:36:27.246 16 INFO rally.task.context [-] Task 572bfd97-510e-4d00-8264-7396f0f4c10f | Context users@openstack setup() finished in 4.08 sec
2019-06-22 07:36:27.295 16 INFO rally.task.context [-] Task 572bfd97-510e-4d00-8264-7396f0f4c10f | Context users@openstack cleanup() started
2019-06-22 07:36:31.763 16 INFO rally.task.context [-] Task 572bfd97-510e-4d00-8264-7396f0f4c10f | Context users@openstack cleanup() finished in 4.47 sec
2019-06-22 07:36:31.764 16 INFO rally.task.engine [-] Task 572bfd97-510e-4d00-8264-7396f0f4c10f | Completed: Task validation of semantic.
2019-06-22 07:36:31.764 16 INFO rally.task.engine [-] Task 572bfd97-510e-4d00-8264-7396f0f4c10f | Completed: Task validation.
2019-06-22 07:36:31.765 16 INFO rally.api [-] Task 572bfd97-510e-4d00-8264-7396f0f4c10f input file is valid.
2019-06-22 07:36:31.765 16 INFO rally.api [-] Run Task 572bfd97-510e-4d00-8264-7396f0f4c10f against Deployment 7885a5cb-a198-457a-8d77-749871bb68e7
2019-06-22 07:36:31.765 16 INFO rally.task.engine [-] Task 572bfd97-510e-4d00-8264-7396f0f4c10f | Starting: Running task.
2019-06-22 07:36:31.901 16 INFO rally.task.engine [-] Running workload: position = 0 config = { "version": 2, "title": "A cropped version of a bigger task.", "description": "Auto-generated task from a single workload (uuid=9f727987-55b2-4211-bd52-2f21d3517f21)", "subtasks": [ { "title": "Authenticate.keystone", "description": "Check Keystone Client.", "scenario": { "Authenticate.keystone": {} }, "contexts": { "users": { "tenants": 3, "users_per_tenant": 2 } }, "runner": { "constant": { "concurrency": 4, "times": 10 } }, "hooks": [], "sla": { "failure_rate": { "max": 0 } } } ] }
2019-06-22 07:36:31.923 16 RALLYDEBUG rally_openstack.contexts.keystone.users [-] Creating 3 tenants using 20 threads
2019-06-22 07:36:33.918 16 RALLYDEBUG rally_openstack.contexts.keystone.users [-] Creating 6 users using 20 threads
2019-06-22 07:36:36.563 16 INFO rally.task.context [-] Task 572bfd97-510e-4d00-8264-7396f0f4c10f | Context users@openstack setup() finished in 4.64 sec
2019-06-22 07:36:36.571 16 RALLYDEBUG rally.task.runner [-] Starting the constant runner (task UUID: 572bfd97-510e-4d00-8264-7396f0f4c10f). timeout: 0 concurrency: 4 concurrency_per_worker: 1 times: 10 concurrency_overhead: 0 processes_to_start: 4 max_cpu_used: 16
2019-06-22 07:36:36.586 140 RALLYDEBUG rally.task.runner [-] Starting a worker. concurrency: 1 args: {} times: 10 method_name: run timeout: 0 duration: None cls:
2019-06-22 07:36:36.589 141 RALLYDEBUG rally.task.runner [-] Starting a worker. concurrency: 1 args: {} times: 10 method_name: run timeout: 0 duration: None cls:
2019-06-22 07:36:36.591 140 INFO rally.task.runner [-] Task 572bfd97-510e-4d00-8264-7396f0f4c10f | ITER: 1 START
2019-06-22 07:36:36.591 142 RALLYDEBUG rally.task.runner [-] Starting a worker. concurrency: 1 args: {} times: 10 method_name: run timeout: 0 duration: None cls:
2019-06-22 07:36:36.595 141 INFO rally.task.runner [-] Task 572bfd97-510e-4d00-8264-7396f0f4c10f | ITER: 2 START
2019-06-22 07:36:36.594 143 RALLYDEBUG rally.task.runner [-] Starting a worker. concurrency: 1 args: {} times: 10 method_name: run timeout: 0 duration: None cls:
2019-06-22 07:36:36.596 142 INFO rally.task.runner [-] Task 572bfd97-510e-4d00-8264-7396f0f4c10f | ITER: 3 START
2019-06-22 07:36:36.599 143 INFO rally.task.runner [-] Task 572bfd97-510e-4d00-8264-7396f0f4c10f | ITER: 4 START
2019-06-22 07:36:37.202 143 INFO rally.task.runner [-] Task 572bfd97-510e-4d00-8264-7396f0f4c10f | ITER: 4 END: OK
2019-06-22 07:36:37.205 142 INFO rally.task.runner [-] Task 572bfd97-510e-4d00-8264-7396f0f4c10f | ITER: 3 END: OK
2019-06-22 07:36:37.206 140 INFO rally.task.runner [-] Task 572bfd97-510e-4d00-8264-7396f0f4c10f | ITER: 1 END: OK
2019-06-22 07:36:37.206 143 INFO rally.task.runner [-] Task 572bfd97-510e-4d00-8264-7396f0f4c10f | ITER: 5 START
2019-06-22 07:36:37.209 142 INFO rally.task.runner [-] Task 572bfd97-510e-4d00-8264-7396f0f4c10f | ITER: 6 START
2019-06-22 07:36:37.209 140 INFO rally.task.runner [-] Task 572bfd97-510e-4d00-8264-7396f0f4c10f | ITER: 7 START
2019-06-22 07:36:37.221 141 INFO rally.task.runner [-] Task 572bfd97-510e-4d00-8264-7396f0f4c10f | ITER: 2 END: OK
2019-06-22 07:36:37.227 141 INFO rally.task.runner [-] Task 572bfd97-510e-4d00-8264-7396f0f4c10f | ITER: 8 START
2019-06-22 07:36:37.812 142 INFO rally.task.runner [-] Task 572bfd97-510e-4d00-8264-7396f0f4c10f | ITER: 6 END: OK
2019-06-22 07:36:37.816 142 INFO rally.task.runner [-] Task 572bfd97-510e-4d00-8264-7396f0f4c10f | ITER: 9 START
2019-06-22 07:36:37.831 140 INFO rally.task.runner [-] Task 572bfd97-510e-4d00-8264-7396f0f4c10f | ITER: 7 END: OK
2019-06-22 07:36:37.835 140 INFO rally.task.runner [-] Task 572bfd97-510e-4d00-8264-7396f0f4c10f | ITER: 10 START
2019-06-22 07:36:37.851 143 INFO rally.task.runner [-] Task 572bfd97-510e-4d00-8264-7396f0f4c10f | ITER: 5 END: OK
2019-06-22 07:36:37.930 141 INFO rally.task.runner [-] Task 572bfd97-510e-4d00-8264-7396f0f4c10f | ITER: 8 END: OK
2019-06-22 07:36:38.390 142 INFO rally.task.runner [-] Task 572bfd97-510e-4d00-8264-7396f0f4c10f | ITER: 9 END: OK
2019-06-22 07:36:38.408 140 INFO rally.task.runner [-] Task 572bfd97-510e-4d00-8264-7396f0f4c10f | ITER: 10 END: OK
2019-06-22 07:36:38.428 16 INFO rally.task.context [-] Task 572bfd97-510e-4d00-8264-7396f0f4c10f | Context users@openstack cleanup() started
2019-06-22 07:36:44.971 16 INFO rally.task.context [-] Task 572bfd97-510e-4d00-8264-7396f0f4c10f | Context users@openstack cleanup() finished in 6.54 sec
2019-06-22 07:36:46.023 16 INFO rally.task.engine [-] Load duration is: 1.814418
2019-06-22 07:36:46.024 16 INFO rally.task.engine [-] Full runner duration is: 1.857481
2019-06-22 07:36:46.024 16 INFO rally.task.engine [-] Full duration is: 13.050092
2019-06-22 07:36:46.237 16 INFO rally.task.engine [-] Running workload: position = 0 config = { "version": 2, "title": "A cropped version of a bigger task.", "description": "Auto-generated task from a single workload (uuid=3bd6d7a8-e1e3-48c2-8896-3be6aeda84cc)", "subtasks": [ { "title": "Authenticate.validate_cinder", "description": "Check Cinder Client to ensure validation of token.", "scenario": { "Authenticate.validate_cinder": { "repetitions": 2 } }, "contexts": { "users": { "tenants": 3, "users_per_tenant": 2 } }, "runner": { "constant": { "concurrency": 4, "times": 10 } }, "hooks": [], "sla": { "failure_rate": { "max": 0 } } } ] }
2019-06-22 07:36:46.258 16 RALLYDEBUG rally_openstack.contexts.keystone.users [-] Creating 3 tenants using 20 threads
2019-06-22 07:36:48.009 16 RALLYDEBUG rally_openstack.contexts.keystone.users [-] Creating 6 users using 20 threads
2019-06-22 07:36:50.746 16 INFO rally.task.context [-] Task 572bfd97-510e-4d00-8264-7396f0f4c10f | Context users@openstack setup() finished in 4.49 sec
2019-06-22 07:36:50.754 16 RALLYDEBUG rally.task.runner [-] Starting the constant runner (task UUID: 572bfd97-510e-4d00-8264-7396f0f4c10f). timeout: 0 concurrency: 4 concurrency_per_worker: 1 times: 10 concurrency_overhead: 0 processes_to_start: 4 max_cpu_used: 16
2019-06-22 07:36:50.766 244 RALLYDEBUG rally.task.runner [-] Starting a worker. concurrency: 1 args: {"repetitions": 2} times: 10 method_name: run timeout: 0 duration: None cls:
2019-06-22 07:36:50.767 245 RALLYDEBUG rally.task.runner [-] Starting a worker. concurrency: 1 args: {"repetitions": 2} times: 10 method_name: run timeout: 0 duration: None cls:
2019-06-22 07:36:50.771 246 RALLYDEBUG rally.task.runner [-] Starting a worker. concurrency: 1 args: {"repetitions": 2} times: 10 method_name: run timeout: 0 duration: None cls:
2019-06-22 07:36:50.773 245 INFO rally.task.runner [-] Task 572bfd97-510e-4d00-8264-7396f0f4c10f | ITER: 2 START
2019-06-22 07:36:50.773 244 INFO rally.task.runner [-] Task 572bfd97-510e-4d00-8264-7396f0f4c10f | ITER: 1 START
2019-06-22 07:36:50.775 247 RALLYDEBUG rally.task.runner [-] Starting a worker. concurrency: 1 args: {"repetitions": 2} times: 10 method_name: run timeout: 0 duration: None cls:
2019-06-22 07:36:50.777 246 INFO rally.task.runner [-] Task 572bfd97-510e-4d00-8264-7396f0f4c10f | ITER: 3 START
2019-06-22 07:36:50.782 247 INFO rally.task.runner [-] Task 572bfd97-510e-4d00-8264-7396f0f4c10f | ITER: 4 START
2019-06-22 07:36:52.587 244 INFO rally.task.runner [-] Task 572bfd97-510e-4d00-8264-7396f0f4c10f | ITER: 1 END: OK
2019-06-22 07:36:52.591 244 INFO rally.task.runner [-] Task 572bfd97-510e-4d00-8264-7396f0f4c10f | ITER: 5 START
2019-06-22 07:36:52.596 247 INFO rally.task.runner [-] Task 572bfd97-510e-4d00-8264-7396f0f4c10f | ITER: 4 END: OK
2019-06-22 07:36:52.601 247 INFO rally.task.runner [-] Task 572bfd97-510e-4d00-8264-7396f0f4c10f | ITER: 6 START
2019-06-22 07:36:52.645 245 INFO rally.task.runner [-] Task 572bfd97-510e-4d00-8264-7396f0f4c10f | ITER: 2 END: OK
2019-06-22 07:36:52.649 245 INFO rally.task.runner [-] Task 572bfd97-510e-4d00-8264-7396f0f4c10f | ITER: 7 START
2019-06-22 07:36:52.651 246 INFO rally.task.runner [-] Task 572bfd97-510e-4d00-8264-7396f0f4c10f | ITER: 3 END: OK
2019-06-22 07:36:52.655 246 INFO rally.task.runner [-] Task 572bfd97-510e-4d00-8264-7396f0f4c10f | ITER: 8 START
2019-06-22 07:36:53.518 247 INFO rally.task.runner [-] Task 572bfd97-510e-4d00-8264-7396f0f4c10f | ITER: 6 END: OK
2019-06-22 07:36:53.521 247 INFO rally.task.runner [-] Task 572bfd97-510e-4d00-8264-7396f0f4c10f | ITER: 9 START
2019-06-22 07:36:53.578 244 INFO rally.task.runner [-] Task 572bfd97-510e-4d00-8264-7396f0f4c10f | ITER: 5 END: OK
2019-06-22 07:36:53.582 244 INFO rally.task.runner [-] Task 572bfd97-510e-4d00-8264-7396f0f4c10f | ITER: 10 START
2019-06-22 07:36:54.836 245 INFO rally.task.runner [-] Task 572bfd97-510e-4d00-8264-7396f0f4c10f | ITER: 7 END: OK
2019-06-22 07:36:55.694 247 INFO rally.task.runner [-] Task 572bfd97-510e-4d00-8264-7396f0f4c10f | ITER: 9 END: OK
2019-06-22 07:36:55.964 246 INFO rally.task.runner [-] Task 572bfd97-510e-4d00-8264-7396f0f4c10f | ITER: 8 END: OK
2019-06-22 07:36:56.226 244 INFO rally.task.runner [-] Task 572bfd97-510e-4d00-8264-7396f0f4c10f | ITER: 10 END: OK
2019-06-22 07:36:56.247 16 INFO rally.task.context [-] Task 572bfd97-510e-4d00-8264-7396f0f4c10f | Context users@openstack cleanup() started
2019-06-22 07:37:04.171 16 INFO rally.task.context [-] Task 572bfd97-510e-4d00-8264-7396f0f4c10f | Context users@openstack cleanup() finished in 7.92 sec
2019-06-22 07:37:04.345 16 INFO rally.task.engine [-] Load duration is: 5.450858
2019-06-22 07:37:04.346 16 INFO rally.task.engine [-] Full runner duration is: 5.493725
2019-06-22 07:37:04.346 16 INFO rally.task.engine [-] Full duration is: 17.915312
2019-06-22 07:37:04.582 16 INFO rally.task.engine [-] Running workload: position = 0 config = { "version": 2, "title": "A cropped version of a bigger task.", "description": "Auto-generated task from a single workload (uuid=e45c0cd7-88f2-4691-a69b-320a7a327546)", "subtasks": [ { "title": "Authenticate.validate_glance", "description": "Check Glance Client to ensure validation of token.", "scenario": { "Authenticate.validate_glance": { "repetitions": 2 } }, "contexts": { "users": { "tenants": 3, "users_per_tenant": 2 } }, "runner": { "constant": { "concurrency": 4, "times": 10 } }, "hooks": [], "sla": { "failure_rate": { "max": 0 } } } ] }
2019-06-22 07:37:04.609 16 RALLYDEBUG rally_openstack.contexts.keystone.users [-] Creating 3 tenants using 20 threads
2019-06-22 07:37:06.485 16 RALLYDEBUG rally_openstack.contexts.keystone.users [-] Creating 6 users using 20 threads
2019-06-22 07:37:09.476 16 INFO rally.task.context [-] Task 572bfd97-510e-4d00-8264-7396f0f4c10f | Context users@openstack setup() finished in 4.87 sec
2019-06-22 07:37:09.484 16 RALLYDEBUG rally.task.runner [-] Starting the constant runner (task UUID: 572bfd97-510e-4d00-8264-7396f0f4c10f). timeout: 0 concurrency: 4 concurrency_per_worker: 1 times: 10 concurrency_overhead: 0 processes_to_start: 4 max_cpu_used: 16
2019-06-22 07:37:09.496 348 RALLYDEBUG rally.task.runner [-] Starting a worker. concurrency: 1 args: {"repetitions": 2} times: 10 method_name: run timeout: 0 duration: None cls:
2019-06-22 07:37:09.499 349 RALLYDEBUG rally.task.runner [-] Starting a worker. concurrency: 1 args: {"repetitions": 2} times: 10 method_name: run timeout: 0 duration: None cls:
2019-06-22 07:37:09.501 350 RALLYDEBUG rally.task.runner [-] Starting a worker. concurrency: 1 args: {"repetitions": 2} times: 10 method_name: run timeout: 0 duration: None cls:
2019-06-22 07:37:09.502 348 INFO rally.task.runner [-] Task 572bfd97-510e-4d00-8264-7396f0f4c10f | ITER: 1 START
2019-06-22 07:37:09.503 351 RALLYDEBUG rally.task.runner [-] Starting a worker. concurrency: 1 args: {"repetitions": 2} times: 10 method_name: run timeout: 0 duration: None cls:
2019-06-22 07:37:09.505 349 INFO rally.task.runner [-] Task 572bfd97-510e-4d00-8264-7396f0f4c10f | ITER: 2 START
2019-06-22 07:37:09.506 350 INFO rally.task.runner [-] Task 572bfd97-510e-4d00-8264-7396f0f4c10f | ITER: 3 START
2019-06-22 07:37:09.508 351 INFO rally.task.runner [-] Task 572bfd97-510e-4d00-8264-7396f0f4c10f | ITER: 4 START
2019-06-22 07:37:10.314 351 INFO rally.task.runner [-] Task 572bfd97-510e-4d00-8264-7396f0f4c10f | ITER: 4 END: OK
2019-06-22 07:37:10.317 350 INFO rally.task.runner [-] Task 572bfd97-510e-4d00-8264-7396f0f4c10f | ITER: 3 END: OK
2019-06-22 07:37:10.319 351 INFO rally.task.runner [-] Task 572bfd97-510e-4d00-8264-7396f0f4c10f | ITER: 5 START
2019-06-22 07:37:10.322 350 INFO rally.task.runner [-] Task 572bfd97-510e-4d00-8264-7396f0f4c10f | ITER: 6 START
2019-06-22 07:37:10.455 348 INFO rally.task.runner [-] Task 572bfd97-510e-4d00-8264-7396f0f4c10f | ITER: 1 END: OK
2019-06-22 07:37:10.457 349 INFO rally.task.runner [-] Task 572bfd97-510e-4d00-8264-7396f0f4c10f | ITER: 2 END: OK
2019-06-22 07:37:10.460 348 INFO rally.task.runner [-] Task 572bfd97-510e-4d00-8264-7396f0f4c10f | ITER: 7 START
2019-06-22 07:37:10.461 349 INFO rally.task.runner [-] Task 572bfd97-510e-4d00-8264-7396f0f4c10f | ITER: 8 START
2019-06-22 07:37:11.108 350 INFO rally.task.runner [-] Task 572bfd97-510e-4d00-8264-7396f0f4c10f | ITER: 6 END: OK
2019-06-22 07:37:11.112 350 INFO rally.task.runner [-] Task 572bfd97-510e-4d00-8264-7396f0f4c10f | ITER: 9 START
2019-06-22 07:37:11.139 351 INFO rally.task.runner [-] Task 572bfd97-510e-4d00-8264-7396f0f4c10f | ITER: 5 END: OK
2019-06-22 07:37:11.142 351 INFO rally.task.runner [-] Task 572bfd97-510e-4d00-8264-7396f0f4c10f | ITER: 10 START
2019-06-22 07:37:11.186 348 INFO rally.task.runner [-] Task 572bfd97-510e-4d00-8264-7396f0f4c10f | ITER: 7 END: OK
2019-06-22 07:37:11.267 349 INFO rally.task.runner [-] Task 572bfd97-510e-4d00-8264-7396f0f4c10f | ITER: 8 END: OK
2019-06-22 07:37:11.903 351 INFO rally.task.runner [-] Task 572bfd97-510e-4d00-8264-7396f0f4c10f | ITER: 10 END: OK
2019-06-22 07:37:11.952 350 INFO rally.task.runner [-] Task 572bfd97-510e-4d00-8264-7396f0f4c10f | ITER: 9 END: OK
2019-06-22 07:37:11.976 16 INFO rally.task.context [-] Task 572bfd97-510e-4d00-8264-7396f0f4c10f | Context users@openstack cleanup() started
2019-06-22 07:37:18.735 16 INFO rally.task.context [-] Task 572bfd97-510e-4d00-8264-7396f0f4c10f | Context users@openstack cleanup() finished in 6.76 sec
2019-06-22 07:37:20.689 16 INFO rally.task.engine [-] Load duration is: 2.4481
2019-06-22 07:37:20.689 16 INFO rally.task.engine [-] Full runner duration is: 2.492466
2019-06-22 07:37:20.690 16 INFO rally.task.engine [-] Full duration is: 14.128528
2019-06-22 07:37:20.896 16 INFO rally.task.engine [-] Running workload: position = 0 config = { "version": 2, "title": "A cropped version of a bigger task.", "description": "Auto-generated task from a single workload (uuid=6b47f56d-d0f4-414e-8560-50cb6a45f599)", "subtasks": [ { "title": "Authenticate.validate_heat", "description": "Check Heat Client to ensure validation of token.", "scenario": { "Authenticate.validate_heat": { "repetitions": 2 } }, "contexts": { "users": { "tenants": 3, "users_per_tenant": 2 } }, "runner": { "constant": { "concurrency": 4, "times": 10 } }, "hooks": [], "sla": { "failure_rate": { "max": 0 } } } ] }
2019-06-22 07:37:20.918 16 RALLYDEBUG rally_openstack.contexts.keystone.users [-] Creating 3 tenants using 20 threads
2019-06-22 07:37:22.811 16 RALLYDEBUG rally_openstack.contexts.keystone.users [-] Creating 6 users using 20 threads
2019-06-22 07:37:25.526 16 INFO rally.task.context [-] Task 572bfd97-510e-4d00-8264-7396f0f4c10f | Context users@openstack setup() finished in 4.61 sec
2019-06-22 07:37:25.534 16 RALLYDEBUG rally.task.runner [-] Starting the constant runner (task UUID: 572bfd97-510e-4d00-8264-7396f0f4c10f). timeout: 0 concurrency: 4 concurrency_per_worker: 1 times: 10 concurrency_overhead: 0 processes_to_start: 4 max_cpu_used: 16
2019-06-22 07:37:25.546 452 RALLYDEBUG rally.task.runner [-] Starting a worker. concurrency: 1 args: {"repetitions": 2} times: 10 method_name: run timeout: 0 duration: None cls:
2019-06-22 07:37:25.549 453 RALLYDEBUG rally.task.runner [-] Starting a worker. concurrency: 1 args: {"repetitions": 2} times: 10 method_name: run timeout: 0 duration: None cls:
2019-06-22 07:37:25.551 454 RALLYDEBUG rally.task.runner [-] Starting a worker. concurrency: 1 args: {"repetitions": 2} times: 10 method_name: run timeout: 0 duration: None cls:
2019-06-22 07:37:25.553 452 INFO rally.task.runner [-] Task 572bfd97-510e-4d00-8264-7396f0f4c10f | ITER: 1 START
2019-06-22 07:37:25.555 453 INFO rally.task.runner [-] Task 572bfd97-510e-4d00-8264-7396f0f4c10f | ITER: 2 START
2019-06-22 07:37:25.555 455 RALLYDEBUG rally.task.runner [-] Starting a worker. concurrency: 1 args: {"repetitions": 2} times: 10 method_name: run timeout: 0 duration: None cls:
2019-06-22 07:37:25.557 454 INFO rally.task.runner [-] Task 572bfd97-510e-4d00-8264-7396f0f4c10f | ITER: 3 START
2019-06-22 07:37:25.561 455 INFO rally.task.runner [-] Task 572bfd97-510e-4d00-8264-7396f0f4c10f | ITER: 4 START
2019-06-22 07:37:27.371 452 INFO rally.task.runner [-] Task 572bfd97-510e-4d00-8264-7396f0f4c10f | ITER: 1 END: OK
2019-06-22 07:37:27.375 452 INFO rally.task.runner [-] Task 572bfd97-510e-4d00-8264-7396f0f4c10f | ITER: 5 START
2019-06-22 07:37:27.415 453 INFO rally.task.runner [-] Task 572bfd97-510e-4d00-8264-7396f0f4c10f | ITER: 2 END: OK
2019-06-22 07:37:27.419 453 INFO rally.task.runner [-] Task 572bfd97-510e-4d00-8264-7396f0f4c10f | ITER: 6 START
2019-06-22 07:37:27.446 455 INFO rally.task.runner [-] Task 572bfd97-510e-4d00-8264-7396f0f4c10f | ITER: 4 END: OK
2019-06-22 07:37:27.450 455 INFO rally.task.runner [-] Task 572bfd97-510e-4d00-8264-7396f0f4c10f | ITER: 7 START
2019-06-22 07:37:27.564 454 INFO rally.task.runner [-] Task 572bfd97-510e-4d00-8264-7396f0f4c10f | ITER: 3 END: OK
2019-06-22 07:37:27.568 454 INFO rally.task.runner [-] Task 572bfd97-510e-4d00-8264-7396f0f4c10f | ITER: 8 START
2019-06-22 07:37:28.382 453 INFO rally.task.runner [-] Task 572bfd97-510e-4d00-8264-7396f0f4c10f | ITER: 6 END: OK
2019-06-22 07:37:28.384 453 INFO rally.task.runner [-] Task 572bfd97-510e-4d00-8264-7396f0f4c10f | ITER: 9 START
2019-06-22 07:37:28.494 455 INFO rally.task.runner [-] Task 572bfd97-510e-4d00-8264-7396f0f4c10f | ITER: 7 END: OK
2019-06-22 07:37:28.497 455 INFO rally.task.runner [-] Task 572bfd97-510e-4d00-8264-7396f0f4c10f | ITER: 10 START
2019-06-22 07:37:28.706 452 INFO rally.task.runner [-] Task 572bfd97-510e-4d00-8264-7396f0f4c10f | ITER: 5 END: OK
2019-06-22 07:37:28.881 454 INFO rally.task.runner [-] Task 572bfd97-510e-4d00-8264-7396f0f4c10f | ITER: 8 END: OK
2019-06-22 07:37:29.230 453 INFO rally.task.runner [-] Task 572bfd97-510e-4d00-8264-7396f0f4c10f | ITER: 9 END: OK
2019-06-22 07:37:29.398 455 INFO rally.task.runner [-] Task 572bfd97-510e-4d00-8264-7396f0f4c10f | ITER: 10 END: OK
2019-06-22 07:37:29.421 16 INFO rally.task.context [-] Task 572bfd97-510e-4d00-8264-7396f0f4c10f | Context users@openstack cleanup() started
2019-06-22 07:37:36.336 16 INFO rally.task.context [-] Task 572bfd97-510e-4d00-8264-7396f0f4c10f | Context users@openstack cleanup() finished in 6.91 sec
2019-06-22 07:37:36.996 16 INFO rally.task.engine [-] Load duration is: 3.843711
2019-06-22 07:37:36.996 16 INFO rally.task.engine [-] Full runner duration is: 3.887577
2019-06-22 07:37:36.996 16 INFO rally.task.engine [-] Full duration is: 15.41998
2019-06-22 07:37:37.221 16 INFO rally.task.engine [-] Running workload: position = 0 config = { "version": 2, "title": "A cropped version of a bigger task.", "description": "Auto-generated task from a single workload (uuid=62ac682d-4f41-4f01-885e-4942a10d12ec)", "subtasks": [ { "title": "Authenticate.validate_neutron", "description": "Check Neutron Client to ensure validation of token.", "scenario": { "Authenticate.validate_neutron": { "repetitions": 2 } }, "contexts": { "users": { "tenants": 3, "users_per_tenant": 2 } }, "runner": { "constant": { "concurrency": 4, "times": 10 } }, "hooks": [], "sla": { "failure_rate": { "max": 0 } } } ] }
2019-06-22 07:37:37.244 16 RALLYDEBUG rally_openstack.contexts.keystone.users [-] Creating 3 tenants using 20 threads
2019-06-22 07:37:39.051 16 RALLYDEBUG rally_openstack.contexts.keystone.users [-] Creating 6 users using 20 threads
2019-06-22 07:37:41.847 16 INFO rally.task.context [-] Task 572bfd97-510e-4d00-8264-7396f0f4c10f | Context users@openstack setup() finished in 4.60 sec
2019-06-22 07:37:41.854 16 RALLYDEBUG rally.task.runner [-] Starting the constant runner (task UUID: 572bfd97-510e-4d00-8264-7396f0f4c10f). timeout: 0 concurrency: 4 concurrency_per_worker: 1 times: 10 concurrency_overhead: 0 processes_to_start: 4 max_cpu_used: 16
2019-06-22 07:37:41.865 556 RALLYDEBUG rally.task.runner [-] Starting a worker. concurrency: 1 args: {"repetitions": 2} times: 10 method_name: run timeout: 0 duration: None cls:
2019-06-22 07:37:41.867 557 RALLYDEBUG rally.task.runner [-] Starting a worker. concurrency: 1 args: {"repetitions": 2} times: 10 method_name: run timeout: 0 duration: None cls:
2019-06-22 07:37:41.870 558 RALLYDEBUG rally.task.runner [-] Starting a worker. concurrency: 1 args: {"repetitions": 2} times: 10 method_name: run timeout: 0 duration: None cls:
2019-06-22 07:37:41.870 559 RALLYDEBUG rally.task.runner [-] Starting a worker. concurrency: 1 args: {"repetitions": 2} times: 10 method_name: run timeout: 0 duration: None cls:
2019-06-22 07:37:41.872 556 INFO rally.task.runner [-] Task 572bfd97-510e-4d00-8264-7396f0f4c10f | ITER: 1 START
2019-06-22 07:37:41.873 557 INFO rally.task.runner [-] Task 572bfd97-510e-4d00-8264-7396f0f4c10f | ITER: 2 START
2019-06-22 07:37:41.875 559 INFO rally.task.runner [-] Task 572bfd97-510e-4d00-8264-7396f0f4c10f | ITER: 4 START
2019-06-22 07:37:41.876 558 INFO rally.task.runner [-] Task 572bfd97-510e-4d00-8264-7396f0f4c10f | ITER: 3 START
2019-06-22 07:37:42.792 558 INFO rally.task.runner [-] Task 572bfd97-510e-4d00-8264-7396f0f4c10f | ITER: 3 END: OK
2019-06-22 07:37:42.797 558 INFO rally.task.runner [-] Task 572bfd97-510e-4d00-8264-7396f0f4c10f | ITER: 5 START
2019-06-22 07:37:42.825 559 INFO rally.task.runner [-] Task 572bfd97-510e-4d00-8264-7396f0f4c10f | ITER: 4 END: OK
2019-06-22 07:37:42.829 559 INFO rally.task.runner [-] Task 572bfd97-510e-4d00-8264-7396f0f4c10f | ITER: 6 START
2019-06-22 07:37:42.838 556 INFO rally.task.runner [-] Task 572bfd97-510e-4d00-8264-7396f0f4c10f | ITER: 1 END: OK
2019-06-22 07:37:42.842 556 INFO rally.task.runner [-] Task 572bfd97-510e-4d00-8264-7396f0f4c10f | ITER: 7 START
2019-06-22 07:37:43.017 557 INFO rally.task.runner [-] Task 572bfd97-510e-4d00-8264-7396f0f4c10f | ITER: 2 END: OK
2019-06-22 07:37:43.021 557 INFO rally.task.runner [-] Task 572bfd97-510e-4d00-8264-7396f0f4c10f | ITER: 8 START
2019-06-22 07:37:43.839 557 INFO rally.task.runner [-] Task 572bfd97-510e-4d00-8264-7396f0f4c10f | ITER: 8 END: OK
2019-06-22 07:37:43.843 557 INFO rally.task.runner [-] Task 572bfd97-510e-4d00-8264-7396f0f4c10f | ITER: 9 START
2019-06-22 07:37:44.198 558 INFO rally.task.runner [-] Task 572bfd97-510e-4d00-8264-7396f0f4c10f | ITER: 5 END: OK
2019-06-22 07:37:44.203 558 INFO rally.task.runner [-] Task 572bfd97-510e-4d00-8264-7396f0f4c10f | ITER: 10 START
2019-06-22 07:37:44.293 559 INFO rally.task.runner [-] Task 572bfd97-510e-4d00-8264-7396f0f4c10f | ITER: 6 END: OK
2019-06-22 07:37:44.297 556 INFO rally.task.runner [-] Task 572bfd97-510e-4d00-8264-7396f0f4c10f | ITER: 7 END: OK
2019-06-22 07:37:44.735 557 INFO rally.task.runner [-] Task 572bfd97-510e-4d00-8264-7396f0f4c10f | ITER: 9 END: OK
2019-06-22 07:37:45.099 558 INFO rally.task.runner [-] Task 572bfd97-510e-4d00-8264-7396f0f4c10f | ITER: 10 END: OK
2019-06-22 07:37:45.126 16 INFO rally.task.context [-] Task 572bfd97-510e-4d00-8264-7396f0f4c10f | Context users@openstack cleanup() started
2019-06-22 07:37:51.482 16 INFO rally.task.context [-] Task 572bfd97-510e-4d00-8264-7396f0f4c10f | Context users@openstack cleanup() finished in 6.36 sec
2019-06-22 07:37:53.329 16 INFO rally.task.engine [-] Load duration is: 3.225303
2019-06-22 07:37:53.329 16 INFO rally.task.engine [-] Full runner duration is: 3.273686
2019-06-22 07:37:53.329 16 INFO rally.task.engine [-] Full duration is: 14.239458
2019-06-22 07:37:53.537 16 INFO rally.task.engine [-] Running workload: position = 0 config = { "version": 2, "title": "A cropped version of a bigger task.", "description": "Auto-generated task from a single workload (uuid=f3afef55-a990-4d72-b734-9e8d4dc4dce7)", "subtasks": [ { "title": "Authenticate.validate_nova", "description": "Check Nova Client to ensure validation of token.", "scenario": { "Authenticate.validate_nova": { "repetitions": 2 } }, "contexts": { "users": { "tenants": 3, "users_per_tenant": 2 } }, "runner": { "constant": { "concurrency": 4, "times": 10 } }, "hooks": [], "sla": { "failure_rate": { "max": 0 } } } ] }
2019-06-22 07:37:53.559 16 RALLYDEBUG rally_openstack.contexts.keystone.users [-] Creating 3 tenants using 20 threads
2019-06-22 07:37:55.443 16 RALLYDEBUG rally_openstack.contexts.keystone.users [-] Creating 6 users using 20 threads
2019-06-22 07:37:58.055 16 INFO rally.task.context [-] Task 572bfd97-510e-4d00-8264-7396f0f4c10f | Context users@openstack setup() finished in 4.50 sec
2019-06-22 07:37:58.063 16 RALLYDEBUG rally.task.runner [-] Starting the constant runner (task UUID: 572bfd97-510e-4d00-8264-7396f0f4c10f). timeout: 0 concurrency: 4 concurrency_per_worker: 1 times: 10 concurrency_overhead: 0 processes_to_start: 4 max_cpu_used: 16
2019-06-22 07:37:58.075 660 RALLYDEBUG rally.task.runner [-] Starting a worker. concurrency: 1 args: {"repetitions": 2} times: 10 method_name: run timeout: 0 duration: None cls:
2019-06-22 07:37:58.078 661 RALLYDEBUG rally.task.runner [-] Starting a worker. concurrency: 1 args: {"repetitions": 2} times: 10 method_name: run timeout: 0 duration: None cls:
2019-06-22 07:37:58.081 660 INFO rally.task.runner [-] Task 572bfd97-510e-4d00-8264-7396f0f4c10f | ITER: 1 START
2019-06-22 07:37:58.081 662 RALLYDEBUG rally.task.runner [-] Starting a worker. concurrency: 1 args: {"repetitions": 2} times: 10 method_name: run timeout: 0 duration: None cls:
2019-06-22 07:37:58.084 661 INFO rally.task.runner [-] Task 572bfd97-510e-4d00-8264-7396f0f4c10f | ITER: 2 START
2019-06-22 07:37:58.084 663 RALLYDEBUG rally.task.runner [-] Starting a worker. concurrency: 1 args: {"repetitions": 2} times: 10 method_name: run timeout: 0 duration: None cls:
2019-06-22 07:37:58.087 662 INFO rally.task.runner [-] Task 572bfd97-510e-4d00-8264-7396f0f4c10f | ITER: 3 START
2019-06-22 07:37:58.089 663 INFO rally.task.runner [-] Task 572bfd97-510e-4d00-8264-7396f0f4c10f | ITER: 4 START
2019-06-22 07:37:58.561 662 DEBUG novaclient.v2.client [-] REQ: curl -g -i -X GET http://172.30.9.31:8774/v2.1/flavors/detail -H "Accept: application/json" -H "User-Agent: python-novaclient" -H "X-Auth-Token: {SHA1}58adc38c4568b510fcd8374335abc94596cdc6dd" _http_log_request /usr/lib/python2.7/site-packages/keystoneauth1/session.py:448
2019-06-22 07:37:58.568 661 DEBUG novaclient.v2.client [-] REQ: curl -g -i -X GET http://172.30.9.31:8774/v2.1/flavors/detail -H "Accept: application/json" -H "User-Agent: python-novaclient" -H "X-Auth-Token: {SHA1}29e527bbb87b37ed16199b8773c32d85a2e5d462" _http_log_request /usr/lib/python2.7/site-packages/keystoneauth1/session.py:448
2019-06-22 07:37:58.576 663 DEBUG novaclient.v2.client [-] REQ: curl -g -i -X GET http://172.30.9.31:8774/v2.1/flavors/detail -H "Accept: application/json" -H "User-Agent: python-novaclient" -H "X-Auth-Token: {SHA1}a1a265073169784ca424022e042629781deb0863" _http_log_request /usr/lib/python2.7/site-packages/keystoneauth1/session.py:448
2019-06-22 07:37:58.669 660 DEBUG novaclient.v2.client [-] REQ: curl -g -i -X GET http://172.30.9.31:8774/v2.1/flavors/detail -H "Accept: application/json" -H "User-Agent: python-novaclient" -H "X-Auth-Token: {SHA1}b05e8e5d0ee18ff89f643414defea25075b8087f" _http_log_request /usr/lib/python2.7/site-packages/keystoneauth1/session.py:448
2019-06-22 07:37:58.856 661 DEBUG novaclient.v2.client [-] RESP: [200] Content-Encoding: gzip Content-Length: 365 Content-Type: application/json Date: Sat, 22 Jun 2019 07:37:58 GMT OpenStack-API-Version: compute 2.1 Server: Apache Vary: OpenStack-API-Version,X-OpenStack-Nova-API-Version,Accept-Encoding X-OpenStack-Nova-API-Version: 2.1 x-compute-request-id: req-db37d7a6-a48b-47ef-805b-5c38fa330711 x-openstack-request-id: req-db37d7a6-a48b-47ef-805b-5c38fa330711 _http_log_response /usr/lib/python2.7/site-packages/keystoneauth1/session.py:479
2019-06-22 07:37:58.857 661 DEBUG novaclient.v2.client [-] RESP BODY: {"flavors": [{"name": "rally_full-flavor_alt_76e20c2a-86bb-44de-9f5f-84610258cadf", "links": [{"href": "http://172.30.9.31:8774/v2.1/flavors/be1c0081-6c71-4da9-a573-4dd8a27f5472", "rel": "self"}, {"href": "http://172.30.9.31:8774/flavors/be1c0081-6c71-4da9-a573-4dd8a27f5472", "rel": "bookmark"}], "ram": 1024, "OS-FLV-DISABLED:disabled": false, "vcpus": 1, "swap": "", "os-flavor-access:is_public": true, "rxtx_factor": 1.0, "OS-FLV-EXT-DATA:ephemeral": 0, "disk": 1, "id": "be1c0081-6c71-4da9-a573-4dd8a27f5472"}, {"name": "rally_full-flavor_76e20c2a-86bb-44de-9f5f-84610258cadf", "links": [{"href": "http://172.30.9.31:8774/v2.1/flavors/de9958d7-84ca-4bbc-b87c-231470fd3c8f", "rel": "self"}, {"href": "http://172.30.9.31:8774/flavors/de9958d7-84ca-4bbc-b87c-231470fd3c8f", "rel": "bookmark"}], "ram": 512, "OS-FLV-DISABLED:disabled": false, "vcpus": 1, "swap": "", "os-flavor-access:is_public": true, "rxtx_factor": 1.0, "OS-FLV-EXT-DATA:ephemeral": 0, "disk": 1, "id": "de9958d7-84ca-4bbc-b87c-231470fd3c8f"}]} _http_log_response /usr/lib/python2.7/site-packages/keystoneauth1/session.py:511
2019-06-22 07:37:58.857 661 DEBUG novaclient.v2.client [-] GET call to compute for http://172.30.9.31:8774/v2.1/flavors/detail used request id req-db37d7a6-a48b-47ef-805b-5c38fa330711 request /usr/lib/python2.7/site-packages/keystoneauth1/session.py:844
2019-06-22 07:37:58.859 661 DEBUG novaclient.v2.client [-] REQ: curl -g -i -X GET http://172.30.9.31:8774/v2.1/flavors/detail -H "Accept: application/json" -H "User-Agent: python-novaclient" -H "X-Auth-Token: {SHA1}29e527bbb87b37ed16199b8773c32d85a2e5d462" _http_log_request /usr/lib/python2.7/site-packages/keystoneauth1/session.py:448
2019-06-22 07:37:58.880 663 DEBUG novaclient.v2.client [-] RESP: [200] Content-Encoding: gzip Content-Length: 365 Content-Type: application/json Date: Sat, 22 Jun 2019 07:37:58 GMT OpenStack-API-Version: compute 2.1 Server: Apache Vary: OpenStack-API-Version,X-OpenStack-Nova-API-Version,Accept-Encoding X-OpenStack-Nova-API-Version: 2.1 x-compute-request-id: req-8e562831-f103-4192-b328-330aac0ef882 x-openstack-request-id: req-8e562831-f103-4192-b328-330aac0ef882 _http_log_response /usr/lib/python2.7/site-packages/keystoneauth1/session.py:479
2019-06-22 07:37:58.881 663 DEBUG novaclient.v2.client [-] RESP BODY: {"flavors": [{"name": "rally_full-flavor_alt_76e20c2a-86bb-44de-9f5f-84610258cadf", "links": [{"href": "http://172.30.9.31:8774/v2.1/flavors/be1c0081-6c71-4da9-a573-4dd8a27f5472", "rel": "self"}, {"href": "http://172.30.9.31:8774/flavors/be1c0081-6c71-4da9-a573-4dd8a27f5472", "rel": "bookmark"}], "ram": 1024, "OS-FLV-DISABLED:disabled": false, "vcpus": 1, "swap": "", "os-flavor-access:is_public": true, "rxtx_factor": 1.0, "OS-FLV-EXT-DATA:ephemeral": 0, "disk": 1, "id": "be1c0081-6c71-4da9-a573-4dd8a27f5472"}, {"name": "rally_full-flavor_76e20c2a-86bb-44de-9f5f-84610258cadf", "links": [{"href": "http://172.30.9.31:8774/v2.1/flavors/de9958d7-84ca-4bbc-b87c-231470fd3c8f", "rel": "self"}, {"href": "http://172.30.9.31:8774/flavors/de9958d7-84ca-4bbc-b87c-231470fd3c8f", "rel": "bookmark"}], "ram": 512, "OS-FLV-DISABLED:disabled": false, "vcpus": 1, "swap": "", "os-flavor-access:is_public": true, "rxtx_factor": 1.0, "OS-FLV-EXT-DATA:ephemeral": 0, "disk": 1, "id": "de9958d7-84ca-4bbc-b87c-231470fd3c8f"}]} _http_log_response /usr/lib/python2.7/site-packages/keystoneauth1/session.py:511
2019-06-22 07:37:58.882 663 DEBUG novaclient.v2.client [-] GET call to compute for http://172.30.9.31:8774/v2.1/flavors/detail used request id req-8e562831-f103-4192-b328-330aac0ef882 request /usr/lib/python2.7/site-packages/keystoneauth1/session.py:844
2019-06-22 07:37:58.883 663 DEBUG novaclient.v2.client [-] REQ: curl -g -i -X GET http://172.30.9.31:8774/v2.1/flavors/detail -H "Accept: application/json" -H "User-Agent: python-novaclient" -H "X-Auth-Token: {SHA1}a1a265073169784ca424022e042629781deb0863" _http_log_request /usr/lib/python2.7/site-packages/keystoneauth1/session.py:448
2019-06-22 07:37:58.890 661 DEBUG novaclient.v2.client [-] RESP: [200] Content-Encoding: gzip Content-Length: 365 Content-Type: application/json Date: Sat, 22 Jun 2019 07:37:58 GMT OpenStack-API-Version: compute 2.1 Server: Apache Vary: OpenStack-API-Version,X-OpenStack-Nova-API-Version,Accept-Encoding X-OpenStack-Nova-API-Version: 2.1 x-compute-request-id: req-7a20aced-b343-49fb-abe5-2f2055f59ee4 x-openstack-request-id: req-7a20aced-b343-49fb-abe5-2f2055f59ee4 _http_log_response /usr/lib/python2.7/site-packages/keystoneauth1/session.py:479
2019-06-22 07:37:58.890 661 DEBUG novaclient.v2.client [-] RESP BODY: {"flavors": [{"name": "rally_full-flavor_alt_76e20c2a-86bb-44de-9f5f-84610258cadf", "links": [{"href": "http://172.30.9.31:8774/v2.1/flavors/be1c0081-6c71-4da9-a573-4dd8a27f5472", "rel": "self"}, {"href": "http://172.30.9.31:8774/flavors/be1c0081-6c71-4da9-a573-4dd8a27f5472", "rel": "bookmark"}], "ram": 1024, "OS-FLV-DISABLED:disabled": false, "vcpus": 1, "swap": "", "os-flavor-access:is_public": true, "rxtx_factor": 1.0, "OS-FLV-EXT-DATA:ephemeral": 0, "disk": 1, "id": "be1c0081-6c71-4da9-a573-4dd8a27f5472"}, {"name": "rally_full-flavor_76e20c2a-86bb-44de-9f5f-84610258cadf", "links": [{"href": "http://172.30.9.31:8774/v2.1/flavors/de9958d7-84ca-4bbc-b87c-231470fd3c8f", "rel": "self"}, {"href": "http://172.30.9.31:8774/flavors/de9958d7-84ca-4bbc-b87c-231470fd3c8f", "rel": "bookmark"}], "ram": 512, "OS-FLV-DISABLED:disabled": false, "vcpus": 1, "swap": "", "os-flavor-access:is_public": true, "rxtx_factor": 1.0, "OS-FLV-EXT-DATA:ephemeral": 0, "disk": 1, "id": "de9958d7-84ca-4bbc-b87c-231470fd3c8f"}]} _http_log_response /usr/lib/python2.7/site-packages/keystoneauth1/session.py:511
2019-06-22 07:37:58.891 661 DEBUG novaclient.v2.client [-] GET call to compute for http://172.30.9.31:8774/v2.1/flavors/detail used request id req-7a20aced-b343-49fb-abe5-2f2055f59ee4 request /usr/lib/python2.7/site-packages/keystoneauth1/session.py:844
2019-06-22 07:37:58.892 661 INFO rally.task.runner [-] Task 572bfd97-510e-4d00-8264-7396f0f4c10f | ITER: 2 END: OK
2019-06-22 07:37:58.895 661 INFO rally.task.runner [-] Task 572bfd97-510e-4d00-8264-7396f0f4c10f | ITER: 5 START
2019-06-22 07:37:58.900 662 DEBUG novaclient.v2.client [-] RESP: [200] Content-Encoding: gzip Content-Length: 365 Content-Type: application/json Date: Sat, 22 Jun 2019 07:37:58 GMT OpenStack-API-Version: compute 2.1 Server: Apache Vary: OpenStack-API-Version,X-OpenStack-Nova-API-Version,Accept-Encoding X-OpenStack-Nova-API-Version: 2.1 x-compute-request-id: req-cf923ec4-2695-4f80-8b80-a2aa47ae3621 x-openstack-request-id: req-cf923ec4-2695-4f80-8b80-a2aa47ae3621 _http_log_response /usr/lib/python2.7/site-packages/keystoneauth1/session.py:479
2019-06-22 07:37:58.901 662 DEBUG novaclient.v2.client [-] RESP BODY: {"flavors": [{"name": "rally_full-flavor_alt_76e20c2a-86bb-44de-9f5f-84610258cadf", "links": [{"href": "http://172.30.9.31:8774/v2.1/flavors/be1c0081-6c71-4da9-a573-4dd8a27f5472", "rel": "self"}, {"href": "http://172.30.9.31:8774/flavors/be1c0081-6c71-4da9-a573-4dd8a27f5472", "rel": "bookmark"}], "ram": 1024, "OS-FLV-DISABLED:disabled": false, "vcpus": 1, "swap": "", "os-flavor-access:is_public": true, "rxtx_factor": 1.0, "OS-FLV-EXT-DATA:ephemeral": 0, "disk": 1, "id": "be1c0081-6c71-4da9-a573-4dd8a27f5472"}, {"name": "rally_full-flavor_76e20c2a-86bb-44de-9f5f-84610258cadf", "links": [{"href": "http://172.30.9.31:8774/v2.1/flavors/de9958d7-84ca-4bbc-b87c-231470fd3c8f", "rel": "self"}, {"href": "http://172.30.9.31:8774/flavors/de9958d7-84ca-4bbc-b87c-231470fd3c8f", "rel": "bookmark"}], "ram": 512, "OS-FLV-DISABLED:disabled": false, "vcpus": 1, "swap": "", "os-flavor-access:is_public": true, "rxtx_factor": 1.0, "OS-FLV-EXT-DATA:ephemeral": 0, "disk": 1, "id": "de9958d7-84ca-4bbc-b87c-231470fd3c8f"}]} _http_log_response /usr/lib/python2.7/site-packages/keystoneauth1/session.py:511
2019-06-22 07:37:58.902 662 DEBUG novaclient.v2.client [-] GET call to compute for http://172.30.9.31:8774/v2.1/flavors/detail used request id req-cf923ec4-2695-4f80-8b80-a2aa47ae3621 request /usr/lib/python2.7/site-packages/keystoneauth1/session.py:844
2019-06-22 07:37:58.903 663 DEBUG novaclient.v2.client [-] RESP: [200] Content-Encoding: gzip Content-Length: 365 Content-Type: application/json Date: Sat, 22 Jun 2019 07:37:58 GMT OpenStack-API-Version: compute 2.1 Server: Apache Vary: OpenStack-API-Version,X-OpenStack-Nova-API-Version,Accept-Encoding X-OpenStack-Nova-API-Version: 2.1 x-compute-request-id: req-8c30d395-938a-4ecf-888b-53f2198be26d x-openstack-request-id: req-8c30d395-938a-4ecf-888b-53f2198be26d _http_log_response /usr/lib/python2.7/site-packages/keystoneauth1/session.py:479
2019-06-22 07:37:58.903 663 DEBUG novaclient.v2.client [-] RESP BODY: {"flavors": [{"name": "rally_full-flavor_alt_76e20c2a-86bb-44de-9f5f-84610258cadf", "links": [{"href": "http://172.30.9.31:8774/v2.1/flavors/be1c0081-6c71-4da9-a573-4dd8a27f5472", "rel": "self"}, {"href": "http://172.30.9.31:8774/flavors/be1c0081-6c71-4da9-a573-4dd8a27f5472", "rel": "bookmark"}], "ram": 1024, "OS-FLV-DISABLED:disabled": false, "vcpus": 1, "swap": "", "os-flavor-access:is_public": true, "rxtx_factor": 1.0, "OS-FLV-EXT-DATA:ephemeral": 0, "disk": 1, "id": "be1c0081-6c71-4da9-a573-4dd8a27f5472"}, {"name": "rally_full-flavor_76e20c2a-86bb-44de-9f5f-84610258cadf", "links": [{"href": "http://172.30.9.31:8774/v2.1/flavors/de9958d7-84ca-4bbc-b87c-231470fd3c8f", "rel": "self"}, {"href": "http://172.30.9.31:8774/flavors/de9958d7-84ca-4bbc-b87c-231470fd3c8f", "rel": "bookmark"}], "ram": 512, "OS-FLV-DISABLED:disabled": false, "vcpus": 1, "swap": "", "os-flavor-access:is_public": true, "rxtx_factor": 1.0, "OS-FLV-EXT-DATA:ephemeral": 0, "disk": 1, "id": "de9958d7-84ca-4bbc-b87c-231470fd3c8f"}]} _http_log_response /usr/lib/python2.7/site-packages/keystoneauth1/session.py:511
2019-06-22 07:37:58.903 663 DEBUG novaclient.v2.client [-] GET call to compute for http://172.30.9.31:8774/v2.1/flavors/detail used request id req-8c30d395-938a-4ecf-888b-53f2198be26d request /usr/lib/python2.7/site-packages/keystoneauth1/session.py:844
2019-06-22 07:37:58.903 662 DEBUG novaclient.v2.client [-] REQ: curl -g -i -X GET http://172.30.9.31:8774/v2.1/flavors/detail -H "Accept: application/json" -H "User-Agent: python-novaclient" -H "X-Auth-Token: {SHA1}58adc38c4568b510fcd8374335abc94596cdc6dd" _http_log_request /usr/lib/python2.7/site-packages/keystoneauth1/session.py:448
2019-06-22 07:37:58.904 663 INFO rally.task.runner [-] Task 572bfd97-510e-4d00-8264-7396f0f4c10f | ITER: 4 END: OK
2019-06-22 07:37:58.909 663 INFO rally.task.runner [-] Task 572bfd97-510e-4d00-8264-7396f0f4c10f | ITER: 6 START
2019-06-22 07:37:58.933 662 DEBUG novaclient.v2.client [-] RESP: [200] Content-Encoding: gzip Content-Length: 365 Content-Type: application/json Date: Sat, 22 Jun 2019 07:37:58 GMT OpenStack-API-Version: compute 2.1 Server: Apache Vary: OpenStack-API-Version,X-OpenStack-Nova-API-Version,Accept-Encoding X-OpenStack-Nova-API-Version: 2.1 x-compute-request-id: req-daa5bdaf-3d7b-435c-9a1f-1d14cb457e62 x-openstack-request-id: req-daa5bdaf-3d7b-435c-9a1f-1d14cb457e62 _http_log_response /usr/lib/python2.7/site-packages/keystoneauth1/session.py:479
2019-06-22 07:37:58.934 662 DEBUG novaclient.v2.client [-] RESP BODY: {"flavors": [{"name": "rally_full-flavor_alt_76e20c2a-86bb-44de-9f5f-84610258cadf", "links": [{"href": "http://172.30.9.31:8774/v2.1/flavors/be1c0081-6c71-4da9-a573-4dd8a27f5472", "rel": "self"}, {"href": "http://172.30.9.31:8774/flavors/be1c0081-6c71-4da9-a573-4dd8a27f5472", "rel": "bookmark"}], "ram": 1024, "OS-FLV-DISABLED:disabled": false, "vcpus": 1, "swap": "", "os-flavor-access:is_public": true, "rxtx_factor": 1.0, "OS-FLV-EXT-DATA:ephemeral": 0, "disk": 1, "id": "be1c0081-6c71-4da9-a573-4dd8a27f5472"}, {"name": "rally_full-flavor_76e20c2a-86bb-44de-9f5f-84610258cadf", "links": [{"href": "http://172.30.9.31:8774/v2.1/flavors/de9958d7-84ca-4bbc-b87c-231470fd3c8f", "rel": "self"}, {"href": "http://172.30.9.31:8774/flavors/de9958d7-84ca-4bbc-b87c-231470fd3c8f", "rel": "bookmark"}], "ram": 512, "OS-FLV-DISABLED:disabled": false, "vcpus": 1, "swap": "", "os-flavor-access:is_public": true, "rxtx_factor": 1.0, "OS-FLV-EXT-DATA:ephemeral": 0, "disk": 1, "id": "de9958d7-84ca-4bbc-b87c-231470fd3c8f"}]} _http_log_response /usr/lib/python2.7/site-packages/keystoneauth1/session.py:511
2019-06-22 07:37:58.934 662 DEBUG novaclient.v2.client [-] GET call to compute for http://172.30.9.31:8774/v2.1/flavors/detail used request id req-daa5bdaf-3d7b-435c-9a1f-1d14cb457e62 request /usr/lib/python2.7/site-packages/keystoneauth1/session.py:844
2019-06-22 07:37:58.935 662 INFO rally.task.runner [-] Task 572bfd97-510e-4d00-8264-7396f0f4c10f | ITER: 3 END: OK
2019-06-22 07:37:58.939 662 INFO rally.task.runner [-] Task 572bfd97-510e-4d00-8264-7396f0f4c10f | ITER: 7 START
2019-06-22 07:37:59.016 660 DEBUG novaclient.v2.client [-] RESP: [200] Content-Encoding: gzip Content-Length: 365 Content-Type: application/json Date: Sat, 22 Jun 2019 07:37:58 GMT OpenStack-API-Version: compute 2.1 Server: Apache Vary: OpenStack-API-Version,X-OpenStack-Nova-API-Version,Accept-Encoding X-OpenStack-Nova-API-Version: 2.1 x-compute-request-id: req-d39e1eb3-8871-4439-b39f-33ec58da017e x-openstack-request-id: req-d39e1eb3-8871-4439-b39f-33ec58da017e _http_log_response /usr/lib/python2.7/site-packages/keystoneauth1/session.py:479
2019-06-22 07:37:59.017 660 DEBUG novaclient.v2.client [-] RESP BODY: {"flavors": [{"name": "rally_full-flavor_alt_76e20c2a-86bb-44de-9f5f-84610258cadf", "links": [{"href": "http://172.30.9.31:8774/v2.1/flavors/be1c0081-6c71-4da9-a573-4dd8a27f5472", "rel": "self"}, {"href": "http://172.30.9.31:8774/flavors/be1c0081-6c71-4da9-a573-4dd8a27f5472", "rel": "bookmark"}], "ram": 1024, "OS-FLV-DISABLED:disabled": false, "vcpus": 1, "swap": "", "os-flavor-access:is_public": true, "rxtx_factor": 1.0, "OS-FLV-EXT-DATA:ephemeral": 0, "disk": 1, "id": "be1c0081-6c71-4da9-a573-4dd8a27f5472"}, {"name": "rally_full-flavor_76e20c2a-86bb-44de-9f5f-84610258cadf", "links": [{"href": "http://172.30.9.31:8774/v2.1/flavors/de9958d7-84ca-4bbc-b87c-231470fd3c8f", "rel": "self"}, {"href": "http://172.30.9.31:8774/flavors/de9958d7-84ca-4bbc-b87c-231470fd3c8f", "rel": "bookmark"}], "ram": 512, "OS-FLV-DISABLED:disabled": false, "vcpus": 1, "swap": "", "os-flavor-access:is_public": true, "rxtx_factor": 1.0, "OS-FLV-EXT-DATA:ephemeral": 0, "disk": 1, "id": "de9958d7-84ca-4bbc-b87c-231470fd3c8f"}]} _http_log_response /usr/lib/python2.7/site-packages/keystoneauth1/session.py:511
2019-06-22 07:37:59.017 660 DEBUG novaclient.v2.client [-] GET call to compute for http://172.30.9.31:8774/v2.1/flavors/detail used request id req-d39e1eb3-8871-4439-b39f-33ec58da017e request /usr/lib/python2.7/site-packages/keystoneauth1/session.py:844
