2019-06-22 08:03:50.257 5111 INFO rally.task.runner [-] Task 9119aa6e-3900-40d8-a511-451b15b704b3 | ITER: 2 END: OK
2019-06-22 08:03:50.262 5111 INFO rally.task.runner [-] Task 9119aa6e-3900-40d8-a511-451b15b704b3 | ITER: 8 START
2019-06-22 08:03:51.091 5112 INFO rally.task.runner [-] Task 9119aa6e-3900-40d8-a511-451b15b704b3 | ITER: 6 END: OK
2019-06-22 08:03:51.095 5112 INFO rally.task.runner [-] Task 9119aa6e-3900-40d8-a511-451b15b704b3 | ITER: 9 START
2019-06-22 08:03:51.160 5111 INFO rally.task.runner [-] Task 9119aa6e-3900-40d8-a511-451b15b704b3 | ITER: 8 END: OK
2019-06-22 08:03:51.165 5111 INFO rally.task.runner [-] Task 9119aa6e-3900-40d8-a511-451b15b704b3 | ITER: 10 START
2019-06-22 08:03:51.229 5110 INFO rally.task.runner [-] Task 9119aa6e-3900-40d8-a511-451b15b704b3 | ITER: 7 END: OK
2019-06-22 08:03:51.270 5113 INFO rally.task.runner [-] Task 9119aa6e-3900-40d8-a511-451b15b704b3 | ITER: 5 END: OK
2019-06-22 08:03:52.005 5112 INFO rally.task.runner [-] Task 9119aa6e-3900-40d8-a511-451b15b704b3 | ITER: 9 END: OK
2019-06-22 08:03:52.037 5111 INFO rally.task.runner [-] Task 9119aa6e-3900-40d8-a511-451b15b704b3 | ITER: 10 END: OK
2019-06-22 08:03:52.060 1842 INFO rally.task.context [-] Task 9119aa6e-3900-40d8-a511-451b15b704b3 | Context admin_cleanup@openstack cleanup() started
2019-06-22 08:03:52.062 1842 RALLYDEBUG rally_openstack.cleanup.manager [-] Cleaning up cinder volume_types objects
2019-06-22 08:03:52.696 1842 RALLYDEBUG rally_openstack.cleanup.manager [-] Cleaning up cinder image_volumes_cache objects
2019-06-22 08:03:53.727 1842 RALLYDEBUG rally_openstack.cleanup.manager [-] Cleaning up cinder quotas objects
2019-06-22 08:03:55.252 1842 RALLYDEBUG rally_openstack.cleanup.manager [-] Cleaning up cinder qos_specs objects
2019-06-22 08:03:55.957 1842 RALLYDEBUG rally_openstack.cleanup.manager [-] Deleting cinder.qos_specs object s_rally_f49d3f8f_gMW2F8tG (abc83b9c-a452-4d79-8381-33f939b10b77)
2019-06-22 08:03:55.966 1842 RALLYDEBUG rally_openstack.cleanup.manager [-] Deleting cinder.qos_specs object s_rally_f49d3f8f_LfpBPmke (23f7db61-fb84-464e-a2f1-7924ab3119af)
2019-06-22 08:03:55.976 1842 RALLYDEBUG rally_openstack.cleanup.manager [-] Deleting cinder.qos_specs object s_rally_f49d3f8f_OyLlMCSo (f22366ae-7318-4a4b-905e-d2191108cf91)
2019-06-22 08:03:55.976 1842 RALLYDEBUG rally_openstack.cleanup.manager [-] Deleting cinder.qos_specs object s_rally_f49d3f8f_e8mggiCQ (ce808906-f91c-4208-bffb-8a9d1e419ac6)
2019-06-22 08:03:55.989 1842 RALLYDEBUG rally_openstack.cleanup.manager [-] Deleting cinder.qos_specs object s_rally_f49d3f8f_ltQ7Zepv (1eb1b5ba-b185-4516-9c6c-fbb8b0e3909b)
2019-06-22 08:03:56.014 1842 RALLYDEBUG rally_openstack.cleanup.manager [-] Deleting cinder.qos_specs object s_rally_f49d3f8f_kSCuIJzK (144cea16-d4fb-46f5-91b1-fb6379741ad0)
2019-06-22 08:03:56.016 1842 RALLYDEBUG rally_openstack.cleanup.manager [-] Deleting cinder.qos_specs object s_rally_f49d3f8f_dXYjIkDR (cb3a7694-7a99-4ff9-8897-6ae9a2a29050)
2019-06-22 08:03:56.041 1842 RALLYDEBUG rally_openstack.cleanup.manager [-] Deleting cinder.qos_specs object s_rally_f49d3f8f_q2DDKZtX (c486667a-bab0-41db-9552-2ce0a4913cfc)
2019-06-22 08:03:56.047 1842 RALLYDEBUG rally_openstack.cleanup.manager [-] Deleting cinder.qos_specs object s_rally_f49d3f8f_MMLFUVqi (baf1f13f-b4f6-436d-9ee6-c75f24bce130)
2019-06-22 08:03:56.050 1842 RALLYDEBUG rally_openstack.cleanup.manager [-] Deleting cinder.qos_specs object s_rally_f49d3f8f_dzvshVXK (4a429735-700c-4efe-af93-54bf5b2f2914)
2019-06-22 08:03:58.348 1842 INFO rally.task.context [-] Task 9119aa6e-3900-40d8-a511-451b15b704b3 | Context admin_cleanup@openstack cleanup() finished in 6.29 sec
2019-06-22 08:03:58.349 1842 INFO rally.task.context [-] Task 9119aa6e-3900-40d8-a511-451b15b704b3 | Context api_versions@openstack cleanup() started
2019-06-22 08:03:58.349 1842 INFO rally.task.context [-] Task 9119aa6e-3900-40d8-a511-451b15b704b3 | Context api_versions@openstack cleanup() finished in 0.32 msec
2019-06-22 08:03:58.349 1842 INFO rally.task.context [-] Task 9119aa6e-3900-40d8-a511-451b15b704b3 | Context users@openstack cleanup() started
2019-06-22 08:04:05.124 1842 INFO rally.task.context [-] Task 9119aa6e-3900-40d8-a511-451b15b704b3 | Context users@openstack cleanup() finished in 6.77 sec
2019-06-22 08:04:06.073 1842 INFO rally.task.engine [-] Load duration is: 2.977319
2019-06-22 08:04:06.074 1842 INFO rally.task.engine [-] Full runner duration is: 3.026376
2019-06-22 08:04:06.074 1842 INFO rally.task.engine [-] Full duration is: 21.256529
2019-06-22 08:04:06.279 1842 INFO rally.task.engine [-] Running workload: position = 0 config = { "version": 2, "title": "A cropped version of a bigger task.", "description": "Auto-generated task from a single workload (uuid=480d802c-b85a-43c7-845f-7574496b70af)", "subtasks": [ { "title": "CinderQos.create_and_list_qos", "description": "Create a qos, then list all qos.", "scenario": { "CinderQos.create_and_list_qos": { "consumer": "both", "write_iops_sec": "10", "read_iops_sec": "1000" } }, "contexts": { "users": { "tenants": 3, "users_per_tenant": 2 }, "api_versions": { "cinder": { "version": 3, "service_type": "volumev3" } } }, "runner": { "constant": { "concurrency": 4, "times": 10 } }, "hooks": [], "sla": { "failure_rate": { "max": 0 } } } ] }
2019-06-22 08:04:06.301 1842 RALLYDEBUG rally_openstack.contexts.keystone.users [-] Creating 3 tenants using 20 threads
2019-06-22 08:04:08.127 1842 RALLYDEBUG rally_openstack.contexts.keystone.users [-] Creating 6 users using 20 threads
2019-06-22 08:04:10.881 1842 INFO rally.task.context [-] Task 9119aa6e-3900-40d8-a511-451b15b704b3 | Context users@openstack setup() finished in 4.58 sec
2019-06-22 08:04:11.301 1842 INFO rally.task.context [-] Task 9119aa6e-3900-40d8-a511-451b15b704b3 | Context api_versions@openstack setup() finished in 0.42 sec
2019-06-22 08:04:11.301 1842 INFO rally.task.context [-] Task 9119aa6e-3900-40d8-a511-451b15b704b3 | Context admin_cleanup@openstack setup() finished in 0.01 msec
2019-06-22 08:04:11.308 1842 RALLYDEBUG rally.task.runner [-] Starting the constant runner (task UUID: 9119aa6e-3900-40d8-a511-451b15b704b3). timeout: 0 concurrency: 4 concurrency_per_worker: 1 times: 10 concurrency_overhead: 0 processes_to_start: 4 max_cpu_used: 16
2019-06-22 08:04:11.322 5294 RALLYDEBUG rally.task.runner [-] Starting a worker. concurrency: 1 args: {"consumer": "both", "write_iops_sec": "10", "read_iops_sec": "1000"} times: 10 method_name: run timeout: 0 duration: None cls:
2019-06-22 08:04:11.326 5295 RALLYDEBUG rally.task.runner [-] Starting a worker. concurrency: 1 args: {"consumer": "both", "write_iops_sec": "10", "read_iops_sec": "1000"} times: 10 method_name: run timeout: 0 duration: None cls:
2019-06-22 08:04:11.328 5296 RALLYDEBUG rally.task.runner [-] Starting a worker. concurrency: 1 args: {"consumer": "both", "write_iops_sec": "10", "read_iops_sec": "1000"} times: 10 method_name: run timeout: 0 duration: None cls:
2019-06-22 08:04:11.329 5294 INFO rally.task.runner [-] Task 9119aa6e-3900-40d8-a511-451b15b704b3 | ITER: 1 START
2019-06-22 08:04:11.331 5297 RALLYDEBUG rally.task.runner [-] Starting a worker. concurrency: 1 args: {"consumer": "both", "write_iops_sec": "10", "read_iops_sec": "1000"} times: 10 method_name: run timeout: 0 duration: None cls:
2019-06-22 08:04:11.333 5295 INFO rally.task.runner [-] Task 9119aa6e-3900-40d8-a511-451b15b704b3 | ITER: 2 START
2019-06-22 08:04:11.335 5296 INFO rally.task.runner [-] Task 9119aa6e-3900-40d8-a511-451b15b704b3 | ITER: 3 START
2019-06-22 08:04:11.338 5297 INFO rally.task.runner [-] Task 9119aa6e-3900-40d8-a511-451b15b704b3 | ITER: 4 START
2019-06-22 08:04:12.383 5295 INFO rally.task.runner [-] Task 9119aa6e-3900-40d8-a511-451b15b704b3 | ITER: 2 END: OK
2019-06-22 08:04:12.388 5295 INFO rally.task.runner [-] Task 9119aa6e-3900-40d8-a511-451b15b704b3 | ITER: 5 START
2019-06-22 08:04:12.426 5296 INFO rally.task.runner [-] Task 9119aa6e-3900-40d8-a511-451b15b704b3 | ITER: 3 END: OK
2019-06-22 08:04:12.431 5296 INFO rally.task.runner [-] Task 9119aa6e-3900-40d8-a511-451b15b704b3 | ITER: 6 START
2019-06-22 08:04:12.432 5297 INFO rally.task.runner [-] Task 9119aa6e-3900-40d8-a511-451b15b704b3 | ITER: 4 END: OK
2019-06-22 08:04:12.432 5294 INFO rally.task.runner [-] Task 9119aa6e-3900-40d8-a511-451b15b704b3 | ITER: 1 END: OK
2019-06-22 08:04:12.436 5294 INFO rally.task.runner [-] Task 9119aa6e-3900-40d8-a511-451b15b704b3 | ITER: 7 START
2019-06-22 08:04:12.437 5297 INFO rally.task.runner [-] Task 9119aa6e-3900-40d8-a511-451b15b704b3 | ITER: 8 START
2019-06-22 08:04:13.319 5295 INFO rally.task.runner [-] Task 9119aa6e-3900-40d8-a511-451b15b704b3 | ITER: 5 END: OK
2019-06-22 08:04:13.324 5295 INFO rally.task.runner [-] Task 9119aa6e-3900-40d8-a511-451b15b704b3 | ITER: 9 START
2019-06-22 08:04:13.446 5294 INFO rally.task.runner [-] Task 9119aa6e-3900-40d8-a511-451b15b704b3 | ITER: 7 END: OK
2019-06-22 08:04:13.451 5294 INFO rally.task.runner [-] Task 9119aa6e-3900-40d8-a511-451b15b704b3 | ITER: 10 START
2019-06-22 08:04:13.525 5297 INFO rally.task.runner [-] Task 9119aa6e-3900-40d8-a511-451b15b704b3 | ITER: 8 END: OK
2019-06-22 08:04:13.529 5296 INFO rally.task.runner [-] Task 9119aa6e-3900-40d8-a511-451b15b704b3 | ITER: 6 END: OK
2019-06-22 08:04:14.262 5295 INFO rally.task.runner [-] Task 9119aa6e-3900-40d8-a511-451b15b704b3 | ITER: 9 END: OK
2019-06-22 08:04:14.339 5294 INFO rally.task.runner [-] Task 9119aa6e-3900-40d8-a511-451b15b704b3 | ITER: 10 END: OK
2019-06-22 08:04:14.361 1842 INFO rally.task.context [-] Task 9119aa6e-3900-40d8-a511-451b15b704b3 | Context admin_cleanup@openstack cleanup() started
2019-06-22 08:04:14.364 1842 RALLYDEBUG rally_openstack.cleanup.manager [-] Cleaning up cinder volume_types objects
2019-06-22 08:04:15.078 1842 RALLYDEBUG rally_openstack.cleanup.manager [-] Cleaning up cinder image_volumes_cache objects
2019-06-22 08:04:16.117 1842 RALLYDEBUG rally_openstack.cleanup.manager [-] Cleaning up cinder quotas objects
2019-06-22 08:04:17.598 1842 RALLYDEBUG rally_openstack.cleanup.manager [-] Cleaning up cinder qos_specs objects
2019-06-22 08:04:18.305 1842 RALLYDEBUG rally_openstack.cleanup.manager [-] Deleting cinder.qos_specs object s_rally_480d802c_hkJlNZVE (e91a4f4d-e682-4e59-a0d8-2d852dee47b8)
2019-06-22 08:04:18.310 1842 RALLYDEBUG rally_openstack.cleanup.manager [-] Deleting cinder.qos_specs object s_rally_480d802c_zTo73DQn (a6d0f269-0069-4aa4-b7f6-948c9a9b416d)
2019-06-22 08:04:18.311 1842 RALLYDEBUG rally_openstack.cleanup.manager [-] Deleting cinder.qos_specs object s_rally_480d802c_0z2GkOh6 (0126f4bd-2f5e-4459-99cf-844cb3158550)
2019-06-22 08:04:18.320 1842 RALLYDEBUG rally_openstack.cleanup.manager [-] Deleting cinder.qos_specs object s_rally_480d802c_18XX2kRx (fd018f9c-a9f5-4971-a8e5-bd058e105e87)
2019-06-22 08:04:18.338 1842 RALLYDEBUG rally_openstack.cleanup.manager [-] Deleting cinder.qos_specs object s_rally_480d802c_x8qsZs43 (d784d9ca-3fe3-4f99-b186-e895b72eac82)
2019-06-22 08:04:18.344 1842 RALLYDEBUG rally_openstack.cleanup.manager [-] Deleting cinder.qos_specs object s_rally_480d802c_YAI062Dk (40f330b5-64dc-4691-9b68-c4a053aac7e7)
2019-06-22 08:04:18.363 1842 RALLYDEBUG rally_openstack.cleanup.manager [-] Deleting cinder.qos_specs object s_rally_480d802c_FohLId9H (f7ee6246-6d3e-4943-955a-25f6d853cc09)
2019-06-22 08:04:18.364 1842 RALLYDEBUG rally_openstack.cleanup.manager [-] Deleting cinder.qos_specs object s_rally_480d802c_dqxFwtem (46dbef8a-3cb8-4979-8000-0d013e086e11)
2019-06-22 08:04:18.371 1842 RALLYDEBUG rally_openstack.cleanup.manager [-] Deleting cinder.qos_specs object s_rally_480d802c_fcT4ylRU (f55be5aa-d6df-4b2c-9202-2c6a3839f62d)
2019-06-22 08:04:18.390 1842 RALLYDEBUG rally_openstack.cleanup.manager [-] Deleting cinder.qos_specs object s_rally_480d802c_rBdt7lgn (1358fc48-5179-44d4-937a-40575088f907)
2019-06-22 08:04:20.684 1842 INFO rally.task.context [-] Task 9119aa6e-3900-40d8-a511-451b15b704b3 | Context admin_cleanup@openstack cleanup() finished in 6.32 sec
2019-06-22 08:04:20.685 1842 INFO rally.task.context [-] Task 9119aa6e-3900-40d8-a511-451b15b704b3 | Context api_versions@openstack cleanup() started
2019-06-22 08:04:20.685 1842 INFO rally.task.context [-] Task 9119aa6e-3900-40d8-a511-451b15b704b3 | Context api_versions@openstack cleanup() finished in 0.36 msec
2019-06-22 08:04:20.686 1842 INFO rally.task.context [-] Task 9119aa6e-3900-40d8-a511-451b15b704b3 | Context users@openstack cleanup() started
2019-06-22 08:04:27.714 1842 INFO rally.task.context [-] Task 9119aa6e-3900-40d8-a511-451b15b704b3 | Context users@openstack cleanup() finished in 7.03 sec
2019-06-22 08:04:28.464 1842 INFO rally.task.engine [-] Load duration is: 3.005766
2019-06-22 08:04:28.464 1842 INFO rally.task.engine [-] Full runner duration is: 3.053072
2019-06-22 08:04:28.465 1842 INFO rally.task.engine [-] Full duration is: 21.414791
2019-06-22 08:04:28.729 1842 INFO rally.task.engine [-] Running workload: position = 0 config = { "version": 2, "title": "A cropped version of a bigger task.", "description": "Auto-generated task from a single workload (uuid=fe96924d-b38a-46fe-ba71-cc42ece2933b)", "subtasks": [ { "title": "CinderQos.create_and_set_qos", "description": "Create a qos, then Add/Update keys in qos specs.", "scenario": { "CinderQos.create_and_set_qos": { "consumer": "back-end", "write_iops_sec": "10", "read_iops_sec": "1000", "set_consumer": "both", "set_write_iops_sec": "11", "set_read_iops_sec": "1001" } }, "contexts": { "users": { "tenants": 3, "users_per_tenant": 2 }, "api_versions": { "cinder": { "version": 3, "service_type": "volumev3" } } }, "runner": { "constant": { "concurrency": 4, "times": 10 } }, "hooks": [], "sla": { "failure_rate": { "max": 0 } } } ] }
2019-06-22 08:04:28.752 1842 RALLYDEBUG rally_openstack.contexts.keystone.users [-] Creating 3 tenants using 20 threads
2019-06-22 08:04:30.651 1842 RALLYDEBUG rally_openstack.contexts.keystone.users [-] Creating 6 users using 20 threads
2019-06-22 08:04:33.354 1842 INFO rally.task.context [-] Task 9119aa6e-3900-40d8-a511-451b15b704b3 | Context users@openstack setup() finished in 4.60 sec
2019-06-22 08:04:33.771 1842 INFO rally.task.context [-] Task 9119aa6e-3900-40d8-a511-451b15b704b3 | Context api_versions@openstack setup() finished in 0.42 sec
2019-06-22 08:04:33.772 1842 INFO rally.task.context [-] Task 9119aa6e-3900-40d8-a511-451b15b704b3 | Context admin_cleanup@openstack setup() finished in 0.01 msec
2019-06-22 08:04:33.779 1842 RALLYDEBUG rally.task.runner [-] Starting the constant runner (task UUID: 9119aa6e-3900-40d8-a511-451b15b704b3). timeout: 0 concurrency: 4 concurrency_per_worker: 1 times: 10 concurrency_overhead: 0 processes_to_start: 4 max_cpu_used: 16
2019-06-22 08:04:33.792 5478 RALLYDEBUG rally.task.runner [-] Starting a worker. concurrency: 1 args: {"consumer": "back-end", "write_iops_sec": "10", "read_iops_sec": "1000", "set_consumer": "both", "set_write_iops_sec": "11", "set_read_iops_sec": "1001"} times: 10 method_name: run timeout: 0 duration: None cls:
2019-06-22 08:04:33.793 5479 RALLYDEBUG rally.task.runner [-] Starting a worker. concurrency: 1 args: {"consumer": "back-end", "write_iops_sec": "10", "read_iops_sec": "1000", "set_consumer": "both", "set_write_iops_sec": "11", "set_read_iops_sec": "1001"} times: 10 method_name: run timeout: 0 duration: None cls:
2019-06-22 08:04:33.797 5480 RALLYDEBUG rally.task.runner [-] Starting a worker. concurrency: 1 args: {"consumer": "back-end", "write_iops_sec": "10", "read_iops_sec": "1000", "set_consumer": "both", "set_write_iops_sec": "11", "set_read_iops_sec": "1001"} times: 10 method_name: run timeout: 0 duration: None cls:
2019-06-22 08:04:33.799 5479 INFO rally.task.runner [-] Task 9119aa6e-3900-40d8-a511-451b15b704b3 | ITER: 2 START
2019-06-22 08:04:33.800 5478 INFO rally.task.runner [-] Task 9119aa6e-3900-40d8-a511-451b15b704b3 | ITER: 1 START
2019-06-22 08:04:33.801 5481 RALLYDEBUG rally.task.runner [-] Starting a worker. concurrency: 1 args: {"consumer": "back-end", "write_iops_sec": "10", "read_iops_sec": "1000", "set_consumer": "both", "set_write_iops_sec": "11", "set_read_iops_sec": "1001"} times: 10 method_name: run timeout: 0 duration: None cls:
2019-06-22 08:04:33.804 5480 INFO rally.task.runner [-] Task 9119aa6e-3900-40d8-a511-451b15b704b3 | ITER: 3 START
2019-06-22 08:04:33.809 5481 INFO rally.task.runner [-] Task 9119aa6e-3900-40d8-a511-451b15b704b3 | ITER: 4 START
2019-06-22 08:04:34.868 5478 INFO rally.task.runner [-] Task 9119aa6e-3900-40d8-a511-451b15b704b3 | ITER: 1 END: OK
2019-06-22 08:04:34.874 5478 INFO rally.task.runner [-] Task 9119aa6e-3900-40d8-a511-451b15b704b3 | ITER: 5 START
2019-06-22 08:04:34.880 5479 INFO rally.task.runner [-] Task 9119aa6e-3900-40d8-a511-451b15b704b3 | ITER: 2 END: OK
2019-06-22 08:04:34.885 5480 INFO rally.task.runner [-] Task 9119aa6e-3900-40d8-a511-451b15b704b3 | ITER: 3 END: OK
2019-06-22 08:04:34.885 5479 INFO rally.task.runner [-] Task 9119aa6e-3900-40d8-a511-451b15b704b3 | ITER: 6 START
2019-06-22 08:04:34.891 5480 INFO rally.task.runner [-] Task 9119aa6e-3900-40d8-a511-451b15b704b3 | ITER: 7 START
2019-06-22 08:04:34.897 5481 INFO rally.task.runner [-] Task 9119aa6e-3900-40d8-a511-451b15b704b3 | ITER: 4 END: OK
2019-06-22 08:04:34.902 5481 INFO rally.task.runner [-] Task 9119aa6e-3900-40d8-a511-451b15b704b3 | ITER: 8 START
2019-06-22 08:04:35.854 5478 INFO rally.task.runner [-] Task 9119aa6e-3900-40d8-a511-451b15b704b3 | ITER: 5 END: OK
2019-06-22 08:04:35.859 5478 INFO rally.task.runner [-] Task 9119aa6e-3900-40d8-a511-451b15b704b3 | ITER: 9 START
2019-06-22 08:04:35.873 5479 INFO rally.task.runner [-] Task 9119aa6e-3900-40d8-a511-451b15b704b3 | ITER: 6 END: OK
2019-06-22 08:04:35.878 5479 INFO rally.task.runner [-] Task 9119aa6e-3900-40d8-a511-451b15b704b3 | ITER: 10 START
2019-06-22 08:04:35.891 5481 INFO rally.task.runner [-] Task 9119aa6e-3900-40d8-a511-451b15b704b3 | ITER: 8 END: OK
2019-06-22 08:04:35.903 5480 INFO rally.task.runner [-] Task 9119aa6e-3900-40d8-a511-451b15b704b3 | ITER: 7 END: OK
2019-06-22 08:04:36.749 5478 INFO rally.task.runner [-] Task 9119aa6e-3900-40d8-a511-451b15b704b3 | ITER: 9 END: OK
2019-06-22 08:04:36.760 5479 INFO rally.task.runner [-] Task 9119aa6e-3900-40d8-a511-451b15b704b3 | ITER: 10 END: OK
2019-06-22 08:04:36.782 1842 INFO rally.task.context [-] Task 9119aa6e-3900-40d8-a511-451b15b704b3 | Context admin_cleanup@openstack cleanup() started
2019-06-22 08:04:36.785 1842 RALLYDEBUG rally_openstack.cleanup.manager [-] Cleaning up cinder volume_types objects
2019-06-22 08:04:37.446 1842 RALLYDEBUG rally_openstack.cleanup.manager [-] Cleaning up cinder image_volumes_cache objects
2019-06-22 08:04:38.797 1842 RALLYDEBUG rally_openstack.cleanup.manager [-] Cleaning up cinder quotas objects
2019-06-22 08:04:40.367 1842 RALLYDEBUG rally_openstack.cleanup.manager [-] Cleaning up cinder qos_specs objects
2019-06-22 08:04:41.104 1842 RALLYDEBUG rally_openstack.cleanup.manager [-] Deleting cinder.qos_specs object s_rally_fe96924d_uCIXN05u (acb98d30-c1c2-4f6b-b0d6-bdd3307f135f)
2019-06-22 08:04:41.109 1842 RALLYDEBUG rally_openstack.cleanup.manager [-] Deleting cinder.qos_specs object s_rally_fe96924d_dFRIvyF1 (ac195ec3-8153-49e2-8463-e2d2ff7ab8b4)
2019-06-22 08:04:41.120 1842 RALLYDEBUG rally_openstack.cleanup.manager [-] Deleting cinder.qos_specs object s_rally_fe96924d_YUInOioH (9b3ab6a6-198c-4a35-857c-e7311364e3d9)
2019-06-22 08:04:41.129 1842 RALLYDEBUG rally_openstack.cleanup.manager [-] Deleting cinder.qos_specs object s_rally_fe96924d_hVYv0dVQ (6ea395a6-e132-41cb-b7df-a9e076a09c73)
2019-06-22 08:04:41.138 1842 RALLYDEBUG rally_openstack.cleanup.manager [-] Deleting cinder.qos_specs object s_rally_fe96924d_KyRoYVYQ (191686b7-205f-4a79-800f-d0f7cf7f183d)
2019-06-22 08:04:41.147 1842 RALLYDEBUG rally_openstack.cleanup.manager [-] Deleting cinder.qos_specs object s_rally_fe96924d_Y98ngINO (03f8a3b1-2af1-4988-929f-e8dd77a7f42b)
2019-06-22 08:04:41.161 1842 RALLYDEBUG rally_openstack.cleanup.manager [-] Deleting cinder.qos_specs object s_rally_fe96924d_MKXSJTrW (fa4c6b46-6003-45bd-9576-b5fae70cc2bb)
2019-06-22 08:04:41.180 1842 RALLYDEBUG rally_openstack.cleanup.manager [-] Deleting cinder.qos_specs object s_rally_fe96924d_0AJuRahg (60e1f144-d019-448b-bcbc-02c8f91c5a9e)
2019-06-22 08:04:41.193 1842 RALLYDEBUG rally_openstack.cleanup.manager [-] Deleting cinder.qos_specs object s_rally_fe96924d_sRuv9251 (1f4e08d5-8cb6-4eaf-82e6-9c6d7e90dd7d)
2019-06-22 08:04:41.200 1842 RALLYDEBUG rally_openstack.cleanup.manager [-] Deleting cinder.qos_specs object s_rally_fe96924d_uYFcSvsO (111f1f25-b9ee-4816-94e2-b57b3ebee5ce)
2019-06-22 08:04:43.506 1842 INFO rally.task.context [-] Task 9119aa6e-3900-40d8-a511-451b15b704b3 | Context admin_cleanup@openstack cleanup() finished in 6.72 sec
2019-06-22 08:04:43.506 1842 INFO rally.task.context [-] Task 9119aa6e-3900-40d8-a511-451b15b704b3 | Context api_versions@openstack cleanup() started
2019-06-22 08:04:43.506 1842 INFO rally.task.context [-] Task 9119aa6e-3900-40d8-a511-451b15b704b3 | Context api_versions@openstack cleanup() finished in 0.31 msec
2019-06-22 08:04:43.507 1842 INFO rally.task.context [-] Task 9119aa6e-3900-40d8-a511-451b15b704b3 | Context users@openstack cleanup() started
2019-06-22 08:04:50.477 1842 INFO rally.task.context [-] Task 9119aa6e-3900-40d8-a511-451b15b704b3 | Context users@openstack cleanup() finished in 6.97 sec
2019-06-22 08:04:50.860 1842 INFO rally.task.engine [-] Load duration is: 2.957703
2019-06-22 08:04:50.860 1842 INFO rally.task.engine [-] Full runner duration is: 3.004154
2019-06-22 08:04:50.861 1842 INFO rally.task.engine [-] Full duration is: 21.73085
2019-06-22 08:04:51.118 1842 INFO rally.task.engine [-] Running workload: position = 0 config = { "version": 2, "title": "A cropped version of a bigger task.", "description": "Auto-generated task from a single workload (uuid=936e739f-b7b3-42e1-9257-ee62fca8c773)", "subtasks": [ { "title": "CinderVolumeTypes.create_and_get_volume_type", "description": "Create a volume Type, then get the details of the type.", "scenario": { "CinderVolumeTypes.create_and_get_volume_type": { "description": "rally tests creating types" } }, "contexts": { "users": { "tenants": 3, "users_per_tenant": 2 }, "api_versions": { "cinder": { "version": 3, "service_type": "volumev3" } } }, "runner": { "constant": { "concurrency": 4, "times": 10 } }, "hooks": [], "sla": { "failure_rate": { "max": 0 } } } ] }
2019-06-22 08:04:51.143 1842 RALLYDEBUG rally_openstack.contexts.keystone.users [-] Creating 3 tenants using 20 threads
2019-06-22 08:04:52.942 1842 RALLYDEBUG rally_openstack.contexts.keystone.users [-] Creating 6 users using 20 threads
2019-06-22 08:04:55.635 1842 INFO rally.task.context [-] Task 9119aa6e-3900-40d8-a511-451b15b704b3 | Context users@openstack setup() finished in 4.49 sec
2019-06-22 08:04:56.062 1842 INFO rally.task.context [-] Task 9119aa6e-3900-40d8-a511-451b15b704b3 | Context api_versions@openstack setup() finished in 0.43 sec
2019-06-22 08:04:56.062 1842 INFO rally.task.context [-] Task 9119aa6e-3900-40d8-a511-451b15b704b3 | Context admin_cleanup@openstack setup() finished in 0.00 msec
2019-06-22 08:04:56.069 1842 RALLYDEBUG rally.task.runner [-] Starting the constant runner (task UUID: 9119aa6e-3900-40d8-a511-451b15b704b3). timeout: 0 concurrency: 4 concurrency_per_worker: 1 times: 10 concurrency_overhead: 0 processes_to_start: 4 max_cpu_used: 16
2019-06-22 08:04:56.082 5662 RALLYDEBUG rally.task.runner [-] Starting a worker. concurrency: 1 args: {"description": "rally tests creating types"} times: 10 method_name: run timeout: 0 duration: None cls:
2019-06-22 08:04:56.085 5663 RALLYDEBUG rally.task.runner [-] Starting a worker. concurrency: 1 args: {"description": "rally tests creating types"} times: 10 method_name: run timeout: 0 duration: None cls:
2019-06-22 08:04:56.088 5664 RALLYDEBUG rally.task.runner [-] Starting a worker. concurrency: 1 args: {"description": "rally tests creating types"} times: 10 method_name: run timeout: 0 duration: None cls:
2019-06-22 08:04:56.090 5662 INFO rally.task.runner [-] Task 9119aa6e-3900-40d8-a511-451b15b704b3 | ITER: 1 START
2019-06-22 08:04:56.091 5665 RALLYDEBUG rally.task.runner [-] Starting a worker. concurrency: 1 args: {"description": "rally tests creating types"} times: 10 method_name: run timeout: 0 duration: None cls:
2019-06-22 08:04:56.093 5663 INFO rally.task.runner [-] Task 9119aa6e-3900-40d8-a511-451b15b704b3 | ITER: 2 START
2019-06-22 08:04:56.095 5664 INFO rally.task.runner [-] Task 9119aa6e-3900-40d8-a511-451b15b704b3 | ITER: 3 START
2019-06-22 08:04:56.098 5665 INFO rally.task.runner [-] Task 9119aa6e-3900-40d8-a511-451b15b704b3 | ITER: 4 START
2019-06-22 08:04:56.888 5662 INFO rally.task.runner [-] Task 9119aa6e-3900-40d8-a511-451b15b704b3 | ITER: 1 END: OK
2019-06-22 08:04:56.893 5662 INFO rally.task.runner [-] Task 9119aa6e-3900-40d8-a511-451b15b704b3 | ITER: 5 START
2019-06-22 08:04:57.189 5665 INFO rally.task.runner [-] Task 9119aa6e-3900-40d8-a511-451b15b704b3 | ITER: 4 END: OK
2019-06-22 08:04:57.191 5664 INFO rally.task.runner [-] Task 9119aa6e-3900-40d8-a511-451b15b704b3 | ITER: 3 END: OK
2019-06-22 08:04:57.194 5665 INFO rally.task.runner [-] Task 9119aa6e-3900-40d8-a511-451b15b704b3 | ITER: 6 START
2019-06-22 08:04:57.196 5664 INFO rally.task.runner [-] Task 9119aa6e-3900-40d8-a511-451b15b704b3 | ITER: 7 START
2019-06-22 08:04:57.212 5663 INFO rally.task.runner [-] Task 9119aa6e-3900-40d8-a511-451b15b704b3 | ITER: 2 END: OK
2019-06-22 08:04:57.216 5663 INFO rally.task.runner [-] Task 9119aa6e-3900-40d8-a511-451b15b704b3 | ITER: 8 START
2019-06-22 08:04:57.879 5662 INFO rally.task.runner [-] Task 9119aa6e-3900-40d8-a511-451b15b704b3 | ITER: 5 END: OK
2019-06-22 08:04:57.884 5662 INFO rally.task.runner [-] Task 9119aa6e-3900-40d8-a511-451b15b704b3 | ITER: 9 START
2019-06-22 08:04:58.089 5663 INFO rally.task.runner [-] Task 9119aa6e-3900-40d8-a511-451b15b704b3 | ITER: 8 END: OK
2019-06-22 08:04:58.093 5663 INFO rally.task.runner [-] Task 9119aa6e-3900-40d8-a511-451b15b704b3 | ITER: 10 START
2019-06-22 08:04:58.133 5665 INFO rally.task.runner [-] Task 9119aa6e-3900-40d8-a511-451b15b704b3 | ITER: 6 END: OK
2019-06-22 08:04:58.137 5664 INFO rally.task.runner [-] Task 9119aa6e-3900-40d8-a511-451b15b704b3 | ITER: 7 END: OK
2019-06-22 08:04:58.757 5662 INFO rally.task.runner [-] Task 9119aa6e-3900-40d8-a511-451b15b704b3 | ITER: 9 END: OK
2019-06-22 08:04:58.975 5663 INFO rally.task.runner [-] Task 9119aa6e-3900-40d8-a511-451b15b704b3 | ITER: 10 END: OK
2019-06-22 08:04:58.997 1842 INFO rally.task.context [-] Task 9119aa6e-3900-40d8-a511-451b15b704b3 | Context admin_cleanup@openstack cleanup() started
2019-06-22 08:04:58.999 1842 RALLYDEBUG rally_openstack.cleanup.manager [-] Cleaning up cinder volume_types objects
2019-06-22 08:04:59.668 1842 RALLYDEBUG rally_openstack.cleanup.manager [-] Deleting cinder.volume_types object s_rally_936e739f_DasKAxuu (559992f2-9fde-4e59-b1a4-4c79c36d8103)
2019-06-22 08:04:59.669 1842 RALLYDEBUG rally_openstack.cleanup.manager [-] Deleting cinder.volume_types object s_rally_936e739f_u64OOUC7 (393ae8d9-f9da-4521-bae7-be7425ff5f1c)
2019-06-22 08:04:59.670 1842 RALLYDEBUG rally_openstack.cleanup.manager [-] Deleting cinder.volume_types object s_rally_936e739f_5vV3dgap (eb96727e-c644-444b-8145-7832d2cb9f20)
2019-06-22 08:04:59.671 1842 RALLYDEBUG rally_openstack.cleanup.manager [-] Deleting cinder.volume_types object s_rally_936e739f_6WRWVN0o (70d5123c-aeb1-4bee-bce6-ecc9e905499d)
2019-06-22 08:04:59.684 1842 RALLYDEBUG rally_openstack.cleanup.manager [-] Deleting cinder.volume_types object s_rally_936e739f_C9izUBoP (4efa81b7-3ede-4654-98e0-b8dfefe47f9d)
2019-06-22 08:04:59.686 1842 RALLYDEBUG rally_openstack.cleanup.manager [-] Deleting cinder.volume_types object s_rally_936e739f_9g8NvOzW (7ad76a87-2a8b-4ac9-81cd-9159fcb5a04a)
2019-06-22 08:04:59.692 1842 RALLYDEBUG rally_openstack.cleanup.manager [-] Deleting cinder.volume_types object s_rally_936e739f_ofvR8dJr (3f37927a-e6bc-40dc-864c-a65498fe05c6)
2019-06-22 08:04:59.694 1842 RALLYDEBUG rally_openstack.cleanup.manager [-] Deleting cinder.volume_types object s_rally_936e739f_CMag4JDc (93784b79-83ad-49ae-bf6e-90e1891f36b7)
2019-06-22 08:04:59.699 1842 RALLYDEBUG rally_openstack.cleanup.manager [-] Deleting cinder.volume_types object s_rally_936e739f_XQcP4y5d (21bd5864-0825-4a07-882d-fe4d2ebbdde6)
2019-06-22 08:04:59.710 1842 RALLYDEBUG rally_openstack.cleanup.manager [-] Deleting cinder.volume_types object s_rally_936e739f_zRGXpKxf (c302f157-5677-4a7e-ae90-a56c713bf6dc)
2019-06-22 08:05:02.030 1842 RALLYDEBUG rally_openstack.cleanup.manager [-] Cleaning up cinder image_volumes_cache objects
2019-06-22 08:05:03.546 1842 RALLYDEBUG rally_openstack.cleanup.manager [-] Cleaning up cinder quotas objects
2019-06-22 08:05:05.162 1842 RALLYDEBUG rally_openstack.cleanup.manager [-] Cleaning up cinder qos_specs objects
2019-06-22 08:05:05.786 1842 INFO rally.task.context [-] Task 9119aa6e-3900-40d8-a511-451b15b704b3 | Context admin_cleanup@openstack cleanup() finished in 6.79 sec
2019-06-22 08:05:05.787 1842 INFO rally.task.context [-] Task 9119aa6e-3900-40d8-a511-451b15b704b3 | Context api_versions@openstack cleanup() started
2019-06-22 08:05:05.787 1842 INFO rally.task.context [-] Task 9119aa6e-3900-40d8-a511-451b15b704b3 | Context api_versions@openstack cleanup() finished in 0.35 msec
2019-06-22 08:05:05.787 1842 INFO rally.task.context [-] Task 9119aa6e-3900-40d8-a511-451b15b704b3 | Context users@openstack cleanup() started
2019-06-22 08:05:12.732 1842 INFO rally.task.context [-] Task 9119aa6e-3900-40d8-a511-451b15b704b3 | Context users@openstack cleanup() finished in 6.94 sec
2019-06-22 08:05:13.245 1842 INFO rally.task.engine [-] Load duration is: 2.879962
2019-06-22 08:05:13.246 1842 INFO rally.task.engine [-] Full runner duration is: 2.927507
2019-06-22 08:05:13.246 1842 INFO rally.task.engine [-] Full duration is: 21.593031
2019-06-22 08:05:13.477 1842 INFO rally.task.engine [-] Running workload: position = 0 config = { "version": 2, "title": "A cropped version of a bigger task.", "description": "Auto-generated task from a single workload (uuid=a45d9c47-b024-4f09-882d-3a9ce6dfcb49)", "subtasks": [ { "title": "CinderVolumeTypes.create_and_list_volume_types", "description": "Create a volume Type, then list all types.", "scenario": { "CinderVolumeTypes.create_and_list_volume_types": { "description": "rally tests creating types" } }, "contexts": { "users": { "tenants": 3, "users_per_tenant": 2 }, "api_versions": { "cinder": { "version": 3, "service_type": "volumev3" } } }, "runner": { "constant": { "concurrency": 4, "times": 10 } }, "hooks": [], "sla": { "failure_rate": { "max": 0 } } } ] }
2019-06-22 08:05:13.499 1842 RALLYDEBUG rally_openstack.contexts.keystone.users [-] Creating 3 tenants using 20 threads
2019-06-22 08:05:15.292 1842 RALLYDEBUG rally_openstack.contexts.keystone.users [-] Creating 6 users using 20 threads
2019-06-22 08:05:18.000 1842 INFO rally.task.context [-] Task 9119aa6e-3900-40d8-a511-451b15b704b3 | Context users@openstack setup() finished in 4.50 sec
2019-06-22 08:05:18.437 1842 INFO rally.task.context [-] Task 9119aa6e-3900-40d8-a511-451b15b704b3 | Context api_versions@openstack setup() finished in 0.44 sec
2019-06-22 08:05:18.438 1842 INFO rally.task.context [-] Task 9119aa6e-3900-40d8-a511-451b15b704b3 | Context admin_cleanup@openstack setup() finished in 0.00 msec
2019-06-22 08:05:18.445 1842 RALLYDEBUG rally.task.runner [-] Starting the constant runner (task UUID: 9119aa6e-3900-40d8-a511-451b15b704b3). timeout: 0 concurrency: 4 concurrency_per_worker: 1 times: 10 concurrency_overhead: 0 processes_to_start: 4 max_cpu_used: 16
2019-06-22 08:05:18.457 5846 RALLYDEBUG rally.task.runner [-] Starting a worker. concurrency: 1 args: {"description": "rally tests creating types"} times: 10 method_name: run timeout: 0 duration: None cls:
2019-06-22 08:05:18.460 5847 RALLYDEBUG rally.task.runner [-] Starting a worker. concurrency: 1 args: {"description": "rally tests creating types"} times: 10 method_name: run timeout: 0 duration: None cls:
2019-06-22 08:05:18.462 5848 RALLYDEBUG rally.task.runner [-] Starting a worker. concurrency: 1 args: {"description": "rally tests creating types"} times: 10 method_name: run timeout: 0 duration: None cls:
2019-06-22 08:05:18.464 5846 INFO rally.task.runner [-] Task 9119aa6e-3900-40d8-a511-451b15b704b3 | ITER: 1 START
2019-06-22 08:05:18.467 5848 INFO rally.task.runner [-] Task 9119aa6e-3900-40d8-a511-451b15b704b3 | ITER: 3 START
2019-06-22 08:05:18.466 5849 RALLYDEBUG rally.task.runner [-] Starting a worker. concurrency: 1 args: {"description": "rally tests creating types"} times: 10 method_name: run timeout: 0 duration: None cls:
2019-06-22 08:05:18.467 5847 INFO rally.task.runner [-] Task 9119aa6e-3900-40d8-a511-451b15b704b3 | ITER: 2 START
2019-06-22 08:05:18.474 5849 INFO rally.task.runner [-] Task 9119aa6e-3900-40d8-a511-451b15b704b3 | ITER: 4 START
2019-06-22 08:05:19.551 5849 INFO rally.task.runner [-] Task 9119aa6e-3900-40d8-a511-451b15b704b3 | ITER: 4 END: OK
2019-06-22 08:05:19.556 5849 INFO rally.task.runner [-] Task 9119aa6e-3900-40d8-a511-451b15b704b3 | ITER: 5 START
2019-06-22 08:05:19.574 5847 INFO rally.task.runner [-] Task 9119aa6e-3900-40d8-a511-451b15b704b3 | ITER: 2 END: OK
2019-06-22 08:05:19.579 5847 INFO rally.task.runner [-] Task 9119aa6e-3900-40d8-a511-451b15b704b3 | ITER: 6 START
2019-06-22 08:05:19.580 5848 INFO rally.task.runner [-] Task 9119aa6e-3900-40d8-a511-451b15b704b3 | ITER: 3 END: OK
2019-06-22 08:05:19.585 5848 INFO rally.task.runner [-] Task 9119aa6e-3900-40d8-a511-451b15b704b3 | ITER: 7 START
2019-06-22 08:05:19.717 5846 INFO rally.task.runner [-] Task 9119aa6e-3900-40d8-a511-451b15b704b3 | ITER: 1 END: OK
2019-06-22 08:05:19.722 5846 INFO rally.task.runner [-] Task 9119aa6e-3900-40d8-a511-451b15b704b3 | ITER: 8 START
2019-06-22 08:05:20.468 5847 INFO rally.task.runner [-] Task 9119aa6e-3900-40d8-a511-451b15b704b3 | ITER: 6 END: OK
2019-06-22 08:05:20.473 5847 INFO rally.task.runner [-] Task 9119aa6e-3900-40d8-a511-451b15b704b3 | ITER: 9 START
2019-06-22 08:05:20.592 5848 INFO rally.task.runner [-] Task 9119aa6e-3900-40d8-a511-451b15b704b3 | ITER: 7 END: OK
2019-06-22 08:05:20.597 5848 INFO rally.task.runner [-] Task 9119aa6e-3900-40d8-a511-451b15b704b3 | ITER: 10 START
2019-06-22 08:05:20.608 5849 INFO rally.task.runner [-] Task 9119aa6e-3900-40d8-a511-451b15b704b3 | ITER: 5 END: OK
2019-06-22 08:05:20.646 5846 INFO rally.task.runner [-] Task 9119aa6e-3900-40d8-a511-451b15b704b3 | ITER: 8 END: OK
2019-06-22 08:05:21.497 5848 INFO rally.task.runner [-] Task 9119aa6e-3900-40d8-a511-451b15b704b3 | ITER: 10 END: OK
2019-06-22 08:05:21.526 5847 INFO rally.task.runner [-] Task 9119aa6e-3900-40d8-a511-451b15b704b3 | ITER: 9 END: OK
2019-06-22 08:05:21.557 1842 INFO rally.task.context [-] Task 9119aa6e-3900-40d8-a511-451b15b704b3 | Context admin_cleanup@openstack cleanup() started
2019-06-22 08:05:21.559 1842 RALLYDEBUG rally_openstack.cleanup.manager [-] Cleaning up cinder volume_types objects
2019-06-22 08:05:22.210 1842 RALLYDEBUG rally_openstack.cleanup.manager [-] Deleting cinder.volume_types object s_rally_a45d9c47_b7MfIEc7 (5e96559a-3192-491b-83fa-c9bde8fd6a9e)
2019-06-22 08:05:22.213 1842 RALLYDEBUG rally_openstack.cleanup.manager [-] Deleting cinder.volume_types object s_rally_a45d9c47_rtAgamrp (beef73bd-f845-40f3-92f9-0a232e004afd)
2019-06-22 08:05:22.218 1842 RALLYDEBUG rally_openstack.cleanup.manager [-] Deleting cinder.volume_types object s_rally_a45d9c47_u4KyxVpH (a3fde47e-2972-4967-beca-fe07d423cf67)
2019-06-22 08:05:22.218 1842 RALLYDEBUG rally_openstack.cleanup.manager [-] Deleting cinder.volume_types object s_rally_a45d9c47_u8YJ4vsU (f2e61010-913e-43f1-bc28-2ed5fa3d38bc)
2019-06-22 08:05:22.220 1842 RALLYDEBUG rally_openstack.cleanup.manager [-] Deleting cinder.volume_types object s_rally_a45d9c47_dpy7DxQc (9457c6b8-2714-4db6-95e3-888c262cc790)
2019-06-22 08:05:22.226 1842 RALLYDEBUG rally_openstack.cleanup.manager [-] Deleting cinder.volume_types object s_rally_a45d9c47_cCxwsn5z (705afc26-4f45-46e3-9311-a3acfc334180)
2019-06-22 08:05:22.227 1842 RALLYDEBUG rally_openstack.cleanup.manager [-] Deleting cinder.volume_types object s_rally_a45d9c47_YzGIBtp7 (5178d852-6af8-49f8-83ad-ceeb95663348)
2019-06-22 08:05:22.232 1842 RALLYDEBUG rally_openstack.cleanup.manager [-] Deleting cinder.volume_types object s_rally_a45d9c47_QAULDJ5i (4cb713c5-0041-4cb1-8d38-f5aa3947b4cf)
2019-06-22 08:05:22.232 1842 RALLYDEBUG rally_openstack.cleanup.manager [-] Deleting cinder.volume_types object s_rally_a45d9c47_DmmPGf7i (d4964639-67b9-4910-bc35-96015057c71d)
2019-06-22 08:05:22.239 1842 RALLYDEBUG rally_openstack.cleanup.manager [-] Deleting cinder.volume_types object s_rally_a45d9c47_Te9P1TcU (0ce443a8-e6a9-4e15-a698-461a6ecb3460)
2019-06-22 08:05:24.566 1842 RALLYDEBUG rally_openstack.cleanup.manager [-] Cleaning up cinder image_volumes_cache objects
2019-06-22 08:05:25.585 1842 RALLYDEBUG rally_openstack.cleanup.manager [-] Cleaning up cinder quotas objects
2019-06-22 08:05:27.222 1842 RALLYDEBUG rally_openstack.cleanup.manager [-] Cleaning up cinder qos_specs objects
2019-06-22 08:05:27.940 1842 INFO rally.task.context [-] Task 9119aa6e-3900-40d8-a511-451b15b704b3 | Context admin_cleanup@openstack cleanup() finished in 6.38 sec
2019-06-22 08:05:27.940 1842 INFO rally.task.context [-] Task 9119aa6e-3900-40d8-a511-451b15b704b3 | Context api_versions@openstack cleanup() started
2019-06-22 08:05:27.940 1842 INFO rally.task.context [-] Task 9119aa6e-3900-40d8-a511-451b15b704b3 | Context api_versions@openstack cleanup() finished in 0.30 msec
2019-06-22 08:05:27.941 1842 INFO rally.task.context [-] Task 9119aa6e-3900-40d8-a511-451b15b704b3 | Context users@openstack cleanup() started
2019-06-22 08:05:34.741 1842 INFO rally.task.context [-] Task 9119aa6e-3900-40d8-a511-451b15b704b3 | Context users@openstack cleanup() finished in 6.80 sec
2019-06-22 08:05:35.601 1842 INFO rally.task.engine [-] Load duration is: 3.057728
2019-06-22 08:05:35.602 1842 INFO rally.task.engine [-] Full runner duration is: 3.112145
2019-06-22 08:05:35.602 1842 INFO rally.task.engine [-] Full duration is: 21.244436
2019-06-22 08:05:35.849 1842 INFO rally.task.engine [-] Running workload: position = 0 config = { "version": 2, "title": "A cropped version of a bigger task.", "description": "Auto-generated task from a single workload (uuid=898ba257-89e8-4ba7-9552-5d730c463b1b)", "subtasks": [ { "title": "CinderVolumeTypes.create_and_update_volume_type", "description": "create a volume type, then update the type.", "scenario": { "CinderVolumeTypes.create_and_update_volume_type": { "description": "test", "update_description": "test update" } }, "contexts": { "users": { "tenants": 3, "users_per_tenant": 2 }, "api_versions": { "cinder": { "version": 3, "service_type": "volumev3" } } }, "runner": { "constant": { "concurrency": 4, "times": 10 } }, "hooks": [], "sla": { "failure_rate": { "max": 0 } } } ] }
2019-06-22 08:05:35.873 1842 RALLYDEBUG rally_openstack.contexts.keystone.users [-] Creating 3 tenants using 20 threads
2019-06-22 08:05:37.696 1842 RALLYDEBUG rally_openstack.contexts.keystone.users [-] Creating 6 users using 20 threads
2019-06-22 08:05:40.481 1842 INFO rally.task.context [-] Task 9119aa6e-3900-40d8-a511-451b15b704b3 | Context users@openstack setup() finished in 4.61 sec
2019-06-22 08:05:40.905 1842 INFO rally.task.context [-] Task 9119aa6e-3900-40d8-a511-451b15b704b3 | Context api_versions@openstack setup() finished in 0.42 sec
2019-06-22 08:05:40.906 1842 INFO rally.task.context [-] Task 9119aa6e-3900-40d8-a511-451b15b704b3 | Context admin_cleanup@openstack setup() finished in 0.01 msec
2019-06-22 08:05:40.913 1842 RALLYDEBUG rally.task.runner [-] Starting the constant runner (task UUID: 9119aa6e-3900-40d8-a511-451b15b704b3). timeout: 0 concurrency: 4 concurrency_per_worker: 1 times: 10 concurrency_overhead: 0 processes_to_start: 4 max_cpu_used: 16
2019-06-22 08:05:40.926 6030 RALLYDEBUG rally.task.runner [-] Starting a worker. concurrency: 1 args: {"description": "test", "update_description": "test update"} times: 10 method_name: run timeout: 0 duration: None cls:
2019-06-22 08:05:40.929 6031 RALLYDEBUG rally.task.runner [-] Starting a worker. concurrency: 1 args: {"description": "test", "update_description": "test update"} times: 10 method_name: run timeout: 0 duration: None cls:
2019-06-22 08:05:40.931 6032 RALLYDEBUG rally.task.runner [-] Starting a worker. concurrency: 1 args: {"description": "test", "update_description": "test update"} times: 10 method_name: run timeout: 0 duration: None cls:
2019-06-22 08:05:40.932 6033 RALLYDEBUG rally.task.runner [-] Starting a worker. concurrency: 1 args: {"description": "test", "update_description": "test update"} times: 10 method_name: run timeout: 0 duration: None cls:
2019-06-22 08:05:40.934 6030 INFO rally.task.runner [-] Task 9119aa6e-3900-40d8-a511-451b15b704b3 | ITER: 1 START
2019-06-22 08:05:40.936 6031 INFO rally.task.runner [-] Task 9119aa6e-3900-40d8-a511-451b15b704b3 | ITER: 2 START
2019-06-22 08:05:40.937 6033 INFO rally.task.runner [-] Task 9119aa6e-3900-40d8-a511-451b15b704b3 | ITER: 4 START
2019-06-22 08:05:40.937 6032 INFO rally.task.runner [-] Task 9119aa6e-3900-40d8-a511-451b15b704b3 | ITER: 3 START
2019-06-22 08:05:41.373 6030 DEBUG cinderclient.v2.client [-] REQ: curl -g -i -X POST http://172.30.9.31:8776/v3/207195c762814b20b9d28dff73923c0b/types -H "Accept: application/json" -H "Content-Type: application/json" -H "User-Agent: python-cinderclient" -H "X-Auth-Token: {SHA1}ddf933feabdcd1fdaa61c98d17f90f511d48cd2f" -d '{"volume_type": {"os-volume-type-access:is_public": true, "name": "s_rally_898ba257_7srYUfBM", "description": "test"}}' _http_log_request /usr/lib/python2.7/site-packages/keystoneauth1/session.py:448
2019-06-22 08:05:41.378 6031 DEBUG cinderclient.v2.client [-] REQ: curl -g -i -X POST http://172.30.9.31:8776/v3/207195c762814b20b9d28dff73923c0b/types -H "Accept: application/json" -H "Content-Type: application/json" -H "User-Agent: python-cinderclient" -H "X-Auth-Token: {SHA1}95ba01a0fc001bd14b4dd3b5ed059bb2a21f15b5" -d '{"volume_type": {"os-volume-type-access:is_public": true, "name": "s_rally_898ba257_9iUUIDP6", "description": "test"}}' _http_log_request /usr/lib/python2.7/site-packages/keystoneauth1/session.py:448
2019-06-22 08:05:41.380 6032 DEBUG cinderclient.v2.client [-] REQ: curl -g -i -X POST http://172.30.9.31:8776/v3/207195c762814b20b9d28dff73923c0b/types -H "Accept: application/json" -H "Content-Type: application/json" -H "User-Agent: python-cinderclient" -H "X-Auth-Token: {SHA1}3a695c20b295d6237fcee4dca4cf12ec98f79108" -d '{"volume_type": {"os-volume-type-access:is_public": true, "name": "s_rally_898ba257_Px5eRWmW", "description": "test"}}' _http_log_request /usr/lib/python2.7/site-packages/keystoneauth1/session.py:448
2019-06-22 08:05:41.466 6033 DEBUG cinderclient.v2.client [-] REQ: curl -g -i -X POST http://172.30.9.31:8776/v3/207195c762814b20b9d28dff73923c0b/types -H "Accept: application/json" -H "Content-Type: application/json" -H "User-Agent: python-cinderclient" -H "X-Auth-Token: {SHA1}f1cde525003987736875167af40c078113fbd918" -d '{"volume_type": {"os-volume-type-access:is_public": true, "name": "s_rally_898ba257_mo0qqOjC", "description": "test"}}' _http_log_request /usr/lib/python2.7/site-packages/keystoneauth1/session.py:448
2019-06-22 08:05:41.681 6031 DEBUG cinderclient.v2.client [-] RESP: [200] Content-Encoding: gzip Content-Length: 169 Content-Type: application/json Date: Sat, 22 Jun 2019 08:05:41 GMT OpenStack-API-Version: volume 3.0 Server: Apache Vary: OpenStack-API-Version,Accept-Encoding x-compute-request-id: req-9031de7a-9915-4649-8f31-b4cd9714d786 x-openstack-request-id: req-9031de7a-9915-4649-8f31-b4cd9714d786 _http_log_response /usr/lib/python2.7/site-packages/keystoneauth1/session.py:479
2019-06-22 08:05:41.681 6031 DEBUG cinderclient.v2.client [-] RESP BODY: {"volume_type": {"name": "s_rally_898ba257_9iUUIDP6", "extra_specs": {}, "os-volume-type-access:is_public": true, "is_public": true, "id": "ad5ed101-6e69-4ecf-be58-5eac61df07ae", "description": "test"}} _http_log_response /usr/lib/python2.7/site-packages/keystoneauth1/session.py:511
2019-06-22 08:05:41.682 6031 DEBUG cinderclient.v2.client [-] POST call to volumev2 for http://172.30.9.31:8776/v3/207195c762814b20b9d28dff73923c0b/types used request id req-9031de7a-9915-4649-8f31-b4cd9714d786 request /usr/lib/python2.7/site-packages/keystoneauth1/session.py:844
2019-06-22 08:05:41.684 6031 DEBUG cinderclient.v2.client [-] REQ: curl -g -i -X PUT http://172.30.9.31:8776/v3/207195c762814b20b9d28dff73923c0b/types/ad5ed101-6e69-4ecf-be58-5eac61df07ae -H "Accept: application/json" -H "Content-Type: application/json" -H "User-Agent: python-cinderclient" -H "X-Auth-Token: {SHA1}95ba01a0fc001bd14b4dd3b5ed059bb2a21f15b5" -H "X-OpenStack-Request-ID: req-9031de7a-9915-4649-8f31-b4cd9714d786" -d '{"volume_type": {"name": "s_rally_898ba257_9iUUIDP6", "description": "test update"}}' _http_log_request /usr/lib/python2.7/site-packages/keystoneauth1/session.py:448
2019-06-22 08:05:41.687 6030 DEBUG cinderclient.v2.client [-] RESP: [200] Content-Encoding: gzip Content-Length: 169 Content-Type: application/json Date: Sat, 22 Jun 2019 08:05:41 GMT OpenStack-API-Version: volume 3.0 Server: Apache Vary: OpenStack-API-Version,Accept-Encoding x-compute-request-id: req-e660453a-da10-46c6-b575-d006ac421f9d x-openstack-request-id: req-e660453a-da10-46c6-b575-d006ac421f9d _http_log_response /usr/lib/python2.7/site-packages/keystoneauth1/session.py:479
2019-06-22 08:05:41.688 6030 DEBUG cinderclient.v2.client [-] RESP BODY: {"volume_type": {"name": "s_rally_898ba257_7srYUfBM", "extra_specs": {}, "os-volume-type-access:is_public": true, "is_public": true, "id": "e2d21c99-802a-4221-bc88-3b4dcbf490bc", "description": "test"}} _http_log_response /usr/lib/python2.7/site-packages/keystoneauth1/session.py:511
2019-06-22 08:05:41.688 6030 DEBUG cinderclient.v2.client [-] POST call to volumev2 for http://172.30.9.31:8776/v3/207195c762814b20b9d28dff73923c0b/types used request id req-e660453a-da10-46c6-b575-d006ac421f9d request /usr/lib/python2.7/site-packages/keystoneauth1/session.py:844
2019-06-22 08:05:41.690 6030 DEBUG cinderclient.v2.client [-] REQ: curl -g -i -X PUT http://172.30.9.31:8776/v3/207195c762814b20b9d28dff73923c0b/types/e2d21c99-802a-4221-bc88-3b4dcbf490bc -H "Accept: application/json" -H "Content-Type: application/json" -H "User-Agent: python-cinderclient" -H "X-Auth-Token: {SHA1}ddf933feabdcd1fdaa61c98d17f90f511d48cd2f" -H "X-OpenStack-Request-ID: req-e660453a-da10-46c6-b575-d006ac421f9d" -d '{"volume_type": {"name": "s_rally_898ba257_7srYUfBM", "description": "test update"}}' _http_log_request /usr/lib/python2.7/site-packages/keystoneauth1/session.py:448
2019-06-22 08:05:41.725 6032 DEBUG cinderclient.v2.client [-] RESP: [200] Content-Encoding: gzip Content-Length: 167 Content-Type: application/json Date: Sat, 22 Jun 2019 08:05:41 GMT OpenStack-API-Version: volume 3.0 Server: Apache Vary: OpenStack-API-Version,Accept-Encoding x-compute-request-id: req-d663f4a3-c357-4895-8ccb-20eea567db2a x-openstack-request-id: req-d663f4a3-c357-4895-8ccb-20eea567db2a _http_log_response /usr/lib/python2.7/site-packages/keystoneauth1/session.py:479
2019-06-22 08:05:41.725 6032 DEBUG cinderclient.v2.client [-] RESP BODY: {"volume_type": {"name": "s_rally_898ba257_Px5eRWmW", "extra_specs": {}, "os-volume-type-access:is_public": true, "is_public": true, "id": "e4600ab5-a7c8-4485-a95e-6121953d1b3a", "description": "test"}} _http_log_response /usr/lib/python2.7/site-packages/keystoneauth1/session.py:511
2019-06-22 08:05:41.726 6032 DEBUG cinderclient.v2.client [-] POST call to volumev2 for http://172.30.9.31:8776/v3/207195c762814b20b9d28dff73923c0b/types used request id req-d663f4a3-c357-4895-8ccb-20eea567db2a request /usr/lib/python2.7/site-packages/keystoneauth1/session.py:844
2019-06-22 08:05:41.728 6032 DEBUG cinderclient.v2.client [-] REQ: curl -g -i -X PUT http://172.30.9.31:8776/v3/207195c762814b20b9d28dff73923c0b/types/e4600ab5-a7c8-4485-a95e-6121953d1b3a -H "Accept: application/json" -H "Content-Type: application/json" -H "User-Agent: python-cinderclient" -H "X-Auth-Token: {SHA1}3a695c20b295d6237fcee4dca4cf12ec98f79108" -H "X-OpenStack-Request-ID: req-d663f4a3-c357-4895-8ccb-20eea567db2a" -d '{"volume_type": {"name": "s_rally_898ba257_Px5eRWmW", "description": "test update"}}' _http_log_request /usr/lib/python2.7/site-packages/keystoneauth1/session.py:448
2019-06-22 08:05:41.800 6033 DEBUG cinderclient.v2.client [-] RESP: [200] Content-Encoding: gzip Content-Length: 169 Content-Type: application/json Date: Sat, 22 Jun 2019 08:05:41 GMT OpenStack-API-Version: volume 3.0 Server: Apache Vary: OpenStack-API-Version,Accept-Encoding x-compute-request-id: req-36761560-c4af-48d6-9a01-be266d321b81 x-openstack-request-id: req-36761560-c4af-48d6-9a01-be266d321b81 _http_log_response /usr/lib/python2.7/site-packages/keystoneauth1/session.py:479
2019-06-22 08:05:41.801 6033 DEBUG cinderclient.v2.client [-] RESP BODY: {"volume_type": {"name": "s_rally_898ba257_mo0qqOjC", "extra_specs": {}, "os-volume-type-access:is_public": true, "is_public": true, "id": "636ee563-6d67-4e78-a954-913f536d316a", "description": "test"}} _http_log_response /usr/lib/python2.7/site-packages/keystoneauth1/session.py:511
2019-06-22 08:05:41.801 6033 DEBUG cinderclient.v2.client [-] POST call to volumev2 for http://172.30.9.31:8776/v3/207195c762814b20b9d28dff73923c0b/types used request id req-36761560-c4af-48d6-9a01-be266d321b81 request /usr/lib/python2.7/site-packages/keystoneauth1/session.py:844
