2019-06-20 21:31:53.658 26969 INFO rally.task.runner [-] Task 72b4b572-cc64-4556-b2bb-7f0c14df3059 | ITER: 12 END: OK
2019-06-20 21:31:53.663 26969 INFO rally.task.runner [-] Task 72b4b572-cc64-4556-b2bb-7f0c14df3059 | ITER: 39 START
2019-06-20 21:31:53.663 26969 WARNING rally_openstack.scenarios.neutron.utils [-] Running this scenario without either the 'network' or 'existing_network' context is deprecated
2019-06-20 21:31:54.447 26951 INFO rally.task.runner [-] Task 72b4b572-cc64-4556-b2bb-7f0c14df3059 | ITER: 2 END: OK
2019-06-20 21:31:54.451 26951 INFO rally.task.runner [-] Task 72b4b572-cc64-4556-b2bb-7f0c14df3059 | ITER: 40 START
2019-06-20 21:31:54.451 26951 WARNING rally_openstack.scenarios.neutron.utils [-] Running this scenario without either the 'network' or 'existing_network' context is deprecated
2019-06-20 21:32:03.962 26998 INFO rally.task.runner [-] Task 72b4b572-cc64-4556-b2bb-7f0c14df3059 | ITER: 27 END: OK
2019-06-20 21:32:03.966 26951 INFO rally.task.runner [-] Task 72b4b572-cc64-4556-b2bb-7f0c14df3059 | ITER: 22 END: OK
2019-06-20 21:32:04.519 26953 INFO rally.task.runner [-] Task 72b4b572-cc64-4556-b2bb-7f0c14df3059 | ITER: 26 END: OK
2019-06-20 21:32:04.613 26986 INFO rally.task.runner [-] Task 72b4b572-cc64-4556-b2bb-7f0c14df3059 | ITER: 25 END: OK
2019-06-20 21:32:05.059 26954 INFO rally.task.runner [-] Task 72b4b572-cc64-4556-b2bb-7f0c14df3059 | ITER: 23 END: OK
2019-06-20 21:32:05.146 26952 INFO rally.task.runner [-] Task 72b4b572-cc64-4556-b2bb-7f0c14df3059 | ITER: 21 END: OK
2019-06-20 21:32:05.180 26955 INFO rally.task.runner [-] Task 72b4b572-cc64-4556-b2bb-7f0c14df3059 | ITER: 24 END: OK
2019-06-20 21:32:05.577 26984 INFO rally.task.runner [-] Task 72b4b572-cc64-4556-b2bb-7f0c14df3059 | ITER: 32 END: OK
2019-06-20 21:32:05.985 26965 INFO rally.task.runner [-] Task 72b4b572-cc64-4556-b2bb-7f0c14df3059 | ITER: 33 END: OK
2019-06-20 21:32:06.199 26952 INFO rally.task.runner [-] Task 72b4b572-cc64-4556-b2bb-7f0c14df3059 | ITER: 28 END: OK
2019-06-20 21:32:06.405 26976 INFO rally.task.runner [-] Task 72b4b572-cc64-4556-b2bb-7f0c14df3059 | ITER: 31 END: OK
2019-06-20 21:32:06.679 26953 INFO rally.task.runner [-] Task 72b4b572-cc64-4556-b2bb-7f0c14df3059 | ITER: 35 END: OK
2019-06-20 21:32:06.839 26979 INFO rally.task.runner [-] Task 72b4b572-cc64-4556-b2bb-7f0c14df3059 | ITER: 38 END: OK
2019-06-20 21:32:07.139 26962 INFO rally.task.runner [-] Task 72b4b572-cc64-4556-b2bb-7f0c14df3059 | ITER: 36 END: OK
2019-06-20 21:32:07.184 26992 INFO rally.task.runner [-] Task 72b4b572-cc64-4556-b2bb-7f0c14df3059 | ITER: 34 END: OK
2019-06-20 21:32:07.372 26951 INFO rally.task.runner [-] Task 72b4b572-cc64-4556-b2bb-7f0c14df3059 | ITER: 40 END: OK
2019-06-20 21:32:07.449 26958 INFO rally.task.runner [-] Task 72b4b572-cc64-4556-b2bb-7f0c14df3059 | ITER: 37 END: OK
2019-06-20 21:32:07.629 26969 INFO rally.task.runner [-] Task 72b4b572-cc64-4556-b2bb-7f0c14df3059 | ITER: 39 END: OK
2019-06-20 21:32:07.632 26954 INFO rally.task.runner [-] Task 72b4b572-cc64-4556-b2bb-7f0c14df3059 | ITER: 30 END: OK
2019-06-20 21:32:08.677 26997 INFO rally.task.runner [-] Task 72b4b572-cc64-4556-b2bb-7f0c14df3059 | ITER: 29 END: OK
2019-06-20 21:32:08.708 22705 INFO rally.task.context [-] Task 72b4b572-cc64-4556-b2bb-7f0c14df3059 | Context cleanup@openstack cleanup() started
2019-06-20 21:32:08.710 22705 RALLYDEBUG rally_openstack.cleanup.manager [-] Cleaning up neutron vip objects
2019-06-20 21:32:09.456 22705 RALLYDEBUG rally_openstack.cleanup.manager [-] Cleaning up neutron health_monitor objects
2019-06-20 21:32:10.104 22705 RALLYDEBUG rally_openstack.cleanup.manager [-] Cleaning up neutron pool objects
2019-06-20 21:32:10.881 22705 RALLYDEBUG rally_openstack.cleanup.manager [-] Cleaning up neutron loadbalancer objects
2019-06-20 21:32:11.619 22705 RALLYDEBUG rally_openstack.cleanup.manager [-] Cleaning up neutron floatingip objects
2019-06-20 21:32:12.306 22705 RALLYDEBUG rally_openstack.cleanup.manager [-] Cleaning up neutron port objects
2019-06-20 21:32:13.032 22705 RALLYDEBUG rally_openstack.cleanup.manager [-] Cleaning up neutron subnet objects
2019-06-20 21:32:13.791 22705 RALLYDEBUG rally_openstack.cleanup.manager [-] Cleaning up neutron network objects
2019-06-20 21:32:14.750 22705 RALLYDEBUG rally_openstack.cleanup.manager [-] Deleting neutron.network object s_rally_4fdb438f_p6sM8XSx (0affbc96-8cec-4b95-b5e0-53f59423c806)
2019-06-20 21:32:14.759 22705 RALLYDEBUG rally_openstack.cleanup.manager [-] Deleting neutron.network object s_rally_4fdb438f_LRHGwEap (00c4aef6-5e21-485a-8d05-877c643e98a9)
2019-06-20 21:32:14.761 22705 RALLYDEBUG rally_openstack.cleanup.manager [-] Deleting neutron.network object s_rally_4fdb438f_CKw3isFW (0bece554-f6e6-40e6-a56f-c674599b02a6)
2019-06-20 21:32:14.766 22705 RALLYDEBUG rally_openstack.cleanup.manager [-] Deleting neutron.network object s_rally_4fdb438f_DtzlTaEt (23d5c80b-e9a7-45f7-8711-c14c6f1febe3)
2019-06-20 21:32:14.771 22705 RALLYDEBUG rally_openstack.cleanup.manager [-] Deleting neutron.network object s_rally_4fdb438f_e2Ybh8sn (08142628-d896-4968-93c7-1864593179bd)
2019-06-20 21:32:14.772 22705 RALLYDEBUG rally_openstack.cleanup.manager [-] Deleting neutron.network object s_rally_4fdb438f_4OhGdyv9 (2887519d-f680-403d-9be6-ba5d2cfaae2d)
2019-06-20 21:32:14.778 22705 RALLYDEBUG rally_openstack.cleanup.manager [-] Deleting neutron.network object s_rally_4fdb438f_xaXc3EOM (288de3bb-1b72-46fd-8f42-98ea18407c2c)
2019-06-20 21:32:14.779 22705 RALLYDEBUG rally_openstack.cleanup.manager [-] Deleting neutron.network object s_rally_4fdb438f_XlJHgODO (171e1d53-186e-4f51-b969-a6e1198f733b)
2019-06-20 21:32:14.779 22705 RALLYDEBUG rally_openstack.cleanup.manager [-] Deleting neutron.network object s_rally_4fdb438f_auAnVCrc (17ad616b-4d8b-483e-9c98-4a8bebe0b9b3)
2019-06-20 21:32:14.795 22705 RALLYDEBUG rally_openstack.cleanup.manager [-] Deleting neutron.network object s_rally_4fdb438f_5fci14N9 (472a1db8-fa2c-4e92-9e64-ad3327f8b48b)
2019-06-20 21:32:14.802 22705 RALLYDEBUG rally_openstack.cleanup.manager [-] Deleting neutron.network object s_rally_4fdb438f_E9UTB0Ze (495daf27-29fc-414d-afee-d0852ad724d5)
2019-06-20 21:32:14.806 22705 RALLYDEBUG rally_openstack.cleanup.manager [-] Deleting neutron.network object s_rally_4fdb438f_K5F4rkA8 (50153edf-ca83-4612-9b93-b97552921c1f)
2019-06-20 21:32:14.828 22705 RALLYDEBUG rally_openstack.cleanup.manager [-] Deleting neutron.network object s_rally_4fdb438f_sWl9LYAN (56576a70-ada9-455e-8976-5618e4d930fd)
2019-06-20 21:32:14.839 22705 RALLYDEBUG rally_openstack.cleanup.manager [-] Deleting neutron.network object s_rally_4fdb438f_psUWkG0w (57aa5a36-883e-43b6-adaf-aaa4eae8d36a)
2019-06-20 21:32:14.849 22705 RALLYDEBUG rally_openstack.cleanup.manager [-] Deleting neutron.network object s_rally_4fdb438f_NnBlIqr5 (5a1c5af1-d50b-4e2a-81c1-352e2158b83a)
2019-06-20 21:32:14.859 22705 RALLYDEBUG rally_openstack.cleanup.manager [-] Deleting neutron.network object s_rally_4fdb438f_4CpQmdkd (64e9fdbf-164f-4cf9-b58a-3e07e5e87eab)
2019-06-20 21:32:14.870 22705 RALLYDEBUG rally_openstack.cleanup.manager [-] Deleting neutron.network object s_rally_4fdb438f_4LHxLiRP (6c0d9007-ee88-4870-be98-0e55c655cbff)
2019-06-20 21:32:14.879 22705 RALLYDEBUG rally_openstack.cleanup.manager [-] Deleting neutron.network object s_rally_4fdb438f_f6UgNiYU (6c13207a-4fa8-414f-8234-768883b0d337)
2019-06-20 21:32:14.902 22705 RALLYDEBUG rally_openstack.cleanup.manager [-] Deleting neutron.network object s_rally_4fdb438f_PTT94oqZ (708d542e-516f-4117-9e48-96f4bcddd606)
2019-06-20 21:32:14.919 22705 RALLYDEBUG rally_openstack.cleanup.manager [-] Deleting neutron.network object s_rally_4fdb438f_M4RFHyg9 (7117066a-5190-4b0d-8969-6df02bec82cd)
2019-06-20 21:32:17.515 22705 RALLYDEBUG rally_openstack.cleanup.manager [-] Deleting neutron.network object s_rally_4fdb438f_aEx2gNLe (718b19bc-12dc-4d9d-8140-841e962c9034)
2019-06-20 21:32:17.563 22705 RALLYDEBUG rally_openstack.cleanup.manager [-] Deleting neutron.network object s_rally_4fdb438f_nVSbEiKv (7e36294b-b53b-4f8c-a5f9-a7403dda7484)
2019-06-20 21:32:17.587 22705 RALLYDEBUG rally_openstack.cleanup.manager [-] Deleting neutron.network object s_rally_4fdb438f_2CAurZwm (7e3bcf9a-a9d8-4a37-a652-4a7c3fc03a67)
2019-06-20 21:32:17.592 22705 RALLYDEBUG rally_openstack.cleanup.manager [-] Deleting neutron.network object s_rally_4fdb438f_YMKV6NLq (7f874a2d-1d02-45c7-9b2c-a5c22084ef6a)
2019-06-20 21:32:17.667 22705 RALLYDEBUG rally_openstack.cleanup.manager [-] Deleting neutron.network object s_rally_4fdb438f_38soUclN (84e3b54c-23f2-4e3f-987c-f1a7493c1fd0)
2019-06-20 21:32:17.766 22705 RALLYDEBUG rally_openstack.cleanup.manager [-] Deleting neutron.network object s_rally_4fdb438f_zgXYQZ08 (867160a0-a4c1-401d-985d-94485f306cd3)
2019-06-20 21:32:17.805 22705 RALLYDEBUG rally_openstack.cleanup.manager [-] Deleting neutron.network object s_rally_4fdb438f_doieHOrv (8b0e1b10-b283-4eb0-99cb-6ab530a36a2a)
2019-06-20 21:32:17.809 22705 RALLYDEBUG rally_openstack.cleanup.manager [-] Deleting neutron.network object s_rally_4fdb438f_fAJwkPDD (96b8783a-46bc-4538-9a7f-27026cbba88a)
2019-06-20 21:32:17.896 22705 RALLYDEBUG rally_openstack.cleanup.manager [-] Deleting neutron.network object s_rally_4fdb438f_EIqxG5UU (9a92279c-d547-4adc-8be9-fb6b64d64631)
2019-06-20 21:32:17.921 22705 RALLYDEBUG rally_openstack.cleanup.manager [-] Deleting neutron.network object s_rally_4fdb438f_dadFFZIv (b2bb045d-0597-4985-9b3e-874888fab843)
2019-06-20 21:32:18.049 22705 RALLYDEBUG rally_openstack.cleanup.manager [-] Deleting neutron.network object s_rally_4fdb438f_5xfQt854 (bb9489ba-f27e-405f-81a0-a6e0abc8cee2)
2019-06-20 21:32:18.280 22705 RALLYDEBUG rally_openstack.cleanup.manager [-] Deleting neutron.network object s_rally_4fdb438f_uFWCqGxx (bba506c7-7b9a-472e-bf3c-ee47f5580b29)
2019-06-20 21:32:18.401 22705 RALLYDEBUG rally_openstack.cleanup.manager [-] Deleting neutron.network object s_rally_4fdb438f_rwRSQETJ (c5a1185d-f208-49e7-8c10-fd0d53c12d7f)
2019-06-20 21:32:18.881 22705 RALLYDEBUG rally_openstack.cleanup.manager [-] Deleting neutron.network object s_rally_4fdb438f_vkaa7DTn (d149ca89-e63a-4d66-873b-e20214ec3e3b)
2019-06-20 21:32:18.928 22705 RALLYDEBUG rally_openstack.cleanup.manager [-] Deleting neutron.network object s_rally_4fdb438f_yU9JfENB (dcedc085-8f07-4cdd-95c9-53358fe8d207)
2019-06-20 21:32:18.986 22705 RALLYDEBUG rally_openstack.cleanup.manager [-] Deleting neutron.network object s_rally_4fdb438f_GFxEId0f (de5f3a28-1692-46d4-8b13-193b67ef481c)
2019-06-20 21:32:19.918 22705 RALLYDEBUG rally_openstack.cleanup.manager [-] Deleting neutron.network object s_rally_4fdb438f_WUZ7SIPz (dec2eddd-1a72-465a-ae9d-87237928b842)
2019-06-20 21:32:19.949 22705 RALLYDEBUG rally_openstack.cleanup.manager [-] Deleting neutron.network object s_rally_4fdb438f_HTpXYmzQ (f07f6fe6-b166-4c71-9579-a072f78f76be)
2019-06-20 21:32:19.955 22705 RALLYDEBUG rally_openstack.cleanup.manager [-] Deleting neutron.network object s_rally_4fdb438f_Ohz6Uqcl (f521c95e-a0ad-40ed-bfbd-5dd5df2ab7dc)
2019-06-20 21:32:20.022 22705 RALLYDEBUG rally_openstack.cleanup.manager [-] Deleting neutron.network object s_rally_4fdb438f_fvihfKmZ (f66cb66a-5029-4395-8d95-6f9b3b773059)
2019-06-20 21:32:22.591 22705 RALLYDEBUG rally_openstack.cleanup.manager [-] Cleaning up neutron router objects
2019-06-20 21:32:23.385 22705 RALLYDEBUG rally_openstack.cleanup.manager [-] Cleaning up neutron security_group objects
2019-06-20 21:32:24.070 22705 INFO rally.task.context [-] Task 72b4b572-cc64-4556-b2bb-7f0c14df3059 | Context cleanup@openstack cleanup() finished in 15.36 sec
2019-06-20 21:32:24.070 22705 INFO rally.task.context [-] Task 72b4b572-cc64-4556-b2bb-7f0c14df3059 | Context quotas@openstack cleanup() started
2019-06-20 21:32:24.409 22705 INFO rally.task.context [-] Task 72b4b572-cc64-4556-b2bb-7f0c14df3059 | Context quotas@openstack cleanup() finished in 0.34 sec
2019-06-20 21:32:24.409 22705 INFO rally.task.context [-] Task 72b4b572-cc64-4556-b2bb-7f0c14df3059 | Context users@openstack cleanup() started
2019-06-20 21:32:29.343 22705 INFO rally.task.context [-] Task 72b4b572-cc64-4556-b2bb-7f0c14df3059 | Context users@openstack cleanup() finished in 4.93 sec
2019-06-20 21:32:30.233 22705 INFO rally.task.engine [-] Load duration is: 33.16214
2019-06-20 21:32:30.234 22705 INFO rally.task.engine [-] Full runner duration is: 33.218343
2019-06-20 21:32:30.234 22705 INFO rally.task.engine [-] Full duration is: 59.330029
2019-06-20 21:32:30.509 22705 INFO rally.task.engine [-] Running workload: position = 0 config = { "version": 2, "title": "A cropped version of a bigger task.", "description": "Auto-generated task from a single workload (uuid=d379a9a8-47dd-4e20-87df-73bbd3808b61)", "subtasks": [ { "title": "Quotas.neutron_update", "description": "Update quotas for neutron.", "scenario": { "Quotas.neutron_update": { "max_quota": 1024 } }, "contexts": { "users": { "tenants": 20, "users_per_tenant": 1 } }, "runner": { "constant": { "times": 40, "concurrency": 20 } }, "hooks": [], "sla": { "failure_rate": { "max": 0 } } } ] }
2019-06-20 21:32:30.531 22705 RALLYDEBUG rally_openstack.contexts.keystone.users [-] Creating 20 tenants using 20 threads
2019-06-20 21:32:33.054 22705 RALLYDEBUG rally_openstack.contexts.keystone.users [-] Creating 20 users using 20 threads
2019-06-20 21:32:36.654 22705 INFO rally.task.context [-] Task 72b4b572-cc64-4556-b2bb-7f0c14df3059 | Context users@openstack setup() finished in 6.12 sec
2019-06-20 21:32:36.654 22705 INFO rally.task.context [-] Task 72b4b572-cc64-4556-b2bb-7f0c14df3059 | Context admin_cleanup@openstack setup() finished in 0.01 msec
2019-06-20 21:32:36.663 22705 RALLYDEBUG rally.task.runner [-] Starting the constant runner (task UUID: 72b4b572-cc64-4556-b2bb-7f0c14df3059). timeout: 0 concurrency: 20 concurrency_per_worker: 1 times: 40 concurrency_overhead: 4 processes_to_start: 16 max_cpu_used: 16
2019-06-20 21:32:36.677 27321 RALLYDEBUG rally.task.runner [-] Starting a worker. concurrency: 2 args: {"max_quota": 1024} times: 40 method_name: run timeout: 0 duration: None cls:
2019-06-20 21:32:36.679 27322 RALLYDEBUG rally.task.runner [-] Starting a worker. concurrency: 2 args: {"max_quota": 1024} times: 40 method_name: run timeout: 0 duration: None cls:
2019-06-20 21:32:36.680 27323 RALLYDEBUG rally.task.runner [-] Starting a worker. concurrency: 2 args: {"max_quota": 1024} times: 40 method_name: run timeout: 0 duration: None cls:
2019-06-20 21:32:36.685 27324 RALLYDEBUG rally.task.runner [-] Starting a worker. concurrency: 2 args: {"max_quota": 1024} times: 40 method_name: run timeout: 0 duration: None cls:
2019-06-20 21:32:36.689 27325 RALLYDEBUG rally.task.runner [-] Starting a worker. concurrency: 1 args: {"max_quota": 1024} times: 40 method_name: run timeout: 0 duration: None cls:
2019-06-20 21:32:36.689 27321 INFO rally.task.runner [-] Task 72b4b572-cc64-4556-b2bb-7f0c14df3059 | ITER: 1 START
2019-06-20 21:32:36.694 27326 RALLYDEBUG rally.task.runner [-] Starting a worker. concurrency: 1 args: {"max_quota": 1024} times: 40 method_name: run timeout: 0 duration: None cls:
2019-06-20 21:32:36.695 27322 INFO rally.task.runner [-] Task 72b4b572-cc64-4556-b2bb-7f0c14df3059 | ITER: 2 START
2019-06-20 21:32:36.694 27321 INFO rally.task.runner [-] Task 72b4b572-cc64-4556-b2bb-7f0c14df3059 | ITER: 4 START
2019-06-20 21:32:36.697 27323 INFO rally.task.runner [-] Task 72b4b572-cc64-4556-b2bb-7f0c14df3059 | ITER: 3 START
2019-06-20 21:32:36.698 27331 RALLYDEBUG rally.task.runner [-] Starting a worker. concurrency: 1 args: {"max_quota": 1024} times: 40 method_name: run timeout: 0 duration: None cls:
2019-06-20 21:32:36.701 27337 RALLYDEBUG rally.task.runner [-] Starting a worker. concurrency: 1 args: {"max_quota": 1024} times: 40 method_name: run timeout: 0 duration: None cls:
2019-06-20 21:32:36.702 27325 INFO rally.task.runner [-] Task 72b4b572-cc64-4556-b2bb-7f0c14df3059 | ITER: 8 START
2019-06-20 21:32:36.699 27324 INFO rally.task.runner [-] Task 72b4b572-cc64-4556-b2bb-7f0c14df3059 | ITER: 5 START
2019-06-20 21:32:36.702 27334 RALLYDEBUG rally.task.runner [-] Starting a worker. concurrency: 1 args: {"max_quota": 1024} times: 40 method_name: run timeout: 0 duration: None cls:
2019-06-20 21:32:36.697 27323 INFO rally.task.runner [-] Task 72b4b572-cc64-4556-b2bb-7f0c14df3059 | ITER: 6 START
2019-06-20 21:32:36.696 27322 INFO rally.task.runner [-] Task 72b4b572-cc64-4556-b2bb-7f0c14df3059 | ITER: 7 START
2019-06-20 21:32:36.706 27341 RALLYDEBUG rally.task.runner [-] Starting a worker. concurrency: 1 args: {"max_quota": 1024} times: 40 method_name: run timeout: 0 duration: None cls:
2019-06-20 21:32:36.707 27326 INFO rally.task.runner [-] Task 72b4b572-cc64-4556-b2bb-7f0c14df3059 | ITER: 10 START
2019-06-20 21:32:36.711 27337 INFO rally.task.runner [-] Task 72b4b572-cc64-4556-b2bb-7f0c14df3059 | ITER: 12 START
2019-06-20 21:32:36.712 27331 INFO rally.task.runner [-] Task 72b4b572-cc64-4556-b2bb-7f0c14df3059 | ITER: 11 START
2019-06-20 21:32:36.712 27324 INFO rally.task.runner [-] Task 72b4b572-cc64-4556-b2bb-7f0c14df3059 | ITER: 9 START
2019-06-20 21:32:36.712 27344 RALLYDEBUG rally.task.runner [-] Starting a worker. concurrency: 1 args: {"max_quota": 1024} times: 40 method_name: run timeout: 0 duration: None cls:
2019-06-20 21:32:36.716 27334 INFO rally.task.runner [-] Task 72b4b572-cc64-4556-b2bb-7f0c14df3059 | ITER: 13 START
2019-06-20 21:32:36.717 27341 INFO rally.task.runner [-] Task 72b4b572-cc64-4556-b2bb-7f0c14df3059 | ITER: 14 START
2019-06-20 21:32:36.720 27352 RALLYDEBUG rally.task.runner [-] Starting a worker. concurrency: 1 args: {"max_quota": 1024} times: 40 method_name: run timeout: 0 duration: None cls:
2019-06-20 21:32:36.725 27357 RALLYDEBUG rally.task.runner [-] Starting a worker. concurrency: 1 args: {"max_quota": 1024} times: 40 method_name: run timeout: 0 duration: None cls:
2019-06-20 21:32:36.730 27344 INFO rally.task.runner [-] Task 72b4b572-cc64-4556-b2bb-7f0c14df3059 | ITER: 15 START
2019-06-20 21:32:36.733 27352 INFO rally.task.runner [-] Task 72b4b572-cc64-4556-b2bb-7f0c14df3059 | ITER: 16 START
2019-06-20 21:32:36.735 27357 INFO rally.task.runner [-] Task 72b4b572-cc64-4556-b2bb-7f0c14df3059 | ITER: 17 START
2019-06-20 21:32:36.735 27358 RALLYDEBUG rally.task.runner [-] Starting a worker. concurrency: 1 args: {"max_quota": 1024} times: 40 method_name: run timeout: 0 duration: None cls:
2019-06-20 21:32:36.746 27364 RALLYDEBUG rally.task.runner [-] Starting a worker. concurrency: 1 args: {"max_quota": 1024} times: 40 method_name: run timeout: 0 duration: None cls:
2019-06-20 21:32:36.746 27366 RALLYDEBUG rally.task.runner [-] Starting a worker. concurrency: 1 args: {"max_quota": 1024} times: 40 method_name: run timeout: 0 duration: None cls:
2019-06-20 21:32:36.746 27358 INFO rally.task.runner [-] Task 72b4b572-cc64-4556-b2bb-7f0c14df3059 | ITER: 18 START
2019-06-20 21:32:36.753 27364 INFO rally.task.runner [-] Task 72b4b572-cc64-4556-b2bb-7f0c14df3059 | ITER: 19 START
2019-06-20 21:32:36.756 27366 INFO rally.task.runner [-] Task 72b4b572-cc64-4556-b2bb-7f0c14df3059 | ITER: 20 START
2019-06-20 21:32:38.775 27321 INFO rally.task.runner [-] Task 72b4b572-cc64-4556-b2bb-7f0c14df3059 | ITER: 1 END: OK
2019-06-20 21:32:38.782 27321 INFO rally.task.runner [-] Task 72b4b572-cc64-4556-b2bb-7f0c14df3059 | ITER: 21 START
2019-06-20 21:32:39.571 27357 INFO rally.task.runner [-] Task 72b4b572-cc64-4556-b2bb-7f0c14df3059 | ITER: 17 END: OK
2019-06-20 21:32:39.579 27357 INFO rally.task.runner [-] Task 72b4b572-cc64-4556-b2bb-7f0c14df3059 | ITER: 22 START
2019-06-20 21:32:39.611 27322 INFO rally.task.runner [-] Task 72b4b572-cc64-4556-b2bb-7f0c14df3059 | ITER: 2 END: OK
2019-06-20 21:32:39.616 27322 INFO rally.task.runner [-] Task 72b4b572-cc64-4556-b2bb-7f0c14df3059 | ITER: 23 START
2019-06-20 21:32:39.690 27321 INFO rally.task.runner [-] Task 72b4b572-cc64-4556-b2bb-7f0c14df3059 | ITER: 4 END: OK
2019-06-20 21:32:39.696 27321 INFO rally.task.runner [-] Task 72b4b572-cc64-4556-b2bb-7f0c14df3059 | ITER: 24 START
2019-06-20 21:32:39.728 27323 INFO rally.task.runner [-] Task 72b4b572-cc64-4556-b2bb-7f0c14df3059 | ITER: 3 END: OK
2019-06-20 21:32:39.735 27323 INFO rally.task.runner [-] Task 72b4b572-cc64-4556-b2bb-7f0c14df3059 | ITER: 25 START
2019-06-20 21:32:39.751 27364 INFO rally.task.runner [-] Task 72b4b572-cc64-4556-b2bb-7f0c14df3059 | ITER: 19 END: OK
2019-06-20 21:32:39.757 27364 INFO rally.task.runner [-] Task 72b4b572-cc64-4556-b2bb-7f0c14df3059 | ITER: 26 START
2019-06-20 21:32:39.762 27358 INFO rally.task.runner [-] Task 72b4b572-cc64-4556-b2bb-7f0c14df3059 | ITER: 18 END: OK
2019-06-20 21:32:39.768 27358 INFO rally.task.runner [-] Task 72b4b572-cc64-4556-b2bb-7f0c14df3059 | ITER: 27 START
2019-06-20 21:32:39.775 27352 INFO rally.task.runner [-] Task 72b4b572-cc64-4556-b2bb-7f0c14df3059 | ITER: 16 END: OK
2019-06-20 21:32:39.781 27352 INFO rally.task.runner [-] Task 72b4b572-cc64-4556-b2bb-7f0c14df3059 | ITER: 28 START
2019-06-20 21:32:39.822 27322 INFO rally.task.runner [-] Task 72b4b572-cc64-4556-b2bb-7f0c14df3059 | ITER: 7 END: OK
2019-06-20 21:32:39.829 27322 INFO rally.task.runner [-] Task 72b4b572-cc64-4556-b2bb-7f0c14df3059 | ITER: 29 START
2019-06-20 21:32:39.835 27337 INFO rally.task.runner [-] Task 72b4b572-cc64-4556-b2bb-7f0c14df3059 | ITER: 12 END: OK
2019-06-20 21:32:39.841 27337 INFO rally.task.runner [-] Task 72b4b572-cc64-4556-b2bb-7f0c14df3059 | ITER: 30 START
2019-06-20 21:32:39.860 27324 INFO rally.task.runner [-] Task 72b4b572-cc64-4556-b2bb-7f0c14df3059 | ITER: 9 END: OK
2019-06-20 21:32:39.868 27324 INFO rally.task.runner [-] Task 72b4b572-cc64-4556-b2bb-7f0c14df3059 | ITER: 31 START
2019-06-20 21:32:39.885 27331 INFO rally.task.runner [-] Task 72b4b572-cc64-4556-b2bb-7f0c14df3059 | ITER: 11 END: OK
2019-06-20 21:32:39.891 27331 INFO rally.task.runner [-] Task 72b4b572-cc64-4556-b2bb-7f0c14df3059 | ITER: 32 START
2019-06-20 21:32:39.897 27323 INFO rally.task.runner [-] Task 72b4b572-cc64-4556-b2bb-7f0c14df3059 | ITER: 6 END: OK
2019-06-20 21:32:39.903 27323 INFO rally.task.runner [-] Task 72b4b572-cc64-4556-b2bb-7f0c14df3059 | ITER: 33 START
2019-06-20 21:32:39.910 27325 INFO rally.task.runner [-] Task 72b4b572-cc64-4556-b2bb-7f0c14df3059 | ITER: 8 END: OK
2019-06-20 21:32:39.916 27325 INFO rally.task.runner [-] Task 72b4b572-cc64-4556-b2bb-7f0c14df3059 | ITER: 34 START
2019-06-20 21:32:39.921 27344 INFO rally.task.runner [-] Task 72b4b572-cc64-4556-b2bb-7f0c14df3059 | ITER: 15 END: OK
2019-06-20 21:32:39.926 27344 INFO rally.task.runner [-] Task 72b4b572-cc64-4556-b2bb-7f0c14df3059 | ITER: 35 START
2019-06-20 21:32:39.931 27341 INFO rally.task.runner [-] Task 72b4b572-cc64-4556-b2bb-7f0c14df3059 | ITER: 14 END: OK
2019-06-20 21:32:39.936 27341 INFO rally.task.runner [-] Task 72b4b572-cc64-4556-b2bb-7f0c14df3059 | ITER: 36 START
2019-06-20 21:32:39.942 27334 INFO rally.task.runner [-] Task 72b4b572-cc64-4556-b2bb-7f0c14df3059 | ITER: 13 END: OK
2019-06-20 21:32:39.947 27334 INFO rally.task.runner [-] Task 72b4b572-cc64-4556-b2bb-7f0c14df3059 | ITER: 37 START
2019-06-20 21:32:39.956 27326 INFO rally.task.runner [-] Task 72b4b572-cc64-4556-b2bb-7f0c14df3059 | ITER: 10 END: OK
2019-06-20 21:32:39.961 27326 INFO rally.task.runner [-] Task 72b4b572-cc64-4556-b2bb-7f0c14df3059 | ITER: 38 START
2019-06-20 21:32:39.980 27366 INFO rally.task.runner [-] Task 72b4b572-cc64-4556-b2bb-7f0c14df3059 | ITER: 20 END: OK
2019-06-20 21:32:39.985 27366 INFO rally.task.runner [-] Task 72b4b572-cc64-4556-b2bb-7f0c14df3059 | ITER: 39 START
2019-06-20 21:32:40.005 27324 INFO rally.task.runner [-] Task 72b4b572-cc64-4556-b2bb-7f0c14df3059 | ITER: 5 END: OK
2019-06-20 21:32:40.009 27324 INFO rally.task.runner [-] Task 72b4b572-cc64-4556-b2bb-7f0c14df3059 | ITER: 40 START
2019-06-20 21:32:40.116 27321 INFO rally.task.runner [-] Task 72b4b572-cc64-4556-b2bb-7f0c14df3059 | ITER: 21 END: OK
2019-06-20 21:32:40.748 27357 INFO rally.task.runner [-] Task 72b4b572-cc64-4556-b2bb-7f0c14df3059 | ITER: 22 END: OK
2019-06-20 21:32:41.122 27323 INFO rally.task.runner [-] Task 72b4b572-cc64-4556-b2bb-7f0c14df3059 | ITER: 25 END: OK
2019-06-20 21:32:41.290 27322 INFO rally.task.runner [-] Task 72b4b572-cc64-4556-b2bb-7f0c14df3059 | ITER: 23 END: OK
2019-06-20 21:32:41.406 27352 INFO rally.task.runner [-] Task 72b4b572-cc64-4556-b2bb-7f0c14df3059 | ITER: 28 END: OK
2019-06-20 21:32:41.429 27358 INFO rally.task.runner [-] Task 72b4b572-cc64-4556-b2bb-7f0c14df3059 | ITER: 27 END: OK
2019-06-20 21:32:41.480 27321 INFO rally.task.runner [-] Task 72b4b572-cc64-4556-b2bb-7f0c14df3059 | ITER: 24 END: OK
2019-06-20 21:32:41.792 27325 INFO rally.task.runner [-] Task 72b4b572-cc64-4556-b2bb-7f0c14df3059 | ITER: 34 END: OK
2019-06-20 21:32:41.811 27337 INFO rally.task.runner [-] Task 72b4b572-cc64-4556-b2bb-7f0c14df3059 | ITER: 30 END: OK
2019-06-20 21:32:41.835 27322 INFO rally.task.runner [-] Task 72b4b572-cc64-4556-b2bb-7f0c14df3059 | ITER: 29 END: OK
2019-06-20 21:32:41.841 27334 INFO rally.task.runner [-] Task 72b4b572-cc64-4556-b2bb-7f0c14df3059 | ITER: 37 END: OK
2019-06-20 21:32:41.854 27341 INFO rally.task.runner [-] Task 72b4b572-cc64-4556-b2bb-7f0c14df3059 | ITER: 36 END: OK
2019-06-20 21:32:41.966 27331 INFO rally.task.runner [-] Task 72b4b572-cc64-4556-b2bb-7f0c14df3059 | ITER: 32 END: OK
2019-06-20 21:32:41.990 27324 INFO rally.task.runner [-] Task 72b4b572-cc64-4556-b2bb-7f0c14df3059 | ITER: 31 END: OK
2019-06-20 21:32:42.014 27364 INFO rally.task.runner [-] Task 72b4b572-cc64-4556-b2bb-7f0c14df3059 | ITER: 26 END: OK
2019-06-20 21:32:42.038 27323 INFO rally.task.runner [-] Task 72b4b572-cc64-4556-b2bb-7f0c14df3059 | ITER: 33 END: OK
2019-06-20 21:32:42.109 27326 INFO rally.task.runner [-] Task 72b4b572-cc64-4556-b2bb-7f0c14df3059 | ITER: 38 END: OK
2019-06-20 21:32:42.121 27366 INFO rally.task.runner [-] Task 72b4b572-cc64-4556-b2bb-7f0c14df3059 | ITER: 39 END: OK
2019-06-20 21:32:42.146 27324 INFO rally.task.runner [-] Task 72b4b572-cc64-4556-b2bb-7f0c14df3059 | ITER: 40 END: OK
2019-06-20 21:32:42.157 27344 INFO rally.task.runner [-] Task 72b4b572-cc64-4556-b2bb-7f0c14df3059 | ITER: 35 END: OK
2019-06-20 21:32:42.182 22705 INFO rally.task.context [-] Task 72b4b572-cc64-4556-b2bb-7f0c14df3059 | Context admin_cleanup@openstack cleanup() started
2019-06-20 21:32:42.184 22705 RALLYDEBUG rally_openstack.cleanup.manager [-] Cleaning up neutron quota objects
2019-06-20 21:32:46.567 22705 INFO rally.task.context [-] Task 72b4b572-cc64-4556-b2bb-7f0c14df3059 | Context admin_cleanup@openstack cleanup() finished in 4.39 sec
2019-06-20 21:32:46.568 22705 INFO rally.task.context [-] Task 72b4b572-cc64-4556-b2bb-7f0c14df3059 | Context users@openstack cleanup() started
2019-06-20 21:33:16.968 22705 INFO rally.task.context [-] Task 72b4b572-cc64-4556-b2bb-7f0c14df3059 | Context users@openstack cleanup() finished in 30.40 sec
2019-06-20 21:33:18.813 22705 INFO rally.task.engine [-] Load duration is: 5.460619
2019-06-20 21:33:18.813 22705 INFO rally.task.engine [-] Full runner duration is: 5.519297
2019-06-20 21:33:18.813 22705 INFO rally.task.engine [-] Full duration is: 46.438955
2019-06-20 21:33:19.114 22705 INFO rally.task.engine [-] Running workload: position = 0 config = { "version": 2, "title": "A cropped version of a bigger task.", "description": "Auto-generated task from a single workload (uuid=7054ebd4-a814-4da9-ac12-ebc569492987)", "subtasks": [ { "title": "NeutronTrunks.create_and_list_trunk_subports", "description": "", "scenario": { "NeutronTrunks.create_and_list_trunk_subports": { "subport_count": 125 } }, "contexts": { "users": { "tenants": 1, "users_per_tenant": 1 }, "quotas": { "neutron": { "network": -1, "port": 1000 } } }, "runner": { "constant": { "times": 4, "concurrency": 4 } }, "hooks": [], "sla": { "failure_rate": { "max": 0 } } } ] }
2019-06-20 21:33:19.136 22705 RALLYDEBUG rally_openstack.contexts.keystone.users [-] Creating 1 tenants using 20 threads
2019-06-20 21:33:20.868 22705 RALLYDEBUG rally_openstack.contexts.keystone.users [-] Creating 1 users using 20 threads
2019-06-20 21:33:23.582 22705 INFO rally.task.context [-] Task 72b4b572-cc64-4556-b2bb-7f0c14df3059 | Context users@openstack setup() finished in 4.45 sec
2019-06-20 21:33:24.360 22705 INFO rally.task.context [-] Task 72b4b572-cc64-4556-b2bb-7f0c14df3059 | Context quotas@openstack setup() finished in 0.78 sec
2019-06-20 21:33:24.361 22705 INFO rally.task.context [-] Task 72b4b572-cc64-4556-b2bb-7f0c14df3059 | Context cleanup@openstack setup() finished in 0.01 msec
2019-06-20 21:33:24.368 22705 RALLYDEBUG rally.task.runner [-] Starting the constant runner (task UUID: 72b4b572-cc64-4556-b2bb-7f0c14df3059). timeout: 0 concurrency: 4 concurrency_per_worker: 1 times: 4 concurrency_overhead: 0 processes_to_start: 4 max_cpu_used: 16
2019-06-20 21:33:24.381 27511 RALLYDEBUG rally.task.runner [-] Starting a worker. concurrency: 1 args: {"subport_count": 125} times: 4 method_name: run timeout: 0 duration: None cls:
2019-06-20 21:33:24.384 27512 RALLYDEBUG rally.task.runner [-] Starting a worker. concurrency: 1 args: {"subport_count": 125} times: 4 method_name: run timeout: 0 duration: None cls:
2019-06-20 21:33:24.387 27511 INFO rally.task.runner [-] Task 72b4b572-cc64-4556-b2bb-7f0c14df3059 | ITER: 1 START
2019-06-20 21:33:24.387 27513 RALLYDEBUG rally.task.runner [-] Starting a worker. concurrency: 1 args: {"subport_count": 125} times: 4 method_name: run timeout: 0 duration: None cls:
2019-06-20 21:33:24.390 27512 INFO rally.task.runner [-] Task 72b4b572-cc64-4556-b2bb-7f0c14df3059 | ITER: 2 START
2019-06-20 21:33:24.390 27514 RALLYDEBUG rally.task.runner [-] Starting a worker. concurrency: 1 args: {"subport_count": 125} times: 4 method_name: run timeout: 0 duration: None cls:
2019-06-20 21:33:24.393 27513 INFO rally.task.runner [-] Task 72b4b572-cc64-4556-b2bb-7f0c14df3059 | ITER: 3 START
2019-06-20 21:33:24.395 27514 INFO rally.task.runner [-] Task 72b4b572-cc64-4556-b2bb-7f0c14df3059 | ITER: 4 START
2019-06-20 21:36:05.408 27512 WARNING rally.task.atomic [-] 'optional_action_timer' is deprecated since rally v0.10.0.Please use action_timer instead, we have improved atomic actions, now do not need to explicitly close original action.
2019-06-20 21:36:05.450 27512 WARNING rally.task.atomic [-] 'optional_action_timer' is deprecated since rally v0.10.0.Please use action_timer instead, we have improved atomic actions, now do not need to explicitly close original action.
2019-06-20 21:36:05.999 27511 WARNING rally.task.atomic [-] 'optional_action_timer' is deprecated since rally v0.10.0.Please use action_timer instead, we have improved atomic actions, now do not need to explicitly close original action.
2019-06-20 21:36:06.037 27511 WARNING rally.task.atomic [-] 'optional_action_timer' is deprecated since rally v0.10.0.Please use action_timer instead, we have improved atomic actions, now do not need to explicitly close original action.
2019-06-20 21:36:06.067 27512 INFO rally.task.runner [-] Task 72b4b572-cc64-4556-b2bb-7f0c14df3059 | ITER: 2 END: OK
2019-06-20 21:36:06.846 27511 INFO rally.task.runner [-] Task 72b4b572-cc64-4556-b2bb-7f0c14df3059 | ITER: 1 END: OK
2019-06-20 21:36:08.130 27514 WARNING rally.task.atomic [-] 'optional_action_timer' is deprecated since rally v0.10.0.Please use action_timer instead, we have improved atomic actions, now do not need to explicitly close original action.
2019-06-20 21:36:08.386 27514 WARNING rally.task.atomic [-] 'optional_action_timer' is deprecated since rally v0.10.0.Please use action_timer instead, we have improved atomic actions, now do not need to explicitly close original action.
2019-06-20 21:36:08.970 27514 INFO rally.task.runner [-] Task 72b4b572-cc64-4556-b2bb-7f0c14df3059 | ITER: 4 END: OK
2019-06-20 21:36:09.308 27513 WARNING rally.task.atomic [-] 'optional_action_timer' is deprecated since rally v0.10.0.Please use action_timer instead, we have improved atomic actions, now do not need to explicitly close original action.
2019-06-20 21:36:09.365 27513 WARNING rally.task.atomic [-] 'optional_action_timer' is deprecated since rally v0.10.0.Please use action_timer instead, we have improved atomic actions, now do not need to explicitly close original action.
2019-06-20 21:36:10.409 27513 INFO rally.task.runner [-] Task 72b4b572-cc64-4556-b2bb-7f0c14df3059 | ITER: 3 END: OK
2019-06-20 21:36:10.433 22705 INFO rally.task.context [-] Task 72b4b572-cc64-4556-b2bb-7f0c14df3059 | Context cleanup@openstack cleanup() started
2019-06-20 21:36:10.435 22705 RALLYDEBUG rally_openstack.cleanup.manager [-] Cleaning up neutron vip objects
2019-06-20 21:36:11.187 22705 RALLYDEBUG rally_openstack.cleanup.manager [-] Cleaning up neutron health_monitor objects
2019-06-20 21:36:11.937 22705 RALLYDEBUG rally_openstack.cleanup.manager [-] Cleaning up neutron pool objects
2019-06-20 21:36:12.695 22705 RALLYDEBUG rally_openstack.cleanup.manager [-] Cleaning up neutron loadbalancer objects
2019-06-20 21:36:13.437 22705 RALLYDEBUG rally_openstack.cleanup.manager [-] Cleaning up neutron floatingip objects
2019-06-20 21:36:14.212 22705 RALLYDEBUG rally_openstack.cleanup.manager [-] Cleaning up neutron port objects
2019-06-20 21:36:16.660 22705 RALLYDEBUG rally_openstack.cleanup.manager [-] Deleting neutron.port object s_rally_7054ebd4_D4rvlsTN (019b1d06-3db2-47e6-95ae-e6b58ee558e3)
2019-06-20 21:36:16.661 22705 RALLYDEBUG rally_openstack.cleanup.manager [-] Deleting neutron.port object s_rally_7054ebd4_tDyLQtN5 (04df0109-b73e-4476-8b50-b98837d4679a)
2019-06-20 21:36:16.662 22705 RALLYDEBUG rally_openstack.cleanup.manager [-] Deleting neutron.port object s_rally_7054ebd4_z3idLyNx (04f41506-2d4d-4f8d-834c-d6f3450b886a)
2019-06-20 21:36:16.670 22705 RALLYDEBUG rally_openstack.cleanup.manager [-] Deleting neutron.port object s_rally_7054ebd4_t6RptO2V (065fc0ae-811b-43d0-9c65-2eeab2b84fbe)
2019-06-20 21:36:16.670 22705 RALLYDEBUG rally_openstack.cleanup.manager [-] Deleting neutron.port object s_rally_7054ebd4_a9sAJY5w (007cb988-1e94-4293-8869-d4796a2a9b4a)
2019-06-20 21:36:16.673 22705 RALLYDEBUG rally_openstack.cleanup.manager [-] Deleting neutron.port object s_rally_7054ebd4_w8xW83j4 (05f06dcb-68a1-4c9d-bfdd-9a5885c8e3dc)
2019-06-20 21:36:16.675 22705 RALLYDEBUG rally_openstack.cleanup.manager [-] Deleting neutron.port object s_rally_7054ebd4_POoKaqyW (070dc261-2a0d-4863-8f16-d7cefb0e64f9)
2019-06-20 21:36:16.676 22705 RALLYDEBUG rally_openstack.cleanup.manager [-] Deleting neutron.port object s_rally_7054ebd4_5yyJd1Cb (010d56ff-db8a-42c5-8a63-590f64315edf)
2019-06-20 21:36:16.679 22705 RALLYDEBUG rally_openstack.cleanup.manager [-] Deleting neutron.port object s_rally_7054ebd4_8aiFIkiD (062feb65-8496-4161-8566-800a9938e1cc)
2019-06-20 21:36:16.697 22705 RALLYDEBUG rally_openstack.cleanup.manager [-] Deleting neutron.port object s_rally_7054ebd4_sbS8lNHc (08e2ea51-e9c9-42c3-89fd-966e8b724b5b)
2019-06-20 21:36:16.702 22705 RALLYDEBUG rally_openstack.cleanup.manager [-] Deleting neutron.port object s_rally_7054ebd4_EZS701Ie (02cf2ca2-04cb-4665-9314-220fe10aa6a9)
2019-06-20 21:36:16.705 22705 RALLYDEBUG rally_openstack.cleanup.manager [-] Deleting neutron.port object s_rally_7054ebd4_wmpPgJs3 (07227cf2-fd93-451f-85db-27f5d25ab4d8)
2019-06-20 21:36:16.713 22705 RALLYDEBUG rally_openstack.cleanup.manager [-] Deleting neutron.port object s_rally_7054ebd4_B9viP7ad (08eb4cca-02b0-493a-b911-cb0f8d810a48)
2019-06-20 21:36:16.716 22705 RALLYDEBUG rally_openstack.cleanup.manager [-] Deleting neutron.port object s_rally_7054ebd4_JyzR4z2l (09a31708-e783-4cf7-bbc5-3a38062635b6)
2019-06-20 21:36:16.730 22705 RALLYDEBUG rally_openstack.cleanup.manager [-] Deleting neutron.port object s_rally_7054ebd4_iMBmzKKp (007b3d98-d578-417d-902e-a2241106f03d)
2019-06-20 21:36:16.764 22705 RALLYDEBUG rally_openstack.cleanup.manager [-] Deleting neutron.port object s_rally_7054ebd4_RHEQlQVr (0a0481bd-9905-4eaf-a09f-0b421c90e2f7)
2019-06-20 21:36:16.787 22705 RALLYDEBUG rally_openstack.cleanup.manager [-] Deleting neutron.port object s_rally_7054ebd4_ebJwGZJe (0b096409-e739-4eb1-84f4-2b2071ceae86)
2019-06-20 21:36:16.791 22705 RALLYDEBUG rally_openstack.cleanup.manager [-] Deleting neutron.port object s_rally_7054ebd4_voTgXmxG (0ab0e09b-2743-4872-b575-b1bf55ff0583)
2019-06-20 21:36:16.795 22705 RALLYDEBUG rally_openstack.cleanup.manager [-] Deleting neutron.port object s_rally_7054ebd4_4nEJtxX8 (0aedf964-d611-498c-96a6-d480032fbad0)
2019-06-20 21:36:16.796 22705 RALLYDEBUG rally_openstack.cleanup.manager [-] Deleting neutron.port object s_rally_7054ebd4_VzKtpHej (08e3994a-485e-4650-9bbf-0b6754452b99)
2019-06-20 21:36:19.472 22705 RALLYDEBUG rally_openstack.cleanup.manager [-] Deleting neutron.port object s_rally_7054ebd4_tTNqqucr (0b39ae3a-9610-45bc-87be-d4f24928eda4)
2019-06-20 21:36:19.519 22705 RALLYDEBUG rally_openstack.cleanup.manager [-] Deleting neutron.port object s_rally_7054ebd4_u0ZRN7rg (0b4d8440-6ec3-4d01-a83d-3a39bcd9ea24)
2019-06-20 21:36:19.644 22705 RALLYDEBUG rally_openstack.cleanup.manager [-] Deleting neutron.port object s_rally_7054ebd4_GdjA2Efu (0bfb7034-3675-43de-8947-ae98912028b7)
2019-06-20 21:36:20.181 22705 RALLYDEBUG rally_openstack.cleanup.manager [-] Deleting neutron.port object s_rally_7054ebd4_tlp8sl8Y (0cd216b9-52f4-4b52-9c76-997f588c8dd0)
2019-06-20 21:36:20.219 22705 RALLYDEBUG rally_openstack.cleanup.manager [-] Deleting neutron.port object s_rally_7054ebd4_uXXc9J3T (0d3ddd0d-878e-48ea-9586-b5dea0f4ba1d)
2019-06-20 21:36:20.226 22705 RALLYDEBUG rally_openstack.cleanup.manager [-] Deleting neutron.port object s_rally_7054ebd4_f7LhSFZh (0d6743dc-0e2f-4bb4-90b1-5e231a61cb4f)
2019-06-20 21:36:20.361 22705 RALLYDEBUG rally_openstack.cleanup.manager [-] Deleting neutron.port object s_rally_7054ebd4_24eJ7adN (0ea8dee0-f6cc-44ba-8a1d-c6b318180112)
2019-06-20 21:36:20.427 22705 RALLYDEBUG rally_openstack.cleanup.manager [-] Deleting neutron.port object s_rally_7054ebd4_vj39asvD (0eedc8a2-269e-4f95-9f31-5a8edf6c90da)
2019-06-20 21:36:20.448 22705 RALLYDEBUG rally_openstack.cleanup.manager [-] Deleting neutron.port object s_rally_7054ebd4_JHmWI5cU (0f156b31-d93b-4eda-a70c-dbcb2e68e0fe)
2019-06-20 21:36:20.570 22705 RALLYDEBUG rally_openstack.cleanup.manager [-] Deleting neutron.port object s_rally_7054ebd4_yJz7XRPq (12b4d94f-03c3-4bb4-952e-57570d62296a)
2019-06-20 21:36:20.571 22705 RALLYDEBUG rally_openstack.cleanup.manager [-] Deleting neutron.port object s_rally_7054ebd4_Lt7N2dcg (1316c474-b4b4-4dd8-9783-7cc2715e9602)
2019-06-20 21:36:21.259 22705 RALLYDEBUG rally_openstack.cleanup.manager [-] Deleting neutron.port object s_rally_7054ebd4_AiNLO0FH (13c06620-0f4a-40c6-8e16-1d9358189796)
2019-06-20 21:36:21.285 22705 RALLYDEBUG rally_openstack.cleanup.manager [-] Deleting neutron.port object s_rally_7054ebd4_z2vJPmWe (1577bc46-0919-4d53-9f42-4bcc3f46c5a5)
2019-06-20 21:36:21.285 22705 RALLYDEBUG rally_openstack.cleanup.manager [-] Deleting neutron.port object s_rally_7054ebd4_ftwYzjJK (15771a34-2e1e-4c8b-acea-5fa148f15db2)
2019-06-20 21:36:21.377 22705 RALLYDEBUG rally_openstack.cleanup.manager [-] Deleting neutron.port object s_rally_7054ebd4_cxgHpONs (15ef0eb5-6b88-472d-a772-4c8a032144dc)
2019-06-20 21:36:21.824 22705 RALLYDEBUG rally_openstack.cleanup.manager [-] Deleting neutron.port object s_rally_7054ebd4_7VsaJrgi (15f26370-f5ed-4bd2-982b-0919e8741e79)
2019-06-20 21:36:21.989 22705 RALLYDEBUG rally_openstack.cleanup.manager [-] Deleting neutron.port object s_rally_7054ebd4_DeuicIOh (16b9db4d-f252-4ec9-b6b7-f6f9e01dfd43)
2019-06-20 21:36:22.013 22705 RALLYDEBUG rally_openstack.cleanup.manager [-] Deleting neutron.port object s_rally_7054ebd4_NrVPWixW (1704ed2b-ad3b-4902-bf87-b4dcb20c916c)
2019-06-20 21:36:22.081 22705 RALLYDEBUG rally_openstack.cleanup.manager [-] Deleting neutron.port object s_rally_7054ebd4_yfd4th6u (17cdca22-451f-4f6d-ab82-183ca2719bf9)
2019-06-20 21:36:22.193 22705 RALLYDEBUG rally_openstack.cleanup.manager [-] Deleting neutron.port object s_rally_7054ebd4_9GgdF6Ro (1823fd21-8eb6-4bcd-a43e-07d6e0eab2bb)
2019-06-20 21:36:22.210 22705 RALLYDEBUG rally_openstack.cleanup.manager [-] Deleting neutron.port object s_rally_7054ebd4_G6Mbmm5U (184cc0c3-4f48-404f-bfaa-b3745145bf02)
2019-06-20 21:36:22.269 22705 RALLYDEBUG rally_openstack.cleanup.manager [-] Deleting neutron.port object s_rally_7054ebd4_HD1oSGcH (1851d081-7174-4ccc-aa52-975b27a05a00)
2019-06-20 21:36:22.282 22705 RALLYDEBUG rally_openstack.cleanup.manager [-] Deleting neutron.port object s_rally_7054ebd4_tbe0yyJQ (1859fbc7-130f-4c57-95f5-1ca2c0eeae07)
2019-06-20 21:36:22.633 22705 RALLYDEBUG rally_openstack.cleanup.manager [-] Deleting neutron.port object s_rally_7054ebd4_vElMhr1c (1891dcf0-74a3-466f-95c2-c6ded6da3657)
2019-06-20 21:36:22.699 22705 RALLYDEBUG rally_openstack.cleanup.manager [-] Deleting neutron.port object s_rally_7054ebd4_vnQDsVyP (18b15fc4-4991-4726-83f9-52822b0ef6e3)
2019-06-20 21:36:22.805 22705 RALLYDEBUG rally_openstack.cleanup.manager [-] Deleting neutron.port object s_rally_7054ebd4_lKK3AaeL (18ed619c-8c7a-4f09-8efd-b9b1949b31d0)
2019-06-20 21:36:22.863 22705 RALLYDEBUG rally_openstack.cleanup.manager [-] Deleting neutron.port object s_rally_7054ebd4_2cyiKLhN (1957de39-0b12-4845-a19d-7007a6ca2fa1)
2019-06-20 21:36:22.976 22705 RALLYDEBUG rally_openstack.cleanup.manager [-] Deleting neutron.port object s_rally_7054ebd4_LOr3U1Cb (1a64e350-c5a2-4f7c-80ce-3438c73ef0af)
2019-06-20 21:36:23.056 22705 RALLYDEBUG rally_openstack.cleanup.manager [-] Deleting neutron.port object s_rally_7054ebd4_zaoZt939 (1ab1e5f7-02aa-4cef-91ab-8131dd99331a)
2019-06-20 21:36:23.545 22705 RALLYDEBUG rally_openstack.cleanup.manager [-] Deleting neutron.port object s_rally_7054ebd4_56BqpaDl (1b5e025e-88dd-4e30-8596-075e592cf199)
2019-06-20 21:36:23.672 22705 RALLYDEBUG rally_openstack.cleanup.manager [-] Deleting neutron.port object s_rally_7054ebd4_VD0VjohB (1bf429a3-1713-4f49-9736-d432ca7c8542)
2019-06-20 21:36:23.714 22705 RALLYDEBUG rally_openstack.cleanup.manager [-] Deleting neutron.port object s_rally_7054ebd4_bHQDsArU (1c3abc23-782b-416b-9e0c-98983343ec46)
2019-06-20 21:36:23.761 22705 RALLYDEBUG rally_openstack.cleanup.manager [-] Deleting neutron.port object s_rally_7054ebd4_OWCFRJvF (1c49b8c1-942d-4bad-a4ba-8e8dcfb2c744)
2019-06-20 21:36:23.838 22705 RALLYDEBUG rally_openstack.cleanup.manager [-] Deleting neutron.port object s_rally_7054ebd4_hvxSH5w9 (1c9ce0a0-e925-4700-b442-c87214de5126)
2019-06-20 21:36:23.854 22705 RALLYDEBUG rally_openstack.cleanup.manager [-] Deleting neutron.port object s_rally_7054ebd4_gqg4BaeG (1cb0eba1-016d-4de0-853c-277ad2b54d39)
2019-06-20 21:36:24.358 22705 RALLYDEBUG rally_openstack.cleanup.manager [-] Deleting neutron.port object s_rally_7054ebd4_a5Bpeqie (1cf73cb4-e657-4741-8591-0cd2cb15d6fe)
2019-06-20 21:36:24.500 22705 RALLYDEBUG rally_openstack.cleanup.manager [-] Deleting neutron.port object s_rally_7054ebd4_Knm1WSxY (1dc7d927-a078-4aac-a421-e935f30c8f6c)
2019-06-20 21:36:24.561 22705 RALLYDEBUG rally_openstack.cleanup.manager [-] Deleting neutron.port object s_rally_7054ebd4_bM6p0139 (1e5441f8-09b7-49b8-bc5a-ac41daf9d5a4)
2019-06-20 21:36:24.664 22705 RALLYDEBUG rally_openstack.cleanup.manager [-] Deleting neutron.port object s_rally_7054ebd4_rf0d6syd (1eae6f9e-8529-4415-b4da-eca620e0c1b8)
2019-06-20 21:36:24.706 22705 RALLYDEBUG rally_openstack.cleanup.manager [-] Deleting neutron.port object s_rally_7054ebd4_Wl14KhwA (1ec90028-8a4a-4290-9e8d-08a424e85203)
2019-06-20 21:36:24.741 22705 RALLYDEBUG rally_openstack.cleanup.manager [-] Deleting neutron.port object s_rally_7054ebd4_E3FBtw53 (1ee72ee7-7ddf-4ad5-97bd-30cd76d8a673)
2019-06-20 21:36:25.157 22705 RALLYDEBUG rally_openstack.cleanup.manager [-] Deleting neutron.port object s_rally_7054ebd4_IMb3a0io (1f15d59a-0230-43ae-9dbc-85a85324d7b4)
2019-06-20 21:36:25.260 22705 RALLYDEBUG rally_openstack.cleanup.manager [-] Deleting neutron.port object s_rally_7054ebd4_yEkfMBUi (203f7989-a3d4-43c5-8eb5-1dc7019d8cf3)
2019-06-20 21:36:25.278 22705 RALLYDEBUG rally_openstack.cleanup.manager [-] Deleting neutron.port object s_rally_7054ebd4_kpiUPZaW (2122aa33-b80f-48f0-835a-976615db0417)
2019-06-20 21:36:25.737 22705 RALLYDEBUG rally_openstack.cleanup.manager [-] Deleting neutron.port object s_rally_7054ebd4_LxQbuHqL (21627b53-f2a3-47ea-ad53-f5316b6d9a54)
2019-06-20 21:36:25.882 22705 RALLYDEBUG rally_openstack.cleanup.manager [-] Deleting neutron.port object s_rally_7054ebd4_LqoBlGrL (21d85e29-05c5-4491-a7a2-e60413e817cd)
2019-06-20 21:36:25.917 22705 RALLYDEBUG rally_openstack.cleanup.manager [-] Deleting neutron.port object s_rally_7054ebd4_BGBskDi3 (225ec155-839b-46fc-8538-d25676c70a90)
2019-06-20 21:36:25.964 22705 RALLYDEBUG rally_openstack.cleanup.manager [-] Deleting neutron.port object s_rally_7054ebd4_eKqsTyA1 (22a09ff6-299b-4320-b8ab-558ae0ed159b)
2019-06-20 21:36:26.089 22705 RALLYDEBUG rally_openstack.cleanup.manager [-] Deleting neutron.port object s_rally_7054ebd4_NNTztb4j (238820f1-f1d0-44f9-a616-358387276e5e)
2019-06-20 21:36:26.155 22705 RALLYDEBUG rally_openstack.cleanup.manager [-] Deleting neutron.port object s_rally_7054ebd4_RTkDD9jq (239de88c-1e4e-45c9-a058-9774ac749b7e)
2019-06-20 21:36:26.275 22705 RALLYDEBUG rally_openstack.cleanup.manager [-] Deleting neutron.port object s_rally_7054ebd4_CXBuQzcO (24549b87-b6bc-4bff-8b0a-92266e45322b)
2019-06-20 21:36:26.305 22705 RALLYDEBUG rally_openstack.cleanup.manager [-] Deleting neutron.port object s_rally_7054ebd4_dNl0pIPD (24ac063e-4e0d-4c95-b129-f39396f54a41)
2019-06-20 21:36:26.392 22705 RALLYDEBUG rally_openstack.cleanup.manager [-] Deleting neutron.port object s_rally_7054ebd4_cPLzDYsk (24f2e34c-f8ac-4798-800a-b58f3428f8c7)
2019-06-20 21:36:26.445 22705 RALLYDEBUG rally_openstack.cleanup.manager [-] Deleting neutron.port object s_rally_7054ebd4_Zi854Ci9 (24fc35fa-940d-4f59-ae81-5a4f75f0db3c)
2019-06-20 21:36:26.448 22705 RALLYDEBUG rally_openstack.cleanup.manager [-] Deleting neutron.port object s_rally_7054ebd4_UzDA50Kp (2569debb-0558-4de0-8494-33a5b3d1bb56)
2019-06-20 21:36:26.959 22705 RALLYDEBUG rally_openstack.cleanup.manager [-] Deleting neutron.port object s_rally_7054ebd4_6zNmqU5d (25768fdd-717b-43b3-b400-bab6baa956ad)
2019-06-20 21:36:27.162 22705 RALLYDEBUG rally_openstack.cleanup.manager [-] Deleting neutron.port object s_rally_7054ebd4_k9aJAgY4 (2730ad72-467c-4203-92c8-b9b886682513)
2019-06-20 21:36:27.239 22705 RALLYDEBUG rally_openstack.cleanup.manager [-] Deleting neutron.port object s_rally_7054ebd4_Ocb7VKD3 (2772c750-328a-459c-aa8a-e41be373debb)
2019-06-20 21:36:27.315 22705 RALLYDEBUG rally_openstack.cleanup.manager [-] Deleting neutron.port object s_rally_7054ebd4_9KveW2wh (2818d4a8-78be-4466-b056-323841c25128)
2019-06-20 21:36:27.415 22705 RALLYDEBUG rally_openstack.cleanup.manager [-] Deleting neutron.port object s_rally_7054ebd4_EBcpAxSt (288c013e-acf4-40f6-8e11-0e2d351fb9b2)
2019-06-20 21:36:27.470 22705 RALLYDEBUG rally_openstack.cleanup.manager [-] Deleting neutron.port object s_rally_7054ebd4_UpjVMMuj (291cd5a6-a30e-4a45-98ae-3e21c2ed0a4a)
2019-06-20 21:36:27.654 22705 RALLYDEBUG rally_openstack.cleanup.manager [-] Deleting neutron.port object s_rally_7054ebd4_eEpG7hWQ (2a199d22-7c21-4ea5-8798-a9c529245d2f)
2019-06-20 21:36:27.975 22705 RALLYDEBUG rally_openstack.cleanup.manager [-] Deleting neutron.port object s_rally_7054ebd4_sYiS8zs5 (2aa9d551-316a-4286-b525-13c0f1e8f1e6)
2019-06-20 21:36:28.114 22705 RALLYDEBUG rally_openstack.cleanup.manager [-] Deleting neutron.port object s_rally_7054ebd4_3v1EAffK (2c22bcb8-81f0-49dd-830d-40c912f556a6)
2019-06-20 21:36:28.486 22705 RALLYDEBUG rally_openstack.cleanup.manager [-] Deleting neutron.port object s_rally_7054ebd4_8d1Nq0Ru (2cabcee5-0b51-4233-819a-e4f14cfec2e7)
2019-06-20 21:36:28.574 22705 RALLYDEBUG rally_openstack.cleanup.manager [-] Deleting neutron.port object s_rally_7054ebd4_AamrtAvy (2d1143d6-a1a8-48c6-81dd-5fba5774e26a)
2019-06-20 21:36:28.701 22705 RALLYDEBUG rally_openstack.cleanup.manager [-] Deleting neutron.port object s_rally_7054ebd4_hGAgyXk9 (2d9f4bac-5be3-4bad-a3bf-d3c77608b459)
2019-06-20 21:36:28.715 22705 RALLYDEBUG rally_openstack.cleanup.manager [-] Deleting neutron.port object s_rally_7054ebd4_482V7xvx (2dddd74c-d738-48e9-90df-d28537387483)
2019-06-20 21:36:28.854 22705 RALLYDEBUG rally_openstack.cleanup.manager [-] Deleting neutron.port object s_rally_7054ebd4_PPUTiCTy (2e07d40e-90da-4290-95da-46ea2e1d4d44)
2019-06-20 21:36:28.913 22705 RALLYDEBUG rally_openstack.cleanup.manager [-] Deleting neutron.port object s_rally_7054ebd4_kiQ73ucq (2e1c4938-766f-4a0f-9a54-34b554bb224c)
2019-06-20 21:36:29.004 22705 RALLYDEBUG rally_openstack.cleanup.manager [-] Deleting neutron.port object s_rally_7054ebd4_Io5gl4jk (2e1d6356-5d10-4ed0-9756-8a1fa70fad69)
2019-06-20 21:36:29.105 22705 RALLYDEBUG rally_openstack.cleanup.manager [-] Deleting neutron.port object s_rally_7054ebd4_wgUwdUaN (2eb0c83d-21af-4db4-8548-598b0deed372)
2019-06-20 21:36:29.248 22705 RALLYDEBUG rally_openstack.cleanup.manager [-] Deleting neutron.port object s_rally_7054ebd4_xU3eYtV1 (2f471a45-24dd-40a4-9321-32155624e1a4)
2019-06-20 21:36:29.463 22705 RALLYDEBUG rally_openstack.cleanup.manager [-] Deleting neutron.port object s_rally_7054ebd4_CJCA4bni (2f485eed-5716-4def-9c17-84803b642b38)
2019-06-20 21:36:29.466 22705 RALLYDEBUG rally_openstack.cleanup.manager [-] Deleting neutron.port object s_rally_7054ebd4_teU3B3hU (2f71458c-1c87-4bde-a4c7-bc16edebefbc)
2019-06-20 21:36:29.621 22705 RALLYDEBUG rally_openstack.cleanup.manager [-] Deleting neutron.port object s_rally_7054ebd4_XgyxFf25 (30006218-cf3e-46ee-be56-a4310442651a)
2019-06-20 21:36:29.622 22705 RALLYDEBUG rally_openstack.cleanup.manager [-] Deleting neutron.port object s_rally_7054ebd4_do2gJI0z (30117492-92c8-4888-9a34-55eb25976242)
2019-06-20 21:36:29.872 22705 RALLYDEBUG rally_openstack.cleanup.manager [-] Deleting neutron.port object s_rally_7054ebd4_6FgZXz9B (30135577-4546-4b19-8c4c-7124c297c59c)
