2019-06-20 21:12:40.083 24813 RALLYDEBUG rally.task.runner [-] Starting a worker. concurrency: 1 args: {"network_create_args": {}, "subnet_create_args": {}, "subnet_cidr_start": "1.1.0.0/30", "subnets_per_network": 2} times: 40 method_name: run timeout: 0 duration: None cls:
2019-06-20 21:12:40.085 24802 WARNING rally_openstack.scenarios.neutron.utils [-] Running this scenario without either the 'network' or 'existing_network' context is deprecated
2019-06-20 21:12:40.079 24800 WARNING rally_openstack.scenarios.neutron.utils [-] Running this scenario without either the 'network' or 'existing_network' context is deprecated
2019-06-20 21:12:40.088 24808 INFO rally.task.runner [-] Task 72b4b572-cc64-4556-b2bb-7f0c14df3059 | ITER: 10 START
2019-06-20 21:12:40.088 24819 RALLYDEBUG rally.task.runner [-] Starting a worker. concurrency: 1 args: {"network_create_args": {}, "subnet_create_args": {}, "subnet_cidr_start": "1.1.0.0/30", "subnets_per_network": 2} times: 40 method_name: run timeout: 0 duration: None cls:
2019-06-20 21:12:40.090 24808 WARNING rally_openstack.scenarios.neutron.utils [-] Running this scenario without either the 'network' or 'existing_network' context is deprecated
2019-06-20 21:12:40.090 24813 INFO rally.task.runner [-] Task 72b4b572-cc64-4556-b2bb-7f0c14df3059 | ITER: 11 START
2019-06-20 21:12:40.090 24801 INFO rally.task.runner [-] Task 72b4b572-cc64-4556-b2bb-7f0c14df3059 | ITER: 6 START
2019-06-20 21:12:40.091 24801 WARNING rally_openstack.scenarios.neutron.utils [-] Running this scenario without either the 'network' or 'existing_network' context is deprecated
2019-06-20 21:12:40.091 24813 WARNING rally_openstack.scenarios.neutron.utils [-] Running this scenario without either the 'network' or 'existing_network' context is deprecated
2019-06-20 21:12:40.094 24819 INFO rally.task.runner [-] Task 72b4b572-cc64-4556-b2bb-7f0c14df3059 | ITER: 12 START
2019-06-20 21:12:40.096 24819 WARNING rally_openstack.scenarios.neutron.utils [-] Running this scenario without either the 'network' or 'existing_network' context is deprecated
2019-06-20 21:12:40.096 24802 INFO rally.task.runner [-] Task 72b4b572-cc64-4556-b2bb-7f0c14df3059 | ITER: 9 START
2019-06-20 21:12:40.096 24826 RALLYDEBUG rally.task.runner [-] Starting a worker. concurrency: 1 args: {"network_create_args": {}, "subnet_create_args": {}, "subnet_cidr_start": "1.1.0.0/30", "subnets_per_network": 2} times: 40 method_name: run timeout: 0 duration: None cls:
2019-06-20 21:12:40.098 24802 WARNING rally_openstack.scenarios.neutron.utils [-] Running this scenario without either the 'network' or 'existing_network' context is deprecated
2019-06-20 21:12:40.099 24821 RALLYDEBUG rally.task.runner [-] Starting a worker. concurrency: 1 args: {"network_create_args": {}, "subnet_create_args": {}, "subnet_cidr_start": "1.1.0.0/30", "subnets_per_network": 2} times: 40 method_name: run timeout: 0 duration: None cls:
2019-06-20 21:12:40.101 24829 RALLYDEBUG rally.task.runner [-] Starting a worker. concurrency: 1 args: {"network_create_args": {}, "subnet_create_args": {}, "subnet_cidr_start": "1.1.0.0/30", "subnets_per_network": 2} times: 40 method_name: run timeout: 0 duration: None cls:
2019-06-20 21:12:40.103 24826 INFO rally.task.runner [-] Task 72b4b572-cc64-4556-b2bb-7f0c14df3059 | ITER: 13 START
2019-06-20 21:12:40.104 24826 WARNING rally_openstack.scenarios.neutron.utils [-] Running this scenario without either the 'network' or 'existing_network' context is deprecated
2019-06-20 21:12:40.106 24821 INFO rally.task.runner [-] Task 72b4b572-cc64-4556-b2bb-7f0c14df3059 | ITER: 14 START
2019-06-20 21:12:40.107 24821 WARNING rally_openstack.scenarios.neutron.utils [-] Running this scenario without either the 'network' or 'existing_network' context is deprecated
2019-06-20 21:12:40.107 24829 INFO rally.task.runner [-] Task 72b4b572-cc64-4556-b2bb-7f0c14df3059 | ITER: 15 START
2019-06-20 21:12:40.109 24829 WARNING rally_openstack.scenarios.neutron.utils [-] Running this scenario without either the 'network' or 'existing_network' context is deprecated
2019-06-20 21:12:40.111 24834 RALLYDEBUG rally.task.runner [-] Starting a worker. concurrency: 1 args: {"network_create_args": {}, "subnet_create_args": {}, "subnet_cidr_start": "1.1.0.0/30", "subnets_per_network": 2} times: 40 method_name: run timeout: 0 duration: None cls:
2019-06-20 21:12:40.117 24834 INFO rally.task.runner [-] Task 72b4b572-cc64-4556-b2bb-7f0c14df3059 | ITER: 16 START
2019-06-20 21:12:40.119 24834 WARNING rally_openstack.scenarios.neutron.utils [-] Running this scenario without either the 'network' or 'existing_network' context is deprecated
2019-06-20 21:12:40.119 24838 RALLYDEBUG rally.task.runner [-] Starting a worker. concurrency: 1 args: {"network_create_args": {}, "subnet_create_args": {}, "subnet_cidr_start": "1.1.0.0/30", "subnets_per_network": 2} times: 40 method_name: run timeout: 0 duration: None cls:
2019-06-20 21:12:40.120 24830 RALLYDEBUG rally.task.runner [-] Starting a worker. concurrency: 1 args: {"network_create_args": {}, "subnet_create_args": {}, "subnet_cidr_start": "1.1.0.0/30", "subnets_per_network": 2} times: 40 method_name: run timeout: 0 duration: None cls:
2019-06-20 21:12:40.125 24838 INFO rally.task.runner [-] Task 72b4b572-cc64-4556-b2bb-7f0c14df3059 | ITER: 17 START
2019-06-20 21:12:40.126 24830 INFO rally.task.runner [-] Task 72b4b572-cc64-4556-b2bb-7f0c14df3059 | ITER: 18 START
2019-06-20 21:12:40.127 24838 WARNING rally_openstack.scenarios.neutron.utils [-] Running this scenario without either the 'network' or 'existing_network' context is deprecated
2019-06-20 21:12:40.128 24830 WARNING rally_openstack.scenarios.neutron.utils [-] Running this scenario without either the 'network' or 'existing_network' context is deprecated
2019-06-20 21:12:40.129 24841 RALLYDEBUG rally.task.runner [-] Starting a worker. concurrency: 1 args: {"network_create_args": {}, "subnet_create_args": {}, "subnet_cidr_start": "1.1.0.0/30", "subnets_per_network": 2} times: 40 method_name: run timeout: 0 duration: None cls:
2019-06-20 21:12:40.132 24846 RALLYDEBUG rally.task.runner [-] Starting a worker. concurrency: 1 args: {"network_create_args": {}, "subnet_create_args": {}, "subnet_cidr_start": "1.1.0.0/30", "subnets_per_network": 2} times: 40 method_name: run timeout: 0 duration: None cls:
2019-06-20 21:12:40.135 24841 INFO rally.task.runner [-] Task 72b4b572-cc64-4556-b2bb-7f0c14df3059 | ITER: 19 START
2019-06-20 21:12:40.136 24841 WARNING rally_openstack.scenarios.neutron.utils [-] Running this scenario without either the 'network' or 'existing_network' context is deprecated
2019-06-20 21:12:40.136 24846 INFO rally.task.runner [-] Task 72b4b572-cc64-4556-b2bb-7f0c14df3059 | ITER: 20 START
2019-06-20 21:12:40.138 24846 WARNING rally_openstack.scenarios.neutron.utils [-] Running this scenario without either the 'network' or 'existing_network' context is deprecated
2019-06-20 21:12:42.158 24821 RALLYDEBUG rally_openstack.wrappers.network [-] CIDR generated: 1.1.4.96/30
2019-06-20 21:12:42.176 24802 RALLYDEBUG rally_openstack.wrappers.network [-] CIDR generated: 1.1.4.100/30
2019-06-20 21:12:42.188 24834 RALLYDEBUG rally_openstack.wrappers.network [-] CIDR generated: 1.1.4.104/30
2019-06-20 21:12:42.206 24813 RALLYDEBUG rally_openstack.wrappers.network [-] CIDR generated: 1.1.4.108/30
2019-06-20 21:12:42.259 24804 RALLYDEBUG rally_openstack.wrappers.network [-] CIDR generated: 1.1.4.112/30
2019-06-20 21:12:42.344 24799 RALLYDEBUG rally_openstack.wrappers.network [-] CIDR generated: 1.1.4.116/30
2019-06-20 21:12:42.372 24799 RALLYDEBUG rally_openstack.wrappers.network [-] CIDR generated: 1.1.4.120/30
2019-06-20 21:12:42.433 24819 RALLYDEBUG rally_openstack.wrappers.network [-] CIDR generated: 1.1.4.124/30
2019-06-20 21:12:42.463 24800 RALLYDEBUG rally_openstack.wrappers.network [-] CIDR generated: 1.1.4.128/30
2019-06-20 21:12:42.505 24801 RALLYDEBUG rally_openstack.wrappers.network [-] CIDR generated: 1.1.4.132/30
2019-06-20 21:12:42.587 24830 RALLYDEBUG rally_openstack.wrappers.network [-] CIDR generated: 1.1.4.136/30
2019-06-20 21:12:42.587 24800 RALLYDEBUG rally_openstack.wrappers.network [-] CIDR generated: 1.1.4.140/30
2019-06-20 21:12:42.600 24838 RALLYDEBUG rally_openstack.wrappers.network [-] CIDR generated: 1.1.4.144/30
2019-06-20 21:12:42.620 24802 RALLYDEBUG rally_openstack.wrappers.network [-] CIDR generated: 1.1.4.148/30
2019-06-20 21:12:42.635 24801 RALLYDEBUG rally_openstack.wrappers.network [-] CIDR generated: 1.1.4.152/30
2019-06-20 21:12:42.666 24846 RALLYDEBUG rally_openstack.wrappers.network [-] CIDR generated: 1.1.4.156/30
2019-06-20 21:12:42.678 24826 RALLYDEBUG rally_openstack.wrappers.network [-] CIDR generated: 1.1.4.160/30
2019-06-20 21:12:42.692 24829 RALLYDEBUG rally_openstack.wrappers.network [-] CIDR generated: 1.1.4.164/30
2019-06-20 21:12:42.811 24808 RALLYDEBUG rally_openstack.wrappers.network [-] CIDR generated: 1.1.4.168/30
2019-06-20 21:12:42.942 24841 RALLYDEBUG rally_openstack.wrappers.network [-] CIDR generated: 1.1.4.172/30
2019-06-20 21:12:44.026 24821 RALLYDEBUG rally_openstack.wrappers.network [-] CIDR generated: 1.1.4.176/30
2019-06-20 21:12:44.061 24829 RALLYDEBUG rally_openstack.wrappers.network [-] CIDR generated: 1.1.4.180/30
2019-06-20 21:12:44.121 24800 RALLYDEBUG rally_openstack.wrappers.network [-] CIDR generated: 1.1.4.184/30
2019-06-20 21:12:44.152 24801 RALLYDEBUG rally_openstack.wrappers.network [-] CIDR generated: 1.1.4.188/30
2019-06-20 21:12:44.290 24819 RALLYDEBUG rally_openstack.wrappers.network [-] CIDR generated: 1.1.4.192/30
2019-06-20 21:12:44.367 24804 RALLYDEBUG rally_openstack.wrappers.network [-] CIDR generated: 1.1.4.196/30
2019-06-20 21:12:44.428 24802 RALLYDEBUG rally_openstack.wrappers.network [-] CIDR generated: 1.1.4.200/30
2019-06-20 21:12:44.512 24813 RALLYDEBUG rally_openstack.wrappers.network [-] CIDR generated: 1.1.4.204/30
2019-06-20 21:12:45.519 24846 RALLYDEBUG rally_openstack.wrappers.network [-] CIDR generated: 1.1.4.208/30
2019-06-20 21:12:46.145 24802 RALLYDEBUG rally_openstack.wrappers.network [-] CIDR generated: 1.1.4.212/30
2019-06-20 21:12:46.218 24799 RALLYDEBUG rally_openstack.wrappers.network [-] CIDR generated: 1.1.4.216/30
2019-06-20 21:12:46.307 24834 RALLYDEBUG rally_openstack.wrappers.network [-] CIDR generated: 1.1.4.220/30
2019-06-20 21:12:46.764 24838 RALLYDEBUG rally_openstack.wrappers.network [-] CIDR generated: 1.1.4.224/30
2019-06-20 21:12:46.818 24801 RALLYDEBUG rally_openstack.wrappers.network [-] CIDR generated: 1.1.4.228/30
2019-06-20 21:12:46.895 24799 RALLYDEBUG rally_openstack.wrappers.network [-] CIDR generated: 1.1.4.232/30
2019-06-20 21:12:46.940 24808 RALLYDEBUG rally_openstack.wrappers.network [-] CIDR generated: 1.1.4.236/30
2019-06-20 21:12:47.115 24826 RALLYDEBUG rally_openstack.wrappers.network [-] CIDR generated: 1.1.4.240/30
2019-06-20 21:12:47.154 24800 RALLYDEBUG rally_openstack.wrappers.network [-] CIDR generated: 1.1.4.244/30
2019-06-20 21:12:47.363 24841 RALLYDEBUG rally_openstack.wrappers.network [-] CIDR generated: 1.1.4.248/30
2019-06-20 21:12:47.402 24830 RALLYDEBUG rally_openstack.wrappers.network [-] CIDR generated: 1.1.4.252/30
2019-06-20 21:12:48.803 24801 INFO rally.task.runner [-] Task 72b4b572-cc64-4556-b2bb-7f0c14df3059 | ITER: 6 END: OK
2019-06-20 21:12:48.808 24801 INFO rally.task.runner [-] Task 72b4b572-cc64-4556-b2bb-7f0c14df3059 | ITER: 21 START
2019-06-20 21:12:48.808 24801 WARNING rally_openstack.scenarios.neutron.utils [-] Running this scenario without either the 'network' or 'existing_network' context is deprecated
2019-06-20 21:12:49.523 24800 INFO rally.task.runner [-] Task 72b4b572-cc64-4556-b2bb-7f0c14df3059 | ITER: 5 END: OK
2019-06-20 21:12:49.527 24800 INFO rally.task.runner [-] Task 72b4b572-cc64-4556-b2bb-7f0c14df3059 | ITER: 22 START
2019-06-20 21:12:49.528 24800 WARNING rally_openstack.scenarios.neutron.utils [-] Running this scenario without either the 'network' or 'existing_network' context is deprecated
2019-06-20 21:12:49.667 24813 INFO rally.task.runner [-] Task 72b4b572-cc64-4556-b2bb-7f0c14df3059 | ITER: 11 END: OK
2019-06-20 21:12:49.672 24813 INFO rally.task.runner [-] Task 72b4b572-cc64-4556-b2bb-7f0c14df3059 | ITER: 23 START
2019-06-20 21:12:49.673 24813 WARNING rally_openstack.scenarios.neutron.utils [-] Running this scenario without either the 'network' or 'existing_network' context is deprecated
2019-06-20 21:12:49.841 24804 INFO rally.task.runner [-] Task 72b4b572-cc64-4556-b2bb-7f0c14df3059 | ITER: 8 END: OK
2019-06-20 21:12:49.845 24804 INFO rally.task.runner [-] Task 72b4b572-cc64-4556-b2bb-7f0c14df3059 | ITER: 24 START
2019-06-20 21:12:49.846 24804 WARNING rally_openstack.scenarios.neutron.utils [-] Running this scenario without either the 'network' or 'existing_network' context is deprecated
2019-06-20 21:12:50.353 24801 RALLYDEBUG rally_openstack.wrappers.network [-] CIDR generated: 1.1.5.0/30
2019-06-20 21:12:50.364 24799 INFO rally.task.runner [-] Task 72b4b572-cc64-4556-b2bb-7f0c14df3059 | ITER: 1 END: OK
2019-06-20 21:12:50.368 24799 INFO rally.task.runner [-] Task 72b4b572-cc64-4556-b2bb-7f0c14df3059 | ITER: 25 START
2019-06-20 21:12:50.369 24799 WARNING rally_openstack.scenarios.neutron.utils [-] Running this scenario without either the 'network' or 'existing_network' context is deprecated
2019-06-20 21:12:50.514 24821 INFO rally.task.runner [-] Task 72b4b572-cc64-4556-b2bb-7f0c14df3059 | ITER: 14 END: OK
2019-06-20 21:12:50.519 24821 INFO rally.task.runner [-] Task 72b4b572-cc64-4556-b2bb-7f0c14df3059 | ITER: 26 START
2019-06-20 21:12:50.519 24821 WARNING rally_openstack.scenarios.neutron.utils [-] Running this scenario without either the 'network' or 'existing_network' context is deprecated
2019-06-20 21:12:50.631 24800 RALLYDEBUG rally_openstack.wrappers.network [-] CIDR generated: 1.1.5.4/30
2019-06-20 21:12:50.726 24813 RALLYDEBUG rally_openstack.wrappers.network [-] CIDR generated: 1.1.5.8/30
2019-06-20 21:12:50.972 24804 RALLYDEBUG rally_openstack.wrappers.network [-] CIDR generated: 1.1.5.12/30
2019-06-20 21:12:51.123 24819 INFO rally.task.runner [-] Task 72b4b572-cc64-4556-b2bb-7f0c14df3059 | ITER: 12 END: OK
2019-06-20 21:12:51.126 24819 INFO rally.task.runner [-] Task 72b4b572-cc64-4556-b2bb-7f0c14df3059 | ITER: 27 START
2019-06-20 21:12:51.127 24819 WARNING rally_openstack.scenarios.neutron.utils [-] Running this scenario without either the 'network' or 'existing_network' context is deprecated
2019-06-20 21:12:51.362 24846 INFO rally.task.runner [-] Task 72b4b572-cc64-4556-b2bb-7f0c14df3059 | ITER: 20 END: OK
2019-06-20 21:12:51.365 24846 INFO rally.task.runner [-] Task 72b4b572-cc64-4556-b2bb-7f0c14df3059 | ITER: 28 START
2019-06-20 21:12:51.365 24846 WARNING rally_openstack.scenarios.neutron.utils [-] Running this scenario without either the 'network' or 'existing_network' context is deprecated
2019-06-20 21:12:51.431 24799 RALLYDEBUG rally_openstack.wrappers.network [-] CIDR generated: 1.1.5.16/30
2019-06-20 21:12:51.543 24821 RALLYDEBUG rally_openstack.wrappers.network [-] CIDR generated: 1.1.5.20/30
2019-06-20 21:12:51.953 24801 RALLYDEBUG rally_openstack.wrappers.network [-] CIDR generated: 1.1.5.24/30
2019-06-20 21:12:52.259 24800 RALLYDEBUG rally_openstack.wrappers.network [-] CIDR generated: 1.1.5.28/30
2019-06-20 21:12:52.270 24819 RALLYDEBUG rally_openstack.wrappers.network [-] CIDR generated: 1.1.5.32/30
2019-06-20 21:12:52.410 24799 INFO rally.task.runner [-] Task 72b4b572-cc64-4556-b2bb-7f0c14df3059 | ITER: 2 END: OK
2019-06-20 21:12:52.414 24799 INFO rally.task.runner [-] Task 72b4b572-cc64-4556-b2bb-7f0c14df3059 | ITER: 29 START
2019-06-20 21:12:52.415 24799 WARNING rally_openstack.scenarios.neutron.utils [-] Running this scenario without either the 'network' or 'existing_network' context is deprecated
2019-06-20 21:12:52.568 24829 INFO rally.task.runner [-] Task 72b4b572-cc64-4556-b2bb-7f0c14df3059 | ITER: 15 END: OK
2019-06-20 21:12:52.568 24846 RALLYDEBUG rally_openstack.wrappers.network [-] CIDR generated: 1.1.5.36/30
2019-06-20 21:12:52.572 24829 INFO rally.task.runner [-] Task 72b4b572-cc64-4556-b2bb-7f0c14df3059 | ITER: 30 START
2019-06-20 21:12:52.573 24829 WARNING rally_openstack.scenarios.neutron.utils [-] Running this scenario without either the 'network' or 'existing_network' context is deprecated
2019-06-20 21:12:52.951 24834 INFO rally.task.runner [-] Task 72b4b572-cc64-4556-b2bb-7f0c14df3059 | ITER: 16 END: OK
2019-06-20 21:12:52.955 24834 INFO rally.task.runner [-] Task 72b4b572-cc64-4556-b2bb-7f0c14df3059 | ITER: 31 START
2019-06-20 21:12:52.956 24834 WARNING rally_openstack.scenarios.neutron.utils [-] Running this scenario without either the 'network' or 'existing_network' context is deprecated
2019-06-20 21:12:53.100 24802 INFO rally.task.runner [-] Task 72b4b572-cc64-4556-b2bb-7f0c14df3059 | ITER: 9 END: OK
2019-06-20 21:12:53.104 24802 INFO rally.task.runner [-] Task 72b4b572-cc64-4556-b2bb-7f0c14df3059 | ITER: 32 START
2019-06-20 21:12:53.105 24802 WARNING rally_openstack.scenarios.neutron.utils [-] Running this scenario without either the 'network' or 'existing_network' context is deprecated
2019-06-20 21:12:53.142 24801 INFO rally.task.runner [-] Task 72b4b572-cc64-4556-b2bb-7f0c14df3059 | ITER: 4 END: OK
2019-06-20 21:12:53.146 24801 INFO rally.task.runner [-] Task 72b4b572-cc64-4556-b2bb-7f0c14df3059 | ITER: 33 START
2019-06-20 21:12:53.147 24801 WARNING rally_openstack.scenarios.neutron.utils [-] Running this scenario without either the 'network' or 'existing_network' context is deprecated
2019-06-20 21:12:53.507 24800 INFO rally.task.runner [-] Task 72b4b572-cc64-4556-b2bb-7f0c14df3059 | ITER: 3 END: OK
2019-06-20 21:12:53.510 24800 INFO rally.task.runner [-] Task 72b4b572-cc64-4556-b2bb-7f0c14df3059 | ITER: 34 START
2019-06-20 21:12:53.511 24800 WARNING rally_openstack.scenarios.neutron.utils [-] Running this scenario without either the 'network' or 'existing_network' context is deprecated
2019-06-20 21:12:53.569 24813 RALLYDEBUG rally_openstack.wrappers.network [-] CIDR generated: 1.1.5.40/30
2019-06-20 21:12:53.666 24799 RALLYDEBUG rally_openstack.wrappers.network [-] CIDR generated: 1.1.5.44/30
2019-06-20 21:12:53.829 24819 RALLYDEBUG rally_openstack.wrappers.network [-] CIDR generated: 1.1.5.48/30
2019-06-20 21:12:54.070 24804 RALLYDEBUG rally_openstack.wrappers.network [-] CIDR generated: 1.1.5.52/30
2019-06-20 21:12:54.151 24846 RALLYDEBUG rally_openstack.wrappers.network [-] CIDR generated: 1.1.5.56/30
2019-06-20 21:12:54.236 24799 RALLYDEBUG rally_openstack.wrappers.network [-] CIDR generated: 1.1.5.60/30
2019-06-20 21:12:54.259 24834 RALLYDEBUG rally_openstack.wrappers.network [-] CIDR generated: 1.1.5.64/30
2019-06-20 21:12:54.273 24838 INFO rally.task.runner [-] Task 72b4b572-cc64-4556-b2bb-7f0c14df3059 | ITER: 17 END: OK
2019-06-20 21:12:54.277 24838 INFO rally.task.runner [-] Task 72b4b572-cc64-4556-b2bb-7f0c14df3059 | ITER: 35 START
2019-06-20 21:12:54.278 24838 WARNING rally_openstack.scenarios.neutron.utils [-] Running this scenario without either the 'network' or 'existing_network' context is deprecated
2019-06-20 21:12:54.462 24829 RALLYDEBUG rally_openstack.wrappers.network [-] CIDR generated: 1.1.5.68/30
2019-06-20 21:12:54.537 24802 RALLYDEBUG rally_openstack.wrappers.network [-] CIDR generated: 1.1.5.72/30
2019-06-20 21:12:54.624 24821 RALLYDEBUG rally_openstack.wrappers.network [-] CIDR generated: 1.1.5.76/30
2019-06-20 21:12:54.663 24802 INFO rally.task.runner [-] Task 72b4b572-cc64-4556-b2bb-7f0c14df3059 | ITER: 7 END: OK
2019-06-20 21:12:54.667 24802 INFO rally.task.runner [-] Task 72b4b572-cc64-4556-b2bb-7f0c14df3059 | ITER: 36 START
2019-06-20 21:12:54.668 24802 WARNING rally_openstack.scenarios.neutron.utils [-] Running this scenario without either the 'network' or 'existing_network' context is deprecated
2019-06-20 21:12:54.780 24801 RALLYDEBUG rally_openstack.wrappers.network [-] CIDR generated: 1.1.5.80/30
2019-06-20 21:12:54.883 24830 INFO rally.task.runner [-] Task 72b4b572-cc64-4556-b2bb-7f0c14df3059 | ITER: 18 END: OK
2019-06-20 21:12:54.887 24830 INFO rally.task.runner [-] Task 72b4b572-cc64-4556-b2bb-7f0c14df3059 | ITER: 37 START
2019-06-20 21:12:54.888 24830 WARNING rally_openstack.scenarios.neutron.utils [-] Running this scenario without either the 'network' or 'existing_network' context is deprecated
2019-06-20 21:12:55.090 24808 INFO rally.task.runner [-] Task 72b4b572-cc64-4556-b2bb-7f0c14df3059 | ITER: 10 END: OK
2019-06-20 21:12:55.094 24808 INFO rally.task.runner [-] Task 72b4b572-cc64-4556-b2bb-7f0c14df3059 | ITER: 38 START
2019-06-20 21:12:55.095 24808 WARNING rally_openstack.scenarios.neutron.utils [-] Running this scenario without either the 'network' or 'existing_network' context is deprecated
2019-06-20 21:12:55.109 24800 RALLYDEBUG rally_openstack.wrappers.network [-] CIDR generated: 1.1.5.84/30
2019-06-20 21:12:55.617 24838 RALLYDEBUG rally_openstack.wrappers.network [-] CIDR generated: 1.1.5.88/30
2019-06-20 21:12:55.651 24799 RALLYDEBUG rally_openstack.wrappers.network [-] CIDR generated: 1.1.5.92/30
2019-06-20 21:12:56.715 24801 RALLYDEBUG rally_openstack.wrappers.network [-] CIDR generated: 1.1.5.96/30
2019-06-20 21:12:56.805 24802 RALLYDEBUG rally_openstack.wrappers.network [-] CIDR generated: 1.1.5.100/30
2019-06-20 21:12:57.011 24829 RALLYDEBUG rally_openstack.wrappers.network [-] CIDR generated: 1.1.5.104/30
2019-06-20 21:12:57.097 24834 RALLYDEBUG rally_openstack.wrappers.network [-] CIDR generated: 1.1.5.108/30
2019-06-20 21:12:57.152 24802 RALLYDEBUG rally_openstack.wrappers.network [-] CIDR generated: 1.1.5.112/30
2019-06-20 21:12:57.225 24800 RALLYDEBUG rally_openstack.wrappers.network [-] CIDR generated: 1.1.5.116/30
2019-06-20 21:12:57.246 24841 INFO rally.task.runner [-] Task 72b4b572-cc64-4556-b2bb-7f0c14df3059 | ITER: 19 END: OK
2019-06-20 21:12:57.249 24841 INFO rally.task.runner [-] Task 72b4b572-cc64-4556-b2bb-7f0c14df3059 | ITER: 39 START
2019-06-20 21:12:57.250 24841 WARNING rally_openstack.scenarios.neutron.utils [-] Running this scenario without either the 'network' or 'existing_network' context is deprecated
2019-06-20 21:12:57.354 24808 RALLYDEBUG rally_openstack.wrappers.network [-] CIDR generated: 1.1.5.120/30
2019-06-20 21:12:57.412 24830 RALLYDEBUG rally_openstack.wrappers.network [-] CIDR generated: 1.1.5.124/30
2019-06-20 21:12:57.838 24838 RALLYDEBUG rally_openstack.wrappers.network [-] CIDR generated: 1.1.5.128/30
2019-06-20 21:12:58.154 24800 INFO rally.task.runner [-] Task 72b4b572-cc64-4556-b2bb-7f0c14df3059 | ITER: 22 END: OK
2019-06-20 21:12:58.157 24800 INFO rally.task.runner [-] Task 72b4b572-cc64-4556-b2bb-7f0c14df3059 | ITER: 40 START
2019-06-20 21:12:58.158 24800 WARNING rally_openstack.scenarios.neutron.utils [-] Running this scenario without either the 'network' or 'existing_network' context is deprecated
2019-06-20 21:12:58.174 24826 INFO rally.task.runner [-] Task 72b4b572-cc64-4556-b2bb-7f0c14df3059 | ITER: 13 END: OK
2019-06-20 21:12:58.292 24819 INFO rally.task.runner [-] Task 72b4b572-cc64-4556-b2bb-7f0c14df3059 | ITER: 27 END: OK
2019-06-20 21:12:58.371 24801 INFO rally.task.runner [-] Task 72b4b572-cc64-4556-b2bb-7f0c14df3059 | ITER: 21 END: OK
2019-06-20 21:13:00.373 24846 INFO rally.task.runner [-] Task 72b4b572-cc64-4556-b2bb-7f0c14df3059 | ITER: 28 END: OK
2019-06-20 21:13:00.504 24821 INFO rally.task.runner [-] Task 72b4b572-cc64-4556-b2bb-7f0c14df3059 | ITER: 26 END: OK
2019-06-20 21:13:00.876 24813 INFO rally.task.runner [-] Task 72b4b572-cc64-4556-b2bb-7f0c14df3059 | ITER: 23 END: OK
2019-06-20 21:13:01.078 24841 RALLYDEBUG rally_openstack.wrappers.network [-] CIDR generated: 1.1.5.132/30
2019-06-20 21:13:01.144 24799 INFO rally.task.runner [-] Task 72b4b572-cc64-4556-b2bb-7f0c14df3059 | ITER: 29 END: OK
2019-06-20 21:13:01.181 24802 RALLYDEBUG rally_openstack.wrappers.network [-] CIDR generated: 1.1.5.136/30
2019-06-20 21:13:01.372 24800 RALLYDEBUG rally_openstack.wrappers.network [-] CIDR generated: 1.1.5.140/30
2019-06-20 21:13:01.635 24830 RALLYDEBUG rally_openstack.wrappers.network [-] CIDR generated: 1.1.5.144/30
2019-06-20 21:13:01.647 24808 RALLYDEBUG rally_openstack.wrappers.network [-] CIDR generated: 1.1.5.148/30
2019-06-20 21:13:01.910 24799 INFO rally.task.runner [-] Task 72b4b572-cc64-4556-b2bb-7f0c14df3059 | ITER: 25 END: OK
2019-06-20 21:13:02.317 24804 INFO rally.task.runner [-] Task 72b4b572-cc64-4556-b2bb-7f0c14df3059 | ITER: 24 END: OK
2019-06-20 21:13:02.708 24801 INFO rally.task.runner [-] Task 72b4b572-cc64-4556-b2bb-7f0c14df3059 | ITER: 33 END: OK
2019-06-20 21:13:02.896 24800 INFO rally.task.runner [-] Task 72b4b572-cc64-4556-b2bb-7f0c14df3059 | ITER: 34 END: OK
2019-06-20 21:13:02.910 24829 INFO rally.task.runner [-] Task 72b4b572-cc64-4556-b2bb-7f0c14df3059 | ITER: 30 END: OK
2019-06-20 21:13:03.467 24838 INFO rally.task.runner [-] Task 72b4b572-cc64-4556-b2bb-7f0c14df3059 | ITER: 35 END: OK
2019-06-20 21:13:03.632 24841 RALLYDEBUG rally_openstack.wrappers.network [-] CIDR generated: 1.1.5.152/30
2019-06-20 21:13:03.755 24800 RALLYDEBUG rally_openstack.wrappers.network [-] CIDR generated: 1.1.5.156/30
2019-06-20 21:13:04.836 24802 INFO rally.task.runner [-] Task 72b4b572-cc64-4556-b2bb-7f0c14df3059 | ITER: 32 END: OK
2019-06-20 21:13:05.624 24808 INFO rally.task.runner [-] Task 72b4b572-cc64-4556-b2bb-7f0c14df3059 | ITER: 38 END: OK
2019-06-20 21:13:05.691 24802 INFO rally.task.runner [-] Task 72b4b572-cc64-4556-b2bb-7f0c14df3059 | ITER: 36 END: OK
2019-06-20 21:13:06.598 24834 INFO rally.task.runner [-] Task 72b4b572-cc64-4556-b2bb-7f0c14df3059 | ITER: 31 END: OK
2019-06-20 21:13:06.984 24830 INFO rally.task.runner [-] Task 72b4b572-cc64-4556-b2bb-7f0c14df3059 | ITER: 37 END: OK
2019-06-20 21:13:08.263 24800 INFO rally.task.runner [-] Task 72b4b572-cc64-4556-b2bb-7f0c14df3059 | ITER: 40 END: OK
2019-06-20 21:13:09.586 24841 INFO rally.task.runner [-] Task 72b4b572-cc64-4556-b2bb-7f0c14df3059 | ITER: 39 END: OK
2019-06-20 21:13:09.616 22705 INFO rally.task.context [-] Task 72b4b572-cc64-4556-b2bb-7f0c14df3059 | Context cleanup@openstack cleanup() started
2019-06-20 21:13:09.619 22705 RALLYDEBUG rally_openstack.cleanup.manager [-] Cleaning up neutron vip objects
2019-06-20 21:13:10.296 22705 RALLYDEBUG rally_openstack.cleanup.manager [-] Cleaning up neutron health_monitor objects
2019-06-20 21:13:11.086 22705 RALLYDEBUG rally_openstack.cleanup.manager [-] Cleaning up neutron pool objects
2019-06-20 21:13:11.773 22705 RALLYDEBUG rally_openstack.cleanup.manager [-] Cleaning up neutron loadbalancer objects
2019-06-20 21:13:12.530 22705 RALLYDEBUG rally_openstack.cleanup.manager [-] Cleaning up neutron floatingip objects
2019-06-20 21:13:13.405 22705 RALLYDEBUG rally_openstack.cleanup.manager [-] Cleaning up neutron port objects
2019-06-20 21:13:14.447 22705 RALLYDEBUG rally_openstack.cleanup.manager [-] Cleaning up neutron subnet objects
2019-06-20 21:13:15.234 22705 RALLYDEBUG rally_openstack.cleanup.manager [-] Cleaning up neutron network objects
2019-06-20 21:13:16.148 22705 RALLYDEBUG rally_openstack.cleanup.manager [-] Deleting neutron.network object s_rally_1d92fbe2_PSL7qFxa (016386eb-7dc2-4451-9f59-ba3ea9df3b30)
2019-06-20 21:13:16.156 22705 RALLYDEBUG rally_openstack.cleanup.manager [-] Deleting neutron.network object s_rally_1d92fbe2_btP0mis4 (0e5e2f11-a309-46e5-8f61-8e652470c618)
2019-06-20 21:13:16.168 22705 RALLYDEBUG rally_openstack.cleanup.manager [-] Deleting neutron.network object s_rally_1d92fbe2_dAik0djr (08da2d3f-3048-45b7-bc2a-e931f9ab5511)
2019-06-20 21:13:16.169 22705 RALLYDEBUG rally_openstack.cleanup.manager [-] Deleting neutron.network object s_rally_1d92fbe2_fhvLLQ2Y (10940e9a-b9ca-41cb-943e-dc2073c530e8)
2019-06-20 21:13:16.170 22705 RALLYDEBUG rally_openstack.cleanup.manager [-] Deleting neutron.network object s_rally_1d92fbe2_ArV3TEMu (1b6a46fc-b139-4cc4-96bf-817b12e92f58)
2019-06-20 21:13:16.181 22705 RALLYDEBUG rally_openstack.cleanup.manager [-] Deleting neutron.network object s_rally_1d92fbe2_lPQ4zWJX (1ea21d7f-d4c4-43c1-a4f0-72c8e04d0299)
2019-06-20 21:13:16.195 22705 RALLYDEBUG rally_openstack.cleanup.manager [-] Deleting neutron.network object s_rally_1d92fbe2_5YDY8u03 (243ce0a9-18eb-471a-a0c6-3b79c82847fe)
2019-06-20 21:13:16.204 22705 RALLYDEBUG rally_openstack.cleanup.manager [-] Deleting neutron.network object s_rally_1d92fbe2_QZJMFXri (24af655b-657e-4c74-8141-52114b07578a)
2019-06-20 21:13:16.344 22705 RALLYDEBUG rally_openstack.cleanup.manager [-] Deleting neutron.network object s_rally_1d92fbe2_QWAq5Wlt (28f110f4-092f-49e1-9461-066342a0997f)
2019-06-20 21:13:16.351 22705 RALLYDEBUG rally_openstack.cleanup.manager [-] Deleting neutron.network object s_rally_1d92fbe2_gQ9zPvcX (2d479b05-7a1c-4413-b857-5c96b1f18012)
2019-06-20 21:13:16.365 22705 RALLYDEBUG rally_openstack.cleanup.manager [-] Deleting neutron.network object s_rally_1d92fbe2_j3LiGYLA (2af78c46-f48d-4a8c-a02c-8c8bc7ea7b72)
2019-06-20 21:13:16.373 22705 RALLYDEBUG rally_openstack.cleanup.manager [-] Deleting neutron.network object s_rally_1d92fbe2_Robuijso (33662ea0-82ae-4a1b-8278-9d6abc84b6dc)
2019-06-20 21:13:16.387 22705 RALLYDEBUG rally_openstack.cleanup.manager [-] Deleting neutron.network object s_rally_1d92fbe2_288HWX7r (34aaa7c3-34eb-4b3e-8481-346b6d65f267)
2019-06-20 21:13:16.400 22705 RALLYDEBUG rally_openstack.cleanup.manager [-] Deleting neutron.network object s_rally_1d92fbe2_MQmSJxCp (3bd42dba-eff1-4abe-b8b3-58efbcc364ff)
2019-06-20 21:13:16.406 22705 RALLYDEBUG rally_openstack.cleanup.manager [-] Deleting neutron.network object s_rally_1d92fbe2_fayPv29x (3b13e6c2-ce39-4ed0-bec6-4d0dc9b54e95)
2019-06-20 21:13:16.419 22705 RALLYDEBUG rally_openstack.cleanup.manager [-] Deleting neutron.network object s_rally_1d92fbe2_hwxXg9ui (3e8fadf9-206e-4da6-a891-bd9f5d2c3fc3)
2019-06-20 21:13:16.433 22705 RALLYDEBUG rally_openstack.cleanup.manager [-] Deleting neutron.network object s_rally_1d92fbe2_50jCKBHL (440a379e-8e8a-4284-98a1-d3f4a1dceaae)
2019-06-20 21:13:16.440 22705 RALLYDEBUG rally_openstack.cleanup.manager [-] Deleting neutron.network object s_rally_1d92fbe2_XqOxK6TW (54ae1c6c-fb31-40b5-a0ce-2ccf752eace0)
2019-06-20 21:13:16.456 22705 RALLYDEBUG rally_openstack.cleanup.manager [-] Deleting neutron.network object s_rally_1d92fbe2_ghVwA31d (68d17799-d908-48a3-a247-65b85fe17bff)
2019-06-20 21:13:16.459 22705 RALLYDEBUG rally_openstack.cleanup.manager [-] Deleting neutron.network object s_rally_1d92fbe2_J80YL0UA (76abcd1c-9242-43ca-81b2-2bac4327f779)
2019-06-20 21:13:19.625 22705 RALLYDEBUG rally_openstack.cleanup.manager [-] Deleting neutron.network object s_rally_1d92fbe2_MoKqtRTQ (79e9ce4e-859d-4f15-81cc-56b2b9347fcc)
2019-06-20 21:13:19.728 22705 RALLYDEBUG rally_openstack.cleanup.manager [-] Deleting neutron.network object s_rally_1d92fbe2_PkbGD1UY (846b767b-adf4-441c-a422-b4ff7f498f6e)
2019-06-20 21:13:19.874 22705 RALLYDEBUG rally_openstack.cleanup.manager [-] Deleting neutron.network object s_rally_1d92fbe2_4nfC0tUQ (8813f9fa-f1bd-43f1-88ee-848876a97315)
2019-06-20 21:13:19.979 22705 RALLYDEBUG rally_openstack.cleanup.manager [-] Deleting neutron.network object s_rally_1d92fbe2_fP1CUYJb (8bc8ac4c-c48d-41d2-b718-46b1779818b2)
2019-06-20 21:13:20.230 22705 RALLYDEBUG rally_openstack.cleanup.manager [-] Deleting neutron.network object s_rally_1d92fbe2_NudDWkkA (91218982-8886-4eca-bd86-4b35daa1403b)
2019-06-20 21:13:20.294 22705 RALLYDEBUG rally_openstack.cleanup.manager [-] Deleting neutron.network object s_rally_1d92fbe2_XUdq8f5B (939d1e66-78fc-465f-ad17-b2fd1c49b791)
2019-06-20 21:13:20.306 22705 RALLYDEBUG rally_openstack.cleanup.manager [-] Deleting neutron.network object s_rally_1d92fbe2_rUAUReCM (9450d527-0d83-4449-8745-7828ffb27882)
2019-06-20 21:13:20.397 22705 RALLYDEBUG rally_openstack.cleanup.manager [-] Deleting neutron.network object s_rally_1d92fbe2_gfygMvFL (94ade38e-288d-4264-9acd-637c62b9809b)
2019-06-20 21:13:20.603 22705 RALLYDEBUG rally_openstack.cleanup.manager [-] Deleting neutron.network object s_rally_1d92fbe2_lah5ILjR (a5cc7b0c-24ad-49d3-a73c-fe8a01452615)
2019-06-20 21:13:20.662 22705 RALLYDEBUG rally_openstack.cleanup.manager [-] Deleting neutron.network object s_rally_1d92fbe2_P3xhgca5 (af02e44a-c0b9-4af2-9499-1ee173451126)
2019-06-20 21:13:20.810 22705 RALLYDEBUG rally_openstack.cleanup.manager [-] Deleting neutron.network object s_rally_1d92fbe2_nQD2fMF3 (b7170e00-1711-4c37-97e8-e149461c0b10)
2019-06-20 21:13:20.870 22705 RALLYDEBUG rally_openstack.cleanup.manager [-] Deleting neutron.network object s_rally_1d92fbe2_vggljWGZ (b7f5d48b-7d9a-436d-9908-414a234a85f8)
2019-06-20 21:13:20.900 22705 RALLYDEBUG rally_openstack.cleanup.manager [-] Deleting neutron.network object s_rally_1d92fbe2_fV5kBHTj (c23f990b-9e23-4f21-af86-5a05d7245d32)
2019-06-20 21:13:21.116 22705 RALLYDEBUG rally_openstack.cleanup.manager [-] Deleting neutron.network object s_rally_1d92fbe2_FWvoDwVy (d17ad853-8b64-4487-9431-86686ca5f49b)
2019-06-20 21:13:21.163 22705 RALLYDEBUG rally_openstack.cleanup.manager [-] Deleting neutron.network object s_rally_1d92fbe2_Tb4rQNUq (e4fa32d3-071a-4dfd-a04b-e0f0b78a8c7f)
2019-06-20 21:13:21.376 22705 RALLYDEBUG rally_openstack.cleanup.manager [-] Deleting neutron.network object s_rally_1d92fbe2_UyNTPzR1 (e5dbf1c0-a15d-4e58-b96d-8f6195e06420)
2019-06-20 21:13:21.677 22705 RALLYDEBUG rally_openstack.cleanup.manager [-] Deleting neutron.network object s_rally_1d92fbe2_FQANztbE (e6fee061-a4e4-4023-af36-761e02842cf0)
2019-06-20 21:13:21.697 22705 RALLYDEBUG rally_openstack.cleanup.manager [-] Deleting neutron.network object s_rally_1d92fbe2_ujKIiqjQ (eb2bdeca-3c0e-438b-903c-e5d140f95427)
2019-06-20 21:13:21.851 22705 RALLYDEBUG rally_openstack.cleanup.manager [-] Deleting neutron.network object s_rally_1d92fbe2_pTCSQxbG (f4146a52-38ad-4a29-916f-98a18cd56cf8)
2019-06-20 21:13:22.154 22705 RALLYDEBUG rally_openstack.cleanup.manager [-] Deleting neutron.network object s_rally_1d92fbe2_qH1CsxNB (f96a9a29-6dd7-48ab-ab5c-d4a9c7fe32e3)
2019-06-20 21:13:24.827 22705 RALLYDEBUG rally_openstack.cleanup.manager [-] Cleaning up neutron router objects
2019-06-20 21:13:25.524 22705 RALLYDEBUG rally_openstack.cleanup.manager [-] Cleaning up neutron security_group objects
2019-06-20 21:13:26.329 22705 INFO rally.task.context [-] Task 72b4b572-cc64-4556-b2bb-7f0c14df3059 | Context cleanup@openstack cleanup() finished in 16.71 sec
2019-06-20 21:13:26.330 22705 INFO rally.task.context [-] Task 72b4b572-cc64-4556-b2bb-7f0c14df3059 | Context quotas@openstack cleanup() started
2019-06-20 21:13:26.670 22705 INFO rally.task.context [-] Task 72b4b572-cc64-4556-b2bb-7f0c14df3059 | Context quotas@openstack cleanup() finished in 0.34 sec
2019-06-20 21:13:26.671 22705 INFO rally.task.context [-] Task 72b4b572-cc64-4556-b2bb-7f0c14df3059 | Context users@openstack cleanup() started
2019-06-20 21:13:32.539 22705 INFO rally.task.context [-] Task 72b4b572-cc64-4556-b2bb-7f0c14df3059 | Context users@openstack cleanup() finished in 5.87 sec
2019-06-20 21:13:32.600 22705 INFO rally.task.engine [-] Load duration is: 29.513267
2019-06-20 21:13:32.600 22705 INFO rally.task.engine [-] Full runner duration is: 29.566703
2019-06-20 21:13:32.601 22705 INFO rally.task.engine [-] Full duration is: 62.279656
2019-06-20 21:13:32.838 22705 INFO rally.task.engine [-] Running workload: position = 0 config = { "version": 2, "title": "A cropped version of a bigger task.", "description": "Auto-generated task from a single workload (uuid=757b665e-a3af-4945-98b2-89031f1ce085)", "subtasks": [ { "title": "NeutronNetworks.create_and_list_routers", "description": "Create and a given number of routers and list all routers.", "scenario": { "NeutronNetworks.create_and_list_routers": { "network_create_args": null, "subnet_create_args": null, "subnet_cidr_start": "1.1.0.0/30", "subnets_per_network": 2, "router_create_args": null } }, "contexts": { "users": { "tenants": 1, "users_per_tenant": 1 }, "quotas": { "neutron": { "network": -1, "subnet": -1, "router": -1 } } }, "runner": { "constant": { "times": 40, "concurrency": 20 } }, "hooks": [], "sla": { "failure_rate": { "max": 0 } } } ] }
2019-06-20 21:13:32.860 22705 RALLYDEBUG rally_openstack.contexts.keystone.users [-] Creating 1 tenants using 20 threads
2019-06-20 21:13:34.764 22705 RALLYDEBUG rally_openstack.contexts.keystone.users [-] Creating 1 users using 20 threads
2019-06-20 21:13:37.513 22705 INFO rally.task.context [-] Task 72b4b572-cc64-4556-b2bb-7f0c14df3059 | Context users@openstack setup() finished in 4.65 sec
2019-06-20 21:13:38.322 22705 INFO rally.task.context [-] Task 72b4b572-cc64-4556-b2bb-7f0c14df3059 | Context quotas@openstack setup() finished in 0.81 sec
2019-06-20 21:13:38.322 22705 INFO rally.task.context [-] Task 72b4b572-cc64-4556-b2bb-7f0c14df3059 | Context cleanup@openstack setup() finished in 0.00 msec
2019-06-20 21:13:38.329 22705 RALLYDEBUG rally.task.runner [-] Starting the constant runner (task UUID: 72b4b572-cc64-4556-b2bb-7f0c14df3059). timeout: 0 concurrency: 20 concurrency_per_worker: 1 times: 40 concurrency_overhead: 4 processes_to_start: 16 max_cpu_used: 16
2019-06-20 21:13:38.342 25169 RALLYDEBUG rally.task.runner [-] Starting a worker. concurrency: 2 args: {"network_create_args": null, "subnet_create_args": null, "subnet_cidr_start": "1.1.0.0/30", "subnets_per_network": 2, "router_create_args": null} times: 40 method_name: run timeout: 0 duration: None cls:
2019-06-20 21:13:38.344 25171 RALLYDEBUG rally.task.runner [-] Starting a worker. concurrency: 2 args: {"network_create_args": null, "subnet_create_args": null, "subnet_cidr_start": "1.1.0.0/30", "subnets_per_network": 2, "router_create_args": null} times: 40 method_name: run timeout: 0 duration: None cls:
2019-06-20 21:13:38.345 25170 RALLYDEBUG rally.task.runner [-] Starting a worker. concurrency: 2 args: {"network_create_args": null, "subnet_create_args": null, "subnet_cidr_start": "1.1.0.0/30", "subnets_per_network": 2, "router_create_args": null} times: 40 method_name: run timeout: 0 duration: None cls:
2019-06-20 21:13:38.349 25172 RALLYDEBUG rally.task.runner [-] Starting a worker. concurrency: 2 args: {"network_create_args": null, "subnet_create_args": null, "subnet_cidr_start": "1.1.0.0/30", "subnets_per_network": 2, "router_create_args": null} times: 40 method_name: run timeout: 0 duration: None cls:
2019-06-20 21:13:38.350 25169 INFO rally.task.runner [-] Task 72b4b572-cc64-4556-b2bb-7f0c14df3059 | ITER: 1 START
2019-06-20 21:13:38.351 25171 INFO rally.task.runner [-] Task 72b4b572-cc64-4556-b2bb-7f0c14df3059 | ITER: 2 START
2019-06-20 21:13:38.353 25170 INFO rally.task.runner [-] Task 72b4b572-cc64-4556-b2bb-7f0c14df3059 | ITER: 6 START
2019-06-20 21:13:38.355 25171 INFO rally.task.runner [-] Task 72b4b572-cc64-4556-b2bb-7f0c14df3059 | ITER: 5 START
2019-06-20 21:13:38.354 25173 RALLYDEBUG rally.task.runner [-] Starting a worker. concurrency: 1 args: {"network_create_args": null, "subnet_create_args": null, "subnet_cidr_start": "1.1.0.0/30", "subnets_per_network": 2, "router_create_args": null} times: 40 method_name: run timeout: 0 duration: None cls:
2019-06-20 21:13:38.354 25169 INFO rally.task.runner [-] Task 72b4b572-cc64-4556-b2bb-7f0c14df3059 | ITER: 4 START
2019-06-20 21:13:38.356 25178 RALLYDEBUG rally.task.runner [-] Starting a worker. concurrency: 1 args: {"network_create_args": null, "subnet_create_args": null, "subnet_cidr_start": "1.1.0.0/30", "subnets_per_network": 2, "router_create_args": null} times: 40 method_name: run timeout: 0 duration: None cls:
2019-06-20 21:13:38.357 25172 INFO rally.task.runner [-] Task 72b4b572-cc64-4556-b2bb-7f0c14df3059 | ITER: 7 START
2019-06-20 21:13:38.357 25172 INFO rally.task.runner [-] Task 72b4b572-cc64-4556-b2bb-7f0c14df3059 | ITER: 8 START
2019-06-20 21:13:38.359 25185 RALLYDEBUG rally.task.runner [-] Starting a worker. concurrency: 1 args: {"network_create_args": null, "subnet_create_args": null, "subnet_cidr_start": "1.1.0.0/30", "subnets_per_network": 2, "router_create_args": null} times: 40 method_name: run timeout: 0 duration: None cls:
2019-06-20 21:13:38.362 25178 INFO rally.task.runner [-] Task 72b4b572-cc64-4556-b2bb-7f0c14df3059 | ITER: 10 START
2019-06-20 21:13:38.353 25170 INFO rally.task.runner [-] Task 72b4b572-cc64-4556-b2bb-7f0c14df3059 | ITER: 3 START
2019-06-20 21:13:38.364 25185 INFO rally.task.runner [-] Task 72b4b572-cc64-4556-b2bb-7f0c14df3059 | ITER: 11 START
2019-06-20 21:13:38.364 25173 INFO rally.task.runner [-] Task 72b4b572-cc64-4556-b2bb-7f0c14df3059 | ITER: 9 START
2019-06-20 21:13:38.368 25190 RALLYDEBUG rally.task.runner [-] Starting a worker. concurrency: 1 args: {"network_create_args": null, "subnet_create_args": null, "subnet_cidr_start": "1.1.0.0/30", "subnets_per_network": 2, "router_create_args": null} times: 40 method_name: run timeout: 0 duration: None cls:
2019-06-20 21:13:38.373 25190 INFO rally.task.runner [-] Task 72b4b572-cc64-4556-b2bb-7f0c14df3059 | ITER: 12 START
2019-06-20 21:13:38.374 25195 RALLYDEBUG rally.task.runner [-] Starting a worker. concurrency: 1 args: {"network_create_args": null, "subnet_create_args": null, "subnet_cidr_start": "1.1.0.0/30", "subnets_per_network": 2, "router_create_args": null} times: 40 method_name: run timeout: 0 duration: None cls:
2019-06-20 21:13:38.376 25196 RALLYDEBUG rally.task.runner [-] Starting a worker. concurrency: 1 args: {"network_create_args": null, "subnet_create_args": null, "subnet_cidr_start": "1.1.0.0/30", "subnets_per_network": 2, "router_create_args": null} times: 40 method_name: run timeout: 0 duration: None cls:
2019-06-20 21:13:38.379 25199 RALLYDEBUG rally.task.runner [-] Starting a worker. concurrency: 1 args: {"network_create_args": null, "subnet_create_args": null, "subnet_cidr_start": "1.1.0.0/30", "subnets_per_network": 2, "router_create_args": null} times: 40 method_name: run timeout: 0 duration: None cls:
2019-06-20 21:13:38.380 25195 INFO rally.task.runner [-] Task 72b4b572-cc64-4556-b2bb-7f0c14df3059 | ITER: 13 START
2019-06-20 21:13:38.382 25196 INFO rally.task.runner [-] Task 72b4b572-cc64-4556-b2bb-7f0c14df3059 | ITER: 14 START
2019-06-20 21:13:38.385 25201 RALLYDEBUG rally.task.runner [-] Starting a worker. concurrency: 1 args: {"network_create_args": null, "subnet_create_args": null, "subnet_cidr_start": "1.1.0.0/30", "subnets_per_network": 2, "router_create_args": null} times: 40 method_name: run timeout: 0 duration: None cls:
2019-06-20 21:13:38.385 25199 INFO rally.task.runner [-] Task 72b4b572-cc64-4556-b2bb-7f0c14df3059 | ITER: 15 START
2019-06-20 21:13:38.388 25201 INFO rally.task.runner [-] Task 72b4b572-cc64-4556-b2bb-7f0c14df3059 | ITER: 16 START
2019-06-20 21:13:38.398 25209 RALLYDEBUG rally.task.runner [-] Starting a worker. concurrency: 1 args: {"network_create_args": null, "subnet_create_args": null, "subnet_cidr_start": "1.1.0.0/30", "subnets_per_network": 2, "router_create_args": null} times: 40 method_name: run timeout: 0 duration: None cls:
2019-06-20 21:13:38.401 25209 INFO rally.task.runner [-] Task 72b4b572-cc64-4556-b2bb-7f0c14df3059 | ITER: 17 START
2019-06-20 21:13:38.403 25210 RALLYDEBUG rally.task.runner [-] Starting a worker. concurrency: 1 args: {"network_create_args": null, "subnet_create_args": null, "subnet_cidr_start": "1.1.0.0/30", "subnets_per_network": 2, "router_create_args": null} times: 40 method_name: run timeout: 0 duration: None cls:
2019-06-20 21:13:38.408 25210 INFO rally.task.runner [-] Task 72b4b572-cc64-4556-b2bb-7f0c14df3059 | ITER: 18 START
2019-06-20 21:13:38.407 25213 RALLYDEBUG rally.task.runner [-] Starting a worker. concurrency: 1 args: {"network_create_args": null, "subnet_create_args": null, "subnet_cidr_start": "1.1.0.0/30", "subnets_per_network": 2, "router_create_args": null} times: 40 method_name: run timeout: 0 duration: None cls:
2019-06-20 21:13:38.411 25214 RALLYDEBUG rally.task.runner [-] Starting a worker. concurrency: 1 args: {"network_create_args": null, "subnet_create_args": null, "subnet_cidr_start": "1.1.0.0/30", "subnets_per_network": 2, "router_create_args": null} times: 40 method_name: run timeout: 0 duration: None cls:
2019-06-20 21:13:38.412 25213 INFO rally.task.runner [-] Task 72b4b572-cc64-4556-b2bb-7f0c14df3059 | ITER: 19 START
2019-06-20 21:13:38.415 25214 INFO rally.task.runner [-] Task 72b4b572-cc64-4556-b2bb-7f0c14df3059 | ITER: 20 START
2019-06-20 21:13:39.987 25195 RALLYDEBUG rally_openstack.wrappers.network [-] CIDR generated: 1.1.5.160/30
2019-06-20 21:13:40.019 25172 RALLYDEBUG rally_openstack.wrappers.network [-] CIDR generated: 1.1.5.164/30
2019-06-20 21:13:40.033 25190 RALLYDEBUG rally_openstack.wrappers.network [-] CIDR generated: 1.1.5.168/30
2019-06-20 21:13:40.055 25178 RALLYDEBUG rally_openstack.wrappers.network [-] CIDR generated: 1.1.5.172/30
2019-06-20 21:13:40.103 25171 RALLYDEBUG rally_openstack.wrappers.network [-] CIDR generated: 1.1.5.176/30
2019-06-20 21:13:40.115 25169 RALLYDEBUG rally_openstack.wrappers.network [-] CIDR generated: 1.1.5.180/30
2019-06-20 21:13:40.140 25170 RALLYDEBUG rally_openstack.wrappers.network [-] CIDR generated: 1.1.5.184/30
2019-06-20 21:13:40.235 25201 RALLYDEBUG rally_openstack.wrappers.network [-] CIDR generated: 1.1.5.188/30
2019-06-20 21:13:40.247 25209 RALLYDEBUG rally_openstack.wrappers.network [-] CIDR generated: 1.1.5.192/30
2019-06-20 21:13:40.272 25173 RALLYDEBUG rally_openstack.wrappers.network [-] CIDR generated: 1.1.5.196/30
2019-06-20 21:13:40.282 25214 RALLYDEBUG rally_openstack.wrappers.network [-] CIDR generated: 1.1.5.200/30
2019-06-20 21:13:40.334 25172 RALLYDEBUG rally_openstack.wrappers.network [-] CIDR generated: 1.1.5.204/30
2019-06-20 21:13:40.350 25199 RALLYDEBUG rally_openstack.wrappers.network [-] CIDR generated: 1.1.5.208/30
2019-06-20 21:13:40.379 25210 RALLYDEBUG rally_openstack.wrappers.network [-] CIDR generated: 1.1.5.212/30
2019-06-20 21:13:40.384 25196 RALLYDEBUG rally_openstack.wrappers.network [-] CIDR generated: 1.1.5.216/30
2019-06-20 21:13:40.396 25170 RALLYDEBUG rally_openstack.wrappers.network [-] CIDR generated: 1.1.5.220/30
2019-06-20 21:13:40.409 25213 RALLYDEBUG rally_openstack.wrappers.network [-] CIDR generated: 1.1.5.224/30
2019-06-20 21:13:40.455 25171 RALLYDEBUG rally_openstack.wrappers.network [-] CIDR generated: 1.1.5.228/30
2019-06-20 21:13:40.469 25169 RALLYDEBUG rally_openstack.wrappers.network [-] CIDR generated: 1.1.5.232/30
2019-06-20 21:13:40.594 25185 RALLYDEBUG rally_openstack.wrappers.network [-] CIDR generated: 1.1.5.236/30
2019-06-20 21:13:41.758 25214 RALLYDEBUG rally_openstack.wrappers.network [-] CIDR generated: 1.1.5.240/30
2019-06-20 21:13:41.841 25190 RALLYDEBUG rally_openstack.wrappers.network [-] CIDR generated: 1.1.5.244/30
2019-06-20 21:13:41.980 25213 RALLYDEBUG rally_openstack.wrappers.network [-] CIDR generated: 1.1.5.248/30
2019-06-20 21:13:42.013 25169 RALLYDEBUG rally_openstack.wrappers.network [-] CIDR generated: 1.1.5.252/30
2019-06-20 21:13:42.121 25196 RALLYDEBUG rally_openstack.wrappers.network [-] CIDR generated: 1.1.6.0/30
2019-06-20 21:13:42.259 25199 RALLYDEBUG rally_openstack.wrappers.network [-] CIDR generated: 1.1.6.4/30
2019-06-20 21:13:42.588 25195 RALLYDEBUG rally_openstack.wrappers.network [-] CIDR generated: 1.1.6.8/30
2019-06-20 21:13:42.726 25178 RALLYDEBUG rally_openstack.wrappers.network [-] CIDR generated: 1.1.6.12/30
2019-06-20 21:13:42.792 25171 RALLYDEBUG rally_openstack.wrappers.network [-] CIDR generated: 1.1.6.16/30
2019-06-20 21:13:43.190 25170 RALLYDEBUG rally_openstack.wrappers.network [-] CIDR generated: 1.1.6.20/30
2019-06-20 21:13:43.444 25170 RALLYDEBUG rally_openstack.wrappers.network [-] CIDR generated: 1.1.6.24/30
2019-06-20 21:13:43.749 25171 RALLYDEBUG rally_openstack.wrappers.network [-] CIDR generated: 1.1.6.28/30
2019-06-20 21:13:43.786 25172 RALLYDEBUG rally_openstack.wrappers.network [-] CIDR generated: 1.1.6.32/30
2019-06-20 21:13:43.845 25201 RALLYDEBUG rally_openstack.wrappers.network [-] CIDR generated: 1.1.6.36/30
2019-06-20 21:13:43.860 25185 RALLYDEBUG rally_openstack.wrappers.network [-] CIDR generated: 1.1.6.40/30
2019-06-20 21:13:44.025 25210 RALLYDEBUG rally_openstack.wrappers.network [-] CIDR generated: 1.1.6.44/30
2019-06-20 21:13:44.103 25209 RALLYDEBUG rally_openstack.wrappers.network [-] CIDR generated: 1.1.6.48/30
2019-06-20 21:13:44.141 25172 RALLYDEBUG rally_openstack.wrappers.network [-] CIDR generated: 1.1.6.52/30
2019-06-20 21:13:44.605 25173 RALLYDEBUG rally_openstack.wrappers.network [-] CIDR generated: 1.1.6.56/30
2019-06-20 21:13:44.757 25169 RALLYDEBUG rally_openstack.wrappers.network [-] CIDR generated: 1.1.6.60/30
2019-06-20 21:14:09.958 25213 INFO rally.task.runner [-] Task 72b4b572-cc64-4556-b2bb-7f0c14df3059 | ITER: 19 END: OK
2019-06-20 21:14:09.964 25213 INFO rally.task.runner [-] Task 72b4b572-cc64-4556-b2bb-7f0c14df3059 | ITER: 21 START
2019-06-20 21:14:10.995 25170 INFO rally.task.runner [-] Task 72b4b572-cc64-4556-b2bb-7f0c14df3059 | ITER: 6 END: OK
2019-06-20 21:14:11.001 25170 INFO rally.task.runner [-] Task 72b4b572-cc64-4556-b2bb-7f0c14df3059 | ITER: 22 START
2019-06-20 21:14:11.257 25213 RALLYDEBUG rally_openstack.wrappers.network [-] CIDR generated: 1.1.6.64/30
2019-06-20 21:14:12.281 25170 RALLYDEBUG rally_openstack.wrappers.network [-] CIDR generated: 1.1.6.68/30
2019-06-20 21:14:12.421 25169 INFO rally.task.runner [-] Task 72b4b572-cc64-4556-b2bb-7f0c14df3059 | ITER: 1 END: OK
2019-06-20 21:14:12.427 25169 INFO rally.task.runner [-] Task 72b4b572-cc64-4556-b2bb-7f0c14df3059 | ITER: 23 START
2019-06-20 21:14:13.027 25173 INFO rally.task.runner [-] Task 72b4b572-cc64-4556-b2bb-7f0c14df3059 | ITER: 9 END: OK
2019-06-20 21:14:13.033 25173 INFO rally.task.runner [-] Task 72b4b572-cc64-4556-b2bb-7f0c14df3059 | ITER: 24 START
2019-06-20 21:14:13.035 25213 RALLYDEBUG rally_openstack.wrappers.network [-] CIDR generated: 1.1.6.72/30
