2019-06-20 21:30:54.273 22705 RALLYDEBUG rally_openstack.cleanup.manager [-] Deleting neutron.port object s_rally_5fe38c1c_L8vQSn6W (49ff7cbc-a352-462a-97af-4df0f98ad125)
2019-06-20 21:30:54.520 22705 RALLYDEBUG rally_openstack.cleanup.manager [-] Deleting neutron.port object s_rally_5fe38c1c_8BMfmOaL (4a68414e-e514-435b-8359-8a6a1e3c7334)
2019-06-20 21:30:54.611 22705 RALLYDEBUG rally_openstack.cleanup.manager [-] Deleting neutron.port object s_rally_5fe38c1c_jvCYSJJP (4be6fcd4-ccf0-4bab-b2b1-bd5899bd6f5c)
2019-06-20 21:30:54.628 22705 RALLYDEBUG rally_openstack.cleanup.manager [-] Deleting neutron.port object s_rally_5fe38c1c_qmgPEGTW (4caadefc-1440-4dd6-8114-553f1654c34c)
2019-06-20 21:30:54.652 22705 RALLYDEBUG rally_openstack.cleanup.manager [-] Deleting neutron.port object s_rally_5fe38c1c_iWqiqmqp (4d7801e4-a228-451e-8b61-c218ad3caedf)
2019-06-20 21:30:54.723 22705 RALLYDEBUG rally_openstack.cleanup.manager [-] Deleting neutron.port object s_rally_5fe38c1c_2VhP1J8K (4efcb653-2a9f-4739-9269-06e691e2803e)
2019-06-20 21:30:54.736 22705 RALLYDEBUG rally_openstack.cleanup.manager [-] Deleting neutron.port object s_rally_5fe38c1c_bNWFoWwt (50d0bf48-b887-4384-9cc9-cf778d4b77f0)
2019-06-20 21:30:54.739 22705 RALLYDEBUG rally_openstack.cleanup.manager [-] Deleting neutron.port object s_rally_5fe38c1c_NwhmdrLr (4f006215-ccb8-4b0f-a3c3-70a1af312765)
2019-06-20 21:30:54.877 22705 RALLYDEBUG rally_openstack.cleanup.manager [-] Deleting neutron.port object s_rally_5fe38c1c_zlplzYD7 (510c9372-d25c-4397-9200-1b449051dda6)
2019-06-20 21:30:54.928 22705 RALLYDEBUG rally_openstack.cleanup.manager [-] Deleting neutron.port object s_rally_5fe38c1c_ZCS9Eec2 (529bf140-231f-42ba-86cc-f70bcf48e228)
2019-06-20 21:30:54.943 22705 RALLYDEBUG rally_openstack.cleanup.manager [-] Deleting neutron.port object s_rally_5fe38c1c_FXyMg5mo (534b0f30-7162-4dc3-ae63-86ac3ada5b8b)
2019-06-20 21:30:55.039 22705 RALLYDEBUG rally_openstack.cleanup.manager [-] Deleting neutron.port object s_rally_5fe38c1c_T6CUwKP9 (539147e5-deac-42d5-8787-9435eebf0416)
2019-06-20 21:30:55.163 22705 RALLYDEBUG rally_openstack.cleanup.manager [-] Deleting neutron.port object s_rally_5fe38c1c_Oi8UgPYt (575046c1-51c2-4729-b7a0-482b66937138)
2019-06-20 21:30:55.585 22705 RALLYDEBUG rally_openstack.cleanup.manager [-] Deleting neutron.port object s_rally_5fe38c1c_hQ9i31uM (5803c830-9341-4120-814e-a62023820f54)
2019-06-20 21:30:55.698 22705 RALLYDEBUG rally_openstack.cleanup.manager [-] Deleting neutron.port object s_rally_5fe38c1c_DpDSbEHx (58b92a0f-2739-4862-84d7-e8431cb0b699)
2019-06-20 21:30:55.754 22705 RALLYDEBUG rally_openstack.cleanup.manager [-] Deleting neutron.port object s_rally_5fe38c1c_dYY4scXH (5abceb8f-c88a-42a9-993c-508173ae4588)
2019-06-20 21:30:55.991 22705 RALLYDEBUG rally_openstack.cleanup.manager [-] Deleting neutron.port object s_rally_5fe38c1c_4YQQkr5w (5c599608-7366-445b-9c5f-8bc1c4f9a5ac)
2019-06-20 21:30:56.230 22705 RALLYDEBUG rally_openstack.cleanup.manager [-] Deleting neutron.port object s_rally_5fe38c1c_Z63PTQmC (5de586a0-8e7c-4187-9509-0131d06acfc1)
2019-06-20 21:30:56.448 22705 RALLYDEBUG rally_openstack.cleanup.manager [-] Deleting neutron.port object s_rally_5fe38c1c_t00udmmv (5ffac0b8-fd54-4f75-a44c-9eec98e4fc5b)
2019-06-20 21:30:56.608 22705 RALLYDEBUG rally_openstack.cleanup.manager [-] Deleting neutron.port object s_rally_5fe38c1c_k7t9mYoM (640941a2-d481-44be-a6a9-24078e9b997e)
2019-06-20 21:30:56.750 22705 RALLYDEBUG rally_openstack.cleanup.manager [-] Deleting neutron.port object s_rally_5fe38c1c_P6p40KlB (65cbd19e-00e9-4b80-a43f-b9557996e718)
2019-06-20 21:30:56.819 22705 RALLYDEBUG rally_openstack.cleanup.manager [-] Deleting neutron.port object s_rally_5fe38c1c_JvgzVp1p (67cc41f1-4406-4cb7-913e-6abefed7155c)
2019-06-20 21:30:56.914 22705 RALLYDEBUG rally_openstack.cleanup.manager [-] Deleting neutron.port object s_rally_5fe38c1c_m916cFX0 (680e47bd-8460-41f5-8649-194704f563b1)
2019-06-20 21:30:57.001 22705 RALLYDEBUG rally_openstack.cleanup.manager [-] Deleting neutron.port object s_rally_5fe38c1c_F4wKsNra (685ac07b-f90b-4755-8e82-f87ea830672e)
2019-06-20 21:30:57.112 22705 RALLYDEBUG rally_openstack.cleanup.manager [-] Deleting neutron.port object s_rally_5fe38c1c_gaOPpMrj (6a5489f2-cd38-4185-a2bf-b2e57cc6770b)
2019-06-20 21:30:57.275 22705 RALLYDEBUG rally_openstack.cleanup.manager [-] Deleting neutron.port object s_rally_5fe38c1c_4aNMaAhY (6bb629df-c995-4879-a09d-645be5c1e072)
2019-06-20 21:30:57.350 22705 RALLYDEBUG rally_openstack.cleanup.manager [-] Deleting neutron.port object s_rally_5fe38c1c_DeHTXF51 (6cda272e-6a43-4bae-95e4-b59d7a600e5c)
2019-06-20 21:30:57.419 22705 RALLYDEBUG rally_openstack.cleanup.manager [-] Deleting neutron.port object s_rally_5fe38c1c_hsReUCU7 (6f4c1c28-c91a-41c6-8019-7f28be86a3aa)
2019-06-20 21:30:57.439 22705 RALLYDEBUG rally_openstack.cleanup.manager [-] Deleting neutron.port object s_rally_5fe38c1c_Kyt3nGPc (6ff6f24c-c913-4b6a-9417-e8f312dc4612)
2019-06-20 21:30:57.504 22705 RALLYDEBUG rally_openstack.cleanup.manager [-] Deleting neutron.port object s_rally_5fe38c1c_sKZV9JEf (705a4cff-8b54-4a7c-b8f9-e441ec7a0577)
2019-06-20 21:30:57.526 22705 RALLYDEBUG rally_openstack.cleanup.manager [-] Deleting neutron.port object s_rally_5fe38c1c_JOkA2uN8 (7071779d-8f54-4d18-8eba-bd186508e7ac)
2019-06-20 21:30:57.624 22705 RALLYDEBUG rally_openstack.cleanup.manager [-] Deleting neutron.port object s_rally_5fe38c1c_QIIihIuD (72759b8b-86fe-4c46-af9c-3176f4826ef7)
2019-06-20 21:30:57.712 22705 RALLYDEBUG rally_openstack.cleanup.manager [-] Deleting neutron.port object s_rally_5fe38c1c_q6xboll0 (741d4114-7034-451c-920b-be661624cc60)
2019-06-20 21:30:57.800 22705 RALLYDEBUG rally_openstack.cleanup.manager [-] Deleting neutron.port object s_rally_5fe38c1c_Xc1QHxFW (7507d26d-965d-425b-a866-90811401e2b7)
2019-06-20 21:30:57.877 22705 RALLYDEBUG rally_openstack.cleanup.manager [-] Deleting neutron.port object s_rally_5fe38c1c_3OKRUhQK (7844ece6-f874-4a68-b3c3-68163cc52561)
2019-06-20 21:30:58.202 22705 RALLYDEBUG rally_openstack.cleanup.manager [-] Deleting neutron.port object s_rally_5fe38c1c_XlwFgsNE (79bccf90-9806-44b7-bf7b-8ae56a6e4df2)
2019-06-20 21:30:58.366 22705 RALLYDEBUG rally_openstack.cleanup.manager [-] Deleting neutron.port object s_rally_5fe38c1c_pwZYIF5c (7ad00bfc-c81b-4239-bbed-fbfcf3425f42)
2019-06-20 21:30:58.461 22705 RALLYDEBUG rally_openstack.cleanup.manager [-] Deleting neutron.port object s_rally_5fe38c1c_XZGGZI2i (7afa0b9d-36d6-4b11-85c6-c2f7a417a3b9)
2019-06-20 21:30:58.865 22705 RALLYDEBUG rally_openstack.cleanup.manager [-] Deleting neutron.port object s_rally_5fe38c1c_E0vyPUdZ (7c28cd63-0ca8-4f1b-86f9-0c39aac95cdd)
2019-06-20 21:30:59.045 22705 RALLYDEBUG rally_openstack.cleanup.manager [-] Deleting neutron.port object s_rally_5fe38c1c_j0yPOy5b (7f088c23-8b0c-4d9a-bd56-4261de6f7826)
2019-06-20 21:30:59.080 22705 RALLYDEBUG rally_openstack.cleanup.manager [-] Deleting neutron.port object s_rally_5fe38c1c_8nGFQxwg (83e63c43-2563-4bc3-b481-0a1265b86093)
2019-06-20 21:30:59.103 22705 RALLYDEBUG rally_openstack.cleanup.manager [-] Deleting neutron.port object s_rally_5fe38c1c_dwRG8GRp (87bff0f1-f005-4a57-819d-2a94a15f6713)
2019-06-20 21:30:59.128 22705 RALLYDEBUG rally_openstack.cleanup.manager [-] Deleting neutron.port object s_rally_5fe38c1c_oX9yPREX (88b4f45c-62d8-4938-b428-8203da76d0d9)
2019-06-20 21:30:59.399 22705 RALLYDEBUG rally_openstack.cleanup.manager [-] Deleting neutron.port object s_rally_5fe38c1c_F0J68b9D (8e60fd08-5244-432c-af50-f785453f04ff)
2019-06-20 21:30:59.449 22705 RALLYDEBUG rally_openstack.cleanup.manager [-] Deleting neutron.port object s_rally_5fe38c1c_1SEzckhH (9067e337-080d-4f56-96fa-f1a35ab0b8bc)
2019-06-20 21:30:59.540 22705 RALLYDEBUG rally_openstack.cleanup.manager [-] Deleting neutron.port object s_rally_5fe38c1c_C9vDjP4l (90716bd8-8b2d-4601-bc9c-09a5f3ab7084)
2019-06-20 21:30:59.720 22705 RALLYDEBUG rally_openstack.cleanup.manager [-] Deleting neutron.port object s_rally_5fe38c1c_eggjJ4JP (91189515-e8cc-4c70-ab24-762483fabf49)
2019-06-20 21:30:59.968 22705 RALLYDEBUG rally_openstack.cleanup.manager [-] Deleting neutron.port object s_rally_5fe38c1c_W4dfelgl (912bcfa5-7e26-4147-9f49-e85dc5c8f750)
2019-06-20 21:31:00.078 22705 RALLYDEBUG rally_openstack.cleanup.manager [-] Deleting neutron.port object s_rally_5fe38c1c_Hv5PeHFD (962124f7-c317-4757-a95e-a33c3647b232)
2019-06-20 21:31:00.088 22705 RALLYDEBUG rally_openstack.cleanup.manager [-] Deleting neutron.port object s_rally_5fe38c1c_kNgmIvqT (96cf05f8-b7ae-4673-97ab-f41d62c849a1)
2019-06-20 21:31:00.185 22705 RALLYDEBUG rally_openstack.cleanup.manager [-] Deleting neutron.port object s_rally_5fe38c1c_zwD6sHWG (97171705-c3df-4880-b6d6-2073a00dfae4)
2019-06-20 21:31:00.192 22705 RALLYDEBUG rally_openstack.cleanup.manager [-] Deleting neutron.port object s_rally_5fe38c1c_eUnA5e2Y (980349fd-3b08-4d23-b618-1734436d20ea)
2019-06-20 21:31:00.263 22705 RALLYDEBUG rally_openstack.cleanup.manager [-] Deleting neutron.port object s_rally_5fe38c1c_QMNxUaDq (98ec14c7-795e-44a3-b2af-42e9003b6ebd)
2019-06-20 21:31:00.347 22705 RALLYDEBUG rally_openstack.cleanup.manager [-] Deleting neutron.port object s_rally_5fe38c1c_pDVW8RNI (9fe6a3ce-2d9f-4186-a2c4-87851761969c)
2019-06-20 21:31:00.412 22705 RALLYDEBUG rally_openstack.cleanup.manager [-] Deleting neutron.port object s_rally_5fe38c1c_M3GxiO1Z (a03e0e7d-1abe-46f0-a531-91451b6437c9)
2019-06-20 21:31:00.616 22705 RALLYDEBUG rally_openstack.cleanup.manager [-] Deleting neutron.port object s_rally_5fe38c1c_0ldJnGJK (a055a648-223c-4274-81ac-ce04034a1577)
2019-06-20 21:31:00.696 22705 RALLYDEBUG rally_openstack.cleanup.manager [-] Deleting neutron.port object s_rally_5fe38c1c_oDzYwOI9 (a0c7833c-013e-4b97-a590-b29e89dcdc22)
2019-06-20 21:31:00.817 22705 RALLYDEBUG rally_openstack.cleanup.manager [-] Deleting neutron.port object s_rally_5fe38c1c_eulhULWo (a29a4083-9fc7-4b40-bcae-bda3d35a7aa6)
2019-06-20 21:31:01.040 22705 RALLYDEBUG rally_openstack.cleanup.manager [-] Deleting neutron.port object s_rally_5fe38c1c_wjmtAW6P (a33f267f-3647-4e46-a7a5-a9d630fd406b)
2019-06-20 21:31:01.272 22705 RALLYDEBUG rally_openstack.cleanup.manager [-] Deleting neutron.port object s_rally_5fe38c1c_UqgBKfsY (a63df156-2640-44d2-9dbd-51d06b660dcb)
2019-06-20 21:31:01.330 22705 RALLYDEBUG rally_openstack.cleanup.manager [-] Deleting neutron.port object s_rally_5fe38c1c_P86meTwS (a6ee6b1a-b761-4a08-9c8b-c45171eabaa1)
2019-06-20 21:31:01.586 22705 RALLYDEBUG rally_openstack.cleanup.manager [-] Deleting neutron.port object s_rally_5fe38c1c_0KALbqGY (a8b72a9a-cd16-4236-84bc-2bd62ed2dca6)
2019-06-20 21:31:01.667 22705 RALLYDEBUG rally_openstack.cleanup.manager [-] Deleting neutron.port object s_rally_5fe38c1c_P1CxTFWw (ac44384b-e160-4dee-b8ac-87e78964687d)
2019-06-20 21:31:01.887 22705 RALLYDEBUG rally_openstack.cleanup.manager [-] Deleting neutron.port object s_rally_5fe38c1c_nwwAHjpr (ac7b9390-42a1-4d73-9263-e356413acad3)
2019-06-20 21:31:01.947 22705 RALLYDEBUG rally_openstack.cleanup.manager [-] Deleting neutron.port object s_rally_5fe38c1c_NXcrHwFp (ad31d772-d434-4548-b834-ad54b4e43f4d)
2019-06-20 21:31:02.186 22705 RALLYDEBUG rally_openstack.cleanup.manager [-] Deleting neutron.port object s_rally_5fe38c1c_NgA820N5 (addd24d5-9cf5-4aa2-ba57-273a43b4e56a)
2019-06-20 21:31:02.343 22705 RALLYDEBUG rally_openstack.cleanup.manager [-] Deleting neutron.port object s_rally_5fe38c1c_Mvw5Sen0 (aefdf9fd-4ea0-4923-b4f9-e965dcae2e5c)
2019-06-20 21:31:02.486 22705 RALLYDEBUG rally_openstack.cleanup.manager [-] Deleting neutron.port object s_rally_5fe38c1c_A3rwQ56p (b07c091d-dee4-47ea-8e38-5560ae797dab)
2019-06-20 21:31:02.516 22705 RALLYDEBUG rally_openstack.cleanup.manager [-] Deleting neutron.port object s_rally_5fe38c1c_XwDbQRCn (b2c34599-012b-4ea2-92fe-3928ce261bc4)
2019-06-20 21:31:02.543 22705 RALLYDEBUG rally_openstack.cleanup.manager [-] Deleting neutron.port object s_rally_5fe38c1c_1t3ZcBWU (b48ef6fb-87ea-4038-8f73-cbc733ef0141)
2019-06-20 21:31:02.657 22705 RALLYDEBUG rally_openstack.cleanup.manager [-] Deleting neutron.port object s_rally_5fe38c1c_lhNjWU5J (b778c6e0-6aa7-4510-8f24-1e906c24f8d5)
2019-06-20 21:31:02.710 22705 RALLYDEBUG rally_openstack.cleanup.manager [-] Deleting neutron.port object s_rally_5fe38c1c_cBJF4ISp (b8160c4d-a897-422f-a0cc-8200571a2147)
2019-06-20 21:31:02.833 22705 RALLYDEBUG rally_openstack.cleanup.manager [-] Deleting neutron.port object s_rally_5fe38c1c_sjVgk2Yf (b8512fb5-3a55-4418-9005-3fbc6204bc76)
2019-06-20 21:31:02.866 22705 RALLYDEBUG rally_openstack.cleanup.manager [-] Deleting neutron.port object s_rally_5fe38c1c_6nyTomdH (b97ad305-4e8a-450c-b02e-1962aab18fb6)
2019-06-20 21:31:02.932 22705 RALLYDEBUG rally_openstack.cleanup.manager [-] Deleting neutron.port object s_rally_5fe38c1c_uZKmQ7xf (b9bf6d0f-c86f-4313-b1c9-a6a0b0231ec4)
2019-06-20 21:31:03.005 22705 RALLYDEBUG rally_openstack.cleanup.manager [-] Deleting neutron.port object s_rally_5fe38c1c_37Y2tkbN (bc6fa73f-4a6f-4677-b4ff-5cfb897cbe7c)
2019-06-20 21:31:03.338 22705 RALLYDEBUG rally_openstack.cleanup.manager [-] Deleting neutron.port object s_rally_5fe38c1c_1lvo1tzi (be60d916-c299-43b7-b766-b25516fae0b0)
2019-06-20 21:31:03.376 22705 RALLYDEBUG rally_openstack.cleanup.manager [-] Deleting neutron.port object s_rally_5fe38c1c_yGW7ILAj (c026f392-d804-493a-81d8-d1e711e07a0a)
2019-06-20 21:31:03.526 22705 RALLYDEBUG rally_openstack.cleanup.manager [-] Deleting neutron.port object s_rally_5fe38c1c_RXCKZZVu (c10f8abf-3c27-433b-8d78-a0a0d26b67be)
2019-06-20 21:31:03.542 22705 RALLYDEBUG rally_openstack.cleanup.manager [-] Deleting neutron.port object s_rally_5fe38c1c_FoUV9IsY (c411c37a-093d-4f8a-8f1b-e7f1841adc65)
2019-06-20 21:31:03.701 22705 RALLYDEBUG rally_openstack.cleanup.manager [-] Deleting neutron.port object s_rally_5fe38c1c_Q2mYiMxp (c427e9c2-e3ad-471e-869c-76239a25f17a)
2019-06-20 21:31:03.759 22705 RALLYDEBUG rally_openstack.cleanup.manager [-] Deleting neutron.port object s_rally_5fe38c1c_fAqeGmc2 (c42eaad5-c1d9-4bfe-a523-cd701e8a5c86)
2019-06-20 21:31:03.791 22705 RALLYDEBUG rally_openstack.cleanup.manager [-] Deleting neutron.port object s_rally_5fe38c1c_N7aZqIrZ (c43f4fc2-9777-4e39-88eb-7477d51ed3ce)
2019-06-20 21:31:04.076 22705 RALLYDEBUG rally_openstack.cleanup.manager [-] Deleting neutron.port object s_rally_5fe38c1c_92pmvqgR (c49d4dfb-5250-4087-862f-a76abba5172e)
2019-06-20 21:31:04.170 22705 RALLYDEBUG rally_openstack.cleanup.manager [-] Deleting neutron.port object s_rally_5fe38c1c_1EYm05cF (c4e80993-1b73-4142-9405-b3f0b4ff183b)
2019-06-20 21:31:04.321 22705 RALLYDEBUG rally_openstack.cleanup.manager [-] Deleting neutron.port object s_rally_5fe38c1c_xhAGuKda (c60f7990-851a-4895-8bef-1aa598cf4fef)
2019-06-20 21:31:04.633 22705 RALLYDEBUG rally_openstack.cleanup.manager [-] Deleting neutron.port object s_rally_5fe38c1c_7UkygGOj (c73fa3cc-7995-44e2-9d09-f283dee931d3)
2019-06-20 21:31:04.740 22705 RALLYDEBUG rally_openstack.cleanup.manager [-] Deleting neutron.port object s_rally_5fe38c1c_NROCDXWN (c94b2302-de55-45b1-9a96-ef38f848f95b)
2019-06-20 21:31:04.843 22705 RALLYDEBUG rally_openstack.cleanup.manager [-] Deleting neutron.port object s_rally_5fe38c1c_AlM5qYlZ (c9de1013-f281-4b65-ab0f-e707d22d85d6)
2019-06-20 21:31:05.012 22705 RALLYDEBUG rally_openstack.cleanup.manager [-] Deleting neutron.port object s_rally_5fe38c1c_5z5WRuKH (ca827133-224c-40b9-834a-90a95df7c16b)
2019-06-20 21:31:05.230 22705 RALLYDEBUG rally_openstack.cleanup.manager [-] Deleting neutron.port object s_rally_5fe38c1c_a6oiPLIk (cc557c96-edca-4a01-a640-2c887394ae75)
2019-06-20 21:31:05.373 22705 RALLYDEBUG rally_openstack.cleanup.manager [-] Deleting neutron.port object s_rally_5fe38c1c_6PEi2Zdw (d03a70fc-bbc0-47c8-86d2-e4dec3e284ba)
2019-06-20 21:31:05.374 22705 RALLYDEBUG rally_openstack.cleanup.manager [-] Deleting neutron.port object s_rally_5fe38c1c_Z4tn3mw5 (d1cd1d85-a38e-4b8f-945a-bef89a75d944)
2019-06-20 21:31:05.397 22705 RALLYDEBUG rally_openstack.cleanup.manager [-] Deleting neutron.port object s_rally_5fe38c1c_6QCUtMlB (d2e86227-07a9-4ef6-aff0-5596bde10fc5)
2019-06-20 21:31:05.479 22705 RALLYDEBUG rally_openstack.cleanup.manager [-] Deleting neutron.port object s_rally_5fe38c1c_PBtGuxLT (d3428af5-02a4-4ab2-bd56-2cad1a7bb2ed)
2019-06-20 21:31:05.528 22705 RALLYDEBUG rally_openstack.cleanup.manager [-] Deleting neutron.port object s_rally_5fe38c1c_Q4gWxiuN (d7088a8b-b90d-4adf-9e0d-86368c2bbe20)
2019-06-20 21:31:05.572 22705 RALLYDEBUG rally_openstack.cleanup.manager [-] Deleting neutron.port object s_rally_5fe38c1c_PBuWqdqv (d7de949b-6842-4fdb-8f38-89de8b0f8b73)
2019-06-20 21:31:05.632 22705 RALLYDEBUG rally_openstack.cleanup.manager [-] Deleting neutron.port object s_rally_5fe38c1c_BwWgBT4w (d916e984-2080-4fb0-99a1-f50119bda831)
2019-06-20 21:31:05.761 22705 RALLYDEBUG rally_openstack.cleanup.manager [-] Deleting neutron.port object s_rally_5fe38c1c_R6Vl88rl (dd0eb4ac-6f45-4c55-83eb-ffe9405089ca)
2019-06-20 21:31:05.910 22705 RALLYDEBUG rally_openstack.cleanup.manager [-] Deleting neutron.port object s_rally_5fe38c1c_sXkfcTGX (dd465254-6ff1-49e6-a946-667f1dd415fc)
2019-06-20 21:31:05.913 22705 RALLYDEBUG rally_openstack.cleanup.manager [-] Deleting neutron.port object s_rally_5fe38c1c_3yFK5pSw (dd62cf42-5e60-4c08-8fbd-1e548b3e5188)
2019-06-20 21:31:05.927 22705 RALLYDEBUG rally_openstack.cleanup.manager [-] Deleting neutron.port object s_rally_5fe38c1c_VgKeEfI6 (dea1268a-1a86-4e8c-a9f6-feecc3cd1747)
2019-06-20 21:31:06.361 22705 RALLYDEBUG rally_openstack.cleanup.manager [-] Deleting neutron.port object s_rally_5fe38c1c_P3EFhNNN (e2b2efd2-1436-4b7b-9dd7-591a460a7ce6)
2019-06-20 21:31:06.603 22705 RALLYDEBUG rally_openstack.cleanup.manager [-] Deleting neutron.port object s_rally_5fe38c1c_dJ11YLEh (e3b43383-e5e2-43c6-a339-90a78a54b30c)
2019-06-20 21:31:06.635 22705 RALLYDEBUG rally_openstack.cleanup.manager [-] Deleting neutron.port object s_rally_5fe38c1c_3ViWffI1 (e3f0efe2-472f-44a6-839d-0d706071525b)
2019-06-20 21:31:06.817 22705 RALLYDEBUG rally_openstack.cleanup.manager [-] Deleting neutron.port object s_rally_5fe38c1c_spoTP1Qv (e63cff3b-e757-4f2b-8633-5e4d30cbdfac)
2019-06-20 21:31:06.882 22705 RALLYDEBUG rally_openstack.cleanup.manager [-] Deleting neutron.port object s_rally_5fe38c1c_fmwoKaif (e6a59076-d763-4d7b-8b4f-a1156cf18589)
2019-06-20 21:31:07.031 22705 RALLYDEBUG rally_openstack.cleanup.manager [-] Deleting neutron.port object s_rally_5fe38c1c_TmUgIkE1 (e701bc32-4101-44f2-b12e-f11877ed18a3)
2019-06-20 21:31:07.266 22705 RALLYDEBUG rally_openstack.cleanup.manager [-] Deleting neutron.port object s_rally_5fe38c1c_0BwoHpR4 (e927410c-0f49-40ba-896a-33c2558ecf51)
2019-06-20 21:31:07.384 22705 RALLYDEBUG rally_openstack.cleanup.manager [-] Deleting neutron.port object s_rally_5fe38c1c_CCwgaqxZ (e9d274fa-49de-49f7-893f-45d93127f69c)
2019-06-20 21:31:07.407 22705 RALLYDEBUG rally_openstack.cleanup.manager [-] Deleting neutron.port object s_rally_5fe38c1c_ifSPQ8MT (eb5dc425-d114-4ed8-8601-c9f0ee94c074)
2019-06-20 21:31:07.556 22705 RALLYDEBUG rally_openstack.cleanup.manager [-] Deleting neutron.port object s_rally_5fe38c1c_V92Vo7yU (ecb4e227-d7cf-4d15-b3bd-faf1966d6154)
2019-06-20 21:31:07.645 22705 RALLYDEBUG rally_openstack.cleanup.manager [-] Deleting neutron.port object s_rally_5fe38c1c_K82y6Ika (f0b81da0-54c1-40a1-9702-326dace2e1c0)
2019-06-20 21:31:07.713 22705 RALLYDEBUG rally_openstack.cleanup.manager [-] Deleting neutron.port object s_rally_5fe38c1c_z8qNdngu (f1799343-0532-47ca-9da4-66892262aa61)
2019-06-20 21:31:07.891 22705 RALLYDEBUG rally_openstack.cleanup.manager [-] Deleting neutron.port object s_rally_5fe38c1c_JE636XsB (f1b893e1-a1f0-4814-9737-ca0b53032359)
2019-06-20 21:31:08.036 22705 RALLYDEBUG rally_openstack.cleanup.manager [-] Deleting neutron.port object s_rally_5fe38c1c_zbDTzCKi (f1c618ee-cba3-483c-a139-3841835699ca)
2019-06-20 21:31:08.049 22705 RALLYDEBUG rally_openstack.cleanup.manager [-] Deleting neutron.port object s_rally_5fe38c1c_S6Wh4nnu (f1d85b21-b1c0-4e8e-add6-cf33129e69d0)
2019-06-20 21:31:08.061 22705 RALLYDEBUG rally_openstack.cleanup.manager [-] Deleting neutron.port object s_rally_5fe38c1c_oZcUekLw (f2187478-f805-4c4c-9608-a8071c77e2b6)
2019-06-20 21:31:08.233 22705 RALLYDEBUG rally_openstack.cleanup.manager [-] Deleting neutron.port object s_rally_5fe38c1c_qKS5OlpH (f4be166d-ac5a-418d-95cd-235fc43bddc7)
2019-06-20 21:31:08.255 22705 RALLYDEBUG rally_openstack.cleanup.manager [-] Deleting neutron.port object s_rally_5fe38c1c_oAXiPSzy (f4beefc5-b44b-4c16-9f49-be7168f6ede9)
2019-06-20 21:31:08.339 22705 RALLYDEBUG rally_openstack.cleanup.manager [-] Deleting neutron.port object s_rally_5fe38c1c_sLyskDbJ (f5323ded-e803-4081-b4c7-6f6b916d89e5)
2019-06-20 21:31:08.404 22705 RALLYDEBUG rally_openstack.cleanup.manager [-] Deleting neutron.port object s_rally_5fe38c1c_YilQIBd3 (f5497a6b-bdc4-477b-8b57-6a7ff98745ca)
2019-06-20 21:31:08.768 22705 RALLYDEBUG rally_openstack.cleanup.manager [-] Deleting neutron.port object s_rally_5fe38c1c_IRalo07n (f550971f-ec65-46b5-bc5e-80eed0ea4a17)
2019-06-20 21:31:08.796 22705 RALLYDEBUG rally_openstack.cleanup.manager [-] Deleting neutron.port object s_rally_5fe38c1c_tMbqYVq1 (f55d457d-2695-4c32-9142-18d716f51d08)
2019-06-20 21:31:08.809 22705 RALLYDEBUG rally_openstack.cleanup.manager [-] Deleting neutron.port object s_rally_5fe38c1c_U4MH1Woo (f77422f6-abce-4f6e-ab03-664a797d743e)
2019-06-20 21:31:08.960 22705 RALLYDEBUG rally_openstack.cleanup.manager [-] Deleting neutron.port object s_rally_5fe38c1c_6tOmq0GI (f9e6fcc9-de41-4ef1-be68-5a501e0adac8)
2019-06-20 21:31:09.095 22705 RALLYDEBUG rally_openstack.cleanup.manager [-] Deleting neutron.port object s_rally_5fe38c1c_Hb7bPJ7G (fab0d415-93e5-47af-94ec-8ef4692b4ffa)
2019-06-20 21:31:09.172 22705 RALLYDEBUG rally_openstack.cleanup.manager [-] Deleting neutron.port object s_rally_5fe38c1c_bqy10UkK (fc714702-c871-4785-9f55-4bc6afbf7737)
2019-06-20 21:31:09.738 22705 RALLYDEBUG rally_openstack.cleanup.manager [-] Deleting neutron.port object s_rally_5fe38c1c_7Pi69QBy (fc854ea9-25d9-421a-a45d-f1b10b33469f)
2019-06-20 21:31:09.756 22705 RALLYDEBUG rally_openstack.cleanup.manager [-] Deleting neutron.port object s_rally_5fe38c1c_A90v1N09 (fcd66302-e993-4985-b04b-22aae112245e)
2019-06-20 21:31:09.802 22705 RALLYDEBUG rally_openstack.cleanup.manager [-] Deleting neutron.port object s_rally_5fe38c1c_tPKptyM2 (fdea22b7-bf4b-43cb-bf1b-1cbf8c42db12)
2019-06-20 21:31:09.869 22705 RALLYDEBUG rally_openstack.cleanup.manager [-] Deleting neutron.port object s_rally_5fe38c1c_a0D9PKSI (fe95eec6-f22e-427b-8d23-5937122976a3)
2019-06-20 21:31:09.909 22705 RALLYDEBUG rally_openstack.cleanup.manager [-] Deleting neutron.port object s_rally_5fe38c1c_lOVGKgOw (fea55e57-990d-46d4-b632-3fa72b5b1930)
2019-06-20 21:31:12.331 22705 RALLYDEBUG rally_openstack.cleanup.manager [-] Cleaning up neutron subnet objects
2019-06-20 21:31:13.087 22705 RALLYDEBUG rally_openstack.cleanup.manager [-] Cleaning up neutron network objects
2019-06-20 21:31:14.064 22705 RALLYDEBUG rally_openstack.cleanup.manager [-] Deleting neutron.network object s_rally_5fe38c1c_UHlZOq2E (0f8939d0-612e-4e8b-85e2-11bf1de2ebe7)
2019-06-20 21:31:14.071 22705 RALLYDEBUG rally_openstack.cleanup.manager [-] Deleting neutron.network object s_rally_5fe38c1c_xmJTvCiE (1577e183-839e-4506-a3ae-a925ec1bd813)
2019-06-20 21:31:14.082 22705 RALLYDEBUG rally_openstack.cleanup.manager [-] Deleting neutron.network object s_rally_5fe38c1c_9YdetUEn (1ba2a075-5f2d-45af-9cbb-0746e06887a9)
2019-06-20 21:31:14.084 22705 RALLYDEBUG rally_openstack.cleanup.manager [-] Deleting neutron.network object s_rally_5fe38c1c_SrXaJxjA (196bfd7f-6d0a-4c53-aec7-0ae80f6aaae6)
2019-06-20 21:31:14.089 22705 RALLYDEBUG rally_openstack.cleanup.manager [-] Deleting neutron.network object s_rally_5fe38c1c_Tn9mL3Ie (1e766d5c-390b-4228-ad59-342daeee52eb)
2019-06-20 21:31:14.100 22705 RALLYDEBUG rally_openstack.cleanup.manager [-] Deleting neutron.network object s_rally_5fe38c1c_4CbXCFJE (22ab48bb-49ec-42a4-9345-de0cedd6ce86)
2019-06-20 21:31:14.114 22705 RALLYDEBUG rally_openstack.cleanup.manager [-] Deleting neutron.network object s_rally_5fe38c1c_F0HMzGRi (352af3da-6cf4-4440-8772-a45f69766d74)
2019-06-20 21:31:14.130 22705 RALLYDEBUG rally_openstack.cleanup.manager [-] Deleting neutron.network object s_rally_5fe38c1c_MORFuqcN (41768138-39b8-4211-a8a1-f7cc5b55abc3)
2019-06-20 21:31:14.130 22705 RALLYDEBUG rally_openstack.cleanup.manager [-] Deleting neutron.network object s_rally_5fe38c1c_XXG6vhK6 (263d82cc-3e6f-4527-9038-a2691bece7c5)
2019-06-20 21:31:14.143 22705 RALLYDEBUG rally_openstack.cleanup.manager [-] Deleting neutron.network object s_rally_5fe38c1c_Xfa4k9OK (69e2a6b5-8f5b-406a-bd2a-74287186edc5)
2019-06-20 21:31:14.144 22705 RALLYDEBUG rally_openstack.cleanup.manager [-] Deleting neutron.network object s_rally_5fe38c1c_jSxNIp55 (55063e2a-1677-42e5-8eff-599d505d1d91)
2019-06-20 21:31:14.165 22705 RALLYDEBUG rally_openstack.cleanup.manager [-] Deleting neutron.network object s_rally_5fe38c1c_GZyawBRA (6ca8d575-b79b-42af-977b-02007e40ffd2)
2019-06-20 21:31:14.176 22705 RALLYDEBUG rally_openstack.cleanup.manager [-] Deleting neutron.network object s_rally_5fe38c1c_d1gOECaS (75c18c99-f18b-4208-93d9-f9f52ff91df5)
2019-06-20 21:31:14.188 22705 RALLYDEBUG rally_openstack.cleanup.manager [-] Deleting neutron.network object s_rally_5fe38c1c_U1vFDlRy (7ddb97e2-0659-442a-98c4-7ae738f040e3)
2019-06-20 21:31:14.208 22705 RALLYDEBUG rally_openstack.cleanup.manager [-] Deleting neutron.network object s_rally_5fe38c1c_y1wRbrSy (8647af23-7530-4d9f-ba1b-47da7db6a052)
2019-06-20 21:31:14.220 22705 RALLYDEBUG rally_openstack.cleanup.manager [-] Deleting neutron.network object s_rally_5fe38c1c_yV0kcvtA (8888384a-a7cd-449c-8334-21e9f0468108)
2019-06-20 21:31:14.238 22705 RALLYDEBUG rally_openstack.cleanup.manager [-] Deleting neutron.network object s_rally_5fe38c1c_ICFDw9Db (9686205a-ad78-47e6-8957-54678eaa39c5)
2019-06-20 21:31:14.256 22705 RALLYDEBUG rally_openstack.cleanup.manager [-] Deleting neutron.network object s_rally_5fe38c1c_2tm616j3 (9708d136-6a19-4ce3-8ec5-1f9f6c7c2a4f)
2019-06-20 21:31:14.266 22705 RALLYDEBUG rally_openstack.cleanup.manager [-] Deleting neutron.network object s_rally_5fe38c1c_lctfV1mf (97581aeb-e169-44df-99d0-89870bb3bec2)
2019-06-20 21:31:14.268 22705 RALLYDEBUG rally_openstack.cleanup.manager [-] Deleting neutron.network object s_rally_5fe38c1c_6Xkxk0Mz (9a3c41ce-099f-404b-a50a-95d2db50dc84)
2019-06-20 21:31:16.683 22705 RALLYDEBUG rally_openstack.cleanup.manager [-] Deleting neutron.network object s_rally_5fe38c1c_l4CaGZXy (a07b1d4b-fdd8-4358-bd06-7b3150ec2e96)
2019-06-20 21:31:16.720 22705 RALLYDEBUG rally_openstack.cleanup.manager [-] Deleting neutron.network object s_rally_5fe38c1c_q1zpeNbz (a3e8c39d-7564-4e95-a67f-66bc3b024c53)
2019-06-20 21:31:16.789 22705 RALLYDEBUG rally_openstack.cleanup.manager [-] Deleting neutron.network object s_rally_5fe38c1c_LfaOdrDR (aa089c63-584f-46c5-9c1d-be744bc4c5fd)
2019-06-20 21:31:16.891 22705 RALLYDEBUG rally_openstack.cleanup.manager [-] Deleting neutron.network object s_rally_5fe38c1c_vEY8A67B (ac160353-4380-4844-b878-0cf9a31f6e7c)
2019-06-20 21:31:17.016 22705 RALLYDEBUG rally_openstack.cleanup.manager [-] Deleting neutron.network object s_rally_5fe38c1c_MoeQfaPQ (ad11488f-69bb-4a0d-827b-039c49d0d1a7)
2019-06-20 21:31:17.020 22705 RALLYDEBUG rally_openstack.cleanup.manager [-] Deleting neutron.network object s_rally_5fe38c1c_hQ5kkS1q (b1cf787a-76b2-4aad-803d-69331ffd37c7)
2019-06-20 21:31:17.017 22705 RALLYDEBUG rally_openstack.cleanup.manager [-] Deleting neutron.network object s_rally_5fe38c1c_guvgerOt (b0172220-eeb9-4b65-8542-2c3807cacfa2)
2019-06-20 21:31:17.102 22705 RALLYDEBUG rally_openstack.cleanup.manager [-] Deleting neutron.network object s_rally_5fe38c1c_lGcpWfKm (b33eb33c-e23e-412c-8d75-7228d0ba8e4f)
2019-06-20 21:31:17.136 22705 RALLYDEBUG rally_openstack.cleanup.manager [-] Deleting neutron.network object s_rally_5fe38c1c_T6kBgytN (b3d8763e-a014-4e2b-8462-36f06e5898f8)
2019-06-20 21:31:17.167 22705 RALLYDEBUG rally_openstack.cleanup.manager [-] Deleting neutron.network object s_rally_5fe38c1c_MzmRIgtR (b62416a4-d179-41fe-963a-7de7d648812f)
2019-06-20 21:31:17.360 22705 RALLYDEBUG rally_openstack.cleanup.manager [-] Deleting neutron.network object s_rally_5fe38c1c_cU3VESQe (b9d32f03-179a-4ce5-91bb-262b99a1bfcd)
2019-06-20 21:31:17.477 22705 RALLYDEBUG rally_openstack.cleanup.manager [-] Deleting neutron.network object s_rally_5fe38c1c_Hbhl1S5C (bbc34979-5866-4275-86f9-b085b1feb210)
2019-06-20 21:31:17.509 22705 RALLYDEBUG rally_openstack.cleanup.manager [-] Deleting neutron.network object s_rally_5fe38c1c_H1MzO3iy (cdc155e4-c392-413c-a123-d5dfca281699)
2019-06-20 21:31:17.662 22705 RALLYDEBUG rally_openstack.cleanup.manager [-] Deleting neutron.network object s_rally_5fe38c1c_au2TcHG9 (d7c072c6-161e-4358-aeb6-ac21d8181047)
2019-06-20 21:31:17.676 22705 RALLYDEBUG rally_openstack.cleanup.manager [-] Deleting neutron.network object s_rally_5fe38c1c_wVZn6JwW (dc808d8e-8f51-4c4b-8782-f9016b5da31c)
2019-06-20 21:31:17.707 22705 RALLYDEBUG rally_openstack.cleanup.manager [-] Deleting neutron.network object s_rally_5fe38c1c_t4aPkRcx (e99a78db-06bf-4ae4-857c-63e9e9a6bf76)
2019-06-20 21:31:17.725 22705 RALLYDEBUG rally_openstack.cleanup.manager [-] Deleting neutron.network object s_rally_5fe38c1c_0sCKxOjR (e9f91994-e404-4d6b-955b-0031f252c56c)
2019-06-20 21:31:17.985 22705 RALLYDEBUG rally_openstack.cleanup.manager [-] Deleting neutron.network object s_rally_5fe38c1c_RarESvdL (eecb64de-f8f7-4a23-814e-959f2309f44b)
2019-06-20 21:31:18.199 22705 RALLYDEBUG rally_openstack.cleanup.manager [-] Deleting neutron.network object s_rally_5fe38c1c_Mo9OtQL9 (f70ccbb5-0370-4724-86a5-55fd0d3c77be)
2019-06-20 21:31:18.229 22705 RALLYDEBUG rally_openstack.cleanup.manager [-] Deleting neutron.network object s_rally_5fe38c1c_eAVfgDHr (f70d9bac-66dd-4867-9f30-42cd1c735920)
2019-06-20 21:31:21.003 22705 RALLYDEBUG rally_openstack.cleanup.manager [-] Cleaning up neutron router objects
2019-06-20 21:31:21.934 22705 RALLYDEBUG rally_openstack.cleanup.manager [-] Cleaning up neutron security_group objects
2019-06-20 21:31:22.710 22705 INFO rally.task.context [-] Task 72b4b572-cc64-4556-b2bb-7f0c14df3059 | Context cleanup@openstack cleanup() finished in 41.51 sec
2019-06-20 21:31:22.710 22705 INFO rally.task.context [-] Task 72b4b572-cc64-4556-b2bb-7f0c14df3059 | Context quotas@openstack cleanup() started
2019-06-20 21:31:23.032 22705 INFO rally.task.context [-] Task 72b4b572-cc64-4556-b2bb-7f0c14df3059 | Context quotas@openstack cleanup() finished in 0.32 sec
2019-06-20 21:31:23.032 22705 INFO rally.task.context [-] Task 72b4b572-cc64-4556-b2bb-7f0c14df3059 | Context users@openstack cleanup() started
2019-06-20 21:31:28.715 22705 INFO rally.task.context [-] Task 72b4b572-cc64-4556-b2bb-7f0c14df3059 | Context users@openstack cleanup() finished in 5.68 sec
2019-06-20 21:31:29.803 22705 INFO rally.task.engine [-] Load duration is: 30.218918
2019-06-20 21:31:29.804 22705 INFO rally.task.engine [-] Full runner duration is: 30.266111
2019-06-20 21:31:29.804 22705 INFO rally.task.engine [-] Full duration is: 83.248825
2019-06-20 21:31:29.993 22705 INFO rally.task.engine [-] Running workload: position = 2 config = { "version": 2, "title": "A cropped version of a bigger task.", "description": "Auto-generated task from a single workload (uuid=4fdb438f-7ece-40b5-8f08-2ea09ce27dcf)", "subtasks": [ { "title": "NeutronNetworks.create_and_delete_ports", "description": "Create and delete a port.", "scenario": { "NeutronNetworks.create_and_delete_ports": { "network_create_args": {}, "port_create_args": {}, "ports_per_network": 5 } }, "contexts": { "users": { "tenants": 1, "users_per_tenant": 1 }, "quotas": { "neutron": { "network": -1, "port": -1 } } }, "runner": { "constant": { "times": 40, "concurrency": 20 } }, "hooks": [], "sla": { "failure_rate": { "max": 0 } } } ] }
2019-06-20 21:31:30.016 22705 RALLYDEBUG rally_openstack.contexts.keystone.users [-] Creating 1 tenants using 20 threads
2019-06-20 21:31:31.898 22705 RALLYDEBUG rally_openstack.contexts.keystone.users [-] Creating 1 users using 20 threads
2019-06-20 21:31:34.701 22705 INFO rally.task.context [-] Task 72b4b572-cc64-4556-b2bb-7f0c14df3059 | Context users@openstack setup() finished in 4.68 sec
2019-06-20 21:31:35.482 22705 INFO rally.task.context [-] Task 72b4b572-cc64-4556-b2bb-7f0c14df3059 | Context quotas@openstack setup() finished in 0.78 sec
2019-06-20 21:31:35.483 22705 INFO rally.task.context [-] Task 72b4b572-cc64-4556-b2bb-7f0c14df3059 | Context cleanup@openstack setup() finished in 0.01 msec
2019-06-20 21:31:35.489 22705 RALLYDEBUG rally.task.runner [-] Starting the constant runner (task UUID: 72b4b572-cc64-4556-b2bb-7f0c14df3059). timeout: 0 concurrency: 20 concurrency_per_worker: 1 times: 40 concurrency_overhead: 4 processes_to_start: 16 max_cpu_used: 16
2019-06-20 21:31:35.502 26951 RALLYDEBUG rally.task.runner [-] Starting a worker. concurrency: 2 args: {"network_create_args": {}, "port_create_args": {}, "ports_per_network": 5} times: 40 method_name: run timeout: 0 duration: None cls:
2019-06-20 21:31:35.505 26952 RALLYDEBUG rally.task.runner [-] Starting a worker. concurrency: 2 args: {"network_create_args": {}, "port_create_args": {}, "ports_per_network": 5} times: 40 method_name: run timeout: 0 duration: None cls:
2019-06-20 21:31:35.508 26953 RALLYDEBUG rally.task.runner [-] Starting a worker. concurrency: 2 args: {"network_create_args": {}, "port_create_args": {}, "ports_per_network": 5} times: 40 method_name: run timeout: 0 duration: None cls:
2019-06-20 21:31:35.510 26954 RALLYDEBUG rally.task.runner [-] Starting a worker. concurrency: 2 args: {"network_create_args": {}, "port_create_args": {}, "ports_per_network": 5} times: 40 method_name: run timeout: 0 duration: None cls:
2019-06-20 21:31:35.511 26951 INFO rally.task.runner [-] Task 72b4b572-cc64-4556-b2bb-7f0c14df3059 | ITER: 1 START
2019-06-20 21:31:35.514 26952 INFO rally.task.runner [-] Task 72b4b572-cc64-4556-b2bb-7f0c14df3059 | ITER: 3 START
2019-06-20 21:31:35.512 26951 INFO rally.task.runner [-] Task 72b4b572-cc64-4556-b2bb-7f0c14df3059 | ITER: 2 START
2019-06-20 21:31:35.515 26951 WARNING rally_openstack.scenarios.neutron.utils [-] Running this scenario without either the 'network' or 'existing_network' context is deprecated
2019-06-20 21:31:35.515 26955 RALLYDEBUG rally.task.runner [-] Starting a worker. concurrency: 1 args: {"network_create_args": {}, "port_create_args": {}, "ports_per_network": 5} times: 40 method_name: run timeout: 0 duration: None cls:
2019-06-20 21:31:35.516 26958 RALLYDEBUG rally.task.runner [-] Starting a worker. concurrency: 1 args: {"network_create_args": {}, "port_create_args": {}, "ports_per_network": 5} times: 40 method_name: run timeout: 0 duration: None cls:
2019-06-20 21:31:35.517 26953 INFO rally.task.runner [-] Task 72b4b572-cc64-4556-b2bb-7f0c14df3059 | ITER: 4 START
2019-06-20 21:31:35.518 26952 WARNING rally_openstack.scenarios.neutron.utils [-] Running this scenario without either the 'network' or 'existing_network' context is deprecated
2019-06-20 21:31:35.518 26953 INFO rally.task.runner [-] Task 72b4b572-cc64-4556-b2bb-7f0c14df3059 | ITER: 7 START
2019-06-20 21:31:35.519 26953 WARNING rally_openstack.scenarios.neutron.utils [-] Running this scenario without either the 'network' or 'existing_network' context is deprecated
2019-06-20 21:31:35.520 26953 WARNING rally_openstack.scenarios.neutron.utils [-] Running this scenario without either the 'network' or 'existing_network' context is deprecated
2019-06-20 21:31:35.520 26962 RALLYDEBUG rally.task.runner [-] Starting a worker. concurrency: 1 args: {"network_create_args": {}, "port_create_args": {}, "ports_per_network": 5} times: 40 method_name: run timeout: 0 duration: None cls:
2019-06-20 21:31:35.522 26958 INFO rally.task.runner [-] Task 72b4b572-cc64-4556-b2bb-7f0c14df3059 | ITER: 10 START
2019-06-20 21:31:35.522 26951 WARNING rally_openstack.scenarios.neutron.utils [-] Running this scenario without either the 'network' or 'existing_network' context is deprecated
2019-06-20 21:31:35.523 26955 INFO rally.task.runner [-] Task 72b4b572-cc64-4556-b2bb-7f0c14df3059 | ITER: 9 START
2019-06-20 21:31:35.524 26958 WARNING rally_openstack.scenarios.neutron.utils [-] Running this scenario without either the 'network' or 'existing_network' context is deprecated
2019-06-20 21:31:35.525 26955 WARNING rally_openstack.scenarios.neutron.utils [-] Running this scenario without either the 'network' or 'existing_network' context is deprecated
2019-06-20 21:31:35.525 26969 RALLYDEBUG rally.task.runner [-] Starting a worker. concurrency: 1 args: {"network_create_args": {}, "port_create_args": {}, "ports_per_network": 5} times: 40 method_name: run timeout: 0 duration: None cls:
2019-06-20 21:31:35.526 26954 INFO rally.task.runner [-] Task 72b4b572-cc64-4556-b2bb-7f0c14df3059 | ITER: 8 START
2019-06-20 21:31:35.525 26965 RALLYDEBUG rally.task.runner [-] Starting a worker. concurrency: 1 args: {"network_create_args": {}, "port_create_args": {}, "ports_per_network": 5} times: 40 method_name: run timeout: 0 duration: None cls:
2019-06-20 21:31:35.519 26952 INFO rally.task.runner [-] Task 72b4b572-cc64-4556-b2bb-7f0c14df3059 | ITER: 5 START
2019-06-20 21:31:35.529 26954 INFO rally.task.runner [-] Task 72b4b572-cc64-4556-b2bb-7f0c14df3059 | ITER: 6 START
2019-06-20 21:31:35.529 26954 WARNING rally_openstack.scenarios.neutron.utils [-] Running this scenario without either the 'network' or 'existing_network' context is deprecated
2019-06-20 21:31:35.531 26952 WARNING rally_openstack.scenarios.neutron.utils [-] Running this scenario without either the 'network' or 'existing_network' context is deprecated
2019-06-20 21:31:35.532 26976 RALLYDEBUG rally.task.runner [-] Starting a worker. concurrency: 1 args: {"network_create_args": {}, "port_create_args": {}, "ports_per_network": 5} times: 40 method_name: run timeout: 0 duration: None cls:
2019-06-20 21:31:35.533 26962 INFO rally.task.runner [-] Task 72b4b572-cc64-4556-b2bb-7f0c14df3059 | ITER: 11 START
2019-06-20 21:31:35.533 26965 INFO rally.task.runner [-] Task 72b4b572-cc64-4556-b2bb-7f0c14df3059 | ITER: 13 START
2019-06-20 21:31:35.533 26969 INFO rally.task.runner [-] Task 72b4b572-cc64-4556-b2bb-7f0c14df3059 | ITER: 12 START
2019-06-20 21:31:35.534 26962 WARNING rally_openstack.scenarios.neutron.utils [-] Running this scenario without either the 'network' or 'existing_network' context is deprecated
2019-06-20 21:31:35.528 26954 WARNING rally_openstack.scenarios.neutron.utils [-] Running this scenario without either the 'network' or 'existing_network' context is deprecated
2019-06-20 21:31:35.535 26965 WARNING rally_openstack.scenarios.neutron.utils [-] Running this scenario without either the 'network' or 'existing_network' context is deprecated
2019-06-20 21:31:35.535 26969 WARNING rally_openstack.scenarios.neutron.utils [-] Running this scenario without either the 'network' or 'existing_network' context is deprecated
2019-06-20 21:31:35.536 26979 RALLYDEBUG rally.task.runner [-] Starting a worker. concurrency: 1 args: {"network_create_args": {}, "port_create_args": {}, "ports_per_network": 5} times: 40 method_name: run timeout: 0 duration: None cls:
2019-06-20 21:31:35.539 26984 RALLYDEBUG rally.task.runner [-] Starting a worker. concurrency: 1 args: {"network_create_args": {}, "port_create_args": {}, "ports_per_network": 5} times: 40 method_name: run timeout: 0 duration: None cls:
2019-06-20 21:31:35.542 26979 INFO rally.task.runner [-] Task 72b4b572-cc64-4556-b2bb-7f0c14df3059 | ITER: 15 START
2019-06-20 21:31:35.543 26976 INFO rally.task.runner [-] Task 72b4b572-cc64-4556-b2bb-7f0c14df3059 | ITER: 14 START
2019-06-20 21:31:35.544 26979 WARNING rally_openstack.scenarios.neutron.utils [-] Running this scenario without either the 'network' or 'existing_network' context is deprecated
2019-06-20 21:31:35.545 26976 WARNING rally_openstack.scenarios.neutron.utils [-] Running this scenario without either the 'network' or 'existing_network' context is deprecated
2019-06-20 21:31:35.546 26984 INFO rally.task.runner [-] Task 72b4b572-cc64-4556-b2bb-7f0c14df3059 | ITER: 16 START
2019-06-20 21:31:35.548 26984 WARNING rally_openstack.scenarios.neutron.utils [-] Running this scenario without either the 'network' or 'existing_network' context is deprecated
2019-06-20 21:31:35.548 26986 RALLYDEBUG rally.task.runner [-] Starting a worker. concurrency: 1 args: {"network_create_args": {}, "port_create_args": {}, "ports_per_network": 5} times: 40 method_name: run timeout: 0 duration: None cls:
2019-06-20 21:31:35.555 26986 INFO rally.task.runner [-] Task 72b4b572-cc64-4556-b2bb-7f0c14df3059 | ITER: 17 START
2019-06-20 21:31:35.556 26992 RALLYDEBUG rally.task.runner [-] Starting a worker. concurrency: 1 args: {"network_create_args": {}, "port_create_args": {}, "ports_per_network": 5} times: 40 method_name: run timeout: 0 duration: None cls:
2019-06-20 21:31:35.557 26986 WARNING rally_openstack.scenarios.neutron.utils [-] Running this scenario without either the 'network' or 'existing_network' context is deprecated
2019-06-20 21:31:35.561 26992 INFO rally.task.runner [-] Task 72b4b572-cc64-4556-b2bb-7f0c14df3059 | ITER: 18 START
2019-06-20 21:31:35.563 26992 WARNING rally_openstack.scenarios.neutron.utils [-] Running this scenario without either the 'network' or 'existing_network' context is deprecated
2019-06-20 21:31:35.568 26997 RALLYDEBUG rally.task.runner [-] Starting a worker. concurrency: 1 args: {"network_create_args": {}, "port_create_args": {}, "ports_per_network": 5} times: 40 method_name: run timeout: 0 duration: None cls:
2019-06-20 21:31:35.573 26997 INFO rally.task.runner [-] Task 72b4b572-cc64-4556-b2bb-7f0c14df3059 | ITER: 19 START
2019-06-20 21:31:35.574 26997 WARNING rally_openstack.scenarios.neutron.utils [-] Running this scenario without either the 'network' or 'existing_network' context is deprecated
2019-06-20 21:31:35.574 26998 RALLYDEBUG rally.task.runner [-] Starting a worker. concurrency: 1 args: {"network_create_args": {}, "port_create_args": {}, "ports_per_network": 5} times: 40 method_name: run timeout: 0 duration: None cls:
2019-06-20 21:31:35.579 26998 INFO rally.task.runner [-] Task 72b4b572-cc64-4556-b2bb-7f0c14df3059 | ITER: 20 START
2019-06-20 21:31:35.580 26998 WARNING rally_openstack.scenarios.neutron.utils [-] Running this scenario without either the 'network' or 'existing_network' context is deprecated
2019-06-20 21:31:48.525 26952 INFO rally.task.runner [-] Task 72b4b572-cc64-4556-b2bb-7f0c14df3059 | ITER: 5 END: OK
2019-06-20 21:31:48.529 26952 INFO rally.task.runner [-] Task 72b4b572-cc64-4556-b2bb-7f0c14df3059 | ITER: 21 START
2019-06-20 21:31:48.530 26952 WARNING rally_openstack.scenarios.neutron.utils [-] Running this scenario without either the 'network' or 'existing_network' context is deprecated
2019-06-20 21:31:48.935 26951 INFO rally.task.runner [-] Task 72b4b572-cc64-4556-b2bb-7f0c14df3059 | ITER: 1 END: OK
2019-06-20 21:31:48.939 26951 INFO rally.task.runner [-] Task 72b4b572-cc64-4556-b2bb-7f0c14df3059 | ITER: 22 START
2019-06-20 21:31:48.939 26951 WARNING rally_openstack.scenarios.neutron.utils [-] Running this scenario without either the 'network' or 'existing_network' context is deprecated
2019-06-20 21:31:50.052 26954 INFO rally.task.runner [-] Task 72b4b572-cc64-4556-b2bb-7f0c14df3059 | ITER: 8 END: OK
2019-06-20 21:31:50.057 26954 INFO rally.task.runner [-] Task 72b4b572-cc64-4556-b2bb-7f0c14df3059 | ITER: 23 START
2019-06-20 21:31:50.058 26954 WARNING rally_openstack.scenarios.neutron.utils [-] Running this scenario without either the 'network' or 'existing_network' context is deprecated
2019-06-20 21:31:50.231 26955 INFO rally.task.runner [-] Task 72b4b572-cc64-4556-b2bb-7f0c14df3059 | ITER: 9 END: OK
2019-06-20 21:31:50.236 26955 INFO rally.task.runner [-] Task 72b4b572-cc64-4556-b2bb-7f0c14df3059 | ITER: 24 START
2019-06-20 21:31:50.236 26955 WARNING rally_openstack.scenarios.neutron.utils [-] Running this scenario without either the 'network' or 'existing_network' context is deprecated
2019-06-20 21:31:50.316 26986 INFO rally.task.runner [-] Task 72b4b572-cc64-4556-b2bb-7f0c14df3059 | ITER: 17 END: OK
2019-06-20 21:31:50.319 26986 INFO rally.task.runner [-] Task 72b4b572-cc64-4556-b2bb-7f0c14df3059 | ITER: 25 START
2019-06-20 21:31:50.320 26986 WARNING rally_openstack.scenarios.neutron.utils [-] Running this scenario without either the 'network' or 'existing_network' context is deprecated
2019-06-20 21:31:50.677 26953 INFO rally.task.runner [-] Task 72b4b572-cc64-4556-b2bb-7f0c14df3059 | ITER: 4 END: OK
2019-06-20 21:31:50.681 26953 INFO rally.task.runner [-] Task 72b4b572-cc64-4556-b2bb-7f0c14df3059 | ITER: 26 START
2019-06-20 21:31:50.682 26953 WARNING rally_openstack.scenarios.neutron.utils [-] Running this scenario without either the 'network' or 'existing_network' context is deprecated
2019-06-20 21:31:50.717 26998 INFO rally.task.runner [-] Task 72b4b572-cc64-4556-b2bb-7f0c14df3059 | ITER: 20 END: OK
2019-06-20 21:31:50.721 26998 INFO rally.task.runner [-] Task 72b4b572-cc64-4556-b2bb-7f0c14df3059 | ITER: 27 START
2019-06-20 21:31:50.722 26998 WARNING rally_openstack.scenarios.neutron.utils [-] Running this scenario without either the 'network' or 'existing_network' context is deprecated
2019-06-20 21:31:50.742 26952 INFO rally.task.runner [-] Task 72b4b572-cc64-4556-b2bb-7f0c14df3059 | ITER: 3 END: OK
2019-06-20 21:31:50.745 26952 INFO rally.task.runner [-] Task 72b4b572-cc64-4556-b2bb-7f0c14df3059 | ITER: 28 START
2019-06-20 21:31:50.746 26952 WARNING rally_openstack.scenarios.neutron.utils [-] Running this scenario without either the 'network' or 'existing_network' context is deprecated
2019-06-20 21:31:50.964 26997 INFO rally.task.runner [-] Task 72b4b572-cc64-4556-b2bb-7f0c14df3059 | ITER: 19 END: OK
2019-06-20 21:31:50.967 26997 INFO rally.task.runner [-] Task 72b4b572-cc64-4556-b2bb-7f0c14df3059 | ITER: 29 START
2019-06-20 21:31:50.968 26997 WARNING rally_openstack.scenarios.neutron.utils [-] Running this scenario without either the 'network' or 'existing_network' context is deprecated
2019-06-20 21:31:51.290 26954 INFO rally.task.runner [-] Task 72b4b572-cc64-4556-b2bb-7f0c14df3059 | ITER: 6 END: OK
2019-06-20 21:31:51.295 26954 INFO rally.task.runner [-] Task 72b4b572-cc64-4556-b2bb-7f0c14df3059 | ITER: 30 START
2019-06-20 21:31:51.295 26954 WARNING rally_openstack.scenarios.neutron.utils [-] Running this scenario without either the 'network' or 'existing_network' context is deprecated
2019-06-20 21:31:51.630 26976 INFO rally.task.runner [-] Task 72b4b572-cc64-4556-b2bb-7f0c14df3059 | ITER: 14 END: OK
2019-06-20 21:31:51.634 26976 INFO rally.task.runner [-] Task 72b4b572-cc64-4556-b2bb-7f0c14df3059 | ITER: 31 START
2019-06-20 21:31:51.635 26976 WARNING rally_openstack.scenarios.neutron.utils [-] Running this scenario without either the 'network' or 'existing_network' context is deprecated
2019-06-20 21:31:51.637 26984 INFO rally.task.runner [-] Task 72b4b572-cc64-4556-b2bb-7f0c14df3059 | ITER: 16 END: OK
2019-06-20 21:31:51.642 26984 INFO rally.task.runner [-] Task 72b4b572-cc64-4556-b2bb-7f0c14df3059 | ITER: 32 START
2019-06-20 21:31:51.642 26984 WARNING rally_openstack.scenarios.neutron.utils [-] Running this scenario without either the 'network' or 'existing_network' context is deprecated
2019-06-20 21:31:51.652 26965 INFO rally.task.runner [-] Task 72b4b572-cc64-4556-b2bb-7f0c14df3059 | ITER: 13 END: OK
2019-06-20 21:31:51.656 26965 INFO rally.task.runner [-] Task 72b4b572-cc64-4556-b2bb-7f0c14df3059 | ITER: 33 START
2019-06-20 21:31:51.656 26965 WARNING rally_openstack.scenarios.neutron.utils [-] Running this scenario without either the 'network' or 'existing_network' context is deprecated
2019-06-20 21:31:51.869 26992 INFO rally.task.runner [-] Task 72b4b572-cc64-4556-b2bb-7f0c14df3059 | ITER: 18 END: OK
2019-06-20 21:31:51.873 26992 INFO rally.task.runner [-] Task 72b4b572-cc64-4556-b2bb-7f0c14df3059 | ITER: 34 START
2019-06-20 21:31:51.874 26992 WARNING rally_openstack.scenarios.neutron.utils [-] Running this scenario without either the 'network' or 'existing_network' context is deprecated
2019-06-20 21:31:51.912 26953 INFO rally.task.runner [-] Task 72b4b572-cc64-4556-b2bb-7f0c14df3059 | ITER: 7 END: OK
2019-06-20 21:31:51.915 26953 INFO rally.task.runner [-] Task 72b4b572-cc64-4556-b2bb-7f0c14df3059 | ITER: 35 START
2019-06-20 21:31:51.916 26953 WARNING rally_openstack.scenarios.neutron.utils [-] Running this scenario without either the 'network' or 'existing_network' context is deprecated
2019-06-20 21:31:52.174 26962 INFO rally.task.runner [-] Task 72b4b572-cc64-4556-b2bb-7f0c14df3059 | ITER: 11 END: OK
2019-06-20 21:31:52.179 26962 INFO rally.task.runner [-] Task 72b4b572-cc64-4556-b2bb-7f0c14df3059 | ITER: 36 START
2019-06-20 21:31:52.180 26962 WARNING rally_openstack.scenarios.neutron.utils [-] Running this scenario without either the 'network' or 'existing_network' context is deprecated
2019-06-20 21:31:52.426 26958 INFO rally.task.runner [-] Task 72b4b572-cc64-4556-b2bb-7f0c14df3059 | ITER: 10 END: OK
2019-06-20 21:31:52.430 26958 INFO rally.task.runner [-] Task 72b4b572-cc64-4556-b2bb-7f0c14df3059 | ITER: 37 START
2019-06-20 21:31:52.430 26958 WARNING rally_openstack.scenarios.neutron.utils [-] Running this scenario without either the 'network' or 'existing_network' context is deprecated
2019-06-20 21:31:52.721 26979 INFO rally.task.runner [-] Task 72b4b572-cc64-4556-b2bb-7f0c14df3059 | ITER: 15 END: OK
2019-06-20 21:31:52.725 26979 INFO rally.task.runner [-] Task 72b4b572-cc64-4556-b2bb-7f0c14df3059 | ITER: 38 START
2019-06-20 21:31:52.725 26979 WARNING rally_openstack.scenarios.neutron.utils [-] Running this scenario without either the 'network' or 'existing_network' context is deprecated
