2019-06-20 21:06:44.766 22696 RALLYDEBUG rally.api [-] INFO logs from urllib3 and requests module are hide.
2019-06-20 21:06:44.766 22696 RALLYDEBUG rally.api [-] urllib3 insecure warnings are hidden.
2019-06-20 21:06:44.766 22696 RALLYDEBUG rally.api [-] ERROR log from boto module is hide.
2019-06-20 21:06:46.794 22698 RALLYDEBUG rally.api [-] INFO logs from urllib3 and requests module are hide.
2019-06-20 21:06:46.795 22698 RALLYDEBUG rally.api [-] urllib3 insecure warnings are hidden.
2019-06-20 21:06:46.795 22698 RALLYDEBUG rally.api [-] ERROR log from boto module is hide.
2019-06-20 21:06:48.079 22698 WARNING rally_openstack.platforms.existing [-] endpoint is deprecated and not used.
2019-06-20 21:06:49.061 22700 RALLYDEBUG rally.api [-] INFO logs from urllib3 and requests module are hide.
2019-06-20 21:06:49.062 22700 RALLYDEBUG rally.api [-] urllib3 insecure warnings are hidden.
2019-06-20 21:06:49.062 22700 RALLYDEBUG rally.api [-] ERROR log from boto module is hide.
2019-06-20 21:06:52.274 22703 RALLYDEBUG rally.api [-] INFO logs from urllib3 and requests module are hide.
2019-06-20 21:06:52.274 22703 RALLYDEBUG rally.api [-] urllib3 insecure warnings are hidden.
2019-06-20 21:06:52.274 22703 RALLYDEBUG rally.api [-] ERROR log from boto module is hide.
2019-06-20 21:06:54.213 22705 RALLYDEBUG rally.api [-] INFO logs from urllib3 and requests module are hide.
2019-06-20 21:06:54.213 22705 RALLYDEBUG rally.api [-] urllib3 insecure warnings are hidden.
2019-06-20 21:06:54.213 22705 RALLYDEBUG rally.api [-] ERROR log from boto module is hide.
2019-06-20 21:06:55.224 22705 INFO rally.common.plugin.discover [-] Loading plugins from directories /root/.rally/plugins/*
2019-06-20 21:06:55.224 22705 INFO rally.common.plugin.discover [-] Loaded module with plugins: /root/.rally/plugins/__init__.py
2019-06-20 21:06:55.226 22705 INFO rally.common.plugin.discover [-] Loaded module with plugins: /root/.rally/plugins/trunk_scenario.py
2019-06-20 21:06:55.396 22705 INFO rally.task.engine [-] Task 72b4b572-cc64-4556-b2bb-7f0c14df3059 | Starting: Task validation.
2019-06-20 21:06:55.418 22705 INFO rally.task.engine [-] Task 72b4b572-cc64-4556-b2bb-7f0c14df3059 | Starting: Task validation of syntax.
2019-06-20 21:06:55.632 22705 INFO rally.task.engine [-] Task 72b4b572-cc64-4556-b2bb-7f0c14df3059 | Completed: Task validation of syntax.
2019-06-20 21:06:55.633 22705 INFO rally.task.engine [-] Task 72b4b572-cc64-4556-b2bb-7f0c14df3059 | Starting: Task validation of required platforms.
2019-06-20 21:06:55.690 22705 INFO rally.task.engine [-] Task 72b4b572-cc64-4556-b2bb-7f0c14df3059 | Completed: Task validation of required platforms.
2019-06-20 21:06:55.690 22705 INFO rally.task.engine [-] Task 72b4b572-cc64-4556-b2bb-7f0c14df3059 | Starting: Task validation of semantic.
2019-06-20 21:06:55.690 22705 INFO rally.task.engine [-] Check health of the environment '2b4d9323-f40d-45fb-8ac5-66fbe44a5065'.
2019-06-20 21:06:56.513 22705 INFO rally.task.engine [-] Platform existing@openstack (available: True): OK!
2019-06-20 21:06:56.531 22705 RALLYDEBUG rally_openstack.contexts.keystone.users [-] Creating 1 tenants using 20 threads
2019-06-20 21:06:58.802 22705 RALLYDEBUG rally_openstack.contexts.keystone.users [-] Creating 1 users using 20 threads
2019-06-20 21:07:01.556 22705 INFO rally.task.context [-] Task 72b4b572-cc64-4556-b2bb-7f0c14df3059 | Context users@openstack setup() finished in 5.02 sec
2019-06-20 21:07:07.886 22705 INFO rally.task.context [-] Task 72b4b572-cc64-4556-b2bb-7f0c14df3059 | Context users@openstack cleanup() started
2019-06-20 21:07:13.440 22705 INFO rally.task.context [-] Task 72b4b572-cc64-4556-b2bb-7f0c14df3059 | Context users@openstack cleanup() finished in 5.55 sec
2019-06-20 21:07:13.440 22705 INFO rally.task.engine [-] Task 72b4b572-cc64-4556-b2bb-7f0c14df3059 | Completed: Task validation of semantic.
2019-06-20 21:07:13.441 22705 INFO rally.task.engine [-] Task 72b4b572-cc64-4556-b2bb-7f0c14df3059 | Completed: Task validation.
2019-06-20 21:07:13.441 22705 INFO rally.api [-] Task 72b4b572-cc64-4556-b2bb-7f0c14df3059 input file is valid.
2019-06-20 21:07:13.441 22705 INFO rally.api [-] Run Task 72b4b572-cc64-4556-b2bb-7f0c14df3059 against Deployment 2b4d9323-f40d-45fb-8ac5-66fbe44a5065
2019-06-20 21:07:13.442 22705 INFO rally.task.engine [-] Task 72b4b572-cc64-4556-b2bb-7f0c14df3059 | Starting: Running task.
2019-06-20 21:07:13.601 22705 INFO rally.task.engine [-] Running workload: position = 0 config = { "version": 2, "title": "A cropped version of a bigger task.", "description": "Auto-generated task from a single workload (uuid=a7eb9c0b-96ba-4d74-8150-5a28225866e6)", "subtasks": [ { "title": "NeutronNetworks.create_and_list_networks", "description": "Check performance of list_networks action and ensure > network quotas are not exceeded", "scenario": { "NeutronNetworks.create_and_list_networks": {} }, "contexts": { "users": { "tenants": 1, "users_per_tenant": 1 }, "quotas": { "neutron": { "network": 119 } } }, "runner": { "constant": { "times": 100, "concurrency": 20 } }, "hooks": [], "sla": { "max_avg_duration_per_atomic": { "neutron.list_networks": 15 }, "failure_rate": { "max": 0 } } } ] }
2019-06-20 21:07:13.620 22705 RALLYDEBUG rally_openstack.contexts.keystone.users [-] Creating 1 tenants using 20 threads
2019-06-20 21:07:15.448 22705 RALLYDEBUG rally_openstack.contexts.keystone.users [-] Creating 1 users using 20 threads
2019-06-20 21:07:18.370 22705 INFO rally.task.context [-] Task 72b4b572-cc64-4556-b2bb-7f0c14df3059 | Context users@openstack setup() finished in 4.75 sec
2019-06-20 21:07:19.151 22705 INFO rally.task.context [-] Task 72b4b572-cc64-4556-b2bb-7f0c14df3059 | Context quotas@openstack setup() finished in 0.78 sec
2019-06-20 21:07:19.152 22705 INFO rally.task.context [-] Task 72b4b572-cc64-4556-b2bb-7f0c14df3059 | Context cleanup@openstack setup() finished in 0.03 msec
2019-06-20 21:07:19.159 22705 RALLYDEBUG rally.task.runner [-] Starting the constant runner (task UUID: 72b4b572-cc64-4556-b2bb-7f0c14df3059). timeout: 0 concurrency: 20 concurrency_per_worker: 1 times: 100 concurrency_overhead: 4 processes_to_start: 16 max_cpu_used: 16
2019-06-20 21:07:19.171 22829 RALLYDEBUG rally.task.runner [-] Starting a worker. concurrency: 2 args: {} times: 100 method_name: run timeout: 0 duration: None cls:
2019-06-20 21:07:19.173 22830 RALLYDEBUG rally.task.runner [-] Starting a worker. concurrency: 2 args: {} times: 100 method_name: run timeout: 0 duration: None cls:
2019-06-20 21:07:19.175 22831 RALLYDEBUG rally.task.runner [-] Starting a worker. concurrency: 2 args: {} times: 100 method_name: run timeout: 0 duration: None cls:
2019-06-20 21:07:19.178 22832 RALLYDEBUG rally.task.runner [-] Starting a worker. concurrency: 2 args: {} times: 100 method_name: run timeout: 0 duration: None cls:
2019-06-20 21:07:19.179 22829 INFO rally.task.runner [-] Task 72b4b572-cc64-4556-b2bb-7f0c14df3059 | ITER: 1 START
2019-06-20 21:07:19.180 22834 RALLYDEBUG rally.task.runner [-] Starting a worker. concurrency: 1 args: {} times: 100 method_name: run timeout: 0 duration: None cls:
2019-06-20 21:07:19.179 22830 INFO rally.task.runner [-] Task 72b4b572-cc64-4556-b2bb-7f0c14df3059 | ITER: 3 START
2019-06-20 21:07:19.180 22831 INFO rally.task.runner [-] Task 72b4b572-cc64-4556-b2bb-7f0c14df3059 | ITER: 4 START
2019-06-20 21:07:19.184 22836 RALLYDEBUG rally.task.runner [-] Starting a worker. concurrency: 1 args: {} times: 100 method_name: run timeout: 0 duration: None cls:
2019-06-20 21:07:19.187 22832 INFO rally.task.runner [-] Task 72b4b572-cc64-4556-b2bb-7f0c14df3059 | ITER: 7 START
2019-06-20 21:07:19.185 22829 INFO rally.task.runner [-] Task 72b4b572-cc64-4556-b2bb-7f0c14df3059 | ITER: 2 START
2019-06-20 21:07:19.188 22844 RALLYDEBUG rally.task.runner [-] Starting a worker. concurrency: 1 args: {} times: 100 method_name: run timeout: 0 duration: None cls:
2019-06-20 21:07:19.188 22842 RALLYDEBUG rally.task.runner [-] Starting a worker. concurrency: 1 args: {} times: 100 method_name: run timeout: 0 duration: None cls:
2019-06-20 21:07:19.189 22831 INFO rally.task.runner [-] Task 72b4b572-cc64-4556-b2bb-7f0c14df3059 | ITER: 6 START
2019-06-20 21:07:19.192 22836 INFO rally.task.runner [-] Task 72b4b572-cc64-4556-b2bb-7f0c14df3059 | ITER: 10 START
2019-06-20 21:07:19.191 22830 INFO rally.task.runner [-] Task 72b4b572-cc64-4556-b2bb-7f0c14df3059 | ITER: 5 START
2019-06-20 21:07:19.192 22832 INFO rally.task.runner [-] Task 72b4b572-cc64-4556-b2bb-7f0c14df3059 | ITER: 9 START
2019-06-20 21:07:19.190 22834 INFO rally.task.runner [-] Task 72b4b572-cc64-4556-b2bb-7f0c14df3059 | ITER: 8 START
2019-06-20 21:07:19.194 22851 RALLYDEBUG rally.task.runner [-] Starting a worker. concurrency: 1 args: {} times: 100 method_name: run timeout: 0 duration: None cls:
2019-06-20 21:07:19.197 22842 INFO rally.task.runner [-] Task 72b4b572-cc64-4556-b2bb-7f0c14df3059 | ITER: 12 START
2019-06-20 21:07:19.195 22844 INFO rally.task.runner [-] Task 72b4b572-cc64-4556-b2bb-7f0c14df3059 | ITER: 11 START
2019-06-20 21:07:19.197 22848 RALLYDEBUG rally.task.runner [-] Starting a worker. concurrency: 1 args: {} times: 100 method_name: run timeout: 0 duration: None cls:
2019-06-20 21:07:19.201 22861 RALLYDEBUG rally.task.runner [-] Starting a worker. concurrency: 1 args: {} times: 100 method_name: run timeout: 0 duration: None cls:
2019-06-20 21:07:19.203 22848 INFO rally.task.runner [-] Task 72b4b572-cc64-4556-b2bb-7f0c14df3059 | ITER: 14 START
2019-06-20 21:07:19.203 22857 RALLYDEBUG rally.task.runner [-] Starting a worker. concurrency: 1 args: {} times: 100 method_name: run timeout: 0 duration: None cls:
2019-06-20 21:07:19.205 22855 RALLYDEBUG rally.task.runner [-] Starting a worker. concurrency: 1 args: {} times: 100 method_name: run timeout: 0 duration: None cls:
2019-06-20 21:07:19.206 22851 INFO rally.task.runner [-] Task 72b4b572-cc64-4556-b2bb-7f0c14df3059 | ITER: 13 START
2019-06-20 21:07:19.207 22861 INFO rally.task.runner [-] Task 72b4b572-cc64-4556-b2bb-7f0c14df3059 | ITER: 15 START
2019-06-20 21:07:19.211 22857 INFO rally.task.runner [-] Task 72b4b572-cc64-4556-b2bb-7f0c14df3059 | ITER: 16 START
2019-06-20 21:07:19.212 22855 INFO rally.task.runner [-] Task 72b4b572-cc64-4556-b2bb-7f0c14df3059 | ITER: 17 START
2019-06-20 21:07:19.211 22863 RALLYDEBUG rally.task.runner [-] Starting a worker. concurrency: 1 args: {} times: 100 method_name: run timeout: 0 duration: None cls:
2019-06-20 21:07:19.218 22863 INFO rally.task.runner [-] Task 72b4b572-cc64-4556-b2bb-7f0c14df3059 | ITER: 18 START
2019-06-20 21:07:19.220 22873 RALLYDEBUG rally.task.runner [-] Starting a worker. concurrency: 1 args: {} times: 100 method_name: run timeout: 0 duration: None cls:
2019-06-20 21:07:19.225 22876 RALLYDEBUG rally.task.runner [-] Starting a worker. concurrency: 1 args: {} times: 100 method_name: run timeout: 0 duration: None cls:
2019-06-20 21:07:19.226 22873 INFO rally.task.runner [-] Task 72b4b572-cc64-4556-b2bb-7f0c14df3059 | ITER: 19 START
2019-06-20 21:07:19.230 22876 INFO rally.task.runner [-] Task 72b4b572-cc64-4556-b2bb-7f0c14df3059 | ITER: 20 START
2019-06-20 21:07:21.643 22861 INFO rally.task.runner [-] Task 72b4b572-cc64-4556-b2bb-7f0c14df3059 | ITER: 15 END: OK
2019-06-20 21:07:21.646 22861 INFO rally.task.runner [-] Task 72b4b572-cc64-4556-b2bb-7f0c14df3059 | ITER: 21 START
2019-06-20 21:07:21.651 22857 INFO rally.task.runner [-] Task 72b4b572-cc64-4556-b2bb-7f0c14df3059 | ITER: 16 END: OK
2019-06-20 21:07:21.654 22863 INFO rally.task.runner [-] Task 72b4b572-cc64-4556-b2bb-7f0c14df3059 | ITER: 18 END: OK
2019-06-20 21:07:21.654 22857 INFO rally.task.runner [-] Task 72b4b572-cc64-4556-b2bb-7f0c14df3059 | ITER: 22 START
2019-06-20 21:07:21.658 22863 INFO rally.task.runner [-] Task 72b4b572-cc64-4556-b2bb-7f0c14df3059 | ITER: 23 START
2019-06-20 21:07:21.734 22831 INFO rally.task.runner [-] Task 72b4b572-cc64-4556-b2bb-7f0c14df3059 | ITER: 6 END: OK
2019-06-20 21:07:21.737 22831 INFO rally.task.runner [-] Task 72b4b572-cc64-4556-b2bb-7f0c14df3059 | ITER: 24 START
2019-06-20 21:07:21.746 22836 INFO rally.task.runner [-] Task 72b4b572-cc64-4556-b2bb-7f0c14df3059 | ITER: 10 END: OK
2019-06-20 21:07:21.748 22836 INFO rally.task.runner [-] Task 72b4b572-cc64-4556-b2bb-7f0c14df3059 | ITER: 25 START
2019-06-20 21:07:21.749 22829 INFO rally.task.runner [-] Task 72b4b572-cc64-4556-b2bb-7f0c14df3059 | ITER: 2 END: OK
2019-06-20 21:07:21.752 22829 INFO rally.task.runner [-] Task 72b4b572-cc64-4556-b2bb-7f0c14df3059 | ITER: 26 START
2019-06-20 21:07:21.756 22832 INFO rally.task.runner [-] Task 72b4b572-cc64-4556-b2bb-7f0c14df3059 | ITER: 7 END: OK
2019-06-20 21:07:21.759 22832 INFO rally.task.runner [-] Task 72b4b572-cc64-4556-b2bb-7f0c14df3059 | ITER: 27 START
2019-06-20 21:07:21.801 22830 INFO rally.task.runner [-] Task 72b4b572-cc64-4556-b2bb-7f0c14df3059 | ITER: 5 END: OK
2019-06-20 21:07:21.803 22830 INFO rally.task.runner [-] Task 72b4b572-cc64-4556-b2bb-7f0c14df3059 | ITER: 28 START
2019-06-20 21:07:21.810 22832 INFO rally.task.runner [-] Task 72b4b572-cc64-4556-b2bb-7f0c14df3059 | ITER: 9 END: OK
2019-06-20 21:07:21.812 22832 INFO rally.task.runner [-] Task 72b4b572-cc64-4556-b2bb-7f0c14df3059 | ITER: 29 START
2019-06-20 21:07:21.816 22842 INFO rally.task.runner [-] Task 72b4b572-cc64-4556-b2bb-7f0c14df3059 | ITER: 12 END: OK
2019-06-20 21:07:21.819 22842 INFO rally.task.runner [-] Task 72b4b572-cc64-4556-b2bb-7f0c14df3059 | ITER: 30 START
2019-06-20 21:07:21.963 22844 INFO rally.task.runner [-] Task 72b4b572-cc64-4556-b2bb-7f0c14df3059 | ITER: 11 END: OK
2019-06-20 21:07:21.964 22829 INFO rally.task.runner [-] Task 72b4b572-cc64-4556-b2bb-7f0c14df3059 | ITER: 1 END: OK
2019-06-20 21:07:21.966 22873 INFO rally.task.runner [-] Task 72b4b572-cc64-4556-b2bb-7f0c14df3059 | ITER: 19 END: OK
2019-06-20 21:07:21.967 22844 INFO rally.task.runner [-] Task 72b4b572-cc64-4556-b2bb-7f0c14df3059 | ITER: 31 START
2019-06-20 21:07:21.967 22829 INFO rally.task.runner [-] Task 72b4b572-cc64-4556-b2bb-7f0c14df3059 | ITER: 32 START
2019-06-20 21:07:21.969 22873 INFO rally.task.runner [-] Task 72b4b572-cc64-4556-b2bb-7f0c14df3059 | ITER: 33 START
2019-06-20 21:07:21.979 22876 INFO rally.task.runner [-] Task 72b4b572-cc64-4556-b2bb-7f0c14df3059 | ITER: 20 END: OK
2019-06-20 21:07:21.982 22876 INFO rally.task.runner [-] Task 72b4b572-cc64-4556-b2bb-7f0c14df3059 | ITER: 34 START
2019-06-20 21:07:21.996 22848 INFO rally.task.runner [-] Task 72b4b572-cc64-4556-b2bb-7f0c14df3059 | ITER: 14 END: OK
2019-06-20 21:07:21.999 22848 INFO rally.task.runner [-] Task 72b4b572-cc64-4556-b2bb-7f0c14df3059 | ITER: 35 START
2019-06-20 21:07:22.003 22834 INFO rally.task.runner [-] Task 72b4b572-cc64-4556-b2bb-7f0c14df3059 | ITER: 8 END: OK
2019-06-20 21:07:22.006 22834 INFO rally.task.runner [-] Task 72b4b572-cc64-4556-b2bb-7f0c14df3059 | ITER: 36 START
2019-06-20 21:07:22.072 22851 INFO rally.task.runner [-] Task 72b4b572-cc64-4556-b2bb-7f0c14df3059 | ITER: 13 END: OK
2019-06-20 21:07:22.075 22851 INFO rally.task.runner [-] Task 72b4b572-cc64-4556-b2bb-7f0c14df3059 | ITER: 37 START
2019-06-20 21:07:22.114 22830 INFO rally.task.runner [-] Task 72b4b572-cc64-4556-b2bb-7f0c14df3059 | ITER: 3 END: OK
2019-06-20 21:07:22.118 22830 INFO rally.task.runner [-] Task 72b4b572-cc64-4556-b2bb-7f0c14df3059 | ITER: 38 START
2019-06-20 21:07:22.134 22831 INFO rally.task.runner [-] Task 72b4b572-cc64-4556-b2bb-7f0c14df3059 | ITER: 4 END: OK
2019-06-20 21:07:22.137 22831 INFO rally.task.runner [-] Task 72b4b572-cc64-4556-b2bb-7f0c14df3059 | ITER: 39 START
2019-06-20 21:07:22.283 22855 INFO rally.task.runner [-] Task 72b4b572-cc64-4556-b2bb-7f0c14df3059 | ITER: 17 END: OK
2019-06-20 21:07:22.285 22855 INFO rally.task.runner [-] Task 72b4b572-cc64-4556-b2bb-7f0c14df3059 | ITER: 40 START
2019-06-20 21:07:23.416 22844 INFO rally.task.runner [-] Task 72b4b572-cc64-4556-b2bb-7f0c14df3059 | ITER: 31 END: OK
2019-06-20 21:07:23.419 22844 INFO rally.task.runner [-] Task 72b4b572-cc64-4556-b2bb-7f0c14df3059 | ITER: 41 START
2019-06-20 21:07:23.430 22836 INFO rally.task.runner [-] Task 72b4b572-cc64-4556-b2bb-7f0c14df3059 | ITER: 25 END: OK
2019-06-20 21:07:23.433 22836 INFO rally.task.runner [-] Task 72b4b572-cc64-4556-b2bb-7f0c14df3059 | ITER: 42 START
2019-06-20 21:07:23.501 22829 INFO rally.task.runner [-] Task 72b4b572-cc64-4556-b2bb-7f0c14df3059 | ITER: 26 END: OK
2019-06-20 21:07:23.504 22829 INFO rally.task.runner [-] Task 72b4b572-cc64-4556-b2bb-7f0c14df3059 | ITER: 43 START
2019-06-20 21:07:23.656 22842 INFO rally.task.runner [-] Task 72b4b572-cc64-4556-b2bb-7f0c14df3059 | ITER: 30 END: OK
2019-06-20 21:07:23.659 22842 INFO rally.task.runner [-] Task 72b4b572-cc64-4556-b2bb-7f0c14df3059 | ITER: 44 START
2019-06-20 21:07:23.661 22863 INFO rally.task.runner [-] Task 72b4b572-cc64-4556-b2bb-7f0c14df3059 | ITER: 23 END: OK
2019-06-20 21:07:23.663 22863 INFO rally.task.runner [-] Task 72b4b572-cc64-4556-b2bb-7f0c14df3059 | ITER: 45 START
2019-06-20 21:07:23.683 22832 INFO rally.task.runner [-] Task 72b4b572-cc64-4556-b2bb-7f0c14df3059 | ITER: 27 END: OK
2019-06-20 21:07:23.686 22832 INFO rally.task.runner [-] Task 72b4b572-cc64-4556-b2bb-7f0c14df3059 | ITER: 46 START
2019-06-20 21:07:23.745 22857 INFO rally.task.runner [-] Task 72b4b572-cc64-4556-b2bb-7f0c14df3059 | ITER: 22 END: OK
2019-06-20 21:07:23.748 22857 INFO rally.task.runner [-] Task 72b4b572-cc64-4556-b2bb-7f0c14df3059 | ITER: 47 START
2019-06-20 21:07:23.786 22861 INFO rally.task.runner [-] Task 72b4b572-cc64-4556-b2bb-7f0c14df3059 | ITER: 21 END: OK
2019-06-20 21:07:23.789 22861 INFO rally.task.runner [-] Task 72b4b572-cc64-4556-b2bb-7f0c14df3059 | ITER: 48 START
2019-06-20 21:07:23.855 22830 INFO rally.task.runner [-] Task 72b4b572-cc64-4556-b2bb-7f0c14df3059 | ITER: 28 END: OK
2019-06-20 21:07:23.857 22830 INFO rally.task.runner [-] Task 72b4b572-cc64-4556-b2bb-7f0c14df3059 | ITER: 49 START
2019-06-20 21:07:24.122 22831 INFO rally.task.runner [-] Task 72b4b572-cc64-4556-b2bb-7f0c14df3059 | ITER: 24 END: OK
2019-06-20 21:07:24.125 22831 INFO rally.task.runner [-] Task 72b4b572-cc64-4556-b2bb-7f0c14df3059 | ITER: 50 START
2019-06-20 21:07:24.149 22848 INFO rally.task.runner [-] Task 72b4b572-cc64-4556-b2bb-7f0c14df3059 | ITER: 35 END: OK
2019-06-20 21:07:24.152 22848 INFO rally.task.runner [-] Task 72b4b572-cc64-4556-b2bb-7f0c14df3059 | ITER: 51 START
2019-06-20 21:07:24.286 22876 INFO rally.task.runner [-] Task 72b4b572-cc64-4556-b2bb-7f0c14df3059 | ITER: 34 END: OK
2019-06-20 21:07:24.289 22876 INFO rally.task.runner [-] Task 72b4b572-cc64-4556-b2bb-7f0c14df3059 | ITER: 52 START
2019-06-20 21:07:24.321 22851 INFO rally.task.runner [-] Task 72b4b572-cc64-4556-b2bb-7f0c14df3059 | ITER: 37 END: OK
2019-06-20 21:07:24.323 22831 INFO rally.task.runner [-] Task 72b4b572-cc64-4556-b2bb-7f0c14df3059 | ITER: 39 END: OK
2019-06-20 21:07:24.325 22851 INFO rally.task.runner [-] Task 72b4b572-cc64-4556-b2bb-7f0c14df3059 | ITER: 53 START
2019-06-20 21:07:24.326 22831 INFO rally.task.runner [-] Task 72b4b572-cc64-4556-b2bb-7f0c14df3059 | ITER: 54 START
2019-06-20 21:07:24.369 22873 INFO rally.task.runner [-] Task 72b4b572-cc64-4556-b2bb-7f0c14df3059 | ITER: 33 END: OK
2019-06-20 21:07:24.371 22830 INFO rally.task.runner [-] Task 72b4b572-cc64-4556-b2bb-7f0c14df3059 | ITER: 38 END: OK
2019-06-20 21:07:24.372 22873 INFO rally.task.runner [-] Task 72b4b572-cc64-4556-b2bb-7f0c14df3059 | ITER: 55 START
2019-06-20 21:07:24.374 22830 INFO rally.task.runner [-] Task 72b4b572-cc64-4556-b2bb-7f0c14df3059 | ITER: 56 START
2019-06-20 21:07:24.737 22834 INFO rally.task.runner [-] Task 72b4b572-cc64-4556-b2bb-7f0c14df3059 | ITER: 36 END: OK
2019-06-20 21:07:24.740 22834 INFO rally.task.runner [-] Task 72b4b572-cc64-4556-b2bb-7f0c14df3059 | ITER: 57 START
2019-06-20 21:07:24.841 22829 INFO rally.task.runner [-] Task 72b4b572-cc64-4556-b2bb-7f0c14df3059 | ITER: 32 END: OK
2019-06-20 21:07:24.843 22829 INFO rally.task.runner [-] Task 72b4b572-cc64-4556-b2bb-7f0c14df3059 | ITER: 58 START
2019-06-20 21:07:24.853 22832 INFO rally.task.runner [-] Task 72b4b572-cc64-4556-b2bb-7f0c14df3059 | ITER: 29 END: OK
2019-06-20 21:07:24.856 22832 INFO rally.task.runner [-] Task 72b4b572-cc64-4556-b2bb-7f0c14df3059 | ITER: 59 START
2019-06-20 21:07:24.901 22855 INFO rally.task.runner [-] Task 72b4b572-cc64-4556-b2bb-7f0c14df3059 | ITER: 40 END: OK
2019-06-20 21:07:24.904 22855 INFO rally.task.runner [-] Task 72b4b572-cc64-4556-b2bb-7f0c14df3059 | ITER: 60 START
2019-06-20 21:07:24.938 22844 INFO rally.task.runner [-] Task 72b4b572-cc64-4556-b2bb-7f0c14df3059 | ITER: 41 END: OK
2019-06-20 21:07:24.941 22844 INFO rally.task.runner [-] Task 72b4b572-cc64-4556-b2bb-7f0c14df3059 | ITER: 61 START
2019-06-20 21:07:25.118 22829 INFO rally.task.runner [-] Task 72b4b572-cc64-4556-b2bb-7f0c14df3059 | ITER: 43 END: OK
2019-06-20 21:07:25.121 22829 INFO rally.task.runner [-] Task 72b4b572-cc64-4556-b2bb-7f0c14df3059 | ITER: 62 START
2019-06-20 21:07:25.284 22863 INFO rally.task.runner [-] Task 72b4b572-cc64-4556-b2bb-7f0c14df3059 | ITER: 45 END: OK
2019-06-20 21:07:25.287 22863 INFO rally.task.runner [-] Task 72b4b572-cc64-4556-b2bb-7f0c14df3059 | ITER: 63 START
2019-06-20 21:07:25.446 22836 INFO rally.task.runner [-] Task 72b4b572-cc64-4556-b2bb-7f0c14df3059 | ITER: 42 END: OK
2019-06-20 21:07:25.448 22836 INFO rally.task.runner [-] Task 72b4b572-cc64-4556-b2bb-7f0c14df3059 | ITER: 64 START
2019-06-20 21:07:25.717 22861 INFO rally.task.runner [-] Task 72b4b572-cc64-4556-b2bb-7f0c14df3059 | ITER: 48 END: OK
2019-06-20 21:07:25.720 22861 INFO rally.task.runner [-] Task 72b4b572-cc64-4556-b2bb-7f0c14df3059 | ITER: 65 START
2019-06-20 21:07:25.729 22842 INFO rally.task.runner [-] Task 72b4b572-cc64-4556-b2bb-7f0c14df3059 | ITER: 44 END: OK
2019-06-20 21:07:25.731 22842 INFO rally.task.runner [-] Task 72b4b572-cc64-4556-b2bb-7f0c14df3059 | ITER: 66 START
2019-06-20 21:07:25.839 22848 INFO rally.task.runner [-] Task 72b4b572-cc64-4556-b2bb-7f0c14df3059 | ITER: 51 END: OK
2019-06-20 21:07:25.842 22848 INFO rally.task.runner [-] Task 72b4b572-cc64-4556-b2bb-7f0c14df3059 | ITER: 67 START
2019-06-20 21:07:25.853 22832 INFO rally.task.runner [-] Task 72b4b572-cc64-4556-b2bb-7f0c14df3059 | ITER: 46 END: OK
2019-06-20 21:07:25.856 22832 INFO rally.task.runner [-] Task 72b4b572-cc64-4556-b2bb-7f0c14df3059 | ITER: 68 START
2019-06-20 21:07:26.059 22831 INFO rally.task.runner [-] Task 72b4b572-cc64-4556-b2bb-7f0c14df3059 | ITER: 50 END: OK
2019-06-20 21:07:26.061 22831 INFO rally.task.runner [-] Task 72b4b572-cc64-4556-b2bb-7f0c14df3059 | ITER: 69 START
2019-06-20 21:07:26.185 22830 INFO rally.task.runner [-] Task 72b4b572-cc64-4556-b2bb-7f0c14df3059 | ITER: 49 END: OK
2019-06-20 21:07:26.187 22830 INFO rally.task.runner [-] Task 72b4b572-cc64-4556-b2bb-7f0c14df3059 | ITER: 70 START
2019-06-20 21:07:26.333 22876 INFO rally.task.runner [-] Task 72b4b572-cc64-4556-b2bb-7f0c14df3059 | ITER: 52 END: OK
2019-06-20 21:07:26.337 22876 INFO rally.task.runner [-] Task 72b4b572-cc64-4556-b2bb-7f0c14df3059 | ITER: 71 START
2019-06-20 21:07:26.424 22830 INFO rally.task.runner [-] Task 72b4b572-cc64-4556-b2bb-7f0c14df3059 | ITER: 56 END: OK
2019-06-20 21:07:26.426 22830 INFO rally.task.runner [-] Task 72b4b572-cc64-4556-b2bb-7f0c14df3059 | ITER: 72 START
2019-06-20 21:07:26.471 22851 INFO rally.task.runner [-] Task 72b4b572-cc64-4556-b2bb-7f0c14df3059 | ITER: 53 END: OK
2019-06-20 21:07:26.474 22851 INFO rally.task.runner [-] Task 72b4b572-cc64-4556-b2bb-7f0c14df3059 | ITER: 73 START
2019-06-20 21:07:26.484 22873 INFO rally.task.runner [-] Task 72b4b572-cc64-4556-b2bb-7f0c14df3059 | ITER: 55 END: OK
2019-06-20 21:07:26.487 22873 INFO rally.task.runner [-] Task 72b4b572-cc64-4556-b2bb-7f0c14df3059 | ITER: 74 START
2019-06-20 21:07:26.612 22831 INFO rally.task.runner [-] Task 72b4b572-cc64-4556-b2bb-7f0c14df3059 | ITER: 54 END: OK
2019-06-20 21:07:26.614 22831 INFO rally.task.runner [-] Task 72b4b572-cc64-4556-b2bb-7f0c14df3059 | ITER: 75 START
2019-06-20 21:07:26.680 22857 INFO rally.task.runner [-] Task 72b4b572-cc64-4556-b2bb-7f0c14df3059 | ITER: 47 END: OK
2019-06-20 21:07:26.683 22857 INFO rally.task.runner [-] Task 72b4b572-cc64-4556-b2bb-7f0c14df3059 | ITER: 76 START
2019-06-20 21:07:26.934 22834 INFO rally.task.runner [-] Task 72b4b572-cc64-4556-b2bb-7f0c14df3059 | ITER: 57 END: OK
2019-06-20 21:07:26.937 22834 INFO rally.task.runner [-] Task 72b4b572-cc64-4556-b2bb-7f0c14df3059 | ITER: 77 START
2019-06-20 21:07:26.962 22844 INFO rally.task.runner [-] Task 72b4b572-cc64-4556-b2bb-7f0c14df3059 | ITER: 61 END: OK
2019-06-20 21:07:26.965 22844 INFO rally.task.runner [-] Task 72b4b572-cc64-4556-b2bb-7f0c14df3059 | ITER: 78 START
2019-06-20 21:07:27.025 22832 INFO rally.task.runner [-] Task 72b4b572-cc64-4556-b2bb-7f0c14df3059 | ITER: 59 END: OK
2019-06-20 21:07:27.027 22832 INFO rally.task.runner [-] Task 72b4b572-cc64-4556-b2bb-7f0c14df3059 | ITER: 79 START
2019-06-20 21:07:27.042 22863 INFO rally.task.runner [-] Task 72b4b572-cc64-4556-b2bb-7f0c14df3059 | ITER: 63 END: OK
2019-06-20 21:07:27.044 22863 INFO rally.task.runner [-] Task 72b4b572-cc64-4556-b2bb-7f0c14df3059 | ITER: 80 START
2019-06-20 21:07:27.052 22829 INFO rally.task.runner [-] Task 72b4b572-cc64-4556-b2bb-7f0c14df3059 | ITER: 62 END: OK
2019-06-20 21:07:27.055 22829 INFO rally.task.runner [-] Task 72b4b572-cc64-4556-b2bb-7f0c14df3059 | ITER: 81 START
2019-06-20 21:07:27.348 22842 INFO rally.task.runner [-] Task 72b4b572-cc64-4556-b2bb-7f0c14df3059 | ITER: 66 END: OK
2019-06-20 21:07:27.351 22842 INFO rally.task.runner [-] Task 72b4b572-cc64-4556-b2bb-7f0c14df3059 | ITER: 82 START
2019-06-20 21:07:27.794 22861 INFO rally.task.runner [-] Task 72b4b572-cc64-4556-b2bb-7f0c14df3059 | ITER: 65 END: OK
2019-06-20 21:07:27.797 22861 INFO rally.task.runner [-] Task 72b4b572-cc64-4556-b2bb-7f0c14df3059 | ITER: 83 START
2019-06-20 21:07:27.931 22836 INFO rally.task.runner [-] Task 72b4b572-cc64-4556-b2bb-7f0c14df3059 | ITER: 64 END: OK
2019-06-20 21:07:27.934 22836 INFO rally.task.runner [-] Task 72b4b572-cc64-4556-b2bb-7f0c14df3059 | ITER: 84 START
2019-06-20 21:07:28.058 22832 INFO rally.task.runner [-] Task 72b4b572-cc64-4556-b2bb-7f0c14df3059 | ITER: 68 END: OK
2019-06-20 21:07:28.060 22832 INFO rally.task.runner [-] Task 72b4b572-cc64-4556-b2bb-7f0c14df3059 | ITER: 85 START
2019-06-20 21:07:28.125 22848 INFO rally.task.runner [-] Task 72b4b572-cc64-4556-b2bb-7f0c14df3059 | ITER: 67 END: OK
2019-06-20 21:07:28.128 22848 INFO rally.task.runner [-] Task 72b4b572-cc64-4556-b2bb-7f0c14df3059 | ITER: 86 START
2019-06-20 21:07:28.187 22876 INFO rally.task.runner [-] Task 72b4b572-cc64-4556-b2bb-7f0c14df3059 | ITER: 71 END: OK
2019-06-20 21:07:28.190 22876 INFO rally.task.runner [-] Task 72b4b572-cc64-4556-b2bb-7f0c14df3059 | ITER: 87 START
2019-06-20 21:07:28.257 22851 INFO rally.task.runner [-] Task 72b4b572-cc64-4556-b2bb-7f0c14df3059 | ITER: 73 END: OK
2019-06-20 21:07:28.260 22851 INFO rally.task.runner [-] Task 72b4b572-cc64-4556-b2bb-7f0c14df3059 | ITER: 88 START
2019-06-20 21:07:28.336 22831 INFO rally.task.runner [-] Task 72b4b572-cc64-4556-b2bb-7f0c14df3059 | ITER: 69 END: OK
2019-06-20 21:07:28.338 22831 INFO rally.task.runner [-] Task 72b4b572-cc64-4556-b2bb-7f0c14df3059 | ITER: 89 START
2019-06-20 21:07:28.600 22829 INFO rally.task.runner [-] Task 72b4b572-cc64-4556-b2bb-7f0c14df3059 | ITER: 58 END: OK
2019-06-20 21:07:28.603 22829 INFO rally.task.runner [-] Task 72b4b572-cc64-4556-b2bb-7f0c14df3059 | ITER: 90 START
2019-06-20 21:07:28.623 22830 INFO rally.task.runner [-] Task 72b4b572-cc64-4556-b2bb-7f0c14df3059 | ITER: 70 END: OK
2019-06-20 21:07:28.626 22830 INFO rally.task.runner [-] Task 72b4b572-cc64-4556-b2bb-7f0c14df3059 | ITER: 91 START
2019-06-20 21:07:28.647 22855 INFO rally.task.runner [-] Task 72b4b572-cc64-4556-b2bb-7f0c14df3059 | ITER: 60 END: OK
2019-06-20 21:07:28.650 22855 INFO rally.task.runner [-] Task 72b4b572-cc64-4556-b2bb-7f0c14df3059 | ITER: 92 START
2019-06-20 21:07:28.689 22873 INFO rally.task.runner [-] Task 72b4b572-cc64-4556-b2bb-7f0c14df3059 | ITER: 74 END: OK
2019-06-20 21:07:28.692 22873 INFO rally.task.runner [-] Task 72b4b572-cc64-4556-b2bb-7f0c14df3059 | ITER: 93 START
2019-06-20 21:07:29.138 22857 INFO rally.task.runner [-] Task 72b4b572-cc64-4556-b2bb-7f0c14df3059 | ITER: 76 END: OK
2019-06-20 21:07:29.140 22857 INFO rally.task.runner [-] Task 72b4b572-cc64-4556-b2bb-7f0c14df3059 | ITER: 94 START
2019-06-20 21:07:29.323 22863 INFO rally.task.runner [-] Task 72b4b572-cc64-4556-b2bb-7f0c14df3059 | ITER: 80 END: OK
2019-06-20 21:07:29.325 22863 INFO rally.task.runner [-] Task 72b4b572-cc64-4556-b2bb-7f0c14df3059 | ITER: 95 START
2019-06-20 21:07:29.389 22844 INFO rally.task.runner [-] Task 72b4b572-cc64-4556-b2bb-7f0c14df3059 | ITER: 78 END: OK
2019-06-20 21:07:29.392 22844 INFO rally.task.runner [-] Task 72b4b572-cc64-4556-b2bb-7f0c14df3059 | ITER: 96 START
2019-06-20 21:07:29.393 22830 INFO rally.task.runner [-] Task 72b4b572-cc64-4556-b2bb-7f0c14df3059 | ITER: 72 END: OK
2019-06-20 21:07:29.396 22830 INFO rally.task.runner [-] Task 72b4b572-cc64-4556-b2bb-7f0c14df3059 | ITER: 97 START
2019-06-20 21:07:29.430 22829 INFO rally.task.runner [-] Task 72b4b572-cc64-4556-b2bb-7f0c14df3059 | ITER: 81 END: OK
2019-06-20 21:07:29.432 22829 INFO rally.task.runner [-] Task 72b4b572-cc64-4556-b2bb-7f0c14df3059 | ITER: 98 START
2019-06-20 21:07:29.441 22831 INFO rally.task.runner [-] Task 72b4b572-cc64-4556-b2bb-7f0c14df3059 | ITER: 75 END: OK
2019-06-20 21:07:29.444 22831 INFO rally.task.runner [-] Task 72b4b572-cc64-4556-b2bb-7f0c14df3059 | ITER: 99 START
2019-06-20 21:07:29.563 22842 INFO rally.task.runner [-] Task 72b4b572-cc64-4556-b2bb-7f0c14df3059 | ITER: 82 END: OK
2019-06-20 21:07:29.566 22842 INFO rally.task.runner [-] Task 72b4b572-cc64-4556-b2bb-7f0c14df3059 | ITER: 100 START
2019-06-20 21:07:29.721 22832 INFO rally.task.runner [-] Task 72b4b572-cc64-4556-b2bb-7f0c14df3059 | ITER: 79 END: OK
2019-06-20 21:07:29.859 22861 INFO rally.task.runner [-] Task 72b4b572-cc64-4556-b2bb-7f0c14df3059 | ITER: 83 END: OK
2019-06-20 21:07:29.884 22834 INFO rally.task.runner [-] Task 72b4b572-cc64-4556-b2bb-7f0c14df3059 | ITER: 77 END: OK
2019-06-20 21:07:29.923 22876 INFO rally.task.runner [-] Task 72b4b572-cc64-4556-b2bb-7f0c14df3059 | ITER: 87 END: OK
2019-06-20 21:07:29.948 22836 INFO rally.task.runner [-] Task 72b4b572-cc64-4556-b2bb-7f0c14df3059 | ITER: 84 END: OK
2019-06-20 21:07:30.009 22832 INFO rally.task.runner [-] Task 72b4b572-cc64-4556-b2bb-7f0c14df3059 | ITER: 85 END: OK
2019-06-20 21:07:30.195 22851 INFO rally.task.runner [-] Task 72b4b572-cc64-4556-b2bb-7f0c14df3059 | ITER: 88 END: OK
2019-06-20 21:07:30.265 22848 INFO rally.task.runner [-] Task 72b4b572-cc64-4556-b2bb-7f0c14df3059 | ITER: 86 END: OK
2019-06-20 21:07:30.567 22873 INFO rally.task.runner [-] Task 72b4b572-cc64-4556-b2bb-7f0c14df3059 | ITER: 93 END: OK
2019-06-20 21:07:30.578 22855 INFO rally.task.runner [-] Task 72b4b572-cc64-4556-b2bb-7f0c14df3059 | ITER: 92 END: OK
2019-06-20 21:07:30.622 22830 INFO rally.task.runner [-] Task 72b4b572-cc64-4556-b2bb-7f0c14df3059 | ITER: 91 END: OK
2019-06-20 21:07:30.696 22844 INFO rally.task.runner [-] Task 72b4b572-cc64-4556-b2bb-7f0c14df3059 | ITER: 96 END: OK
2019-06-20 21:07:30.805 22831 INFO rally.task.runner [-] Task 72b4b572-cc64-4556-b2bb-7f0c14df3059 | ITER: 89 END: OK
2019-06-20 21:07:30.822 22863 INFO rally.task.runner [-] Task 72b4b572-cc64-4556-b2bb-7f0c14df3059 | ITER: 95 END: OK
2019-06-20 21:07:30.884 22842 INFO rally.task.runner [-] Task 72b4b572-cc64-4556-b2bb-7f0c14df3059 | ITER: 100 END: OK
2019-06-20 21:07:30.958 22857 INFO rally.task.runner [-] Task 72b4b572-cc64-4556-b2bb-7f0c14df3059 | ITER: 94 END: OK
2019-06-20 21:07:31.004 22829 INFO rally.task.runner [-] Task 72b4b572-cc64-4556-b2bb-7f0c14df3059 | ITER: 90 END: OK
2019-06-20 21:07:31.151 22829 INFO rally.task.runner [-] Task 72b4b572-cc64-4556-b2bb-7f0c14df3059 | ITER: 98 END: OK
2019-06-20 21:07:31.167 22830 INFO rally.task.runner [-] Task 72b4b572-cc64-4556-b2bb-7f0c14df3059 | ITER: 97 END: OK
2019-06-20 21:07:31.479 22831 INFO rally.task.runner [-] Task 72b4b572-cc64-4556-b2bb-7f0c14df3059 | ITER: 99 END: OK
2019-06-20 21:07:31.498 22705 INFO rally.task.context [-] Task 72b4b572-cc64-4556-b2bb-7f0c14df3059 | Context cleanup@openstack cleanup() started
2019-06-20 21:07:31.501 22705 RALLYDEBUG rally_openstack.cleanup.manager [-] Cleaning up neutron vip objects
2019-06-20 21:07:32.238 22705 RALLYDEBUG rally_openstack.cleanup.manager [-] Cleaning up neutron health_monitor objects
2019-06-20 21:07:32.950 22705 RALLYDEBUG rally_openstack.cleanup.manager [-] Cleaning up neutron pool objects
2019-06-20 21:07:33.599 22705 RALLYDEBUG rally_openstack.cleanup.manager [-] Cleaning up neutron loadbalancer objects
2019-06-20 21:07:34.255 22705 RALLYDEBUG rally_openstack.cleanup.manager [-] Cleaning up neutron floatingip objects
2019-06-20 21:07:34.980 22705 RALLYDEBUG rally_openstack.cleanup.manager [-] Cleaning up neutron port objects
2019-06-20 21:07:35.738 22705 RALLYDEBUG rally_openstack.cleanup.manager [-] Cleaning up neutron subnet objects
2019-06-20 21:07:36.497 22705 RALLYDEBUG rally_openstack.cleanup.manager [-] Cleaning up neutron network objects
2019-06-20 21:07:37.537 22705 RALLYDEBUG rally_openstack.cleanup.manager [-] Deleting neutron.network object s_rally_a7eb9c0b_zA5ym4Zv (0fdd1d0e-2ac1-40a7-8095-3747dd89feaa)
2019-06-20 21:07:37.539 22705 RALLYDEBUG rally_openstack.cleanup.manager [-] Deleting neutron.network object s_rally_a7eb9c0b_2gQtMsgO (0480e1b8-a3ea-4f55-9fbe-95450f904f53)
2019-06-20 21:07:37.544 22705 RALLYDEBUG rally_openstack.cleanup.manager [-] Deleting neutron.network object s_rally_a7eb9c0b_jvVFAhLm (11386fdd-20b9-45b0-a466-dedb07dda934)
2019-06-20 21:07:37.545 22705 RALLYDEBUG rally_openstack.cleanup.manager [-] Deleting neutron.network object s_rally_a7eb9c0b_mhJPA6d6 (173c9a9f-f26d-4855-b4b2-83ab00f55ced)
2019-06-20 21:07:37.545 22705 RALLYDEBUG rally_openstack.cleanup.manager [-] Deleting neutron.network object s_rally_a7eb9c0b_49mPlhad (0e2547e2-9161-4345-ad94-d67499ab2e22)
2019-06-20 21:07:37.545 22705 RALLYDEBUG rally_openstack.cleanup.manager [-] Deleting neutron.network object s_rally_a7eb9c0b_wpExRbwF (115817d7-a3cf-49bd-8f9a-1141ee56bd8c)
2019-06-20 21:07:37.549 22705 RALLYDEBUG rally_openstack.cleanup.manager [-] Deleting neutron.network object s_rally_a7eb9c0b_puKwxtHq (0edf8f5b-3c3d-457c-9ff1-02db51df393c)
2019-06-20 21:07:37.552 22705 RALLYDEBUG rally_openstack.cleanup.manager [-] Deleting neutron.network object s_rally_a7eb9c0b_RPXm5E0s (1d076dd0-1525-488f-89fd-df788c2277cc)
2019-06-20 21:07:37.557 22705 RALLYDEBUG rally_openstack.cleanup.manager [-] Deleting neutron.network object s_rally_a7eb9c0b_Q6o5lKFr (1ecec0c6-13de-4d11-a468-cfc7a7a50ba7)
2019-06-20 21:07:37.566 22705 RALLYDEBUG rally_openstack.cleanup.manager [-] Deleting neutron.network object s_rally_a7eb9c0b_s3QpZRQc (1fb916dc-9670-446d-98b7-87341a043d97)
2019-06-20 21:07:37.578 22705 RALLYDEBUG rally_openstack.cleanup.manager [-] Deleting neutron.network object s_rally_a7eb9c0b_MJmtNsHz (1fbf7c25-7f0d-428b-99a8-0fed970b822a)
2019-06-20 21:07:37.589 22705 RALLYDEBUG rally_openstack.cleanup.manager [-] Deleting neutron.network object s_rally_a7eb9c0b_ez1ASV23 (20413bdd-68e0-42ba-ac4d-d2ae6ba4db9d)
2019-06-20 21:07:37.596 22705 RALLYDEBUG rally_openstack.cleanup.manager [-] Deleting neutron.network object s_rally_a7eb9c0b_lJy94Oqf (21f7bf46-c1ea-4580-9d20-04de1a8e3acf)
2019-06-20 21:07:37.615 22705 RALLYDEBUG rally_openstack.cleanup.manager [-] Deleting neutron.network object s_rally_a7eb9c0b_w4GUZVQj (2464727e-22eb-4f7e-adff-1cb8c6dadcba)
2019-06-20 21:07:37.615 22705 RALLYDEBUG rally_openstack.cleanup.manager [-] Deleting neutron.network object s_rally_a7eb9c0b_DK2pJKvN (2395b32b-124a-45a6-8369-9fbedc0b8cc8)
2019-06-20 21:07:37.622 22705 RALLYDEBUG rally_openstack.cleanup.manager [-] Deleting neutron.network object s_rally_a7eb9c0b_2CZyL6LC (26c5f0e5-42f1-4b0d-9697-7ed95a989bae)
2019-06-20 21:07:37.628 22705 RALLYDEBUG rally_openstack.cleanup.manager [-] Deleting neutron.network object s_rally_a7eb9c0b_GdylZqy3 (27530b61-d03e-4a95-b0bc-26371d66a400)
2019-06-20 21:07:37.654 22705 RALLYDEBUG rally_openstack.cleanup.manager [-] Deleting neutron.network object s_rally_a7eb9c0b_RN6wHAs5 (27faeed3-0cd5-4462-958a-82f2c69e5617)
2019-06-20 21:07:37.664 22705 RALLYDEBUG rally_openstack.cleanup.manager [-] Deleting neutron.network object s_rally_a7eb9c0b_ChV7VfrC (2c5642ca-046f-4954-b7fb-becbe0482971)
2019-06-20 21:07:37.682 22705 RALLYDEBUG rally_openstack.cleanup.manager [-] Deleting neutron.network object s_rally_a7eb9c0b_nVijStUJ (2ecd6ec0-eb06-4790-8660-4e8de77ddd4d)
2019-06-20 21:07:40.192 22705 RALLYDEBUG rally_openstack.cleanup.manager [-] Deleting neutron.network object s_rally_a7eb9c0b_mA2sFYX4 (317691f9-93d5-4df8-8b15-851f64daac86)
2019-06-20 21:07:40.316 22705 RALLYDEBUG rally_openstack.cleanup.manager [-] Deleting neutron.network object s_rally_a7eb9c0b_rMcTjX0k (33b47c56-b144-4f1c-9fbd-63a62b43dbe1)
2019-06-20 21:07:40.479 22705 RALLYDEBUG rally_openstack.cleanup.manager [-] Deleting neutron.network object s_rally_a7eb9c0b_cyW10N6a (34e85108-d368-475f-8481-facbd04a44c1)
2019-06-20 21:07:40.544 22705 RALLYDEBUG rally_openstack.cleanup.manager [-] Deleting neutron.network object s_rally_a7eb9c0b_KAFpKJVd (3c34d53e-2911-4fb6-94a5-14b43aa32c02)
2019-06-20 21:07:40.582 22705 RALLYDEBUG rally_openstack.cleanup.manager [-] Deleting neutron.network object s_rally_a7eb9c0b_luRa0Pf8 (3e5c7a6e-f2e8-4fcb-95bc-e4b8f16d3fdb)
2019-06-20 21:07:40.623 22705 RALLYDEBUG rally_openstack.cleanup.manager [-] Deleting neutron.network object s_rally_a7eb9c0b_XLEpXsEt (3fd6d89e-be80-471c-86ba-0aae587c3804)
2019-06-20 21:07:40.627 22705 RALLYDEBUG rally_openstack.cleanup.manager [-] Deleting neutron.network object s_rally_a7eb9c0b_8eJ1QR12 (43b3e9c3-ae74-425a-b9c8-b2450f926067)
2019-06-20 21:07:40.677 22705 RALLYDEBUG rally_openstack.cleanup.manager [-] Deleting neutron.network object s_rally_a7eb9c0b_UhUz5Xkf (44252e0f-fd89-4bb4-b20c-268f66269f57)
2019-06-20 21:07:40.912 22705 RALLYDEBUG rally_openstack.cleanup.manager [-] Deleting neutron.network object s_rally_a7eb9c0b_jK6pWtI5 (4749d022-abc0-44f0-9be3-58522a39ad6e)
2019-06-20 21:07:41.035 22705 RALLYDEBUG rally_openstack.cleanup.manager [-] Deleting neutron.network object s_rally_a7eb9c0b_aas4r0r3 (483543f3-80e5-4b30-9a74-eed502bbb8b0)
2019-06-20 21:07:41.052 22705 RALLYDEBUG rally_openstack.cleanup.manager [-] Deleting neutron.network object s_rally_a7eb9c0b_pHKMYLO6 (501db4ad-e532-4fc1-bb5c-18cc499f8628)
2019-06-20 21:07:41.111 22705 RALLYDEBUG rally_openstack.cleanup.manager [-] Deleting neutron.network object s_rally_a7eb9c0b_RnRZfe4j (52130f51-e50f-42df-a2ca-c7aa3501a8d9)
2019-06-20 21:07:41.250 22705 RALLYDEBUG rally_openstack.cleanup.manager [-] Deleting neutron.network object s_rally_a7eb9c0b_XBy9cWrT (52600e0b-b3b4-481e-9ce0-04ef212eaf41)
2019-06-20 21:07:41.264 22705 RALLYDEBUG rally_openstack.cleanup.manager [-] Deleting neutron.network object s_rally_a7eb9c0b_u1BXFK76 (54503589-af40-46f6-bbbb-e9ef1d0703da)
2019-06-20 21:07:41.441 22705 RALLYDEBUG rally_openstack.cleanup.manager [-] Deleting neutron.network object s_rally_a7eb9c0b_b1fx5l6O (5a308cd4-b972-421f-b012-f91eebe99ce0)
2019-06-20 21:07:41.455 22705 RALLYDEBUG rally_openstack.cleanup.manager [-] Deleting neutron.network object s_rally_a7eb9c0b_t0KEzSXP (5e54aec0-6452-474f-a187-1fa359a77b25)
2019-06-20 21:07:41.560 22705 RALLYDEBUG rally_openstack.cleanup.manager [-] Deleting neutron.network object s_rally_a7eb9c0b_lsFSxYZv (62edb771-57e4-4702-8ac6-0c339be8badd)
2019-06-20 21:07:41.636 22705 RALLYDEBUG rally_openstack.cleanup.manager [-] Deleting neutron.network object s_rally_a7eb9c0b_7Pt2r4aa (651166de-ae8a-4f42-87ff-2b91c52c289d)
2019-06-20 21:07:41.647 22705 RALLYDEBUG rally_openstack.cleanup.manager [-] Deleting neutron.network object s_rally_a7eb9c0b_CWhTakc3 (683e7f96-60e2-4ea9-a1f2-5cf3fb23daf6)
2019-06-20 21:07:41.832 22705 RALLYDEBUG rally_openstack.cleanup.manager [-] Deleting neutron.network object s_rally_a7eb9c0b_Z4rXmK2j (6ac1e0de-acd5-4117-adf1-7758ea2a9d79)
2019-06-20 21:07:42.911 22705 RALLYDEBUG rally_openstack.cleanup.manager [-] Deleting neutron.network object s_rally_a7eb9c0b_4VS0Td3u (6f5781bc-be66-48ae-906b-6fc2d918ae8e)
2019-06-20 21:07:42.933 22705 RALLYDEBUG rally_openstack.cleanup.manager [-] Deleting neutron.network object s_rally_a7eb9c0b_G8GgAQWU (6f86a0c9-bc29-4e6c-ade9-db14b9622b2a)
2019-06-20 21:07:42.975 22705 RALLYDEBUG rally_openstack.cleanup.manager [-] Deleting neutron.network object s_rally_a7eb9c0b_4zetncem (72cd4aad-7446-4dbf-b627-2546031faf98)
2019-06-20 21:07:43.149 22705 RALLYDEBUG rally_openstack.cleanup.manager [-] Deleting neutron.network object s_rally_a7eb9c0b_jDvNHZNu (735436ed-1002-4d7e-addf-76662464a483)
2019-06-20 21:07:43.208 22705 RALLYDEBUG rally_openstack.cleanup.manager [-] Deleting neutron.network object s_rally_a7eb9c0b_KsTCSe3X (76a52c3a-1d6e-4bbd-959b-bc65d7af28a3)
2019-06-20 21:07:43.244 22705 RALLYDEBUG rally_openstack.cleanup.manager [-] Deleting neutron.network object s_rally_a7eb9c0b_EK9RDX9U (77ede62e-1115-4ead-8238-ddbad1a804f8)
2019-06-20 21:07:43.261 22705 RALLYDEBUG rally_openstack.cleanup.manager [-] Deleting neutron.network object s_rally_a7eb9c0b_17UkEpIn (792ec8c8-9985-49d2-9bd7-9c1e9eb4d558)
2019-06-20 21:07:43.411 22705 RALLYDEBUG rally_openstack.cleanup.manager [-] Deleting neutron.network object s_rally_a7eb9c0b_Ys58KFtm (7bd01d40-8887-4f77-8e36-6c4bdd2f7cd2)
2019-06-20 21:07:43.537 22705 RALLYDEBUG rally_openstack.cleanup.manager [-] Deleting neutron.network object s_rally_a7eb9c0b_mdm3k586 (803fd9a9-9031-42fd-b8b4-77445facea1f)
2019-06-20 21:07:43.618 22705 RALLYDEBUG rally_openstack.cleanup.manager [-] Deleting neutron.network object s_rally_a7eb9c0b_vnXVnAF9 (82587a93-d41a-4c77-8951-b1fb63b97c18)
2019-06-20 21:07:44.192 22705 RALLYDEBUG rally_openstack.cleanup.manager [-] Deleting neutron.network object s_rally_a7eb9c0b_YvyxKkVh (8402e08a-6d18-4cdb-84c5-7090fb2c78cd)
2019-06-20 21:07:44.204 22705 RALLYDEBUG rally_openstack.cleanup.manager [-] Deleting neutron.network object s_rally_a7eb9c0b_mEvMfsGN (86ac1b79-f686-473c-90cc-58b2cd67fdbe)
2019-06-20 21:07:44.256 22705 RALLYDEBUG rally_openstack.cleanup.manager [-] Deleting neutron.network object s_rally_a7eb9c0b_MCDDdUKI (88c69006-68db-4a68-b2ba-093ac97e22c4)
2019-06-20 21:07:44.313 22705 RALLYDEBUG rally_openstack.cleanup.manager [-] Deleting neutron.network object s_rally_a7eb9c0b_RC1VCwIu (8ac7c9fd-fdd5-4589-8396-11068a5d69b8)
2019-06-20 21:07:44.351 22705 RALLYDEBUG rally_openstack.cleanup.manager [-] Deleting neutron.network object s_rally_a7eb9c0b_r3Cb4gkj (8b954fa8-dd5d-447b-ab83-66212e2c1716)
2019-06-20 21:07:44.509 22705 RALLYDEBUG rally_openstack.cleanup.manager [-] Deleting neutron.network object s_rally_a7eb9c0b_Ayrzwuf7 (8dab3a2a-ceb5-45e9-b2f8-a88166a81f40)
2019-06-20 21:07:44.607 22705 RALLYDEBUG rally_openstack.cleanup.manager [-] Deleting neutron.network object s_rally_a7eb9c0b_tIo7TjTY (9618b5d7-4480-48a7-8f3d-5224b427aa65)
2019-06-20 21:07:44.763 22705 RALLYDEBUG rally_openstack.cleanup.manager [-] Deleting neutron.network object s_rally_a7eb9c0b_sc8tNKnE (97bf59c6-f684-4b04-ac16-1145669cd2f2)
2019-06-20 21:07:44.956 22705 RALLYDEBUG rally_openstack.cleanup.manager [-] Deleting neutron.network object s_rally_a7eb9c0b_VUEPbLSI (99d2fc9c-2f07-46b8-8e06-178f4ea8f9ab)
2019-06-20 21:07:44.962 22705 RALLYDEBUG rally_openstack.cleanup.manager [-] Deleting neutron.network object s_rally_a7eb9c0b_6yOAtmy0 (9e3f0200-7c26-4716-9609-64559713c5fe)
2019-06-20 21:07:45.389 22705 RALLYDEBUG rally_openstack.cleanup.manager [-] Deleting neutron.network object s_rally_a7eb9c0b_3eEOI2re (a0630754-db6d-4d24-b2d9-ea3537b06e8f)
2019-06-20 21:07:45.529 22705 RALLYDEBUG rally_openstack.cleanup.manager [-] Deleting neutron.network object s_rally_a7eb9c0b_ruNSBLy2 (a072f576-ebb9-41f9-9b24-137344deef44)
2019-06-20 21:07:45.730 22705 RALLYDEBUG rally_openstack.cleanup.manager [-] Deleting neutron.network object s_rally_a7eb9c0b_cDWffjuq (a61e1fe5-a439-4a94-9e0a-c657076a030c)
2019-06-20 21:07:45.746 22705 RALLYDEBUG rally_openstack.cleanup.manager [-] Deleting neutron.network object s_rally_a7eb9c0b_mqHoJthp (a9e324cb-bb54-4a4e-9c17-9b0e5669afc7)
2019-06-20 21:07:45.780 22705 RALLYDEBUG rally_openstack.cleanup.manager [-] Deleting neutron.network object s_rally_a7eb9c0b_6r6uEwpR (aa14eae6-546c-4150-ac49-2eadf00f8496)
2019-06-20 21:07:45.930 22705 RALLYDEBUG rally_openstack.cleanup.manager [-] Deleting neutron.network object s_rally_a7eb9c0b_u2EjF0jt (b5d164ae-7935-4279-87e6-3fc5cd0a0966)
2019-06-20 21:07:46.051 22705 RALLYDEBUG rally_openstack.cleanup.manager [-] Deleting neutron.network object s_rally_a7eb9c0b_mgsYQF4Z (b7d69052-5b20-4e06-850c-df04d6cb9c1e)
2019-06-20 21:07:46.097 22705 RALLYDEBUG rally_openstack.cleanup.manager [-] Deleting neutron.network object s_rally_a7eb9c0b_KDSv2JgD (b837656f-7230-46e6-817a-5496dd5fc27f)
2019-06-20 21:07:46.162 22705 RALLYDEBUG rally_openstack.cleanup.manager [-] Deleting neutron.network object s_rally_a7eb9c0b_Ri22rLxd (b875e2d9-014d-405f-b347-30d0103f5ac1)
2019-06-20 21:07:46.319 22705 RALLYDEBUG rally_openstack.cleanup.manager [-] Deleting neutron.network object s_rally_a7eb9c0b_Ccv84Pof (b9aa5d11-6211-4f40-b340-9f0aaa8c0f3a)
2019-06-20 21:07:46.604 22705 RALLYDEBUG rally_openstack.cleanup.manager [-] Deleting neutron.network object s_rally_a7eb9c0b_dPtjnawl (bbfe0e9a-69c2-47a6-be7c-c91552eb4f02)
2019-06-20 21:07:46.657 22705 RALLYDEBUG rally_openstack.cleanup.manager [-] Deleting neutron.network object s_rally_a7eb9c0b_xyo8zQGo (be1bae0a-daec-4819-bf1f-0ecaff59e0f8)
2019-06-20 21:07:46.824 22705 RALLYDEBUG rally_openstack.cleanup.manager [-] Deleting neutron.network object s_rally_a7eb9c0b_gqj19NXS (bf47da5c-8940-4e25-8c8c-f3cde2fba27a)
2019-06-20 21:07:46.964 22705 RALLYDEBUG rally_openstack.cleanup.manager [-] Deleting neutron.network object s_rally_a7eb9c0b_OVWg3pu4 (c232d4f8-06dc-4e4a-a2e0-6138f2d04857)
2019-06-20 21:07:47.079 22705 RALLYDEBUG rally_openstack.cleanup.manager [-] Deleting neutron.network object s_rally_a7eb9c0b_ZqySajjd (c6e21c6c-7c80-41a4-ae6c-801ee4f0698f)
2019-06-20 21:07:47.342 22705 RALLYDEBUG rally_openstack.cleanup.manager [-] Deleting neutron.network object s_rally_a7eb9c0b_AeiJkdUO (c73d8415-5af0-4f6b-93c0-a08cbb3828a2)
2019-06-20 21:07:47.420 22705 RALLYDEBUG rally_openstack.cleanup.manager [-] Deleting neutron.network object s_rally_a7eb9c0b_j6r3WfLr (c89638dc-1ad2-4917-afbc-08287cd350e9)
2019-06-20 21:07:47.833 22705 RALLYDEBUG rally_openstack.cleanup.manager [-] Deleting neutron.network object s_rally_a7eb9c0b_u6dSYoSU (c91773e5-224d-4a40-8dda-5ef64375b0ce)
2019-06-20 21:07:47.842 22705 RALLYDEBUG rally_openstack.cleanup.manager [-] Deleting neutron.network object s_rally_a7eb9c0b_Iy0BlHHt (c9fc6585-aace-4014-9046-47071280fabf)
2019-06-20 21:07:47.872 22705 RALLYDEBUG rally_openstack.cleanup.manager [-] Deleting neutron.network object s_rally_a7eb9c0b_HZWA4z0i (cb5746f1-7d45-4781-8dd7-313e00e031ee)
2019-06-20 21:07:47.906 22705 RALLYDEBUG rally_openstack.cleanup.manager [-] Deleting neutron.network object s_rally_a7eb9c0b_4sjBvpGE (cc8021af-4955-4328-b871-3aa610a5a7dd)
2019-06-20 21:07:48.118 22705 RALLYDEBUG rally_openstack.cleanup.manager [-] Deleting neutron.network object s_rally_a7eb9c0b_PKjzMKuy (d634a1c3-873e-408c-9028-0c964118b45d)
2019-06-20 21:07:48.505 22705 RALLYDEBUG rally_openstack.cleanup.manager [-] Deleting neutron.network object s_rally_a7eb9c0b_PFHF6SLC (d7f5c61d-1951-4373-a5d8-86ceb4d4875f)
2019-06-20 21:07:48.521 22705 RALLYDEBUG rally_openstack.cleanup.manager [-] Deleting neutron.network object s_rally_a7eb9c0b_LIIrkN0R (d92ab6de-ac27-4088-9056-959343a5d022)
2019-06-20 21:07:48.567 22705 RALLYDEBUG rally_openstack.cleanup.manager [-] Deleting neutron.network object s_rally_a7eb9c0b_lNg8fH8Z (dcfda3fa-c738-4695-847a-47c2c427627a)
2019-06-20 21:07:48.649 22705 RALLYDEBUG rally_openstack.cleanup.manager [-] Deleting neutron.network object s_rally_a7eb9c0b_rpoF0o3o (dd48db0f-f5c3-4a82-a4b8-3ffee41b21cd)
2019-06-20 21:07:48.671 22705 RALLYDEBUG rally_openstack.cleanup.manager [-] Deleting neutron.network object s_rally_a7eb9c0b_aSeGYSR5 (de5c163b-93a6-4568-8169-f7ef58c27d5e)
2019-06-20 21:07:48.801 22705 RALLYDEBUG rally_openstack.cleanup.manager [-] Deleting neutron.network object s_rally_a7eb9c0b_DZUgEkL8 (e3049c0a-23ec-48a5-bef6-e75261aaa0d4)
2019-06-20 21:07:49.018 22705 RALLYDEBUG rally_openstack.cleanup.manager [-] Deleting neutron.network object s_rally_a7eb9c0b_Y6beJepi (e81102b6-2ffa-409e-bb4b-6a008a77919c)
2019-06-20 21:07:49.086 22705 RALLYDEBUG rally_openstack.cleanup.manager [-] Deleting neutron.network object s_rally_a7eb9c0b_aLPrOmg7 (e9406c84-ed7b-4f0f-a2d1-1ce3cebc4a5f)
2019-06-20 21:07:49.091 22705 RALLYDEBUG rally_openstack.cleanup.manager [-] Deleting neutron.network object s_rally_a7eb9c0b_iCjSDnsK (ebd6d940-45b3-4b80-9b9b-25accd1c4eb7)
2019-06-20 21:07:49.567 22705 RALLYDEBUG rally_openstack.cleanup.manager [-] Deleting neutron.network object s_rally_a7eb9c0b_upWEGzQS (ecd79c65-df64-483a-9b4e-ef0a0a4b92c1)
2019-06-20 21:07:49.630 22705 RALLYDEBUG rally_openstack.cleanup.manager [-] Deleting neutron.network object s_rally_a7eb9c0b_ITkuDokX (ed86ff41-039a-441c-b9b9-263e5ddad706)
2019-06-20 21:07:49.645 22705 RALLYDEBUG rally_openstack.cleanup.manager [-] Deleting neutron.network object s_rally_a7eb9c0b_lpA5o3tz (ee65a82b-828b-4e6c-a355-fc4e5c268a7a)
2019-06-20 21:07:49.705 22705 RALLYDEBUG rally_openstack.cleanup.manager [-] Deleting neutron.network object s_rally_a7eb9c0b_ze809sxX (f08a9429-eb99-4486-b160-bff4f24834e5)
2019-06-20 21:07:49.936 22705 RALLYDEBUG rally_openstack.cleanup.manager [-] Deleting neutron.network object s_rally_a7eb9c0b_Ic8lKBev (f2737c97-49cc-45ae-a3d5-ec14a2eed67c)
