2019-06-20 21:29:43.051 22705 RALLYDEBUG rally_openstack.cleanup.manager [-] Deleting neutron.port object s_rally_8f16aa06_4kSc1jq0 (d8d1274e-07bd-4098-8761-d07fd0a7964f)
2019-06-20 21:29:43.146 22705 RALLYDEBUG rally_openstack.cleanup.manager [-] Deleting neutron.port object s_rally_8f16aa06_ppFTYLll (da50a056-2a7c-45cc-bbdf-0ac86369432a)
2019-06-20 21:29:43.192 22705 RALLYDEBUG rally_openstack.cleanup.manager [-] Deleting neutron.port object s_rally_8f16aa06_fyHrQOXd (da6d3f83-e6d2-4178-9114-b24aa819bb57)
2019-06-20 21:29:43.251 22705 RALLYDEBUG rally_openstack.cleanup.manager [-] Deleting neutron.port object s_rally_8f16aa06_ogrEgJot (db2585f3-e13b-424c-915a-bbf10413608e)
2019-06-20 21:29:43.280 22705 RALLYDEBUG rally_openstack.cleanup.manager [-] Deleting neutron.port object s_rally_8f16aa06_HjN5EXIr (dc176149-c80e-4d77-990b-7c69ca804331)
2019-06-20 21:29:43.439 22705 RALLYDEBUG rally_openstack.cleanup.manager [-] Deleting neutron.port object s_rally_8f16aa06_bhCcfwMu (dc706057-5c5d-44a9-9aa4-22a5fb35a665)
2019-06-20 21:29:43.693 22705 RALLYDEBUG rally_openstack.cleanup.manager [-] Deleting neutron.port object s_rally_8f16aa06_Oh84PalU (dd0e08d7-6e7b-4b2d-95c2-1df80f8ac5d5)
2019-06-20 21:29:43.856 22705 RALLYDEBUG rally_openstack.cleanup.manager [-] Deleting neutron.port object s_rally_8f16aa06_BteQPOt5 (dd7eae9e-0f2c-4559-bb45-5715374701dd)
2019-06-20 21:29:44.268 22705 RALLYDEBUG rally_openstack.cleanup.manager [-] Deleting neutron.port object s_rally_8f16aa06_aNERSIPi (ddcf6b19-56b9-4eaf-8308-17ae626ed2c9)
2019-06-20 21:29:44.272 22705 RALLYDEBUG rally_openstack.cleanup.manager [-] Deleting neutron.port object s_rally_8f16aa06_3e0GIupM (ddc586ae-af17-4b60-9f41-f15b93f646ad)
2019-06-20 21:29:44.380 22705 RALLYDEBUG rally_openstack.cleanup.manager [-] Deleting neutron.port object s_rally_8f16aa06_drP4XqtH (dedfe7e8-7ec2-4f1c-b380-e6ec4d30bc72)
2019-06-20 21:29:44.386 22705 RALLYDEBUG rally_openstack.cleanup.manager [-] Deleting neutron.port object s_rally_8f16aa06_HCE5Bay3 (def3ee19-db00-4c6b-8923-c73feeaa3f71)
2019-06-20 21:29:44.454 22705 RALLYDEBUG rally_openstack.cleanup.manager [-] Deleting neutron.port object s_rally_8f16aa06_4x0U1Lwt (df650c60-6128-4515-8f52-2249d5ae67e9)
2019-06-20 21:29:44.572 22705 RALLYDEBUG rally_openstack.cleanup.manager [-] Deleting neutron.port object s_rally_8f16aa06_hgYWxefm (dff03fd2-237b-43b9-9238-6d483d08d162)
2019-06-20 21:29:44.702 22705 RALLYDEBUG rally_openstack.cleanup.manager [-] Deleting neutron.port object s_rally_8f16aa06_1IWl2597 (e044b17a-d930-45c9-af02-b499bd0567c4)
2019-06-20 21:29:44.756 22705 RALLYDEBUG rally_openstack.cleanup.manager [-] Deleting neutron.port object s_rally_8f16aa06_qgyboVgi (e0b8da58-0ea5-4d17-b2bb-210537a490b9)
2019-06-20 21:29:44.989 22705 RALLYDEBUG rally_openstack.cleanup.manager [-] Deleting neutron.port object s_rally_8f16aa06_sEm1pUs0 (e29ef56e-b8f0-49ea-81c5-3484a43cfd5d)
2019-06-20 21:29:45.228 22705 RALLYDEBUG rally_openstack.cleanup.manager [-] Deleting neutron.port object s_rally_8f16aa06_yTFYqvL2 (e2dfb05c-3223-4d21-9184-55c0580e5b02)
2019-06-20 21:29:45.260 22705 RALLYDEBUG rally_openstack.cleanup.manager [-] Deleting neutron.port object s_rally_8f16aa06_JsMOAJCE (e343ce98-5483-4e47-918c-010c7ed823e0)
2019-06-20 21:29:45.325 22705 RALLYDEBUG rally_openstack.cleanup.manager [-] Deleting neutron.port object s_rally_8f16aa06_xfanjxPG (e5697f4d-1177-4d96-98d0-fcbb9cea2912)
2019-06-20 21:29:45.340 22705 RALLYDEBUG rally_openstack.cleanup.manager [-] Deleting neutron.port object s_rally_8f16aa06_rajhojT3 (e5ab75cd-940b-4394-9a11-55a5b0c6389f)
2019-06-20 21:29:45.365 22705 RALLYDEBUG rally_openstack.cleanup.manager [-] Deleting neutron.port object s_rally_8f16aa06_ZDsuhcRZ (e5e728df-a814-4bb6-a07c-0c982f530f4c)
2019-06-20 21:29:45.414 22705 RALLYDEBUG rally_openstack.cleanup.manager [-] Deleting neutron.port object s_rally_8f16aa06_VR1zVE8l (e62b261f-4b3f-475d-bb1a-b1b7f9d60e1e)
2019-06-20 21:29:45.564 22705 RALLYDEBUG rally_openstack.cleanup.manager [-] Deleting neutron.port object s_rally_8f16aa06_EAoNpxlo (e64b28db-bd5a-4679-9172-81ab8c0cc92d)
2019-06-20 21:29:45.732 22705 RALLYDEBUG rally_openstack.cleanup.manager [-] Deleting neutron.port object s_rally_8f16aa06_tEcBNl9N (e7558edf-9ee2-483a-b55c-0ebcf975a1ad)
2019-06-20 21:29:45.850 22705 RALLYDEBUG rally_openstack.cleanup.manager [-] Deleting neutron.port object s_rally_8f16aa06_OFXp7YZy (ea086d17-19d7-4992-ba2c-741b179c5902)
2019-06-20 21:29:45.930 22705 RALLYDEBUG rally_openstack.cleanup.manager [-] Deleting neutron.port object s_rally_8f16aa06_sf1KODzt (ea29cec9-6cfa-4b2f-adff-41ba6416ba16)
2019-06-20 21:29:45.957 22705 RALLYDEBUG rally_openstack.cleanup.manager [-] Deleting neutron.port object s_rally_8f16aa06_l3MSYowY (eb1f86da-de70-43c5-94d8-8108075799d0)
2019-06-20 21:29:46.505 22705 RALLYDEBUG rally_openstack.cleanup.manager [-] Deleting neutron.port object s_rally_8f16aa06_UhEy6dxD (eb2485d1-21e2-4afb-948e-a3f5aedb4a47)
2019-06-20 21:29:46.828 22705 RALLYDEBUG rally_openstack.cleanup.manager [-] Deleting neutron.port object s_rally_8f16aa06_Id9DcqJm (eb38a0af-433d-43d6-904a-91c3d3659f9e)
2019-06-20 21:29:47.017 22705 RALLYDEBUG rally_openstack.cleanup.manager [-] Deleting neutron.port object s_rally_8f16aa06_PfItNK4B (eb455aa0-0a3e-4b5c-9410-c28816277b28)
2019-06-20 21:29:47.070 22705 RALLYDEBUG rally_openstack.cleanup.manager [-] Deleting neutron.port object s_rally_8f16aa06_chGpR9DX (eb4e7e56-a357-4edd-87e0-e4392cfe510d)
2019-06-20 21:29:47.172 22705 RALLYDEBUG rally_openstack.cleanup.manager [-] Deleting neutron.port object s_rally_8f16aa06_BWLdegyH (eba29ceb-2771-4333-b189-75791023c98b)
2019-06-20 21:29:47.222 22705 RALLYDEBUG rally_openstack.cleanup.manager [-] Deleting neutron.port object s_rally_8f16aa06_bLhKnXeH (ebed7400-65af-4a5d-a8eb-7ff0b6300f32)
2019-06-20 21:29:47.261 22705 RALLYDEBUG rally_openstack.cleanup.manager [-] Deleting neutron.port object s_rally_8f16aa06_S5FD5xMX (eca56292-1eb8-430f-b1b6-1dfef37cfc57)
2019-06-20 21:29:47.440 22705 RALLYDEBUG rally_openstack.cleanup.manager [-] Deleting neutron.port object s_rally_8f16aa06_8RYX7E8R (ed001b62-4d26-4639-93b5-cd5a9672a9a4)
2019-06-20 21:29:47.482 22705 RALLYDEBUG rally_openstack.cleanup.manager [-] Deleting neutron.port object s_rally_8f16aa06_5ZGUgp0S (ed21d9d2-03f6-4e5d-ae3b-f4b0701d88f4)
2019-06-20 21:29:47.593 22705 RALLYDEBUG rally_openstack.cleanup.manager [-] Deleting neutron.port object s_rally_8f16aa06_9op2m2Wu (eddb9490-3c3d-4c97-98a3-476d873e83ab)
2019-06-20 21:29:47.612 22705 RALLYDEBUG rally_openstack.cleanup.manager [-] Deleting neutron.port object s_rally_8f16aa06_zchi3vks (eddcfec2-63d3-48b2-b593-81dc680ce982)
2019-06-20 21:29:47.721 22705 RALLYDEBUG rally_openstack.cleanup.manager [-] Deleting neutron.port object s_rally_8f16aa06_7MQhFUh9 (eeaed042-3e35-4026-9222-f6de89bfc7a6)
2019-06-20 21:29:47.739 22705 RALLYDEBUG rally_openstack.cleanup.manager [-] Deleting neutron.port object s_rally_8f16aa06_zziOfJFy (eed66c3b-4b23-4aad-a915-22f6e4117a2a)
2019-06-20 21:29:47.933 22705 RALLYDEBUG rally_openstack.cleanup.manager [-] Deleting neutron.port object s_rally_8f16aa06_012A7rHd (f0645781-6566-4caa-a225-818eb8efedb9)
2019-06-20 21:29:47.994 22705 RALLYDEBUG rally_openstack.cleanup.manager [-] Deleting neutron.port object s_rally_8f16aa06_SQ5ncCIP (f34fce35-49a9-4108-b029-2af7c6f3e941)
2019-06-20 21:29:48.231 22705 RALLYDEBUG rally_openstack.cleanup.manager [-] Deleting neutron.port object s_rally_8f16aa06_XNnxLWxB (f3af5a38-65ca-4501-9e75-7252af343522)
2019-06-20 21:29:48.270 22705 RALLYDEBUG rally_openstack.cleanup.manager [-] Deleting neutron.port object s_rally_8f16aa06_X2oEaktd (f4026fa8-0831-4bad-a2fc-454ea7d828ce)
2019-06-20 21:29:48.277 22705 RALLYDEBUG rally_openstack.cleanup.manager [-] Deleting neutron.port object s_rally_8f16aa06_M2WBrCrr (f41e24c7-b357-49c6-a3ad-51135eecf2eb)
2019-06-20 21:29:48.313 22705 RALLYDEBUG rally_openstack.cleanup.manager [-] Deleting neutron.port object s_rally_8f16aa06_rGIHX8ZW (f4b51288-90c7-4bc4-94e9-ed71d03e021c)
2019-06-20 21:29:48.369 22705 RALLYDEBUG rally_openstack.cleanup.manager [-] Deleting neutron.port object s_rally_8f16aa06_4vPQVQUc (f5462038-7e6e-4201-a2ba-aa81f85aa2ba)
2019-06-20 21:29:48.852 22705 RALLYDEBUG rally_openstack.cleanup.manager [-] Deleting neutron.port object s_rally_8f16aa06_jbKJeTYS (f586d189-7ab0-4ef9-8bed-afcf8572f4e2)
2019-06-20 21:29:49.264 22705 RALLYDEBUG rally_openstack.cleanup.manager [-] Deleting neutron.port object s_rally_8f16aa06_rgPAx0RH (f8d919e9-ffbe-482a-aa60-27ecc3816a56)
2019-06-20 21:29:49.369 22705 RALLYDEBUG rally_openstack.cleanup.manager [-] Deleting neutron.port object s_rally_8f16aa06_QMJrr8HC (f9af1a15-341b-4c7e-ac6e-73f47c433037)
2019-06-20 21:29:49.501 22705 RALLYDEBUG rally_openstack.cleanup.manager [-] Deleting neutron.port object s_rally_8f16aa06_moeFzfgQ (fa2aa9fa-3063-4065-8a65-0f1088dd5781)
2019-06-20 21:29:49.567 22705 RALLYDEBUG rally_openstack.cleanup.manager [-] Deleting neutron.port object s_rally_8f16aa06_dZK2Irv8 (fa3a2d18-9fa0-49ec-81dd-f8e2c64d2726)
2019-06-20 21:29:49.723 22705 RALLYDEBUG rally_openstack.cleanup.manager [-] Deleting neutron.port object s_rally_8f16aa06_Dh8KZIQ2 (fa3e228c-7ec8-4bf4-bff2-3f6b68fa2792)
2019-06-20 21:29:49.779 22705 RALLYDEBUG rally_openstack.cleanup.manager [-] Deleting neutron.port object s_rally_8f16aa06_jdwSgglV (faa66508-aa4d-4433-8122-367f7a039589)
2019-06-20 21:29:49.805 22705 RALLYDEBUG rally_openstack.cleanup.manager [-] Deleting neutron.port object s_rally_8f16aa06_WdM0odFW (fab73ea0-d679-4a3b-ab30-84334a4ef111)
2019-06-20 21:29:50.185 22705 RALLYDEBUG rally_openstack.cleanup.manager [-] Deleting neutron.port object s_rally_8f16aa06_Skqf6Gby (fb1daf39-ed18-40a6-8991-327bca554eab)
2019-06-20 21:29:50.216 22705 RALLYDEBUG rally_openstack.cleanup.manager [-] Deleting neutron.port object s_rally_8f16aa06_sTEhvOrN (fc0e6e71-32f4-4c19-9933-5609e47b6abf)
2019-06-20 21:29:50.248 22705 RALLYDEBUG rally_openstack.cleanup.manager [-] Deleting neutron.port object s_rally_8f16aa06_ipMMhxfI (fcca1c46-4f01-4bd3-90b2-9ba17ce57769)
2019-06-20 21:29:50.264 22705 RALLYDEBUG rally_openstack.cleanup.manager [-] Deleting neutron.port object s_rally_8f16aa06_Le28epeQ (fe463598-522c-4daf-9956-c30da8d25b0a)
2019-06-20 21:29:50.399 22705 RALLYDEBUG rally_openstack.cleanup.manager [-] Deleting neutron.port object s_rally_8f16aa06_yPpcz7TP (fe4fcdee-04a8-4a22-bb7e-02fbf798e6db)
2019-06-20 21:29:50.422 22705 RALLYDEBUG rally_openstack.cleanup.manager [-] Deleting neutron.port object s_rally_8f16aa06_2zIT5DpY (ffa51f7a-487d-4ae8-8f0f-5669f1f4bb41)
2019-06-20 21:29:52.739 22705 RALLYDEBUG rally_openstack.cleanup.manager [-] Cleaning up neutron subnet objects
2019-06-20 21:29:53.429 22705 RALLYDEBUG rally_openstack.cleanup.manager [-] Cleaning up neutron network objects
2019-06-20 21:29:54.701 22705 RALLYDEBUG rally_openstack.cleanup.manager [-] Deleting neutron.network object s_rally_8f16aa06_s0QKVcbV (02daf7cb-0187-4d6e-ad5a-33727fac7b02)
2019-06-20 21:29:54.707 22705 RALLYDEBUG rally_openstack.cleanup.manager [-] Deleting neutron.network object s_rally_8f16aa06_75gZSm7N (1edd1da0-8730-44f0-96bf-cdede16cfea5)
2019-06-20 21:29:54.718 22705 RALLYDEBUG rally_openstack.cleanup.manager [-] Deleting neutron.network object s_rally_8f16aa06_qMpuewKM (6eccad66-d8aa-4010-bdbd-e62559a5e4d5)
2019-06-20 21:29:54.722 22705 RALLYDEBUG rally_openstack.cleanup.manager [-] Deleting neutron.network object s_rally_8f16aa06_jxrkqNsT (7ca234bd-9431-4aa8-9dec-95833df84c98)
2019-06-20 21:29:54.734 22705 RALLYDEBUG rally_openstack.cleanup.manager [-] Deleting neutron.network object s_rally_8f16aa06_wz2dGrhx (84b83eb8-9756-460c-b17a-409af7847d14)
2019-06-20 21:29:54.739 22705 RALLYDEBUG rally_openstack.cleanup.manager [-] Deleting neutron.network object s_rally_8f16aa06_Xtp8g36Q (a58e9bd1-3cd9-400e-bd21-6053a138f429)
2019-06-20 21:29:54.758 22705 RALLYDEBUG rally_openstack.cleanup.manager [-] Deleting neutron.network object s_rally_8f16aa06_fZjFq0f9 (cb5b20e7-2e7c-4803-b4a7-6cca604d338a)
2019-06-20 21:29:54.759 22705 RALLYDEBUG rally_openstack.cleanup.manager [-] Deleting neutron.network object s_rally_8f16aa06_NvzyH0fJ (e7dcfb05-a210-4012-8a06-e501671444ea)
2019-06-20 21:29:57.541 22705 RALLYDEBUG rally_openstack.cleanup.manager [-] Cleaning up neutron router objects
2019-06-20 21:29:58.338 22705 RALLYDEBUG rally_openstack.cleanup.manager [-] Cleaning up neutron security_group objects
2019-06-20 21:29:59.105 22705 INFO rally.task.context [-] Task 72b4b572-cc64-4556-b2bb-7f0c14df3059 | Context cleanup@openstack cleanup() finished in 1.03 min
2019-06-20 21:29:59.106 22705 INFO rally.task.context [-] Task 72b4b572-cc64-4556-b2bb-7f0c14df3059 | Context quotas@openstack cleanup() started
2019-06-20 21:29:59.457 22705 INFO rally.task.context [-] Task 72b4b572-cc64-4556-b2bb-7f0c14df3059 | Context quotas@openstack cleanup() finished in 0.35 sec
2019-06-20 21:29:59.458 22705 INFO rally.task.context [-] Task 72b4b572-cc64-4556-b2bb-7f0c14df3059 | Context users@openstack cleanup() started
2019-06-20 21:30:04.805 22705 INFO rally.task.context [-] Task 72b4b572-cc64-4556-b2bb-7f0c14df3059 | Context users@openstack cleanup() finished in 5.35 sec
2019-06-20 21:30:05.199 22705 INFO rally.task.engine [-] Load duration is: 90.684262
2019-06-20 21:30:05.200 22705 INFO rally.task.engine [-] Full runner duration is: 90.732585
2019-06-20 21:30:05.200 22705 INFO rally.task.engine [-] Full duration is: 164.215431
2019-06-20 21:30:05.445 22705 INFO rally.task.engine [-] Running workload: position = 1 config = { "version": 2, "title": "A cropped version of a bigger task.", "description": "Auto-generated task from a single workload (uuid=5fe38c1c-d5e2-40fa-a5df-063080f71cd2)", "subtasks": [ { "title": "NeutronNetworks.create_and_update_ports", "description": "Create and update a given number of ports.", "scenario": { "NeutronNetworks.create_and_update_ports": { "network_create_args": {}, "port_create_args": {}, "ports_per_network": 5, "port_update_args": { "admin_state_up": false, "device_id": "dummy_id", "device_owner": "dummy_owner", "name": "_port_updated" } } }, "contexts": { "users": { "tenants": 1, "users_per_tenant": 1 }, "quotas": { "neutron": { "network": -1, "port": -1 } } }, "runner": { "constant": { "times": 40, "concurrency": 20 } }, "hooks": [], "sla": { "failure_rate": { "max": 0 } } } ] }
2019-06-20 21:30:05.473 22705 RALLYDEBUG rally_openstack.contexts.keystone.users [-] Creating 1 tenants using 20 threads
2019-06-20 21:30:07.306 22705 RALLYDEBUG rally_openstack.contexts.keystone.users [-] Creating 1 users using 20 threads
2019-06-20 21:30:10.147 22705 INFO rally.task.context [-] Task 72b4b572-cc64-4556-b2bb-7f0c14df3059 | Context users@openstack setup() finished in 4.67 sec
2019-06-20 21:30:10.930 22705 INFO rally.task.context [-] Task 72b4b572-cc64-4556-b2bb-7f0c14df3059 | Context quotas@openstack setup() finished in 0.78 sec
2019-06-20 21:30:10.931 22705 INFO rally.task.context [-] Task 72b4b572-cc64-4556-b2bb-7f0c14df3059 | Context cleanup@openstack setup() finished in 0.01 msec
2019-06-20 21:30:10.939 22705 RALLYDEBUG rally.task.runner [-] Starting the constant runner (task UUID: 72b4b572-cc64-4556-b2bb-7f0c14df3059). timeout: 0 concurrency: 20 concurrency_per_worker: 1 times: 40 concurrency_overhead: 4 processes_to_start: 16 max_cpu_used: 16
2019-06-20 21:30:10.953 26581 RALLYDEBUG rally.task.runner [-] Starting a worker. concurrency: 2 args: {"network_create_args": {}, "port_create_args": {}, "ports_per_network": 5, "port_update_args": {"admin_state_up": false, "device_id": "dummy_id", "device_owner": "dummy_owner", "name": "_port_updated"}} times: 40 method_name: run timeout: 0 duration: None cls:
2019-06-20 21:30:10.955 26582 RALLYDEBUG rally.task.runner [-] Starting a worker. concurrency: 2 args: {"network_create_args": {}, "port_create_args": {}, "ports_per_network": 5, "port_update_args": {"admin_state_up": false, "device_id": "dummy_id", "device_owner": "dummy_owner", "name": "_port_updated"}} times: 40 method_name: run timeout: 0 duration: None cls:
2019-06-20 21:30:10.957 26583 RALLYDEBUG rally.task.runner [-] Starting a worker. concurrency: 2 args: {"network_create_args": {}, "port_create_args": {}, "ports_per_network": 5, "port_update_args": {"admin_state_up": false, "device_id": "dummy_id", "device_owner": "dummy_owner", "name": "_port_updated"}} times: 40 method_name: run timeout: 0 duration: None cls:
2019-06-20 21:30:10.961 26584 RALLYDEBUG rally.task.runner [-] Starting a worker. concurrency: 2 args: {"network_create_args": {}, "port_create_args": {}, "ports_per_network": 5, "port_update_args": {"admin_state_up": false, "device_id": "dummy_id", "device_owner": "dummy_owner", "name": "_port_updated"}} times: 40 method_name: run timeout: 0 duration: None cls:
2019-06-20 21:30:10.962 26581 INFO rally.task.runner [-] Task 72b4b572-cc64-4556-b2bb-7f0c14df3059 | ITER: 1 START
2019-06-20 21:30:10.962 26582 INFO rally.task.runner [-] Task 72b4b572-cc64-4556-b2bb-7f0c14df3059 | ITER: 2 START
2019-06-20 21:30:10.964 26585 RALLYDEBUG rally.task.runner [-] Starting a worker. concurrency: 1 args: {"network_create_args": {}, "port_create_args": {}, "ports_per_network": 5, "port_update_args": {"admin_state_up": false, "device_id": "dummy_id", "device_owner": "dummy_owner", "name": "_port_updated"}} times: 40 method_name: run timeout: 0 duration: None cls:
2019-06-20 21:30:10.965 26582 WARNING rally_openstack.scenarios.neutron.utils [-] Running this scenario without either the 'network' or 'existing_network' context is deprecated
2019-06-20 21:30:10.965 26581 WARNING rally_openstack.scenarios.neutron.utils [-] Running this scenario without either the 'network' or 'existing_network' context is deprecated
2019-06-20 21:30:10.965 26583 INFO rally.task.runner [-] Task 72b4b572-cc64-4556-b2bb-7f0c14df3059 | ITER: 4 START
2019-06-20 21:30:10.967 26589 RALLYDEBUG rally.task.runner [-] Starting a worker. concurrency: 1 args: {"network_create_args": {}, "port_create_args": {}, "ports_per_network": 5, "port_update_args": {"admin_state_up": false, "device_id": "dummy_id", "device_owner": "dummy_owner", "name": "_port_updated"}} times: 40 method_name: run timeout: 0 duration: None cls:
2019-06-20 21:30:10.967 26583 INFO rally.task.runner [-] Task 72b4b572-cc64-4556-b2bb-7f0c14df3059 | ITER: 6 START
2019-06-20 21:30:10.969 26584 INFO rally.task.runner [-] Task 72b4b572-cc64-4556-b2bb-7f0c14df3059 | ITER: 7 START
2019-06-20 21:30:10.970 26583 WARNING rally_openstack.scenarios.neutron.utils [-] Running this scenario without either the 'network' or 'existing_network' context is deprecated
2019-06-20 21:30:10.970 26585 INFO rally.task.runner [-] Task 72b4b572-cc64-4556-b2bb-7f0c14df3059 | ITER: 8 START
2019-06-20 21:30:10.969 26583 WARNING rally_openstack.scenarios.neutron.utils [-] Running this scenario without either the 'network' or 'existing_network' context is deprecated
2019-06-20 21:30:10.966 26581 INFO rally.task.runner [-] Task 72b4b572-cc64-4556-b2bb-7f0c14df3059 | ITER: 3 START
2019-06-20 21:30:10.972 26585 WARNING rally_openstack.scenarios.neutron.utils [-] Running this scenario without either the 'network' or 'existing_network' context is deprecated
2019-06-20 21:30:10.971 26594 RALLYDEBUG rally.task.runner [-] Starting a worker. concurrency: 1 args: {"network_create_args": {}, "port_create_args": {}, "ports_per_network": 5, "port_update_args": {"admin_state_up": false, "device_id": "dummy_id", "device_owner": "dummy_owner", "name": "_port_updated"}} times: 40 method_name: run timeout: 0 duration: None cls:
2019-06-20 21:30:10.972 26584 WARNING rally_openstack.scenarios.neutron.utils [-] Running this scenario without either the 'network' or 'existing_network' context is deprecated
2019-06-20 21:30:10.973 26589 INFO rally.task.runner [-] Task 72b4b572-cc64-4556-b2bb-7f0c14df3059 | ITER: 10 START
2019-06-20 21:30:10.973 26598 RALLYDEBUG rally.task.runner [-] Starting a worker. concurrency: 1 args: {"network_create_args": {}, "port_create_args": {}, "ports_per_network": 5, "port_update_args": {"admin_state_up": false, "device_id": "dummy_id", "device_owner": "dummy_owner", "name": "_port_updated"}} times: 40 method_name: run timeout: 0 duration: None cls:
2019-06-20 21:30:10.972 26581 WARNING rally_openstack.scenarios.neutron.utils [-] Running this scenario without either the 'network' or 'existing_network' context is deprecated
2019-06-20 21:30:10.974 26589 WARNING rally_openstack.scenarios.neutron.utils [-] Running this scenario without either the 'network' or 'existing_network' context is deprecated
2019-06-20 21:30:10.976 26582 INFO rally.task.runner [-] Task 72b4b572-cc64-4556-b2bb-7f0c14df3059 | ITER: 5 START
2019-06-20 21:30:10.978 26594 INFO rally.task.runner [-] Task 72b4b572-cc64-4556-b2bb-7f0c14df3059 | ITER: 11 START
2019-06-20 21:30:10.979 26598 INFO rally.task.runner [-] Task 72b4b572-cc64-4556-b2bb-7f0c14df3059 | ITER: 12 START
2019-06-20 21:30:10.979 26594 WARNING rally_openstack.scenarios.neutron.utils [-] Running this scenario without either the 'network' or 'existing_network' context is deprecated
2019-06-20 21:30:10.980 26598 WARNING rally_openstack.scenarios.neutron.utils [-] Running this scenario without either the 'network' or 'existing_network' context is deprecated
2019-06-20 21:30:10.980 26604 RALLYDEBUG rally.task.runner [-] Starting a worker. concurrency: 1 args: {"network_create_args": {}, "port_create_args": {}, "ports_per_network": 5, "port_update_args": {"admin_state_up": false, "device_id": "dummy_id", "device_owner": "dummy_owner", "name": "_port_updated"}} times: 40 method_name: run timeout: 0 duration: None cls:
2019-06-20 21:30:10.981 26582 WARNING rally_openstack.scenarios.neutron.utils [-] Running this scenario without either the 'network' or 'existing_network' context is deprecated
2019-06-20 21:30:10.984 26584 INFO rally.task.runner [-] Task 72b4b572-cc64-4556-b2bb-7f0c14df3059 | ITER: 9 START
2019-06-20 21:30:10.985 26584 WARNING rally_openstack.scenarios.neutron.utils [-] Running this scenario without either the 'network' or 'existing_network' context is deprecated
2019-06-20 21:30:10.987 26604 INFO rally.task.runner [-] Task 72b4b572-cc64-4556-b2bb-7f0c14df3059 | ITER: 13 START
2019-06-20 21:30:10.987 26610 RALLYDEBUG rally.task.runner [-] Starting a worker. concurrency: 1 args: {"network_create_args": {}, "port_create_args": {}, "ports_per_network": 5, "port_update_args": {"admin_state_up": false, "device_id": "dummy_id", "device_owner": "dummy_owner", "name": "_port_updated"}} times: 40 method_name: run timeout: 0 duration: None cls:
2019-06-20 21:30:10.988 26604 WARNING rally_openstack.scenarios.neutron.utils [-] Running this scenario without either the 'network' or 'existing_network' context is deprecated
2019-06-20 21:30:10.992 26610 INFO rally.task.runner [-] Task 72b4b572-cc64-4556-b2bb-7f0c14df3059 | ITER: 14 START
2019-06-20 21:30:10.994 26610 WARNING rally_openstack.scenarios.neutron.utils [-] Running this scenario without either the 'network' or 'existing_network' context is deprecated
2019-06-20 21:30:10.999 26613 RALLYDEBUG rally.task.runner [-] Starting a worker. concurrency: 1 args: {"network_create_args": {}, "port_create_args": {}, "ports_per_network": 5, "port_update_args": {"admin_state_up": false, "device_id": "dummy_id", "device_owner": "dummy_owner", "name": "_port_updated"}} times: 40 method_name: run timeout: 0 duration: None cls:
2019-06-20 21:30:11.006 26613 INFO rally.task.runner [-] Task 72b4b572-cc64-4556-b2bb-7f0c14df3059 | ITER: 15 START
2019-06-20 21:30:11.007 26613 WARNING rally_openstack.scenarios.neutron.utils [-] Running this scenario without either the 'network' or 'existing_network' context is deprecated
2019-06-20 21:30:11.008 26616 RALLYDEBUG rally.task.runner [-] Starting a worker. concurrency: 1 args: {"network_create_args": {}, "port_create_args": {}, "ports_per_network": 5, "port_update_args": {"admin_state_up": false, "device_id": "dummy_id", "device_owner": "dummy_owner", "name": "_port_updated"}} times: 40 method_name: run timeout: 0 duration: None cls:
2019-06-20 21:30:11.014 26616 INFO rally.task.runner [-] Task 72b4b572-cc64-4556-b2bb-7f0c14df3059 | ITER: 16 START
2019-06-20 21:30:11.015 26619 RALLYDEBUG rally.task.runner [-] Starting a worker. concurrency: 1 args: {"network_create_args": {}, "port_create_args": {}, "ports_per_network": 5, "port_update_args": {"admin_state_up": false, "device_id": "dummy_id", "device_owner": "dummy_owner", "name": "_port_updated"}} times: 40 method_name: run timeout: 0 duration: None cls:
2019-06-20 21:30:11.016 26616 WARNING rally_openstack.scenarios.neutron.utils [-] Running this scenario without either the 'network' or 'existing_network' context is deprecated
2019-06-20 21:30:11.019 26622 RALLYDEBUG rally.task.runner [-] Starting a worker. concurrency: 1 args: {"network_create_args": {}, "port_create_args": {}, "ports_per_network": 5, "port_update_args": {"admin_state_up": false, "device_id": "dummy_id", "device_owner": "dummy_owner", "name": "_port_updated"}} times: 40 method_name: run timeout: 0 duration: None cls:
2019-06-20 21:30:11.020 26619 INFO rally.task.runner [-] Task 72b4b572-cc64-4556-b2bb-7f0c14df3059 | ITER: 17 START
2019-06-20 21:30:11.021 26619 WARNING rally_openstack.scenarios.neutron.utils [-] Running this scenario without either the 'network' or 'existing_network' context is deprecated
2019-06-20 21:30:11.022 26623 RALLYDEBUG rally.task.runner [-] Starting a worker. concurrency: 1 args: {"network_create_args": {}, "port_create_args": {}, "ports_per_network": 5, "port_update_args": {"admin_state_up": false, "device_id": "dummy_id", "device_owner": "dummy_owner", "name": "_port_updated"}} times: 40 method_name: run timeout: 0 duration: None cls:
2019-06-20 21:30:11.024 26622 INFO rally.task.runner [-] Task 72b4b572-cc64-4556-b2bb-7f0c14df3059 | ITER: 18 START
2019-06-20 21:30:11.025 26622 WARNING rally_openstack.scenarios.neutron.utils [-] Running this scenario without either the 'network' or 'existing_network' context is deprecated
2019-06-20 21:30:11.028 26623 INFO rally.task.runner [-] Task 72b4b572-cc64-4556-b2bb-7f0c14df3059 | ITER: 19 START
2019-06-20 21:30:11.030 26623 WARNING rally_openstack.scenarios.neutron.utils [-] Running this scenario without either the 'network' or 'existing_network' context is deprecated
2019-06-20 21:30:11.029 26628 RALLYDEBUG rally.task.runner [-] Starting a worker. concurrency: 1 args: {"network_create_args": {}, "port_create_args": {}, "ports_per_network": 5, "port_update_args": {"admin_state_up": false, "device_id": "dummy_id", "device_owner": "dummy_owner", "name": "_port_updated"}} times: 40 method_name: run timeout: 0 duration: None cls:
2019-06-20 21:30:11.034 26628 INFO rally.task.runner [-] Task 72b4b572-cc64-4556-b2bb-7f0c14df3059 | ITER: 20 START
2019-06-20 21:30:11.035 26628 WARNING rally_openstack.scenarios.neutron.utils [-] Running this scenario without either the 'network' or 'existing_network' context is deprecated
2019-06-20 21:30:22.958 26582 INFO rally.task.runner [-] Task 72b4b572-cc64-4556-b2bb-7f0c14df3059 | ITER: 2 END: OK
2019-06-20 21:30:22.963 26582 INFO rally.task.runner [-] Task 72b4b572-cc64-4556-b2bb-7f0c14df3059 | ITER: 21 START
2019-06-20 21:30:22.963 26582 WARNING rally_openstack.scenarios.neutron.utils [-] Running this scenario without either the 'network' or 'existing_network' context is deprecated
2019-06-20 21:30:23.154 26594 INFO rally.task.runner [-] Task 72b4b572-cc64-4556-b2bb-7f0c14df3059 | ITER: 11 END: OK
2019-06-20 21:30:23.159 26594 INFO rally.task.runner [-] Task 72b4b572-cc64-4556-b2bb-7f0c14df3059 | ITER: 22 START
2019-06-20 21:30:23.159 26594 WARNING rally_openstack.scenarios.neutron.utils [-] Running this scenario without either the 'network' or 'existing_network' context is deprecated
2019-06-20 21:30:23.791 26582 INFO rally.task.runner [-] Task 72b4b572-cc64-4556-b2bb-7f0c14df3059 | ITER: 5 END: OK
2019-06-20 21:30:23.795 26582 INFO rally.task.runner [-] Task 72b4b572-cc64-4556-b2bb-7f0c14df3059 | ITER: 23 START
2019-06-20 21:30:23.795 26582 WARNING rally_openstack.scenarios.neutron.utils [-] Running this scenario without either the 'network' or 'existing_network' context is deprecated
2019-06-20 21:30:24.750 26585 INFO rally.task.runner [-] Task 72b4b572-cc64-4556-b2bb-7f0c14df3059 | ITER: 8 END: OK
2019-06-20 21:30:24.755 26585 INFO rally.task.runner [-] Task 72b4b572-cc64-4556-b2bb-7f0c14df3059 | ITER: 24 START
2019-06-20 21:30:24.756 26585 WARNING rally_openstack.scenarios.neutron.utils [-] Running this scenario without either the 'network' or 'existing_network' context is deprecated
2019-06-20 21:30:24.846 26604 INFO rally.task.runner [-] Task 72b4b572-cc64-4556-b2bb-7f0c14df3059 | ITER: 13 END: OK
2019-06-20 21:30:24.850 26604 INFO rally.task.runner [-] Task 72b4b572-cc64-4556-b2bb-7f0c14df3059 | ITER: 25 START
2019-06-20 21:30:24.851 26604 WARNING rally_openstack.scenarios.neutron.utils [-] Running this scenario without either the 'network' or 'existing_network' context is deprecated
2019-06-20 21:30:24.952 26613 INFO rally.task.runner [-] Task 72b4b572-cc64-4556-b2bb-7f0c14df3059 | ITER: 15 END: OK
2019-06-20 21:30:24.956 26613 INFO rally.task.runner [-] Task 72b4b572-cc64-4556-b2bb-7f0c14df3059 | ITER: 26 START
2019-06-20 21:30:24.957 26613 WARNING rally_openstack.scenarios.neutron.utils [-] Running this scenario without either the 'network' or 'existing_network' context is deprecated
2019-06-20 21:30:25.097 26581 INFO rally.task.runner [-] Task 72b4b572-cc64-4556-b2bb-7f0c14df3059 | ITER: 1 END: OK
2019-06-20 21:30:25.101 26581 INFO rally.task.runner [-] Task 72b4b572-cc64-4556-b2bb-7f0c14df3059 | ITER: 27 START
2019-06-20 21:30:25.102 26581 WARNING rally_openstack.scenarios.neutron.utils [-] Running this scenario without either the 'network' or 'existing_network' context is deprecated
2019-06-20 21:30:25.202 26581 INFO rally.task.runner [-] Task 72b4b572-cc64-4556-b2bb-7f0c14df3059 | ITER: 3 END: OK
2019-06-20 21:30:25.206 26581 INFO rally.task.runner [-] Task 72b4b572-cc64-4556-b2bb-7f0c14df3059 | ITER: 28 START
2019-06-20 21:30:25.207 26581 WARNING rally_openstack.scenarios.neutron.utils [-] Running this scenario without either the 'network' or 'existing_network' context is deprecated
2019-06-20 21:30:25.220 26622 INFO rally.task.runner [-] Task 72b4b572-cc64-4556-b2bb-7f0c14df3059 | ITER: 18 END: OK
2019-06-20 21:30:25.225 26622 INFO rally.task.runner [-] Task 72b4b572-cc64-4556-b2bb-7f0c14df3059 | ITER: 29 START
2019-06-20 21:30:25.225 26622 WARNING rally_openstack.scenarios.neutron.utils [-] Running this scenario without either the 'network' or 'existing_network' context is deprecated
2019-06-20 21:30:25.552 26616 INFO rally.task.runner [-] Task 72b4b572-cc64-4556-b2bb-7f0c14df3059 | ITER: 16 END: OK
2019-06-20 21:30:25.557 26616 INFO rally.task.runner [-] Task 72b4b572-cc64-4556-b2bb-7f0c14df3059 | ITER: 30 START
2019-06-20 21:30:25.558 26616 WARNING rally_openstack.scenarios.neutron.utils [-] Running this scenario without either the 'network' or 'existing_network' context is deprecated
2019-06-20 21:30:25.586 26583 INFO rally.task.runner [-] Task 72b4b572-cc64-4556-b2bb-7f0c14df3059 | ITER: 4 END: OK
2019-06-20 21:30:25.591 26583 INFO rally.task.runner [-] Task 72b4b572-cc64-4556-b2bb-7f0c14df3059 | ITER: 31 START
2019-06-20 21:30:25.591 26583 WARNING rally_openstack.scenarios.neutron.utils [-] Running this scenario without either the 'network' or 'existing_network' context is deprecated
2019-06-20 21:30:26.078 26583 INFO rally.task.runner [-] Task 72b4b572-cc64-4556-b2bb-7f0c14df3059 | ITER: 6 END: OK
2019-06-20 21:30:26.082 26583 INFO rally.task.runner [-] Task 72b4b572-cc64-4556-b2bb-7f0c14df3059 | ITER: 32 START
2019-06-20 21:30:26.082 26583 WARNING rally_openstack.scenarios.neutron.utils [-] Running this scenario without either the 'network' or 'existing_network' context is deprecated
2019-06-20 21:30:26.106 26589 INFO rally.task.runner [-] Task 72b4b572-cc64-4556-b2bb-7f0c14df3059 | ITER: 10 END: OK
2019-06-20 21:30:26.111 26589 INFO rally.task.runner [-] Task 72b4b572-cc64-4556-b2bb-7f0c14df3059 | ITER: 33 START
2019-06-20 21:30:26.111 26589 WARNING rally_openstack.scenarios.neutron.utils [-] Running this scenario without either the 'network' or 'existing_network' context is deprecated
2019-06-20 21:30:26.120 26610 INFO rally.task.runner [-] Task 72b4b572-cc64-4556-b2bb-7f0c14df3059 | ITER: 14 END: OK
2019-06-20 21:30:26.124 26610 INFO rally.task.runner [-] Task 72b4b572-cc64-4556-b2bb-7f0c14df3059 | ITER: 34 START
2019-06-20 21:30:26.125 26610 WARNING rally_openstack.scenarios.neutron.utils [-] Running this scenario without either the 'network' or 'existing_network' context is deprecated
2019-06-20 21:30:26.943 26598 INFO rally.task.runner [-] Task 72b4b572-cc64-4556-b2bb-7f0c14df3059 | ITER: 12 END: OK
2019-06-20 21:30:26.948 26598 INFO rally.task.runner [-] Task 72b4b572-cc64-4556-b2bb-7f0c14df3059 | ITER: 35 START
2019-06-20 21:30:26.948 26598 WARNING rally_openstack.scenarios.neutron.utils [-] Running this scenario without either the 'network' or 'existing_network' context is deprecated
2019-06-20 21:30:27.141 26584 INFO rally.task.runner [-] Task 72b4b572-cc64-4556-b2bb-7f0c14df3059 | ITER: 9 END: OK
2019-06-20 21:30:27.146 26584 INFO rally.task.runner [-] Task 72b4b572-cc64-4556-b2bb-7f0c14df3059 | ITER: 36 START
2019-06-20 21:30:27.147 26584 WARNING rally_openstack.scenarios.neutron.utils [-] Running this scenario without either the 'network' or 'existing_network' context is deprecated
2019-06-20 21:30:27.207 26584 INFO rally.task.runner [-] Task 72b4b572-cc64-4556-b2bb-7f0c14df3059 | ITER: 7 END: OK
2019-06-20 21:30:27.211 26584 INFO rally.task.runner [-] Task 72b4b572-cc64-4556-b2bb-7f0c14df3059 | ITER: 37 START
2019-06-20 21:30:27.211 26584 WARNING rally_openstack.scenarios.neutron.utils [-] Running this scenario without either the 'network' or 'existing_network' context is deprecated
2019-06-20 21:30:27.698 26619 INFO rally.task.runner [-] Task 72b4b572-cc64-4556-b2bb-7f0c14df3059 | ITER: 17 END: OK
2019-06-20 21:30:27.702 26619 INFO rally.task.runner [-] Task 72b4b572-cc64-4556-b2bb-7f0c14df3059 | ITER: 38 START
2019-06-20 21:30:27.703 26619 WARNING rally_openstack.scenarios.neutron.utils [-] Running this scenario without either the 'network' or 'existing_network' context is deprecated
2019-06-20 21:30:27.908 26628 INFO rally.task.runner [-] Task 72b4b572-cc64-4556-b2bb-7f0c14df3059 | ITER: 20 END: OK
2019-06-20 21:30:27.913 26628 INFO rally.task.runner [-] Task 72b4b572-cc64-4556-b2bb-7f0c14df3059 | ITER: 39 START
2019-06-20 21:30:27.913 26628 WARNING rally_openstack.scenarios.neutron.utils [-] Running this scenario without either the 'network' or 'existing_network' context is deprecated
2019-06-20 21:30:27.971 26623 INFO rally.task.runner [-] Task 72b4b572-cc64-4556-b2bb-7f0c14df3059 | ITER: 19 END: OK
2019-06-20 21:30:27.976 26623 INFO rally.task.runner [-] Task 72b4b572-cc64-4556-b2bb-7f0c14df3059 | ITER: 40 START
2019-06-20 21:30:27.976 26623 WARNING rally_openstack.scenarios.neutron.utils [-] Running this scenario without either the 'network' or 'existing_network' context is deprecated
2019-06-20 21:30:37.181 26582 INFO rally.task.runner [-] Task 72b4b572-cc64-4556-b2bb-7f0c14df3059 | ITER: 21 END: OK
2019-06-20 21:30:37.824 26604 INFO rally.task.runner [-] Task 72b4b572-cc64-4556-b2bb-7f0c14df3059 | ITER: 25 END: OK
2019-06-20 21:30:38.151 26585 INFO rally.task.runner [-] Task 72b4b572-cc64-4556-b2bb-7f0c14df3059 | ITER: 24 END: OK
2019-06-20 21:30:38.411 26594 INFO rally.task.runner [-] Task 72b4b572-cc64-4556-b2bb-7f0c14df3059 | ITER: 22 END: OK
2019-06-20 21:30:38.900 26581 INFO rally.task.runner [-] Task 72b4b572-cc64-4556-b2bb-7f0c14df3059 | ITER: 27 END: OK
2019-06-20 21:30:38.940 26582 INFO rally.task.runner [-] Task 72b4b572-cc64-4556-b2bb-7f0c14df3059 | ITER: 23 END: OK
2019-06-20 21:30:38.944 26613 INFO rally.task.runner [-] Task 72b4b572-cc64-4556-b2bb-7f0c14df3059 | ITER: 26 END: OK
2019-06-20 21:30:39.142 26583 INFO rally.task.runner [-] Task 72b4b572-cc64-4556-b2bb-7f0c14df3059 | ITER: 31 END: OK
2019-06-20 21:30:39.602 26622 INFO rally.task.runner [-] Task 72b4b572-cc64-4556-b2bb-7f0c14df3059 | ITER: 29 END: OK
2019-06-20 21:30:39.820 26581 INFO rally.task.runner [-] Task 72b4b572-cc64-4556-b2bb-7f0c14df3059 | ITER: 28 END: OK
2019-06-20 21:30:39.861 26584 INFO rally.task.runner [-] Task 72b4b572-cc64-4556-b2bb-7f0c14df3059 | ITER: 37 END: OK
2019-06-20 21:30:39.902 26598 INFO rally.task.runner [-] Task 72b4b572-cc64-4556-b2bb-7f0c14df3059 | ITER: 35 END: OK
2019-06-20 21:30:40.030 26583 INFO rally.task.runner [-] Task 72b4b572-cc64-4556-b2bb-7f0c14df3059 | ITER: 32 END: OK
2019-06-20 21:30:40.092 26616 INFO rally.task.runner [-] Task 72b4b572-cc64-4556-b2bb-7f0c14df3059 | ITER: 30 END: OK
2019-06-20 21:30:40.305 26619 INFO rally.task.runner [-] Task 72b4b572-cc64-4556-b2bb-7f0c14df3059 | ITER: 38 END: OK
2019-06-20 21:30:40.401 26589 INFO rally.task.runner [-] Task 72b4b572-cc64-4556-b2bb-7f0c14df3059 | ITER: 33 END: OK
2019-06-20 21:30:40.740 26610 INFO rally.task.runner [-] Task 72b4b572-cc64-4556-b2bb-7f0c14df3059 | ITER: 34 END: OK
2019-06-20 21:30:40.861 26623 INFO rally.task.runner [-] Task 72b4b572-cc64-4556-b2bb-7f0c14df3059 | ITER: 40 END: OK
2019-06-20 21:30:40.982 26584 INFO rally.task.runner [-] Task 72b4b572-cc64-4556-b2bb-7f0c14df3059 | ITER: 36 END: OK
2019-06-20 21:30:41.184 26628 INFO rally.task.runner [-] Task 72b4b572-cc64-4556-b2bb-7f0c14df3059 | ITER: 39 END: OK
2019-06-20 21:30:41.205 22705 INFO rally.task.context [-] Task 72b4b572-cc64-4556-b2bb-7f0c14df3059 | Context cleanup@openstack cleanup() started
2019-06-20 21:30:41.206 22705 RALLYDEBUG rally_openstack.cleanup.manager [-] Cleaning up neutron vip objects
2019-06-20 21:30:42.044 22705 RALLYDEBUG rally_openstack.cleanup.manager [-] Cleaning up neutron health_monitor objects
2019-06-20 21:30:42.689 22705 RALLYDEBUG rally_openstack.cleanup.manager [-] Cleaning up neutron pool objects
2019-06-20 21:30:43.429 22705 RALLYDEBUG rally_openstack.cleanup.manager [-] Cleaning up neutron loadbalancer objects
2019-06-20 21:30:44.075 22705 RALLYDEBUG rally_openstack.cleanup.manager [-] Cleaning up neutron floatingip objects
2019-06-20 21:30:44.828 22705 RALLYDEBUG rally_openstack.cleanup.manager [-] Cleaning up neutron port objects
2019-06-20 21:30:46.033 22705 RALLYDEBUG rally_openstack.cleanup.manager [-] Deleting neutron.port object s_rally_5fe38c1c_5HjYL3F6 (016f5a5b-9cf7-4ee5-b07e-8ec0bbbc2423)
2019-06-20 21:30:46.034 22705 RALLYDEBUG rally_openstack.cleanup.manager [-] Deleting neutron.port object s_rally_5fe38c1c_Z2yiIMeL (01916e6e-8d76-4128-b47f-f19662f407ab)
2019-06-20 21:30:46.035 22705 RALLYDEBUG rally_openstack.cleanup.manager [-] Deleting neutron.port object s_rally_5fe38c1c_ZoOl9e6E (08859d5e-14f9-485b-998a-940997ae48fa)
2019-06-20 21:30:46.040 22705 RALLYDEBUG rally_openstack.cleanup.manager [-] Deleting neutron.port object s_rally_5fe38c1c_fsvCpKOz (02f26d50-df6d-47f3-8422-4fcf54e1ca90)
2019-06-20 21:30:46.046 22705 RALLYDEBUG rally_openstack.cleanup.manager [-] Deleting neutron.port object s_rally_5fe38c1c_jTzek3OF (01dc7d66-9b9f-495d-8828-fa407ed781a0)
2019-06-20 21:30:46.052 22705 RALLYDEBUG rally_openstack.cleanup.manager [-] Deleting neutron.port object s_rally_5fe38c1c_wYXo7T95 (09398420-e9de-4e3a-935d-e14f3f820182)
2019-06-20 21:30:46.061 22705 RALLYDEBUG rally_openstack.cleanup.manager [-] Deleting neutron.port object s_rally_5fe38c1c_rwl18ut0 (0b6179ab-790d-46fd-8490-ffd9a7795b74)
2019-06-20 21:30:46.066 22705 RALLYDEBUG rally_openstack.cleanup.manager [-] Deleting neutron.port object s_rally_5fe38c1c_sFWwM2mD (0805a29f-8b28-4024-947f-0d64a22b0b15)
2019-06-20 21:30:46.074 22705 RALLYDEBUG rally_openstack.cleanup.manager [-] Deleting neutron.port object s_rally_5fe38c1c_A1HbEFpx (0b90655b-c225-402d-8da4-d1d6e7e36600)
2019-06-20 21:30:46.077 22705 RALLYDEBUG rally_openstack.cleanup.manager [-] Deleting neutron.port object s_rally_5fe38c1c_vctyeGws (0b6a5410-410b-47a7-9678-d282b381634b)
2019-06-20 21:30:46.086 22705 RALLYDEBUG rally_openstack.cleanup.manager [-] Deleting neutron.port object s_rally_5fe38c1c_uL3zX0ly (017e1f8d-7cb0-4c0f-8b6f-959b47523379)
2019-06-20 21:30:46.089 22705 RALLYDEBUG rally_openstack.cleanup.manager [-] Deleting neutron.port object s_rally_5fe38c1c_iTgV9p96 (0568b1da-f18c-46e8-a456-f61fd58b79bf)
2019-06-20 21:30:46.095 22705 RALLYDEBUG rally_openstack.cleanup.manager [-] Deleting neutron.port object s_rally_5fe38c1c_Lz5aEaWm (0d4ae0a4-d622-4b0a-9e6f-a154b5c46acb)
2019-06-20 21:30:46.120 22705 RALLYDEBUG rally_openstack.cleanup.manager [-] Deleting neutron.port object s_rally_5fe38c1c_PB3CMt3X (0e02c03d-0559-4ff2-bfb9-29362cda08ec)
2019-06-20 21:30:46.120 22705 RALLYDEBUG rally_openstack.cleanup.manager [-] Deleting neutron.port object s_rally_5fe38c1c_EHb23WJL (0d5a8753-2299-44a5-bb30-f828ac824638)
2019-06-20 21:30:46.141 22705 RALLYDEBUG rally_openstack.cleanup.manager [-] Deleting neutron.port object s_rally_5fe38c1c_3JEQjl9q (0eb6c260-54bf-4262-82f7-d65c76905496)
2019-06-20 21:30:46.164 22705 RALLYDEBUG rally_openstack.cleanup.manager [-] Deleting neutron.port object s_rally_5fe38c1c_a8oT1HAA (0f55f7b1-09b9-48be-8f8c-3d0bbfc10386)
2019-06-20 21:30:46.177 22705 RALLYDEBUG rally_openstack.cleanup.manager [-] Deleting neutron.port object s_rally_5fe38c1c_z5YkKWEp (0fdd379a-f109-4141-bdc6-dbbcbe98ab6e)
2019-06-20 21:30:46.187 22705 RALLYDEBUG rally_openstack.cleanup.manager [-] Deleting neutron.port object s_rally_5fe38c1c_ovjO7H2G (109e4a76-56a6-40e7-b0b0-9632af02d3ec)
2019-06-20 21:30:46.198 22705 RALLYDEBUG rally_openstack.cleanup.manager [-] Deleting neutron.port object s_rally_5fe38c1c_5Ds9TRCF (121b280e-f952-4fc4-bf5b-17d2bb689a3f)
2019-06-20 21:30:48.745 22705 RALLYDEBUG rally_openstack.cleanup.manager [-] Deleting neutron.port object s_rally_5fe38c1c_TZHNcOFz (17894769-c5cf-4ce5-b9fb-7fdae862b471)
2019-06-20 21:30:48.746 22705 RALLYDEBUG rally_openstack.cleanup.manager [-] Deleting neutron.port object s_rally_5fe38c1c_XiILERDB (14f194f1-a366-49b3-9916-a755cb7af800)
2019-06-20 21:30:48.747 22705 RALLYDEBUG rally_openstack.cleanup.manager [-] Deleting neutron.port object s_rally_5fe38c1c_6x2L1nAp (12ca3b5d-c622-4a2b-b8d6-bbb651dea5c9)
2019-06-20 21:30:48.787 22705 RALLYDEBUG rally_openstack.cleanup.manager [-] Deleting neutron.port object s_rally_5fe38c1c_SmuXivYa (18f54ed2-136e-42df-952a-cf898a6a1f2a)
2019-06-20 21:30:48.797 22705 RALLYDEBUG rally_openstack.cleanup.manager [-] Deleting neutron.port object s_rally_5fe38c1c_VILJ1NsH (1c79f7bc-a9d2-4a96-9e6d-222e65b5d72d)
2019-06-20 21:30:48.829 22705 RALLYDEBUG rally_openstack.cleanup.manager [-] Deleting neutron.port object s_rally_5fe38c1c_10ccdgJC (1c9f0eb1-e03e-404b-a87b-051dff11caab)
2019-06-20 21:30:48.850 22705 RALLYDEBUG rally_openstack.cleanup.manager [-] Deleting neutron.port object s_rally_5fe38c1c_Gi9ThNp6 (1cc490c6-c361-4aaf-9e7f-a76e41f06979)
2019-06-20 21:30:48.863 22705 RALLYDEBUG rally_openstack.cleanup.manager [-] Deleting neutron.port object s_rally_5fe38c1c_FS5XomgY (1df36c15-29ba-4cea-aea7-a7440e91fc0b)
2019-06-20 21:30:48.877 22705 RALLYDEBUG rally_openstack.cleanup.manager [-] Deleting neutron.port object s_rally_5fe38c1c_pB5GkVTN (1e46cb3d-63ca-485e-b6ad-253ca367b48a)
2019-06-20 21:30:48.984 22705 RALLYDEBUG rally_openstack.cleanup.manager [-] Deleting neutron.port object s_rally_5fe38c1c_aB4CfbRD (1f6fee46-5f28-4b2b-a3e2-2636a2322377)
2019-06-20 21:30:49.010 22705 RALLYDEBUG rally_openstack.cleanup.manager [-] Deleting neutron.port object s_rally_5fe38c1c_XSxuaVKo (1ff36f50-a9fe-4fd1-bef2-7a24436266ea)
2019-06-20 21:30:49.208 22705 RALLYDEBUG rally_openstack.cleanup.manager [-] Deleting neutron.port object s_rally_5fe38c1c_dpa1mDn2 (2086bc90-070d-4dde-9f82-642ce0d81bca)
2019-06-20 21:30:49.235 22705 RALLYDEBUG rally_openstack.cleanup.manager [-] Deleting neutron.port object s_rally_5fe38c1c_dZSCPcsM (2153831d-53b2-40bb-8bec-f6c8bc003c50)
2019-06-20 21:30:49.352 22705 RALLYDEBUG rally_openstack.cleanup.manager [-] Deleting neutron.port object s_rally_5fe38c1c_hIXoxHMH (24f6f87d-191e-491d-9cb5-5f4cbd09453b)
2019-06-20 21:30:49.355 22705 RALLYDEBUG rally_openstack.cleanup.manager [-] Deleting neutron.port object s_rally_5fe38c1c_jq1hIr5O (26d60e1a-dbce-4857-ac40-e4a9276704ca)
2019-06-20 21:30:49.385 22705 RALLYDEBUG rally_openstack.cleanup.manager [-] Deleting neutron.port object s_rally_5fe38c1c_UoF5935p (281e0cc6-d9a9-45e1-a088-ffdd57d0a1f6)
2019-06-20 21:30:49.388 22705 RALLYDEBUG rally_openstack.cleanup.manager [-] Deleting neutron.port object s_rally_5fe38c1c_Wh6gWZQi (270baea3-ccb1-4577-9923-2735780c6a11)
2019-06-20 21:30:49.470 22705 RALLYDEBUG rally_openstack.cleanup.manager [-] Deleting neutron.port object s_rally_5fe38c1c_vnHSKRNs (28b93c2a-f767-452f-9282-2f5279dbb131)
2019-06-20 21:30:49.620 22705 RALLYDEBUG rally_openstack.cleanup.manager [-] Deleting neutron.port object s_rally_5fe38c1c_KrCD2oii (2cd6f644-9fec-4b40-926d-718887b64e28)
2019-06-20 21:30:49.919 22705 RALLYDEBUG rally_openstack.cleanup.manager [-] Deleting neutron.port object s_rally_5fe38c1c_N5bW0tcL (2d609bf7-f702-4c46-a88f-18596645cf8c)
2019-06-20 21:30:51.079 22705 RALLYDEBUG rally_openstack.cleanup.manager [-] Deleting neutron.port object s_rally_5fe38c1c_qepSKvIM (2da36bb4-bf8a-4657-8158-81061c645290)
2019-06-20 21:30:51.199 22705 RALLYDEBUG rally_openstack.cleanup.manager [-] Deleting neutron.port object s_rally_5fe38c1c_i4389yXr (2dec34f5-81c4-4153-8dfe-57bb09765d2d)
2019-06-20 21:30:51.327 22705 RALLYDEBUG rally_openstack.cleanup.manager [-] Deleting neutron.port object s_rally_5fe38c1c_D9BawAHq (2f6ae158-5fd0-492e-920f-7342041b9a3d)
2019-06-20 21:30:51.383 22705 RALLYDEBUG rally_openstack.cleanup.manager [-] Deleting neutron.port object s_rally_5fe38c1c_IHi7Oe0m (334407db-ce3d-489e-9397-cc8d66bf9f1e)
2019-06-20 21:30:51.467 22705 RALLYDEBUG rally_openstack.cleanup.manager [-] Deleting neutron.port object s_rally_5fe38c1c_4BLdOQ9e (35b49505-fb14-4a5d-954e-f572fb6441e0)
2019-06-20 21:30:51.588 22705 RALLYDEBUG rally_openstack.cleanup.manager [-] Deleting neutron.port object s_rally_5fe38c1c_FHgZuplH (3779d042-feee-4625-9e2f-ad8f001acab5)
2019-06-20 21:30:51.618 22705 RALLYDEBUG rally_openstack.cleanup.manager [-] Deleting neutron.port object s_rally_5fe38c1c_dlk5yo41 (378f540e-140a-4fe3-a55d-3490bac14f68)
2019-06-20 21:30:51.731 22705 RALLYDEBUG rally_openstack.cleanup.manager [-] Deleting neutron.port object s_rally_5fe38c1c_vubSDY4f (3b182517-4fb3-489b-867e-4d07ff259708)
2019-06-20 21:30:51.733 22705 RALLYDEBUG rally_openstack.cleanup.manager [-] Deleting neutron.port object s_rally_5fe38c1c_xaKDpmG4 (3a4e5a1a-2419-4196-9518-06222a99fe04)
2019-06-20 21:30:51.735 22705 RALLYDEBUG rally_openstack.cleanup.manager [-] Deleting neutron.port object s_rally_5fe38c1c_jBTPRhFo (38251e5c-c4d3-4e2f-b5b9-ef16097992ad)
2019-06-20 21:30:51.736 22705 RALLYDEBUG rally_openstack.cleanup.manager [-] Deleting neutron.port object s_rally_5fe38c1c_Thwf1OIH (38a062b3-6805-4bf9-8e7b-e1733c8381b9)
2019-06-20 21:30:51.807 22705 RALLYDEBUG rally_openstack.cleanup.manager [-] Deleting neutron.port object s_rally_5fe38c1c_ZvGz8gk2 (3c1f8607-1136-4a24-9413-a6962b567622)
2019-06-20 21:30:51.845 22705 RALLYDEBUG rally_openstack.cleanup.manager [-] Deleting neutron.port object s_rally_5fe38c1c_CksKCWlS (3c3e2aa5-8012-4ea0-9c25-83a41838ab91)
2019-06-20 21:30:52.092 22705 RALLYDEBUG rally_openstack.cleanup.manager [-] Deleting neutron.port object s_rally_5fe38c1c_iDX6TLEL (3c3f10bf-b2b6-41f7-a69d-10e4793c8c45)
2019-06-20 21:30:52.151 22705 RALLYDEBUG rally_openstack.cleanup.manager [-] Deleting neutron.port object s_rally_5fe38c1c_aVhoozyV (3ec08864-b783-466c-ae7c-afad35968c48)
2019-06-20 21:30:52.195 22705 RALLYDEBUG rally_openstack.cleanup.manager [-] Deleting neutron.port object s_rally_5fe38c1c_FGAbWTXh (3fc9ddb3-8752-465e-bc6c-1e21cb5ea44f)
2019-06-20 21:30:52.244 22705 RALLYDEBUG rally_openstack.cleanup.manager [-] Deleting neutron.port object s_rally_5fe38c1c_31vyN2id (3fe2649f-e2fa-4c36-9c59-294ffd75e8ee)
2019-06-20 21:30:52.255 22705 RALLYDEBUG rally_openstack.cleanup.manager [-] Deleting neutron.port object s_rally_5fe38c1c_0WHJAr7L (3fe73236-c910-4b0f-b440-36a5f6879a9b)
2019-06-20 21:30:52.277 22705 RALLYDEBUG rally_openstack.cleanup.manager [-] Deleting neutron.port object s_rally_5fe38c1c_DDeHmlvl (40ad134a-f7e5-431b-ae58-d76208922ff2)
2019-06-20 21:30:52.390 22705 RALLYDEBUG rally_openstack.cleanup.manager [-] Deleting neutron.port object s_rally_5fe38c1c_8j7Tj3eH (40b4bb3c-cff6-4de0-b248-5037e03b6c01)
2019-06-20 21:30:53.416 22705 RALLYDEBUG rally_openstack.cleanup.manager [-] Deleting neutron.port object s_rally_5fe38c1c_WGPQVzHD (415143c1-60a7-4ad1-bb0e-6b30e73755c1)
2019-06-20 21:30:53.581 22705 RALLYDEBUG rally_openstack.cleanup.manager [-] Deleting neutron.port object s_rally_5fe38c1c_upIKPSJg (4284ed20-3ce0-43b8-9836-5237d2e1e56e)
2019-06-20 21:30:53.663 22705 RALLYDEBUG rally_openstack.cleanup.manager [-] Deleting neutron.port object s_rally_5fe38c1c_I32y0Dzd (442ffdea-aea9-4628-bb35-ac1f72c7061f)
2019-06-20 21:30:53.877 22705 RALLYDEBUG rally_openstack.cleanup.manager [-] Deleting neutron.port object s_rally_5fe38c1c_GLTWHCY8 (44844e47-2a31-4423-8518-6592885c42c4)
2019-06-20 21:30:53.896 22705 RALLYDEBUG rally_openstack.cleanup.manager [-] Deleting neutron.port object s_rally_5fe38c1c_OOVmjlCi (467da15b-f5a4-4912-9b7b-4a9840578b7e)
2019-06-20 21:30:54.211 22705 RALLYDEBUG rally_openstack.cleanup.manager [-] Deleting neutron.port object s_rally_5fe38c1c_2UJKczGb (485ebccf-d19a-4203-87f5-08c788124638)
2019-06-20 21:30:54.245 22705 RALLYDEBUG rally_openstack.cleanup.manager [-] Deleting neutron.port object s_rally_5fe38c1c_m5R59M6r (489c6cc6-1f04-4f86-9d25-f951e15937e2)
