2019-06-20 19:21:51.791 1842 INFO rally.task.engine [-] Running workload: position = 0 config = { "version": 2, "title": "A cropped version of a bigger task.", "description": "Auto-generated task from a single workload (uuid=f6bbdd38-a9b6-4e3d-ac1f-e053a9b1a36d)", "subtasks": [ { "title": "CinderVolumes.create_volume", "description": "Create a volume.", "scenario": { "CinderVolumes.create_volume": { "size": 1 } }, "contexts": { "users": { "tenants": 3, "users_per_tenant": 2 }, "api_versions": { "cinder": { "version": 3, "service_type": "volumev3" } } }, "runner": { "constant": { "concurrency": 4, "times": 10 } }, "hooks": [], "sla": { "failure_rate": { "max": 0 } } } ] }
2019-06-20 19:21:51.815 1842 RALLYDEBUG rally_openstack.contexts.keystone.users [-] Creating 3 tenants using 20 threads
2019-06-20 19:21:53.741 1842 RALLYDEBUG rally_openstack.contexts.keystone.users [-] Creating 6 users using 20 threads
2019-06-20 19:21:56.773 1842 INFO rally.task.context [-] Task a8e0948b-f73f-4ef0-9730-b94fca06ac67 | Context users@openstack setup() finished in 4.96 sec
2019-06-20 19:21:57.208 1842 INFO rally.task.context [-] Task a8e0948b-f73f-4ef0-9730-b94fca06ac67 | Context api_versions@openstack setup() finished in 0.43 sec
2019-06-20 19:21:57.209 1842 INFO rally.task.context [-] Task a8e0948b-f73f-4ef0-9730-b94fca06ac67 | Context cleanup@openstack setup() finished in 0.01 msec
2019-06-20 19:21:57.216 1842 RALLYDEBUG rally.task.runner [-] Starting the constant runner (task UUID: a8e0948b-f73f-4ef0-9730-b94fca06ac67). timeout: 0 concurrency: 4 concurrency_per_worker: 1 times: 10 concurrency_overhead: 0 processes_to_start: 4 max_cpu_used: 16
2019-06-20 19:21:57.226 3474 RALLYDEBUG rally.task.runner [-] Starting a worker. concurrency: 1 args: {"size": 1} times: 10 method_name: run timeout: 0 duration: None cls:
2019-06-20 19:21:57.231 3474 INFO rally.task.runner [-] Task a8e0948b-f73f-4ef0-9730-b94fca06ac67 | ITER: 1 START
2019-06-20 19:21:57.231 3475 RALLYDEBUG rally.task.runner [-] Starting a worker. concurrency: 1 args: {"size": 1} times: 10 method_name: run timeout: 0 duration: None cls:
2019-06-20 19:21:57.234 3479 RALLYDEBUG rally.task.runner [-] Starting a worker. concurrency: 1 args: {"size": 1} times: 10 method_name: run timeout: 0 duration: None cls:
2019-06-20 19:21:57.234 3476 RALLYDEBUG rally.task.runner [-] Starting a worker. concurrency: 1 args: {"size": 1} times: 10 method_name: run timeout: 0 duration: None cls:
2019-06-20 19:21:57.239 3475 INFO rally.task.runner [-] Task a8e0948b-f73f-4ef0-9730-b94fca06ac67 | ITER: 2 START
2019-06-20 19:21:57.239 3479 INFO rally.task.runner [-] Task a8e0948b-f73f-4ef0-9730-b94fca06ac67 | ITER: 3 START
2019-06-20 19:21:57.241 3476 INFO rally.task.runner [-] Task a8e0948b-f73f-4ef0-9730-b94fca06ac67 | ITER: 4 START
2019-06-20 19:22:00.898 3475 INFO rally.task.runner [-] Task a8e0948b-f73f-4ef0-9730-b94fca06ac67 | ITER: 2 END: OK
2019-06-20 19:22:00.904 3475 INFO rally.task.runner [-] Task a8e0948b-f73f-4ef0-9730-b94fca06ac67 | ITER: 5 START
2019-06-20 19:22:00.926 3474 INFO rally.task.runner [-] Task a8e0948b-f73f-4ef0-9730-b94fca06ac67 | ITER: 1 END: OK
2019-06-20 19:22:00.931 3474 INFO rally.task.runner [-] Task a8e0948b-f73f-4ef0-9730-b94fca06ac67 | ITER: 6 START
2019-06-20 19:22:01.073 3476 INFO rally.task.runner [-] Task a8e0948b-f73f-4ef0-9730-b94fca06ac67 | ITER: 4 END: OK
2019-06-20 19:22:01.077 3476 INFO rally.task.runner [-] Task a8e0948b-f73f-4ef0-9730-b94fca06ac67 | ITER: 7 START
2019-06-20 19:22:01.135 3479 INFO rally.task.runner [-] Task a8e0948b-f73f-4ef0-9730-b94fca06ac67 | ITER: 3 END: OK
2019-06-20 19:22:01.140 3479 INFO rally.task.runner [-] Task a8e0948b-f73f-4ef0-9730-b94fca06ac67 | ITER: 8 START
2019-06-20 19:22:04.547 3475 INFO rally.task.runner [-] Task a8e0948b-f73f-4ef0-9730-b94fca06ac67 | ITER: 5 END: OK
2019-06-20 19:22:04.552 3475 INFO rally.task.runner [-] Task a8e0948b-f73f-4ef0-9730-b94fca06ac67 | ITER: 9 START
2019-06-20 19:22:04.612 3474 INFO rally.task.runner [-] Task a8e0948b-f73f-4ef0-9730-b94fca06ac67 | ITER: 6 END: OK
2019-06-20 19:22:04.616 3474 INFO rally.task.runner [-] Task a8e0948b-f73f-4ef0-9730-b94fca06ac67 | ITER: 10 START
2019-06-20 19:22:04.654 3479 INFO rally.task.runner [-] Task a8e0948b-f73f-4ef0-9730-b94fca06ac67 | ITER: 8 END: OK
2019-06-20 19:22:04.886 3476 INFO rally.task.runner [-] Task a8e0948b-f73f-4ef0-9730-b94fca06ac67 | ITER: 7 END: OK
2019-06-20 19:22:08.361 3474 INFO rally.task.runner [-] Task a8e0948b-f73f-4ef0-9730-b94fca06ac67 | ITER: 10 END: OK
2019-06-20 19:22:08.477 3475 INFO rally.task.runner [-] Task a8e0948b-f73f-4ef0-9730-b94fca06ac67 | ITER: 9 END: OK
2019-06-20 19:22:08.506 1842 INFO rally.task.context [-] Task a8e0948b-f73f-4ef0-9730-b94fca06ac67 | Context cleanup@openstack cleanup() started
2019-06-20 19:22:08.508 1842 RALLYDEBUG rally_openstack.cleanup.manager [-] Cleaning up cinder backups objects
2019-06-20 19:22:10.695 1842 RALLYDEBUG rally_openstack.cleanup.manager [-] Cleaning up cinder volume_snapshots objects
2019-06-20 19:22:12.925 1842 RALLYDEBUG rally_openstack.cleanup.manager [-] Cleaning up cinder transfers objects
2019-06-20 19:22:15.074 1842 RALLYDEBUG rally_openstack.cleanup.manager [-] Cleaning up cinder volumes objects
2019-06-20 19:22:17.634 1842 RALLYDEBUG rally_openstack.cleanup.manager [-] Deleting cinder.volumes object s_rally_f6bbdd38_Q36t41p7 (76ab7501-501c-4ae5-a303-3bfb2361f26d)
2019-06-20 19:22:17.636 1842 RALLYDEBUG rally_openstack.cleanup.manager [-] Deleting cinder.volumes object s_rally_f6bbdd38_LtrPw5o1 (8d7675f1-7efe-45d4-b848-411be1a438a6)
2019-06-20 19:22:17.640 1842 RALLYDEBUG rally_openstack.cleanup.manager [-] Deleting cinder.volumes object s_rally_f6bbdd38_xwzY8TzN (61fb21e1-ddc0-4b06-8dfe-78db3a6888f1)
2019-06-20 19:22:17.641 1842 RALLYDEBUG rally_openstack.cleanup.manager [-] Deleting cinder.volumes object s_rally_f6bbdd38_QhdG9Eot (9d4c2b8c-b5ef-4ba9-92e5-613ba59f9329)
2019-06-20 19:22:17.644 1842 RALLYDEBUG rally_openstack.cleanup.manager [-] Deleting cinder.volumes object s_rally_f6bbdd38_sWUvAH1n (dcd00926-bb2e-47f6-9e13-22b2783524fa)
2019-06-20 19:22:17.656 1842 RALLYDEBUG rally_openstack.cleanup.manager [-] Deleting cinder.volumes object s_rally_f6bbdd38_x2k5ljyU (0d503c0b-bea6-4a35-bd3e-1ce6f5ade3cf)
2019-06-20 19:22:17.665 1842 RALLYDEBUG rally_openstack.cleanup.manager [-] Deleting cinder.volumes object s_rally_f6bbdd38_vlwl4cv1 (8f76fd45-0004-4d0e-8dbc-a5368358f3ff)
2019-06-20 19:22:17.666 1842 RALLYDEBUG rally_openstack.cleanup.manager [-] Deleting cinder.volumes object s_rally_f6bbdd38_bP5qOH1J (92ca43a8-dd59-43e9-94dc-7b03bf4dc76c)
2019-06-20 19:22:17.674 1842 RALLYDEBUG rally_openstack.cleanup.manager [-] Deleting cinder.volumes object s_rally_f6bbdd38_nq0fw6Y9 (b66e2ba4-59c9-4f57-9614-40ae1ae87be6)
2019-06-20 19:22:17.675 1842 RALLYDEBUG rally_openstack.cleanup.manager [-] Deleting cinder.volumes object s_rally_f6bbdd38_oitQ2VAn (9b97d093-e762-4a0a-a68b-f2de2b750224)
2019-06-20 19:22:22.794 1842 INFO rally.task.context [-] Task a8e0948b-f73f-4ef0-9730-b94fca06ac67 | Context cleanup@openstack cleanup() finished in 14.29 sec
2019-06-20 19:22:22.795 1842 INFO rally.task.context [-] Task a8e0948b-f73f-4ef0-9730-b94fca06ac67 | Context api_versions@openstack cleanup() started
2019-06-20 19:22:22.795 1842 INFO rally.task.context [-] Task a8e0948b-f73f-4ef0-9730-b94fca06ac67 | Context api_versions@openstack cleanup() finished in 0.36 msec
2019-06-20 19:22:22.796 1842 INFO rally.task.context [-] Task a8e0948b-f73f-4ef0-9730-b94fca06ac67 | Context users@openstack cleanup() started
2019-06-20 19:22:30.866 1842 INFO rally.task.context [-] Task a8e0948b-f73f-4ef0-9730-b94fca06ac67 | Context users@openstack cleanup() finished in 8.07 sec
2019-06-20 19:22:31.978 1842 INFO rally.task.engine [-] Load duration is: 11.243605
2019-06-20 19:22:31.978 1842 INFO rally.task.engine [-] Full runner duration is: 11.289887
2019-06-20 19:22:31.978 1842 INFO rally.task.engine [-] Full duration is: 39.0542
2019-06-20 19:22:32.162 1842 INFO rally.task.engine [-] Running workload: position = 1 config = { "version": 2, "title": "A cropped version of a bigger task.", "description": "Auto-generated task from a single workload (uuid=753f6b5a-b72c-4ec2-8927-8c0c5ebbde2f)", "subtasks": [ { "title": "CinderVolumes.create_volume", "description": "Create a volume.", "scenario": { "CinderVolumes.create_volume": { "size": { "min": 1, "max": 1 } } }, "contexts": { "users": { "tenants": 3, "users_per_tenant": 2 }, "quotas": { "cinder": { "gigabytes": -1, "snapshots": -1, "volumes": -1 } }, "api_versions": { "cinder": { "version": 3, "service_type": "volumev3" } } }, "runner": { "constant": { "concurrency": 4, "times": 10 } }, "hooks": [], "sla": { "failure_rate": { "max": 0 } } } ] }
2019-06-20 19:22:32.183 1842 RALLYDEBUG rally_openstack.contexts.keystone.users [-] Creating 3 tenants using 20 threads
2019-06-20 19:22:34.118 1842 RALLYDEBUG rally_openstack.contexts.keystone.users [-] Creating 6 users using 20 threads
2019-06-20 19:22:37.015 1842 INFO rally.task.context [-] Task a8e0948b-f73f-4ef0-9730-b94fca06ac67 | Context users@openstack setup() finished in 4.83 sec
2019-06-20 19:22:37.448 1842 INFO rally.task.context [-] Task a8e0948b-f73f-4ef0-9730-b94fca06ac67 | Context api_versions@openstack setup() finished in 0.43 sec
2019-06-20 19:22:39.270 1842 INFO rally.task.context [-] Task a8e0948b-f73f-4ef0-9730-b94fca06ac67 | Context quotas@openstack setup() finished in 1.82 sec
2019-06-20 19:22:39.271 1842 INFO rally.task.context [-] Task a8e0948b-f73f-4ef0-9730-b94fca06ac67 | Context cleanup@openstack setup() finished in 0.01 msec
2019-06-20 19:22:39.278 1842 RALLYDEBUG rally.task.runner [-] Starting the constant runner (task UUID: a8e0948b-f73f-4ef0-9730-b94fca06ac67). timeout: 0 concurrency: 4 concurrency_per_worker: 1 times: 10 concurrency_overhead: 0 processes_to_start: 4 max_cpu_used: 16
2019-06-20 19:22:39.291 3658 RALLYDEBUG rally.task.runner [-] Starting a worker. concurrency: 1 args: {"size": {"min": 1, "max": 1}} times: 10 method_name: run timeout: 0 duration: None cls:
2019-06-20 19:22:39.294 3659 RALLYDEBUG rally.task.runner [-] Starting a worker. concurrency: 1 args: {"size": {"min": 1, "max": 1}} times: 10 method_name: run timeout: 0 duration: None cls:
2019-06-20 19:22:39.297 3660 RALLYDEBUG rally.task.runner [-] Starting a worker. concurrency: 1 args: {"size": {"min": 1, "max": 1}} times: 10 method_name: run timeout: 0 duration: None cls:
2019-06-20 19:22:39.300 3661 RALLYDEBUG rally.task.runner [-] Starting a worker. concurrency: 1 args: {"size": {"min": 1, "max": 1}} times: 10 method_name: run timeout: 0 duration: None cls:
2019-06-20 19:22:39.302 3659 INFO rally.task.runner [-] Task a8e0948b-f73f-4ef0-9730-b94fca06ac67 | ITER: 2 START
2019-06-20 19:22:39.303 3658 INFO rally.task.runner [-] Task a8e0948b-f73f-4ef0-9730-b94fca06ac67 | ITER: 1 START
2019-06-20 19:22:39.306 3660 INFO rally.task.runner [-] Task a8e0948b-f73f-4ef0-9730-b94fca06ac67 | ITER: 3 START
2019-06-20 19:22:39.307 3661 INFO rally.task.runner [-] Task a8e0948b-f73f-4ef0-9730-b94fca06ac67 | ITER: 4 START
2019-06-20 19:22:42.939 3658 INFO rally.task.runner [-] Task a8e0948b-f73f-4ef0-9730-b94fca06ac67 | ITER: 1 END: OK
2019-06-20 19:22:42.945 3658 INFO rally.task.runner [-] Task a8e0948b-f73f-4ef0-9730-b94fca06ac67 | ITER: 5 START
2019-06-20 19:22:42.973 3661 INFO rally.task.runner [-] Task a8e0948b-f73f-4ef0-9730-b94fca06ac67 | ITER: 4 END: OK
2019-06-20 19:22:42.979 3661 INFO rally.task.runner [-] Task a8e0948b-f73f-4ef0-9730-b94fca06ac67 | ITER: 6 START
2019-06-20 19:22:43.045 3659 INFO rally.task.runner [-] Task a8e0948b-f73f-4ef0-9730-b94fca06ac67 | ITER: 2 END: OK
2019-06-20 19:22:43.051 3659 INFO rally.task.runner [-] Task a8e0948b-f73f-4ef0-9730-b94fca06ac67 | ITER: 7 START
2019-06-20 19:22:43.126 3660 INFO rally.task.runner [-] Task a8e0948b-f73f-4ef0-9730-b94fca06ac67 | ITER: 3 END: OK
2019-06-20 19:22:43.131 3660 INFO rally.task.runner [-] Task a8e0948b-f73f-4ef0-9730-b94fca06ac67 | ITER: 8 START
2019-06-20 19:22:46.600 3658 INFO rally.task.runner [-] Task a8e0948b-f73f-4ef0-9730-b94fca06ac67 | ITER: 5 END: OK
2019-06-20 19:22:46.605 3658 INFO rally.task.runner [-] Task a8e0948b-f73f-4ef0-9730-b94fca06ac67 | ITER: 9 START
2019-06-20 19:22:46.702 3659 INFO rally.task.runner [-] Task a8e0948b-f73f-4ef0-9730-b94fca06ac67 | ITER: 7 END: OK
2019-06-20 19:22:46.707 3659 INFO rally.task.runner [-] Task a8e0948b-f73f-4ef0-9730-b94fca06ac67 | ITER: 10 START
2019-06-20 19:22:46.762 3661 INFO rally.task.runner [-] Task a8e0948b-f73f-4ef0-9730-b94fca06ac67 | ITER: 6 END: OK
2019-06-20 19:22:46.835 3660 INFO rally.task.runner [-] Task a8e0948b-f73f-4ef0-9730-b94fca06ac67 | ITER: 8 END: OK
2019-06-20 19:22:50.206 3658 INFO rally.task.runner [-] Task a8e0948b-f73f-4ef0-9730-b94fca06ac67 | ITER: 9 END: OK
2019-06-20 19:22:50.261 3659 INFO rally.task.runner [-] Task a8e0948b-f73f-4ef0-9730-b94fca06ac67 | ITER: 10 END: OK
2019-06-20 19:22:50.281 1842 INFO rally.task.context [-] Task a8e0948b-f73f-4ef0-9730-b94fca06ac67 | Context cleanup@openstack cleanup() started
2019-06-20 19:22:50.283 1842 RALLYDEBUG rally_openstack.cleanup.manager [-] Cleaning up cinder backups objects
2019-06-20 19:22:52.452 1842 RALLYDEBUG rally_openstack.cleanup.manager [-] Cleaning up cinder volume_snapshots objects
2019-06-20 19:22:54.728 1842 RALLYDEBUG rally_openstack.cleanup.manager [-] Cleaning up cinder transfers objects
2019-06-20 19:22:56.902 1842 RALLYDEBUG rally_openstack.cleanup.manager [-] Cleaning up cinder volumes objects
2019-06-20 19:22:59.245 1842 RALLYDEBUG rally_openstack.cleanup.manager [-] Deleting cinder.volumes object s_rally_753f6b5a_6RFyFSV3 (81c03079-f7e5-406f-b52c-61e7eaab2039)
2019-06-20 19:22:59.250 1842 RALLYDEBUG rally_openstack.cleanup.manager [-] Deleting cinder.volumes object s_rally_753f6b5a_KULjppDl (8f003a46-b4bd-415b-a4e4-753f8cfddde4)
2019-06-20 19:22:59.250 1842 RALLYDEBUG rally_openstack.cleanup.manager [-] Deleting cinder.volumes object s_rally_753f6b5a_4D3uAPBs (61174205-b7d1-459e-afab-a56b4c3c315d)
2019-06-20 19:22:59.251 1842 RALLYDEBUG rally_openstack.cleanup.manager [-] Deleting cinder.volumes object s_rally_753f6b5a_VsgM8C84 (238de03f-18d2-40e3-91e0-18e1a2cc5f2a)
2019-06-20 19:22:59.257 1842 RALLYDEBUG rally_openstack.cleanup.manager [-] Deleting cinder.volumes object s_rally_753f6b5a_sTFjlqg5 (f7a0d215-dd3f-4a90-b459-c63ac9bc025c)
2019-06-20 19:22:59.265 1842 RALLYDEBUG rally_openstack.cleanup.manager [-] Deleting cinder.volumes object s_rally_753f6b5a_Lgo9J2Wj (07069dce-3518-4b55-a2e8-5d309ea26f7d)
2019-06-20 19:22:59.273 1842 RALLYDEBUG rally_openstack.cleanup.manager [-] Deleting cinder.volumes object s_rally_753f6b5a_GOwBEXyb (392d5063-7252-48b9-96a6-c6bed47b4c9f)
2019-06-20 19:22:59.276 1842 RALLYDEBUG rally_openstack.cleanup.manager [-] Deleting cinder.volumes object s_rally_753f6b5a_7I7ZjQF5 (b6f6604c-7ef8-4734-a93e-53dbd2f4691a)
2019-06-20 19:22:59.281 1842 RALLYDEBUG rally_openstack.cleanup.manager [-] Deleting cinder.volumes object s_rally_753f6b5a_bpz4Y66e (88582c45-dd5d-4568-8d27-0a9a5d8ca6b3)
2019-06-20 19:22:59.286 1842 RALLYDEBUG rally_openstack.cleanup.manager [-] Deleting cinder.volumes object s_rally_753f6b5a_kvLodrdv (a97d03f0-2cf7-4143-b3b5-25b6c709e12b)
2019-06-20 19:23:04.231 1842 INFO rally.task.context [-] Task a8e0948b-f73f-4ef0-9730-b94fca06ac67 | Context cleanup@openstack cleanup() finished in 13.95 sec
2019-06-20 19:23:04.232 1842 INFO rally.task.context [-] Task a8e0948b-f73f-4ef0-9730-b94fca06ac67 | Context quotas@openstack cleanup() started
2019-06-20 19:23:04.852 1842 INFO rally.task.context [-] Task a8e0948b-f73f-4ef0-9730-b94fca06ac67 | Context quotas@openstack cleanup() finished in 0.62 sec
2019-06-20 19:23:04.852 1842 INFO rally.task.context [-] Task a8e0948b-f73f-4ef0-9730-b94fca06ac67 | Context api_versions@openstack cleanup() started
2019-06-20 19:23:04.853 1842 INFO rally.task.context [-] Task a8e0948b-f73f-4ef0-9730-b94fca06ac67 | Context api_versions@openstack cleanup() finished in 0.32 msec
2019-06-20 19:23:04.853 1842 INFO rally.task.context [-] Task a8e0948b-f73f-4ef0-9730-b94fca06ac67 | Context users@openstack cleanup() started
2019-06-20 19:23:12.804 1842 INFO rally.task.context [-] Task a8e0948b-f73f-4ef0-9730-b94fca06ac67 | Context users@openstack cleanup() finished in 7.95 sec
2019-06-20 19:23:14.350 1842 INFO rally.task.engine [-] Load duration is: 10.955871
2019-06-20 19:23:14.350 1842 INFO rally.task.engine [-] Full runner duration is: 11.002533
2019-06-20 19:23:14.350 1842 INFO rally.task.engine [-] Full duration is: 40.624067
2019-06-20 19:23:14.573 1842 INFO rally.task.engine [-] Running workload: position = 0 config = { "version": 2, "title": "A cropped version of a bigger task.", "description": "Auto-generated task from a single workload (uuid=dcbeee3d-a3d9-4c18-8424-8cfd55a985c4)", "subtasks": [ { "title": "CinderVolumes.list_volumes", "description": "List all volumes.", "scenario": { "CinderVolumes.list_volumes": { "detailed": true } }, "contexts": { "users": { "tenants": 3, "users_per_tenant": 2 }, "quotas": { "cinder": { "gigabytes": -1, "snapshots": -1, "volumes": -1 } }, "api_versions": { "cinder": { "version": 3, "service_type": "volumev3" } }, "volumes": { "size": 1, "volumes_per_tenant": 4 } }, "runner": { "constant": { "concurrency": 4, "times": 10 } }, "hooks": [], "sla": { "failure_rate": { "max": 0 } } } ] }
2019-06-20 19:23:14.598 1842 RALLYDEBUG rally_openstack.contexts.keystone.users [-] Creating 3 tenants using 20 threads
2019-06-20 19:23:16.447 1842 RALLYDEBUG rally_openstack.contexts.keystone.users [-] Creating 6 users using 20 threads
2019-06-20 19:23:19.317 1842 INFO rally.task.context [-] Task a8e0948b-f73f-4ef0-9730-b94fca06ac67 | Context users@openstack setup() finished in 4.72 sec
2019-06-20 19:23:19.752 1842 INFO rally.task.context [-] Task a8e0948b-f73f-4ef0-9730-b94fca06ac67 | Context api_versions@openstack setup() finished in 0.43 sec
2019-06-20 19:23:21.411 1842 INFO rally.task.context [-] Task a8e0948b-f73f-4ef0-9730-b94fca06ac67 | Context quotas@openstack setup() finished in 1.66 sec
2019-06-20 19:24:00.395 1842 INFO rally.task.context [-] Task a8e0948b-f73f-4ef0-9730-b94fca06ac67 | Context volumes@openstack setup() finished in 38.98 sec
2019-06-20 19:24:00.404 1842 RALLYDEBUG rally.task.runner [-] Starting the constant runner (task UUID: a8e0948b-f73f-4ef0-9730-b94fca06ac67). timeout: 0 concurrency: 4 concurrency_per_worker: 1 times: 10 concurrency_overhead: 0 processes_to_start: 4 max_cpu_used: 16
2019-06-20 19:24:00.415 3842 RALLYDEBUG rally.task.runner [-] Starting a worker. concurrency: 1 args: {"detailed": true} times: 10 method_name: run timeout: 0 duration: None cls:
2019-06-20 19:24:00.420 3843 RALLYDEBUG rally.task.runner [-] Starting a worker. concurrency: 1 args: {"detailed": true} times: 10 method_name: run timeout: 0 duration: None cls:
2019-06-20 19:24:00.420 3844 RALLYDEBUG rally.task.runner [-] Starting a worker. concurrency: 1 args: {"detailed": true} times: 10 method_name: run timeout: 0 duration: None cls:
2019-06-20 19:24:00.421 3842 INFO rally.task.runner [-] Task a8e0948b-f73f-4ef0-9730-b94fca06ac67 | ITER: 1 START
2019-06-20 19:24:00.425 3845 RALLYDEBUG rally.task.runner [-] Starting a worker. concurrency: 1 args: {"detailed": true} times: 10 method_name: run timeout: 0 duration: None cls:
2019-06-20 19:24:00.426 3844 INFO rally.task.runner [-] Task a8e0948b-f73f-4ef0-9730-b94fca06ac67 | ITER: 3 START
2019-06-20 19:24:00.427 3843 INFO rally.task.runner [-] Task a8e0948b-f73f-4ef0-9730-b94fca06ac67 | ITER: 2 START
2019-06-20 19:24:00.433 3845 INFO rally.task.runner [-] Task a8e0948b-f73f-4ef0-9730-b94fca06ac67 | ITER: 4 START
2019-06-20 19:24:01.220 3843 INFO rally.task.runner [-] Task a8e0948b-f73f-4ef0-9730-b94fca06ac67 | ITER: 2 END: OK
2019-06-20 19:24:01.221 3842 INFO rally.task.runner [-] Task a8e0948b-f73f-4ef0-9730-b94fca06ac67 | ITER: 1 END: OK
2019-06-20 19:24:01.222 3844 INFO rally.task.runner [-] Task a8e0948b-f73f-4ef0-9730-b94fca06ac67 | ITER: 3 END: OK
2019-06-20 19:24:01.227 3844 INFO rally.task.runner [-] Task a8e0948b-f73f-4ef0-9730-b94fca06ac67 | ITER: 7 START
2019-06-20 19:24:01.229 3843 INFO rally.task.runner [-] Task a8e0948b-f73f-4ef0-9730-b94fca06ac67 | ITER: 5 START
2019-06-20 19:24:01.229 3842 INFO rally.task.runner [-] Task a8e0948b-f73f-4ef0-9730-b94fca06ac67 | ITER: 6 START
2019-06-20 19:24:01.236 3845 INFO rally.task.runner [-] Task a8e0948b-f73f-4ef0-9730-b94fca06ac67 | ITER: 4 END: OK
2019-06-20 19:24:01.243 3845 INFO rally.task.runner [-] Task a8e0948b-f73f-4ef0-9730-b94fca06ac67 | ITER: 8 START
2019-06-20 19:24:01.927 3842 INFO rally.task.runner [-] Task a8e0948b-f73f-4ef0-9730-b94fca06ac67 | ITER: 6 END: OK
2019-06-20 19:24:01.928 3844 INFO rally.task.runner [-] Task a8e0948b-f73f-4ef0-9730-b94fca06ac67 | ITER: 7 END: OK
2019-06-20 19:24:01.932 3842 INFO rally.task.runner [-] Task a8e0948b-f73f-4ef0-9730-b94fca06ac67 | ITER: 9 START
2019-06-20 19:24:01.933 3844 INFO rally.task.runner [-] Task a8e0948b-f73f-4ef0-9730-b94fca06ac67 | ITER: 10 START
2019-06-20 19:24:02.027 3845 INFO rally.task.runner [-] Task a8e0948b-f73f-4ef0-9730-b94fca06ac67 | ITER: 8 END: OK
2019-06-20 19:24:02.044 3843 INFO rally.task.runner [-] Task a8e0948b-f73f-4ef0-9730-b94fca06ac67 | ITER: 5 END: OK
2019-06-20 19:24:02.746 3842 INFO rally.task.runner [-] Task a8e0948b-f73f-4ef0-9730-b94fca06ac67 | ITER: 9 END: OK
2019-06-20 19:24:02.835 3844 INFO rally.task.runner [-] Task a8e0948b-f73f-4ef0-9730-b94fca06ac67 | ITER: 10 END: OK
2019-06-20 19:24:02.859 1842 INFO rally.task.context [-] Task a8e0948b-f73f-4ef0-9730-b94fca06ac67 | Context volumes@openstack cleanup() started
2019-06-20 19:24:02.860 1842 RALLYDEBUG rally_openstack.cleanup.manager [-] Cleaning up cinder volumes objects
2019-06-20 19:24:05.121 1842 RALLYDEBUG rally_openstack.cleanup.manager [-] Deleting cinder.volumes object c_rally_dcbeee3d_O5dDlssJ (bd987da4-d1f4-4155-9071-db82ebe0b0e4)
2019-06-20 19:24:05.125 1842 RALLYDEBUG rally_openstack.cleanup.manager [-] Deleting cinder.volumes object c_rally_dcbeee3d_qeATwVBM (21d632cf-c265-4737-973f-b66c506f8596)
2019-06-20 19:24:05.127 1842 RALLYDEBUG rally_openstack.cleanup.manager [-] Deleting cinder.volumes object c_rally_dcbeee3d_DMXqDMQt (4fdfd751-f2fb-4b8e-9f16-769d5ab271a8)
2019-06-20 19:24:05.130 1842 RALLYDEBUG rally_openstack.cleanup.manager [-] Deleting cinder.volumes object c_rally_dcbeee3d_rC6R2gtK (fc55642f-d9c6-4192-8a2d-454eb674aa59)
2019-06-20 19:24:05.140 1842 RALLYDEBUG rally_openstack.cleanup.manager [-] Deleting cinder.volumes object c_rally_dcbeee3d_IisEdGSm (49e070fa-ea7f-4360-9da6-98f45343a182)
2019-06-20 19:24:05.141 1842 RALLYDEBUG rally_openstack.cleanup.manager [-] Deleting cinder.volumes object c_rally_dcbeee3d_gfDBOIhp (6e17816f-2557-4665-9a4e-4c53dd3e11ae)
2019-06-20 19:24:05.145 1842 RALLYDEBUG rally_openstack.cleanup.manager [-] Deleting cinder.volumes object c_rally_dcbeee3d_iXLmgVA8 (b8a6836b-6d60-430d-bcba-f6afcbfe4a82)
2019-06-20 19:24:05.146 1842 RALLYDEBUG rally_openstack.cleanup.manager [-] Deleting cinder.volumes object c_rally_dcbeee3d_cqAk5r8B (9e17fac5-cff9-410f-a480-cb18a923b918)
2019-06-20 19:24:05.148 1842 RALLYDEBUG rally_openstack.cleanup.manager [-] Deleting cinder.volumes object c_rally_dcbeee3d_LVLzKgOF (107a65dc-7d5b-4631-8f55-ad99d7fe6521)
2019-06-20 19:24:05.154 1842 RALLYDEBUG rally_openstack.cleanup.manager [-] Deleting cinder.volumes object c_rally_dcbeee3d_8sERtOrt (b12da833-809e-447b-967a-95e27c505b90)
2019-06-20 19:24:05.163 1842 RALLYDEBUG rally_openstack.cleanup.manager [-] Deleting cinder.volumes object c_rally_dcbeee3d_zQNc3m2Z (a44bce92-45d1-4204-b1a5-310cb0c438a2)
2019-06-20 19:24:05.188 1842 RALLYDEBUG rally_openstack.cleanup.manager [-] Deleting cinder.volumes object c_rally_dcbeee3d_2psdvoKr (a451c678-007b-4966-8654-9f07b620c1d3)
2019-06-20 19:24:10.615 1842 INFO rally.task.context [-] Task a8e0948b-f73f-4ef0-9730-b94fca06ac67 | Context volumes@openstack cleanup() finished in 7.76 sec
2019-06-20 19:24:10.615 1842 INFO rally.task.context [-] Task a8e0948b-f73f-4ef0-9730-b94fca06ac67 | Context quotas@openstack cleanup() started
2019-06-20 19:24:11.415 1842 INFO rally.task.context [-] Task a8e0948b-f73f-4ef0-9730-b94fca06ac67 | Context quotas@openstack cleanup() finished in 0.80 sec
2019-06-20 19:24:11.415 1842 INFO rally.task.context [-] Task a8e0948b-f73f-4ef0-9730-b94fca06ac67 | Context api_versions@openstack cleanup() started
2019-06-20 19:24:11.416 1842 INFO rally.task.context [-] Task a8e0948b-f73f-4ef0-9730-b94fca06ac67 | Context api_versions@openstack cleanup() finished in 0.32 msec
2019-06-20 19:24:11.416 1842 INFO rally.task.context [-] Task a8e0948b-f73f-4ef0-9730-b94fca06ac67 | Context users@openstack cleanup() started
2019-06-20 19:24:19.444 1842 INFO rally.task.context [-] Task a8e0948b-f73f-4ef0-9730-b94fca06ac67 | Context users@openstack cleanup() finished in 8.03 sec
2019-06-20 19:24:20.868 1842 INFO rally.task.engine [-] Load duration is: 2.410035
2019-06-20 19:24:20.868 1842 INFO rally.task.engine [-] Full runner duration is: 2.45711
2019-06-20 19:24:20.869 1842 INFO rally.task.engine [-] Full duration is: 64.849006
2019-06-20 19:24:21.114 1842 INFO rally.task.engine [-] Running workload: position = 0 config = { "version": 2, "title": "A cropped version of a bigger task.", "description": "Auto-generated task from a single workload (uuid=4e8bdfc8-60eb-43ac-ac20-143ff0947df6)", "subtasks": [ { "title": "CinderVolumes.create_and_delete_snapshot", "description": "Create and then delete a volume-snapshot.", "scenario": { "CinderVolumes.create_and_delete_snapshot": { "force": false } }, "contexts": { "users": { "tenants": 3, "users_per_tenant": 2 }, "quotas": { "cinder": { "gigabytes": -1, "snapshots": -1, "volumes": -1 } }, "api_versions": { "cinder": { "version": 3, "service_type": "volumev3" } }, "volumes": { "size": 1, "volumes_per_tenant": 1 } }, "runner": { "constant": { "concurrency": 4, "times": 10 } }, "hooks": [], "sla": { "failure_rate": { "max": 0 } } } ] }
2019-06-20 19:24:21.138 1842 RALLYDEBUG rally_openstack.contexts.keystone.users [-] Creating 3 tenants using 20 threads
2019-06-20 19:24:23.040 1842 RALLYDEBUG rally_openstack.contexts.keystone.users [-] Creating 6 users using 20 threads
2019-06-20 19:24:25.850 1842 INFO rally.task.context [-] Task a8e0948b-f73f-4ef0-9730-b94fca06ac67 | Context users@openstack setup() finished in 4.71 sec
2019-06-20 19:24:26.290 1842 INFO rally.task.context [-] Task a8e0948b-f73f-4ef0-9730-b94fca06ac67 | Context api_versions@openstack setup() finished in 0.44 sec
2019-06-20 19:24:27.979 1842 INFO rally.task.context [-] Task a8e0948b-f73f-4ef0-9730-b94fca06ac67 | Context quotas@openstack setup() finished in 1.69 sec
2019-06-20 19:24:38.911 1842 INFO rally.task.context [-] Task a8e0948b-f73f-4ef0-9730-b94fca06ac67 | Context volumes@openstack setup() finished in 10.93 sec
2019-06-20 19:24:38.911 1842 INFO rally.task.context [-] Task a8e0948b-f73f-4ef0-9730-b94fca06ac67 | Context cleanup@openstack setup() finished in 0.01 msec
2019-06-20 19:24:38.918 1842 RALLYDEBUG rally.task.runner [-] Starting the constant runner (task UUID: a8e0948b-f73f-4ef0-9730-b94fca06ac67). timeout: 0 concurrency: 4 concurrency_per_worker: 1 times: 10 concurrency_overhead: 0 processes_to_start: 4 max_cpu_used: 16
2019-06-20 19:24:38.931 3966 RALLYDEBUG rally.task.runner [-] Starting a worker. concurrency: 1 args: {"force": false} times: 10 method_name: run timeout: 0 duration: None cls:
2019-06-20 19:24:38.933 3967 RALLYDEBUG rally.task.runner [-] Starting a worker. concurrency: 1 args: {"force": false} times: 10 method_name: run timeout: 0 duration: None cls:
2019-06-20 19:24:38.935 3968 RALLYDEBUG rally.task.runner [-] Starting a worker. concurrency: 1 args: {"force": false} times: 10 method_name: run timeout: 0 duration: None cls:
2019-06-20 19:24:38.942 3966 INFO rally.task.runner [-] Task a8e0948b-f73f-4ef0-9730-b94fca06ac67 | ITER: 1 START
2019-06-20 19:24:38.944 3969 RALLYDEBUG rally.task.runner [-] Starting a worker. concurrency: 1 args: {"force": false} times: 10 method_name: run timeout: 0 duration: None cls:
2019-06-20 19:24:38.945 3967 INFO rally.task.runner [-] Task a8e0948b-f73f-4ef0-9730-b94fca06ac67 | ITER: 2 START
2019-06-20 19:24:38.946 3968 INFO rally.task.runner [-] Task a8e0948b-f73f-4ef0-9730-b94fca06ac67 | ITER: 3 START
2019-06-20 19:24:38.950 3969 INFO rally.task.runner [-] Task a8e0948b-f73f-4ef0-9730-b94fca06ac67 | ITER: 4 START
2019-06-20 19:24:42.545 3966 RALLYDEBUG rally.task.utils [-] Waiting for resource s_rally_4e8bdfc8_n57k9at8. Status changed: CREATING => AVAILABLE in 0.57773399353
2019-06-20 19:24:42.924 3968 RALLYDEBUG rally.task.utils [-] Waiting for resource s_rally_4e8bdfc8_bVlpMPMW. Status changed: AVAILABLE => DELETING in 0.0250668525696
2019-06-20 19:24:43.227 3966 RALLYDEBUG rally.task.utils [-] Waiting for resource s_rally_4e8bdfc8_n57k9at8. Status changed: AVAILABLE => DELETING in 0.317110061646
2019-06-20 19:24:43.306 3967 RALLYDEBUG rally.task.utils [-] Waiting for resource s_rally_4e8bdfc8_sVqSvaYw. Status changed: AVAILABLE => DELETING in 0.341615200043
2019-06-20 19:24:43.357 3969 RALLYDEBUG rally.task.utils [-] Waiting for resource s_rally_4e8bdfc8_0L6ZZHhy. Status changed: AVAILABLE => DELETING in 0.345490932465
2019-06-20 19:24:45.162 3968 INFO rally.task.runner [-] Task a8e0948b-f73f-4ef0-9730-b94fca06ac67 | ITER: 3 END: OK
2019-06-20 19:24:45.167 3968 INFO rally.task.runner [-] Task a8e0948b-f73f-4ef0-9730-b94fca06ac67 | ITER: 5 START
2019-06-20 19:24:45.550 3966 INFO rally.task.runner [-] Task a8e0948b-f73f-4ef0-9730-b94fca06ac67 | ITER: 1 END: OK
2019-06-20 19:24:45.555 3966 INFO rally.task.runner [-] Task a8e0948b-f73f-4ef0-9730-b94fca06ac67 | ITER: 6 START
2019-06-20 19:24:45.598 3969 INFO rally.task.runner [-] Task a8e0948b-f73f-4ef0-9730-b94fca06ac67 | ITER: 4 END: OK
2019-06-20 19:24:45.603 3969 INFO rally.task.runner [-] Task a8e0948b-f73f-4ef0-9730-b94fca06ac67 | ITER: 7 START
2019-06-20 19:24:45.615 3967 INFO rally.task.runner [-] Task a8e0948b-f73f-4ef0-9730-b94fca06ac67 | ITER: 2 END: OK
2019-06-20 19:24:45.620 3967 INFO rally.task.runner [-] Task a8e0948b-f73f-4ef0-9730-b94fca06ac67 | ITER: 8 START
2019-06-20 19:24:48.996 3968 RALLYDEBUG rally.task.utils [-] Waiting for resource s_rally_4e8bdfc8_oNnTOIOR. Status changed: AVAILABLE => DELETING in 0.314356088638
2019-06-20 19:24:49.690 3966 RALLYDEBUG rally.task.utils [-] Waiting for resource s_rally_4e8bdfc8_epudO8IQ. Status changed: AVAILABLE => DELETING in 0.307468891144
2019-06-20 19:24:49.695 3969 RALLYDEBUG rally.task.utils [-] Waiting for resource s_rally_4e8bdfc8_3d38Ygtq. Status changed: AVAILABLE => DELETING in 0.300822019577
2019-06-20 19:24:49.736 3967 RALLYDEBUG rally.task.utils [-] Waiting for resource s_rally_4e8bdfc8_fyHxlFIO. Status changed: AVAILABLE => DELETING in 0.227895975113
2019-06-20 19:24:51.301 3968 INFO rally.task.runner [-] Task a8e0948b-f73f-4ef0-9730-b94fca06ac67 | ITER: 5 END: OK
2019-06-20 19:24:51.306 3968 INFO rally.task.runner [-] Task a8e0948b-f73f-4ef0-9730-b94fca06ac67 | ITER: 9 START
2019-06-20 19:24:51.914 3969 INFO rally.task.runner [-] Task a8e0948b-f73f-4ef0-9730-b94fca06ac67 | ITER: 7 END: OK
2019-06-20 19:24:51.918 3969 INFO rally.task.runner [-] Task a8e0948b-f73f-4ef0-9730-b94fca06ac67 | ITER: 10 START
2019-06-20 19:24:52.017 3966 INFO rally.task.runner [-] Task a8e0948b-f73f-4ef0-9730-b94fca06ac67 | ITER: 6 END: OK
2019-06-20 19:24:52.064 3967 INFO rally.task.runner [-] Task a8e0948b-f73f-4ef0-9730-b94fca06ac67 | ITER: 8 END: OK
2019-06-20 19:24:55.487 3968 RALLYDEBUG rally.task.utils [-] Waiting for resource s_rally_4e8bdfc8_zVbUmdWe. Status changed: AVAILABLE => DELETING in 0.332345962524
2019-06-20 19:24:56.083 3969 RALLYDEBUG rally.task.utils [-] Waiting for resource s_rally_4e8bdfc8_a5pQwCwP. Status changed: AVAILABLE => DELETING in 0.233108043671
2019-06-20 19:24:57.824 3968 INFO rally.task.runner [-] Task a8e0948b-f73f-4ef0-9730-b94fca06ac67 | ITER: 9 END: OK
2019-06-20 19:24:58.292 3969 INFO rally.task.runner [-] Task a8e0948b-f73f-4ef0-9730-b94fca06ac67 | ITER: 10 END: OK
2019-06-20 19:24:58.322 1842 INFO rally.task.context [-] Task a8e0948b-f73f-4ef0-9730-b94fca06ac67 | Context cleanup@openstack cleanup() started
2019-06-20 19:24:58.324 1842 RALLYDEBUG rally_openstack.cleanup.manager [-] Cleaning up cinder backups objects
2019-06-20 19:25:00.572 1842 RALLYDEBUG rally_openstack.cleanup.manager [-] Cleaning up cinder volume_snapshots objects
2019-06-20 19:25:02.653 1842 RALLYDEBUG rally_openstack.cleanup.manager [-] Cleaning up cinder transfers objects
2019-06-20 19:25:04.912 1842 RALLYDEBUG rally_openstack.cleanup.manager [-] Cleaning up cinder volumes objects
2019-06-20 19:25:07.414 1842 INFO rally.task.context [-] Task a8e0948b-f73f-4ef0-9730-b94fca06ac67 | Context cleanup@openstack cleanup() finished in 9.09 sec
2019-06-20 19:25:07.415 1842 INFO rally.task.context [-] Task a8e0948b-f73f-4ef0-9730-b94fca06ac67 | Context volumes@openstack cleanup() started
2019-06-20 19:25:07.415 1842 RALLYDEBUG rally_openstack.cleanup.manager [-] Cleaning up cinder volumes objects
2019-06-20 19:25:09.776 1842 RALLYDEBUG rally_openstack.cleanup.manager [-] Deleting cinder.volumes object c_rally_4e8bdfc8_rlTkbXui (bb5bd371-b34b-4a51-842a-0d5ec90c8565)
2019-06-20 19:25:09.780 1842 RALLYDEBUG rally_openstack.cleanup.manager [-] Deleting cinder.volumes object c_rally_4e8bdfc8_N7vjutlx (841fa234-c7d8-43fb-b70d-db32e4f16cff)
2019-06-20 19:25:09.781 1842 RALLYDEBUG rally_openstack.cleanup.manager [-] Deleting cinder.volumes object c_rally_4e8bdfc8_uwvCJjb5 (e86363c6-8fea-4723-be66-a8dbc605506c)
2019-06-20 19:25:13.204 1842 INFO rally.task.context [-] Task a8e0948b-f73f-4ef0-9730-b94fca06ac67 | Context volumes@openstack cleanup() finished in 5.79 sec
2019-06-20 19:25:13.204 1842 INFO rally.task.context [-] Task a8e0948b-f73f-4ef0-9730-b94fca06ac67 | Context quotas@openstack cleanup() started
2019-06-20 19:25:13.798 1842 INFO rally.task.context [-] Task a8e0948b-f73f-4ef0-9730-b94fca06ac67 | Context quotas@openstack cleanup() finished in 0.59 sec
2019-06-20 19:25:13.798 1842 INFO rally.task.context [-] Task a8e0948b-f73f-4ef0-9730-b94fca06ac67 | Context api_versions@openstack cleanup() started
2019-06-20 19:25:13.798 1842 INFO rally.task.context [-] Task a8e0948b-f73f-4ef0-9730-b94fca06ac67 | Context api_versions@openstack cleanup() finished in 0.30 msec
2019-06-20 19:25:13.799 1842 INFO rally.task.context [-] Task a8e0948b-f73f-4ef0-9730-b94fca06ac67 | Context users@openstack cleanup() started
2019-06-20 19:25:21.791 1842 INFO rally.task.context [-] Task a8e0948b-f73f-4ef0-9730-b94fca06ac67 | Context users@openstack cleanup() finished in 7.99 sec
2019-06-20 19:25:23.398 1842 INFO rally.task.engine [-] Load duration is: 19.346642
2019-06-20 19:25:23.399 1842 INFO rally.task.engine [-] Full runner duration is: 19.403682
2019-06-20 19:25:23.399 1842 INFO rally.task.engine [-] Full duration is: 60.65955
2019-06-20 19:25:23.654 1842 INFO rally.task.engine [-] Running workload: position = 0 config = { "version": 2, "title": "A cropped version of a bigger task.", "description": "Auto-generated task from a single workload (uuid=49cd3cbb-ef41-404d-8633-e26c0cfdb9f1)", "subtasks": [ { "title": "CinderVolumes.create_and_delete_volume", "description": "Create and then delete a volume.", "scenario": { "CinderVolumes.create_and_delete_volume": { "size": { "max": 1, "min": 1 } } }, "contexts": { "users": { "tenants": 3, "users_per_tenant": 2 }, "quotas": { "cinder": { "gigabytes": -1, "snapshots": -1, "volumes": -1 } }, "api_versions": { "cinder": { "version": 3, "service_type": "volumev3" } } }, "runner": { "constant": { "concurrency": 4, "times": 10 } }, "hooks": [], "sla": { "failure_rate": { "max": 0 } } } ] }
2019-06-20 19:25:23.681 1842 RALLYDEBUG rally_openstack.contexts.keystone.users [-] Creating 3 tenants using 20 threads
2019-06-20 19:25:25.585 1842 RALLYDEBUG rally_openstack.contexts.keystone.users [-] Creating 6 users using 20 threads
2019-06-20 19:25:28.317 1842 INFO rally.task.context [-] Task a8e0948b-f73f-4ef0-9730-b94fca06ac67 | Context users@openstack setup() finished in 4.64 sec
2019-06-20 19:25:28.754 1842 INFO rally.task.context [-] Task a8e0948b-f73f-4ef0-9730-b94fca06ac67 | Context api_versions@openstack setup() finished in 0.44 sec
2019-06-20 19:25:30.524 1842 INFO rally.task.context [-] Task a8e0948b-f73f-4ef0-9730-b94fca06ac67 | Context quotas@openstack setup() finished in 1.77 sec
2019-06-20 19:25:30.525 1842 INFO rally.task.context [-] Task a8e0948b-f73f-4ef0-9730-b94fca06ac67 | Context cleanup@openstack setup() finished in 0.01 msec
2019-06-20 19:25:30.532 1842 RALLYDEBUG rally.task.runner [-] Starting the constant runner (task UUID: a8e0948b-f73f-4ef0-9730-b94fca06ac67). timeout: 0 concurrency: 4 concurrency_per_worker: 1 times: 10 concurrency_overhead: 0 processes_to_start: 4 max_cpu_used: 16
2019-06-20 19:25:30.545 4170 RALLYDEBUG rally.task.runner [-] Starting a worker. concurrency: 1 args: {"size": {"max": 1, "min": 1}} times: 10 method_name: run timeout: 0 duration: None cls:
2019-06-20 19:25:30.548 4171 RALLYDEBUG rally.task.runner [-] Starting a worker. concurrency: 1 args: {"size": {"max": 1, "min": 1}} times: 10 method_name: run timeout: 0 duration: None cls:
2019-06-20 19:25:30.551 4172 RALLYDEBUG rally.task.runner [-] Starting a worker. concurrency: 1 args: {"size": {"max": 1, "min": 1}} times: 10 method_name: run timeout: 0 duration: None cls:
2019-06-20 19:25:30.554 4170 INFO rally.task.runner [-] Task a8e0948b-f73f-4ef0-9730-b94fca06ac67 | ITER: 1 START
2019-06-20 19:25:30.554 4173 RALLYDEBUG rally.task.runner [-] Starting a worker. concurrency: 1 args: {"size": {"max": 1, "min": 1}} times: 10 method_name: run timeout: 0 duration: None cls:
2019-06-20 19:25:30.556 4171 INFO rally.task.runner [-] Task a8e0948b-f73f-4ef0-9730-b94fca06ac67 | ITER: 2 START
2019-06-20 19:25:30.558 4172 INFO rally.task.runner [-] Task a8e0948b-f73f-4ef0-9730-b94fca06ac67 | ITER: 3 START
2019-06-20 19:25:30.562 4173 INFO rally.task.runner [-] Task a8e0948b-f73f-4ef0-9730-b94fca06ac67 | ITER: 4 START
2019-06-20 19:25:34.873 4173 RALLYDEBUG rally.task.utils [-] Waiting for resource s_rally_49cd3cbb_AmwBGk4x. Status changed: AVAILABLE => DELETING in 0.362916946411
2019-06-20 19:25:34.946 4170 RALLYDEBUG rally.task.utils [-] Waiting for resource s_rally_49cd3cbb_liByxZmx. Status changed: AVAILABLE => DELETING in 0.372663974762
2019-06-20 19:25:34.976 4172 RALLYDEBUG rally.task.utils [-] Waiting for resource s_rally_49cd3cbb_12yI8O0q. Status changed: AVAILABLE => DELETING in 0.28068780899
2019-06-20 19:25:35.079 4171 RALLYDEBUG rally.task.utils [-] Waiting for resource s_rally_49cd3cbb_8pfvKsmo. Status changed: AVAILABLE => DELETING in 0.348201990128
2019-06-20 19:25:37.101 4173 INFO rally.task.runner [-] Task a8e0948b-f73f-4ef0-9730-b94fca06ac67 | ITER: 4 END: OK
2019-06-20 19:25:37.107 4173 INFO rally.task.runner [-] Task a8e0948b-f73f-4ef0-9730-b94fca06ac67 | ITER: 5 START
2019-06-20 19:25:37.188 4170 INFO rally.task.runner [-] Task a8e0948b-f73f-4ef0-9730-b94fca06ac67 | ITER: 1 END: OK
2019-06-20 19:25:37.192 4170 INFO rally.task.runner [-] Task a8e0948b-f73f-4ef0-9730-b94fca06ac67 | ITER: 6 START
2019-06-20 19:25:37.280 4172 INFO rally.task.runner [-] Task a8e0948b-f73f-4ef0-9730-b94fca06ac67 | ITER: 3 END: OK
2019-06-20 19:25:37.285 4172 INFO rally.task.runner [-] Task a8e0948b-f73f-4ef0-9730-b94fca06ac67 | ITER: 7 START
2019-06-20 19:25:37.395 4171 INFO rally.task.runner [-] Task a8e0948b-f73f-4ef0-9730-b94fca06ac67 | ITER: 2 END: OK
2019-06-20 19:25:37.401 4171 INFO rally.task.runner [-] Task a8e0948b-f73f-4ef0-9730-b94fca06ac67 | ITER: 8 START
2019-06-20 19:25:41.361 4173 INFO rally.task.runner [-] Task a8e0948b-f73f-4ef0-9730-b94fca06ac67 | ITER: 5 END: OK
2019-06-20 19:25:41.366 4172 RALLYDEBUG rally.task.utils [-] Waiting for resource s_rally_49cd3cbb_MnjI4ONn. Status changed: AVAILABLE => DELETING in 0.0625548362732
2019-06-20 19:25:41.366 4173 INFO rally.task.runner [-] Task a8e0948b-f73f-4ef0-9730-b94fca06ac67 | ITER: 9 START
2019-06-20 19:25:41.478 4170 RALLYDEBUG rally.task.utils [-] Waiting for resource s_rally_49cd3cbb_k8N5Yvqz. Status changed: AVAILABLE => DELETING in 0.365694999695
2019-06-20 19:25:41.650 4171 RALLYDEBUG rally.task.utils [-] Waiting for resource s_rally_49cd3cbb_kFq9V986. Status changed: AVAILABLE => DELETING in 0.256630897522
2019-06-20 19:25:43.679 4172 INFO rally.task.runner [-] Task a8e0948b-f73f-4ef0-9730-b94fca06ac67 | ITER: 7 END: OK
2019-06-20 19:25:43.685 4172 INFO rally.task.runner [-] Task a8e0948b-f73f-4ef0-9730-b94fca06ac67 | ITER: 10 START
2019-06-20 19:25:43.751 4170 INFO rally.task.runner [-] Task a8e0948b-f73f-4ef0-9730-b94fca06ac67 | ITER: 6 END: OK
2019-06-20 19:25:43.956 4171 INFO rally.task.runner [-] Task a8e0948b-f73f-4ef0-9730-b94fca06ac67 | ITER: 8 END: OK
2019-06-20 19:25:45.382 4173 RALLYDEBUG rally.task.utils [-] Waiting for resource s_rally_49cd3cbb_iglj4W8W. Status changed: AVAILABLE => DELETING in 0.348056077957
2019-06-20 19:25:47.698 4173 INFO rally.task.runner [-] Task a8e0948b-f73f-4ef0-9730-b94fca06ac67 | ITER: 9 END: OK
2019-06-20 19:25:48.274 4172 INFO rally.task.runner [-] Task a8e0948b-f73f-4ef0-9730-b94fca06ac67 | ITER: 10 END: OK
2019-06-20 19:25:48.296 1842 INFO rally.task.context [-] Task a8e0948b-f73f-4ef0-9730-b94fca06ac67 | Context cleanup@openstack cleanup() started
2019-06-20 19:25:48.299 1842 RALLYDEBUG rally_openstack.cleanup.manager [-] Cleaning up cinder backups objects
2019-06-20 19:25:50.468 1842 RALLYDEBUG rally_openstack.cleanup.manager [-] Cleaning up cinder volume_snapshots objects
2019-06-20 19:25:52.618 1842 RALLYDEBUG rally_openstack.cleanup.manager [-] Cleaning up cinder transfers objects
2019-06-20 19:25:54.656 1842 RALLYDEBUG rally_openstack.cleanup.manager [-] Cleaning up cinder volumes objects
2019-06-20 19:25:56.948 1842 INFO rally.task.context [-] Task a8e0948b-f73f-4ef0-9730-b94fca06ac67 | Context cleanup@openstack cleanup() finished in 8.65 sec
2019-06-20 19:25:56.948 1842 INFO rally.task.context [-] Task a8e0948b-f73f-4ef0-9730-b94fca06ac67 | Context quotas@openstack cleanup() started
2019-06-20 19:25:57.899 1842 INFO rally.task.context [-] Task a8e0948b-f73f-4ef0-9730-b94fca06ac67 | Context quotas@openstack cleanup() finished in 0.95 sec
2019-06-20 19:25:57.900 1842 INFO rally.task.context [-] Task a8e0948b-f73f-4ef0-9730-b94fca06ac67 | Context api_versions@openstack cleanup() started
2019-06-20 19:25:57.900 1842 INFO rally.task.context [-] Task a8e0948b-f73f-4ef0-9730-b94fca06ac67 | Context api_versions@openstack cleanup() finished in 0.26 msec
2019-06-20 19:25:57.900 1842 INFO rally.task.context [-] Task a8e0948b-f73f-4ef0-9730-b94fca06ac67 | Context users@openstack cleanup() started
2019-06-20 19:26:06.049 1842 INFO rally.task.context [-] Task a8e0948b-f73f-4ef0-9730-b94fca06ac67 | Context users@openstack cleanup() finished in 8.15 sec
2019-06-20 19:26:07.862 1842 INFO rally.task.engine [-] Load duration is: 17.716153
2019-06-20 19:26:07.863 1842 INFO rally.task.engine [-] Full runner duration is: 17.764425
2019-06-20 19:26:07.863 1842 INFO rally.task.engine [-] Full duration is: 42.372062
2019-06-20 19:26:08.035 1842 INFO rally.task.engine [-] Running workload: position = 1 config = { "version": 2, "title": "A cropped version of a bigger task.", "description": "Auto-generated task from a single workload (uuid=4973a265-5eea-4a74-963c-c336cba623fe)", "subtasks": [ { "title": "CinderVolumes.create_and_delete_volume", "description": "Create and then delete a volume.", "scenario": { "CinderVolumes.create_and_delete_volume": { "image": { "name": "rally_full-img_525234f1-4414-43cf-b413-8b219f4a599d" }, "size": 1 } }, "contexts": { "users": { "tenants": 3, "users_per_tenant": 2 }, "quotas": { "cinder": { "gigabytes": -1, "snapshots": -1, "volumes": -1 } }, "api_versions": { "cinder": { "version": 3, "service_type": "volumev3" } } }, "runner": { "constant": { "concurrency": 4, "times": 10 } }, "hooks": [], "sla": { "failure_rate": { "max": 0 } } } ] }
2019-06-20 19:26:08.059 1842 RALLYDEBUG rally_openstack.contexts.keystone.users [-] Creating 3 tenants using 20 threads
2019-06-20 19:26:09.925 1842 RALLYDEBUG rally_openstack.contexts.keystone.users [-] Creating 6 users using 20 threads
2019-06-20 19:26:13.087 1842 INFO rally.task.context [-] Task a8e0948b-f73f-4ef0-9730-b94fca06ac67 | Context users@openstack setup() finished in 5.03 sec
2019-06-20 19:26:13.546 1842 INFO rally.task.context [-] Task a8e0948b-f73f-4ef0-9730-b94fca06ac67 | Context api_versions@openstack setup() finished in 0.46 sec
2019-06-20 19:26:15.583 1842 INFO rally.task.context [-] Task a8e0948b-f73f-4ef0-9730-b94fca06ac67 | Context quotas@openstack setup() finished in 2.04 sec
2019-06-20 19:26:15.583 1842 INFO rally.task.context [-] Task a8e0948b-f73f-4ef0-9730-b94fca06ac67 | Context cleanup@openstack setup() finished in 0.01 msec
2019-06-20 19:26:16.615 1842 RALLYDEBUG rally.task.runner [-] Starting the constant runner (task UUID: a8e0948b-f73f-4ef0-9730-b94fca06ac67). timeout: 0 concurrency: 4 concurrency_per_worker: 1 times: 10 concurrency_overhead: 0 processes_to_start: 4 max_cpu_used: 16
2019-06-20 19:26:16.628 4354 RALLYDEBUG rally.task.runner [-] Starting a worker. concurrency: 1 args: {"image": "f75f010f-7396-4369-884b-93943eaede20", "size": 1} times: 10 method_name: run timeout: 0 duration: None cls:
2019-06-20 19:26:16.631 4355 RALLYDEBUG rally.task.runner [-] Starting a worker. concurrency: 1 args: {"image": "f75f010f-7396-4369-884b-93943eaede20", "size": 1} times: 10 method_name: run timeout: 0 duration: None cls:
2019-06-20 19:26:16.634 4356 RALLYDEBUG rally.task.runner [-] Starting a worker. concurrency: 1 args: {"image": "f75f010f-7396-4369-884b-93943eaede20", "size": 1} times: 10 method_name: run timeout: 0 duration: None cls:
2019-06-20 19:26:16.636 4354 INFO rally.task.runner [-] Task a8e0948b-f73f-4ef0-9730-b94fca06ac67 | ITER: 1 START
2019-06-20 19:26:16.637 4357 RALLYDEBUG rally.task.runner [-] Starting a worker. concurrency: 1 args: {"image": "f75f010f-7396-4369-884b-93943eaede20", "size": 1} times: 10 method_name: run timeout: 0 duration: None cls:
2019-06-20 19:26:16.639 4355 INFO rally.task.runner [-] Task a8e0948b-f73f-4ef0-9730-b94fca06ac67 | ITER: 2 START
2019-06-20 19:26:16.642 4356 INFO rally.task.runner [-] Task a8e0948b-f73f-4ef0-9730-b94fca06ac67 | ITER: 3 START
2019-06-20 19:26:16.645 4357 INFO rally.task.runner [-] Task a8e0948b-f73f-4ef0-9730-b94fca06ac67 | ITER: 4 START
2019-06-20 19:26:24.033 4356 RALLYDEBUG rally.task.utils [-] Waiting for resource s_rally_4973a265_v2LNtZeD. Status changed: CREATING => DOWNLOADING in 2.98420405388
2019-06-20 19:26:27.126 4354 RALLYDEBUG rally.task.utils [-] Waiting for resource s_rally_4973a265_SuWrki1A. Status changed: CREATING => DOWNLOADING in 5.62841105461
2019-06-20 19:26:29.038 4355 RALLYDEBUG rally.task.utils [-] Waiting for resource s_rally_4973a265_E49PD6hH. Status changed: CREATING => DOWNLOADING in 7.72311997414
2019-06-20 19:26:31.233 4356 RALLYDEBUG rally.task.utils [-] Waiting for resource s_rally_4973a265_v2LNtZeD. Status changed: DOWNLOADING => AVAILABLE in 7.19927406311
2019-06-20 19:26:31.550 4357 RALLYDEBUG rally.task.utils [-] Waiting for resource s_rally_4973a265_xaoDwfRn. Status changed: CREATING => DOWNLOADING in 10.0769329071
2019-06-20 19:26:31.943 4356 RALLYDEBUG rally.task.utils [-] Waiting for resource s_rally_4973a265_v2LNtZeD. Status changed: AVAILABLE => DELETING in 0.417752027512
2019-06-20 19:26:35.896 4354 RALLYDEBUG rally.task.utils [-] Waiting for resource s_rally_4973a265_SuWrki1A. Status changed: DOWNLOADING => AVAILABLE in 8.77018404007
2019-06-20 19:26:36.341 4356 INFO rally.task.runner [-] Task a8e0948b-f73f-4ef0-9730-b94fca06ac67 | ITER: 3 END: OK
2019-06-20 19:26:36.346 4356 INFO rally.task.runner [-] Task a8e0948b-f73f-4ef0-9730-b94fca06ac67 | ITER: 5 START
2019-06-20 19:26:36.547 4354 INFO rally.task.runner [-] Task a8e0948b-f73f-4ef0-9730-b94fca06ac67 | ITER: 1 END: OK
2019-06-20 19:26:36.552 4354 INFO rally.task.runner [-] Task a8e0948b-f73f-4ef0-9730-b94fca06ac67 | ITER: 6 START
2019-06-20 19:26:37.929 4357 RALLYDEBUG rally.task.utils [-] Waiting for resource s_rally_4973a265_xaoDwfRn. Status changed: DOWNLOADING => AVAILABLE in 6.37927699089
2019-06-20 19:26:38.034 4355 RALLYDEBUG rally.task.utils [-] Waiting for resource s_rally_4973a265_E49PD6hH. Status changed: DOWNLOADING => AVAILABLE in 8.99651002884
2019-06-20 19:26:38.355 4357 RALLYDEBUG rally.task.utils [-] Waiting for resource s_rally_4973a265_xaoDwfRn. Status changed: AVAILABLE => DELETING in 0.0571038722992
2019-06-20 19:26:38.432 4355 INFO rally.task.runner [-] Task a8e0948b-f73f-4ef0-9730-b94fca06ac67 | ITER: 2 END: OK
2019-06-20 19:26:38.437 4355 INFO rally.task.runner [-] Task a8e0948b-f73f-4ef0-9730-b94fca06ac67 | ITER: 7 START
2019-06-20 19:26:40.655 4357 INFO rally.task.runner [-] Task a8e0948b-f73f-4ef0-9730-b94fca06ac67 | ITER: 4 END: OK
2019-06-20 19:26:40.660 4357 INFO rally.task.runner [-] Task a8e0948b-f73f-4ef0-9730-b94fca06ac67 | ITER: 8 START
2019-06-20 19:26:44.025 4354 RALLYDEBUG rally.task.utils [-] Waiting for resource s_rally_4973a265_84YQqoGV. Status changed: CREATING => DOWNLOADING in 3.01015305519
2019-06-20 19:26:46.575 4356 RALLYDEBUG rally.task.utils [-] Waiting for resource s_rally_4973a265_qjWdOrlQ. Status changed: CREATING => DOWNLOADING in 5.24078989029
2019-06-20 19:26:50.494 4355 RALLYDEBUG rally.task.utils [-] Waiting for resource s_rally_4973a265_LLZ2DCEW. Status changed: CREATING => DOWNLOADING in 7.71399497986
2019-06-20 19:26:50.694 4354 RALLYDEBUG rally.task.utils [-] Waiting for resource s_rally_4973a265_84YQqoGV. Status changed: DOWNLOADING => AVAILABLE in 6.66925692558
