2019-06-20 19:10:06.264 1842 DEBUG novaclient.v2.client [-] GET call to compute for http://172.30.9.34:8774/v2.1/os-keypairs used request id req-e38e60e2-0c52-4e95-b461-ae5eafb62969 request /usr/lib/python2.7/site-packages/keystoneauth1/session.py:844
2019-06-20 19:10:06.698 1842 DEBUG novaclient.v2.client [-] REQ: curl -g -i -X GET http://172.30.9.34:8774/v2.1/os-keypairs -H "Accept: application/json" -H "User-Agent: python-novaclient" -H "X-Auth-Token: {SHA1}6c0e33348ad84e8453de9bda59461be93fabb9b8" _http_log_request /usr/lib/python2.7/site-packages/keystoneauth1/session.py:448
2019-06-20 19:10:07.023 1842 DEBUG novaclient.v2.client [-] RESP: [200] Content-Length: 16 Content-Type: application/json Date: Thu, 20 Jun 2019 19:10:06 GMT OpenStack-API-Version: compute 2.1 Server: Apache Vary: OpenStack-API-Version,X-OpenStack-Nova-API-Version X-OpenStack-Nova-API-Version: 2.1 x-compute-request-id: req-02dbca77-b4bb-4afb-9fb5-cb96e501b9c4 x-openstack-request-id: req-02dbca77-b4bb-4afb-9fb5-cb96e501b9c4 _http_log_response /usr/lib/python2.7/site-packages/keystoneauth1/session.py:479
2019-06-20 19:10:07.024 1842 DEBUG novaclient.v2.client [-] RESP BODY: {"keypairs": []} _http_log_response /usr/lib/python2.7/site-packages/keystoneauth1/session.py:511
2019-06-20 19:10:07.024 1842 DEBUG novaclient.v2.client [-] GET call to compute for http://172.30.9.34:8774/v2.1/os-keypairs used request id req-02dbca77-b4bb-4afb-9fb5-cb96e501b9c4 request /usr/lib/python2.7/site-packages/keystoneauth1/session.py:844
2019-06-20 19:10:07.463 1842 DEBUG novaclient.v2.client [-] REQ: curl -g -i -X GET http://172.30.9.34:8774/v2.1/os-keypairs -H "Accept: application/json" -H "User-Agent: python-novaclient" -H "X-Auth-Token: {SHA1}8da3fe3c7a5bffc9c555a5a69bf4d0d7822bbd02" _http_log_request /usr/lib/python2.7/site-packages/keystoneauth1/session.py:448
2019-06-20 19:10:07.751 1842 DEBUG novaclient.v2.client [-] RESP: [200] Content-Length: 16 Content-Type: application/json Date: Thu, 20 Jun 2019 19:10:07 GMT OpenStack-API-Version: compute 2.1 Server: Apache Vary: OpenStack-API-Version,X-OpenStack-Nova-API-Version X-OpenStack-Nova-API-Version: 2.1 x-compute-request-id: req-6de358fc-0afc-41e8-8097-4e53b37296ba x-openstack-request-id: req-6de358fc-0afc-41e8-8097-4e53b37296ba _http_log_response /usr/lib/python2.7/site-packages/keystoneauth1/session.py:479
2019-06-20 19:10:07.751 1842 DEBUG novaclient.v2.client [-] RESP BODY: {"keypairs": []} _http_log_response /usr/lib/python2.7/site-packages/keystoneauth1/session.py:511
2019-06-20 19:10:07.752 1842 DEBUG novaclient.v2.client [-] GET call to compute for http://172.30.9.34:8774/v2.1/os-keypairs used request id req-6de358fc-0afc-41e8-8097-4e53b37296ba request /usr/lib/python2.7/site-packages/keystoneauth1/session.py:844
2019-06-20 19:10:08.192 1842 DEBUG novaclient.v2.client [-] REQ: curl -g -i -X GET http://172.30.9.34:8774/v2.1/os-keypairs -H "Accept: application/json" -H "User-Agent: python-novaclient" -H "X-Auth-Token: {SHA1}fe2762afa766cb4e0de11283b03f92160ad710d3" _http_log_request /usr/lib/python2.7/site-packages/keystoneauth1/session.py:448
2019-06-20 19:10:08.415 1842 DEBUG novaclient.v2.client [-] RESP: [200] Content-Length: 16 Content-Type: application/json Date: Thu, 20 Jun 2019 19:10:08 GMT OpenStack-API-Version: compute 2.1 Server: Apache Vary: OpenStack-API-Version,X-OpenStack-Nova-API-Version X-OpenStack-Nova-API-Version: 2.1 x-compute-request-id: req-f53a38ca-11f3-4367-87f1-5577c04da1d7 x-openstack-request-id: req-f53a38ca-11f3-4367-87f1-5577c04da1d7 _http_log_response /usr/lib/python2.7/site-packages/keystoneauth1/session.py:479
2019-06-20 19:10:08.415 1842 DEBUG novaclient.v2.client [-] RESP BODY: {"keypairs": []} _http_log_response /usr/lib/python2.7/site-packages/keystoneauth1/session.py:511
2019-06-20 19:10:08.415 1842 DEBUG novaclient.v2.client [-] GET call to compute for http://172.30.9.34:8774/v2.1/os-keypairs used request id req-f53a38ca-11f3-4367-87f1-5577c04da1d7 request /usr/lib/python2.7/site-packages/keystoneauth1/session.py:844
2019-06-20 19:10:08.425 1842 RALLYDEBUG rally_openstack.cleanup.manager [-] Cleaning up cinder backups objects
2019-06-20 19:10:10.698 1842 RALLYDEBUG rally_openstack.cleanup.manager [-] Cleaning up cinder volume_snapshots objects
2019-06-20 19:10:13.040 1842 RALLYDEBUG rally_openstack.cleanup.manager [-] Cleaning up cinder transfers objects
2019-06-20 19:10:15.239 1842 RALLYDEBUG rally_openstack.cleanup.manager [-] Cleaning up cinder volumes objects
2019-06-20 19:10:17.534 1842 INFO rally.task.context [-] Task a8e0948b-f73f-4ef0-9730-b94fca06ac67 | Context cleanup@openstack cleanup() finished in 18.14 sec
2019-06-20 19:10:17.535 1842 INFO rally.task.context [-] Task a8e0948b-f73f-4ef0-9730-b94fca06ac67 | Context quotas@openstack cleanup() started
2019-06-20 19:10:18.448 1842 INFO rally.task.context [-] Task a8e0948b-f73f-4ef0-9730-b94fca06ac67 | Context quotas@openstack cleanup() finished in 0.91 sec
2019-06-20 19:10:18.448 1842 INFO rally.task.context [-] Task a8e0948b-f73f-4ef0-9730-b94fca06ac67 | Context api_versions@openstack cleanup() started
2019-06-20 19:10:18.449 1842 INFO rally.task.context [-] Task a8e0948b-f73f-4ef0-9730-b94fca06ac67 | Context api_versions@openstack cleanup() finished in 0.32 msec
2019-06-20 19:10:18.449 1842 INFO rally.task.context [-] Task a8e0948b-f73f-4ef0-9730-b94fca06ac67 | Context users@openstack cleanup() started
2019-06-20 19:10:26.202 1842 INFO rally.task.context [-] Task a8e0948b-f73f-4ef0-9730-b94fca06ac67 | Context users@openstack cleanup() finished in 7.75 sec
2019-06-20 19:10:27.185 1842 INFO rally.task.engine [-] Load duration is: 103.740041
2019-06-20 19:10:27.186 1842 INFO rally.task.engine [-] Full runner duration is: 104.785854
2019-06-20 19:10:27.186 1842 INFO rally.task.engine [-] Full duration is: 141.540842
2019-06-20 19:10:27.450 1842 INFO rally.task.engine [-] Running workload: position = 0 config = { "version": 2, "title": "A cropped version of a bigger task.", "description": "Auto-generated task from a single workload (uuid=c5ba7052-7c3e-4b45-9fa7-b79343688b5b)", "subtasks": [ { "title": "CinderVolumes.create_and_list_snapshots", "description": "Create and then list a volume-snapshot.", "scenario": { "CinderVolumes.create_and_list_snapshots": { "detailed": true, "force": false } }, "contexts": { "users": { "tenants": 3, "users_per_tenant": 2 }, "quotas": { "cinder": { "gigabytes": -1, "snapshots": -1, "volumes": -1 } }, "api_versions": { "cinder": { "version": 3, "service_type": "volumev3" } }, "volumes": { "size": 1, "volumes_per_tenant": 1 } }, "runner": { "constant": { "concurrency": 4, "times": 10 } }, "hooks": [], "sla": { "failure_rate": { "max": 0 } } } ] }
2019-06-20 19:10:27.473 1842 RALLYDEBUG rally_openstack.contexts.keystone.users [-] Creating 3 tenants using 20 threads
2019-06-20 19:10:29.371 1842 RALLYDEBUG rally_openstack.contexts.keystone.users [-] Creating 6 users using 20 threads
2019-06-20 19:10:32.226 1842 INFO rally.task.context [-] Task a8e0948b-f73f-4ef0-9730-b94fca06ac67 | Context users@openstack setup() finished in 4.75 sec
2019-06-20 19:10:32.660 1842 INFO rally.task.context [-] Task a8e0948b-f73f-4ef0-9730-b94fca06ac67 | Context api_versions@openstack setup() finished in 0.43 sec
2019-06-20 19:10:34.381 1842 INFO rally.task.context [-] Task a8e0948b-f73f-4ef0-9730-b94fca06ac67 | Context quotas@openstack setup() finished in 1.72 sec
2019-06-20 19:10:45.554 1842 INFO rally.task.context [-] Task a8e0948b-f73f-4ef0-9730-b94fca06ac67 | Context volumes@openstack setup() finished in 11.17 sec
2019-06-20 19:10:45.555 1842 INFO rally.task.context [-] Task a8e0948b-f73f-4ef0-9730-b94fca06ac67 | Context cleanup@openstack setup() finished in 0.01 msec
2019-06-20 19:10:45.567 1842 RALLYDEBUG rally.task.runner [-] Starting the constant runner (task UUID: a8e0948b-f73f-4ef0-9730-b94fca06ac67). timeout: 0 concurrency: 4 concurrency_per_worker: 1 times: 10 concurrency_overhead: 0 processes_to_start: 4 max_cpu_used: 16
2019-06-20 19:10:45.580 2210 RALLYDEBUG rally.task.runner [-] Starting a worker. concurrency: 1 args: {"detailed": true, "force": false} times: 10 method_name: run timeout: 0 duration: None cls:
2019-06-20 19:10:45.582 2211 RALLYDEBUG rally.task.runner [-] Starting a worker. concurrency: 1 args: {"detailed": true, "force": false} times: 10 method_name: run timeout: 0 duration: None cls:
2019-06-20 19:10:45.585 2213 RALLYDEBUG rally.task.runner [-] Starting a worker. concurrency: 1 args: {"detailed": true, "force": false} times: 10 method_name: run timeout: 0 duration: None cls:
2019-06-20 19:10:45.585 2212 RALLYDEBUG rally.task.runner [-] Starting a worker. concurrency: 1 args: {"detailed": true, "force": false} times: 10 method_name: run timeout: 0 duration: None cls:
2019-06-20 19:10:45.586 2210 INFO rally.task.runner [-] Task a8e0948b-f73f-4ef0-9730-b94fca06ac67 | ITER: 1 START
2019-06-20 19:10:45.590 2211 INFO rally.task.runner [-] Task a8e0948b-f73f-4ef0-9730-b94fca06ac67 | ITER: 2 START
2019-06-20 19:10:45.591 2213 INFO rally.task.runner [-] Task a8e0948b-f73f-4ef0-9730-b94fca06ac67 | ITER: 3 START
2019-06-20 19:10:45.591 2212 INFO rally.task.runner [-] Task a8e0948b-f73f-4ef0-9730-b94fca06ac67 | ITER: 4 START
2019-06-20 19:10:49.244 2213 INFO rally.task.runner [-] Task a8e0948b-f73f-4ef0-9730-b94fca06ac67 | ITER: 3 END: OK
2019-06-20 19:10:49.248 2213 INFO rally.task.runner [-] Task a8e0948b-f73f-4ef0-9730-b94fca06ac67 | ITER: 5 START
2019-06-20 19:10:49.408 2210 INFO rally.task.runner [-] Task a8e0948b-f73f-4ef0-9730-b94fca06ac67 | ITER: 1 END: OK
2019-06-20 19:10:49.413 2210 INFO rally.task.runner [-] Task a8e0948b-f73f-4ef0-9730-b94fca06ac67 | ITER: 6 START
2019-06-20 19:10:49.459 2211 INFO rally.task.runner [-] Task a8e0948b-f73f-4ef0-9730-b94fca06ac67 | ITER: 2 END: OK
2019-06-20 19:10:49.464 2211 INFO rally.task.runner [-] Task a8e0948b-f73f-4ef0-9730-b94fca06ac67 | ITER: 7 START
2019-06-20 19:10:49.596 2212 INFO rally.task.runner [-] Task a8e0948b-f73f-4ef0-9730-b94fca06ac67 | ITER: 4 END: OK
2019-06-20 19:10:49.604 2212 INFO rally.task.runner [-] Task a8e0948b-f73f-4ef0-9730-b94fca06ac67 | ITER: 8 START
2019-06-20 19:10:52.824 2213 INFO rally.task.runner [-] Task a8e0948b-f73f-4ef0-9730-b94fca06ac67 | ITER: 5 END: OK
2019-06-20 19:10:52.829 2213 INFO rally.task.runner [-] Task a8e0948b-f73f-4ef0-9730-b94fca06ac67 | ITER: 9 START
2019-06-20 19:10:52.928 2210 INFO rally.task.runner [-] Task a8e0948b-f73f-4ef0-9730-b94fca06ac67 | ITER: 6 END: OK
2019-06-20 19:10:52.933 2210 INFO rally.task.runner [-] Task a8e0948b-f73f-4ef0-9730-b94fca06ac67 | ITER: 10 START
2019-06-20 19:10:53.413 2211 INFO rally.task.runner [-] Task a8e0948b-f73f-4ef0-9730-b94fca06ac67 | ITER: 7 END: OK
2019-06-20 19:10:53.501 2212 INFO rally.task.runner [-] Task a8e0948b-f73f-4ef0-9730-b94fca06ac67 | ITER: 8 END: OK
2019-06-20 19:10:56.620 2210 INFO rally.task.runner [-] Task a8e0948b-f73f-4ef0-9730-b94fca06ac67 | ITER: 10 END: OK
2019-06-20 19:10:56.767 2213 INFO rally.task.runner [-] Task a8e0948b-f73f-4ef0-9730-b94fca06ac67 | ITER: 9 END: OK
2019-06-20 19:10:56.790 1842 INFO rally.task.context [-] Task a8e0948b-f73f-4ef0-9730-b94fca06ac67 | Context cleanup@openstack cleanup() started
2019-06-20 19:10:56.793 1842 RALLYDEBUG rally_openstack.cleanup.manager [-] Cleaning up cinder backups objects
2019-06-20 19:10:59.115 1842 RALLYDEBUG rally_openstack.cleanup.manager [-] Cleaning up cinder volume_snapshots objects
2019-06-20 19:11:01.108 1842 RALLYDEBUG rally_openstack.cleanup.manager [-] Deleting cinder.volume_snapshots object s_rally_c5ba7052_i8zxdSRk (df5351ee-ad42-4944-9060-d46e34c9cdca)
2019-06-20 19:11:01.117 1842 RALLYDEBUG rally_openstack.cleanup.manager [-] Deleting cinder.volume_snapshots object s_rally_c5ba7052_QWV1er2G (e349965d-6f8e-410f-9ab2-a49212900963)
2019-06-20 19:11:01.119 1842 RALLYDEBUG rally_openstack.cleanup.manager [-] Deleting cinder.volume_snapshots object s_rally_c5ba7052_7WjGVw2e (052b1480-a346-4012-bb2c-549dd913eb26)
2019-06-20 19:11:01.119 1842 RALLYDEBUG rally_openstack.cleanup.manager [-] Deleting cinder.volume_snapshots object s_rally_c5ba7052_EsVyOOWV (69771221-5bea-4bfc-9a74-32c1ddfaf2c9)
2019-06-20 19:11:01.120 1842 RALLYDEBUG rally_openstack.cleanup.manager [-] Deleting cinder.volume_snapshots object s_rally_c5ba7052_gfMVmCdL (513e365f-5128-4104-95fb-206464a50b45)
2019-06-20 19:11:01.128 1842 RALLYDEBUG rally_openstack.cleanup.manager [-] Deleting cinder.volume_snapshots object s_rally_c5ba7052_i8P2M84S (37461160-d9a7-43e2-b76b-f73d7ab7753d)
2019-06-20 19:11:01.129 1842 RALLYDEBUG rally_openstack.cleanup.manager [-] Deleting cinder.volume_snapshots object s_rally_c5ba7052_M8lgyEWL (61d1d18a-8844-4868-9a83-9fd9b7dcbac5)
2019-06-20 19:11:01.131 1842 RALLYDEBUG rally_openstack.cleanup.manager [-] Deleting cinder.volume_snapshots object s_rally_c5ba7052_HfiRBzsh (e9360fba-f058-4812-b06b-a00aaa936b3d)
2019-06-20 19:11:01.138 1842 RALLYDEBUG rally_openstack.cleanup.manager [-] Deleting cinder.volume_snapshots object s_rally_c5ba7052_34cb68Gl (70e73b40-4ae9-4848-a6ef-bc216a6e7b2b)
2019-06-20 19:11:01.138 1842 RALLYDEBUG rally_openstack.cleanup.manager [-] Deleting cinder.volume_snapshots object s_rally_c5ba7052_lCJ6ufqW (ad528aec-d7be-4420-b58e-59627ca54934)
2019-06-20 19:11:06.111 1842 RALLYDEBUG rally_openstack.cleanup.manager [-] Cleaning up cinder transfers objects
2019-06-20 19:11:08.185 1842 RALLYDEBUG rally_openstack.cleanup.manager [-] Cleaning up cinder volumes objects
2019-06-20 19:11:10.484 1842 INFO rally.task.context [-] Task a8e0948b-f73f-4ef0-9730-b94fca06ac67 | Context cleanup@openstack cleanup() finished in 13.69 sec
2019-06-20 19:11:10.484 1842 INFO rally.task.context [-] Task a8e0948b-f73f-4ef0-9730-b94fca06ac67 | Context volumes@openstack cleanup() started
2019-06-20 19:11:10.485 1842 RALLYDEBUG rally_openstack.cleanup.manager [-] Cleaning up cinder volumes objects
2019-06-20 19:11:12.729 1842 RALLYDEBUG rally_openstack.cleanup.manager [-] Deleting cinder.volumes object c_rally_c5ba7052_6HrCAyJm (4cfd4d72-7d58-44bf-859f-5b64c2022dc3)
2019-06-20 19:11:12.730 1842 RALLYDEBUG rally_openstack.cleanup.manager [-] Deleting cinder.volumes object c_rally_c5ba7052_sSFPyMwx (44a2fdba-1bc4-47dc-beb7-b1e73d74b7d7)
2019-06-20 19:11:12.730 1842 RALLYDEBUG rally_openstack.cleanup.manager [-] Deleting cinder.volumes object c_rally_c5ba7052_EA1J8uSt (ca9c429c-7800-407a-b308-4ed4c56544c9)
2019-06-20 19:11:16.137 1842 INFO rally.task.context [-] Task a8e0948b-f73f-4ef0-9730-b94fca06ac67 | Context volumes@openstack cleanup() finished in 5.65 sec
2019-06-20 19:11:16.138 1842 INFO rally.task.context [-] Task a8e0948b-f73f-4ef0-9730-b94fca06ac67 | Context quotas@openstack cleanup() started
2019-06-20 19:11:16.920 1842 INFO rally.task.context [-] Task a8e0948b-f73f-4ef0-9730-b94fca06ac67 | Context quotas@openstack cleanup() finished in 0.78 sec
2019-06-20 19:11:16.921 1842 INFO rally.task.context [-] Task a8e0948b-f73f-4ef0-9730-b94fca06ac67 | Context api_versions@openstack cleanup() started
2019-06-20 19:11:16.921 1842 INFO rally.task.context [-] Task a8e0948b-f73f-4ef0-9730-b94fca06ac67 | Context api_versions@openstack cleanup() finished in 0.30 msec
2019-06-20 19:11:16.921 1842 INFO rally.task.context [-] Task a8e0948b-f73f-4ef0-9730-b94fca06ac67 | Context users@openstack cleanup() started
2019-06-20 19:11:25.123 1842 INFO rally.task.context [-] Task a8e0948b-f73f-4ef0-9730-b94fca06ac67 | Context users@openstack cleanup() finished in 8.20 sec
2019-06-20 19:11:25.764 1842 INFO rally.task.engine [-] Load duration is: 11.178072
2019-06-20 19:11:25.764 1842 INFO rally.task.engine [-] Full runner duration is: 11.225601
2019-06-20 19:11:25.765 1842 INFO rally.task.engine [-] Full duration is: 57.652956
2019-06-20 19:11:26.070 1842 INFO rally.task.engine [-] Running workload: position = 0 config = { "version": 2, "title": "A cropped version of a bigger task.", "description": "Auto-generated task from a single workload (uuid=ed1adf2c-7c73-47cb-b4a1-52d897d565fd)", "subtasks": [ { "title": "CinderVolumes.create_and_list_volume", "description": "Create a volume and list all volumes.", "scenario": { "CinderVolumes.create_and_list_volume": { "detailed": true, "image": { "name": "rally_full-img_525234f1-4414-43cf-b413-8b219f4a599d" }, "size": 1 } }, "contexts": { "users": { "tenants": 3, "users_per_tenant": 2 }, "quotas": { "cinder": { "gigabytes": -1, "snapshots": -1, "volumes": -1 } }, "api_versions": { "cinder": { "version": 3, "service_type": "volumev3" } } }, "runner": { "constant": { "concurrency": 4, "times": 10 } }, "hooks": [], "sla": { "failure_rate": { "max": 0 } } } ] }
2019-06-20 19:11:26.095 1842 RALLYDEBUG rally_openstack.contexts.keystone.users [-] Creating 3 tenants using 20 threads
2019-06-20 19:11:27.989 1842 RALLYDEBUG rally_openstack.contexts.keystone.users [-] Creating 6 users using 20 threads
2019-06-20 19:11:30.744 1842 INFO rally.task.context [-] Task a8e0948b-f73f-4ef0-9730-b94fca06ac67 | Context users@openstack setup() finished in 4.65 sec
2019-06-20 19:11:31.181 1842 INFO rally.task.context [-] Task a8e0948b-f73f-4ef0-9730-b94fca06ac67 | Context api_versions@openstack setup() finished in 0.44 sec
2019-06-20 19:11:32.881 1842 INFO rally.task.context [-] Task a8e0948b-f73f-4ef0-9730-b94fca06ac67 | Context quotas@openstack setup() finished in 1.70 sec
2019-06-20 19:11:32.881 1842 INFO rally.task.context [-] Task a8e0948b-f73f-4ef0-9730-b94fca06ac67 | Context cleanup@openstack setup() finished in 0.00 msec
2019-06-20 19:11:33.903 1842 RALLYDEBUG rally.task.runner [-] Starting the constant runner (task UUID: a8e0948b-f73f-4ef0-9730-b94fca06ac67). timeout: 0 concurrency: 4 concurrency_per_worker: 1 times: 10 concurrency_overhead: 0 processes_to_start: 4 max_cpu_used: 16
2019-06-20 19:11:33.914 2414 RALLYDEBUG rally.task.runner [-] Starting a worker. concurrency: 1 args: {"detailed": true, "image": "f75f010f-7396-4369-884b-93943eaede20", "size": 1} times: 10 method_name: run timeout: 0 duration: None cls:
2019-06-20 19:11:33.917 2415 RALLYDEBUG rally.task.runner [-] Starting a worker. concurrency: 1 args: {"detailed": true, "image": "f75f010f-7396-4369-884b-93943eaede20", "size": 1} times: 10 method_name: run timeout: 0 duration: None cls:
2019-06-20 19:11:33.918 2416 RALLYDEBUG rally.task.runner [-] Starting a worker. concurrency: 1 args: {"detailed": true, "image": "f75f010f-7396-4369-884b-93943eaede20", "size": 1} times: 10 method_name: run timeout: 0 duration: None cls:
2019-06-20 19:11:33.921 2417 RALLYDEBUG rally.task.runner [-] Starting a worker. concurrency: 1 args: {"detailed": true, "image": "f75f010f-7396-4369-884b-93943eaede20", "size": 1} times: 10 method_name: run timeout: 0 duration: None cls:
2019-06-20 19:11:33.922 2414 INFO rally.task.runner [-] Task a8e0948b-f73f-4ef0-9730-b94fca06ac67 | ITER: 1 START
2019-06-20 19:11:33.925 2415 INFO rally.task.runner [-] Task a8e0948b-f73f-4ef0-9730-b94fca06ac67 | ITER: 2 START
2019-06-20 19:11:33.926 2416 INFO rally.task.runner [-] Task a8e0948b-f73f-4ef0-9730-b94fca06ac67 | ITER: 3 START
2019-06-20 19:11:33.929 2417 INFO rally.task.runner [-] Task a8e0948b-f73f-4ef0-9730-b94fca06ac67 | ITER: 4 START
2019-06-20 19:11:41.914 2417 RALLYDEBUG rally.task.utils [-] Waiting for resource s_rally_ed1adf2c_jSybrfZR. Status changed: CREATING => DOWNLOADING in 3.02181196213
2019-06-20 19:11:44.597 2414 RALLYDEBUG rally.task.utils [-] Waiting for resource s_rally_ed1adf2c_yzQ4tWd0. Status changed: CREATING => DOWNLOADING in 5.35829806328
2019-06-20 19:11:46.506 2417 RALLYDEBUG rally.task.utils [-] Waiting for resource s_rally_ed1adf2c_jSybrfZR. Status changed: DOWNLOADING => AVAILABLE in 4.59195899963
2019-06-20 19:11:46.850 2417 INFO rally.task.runner [-] Task a8e0948b-f73f-4ef0-9730-b94fca06ac67 | ITER: 4 END: OK
2019-06-20 19:11:46.855 2417 INFO rally.task.runner [-] Task a8e0948b-f73f-4ef0-9730-b94fca06ac67 | ITER: 5 START
2019-06-20 19:11:49.343 2415 RALLYDEBUG rally.task.utils [-] Waiting for resource s_rally_ed1adf2c_Aita5PIU. Status changed: CREATING => DOWNLOADING in 9.85961508751
2019-06-20 19:11:49.360 2416 RALLYDEBUG rally.task.utils [-] Waiting for resource s_rally_ed1adf2c_5GuGLX42. Status changed: CREATING => DOWNLOADING in 10.1311109066
2019-06-20 19:11:51.242 2414 RALLYDEBUG rally.task.utils [-] Waiting for resource s_rally_ed1adf2c_yzQ4tWd0. Status changed: DOWNLOADING => AVAILABLE in 6.64490485191
2019-06-20 19:11:51.573 2414 INFO rally.task.runner [-] Task a8e0948b-f73f-4ef0-9730-b94fca06ac67 | ITER: 1 END: OK
2019-06-20 19:11:51.578 2414 INFO rally.task.runner [-] Task a8e0948b-f73f-4ef0-9730-b94fca06ac67 | ITER: 6 START
2019-06-20 19:11:56.354 2415 RALLYDEBUG rally.task.utils [-] Waiting for resource s_rally_ed1adf2c_Aita5PIU. Status changed: DOWNLOADING => AVAILABLE in 7.01097011566
2019-06-20 19:11:56.395 2416 RALLYDEBUG rally.task.utils [-] Waiting for resource s_rally_ed1adf2c_5GuGLX42. Status changed: DOWNLOADING => AVAILABLE in 7.03504800797
2019-06-20 19:11:56.731 2415 INFO rally.task.runner [-] Task a8e0948b-f73f-4ef0-9730-b94fca06ac67 | ITER: 2 END: OK
2019-06-20 19:11:56.736 2415 INFO rally.task.runner [-] Task a8e0948b-f73f-4ef0-9730-b94fca06ac67 | ITER: 7 START
2019-06-20 19:11:56.892 2416 INFO rally.task.runner [-] Task a8e0948b-f73f-4ef0-9730-b94fca06ac67 | ITER: 3 END: OK
2019-06-20 19:11:56.897 2416 INFO rally.task.runner [-] Task a8e0948b-f73f-4ef0-9730-b94fca06ac67 | ITER: 8 START
2019-06-20 19:11:58.912 2417 RALLYDEBUG rally.task.utils [-] Waiting for resource s_rally_ed1adf2c_eMuWbqRA. Status changed: CREATING => DOWNLOADING in 7.43982195854
2019-06-20 19:12:02.001 2414 RALLYDEBUG rally.task.utils [-] Waiting for resource s_rally_ed1adf2c_UiQCIaNN. Status changed: CREATING => DOWNLOADING in 5.1843688488
2019-06-20 19:12:03.574 2417 RALLYDEBUG rally.task.utils [-] Waiting for resource s_rally_ed1adf2c_eMuWbqRA. Status changed: DOWNLOADING => AVAILABLE in 4.66172814369
2019-06-20 19:12:03.660 2417 INFO rally.task.runner [-] Task a8e0948b-f73f-4ef0-9730-b94fca06ac67 | ITER: 5 END: OK
2019-06-20 19:12:03.665 2417 INFO rally.task.runner [-] Task a8e0948b-f73f-4ef0-9730-b94fca06ac67 | ITER: 9 START
2019-06-20 19:12:06.693 2414 RALLYDEBUG rally.task.utils [-] Waiting for resource s_rally_ed1adf2c_UiQCIaNN. Status changed: DOWNLOADING => AVAILABLE in 4.69193196297
2019-06-20 19:12:07.039 2414 INFO rally.task.runner [-] Task a8e0948b-f73f-4ef0-9730-b94fca06ac67 | ITER: 6 END: OK
2019-06-20 19:12:07.046 2414 INFO rally.task.runner [-] Task a8e0948b-f73f-4ef0-9730-b94fca06ac67 | ITER: 10 START
2019-06-20 19:12:07.870 2415 RALLYDEBUG rally.task.utils [-] Waiting for resource s_rally_ed1adf2c_92ST6ZQj. Status changed: CREATING => DOWNLOADING in 7.05237603188
2019-06-20 19:12:08.262 2416 RALLYDEBUG rally.task.utils [-] Waiting for resource s_rally_ed1adf2c_1kSvt4NX. Status changed: CREATING => DOWNLOADING in 7.14577102661
2019-06-20 19:12:12.687 2416 RALLYDEBUG rally.task.utils [-] Waiting for resource s_rally_ed1adf2c_1kSvt4NX. Status changed: DOWNLOADING => AVAILABLE in 4.42473196983
2019-06-20 19:12:13.081 2416 INFO rally.task.runner [-] Task a8e0948b-f73f-4ef0-9730-b94fca06ac67 | ITER: 8 END: OK
2019-06-20 19:12:14.591 2415 RALLYDEBUG rally.task.utils [-] Waiting for resource s_rally_ed1adf2c_92ST6ZQj. Status changed: DOWNLOADING => AVAILABLE in 6.72025895119
2019-06-20 19:12:14.928 2415 INFO rally.task.runner [-] Task a8e0948b-f73f-4ef0-9730-b94fca06ac67 | ITER: 7 END: OK
2019-06-20 19:12:17.115 2417 RALLYDEBUG rally.task.utils [-] Waiting for resource s_rally_ed1adf2c_eR2FQKdz. Status changed: CREATING => DOWNLOADING in 9.42784619331
2019-06-20 19:12:19.476 2417 RALLYDEBUG rally.task.utils [-] Waiting for resource s_rally_ed1adf2c_eR2FQKdz. Status changed: DOWNLOADING => AVAILABLE in 2.36070585251
2019-06-20 19:12:19.811 2417 INFO rally.task.runner [-] Task a8e0948b-f73f-4ef0-9730-b94fca06ac67 | ITER: 9 END: OK
2019-06-20 19:12:20.056 2414 RALLYDEBUG rally.task.utils [-] Waiting for resource s_rally_ed1adf2c_FLAFD4nF. Status changed: CREATING => DOWNLOADING in 7.8594930172
2019-06-20 19:12:24.467 2414 RALLYDEBUG rally.task.utils [-] Waiting for resource s_rally_ed1adf2c_FLAFD4nF. Status changed: DOWNLOADING => AVAILABLE in 4.41142392159
2019-06-20 19:12:24.860 2414 INFO rally.task.runner [-] Task a8e0948b-f73f-4ef0-9730-b94fca06ac67 | ITER: 10 END: OK
2019-06-20 19:12:24.890 1842 INFO rally.task.context [-] Task a8e0948b-f73f-4ef0-9730-b94fca06ac67 | Context cleanup@openstack cleanup() started
2019-06-20 19:12:24.892 1842 RALLYDEBUG rally_openstack.cleanup.manager [-] Cleaning up cinder backups objects
2019-06-20 19:12:27.270 1842 RALLYDEBUG rally_openstack.cleanup.manager [-] Cleaning up cinder volume_snapshots objects
2019-06-20 19:12:29.532 1842 RALLYDEBUG rally_openstack.cleanup.manager [-] Cleaning up cinder transfers objects
2019-06-20 19:12:31.817 1842 RALLYDEBUG rally_openstack.cleanup.manager [-] Cleaning up cinder volumes objects
2019-06-20 19:12:34.251 1842 RALLYDEBUG rally_openstack.cleanup.manager [-] Deleting cinder.volumes object s_rally_ed1adf2c_eMuWbqRA (70cb66e4-7e92-435d-85c6-ad91d743fbdc)
2019-06-20 19:12:34.252 1842 RALLYDEBUG rally_openstack.cleanup.manager [-] Deleting cinder.volumes object s_rally_ed1adf2c_yzQ4tWd0 (df0bdb6b-a0ad-4fba-a67d-9753d0c24620)
2019-06-20 19:12:34.253 1842 RALLYDEBUG rally_openstack.cleanup.manager [-] Deleting cinder.volumes object s_rally_ed1adf2c_5GuGLX42 (44c1921a-ab7e-4da8-8faa-ee2c8bb73376)
2019-06-20 19:12:34.258 1842 RALLYDEBUG rally_openstack.cleanup.manager [-] Deleting cinder.volumes object s_rally_ed1adf2c_92ST6ZQj (7d2e0378-2666-4623-8eda-d31f66173d3a)
2019-06-20 19:12:34.264 1842 RALLYDEBUG rally_openstack.cleanup.manager [-] Deleting cinder.volumes object s_rally_ed1adf2c_FLAFD4nF (d1c55bd4-f02e-4eda-961f-c7d3c2b9e0a8)
2019-06-20 19:12:34.264 1842 RALLYDEBUG rally_openstack.cleanup.manager [-] Deleting cinder.volumes object s_rally_ed1adf2c_1kSvt4NX (36412b8e-c0b6-43d4-92db-361462fd0c3f)
2019-06-20 19:12:34.265 1842 RALLYDEBUG rally_openstack.cleanup.manager [-] Deleting cinder.volumes object s_rally_ed1adf2c_eR2FQKdz (d0565974-fa30-4df7-9e27-c663daf85ab1)
2019-06-20 19:12:34.267 1842 RALLYDEBUG rally_openstack.cleanup.manager [-] Deleting cinder.volumes object s_rally_ed1adf2c_UiQCIaNN (e1fa7ebb-cfd9-4a76-b87d-be11778f3d75)
2019-06-20 19:12:34.276 1842 RALLYDEBUG rally_openstack.cleanup.manager [-] Deleting cinder.volumes object s_rally_ed1adf2c_Aita5PIU (3b7a6f26-ccbe-4ee9-be99-8e3a6a907847)
2019-06-20 19:12:34.300 1842 RALLYDEBUG rally_openstack.cleanup.manager [-] Deleting cinder.volumes object s_rally_ed1adf2c_jSybrfZR (0c754aed-e0ec-4803-b355-746657381b92)
2019-06-20 19:12:39.365 1842 INFO rally.task.context [-] Task a8e0948b-f73f-4ef0-9730-b94fca06ac67 | Context cleanup@openstack cleanup() finished in 14.47 sec
2019-06-20 19:12:39.365 1842 INFO rally.task.context [-] Task a8e0948b-f73f-4ef0-9730-b94fca06ac67 | Context quotas@openstack cleanup() started
2019-06-20 19:12:40.285 1842 INFO rally.task.context [-] Task a8e0948b-f73f-4ef0-9730-b94fca06ac67 | Context quotas@openstack cleanup() finished in 0.92 sec
2019-06-20 19:12:40.286 1842 INFO rally.task.context [-] Task a8e0948b-f73f-4ef0-9730-b94fca06ac67 | Context api_versions@openstack cleanup() started
2019-06-20 19:12:40.286 1842 INFO rally.task.context [-] Task a8e0948b-f73f-4ef0-9730-b94fca06ac67 | Context api_versions@openstack cleanup() finished in 0.31 msec
2019-06-20 19:12:40.286 1842 INFO rally.task.context [-] Task a8e0948b-f73f-4ef0-9730-b94fca06ac67 | Context users@openstack cleanup() started
2019-06-20 19:12:48.363 1842 INFO rally.task.context [-] Task a8e0948b-f73f-4ef0-9730-b94fca06ac67 | Context users@openstack cleanup() finished in 8.08 sec
2019-06-20 19:12:48.429 1842 INFO rally.task.engine [-] Load duration is: 50.935468
2019-06-20 19:12:48.429 1842 INFO rally.task.engine [-] Full runner duration is: 50.987128
2019-06-20 19:12:48.429 1842 INFO rally.task.engine [-] Full duration is: 82.273814
2019-06-20 19:12:48.585 1842 INFO rally.task.engine [-] Running workload: position = 1 config = { "version": 2, "title": "A cropped version of a bigger task.", "description": "Auto-generated task from a single workload (uuid=a2b7af66-12ec-4e5a-b7b0-36ec91262aae)", "subtasks": [ { "title": "CinderVolumes.create_and_list_volume", "description": "Create a volume and list all volumes.", "scenario": { "CinderVolumes.create_and_list_volume": { "detailed": true, "size": 1 } }, "contexts": { "users": { "tenants": 3, "users_per_tenant": 2 }, "quotas": { "cinder": { "gigabytes": -1, "snapshots": -1, "volumes": -1 } }, "api_versions": { "cinder": { "version": 3, "service_type": "volumev3" } } }, "runner": { "constant": { "concurrency": 4, "times": 10 } }, "hooks": [], "sla": { "failure_rate": { "max": 0 } } } ] }
2019-06-20 19:12:48.609 1842 RALLYDEBUG rally_openstack.contexts.keystone.users [-] Creating 3 tenants using 20 threads
2019-06-20 19:12:50.619 1842 RALLYDEBUG rally_openstack.contexts.keystone.users [-] Creating 6 users using 20 threads
2019-06-20 19:12:53.628 1842 INFO rally.task.context [-] Task a8e0948b-f73f-4ef0-9730-b94fca06ac67 | Context users@openstack setup() finished in 5.02 sec
2019-06-20 19:12:54.067 1842 INFO rally.task.context [-] Task a8e0948b-f73f-4ef0-9730-b94fca06ac67 | Context api_versions@openstack setup() finished in 0.44 sec
2019-06-20 19:12:55.785 1842 INFO rally.task.context [-] Task a8e0948b-f73f-4ef0-9730-b94fca06ac67 | Context quotas@openstack setup() finished in 1.72 sec
2019-06-20 19:12:55.785 1842 INFO rally.task.context [-] Task a8e0948b-f73f-4ef0-9730-b94fca06ac67 | Context cleanup@openstack setup() finished in 0.00 msec
2019-06-20 19:12:55.792 1842 RALLYDEBUG rally.task.runner [-] Starting the constant runner (task UUID: a8e0948b-f73f-4ef0-9730-b94fca06ac67). timeout: 0 concurrency: 4 concurrency_per_worker: 1 times: 10 concurrency_overhead: 0 processes_to_start: 4 max_cpu_used: 16
2019-06-20 19:12:55.805 2598 RALLYDEBUG rally.task.runner [-] Starting a worker. concurrency: 1 args: {"detailed": true, "size": 1} times: 10 method_name: run timeout: 0 duration: None cls:
2019-06-20 19:12:55.809 2599 RALLYDEBUG rally.task.runner [-] Starting a worker. concurrency: 1 args: {"detailed": true, "size": 1} times: 10 method_name: run timeout: 0 duration: None cls:
2019-06-20 19:12:55.811 2600 RALLYDEBUG rally.task.runner [-] Starting a worker. concurrency: 1 args: {"detailed": true, "size": 1} times: 10 method_name: run timeout: 0 duration: None cls:
2019-06-20 19:12:55.812 2601 RALLYDEBUG rally.task.runner [-] Starting a worker. concurrency: 1 args: {"detailed": true, "size": 1} times: 10 method_name: run timeout: 0 duration: None cls:
2019-06-20 19:12:55.813 2598 INFO rally.task.runner [-] Task a8e0948b-f73f-4ef0-9730-b94fca06ac67 | ITER: 1 START
2019-06-20 19:12:55.816 2599 INFO rally.task.runner [-] Task a8e0948b-f73f-4ef0-9730-b94fca06ac67 | ITER: 2 START
2019-06-20 19:12:55.819 2601 INFO rally.task.runner [-] Task a8e0948b-f73f-4ef0-9730-b94fca06ac67 | ITER: 4 START
2019-06-20 19:12:55.819 2600 INFO rally.task.runner [-] Task a8e0948b-f73f-4ef0-9730-b94fca06ac67 | ITER: 3 START
2019-06-20 19:12:59.762 2601 INFO rally.task.runner [-] Task a8e0948b-f73f-4ef0-9730-b94fca06ac67 | ITER: 4 END: OK
2019-06-20 19:12:59.768 2601 INFO rally.task.runner [-] Task a8e0948b-f73f-4ef0-9730-b94fca06ac67 | ITER: 5 START
2019-06-20 19:12:59.770 2599 INFO rally.task.runner [-] Task a8e0948b-f73f-4ef0-9730-b94fca06ac67 | ITER: 2 END: OK
2019-06-20 19:12:59.776 2599 INFO rally.task.runner [-] Task a8e0948b-f73f-4ef0-9730-b94fca06ac67 | ITER: 6 START
2019-06-20 19:12:59.995 2598 INFO rally.task.runner [-] Task a8e0948b-f73f-4ef0-9730-b94fca06ac67 | ITER: 1 END: OK
2019-06-20 19:13:00.000 2598 INFO rally.task.runner [-] Task a8e0948b-f73f-4ef0-9730-b94fca06ac67 | ITER: 7 START
2019-06-20 19:13:00.020 2600 INFO rally.task.runner [-] Task a8e0948b-f73f-4ef0-9730-b94fca06ac67 | ITER: 3 END: OK
2019-06-20 19:13:00.025 2600 INFO rally.task.runner [-] Task a8e0948b-f73f-4ef0-9730-b94fca06ac67 | ITER: 8 START
2019-06-20 19:13:03.654 2598 INFO rally.task.runner [-] Task a8e0948b-f73f-4ef0-9730-b94fca06ac67 | ITER: 7 END: OK
2019-06-20 19:13:03.659 2598 INFO rally.task.runner [-] Task a8e0948b-f73f-4ef0-9730-b94fca06ac67 | ITER: 9 START
2019-06-20 19:13:04.015 2601 INFO rally.task.runner [-] Task a8e0948b-f73f-4ef0-9730-b94fca06ac67 | ITER: 5 END: OK
2019-06-20 19:13:04.019 2601 INFO rally.task.runner [-] Task a8e0948b-f73f-4ef0-9730-b94fca06ac67 | ITER: 10 START
2019-06-20 19:13:04.032 2599 INFO rally.task.runner [-] Task a8e0948b-f73f-4ef0-9730-b94fca06ac67 | ITER: 6 END: OK
2019-06-20 19:13:04.135 2600 INFO rally.task.runner [-] Task a8e0948b-f73f-4ef0-9730-b94fca06ac67 | ITER: 8 END: OK
2019-06-20 19:13:07.678 2598 INFO rally.task.runner [-] Task a8e0948b-f73f-4ef0-9730-b94fca06ac67 | ITER: 9 END: OK
2019-06-20 19:13:07.991 2601 INFO rally.task.runner [-] Task a8e0948b-f73f-4ef0-9730-b94fca06ac67 | ITER: 10 END: OK
2019-06-20 19:13:08.018 1842 INFO rally.task.context [-] Task a8e0948b-f73f-4ef0-9730-b94fca06ac67 | Context cleanup@openstack cleanup() started
2019-06-20 19:13:08.020 1842 RALLYDEBUG rally_openstack.cleanup.manager [-] Cleaning up cinder backups objects
2019-06-20 19:13:10.108 1842 RALLYDEBUG rally_openstack.cleanup.manager [-] Cleaning up cinder volume_snapshots objects
2019-06-20 19:13:12.243 1842 RALLYDEBUG rally_openstack.cleanup.manager [-] Cleaning up cinder transfers objects
2019-06-20 19:13:14.368 1842 RALLYDEBUG rally_openstack.cleanup.manager [-] Cleaning up cinder volumes objects
2019-06-20 19:13:16.770 1842 RALLYDEBUG rally_openstack.cleanup.manager [-] Deleting cinder.volumes object s_rally_a2b7af66_M7v2dnrP (64e29374-320f-4f74-840b-da0633cb2de9)
2019-06-20 19:13:16.771 1842 RALLYDEBUG rally_openstack.cleanup.manager [-] Deleting cinder.volumes object s_rally_a2b7af66_ZmUDjGII (c350944a-c05b-44b1-ac3d-659a3b39098a)
2019-06-20 19:13:16.773 1842 RALLYDEBUG rally_openstack.cleanup.manager [-] Deleting cinder.volumes object s_rally_a2b7af66_r3Ky9IKz (ecdf53e4-3484-43be-b4d9-2f0658165027)
2019-06-20 19:13:16.775 1842 RALLYDEBUG rally_openstack.cleanup.manager [-] Deleting cinder.volumes object s_rally_a2b7af66_99qXJdzN (962111e5-55ea-4fbb-83e5-a57b02ae23ca)
2019-06-20 19:13:16.783 1842 RALLYDEBUG rally_openstack.cleanup.manager [-] Deleting cinder.volumes object s_rally_a2b7af66_wazaJx13 (52e37f74-9b16-4172-b379-f0d3a35de3e9)
2019-06-20 19:13:16.785 1842 RALLYDEBUG rally_openstack.cleanup.manager [-] Deleting cinder.volumes object s_rally_a2b7af66_SPzZ5lqt (adbe36ab-5586-44f3-ba8e-2d7c1fd6d4b9)
2019-06-20 19:13:16.791 1842 RALLYDEBUG rally_openstack.cleanup.manager [-] Deleting cinder.volumes object s_rally_a2b7af66_NANg0NnS (6d528a97-1238-4e84-959b-aed4bcfe6824)
2019-06-20 19:13:16.793 1842 RALLYDEBUG rally_openstack.cleanup.manager [-] Deleting cinder.volumes object s_rally_a2b7af66_WS5gwZqP (2bcb74ae-6d93-4f44-ac97-69a96c88fb61)
2019-06-20 19:13:16.799 1842 RALLYDEBUG rally_openstack.cleanup.manager [-] Deleting cinder.volumes object s_rally_a2b7af66_vjIpcdE8 (de5abe3f-5e36-435c-857e-42f67fa8cc28)
2019-06-20 19:13:16.806 1842 RALLYDEBUG rally_openstack.cleanup.manager [-] Deleting cinder.volumes object s_rally_a2b7af66_PDcI1kkH (04337f57-fcfd-4136-beec-d57825b0bd4f)
2019-06-20 19:13:20.662 1842 INFO rally.task.context [-] Task a8e0948b-f73f-4ef0-9730-b94fca06ac67 | Context cleanup@openstack cleanup() finished in 12.64 sec
2019-06-20 19:13:20.662 1842 INFO rally.task.context [-] Task a8e0948b-f73f-4ef0-9730-b94fca06ac67 | Context quotas@openstack cleanup() started
2019-06-20 19:13:21.561 1842 INFO rally.task.context [-] Task a8e0948b-f73f-4ef0-9730-b94fca06ac67 | Context quotas@openstack cleanup() finished in 0.90 sec
2019-06-20 19:13:21.561 1842 INFO rally.task.context [-] Task a8e0948b-f73f-4ef0-9730-b94fca06ac67 | Context api_versions@openstack cleanup() started
2019-06-20 19:13:21.562 1842 INFO rally.task.context [-] Task a8e0948b-f73f-4ef0-9730-b94fca06ac67 | Context api_versions@openstack cleanup() finished in 0.31 msec
2019-06-20 19:13:21.562 1842 INFO rally.task.context [-] Task a8e0948b-f73f-4ef0-9730-b94fca06ac67 | Context users@openstack cleanup() started
2019-06-20 19:13:30.123 1842 INFO rally.task.context [-] Task a8e0948b-f73f-4ef0-9730-b94fca06ac67 | Context users@openstack cleanup() finished in 8.56 sec
2019-06-20 19:13:30.844 1842 INFO rally.task.engine [-] Load duration is: 12.174934
2019-06-20 19:13:30.845 1842 INFO rally.task.engine [-] Full runner duration is: 12.225886
2019-06-20 19:13:30.845 1842 INFO rally.task.engine [-] Full duration is: 41.518262
2019-06-20 19:13:31.075 1842 INFO rally.task.engine [-] Running workload: position = 0 config = { "version": 2, "title": "A cropped version of a bigger task.", "description": "Auto-generated task from a single workload (uuid=d788c947-54a5-4f45-bbe4-a50373639c93)", "subtasks": [ { "title": "CinderVolumes.create_and_upload_volume_to_image", "description": "Create and upload a volume to image.", "scenario": { "CinderVolumes.create_and_upload_volume_to_image": { "container_format": "bare", "disk_format": "raw", "do_delete": true, "force": false, "size": 1 } }, "contexts": { "users": { "tenants": 3, "users_per_tenant": 2 }, "quotas": { "cinder": { "gigabytes": -1, "snapshots": -1, "volumes": -1 } }, "api_versions": { "cinder": { "version": 3, "service_type": "volumev3" } } }, "runner": { "constant": { "concurrency": 4, "times": 10 } }, "hooks": [], "sla": { "failure_rate": { "max": 0 } } } ] }
2019-06-20 19:13:31.098 1842 RALLYDEBUG rally_openstack.contexts.keystone.users [-] Creating 3 tenants using 20 threads
2019-06-20 19:13:32.958 1842 RALLYDEBUG rally_openstack.contexts.keystone.users [-] Creating 6 users using 20 threads
2019-06-20 19:13:35.879 1842 INFO rally.task.context [-] Task a8e0948b-f73f-4ef0-9730-b94fca06ac67 | Context users@openstack setup() finished in 4.78 sec
2019-06-20 19:13:36.311 1842 INFO rally.task.context [-] Task a8e0948b-f73f-4ef0-9730-b94fca06ac67 | Context api_versions@openstack setup() finished in 0.43 sec
2019-06-20 19:13:37.976 1842 INFO rally.task.context [-] Task a8e0948b-f73f-4ef0-9730-b94fca06ac67 | Context quotas@openstack setup() finished in 1.66 sec
2019-06-20 19:13:37.977 1842 INFO rally.task.context [-] Task a8e0948b-f73f-4ef0-9730-b94fca06ac67 | Context cleanup@openstack setup() finished in 0.00 msec
2019-06-20 19:13:37.984 1842 RALLYDEBUG rally.task.runner [-] Starting the constant runner (task UUID: a8e0948b-f73f-4ef0-9730-b94fca06ac67). timeout: 0 concurrency: 4 concurrency_per_worker: 1 times: 10 concurrency_overhead: 0 processes_to_start: 4 max_cpu_used: 16
2019-06-20 19:13:37.997 2782 RALLYDEBUG rally.task.runner [-] Starting a worker. concurrency: 1 args: {"container_format": "bare", "disk_format": "raw", "do_delete": true, "force": false, "size": 1} times: 10 method_name: run timeout: 0 duration: None cls:
2019-06-20 19:13:38.000 2783 RALLYDEBUG rally.task.runner [-] Starting a worker. concurrency: 1 args: {"container_format": "bare", "disk_format": "raw", "do_delete": true, "force": false, "size": 1} times: 10 method_name: run timeout: 0 duration: None cls:
2019-06-20 19:13:38.003 2784 RALLYDEBUG rally.task.runner [-] Starting a worker. concurrency: 1 args: {"container_format": "bare", "disk_format": "raw", "do_delete": true, "force": false, "size": 1} times: 10 method_name: run timeout: 0 duration: None cls:
2019-06-20 19:13:38.005 2782 INFO rally.task.runner [-] Task a8e0948b-f73f-4ef0-9730-b94fca06ac67 | ITER: 1 START
2019-06-20 19:13:38.005 2785 RALLYDEBUG rally.task.runner [-] Starting a worker. concurrency: 1 args: {"container_format": "bare", "disk_format": "raw", "do_delete": true, "force": false, "size": 1} times: 10 method_name: run timeout: 0 duration: None cls:
2019-06-20 19:13:38.009 2783 INFO rally.task.runner [-] Task a8e0948b-f73f-4ef0-9730-b94fca06ac67 | ITER: 2 START
2019-06-20 19:13:38.012 2784 INFO rally.task.runner [-] Task a8e0948b-f73f-4ef0-9730-b94fca06ac67 | ITER: 3 START
2019-06-20 19:13:38.013 2785 INFO rally.task.runner [-] Task a8e0948b-f73f-4ef0-9730-b94fca06ac67 | ITER: 4 START
2019-06-20 19:13:43.588 2782 RALLYDEBUG rally.task.utils [-] Waiting for resource s_rally_d788c947_6aVIcFih. Status changed: AVAILABLE => UPLOADING in 0.345638990402
2019-06-20 19:13:43.613 2784 RALLYDEBUG rally.task.utils [-] Waiting for resource s_rally_d788c947_ByRpxTbE. Status changed: AVAILABLE => UPLOADING in 0.0545380115509
2019-06-20 19:13:43.867 2785 RALLYDEBUG rally.task.utils [-] Waiting for resource s_rally_d788c947_NCYgU5tH. Status changed: AVAILABLE => UPLOADING in 0.313318014145
2019-06-20 19:13:43.930 2783 RALLYDEBUG rally.task.utils [-] Waiting for resource s_rally_d788c947_TVqGJcHV. Status changed: AVAILABLE => UPLOADING in 0.319697856903
2019-06-20 19:14:35.119 2785 RALLYDEBUG rally.task.utils [-] Waiting for resource s_rally_d788c947_NCYgU5tH. Status changed: UPLOADING => AVAILABLE in 51.251429081
2019-06-20 19:14:36.094 2785 RALLYDEBUG rally.task.utils [-] Waiting for resource s_rally_d788c947_NCYgU5tH. Status changed: AVAILABLE => DELETING in 0.253867864609
2019-06-20 19:14:37.767 2784 RALLYDEBUG rally.task.utils [-] Waiting for resource s_rally_d788c947_ByRpxTbE. Status changed: UPLOADING => AVAILABLE in 54.1532480717
2019-06-20 19:14:37.997 2783 RALLYDEBUG rally.task.utils [-] Waiting for resource s_rally_d788c947_TVqGJcHV. Status changed: UPLOADING => AVAILABLE in 54.0670700073
2019-06-20 19:14:38.271 2782 RALLYDEBUG rally.task.utils [-] Waiting for resource s_rally_d788c947_6aVIcFih. Status changed: UPLOADING => AVAILABLE in 54.6835858822
2019-06-20 19:14:39.096 2784 RALLYDEBUG rally.task.utils [-] Waiting for resource s_rally_d788c947_ByRpxTbE. Status changed: AVAILABLE => DELETING in 0.337778091431
2019-06-20 19:14:39.581 2785 INFO rally.task.runner [-] Task a8e0948b-f73f-4ef0-9730-b94fca06ac67 | ITER: 4 END: OK
2019-06-20 19:14:39.589 2785 INFO rally.task.runner [-] Task a8e0948b-f73f-4ef0-9730-b94fca06ac67 | ITER: 5 START
2019-06-20 19:14:39.695 2782 RALLYDEBUG rally.task.utils [-] Waiting for resource s_rally_d788c947_6aVIcFih. Status changed: AVAILABLE => DELETING in 0.182356119156
2019-06-20 19:14:40.784 2783 INFO rally.task.runner [-] Task a8e0948b-f73f-4ef0-9730-b94fca06ac67 | ITER: 2 END: OK
2019-06-20 19:14:40.791 2783 INFO rally.task.runner [-] Task a8e0948b-f73f-4ef0-9730-b94fca06ac67 | ITER: 6 START
2019-06-20 19:14:42.971 2782 INFO rally.task.runner [-] Task a8e0948b-f73f-4ef0-9730-b94fca06ac67 | ITER: 1 END: OK
2019-06-20 19:14:42.976 2782 INFO rally.task.runner [-] Task a8e0948b-f73f-4ef0-9730-b94fca06ac67 | ITER: 7 START
2019-06-20 19:14:42.989 2784 INFO rally.task.runner [-] Task a8e0948b-f73f-4ef0-9730-b94fca06ac67 | ITER: 3 END: OK
2019-06-20 19:14:42.995 2784 INFO rally.task.runner [-] Task a8e0948b-f73f-4ef0-9730-b94fca06ac67 | ITER: 8 START
2019-06-20 19:14:45.180 2785 RALLYDEBUG rally.task.utils [-] Waiting for resource s_rally_d788c947_uzVquLPS. Status changed: AVAILABLE => UPLOADING in 0.265547990799
2019-06-20 19:14:46.455 2783 RALLYDEBUG rally.task.utils [-] Waiting for resource s_rally_d788c947_2DyeJpdL. Status changed: AVAILABLE => UPLOADING in 0.0668318271637
2019-06-20 19:14:48.353 2782 RALLYDEBUG rally.task.utils [-] Waiting for resource s_rally_d788c947_o91pETxn. Status changed: AVAILABLE => UPLOADING in 0.42679309845
2019-06-20 19:14:48.862 2784 RALLYDEBUG rally.task.utils [-] Waiting for resource s_rally_d788c947_W0QxFjKb. Status changed: AVAILABLE => UPLOADING in 0.34561085701
2019-06-20 19:15:35.287 2785 RALLYDEBUG rally.task.utils [-] Waiting for resource s_rally_d788c947_uzVquLPS. Status changed: UPLOADING => AVAILABLE in 50.1068999767
2019-06-20 19:15:37.730 2785 INFO rally.task.runner [-] Task a8e0948b-f73f-4ef0-9730-b94fca06ac67 | ITER: 5 END: OK
2019-06-20 19:15:37.736 2785 INFO rally.task.runner [-] Task a8e0948b-f73f-4ef0-9730-b94fca06ac67 | ITER: 9 START
2019-06-20 19:15:37.747 2782 RALLYDEBUG rally.task.utils [-] Waiting for resource s_rally_d788c947_o91pETxn. Status changed: UPLOADING => AVAILABLE in 49.3930959702
2019-06-20 19:15:38.278 2784 RALLYDEBUG rally.task.utils [-] Waiting for resource s_rally_d788c947_W0QxFjKb. Status changed: UPLOADING => AVAILABLE in 49.4168171883
2019-06-20 19:15:38.306 2783 RALLYDEBUG rally.task.utils [-] Waiting for resource s_rally_d788c947_2DyeJpdL. Status changed: UPLOADING => AVAILABLE in 51.8513300419
2019-06-20 19:15:38.548 2782 RALLYDEBUG rally.task.utils [-] Waiting for resource s_rally_d788c947_o91pETxn. Status changed: AVAILABLE => DELETING in 0.0559520721436
2019-06-20 19:15:38.935 2784 RALLYDEBUG rally.task.utils [-] Waiting for resource s_rally_d788c947_W0QxFjKb. Status changed: AVAILABLE => DELETING in 0.060035943985
2019-06-20 19:15:39.419 2783 RALLYDEBUG rally.task.utils [-] Waiting for resource s_rally_d788c947_2DyeJpdL. Status changed: AVAILABLE => DELETING in 0.351542949677
2019-06-20 19:15:42.119 2784 INFO rally.task.runner [-] Task a8e0948b-f73f-4ef0-9730-b94fca06ac67 | ITER: 8 END: OK
2019-06-20 19:15:42.126 2784 INFO rally.task.runner [-] Task a8e0948b-f73f-4ef0-9730-b94fca06ac67 | ITER: 10 START
2019-06-20 19:15:42.131 2782 INFO rally.task.runner [-] Task a8e0948b-f73f-4ef0-9730-b94fca06ac67 | ITER: 7 END: OK
2019-06-20 19:15:42.143 2783 INFO rally.task.runner [-] Task a8e0948b-f73f-4ef0-9730-b94fca06ac67 | ITER: 6 END: OK
2019-06-20 19:15:43.771 2785 RALLYDEBUG rally.task.utils [-] Waiting for resource s_rally_d788c947_fl2iGXhd. Status changed: AVAILABLE => UPLOADING in 0.322875976562
2019-06-20 19:15:47.781 2784 RALLYDEBUG rally.task.utils [-] Waiting for resource s_rally_d788c947_jBULYsri. Status changed: AVAILABLE => UPLOADING in 0.254245042801
2019-06-20 19:16:13.374 2785 RALLYDEBUG rally.task.utils [-] Waiting for resource s_rally_d788c947_fl2iGXhd. Status changed: UPLOADING => AVAILABLE in 29.6034090519
2019-06-20 19:16:15.622 2785 INFO rally.task.runner [-] Task a8e0948b-f73f-4ef0-9730-b94fca06ac67 | ITER: 9 END: OK
2019-06-20 19:16:17.637 2784 RALLYDEBUG rally.task.utils [-] Waiting for resource s_rally_d788c947_jBULYsri. Status changed: UPLOADING => AVAILABLE in 29.8560929298
2019-06-20 19:16:18.702 2784 RALLYDEBUG rally.task.utils [-] Waiting for resource s_rally_d788c947_jBULYsri. Status changed: AVAILABLE => DELETING in 0.0725390911102
2019-06-20 19:16:21.694 2784 INFO rally.task.runner [-] Task a8e0948b-f73f-4ef0-9730-b94fca06ac67 | ITER: 10 END: OK
2019-06-20 19:16:21.724 1842 INFO rally.task.context [-] Task a8e0948b-f73f-4ef0-9730-b94fca06ac67 | Context cleanup@openstack cleanup() started
2019-06-20 19:16:21.726 1842 RALLYDEBUG rally_openstack.cleanup.manager [-] Cleaning up cinder backups objects
2019-06-20 19:16:24.101 1842 RALLYDEBUG rally_openstack.cleanup.manager [-] Cleaning up cinder volume_snapshots objects
2019-06-20 19:16:26.302 1842 RALLYDEBUG rally_openstack.cleanup.manager [-] Cleaning up cinder transfers objects
2019-06-20 19:16:28.601 1842 RALLYDEBUG rally_openstack.cleanup.manager [-] Cleaning up cinder volumes objects
2019-06-20 19:16:30.805 1842 RALLYDEBUG rally_openstack.cleanup.manager [-] Cleaning up glance images objects
2019-06-20 19:16:34.076 1842 INFO rally.task.context [-] Task a8e0948b-f73f-4ef0-9730-b94fca06ac67 | Context cleanup@openstack cleanup() finished in 12.35 sec
2019-06-20 19:16:34.076 1842 INFO rally.task.context [-] Task a8e0948b-f73f-4ef0-9730-b94fca06ac67 | Context quotas@openstack cleanup() started
2019-06-20 19:16:34.770 1842 INFO rally.task.context [-] Task a8e0948b-f73f-4ef0-9730-b94fca06ac67 | Context quotas@openstack cleanup() finished in 0.69 sec
2019-06-20 19:16:34.770 1842 INFO rally.task.context [-] Task a8e0948b-f73f-4ef0-9730-b94fca06ac67 | Context api_versions@openstack cleanup() started
2019-06-20 19:16:34.770 1842 INFO rally.task.context [-] Task a8e0948b-f73f-4ef0-9730-b94fca06ac67 | Context api_versions@openstack cleanup() finished in 0.32 msec
2019-06-20 19:16:34.771 1842 INFO rally.task.context [-] Task a8e0948b-f73f-4ef0-9730-b94fca06ac67 | Context users@openstack cleanup() started
2019-06-20 19:16:42.765 1842 INFO rally.task.context [-] Task a8e0948b-f73f-4ef0-9730-b94fca06ac67 | Context users@openstack cleanup() finished in 7.99 sec
2019-06-20 19:16:43.774 1842 INFO rally.task.engine [-] Load duration is: 162.804945
2019-06-20 19:16:43.775 1842 INFO rally.task.engine [-] Full runner duration is: 163.740001
2019-06-20 19:16:43.775 1842 INFO rally.task.engine [-] Full duration is: 191.67042
2019-06-20 19:16:44.070 1842 INFO rally.task.engine [-] Running workload: position = 0 config = { "version": 2, "title": "A cropped version of a bigger task.", "description": "Auto-generated task from a single workload (uuid=3be7a0d7-0858-4c47-ba18-e78491e656f9)", "subtasks": [ { "title": "CinderVolumes.create_nested_snapshots_and_attach_volume", "description": "Create a volume from snapshot and attach/detach the volume", "scenario": { "CinderVolumes.create_nested_snapshots_and_attach_volume": { "flavor": { "name": "rally_full-flavor_525234f1-4414-43cf-b413-8b219f4a599d" }, "image": { "name": "rally_full-img_525234f1-4414-43cf-b413-8b219f4a599d" }, "nested_level": 1, "size": { "max": 1, "min": 1 }, "create_vm_params": { "nics": [ { "net-id": "d073e7bb-155b-47ce-8083-19a87f1f42c9" } ] } } }, "contexts": { "users": { "tenants": 3, "users_per_tenant": 2 }, "quotas": { "cinder": { "gigabytes": -1, "snapshots": -1, "volumes": -1 } }, "api_versions": { "cinder": { "version": 3, "service_type": "volumev3" } } }, "runner": { "constant": { "concurrency": 4, "times": 10 } }, "hooks": [], "sla": { "failure_rate": { "max": 0 } } } ] }
2019-06-20 19:16:44.096 1842 RALLYDEBUG rally_openstack.contexts.keystone.users [-] Creating 3 tenants using 20 threads
2019-06-20 19:16:46.012 1842 RALLYDEBUG rally_openstack.contexts.keystone.users [-] Creating 6 users using 20 threads
