2019-06-20 18:58:17.940 7 RALLYDEBUG rally.api [-] INFO logs from urllib3 and requests module are hide.
2019-06-20 18:58:17.940 7 RALLYDEBUG rally.api [-] urllib3 insecure warnings are hidden.
2019-06-20 18:58:17.941 7 RALLYDEBUG rally.api [-] ERROR log from boto module is hide.
2019-06-20 18:58:19.147 7 ERROR rally.cli.cliutils [-] Unexpected exception in CLI: DBRecordNotFound: Record for uuid or name is opnfv-rally not found in table envs
2019-06-20 18:58:19.147 7 ERROR rally.cli.cliutils
Traceback (most recent call last):
2019-06-20 18:58:19.147 7 ERROR rally.cli.cliutils
File "/usr/lib/python2.7/site-packages/rally/cli/cliutils.py", line 674, in run
2019-06-20 18:58:19.147 7 ERROR rally.cli.cliutils ret = fn(*fn_args, **fn_kwargs)
2019-06-20 18:58:19.147 7 ERROR rally.cli.cliutils File "", line 2, in destroy
2019-06-20 18:58:19.147 7 ERROR rally.cli.cliutils
File "/usr/lib/python2.7/site-packages/rally/cli/envutils.py", line 69, in default_from_global
2019-06-20 18:58:19.147 7 ERROR rally.cli.cliutils return f(*args, **kwargs)
2019-06-20 18:58:19.147 7 ERROR rally.cli.cliutils File "", line 2, in destroy
2019-06-20 18:58:19.147 7 ERROR rally.cli.cliutils
File "/usr/lib/python2.7/site-packages/rally/plugins/__init__.py", line 51, in ensure_plugins_are_loaded
2019-06-20 18:58:19.147 7 ERROR rally.cli.cliutils return f(*args, **kwargs)
2019-06-20 18:58:19.147 7 ERROR rally.cli.cliutils
File "/usr/lib/python2.7/site-packages/rally/cli/commands/deployment.py", line 140, in destroy
2019-06-20 18:58:19.147 7 ERROR rally.cli.cliutils api.deployment.destroy(deployment=deployment)
2019-06-20 18:58:19.147 7 ERROR rally.cli.cliutils
File "/usr/lib/python2.7/site-packages/rally/api.py", line 115, in destroy
2019-06-20 18:58:19.147 7 ERROR rally.cli.cliutils deploy = objects.Deployment.get(deployment)
2019-06-20 18:58:19.147 7 ERROR rally.cli.cliutils
File "/usr/lib/python2.7/site-packages/rally/common/objects/deploy.py", line 124, in get
2019-06-20 18:58:19.147 7 ERROR rally.cli.cliutils return Deployment(env_mgr.EnvManager.get(deploy))
2019-06-20 18:58:19.147 7 ERROR rally.cli.cliutils
File "/usr/lib/python2.7/site-packages/rally/env/env_mgr.py", line 212, in get
2019-06-20 18:58:19.147 7 ERROR rally.cli.cliutils return cls(db.env_get(uuid_or_name))
2019-06-20 18:58:19.147 7 ERROR rally.cli.cliutils
File "/usr/lib/python2.7/site-packages/rally/common/db/api.py", line 135, in wrapper
2019-06-20 18:58:19.147 7 ERROR rally.cli.cliutils result = f(session, *args, **kwargs)
2019-06-20 18:58:19.147 7 ERROR rally.cli.cliutils
File "/usr/lib/python2.7/site-packages/rally/common/db/api.py", line 521, in env_get
2019-06-20 18:58:19.147 7 ERROR rally.cli.cliutils criteria="uuid or name is %s" % uuid_or_name, table="envs")
2019-06-20 18:58:19.147 7 ERROR rally.cli.cliutils DBRecordNotFound: Record for uuid or name is opnfv-rally not found in table envs
2019-06-20 18:58:19.147 7 ERROR rally.cli.cliutils
2019-06-20 18:58:19.888 9 RALLYDEBUG rally.api [-] INFO logs from urllib3 and requests module are hide.
2019-06-20 18:58:19.888 9 RALLYDEBUG rally.api [-] urllib3 insecure warnings are hidden.
2019-06-20 18:58:19.888 9 RALLYDEBUG rally.api [-] ERROR log from boto module is hide.
2019-06-20 18:58:21.214 9 WARNING rally_openstack.platforms.existing [-] endpoint is deprecated and not used.
2019-06-20 18:58:22.182 11 RALLYDEBUG rally.api [-] INFO logs from urllib3 and requests module are hide.
2019-06-20 18:58:22.182 11 RALLYDEBUG rally.api [-] urllib3 insecure warnings are hidden.
2019-06-20 18:58:22.183 11 RALLYDEBUG rally.api [-] ERROR log from boto module is hide.
2019-06-20 18:58:25.489 14 RALLYDEBUG rally.api [-] INFO logs from urllib3 and requests module are hide.
2019-06-20 18:58:25.490 14 RALLYDEBUG rally.api [-] urllib3 insecure warnings are hidden.
2019-06-20 18:58:25.490 14 RALLYDEBUG rally.api [-] ERROR log from boto module is hide.
2019-06-20 18:58:27.227 16 RALLYDEBUG rally.api [-] INFO logs from urllib3 and requests module are hide.
2019-06-20 18:58:27.227 16 RALLYDEBUG rally.api [-] urllib3 insecure warnings are hidden.
2019-06-20 18:58:27.227 16 RALLYDEBUG rally.api [-] ERROR log from boto module is hide.
2019-06-20 18:58:28.555 16 INFO rally.task.engine [-] Task d8e846b9-308c-4f18-b530-7b3432f09993 | Starting: Task validation.
2019-06-20 18:58:28.580 16 INFO rally.task.engine [-] Task d8e846b9-308c-4f18-b530-7b3432f09993 | Starting: Task validation of syntax.
2019-06-20 18:58:28.614 16 INFO rally.task.engine [-] Task d8e846b9-308c-4f18-b530-7b3432f09993 | Completed: Task validation of syntax.
2019-06-20 18:58:28.614 16 INFO rally.task.engine [-] Task d8e846b9-308c-4f18-b530-7b3432f09993 | Starting: Task validation of required platforms.
2019-06-20 18:58:28.637 16 INFO rally.task.engine [-] Task d8e846b9-308c-4f18-b530-7b3432f09993 | Completed: Task validation of required platforms.
2019-06-20 18:58:28.637 16 INFO rally.task.engine [-] Task d8e846b9-308c-4f18-b530-7b3432f09993 | Starting: Task validation of semantic.
2019-06-20 18:58:28.637 16 INFO rally.task.engine [-] Check health of the environment 'b9a06f0b-13a5-49c9-bd3c-2d548e08fcd3'.
2019-06-20 18:58:29.456 16 INFO rally.task.engine [-] Platform existing@openstack (available: True): OK!
2019-06-20 18:58:29.469 16 RALLYDEBUG rally_openstack.contexts.keystone.users [-] Creating 1 tenants using 20 threads
2019-06-20 18:58:31.327 16 RALLYDEBUG rally_openstack.contexts.keystone.users [-] Creating 1 users using 20 threads
2019-06-20 18:58:34.068 16 INFO rally.task.context [-] Task d8e846b9-308c-4f18-b530-7b3432f09993 | Context users@openstack setup() finished in 4.60 sec
2019-06-20 18:58:34.114 16 INFO rally.task.context [-] Task d8e846b9-308c-4f18-b530-7b3432f09993 | Context users@openstack cleanup() started
2019-06-20 18:58:40.037 16 INFO rally.task.context [-] Task d8e846b9-308c-4f18-b530-7b3432f09993 | Context users@openstack cleanup() finished in 5.92 sec
2019-06-20 18:58:40.038 16 INFO rally.task.engine [-] Task d8e846b9-308c-4f18-b530-7b3432f09993 | Completed: Task validation of semantic.
2019-06-20 18:58:40.038 16 INFO rally.task.engine [-] Task d8e846b9-308c-4f18-b530-7b3432f09993 | Completed: Task validation.
2019-06-20 18:58:40.038 16 INFO rally.api [-] Task d8e846b9-308c-4f18-b530-7b3432f09993 input file is valid.
2019-06-20 18:58:40.039 16 INFO rally.api [-] Run Task d8e846b9-308c-4f18-b530-7b3432f09993 against Deployment b9a06f0b-13a5-49c9-bd3c-2d548e08fcd3
2019-06-20 18:58:40.039 16 INFO rally.task.engine [-] Task d8e846b9-308c-4f18-b530-7b3432f09993 | Starting: Running task.
2019-06-20 18:58:40.198 16 INFO rally.task.engine [-] Running workload: position = 0 config = { "version": 2, "title": "A cropped version of a bigger task.", "description": "Auto-generated task from a single workload (uuid=e503c44b-214c-4e3d-bade-6223e62d0544)", "subtasks": [ { "title": "Authenticate.keystone", "description": "Check Keystone Client.", "scenario": { "Authenticate.keystone": {} }, "contexts": { "users": { "tenants": 3, "users_per_tenant": 2 } }, "runner": { "constant": { "concurrency": 4, "times": 10 } }, "hooks": [], "sla": { "failure_rate": { "max": 0 } } } ] }
2019-06-20 18:58:40.219 16 RALLYDEBUG rally_openstack.contexts.keystone.users [-] Creating 3 tenants using 20 threads
2019-06-20 18:58:42.165 16 RALLYDEBUG rally_openstack.contexts.keystone.users [-] Creating 6 users using 20 threads
2019-06-20 18:58:44.935 16 INFO rally.task.context [-] Task d8e846b9-308c-4f18-b530-7b3432f09993 | Context users@openstack setup() finished in 4.72 sec
2019-06-20 18:58:44.942 16 RALLYDEBUG rally.task.runner [-] Starting the constant runner (task UUID: d8e846b9-308c-4f18-b530-7b3432f09993). timeout: 0 concurrency: 4 concurrency_per_worker: 1 times: 10 concurrency_overhead: 0 processes_to_start: 4 max_cpu_used: 16
2019-06-20 18:58:44.955 140 RALLYDEBUG rally.task.runner [-] Starting a worker. concurrency: 1 args: {} times: 10 method_name: run timeout: 0 duration: None cls:
2019-06-20 18:58:44.957 141 RALLYDEBUG rally.task.runner [-] Starting a worker. concurrency: 1 args: {} times: 10 method_name: run timeout: 0 duration: None cls:
2019-06-20 18:58:44.960 140 INFO rally.task.runner [-] Task d8e846b9-308c-4f18-b530-7b3432f09993 | ITER: 1 START
2019-06-20 18:58:44.960 142 RALLYDEBUG rally.task.runner [-] Starting a worker. concurrency: 1 args: {} times: 10 method_name: run timeout: 0 duration: None cls:
2019-06-20 18:58:44.962 141 INFO rally.task.runner [-] Task d8e846b9-308c-4f18-b530-7b3432f09993 | ITER: 2 START
2019-06-20 18:58:44.964 143 RALLYDEBUG rally.task.runner [-] Starting a worker. concurrency: 1 args: {} times: 10 method_name: run timeout: 0 duration: None cls:
2019-06-20 18:58:44.966 142 INFO rally.task.runner [-] Task d8e846b9-308c-4f18-b530-7b3432f09993 | ITER: 3 START
2019-06-20 18:58:44.971 143 INFO rally.task.runner [-] Task d8e846b9-308c-4f18-b530-7b3432f09993 | ITER: 4 START
2019-06-20 18:58:45.565 140 INFO rally.task.runner [-] Task d8e846b9-308c-4f18-b530-7b3432f09993 | ITER: 1 END: OK
2019-06-20 18:58:45.569 141 INFO rally.task.runner [-] Task d8e846b9-308c-4f18-b530-7b3432f09993 | ITER: 2 END: OK
2019-06-20 18:58:45.569 143 INFO rally.task.runner [-] Task d8e846b9-308c-4f18-b530-7b3432f09993 | ITER: 4 END: OK
2019-06-20 18:58:45.571 140 INFO rally.task.runner [-] Task d8e846b9-308c-4f18-b530-7b3432f09993 | ITER: 5 START
2019-06-20 18:58:45.572 141 INFO rally.task.runner [-] Task d8e846b9-308c-4f18-b530-7b3432f09993 | ITER: 6 START
2019-06-20 18:58:45.575 143 INFO rally.task.runner [-] Task d8e846b9-308c-4f18-b530-7b3432f09993 | ITER: 7 START
2019-06-20 18:58:45.577 142 INFO rally.task.runner [-] Task d8e846b9-308c-4f18-b530-7b3432f09993 | ITER: 3 END: OK
2019-06-20 18:58:45.581 142 INFO rally.task.runner [-] Task d8e846b9-308c-4f18-b530-7b3432f09993 | ITER: 8 START
2019-06-20 18:58:46.181 143 INFO rally.task.runner [-] Task d8e846b9-308c-4f18-b530-7b3432f09993 | ITER: 7 END: OK
2019-06-20 18:58:46.185 143 INFO rally.task.runner [-] Task d8e846b9-308c-4f18-b530-7b3432f09993 | ITER: 9 START
2019-06-20 18:58:46.199 140 INFO rally.task.runner [-] Task d8e846b9-308c-4f18-b530-7b3432f09993 | ITER: 5 END: OK
2019-06-20 18:58:46.203 140 INFO rally.task.runner [-] Task d8e846b9-308c-4f18-b530-7b3432f09993 | ITER: 10 START
2019-06-20 18:58:46.216 141 INFO rally.task.runner [-] Task d8e846b9-308c-4f18-b530-7b3432f09993 | ITER: 6 END: OK
2019-06-20 18:58:46.221 142 INFO rally.task.runner [-] Task d8e846b9-308c-4f18-b530-7b3432f09993 | ITER: 8 END: OK
2019-06-20 18:58:46.790 143 INFO rally.task.runner [-] Task d8e846b9-308c-4f18-b530-7b3432f09993 | ITER: 9 END: OK
2019-06-20 18:58:46.800 140 INFO rally.task.runner [-] Task d8e846b9-308c-4f18-b530-7b3432f09993 | ITER: 10 END: OK
2019-06-20 18:58:46.822 16 INFO rally.task.context [-] Task d8e846b9-308c-4f18-b530-7b3432f09993 | Context users@openstack cleanup() started
2019-06-20 18:58:54.870 16 INFO rally.task.context [-] Task d8e846b9-308c-4f18-b530-7b3432f09993 | Context users@openstack cleanup() finished in 8.05 sec
2019-06-20 18:58:56.305 16 INFO rally.task.engine [-] Load duration is: 1.838551
2019-06-20 18:58:56.305 16 INFO rally.task.engine [-] Full runner duration is: 1.880866
2019-06-20 18:58:56.305 16 INFO rally.task.engine [-] Full duration is: 14.652622
2019-06-20 18:58:56.539 16 INFO rally.task.engine [-] Running workload: position = 0 config = { "version": 2, "title": "A cropped version of a bigger task.", "description": "Auto-generated task from a single workload (uuid=0fca11a2-dae9-4b26-bd4a-a902934660cd)", "subtasks": [ { "title": "Authenticate.validate_cinder", "description": "Check Cinder Client to ensure validation of token.", "scenario": { "Authenticate.validate_cinder": { "repetitions": 2 } }, "contexts": { "users": { "tenants": 3, "users_per_tenant": 2 } }, "runner": { "constant": { "concurrency": 4, "times": 10 } }, "hooks": [], "sla": { "failure_rate": { "max": 0 } } } ] }
2019-06-20 18:58:56.557 16 RALLYDEBUG rally_openstack.contexts.keystone.users [-] Creating 3 tenants using 20 threads
2019-06-20 18:58:58.488 16 RALLYDEBUG rally_openstack.contexts.keystone.users [-] Creating 6 users using 20 threads
2019-06-20 18:59:01.377 16 INFO rally.task.context [-] Task d8e846b9-308c-4f18-b530-7b3432f09993 | Context users@openstack setup() finished in 4.82 sec
2019-06-20 18:59:01.383 16 RALLYDEBUG rally.task.runner [-] Starting the constant runner (task UUID: d8e846b9-308c-4f18-b530-7b3432f09993). timeout: 0 concurrency: 4 concurrency_per_worker: 1 times: 10 concurrency_overhead: 0 processes_to_start: 4 max_cpu_used: 16
2019-06-20 18:59:01.395 244 RALLYDEBUG rally.task.runner [-] Starting a worker. concurrency: 1 args: {"repetitions": 2} times: 10 method_name: run timeout: 0 duration: None cls:
2019-06-20 18:59:01.398 245 RALLYDEBUG rally.task.runner [-] Starting a worker. concurrency: 1 args: {"repetitions": 2} times: 10 method_name: run timeout: 0 duration: None cls:
2019-06-20 18:59:01.400 246 RALLYDEBUG rally.task.runner [-] Starting a worker. concurrency: 1 args: {"repetitions": 2} times: 10 method_name: run timeout: 0 duration: None cls:
2019-06-20 18:59:01.402 244 INFO rally.task.runner [-] Task d8e846b9-308c-4f18-b530-7b3432f09993 | ITER: 1 START
2019-06-20 18:59:01.404 245 INFO rally.task.runner [-] Task d8e846b9-308c-4f18-b530-7b3432f09993 | ITER: 2 START
2019-06-20 18:59:01.404 247 RALLYDEBUG rally.task.runner [-] Starting a worker. concurrency: 1 args: {"repetitions": 2} times: 10 method_name: run timeout: 0 duration: None cls:
2019-06-20 18:59:01.407 246 INFO rally.task.runner [-] Task d8e846b9-308c-4f18-b530-7b3432f09993 | ITER: 3 START
2019-06-20 18:59:01.409 247 INFO rally.task.runner [-] Task d8e846b9-308c-4f18-b530-7b3432f09993 | ITER: 4 START
2019-06-20 18:59:03.283 246 INFO rally.task.runner [-] Task d8e846b9-308c-4f18-b530-7b3432f09993 | ITER: 3 END: OK
2019-06-20 18:59:03.287 246 INFO rally.task.runner [-] Task d8e846b9-308c-4f18-b530-7b3432f09993 | ITER: 5 START
2019-06-20 18:59:03.297 244 INFO rally.task.runner [-] Task d8e846b9-308c-4f18-b530-7b3432f09993 | ITER: 1 END: OK
2019-06-20 18:59:03.298 247 INFO rally.task.runner [-] Task d8e846b9-308c-4f18-b530-7b3432f09993 | ITER: 4 END: OK
2019-06-20 18:59:03.301 244 INFO rally.task.runner [-] Task d8e846b9-308c-4f18-b530-7b3432f09993 | ITER: 6 START
2019-06-20 18:59:03.302 247 INFO rally.task.runner [-] Task d8e846b9-308c-4f18-b530-7b3432f09993 | ITER: 7 START
2019-06-20 18:59:03.484 245 INFO rally.task.runner [-] Task d8e846b9-308c-4f18-b530-7b3432f09993 | ITER: 2 END: OK
2019-06-20 18:59:03.489 245 INFO rally.task.runner [-] Task d8e846b9-308c-4f18-b530-7b3432f09993 | ITER: 8 START
2019-06-20 18:59:04.768 246 INFO rally.task.runner [-] Task d8e846b9-308c-4f18-b530-7b3432f09993 | ITER: 5 END: OK
2019-06-20 18:59:04.772 246 INFO rally.task.runner [-] Task d8e846b9-308c-4f18-b530-7b3432f09993 | ITER: 9 START
2019-06-20 18:59:05.068 247 INFO rally.task.runner [-] Task d8e846b9-308c-4f18-b530-7b3432f09993 | ITER: 7 END: OK
2019-06-20 18:59:05.072 247 INFO rally.task.runner [-] Task d8e846b9-308c-4f18-b530-7b3432f09993 | ITER: 10 START
2019-06-20 18:59:05.109 244 INFO rally.task.runner [-] Task d8e846b9-308c-4f18-b530-7b3432f09993 | ITER: 6 END: OK
2019-06-20 18:59:05.357 245 INFO rally.task.runner [-] Task d8e846b9-308c-4f18-b530-7b3432f09993 | ITER: 8 END: OK
2019-06-20 18:59:06.524 247 INFO rally.task.runner [-] Task d8e846b9-308c-4f18-b530-7b3432f09993 | ITER: 10 END: OK
2019-06-20 18:59:06.721 246 INFO rally.task.runner [-] Task d8e846b9-308c-4f18-b530-7b3432f09993 | ITER: 9 END: OK
2019-06-20 18:59:06.744 16 INFO rally.task.context [-] Task d8e846b9-308c-4f18-b530-7b3432f09993 | Context users@openstack cleanup() started
2019-06-20 18:59:14.625 16 INFO rally.task.context [-] Task d8e846b9-308c-4f18-b530-7b3432f09993 | Context users@openstack cleanup() finished in 7.88 sec
2019-06-20 18:59:14.693 16 INFO rally.task.engine [-] Load duration is: 5.3182
2019-06-20 18:59:14.693 16 INFO rally.task.engine [-] Full runner duration is: 5.36128
2019-06-20 18:59:14.694 16 INFO rally.task.engine [-] Full duration is: 18.069392
2019-06-20 18:59:14.905 16 INFO rally.task.engine [-] Running workload: position = 0 config = { "version": 2, "title": "A cropped version of a bigger task.", "description": "Auto-generated task from a single workload (uuid=ded9f3dd-8a84-43b1-baff-9a85086ae5b3)", "subtasks": [ { "title": "Authenticate.validate_glance", "description": "Check Glance Client to ensure validation of token.", "scenario": { "Authenticate.validate_glance": { "repetitions": 2 } }, "contexts": { "users": { "tenants": 3, "users_per_tenant": 2 } }, "runner": { "constant": { "concurrency": 4, "times": 10 } }, "hooks": [], "sla": { "failure_rate": { "max": 0 } } } ] }
2019-06-20 18:59:14.923 16 RALLYDEBUG rally_openstack.contexts.keystone.users [-] Creating 3 tenants using 20 threads
2019-06-20 18:59:16.848 16 RALLYDEBUG rally_openstack.contexts.keystone.users [-] Creating 6 users using 20 threads
2019-06-20 18:59:19.792 16 INFO rally.task.context [-] Task d8e846b9-308c-4f18-b530-7b3432f09993 | Context users@openstack setup() finished in 4.87 sec
2019-06-20 18:59:19.797 16 RALLYDEBUG rally.task.runner [-] Starting the constant runner (task UUID: d8e846b9-308c-4f18-b530-7b3432f09993). timeout: 0 concurrency: 4 concurrency_per_worker: 1 times: 10 concurrency_overhead: 0 processes_to_start: 4 max_cpu_used: 16
2019-06-20 18:59:19.809 348 RALLYDEBUG rally.task.runner [-] Starting a worker. concurrency: 1 args: {"repetitions": 2} times: 10 method_name: run timeout: 0 duration: None cls:
2019-06-20 18:59:19.811 350 RALLYDEBUG rally.task.runner [-] Starting a worker. concurrency: 1 args: {"repetitions": 2} times: 10 method_name: run timeout: 0 duration: None cls:
2019-06-20 18:59:19.811 349 RALLYDEBUG rally.task.runner [-] Starting a worker. concurrency: 1 args: {"repetitions": 2} times: 10 method_name: run timeout: 0 duration: None cls:
2019-06-20 18:59:19.815 348 INFO rally.task.runner [-] Task d8e846b9-308c-4f18-b530-7b3432f09993 | ITER: 1 START
2019-06-20 18:59:19.815 350 INFO rally.task.runner [-] Task d8e846b9-308c-4f18-b530-7b3432f09993 | ITER: 2 START
2019-06-20 18:59:19.816 351 RALLYDEBUG rally.task.runner [-] Starting a worker. concurrency: 1 args: {"repetitions": 2} times: 10 method_name: run timeout: 0 duration: None cls:
2019-06-20 18:59:19.817 349 INFO rally.task.runner [-] Task d8e846b9-308c-4f18-b530-7b3432f09993 | ITER: 3 START
2019-06-20 18:59:19.821 351 INFO rally.task.runner [-] Task d8e846b9-308c-4f18-b530-7b3432f09993 | ITER: 4 START
2019-06-20 18:59:20.931 351 INFO rally.task.runner [-] Task d8e846b9-308c-4f18-b530-7b3432f09993 | ITER: 4 END: OK
2019-06-20 18:59:20.935 349 INFO rally.task.runner [-] Task d8e846b9-308c-4f18-b530-7b3432f09993 | ITER: 3 END: OK
2019-06-20 18:59:20.936 351 INFO rally.task.runner [-] Task d8e846b9-308c-4f18-b530-7b3432f09993 | ITER: 5 START
2019-06-20 18:59:20.936 350 INFO rally.task.runner [-] Task d8e846b9-308c-4f18-b530-7b3432f09993 | ITER: 2 END: OK
2019-06-20 18:59:20.940 350 INFO rally.task.runner [-] Task d8e846b9-308c-4f18-b530-7b3432f09993 | ITER: 6 START
2019-06-20 18:59:20.940 349 INFO rally.task.runner [-] Task d8e846b9-308c-4f18-b530-7b3432f09993 | ITER: 7 START
2019-06-20 18:59:20.983 348 INFO rally.task.runner [-] Task d8e846b9-308c-4f18-b530-7b3432f09993 | ITER: 1 END: OK
2019-06-20 18:59:20.986 348 INFO rally.task.runner [-] Task d8e846b9-308c-4f18-b530-7b3432f09993 | ITER: 8 START
2019-06-20 18:59:22.034 348 INFO rally.task.runner [-] Task d8e846b9-308c-4f18-b530-7b3432f09993 | ITER: 8 END: OK
2019-06-20 18:59:22.038 348 INFO rally.task.runner [-] Task d8e846b9-308c-4f18-b530-7b3432f09993 | ITER: 9 START
2019-06-20 18:59:22.041 349 INFO rally.task.runner [-] Task d8e846b9-308c-4f18-b530-7b3432f09993 | ITER: 7 END: OK
2019-06-20 18:59:22.045 349 INFO rally.task.runner [-] Task d8e846b9-308c-4f18-b530-7b3432f09993 | ITER: 10 START
2019-06-20 18:59:22.060 350 INFO rally.task.runner [-] Task d8e846b9-308c-4f18-b530-7b3432f09993 | ITER: 6 END: OK
2019-06-20 18:59:22.172 351 INFO rally.task.runner [-] Task d8e846b9-308c-4f18-b530-7b3432f09993 | ITER: 5 END: OK
2019-06-20 18:59:23.042 349 INFO rally.task.runner [-] Task d8e846b9-308c-4f18-b530-7b3432f09993 | ITER: 10 END: OK
2019-06-20 18:59:23.079 348 INFO rally.task.runner [-] Task d8e846b9-308c-4f18-b530-7b3432f09993 | ITER: 9 END: OK
2019-06-20 18:59:23.109 16 INFO rally.task.context [-] Task d8e846b9-308c-4f18-b530-7b3432f09993 | Context users@openstack cleanup() started
2019-06-20 18:59:31.343 16 INFO rally.task.context [-] Task d8e846b9-308c-4f18-b530-7b3432f09993 | Context users@openstack cleanup() finished in 8.23 sec
2019-06-20 18:59:33.008 16 INFO rally.task.engine [-] Load duration is: 3.262265
2019-06-20 18:59:33.009 16 INFO rally.task.engine [-] Full runner duration is: 3.312072
2019-06-20 18:59:33.009 16 INFO rally.task.engine [-] Full duration is: 16.422876
2019-06-20 18:59:33.240 16 INFO rally.task.engine [-] Running workload: position = 0 config = { "version": 2, "title": "A cropped version of a bigger task.", "description": "Auto-generated task from a single workload (uuid=7e8d6590-b2ac-4a8a-a8a6-c87d7d5c8c0d)", "subtasks": [ { "title": "Authenticate.validate_heat", "description": "Check Heat Client to ensure validation of token.", "scenario": { "Authenticate.validate_heat": { "repetitions": 2 } }, "contexts": { "users": { "tenants": 3, "users_per_tenant": 2 } }, "runner": { "constant": { "concurrency": 4, "times": 10 } }, "hooks": [], "sla": { "failure_rate": { "max": 0 } } } ] }
2019-06-20 18:59:33.263 16 RALLYDEBUG rally_openstack.contexts.keystone.users [-] Creating 3 tenants using 20 threads
2019-06-20 18:59:35.153 16 RALLYDEBUG rally_openstack.contexts.keystone.users [-] Creating 6 users using 20 threads
2019-06-20 18:59:38.205 16 INFO rally.task.context [-] Task d8e846b9-308c-4f18-b530-7b3432f09993 | Context users@openstack setup() finished in 4.94 sec
2019-06-20 18:59:38.209 16 RALLYDEBUG rally.task.runner [-] Starting the constant runner (task UUID: d8e846b9-308c-4f18-b530-7b3432f09993). timeout: 0 concurrency: 4 concurrency_per_worker: 1 times: 10 concurrency_overhead: 0 processes_to_start: 4 max_cpu_used: 16
2019-06-20 18:59:38.220 452 RALLYDEBUG rally.task.runner [-] Starting a worker. concurrency: 1 args: {"repetitions": 2} times: 10 method_name: run timeout: 0 duration: None cls:
2019-06-20 18:59:38.222 453 RALLYDEBUG rally.task.runner [-] Starting a worker. concurrency: 1 args: {"repetitions": 2} times: 10 method_name: run timeout: 0 duration: None cls:
2019-06-20 18:59:38.224 454 RALLYDEBUG rally.task.runner [-] Starting a worker. concurrency: 1 args: {"repetitions": 2} times: 10 method_name: run timeout: 0 duration: None cls:
2019-06-20 18:59:38.225 455 RALLYDEBUG rally.task.runner [-] Starting a worker. concurrency: 1 args: {"repetitions": 2} times: 10 method_name: run timeout: 0 duration: None cls:
2019-06-20 18:59:38.226 452 INFO rally.task.runner [-] Task d8e846b9-308c-4f18-b530-7b3432f09993 | ITER: 1 START
2019-06-20 18:59:38.228 453 INFO rally.task.runner [-] Task d8e846b9-308c-4f18-b530-7b3432f09993 | ITER: 2 START
2019-06-20 18:59:38.230 454 INFO rally.task.runner [-] Task d8e846b9-308c-4f18-b530-7b3432f09993 | ITER: 3 START
2019-06-20 18:59:38.231 455 INFO rally.task.runner [-] Task d8e846b9-308c-4f18-b530-7b3432f09993 | ITER: 4 START
2019-06-20 18:59:40.081 454 INFO rally.task.runner [-] Task d8e846b9-308c-4f18-b530-7b3432f09993 | ITER: 3 END: OK
2019-06-20 18:59:40.085 454 INFO rally.task.runner [-] Task d8e846b9-308c-4f18-b530-7b3432f09993 | ITER: 5 START
2019-06-20 18:59:40.132 453 INFO rally.task.runner [-] Task d8e846b9-308c-4f18-b530-7b3432f09993 | ITER: 2 END: OK
2019-06-20 18:59:40.136 453 INFO rally.task.runner [-] Task d8e846b9-308c-4f18-b530-7b3432f09993 | ITER: 6 START
2019-06-20 18:59:40.200 452 INFO rally.task.runner [-] Task d8e846b9-308c-4f18-b530-7b3432f09993 | ITER: 1 END: OK
2019-06-20 18:59:40.204 452 INFO rally.task.runner [-] Task d8e846b9-308c-4f18-b530-7b3432f09993 | ITER: 7 START
2019-06-20 18:59:40.346 455 INFO rally.task.runner [-] Task d8e846b9-308c-4f18-b530-7b3432f09993 | ITER: 4 END: OK
2019-06-20 18:59:40.350 455 INFO rally.task.runner [-] Task d8e846b9-308c-4f18-b530-7b3432f09993 | ITER: 8 START
2019-06-20 18:59:41.987 453 INFO rally.task.runner [-] Task d8e846b9-308c-4f18-b530-7b3432f09993 | ITER: 6 END: OK
2019-06-20 18:59:41.991 453 INFO rally.task.runner [-] Task d8e846b9-308c-4f18-b530-7b3432f09993 | ITER: 9 START
2019-06-20 18:59:42.086 454 INFO rally.task.runner [-] Task d8e846b9-308c-4f18-b530-7b3432f09993 | ITER: 5 END: OK
2019-06-20 18:59:42.089 454 INFO rally.task.runner [-] Task d8e846b9-308c-4f18-b530-7b3432f09993 | ITER: 10 START
2019-06-20 18:59:42.180 452 INFO rally.task.runner [-] Task d8e846b9-308c-4f18-b530-7b3432f09993 | ITER: 7 END: OK
2019-06-20 18:59:42.248 455 INFO rally.task.runner [-] Task d8e846b9-308c-4f18-b530-7b3432f09993 | ITER: 8 END: OK
2019-06-20 18:59:43.319 453 INFO rally.task.runner [-] Task d8e846b9-308c-4f18-b530-7b3432f09993 | ITER: 9 END: OK
2019-06-20 18:59:43.931 454 INFO rally.task.runner [-] Task d8e846b9-308c-4f18-b530-7b3432f09993 | ITER: 10 END: OK
2019-06-20 18:59:43.952 16 INFO rally.task.context [-] Task d8e846b9-308c-4f18-b530-7b3432f09993 | Context users@openstack cleanup() started
2019-06-20 18:59:51.942 16 INFO rally.task.context [-] Task d8e846b9-308c-4f18-b530-7b3432f09993 | Context users@openstack cleanup() finished in 7.99 sec
2019-06-20 18:59:53.368 16 INFO rally.task.engine [-] Load duration is: 5.703238
2019-06-20 18:59:53.368 16 INFO rally.task.engine [-] Full runner duration is: 5.742369
2019-06-20 18:59:53.369 16 INFO rally.task.engine [-] Full duration is: 18.68049
2019-06-20 18:59:53.618 16 INFO rally.task.engine [-] Running workload: position = 0 config = { "version": 2, "title": "A cropped version of a bigger task.", "description": "Auto-generated task from a single workload (uuid=444aa8b2-3b68-48c3-9075-cdeba0acf6e4)", "subtasks": [ { "title": "Authenticate.validate_neutron", "description": "Check Neutron Client to ensure validation of token.", "scenario": { "Authenticate.validate_neutron": { "repetitions": 2 } }, "contexts": { "users": { "tenants": 3, "users_per_tenant": 2 } }, "runner": { "constant": { "concurrency": 4, "times": 10 } }, "hooks": [], "sla": { "failure_rate": { "max": 0 } } } ] }
2019-06-20 18:59:53.638 16 RALLYDEBUG rally_openstack.contexts.keystone.users [-] Creating 3 tenants using 20 threads
2019-06-20 18:59:55.656 16 RALLYDEBUG rally_openstack.contexts.keystone.users [-] Creating 6 users using 20 threads
2019-06-20 18:59:58.538 16 INFO rally.task.context [-] Task d8e846b9-308c-4f18-b530-7b3432f09993 | Context users@openstack setup() finished in 4.90 sec
2019-06-20 18:59:58.546 16 RALLYDEBUG rally.task.runner [-] Starting the constant runner (task UUID: d8e846b9-308c-4f18-b530-7b3432f09993). timeout: 0 concurrency: 4 concurrency_per_worker: 1 times: 10 concurrency_overhead: 0 processes_to_start: 4 max_cpu_used: 16
2019-06-20 18:59:58.558 556 RALLYDEBUG rally.task.runner [-] Starting a worker. concurrency: 1 args: {"repetitions": 2} times: 10 method_name: run timeout: 0 duration: None cls:
2019-06-20 18:59:58.561 557 RALLYDEBUG rally.task.runner [-] Starting a worker. concurrency: 1 args: {"repetitions": 2} times: 10 method_name: run timeout: 0 duration: None cls:
2019-06-20 18:59:58.563 558 RALLYDEBUG rally.task.runner [-] Starting a worker. concurrency: 1 args: {"repetitions": 2} times: 10 method_name: run timeout: 0 duration: None cls:
2019-06-20 18:59:58.564 556 INFO rally.task.runner [-] Task d8e846b9-308c-4f18-b530-7b3432f09993 | ITER: 1 START
2019-06-20 18:59:58.565 559 RALLYDEBUG rally.task.runner [-] Starting a worker. concurrency: 1 args: {"repetitions": 2} times: 10 method_name: run timeout: 0 duration: None cls:
2019-06-20 18:59:58.566 557 INFO rally.task.runner [-] Task d8e846b9-308c-4f18-b530-7b3432f09993 | ITER: 2 START
2019-06-20 18:59:58.569 558 INFO rally.task.runner [-] Task d8e846b9-308c-4f18-b530-7b3432f09993 | ITER: 3 START
2019-06-20 18:59:58.570 559 INFO rally.task.runner [-] Task d8e846b9-308c-4f18-b530-7b3432f09993 | ITER: 4 START
2019-06-20 18:59:59.498 559 INFO rally.task.runner [-] Task d8e846b9-308c-4f18-b530-7b3432f09993 | ITER: 4 END: OK
2019-06-20 18:59:59.502 559 INFO rally.task.runner [-] Task d8e846b9-308c-4f18-b530-7b3432f09993 | ITER: 5 START
2019-06-20 18:59:59.746 556 INFO rally.task.runner [-] Task d8e846b9-308c-4f18-b530-7b3432f09993 | ITER: 1 END: OK
2019-06-20 18:59:59.750 556 INFO rally.task.runner [-] Task d8e846b9-308c-4f18-b530-7b3432f09993 | ITER: 6 START
2019-06-20 18:59:59.779 557 INFO rally.task.runner [-] Task d8e846b9-308c-4f18-b530-7b3432f09993 | ITER: 2 END: OK
2019-06-20 18:59:59.783 557 INFO rally.task.runner [-] Task d8e846b9-308c-4f18-b530-7b3432f09993 | ITER: 7 START
2019-06-20 18:59:59.873 558 INFO rally.task.runner [-] Task d8e846b9-308c-4f18-b530-7b3432f09993 | ITER: 3 END: OK
2019-06-20 18:59:59.878 558 INFO rally.task.runner [-] Task d8e846b9-308c-4f18-b530-7b3432f09993 | ITER: 8 START
2019-06-20 19:00:00.744 559 INFO rally.task.runner [-] Task d8e846b9-308c-4f18-b530-7b3432f09993 | ITER: 5 END: OK
2019-06-20 19:00:00.748 559 INFO rally.task.runner [-] Task d8e846b9-308c-4f18-b530-7b3432f09993 | ITER: 9 START
2019-06-20 19:00:00.924 557 INFO rally.task.runner [-] Task d8e846b9-308c-4f18-b530-7b3432f09993 | ITER: 7 END: OK
2019-06-20 19:00:00.929 557 INFO rally.task.runner [-] Task d8e846b9-308c-4f18-b530-7b3432f09993 | ITER: 10 START
2019-06-20 19:00:01.271 556 INFO rally.task.runner [-] Task d8e846b9-308c-4f18-b530-7b3432f09993 | ITER: 6 END: OK
2019-06-20 19:00:01.561 558 INFO rally.task.runner [-] Task d8e846b9-308c-4f18-b530-7b3432f09993 | ITER: 8 END: OK
2019-06-20 19:00:02.081 557 INFO rally.task.runner [-] Task d8e846b9-308c-4f18-b530-7b3432f09993 | ITER: 10 END: OK
2019-06-20 19:00:02.210 559 INFO rally.task.runner [-] Task d8e846b9-308c-4f18-b530-7b3432f09993 | ITER: 9 END: OK
2019-06-20 19:00:02.232 16 INFO rally.task.context [-] Task d8e846b9-308c-4f18-b530-7b3432f09993 | Context users@openstack cleanup() started
2019-06-20 19:00:10.710 16 INFO rally.task.context [-] Task d8e846b9-308c-4f18-b530-7b3432f09993 | Context users@openstack cleanup() finished in 8.48 sec
2019-06-20 19:00:11.731 16 INFO rally.task.engine [-] Load duration is: 3.644125
2019-06-20 19:00:11.731 16 INFO rally.task.engine [-] Full runner duration is: 3.686695
2019-06-20 19:00:11.732 16 INFO rally.task.engine [-] Full duration is: 17.072916
2019-06-20 19:00:11.935 16 INFO rally.task.engine [-] Running workload: position = 0 config = { "version": 2, "title": "A cropped version of a bigger task.", "description": "Auto-generated task from a single workload (uuid=5765d5df-619e-44a2-99c5-2417e128ce9d)", "subtasks": [ { "title": "Authenticate.validate_nova", "description": "Check Nova Client to ensure validation of token.", "scenario": { "Authenticate.validate_nova": { "repetitions": 2 } }, "contexts": { "users": { "tenants": 3, "users_per_tenant": 2 } }, "runner": { "constant": { "concurrency": 4, "times": 10 } }, "hooks": [], "sla": { "failure_rate": { "max": 0 } } } ] }
2019-06-20 19:00:11.958 16 RALLYDEBUG rally_openstack.contexts.keystone.users [-] Creating 3 tenants using 20 threads
2019-06-20 19:00:13.986 16 RALLYDEBUG rally_openstack.contexts.keystone.users [-] Creating 6 users using 20 threads
2019-06-20 19:00:16.771 16 INFO rally.task.context [-] Task d8e846b9-308c-4f18-b530-7b3432f09993 | Context users@openstack setup() finished in 4.81 sec
2019-06-20 19:00:16.779 16 RALLYDEBUG rally.task.runner [-] Starting the constant runner (task UUID: d8e846b9-308c-4f18-b530-7b3432f09993). timeout: 0 concurrency: 4 concurrency_per_worker: 1 times: 10 concurrency_overhead: 0 processes_to_start: 4 max_cpu_used: 16
2019-06-20 19:00:16.793 660 RALLYDEBUG rally.task.runner [-] Starting a worker. concurrency: 1 args: {"repetitions": 2} times: 10 method_name: run timeout: 0 duration: None cls:
2019-06-20 19:00:16.796 661 RALLYDEBUG rally.task.runner [-] Starting a worker. concurrency: 1 args: {"repetitions": 2} times: 10 method_name: run timeout: 0 duration: None cls:
2019-06-20 19:00:16.797 662 RALLYDEBUG rally.task.runner [-] Starting a worker. concurrency: 1 args: {"repetitions": 2} times: 10 method_name: run timeout: 0 duration: None cls:
2019-06-20 19:00:16.799 660 INFO rally.task.runner [-] Task d8e846b9-308c-4f18-b530-7b3432f09993 | ITER: 1 START
2019-06-20 19:00:16.802 661 INFO rally.task.runner [-] Task d8e846b9-308c-4f18-b530-7b3432f09993 | ITER: 2 START
2019-06-20 19:00:16.801 663 RALLYDEBUG rally.task.runner [-] Starting a worker. concurrency: 1 args: {"repetitions": 2} times: 10 method_name: run timeout: 0 duration: None cls:
2019-06-20 19:00:16.802 662 INFO rally.task.runner [-] Task d8e846b9-308c-4f18-b530-7b3432f09993 | ITER: 3 START
2019-06-20 19:00:16.808 663 INFO rally.task.runner [-] Task d8e846b9-308c-4f18-b530-7b3432f09993 | ITER: 4 START
2019-06-20 19:00:17.293 660 DEBUG novaclient.v2.client [-] REQ: curl -g -i -X GET http://172.30.9.34:8774/v2.1/flavors/detail -H "Accept: application/json" -H "User-Agent: python-novaclient" -H "X-Auth-Token: {SHA1}1101ab2ef31aec4f0ea9ccbdbf996d67f64000d9" _http_log_request /usr/lib/python2.7/site-packages/keystoneauth1/session.py:448
2019-06-20 19:00:17.294 661 DEBUG novaclient.v2.client [-] REQ: curl -g -i -X GET http://172.30.9.34:8774/v2.1/flavors/detail -H "Accept: application/json" -H "User-Agent: python-novaclient" -H "X-Auth-Token: {SHA1}712ef090fe00381259bbdf39f97d72e59b2f1b62" _http_log_request /usr/lib/python2.7/site-packages/keystoneauth1/session.py:448
2019-06-20 19:00:17.295 663 DEBUG novaclient.v2.client [-] REQ: curl -g -i -X GET http://172.30.9.34:8774/v2.1/flavors/detail -H "Accept: application/json" -H "User-Agent: python-novaclient" -H "X-Auth-Token: {SHA1}bd69f3d2d3f967c32227941c340fbdb4f681c39d" _http_log_request /usr/lib/python2.7/site-packages/keystoneauth1/session.py:448
2019-06-20 19:00:17.298 662 DEBUG novaclient.v2.client [-] REQ: curl -g -i -X GET http://172.30.9.34:8774/v2.1/flavors/detail -H "Accept: application/json" -H "User-Agent: python-novaclient" -H "X-Auth-Token: {SHA1}68d9eb64406d3b655f030d06d16ee085ab90fbd5" _http_log_request /usr/lib/python2.7/site-packages/keystoneauth1/session.py:448
2019-06-20 19:00:17.589 663 DEBUG novaclient.v2.client [-] RESP: [200] Content-Encoding: gzip Content-Length: 365 Content-Type: application/json Date: Thu, 20 Jun 2019 19:00:17 GMT OpenStack-API-Version: compute 2.1 Server: Apache Vary: OpenStack-API-Version,X-OpenStack-Nova-API-Version,Accept-Encoding X-OpenStack-Nova-API-Version: 2.1 x-compute-request-id: req-691d6805-c945-4096-9b61-a3719ece5c92 x-openstack-request-id: req-691d6805-c945-4096-9b61-a3719ece5c92 _http_log_response /usr/lib/python2.7/site-packages/keystoneauth1/session.py:479
2019-06-20 19:00:17.590 663 DEBUG novaclient.v2.client [-] RESP BODY: {"flavors": [{"name": "rally_full-flavor_525234f1-4414-43cf-b413-8b219f4a599d", "links": [{"href": "http://172.30.9.34:8774/v2.1/flavors/608e466a-929b-4ab2-8921-19056be22bcc", "rel": "self"}, {"href": "http://172.30.9.34:8774/flavors/608e466a-929b-4ab2-8921-19056be22bcc", "rel": "bookmark"}], "ram": 512, "OS-FLV-DISABLED:disabled": false, "vcpus": 1, "swap": "", "os-flavor-access:is_public": true, "rxtx_factor": 1.0, "OS-FLV-EXT-DATA:ephemeral": 0, "disk": 1, "id": "608e466a-929b-4ab2-8921-19056be22bcc"}, {"name": "rally_full-flavor_alt_525234f1-4414-43cf-b413-8b219f4a599d", "links": [{"href": "http://172.30.9.34:8774/v2.1/flavors/9b3dcec3-202a-498f-8562-1e369827589b", "rel": "self"}, {"href": "http://172.30.9.34:8774/flavors/9b3dcec3-202a-498f-8562-1e369827589b", "rel": "bookmark"}], "ram": 1024, "OS-FLV-DISABLED:disabled": false, "vcpus": 1, "swap": "", "os-flavor-access:is_public": true, "rxtx_factor": 1.0, "OS-FLV-EXT-DATA:ephemeral": 0, "disk": 1, "id": "9b3dcec3-202a-498f-8562-1e369827589b"}]} _http_log_response /usr/lib/python2.7/site-packages/keystoneauth1/session.py:511
2019-06-20 19:00:17.590 663 DEBUG novaclient.v2.client [-] GET call to compute for http://172.30.9.34:8774/v2.1/flavors/detail used request id req-691d6805-c945-4096-9b61-a3719ece5c92 request /usr/lib/python2.7/site-packages/keystoneauth1/session.py:844
2019-06-20 19:00:17.592 660 DEBUG novaclient.v2.client [-] RESP: [200] Content-Encoding: gzip Content-Length: 365 Content-Type: application/json Date: Thu, 20 Jun 2019 19:00:17 GMT OpenStack-API-Version: compute 2.1 Server: Apache Vary: OpenStack-API-Version,X-OpenStack-Nova-API-Version,Accept-Encoding X-OpenStack-Nova-API-Version: 2.1 x-compute-request-id: req-1db18af7-a422-4230-b4b0-ca881444b040 x-openstack-request-id: req-1db18af7-a422-4230-b4b0-ca881444b040 _http_log_response /usr/lib/python2.7/site-packages/keystoneauth1/session.py:479
2019-06-20 19:00:17.592 663 DEBUG novaclient.v2.client [-] REQ: curl -g -i -X GET http://172.30.9.34:8774/v2.1/flavors/detail -H "Accept: application/json" -H "User-Agent: python-novaclient" -H "X-Auth-Token: {SHA1}bd69f3d2d3f967c32227941c340fbdb4f681c39d" _http_log_request /usr/lib/python2.7/site-packages/keystoneauth1/session.py:448
2019-06-20 19:00:17.592 661 DEBUG novaclient.v2.client [-] RESP: [200] Content-Encoding: gzip Content-Length: 365 Content-Type: application/json Date: Thu, 20 Jun 2019 19:00:17 GMT OpenStack-API-Version: compute 2.1 Server: Apache Vary: OpenStack-API-Version,X-OpenStack-Nova-API-Version,Accept-Encoding X-OpenStack-Nova-API-Version: 2.1 x-compute-request-id: req-1d026852-1aa9-4d0f-b84b-0a1b1c85957d x-openstack-request-id: req-1d026852-1aa9-4d0f-b84b-0a1b1c85957d _http_log_response /usr/lib/python2.7/site-packages/keystoneauth1/session.py:479
2019-06-20 19:00:17.593 660 DEBUG novaclient.v2.client [-] RESP BODY: {"flavors": [{"name": "rally_full-flavor_525234f1-4414-43cf-b413-8b219f4a599d", "links": [{"href": "http://172.30.9.34:8774/v2.1/flavors/608e466a-929b-4ab2-8921-19056be22bcc", "rel": "self"}, {"href": "http://172.30.9.34:8774/flavors/608e466a-929b-4ab2-8921-19056be22bcc", "rel": "bookmark"}], "ram": 512, "OS-FLV-DISABLED:disabled": false, "vcpus": 1, "swap": "", "os-flavor-access:is_public": true, "rxtx_factor": 1.0, "OS-FLV-EXT-DATA:ephemeral": 0, "disk": 1, "id": "608e466a-929b-4ab2-8921-19056be22bcc"}, {"name": "rally_full-flavor_alt_525234f1-4414-43cf-b413-8b219f4a599d", "links": [{"href": "http://172.30.9.34:8774/v2.1/flavors/9b3dcec3-202a-498f-8562-1e369827589b", "rel": "self"}, {"href": "http://172.30.9.34:8774/flavors/9b3dcec3-202a-498f-8562-1e369827589b", "rel": "bookmark"}], "ram": 1024, "OS-FLV-DISABLED:disabled": false, "vcpus": 1, "swap": "", "os-flavor-access:is_public": true, "rxtx_factor": 1.0, "OS-FLV-EXT-DATA:ephemeral": 0, "disk": 1, "id": "9b3dcec3-202a-498f-8562-1e369827589b"}]} _http_log_response /usr/lib/python2.7/site-packages/keystoneauth1/session.py:511
2019-06-20 19:00:17.593 661 DEBUG novaclient.v2.client [-] RESP BODY: {"flavors": [{"name": "rally_full-flavor_525234f1-4414-43cf-b413-8b219f4a599d", "links": [{"href": "http://172.30.9.34:8774/v2.1/flavors/608e466a-929b-4ab2-8921-19056be22bcc", "rel": "self"}, {"href": "http://172.30.9.34:8774/flavors/608e466a-929b-4ab2-8921-19056be22bcc", "rel": "bookmark"}], "ram": 512, "OS-FLV-DISABLED:disabled": false, "vcpus": 1, "swap": "", "os-flavor-access:is_public": true, "rxtx_factor": 1.0, "OS-FLV-EXT-DATA:ephemeral": 0, "disk": 1, "id": "608e466a-929b-4ab2-8921-19056be22bcc"}, {"name": "rally_full-flavor_alt_525234f1-4414-43cf-b413-8b219f4a599d", "links": [{"href": "http://172.30.9.34:8774/v2.1/flavors/9b3dcec3-202a-498f-8562-1e369827589b", "rel": "self"}, {"href": "http://172.30.9.34:8774/flavors/9b3dcec3-202a-498f-8562-1e369827589b", "rel": "bookmark"}], "ram": 1024, "OS-FLV-DISABLED:disabled": false, "vcpus": 1, "swap": "", "os-flavor-access:is_public": true, "rxtx_factor": 1.0, "OS-FLV-EXT-DATA:ephemeral": 0, "disk": 1, "id": "9b3dcec3-202a-498f-8562-1e369827589b"}]} _http_log_response /usr/lib/python2.7/site-packages/keystoneauth1/session.py:511
2019-06-20 19:00:17.593 660 DEBUG novaclient.v2.client [-] GET call to compute for http://172.30.9.34:8774/v2.1/flavors/detail used request id req-1db18af7-a422-4230-b4b0-ca881444b040 request /usr/lib/python2.7/site-packages/keystoneauth1/session.py:844
2019-06-20 19:00:17.593 661 DEBUG novaclient.v2.client [-] GET call to compute for http://172.30.9.34:8774/v2.1/flavors/detail used request id req-1d026852-1aa9-4d0f-b84b-0a1b1c85957d request /usr/lib/python2.7/site-packages/keystoneauth1/session.py:844
2019-06-20 19:00:17.594 660 DEBUG novaclient.v2.client [-] REQ: curl -g -i -X GET http://172.30.9.34:8774/v2.1/flavors/detail -H "Accept: application/json" -H "User-Agent: python-novaclient" -H "X-Auth-Token: {SHA1}1101ab2ef31aec4f0ea9ccbdbf996d67f64000d9" _http_log_request /usr/lib/python2.7/site-packages/keystoneauth1/session.py:448
2019-06-20 19:00:17.595 661 DEBUG novaclient.v2.client [-] REQ: curl -g -i -X GET http://172.30.9.34:8774/v2.1/flavors/detail -H "Accept: application/json" -H "User-Agent: python-novaclient" -H "X-Auth-Token: {SHA1}712ef090fe00381259bbdf39f97d72e59b2f1b62" _http_log_request /usr/lib/python2.7/site-packages/keystoneauth1/session.py:448
2019-06-20 19:00:17.612 663 DEBUG novaclient.v2.client [-] RESP: [200] Content-Encoding: gzip Content-Length: 365 Content-Type: application/json Date: Thu, 20 Jun 2019 19:00:17 GMT OpenStack-API-Version: compute 2.1 Server: Apache Vary: OpenStack-API-Version,X-OpenStack-Nova-API-Version,Accept-Encoding X-OpenStack-Nova-API-Version: 2.1 x-compute-request-id: req-e64f305d-6cec-4a61-a23f-b688cc1f6805 x-openstack-request-id: req-e64f305d-6cec-4a61-a23f-b688cc1f6805 _http_log_response /usr/lib/python2.7/site-packages/keystoneauth1/session.py:479
2019-06-20 19:00:17.613 663 DEBUG novaclient.v2.client [-] RESP BODY: {"flavors": [{"name": "rally_full-flavor_525234f1-4414-43cf-b413-8b219f4a599d", "links": [{"href": "http://172.30.9.34:8774/v2.1/flavors/608e466a-929b-4ab2-8921-19056be22bcc", "rel": "self"}, {"href": "http://172.30.9.34:8774/flavors/608e466a-929b-4ab2-8921-19056be22bcc", "rel": "bookmark"}], "ram": 512, "OS-FLV-DISABLED:disabled": false, "vcpus": 1, "swap": "", "os-flavor-access:is_public": true, "rxtx_factor": 1.0, "OS-FLV-EXT-DATA:ephemeral": 0, "disk": 1, "id": "608e466a-929b-4ab2-8921-19056be22bcc"}, {"name": "rally_full-flavor_alt_525234f1-4414-43cf-b413-8b219f4a599d", "links": [{"href": "http://172.30.9.34:8774/v2.1/flavors/9b3dcec3-202a-498f-8562-1e369827589b", "rel": "self"}, {"href": "http://172.30.9.34:8774/flavors/9b3dcec3-202a-498f-8562-1e369827589b", "rel": "bookmark"}], "ram": 1024, "OS-FLV-DISABLED:disabled": false, "vcpus": 1, "swap": "", "os-flavor-access:is_public": true, "rxtx_factor": 1.0, "OS-FLV-EXT-DATA:ephemeral": 0, "disk": 1, "id": "9b3dcec3-202a-498f-8562-1e369827589b"}]} _http_log_response /usr/lib/python2.7/site-packages/keystoneauth1/session.py:511
2019-06-20 19:00:17.613 663 DEBUG novaclient.v2.client [-] GET call to compute for http://172.30.9.34:8774/v2.1/flavors/detail used request id req-e64f305d-6cec-4a61-a23f-b688cc1f6805 request /usr/lib/python2.7/site-packages/keystoneauth1/session.py:844
2019-06-20 19:00:17.614 663 INFO rally.task.runner [-] Task d8e846b9-308c-4f18-b530-7b3432f09993 | ITER: 4 END: OK
2019-06-20 19:00:17.618 660 DEBUG novaclient.v2.client [-] RESP: [200] Content-Encoding: gzip Content-Length: 365 Content-Type: application/json Date: Thu, 20 Jun 2019 19:00:17 GMT OpenStack-API-Version: compute 2.1 Server: Apache Vary: OpenStack-API-Version,X-OpenStack-Nova-API-Version,Accept-Encoding X-OpenStack-Nova-API-Version: 2.1 x-compute-request-id: req-1f1dea23-50d8-4b3d-a220-6b79062f4e47 x-openstack-request-id: req-1f1dea23-50d8-4b3d-a220-6b79062f4e47 _http_log_response /usr/lib/python2.7/site-packages/keystoneauth1/session.py:479
2019-06-20 19:00:17.618 663 INFO rally.task.runner [-] Task d8e846b9-308c-4f18-b530-7b3432f09993 | ITER: 5 START
2019-06-20 19:00:17.618 660 DEBUG novaclient.v2.client [-] RESP BODY: {"flavors": [{"name": "rally_full-flavor_525234f1-4414-43cf-b413-8b219f4a599d", "links": [{"href": "http://172.30.9.34:8774/v2.1/flavors/608e466a-929b-4ab2-8921-19056be22bcc", "rel": "self"}, {"href": "http://172.30.9.34:8774/flavors/608e466a-929b-4ab2-8921-19056be22bcc", "rel": "bookmark"}], "ram": 512, "OS-FLV-DISABLED:disabled": false, "vcpus": 1, "swap": "", "os-flavor-access:is_public": true, "rxtx_factor": 1.0, "OS-FLV-EXT-DATA:ephemeral": 0, "disk": 1, "id": "608e466a-929b-4ab2-8921-19056be22bcc"}, {"name": "rally_full-flavor_alt_525234f1-4414-43cf-b413-8b219f4a599d", "links": [{"href": "http://172.30.9.34:8774/v2.1/flavors/9b3dcec3-202a-498f-8562-1e369827589b", "rel": "self"}, {"href": "http://172.30.9.34:8774/flavors/9b3dcec3-202a-498f-8562-1e369827589b", "rel": "bookmark"}], "ram": 1024, "OS-FLV-DISABLED:disabled": false, "vcpus": 1, "swap": "", "os-flavor-access:is_public": true, "rxtx_factor": 1.0, "OS-FLV-EXT-DATA:ephemeral": 0, "disk": 1, "id": "9b3dcec3-202a-498f-8562-1e369827589b"}]} _http_log_response /usr/lib/python2.7/site-packages/keystoneauth1/session.py:511
2019-06-20 19:00:17.619 660 DEBUG novaclient.v2.client [-] GET call to compute for http://172.30.9.34:8774/v2.1/flavors/detail used request id req-1f1dea23-50d8-4b3d-a220-6b79062f4e47 request /usr/lib/python2.7/site-packages/keystoneauth1/session.py:844
2019-06-20 19:00:17.620 660 INFO rally.task.runner [-] Task d8e846b9-308c-4f18-b530-7b3432f09993 | ITER: 1 END: OK
2019-06-20 19:00:17.621 661 DEBUG novaclient.v2.client [-] RESP: [200] Content-Encoding: gzip Content-Length: 365 Content-Type: application/json Date: Thu, 20 Jun 2019 19:00:17 GMT OpenStack-API-Version: compute 2.1 Server: Apache Vary: OpenStack-API-Version,X-OpenStack-Nova-API-Version,Accept-Encoding X-OpenStack-Nova-API-Version: 2.1 x-compute-request-id: req-f0744782-0aee-4ea8-a46e-d2ae7159e189 x-openstack-request-id: req-f0744782-0aee-4ea8-a46e-d2ae7159e189 _http_log_response /usr/lib/python2.7/site-packages/keystoneauth1/session.py:479
2019-06-20 19:00:17.621 661 DEBUG novaclient.v2.client [-] RESP BODY: {"flavors": [{"name": "rally_full-flavor_525234f1-4414-43cf-b413-8b219f4a599d", "links": [{"href": "http://172.30.9.34:8774/v2.1/flavors/608e466a-929b-4ab2-8921-19056be22bcc", "rel": "self"}, {"href": "http://172.30.9.34:8774/flavors/608e466a-929b-4ab2-8921-19056be22bcc", "rel": "bookmark"}], "ram": 512, "OS-FLV-DISABLED:disabled": false, "vcpus": 1, "swap": "", "os-flavor-access:is_public": true, "rxtx_factor": 1.0, "OS-FLV-EXT-DATA:ephemeral": 0, "disk": 1, "id": "608e466a-929b-4ab2-8921-19056be22bcc"}, {"name": "rally_full-flavor_alt_525234f1-4414-43cf-b413-8b219f4a599d", "links": [{"href": "http://172.30.9.34:8774/v2.1/flavors/9b3dcec3-202a-498f-8562-1e369827589b", "rel": "self"}, {"href": "http://172.30.9.34:8774/flavors/9b3dcec3-202a-498f-8562-1e369827589b", "rel": "bookmark"}], "ram": 1024, "OS-FLV-DISABLED:disabled": false, "vcpus": 1, "swap": "", "os-flavor-access:is_public": true, "rxtx_factor": 1.0, "OS-FLV-EXT-DATA:ephemeral": 0, "disk": 1, "id": "9b3dcec3-202a-498f-8562-1e369827589b"}]} _http_log_response /usr/lib/python2.7/site-packages/keystoneauth1/session.py:511
2019-06-20 19:00:17.621 661 DEBUG novaclient.v2.client [-] GET call to compute for http://172.30.9.34:8774/v2.1/flavors/detail used request id req-f0744782-0aee-4ea8-a46e-d2ae7159e189 request /usr/lib/python2.7/site-packages/keystoneauth1/session.py:844
2019-06-20 19:00:17.622 661 INFO rally.task.runner [-] Task d8e846b9-308c-4f18-b530-7b3432f09993 | ITER: 2 END: OK
2019-06-20 19:00:17.624 660 INFO rally.task.runner [-] Task d8e846b9-308c-4f18-b530-7b3432f09993 | ITER: 6 START
2019-06-20 19:00:17.627 661 INFO rally.task.runner [-] Task d8e846b9-308c-4f18-b530-7b3432f09993 | ITER: 7 START
2019-06-20 19:00:17.770 662 DEBUG novaclient.v2.client [-] RESP: [200] Content-Encoding: gzip Content-Length: 365 Content-Type: application/json Date: Thu, 20 Jun 2019 19:00:17 GMT OpenStack-API-Version: compute 2.1 Server: Apache Vary: OpenStack-API-Version,X-OpenStack-Nova-API-Version,Accept-Encoding X-OpenStack-Nova-API-Version: 2.1 x-compute-request-id: req-6b66eb0c-3d1f-47e0-8bad-03a2ae6d398d x-openstack-request-id: req-6b66eb0c-3d1f-47e0-8bad-03a2ae6d398d _http_log_response /usr/lib/python2.7/site-packages/keystoneauth1/session.py:479
2019-06-20 19:00:17.771 662 DEBUG novaclient.v2.client [-] RESP BODY: {"flavors": [{"name": "rally_full-flavor_525234f1-4414-43cf-b413-8b219f4a599d", "links": [{"href": "http://172.30.9.34:8774/v2.1/flavors/608e466a-929b-4ab2-8921-19056be22bcc", "rel": "self"}, {"href": "http://172.30.9.34:8774/flavors/608e466a-929b-4ab2-8921-19056be22bcc", "rel": "bookmark"}], "ram": 512, "OS-FLV-DISABLED:disabled": false, "vcpus": 1, "swap": "", "os-flavor-access:is_public": true, "rxtx_factor": 1.0, "OS-FLV-EXT-DATA:ephemeral": 0, "disk": 1, "id": "608e466a-929b-4ab2-8921-19056be22bcc"}, {"name": "rally_full-flavor_alt_525234f1-4414-43cf-b413-8b219f4a599d", "links": [{"href": "http://172.30.9.34:8774/v2.1/flavors/9b3dcec3-202a-498f-8562-1e369827589b", "rel": "self"}, {"href": "http://172.30.9.34:8774/flavors/9b3dcec3-202a-498f-8562-1e369827589b", "rel": "bookmark"}], "ram": 1024, "OS-FLV-DISABLED:disabled": false, "vcpus": 1, "swap": "", "os-flavor-access:is_public": true, "rxtx_factor": 1.0, "OS-FLV-EXT-DATA:ephemeral": 0, "disk": 1, "id": "9b3dcec3-202a-498f-8562-1e369827589b"}]} _http_log_response /usr/lib/python2.7/site-packages/keystoneauth1/session.py:511
2019-06-20 19:00:17.772 662 DEBUG novaclient.v2.client [-] GET call to compute for http://172.30.9.34:8774/v2.1/flavors/detail used request id req-6b66eb0c-3d1f-47e0-8bad-03a2ae6d398d request /usr/lib/python2.7/site-packages/keystoneauth1/session.py:844
