2019-06-20 19:26:51.132 4354 RALLYDEBUG rally.task.utils [-] Waiting for resource s_rally_4973a265_84YQqoGV. Status changed: AVAILABLE => DELETING in 0.331432104111
2019-06-20 19:26:52.865 4355 RALLYDEBUG rally.task.utils [-] Waiting for resource s_rally_4973a265_LLZ2DCEW. Status changed: DOWNLOADING => AVAILABLE in 2.37117099762
2019-06-20 19:26:53.211 4355 RALLYDEBUG rally.task.utils [-] Waiting for resource s_rally_4973a265_LLZ2DCEW. Status changed: AVAILABLE => DELETING in 0.0565509796143
2019-06-20 19:26:53.466 4354 INFO rally.task.runner [-] Task a8e0948b-f73f-4ef0-9730-b94fca06ac67 | ITER: 6 END: OK
2019-06-20 19:26:53.473 4354 INFO rally.task.runner [-] Task a8e0948b-f73f-4ef0-9730-b94fca06ac67 | ITER: 9 START
2019-06-20 19:26:53.716 4356 RALLYDEBUG rally.task.utils [-] Waiting for resource s_rally_4973a265_qjWdOrlQ. Status changed: DOWNLOADING => AVAILABLE in 7.14081096649
2019-06-20 19:26:54.147 4356 RALLYDEBUG rally.task.utils [-] Waiting for resource s_rally_4973a265_qjWdOrlQ. Status changed: AVAILABLE => DELETING in 0.0593550205231
2019-06-20 19:26:54.711 4357 RALLYDEBUG rally.task.utils [-] Waiting for resource s_rally_4973a265_QW6ZBwIV. Status changed: CREATING => DOWNLOADING in 9.87297582626
2019-06-20 19:26:55.517 4355 INFO rally.task.runner [-] Task a8e0948b-f73f-4ef0-9730-b94fca06ac67 | ITER: 7 END: OK
2019-06-20 19:26:55.524 4355 INFO rally.task.runner [-] Task a8e0948b-f73f-4ef0-9730-b94fca06ac67 | ITER: 10 START
2019-06-20 19:26:56.455 4356 INFO rally.task.runner [-] Task a8e0948b-f73f-4ef0-9730-b94fca06ac67 | ITER: 5 END: OK
2019-06-20 19:26:59.033 4357 RALLYDEBUG rally.task.utils [-] Waiting for resource s_rally_4973a265_QW6ZBwIV. Status changed: DOWNLOADING => AVAILABLE in 4.32253098488
2019-06-20 19:26:59.701 4357 INFO rally.task.runner [-] Task a8e0948b-f73f-4ef0-9730-b94fca06ac67 | ITER: 8 END: OK
2019-06-20 19:27:01.760 4354 RALLYDEBUG rally.task.utils [-] Waiting for resource s_rally_4973a265_4ZvHEdFK. Status changed: CREATING => DOWNLOADING in 3.03462409973
2019-06-20 19:27:05.163 4355 RALLYDEBUG rally.task.utils [-] Waiting for resource s_rally_4973a265_grTsG8iq. Status changed: CREATING => DOWNLOADING in 5.0997710228
2019-06-20 19:27:06.376 4354 RALLYDEBUG rally.task.utils [-] Waiting for resource s_rally_4973a265_4ZvHEdFK. Status changed: DOWNLOADING => AVAILABLE in 4.61571192741
2019-06-20 19:27:07.059 4354 RALLYDEBUG rally.task.utils [-] Waiting for resource s_rally_4973a265_4ZvHEdFK. Status changed: AVAILABLE => DELETING in 0.349236011505
2019-06-20 19:27:07.515 4355 RALLYDEBUG rally.task.utils [-] Waiting for resource s_rally_4973a265_grTsG8iq. Status changed: DOWNLOADING => AVAILABLE in 2.35214114189
2019-06-20 19:27:08.116 4355 INFO rally.task.runner [-] Task a8e0948b-f73f-4ef0-9730-b94fca06ac67 | ITER: 10 END: OK
2019-06-20 19:27:09.351 4354 INFO rally.task.runner [-] Task a8e0948b-f73f-4ef0-9730-b94fca06ac67 | ITER: 9 END: OK
2019-06-20 19:27:09.374 1842 INFO rally.task.context [-] Task a8e0948b-f73f-4ef0-9730-b94fca06ac67 | Context cleanup@openstack cleanup() started
2019-06-20 19:27:09.376 1842 RALLYDEBUG rally_openstack.cleanup.manager [-] Cleaning up cinder backups objects
2019-06-20 19:27:11.701 1842 RALLYDEBUG rally_openstack.cleanup.manager [-] Cleaning up cinder volume_snapshots objects
2019-06-20 19:27:13.699 1842 RALLYDEBUG rally_openstack.cleanup.manager [-] Cleaning up cinder transfers objects
2019-06-20 19:27:15.919 1842 RALLYDEBUG rally_openstack.cleanup.manager [-] Cleaning up cinder volumes objects
2019-06-20 19:27:17.990 1842 INFO rally.task.context [-] Task a8e0948b-f73f-4ef0-9730-b94fca06ac67 | Context cleanup@openstack cleanup() finished in 8.62 sec
2019-06-20 19:27:17.990 1842 INFO rally.task.context [-] Task a8e0948b-f73f-4ef0-9730-b94fca06ac67 | Context quotas@openstack cleanup() started
2019-06-20 19:27:18.893 1842 INFO rally.task.context [-] Task a8e0948b-f73f-4ef0-9730-b94fca06ac67 | Context quotas@openstack cleanup() finished in 0.90 sec
2019-06-20 19:27:18.894 1842 INFO rally.task.context [-] Task a8e0948b-f73f-4ef0-9730-b94fca06ac67 | Context api_versions@openstack cleanup() started
2019-06-20 19:27:18.894 1842 INFO rally.task.context [-] Task a8e0948b-f73f-4ef0-9730-b94fca06ac67 | Context api_versions@openstack cleanup() finished in 0.33 msec
2019-06-20 19:27:18.894 1842 INFO rally.task.context [-] Task a8e0948b-f73f-4ef0-9730-b94fca06ac67 | Context users@openstack cleanup() started
2019-06-20 19:27:27.223 1842 INFO rally.task.context [-] Task a8e0948b-f73f-4ef0-9730-b94fca06ac67 | Context users@openstack cleanup() finished in 8.33 sec
2019-06-20 19:27:28.369 1842 INFO rally.task.engine [-] Load duration is: 52.711927
2019-06-20 19:27:28.370 1842 INFO rally.task.engine [-] Full runner duration is: 52.759255
2019-06-20 19:27:28.370 1842 INFO rally.task.engine [-] Full duration is: 79.168649
2019-06-20 19:27:28.513 1842 INFO rally.task.engine [-] Running workload: position = 2 config = { "version": 2, "title": "A cropped version of a bigger task.", "description": "Auto-generated task from a single workload (uuid=630abf2f-aefc-43e8-b7f8-a5778c6b3055)", "subtasks": [ { "title": "CinderVolumes.create_and_delete_volume", "description": "Create and then delete a volume.", "scenario": { "CinderVolumes.create_and_delete_volume": { "size": 1 } }, "contexts": { "users": { "tenants": 3, "users_per_tenant": 2 }, "quotas": { "cinder": { "gigabytes": -1, "snapshots": -1, "volumes": -1 } }, "api_versions": { "cinder": { "version": 3, "service_type": "volumev3" } } }, "runner": { "constant": { "concurrency": 4, "times": 10 } }, "hooks": [], "sla": { "failure_rate": { "max": 0 } } } ] }
2019-06-20 19:27:28.535 1842 RALLYDEBUG rally_openstack.contexts.keystone.users [-] Creating 3 tenants using 20 threads
2019-06-20 19:27:30.489 1842 RALLYDEBUG rally_openstack.contexts.keystone.users [-] Creating 6 users using 20 threads
2019-06-20 19:27:33.382 1842 INFO rally.task.context [-] Task a8e0948b-f73f-4ef0-9730-b94fca06ac67 | Context users@openstack setup() finished in 4.85 sec
2019-06-20 19:27:33.828 1842 INFO rally.task.context [-] Task a8e0948b-f73f-4ef0-9730-b94fca06ac67 | Context api_versions@openstack setup() finished in 0.44 sec
2019-06-20 19:27:35.561 1842 INFO rally.task.context [-] Task a8e0948b-f73f-4ef0-9730-b94fca06ac67 | Context quotas@openstack setup() finished in 1.73 sec
2019-06-20 19:27:35.562 1842 INFO rally.task.context [-] Task a8e0948b-f73f-4ef0-9730-b94fca06ac67 | Context cleanup@openstack setup() finished in 0.00 msec
2019-06-20 19:27:35.569 1842 RALLYDEBUG rally.task.runner [-] Starting the constant runner (task UUID: a8e0948b-f73f-4ef0-9730-b94fca06ac67). timeout: 0 concurrency: 4 concurrency_per_worker: 1 times: 10 concurrency_overhead: 0 processes_to_start: 4 max_cpu_used: 16
2019-06-20 19:27:35.579 4538 RALLYDEBUG rally.task.runner [-] Starting a worker. concurrency: 1 args: {"size": 1} times: 10 method_name: run timeout: 0 duration: None cls:
2019-06-20 19:27:35.585 4538 INFO rally.task.runner [-] Task a8e0948b-f73f-4ef0-9730-b94fca06ac67 | ITER: 1 START
2019-06-20 19:27:35.584 4539 RALLYDEBUG rally.task.runner [-] Starting a worker. concurrency: 1 args: {"size": 1} times: 10 method_name: run timeout: 0 duration: None cls:
2019-06-20 19:27:35.588 4542 RALLYDEBUG rally.task.runner [-] Starting a worker. concurrency: 1 args: {"size": 1} times: 10 method_name: run timeout: 0 duration: None cls:
2019-06-20 19:27:35.588 4540 RALLYDEBUG rally.task.runner [-] Starting a worker. concurrency: 1 args: {"size": 1} times: 10 method_name: run timeout: 0 duration: None cls:
2019-06-20 19:27:35.592 4539 INFO rally.task.runner [-] Task a8e0948b-f73f-4ef0-9730-b94fca06ac67 | ITER: 2 START
2019-06-20 19:27:35.593 4542 INFO rally.task.runner [-] Task a8e0948b-f73f-4ef0-9730-b94fca06ac67 | ITER: 3 START
2019-06-20 19:27:35.595 4540 INFO rally.task.runner [-] Task a8e0948b-f73f-4ef0-9730-b94fca06ac67 | ITER: 4 START
2019-06-20 19:27:39.850 4542 RALLYDEBUG rally.task.utils [-] Waiting for resource s_rally_630abf2f_iaw38SJI. Status changed: AVAILABLE => DELETING in 0.25331902504
2019-06-20 19:27:40.003 4540 RALLYDEBUG rally.task.utils [-] Waiting for resource s_rally_630abf2f_9aeJuzKy. Status changed: AVAILABLE => DELETING in 0.345624923706
2019-06-20 19:27:40.028 4539 RALLYDEBUG rally.task.utils [-] Waiting for resource s_rally_630abf2f_ZujFMM8r. Status changed: AVAILABLE => DELETING in 0.359722137451
2019-06-20 19:27:40.140 4538 RALLYDEBUG rally.task.utils [-] Waiting for resource s_rally_630abf2f_DgRGQqQX. Status changed: AVAILABLE => DELETING in 0.351610898972
2019-06-20 19:27:42.160 4542 INFO rally.task.runner [-] Task a8e0948b-f73f-4ef0-9730-b94fca06ac67 | ITER: 3 END: OK
2019-06-20 19:27:42.166 4542 INFO rally.task.runner [-] Task a8e0948b-f73f-4ef0-9730-b94fca06ac67 | ITER: 5 START
2019-06-20 19:27:42.232 4540 INFO rally.task.runner [-] Task a8e0948b-f73f-4ef0-9730-b94fca06ac67 | ITER: 4 END: OK
2019-06-20 19:27:42.237 4540 INFO rally.task.runner [-] Task a8e0948b-f73f-4ef0-9730-b94fca06ac67 | ITER: 6 START
2019-06-20 19:27:42.350 4539 INFO rally.task.runner [-] Task a8e0948b-f73f-4ef0-9730-b94fca06ac67 | ITER: 2 END: OK
2019-06-20 19:27:42.355 4539 INFO rally.task.runner [-] Task a8e0948b-f73f-4ef0-9730-b94fca06ac67 | ITER: 7 START
2019-06-20 19:27:42.473 4538 INFO rally.task.runner [-] Task a8e0948b-f73f-4ef0-9730-b94fca06ac67 | ITER: 1 END: OK
2019-06-20 19:27:42.478 4538 INFO rally.task.runner [-] Task a8e0948b-f73f-4ef0-9730-b94fca06ac67 | ITER: 8 START
2019-06-20 19:27:46.394 4540 INFO rally.task.runner [-] Task a8e0948b-f73f-4ef0-9730-b94fca06ac67 | ITER: 6 END: OK
2019-06-20 19:27:46.399 4540 INFO rally.task.runner [-] Task a8e0948b-f73f-4ef0-9730-b94fca06ac67 | ITER: 9 START
2019-06-20 19:27:46.626 4542 RALLYDEBUG rally.task.utils [-] Waiting for resource s_rally_630abf2f_12jHdcTi. Status changed: AVAILABLE => DELETING in 0.346124887466
2019-06-20 19:27:46.756 4539 RALLYDEBUG rally.task.utils [-] Waiting for resource s_rally_630abf2f_HPPZL3Wg. Status changed: AVAILABLE => DELETING in 0.392309904099
2019-06-20 19:27:46.997 4538 RALLYDEBUG rally.task.utils [-] Waiting for resource s_rally_630abf2f_9YwaVAR0. Status changed: AVAILABLE => DELETING in 0.363329172134
2019-06-20 19:27:48.795 4539 INFO rally.task.runner [-] Task a8e0948b-f73f-4ef0-9730-b94fca06ac67 | ITER: 7 END: OK
2019-06-20 19:27:48.799 4539 INFO rally.task.runner [-] Task a8e0948b-f73f-4ef0-9730-b94fca06ac67 | ITER: 10 START
2019-06-20 19:27:48.869 4542 INFO rally.task.runner [-] Task a8e0948b-f73f-4ef0-9730-b94fca06ac67 | ITER: 5 END: OK
2019-06-20 19:27:49.335 4538 INFO rally.task.runner [-] Task a8e0948b-f73f-4ef0-9730-b94fca06ac67 | ITER: 8 END: OK
2019-06-20 19:27:50.724 4540 INFO rally.task.runner [-] Task a8e0948b-f73f-4ef0-9730-b94fca06ac67 | ITER: 9 END: OK
2019-06-20 19:27:53.234 4539 INFO rally.task.runner [-] Task a8e0948b-f73f-4ef0-9730-b94fca06ac67 | ITER: 10 END: OK
2019-06-20 19:27:53.255 1842 INFO rally.task.context [-] Task a8e0948b-f73f-4ef0-9730-b94fca06ac67 | Context cleanup@openstack cleanup() started
2019-06-20 19:27:53.258 1842 RALLYDEBUG rally_openstack.cleanup.manager [-] Cleaning up cinder backups objects
2019-06-20 19:27:55.350 1842 RALLYDEBUG rally_openstack.cleanup.manager [-] Cleaning up cinder volume_snapshots objects
2019-06-20 19:27:57.621 1842 RALLYDEBUG rally_openstack.cleanup.manager [-] Cleaning up cinder transfers objects
2019-06-20 19:27:59.804 1842 RALLYDEBUG rally_openstack.cleanup.manager [-] Cleaning up cinder volumes objects
2019-06-20 19:28:02.066 1842 INFO rally.task.context [-] Task a8e0948b-f73f-4ef0-9730-b94fca06ac67 | Context cleanup@openstack cleanup() finished in 8.81 sec
2019-06-20 19:28:02.067 1842 INFO rally.task.context [-] Task a8e0948b-f73f-4ef0-9730-b94fca06ac67 | Context quotas@openstack cleanup() started
2019-06-20 19:28:03.037 1842 INFO rally.task.context [-] Task a8e0948b-f73f-4ef0-9730-b94fca06ac67 | Context quotas@openstack cleanup() finished in 0.97 sec
2019-06-20 19:28:03.037 1842 INFO rally.task.context [-] Task a8e0948b-f73f-4ef0-9730-b94fca06ac67 | Context api_versions@openstack cleanup() started
2019-06-20 19:28:03.037 1842 INFO rally.task.context [-] Task a8e0948b-f73f-4ef0-9730-b94fca06ac67 | Context api_versions@openstack cleanup() finished in 0.31 msec
2019-06-20 19:28:03.038 1842 INFO rally.task.context [-] Task a8e0948b-f73f-4ef0-9730-b94fca06ac67 | Context users@openstack cleanup() started
2019-06-20 19:28:11.342 1842 INFO rally.task.context [-] Task a8e0948b-f73f-4ef0-9730-b94fca06ac67 | Context users@openstack cleanup() finished in 8.30 sec
2019-06-20 19:28:12.722 1842 INFO rally.task.engine [-] Load duration is: 17.645814
2019-06-20 19:28:12.723 1842 INFO rally.task.engine [-] Full runner duration is: 17.686394
2019-06-20 19:28:12.723 1842 INFO rally.task.engine [-] Full duration is: 42.811359
2019-06-20 19:28:12.972 1842 INFO rally.task.engine [-] Running workload: position = 0 config = { "version": 2, "title": "A cropped version of a bigger task.", "description": "Auto-generated task from a single workload (uuid=6065de7c-195a-40dc-994e-0ea02023e3a0)", "subtasks": [ { "title": "CinderVolumes.create_and_extend_volume", "description": "Create and extend a volume and then delete it.", "scenario": { "CinderVolumes.create_and_extend_volume": { "new_size": 2, "size": 1 } }, "contexts": { "users": { "tenants": 3, "users_per_tenant": 2 }, "quotas": { "cinder": { "gigabytes": -1, "snapshots": -1, "volumes": -1 } }, "api_versions": { "cinder": { "version": 3, "service_type": "volumev3" } } }, "runner": { "constant": { "concurrency": 4, "times": 10 } }, "hooks": [], "sla": { "failure_rate": { "max": 0 } } } ] }
2019-06-20 19:28:12.995 1842 RALLYDEBUG rally_openstack.contexts.keystone.users [-] Creating 3 tenants using 20 threads
2019-06-20 19:28:14.956 1842 RALLYDEBUG rally_openstack.contexts.keystone.users [-] Creating 6 users using 20 threads
2019-06-20 19:28:17.834 1842 INFO rally.task.context [-] Task a8e0948b-f73f-4ef0-9730-b94fca06ac67 | Context users@openstack setup() finished in 4.84 sec
2019-06-20 19:28:18.273 1842 INFO rally.task.context [-] Task a8e0948b-f73f-4ef0-9730-b94fca06ac67 | Context api_versions@openstack setup() finished in 0.44 sec
2019-06-20 19:28:19.949 1842 INFO rally.task.context [-] Task a8e0948b-f73f-4ef0-9730-b94fca06ac67 | Context quotas@openstack setup() finished in 1.68 sec
2019-06-20 19:28:19.949 1842 INFO rally.task.context [-] Task a8e0948b-f73f-4ef0-9730-b94fca06ac67 | Context cleanup@openstack setup() finished in 0.01 msec
2019-06-20 19:28:19.956 1842 RALLYDEBUG rally.task.runner [-] Starting the constant runner (task UUID: a8e0948b-f73f-4ef0-9730-b94fca06ac67). timeout: 0 concurrency: 4 concurrency_per_worker: 1 times: 10 concurrency_overhead: 0 processes_to_start: 4 max_cpu_used: 16
2019-06-20 19:28:19.969 4722 RALLYDEBUG rally.task.runner [-] Starting a worker. concurrency: 1 args: {"new_size": 2, "size": 1} times: 10 method_name: run timeout: 0 duration: None cls:
2019-06-20 19:28:19.972 4724 RALLYDEBUG rally.task.runner [-] Starting a worker. concurrency: 1 args: {"new_size": 2, "size": 1} times: 10 method_name: run timeout: 0 duration: None cls:
2019-06-20 19:28:19.972 4723 RALLYDEBUG rally.task.runner [-] Starting a worker. concurrency: 1 args: {"new_size": 2, "size": 1} times: 10 method_name: run timeout: 0 duration: None cls:
2019-06-20 19:28:19.976 4722 INFO rally.task.runner [-] Task a8e0948b-f73f-4ef0-9730-b94fca06ac67 | ITER: 1 START
2019-06-20 19:28:19.976 4724 INFO rally.task.runner [-] Task a8e0948b-f73f-4ef0-9730-b94fca06ac67 | ITER: 2 START
2019-06-20 19:28:19.979 4723 INFO rally.task.runner [-] Task a8e0948b-f73f-4ef0-9730-b94fca06ac67 | ITER: 3 START
2019-06-20 19:28:19.979 4725 RALLYDEBUG rally.task.runner [-] Starting a worker. concurrency: 1 args: {"new_size": 2, "size": 1} times: 10 method_name: run timeout: 0 duration: None cls:
2019-06-20 19:28:19.987 4725 INFO rally.task.runner [-] Task a8e0948b-f73f-4ef0-9730-b94fca06ac67 | ITER: 4 START
2019-06-20 19:28:25.009 4722 INFO rally.task.runner [-] Task a8e0948b-f73f-4ef0-9730-b94fca06ac67 | ITER: 1 END: OK
2019-06-20 19:28:25.014 4722 INFO rally.task.runner [-] Task a8e0948b-f73f-4ef0-9730-b94fca06ac67 | ITER: 5 START
2019-06-20 19:28:25.356 4725 RALLYDEBUG rally.task.utils [-] Waiting for resource s_rally_6065de7c_uKFYLEOw. Status changed: AVAILABLE => DELETING in 0.298061132431
2019-06-20 19:28:25.472 4724 RALLYDEBUG rally.task.utils [-] Waiting for resource s_rally_6065de7c_hZqvp1WO. Status changed: AVAILABLE => DELETING in 0.351823806763
2019-06-20 19:28:25.504 4723 RALLYDEBUG rally.task.utils [-] Waiting for resource s_rally_6065de7c_jJHVPxO3. Status changed: AVAILABLE => DELETING in 0.344249010086
2019-06-20 19:28:27.597 4725 INFO rally.task.runner [-] Task a8e0948b-f73f-4ef0-9730-b94fca06ac67 | ITER: 4 END: OK
2019-06-20 19:28:27.602 4725 INFO rally.task.runner [-] Task a8e0948b-f73f-4ef0-9730-b94fca06ac67 | ITER: 6 START
2019-06-20 19:28:27.696 4724 INFO rally.task.runner [-] Task a8e0948b-f73f-4ef0-9730-b94fca06ac67 | ITER: 2 END: OK
2019-06-20 19:28:27.702 4724 INFO rally.task.runner [-] Task a8e0948b-f73f-4ef0-9730-b94fca06ac67 | ITER: 7 START
2019-06-20 19:28:27.734 4723 INFO rally.task.runner [-] Task a8e0948b-f73f-4ef0-9730-b94fca06ac67 | ITER: 3 END: OK
2019-06-20 19:28:27.738 4723 INFO rally.task.runner [-] Task a8e0948b-f73f-4ef0-9730-b94fca06ac67 | ITER: 8 START
2019-06-20 19:28:30.047 4722 INFO rally.task.runner [-] Task a8e0948b-f73f-4ef0-9730-b94fca06ac67 | ITER: 5 END: OK
2019-06-20 19:28:30.051 4722 INFO rally.task.runner [-] Task a8e0948b-f73f-4ef0-9730-b94fca06ac67 | ITER: 9 START
2019-06-20 19:28:32.523 4723 RALLYDEBUG rally.task.utils [-] Waiting for resource s_rally_6065de7c_sSbGmPKS. Status changed: AVAILABLE => DELETING in 0.243942022324
2019-06-20 19:28:32.604 4724 RALLYDEBUG rally.task.utils [-] Waiting for resource s_rally_6065de7c_5FyQXkHJ. Status changed: AVAILABLE => DELETING in 0.265284061432
2019-06-20 19:28:32.624 4725 RALLYDEBUG rally.task.utils [-] Waiting for resource s_rally_6065de7c_icSYVCXS. Status changed: AVAILABLE => DELETING in 0.332740068436
2019-06-20 19:28:34.762 4723 INFO rally.task.runner [-] Task a8e0948b-f73f-4ef0-9730-b94fca06ac67 | ITER: 8 END: OK
2019-06-20 19:28:34.765 4723 INFO rally.task.runner [-] Task a8e0948b-f73f-4ef0-9730-b94fca06ac67 | ITER: 10 START
2019-06-20 19:28:34.829 4722 INFO rally.task.runner [-] Task a8e0948b-f73f-4ef0-9730-b94fca06ac67 | ITER: 9 END: OK
2019-06-20 19:28:34.856 4724 INFO rally.task.runner [-] Task a8e0948b-f73f-4ef0-9730-b94fca06ac67 | ITER: 7 END: OK
2019-06-20 19:28:34.926 4725 INFO rally.task.runner [-] Task a8e0948b-f73f-4ef0-9730-b94fca06ac67 | ITER: 6 END: OK
2019-06-20 19:28:39.525 4723 INFO rally.task.runner [-] Task a8e0948b-f73f-4ef0-9730-b94fca06ac67 | ITER: 10 END: OK
2019-06-20 19:28:39.548 1842 INFO rally.task.context [-] Task a8e0948b-f73f-4ef0-9730-b94fca06ac67 | Context cleanup@openstack cleanup() started
2019-06-20 19:28:39.550 1842 RALLYDEBUG rally_openstack.cleanup.manager [-] Cleaning up cinder backups objects
2019-06-20 19:28:41.727 1842 RALLYDEBUG rally_openstack.cleanup.manager [-] Cleaning up cinder volume_snapshots objects
2019-06-20 19:28:43.813 1842 RALLYDEBUG rally_openstack.cleanup.manager [-] Cleaning up cinder transfers objects
2019-06-20 19:28:46.086 1842 RALLYDEBUG rally_openstack.cleanup.manager [-] Cleaning up cinder volumes objects
2019-06-20 19:28:48.308 1842 INFO rally.task.context [-] Task a8e0948b-f73f-4ef0-9730-b94fca06ac67 | Context cleanup@openstack cleanup() finished in 8.76 sec
2019-06-20 19:28:48.308 1842 INFO rally.task.context [-] Task a8e0948b-f73f-4ef0-9730-b94fca06ac67 | Context quotas@openstack cleanup() started
2019-06-20 19:28:49.228 1842 INFO rally.task.context [-] Task a8e0948b-f73f-4ef0-9730-b94fca06ac67 | Context quotas@openstack cleanup() finished in 0.92 sec
2019-06-20 19:28:49.228 1842 INFO rally.task.context [-] Task a8e0948b-f73f-4ef0-9730-b94fca06ac67 | Context api_versions@openstack cleanup() started
2019-06-20 19:28:49.229 1842 INFO rally.task.context [-] Task a8e0948b-f73f-4ef0-9730-b94fca06ac67 | Context api_versions@openstack cleanup() finished in 0.32 msec
2019-06-20 19:28:49.229 1842 INFO rally.task.context [-] Task a8e0948b-f73f-4ef0-9730-b94fca06ac67 | Context users@openstack cleanup() started
2019-06-20 19:28:57.305 1842 INFO rally.task.context [-] Task a8e0948b-f73f-4ef0-9730-b94fca06ac67 | Context users@openstack cleanup() finished in 8.08 sec
2019-06-20 19:28:59.203 1842 INFO rally.task.engine [-] Load duration is: 19.545877
2019-06-20 19:28:59.203 1842 INFO rally.task.engine [-] Full runner duration is: 19.59217
2019-06-20 19:28:59.204 1842 INFO rally.task.engine [-] Full duration is: 44.313093
2019-06-20 19:28:59.517 1842 INFO rally.task.engine [-] Running workload: position = 0 config = { "version": 2, "title": "A cropped version of a bigger task.", "description": "Auto-generated task from a single workload (uuid=d40590de-ae30-4dad-8ea2-68ce2fda6199)", "subtasks": [ { "title": "CinderVolumes.create_from_volume_and_delete_volume", "description": "Create volume from volume and then delete it.", "scenario": { "CinderVolumes.create_from_volume_and_delete_volume": { "size": 1 } }, "contexts": { "users": { "tenants": 3, "users_per_tenant": 2 }, "quotas": { "cinder": { "gigabytes": -1, "snapshots": -1, "volumes": -1 } }, "api_versions": { "cinder": { "version": 3, "service_type": "volumev3" } }, "volumes": { "size": 1, "volumes_per_tenant": 1 } }, "runner": { "constant": { "concurrency": 4, "times": 10 } }, "hooks": [], "sla": { "failure_rate": { "max": 0 } } } ] }
2019-06-20 19:28:59.543 1842 RALLYDEBUG rally_openstack.contexts.keystone.users [-] Creating 3 tenants using 20 threads
2019-06-20 19:29:01.434 1842 RALLYDEBUG rally_openstack.contexts.keystone.users [-] Creating 6 users using 20 threads
2019-06-20 19:29:04.288 1842 INFO rally.task.context [-] Task a8e0948b-f73f-4ef0-9730-b94fca06ac67 | Context users@openstack setup() finished in 4.75 sec
2019-06-20 19:29:04.719 1842 INFO rally.task.context [-] Task a8e0948b-f73f-4ef0-9730-b94fca06ac67 | Context api_versions@openstack setup() finished in 0.43 sec
2019-06-20 19:29:06.410 1842 INFO rally.task.context [-] Task a8e0948b-f73f-4ef0-9730-b94fca06ac67 | Context quotas@openstack setup() finished in 1.69 sec
2019-06-20 19:29:17.318 1842 INFO rally.task.context [-] Task a8e0948b-f73f-4ef0-9730-b94fca06ac67 | Context volumes@openstack setup() finished in 10.91 sec
2019-06-20 19:29:17.318 1842 INFO rally.task.context [-] Task a8e0948b-f73f-4ef0-9730-b94fca06ac67 | Context cleanup@openstack setup() finished in 0.00 msec
2019-06-20 19:29:17.324 1842 RALLYDEBUG rally.task.runner [-] Starting the constant runner (task UUID: a8e0948b-f73f-4ef0-9730-b94fca06ac67). timeout: 0 concurrency: 4 concurrency_per_worker: 1 times: 10 concurrency_overhead: 0 processes_to_start: 4 max_cpu_used: 16
2019-06-20 19:29:17.337 4906 RALLYDEBUG rally.task.runner [-] Starting a worker. concurrency: 1 args: {"size": 1} times: 10 method_name: run timeout: 0 duration: None cls:
2019-06-20 19:29:17.339 4907 RALLYDEBUG rally.task.runner [-] Starting a worker. concurrency: 1 args: {"size": 1} times: 10 method_name: run timeout: 0 duration: None cls:
2019-06-20 19:29:17.342 4908 RALLYDEBUG rally.task.runner [-] Starting a worker. concurrency: 1 args: {"size": 1} times: 10 method_name: run timeout: 0 duration: None cls:
2019-06-20 19:29:17.345 4909 RALLYDEBUG rally.task.runner [-] Starting a worker. concurrency: 1 args: {"size": 1} times: 10 method_name: run timeout: 0 duration: None cls:
2019-06-20 19:29:17.352 4906 INFO rally.task.runner [-] Task a8e0948b-f73f-4ef0-9730-b94fca06ac67 | ITER: 1 START
2019-06-20 19:29:17.353 4907 INFO rally.task.runner [-] Task a8e0948b-f73f-4ef0-9730-b94fca06ac67 | ITER: 2 START
2019-06-20 19:29:17.356 4908 INFO rally.task.runner [-] Task a8e0948b-f73f-4ef0-9730-b94fca06ac67 | ITER: 3 START
2019-06-20 19:29:17.358 4909 INFO rally.task.runner [-] Task a8e0948b-f73f-4ef0-9730-b94fca06ac67 | ITER: 4 START
2019-06-20 19:29:21.653 4909 RALLYDEBUG rally.task.utils [-] Waiting for resource s_rally_d40590de_OakE7qZR. Status changed: AVAILABLE => DELETING in 0.0557839870453
2019-06-20 19:29:23.489 4907 RALLYDEBUG rally.task.utils [-] Waiting for resource s_rally_d40590de_NYcEA3Gd. Status changed: CREATING => AVAILABLE in 3.04352211952
2019-06-20 19:29:23.520 4908 RALLYDEBUG rally.task.utils [-] Waiting for resource s_rally_d40590de_mVfADkG3. Status changed: CREATING => AVAILABLE in 3.04275894165
2019-06-20 19:29:23.666 4906 RALLYDEBUG rally.task.utils [-] Waiting for resource s_rally_d40590de_sqFi7YVL. Status changed: CREATING => AVAILABLE in 2.99162101746
2019-06-20 19:29:23.855 4907 RALLYDEBUG rally.task.utils [-] Waiting for resource s_rally_d40590de_NYcEA3Gd. Status changed: AVAILABLE => DELETING in 0.257827997208
2019-06-20 19:29:23.966 4909 INFO rally.task.runner [-] Task a8e0948b-f73f-4ef0-9730-b94fca06ac67 | ITER: 4 END: OK
2019-06-20 19:29:23.972 4909 INFO rally.task.runner [-] Task a8e0948b-f73f-4ef0-9730-b94fca06ac67 | ITER: 5 START
2019-06-20 19:29:24.225 4908 RALLYDEBUG rally.task.utils [-] Waiting for resource s_rally_d40590de_mVfADkG3. Status changed: AVAILABLE => DELETING in 0.286247014999
2019-06-20 19:29:24.321 4906 RALLYDEBUG rally.task.utils [-] Waiting for resource s_rally_d40590de_sqFi7YVL. Status changed: AVAILABLE => DELETING in 0.25652384758
2019-06-20 19:29:26.187 4907 INFO rally.task.runner [-] Task a8e0948b-f73f-4ef0-9730-b94fca06ac67 | ITER: 2 END: OK
2019-06-20 19:29:26.193 4907 INFO rally.task.runner [-] Task a8e0948b-f73f-4ef0-9730-b94fca06ac67 | ITER: 6 START
2019-06-20 19:29:28.602 4908 INFO rally.task.runner [-] Task a8e0948b-f73f-4ef0-9730-b94fca06ac67 | ITER: 3 END: OK
2019-06-20 19:29:28.607 4908 INFO rally.task.runner [-] Task a8e0948b-f73f-4ef0-9730-b94fca06ac67 | ITER: 7 START
2019-06-20 19:29:28.891 4906 INFO rally.task.runner [-] Task a8e0948b-f73f-4ef0-9730-b94fca06ac67 | ITER: 1 END: OK
2019-06-20 19:29:28.895 4906 INFO rally.task.runner [-] Task a8e0948b-f73f-4ef0-9730-b94fca06ac67 | ITER: 8 START
2019-06-20 19:29:30.126 4909 RALLYDEBUG rally.task.utils [-] Waiting for resource s_rally_d40590de_AzZ63vSd. Status changed: CREATING => AVAILABLE in 2.96870994568
2019-06-20 19:29:30.343 4907 RALLYDEBUG rally.task.utils [-] Waiting for resource s_rally_d40590de_cTpkA10q. Status changed: AVAILABLE => DELETING in 0.0581769943237
2019-06-20 19:29:30.982 4909 RALLYDEBUG rally.task.utils [-] Waiting for resource s_rally_d40590de_AzZ63vSd. Status changed: AVAILABLE => DELETING in 0.445684194565
2019-06-20 19:29:32.703 4906 RALLYDEBUG rally.task.utils [-] Waiting for resource s_rally_d40590de_RaAHCyra. Status changed: CREATING => AVAILABLE in 0.596601009369
2019-06-20 19:29:32.974 4908 RALLYDEBUG rally.task.utils [-] Waiting for resource s_rally_d40590de_GUfpj4Qz. Status changed: AVAILABLE => DELETING in 0.323828935623
2019-06-20 19:29:33.296 4906 RALLYDEBUG rally.task.utils [-] Waiting for resource s_rally_d40590de_RaAHCyra. Status changed: AVAILABLE => DELETING in 0.250806093216
2019-06-20 19:29:34.921 4907 INFO rally.task.runner [-] Task a8e0948b-f73f-4ef0-9730-b94fca06ac67 | ITER: 6 END: OK
2019-06-20 19:29:34.926 4907 INFO rally.task.runner [-] Task a8e0948b-f73f-4ef0-9730-b94fca06ac67 | ITER: 9 START
2019-06-20 19:29:37.646 4908 INFO rally.task.runner [-] Task a8e0948b-f73f-4ef0-9730-b94fca06ac67 | ITER: 7 END: OK
2019-06-20 19:29:37.649 4908 INFO rally.task.runner [-] Task a8e0948b-f73f-4ef0-9730-b94fca06ac67 | ITER: 10 START
2019-06-20 19:29:37.952 4906 INFO rally.task.runner [-] Task a8e0948b-f73f-4ef0-9730-b94fca06ac67 | ITER: 8 END: OK
2019-06-20 19:29:37.998 4909 INFO rally.task.runner [-] Task a8e0948b-f73f-4ef0-9730-b94fca06ac67 | ITER: 5 END: OK
2019-06-20 19:29:39.021 4907 RALLYDEBUG rally.task.utils [-] Waiting for resource s_rally_d40590de_LZn8ypSA. Status changed: AVAILABLE => DELETING in 0.256761789322
2019-06-20 19:29:41.248 4907 INFO rally.task.runner [-] Task a8e0948b-f73f-4ef0-9730-b94fca06ac67 | ITER: 9 END: OK
2019-06-20 19:29:41.887 4908 RALLYDEBUG rally.task.utils [-] Waiting for resource s_rally_d40590de_mlxdibBD. Status changed: AVAILABLE => DELETING in 0.248329877853
2019-06-20 19:29:44.207 4908 INFO rally.task.runner [-] Task a8e0948b-f73f-4ef0-9730-b94fca06ac67 | ITER: 10 END: OK
2019-06-20 19:29:44.235 1842 INFO rally.task.context [-] Task a8e0948b-f73f-4ef0-9730-b94fca06ac67 | Context cleanup@openstack cleanup() started
2019-06-20 19:29:44.238 1842 RALLYDEBUG rally_openstack.cleanup.manager [-] Cleaning up cinder backups objects
2019-06-20 19:29:46.436 1842 RALLYDEBUG rally_openstack.cleanup.manager [-] Cleaning up cinder volume_snapshots objects
2019-06-20 19:29:48.705 1842 RALLYDEBUG rally_openstack.cleanup.manager [-] Cleaning up cinder transfers objects
2019-06-20 19:29:50.974 1842 RALLYDEBUG rally_openstack.cleanup.manager [-] Cleaning up cinder volumes objects
2019-06-20 19:29:53.247 1842 INFO rally.task.context [-] Task a8e0948b-f73f-4ef0-9730-b94fca06ac67 | Context cleanup@openstack cleanup() finished in 9.01 sec
2019-06-20 19:29:53.248 1842 INFO rally.task.context [-] Task a8e0948b-f73f-4ef0-9730-b94fca06ac67 | Context volumes@openstack cleanup() started
2019-06-20 19:29:53.249 1842 RALLYDEBUG rally_openstack.cleanup.manager [-] Cleaning up cinder volumes objects
2019-06-20 19:29:55.614 1842 RALLYDEBUG rally_openstack.cleanup.manager [-] Deleting cinder.volumes object c_rally_d40590de_E42UNI5U (ed577f0b-9bfc-4c0f-9a32-b0e2bbf4c194)
2019-06-20 19:29:55.619 1842 RALLYDEBUG rally_openstack.cleanup.manager [-] Deleting cinder.volumes object c_rally_d40590de_lRoXB1Ii (b7978bae-0cad-450e-a37e-f15e6547b0b3)
2019-06-20 19:29:55.623 1842 RALLYDEBUG rally_openstack.cleanup.manager [-] Deleting cinder.volumes object c_rally_d40590de_ETYguhLk (24e3a0f0-dd2f-4799-8967-b16a719d5af6)
2019-06-20 19:29:59.097 1842 INFO rally.task.context [-] Task a8e0948b-f73f-4ef0-9730-b94fca06ac67 | Context volumes@openstack cleanup() finished in 5.85 sec
2019-06-20 19:29:59.098 1842 INFO rally.task.context [-] Task a8e0948b-f73f-4ef0-9730-b94fca06ac67 | Context quotas@openstack cleanup() started
2019-06-20 19:29:59.826 1842 INFO rally.task.context [-] Task a8e0948b-f73f-4ef0-9730-b94fca06ac67 | Context quotas@openstack cleanup() finished in 0.73 sec
2019-06-20 19:29:59.827 1842 INFO rally.task.context [-] Task a8e0948b-f73f-4ef0-9730-b94fca06ac67 | Context api_versions@openstack cleanup() started
2019-06-20 19:29:59.827 1842 INFO rally.task.context [-] Task a8e0948b-f73f-4ef0-9730-b94fca06ac67 | Context api_versions@openstack cleanup() finished in 0.32 msec
2019-06-20 19:29:59.827 1842 INFO rally.task.context [-] Task a8e0948b-f73f-4ef0-9730-b94fca06ac67 | Context users@openstack cleanup() started
2019-06-20 19:30:08.174 1842 INFO rally.task.context [-] Task a8e0948b-f73f-4ef0-9730-b94fca06ac67 | Context users@openstack cleanup() finished in 8.35 sec
2019-06-20 19:30:09.804 1842 INFO rally.task.engine [-] Load duration is: 26.852098
2019-06-20 19:30:09.804 1842 INFO rally.task.engine [-] Full runner duration is: 26.911194
2019-06-20 19:30:09.805 1842 INFO rally.task.engine [-] Full duration is: 68.637637
2019-06-20 19:30:09.996 1842 INFO rally.task.engine [-] Running workload: position = 0 config = { "version": 2, "title": "A cropped version of a bigger task.", "description": "Auto-generated task from a single workload (uuid=9b207c32-6876-4dd8-9dda-d87a8e199628)", "subtasks": [ { "title": "CinderQos.create_and_get_qos", "description": "Create a qos, then get details of the qos.", "scenario": { "CinderQos.create_and_get_qos": { "consumer": "both", "write_iops_sec": "10", "read_iops_sec": "1000" } }, "contexts": { "users": { "tenants": 3, "users_per_tenant": 2 }, "api_versions": { "cinder": { "version": 3, "service_type": "volumev3" } } }, "runner": { "constant": { "concurrency": 4, "times": 10 } }, "hooks": [], "sla": { "failure_rate": { "max": 0 } } } ] }
2019-06-20 19:30:10.022 1842 RALLYDEBUG rally_openstack.contexts.keystone.users [-] Creating 3 tenants using 20 threads
2019-06-20 19:30:12.008 1842 RALLYDEBUG rally_openstack.contexts.keystone.users [-] Creating 6 users using 20 threads
2019-06-20 19:30:14.877 1842 INFO rally.task.context [-] Task a8e0948b-f73f-4ef0-9730-b94fca06ac67 | Context users@openstack setup() finished in 4.86 sec
2019-06-20 19:30:15.311 1842 INFO rally.task.context [-] Task a8e0948b-f73f-4ef0-9730-b94fca06ac67 | Context api_versions@openstack setup() finished in 0.43 sec
2019-06-20 19:30:15.312 1842 INFO rally.task.context [-] Task a8e0948b-f73f-4ef0-9730-b94fca06ac67 | Context admin_cleanup@openstack setup() finished in 0.01 msec
2019-06-20 19:30:15.319 1842 RALLYDEBUG rally.task.runner [-] Starting the constant runner (task UUID: a8e0948b-f73f-4ef0-9730-b94fca06ac67). timeout: 0 concurrency: 4 concurrency_per_worker: 1 times: 10 concurrency_overhead: 0 processes_to_start: 4 max_cpu_used: 16
2019-06-20 19:30:15.330 5110 RALLYDEBUG rally.task.runner [-] Starting a worker. concurrency: 1 args: {"consumer": "both", "write_iops_sec": "10", "read_iops_sec": "1000"} times: 10 method_name: run timeout: 0 duration: None cls:
2019-06-20 19:30:15.334 5111 RALLYDEBUG rally.task.runner [-] Starting a worker. concurrency: 1 args: {"consumer": "both", "write_iops_sec": "10", "read_iops_sec": "1000"} times: 10 method_name: run timeout: 0 duration: None cls:
2019-06-20 19:30:15.336 5110 INFO rally.task.runner [-] Task a8e0948b-f73f-4ef0-9730-b94fca06ac67 | ITER: 1 START
2019-06-20 19:30:15.337 5112 RALLYDEBUG rally.task.runner [-] Starting a worker. concurrency: 1 args: {"consumer": "both", "write_iops_sec": "10", "read_iops_sec": "1000"} times: 10 method_name: run timeout: 0 duration: None cls:
2019-06-20 19:30:15.340 5113 RALLYDEBUG rally.task.runner [-] Starting a worker. concurrency: 1 args: {"consumer": "both", "write_iops_sec": "10", "read_iops_sec": "1000"} times: 10 method_name: run timeout: 0 duration: None cls:
2019-06-20 19:30:15.341 5111 INFO rally.task.runner [-] Task a8e0948b-f73f-4ef0-9730-b94fca06ac67 | ITER: 2 START
2019-06-20 19:30:15.344 5112 INFO rally.task.runner [-] Task a8e0948b-f73f-4ef0-9730-b94fca06ac67 | ITER: 3 START
2019-06-20 19:30:15.347 5113 INFO rally.task.runner [-] Task a8e0948b-f73f-4ef0-9730-b94fca06ac67 | ITER: 4 START
2019-06-20 19:30:16.416 5110 INFO rally.task.runner [-] Task a8e0948b-f73f-4ef0-9730-b94fca06ac67 | ITER: 1 END: OK
2019-06-20 19:30:16.422 5110 INFO rally.task.runner [-] Task a8e0948b-f73f-4ef0-9730-b94fca06ac67 | ITER: 5 START
2019-06-20 19:30:16.434 5112 INFO rally.task.runner [-] Task a8e0948b-f73f-4ef0-9730-b94fca06ac67 | ITER: 3 END: OK
2019-06-20 19:30:16.440 5112 INFO rally.task.runner [-] Task a8e0948b-f73f-4ef0-9730-b94fca06ac67 | ITER: 6 START
2019-06-20 19:30:16.450 5113 INFO rally.task.runner [-] Task a8e0948b-f73f-4ef0-9730-b94fca06ac67 | ITER: 4 END: OK
2019-06-20 19:30:16.456 5113 INFO rally.task.runner [-] Task a8e0948b-f73f-4ef0-9730-b94fca06ac67 | ITER: 7 START
2019-06-20 19:30:16.497 5111 INFO rally.task.runner [-] Task a8e0948b-f73f-4ef0-9730-b94fca06ac67 | ITER: 2 END: OK
2019-06-20 19:30:16.502 5111 INFO rally.task.runner [-] Task a8e0948b-f73f-4ef0-9730-b94fca06ac67 | ITER: 8 START
2019-06-20 19:30:17.472 5112 INFO rally.task.runner [-] Task a8e0948b-f73f-4ef0-9730-b94fca06ac67 | ITER: 6 END: OK
2019-06-20 19:30:17.477 5112 INFO rally.task.runner [-] Task a8e0948b-f73f-4ef0-9730-b94fca06ac67 | ITER: 9 START
2019-06-20 19:30:17.554 5110 INFO rally.task.runner [-] Task a8e0948b-f73f-4ef0-9730-b94fca06ac67 | ITER: 5 END: OK
2019-06-20 19:30:17.555 5113 INFO rally.task.runner [-] Task a8e0948b-f73f-4ef0-9730-b94fca06ac67 | ITER: 7 END: OK
2019-06-20 19:30:17.558 5110 INFO rally.task.runner [-] Task a8e0948b-f73f-4ef0-9730-b94fca06ac67 | ITER: 10 START
2019-06-20 19:30:17.632 5111 INFO rally.task.runner [-] Task a8e0948b-f73f-4ef0-9730-b94fca06ac67 | ITER: 8 END: OK
2019-06-20 19:30:18.473 5112 INFO rally.task.runner [-] Task a8e0948b-f73f-4ef0-9730-b94fca06ac67 | ITER: 9 END: OK
2019-06-20 19:30:18.640 5110 INFO rally.task.runner [-] Task a8e0948b-f73f-4ef0-9730-b94fca06ac67 | ITER: 10 END: OK
2019-06-20 19:30:18.666 1842 INFO rally.task.context [-] Task a8e0948b-f73f-4ef0-9730-b94fca06ac67 | Context admin_cleanup@openstack cleanup() started
2019-06-20 19:30:18.668 1842 RALLYDEBUG rally_openstack.cleanup.manager [-] Cleaning up cinder volume_types objects
2019-06-20 19:30:19.405 1842 RALLYDEBUG rally_openstack.cleanup.manager [-] Cleaning up cinder image_volumes_cache objects
2019-06-20 19:30:20.760 1842 RALLYDEBUG rally_openstack.cleanup.manager [-] Cleaning up cinder quotas objects
2019-06-20 19:30:22.572 1842 RALLYDEBUG rally_openstack.cleanup.manager [-] Cleaning up cinder qos_specs objects
2019-06-20 19:30:23.319 1842 RALLYDEBUG rally_openstack.cleanup.manager [-] Deleting cinder.qos_specs object s_rally_9b207c32_WmRJL82D (e52a25fd-0820-4bda-8047-f5f541ccb17f)
2019-06-20 19:30:23.328 1842 RALLYDEBUG rally_openstack.cleanup.manager [-] Deleting cinder.qos_specs object s_rally_9b207c32_mQyNUByE (dc523a91-36ff-4b7e-9761-c8fae77cf8cb)
2019-06-20 19:30:23.333 1842 RALLYDEBUG rally_openstack.cleanup.manager [-] Deleting cinder.qos_specs object s_rally_9b207c32_ULAA7y3z (b094d6a2-7bf3-4ad2-8c89-240d546fd80e)
2019-06-20 19:30:23.340 1842 RALLYDEBUG rally_openstack.cleanup.manager [-] Deleting cinder.qos_specs object s_rally_9b207c32_gH4suta3 (aa3b75ab-9b12-454e-b0f1-b1b2cce7c795)
2019-06-20 19:30:23.347 1842 RALLYDEBUG rally_openstack.cleanup.manager [-] Deleting cinder.qos_specs object s_rally_9b207c32_kNd0Q3LS (5f314838-db2f-4103-bbd4-d425e0f348d9)
2019-06-20 19:30:23.364 1842 RALLYDEBUG rally_openstack.cleanup.manager [-] Deleting cinder.qos_specs object s_rally_9b207c32_t8zD1ggg (0ee287aa-f6dc-4017-8e8b-2ec9cd39a2dc)
2019-06-20 19:30:23.379 1842 RALLYDEBUG rally_openstack.cleanup.manager [-] Deleting cinder.qos_specs object s_rally_9b207c32_hjjgZaM5 (c6fa421f-99a1-408a-8637-ca322d8d3d5f)
2019-06-20 19:30:23.371 1842 RALLYDEBUG rally_openstack.cleanup.manager [-] Deleting cinder.qos_specs object s_rally_9b207c32_SpNLQLSl (c79b908b-04bb-4726-a561-cb2bc361ff4a)
2019-06-20 19:30:23.382 1842 RALLYDEBUG rally_openstack.cleanup.manager [-] Deleting cinder.qos_specs object s_rally_9b207c32_zGc9Cymg (9853b262-858b-4aa1-8473-59e79689b88b)
2019-06-20 19:30:23.389 1842 RALLYDEBUG rally_openstack.cleanup.manager [-] Deleting cinder.qos_specs object s_rally_9b207c32_OcztHWKb (39849b08-fe09-4cd5-afa8-a6ad70338930)
2019-06-20 19:30:25.715 1842 INFO rally.task.context [-] Task a8e0948b-f73f-4ef0-9730-b94fca06ac67 | Context admin_cleanup@openstack cleanup() finished in 7.05 sec
2019-06-20 19:30:25.715 1842 INFO rally.task.context [-] Task a8e0948b-f73f-4ef0-9730-b94fca06ac67 | Context api_versions@openstack cleanup() started
2019-06-20 19:30:25.716 1842 INFO rally.task.context [-] Task a8e0948b-f73f-4ef0-9730-b94fca06ac67 | Context api_versions@openstack cleanup() finished in 0.30 msec
2019-06-20 19:30:25.716 1842 INFO rally.task.context [-] Task a8e0948b-f73f-4ef0-9730-b94fca06ac67 | Context users@openstack cleanup() started
2019-06-20 19:30:33.557 1842 INFO rally.task.context [-] Task a8e0948b-f73f-4ef0-9730-b94fca06ac67 | Context users@openstack cleanup() finished in 7.84 sec
2019-06-20 19:30:34.154 1842 INFO rally.task.engine [-] Load duration is: 3.30049
2019-06-20 19:30:34.154 1842 INFO rally.task.engine [-] Full runner duration is: 3.347528
2019-06-20 19:30:34.154 1842 INFO rally.task.engine [-] Full duration is: 23.539091
2019-06-20 19:30:34.361 1842 INFO rally.task.engine [-] Running workload: position = 0 config = { "version": 2, "title": "A cropped version of a bigger task.", "description": "Auto-generated task from a single workload (uuid=f5260610-1b7e-4e99-9ad8-467c5c91f0d4)", "subtasks": [ { "title": "CinderQos.create_and_list_qos", "description": "Create a qos, then list all qos.", "scenario": { "CinderQos.create_and_list_qos": { "consumer": "both", "write_iops_sec": "10", "read_iops_sec": "1000" } }, "contexts": { "users": { "tenants": 3, "users_per_tenant": 2 }, "api_versions": { "cinder": { "version": 3, "service_type": "volumev3" } } }, "runner": { "constant": { "concurrency": 4, "times": 10 } }, "hooks": [], "sla": { "failure_rate": { "max": 0 } } } ] }
2019-06-20 19:30:34.384 1842 RALLYDEBUG rally_openstack.contexts.keystone.users [-] Creating 3 tenants using 20 threads
2019-06-20 19:30:36.212 1842 RALLYDEBUG rally_openstack.contexts.keystone.users [-] Creating 6 users using 20 threads
2019-06-20 19:30:39.022 1842 INFO rally.task.context [-] Task a8e0948b-f73f-4ef0-9730-b94fca06ac67 | Context users@openstack setup() finished in 4.64 sec
2019-06-20 19:30:39.440 1842 INFO rally.task.context [-] Task a8e0948b-f73f-4ef0-9730-b94fca06ac67 | Context api_versions@openstack setup() finished in 0.42 sec
2019-06-20 19:30:39.441 1842 INFO rally.task.context [-] Task a8e0948b-f73f-4ef0-9730-b94fca06ac67 | Context admin_cleanup@openstack setup() finished in 0.01 msec
2019-06-20 19:30:39.448 1842 RALLYDEBUG rally.task.runner [-] Starting the constant runner (task UUID: a8e0948b-f73f-4ef0-9730-b94fca06ac67). timeout: 0 concurrency: 4 concurrency_per_worker: 1 times: 10 concurrency_overhead: 0 processes_to_start: 4 max_cpu_used: 16
2019-06-20 19:30:39.459 5294 RALLYDEBUG rally.task.runner [-] Starting a worker. concurrency: 1 args: {"consumer": "both", "write_iops_sec": "10", "read_iops_sec": "1000"} times: 10 method_name: run timeout: 0 duration: None cls:
2019-06-20 19:30:39.463 5295 RALLYDEBUG rally.task.runner [-] Starting a worker. concurrency: 1 args: {"consumer": "both", "write_iops_sec": "10", "read_iops_sec": "1000"} times: 10 method_name: run timeout: 0 duration: None cls:
2019-06-20 19:30:39.465 5294 INFO rally.task.runner [-] Task a8e0948b-f73f-4ef0-9730-b94fca06ac67 | ITER: 1 START
2019-06-20 19:30:39.465 5296 RALLYDEBUG rally.task.runner [-] Starting a worker. concurrency: 1 args: {"consumer": "both", "write_iops_sec": "10", "read_iops_sec": "1000"} times: 10 method_name: run timeout: 0 duration: None cls:
2019-06-20 19:30:39.467 5297 RALLYDEBUG rally.task.runner [-] Starting a worker. concurrency: 1 args: {"consumer": "both", "write_iops_sec": "10", "read_iops_sec": "1000"} times: 10 method_name: run timeout: 0 duration: None cls:
2019-06-20 19:30:39.470 5295 INFO rally.task.runner [-] Task a8e0948b-f73f-4ef0-9730-b94fca06ac67 | ITER: 2 START
2019-06-20 19:30:39.472 5297 INFO rally.task.runner [-] Task a8e0948b-f73f-4ef0-9730-b94fca06ac67 | ITER: 4 START
2019-06-20 19:30:39.474 5296 INFO rally.task.runner [-] Task a8e0948b-f73f-4ef0-9730-b94fca06ac67 | ITER: 3 START
2019-06-20 19:30:40.521 5294 INFO rally.task.runner [-] Task a8e0948b-f73f-4ef0-9730-b94fca06ac67 | ITER: 1 END: OK
2019-06-20 19:30:40.526 5294 INFO rally.task.runner [-] Task a8e0948b-f73f-4ef0-9730-b94fca06ac67 | ITER: 5 START
2019-06-20 19:30:40.565 5295 INFO rally.task.runner [-] Task a8e0948b-f73f-4ef0-9730-b94fca06ac67 | ITER: 2 END: OK
2019-06-20 19:30:40.569 5295 INFO rally.task.runner [-] Task a8e0948b-f73f-4ef0-9730-b94fca06ac67 | ITER: 6 START
2019-06-20 19:30:40.572 5296 INFO rally.task.runner [-] Task a8e0948b-f73f-4ef0-9730-b94fca06ac67 | ITER: 3 END: OK
2019-06-20 19:30:40.577 5296 INFO rally.task.runner [-] Task a8e0948b-f73f-4ef0-9730-b94fca06ac67 | ITER: 7 START
2019-06-20 19:30:40.607 5297 INFO rally.task.runner [-] Task a8e0948b-f73f-4ef0-9730-b94fca06ac67 | ITER: 4 END: OK
2019-06-20 19:30:40.611 5297 INFO rally.task.runner [-] Task a8e0948b-f73f-4ef0-9730-b94fca06ac67 | ITER: 8 START
2019-06-20 19:30:41.587 5294 INFO rally.task.runner [-] Task a8e0948b-f73f-4ef0-9730-b94fca06ac67 | ITER: 5 END: OK
2019-06-20 19:30:41.590 5294 INFO rally.task.runner [-] Task a8e0948b-f73f-4ef0-9730-b94fca06ac67 | ITER: 9 START
2019-06-20 19:30:41.607 5296 INFO rally.task.runner [-] Task a8e0948b-f73f-4ef0-9730-b94fca06ac67 | ITER: 7 END: OK
2019-06-20 19:30:41.612 5296 INFO rally.task.runner [-] Task a8e0948b-f73f-4ef0-9730-b94fca06ac67 | ITER: 10 START
2019-06-20 19:30:41.624 5295 INFO rally.task.runner [-] Task a8e0948b-f73f-4ef0-9730-b94fca06ac67 | ITER: 6 END: OK
2019-06-20 19:30:41.697 5297 INFO rally.task.runner [-] Task a8e0948b-f73f-4ef0-9730-b94fca06ac67 | ITER: 8 END: OK
2019-06-20 19:30:42.554 5294 INFO rally.task.runner [-] Task a8e0948b-f73f-4ef0-9730-b94fca06ac67 | ITER: 9 END: OK
2019-06-20 19:30:42.660 5296 INFO rally.task.runner [-] Task a8e0948b-f73f-4ef0-9730-b94fca06ac67 | ITER: 10 END: OK
2019-06-20 19:30:42.689 1842 INFO rally.task.context [-] Task a8e0948b-f73f-4ef0-9730-b94fca06ac67 | Context admin_cleanup@openstack cleanup() started
2019-06-20 19:30:42.691 1842 RALLYDEBUG rally_openstack.cleanup.manager [-] Cleaning up cinder volume_types objects
2019-06-20 19:30:43.399 1842 RALLYDEBUG rally_openstack.cleanup.manager [-] Cleaning up cinder image_volumes_cache objects
2019-06-20 19:30:44.717 1842 RALLYDEBUG rally_openstack.cleanup.manager [-] Cleaning up cinder quotas objects
2019-06-20 19:30:46.492 1842 RALLYDEBUG rally_openstack.cleanup.manager [-] Cleaning up cinder qos_specs objects
2019-06-20 19:30:47.174 1842 RALLYDEBUG rally_openstack.cleanup.manager [-] Deleting cinder.qos_specs object s_rally_f5260610_gJPX5T8z (f8038097-352d-40a6-8524-c09dc80a432d)
2019-06-20 19:30:47.179 1842 RALLYDEBUG rally_openstack.cleanup.manager [-] Deleting cinder.qos_specs object s_rally_f5260610_DROj58PX (00ac76d6-bad5-4f7c-a91d-8642831d54d4)
2019-06-20 19:30:47.185 1842 RALLYDEBUG rally_openstack.cleanup.manager [-] Deleting cinder.qos_specs object s_rally_f5260610_ZeaRIT19 (b0ca89ab-c8a4-4d52-9f2e-fc751ad6267c)
2019-06-20 19:30:47.196 1842 RALLYDEBUG rally_openstack.cleanup.manager [-] Deleting cinder.qos_specs object s_rally_f5260610_mgfHiqJU (84b7c81e-1f62-43be-811c-27807c09dc23)
2019-06-20 19:30:47.207 1842 RALLYDEBUG rally_openstack.cleanup.manager [-] Deleting cinder.qos_specs object s_rally_f5260610_TWr1vRuF (768c88aa-9722-4c29-b080-825b68154347)
2019-06-20 19:30:47.211 1842 RALLYDEBUG rally_openstack.cleanup.manager [-] Deleting cinder.qos_specs object s_rally_f5260610_mA0Ir2tz (845cd23b-a72a-4088-9973-29506f0433d6)
2019-06-20 19:30:47.215 1842 RALLYDEBUG rally_openstack.cleanup.manager [-] Deleting cinder.qos_specs object s_rally_f5260610_49WzFbUk (ee917faf-a03b-4ec0-8c3d-e5dcc0c219aa)
2019-06-20 19:30:47.235 1842 RALLYDEBUG rally_openstack.cleanup.manager [-] Deleting cinder.qos_specs object s_rally_f5260610_9uSPQQRE (a432ddd4-7de7-4cd9-ab30-cd192f146e29)
2019-06-20 19:30:47.242 1842 RALLYDEBUG rally_openstack.cleanup.manager [-] Deleting cinder.qos_specs object s_rally_f5260610_DC2N7ika (88df1584-619a-42d8-b14c-ca3f901f5323)
2019-06-20 19:30:47.244 1842 RALLYDEBUG rally_openstack.cleanup.manager [-] Deleting cinder.qos_specs object s_rally_f5260610_ciUjktiP (0843ef26-c71e-40c8-96fe-7b7d0c57b627)
2019-06-20 19:30:49.741 1842 INFO rally.task.context [-] Task a8e0948b-f73f-4ef0-9730-b94fca06ac67 | Context admin_cleanup@openstack cleanup() finished in 7.05 sec
2019-06-20 19:30:49.741 1842 INFO rally.task.context [-] Task a8e0948b-f73f-4ef0-9730-b94fca06ac67 | Context api_versions@openstack cleanup() started
2019-06-20 19:30:49.742 1842 INFO rally.task.context [-] Task a8e0948b-f73f-4ef0-9730-b94fca06ac67 | Context api_versions@openstack cleanup() finished in 0.32 msec
2019-06-20 19:30:49.742 1842 INFO rally.task.context [-] Task a8e0948b-f73f-4ef0-9730-b94fca06ac67 | Context users@openstack cleanup() started
2019-06-20 19:30:58.185 1842 INFO rally.task.context [-] Task a8e0948b-f73f-4ef0-9730-b94fca06ac67 | Context users@openstack cleanup() finished in 8.44 sec
2019-06-20 19:30:58.490 1842 INFO rally.task.engine [-] Load duration is: 3.193062
2019-06-20 19:30:58.490 1842 INFO rally.task.engine [-] Full runner duration is: 3.241487
2019-06-20 19:30:58.490 1842 INFO rally.task.engine [-] Full duration is: 23.803512
2019-06-20 19:30:58.781 1842 INFO rally.task.engine [-] Running workload: position = 0 config = { "version": 2, "title": "A cropped version of a bigger task.", "description": "Auto-generated task from a single workload (uuid=1b16a707-a699-445e-af2f-5e17b1a12115)", "subtasks": [ { "title": "CinderQos.create_and_set_qos", "description": "Create a qos, then Add/Update keys in qos specs.", "scenario": { "CinderQos.create_and_set_qos": { "consumer": "back-end", "write_iops_sec": "10", "read_iops_sec": "1000", "set_consumer": "both", "set_write_iops_sec": "11", "set_read_iops_sec": "1001" } }, "contexts": { "users": { "tenants": 3, "users_per_tenant": 2 }, "api_versions": { "cinder": { "version": 3, "service_type": "volumev3" } } }, "runner": { "constant": { "concurrency": 4, "times": 10 } }, "hooks": [], "sla": { "failure_rate": { "max": 0 } } } ] }
2019-06-20 19:30:58.805 1842 RALLYDEBUG rally_openstack.contexts.keystone.users [-] Creating 3 tenants using 20 threads
2019-06-20 19:31:00.685 1842 RALLYDEBUG rally_openstack.contexts.keystone.users [-] Creating 6 users using 20 threads
2019-06-20 19:31:03.450 1842 INFO rally.task.context [-] Task a8e0948b-f73f-4ef0-9730-b94fca06ac67 | Context users@openstack setup() finished in 4.65 sec
2019-06-20 19:31:03.885 1842 INFO rally.task.context [-] Task a8e0948b-f73f-4ef0-9730-b94fca06ac67 | Context api_versions@openstack setup() finished in 0.43 sec
2019-06-20 19:31:03.886 1842 INFO rally.task.context [-] Task a8e0948b-f73f-4ef0-9730-b94fca06ac67 | Context admin_cleanup@openstack setup() finished in 0.00 msec
2019-06-20 19:31:03.892 1842 RALLYDEBUG rally.task.runner [-] Starting the constant runner (task UUID: a8e0948b-f73f-4ef0-9730-b94fca06ac67). timeout: 0 concurrency: 4 concurrency_per_worker: 1 times: 10 concurrency_overhead: 0 processes_to_start: 4 max_cpu_used: 16
