2019-06-20 09:46:16.160 26953 INFO rally.task.runner [-] Task cf8ea206-5d68-4107-bf35-6319b3e70117 | ITER: 24 END: OK
2019-06-20 09:46:16.163 26953 INFO rally.task.runner [-] Task cf8ea206-5d68-4107-bf35-6319b3e70117 | ITER: 39 START
2019-06-20 09:46:16.163 26953 WARNING rally_openstack.scenarios.neutron.utils [-] Running this scenario without either the 'network' or 'existing_network' context is deprecated
2019-06-20 09:46:19.032 26951 INFO rally.task.runner [-] Task cf8ea206-5d68-4107-bf35-6319b3e70117 | ITER: 29 END: OK
2019-06-20 09:46:19.040 26951 INFO rally.task.runner [-] Task cf8ea206-5d68-4107-bf35-6319b3e70117 | ITER: 40 START
2019-06-20 09:46:19.041 26951 WARNING rally_openstack.scenarios.neutron.utils [-] Running this scenario without either the 'network' or 'existing_network' context is deprecated
2019-06-20 09:46:19.235 26972 INFO rally.task.runner [-] Task cf8ea206-5d68-4107-bf35-6319b3e70117 | ITER: 31 END: OK
2019-06-20 09:46:19.671 26952 INFO rally.task.runner [-] Task cf8ea206-5d68-4107-bf35-6319b3e70117 | ITER: 27 END: OK
2019-06-20 09:46:21.736 26951 INFO rally.task.runner [-] Task cf8ea206-5d68-4107-bf35-6319b3e70117 | ITER: 30 END: OK
2019-06-20 09:46:23.026 26952 INFO rally.task.runner [-] Task cf8ea206-5d68-4107-bf35-6319b3e70117 | ITER: 33 END: OK
2019-06-20 09:46:24.656 26953 INFO rally.task.runner [-] Task cf8ea206-5d68-4107-bf35-6319b3e70117 | ITER: 39 END: OK
2019-06-20 09:46:24.697 26989 INFO rally.task.runner [-] Task cf8ea206-5d68-4107-bf35-6319b3e70117 | ITER: 38 END: OK
2019-06-20 09:46:25.642 26998 INFO rally.task.runner [-] Task cf8ea206-5d68-4107-bf35-6319b3e70117 | ITER: 34 END: OK
2019-06-20 09:46:27.611 26960 INFO rally.task.runner [-] Task cf8ea206-5d68-4107-bf35-6319b3e70117 | ITER: 37 END: OK
2019-06-20 09:46:28.188 26979 INFO rally.task.runner [-] Task cf8ea206-5d68-4107-bf35-6319b3e70117 | ITER: 32 END: OK
2019-06-20 09:46:30.231 26951 INFO rally.task.runner [-] Task cf8ea206-5d68-4107-bf35-6319b3e70117 | ITER: 40 END: OK
2019-06-20 09:46:33.377 26954 INFO rally.task.runner [-] Task cf8ea206-5d68-4107-bf35-6319b3e70117 | ITER: 35 END: OK
2019-06-20 09:46:33.379 26957 INFO rally.task.runner [-] Task cf8ea206-5d68-4107-bf35-6319b3e70117 | ITER: 36 END: OK
2019-06-20 09:46:42.361 26953 INFO rally.task.runner [-] Task cf8ea206-5d68-4107-bf35-6319b3e70117 | ITER: 5 END: OK
2019-06-20 09:46:42.401 26954 INFO rally.task.runner [-] Task cf8ea206-5d68-4107-bf35-6319b3e70117 | ITER: 9 END: OK
2019-06-20 09:46:42.567 26977 INFO rally.task.runner [-] Task cf8ea206-5d68-4107-bf35-6319b3e70117 | ITER: 13 END: OK
2019-06-20 09:46:42.604 26993 INFO rally.task.runner [-] Task cf8ea206-5d68-4107-bf35-6319b3e70117 | ITER: 19 END: OK
2019-06-20 09:46:42.614 26970 INFO rally.task.runner [-] Task cf8ea206-5d68-4107-bf35-6319b3e70117 | ITER: 11 END: OK
2019-06-20 09:46:42.623 26992 INFO rally.task.runner [-] Task cf8ea206-5d68-4107-bf35-6319b3e70117 | ITER: 18 END: OK
2019-06-20 09:46:42.766 26984 INFO rally.task.runner [-] Task cf8ea206-5d68-4107-bf35-6319b3e70117 | ITER: 16 END: OK
2019-06-20 09:46:42.890 26978 INFO rally.task.runner [-] Task cf8ea206-5d68-4107-bf35-6319b3e70117 | ITER: 14 END: OK
2019-06-20 09:46:42.918 22705 INFO rally.task.context [-] Task cf8ea206-5d68-4107-bf35-6319b3e70117 | Context cleanup@openstack cleanup() started
2019-06-20 09:46:42.921 22705 RALLYDEBUG rally_openstack.cleanup.manager [-] Cleaning up neutron vip objects
2019-06-20 09:46:43.638 22705 RALLYDEBUG rally_openstack.cleanup.manager [-] Cleaning up neutron health_monitor objects
2019-06-20 09:46:44.393 22705 RALLYDEBUG rally_openstack.cleanup.manager [-] Cleaning up neutron pool objects
2019-06-20 09:46:45.210 22705 RALLYDEBUG rally_openstack.cleanup.manager [-] Cleaning up neutron loadbalancer objects
2019-06-20 09:46:45.932 22705 RALLYDEBUG rally_openstack.cleanup.manager [-] Cleaning up neutron floatingip objects
2019-06-20 09:46:46.711 22705 RALLYDEBUG rally_openstack.cleanup.manager [-] Cleaning up neutron port objects
2019-06-20 09:46:47.401 22705 RALLYDEBUG rally_openstack.cleanup.manager [-] Cleaning up neutron subnet objects
2019-06-20 09:46:48.058 22705 RALLYDEBUG rally_openstack.cleanup.manager [-] Cleaning up neutron network objects
2019-06-20 09:46:48.913 22705 RALLYDEBUG rally_openstack.cleanup.manager [-] Deleting neutron.network object s_rally_399c1e7b_415eBbwB (0cf544e9-9e31-4434-8c8f-e2cfabe48d5d)
2019-06-20 09:46:48.915 22705 RALLYDEBUG rally_openstack.cleanup.manager [-] Deleting neutron.network object s_rally_399c1e7b_th10SWXQ (357b7e72-2604-4488-9457-28371b514a96)
2019-06-20 09:46:48.922 22705 RALLYDEBUG rally_openstack.cleanup.manager [-] Deleting neutron.network object s_rally_399c1e7b_qkz7c2no (0148e2e6-ce84-4cc9-9097-da76fceb8b83)
2019-06-20 09:46:48.926 22705 RALLYDEBUG rally_openstack.cleanup.manager [-] Deleting neutron.network object s_rally_399c1e7b_Ex6a7onH (157e1e2c-b919-4fc5-88d9-89d756e6cb00)
2019-06-20 09:46:48.928 22705 RALLYDEBUG rally_openstack.cleanup.manager [-] Deleting neutron.network object s_rally_399c1e7b_dbO9j9Ue (2a48565f-1fae-4055-a8ca-38d66eb5f174)
2019-06-20 09:46:48.931 22705 RALLYDEBUG rally_openstack.cleanup.manager [-] Deleting neutron.network object s_rally_399c1e7b_j1HPjQi3 (39c7158c-680f-4c3c-a4a0-4836cb18b52f)
2019-06-20 09:46:48.935 22705 RALLYDEBUG rally_openstack.cleanup.manager [-] Deleting neutron.network object s_rally_399c1e7b_WqbhQEUe (179fc21c-be17-4a34-933d-43b8abffa842)
2019-06-20 09:46:48.936 22705 RALLYDEBUG rally_openstack.cleanup.manager [-] Deleting neutron.network object s_rally_399c1e7b_tdzSf9Ib (08d4d926-d862-44d7-ae24-545e897c5a18)
2019-06-20 09:46:48.937 22705 RALLYDEBUG rally_openstack.cleanup.manager [-] Deleting neutron.network object s_rally_399c1e7b_iZq88Udv (38816d86-1325-43d8-ab65-a5f01b97e184)
2019-06-20 09:46:48.948 22705 RALLYDEBUG rally_openstack.cleanup.manager [-] Deleting neutron.network object s_rally_399c1e7b_B2eZsUme (33eaf504-0495-4f0b-94c8-bc7782f8adcc)
2019-06-20 09:46:48.950 22705 RALLYDEBUG rally_openstack.cleanup.manager [-] Deleting neutron.network object s_rally_399c1e7b_t7MmcxEP (340276d4-6a77-4852-80e4-fc380f69d1e5)
2019-06-20 09:46:48.951 22705 RALLYDEBUG rally_openstack.cleanup.manager [-] Deleting neutron.network object s_rally_399c1e7b_luYgDdo8 (44d14459-bb33-4aaf-a5c5-1970edee1ef7)
2019-06-20 09:46:48.959 22705 RALLYDEBUG rally_openstack.cleanup.manager [-] Deleting neutron.network object s_rally_399c1e7b_SlAyrQYh (3260f9d2-e48e-44f2-9d90-f58114bd2870)
2019-06-20 09:46:48.956 22705 RALLYDEBUG rally_openstack.cleanup.manager [-] Deleting neutron.network object s_rally_399c1e7b_warJVqC2 (46372084-d0f1-4589-a6b9-81736c03ab4a)
2019-06-20 09:46:48.961 22705 RALLYDEBUG rally_openstack.cleanup.manager [-] Deleting neutron.network object s_rally_399c1e7b_Ohn7iX54 (4f0c56de-abf6-4b3b-9219-20da300c7d84)
2019-06-20 09:46:48.963 22705 RALLYDEBUG rally_openstack.cleanup.manager [-] Deleting neutron.network object s_rally_399c1e7b_dYVXA7FU (2c37e168-c6d4-4f3f-bc59-1c947b50da5a)
2019-06-20 09:46:48.971 22705 RALLYDEBUG rally_openstack.cleanup.manager [-] Deleting neutron.network object s_rally_399c1e7b_ZNk8Mf09 (5702f915-6cfb-454f-9f32-fccf084058b7)
2019-06-20 09:46:48.971 22705 RALLYDEBUG rally_openstack.cleanup.manager [-] Deleting neutron.network object s_rally_399c1e7b_NA3S9jkH (4f766762-69d7-4adf-a215-19f57f998f63)
2019-06-20 09:46:49.015 22705 RALLYDEBUG rally_openstack.cleanup.manager [-] Deleting neutron.network object s_rally_399c1e7b_Dze142LW (57d0a306-e3c2-4923-a877-6c674244b4e1)
2019-06-20 09:46:49.032 22705 RALLYDEBUG rally_openstack.cleanup.manager [-] Deleting neutron.network object s_rally_399c1e7b_hCgrwXjW (5a323a34-38cf-4a9c-8753-6bc026c74c1c)
2019-06-20 09:46:51.519 22705 RALLYDEBUG rally_openstack.cleanup.manager [-] Deleting neutron.network object s_rally_399c1e7b_J0AdNIQB (5db155de-1ca3-479f-b86f-37774d59cb97)
2019-06-20 09:46:51.579 22705 RALLYDEBUG rally_openstack.cleanup.manager [-] Deleting neutron.network object s_rally_399c1e7b_aGfmL9Gl (60b29daa-b0d0-4a9c-919b-204eedff6257)
2019-06-20 09:46:51.944 22705 RALLYDEBUG rally_openstack.cleanup.manager [-] Deleting neutron.network object s_rally_399c1e7b_EWfCfaSw (670f4492-c8dd-4ae6-8980-09a0cbbbb9e0)
2019-06-20 09:46:52.061 22705 RALLYDEBUG rally_openstack.cleanup.manager [-] Deleting neutron.network object s_rally_399c1e7b_JFYrwBXD (713b358a-0cd8-4d3d-ad10-f7419de7b6f9)
2019-06-20 09:46:52.414 22705 RALLYDEBUG rally_openstack.cleanup.manager [-] Deleting neutron.network object s_rally_399c1e7b_AQunjBDA (7b1e5ca0-ad2c-4d58-a6f9-cdf1179d020e)
2019-06-20 09:46:53.268 22705 RALLYDEBUG rally_openstack.cleanup.manager [-] Deleting neutron.network object s_rally_399c1e7b_oN7E31Nq (7c3b114a-5234-46ef-92c6-682a2b9964bc)
2019-06-20 09:46:53.414 22705 RALLYDEBUG rally_openstack.cleanup.manager [-] Deleting neutron.network object s_rally_399c1e7b_SBl45n1V (942746d6-cc97-463a-a276-663cee803458)
2019-06-20 09:46:54.060 22705 RALLYDEBUG rally_openstack.cleanup.manager [-] Deleting neutron.network object s_rally_399c1e7b_BuoOnEXT (a230975e-5403-46ca-ab8e-f18e89b3b347)
2019-06-20 09:46:54.220 22705 RALLYDEBUG rally_openstack.cleanup.manager [-] Deleting neutron.network object s_rally_399c1e7b_147sVG0O (a73c2ace-51ce-480f-9143-4b646368bf02)
2019-06-20 09:46:54.246 22705 RALLYDEBUG rally_openstack.cleanup.manager [-] Deleting neutron.network object s_rally_399c1e7b_bj7vG1Ca (a8ffa4a5-c739-461f-a23b-d4de799dd1d6)
2019-06-20 09:46:54.419 22705 RALLYDEBUG rally_openstack.cleanup.manager [-] Deleting neutron.network object s_rally_399c1e7b_WYJVng8E (af54a4b1-856f-46b6-9247-18fefe1dbcc7)
2019-06-20 09:46:54.469 22705 RALLYDEBUG rally_openstack.cleanup.manager [-] Deleting neutron.network object s_rally_399c1e7b_ivBqdNdP (b8fe656f-430f-49b4-b5e9-05f41d14109c)
2019-06-20 09:46:54.864 22705 RALLYDEBUG rally_openstack.cleanup.manager [-] Deleting neutron.network object s_rally_399c1e7b_vSr9JtJB (d7d4629c-c6de-4e58-8731-cfe6363e1e0b)
2019-06-20 09:46:54.977 22705 RALLYDEBUG rally_openstack.cleanup.manager [-] Deleting neutron.network object s_rally_399c1e7b_UXxTX2f6 (d88b3e60-99ff-40df-9c88-fa93fb5ee3be)
2019-06-20 09:46:55.512 22705 RALLYDEBUG rally_openstack.cleanup.manager [-] Deleting neutron.network object s_rally_399c1e7b_Tn98ljbr (d9569f92-5ae5-4b9e-b2f0-6f558fb4a6fd)
2019-06-20 09:46:55.522 22705 RALLYDEBUG rally_openstack.cleanup.manager [-] Deleting neutron.network object s_rally_399c1e7b_F2cBjRRG (e019259a-7a2d-4102-8ad5-8235c4869815)
2019-06-20 09:46:55.574 22705 RALLYDEBUG rally_openstack.cleanup.manager [-] Deleting neutron.network object s_rally_399c1e7b_MganSm1J (f4a0c964-e58d-4040-a713-0fa190416bb3)
2019-06-20 09:46:56.430 22705 RALLYDEBUG rally_openstack.cleanup.manager [-] Deleting neutron.network object s_rally_399c1e7b_LHlATF1J (f79233f2-27ef-471b-97e4-f666f067ba5a)
2019-06-20 09:46:56.437 22705 RALLYDEBUG rally_openstack.cleanup.manager [-] Deleting neutron.network object s_rally_399c1e7b_CzFfUA12 (f811774c-8984-4eea-81c3-0c9e25609469)
2019-06-20 09:46:56.643 22705 RALLYDEBUG rally_openstack.cleanup.manager [-] Deleting neutron.network object s_rally_399c1e7b_qNGorwmz (fd1feab8-3e08-45db-9166-9ecf679b9056)
2019-06-20 09:46:59.225 22705 RALLYDEBUG rally_openstack.cleanup.manager [-] Cleaning up neutron router objects
2019-06-20 09:46:59.929 22705 RALLYDEBUG rally_openstack.cleanup.manager [-] Cleaning up neutron security_group objects
2019-06-20 09:47:00.581 22705 INFO rally.task.context [-] Task cf8ea206-5d68-4107-bf35-6319b3e70117 | Context cleanup@openstack cleanup() finished in 17.66 sec
2019-06-20 09:47:00.582 22705 INFO rally.task.context [-] Task cf8ea206-5d68-4107-bf35-6319b3e70117 | Context quotas@openstack cleanup() started
2019-06-20 09:47:00.892 22705 INFO rally.task.context [-] Task cf8ea206-5d68-4107-bf35-6319b3e70117 | Context quotas@openstack cleanup() finished in 0.31 sec
2019-06-20 09:47:00.893 22705 INFO rally.task.context [-] Task cf8ea206-5d68-4107-bf35-6319b3e70117 | Context users@openstack cleanup() started
2019-06-20 09:47:05.168 22705 INFO rally.task.context [-] Task cf8ea206-5d68-4107-bf35-6319b3e70117 | Context users@openstack cleanup() finished in 4.28 sec
2019-06-20 09:47:05.854 22705 INFO rally.task.engine [-] Load duration is: 56.061418
2019-06-20 09:47:05.854 22705 INFO rally.task.engine [-] Full runner duration is: 56.111443
2019-06-20 09:47:05.855 22705 INFO rally.task.engine [-] Full duration is: 83.626751
2019-06-20 09:47:06.133 22705 INFO rally.task.engine [-] Running workload: position = 0 config = { "version": 2, "title": "A cropped version of a bigger task.", "description": "Auto-generated task from a single workload (uuid=745ca0a9-51bd-49c6-9a9d-7e6569c5d0cf)", "subtasks": [ { "title": "Quotas.neutron_update", "description": "Update quotas for neutron.", "scenario": { "Quotas.neutron_update": { "max_quota": 1024 } }, "contexts": { "users": { "tenants": 20, "users_per_tenant": 1 } }, "runner": { "constant": { "times": 40, "concurrency": 20 } }, "hooks": [], "sla": { "failure_rate": { "max": 0 } } } ] }
2019-06-20 09:47:06.155 22705 RALLYDEBUG rally_openstack.contexts.keystone.users [-] Creating 20 tenants using 20 threads
2019-06-20 09:47:11.454 22705 RALLYDEBUG rally_openstack.contexts.keystone.users [-] Creating 20 users using 20 threads
2019-06-20 09:47:17.043 22705 INFO rally.task.context [-] Task cf8ea206-5d68-4107-bf35-6319b3e70117 | Context users@openstack setup() finished in 10.89 sec
2019-06-20 09:47:17.044 22705 INFO rally.task.context [-] Task cf8ea206-5d68-4107-bf35-6319b3e70117 | Context admin_cleanup@openstack setup() finished in 0.01 msec
2019-06-20 09:47:17.051 22705 RALLYDEBUG rally.task.runner [-] Starting the constant runner (task UUID: cf8ea206-5d68-4107-bf35-6319b3e70117). timeout: 0 concurrency: 20 concurrency_per_worker: 1 times: 40 concurrency_overhead: 4 processes_to_start: 16 max_cpu_used: 16
2019-06-20 09:47:17.064 27321 RALLYDEBUG rally.task.runner [-] Starting a worker. concurrency: 2 args: {"max_quota": 1024} times: 40 method_name: run timeout: 0 duration: None cls:
2019-06-20 09:47:17.068 27323 RALLYDEBUG rally.task.runner [-] Starting a worker. concurrency: 2 args: {"max_quota": 1024} times: 40 method_name: run timeout: 0 duration: None cls:
2019-06-20 09:47:17.068 27322 RALLYDEBUG rally.task.runner [-] Starting a worker. concurrency: 2 args: {"max_quota": 1024} times: 40 method_name: run timeout: 0 duration: None cls:
2019-06-20 09:47:17.073 27324 RALLYDEBUG rally.task.runner [-] Starting a worker. concurrency: 2 args: {"max_quota": 1024} times: 40 method_name: run timeout: 0 duration: None cls:
2019-06-20 09:47:17.076 27321 INFO rally.task.runner [-] Task cf8ea206-5d68-4107-bf35-6319b3e70117 | ITER: 1 START
2019-06-20 09:47:17.077 27325 RALLYDEBUG rally.task.runner [-] Starting a worker. concurrency: 1 args: {"max_quota": 1024} times: 40 method_name: run timeout: 0 duration: None cls:
2019-06-20 09:47:17.078 27323 INFO rally.task.runner [-] Task cf8ea206-5d68-4107-bf35-6319b3e70117 | ITER: 2 START
2019-06-20 09:47:17.079 27322 INFO rally.task.runner [-] Task cf8ea206-5d68-4107-bf35-6319b3e70117 | ITER: 3 START
2019-06-20 09:47:17.078 27323 INFO rally.task.runner [-] Task cf8ea206-5d68-4107-bf35-6319b3e70117 | ITER: 5 START
2019-06-20 09:47:17.083 27324 INFO rally.task.runner [-] Task cf8ea206-5d68-4107-bf35-6319b3e70117 | ITER: 6 START
2019-06-20 09:47:17.085 27329 RALLYDEBUG rally.task.runner [-] Starting a worker. concurrency: 1 args: {"max_quota": 1024} times: 40 method_name: run timeout: 0 duration: None cls:
2019-06-20 09:47:17.086 27325 INFO rally.task.runner [-] Task cf8ea206-5d68-4107-bf35-6319b3e70117 | ITER: 8 START
2019-06-20 09:47:17.086 27321 INFO rally.task.runner [-] Task cf8ea206-5d68-4107-bf35-6319b3e70117 | ITER: 4 START
2019-06-20 09:47:17.090 27335 RALLYDEBUG rally.task.runner [-] Starting a worker. concurrency: 1 args: {"max_quota": 1024} times: 40 method_name: run timeout: 0 duration: None cls:
2019-06-20 09:47:17.096 27340 RALLYDEBUG rally.task.runner [-] Starting a worker. concurrency: 1 args: {"max_quota": 1024} times: 40 method_name: run timeout: 0 duration: None cls:
2019-06-20 09:47:17.099 27324 INFO rally.task.runner [-] Task cf8ea206-5d68-4107-bf35-6319b3e70117 | ITER: 9 START
2019-06-20 09:47:17.099 27341 RALLYDEBUG rally.task.runner [-] Starting a worker. concurrency: 1 args: {"max_quota": 1024} times: 40 method_name: run timeout: 0 duration: None cls:
2019-06-20 09:47:17.100 27335 INFO rally.task.runner [-] Task cf8ea206-5d68-4107-bf35-6319b3e70117 | ITER: 11 START
2019-06-20 09:47:17.100 27342 RALLYDEBUG rally.task.runner [-] Starting a worker. concurrency: 1 args: {"max_quota": 1024} times: 40 method_name: run timeout: 0 duration: None cls:
2019-06-20 09:47:17.101 27329 INFO rally.task.runner [-] Task cf8ea206-5d68-4107-bf35-6319b3e70117 | ITER: 10 START
2019-06-20 09:47:17.105 27340 INFO rally.task.runner [-] Task cf8ea206-5d68-4107-bf35-6319b3e70117 | ITER: 12 START
2019-06-20 09:47:17.107 27342 INFO rally.task.runner [-] Task cf8ea206-5d68-4107-bf35-6319b3e70117 | ITER: 14 START
2019-06-20 09:47:17.107 27349 RALLYDEBUG rally.task.runner [-] Starting a worker. concurrency: 1 args: {"max_quota": 1024} times: 40 method_name: run timeout: 0 duration: None cls:
2019-06-20 09:47:17.111 27341 INFO rally.task.runner [-] Task cf8ea206-5d68-4107-bf35-6319b3e70117 | ITER: 13 START
2019-06-20 09:47:17.111 27322 INFO rally.task.runner [-] Task cf8ea206-5d68-4107-bf35-6319b3e70117 | ITER: 7 START
2019-06-20 09:47:17.115 27352 RALLYDEBUG rally.task.runner [-] Starting a worker. concurrency: 1 args: {"max_quota": 1024} times: 40 method_name: run timeout: 0 duration: None cls:
2019-06-20 09:47:17.118 27349 INFO rally.task.runner [-] Task cf8ea206-5d68-4107-bf35-6319b3e70117 | ITER: 15 START
2019-06-20 09:47:17.122 27357 RALLYDEBUG rally.task.runner [-] Starting a worker. concurrency: 1 args: {"max_quota": 1024} times: 40 method_name: run timeout: 0 duration: None cls:
2019-06-20 09:47:17.124 27352 INFO rally.task.runner [-] Task cf8ea206-5d68-4107-bf35-6319b3e70117 | ITER: 16 START
2019-06-20 09:47:17.125 27360 RALLYDEBUG rally.task.runner [-] Starting a worker. concurrency: 1 args: {"max_quota": 1024} times: 40 method_name: run timeout: 0 duration: None cls:
2019-06-20 09:47:17.129 27360 INFO rally.task.runner [-] Task cf8ea206-5d68-4107-bf35-6319b3e70117 | ITER: 18 START
2019-06-20 09:47:17.130 27357 INFO rally.task.runner [-] Task cf8ea206-5d68-4107-bf35-6319b3e70117 | ITER: 17 START
2019-06-20 09:47:17.134 27363 RALLYDEBUG rally.task.runner [-] Starting a worker. concurrency: 1 args: {"max_quota": 1024} times: 40 method_name: run timeout: 0 duration: None cls:
2019-06-20 09:47:17.139 27368 RALLYDEBUG rally.task.runner [-] Starting a worker. concurrency: 1 args: {"max_quota": 1024} times: 40 method_name: run timeout: 0 duration: None cls:
2019-06-20 09:47:17.140 27363 INFO rally.task.runner [-] Task cf8ea206-5d68-4107-bf35-6319b3e70117 | ITER: 19 START
2019-06-20 09:47:17.145 27368 INFO rally.task.runner [-] Task cf8ea206-5d68-4107-bf35-6319b3e70117 | ITER: 20 START
2019-06-20 09:47:18.610 27321 INFO rally.task.runner [-] Task cf8ea206-5d68-4107-bf35-6319b3e70117 | ITER: 1 END: OK
2019-06-20 09:47:18.615 27321 INFO rally.task.runner [-] Task cf8ea206-5d68-4107-bf35-6319b3e70117 | ITER: 21 START
2019-06-20 09:47:18.633 27323 INFO rally.task.runner [-] Task cf8ea206-5d68-4107-bf35-6319b3e70117 | ITER: 5 END: OK
2019-06-20 09:47:18.639 27341 INFO rally.task.runner [-] Task cf8ea206-5d68-4107-bf35-6319b3e70117 | ITER: 13 END: OK
2019-06-20 09:47:18.640 27323 INFO rally.task.runner [-] Task cf8ea206-5d68-4107-bf35-6319b3e70117 | ITER: 22 START
2019-06-20 09:47:18.646 27341 INFO rally.task.runner [-] Task cf8ea206-5d68-4107-bf35-6319b3e70117 | ITER: 23 START
2019-06-20 09:47:18.658 27321 INFO rally.task.runner [-] Task cf8ea206-5d68-4107-bf35-6319b3e70117 | ITER: 4 END: OK
2019-06-20 09:47:18.664 27321 INFO rally.task.runner [-] Task cf8ea206-5d68-4107-bf35-6319b3e70117 | ITER: 24 START
2019-06-20 09:47:18.732 27340 INFO rally.task.runner [-] Task cf8ea206-5d68-4107-bf35-6319b3e70117 | ITER: 12 END: OK
2019-06-20 09:47:18.735 27335 INFO rally.task.runner [-] Task cf8ea206-5d68-4107-bf35-6319b3e70117 | ITER: 11 END: OK
2019-06-20 09:47:18.738 27340 INFO rally.task.runner [-] Task cf8ea206-5d68-4107-bf35-6319b3e70117 | ITER: 25 START
2019-06-20 09:47:18.740 27335 INFO rally.task.runner [-] Task cf8ea206-5d68-4107-bf35-6319b3e70117 | ITER: 26 START
2019-06-20 09:47:18.797 27342 INFO rally.task.runner [-] Task cf8ea206-5d68-4107-bf35-6319b3e70117 | ITER: 14 END: OK
2019-06-20 09:47:18.804 27342 INFO rally.task.runner [-] Task cf8ea206-5d68-4107-bf35-6319b3e70117 | ITER: 27 START
2019-06-20 09:47:18.809 27325 INFO rally.task.runner [-] Task cf8ea206-5d68-4107-bf35-6319b3e70117 | ITER: 8 END: OK
2019-06-20 09:47:18.815 27325 INFO rally.task.runner [-] Task cf8ea206-5d68-4107-bf35-6319b3e70117 | ITER: 28 START
2019-06-20 09:47:18.855 27329 INFO rally.task.runner [-] Task cf8ea206-5d68-4107-bf35-6319b3e70117 | ITER: 10 END: OK
2019-06-20 09:47:18.862 27329 INFO rally.task.runner [-] Task cf8ea206-5d68-4107-bf35-6319b3e70117 | ITER: 29 START
2019-06-20 09:47:18.882 27323 INFO rally.task.runner [-] Task cf8ea206-5d68-4107-bf35-6319b3e70117 | ITER: 2 END: OK
2019-06-20 09:47:18.885 27322 INFO rally.task.runner [-] Task cf8ea206-5d68-4107-bf35-6319b3e70117 | ITER: 3 END: OK
2019-06-20 09:47:18.887 27323 INFO rally.task.runner [-] Task cf8ea206-5d68-4107-bf35-6319b3e70117 | ITER: 30 START
2019-06-20 09:47:18.892 27322 INFO rally.task.runner [-] Task cf8ea206-5d68-4107-bf35-6319b3e70117 | ITER: 31 START
2019-06-20 09:47:18.912 27324 INFO rally.task.runner [-] Task cf8ea206-5d68-4107-bf35-6319b3e70117 | ITER: 6 END: OK
2019-06-20 09:47:18.918 27324 INFO rally.task.runner [-] Task cf8ea206-5d68-4107-bf35-6319b3e70117 | ITER: 32 START
2019-06-20 09:47:18.928 27363 INFO rally.task.runner [-] Task cf8ea206-5d68-4107-bf35-6319b3e70117 | ITER: 19 END: OK
2019-06-20 09:47:18.934 27363 INFO rally.task.runner [-] Task cf8ea206-5d68-4107-bf35-6319b3e70117 | ITER: 33 START
2019-06-20 09:47:18.952 27352 INFO rally.task.runner [-] Task cf8ea206-5d68-4107-bf35-6319b3e70117 | ITER: 16 END: OK
2019-06-20 09:47:18.957 27360 INFO rally.task.runner [-] Task cf8ea206-5d68-4107-bf35-6319b3e70117 | ITER: 18 END: OK
2019-06-20 09:47:18.958 27352 INFO rally.task.runner [-] Task cf8ea206-5d68-4107-bf35-6319b3e70117 | ITER: 34 START
2019-06-20 09:47:18.963 27360 INFO rally.task.runner [-] Task cf8ea206-5d68-4107-bf35-6319b3e70117 | ITER: 35 START
2019-06-20 09:47:18.996 27349 INFO rally.task.runner [-] Task cf8ea206-5d68-4107-bf35-6319b3e70117 | ITER: 15 END: OK
2019-06-20 09:47:19.002 27349 INFO rally.task.runner [-] Task cf8ea206-5d68-4107-bf35-6319b3e70117 | ITER: 36 START
2019-06-20 09:47:19.032 27368 INFO rally.task.runner [-] Task cf8ea206-5d68-4107-bf35-6319b3e70117 | ITER: 20 END: OK
2019-06-20 09:47:19.038 27368 INFO rally.task.runner [-] Task cf8ea206-5d68-4107-bf35-6319b3e70117 | ITER: 37 START
2019-06-20 09:47:19.059 27324 INFO rally.task.runner [-] Task cf8ea206-5d68-4107-bf35-6319b3e70117 | ITER: 9 END: OK
2019-06-20 09:47:19.066 27324 INFO rally.task.runner [-] Task cf8ea206-5d68-4107-bf35-6319b3e70117 | ITER: 38 START
2019-06-20 09:47:19.074 27357 INFO rally.task.runner [-] Task cf8ea206-5d68-4107-bf35-6319b3e70117 | ITER: 17 END: OK
2019-06-20 09:47:19.080 27357 INFO rally.task.runner [-] Task cf8ea206-5d68-4107-bf35-6319b3e70117 | ITER: 39 START
2019-06-20 09:47:19.080 27322 INFO rally.task.runner [-] Task cf8ea206-5d68-4107-bf35-6319b3e70117 | ITER: 7 END: OK
2019-06-20 09:47:19.085 27322 INFO rally.task.runner [-] Task cf8ea206-5d68-4107-bf35-6319b3e70117 | ITER: 40 START
2019-06-20 09:47:19.927 27321 INFO rally.task.runner [-] Task cf8ea206-5d68-4107-bf35-6319b3e70117 | ITER: 21 END: OK
2019-06-20 09:47:20.018 27323 INFO rally.task.runner [-] Task cf8ea206-5d68-4107-bf35-6319b3e70117 | ITER: 22 END: OK
2019-06-20 09:47:20.024 27341 INFO rally.task.runner [-] Task cf8ea206-5d68-4107-bf35-6319b3e70117 | ITER: 23 END: OK
2019-06-20 09:47:20.075 27321 INFO rally.task.runner [-] Task cf8ea206-5d68-4107-bf35-6319b3e70117 | ITER: 24 END: OK
2019-06-20 09:47:20.130 27335 INFO rally.task.runner [-] Task cf8ea206-5d68-4107-bf35-6319b3e70117 | ITER: 26 END: OK
2019-06-20 09:47:20.130 27340 INFO rally.task.runner [-] Task cf8ea206-5d68-4107-bf35-6319b3e70117 | ITER: 25 END: OK
2019-06-20 09:47:20.205 27322 INFO rally.task.runner [-] Task cf8ea206-5d68-4107-bf35-6319b3e70117 | ITER: 31 END: OK
2019-06-20 09:47:20.315 27323 INFO rally.task.runner [-] Task cf8ea206-5d68-4107-bf35-6319b3e70117 | ITER: 30 END: OK
2019-06-20 09:47:20.318 27324 INFO rally.task.runner [-] Task cf8ea206-5d68-4107-bf35-6319b3e70117 | ITER: 32 END: OK
2019-06-20 09:47:20.384 27349 INFO rally.task.runner [-] Task cf8ea206-5d68-4107-bf35-6319b3e70117 | ITER: 36 END: OK
2019-06-20 09:47:20.396 27360 INFO rally.task.runner [-] Task cf8ea206-5d68-4107-bf35-6319b3e70117 | ITER: 35 END: OK
2019-06-20 09:47:20.408 27324 INFO rally.task.runner [-] Task cf8ea206-5d68-4107-bf35-6319b3e70117 | ITER: 38 END: OK
2019-06-20 09:47:20.418 27329 INFO rally.task.runner [-] Task cf8ea206-5d68-4107-bf35-6319b3e70117 | ITER: 29 END: OK
2019-06-20 09:47:20.420 27363 INFO rally.task.runner [-] Task cf8ea206-5d68-4107-bf35-6319b3e70117 | ITER: 33 END: OK
2019-06-20 09:47:20.465 27352 INFO rally.task.runner [-] Task cf8ea206-5d68-4107-bf35-6319b3e70117 | ITER: 34 END: OK
2019-06-20 09:47:20.495 27357 INFO rally.task.runner [-] Task cf8ea206-5d68-4107-bf35-6319b3e70117 | ITER: 39 END: OK
2019-06-20 09:47:20.500 27368 INFO rally.task.runner [-] Task cf8ea206-5d68-4107-bf35-6319b3e70117 | ITER: 37 END: OK
2019-06-20 09:47:20.534 27342 INFO rally.task.runner [-] Task cf8ea206-5d68-4107-bf35-6319b3e70117 | ITER: 27 END: OK
2019-06-20 09:47:20.540 27322 INFO rally.task.runner [-] Task cf8ea206-5d68-4107-bf35-6319b3e70117 | ITER: 40 END: OK
2019-06-20 09:47:20.558 27325 INFO rally.task.runner [-] Task cf8ea206-5d68-4107-bf35-6319b3e70117 | ITER: 28 END: OK
2019-06-20 09:47:20.585 22705 INFO rally.task.context [-] Task cf8ea206-5d68-4107-bf35-6319b3e70117 | Context admin_cleanup@openstack cleanup() started
2019-06-20 09:47:20.587 22705 RALLYDEBUG rally_openstack.cleanup.manager [-] Cleaning up neutron quota objects
2019-06-20 09:47:24.290 22705 INFO rally.task.context [-] Task cf8ea206-5d68-4107-bf35-6319b3e70117 | Context admin_cleanup@openstack cleanup() finished in 3.71 sec
2019-06-20 09:47:24.291 22705 INFO rally.task.context [-] Task cf8ea206-5d68-4107-bf35-6319b3e70117 | Context users@openstack cleanup() started
2019-06-20 09:47:51.952 22705 INFO rally.task.context [-] Task cf8ea206-5d68-4107-bf35-6319b3e70117 | Context users@openstack cleanup() finished in 27.66 sec
2019-06-20 09:47:52.394 22705 INFO rally.task.engine [-] Load duration is: 3.479704
2019-06-20 09:47:52.395 22705 INFO rally.task.engine [-] Full runner duration is: 3.533714
2019-06-20 09:47:52.395 22705 INFO rally.task.engine [-] Full duration is: 45.800082
2019-06-20 09:47:52.619 22705 INFO rally.task.engine [-] Running workload: position = 0 config = { "version": 2, "title": "A cropped version of a bigger task.", "description": "Auto-generated task from a single workload (uuid=427b92ae-9f0e-49b7-a214-adda3315bcd8)", "subtasks": [ { "title": "NeutronTrunks.create_and_list_trunk_subports", "description": "", "scenario": { "NeutronTrunks.create_and_list_trunk_subports": { "subport_count": 125 } }, "contexts": { "users": { "tenants": 1, "users_per_tenant": 1 }, "quotas": { "neutron": { "network": -1, "port": 1000 } } }, "runner": { "constant": { "times": 4, "concurrency": 4 } }, "hooks": [], "sla": { "failure_rate": { "max": 0 } } } ] }
2019-06-20 09:47:52.641 22705 RALLYDEBUG rally_openstack.contexts.keystone.users [-] Creating 1 tenants using 20 threads
2019-06-20 09:47:54.176 22705 RALLYDEBUG rally_openstack.contexts.keystone.users [-] Creating 1 users using 20 threads
2019-06-20 09:47:56.475 22705 INFO rally.task.context [-] Task cf8ea206-5d68-4107-bf35-6319b3e70117 | Context users@openstack setup() finished in 3.83 sec
2019-06-20 09:47:57.203 22705 INFO rally.task.context [-] Task cf8ea206-5d68-4107-bf35-6319b3e70117 | Context quotas@openstack setup() finished in 0.73 sec
2019-06-20 09:47:57.204 22705 INFO rally.task.context [-] Task cf8ea206-5d68-4107-bf35-6319b3e70117 | Context cleanup@openstack setup() finished in 0.01 msec
2019-06-20 09:47:57.211 22705 RALLYDEBUG rally.task.runner [-] Starting the constant runner (task UUID: cf8ea206-5d68-4107-bf35-6319b3e70117). timeout: 0 concurrency: 4 concurrency_per_worker: 1 times: 4 concurrency_overhead: 0 processes_to_start: 4 max_cpu_used: 16
2019-06-20 09:47:57.225 27511 RALLYDEBUG rally.task.runner [-] Starting a worker. concurrency: 1 args: {"subport_count": 125} times: 4 method_name: run timeout: 0 duration: None cls:
2019-06-20 09:47:57.227 27512 RALLYDEBUG rally.task.runner [-] Starting a worker. concurrency: 1 args: {"subport_count": 125} times: 4 method_name: run timeout: 0 duration: None cls:
2019-06-20 09:47:57.230 27511 INFO rally.task.runner [-] Task cf8ea206-5d68-4107-bf35-6319b3e70117 | ITER: 1 START
2019-06-20 09:47:57.230 27513 RALLYDEBUG rally.task.runner [-] Starting a worker. concurrency: 1 args: {"subport_count": 125} times: 4 method_name: run timeout: 0 duration: None cls:
2019-06-20 09:47:57.233 27512 INFO rally.task.runner [-] Task cf8ea206-5d68-4107-bf35-6319b3e70117 | ITER: 2 START
2019-06-20 09:47:57.233 27514 RALLYDEBUG rally.task.runner [-] Starting a worker. concurrency: 1 args: {"subport_count": 125} times: 4 method_name: run timeout: 0 duration: None cls:
2019-06-20 09:47:57.236 27513 INFO rally.task.runner [-] Task cf8ea206-5d68-4107-bf35-6319b3e70117 | ITER: 3 START
2019-06-20 09:47:57.238 27514 INFO rally.task.runner [-] Task cf8ea206-5d68-4107-bf35-6319b3e70117 | ITER: 4 START
2019-06-20 09:52:06.908 27511 WARNING rally.task.atomic [-] 'optional_action_timer' is deprecated since rally v0.10.0.Please use action_timer instead, we have improved atomic actions, now do not need to explicitly close original action.
2019-06-20 09:52:06.964 27511 WARNING rally.task.atomic [-] 'optional_action_timer' is deprecated since rally v0.10.0.Please use action_timer instead, we have improved atomic actions, now do not need to explicitly close original action.
2019-06-20 09:52:07.669 27512 WARNING rally.task.atomic [-] 'optional_action_timer' is deprecated since rally v0.10.0.Please use action_timer instead, we have improved atomic actions, now do not need to explicitly close original action.
2019-06-20 09:52:07.751 27512 WARNING rally.task.atomic [-] 'optional_action_timer' is deprecated since rally v0.10.0.Please use action_timer instead, we have improved atomic actions, now do not need to explicitly close original action.
2019-06-20 09:52:08.493 27511 INFO rally.task.runner [-] Task cf8ea206-5d68-4107-bf35-6319b3e70117 | ITER: 1 END: OK
2019-06-20 09:52:08.623 27513 WARNING rally.task.atomic [-] 'optional_action_timer' is deprecated since rally v0.10.0.Please use action_timer instead, we have improved atomic actions, now do not need to explicitly close original action.
2019-06-20 09:52:08.662 27513 WARNING rally.task.atomic [-] 'optional_action_timer' is deprecated since rally v0.10.0.Please use action_timer instead, we have improved atomic actions, now do not need to explicitly close original action.
2019-06-20 09:52:08.791 27512 INFO rally.task.runner [-] Task cf8ea206-5d68-4107-bf35-6319b3e70117 | ITER: 2 END: OK
2019-06-20 09:52:10.263 27513 INFO rally.task.runner [-] Task cf8ea206-5d68-4107-bf35-6319b3e70117 | ITER: 3 END: OK
2019-06-20 09:52:10.603 27514 WARNING rally.task.atomic [-] 'optional_action_timer' is deprecated since rally v0.10.0.Please use action_timer instead, we have improved atomic actions, now do not need to explicitly close original action.
2019-06-20 09:52:10.642 27514 WARNING rally.task.atomic [-] 'optional_action_timer' is deprecated since rally v0.10.0.Please use action_timer instead, we have improved atomic actions, now do not need to explicitly close original action.
2019-06-20 09:52:11.394 27514 INFO rally.task.runner [-] Task cf8ea206-5d68-4107-bf35-6319b3e70117 | ITER: 4 END: OK
2019-06-20 09:52:11.425 22705 INFO rally.task.context [-] Task cf8ea206-5d68-4107-bf35-6319b3e70117 | Context cleanup@openstack cleanup() started
2019-06-20 09:52:11.427 22705 RALLYDEBUG rally_openstack.cleanup.manager [-] Cleaning up neutron vip objects
2019-06-20 09:52:12.592 22705 RALLYDEBUG rally_openstack.cleanup.manager [-] Cleaning up neutron health_monitor objects
2019-06-20 09:52:13.323 22705 RALLYDEBUG rally_openstack.cleanup.manager [-] Cleaning up neutron pool objects
2019-06-20 09:52:14.436 22705 RALLYDEBUG rally_openstack.cleanup.manager [-] Cleaning up neutron loadbalancer objects
2019-06-20 09:52:15.161 22705 RALLYDEBUG rally_openstack.cleanup.manager [-] Cleaning up neutron floatingip objects
2019-06-20 09:52:15.938 22705 RALLYDEBUG rally_openstack.cleanup.manager [-] Cleaning up neutron port objects
2019-06-20 09:52:17.617 22705 RALLYDEBUG rally_openstack.cleanup.manager [-] Deleting neutron.port object s_rally_427b92ae_8HQpgE9F (00756f76-9926-4e45-bce8-b940ad7b2030)
2019-06-20 09:52:17.621 22705 RALLYDEBUG rally_openstack.cleanup.manager [-] Deleting neutron.port object s_rally_427b92ae_8siu4nC8 (032cb21c-c303-4594-833a-f56c4824b9e4)
2019-06-20 09:52:17.624 22705 RALLYDEBUG rally_openstack.cleanup.manager [-] Deleting neutron.port object s_rally_427b92ae_4XCp4U2W (01bacd8b-23f4-4c09-aebd-aba087f2d3c8)
2019-06-20 09:52:17.631 22705 RALLYDEBUG rally_openstack.cleanup.manager [-] Deleting neutron.port object s_rally_427b92ae_nM0baxA4 (01c02ffb-d55a-4703-b57f-f1200b43d61c)
2019-06-20 09:52:17.631 22705 RALLYDEBUG rally_openstack.cleanup.manager [-] Deleting neutron.port object s_rally_427b92ae_BCVSFfVI (0333cc1e-0890-46fd-be8b-970fb651cb55)
2019-06-20 09:52:17.632 22705 RALLYDEBUG rally_openstack.cleanup.manager [-] Deleting neutron.port object s_rally_427b92ae_hnBnEGsE (0312835f-870b-40f2-86fd-8b172b68594f)
2019-06-20 09:52:17.643 22705 RALLYDEBUG rally_openstack.cleanup.manager [-] Deleting neutron.port object s_rally_427b92ae_DmmrkwKy (059e4766-b7a9-4a9c-92a6-5e07ab701b10)
2019-06-20 09:52:17.645 22705 RALLYDEBUG rally_openstack.cleanup.manager [-] Deleting neutron.port object s_rally_427b92ae_MX4X5Lpe (00e3935a-bcab-4ca0-9253-1a19f116f7f8)
2019-06-20 09:52:17.659 22705 RALLYDEBUG rally_openstack.cleanup.manager [-] Deleting neutron.port object s_rally_427b92ae_lZXSQPRb (05c2536f-0ea5-4ea0-9d9c-b27b8a417488)
2019-06-20 09:52:17.665 22705 RALLYDEBUG rally_openstack.cleanup.manager [-] Deleting neutron.port object s_rally_427b92ae_1dNRefXP (060ca9ca-7aa7-49bc-afd5-56251bddf2f0)
2019-06-20 09:52:17.673 22705 RALLYDEBUG rally_openstack.cleanup.manager [-] Deleting neutron.port object s_rally_427b92ae_eb1v0U0m (07b64873-3561-465c-866b-a2c347ae9c4e)
2019-06-20 09:52:17.681 22705 RALLYDEBUG rally_openstack.cleanup.manager [-] Deleting neutron.port object s_rally_427b92ae_xVRQMQwk (07c25794-91ae-4791-8f8c-c8019c02feec)
2019-06-20 09:52:17.693 22705 RALLYDEBUG rally_openstack.cleanup.manager [-] Deleting neutron.port object s_rally_427b92ae_1nU6WDyG (08040469-50f0-4452-8da4-14f71416a6fb)
2019-06-20 09:52:17.700 22705 RALLYDEBUG rally_openstack.cleanup.manager [-] Deleting neutron.port object s_rally_427b92ae_TaYVTWEM (088e03eb-811e-4cb9-a13e-2b6ceb08cb53)
2019-06-20 09:52:17.703 22705 RALLYDEBUG rally_openstack.cleanup.manager [-] Deleting neutron.port object s_rally_427b92ae_eoXCvMYO (08a51b4a-4a3a-4497-96ce-4c2303e704b6)
2019-06-20 09:52:17.715 22705 RALLYDEBUG rally_openstack.cleanup.manager [-] Deleting neutron.port object s_rally_427b92ae_yANa3UN0 (0a5a86e8-172f-4992-85f8-db3c6128488a)
2019-06-20 09:52:17.718 22705 RALLYDEBUG rally_openstack.cleanup.manager [-] Deleting neutron.port object s_rally_427b92ae_kSveEPMG (09613432-5022-49ea-a1b1-fa060938512e)
2019-06-20 09:52:17.719 22705 RALLYDEBUG rally_openstack.cleanup.manager [-] Deleting neutron.port object s_rally_427b92ae_rD5feqio (0a745d8c-ce0f-4b9f-a67d-3822d0d7a6ca)
2019-06-20 09:52:17.733 22705 RALLYDEBUG rally_openstack.cleanup.manager [-] Deleting neutron.port object s_rally_427b92ae_vM7mlv3h (0be3b95e-2af8-4f2c-8554-da9aa040f215)
2019-06-20 09:52:17.740 22705 RALLYDEBUG rally_openstack.cleanup.manager [-] Deleting neutron.port object s_rally_427b92ae_CSce9MkF (0c477c40-8775-42b0-be44-557c2e941677)
2019-06-20 09:52:20.313 22705 RALLYDEBUG rally_openstack.cleanup.manager [-] Deleting neutron.port object s_rally_427b92ae_B61OpJ66 (0c791ca0-b0e0-4d27-b94a-8a6a44c0d580)
2019-06-20 09:52:20.514 22705 RALLYDEBUG rally_openstack.cleanup.manager [-] Deleting neutron.port object s_rally_427b92ae_8fN5WIUA (0cdaa11b-fb97-4ca9-821f-09da1de63aa5)
2019-06-20 09:52:21.016 22705 RALLYDEBUG rally_openstack.cleanup.manager [-] Deleting neutron.port object s_rally_427b92ae_ApCtPoSw (0d3d2a2e-09c5-4115-af8a-19162e24d91a)
2019-06-20 09:52:22.079 22705 RALLYDEBUG rally_openstack.cleanup.manager [-] Deleting neutron.port object s_rally_427b92ae_IT28A3e3 (0e41f337-149e-48ca-8106-37e4f8d380d7)
2019-06-20 09:52:22.844 22705 RALLYDEBUG rally_openstack.cleanup.manager [-] Deleting neutron.port object s_rally_427b92ae_HR3txcdR (0e5b26c7-66b5-4222-80f9-5968fb4a9d9e)
2019-06-20 09:52:22.903 22705 RALLYDEBUG rally_openstack.cleanup.manager [-] Deleting neutron.port object s_rally_427b92ae_Jx21MQZ3 (0e8b745a-cb1a-40d4-905d-5a05af0df6a2)
2019-06-20 09:52:23.062 22705 RALLYDEBUG rally_openstack.cleanup.manager [-] Deleting neutron.port object s_rally_427b92ae_QUxYbFqU (0f76afd6-224b-4e3d-a827-2d69fd3d25d2)
2019-06-20 09:52:23.773 22705 RALLYDEBUG rally_openstack.cleanup.manager [-] Deleting neutron.port object s_rally_427b92ae_CZMUngxK (0f8ebd0b-0870-4dcb-9982-ed5a5aecf42e)
2019-06-20 09:52:23.790 22705 RALLYDEBUG rally_openstack.cleanup.manager [-] Deleting neutron.port object s_rally_427b92ae_wQhHdslb (0f9e3f38-3917-4774-bbb8-9c9e6040b503)
2019-06-20 09:52:23.797 22705 RALLYDEBUG rally_openstack.cleanup.manager [-] Deleting neutron.port object s_rally_427b92ae_m8PWZrjt (0fb83bed-cf25-4720-ae63-3c50770bd6ba)
2019-06-20 09:52:24.279 22705 RALLYDEBUG rally_openstack.cleanup.manager [-] Deleting neutron.port object s_rally_427b92ae_nJr9qicS (0fcfbccf-6852-4b97-b70e-42b6921a4b1a)
2019-06-20 09:52:24.484 22705 RALLYDEBUG rally_openstack.cleanup.manager [-] Deleting neutron.port object s_rally_427b92ae_W8hSH7JC (0fd6e7a5-7416-4014-a935-30c5ec7ea85e)
2019-06-20 09:52:24.810 22705 RALLYDEBUG rally_openstack.cleanup.manager [-] Deleting neutron.port object s_rally_427b92ae_VY6WFUYc (105a06f0-6905-40de-87ed-364eda97e744)
2019-06-20 09:52:24.814 22705 RALLYDEBUG rally_openstack.cleanup.manager [-] Deleting neutron.port object s_rally_427b92ae_NKzzLRhV (116b8002-cdbd-46ce-9a2f-941bebd02538)
2019-06-20 09:52:24.907 22705 RALLYDEBUG rally_openstack.cleanup.manager [-] Deleting neutron.port object s_rally_427b92ae_UpdSq2jw (123d2933-e1c5-4b2a-9977-7fd7850d5c46)
2019-06-20 09:52:25.503 22705 RALLYDEBUG rally_openstack.cleanup.manager [-] Deleting neutron.port object s_rally_427b92ae_dmXTP8im (12816172-947d-458b-af70-50516e7f1f0a)
2019-06-20 09:52:25.521 22705 RALLYDEBUG rally_openstack.cleanup.manager [-] Deleting neutron.port object s_rally_427b92ae_mzaGSb7G (141e135d-0f48-4074-b245-862d2ae8573b)
2019-06-20 09:52:26.373 22705 RALLYDEBUG rally_openstack.cleanup.manager [-] Deleting neutron.port object s_rally_427b92ae_2YPUj25W (146a50f2-ca58-44b5-bd21-17c787d646ec)
2019-06-20 09:52:26.404 22705 RALLYDEBUG rally_openstack.cleanup.manager [-] Deleting neutron.port object s_rally_427b92ae_n4YUsanI (15548f43-4e60-425d-bcbc-4758fd24f42b)
2019-06-20 09:52:26.521 22705 RALLYDEBUG rally_openstack.cleanup.manager [-] Deleting neutron.port object s_rally_427b92ae_rRCTtIEn (17077872-7ba3-4624-82d8-4b241dcdef39)
2019-06-20 09:52:26.543 22705 RALLYDEBUG rally_openstack.cleanup.manager [-] Deleting neutron.port object s_rally_427b92ae_Wa6n6mbq (17754181-1ea6-4ba4-b887-3c9a4a1401d9)
2019-06-20 09:52:26.687 22705 RALLYDEBUG rally_openstack.cleanup.manager [-] Deleting neutron.port object s_rally_427b92ae_jiTfhe20 (17886f3d-37a0-4547-90fe-ab7073013947)
2019-06-20 09:52:26.779 22705 RALLYDEBUG rally_openstack.cleanup.manager [-] Deleting neutron.port object s_rally_427b92ae_eTaX91fo (17c37167-5d6a-48ad-9775-2a9f55a3a243)
2019-06-20 09:52:26.801 22705 RALLYDEBUG rally_openstack.cleanup.manager [-] Deleting neutron.port object s_rally_427b92ae_ZN2NM2iU (1849a97f-6392-4407-8913-6864b8763586)
2019-06-20 09:52:26.916 22705 RALLYDEBUG rally_openstack.cleanup.manager [-] Deleting neutron.port object s_rally_427b92ae_PMhL3j40 (1926d9b0-204a-40f2-a50d-b6239fd23c2d)
2019-06-20 09:52:27.007 22705 RALLYDEBUG rally_openstack.cleanup.manager [-] Deleting neutron.port object s_rally_427b92ae_B0tQPV6N (19d384c5-0037-441d-8ef5-1befc17b3c56)
2019-06-20 09:52:27.062 22705 RALLYDEBUG rally_openstack.cleanup.manager [-] Deleting neutron.port object s_rally_427b92ae_TusA6Ujd (1a03e38d-d7f1-452f-a801-096c1d1ae73d)
2019-06-20 09:52:27.165 22705 RALLYDEBUG rally_openstack.cleanup.manager [-] Deleting neutron.port object s_rally_427b92ae_Es4LY1vL (1a3eb89b-c923-4afb-a15a-f6b0f6718f22)
2019-06-20 09:52:27.179 22705 RALLYDEBUG rally_openstack.cleanup.manager [-] Deleting neutron.port object s_rally_427b92ae_0lmArmQi (1ab7712b-85d0-4860-babf-35e2a2767943)
2019-06-20 09:52:27.188 22705 RALLYDEBUG rally_openstack.cleanup.manager [-] Deleting neutron.port object s_rally_427b92ae_4mGcKNvP (1ac404c4-04f9-46e2-908e-694d601de714)
2019-06-20 09:52:27.725 22705 RALLYDEBUG rally_openstack.cleanup.manager [-] Deleting neutron.port object s_rally_427b92ae_gceNxNVc (1b07b43a-eb96-4125-9a78-ecf309b89c56)
2019-06-20 09:52:27.779 22705 RALLYDEBUG rally_openstack.cleanup.manager [-] Deleting neutron.port object s_rally_427b92ae_D8ITiC8N (1b8e40e5-82c3-47a9-91bb-1a4973a860a5)
2019-06-20 09:52:28.157 22705 RALLYDEBUG rally_openstack.cleanup.manager [-] Deleting neutron.port object s_rally_427b92ae_fBn8z7y1 (1c02c4db-3cb7-4c7e-b82d-caa42740d917)
2019-06-20 09:52:28.365 22705 RALLYDEBUG rally_openstack.cleanup.manager [-] Deleting neutron.port object s_rally_427b92ae_bBDt61Fi (1ce9d070-61fe-4ec9-b69e-1f001822a762)
2019-06-20 09:52:28.904 22705 RALLYDEBUG rally_openstack.cleanup.manager [-] Deleting neutron.port object s_rally_427b92ae_l7XKa9sh (1d47f648-93ed-4e8c-920f-de99f34a202d)
2019-06-20 09:52:29.115 22705 RALLYDEBUG rally_openstack.cleanup.manager [-] Deleting neutron.port object s_rally_427b92ae_5ENOxJFH (1fc13b6a-0ee8-4060-b5ce-95a12cfcd3f1)
2019-06-20 09:52:29.273 22705 RALLYDEBUG rally_openstack.cleanup.manager [-] Deleting neutron.port object s_rally_427b92ae_DEwQFrAz (1feed837-5e05-4592-a42f-8f4965ed4cd6)
2019-06-20 09:52:29.294 22705 RALLYDEBUG rally_openstack.cleanup.manager [-] Deleting neutron.port object s_rally_427b92ae_AW4IzJxI (2026516d-d9f4-4a41-ba91-dcf159526442)
2019-06-20 09:52:29.477 22705 RALLYDEBUG rally_openstack.cleanup.manager [-] Deleting neutron.port object s_rally_427b92ae_Kh0Lgh59 (20592335-01e7-4735-8236-776295106367)
2019-06-20 09:52:29.676 22705 RALLYDEBUG rally_openstack.cleanup.manager [-] Deleting neutron.port object s_rally_427b92ae_nhbbDced (2140a992-766c-4e64-bea7-f781a71c7d1d)
2019-06-20 09:52:29.726 22705 RALLYDEBUG rally_openstack.cleanup.manager [-] Deleting neutron.port object s_rally_427b92ae_xhrgov70 (21baf224-cd09-4a23-8331-2dca9802cfe1)
2019-06-20 09:52:30.050 22705 RALLYDEBUG rally_openstack.cleanup.manager [-] Deleting neutron.port object s_rally_427b92ae_wu3uWK0O (2253e47f-9546-4e7c-9e96-f2afd80604e4)
2019-06-20 09:52:30.445 22705 RALLYDEBUG rally_openstack.cleanup.manager [-] Deleting neutron.port object s_rally_427b92ae_JTKnNAXW (243d7a45-efce-43d5-8244-81f32b25b9c8)
2019-06-20 09:52:30.566 22705 RALLYDEBUG rally_openstack.cleanup.manager [-] Deleting neutron.port object s_rally_427b92ae_Kt3A5sB7 (24cafb9e-7f58-4edc-a17f-91f2bf526254)
2019-06-20 09:52:30.707 22705 RALLYDEBUG rally_openstack.cleanup.manager [-] Deleting neutron.port object s_rally_427b92ae_KLPIMva7 (25ccac64-2526-4b73-a6d2-8aa25ff667d4)
2019-06-20 09:52:30.756 22705 RALLYDEBUG rally_openstack.cleanup.manager [-] Deleting neutron.port object s_rally_427b92ae_ntGgkAhZ (25d9c214-9101-41a2-a67e-4b0d8f8375ec)
2019-06-20 09:52:30.789 22705 RALLYDEBUG rally_openstack.cleanup.manager [-] Deleting neutron.port object s_rally_427b92ae_morza0vF (25ea5dd7-79ce-4d65-b1c0-9df19bce1184)
2019-06-20 09:52:30.887 22705 RALLYDEBUG rally_openstack.cleanup.manager [-] Deleting neutron.port object s_rally_427b92ae_yAx5RikO (265f4d39-bb66-477d-8813-91e2d6ea425e)
2019-06-20 09:52:31.424 22705 RALLYDEBUG rally_openstack.cleanup.manager [-] Deleting neutron.port object s_rally_427b92ae_oroOqlbK (2736b0c3-3a44-4c04-89fd-9c8277a9217a)
2019-06-20 09:52:31.691 22705 RALLYDEBUG rally_openstack.cleanup.manager [-] Deleting neutron.port object s_rally_427b92ae_YdWYmmvB (27627847-50b4-4df8-b6d0-1d3fd774dcf9)
2019-06-20 09:52:31.884 22705 RALLYDEBUG rally_openstack.cleanup.manager [-] Deleting neutron.port object s_rally_427b92ae_RU5S7HxP (27b985fc-c820-448b-b704-4ad0fe0f9b3c)
2019-06-20 09:52:32.268 22705 RALLYDEBUG rally_openstack.cleanup.manager [-] Deleting neutron.port object s_rally_427b92ae_FwaT4HVR (282adda8-2d30-4a97-8b4b-9ca73665082a)
2019-06-20 09:52:32.538 22705 RALLYDEBUG rally_openstack.cleanup.manager [-] Deleting neutron.port object s_rally_427b92ae_S79AYimy (2948915a-cba2-4291-a09b-76d7e20345f1)
2019-06-20 09:52:32.909 22705 RALLYDEBUG rally_openstack.cleanup.manager [-] Deleting neutron.port object s_rally_427b92ae_2UAAr1k7 (29bdfffb-9f67-4c9c-8280-c92671be2a59)
2019-06-20 09:52:32.997 22705 RALLYDEBUG rally_openstack.cleanup.manager [-] Deleting neutron.port object s_rally_427b92ae_nqobJbPq (2a4b2ebb-1a0a-427f-b69b-f009c75246d4)
2019-06-20 09:52:33.132 22705 RALLYDEBUG rally_openstack.cleanup.manager [-] Deleting neutron.port object s_rally_427b92ae_cmPldAc5 (2bc44c14-8e56-4460-a461-7f5a10d39122)
2019-06-20 09:52:33.132 22705 RALLYDEBUG rally_openstack.cleanup.manager [-] Deleting neutron.port object s_rally_427b92ae_AsTkXXaa (2accdd35-1402-40a8-adbe-02fbef365a8b)
2019-06-20 09:52:33.185 22705 RALLYDEBUG rally_openstack.cleanup.manager [-] Deleting neutron.port object s_rally_427b92ae_wVdm0AhM (2bd24eab-1208-4258-906d-f293618757fa)
2019-06-20 09:52:33.669 22705 RALLYDEBUG rally_openstack.cleanup.manager [-] Deleting neutron.port object s_rally_427b92ae_sQGdyQoF (2c5bccba-bf00-45a0-9866-32dd2496906a)
2019-06-20 09:52:33.704 22705 RALLYDEBUG rally_openstack.cleanup.manager [-] Deleting neutron.port object s_rally_427b92ae_DO0ASsr4 (2cc6f034-26cd-43e1-bc2b-7d99da8532a1)
2019-06-20 09:52:33.843 22705 RALLYDEBUG rally_openstack.cleanup.manager [-] Deleting neutron.port object s_rally_427b92ae_qWJNKLHe (2d202c04-c8e0-4110-acb3-bd5762689098)
2019-06-20 09:52:33.937 22705 RALLYDEBUG rally_openstack.cleanup.manager [-] Deleting neutron.port object s_rally_427b92ae_h9ZSmgNV (2e0c5a30-37bb-4e87-a907-0d53d0248431)
2019-06-20 09:52:33.959 22705 RALLYDEBUG rally_openstack.cleanup.manager [-] Deleting neutron.port object s_rally_427b92ae_e4PuZsP9 (2f2da125-c473-40d6-9084-8e7eb4ef9a07)
2019-06-20 09:52:33.979 22705 RALLYDEBUG rally_openstack.cleanup.manager [-] Deleting neutron.port object s_rally_427b92ae_gkApWIPB (30540c4f-4efe-4b5b-9df4-ed52a071b3d6)
2019-06-20 09:52:34.064 22705 RALLYDEBUG rally_openstack.cleanup.manager [-] Deleting neutron.port object s_rally_427b92ae_rvCY7AjW (308e690d-08b3-47a4-af81-617afe4e092b)
2019-06-20 09:52:34.224 22705 RALLYDEBUG rally_openstack.cleanup.manager [-] Deleting neutron.port object s_rally_427b92ae_XhJudI7M (30a8b14c-4e94-413f-a03d-5edab85fb88f)
2019-06-20 09:52:34.368 22705 RALLYDEBUG rally_openstack.cleanup.manager [-] Deleting neutron.port object s_rally_427b92ae_x8N6aGKL (31177290-5794-48b6-8d0c-bbc62e743713)
2019-06-20 09:52:34.777 22705 RALLYDEBUG rally_openstack.cleanup.manager [-] Deleting neutron.port object s_rally_427b92ae_1GoNlYyu (3126e1fc-502b-4b45-9a1c-764fb54af83f)
2019-06-20 09:52:35.378 22705 RALLYDEBUG rally_openstack.cleanup.manager [-] Deleting neutron.port object s_rally_427b92ae_dVXLC97h (3140cb16-9c0f-46e7-b3e1-1edfa0b8a98f)
2019-06-20 09:52:36.000 22705 RALLYDEBUG rally_openstack.cleanup.manager [-] Deleting neutron.port object s_rally_427b92ae_jkH9GfNd (319938c0-5820-411e-8a5e-fce8e6d46fce)
2019-06-20 09:52:36.003 22705 RALLYDEBUG rally_openstack.cleanup.manager [-] Deleting neutron.port object s_rally_427b92ae_Vjr9qXoI (31d569df-72a6-4458-8176-66d8d6efe388)
2019-06-20 09:52:36.022 22705 RALLYDEBUG rally_openstack.cleanup.manager [-] Deleting neutron.port object s_rally_427b92ae_SHnFjBdq (3242d0da-7500-47be-929b-c0bc2114be72)
2019-06-20 09:52:36.064 22705 RALLYDEBUG rally_openstack.cleanup.manager [-] Deleting neutron.port object s_rally_427b92ae_J1xfZ66e (32ec37fe-0501-4a97-bccd-c5beb961de5a)
2019-06-20 09:52:36.065 22705 RALLYDEBUG rally_openstack.cleanup.manager [-] Deleting neutron.port object s_rally_427b92ae_0MnlPLiY (326ab4de-d02f-4e06-8194-7efdf79d7b5f)
2019-06-20 09:52:36.427 22705 RALLYDEBUG rally_openstack.cleanup.manager [-] Deleting neutron.port object s_rally_427b92ae_fBgZPSmK (33203f6c-3954-4d89-85c1-1e25cfc658bc)
2019-06-20 09:52:36.534 22705 RALLYDEBUG rally_openstack.cleanup.manager [-] Deleting neutron.port object s_rally_427b92ae_zDjT0eLm (332f76e9-be07-40bc-b655-b45b7871adf0)
2019-06-20 09:52:36.588 22705 RALLYDEBUG rally_openstack.cleanup.manager [-] Deleting neutron.port object s_rally_427b92ae_C88QtdH0 (335dc3df-236e-4f35-9cff-0126377f5b3c)
2019-06-20 09:52:36.657 22705 RALLYDEBUG rally_openstack.cleanup.manager [-] Deleting neutron.port object s_rally_427b92ae_SPX2Guth (338d085a-5aae-4f20-b18a-19cf728bc4b3)
