2019-06-20 09:24:09.054 22696 RALLYDEBUG rally.api [-] INFO logs from urllib3 and requests module are hide.
2019-06-20 09:24:09.054 22696 RALLYDEBUG rally.api [-] urllib3 insecure warnings are hidden.
2019-06-20 09:24:09.054 22696 RALLYDEBUG rally.api [-] ERROR log from boto module is hide.
2019-06-20 09:24:11.303 22698 RALLYDEBUG rally.api [-] INFO logs from urllib3 and requests module are hide.
2019-06-20 09:24:11.304 22698 RALLYDEBUG rally.api [-] urllib3 insecure warnings are hidden.
2019-06-20 09:24:11.304 22698 RALLYDEBUG rally.api [-] ERROR log from boto module is hide.
2019-06-20 09:24:12.512 22698 WARNING rally_openstack.platforms.existing [-] endpoint is deprecated and not used.
2019-06-20 09:24:13.454 22700 RALLYDEBUG rally.api [-] INFO logs from urllib3 and requests module are hide.
2019-06-20 09:24:13.454 22700 RALLYDEBUG rally.api [-] urllib3 insecure warnings are hidden.
2019-06-20 09:24:13.454 22700 RALLYDEBUG rally.api [-] ERROR log from boto module is hide.
2019-06-20 09:24:16.537 22703 RALLYDEBUG rally.api [-] INFO logs from urllib3 and requests module are hide.
2019-06-20 09:24:16.537 22703 RALLYDEBUG rally.api [-] urllib3 insecure warnings are hidden.
2019-06-20 09:24:16.537 22703 RALLYDEBUG rally.api [-] ERROR log from boto module is hide.
2019-06-20 09:24:18.467 22705 RALLYDEBUG rally.api [-] INFO logs from urllib3 and requests module are hide.
2019-06-20 09:24:18.467 22705 RALLYDEBUG rally.api [-] urllib3 insecure warnings are hidden.
2019-06-20 09:24:18.467 22705 RALLYDEBUG rally.api [-] ERROR log from boto module is hide.
2019-06-20 09:24:19.624 22705 INFO rally.common.plugin.discover [-] Loading plugins from directories /root/.rally/plugins/*
2019-06-20 09:24:19.625 22705 INFO rally.common.plugin.discover [-] Loaded module with plugins: /root/.rally/plugins/__init__.py
2019-06-20 09:24:19.627 22705 INFO rally.common.plugin.discover [-] Loaded module with plugins: /root/.rally/plugins/trunk_scenario.py
2019-06-20 09:24:19.876 22705 INFO rally.task.engine [-] Task cf8ea206-5d68-4107-bf35-6319b3e70117 | Starting: Task validation.
2019-06-20 09:24:19.905 22705 INFO rally.task.engine [-] Task cf8ea206-5d68-4107-bf35-6319b3e70117 | Starting: Task validation of syntax.
2019-06-20 09:24:20.075 22705 INFO rally.task.engine [-] Task cf8ea206-5d68-4107-bf35-6319b3e70117 | Completed: Task validation of syntax.
2019-06-20 09:24:20.075 22705 INFO rally.task.engine [-] Task cf8ea206-5d68-4107-bf35-6319b3e70117 | Starting: Task validation of required platforms.
2019-06-20 09:24:20.133 22705 INFO rally.task.engine [-] Task cf8ea206-5d68-4107-bf35-6319b3e70117 | Completed: Task validation of required platforms.
2019-06-20 09:24:20.134 22705 INFO rally.task.engine [-] Task cf8ea206-5d68-4107-bf35-6319b3e70117 | Starting: Task validation of semantic.
2019-06-20 09:24:20.134 22705 INFO rally.task.engine [-] Check health of the environment 'bf78b203-90ab-46a2-85c5-936edc357934'.
2019-06-20 09:24:20.837 22705 INFO rally.task.engine [-] Platform existing@openstack (available: True): OK!
2019-06-20 09:24:20.853 22705 RALLYDEBUG rally_openstack.contexts.keystone.users [-] Creating 1 tenants using 20 threads
2019-06-20 09:24:22.651 22705 RALLYDEBUG rally_openstack.contexts.keystone.users [-] Creating 1 users using 20 threads
2019-06-20 09:24:24.964 22705 INFO rally.task.context [-] Task cf8ea206-5d68-4107-bf35-6319b3e70117 | Context users@openstack setup() finished in 4.11 sec
2019-06-20 09:24:31.013 22705 INFO rally.task.context [-] Task cf8ea206-5d68-4107-bf35-6319b3e70117 | Context users@openstack cleanup() started
2019-06-20 09:24:35.381 22705 INFO rally.task.context [-] Task cf8ea206-5d68-4107-bf35-6319b3e70117 | Context users@openstack cleanup() finished in 4.37 sec
2019-06-20 09:24:35.381 22705 INFO rally.task.engine [-] Task cf8ea206-5d68-4107-bf35-6319b3e70117 | Completed: Task validation of semantic.
2019-06-20 09:24:35.381 22705 INFO rally.task.engine [-] Task cf8ea206-5d68-4107-bf35-6319b3e70117 | Completed: Task validation.
2019-06-20 09:24:35.382 22705 INFO rally.api [-] Task cf8ea206-5d68-4107-bf35-6319b3e70117 input file is valid.
2019-06-20 09:24:35.382 22705 INFO rally.api [-] Run Task cf8ea206-5d68-4107-bf35-6319b3e70117 against Deployment bf78b203-90ab-46a2-85c5-936edc357934
2019-06-20 09:24:35.382 22705 INFO rally.task.engine [-] Task cf8ea206-5d68-4107-bf35-6319b3e70117 | Starting: Running task.
2019-06-20 09:24:35.530 22705 INFO rally.task.engine [-] Running workload: position = 0 config = { "version": 2, "title": "A cropped version of a bigger task.", "description": "Auto-generated task from a single workload (uuid=a93fac96-bd01-4518-8ba7-b6876624cad4)", "subtasks": [ { "title": "NeutronNetworks.create_and_list_networks", "description": "Check performance of list_networks action and ensure > network quotas are not exceeded", "scenario": { "NeutronNetworks.create_and_list_networks": {} }, "contexts": { "users": { "tenants": 1, "users_per_tenant": 1 }, "quotas": { "neutron": { "network": 119 } } }, "runner": { "constant": { "times": 100, "concurrency": 20 } }, "hooks": [], "sla": { "max_avg_duration_per_atomic": { "neutron.list_networks": 15 }, "failure_rate": { "max": 0 } } } ] }
2019-06-20 09:24:35.551 22705 RALLYDEBUG rally_openstack.contexts.keystone.users [-] Creating 1 tenants using 20 threads
2019-06-20 09:24:37.166 22705 RALLYDEBUG rally_openstack.contexts.keystone.users [-] Creating 1 users using 20 threads
2019-06-20 09:24:39.740 22705 INFO rally.task.context [-] Task cf8ea206-5d68-4107-bf35-6319b3e70117 | Context users@openstack setup() finished in 4.19 sec
2019-06-20 09:24:40.729 22705 INFO rally.task.context [-] Task cf8ea206-5d68-4107-bf35-6319b3e70117 | Context quotas@openstack setup() finished in 0.99 sec
2019-06-20 09:24:40.729 22705 INFO rally.task.context [-] Task cf8ea206-5d68-4107-bf35-6319b3e70117 | Context cleanup@openstack setup() finished in 0.01 msec
2019-06-20 09:24:40.736 22705 RALLYDEBUG rally.task.runner [-] Starting the constant runner (task UUID: cf8ea206-5d68-4107-bf35-6319b3e70117). timeout: 0 concurrency: 20 concurrency_per_worker: 1 times: 100 concurrency_overhead: 4 processes_to_start: 16 max_cpu_used: 16
2019-06-20 09:24:40.749 22829 RALLYDEBUG rally.task.runner [-] Starting a worker. concurrency: 2 args: {} times: 100 method_name: run timeout: 0 duration: None cls:
2019-06-20 09:24:40.752 22830 RALLYDEBUG rally.task.runner [-] Starting a worker. concurrency: 2 args: {} times: 100 method_name: run timeout: 0 duration: None cls:
2019-06-20 09:24:40.754 22831 RALLYDEBUG rally.task.runner [-] Starting a worker. concurrency: 2 args: {} times: 100 method_name: run timeout: 0 duration: None cls:
2019-06-20 09:24:40.757 22832 RALLYDEBUG rally.task.runner [-] Starting a worker. concurrency: 2 args: {} times: 100 method_name: run timeout: 0 duration: None cls:
2019-06-20 09:24:40.757 22829 INFO rally.task.runner [-] Task cf8ea206-5d68-4107-bf35-6319b3e70117 | ITER: 1 START
2019-06-20 09:24:40.759 22835 RALLYDEBUG rally.task.runner [-] Starting a worker. concurrency: 1 args: {} times: 100 method_name: run timeout: 0 duration: None cls:
2019-06-20 09:24:40.761 22830 INFO rally.task.runner [-] Task cf8ea206-5d68-4107-bf35-6319b3e70117 | ITER: 2 START
2019-06-20 09:24:40.760 22831 INFO rally.task.runner [-] Task cf8ea206-5d68-4107-bf35-6319b3e70117 | ITER: 4 START
2019-06-20 09:24:40.763 22837 RALLYDEBUG rally.task.runner [-] Starting a worker. concurrency: 1 args: {} times: 100 method_name: run timeout: 0 duration: None cls:
2019-06-20 09:24:40.764 22829 INFO rally.task.runner [-] Task cf8ea206-5d68-4107-bf35-6319b3e70117 | ITER: 3 START
2019-06-20 09:24:40.767 22835 INFO rally.task.runner [-] Task cf8ea206-5d68-4107-bf35-6319b3e70117 | ITER: 8 START
2019-06-20 09:24:40.765 22832 INFO rally.task.runner [-] Task cf8ea206-5d68-4107-bf35-6319b3e70117 | ITER: 6 START
2019-06-20 09:24:40.768 22842 RALLYDEBUG rally.task.runner [-] Starting a worker. concurrency: 1 args: {} times: 100 method_name: run timeout: 0 duration: None cls:
2019-06-20 09:24:40.772 22837 INFO rally.task.runner [-] Task cf8ea206-5d68-4107-bf35-6319b3e70117 | ITER: 10 START
2019-06-20 09:24:40.773 22831 INFO rally.task.runner [-] Task cf8ea206-5d68-4107-bf35-6319b3e70117 | ITER: 7 START
2019-06-20 09:24:40.772 22850 RALLYDEBUG rally.task.runner [-] Starting a worker. concurrency: 1 args: {} times: 100 method_name: run timeout: 0 duration: None cls:
2019-06-20 09:24:40.773 22832 INFO rally.task.runner [-] Task cf8ea206-5d68-4107-bf35-6319b3e70117 | ITER: 9 START
2019-06-20 09:24:40.772 22846 RALLYDEBUG rally.task.runner [-] Starting a worker. concurrency: 1 args: {} times: 100 method_name: run timeout: 0 duration: None cls:
2019-06-20 09:24:40.775 22830 INFO rally.task.runner [-] Task cf8ea206-5d68-4107-bf35-6319b3e70117 | ITER: 5 START
2019-06-20 09:24:40.777 22842 INFO rally.task.runner [-] Task cf8ea206-5d68-4107-bf35-6319b3e70117 | ITER: 11 START
2019-06-20 09:24:40.779 22854 RALLYDEBUG rally.task.runner [-] Starting a worker. concurrency: 1 args: {} times: 100 method_name: run timeout: 0 duration: None cls:
2019-06-20 09:24:40.782 22850 INFO rally.task.runner [-] Task cf8ea206-5d68-4107-bf35-6319b3e70117 | ITER: 12 START
2019-06-20 09:24:40.784 22846 INFO rally.task.runner [-] Task cf8ea206-5d68-4107-bf35-6319b3e70117 | ITER: 13 START
2019-06-20 09:24:40.785 22857 RALLYDEBUG rally.task.runner [-] Starting a worker. concurrency: 1 args: {} times: 100 method_name: run timeout: 0 duration: None cls:
2019-06-20 09:24:40.787 22861 RALLYDEBUG rally.task.runner [-] Starting a worker. concurrency: 1 args: {} times: 100 method_name: run timeout: 0 duration: None cls:
2019-06-20 09:24:40.789 22854 INFO rally.task.runner [-] Task cf8ea206-5d68-4107-bf35-6319b3e70117 | ITER: 14 START
2019-06-20 09:24:40.792 22863 RALLYDEBUG rally.task.runner [-] Starting a worker. concurrency: 1 args: {} times: 100 method_name: run timeout: 0 duration: None cls:
2019-06-20 09:24:40.795 22861 INFO rally.task.runner [-] Task cf8ea206-5d68-4107-bf35-6319b3e70117 | ITER: 16 START
2019-06-20 09:24:40.801 22863 INFO rally.task.runner [-] Task cf8ea206-5d68-4107-bf35-6319b3e70117 | ITER: 17 START
2019-06-20 09:24:40.805 22857 INFO rally.task.runner [-] Task cf8ea206-5d68-4107-bf35-6319b3e70117 | ITER: 15 START
2019-06-20 09:24:40.811 22872 RALLYDEBUG rally.task.runner [-] Starting a worker. concurrency: 1 args: {} times: 100 method_name: run timeout: 0 duration: None cls:
2019-06-20 09:24:40.817 22872 INFO rally.task.runner [-] Task cf8ea206-5d68-4107-bf35-6319b3e70117 | ITER: 18 START
2019-06-20 09:24:40.817 22873 RALLYDEBUG rally.task.runner [-] Starting a worker. concurrency: 1 args: {} times: 100 method_name: run timeout: 0 duration: None cls:
2019-06-20 09:24:40.821 22876 RALLYDEBUG rally.task.runner [-] Starting a worker. concurrency: 1 args: {} times: 100 method_name: run timeout: 0 duration: None cls:
2019-06-20 09:24:40.823 22873 INFO rally.task.runner [-] Task cf8ea206-5d68-4107-bf35-6319b3e70117 | ITER: 19 START
2019-06-20 09:24:40.825 22876 INFO rally.task.runner [-] Task cf8ea206-5d68-4107-bf35-6319b3e70117 | ITER: 20 START
2019-06-20 09:24:42.063 22842 INFO rally.task.runner [-] Task cf8ea206-5d68-4107-bf35-6319b3e70117 | ITER: 11 END: OK
2019-06-20 09:24:42.068 22842 INFO rally.task.runner [-] Task cf8ea206-5d68-4107-bf35-6319b3e70117 | ITER: 21 START
2019-06-20 09:24:42.233 22831 INFO rally.task.runner [-] Task cf8ea206-5d68-4107-bf35-6319b3e70117 | ITER: 7 END: OK
2019-06-20 09:24:42.236 22831 INFO rally.task.runner [-] Task cf8ea206-5d68-4107-bf35-6319b3e70117 | ITER: 22 START
2019-06-20 09:24:42.394 22837 INFO rally.task.runner [-] Task cf8ea206-5d68-4107-bf35-6319b3e70117 | ITER: 10 END: OK
2019-06-20 09:24:42.396 22837 INFO rally.task.runner [-] Task cf8ea206-5d68-4107-bf35-6319b3e70117 | ITER: 23 START
2019-06-20 09:24:42.486 22832 INFO rally.task.runner [-] Task cf8ea206-5d68-4107-bf35-6319b3e70117 | ITER: 9 END: OK
2019-06-20 09:24:42.489 22832 INFO rally.task.runner [-] Task cf8ea206-5d68-4107-bf35-6319b3e70117 | ITER: 24 START
2019-06-20 09:24:42.526 22831 INFO rally.task.runner [-] Task cf8ea206-5d68-4107-bf35-6319b3e70117 | ITER: 4 END: OK
2019-06-20 09:24:42.529 22831 INFO rally.task.runner [-] Task cf8ea206-5d68-4107-bf35-6319b3e70117 | ITER: 25 START
2019-06-20 09:24:42.789 22846 INFO rally.task.runner [-] Task cf8ea206-5d68-4107-bf35-6319b3e70117 | ITER: 13 END: OK
2019-06-20 09:24:42.792 22846 INFO rally.task.runner [-] Task cf8ea206-5d68-4107-bf35-6319b3e70117 | ITER: 26 START
2019-06-20 09:24:43.101 22830 INFO rally.task.runner [-] Task cf8ea206-5d68-4107-bf35-6319b3e70117 | ITER: 5 END: OK
2019-06-20 09:24:43.105 22830 INFO rally.task.runner [-] Task cf8ea206-5d68-4107-bf35-6319b3e70117 | ITER: 27 START
2019-06-20 09:24:43.285 22830 INFO rally.task.runner [-] Task cf8ea206-5d68-4107-bf35-6319b3e70117 | ITER: 2 END: OK
2019-06-20 09:24:43.288 22830 INFO rally.task.runner [-] Task cf8ea206-5d68-4107-bf35-6319b3e70117 | ITER: 28 START
2019-06-20 09:24:43.600 22850 INFO rally.task.runner [-] Task cf8ea206-5d68-4107-bf35-6319b3e70117 | ITER: 12 END: OK
2019-06-20 09:24:43.603 22850 INFO rally.task.runner [-] Task cf8ea206-5d68-4107-bf35-6319b3e70117 | ITER: 29 START
2019-06-20 09:24:43.638 22835 INFO rally.task.runner [-] Task cf8ea206-5d68-4107-bf35-6319b3e70117 | ITER: 8 END: OK
2019-06-20 09:24:43.642 22832 INFO rally.task.runner [-] Task cf8ea206-5d68-4107-bf35-6319b3e70117 | ITER: 6 END: OK
2019-06-20 09:24:43.643 22835 INFO rally.task.runner [-] Task cf8ea206-5d68-4107-bf35-6319b3e70117 | ITER: 30 START
2019-06-20 09:24:43.645 22832 INFO rally.task.runner [-] Task cf8ea206-5d68-4107-bf35-6319b3e70117 | ITER: 31 START
2019-06-20 09:24:43.892 22861 INFO rally.task.runner [-] Task cf8ea206-5d68-4107-bf35-6319b3e70117 | ITER: 16 END: OK
2019-06-20 09:24:43.897 22861 INFO rally.task.runner [-] Task cf8ea206-5d68-4107-bf35-6319b3e70117 | ITER: 32 START
2019-06-20 09:24:43.933 22829 INFO rally.task.runner [-] Task cf8ea206-5d68-4107-bf35-6319b3e70117 | ITER: 1 END: OK
2019-06-20 09:24:43.938 22829 INFO rally.task.runner [-] Task cf8ea206-5d68-4107-bf35-6319b3e70117 | ITER: 33 START
2019-06-20 09:24:43.955 22863 INFO rally.task.runner [-] Task cf8ea206-5d68-4107-bf35-6319b3e70117 | ITER: 17 END: OK
2019-06-20 09:24:43.958 22863 INFO rally.task.runner [-] Task cf8ea206-5d68-4107-bf35-6319b3e70117 | ITER: 34 START
2019-06-20 09:24:44.493 22854 INFO rally.task.runner [-] Task cf8ea206-5d68-4107-bf35-6319b3e70117 | ITER: 14 END: OK
2019-06-20 09:24:44.497 22854 INFO rally.task.runner [-] Task cf8ea206-5d68-4107-bf35-6319b3e70117 | ITER: 35 START
2019-06-20 09:24:44.581 22829 INFO rally.task.runner [-] Task cf8ea206-5d68-4107-bf35-6319b3e70117 | ITER: 3 END: OK
2019-06-20 09:24:44.585 22829 INFO rally.task.runner [-] Task cf8ea206-5d68-4107-bf35-6319b3e70117 | ITER: 36 START
2019-06-20 09:24:44.640 22857 INFO rally.task.runner [-] Task cf8ea206-5d68-4107-bf35-6319b3e70117 | ITER: 15 END: OK
2019-06-20 09:24:44.644 22857 INFO rally.task.runner [-] Task cf8ea206-5d68-4107-bf35-6319b3e70117 | ITER: 37 START
2019-06-20 09:24:44.717 22873 INFO rally.task.runner [-] Task cf8ea206-5d68-4107-bf35-6319b3e70117 | ITER: 19 END: OK
2019-06-20 09:24:44.720 22873 INFO rally.task.runner [-] Task cf8ea206-5d68-4107-bf35-6319b3e70117 | ITER: 38 START
2019-06-20 09:24:44.965 22872 INFO rally.task.runner [-] Task cf8ea206-5d68-4107-bf35-6319b3e70117 | ITER: 18 END: OK
2019-06-20 09:24:44.970 22872 INFO rally.task.runner [-] Task cf8ea206-5d68-4107-bf35-6319b3e70117 | ITER: 39 START
2019-06-20 09:24:45.579 22842 INFO rally.task.runner [-] Task cf8ea206-5d68-4107-bf35-6319b3e70117 | ITER: 21 END: OK
2019-06-20 09:24:45.580 22876 INFO rally.task.runner [-] Task cf8ea206-5d68-4107-bf35-6319b3e70117 | ITER: 20 END: OK
2019-06-20 09:24:45.583 22842 INFO rally.task.runner [-] Task cf8ea206-5d68-4107-bf35-6319b3e70117 | ITER: 40 START
2019-06-20 09:24:45.584 22876 INFO rally.task.runner [-] Task cf8ea206-5d68-4107-bf35-6319b3e70117 | ITER: 41 START
2019-06-20 09:24:45.716 22846 INFO rally.task.runner [-] Task cf8ea206-5d68-4107-bf35-6319b3e70117 | ITER: 26 END: OK
2019-06-20 09:24:45.720 22846 INFO rally.task.runner [-] Task cf8ea206-5d68-4107-bf35-6319b3e70117 | ITER: 42 START
2019-06-20 09:24:45.930 22831 INFO rally.task.runner [-] Task cf8ea206-5d68-4107-bf35-6319b3e70117 | ITER: 22 END: OK
2019-06-20 09:24:45.934 22831 INFO rally.task.runner [-] Task cf8ea206-5d68-4107-bf35-6319b3e70117 | ITER: 43 START
2019-06-20 09:24:45.985 22835 INFO rally.task.runner [-] Task cf8ea206-5d68-4107-bf35-6319b3e70117 | ITER: 30 END: OK
2019-06-20 09:24:45.988 22835 INFO rally.task.runner [-] Task cf8ea206-5d68-4107-bf35-6319b3e70117 | ITER: 44 START
2019-06-20 09:24:46.355 22837 INFO rally.task.runner [-] Task cf8ea206-5d68-4107-bf35-6319b3e70117 | ITER: 23 END: OK
2019-06-20 09:24:46.358 22837 INFO rally.task.runner [-] Task cf8ea206-5d68-4107-bf35-6319b3e70117 | ITER: 45 START
2019-06-20 09:24:46.364 22831 INFO rally.task.runner [-] Task cf8ea206-5d68-4107-bf35-6319b3e70117 | ITER: 25 END: OK
2019-06-20 09:24:46.367 22831 INFO rally.task.runner [-] Task cf8ea206-5d68-4107-bf35-6319b3e70117 | ITER: 46 START
2019-06-20 09:24:46.408 22830 INFO rally.task.runner [-] Task cf8ea206-5d68-4107-bf35-6319b3e70117 | ITER: 27 END: OK
2019-06-20 09:24:46.411 22830 INFO rally.task.runner [-] Task cf8ea206-5d68-4107-bf35-6319b3e70117 | ITER: 47 START
2019-06-20 09:24:46.531 22854 INFO rally.task.runner [-] Task cf8ea206-5d68-4107-bf35-6319b3e70117 | ITER: 35 END: OK
2019-06-20 09:24:46.534 22854 INFO rally.task.runner [-] Task cf8ea206-5d68-4107-bf35-6319b3e70117 | ITER: 48 START
2019-06-20 09:24:46.538 22850 INFO rally.task.runner [-] Task cf8ea206-5d68-4107-bf35-6319b3e70117 | ITER: 29 END: OK
2019-06-20 09:24:46.541 22850 INFO rally.task.runner [-] Task cf8ea206-5d68-4107-bf35-6319b3e70117 | ITER: 49 START
2019-06-20 09:24:47.175 22876 INFO rally.task.runner [-] Task cf8ea206-5d68-4107-bf35-6319b3e70117 | ITER: 41 END: OK
2019-06-20 09:24:47.179 22876 INFO rally.task.runner [-] Task cf8ea206-5d68-4107-bf35-6319b3e70117 | ITER: 50 START
2019-06-20 09:24:47.443 22857 INFO rally.task.runner [-] Task cf8ea206-5d68-4107-bf35-6319b3e70117 | ITER: 37 END: OK
2019-06-20 09:24:47.445 22831 INFO rally.task.runner [-] Task cf8ea206-5d68-4107-bf35-6319b3e70117 | ITER: 43 END: OK
2019-06-20 09:24:47.446 22857 INFO rally.task.runner [-] Task cf8ea206-5d68-4107-bf35-6319b3e70117 | ITER: 51 START
2019-06-20 09:24:47.447 22832 INFO rally.task.runner [-] Task cf8ea206-5d68-4107-bf35-6319b3e70117 | ITER: 24 END: OK
2019-06-20 09:24:47.448 22831 INFO rally.task.runner [-] Task cf8ea206-5d68-4107-bf35-6319b3e70117 | ITER: 52 START
2019-06-20 09:24:47.450 22832 INFO rally.task.runner [-] Task cf8ea206-5d68-4107-bf35-6319b3e70117 | ITER: 53 START
2019-06-20 09:24:47.526 22829 INFO rally.task.runner [-] Task cf8ea206-5d68-4107-bf35-6319b3e70117 | ITER: 33 END: OK
2019-06-20 09:24:47.529 22829 INFO rally.task.runner [-] Task cf8ea206-5d68-4107-bf35-6319b3e70117 | ITER: 54 START
2019-06-20 09:24:47.576 22842 INFO rally.task.runner [-] Task cf8ea206-5d68-4107-bf35-6319b3e70117 | ITER: 40 END: OK
2019-06-20 09:24:47.579 22842 INFO rally.task.runner [-] Task cf8ea206-5d68-4107-bf35-6319b3e70117 | ITER: 55 START
2019-06-20 09:24:47.772 22832 INFO rally.task.runner [-] Task cf8ea206-5d68-4107-bf35-6319b3e70117 | ITER: 31 END: OK
2019-06-20 09:24:47.775 22832 INFO rally.task.runner [-] Task cf8ea206-5d68-4107-bf35-6319b3e70117 | ITER: 56 START
2019-06-20 09:24:47.864 22873 INFO rally.task.runner [-] Task cf8ea206-5d68-4107-bf35-6319b3e70117 | ITER: 38 END: OK
2019-06-20 09:24:47.867 22873 INFO rally.task.runner [-] Task cf8ea206-5d68-4107-bf35-6319b3e70117 | ITER: 57 START
2019-06-20 09:24:47.942 22830 INFO rally.task.runner [-] Task cf8ea206-5d68-4107-bf35-6319b3e70117 | ITER: 28 END: OK
2019-06-20 09:24:47.945 22830 INFO rally.task.runner [-] Task cf8ea206-5d68-4107-bf35-6319b3e70117 | ITER: 58 START
2019-06-20 09:24:48.085 22829 INFO rally.task.runner [-] Task cf8ea206-5d68-4107-bf35-6319b3e70117 | ITER: 36 END: OK
2019-06-20 09:24:48.089 22829 INFO rally.task.runner [-] Task cf8ea206-5d68-4107-bf35-6319b3e70117 | ITER: 59 START
2019-06-20 09:24:48.174 22835 INFO rally.task.runner [-] Task cf8ea206-5d68-4107-bf35-6319b3e70117 | ITER: 44 END: OK
2019-06-20 09:24:48.177 22835 INFO rally.task.runner [-] Task cf8ea206-5d68-4107-bf35-6319b3e70117 | ITER: 60 START
2019-06-20 09:24:48.225 22872 INFO rally.task.runner [-] Task cf8ea206-5d68-4107-bf35-6319b3e70117 | ITER: 39 END: OK
2019-06-20 09:24:48.228 22872 INFO rally.task.runner [-] Task cf8ea206-5d68-4107-bf35-6319b3e70117 | ITER: 61 START
2019-06-20 09:24:48.381 22830 INFO rally.task.runner [-] Task cf8ea206-5d68-4107-bf35-6319b3e70117 | ITER: 47 END: OK
2019-06-20 09:24:48.384 22830 INFO rally.task.runner [-] Task cf8ea206-5d68-4107-bf35-6319b3e70117 | ITER: 62 START
2019-06-20 09:24:48.384 22837 INFO rally.task.runner [-] Task cf8ea206-5d68-4107-bf35-6319b3e70117 | ITER: 45 END: OK
2019-06-20 09:24:48.388 22837 INFO rally.task.runner [-] Task cf8ea206-5d68-4107-bf35-6319b3e70117 | ITER: 63 START
2019-06-20 09:24:48.480 22863 INFO rally.task.runner [-] Task cf8ea206-5d68-4107-bf35-6319b3e70117 | ITER: 34 END: OK
2019-06-20 09:24:48.483 22863 INFO rally.task.runner [-] Task cf8ea206-5d68-4107-bf35-6319b3e70117 | ITER: 64 START
2019-06-20 09:24:48.610 22854 INFO rally.task.runner [-] Task cf8ea206-5d68-4107-bf35-6319b3e70117 | ITER: 48 END: OK
2019-06-20 09:24:48.613 22854 INFO rally.task.runner [-] Task cf8ea206-5d68-4107-bf35-6319b3e70117 | ITER: 65 START
2019-06-20 09:24:48.626 22861 INFO rally.task.runner [-] Task cf8ea206-5d68-4107-bf35-6319b3e70117 | ITER: 32 END: OK
2019-06-20 09:24:48.629 22861 INFO rally.task.runner [-] Task cf8ea206-5d68-4107-bf35-6319b3e70117 | ITER: 66 START
2019-06-20 09:24:48.717 22846 INFO rally.task.runner [-] Task cf8ea206-5d68-4107-bf35-6319b3e70117 | ITER: 42 END: OK
2019-06-20 09:24:48.720 22846 INFO rally.task.runner [-] Task cf8ea206-5d68-4107-bf35-6319b3e70117 | ITER: 67 START
2019-06-20 09:24:48.728 22850 INFO rally.task.runner [-] Task cf8ea206-5d68-4107-bf35-6319b3e70117 | ITER: 49 END: OK
2019-06-20 09:24:48.731 22850 INFO rally.task.runner [-] Task cf8ea206-5d68-4107-bf35-6319b3e70117 | ITER: 68 START
2019-06-20 09:24:48.922 22876 INFO rally.task.runner [-] Task cf8ea206-5d68-4107-bf35-6319b3e70117 | ITER: 50 END: OK
2019-06-20 09:24:48.925 22876 INFO rally.task.runner [-] Task cf8ea206-5d68-4107-bf35-6319b3e70117 | ITER: 69 START
2019-06-20 09:24:49.343 22831 INFO rally.task.runner [-] Task cf8ea206-5d68-4107-bf35-6319b3e70117 | ITER: 46 END: OK
2019-06-20 09:24:49.346 22831 INFO rally.task.runner [-] Task cf8ea206-5d68-4107-bf35-6319b3e70117 | ITER: 70 START
2019-06-20 09:24:49.447 22831 INFO rally.task.runner [-] Task cf8ea206-5d68-4107-bf35-6319b3e70117 | ITER: 52 END: OK
2019-06-20 09:24:49.450 22831 INFO rally.task.runner [-] Task cf8ea206-5d68-4107-bf35-6319b3e70117 | ITER: 71 START
2019-06-20 09:24:49.478 22857 INFO rally.task.runner [-] Task cf8ea206-5d68-4107-bf35-6319b3e70117 | ITER: 51 END: OK
2019-06-20 09:24:49.481 22857 INFO rally.task.runner [-] Task cf8ea206-5d68-4107-bf35-6319b3e70117 | ITER: 72 START
2019-06-20 09:24:49.494 22829 INFO rally.task.runner [-] Task cf8ea206-5d68-4107-bf35-6319b3e70117 | ITER: 54 END: OK
2019-06-20 09:24:49.497 22829 INFO rally.task.runner [-] Task cf8ea206-5d68-4107-bf35-6319b3e70117 | ITER: 73 START
2019-06-20 09:24:49.503 22832 INFO rally.task.runner [-] Task cf8ea206-5d68-4107-bf35-6319b3e70117 | ITER: 53 END: OK
2019-06-20 09:24:49.506 22832 INFO rally.task.runner [-] Task cf8ea206-5d68-4107-bf35-6319b3e70117 | ITER: 74 START
2019-06-20 09:24:50.072 22842 INFO rally.task.runner [-] Task cf8ea206-5d68-4107-bf35-6319b3e70117 | ITER: 55 END: OK
2019-06-20 09:24:50.076 22842 INFO rally.task.runner [-] Task cf8ea206-5d68-4107-bf35-6319b3e70117 | ITER: 75 START
2019-06-20 09:24:50.387 22832 INFO rally.task.runner [-] Task cf8ea206-5d68-4107-bf35-6319b3e70117 | ITER: 56 END: OK
2019-06-20 09:24:50.391 22832 INFO rally.task.runner [-] Task cf8ea206-5d68-4107-bf35-6319b3e70117 | ITER: 76 START
2019-06-20 09:24:50.392 22829 INFO rally.task.runner [-] Task cf8ea206-5d68-4107-bf35-6319b3e70117 | ITER: 59 END: OK
2019-06-20 09:24:50.395 22829 INFO rally.task.runner [-] Task cf8ea206-5d68-4107-bf35-6319b3e70117 | ITER: 77 START
2019-06-20 09:24:50.447 22873 INFO rally.task.runner [-] Task cf8ea206-5d68-4107-bf35-6319b3e70117 | ITER: 57 END: OK
2019-06-20 09:24:50.450 22873 INFO rally.task.runner [-] Task cf8ea206-5d68-4107-bf35-6319b3e70117 | ITER: 78 START
2019-06-20 09:24:50.516 22830 INFO rally.task.runner [-] Task cf8ea206-5d68-4107-bf35-6319b3e70117 | ITER: 58 END: OK
2019-06-20 09:24:50.519 22830 INFO rally.task.runner [-] Task cf8ea206-5d68-4107-bf35-6319b3e70117 | ITER: 79 START
2019-06-20 09:24:50.576 22830 INFO rally.task.runner [-] Task cf8ea206-5d68-4107-bf35-6319b3e70117 | ITER: 62 END: OK
2019-06-20 09:24:50.578 22830 INFO rally.task.runner [-] Task cf8ea206-5d68-4107-bf35-6319b3e70117 | ITER: 80 START
2019-06-20 09:24:50.920 22835 INFO rally.task.runner [-] Task cf8ea206-5d68-4107-bf35-6319b3e70117 | ITER: 60 END: OK
2019-06-20 09:24:50.922 22835 INFO rally.task.runner [-] Task cf8ea206-5d68-4107-bf35-6319b3e70117 | ITER: 81 START
2019-06-20 09:24:50.929 22872 INFO rally.task.runner [-] Task cf8ea206-5d68-4107-bf35-6319b3e70117 | ITER: 61 END: OK
2019-06-20 09:24:50.932 22872 INFO rally.task.runner [-] Task cf8ea206-5d68-4107-bf35-6319b3e70117 | ITER: 82 START
2019-06-20 09:24:51.226 22850 INFO rally.task.runner [-] Task cf8ea206-5d68-4107-bf35-6319b3e70117 | ITER: 68 END: OK
2019-06-20 09:24:51.227 22876 INFO rally.task.runner [-] Task cf8ea206-5d68-4107-bf35-6319b3e70117 | ITER: 69 END: OK
2019-06-20 09:24:51.230 22850 INFO rally.task.runner [-] Task cf8ea206-5d68-4107-bf35-6319b3e70117 | ITER: 83 START
2019-06-20 09:24:51.231 22876 INFO rally.task.runner [-] Task cf8ea206-5d68-4107-bf35-6319b3e70117 | ITER: 84 START
2019-06-20 09:24:51.311 22837 INFO rally.task.runner [-] Task cf8ea206-5d68-4107-bf35-6319b3e70117 | ITER: 63 END: OK
2019-06-20 09:24:51.314 22837 INFO rally.task.runner [-] Task cf8ea206-5d68-4107-bf35-6319b3e70117 | ITER: 85 START
2019-06-20 09:24:51.669 22861 INFO rally.task.runner [-] Task cf8ea206-5d68-4107-bf35-6319b3e70117 | ITER: 66 END: OK
2019-06-20 09:24:51.672 22861 INFO rally.task.runner [-] Task cf8ea206-5d68-4107-bf35-6319b3e70117 | ITER: 86 START
2019-06-20 09:24:51.731 22854 INFO rally.task.runner [-] Task cf8ea206-5d68-4107-bf35-6319b3e70117 | ITER: 65 END: OK
2019-06-20 09:24:51.735 22854 INFO rally.task.runner [-] Task cf8ea206-5d68-4107-bf35-6319b3e70117 | ITER: 87 START
2019-06-20 09:24:51.749 22857 INFO rally.task.runner [-] Task cf8ea206-5d68-4107-bf35-6319b3e70117 | ITER: 72 END: OK
2019-06-20 09:24:51.751 22831 INFO rally.task.runner [-] Task cf8ea206-5d68-4107-bf35-6319b3e70117 | ITER: 70 END: OK
2019-06-20 09:24:51.753 22857 INFO rally.task.runner [-] Task cf8ea206-5d68-4107-bf35-6319b3e70117 | ITER: 88 START
2019-06-20 09:24:51.755 22831 INFO rally.task.runner [-] Task cf8ea206-5d68-4107-bf35-6319b3e70117 | ITER: 89 START
2019-06-20 09:24:51.829 22863 INFO rally.task.runner [-] Task cf8ea206-5d68-4107-bf35-6319b3e70117 | ITER: 64 END: OK
2019-06-20 09:24:51.832 22863 INFO rally.task.runner [-] Task cf8ea206-5d68-4107-bf35-6319b3e70117 | ITER: 90 START
2019-06-20 09:24:52.013 22832 INFO rally.task.runner [-] Task cf8ea206-5d68-4107-bf35-6319b3e70117 | ITER: 74 END: OK
2019-06-20 09:24:52.015 22832 INFO rally.task.runner [-] Task cf8ea206-5d68-4107-bf35-6319b3e70117 | ITER: 91 START
2019-06-20 09:24:52.281 22846 INFO rally.task.runner [-] Task cf8ea206-5d68-4107-bf35-6319b3e70117 | ITER: 67 END: OK
2019-06-20 09:24:52.284 22846 INFO rally.task.runner [-] Task cf8ea206-5d68-4107-bf35-6319b3e70117 | ITER: 92 START
2019-06-20 09:24:52.360 22829 INFO rally.task.runner [-] Task cf8ea206-5d68-4107-bf35-6319b3e70117 | ITER: 73 END: OK
2019-06-20 09:24:52.363 22829 INFO rally.task.runner [-] Task cf8ea206-5d68-4107-bf35-6319b3e70117 | ITER: 93 START
2019-06-20 09:24:52.364 22831 INFO rally.task.runner [-] Task cf8ea206-5d68-4107-bf35-6319b3e70117 | ITER: 71 END: OK
2019-06-20 09:24:52.367 22831 INFO rally.task.runner [-] Task cf8ea206-5d68-4107-bf35-6319b3e70117 | ITER: 94 START
2019-06-20 09:24:52.409 22842 INFO rally.task.runner [-] Task cf8ea206-5d68-4107-bf35-6319b3e70117 | ITER: 75 END: OK
2019-06-20 09:24:52.412 22842 INFO rally.task.runner [-] Task cf8ea206-5d68-4107-bf35-6319b3e70117 | ITER: 95 START
2019-06-20 09:24:52.557 22829 INFO rally.task.runner [-] Task cf8ea206-5d68-4107-bf35-6319b3e70117 | ITER: 77 END: OK
2019-06-20 09:24:52.560 22829 INFO rally.task.runner [-] Task cf8ea206-5d68-4107-bf35-6319b3e70117 | ITER: 96 START
2019-06-20 09:24:52.987 22830 INFO rally.task.runner [-] Task cf8ea206-5d68-4107-bf35-6319b3e70117 | ITER: 80 END: OK
2019-06-20 09:24:52.991 22830 INFO rally.task.runner [-] Task cf8ea206-5d68-4107-bf35-6319b3e70117 | ITER: 97 START
2019-06-20 09:24:53.046 22835 INFO rally.task.runner [-] Task cf8ea206-5d68-4107-bf35-6319b3e70117 | ITER: 81 END: OK
2019-06-20 09:24:53.049 22835 INFO rally.task.runner [-] Task cf8ea206-5d68-4107-bf35-6319b3e70117 | ITER: 98 START
2019-06-20 09:24:53.169 22832 INFO rally.task.runner [-] Task cf8ea206-5d68-4107-bf35-6319b3e70117 | ITER: 76 END: OK
2019-06-20 09:24:53.172 22832 INFO rally.task.runner [-] Task cf8ea206-5d68-4107-bf35-6319b3e70117 | ITER: 99 START
2019-06-20 09:24:53.216 22873 INFO rally.task.runner [-] Task cf8ea206-5d68-4107-bf35-6319b3e70117 | ITER: 78 END: OK
2019-06-20 09:24:53.219 22873 INFO rally.task.runner [-] Task cf8ea206-5d68-4107-bf35-6319b3e70117 | ITER: 100 START
2019-06-20 09:24:53.720 22830 INFO rally.task.runner [-] Task cf8ea206-5d68-4107-bf35-6319b3e70117 | ITER: 79 END: OK
2019-06-20 09:24:54.216 22857 INFO rally.task.runner [-] Task cf8ea206-5d68-4107-bf35-6319b3e70117 | ITER: 88 END: OK
2019-06-20 09:24:54.217 22872 INFO rally.task.runner [-] Task cf8ea206-5d68-4107-bf35-6319b3e70117 | ITER: 82 END: OK
2019-06-20 09:24:54.332 22863 INFO rally.task.runner [-] Task cf8ea206-5d68-4107-bf35-6319b3e70117 | ITER: 90 END: OK
2019-06-20 09:24:54.428 22837 INFO rally.task.runner [-] Task cf8ea206-5d68-4107-bf35-6319b3e70117 | ITER: 85 END: OK
2019-06-20 09:24:54.452 22850 INFO rally.task.runner [-] Task cf8ea206-5d68-4107-bf35-6319b3e70117 | ITER: 83 END: OK
2019-06-20 09:24:54.463 22876 INFO rally.task.runner [-] Task cf8ea206-5d68-4107-bf35-6319b3e70117 | ITER: 84 END: OK
2019-06-20 09:24:54.463 22854 INFO rally.task.runner [-] Task cf8ea206-5d68-4107-bf35-6319b3e70117 | ITER: 87 END: OK
2019-06-20 09:24:54.465 22831 INFO rally.task.runner [-] Task cf8ea206-5d68-4107-bf35-6319b3e70117 | ITER: 89 END: OK
2019-06-20 09:24:54.621 22861 INFO rally.task.runner [-] Task cf8ea206-5d68-4107-bf35-6319b3e70117 | ITER: 86 END: OK
2019-06-20 09:24:54.717 22831 INFO rally.task.runner [-] Task cf8ea206-5d68-4107-bf35-6319b3e70117 | ITER: 94 END: OK
2019-06-20 09:24:54.816 22835 INFO rally.task.runner [-] Task cf8ea206-5d68-4107-bf35-6319b3e70117 | ITER: 98 END: OK
2019-06-20 09:24:55.350 22842 INFO rally.task.runner [-] Task cf8ea206-5d68-4107-bf35-6319b3e70117 | ITER: 95 END: OK
2019-06-20 09:24:55.492 22832 INFO rally.task.runner [-] Task cf8ea206-5d68-4107-bf35-6319b3e70117 | ITER: 99 END: OK
2019-06-20 09:24:55.516 22846 INFO rally.task.runner [-] Task cf8ea206-5d68-4107-bf35-6319b3e70117 | ITER: 92 END: OK
2019-06-20 09:24:55.519 22873 INFO rally.task.runner [-] Task cf8ea206-5d68-4107-bf35-6319b3e70117 | ITER: 100 END: OK
2019-06-20 09:24:55.672 22829 INFO rally.task.runner [-] Task cf8ea206-5d68-4107-bf35-6319b3e70117 | ITER: 96 END: OK
2019-06-20 09:24:55.681 22829 INFO rally.task.runner [-] Task cf8ea206-5d68-4107-bf35-6319b3e70117 | ITER: 93 END: OK
2019-06-20 09:24:55.796 22832 INFO rally.task.runner [-] Task cf8ea206-5d68-4107-bf35-6319b3e70117 | ITER: 91 END: OK
2019-06-20 09:24:55.872 22830 INFO rally.task.runner [-] Task cf8ea206-5d68-4107-bf35-6319b3e70117 | ITER: 97 END: OK
2019-06-20 09:24:55.900 22705 INFO rally.task.context [-] Task cf8ea206-5d68-4107-bf35-6319b3e70117 | Context cleanup@openstack cleanup() started
2019-06-20 09:24:55.903 22705 RALLYDEBUG rally_openstack.cleanup.manager [-] Cleaning up neutron vip objects
2019-06-20 09:24:56.569 22705 RALLYDEBUG rally_openstack.cleanup.manager [-] Cleaning up neutron health_monitor objects
2019-06-20 09:24:57.171 22705 RALLYDEBUG rally_openstack.cleanup.manager [-] Cleaning up neutron pool objects
2019-06-20 09:24:57.818 22705 RALLYDEBUG rally_openstack.cleanup.manager [-] Cleaning up neutron loadbalancer objects
2019-06-20 09:24:58.429 22705 RALLYDEBUG rally_openstack.cleanup.manager [-] Cleaning up neutron floatingip objects
2019-06-20 09:24:59.075 22705 RALLYDEBUG rally_openstack.cleanup.manager [-] Cleaning up neutron port objects
2019-06-20 09:24:59.701 22705 RALLYDEBUG rally_openstack.cleanup.manager [-] Cleaning up neutron subnet objects
2019-06-20 09:25:00.332 22705 RALLYDEBUG rally_openstack.cleanup.manager [-] Cleaning up neutron network objects
2019-06-20 09:25:01.345 22705 RALLYDEBUG rally_openstack.cleanup.manager [-] Deleting neutron.network object s_rally_a93fac96_s8JWpHn4 (0988ac4b-6f26-4047-9c25-dea9e286f0ec)
2019-06-20 09:25:01.353 22705 RALLYDEBUG rally_openstack.cleanup.manager [-] Deleting neutron.network object s_rally_a93fac96_MID9YuDM (15735740-1993-4c63-96f0-ff37387e57a1)
2019-06-20 09:25:01.358 22705 RALLYDEBUG rally_openstack.cleanup.manager [-] Deleting neutron.network object s_rally_a93fac96_ESMWeWCR (0e324abc-3f07-4e11-9238-5e5be6646bdf)
2019-06-20 09:25:01.359 22705 RALLYDEBUG rally_openstack.cleanup.manager [-] Deleting neutron.network object s_rally_a93fac96_iqFi236N (05f93c56-344e-4c78-a4a1-7014fbe2a38c)
2019-06-20 09:25:01.360 22705 RALLYDEBUG rally_openstack.cleanup.manager [-] Deleting neutron.network object s_rally_a93fac96_x00P3TId (08406c64-09e2-44d2-96b4-0c5c727ab4cb)
2019-06-20 09:25:01.360 22705 RALLYDEBUG rally_openstack.cleanup.manager [-] Deleting neutron.network object s_rally_a93fac96_3i1cHgIj (09da2b4b-84e2-44b7-a2d3-b840371e2dd1)
2019-06-20 09:25:01.363 22705 RALLYDEBUG rally_openstack.cleanup.manager [-] Deleting neutron.network object s_rally_a93fac96_xZOJKfbW (009bb1a5-af8e-402e-83dd-92b65b7b4ccf)
2019-06-20 09:25:01.367 22705 RALLYDEBUG rally_openstack.cleanup.manager [-] Deleting neutron.network object s_rally_a93fac96_S0zKWVGq (1c40441d-bc06-4d3f-b2fe-9c262c8cbe82)
2019-06-20 09:25:01.368 22705 RALLYDEBUG rally_openstack.cleanup.manager [-] Deleting neutron.network object s_rally_a93fac96_uEUW90iZ (1a7c7c6f-9cb8-45e5-8086-c63d4b929c69)
2019-06-20 09:25:01.373 22705 RALLYDEBUG rally_openstack.cleanup.manager [-] Deleting neutron.network object s_rally_a93fac96_AmzsDRdJ (1c01e990-5f55-45e2-8d8c-7ffcd12bff56)
2019-06-20 09:25:01.374 22705 RALLYDEBUG rally_openstack.cleanup.manager [-] Deleting neutron.network object s_rally_a93fac96_Dgn94z4Z (0981f3ea-988b-4f75-8e9f-e1322bfbf691)
2019-06-20 09:25:01.380 22705 RALLYDEBUG rally_openstack.cleanup.manager [-] Deleting neutron.network object s_rally_a93fac96_u94ILxqK (1df901e0-d68f-45d8-8910-d53a87b2aac2)
2019-06-20 09:25:01.395 22705 RALLYDEBUG rally_openstack.cleanup.manager [-] Deleting neutron.network object s_rally_a93fac96_6S4276eb (1ee4fbf1-6490-43bd-8eef-9ea4ba2b4305)
2019-06-20 09:25:01.400 22705 RALLYDEBUG rally_openstack.cleanup.manager [-] Deleting neutron.network object s_rally_a93fac96_YVKyRz7a (1fbeed82-c926-4080-955e-252e7f9c3a88)
2019-06-20 09:25:01.409 22705 RALLYDEBUG rally_openstack.cleanup.manager [-] Deleting neutron.network object s_rally_a93fac96_NCpjODGP (20d11bbc-0fc9-4e0f-9980-62a18e617748)
2019-06-20 09:25:01.426 22705 RALLYDEBUG rally_openstack.cleanup.manager [-] Deleting neutron.network object s_rally_a93fac96_BzcPU0BF (21f3db0f-0b17-4f3b-9653-1b8cc045550e)
2019-06-20 09:25:01.453 22705 RALLYDEBUG rally_openstack.cleanup.manager [-] Deleting neutron.network object s_rally_a93fac96_sP4DLG2F (239abbf7-783b-4e59-bdb7-4b43a63d3a4c)
2019-06-20 09:25:01.468 22705 RALLYDEBUG rally_openstack.cleanup.manager [-] Deleting neutron.network object s_rally_a93fac96_ZkfD1dVW (2c719ffd-e062-4ebc-8ed3-3b0012f6c668)
2019-06-20 09:25:01.482 22705 RALLYDEBUG rally_openstack.cleanup.manager [-] Deleting neutron.network object s_rally_a93fac96_Alu7QZju (31a2ddfc-99da-4a3d-a53b-a4bfd595bb69)
2019-06-20 09:25:01.485 22705 RALLYDEBUG rally_openstack.cleanup.manager [-] Deleting neutron.network object s_rally_a93fac96_APROYbVr (2221accb-b94b-4209-b846-17ea3a38f5b7)
2019-06-20 09:25:05.605 22705 RALLYDEBUG rally_openstack.cleanup.manager [-] Deleting neutron.network object s_rally_a93fac96_cSJ1jBxj (3209170e-fb9b-4048-81a0-53b6efac187a)
2019-06-20 09:25:05.808 22705 RALLYDEBUG rally_openstack.cleanup.manager [-] Deleting neutron.network object s_rally_a93fac96_HEKMmXOv (37f6f004-41b6-4f9b-bda4-83548d17ad83)
2019-06-20 09:25:05.832 22705 RALLYDEBUG rally_openstack.cleanup.manager [-] Deleting neutron.network object s_rally_a93fac96_h3O0H7s7 (4047c37c-7c32-4497-ab8e-3136895b8d0f)
2019-06-20 09:25:05.925 22705 RALLYDEBUG rally_openstack.cleanup.manager [-] Deleting neutron.network object s_rally_a93fac96_tlQ25dWt (41451c73-e323-49ca-acfb-0981bb60b9b7)
2019-06-20 09:25:05.952 22705 RALLYDEBUG rally_openstack.cleanup.manager [-] Deleting neutron.network object s_rally_a93fac96_eI4oarKa (42f45602-242a-4670-b85a-694fdefe91b5)
2019-06-20 09:25:06.731 22705 RALLYDEBUG rally_openstack.cleanup.manager [-] Deleting neutron.network object s_rally_a93fac96_wcR4IemZ (448ca03a-01dd-4531-a2a1-e43607d20608)
2019-06-20 09:25:06.732 22705 RALLYDEBUG rally_openstack.cleanup.manager [-] Deleting neutron.network object s_rally_a93fac96_WfFo1DoQ (43e0727d-f780-45ad-a9f0-2ae123303cd5)
2019-06-20 09:25:06.745 22705 RALLYDEBUG rally_openstack.cleanup.manager [-] Deleting neutron.network object s_rally_a93fac96_cA9vfP9q (45f405fc-1e38-407e-9d93-405bd5bf7be8)
2019-06-20 09:25:06.746 22705 RALLYDEBUG rally_openstack.cleanup.manager [-] Deleting neutron.network object s_rally_a93fac96_3td1AcqP (4c2b53c6-735f-4a2c-81f8-fb5f43f87b74)
2019-06-20 09:25:06.768 22705 RALLYDEBUG rally_openstack.cleanup.manager [-] Deleting neutron.network object s_rally_a93fac96_pUl0D7Zn (51bef5cd-b120-49a1-ad7c-97b28166d534)
2019-06-20 09:25:07.158 22705 RALLYDEBUG rally_openstack.cleanup.manager [-] Deleting neutron.network object s_rally_a93fac96_CpKxle9k (53d34c41-1943-4e40-ae96-b23fba5ba698)
2019-06-20 09:25:07.349 22705 RALLYDEBUG rally_openstack.cleanup.manager [-] Deleting neutron.network object s_rally_a93fac96_5Mn3N4ev (540d7065-99b6-4eb3-9453-093d4c0ea5e8)
2019-06-20 09:25:07.397 22705 RALLYDEBUG rally_openstack.cleanup.manager [-] Deleting neutron.network object s_rally_a93fac96_PMdId4pf (5790c72c-bb3c-4fb5-8631-5914757a0a35)
2019-06-20 09:25:07.398 22705 RALLYDEBUG rally_openstack.cleanup.manager [-] Deleting neutron.network object s_rally_a93fac96_4NofIBe4 (5929cc9c-dc51-4528-b938-baa64e67598b)
2019-06-20 09:25:08.197 22705 RALLYDEBUG rally_openstack.cleanup.manager [-] Deleting neutron.network object s_rally_a93fac96_RYe4vpRl (5f6169eb-7f09-454b-85c4-4b3ef47dd86d)
2019-06-20 09:25:08.528 22705 RALLYDEBUG rally_openstack.cleanup.manager [-] Deleting neutron.network object s_rally_a93fac96_ZcMm72Rf (63fb9a23-5a3b-4838-83a4-6cb021d1f7ae)
2019-06-20 09:25:08.740 22705 RALLYDEBUG rally_openstack.cleanup.manager [-] Deleting neutron.network object s_rally_a93fac96_AZHvuU2I (654ac332-8bad-458a-8dd8-d4bd539a83e2)
2019-06-20 09:25:08.741 22705 RALLYDEBUG rally_openstack.cleanup.manager [-] Deleting neutron.network object s_rally_a93fac96_ENaHaSzp (656aad2d-b1dd-4a27-9943-6f1b15e2b269)
2019-06-20 09:25:08.852 22705 RALLYDEBUG rally_openstack.cleanup.manager [-] Deleting neutron.network object s_rally_a93fac96_m1eovarc (6633006a-28a3-4572-8364-ae6f94d06158)
2019-06-20 09:25:08.864 22705 RALLYDEBUG rally_openstack.cleanup.manager [-] Deleting neutron.network object s_rally_a93fac96_nxnHFO66 (67e9ad63-f224-4ba4-a6c6-87b1bed162e5)
2019-06-20 09:25:08.875 22705 RALLYDEBUG rally_openstack.cleanup.manager [-] Deleting neutron.network object s_rally_a93fac96_7c4h60Es (6c56b6d7-97e2-4776-b14f-ebcacbc6d283)
2019-06-20 09:25:08.931 22705 RALLYDEBUG rally_openstack.cleanup.manager [-] Deleting neutron.network object s_rally_a93fac96_uHw9VEGc (6d03617b-fb4f-4bd1-ad55-54dd161bbeec)
2019-06-20 09:25:08.991 22705 RALLYDEBUG rally_openstack.cleanup.manager [-] Deleting neutron.network object s_rally_a93fac96_EO9fQ1Hk (6d2a559a-de12-4691-8c54-c53a2e5303da)
2019-06-20 09:25:09.392 22705 RALLYDEBUG rally_openstack.cleanup.manager [-] Deleting neutron.network object s_rally_a93fac96_ouwaBs0b (6f4a38d2-eaa2-45b5-97af-4bcc009a3a11)
2019-06-20 09:25:09.395 22705 RALLYDEBUG rally_openstack.cleanup.manager [-] Deleting neutron.network object s_rally_a93fac96_tqAWMfJl (72c452ad-b0d6-484d-8f29-22cee09c5d19)
2019-06-20 09:25:09.507 22705 RALLYDEBUG rally_openstack.cleanup.manager [-] Deleting neutron.network object s_rally_a93fac96_XopAdKoR (75df066d-c2e0-44da-8b1b-95fa1642789d)
2019-06-20 09:25:10.153 22705 RALLYDEBUG rally_openstack.cleanup.manager [-] Deleting neutron.network object s_rally_a93fac96_8Cjqhvzw (7879fb7c-1542-4905-84e2-558d28768912)
2019-06-20 09:25:10.327 22705 RALLYDEBUG rally_openstack.cleanup.manager [-] Deleting neutron.network object s_rally_a93fac96_fbH3SQzH (79180e40-d75e-4fc4-b312-8156f2490313)
2019-06-20 09:25:10.327 22705 RALLYDEBUG rally_openstack.cleanup.manager [-] Deleting neutron.network object s_rally_a93fac96_pOsJgSEr (7cbe414d-b8a5-4966-9bbe-f3d2bd47040e)
2019-06-20 09:25:10.607 22705 RALLYDEBUG rally_openstack.cleanup.manager [-] Deleting neutron.network object s_rally_a93fac96_qbwDxDi9 (7dcc82b2-ca15-4be7-a9c1-daeaf4cd5db4)
2019-06-20 09:25:10.772 22705 RALLYDEBUG rally_openstack.cleanup.manager [-] Deleting neutron.network object s_rally_a93fac96_ARgCrUkv (80f68590-1bb3-4852-8693-db779f627269)
2019-06-20 09:25:10.841 22705 RALLYDEBUG rally_openstack.cleanup.manager [-] Deleting neutron.network object s_rally_a93fac96_GzLuJLSx (81d04873-f183-4f78-982c-67f53a97772b)
2019-06-20 09:25:10.862 22705 RALLYDEBUG rally_openstack.cleanup.manager [-] Deleting neutron.network object s_rally_a93fac96_U0saViB3 (83a25d17-f908-4414-a388-6d2d18ef7ed0)
2019-06-20 09:25:11.036 22705 RALLYDEBUG rally_openstack.cleanup.manager [-] Deleting neutron.network object s_rally_a93fac96_CWOkioSl (8886e3f2-2559-4d3c-861a-3803963878eb)
2019-06-20 09:25:11.044 22705 RALLYDEBUG rally_openstack.cleanup.manager [-] Deleting neutron.network object s_rally_a93fac96_pe9vSWkd (8a9d8cf7-7040-4888-affd-99b8781f723a)
2019-06-20 09:25:11.849 22705 RALLYDEBUG rally_openstack.cleanup.manager [-] Deleting neutron.network object s_rally_a93fac96_6ObEkYZU (8abd95f9-dea6-4aa9-882d-f77a37ad3ee4)
2019-06-20 09:25:12.604 22705 RALLYDEBUG rally_openstack.cleanup.manager [-] Deleting neutron.network object s_rally_a93fac96_x7D7ceLF (8b130347-d44d-4034-ade8-2aca79bdc50b)
2019-06-20 09:25:12.616 22705 RALLYDEBUG rally_openstack.cleanup.manager [-] Deleting neutron.network object s_rally_a93fac96_efhdRRgX (8d733f48-bd0d-4d0b-acb4-32a9604713d7)
2019-06-20 09:25:13.182 22705 RALLYDEBUG rally_openstack.cleanup.manager [-] Deleting neutron.network object s_rally_a93fac96_yfthF27Y (8dc3b69d-d994-4193-92a1-3f651cc68242)
2019-06-20 09:25:13.222 22705 RALLYDEBUG rally_openstack.cleanup.manager [-] Deleting neutron.network object s_rally_a93fac96_NPrd588I (912a65dc-860a-45c7-bf64-9036cecc835d)
2019-06-20 09:25:13.248 22705 RALLYDEBUG rally_openstack.cleanup.manager [-] Deleting neutron.network object s_rally_a93fac96_EWJriJFD (963d0755-a896-4fa0-b850-0d9efe2a262e)
2019-06-20 09:25:13.523 22705 RALLYDEBUG rally_openstack.cleanup.manager [-] Deleting neutron.network object s_rally_a93fac96_mNaP7nfq (98f7cd3a-d0ce-43ca-94b8-e6b0aa8d3574)
2019-06-20 09:25:13.814 22705 RALLYDEBUG rally_openstack.cleanup.manager [-] Deleting neutron.network object s_rally_a93fac96_pGvK3W2b (9aea7434-6faa-49fd-a4c3-cd103763277b)
2019-06-20 09:25:13.817 22705 RALLYDEBUG rally_openstack.cleanup.manager [-] Deleting neutron.network object s_rally_a93fac96_Qodfm8Lr (9b770f0f-c663-40a9-ab16-1e26902a2b47)
2019-06-20 09:25:13.854 22705 RALLYDEBUG rally_openstack.cleanup.manager [-] Deleting neutron.network object s_rally_a93fac96_mXA6TypT (a0e7aca2-9026-4e69-9741-23133aa370c9)
2019-06-20 09:25:13.862 22705 RALLYDEBUG rally_openstack.cleanup.manager [-] Deleting neutron.network object s_rally_a93fac96_wfYhCxnH (a0ebe9d8-4d50-49ec-9db2-e3ab17fc9a94)
2019-06-20 09:25:13.917 22705 RALLYDEBUG rally_openstack.cleanup.manager [-] Deleting neutron.network object s_rally_a93fac96_Bn0Y1P7G (a303c57c-0a8e-4b03-a411-063f28a7aa05)
2019-06-20 09:25:13.942 22705 RALLYDEBUG rally_openstack.cleanup.manager [-] Deleting neutron.network object s_rally_a93fac96_s8nGid0h (a4ac8e89-4e7c-4dfb-8fee-f8b5c79d55ec)
2019-06-20 09:25:14.012 22705 RALLYDEBUG rally_openstack.cleanup.manager [-] Deleting neutron.network object s_rally_a93fac96_qTNINtOl (a5fa5658-98e8-4f08-8d90-a68e431917a2)
2019-06-20 09:25:14.027 22705 RALLYDEBUG rally_openstack.cleanup.manager [-] Deleting neutron.network object s_rally_a93fac96_3gIZO4ff (b60987b0-6503-4908-b5af-9729ffe44892)
2019-06-20 09:25:14.536 22705 RALLYDEBUG rally_openstack.cleanup.manager [-] Deleting neutron.network object s_rally_a93fac96_AmpEomFc (b9064d72-7fdf-4168-896c-508e37074e63)
2019-06-20 09:25:14.544 22705 RALLYDEBUG rally_openstack.cleanup.manager [-] Deleting neutron.network object s_rally_a93fac96_xuWBcTFp (bb690cde-e8c7-4ecd-847a-b827659a2ae3)
2019-06-20 09:25:14.664 22705 RALLYDEBUG rally_openstack.cleanup.manager [-] Deleting neutron.network object s_rally_a93fac96_1B6Za5Qp (bb760434-910b-4822-b885-f906c24ba914)
2019-06-20 09:25:14.971 22705 RALLYDEBUG rally_openstack.cleanup.manager [-] Deleting neutron.network object s_rally_a93fac96_007X0Q2D (bc1e5245-2ad8-4542-b169-58534a1ed520)
2019-06-20 09:25:15.458 22705 RALLYDEBUG rally_openstack.cleanup.manager [-] Deleting neutron.network object s_rally_a93fac96_lP6agf2s (bceb6133-4161-4bf5-ad5c-9442d789c4e3)
2019-06-20 09:25:15.468 22705 RALLYDEBUG rally_openstack.cleanup.manager [-] Deleting neutron.network object s_rally_a93fac96_oiJGbWy4 (bd2e36c3-3ac4-4d25-9bba-9173a693ecd1)
2019-06-20 09:25:15.476 22705 RALLYDEBUG rally_openstack.cleanup.manager [-] Deleting neutron.network object s_rally_a93fac96_60GmhKmI (be1a3317-0920-4848-8718-e537ef5794a2)
2019-06-20 09:25:15.614 22705 RALLYDEBUG rally_openstack.cleanup.manager [-] Deleting neutron.network object s_rally_a93fac96_B1R83I1j (beb58271-1e6c-4189-b43d-0c1357003290)
2019-06-20 09:25:16.347 22705 RALLYDEBUG rally_openstack.cleanup.manager [-] Deleting neutron.network object s_rally_a93fac96_zIQS0DgI (c1a6fdb9-f1d1-44b4-8e01-b5a0c6ccbc98)
2019-06-20 09:25:16.724 22705 RALLYDEBUG rally_openstack.cleanup.manager [-] Deleting neutron.network object s_rally_a93fac96_oYm2BR3h (c3d206c8-7d23-4a3d-bce2-17f972596281)
2019-06-20 09:25:17.079 22705 RALLYDEBUG rally_openstack.cleanup.manager [-] Deleting neutron.network object s_rally_a93fac96_73kzwrH0 (c4a92abd-7488-418e-a2a5-73c93629b9a9)
2019-06-20 09:25:17.237 22705 RALLYDEBUG rally_openstack.cleanup.manager [-] Deleting neutron.network object s_rally_a93fac96_Xl9f8MlN (c60f3c2d-78e4-4bf7-b6f4-7a4a7f629de7)
2019-06-20 09:25:17.400 22705 RALLYDEBUG rally_openstack.cleanup.manager [-] Deleting neutron.network object s_rally_a93fac96_4IP5htD2 (c6bbada9-dfc1-49c6-9a77-4e4a6b66daa8)
2019-06-20 09:25:17.477 22705 RALLYDEBUG rally_openstack.cleanup.manager [-] Deleting neutron.network object s_rally_a93fac96_P07RlCvJ (ca4571fa-852f-4bf7-ad49-f2d21f1023dd)
2019-06-20 09:25:17.595 22705 RALLYDEBUG rally_openstack.cleanup.manager [-] Deleting neutron.network object s_rally_a93fac96_H1laiU4p (d06e0ce1-4092-4b8b-a1a1-c7cf3aa144bb)
2019-06-20 09:25:17.767 22705 RALLYDEBUG rally_openstack.cleanup.manager [-] Deleting neutron.network object s_rally_a93fac96_pagNZ19O (d0dbd07a-4030-4351-b6de-95bcbcaf33af)
2019-06-20 09:25:17.853 22705 RALLYDEBUG rally_openstack.cleanup.manager [-] Deleting neutron.network object s_rally_a93fac96_BNxb5eBE (d473700b-e2ee-4747-aa9d-95341abd2aaa)
2019-06-20 09:25:17.856 22705 RALLYDEBUG rally_openstack.cleanup.manager [-] Deleting neutron.network object s_rally_a93fac96_GVivvoA2 (d82cc8bd-1851-45c9-9258-e87e4b6fcec2)
2019-06-20 09:25:17.937 22705 RALLYDEBUG rally_openstack.cleanup.manager [-] Deleting neutron.network object s_rally_a93fac96_yuqUBLnq (da4fd274-8eba-402e-b919-c2a752175a02)
2019-06-20 09:25:18.006 22705 RALLYDEBUG rally_openstack.cleanup.manager [-] Deleting neutron.network object s_rally_a93fac96_F4HkV1qp (dcf2ad77-c6e2-40f3-b6d0-9aa8762a152c)
2019-06-20 09:25:18.812 22705 RALLYDEBUG rally_openstack.cleanup.manager [-] Deleting neutron.network object s_rally_a93fac96_7nn6QgnU (e261e574-ca1e-4004-adaf-9153dae78289)
2019-06-20 09:25:18.828 22705 RALLYDEBUG rally_openstack.cleanup.manager [-] Deleting neutron.network object s_rally_a93fac96_gDr73Dtn (e4b5ad95-2d10-45fb-bef3-f6c02827a634)
2019-06-20 09:25:18.873 22705 RALLYDEBUG rally_openstack.cleanup.manager [-] Deleting neutron.network object s_rally_a93fac96_trK7ab3F (e6ac54dd-578d-4f12-9a08-6c174f035181)
2019-06-20 09:25:18.988 22705 RALLYDEBUG rally_openstack.cleanup.manager [-] Deleting neutron.network object s_rally_a93fac96_Y3VPMovq (e7650346-7949-4559-9423-07970b7b498c)
2019-06-20 09:25:19.011 22705 RALLYDEBUG rally_openstack.cleanup.manager [-] Deleting neutron.network object s_rally_a93fac96_SFd8Ad3v (e93df8c0-3348-4817-b7c0-1bd907b8b48c)
2019-06-20 09:25:19.200 22705 RALLYDEBUG rally_openstack.cleanup.manager [-] Deleting neutron.network object s_rally_a93fac96_LIe4vzhP (eafbc455-3f31-4924-9f0a-791d4ec0694b)
