2019-06-20 09:30:31.612 24803 WARNING rally_openstack.scenarios.neutron.utils [-] Running this scenario without either the 'network' or 'existing_network' context is deprecated
2019-06-20 09:30:31.604 24799 WARNING rally_openstack.scenarios.neutron.utils [-] Running this scenario without either the 'network' or 'existing_network' context is deprecated
2019-06-20 09:30:31.613 24812 RALLYDEBUG rally.task.runner [-] Starting a worker. concurrency: 1 args: {"network_create_args": {}, "subnet_create_args": {}, "subnet_cidr_start": "1.1.0.0/30", "subnets_per_network": 2} times: 40 method_name: run timeout: 0 duration: None cls:
2019-06-20 09:30:31.616 24802 INFO rally.task.runner [-] Task cf8ea206-5d68-4107-bf35-6319b3e70117 | ITER: 9 START
2019-06-20 09:30:31.616 24801 INFO rally.task.runner [-] Task cf8ea206-5d68-4107-bf35-6319b3e70117 | ITER: 7 START
2019-06-20 09:30:31.616 24802 WARNING rally_openstack.scenarios.neutron.utils [-] Running this scenario without either the 'network' or 'existing_network' context is deprecated
2019-06-20 09:30:31.616 24819 RALLYDEBUG rally.task.runner [-] Starting a worker. concurrency: 1 args: {"network_create_args": {}, "subnet_create_args": {}, "subnet_cidr_start": "1.1.0.0/30", "subnets_per_network": 2} times: 40 method_name: run timeout: 0 duration: None cls:
2019-06-20 09:30:31.617 24801 WARNING rally_openstack.scenarios.neutron.utils [-] Running this scenario without either the 'network' or 'existing_network' context is deprecated
2019-06-20 09:30:31.617 24800 INFO rally.task.runner [-] Task cf8ea206-5d68-4107-bf35-6319b3e70117 | ITER: 4 START
2019-06-20 09:30:31.620 24812 INFO rally.task.runner [-] Task cf8ea206-5d68-4107-bf35-6319b3e70117 | ITER: 11 START
2019-06-20 09:30:31.620 24800 WARNING rally_openstack.scenarios.neutron.utils [-] Running this scenario without either the 'network' or 'existing_network' context is deprecated
2019-06-20 09:30:31.622 24812 WARNING rally_openstack.scenarios.neutron.utils [-] Running this scenario without either the 'network' or 'existing_network' context is deprecated
2019-06-20 09:30:31.624 24819 INFO rally.task.runner [-] Task cf8ea206-5d68-4107-bf35-6319b3e70117 | ITER: 12 START
2019-06-20 09:30:31.624 24822 RALLYDEBUG rally.task.runner [-] Starting a worker. concurrency: 1 args: {"network_create_args": {}, "subnet_create_args": {}, "subnet_cidr_start": "1.1.0.0/30", "subnets_per_network": 2} times: 40 method_name: run timeout: 0 duration: None cls:
2019-06-20 09:30:31.625 24819 WARNING rally_openstack.scenarios.neutron.utils [-] Running this scenario without either the 'network' or 'existing_network' context is deprecated
2019-06-20 09:30:31.624 24824 RALLYDEBUG rally.task.runner [-] Starting a worker. concurrency: 1 args: {"network_create_args": {}, "subnet_create_args": {}, "subnet_cidr_start": "1.1.0.0/30", "subnets_per_network": 2} times: 40 method_name: run timeout: 0 duration: None cls:
2019-06-20 09:30:31.630 24822 INFO rally.task.runner [-] Task cf8ea206-5d68-4107-bf35-6319b3e70117 | ITER: 13 START
2019-06-20 09:30:31.631 24824 INFO rally.task.runner [-] Task cf8ea206-5d68-4107-bf35-6319b3e70117 | ITER: 14 START
2019-06-20 09:30:31.631 24822 WARNING rally_openstack.scenarios.neutron.utils [-] Running this scenario without either the 'network' or 'existing_network' context is deprecated
2019-06-20 09:30:31.632 24824 WARNING rally_openstack.scenarios.neutron.utils [-] Running this scenario without either the 'network' or 'existing_network' context is deprecated
2019-06-20 09:30:31.632 24829 RALLYDEBUG rally.task.runner [-] Starting a worker. concurrency: 1 args: {"network_create_args": {}, "subnet_create_args": {}, "subnet_cidr_start": "1.1.0.0/30", "subnets_per_network": 2} times: 40 method_name: run timeout: 0 duration: None cls:
2019-06-20 09:30:31.637 24834 RALLYDEBUG rally.task.runner [-] Starting a worker. concurrency: 1 args: {"network_create_args": {}, "subnet_create_args": {}, "subnet_cidr_start": "1.1.0.0/30", "subnets_per_network": 2} times: 40 method_name: run timeout: 0 duration: None cls:
2019-06-20 09:30:31.643 24834 INFO rally.task.runner [-] Task cf8ea206-5d68-4107-bf35-6319b3e70117 | ITER: 16 START
2019-06-20 09:30:31.643 24829 INFO rally.task.runner [-] Task cf8ea206-5d68-4107-bf35-6319b3e70117 | ITER: 15 START
2019-06-20 09:30:31.645 24834 WARNING rally_openstack.scenarios.neutron.utils [-] Running this scenario without either the 'network' or 'existing_network' context is deprecated
2019-06-20 09:30:31.645 24829 WARNING rally_openstack.scenarios.neutron.utils [-] Running this scenario without either the 'network' or 'existing_network' context is deprecated
2019-06-20 09:30:31.648 24836 RALLYDEBUG rally.task.runner [-] Starting a worker. concurrency: 1 args: {"network_create_args": {}, "subnet_create_args": {}, "subnet_cidr_start": "1.1.0.0/30", "subnets_per_network": 2} times: 40 method_name: run timeout: 0 duration: None cls:
2019-06-20 09:30:31.651 24840 RALLYDEBUG rally.task.runner [-] Starting a worker. concurrency: 1 args: {"network_create_args": {}, "subnet_create_args": {}, "subnet_cidr_start": "1.1.0.0/30", "subnets_per_network": 2} times: 40 method_name: run timeout: 0 duration: None cls:
2019-06-20 09:30:31.655 24836 INFO rally.task.runner [-] Task cf8ea206-5d68-4107-bf35-6319b3e70117 | ITER: 17 START
2019-06-20 09:30:31.656 24836 WARNING rally_openstack.scenarios.neutron.utils [-] Running this scenario without either the 'network' or 'existing_network' context is deprecated
2019-06-20 09:30:31.657 24840 INFO rally.task.runner [-] Task cf8ea206-5d68-4107-bf35-6319b3e70117 | ITER: 18 START
2019-06-20 09:30:31.658 24840 WARNING rally_openstack.scenarios.neutron.utils [-] Running this scenario without either the 'network' or 'existing_network' context is deprecated
2019-06-20 09:30:31.658 24841 RALLYDEBUG rally.task.runner [-] Starting a worker. concurrency: 1 args: {"network_create_args": {}, "subnet_create_args": {}, "subnet_cidr_start": "1.1.0.0/30", "subnets_per_network": 2} times: 40 method_name: run timeout: 0 duration: None cls:
2019-06-20 09:30:31.664 24841 INFO rally.task.runner [-] Task cf8ea206-5d68-4107-bf35-6319b3e70117 | ITER: 19 START
2019-06-20 09:30:31.665 24841 WARNING rally_openstack.scenarios.neutron.utils [-] Running this scenario without either the 'network' or 'existing_network' context is deprecated
2019-06-20 09:30:31.665 24846 RALLYDEBUG rally.task.runner [-] Starting a worker. concurrency: 1 args: {"network_create_args": {}, "subnet_create_args": {}, "subnet_cidr_start": "1.1.0.0/30", "subnets_per_network": 2} times: 40 method_name: run timeout: 0 duration: None cls:
2019-06-20 09:30:31.669 24846 INFO rally.task.runner [-] Task cf8ea206-5d68-4107-bf35-6319b3e70117 | ITER: 20 START
2019-06-20 09:30:31.670 24846 WARNING rally_openstack.scenarios.neutron.utils [-] Running this scenario without either the 'network' or 'existing_network' context is deprecated
2019-06-20 09:30:33.351 24819 RALLYDEBUG rally_openstack.wrappers.network [-] CIDR generated: 1.1.4.96/30
2019-06-20 09:30:33.365 24803 RALLYDEBUG rally_openstack.wrappers.network [-] CIDR generated: 1.1.4.100/30
2019-06-20 09:30:33.457 24812 RALLYDEBUG rally_openstack.wrappers.network [-] CIDR generated: 1.1.4.104/30
2019-06-20 09:30:33.595 24822 RALLYDEBUG rally_openstack.wrappers.network [-] CIDR generated: 1.1.4.108/30
2019-06-20 09:30:33.632 24799 RALLYDEBUG rally_openstack.wrappers.network [-] CIDR generated: 1.1.4.112/30
2019-06-20 09:30:33.670 24801 RALLYDEBUG rally_openstack.wrappers.network [-] CIDR generated: 1.1.4.116/30
2019-06-20 09:30:33.736 24840 RALLYDEBUG rally_openstack.wrappers.network [-] CIDR generated: 1.1.4.120/30
2019-06-20 09:30:33.756 24846 RALLYDEBUG rally_openstack.wrappers.network [-] CIDR generated: 1.1.4.124/30
2019-06-20 09:30:33.759 24800 RALLYDEBUG rally_openstack.wrappers.network [-] CIDR generated: 1.1.4.128/30
2019-06-20 09:30:33.768 24799 RALLYDEBUG rally_openstack.wrappers.network [-] CIDR generated: 1.1.4.132/30
2019-06-20 09:30:33.933 24834 RALLYDEBUG rally_openstack.wrappers.network [-] CIDR generated: 1.1.4.136/30
2019-06-20 09:30:33.937 24802 RALLYDEBUG rally_openstack.wrappers.network [-] CIDR generated: 1.1.4.140/30
2019-06-20 09:30:34.115 24802 RALLYDEBUG rally_openstack.wrappers.network [-] CIDR generated: 1.1.4.144/30
2019-06-20 09:30:34.273 24841 RALLYDEBUG rally_openstack.wrappers.network [-] CIDR generated: 1.1.4.148/30
2019-06-20 09:30:34.279 24829 RALLYDEBUG rally_openstack.wrappers.network [-] CIDR generated: 1.1.4.152/30
2019-06-20 09:30:34.303 24808 RALLYDEBUG rally_openstack.wrappers.network [-] CIDR generated: 1.1.4.156/30
2019-06-20 09:30:34.304 24801 RALLYDEBUG rally_openstack.wrappers.network [-] CIDR generated: 1.1.4.160/30
2019-06-20 09:30:34.497 24824 RALLYDEBUG rally_openstack.wrappers.network [-] CIDR generated: 1.1.4.164/30
2019-06-20 09:30:34.524 24836 RALLYDEBUG rally_openstack.wrappers.network [-] CIDR generated: 1.1.4.168/30
2019-06-20 09:30:34.715 24846 RALLYDEBUG rally_openstack.wrappers.network [-] CIDR generated: 1.1.4.172/30
2019-06-20 09:30:34.751 24800 RALLYDEBUG rally_openstack.wrappers.network [-] CIDR generated: 1.1.4.176/30
2019-06-20 09:30:35.168 24803 RALLYDEBUG rally_openstack.wrappers.network [-] CIDR generated: 1.1.4.180/30
2019-06-20 09:30:35.394 24799 RALLYDEBUG rally_openstack.wrappers.network [-] CIDR generated: 1.1.4.184/30
2019-06-20 09:30:35.639 24819 RALLYDEBUG rally_openstack.wrappers.network [-] CIDR generated: 1.1.4.188/30
2019-06-20 09:30:35.683 24812 RALLYDEBUG rally_openstack.wrappers.network [-] CIDR generated: 1.1.4.192/30
2019-06-20 09:30:35.925 24822 RALLYDEBUG rally_openstack.wrappers.network [-] CIDR generated: 1.1.4.196/30
2019-06-20 09:30:36.032 24799 RALLYDEBUG rally_openstack.wrappers.network [-] CIDR generated: 1.1.4.200/30
2019-06-20 09:30:36.148 24801 RALLYDEBUG rally_openstack.wrappers.network [-] CIDR generated: 1.1.4.204/30
2019-06-20 09:30:36.174 24840 RALLYDEBUG rally_openstack.wrappers.network [-] CIDR generated: 1.1.4.208/30
2019-06-20 09:30:36.348 24834 RALLYDEBUG rally_openstack.wrappers.network [-] CIDR generated: 1.1.4.212/30
2019-06-20 09:30:36.721 24829 RALLYDEBUG rally_openstack.wrappers.network [-] CIDR generated: 1.1.4.216/30
2019-06-20 09:30:38.473 24800 RALLYDEBUG rally_openstack.wrappers.network [-] CIDR generated: 1.1.4.220/30
2019-06-20 09:30:38.698 24841 RALLYDEBUG rally_openstack.wrappers.network [-] CIDR generated: 1.1.4.224/30
2019-06-20 09:30:38.875 24824 RALLYDEBUG rally_openstack.wrappers.network [-] CIDR generated: 1.1.4.228/30
2019-06-20 09:30:38.886 24836 RALLYDEBUG rally_openstack.wrappers.network [-] CIDR generated: 1.1.4.232/30
2019-06-20 09:30:39.933 24846 INFO rally.task.runner [-] Task cf8ea206-5d68-4107-bf35-6319b3e70117 | ITER: 20 END: OK
2019-06-20 09:30:39.937 24846 INFO rally.task.runner [-] Task cf8ea206-5d68-4107-bf35-6319b3e70117 | ITER: 21 START
2019-06-20 09:30:39.938 24846 WARNING rally_openstack.scenarios.neutron.utils [-] Running this scenario without either the 'network' or 'existing_network' context is deprecated
2019-06-20 09:30:40.499 24801 RALLYDEBUG rally_openstack.wrappers.network [-] CIDR generated: 1.1.4.236/30
2019-06-20 09:30:40.603 24802 RALLYDEBUG rally_openstack.wrappers.network [-] CIDR generated: 1.1.4.240/30
2019-06-20 09:30:40.710 24802 RALLYDEBUG rally_openstack.wrappers.network [-] CIDR generated: 1.1.4.244/30
2019-06-20 09:30:41.097 24846 RALLYDEBUG rally_openstack.wrappers.network [-] CIDR generated: 1.1.4.248/30
2019-06-20 09:30:41.217 24840 INFO rally.task.runner [-] Task cf8ea206-5d68-4107-bf35-6319b3e70117 | ITER: 18 END: OK
2019-06-20 09:30:41.219 24834 INFO rally.task.runner [-] Task cf8ea206-5d68-4107-bf35-6319b3e70117 | ITER: 16 END: OK
2019-06-20 09:30:41.221 24840 INFO rally.task.runner [-] Task cf8ea206-5d68-4107-bf35-6319b3e70117 | ITER: 22 START
2019-06-20 09:30:41.222 24840 WARNING rally_openstack.scenarios.neutron.utils [-] Running this scenario without either the 'network' or 'existing_network' context is deprecated
2019-06-20 09:30:41.223 24834 INFO rally.task.runner [-] Task cf8ea206-5d68-4107-bf35-6319b3e70117 | ITER: 23 START
2019-06-20 09:30:41.224 24834 WARNING rally_openstack.scenarios.neutron.utils [-] Running this scenario without either the 'network' or 'existing_network' context is deprecated
2019-06-20 09:30:41.276 24808 RALLYDEBUG rally_openstack.wrappers.network [-] CIDR generated: 1.1.4.252/30
2019-06-20 09:30:41.412 24800 RALLYDEBUG rally_openstack.wrappers.network [-] CIDR generated: 1.1.5.0/30
2019-06-20 09:30:41.961 24803 INFO rally.task.runner [-] Task cf8ea206-5d68-4107-bf35-6319b3e70117 | ITER: 8 END: OK
2019-06-20 09:30:41.965 24803 INFO rally.task.runner [-] Task cf8ea206-5d68-4107-bf35-6319b3e70117 | ITER: 24 START
2019-06-20 09:30:41.966 24803 WARNING rally_openstack.scenarios.neutron.utils [-] Running this scenario without either the 'network' or 'existing_network' context is deprecated
2019-06-20 09:30:42.274 24840 RALLYDEBUG rally_openstack.wrappers.network [-] CIDR generated: 1.1.5.4/30
2019-06-20 09:30:42.384 24829 INFO rally.task.runner [-] Task cf8ea206-5d68-4107-bf35-6319b3e70117 | ITER: 15 END: OK
2019-06-20 09:30:42.388 24829 INFO rally.task.runner [-] Task cf8ea206-5d68-4107-bf35-6319b3e70117 | ITER: 25 START
2019-06-20 09:30:42.389 24829 WARNING rally_openstack.scenarios.neutron.utils [-] Running this scenario without either the 'network' or 'existing_network' context is deprecated
2019-06-20 09:30:42.416 24846 RALLYDEBUG rally_openstack.wrappers.network [-] CIDR generated: 1.1.5.8/30
2019-06-20 09:30:42.612 24799 INFO rally.task.runner [-] Task cf8ea206-5d68-4107-bf35-6319b3e70117 | ITER: 3 END: OK
2019-06-20 09:30:42.617 24799 INFO rally.task.runner [-] Task cf8ea206-5d68-4107-bf35-6319b3e70117 | ITER: 26 START
2019-06-20 09:30:42.617 24799 WARNING rally_openstack.scenarios.neutron.utils [-] Running this scenario without either the 'network' or 'existing_network' context is deprecated
2019-06-20 09:30:42.674 24812 INFO rally.task.runner [-] Task cf8ea206-5d68-4107-bf35-6319b3e70117 | ITER: 11 END: OK
2019-06-20 09:30:42.678 24812 INFO rally.task.runner [-] Task cf8ea206-5d68-4107-bf35-6319b3e70117 | ITER: 27 START
2019-06-20 09:30:42.679 24812 WARNING rally_openstack.scenarios.neutron.utils [-] Running this scenario without either the 'network' or 'existing_network' context is deprecated
2019-06-20 09:30:42.769 24819 INFO rally.task.runner [-] Task cf8ea206-5d68-4107-bf35-6319b3e70117 | ITER: 12 END: OK
2019-06-20 09:30:42.774 24819 INFO rally.task.runner [-] Task cf8ea206-5d68-4107-bf35-6319b3e70117 | ITER: 28 START
2019-06-20 09:30:42.774 24819 WARNING rally_openstack.scenarios.neutron.utils [-] Running this scenario without either the 'network' or 'existing_network' context is deprecated
2019-06-20 09:30:42.907 24822 INFO rally.task.runner [-] Task cf8ea206-5d68-4107-bf35-6319b3e70117 | ITER: 13 END: OK
2019-06-20 09:30:42.911 24822 INFO rally.task.runner [-] Task cf8ea206-5d68-4107-bf35-6319b3e70117 | ITER: 29 START
2019-06-20 09:30:42.912 24822 WARNING rally_openstack.scenarios.neutron.utils [-] Running this scenario without either the 'network' or 'existing_network' context is deprecated
2019-06-20 09:30:42.963 24799 INFO rally.task.runner [-] Task cf8ea206-5d68-4107-bf35-6319b3e70117 | ITER: 1 END: OK
2019-06-20 09:30:42.966 24799 INFO rally.task.runner [-] Task cf8ea206-5d68-4107-bf35-6319b3e70117 | ITER: 30 START
2019-06-20 09:30:42.966 24799 WARNING rally_openstack.scenarios.neutron.utils [-] Running this scenario without either the 'network' or 'existing_network' context is deprecated
2019-06-20 09:30:43.190 24801 INFO rally.task.runner [-] Task cf8ea206-5d68-4107-bf35-6319b3e70117 | ITER: 5 END: OK
2019-06-20 09:30:43.195 24801 INFO rally.task.runner [-] Task cf8ea206-5d68-4107-bf35-6319b3e70117 | ITER: 31 START
2019-06-20 09:30:43.196 24801 WARNING rally_openstack.scenarios.neutron.utils [-] Running this scenario without either the 'network' or 'existing_network' context is deprecated
2019-06-20 09:30:43.328 24834 RALLYDEBUG rally_openstack.wrappers.network [-] CIDR generated: 1.1.5.12/30
2019-06-20 09:30:43.747 24803 RALLYDEBUG rally_openstack.wrappers.network [-] CIDR generated: 1.1.5.16/30
2019-06-20 09:30:43.893 24829 RALLYDEBUG rally_openstack.wrappers.network [-] CIDR generated: 1.1.5.20/30
2019-06-20 09:30:44.131 24799 RALLYDEBUG rally_openstack.wrappers.network [-] CIDR generated: 1.1.5.24/30
2019-06-20 09:30:44.197 24819 RALLYDEBUG rally_openstack.wrappers.network [-] CIDR generated: 1.1.5.28/30
2019-06-20 09:30:44.725 24822 RALLYDEBUG rally_openstack.wrappers.network [-] CIDR generated: 1.1.5.32/30
2019-06-20 09:30:44.748 24840 RALLYDEBUG rally_openstack.wrappers.network [-] CIDR generated: 1.1.5.36/30
2019-06-20 09:30:44.875 24803 RALLYDEBUG rally_openstack.wrappers.network [-] CIDR generated: 1.1.5.40/30
2019-06-20 09:30:46.457 24799 RALLYDEBUG rally_openstack.wrappers.network [-] CIDR generated: 1.1.5.44/30
2019-06-20 09:30:46.457 24812 RALLYDEBUG rally_openstack.wrappers.network [-] CIDR generated: 1.1.5.48/30
2019-06-20 09:30:46.592 24819 RALLYDEBUG rally_openstack.wrappers.network [-] CIDR generated: 1.1.5.52/30
2019-06-20 09:30:46.635 24834 RALLYDEBUG rally_openstack.wrappers.network [-] CIDR generated: 1.1.5.56/30
2019-06-20 09:30:46.651 24829 RALLYDEBUG rally_openstack.wrappers.network [-] CIDR generated: 1.1.5.60/30
2019-06-20 09:30:46.745 24801 RALLYDEBUG rally_openstack.wrappers.network [-] CIDR generated: 1.1.5.64/30
2019-06-20 09:30:47.053 24841 INFO rally.task.runner [-] Task cf8ea206-5d68-4107-bf35-6319b3e70117 | ITER: 19 END: OK
2019-06-20 09:30:47.055 24800 INFO rally.task.runner [-] Task cf8ea206-5d68-4107-bf35-6319b3e70117 | ITER: 4 END: OK
2019-06-20 09:30:47.058 24841 INFO rally.task.runner [-] Task cf8ea206-5d68-4107-bf35-6319b3e70117 | ITER: 32 START
2019-06-20 09:30:47.059 24841 WARNING rally_openstack.scenarios.neutron.utils [-] Running this scenario without either the 'network' or 'existing_network' context is deprecated
2019-06-20 09:30:47.060 24800 INFO rally.task.runner [-] Task cf8ea206-5d68-4107-bf35-6319b3e70117 | ITER: 33 START
2019-06-20 09:30:47.060 24800 WARNING rally_openstack.scenarios.neutron.utils [-] Running this scenario without either the 'network' or 'existing_network' context is deprecated
2019-06-20 09:30:47.755 24822 RALLYDEBUG rally_openstack.wrappers.network [-] CIDR generated: 1.1.5.68/30
2019-06-20 09:30:48.189 24846 INFO rally.task.runner [-] Task cf8ea206-5d68-4107-bf35-6319b3e70117 | ITER: 21 END: OK
2019-06-20 09:30:48.193 24846 INFO rally.task.runner [-] Task cf8ea206-5d68-4107-bf35-6319b3e70117 | ITER: 34 START
2019-06-20 09:30:48.194 24846 WARNING rally_openstack.scenarios.neutron.utils [-] Running this scenario without either the 'network' or 'existing_network' context is deprecated
2019-06-20 09:30:48.528 24841 RALLYDEBUG rally_openstack.wrappers.network [-] CIDR generated: 1.1.5.72/30
2019-06-20 09:30:48.660 24836 INFO rally.task.runner [-] Task cf8ea206-5d68-4107-bf35-6319b3e70117 | ITER: 17 END: OK
2019-06-20 09:30:48.665 24836 INFO rally.task.runner [-] Task cf8ea206-5d68-4107-bf35-6319b3e70117 | ITER: 35 START
2019-06-20 09:30:48.665 24836 WARNING rally_openstack.scenarios.neutron.utils [-] Running this scenario without either the 'network' or 'existing_network' context is deprecated
2019-06-20 09:30:48.671 24824 INFO rally.task.runner [-] Task cf8ea206-5d68-4107-bf35-6319b3e70117 | ITER: 14 END: OK
2019-06-20 09:30:48.676 24824 INFO rally.task.runner [-] Task cf8ea206-5d68-4107-bf35-6319b3e70117 | ITER: 36 START
2019-06-20 09:30:48.676 24824 WARNING rally_openstack.scenarios.neutron.utils [-] Running this scenario without either the 'network' or 'existing_network' context is deprecated
2019-06-20 09:30:48.716 24812 RALLYDEBUG rally_openstack.wrappers.network [-] CIDR generated: 1.1.5.76/30
2019-06-20 09:30:48.785 24800 RALLYDEBUG rally_openstack.wrappers.network [-] CIDR generated: 1.1.5.80/30
2019-06-20 09:30:49.009 24799 RALLYDEBUG rally_openstack.wrappers.network [-] CIDR generated: 1.1.5.84/30
2019-06-20 09:30:49.903 24846 RALLYDEBUG rally_openstack.wrappers.network [-] CIDR generated: 1.1.5.88/30
2019-06-20 09:30:50.010 24819 INFO rally.task.runner [-] Task cf8ea206-5d68-4107-bf35-6319b3e70117 | ITER: 28 END: OK
2019-06-20 09:30:50.014 24819 INFO rally.task.runner [-] Task cf8ea206-5d68-4107-bf35-6319b3e70117 | ITER: 37 START
2019-06-20 09:30:50.014 24819 WARNING rally_openstack.scenarios.neutron.utils [-] Running this scenario without either the 'network' or 'existing_network' context is deprecated
2019-06-20 09:30:50.214 24824 RALLYDEBUG rally_openstack.wrappers.network [-] CIDR generated: 1.1.5.92/30
2019-06-20 09:30:50.271 24799 RALLYDEBUG rally_openstack.wrappers.network [-] CIDR generated: 1.1.5.96/30
2019-06-20 09:30:50.371 24803 INFO rally.task.runner [-] Task cf8ea206-5d68-4107-bf35-6319b3e70117 | ITER: 24 END: OK
2019-06-20 09:30:50.374 24803 INFO rally.task.runner [-] Task cf8ea206-5d68-4107-bf35-6319b3e70117 | ITER: 38 START
2019-06-20 09:30:50.375 24803 WARNING rally_openstack.scenarios.neutron.utils [-] Running this scenario without either the 'network' or 'existing_network' context is deprecated
2019-06-20 09:30:50.381 24801 RALLYDEBUG rally_openstack.wrappers.network [-] CIDR generated: 1.1.5.100/30
2019-06-20 09:30:50.934 24841 RALLYDEBUG rally_openstack.wrappers.network [-] CIDR generated: 1.1.5.104/30
2019-06-20 09:30:51.338 24836 RALLYDEBUG rally_openstack.wrappers.network [-] CIDR generated: 1.1.5.108/30
2019-06-20 09:30:51.501 24800 RALLYDEBUG rally_openstack.wrappers.network [-] CIDR generated: 1.1.5.112/30
2019-06-20 09:30:51.641 24840 INFO rally.task.runner [-] Task cf8ea206-5d68-4107-bf35-6319b3e70117 | ITER: 22 END: OK
2019-06-20 09:30:51.645 24840 INFO rally.task.runner [-] Task cf8ea206-5d68-4107-bf35-6319b3e70117 | ITER: 39 START
2019-06-20 09:30:51.646 24840 WARNING rally_openstack.scenarios.neutron.utils [-] Running this scenario without either the 'network' or 'existing_network' context is deprecated
2019-06-20 09:30:52.031 24824 RALLYDEBUG rally_openstack.wrappers.network [-] CIDR generated: 1.1.5.116/30
2019-06-20 09:30:52.226 24846 RALLYDEBUG rally_openstack.wrappers.network [-] CIDR generated: 1.1.5.120/30
2019-06-20 09:30:52.240 24803 RALLYDEBUG rally_openstack.wrappers.network [-] CIDR generated: 1.1.5.124/30
2019-06-20 09:30:52.334 24819 RALLYDEBUG rally_openstack.wrappers.network [-] CIDR generated: 1.1.5.128/30
2019-06-20 09:30:52.375 24834 INFO rally.task.runner [-] Task cf8ea206-5d68-4107-bf35-6319b3e70117 | ITER: 23 END: OK
2019-06-20 09:30:52.379 24834 INFO rally.task.runner [-] Task cf8ea206-5d68-4107-bf35-6319b3e70117 | ITER: 40 START
2019-06-20 09:30:52.380 24834 WARNING rally_openstack.scenarios.neutron.utils [-] Running this scenario without either the 'network' or 'existing_network' context is deprecated
2019-06-20 09:30:52.836 24829 INFO rally.task.runner [-] Task cf8ea206-5d68-4107-bf35-6319b3e70117 | ITER: 25 END: OK
2019-06-20 09:30:53.971 24840 RALLYDEBUG rally_openstack.wrappers.network [-] CIDR generated: 1.1.5.132/30
2019-06-20 09:30:54.044 24822 INFO rally.task.runner [-] Task cf8ea206-5d68-4107-bf35-6319b3e70117 | ITER: 29 END: OK
2019-06-20 09:30:54.074 24812 INFO rally.task.runner [-] Task cf8ea206-5d68-4107-bf35-6319b3e70117 | ITER: 27 END: OK
2019-06-20 09:30:54.325 24803 RALLYDEBUG rally_openstack.wrappers.network [-] CIDR generated: 1.1.5.136/30
2019-06-20 09:30:54.632 24834 RALLYDEBUG rally_openstack.wrappers.network [-] CIDR generated: 1.1.5.140/30
2019-06-20 09:30:54.726 24819 RALLYDEBUG rally_openstack.wrappers.network [-] CIDR generated: 1.1.5.144/30
2019-06-20 09:30:55.806 24841 INFO rally.task.runner [-] Task cf8ea206-5d68-4107-bf35-6319b3e70117 | ITER: 32 END: OK
2019-06-20 09:30:56.011 24801 INFO rally.task.runner [-] Task cf8ea206-5d68-4107-bf35-6319b3e70117 | ITER: 7 END: OK
2019-06-20 09:30:56.154 24800 INFO rally.task.runner [-] Task cf8ea206-5d68-4107-bf35-6319b3e70117 | ITER: 2 END: OK
2019-06-20 09:30:56.335 24824 INFO rally.task.runner [-] Task cf8ea206-5d68-4107-bf35-6319b3e70117 | ITER: 36 END: OK
2019-06-20 09:30:56.698 24834 RALLYDEBUG rally_openstack.wrappers.network [-] CIDR generated: 1.1.5.148/30
2019-06-20 09:30:56.726 24846 INFO rally.task.runner [-] Task cf8ea206-5d68-4107-bf35-6319b3e70117 | ITER: 34 END: OK
2019-06-20 09:30:57.280 24800 INFO rally.task.runner [-] Task cf8ea206-5d68-4107-bf35-6319b3e70117 | ITER: 33 END: OK
2019-06-20 09:30:57.293 24840 RALLYDEBUG rally_openstack.wrappers.network [-] CIDR generated: 1.1.5.152/30
2019-06-20 09:30:57.300 24836 RALLYDEBUG rally_openstack.wrappers.network [-] CIDR generated: 1.1.5.156/30
2019-06-20 09:30:57.713 24803 INFO rally.task.runner [-] Task cf8ea206-5d68-4107-bf35-6319b3e70117 | ITER: 38 END: OK
2019-06-20 09:30:58.013 24819 INFO rally.task.runner [-] Task cf8ea206-5d68-4107-bf35-6319b3e70117 | ITER: 37 END: OK
2019-06-20 09:30:58.380 24802 INFO rally.task.runner [-] Task cf8ea206-5d68-4107-bf35-6319b3e70117 | ITER: 9 END: OK
2019-06-20 09:30:58.381 24808 INFO rally.task.runner [-] Task cf8ea206-5d68-4107-bf35-6319b3e70117 | ITER: 10 END: OK
2019-06-20 09:30:58.383 24802 INFO rally.task.runner [-] Task cf8ea206-5d68-4107-bf35-6319b3e70117 | ITER: 6 END: OK
2019-06-20 09:31:00.168 24834 INFO rally.task.runner [-] Task cf8ea206-5d68-4107-bf35-6319b3e70117 | ITER: 40 END: OK
2019-06-20 09:31:00.437 24840 INFO rally.task.runner [-] Task cf8ea206-5d68-4107-bf35-6319b3e70117 | ITER: 39 END: OK
2019-06-20 09:31:01.800 24799 INFO rally.task.runner [-] Task cf8ea206-5d68-4107-bf35-6319b3e70117 | ITER: 26 END: OK
2019-06-20 09:31:05.179 24801 INFO rally.task.runner [-] Task cf8ea206-5d68-4107-bf35-6319b3e70117 | ITER: 31 END: OK
2019-06-20 09:31:05.399 24799 INFO rally.task.runner [-] Task cf8ea206-5d68-4107-bf35-6319b3e70117 | ITER: 30 END: OK
2019-06-20 09:31:05.817 24836 INFO rally.task.runner [-] Task cf8ea206-5d68-4107-bf35-6319b3e70117 | ITER: 35 END: OK
2019-06-20 09:31:05.846 22705 INFO rally.task.context [-] Task cf8ea206-5d68-4107-bf35-6319b3e70117 | Context cleanup@openstack cleanup() started
2019-06-20 09:31:05.849 22705 RALLYDEBUG rally_openstack.cleanup.manager [-] Cleaning up neutron vip objects
2019-06-20 09:31:06.531 22705 RALLYDEBUG rally_openstack.cleanup.manager [-] Cleaning up neutron health_monitor objects
2019-06-20 09:31:07.268 22705 RALLYDEBUG rally_openstack.cleanup.manager [-] Cleaning up neutron pool objects
2019-06-20 09:31:07.882 22705 RALLYDEBUG rally_openstack.cleanup.manager [-] Cleaning up neutron loadbalancer objects
2019-06-20 09:31:08.579 22705 RALLYDEBUG rally_openstack.cleanup.manager [-] Cleaning up neutron floatingip objects
2019-06-20 09:31:09.441 22705 RALLYDEBUG rally_openstack.cleanup.manager [-] Cleaning up neutron port objects
2019-06-20 09:31:10.147 22705 RALLYDEBUG rally_openstack.cleanup.manager [-] Cleaning up neutron subnet objects
2019-06-20 09:31:10.904 22705 RALLYDEBUG rally_openstack.cleanup.manager [-] Cleaning up neutron network objects
2019-06-20 09:31:11.780 22705 RALLYDEBUG rally_openstack.cleanup.manager [-] Deleting neutron.network object s_rally_e5049dae_XrEEtor9 (0235e743-68d2-433e-bc9c-62d62bba8d8c)
2019-06-20 09:31:11.790 22705 RALLYDEBUG rally_openstack.cleanup.manager [-] Deleting neutron.network object s_rally_e5049dae_3Cnef2YI (03494497-5909-4748-9b53-bcafc2f04802)
2019-06-20 09:31:11.792 22705 RALLYDEBUG rally_openstack.cleanup.manager [-] Deleting neutron.network object s_rally_e5049dae_g3wIhBxt (09e53f9c-02b2-4ccb-91af-99c3271aed4f)
2019-06-20 09:31:11.799 22705 RALLYDEBUG rally_openstack.cleanup.manager [-] Deleting neutron.network object s_rally_e5049dae_c6OEYZzG (1843bc0c-7e2b-41bb-a88a-cd1ee6341959)
2019-06-20 09:31:11.806 22705 RALLYDEBUG rally_openstack.cleanup.manager [-] Deleting neutron.network object s_rally_e5049dae_QvyKqhVj (1f73ddb7-15ea-47f6-a5d5-33aa55055f20)
2019-06-20 09:31:11.819 22705 RALLYDEBUG rally_openstack.cleanup.manager [-] Deleting neutron.network object s_rally_e5049dae_T7e75Snx (22449b19-8877-4e1e-86ab-c041258b7600)
2019-06-20 09:31:11.820 22705 RALLYDEBUG rally_openstack.cleanup.manager [-] Deleting neutron.network object s_rally_e5049dae_4inYFW4a (2532901f-dcd6-406a-bc38-714776df6385)
2019-06-20 09:31:11.828 22705 RALLYDEBUG rally_openstack.cleanup.manager [-] Deleting neutron.network object s_rally_e5049dae_XtF7pn1n (279b45bc-9d9f-4b2e-ab0b-104479f08714)
2019-06-20 09:31:11.839 22705 RALLYDEBUG rally_openstack.cleanup.manager [-] Deleting neutron.network object s_rally_e5049dae_vN2QTs2D (2ed7b0b6-0d37-4613-9a9e-e53ad8ffe468)
2019-06-20 09:31:11.851 22705 RALLYDEBUG rally_openstack.cleanup.manager [-] Deleting neutron.network object s_rally_e5049dae_TpS1NmCB (39f2ae75-7b6e-49d5-a920-f7ac8b578cb6)
2019-06-20 09:31:11.854 22705 RALLYDEBUG rally_openstack.cleanup.manager [-] Deleting neutron.network object s_rally_e5049dae_r7LdQl9g (3f492375-4696-4ef2-861f-bd36db34be2c)
2019-06-20 09:31:11.859 22705 RALLYDEBUG rally_openstack.cleanup.manager [-] Deleting neutron.network object s_rally_e5049dae_WzYhxYWd (41e9f498-40f7-42e3-aba3-a1d7dc2a3830)
2019-06-20 09:31:11.878 22705 RALLYDEBUG rally_openstack.cleanup.manager [-] Deleting neutron.network object s_rally_e5049dae_N7G9VSm0 (420adaaa-8d7e-4425-99de-c095920ece34)
2019-06-20 09:31:11.890 22705 RALLYDEBUG rally_openstack.cleanup.manager [-] Deleting neutron.network object s_rally_e5049dae_S3tYxp09 (44cc1f25-4ac6-4ea4-b60c-4375218102d8)
2019-06-20 09:31:11.895 22705 RALLYDEBUG rally_openstack.cleanup.manager [-] Deleting neutron.network object s_rally_e5049dae_4RbY3HKL (4d1ea46f-464d-442d-92cb-c45845addd44)
2019-06-20 09:31:11.898 22705 RALLYDEBUG rally_openstack.cleanup.manager [-] Deleting neutron.network object s_rally_e5049dae_Qc04gcEm (47e6bc2b-8777-4fbf-9596-b3b4618908a7)
2019-06-20 09:31:11.925 22705 RALLYDEBUG rally_openstack.cleanup.manager [-] Deleting neutron.network object s_rally_e5049dae_oueHrMGW (4df84aad-c871-4d9f-b2aa-43b633bb3cad)
2019-06-20 09:31:11.929 22705 RALLYDEBUG rally_openstack.cleanup.manager [-] Deleting neutron.network object s_rally_e5049dae_nl27RLKk (4f623b87-82c1-4034-bd97-48273ead26f1)
2019-06-20 09:31:11.931 22705 RALLYDEBUG rally_openstack.cleanup.manager [-] Deleting neutron.network object s_rally_e5049dae_p7fzLpEL (5564fd5d-85e7-4024-a5dc-5587682a7a83)
2019-06-20 09:31:11.939 22705 RALLYDEBUG rally_openstack.cleanup.manager [-] Deleting neutron.network object s_rally_e5049dae_wKTrdAAk (513b352d-ebfe-4e84-a02c-91e901a980b9)
2019-06-20 09:31:14.832 22705 RALLYDEBUG rally_openstack.cleanup.manager [-] Deleting neutron.network object s_rally_e5049dae_rdrcAJYQ (566b89c2-b151-47c4-99ab-e9b2e19d481c)
2019-06-20 09:31:14.844 22705 RALLYDEBUG rally_openstack.cleanup.manager [-] Deleting neutron.network object s_rally_e5049dae_BdAKV3l4 (58ed9196-02bc-4fe0-be7b-608e253c3830)
2019-06-20 09:31:14.896 22705 RALLYDEBUG rally_openstack.cleanup.manager [-] Deleting neutron.network object s_rally_e5049dae_9RzhJB41 (5fe2d286-ee17-4d8a-8d66-95b9f97a0f6d)
2019-06-20 09:31:15.015 22705 RALLYDEBUG rally_openstack.cleanup.manager [-] Deleting neutron.network object s_rally_e5049dae_feUXJvof (614a2073-1d90-47af-847c-81c7fd79288c)
2019-06-20 09:31:15.176 22705 RALLYDEBUG rally_openstack.cleanup.manager [-] Deleting neutron.network object s_rally_e5049dae_45rg6CBr (687a1cb7-4cfd-4a5a-ab62-10a5c3f58406)
2019-06-20 09:31:15.766 22705 RALLYDEBUG rally_openstack.cleanup.manager [-] Deleting neutron.network object s_rally_e5049dae_OkqM6aRb (6d4a4a06-7c83-4c6d-af82-35fa52095614)
2019-06-20 09:31:15.888 22705 RALLYDEBUG rally_openstack.cleanup.manager [-] Deleting neutron.network object s_rally_e5049dae_5Zste4Hf (800d0b6d-b36c-4e9f-adb1-ad588786bb4a)
2019-06-20 09:31:17.366 22705 RALLYDEBUG rally_openstack.cleanup.manager [-] Deleting neutron.network object s_rally_e5049dae_Fm6ZxrA8 (87b5ccdb-75b6-43d7-b4be-cf709a8974dd)
2019-06-20 09:31:17.371 22705 RALLYDEBUG rally_openstack.cleanup.manager [-] Deleting neutron.network object s_rally_e5049dae_5tNL2mRE (90a32a89-79c5-4c1a-bc82-af1db2f0dfdf)
2019-06-20 09:31:17.489 22705 RALLYDEBUG rally_openstack.cleanup.manager [-] Deleting neutron.network object s_rally_e5049dae_iBMmnS3t (9c0dd245-2ba0-4dc4-86c7-548cc519e154)
2019-06-20 09:31:17.957 22705 RALLYDEBUG rally_openstack.cleanup.manager [-] Deleting neutron.network object s_rally_e5049dae_ySWwkYf9 (a262b897-9a82-490b-bc3b-d2d81e52278c)
2019-06-20 09:31:18.254 22705 RALLYDEBUG rally_openstack.cleanup.manager [-] Deleting neutron.network object s_rally_e5049dae_4bccnQRA (a736c296-a06d-4754-95d5-8d50221d8d8f)
2019-06-20 09:31:18.318 22705 RALLYDEBUG rally_openstack.cleanup.manager [-] Deleting neutron.network object s_rally_e5049dae_CowLCiSL (ba781637-7b8d-4a28-8491-10f1736dd2a5)
2019-06-20 09:31:18.462 22705 RALLYDEBUG rally_openstack.cleanup.manager [-] Deleting neutron.network object s_rally_e5049dae_TQO3C7x8 (bfcfd284-8aa2-43d7-abab-76723874111e)
2019-06-20 09:31:18.954 22705 RALLYDEBUG rally_openstack.cleanup.manager [-] Deleting neutron.network object s_rally_e5049dae_kLz3WJ1Q (c3705def-f76b-4f9d-b946-0f4257bc7164)
2019-06-20 09:31:19.258 22705 RALLYDEBUG rally_openstack.cleanup.manager [-] Deleting neutron.network object s_rally_e5049dae_eT4D2IGJ (cd6f5871-29e2-4ee2-8a0b-bc0ead44cfce)
2019-06-20 09:31:19.736 22705 RALLYDEBUG rally_openstack.cleanup.manager [-] Deleting neutron.network object s_rally_e5049dae_J1ObK9eR (d0924ad5-ed90-439e-b4b4-0a5f5927eb76)
2019-06-20 09:31:20.070 22705 RALLYDEBUG rally_openstack.cleanup.manager [-] Deleting neutron.network object s_rally_e5049dae_cip9C3sR (d626160c-fab9-44bc-8816-34dfbd25b8f0)
2019-06-20 09:31:20.105 22705 RALLYDEBUG rally_openstack.cleanup.manager [-] Deleting neutron.network object s_rally_e5049dae_LFml3GqK (f46fe0c9-1460-4484-a598-3e3cae49f95d)
2019-06-20 09:31:20.230 22705 RALLYDEBUG rally_openstack.cleanup.manager [-] Deleting neutron.network object s_rally_e5049dae_C9JJY4kj (f5f2b6e8-cba7-47a7-b44f-9787a099e997)
2019-06-20 09:31:23.436 22705 RALLYDEBUG rally_openstack.cleanup.manager [-] Cleaning up neutron router objects
2019-06-20 09:31:24.306 22705 RALLYDEBUG rally_openstack.cleanup.manager [-] Cleaning up neutron security_group objects
2019-06-20 09:31:25.045 22705 INFO rally.task.context [-] Task cf8ea206-5d68-4107-bf35-6319b3e70117 | Context cleanup@openstack cleanup() finished in 19.20 sec
2019-06-20 09:31:25.045 22705 INFO rally.task.context [-] Task cf8ea206-5d68-4107-bf35-6319b3e70117 | Context quotas@openstack cleanup() started
2019-06-20 09:31:25.249 22705 INFO rally.task.context [-] Task cf8ea206-5d68-4107-bf35-6319b3e70117 | Context quotas@openstack cleanup() finished in 0.20 sec
2019-06-20 09:31:25.249 22705 INFO rally.task.context [-] Task cf8ea206-5d68-4107-bf35-6319b3e70117 | Context users@openstack cleanup() started
2019-06-20 09:31:29.710 22705 INFO rally.task.context [-] Task cf8ea206-5d68-4107-bf35-6319b3e70117 | Context users@openstack cleanup() finished in 4.46 sec
2019-06-20 09:31:30.559 22705 INFO rally.task.engine [-] Load duration is: 34.216269
2019-06-20 09:31:30.560 22705 INFO rally.task.engine [-] Full runner duration is: 34.269403
2019-06-20 09:31:30.560 22705 INFO rally.task.engine [-] Full duration is: 63.415632
2019-06-20 09:31:30.833 22705 INFO rally.task.engine [-] Running workload: position = 0 config = { "version": 2, "title": "A cropped version of a bigger task.", "description": "Auto-generated task from a single workload (uuid=c37263a1-7ab6-43b0-902c-4523a28bc0c3)", "subtasks": [ { "title": "NeutronNetworks.create_and_list_routers", "description": "Create and a given number of routers and list all routers.", "scenario": { "NeutronNetworks.create_and_list_routers": { "network_create_args": null, "subnet_create_args": null, "subnet_cidr_start": "1.1.0.0/30", "subnets_per_network": 2, "router_create_args": null } }, "contexts": { "users": { "tenants": 1, "users_per_tenant": 1 }, "quotas": { "neutron": { "network": -1, "subnet": -1, "router": -1 } } }, "runner": { "constant": { "times": 40, "concurrency": 20 } }, "hooks": [], "sla": { "failure_rate": { "max": 0 } } } ] }
2019-06-20 09:31:30.857 22705 RALLYDEBUG rally_openstack.contexts.keystone.users [-] Creating 1 tenants using 20 threads
2019-06-20 09:31:32.479 22705 RALLYDEBUG rally_openstack.contexts.keystone.users [-] Creating 1 users using 20 threads
2019-06-20 09:31:34.963 22705 INFO rally.task.context [-] Task cf8ea206-5d68-4107-bf35-6319b3e70117 | Context users@openstack setup() finished in 4.11 sec
2019-06-20 09:31:35.739 22705 INFO rally.task.context [-] Task cf8ea206-5d68-4107-bf35-6319b3e70117 | Context quotas@openstack setup() finished in 0.77 sec
2019-06-20 09:31:35.739 22705 INFO rally.task.context [-] Task cf8ea206-5d68-4107-bf35-6319b3e70117 | Context cleanup@openstack setup() finished in 0.01 msec
2019-06-20 09:31:35.747 22705 RALLYDEBUG rally.task.runner [-] Starting the constant runner (task UUID: cf8ea206-5d68-4107-bf35-6319b3e70117). timeout: 0 concurrency: 20 concurrency_per_worker: 1 times: 40 concurrency_overhead: 4 processes_to_start: 16 max_cpu_used: 16
2019-06-20 09:31:35.760 25169 RALLYDEBUG rally.task.runner [-] Starting a worker. concurrency: 2 args: {"network_create_args": null, "subnet_create_args": null, "subnet_cidr_start": "1.1.0.0/30", "subnets_per_network": 2, "router_create_args": null} times: 40 method_name: run timeout: 0 duration: None cls:
2019-06-20 09:31:35.762 25170 RALLYDEBUG rally.task.runner [-] Starting a worker. concurrency: 2 args: {"network_create_args": null, "subnet_create_args": null, "subnet_cidr_start": "1.1.0.0/30", "subnets_per_network": 2, "router_create_args": null} times: 40 method_name: run timeout: 0 duration: None cls:
2019-06-20 09:31:35.765 25171 RALLYDEBUG rally.task.runner [-] Starting a worker. concurrency: 2 args: {"network_create_args": null, "subnet_create_args": null, "subnet_cidr_start": "1.1.0.0/30", "subnets_per_network": 2, "router_create_args": null} times: 40 method_name: run timeout: 0 duration: None cls:
2019-06-20 09:31:35.766 25169 INFO rally.task.runner [-] Task cf8ea206-5d68-4107-bf35-6319b3e70117 | ITER: 1 START
2019-06-20 09:31:35.769 25172 RALLYDEBUG rally.task.runner [-] Starting a worker. concurrency: 2 args: {"network_create_args": null, "subnet_create_args": null, "subnet_cidr_start": "1.1.0.0/30", "subnets_per_network": 2, "router_create_args": null} times: 40 method_name: run timeout: 0 duration: None cls:
2019-06-20 09:31:35.771 25170 INFO rally.task.runner [-] Task cf8ea206-5d68-4107-bf35-6319b3e70117 | ITER: 2 START
2019-06-20 09:31:35.771 25171 INFO rally.task.runner [-] Task cf8ea206-5d68-4107-bf35-6319b3e70117 | ITER: 4 START
2019-06-20 09:31:35.775 25175 RALLYDEBUG rally.task.runner [-] Starting a worker. concurrency: 1 args: {"network_create_args": null, "subnet_create_args": null, "subnet_cidr_start": "1.1.0.0/30", "subnets_per_network": 2, "router_create_args": null} times: 40 method_name: run timeout: 0 duration: None cls:
2019-06-20 09:31:35.772 25170 INFO rally.task.runner [-] Task cf8ea206-5d68-4107-bf35-6319b3e70117 | ITER: 5 START
2019-06-20 09:31:35.781 25181 RALLYDEBUG rally.task.runner [-] Starting a worker. concurrency: 1 args: {"network_create_args": null, "subnet_create_args": null, "subnet_cidr_start": "1.1.0.0/30", "subnets_per_network": 2, "router_create_args": null} times: 40 method_name: run timeout: 0 duration: None cls:
2019-06-20 09:31:35.782 25175 INFO rally.task.runner [-] Task cf8ea206-5d68-4107-bf35-6319b3e70117 | ITER: 9 START
2019-06-20 09:31:35.782 25172 INFO rally.task.runner [-] Task cf8ea206-5d68-4107-bf35-6319b3e70117 | ITER: 8 START
2019-06-20 09:31:35.786 25169 INFO rally.task.runner [-] Task cf8ea206-5d68-4107-bf35-6319b3e70117 | ITER: 3 START
2019-06-20 09:31:35.781 25172 INFO rally.task.runner [-] Task cf8ea206-5d68-4107-bf35-6319b3e70117 | ITER: 7 START
2019-06-20 09:31:35.788 25181 INFO rally.task.runner [-] Task cf8ea206-5d68-4107-bf35-6319b3e70117 | ITER: 10 START
2019-06-20 09:31:35.790 25186 RALLYDEBUG rally.task.runner [-] Starting a worker. concurrency: 1 args: {"network_create_args": null, "subnet_create_args": null, "subnet_cidr_start": "1.1.0.0/30", "subnets_per_network": 2, "router_create_args": null} times: 40 method_name: run timeout: 0 duration: None cls:
2019-06-20 09:31:35.792 25171 INFO rally.task.runner [-] Task cf8ea206-5d68-4107-bf35-6319b3e70117 | ITER: 6 START
2019-06-20 09:31:35.795 25186 INFO rally.task.runner [-] Task cf8ea206-5d68-4107-bf35-6319b3e70117 | ITER: 11 START
2019-06-20 09:31:35.796 25192 RALLYDEBUG rally.task.runner [-] Starting a worker. concurrency: 1 args: {"network_create_args": null, "subnet_create_args": null, "subnet_cidr_start": "1.1.0.0/30", "subnets_per_network": 2, "router_create_args": null} times: 40 method_name: run timeout: 0 duration: None cls:
2019-06-20 09:31:35.802 25192 INFO rally.task.runner [-] Task cf8ea206-5d68-4107-bf35-6319b3e70117 | ITER: 12 START
2019-06-20 09:31:35.805 25195 RALLYDEBUG rally.task.runner [-] Starting a worker. concurrency: 1 args: {"network_create_args": null, "subnet_create_args": null, "subnet_cidr_start": "1.1.0.0/30", "subnets_per_network": 2, "router_create_args": null} times: 40 method_name: run timeout: 0 duration: None cls:
2019-06-20 09:31:35.814 25198 RALLYDEBUG rally.task.runner [-] Starting a worker. concurrency: 1 args: {"network_create_args": null, "subnet_create_args": null, "subnet_cidr_start": "1.1.0.0/30", "subnets_per_network": 2, "router_create_args": null} times: 40 method_name: run timeout: 0 duration: None cls:
2019-06-20 09:31:35.815 25195 INFO rally.task.runner [-] Task cf8ea206-5d68-4107-bf35-6319b3e70117 | ITER: 13 START
2019-06-20 09:31:35.819 25198 INFO rally.task.runner [-] Task cf8ea206-5d68-4107-bf35-6319b3e70117 | ITER: 14 START
2019-06-20 09:31:35.823 25201 RALLYDEBUG rally.task.runner [-] Starting a worker. concurrency: 1 args: {"network_create_args": null, "subnet_create_args": null, "subnet_cidr_start": "1.1.0.0/30", "subnets_per_network": 2, "router_create_args": null} times: 40 method_name: run timeout: 0 duration: None cls:
2019-06-20 09:31:35.829 25201 INFO rally.task.runner [-] Task cf8ea206-5d68-4107-bf35-6319b3e70117 | ITER: 15 START
2019-06-20 09:31:35.830 25204 RALLYDEBUG rally.task.runner [-] Starting a worker. concurrency: 1 args: {"network_create_args": null, "subnet_create_args": null, "subnet_cidr_start": "1.1.0.0/30", "subnets_per_network": 2, "router_create_args": null} times: 40 method_name: run timeout: 0 duration: None cls:
2019-06-20 09:31:35.834 25204 INFO rally.task.runner [-] Task cf8ea206-5d68-4107-bf35-6319b3e70117 | ITER: 16 START
2019-06-20 09:31:35.836 25207 RALLYDEBUG rally.task.runner [-] Starting a worker. concurrency: 1 args: {"network_create_args": null, "subnet_create_args": null, "subnet_cidr_start": "1.1.0.0/30", "subnets_per_network": 2, "router_create_args": null} times: 40 method_name: run timeout: 0 duration: None cls:
2019-06-20 09:31:35.838 25208 RALLYDEBUG rally.task.runner [-] Starting a worker. concurrency: 1 args: {"network_create_args": null, "subnet_create_args": null, "subnet_cidr_start": "1.1.0.0/30", "subnets_per_network": 2, "router_create_args": null} times: 40 method_name: run timeout: 0 duration: None cls:
2019-06-20 09:31:35.840 25211 RALLYDEBUG rally.task.runner [-] Starting a worker. concurrency: 1 args: {"network_create_args": null, "subnet_create_args": null, "subnet_cidr_start": "1.1.0.0/30", "subnets_per_network": 2, "router_create_args": null} times: 40 method_name: run timeout: 0 duration: None cls:
2019-06-20 09:31:35.841 25207 INFO rally.task.runner [-] Task cf8ea206-5d68-4107-bf35-6319b3e70117 | ITER: 17 START
2019-06-20 09:31:35.844 25208 INFO rally.task.runner [-] Task cf8ea206-5d68-4107-bf35-6319b3e70117 | ITER: 18 START
2019-06-20 09:31:35.844 25212 RALLYDEBUG rally.task.runner [-] Starting a worker. concurrency: 1 args: {"network_create_args": null, "subnet_create_args": null, "subnet_cidr_start": "1.1.0.0/30", "subnets_per_network": 2, "router_create_args": null} times: 40 method_name: run timeout: 0 duration: None cls:
2019-06-20 09:31:35.845 25211 INFO rally.task.runner [-] Task cf8ea206-5d68-4107-bf35-6319b3e70117 | ITER: 19 START
2019-06-20 09:31:35.847 25212 INFO rally.task.runner [-] Task cf8ea206-5d68-4107-bf35-6319b3e70117 | ITER: 20 START
2019-06-20 09:31:37.560 25170 RALLYDEBUG rally_openstack.wrappers.network [-] CIDR generated: 1.1.5.160/30
2019-06-20 09:31:37.688 25181 RALLYDEBUG rally_openstack.wrappers.network [-] CIDR generated: 1.1.5.164/30
2019-06-20 09:31:37.767 25175 RALLYDEBUG rally_openstack.wrappers.network [-] CIDR generated: 1.1.5.168/30
2019-06-20 09:31:37.809 25169 RALLYDEBUG rally_openstack.wrappers.network [-] CIDR generated: 1.1.5.172/30
2019-06-20 09:31:37.856 25192 RALLYDEBUG rally_openstack.wrappers.network [-] CIDR generated: 1.1.5.176/30
2019-06-20 09:31:37.860 25170 RALLYDEBUG rally_openstack.wrappers.network [-] CIDR generated: 1.1.5.180/30
2019-06-20 09:31:37.863 25171 RALLYDEBUG rally_openstack.wrappers.network [-] CIDR generated: 1.1.5.184/30
2019-06-20 09:31:37.881 25172 RALLYDEBUG rally_openstack.wrappers.network [-] CIDR generated: 1.1.5.188/30
2019-06-20 09:31:37.937 25169 RALLYDEBUG rally_openstack.wrappers.network [-] CIDR generated: 1.1.5.192/30
2019-06-20 09:31:38.008 25212 RALLYDEBUG rally_openstack.wrappers.network [-] CIDR generated: 1.1.5.196/30
2019-06-20 09:31:38.028 25204 RALLYDEBUG rally_openstack.wrappers.network [-] CIDR generated: 1.1.5.200/30
2019-06-20 09:31:38.042 25198 RALLYDEBUG rally_openstack.wrappers.network [-] CIDR generated: 1.1.5.204/30
2019-06-20 09:31:38.280 25195 RALLYDEBUG rally_openstack.wrappers.network [-] CIDR generated: 1.1.5.208/30
2019-06-20 09:31:38.553 25208 RALLYDEBUG rally_openstack.wrappers.network [-] CIDR generated: 1.1.5.212/30
2019-06-20 09:31:38.581 25172 RALLYDEBUG rally_openstack.wrappers.network [-] CIDR generated: 1.1.5.216/30
2019-06-20 09:31:38.682 25186 RALLYDEBUG rally_openstack.wrappers.network [-] CIDR generated: 1.1.5.220/30
2019-06-20 09:31:38.719 25171 RALLYDEBUG rally_openstack.wrappers.network [-] CIDR generated: 1.1.5.224/30
2019-06-20 09:31:39.118 25211 RALLYDEBUG rally_openstack.wrappers.network [-] CIDR generated: 1.1.5.228/30
2019-06-20 09:31:39.232 25181 RALLYDEBUG rally_openstack.wrappers.network [-] CIDR generated: 1.1.5.232/30
2019-06-20 09:31:39.290 25207 RALLYDEBUG rally_openstack.wrappers.network [-] CIDR generated: 1.1.5.236/30
2019-06-20 09:31:39.306 25201 RALLYDEBUG rally_openstack.wrappers.network [-] CIDR generated: 1.1.5.240/30
2019-06-20 09:31:39.652 25204 RALLYDEBUG rally_openstack.wrappers.network [-] CIDR generated: 1.1.5.244/30
2019-06-20 09:31:40.365 25198 RALLYDEBUG rally_openstack.wrappers.network [-] CIDR generated: 1.1.5.248/30
2019-06-20 09:31:40.387 25212 RALLYDEBUG rally_openstack.wrappers.network [-] CIDR generated: 1.1.5.252/30
2019-06-20 09:31:40.908 25171 RALLYDEBUG rally_openstack.wrappers.network [-] CIDR generated: 1.1.6.0/30
2019-06-20 09:31:40.913 25170 RALLYDEBUG rally_openstack.wrappers.network [-] CIDR generated: 1.1.6.4/30
2019-06-20 09:31:40.979 25192 RALLYDEBUG rally_openstack.wrappers.network [-] CIDR generated: 1.1.6.8/30
2019-06-20 09:31:41.138 25172 RALLYDEBUG rally_openstack.wrappers.network [-] CIDR generated: 1.1.6.12/30
2019-06-20 09:31:41.199 25175 RALLYDEBUG rally_openstack.wrappers.network [-] CIDR generated: 1.1.6.16/30
2019-06-20 09:31:41.531 25208 RALLYDEBUG rally_openstack.wrappers.network [-] CIDR generated: 1.1.6.20/30
2019-06-20 09:31:41.837 25170 RALLYDEBUG rally_openstack.wrappers.network [-] CIDR generated: 1.1.6.24/30
2019-06-20 09:31:43.143 25195 RALLYDEBUG rally_openstack.wrappers.network [-] CIDR generated: 1.1.6.28/30
2019-06-20 09:31:43.575 25207 RALLYDEBUG rally_openstack.wrappers.network [-] CIDR generated: 1.1.6.32/30
2019-06-20 09:31:43.858 25211 RALLYDEBUG rally_openstack.wrappers.network [-] CIDR generated: 1.1.6.36/30
2019-06-20 09:31:44.907 25169 RALLYDEBUG rally_openstack.wrappers.network [-] CIDR generated: 1.1.6.40/30
2019-06-20 09:31:44.938 25172 RALLYDEBUG rally_openstack.wrappers.network [-] CIDR generated: 1.1.6.44/30
2019-06-20 09:31:45.156 25169 RALLYDEBUG rally_openstack.wrappers.network [-] CIDR generated: 1.1.6.48/30
2019-06-20 09:31:45.593 25186 RALLYDEBUG rally_openstack.wrappers.network [-] CIDR generated: 1.1.6.52/30
2019-06-20 09:31:45.596 25171 RALLYDEBUG rally_openstack.wrappers.network [-] CIDR generated: 1.1.6.56/30
2019-06-20 09:31:46.258 25201 RALLYDEBUG rally_openstack.wrappers.network [-] CIDR generated: 1.1.6.60/30
2019-06-20 09:31:54.032 25181 INFO rally.task.runner [-] Task cf8ea206-5d68-4107-bf35-6319b3e70117 | ITER: 10 END: OK
2019-06-20 09:31:54.035 25181 INFO rally.task.runner [-] Task cf8ea206-5d68-4107-bf35-6319b3e70117 | ITER: 21 START
2019-06-20 09:31:54.313 25204 INFO rally.task.runner [-] Task cf8ea206-5d68-4107-bf35-6319b3e70117 | ITER: 16 END: OK
2019-06-20 09:31:54.317 25204 INFO rally.task.runner [-] Task cf8ea206-5d68-4107-bf35-6319b3e70117 | ITER: 22 START
2019-06-20 09:31:55.399 25181 RALLYDEBUG rally_openstack.wrappers.network [-] CIDR generated: 1.1.6.64/30
2019-06-20 09:31:55.882 25212 INFO rally.task.runner [-] Task cf8ea206-5d68-4107-bf35-6319b3e70117 | ITER: 20 END: OK
2019-06-20 09:31:55.886 25212 INFO rally.task.runner [-] Task cf8ea206-5d68-4107-bf35-6319b3e70117 | ITER: 23 START
2019-06-20 09:31:55.888 25198 INFO rally.task.runner [-] Task cf8ea206-5d68-4107-bf35-6319b3e70117 | ITER: 14 END: OK
2019-06-20 09:31:55.892 25198 INFO rally.task.runner [-] Task cf8ea206-5d68-4107-bf35-6319b3e70117 | ITER: 24 START
2019-06-20 09:31:56.117 25204 RALLYDEBUG rally_openstack.wrappers.network [-] CIDR generated: 1.1.6.68/30
2019-06-20 09:31:57.031 25212 RALLYDEBUG rally_openstack.wrappers.network [-] CIDR generated: 1.1.6.72/30
