2019-06-20 09:44:57.982 22705 RALLYDEBUG rally_openstack.cleanup.manager [-] Deleting neutron.port object s_rally_4d804225_UHDdSXDf (597bfc3e-f1a2-4df2-9031-a06a791cdbbc)
2019-06-20 09:44:58.252 22705 RALLYDEBUG rally_openstack.cleanup.manager [-] Deleting neutron.port object s_rally_4d804225_HDmarrSm (5b9bdbfd-79db-48a8-82f4-21249993029e)
2019-06-20 09:44:58.578 22705 RALLYDEBUG rally_openstack.cleanup.manager [-] Deleting neutron.port object s_rally_4d804225_xoL8sxLW (5e90531a-7819-4ae5-aa63-54f136ee7075)
2019-06-20 09:44:58.993 22705 RALLYDEBUG rally_openstack.cleanup.manager [-] Deleting neutron.port object s_rally_4d804225_IvlM5ltj (5f473601-ae7c-467e-bff6-096ea97c8d5a)
2019-06-20 09:44:59.074 22705 RALLYDEBUG rally_openstack.cleanup.manager [-] Deleting neutron.port object s_rally_4d804225_qtaOgM7C (5f689965-923b-4e1f-bb66-f9d98c964547)
2019-06-20 09:44:59.209 22705 RALLYDEBUG rally_openstack.cleanup.manager [-] Deleting neutron.port object s_rally_4d804225_FK93vRDs (61dd32cb-c440-442e-8db3-992a619689c2)
2019-06-20 09:44:59.765 22705 RALLYDEBUG rally_openstack.cleanup.manager [-] Deleting neutron.port object s_rally_4d804225_UOiAvVv9 (658efbbd-5669-4293-8e8a-379cd96bd3a4)
2019-06-20 09:45:00.022 22705 RALLYDEBUG rally_openstack.cleanup.manager [-] Deleting neutron.port object s_rally_4d804225_3NcpX9Ex (67aafa23-2bef-4325-a9ec-c24f55a91a07)
2019-06-20 09:45:00.172 22705 RALLYDEBUG rally_openstack.cleanup.manager [-] Deleting neutron.port object s_rally_4d804225_GmclOokK (67c1b923-0af4-4243-87e5-bd79ed90a545)
2019-06-20 09:45:00.394 22705 RALLYDEBUG rally_openstack.cleanup.manager [-] Deleting neutron.port object s_rally_4d804225_jljamWOL (67d912b2-252d-467c-a7ec-d65d3d9e6ea2)
2019-06-20 09:45:00.442 22705 RALLYDEBUG rally_openstack.cleanup.manager [-] Deleting neutron.port object s_rally_4d804225_riyM7CHH (6b4e505d-051b-46c0-a984-baf278b25071)
2019-06-20 09:45:00.462 22705 RALLYDEBUG rally_openstack.cleanup.manager [-] Deleting neutron.port object s_rally_4d804225_m6V9kJ8p (6bee2c8c-3a75-4427-a9d6-0c255af8da21)
2019-06-20 09:45:00.470 22705 RALLYDEBUG rally_openstack.cleanup.manager [-] Deleting neutron.port object s_rally_4d804225_iqUqIrJa (6db42a29-727a-46e6-9d0c-9e877cd2d85f)
2019-06-20 09:45:00.480 22705 RALLYDEBUG rally_openstack.cleanup.manager [-] Deleting neutron.port object s_rally_4d804225_8vNq8vmu (6e44550a-c4c8-458a-958a-a2d8bb145eb8)
2019-06-20 09:45:00.653 22705 RALLYDEBUG rally_openstack.cleanup.manager [-] Deleting neutron.port object s_rally_4d804225_gM1MjFtB (6f5731bd-2826-4689-985b-cf1a49943130)
2019-06-20 09:45:00.681 22705 RALLYDEBUG rally_openstack.cleanup.manager [-] Deleting neutron.port object s_rally_4d804225_xApkfkLw (701fdec9-aed4-41f1-8310-157284bd5142)
2019-06-20 09:45:00.804 22705 RALLYDEBUG rally_openstack.cleanup.manager [-] Deleting neutron.port object s_rally_4d804225_KPsESOCC (7198ba2c-7cfc-401e-8129-b177ef3d3f24)
2019-06-20 09:45:00.833 22705 RALLYDEBUG rally_openstack.cleanup.manager [-] Deleting neutron.port object s_rally_4d804225_t6Hk32rp (737c8863-6051-4884-b9ac-09e6b8a97c06)
2019-06-20 09:45:00.889 22705 RALLYDEBUG rally_openstack.cleanup.manager [-] Deleting neutron.port object s_rally_4d804225_5uAxqUwY (750524b3-ff97-457e-abf1-ac538618c27f)
2019-06-20 09:45:00.984 22705 RALLYDEBUG rally_openstack.cleanup.manager [-] Deleting neutron.port object s_rally_4d804225_sQ16748N (77b198a6-7d33-4aaa-bedf-99ce9bf1ef06)
2019-06-20 09:45:01.414 22705 RALLYDEBUG rally_openstack.cleanup.manager [-] Deleting neutron.port object s_rally_4d804225_nOuTd8vt (78a1286a-743e-46e9-8eb1-014595d21788)
2019-06-20 09:45:01.425 22705 RALLYDEBUG rally_openstack.cleanup.manager [-] Deleting neutron.port object s_rally_4d804225_4krHyfPU (7eb75da2-a832-4ce2-81a5-d0c888ff9be2)
2019-06-20 09:45:01.431 22705 RALLYDEBUG rally_openstack.cleanup.manager [-] Deleting neutron.port object s_rally_4d804225_ECzoROmK (7c4ca140-d9f6-41ca-a876-51a476106061)
2019-06-20 09:45:01.643 22705 RALLYDEBUG rally_openstack.cleanup.manager [-] Deleting neutron.port object s_rally_4d804225_u3A12CdV (8101b6f9-4285-4ec2-bb3d-ddf660d42c7e)
2019-06-20 09:45:01.839 22705 RALLYDEBUG rally_openstack.cleanup.manager [-] Deleting neutron.port object s_rally_4d804225_gTNF3fFC (8186b800-6239-4758-ba2d-aa7099efd2bb)
2019-06-20 09:45:02.010 22705 RALLYDEBUG rally_openstack.cleanup.manager [-] Deleting neutron.port object s_rally_4d804225_oKHkMWBA (8346a1c9-b79e-4e60-953d-30c19dec9f4b)
2019-06-20 09:45:02.024 22705 RALLYDEBUG rally_openstack.cleanup.manager [-] Deleting neutron.port object s_rally_4d804225_7aDBbJUs (834a75e3-5990-4a1c-966f-cc20b61c3dbc)
2019-06-20 09:45:02.298 22705 RALLYDEBUG rally_openstack.cleanup.manager [-] Deleting neutron.port object s_rally_4d804225_WyUV18Rq (850c866c-b7d8-4b5a-85cc-13d345629ae2)
2019-06-20 09:45:03.170 22705 RALLYDEBUG rally_openstack.cleanup.manager [-] Deleting neutron.port object s_rally_4d804225_CPGCztIR (858450e5-a4c2-417f-91a3-2da678fe7ac5)
2019-06-20 09:45:03.230 22705 RALLYDEBUG rally_openstack.cleanup.manager [-] Deleting neutron.port object s_rally_4d804225_xSHAMxm2 (865680d3-ada5-42ce-b846-212514dd0424)
2019-06-20 09:45:03.449 22705 RALLYDEBUG rally_openstack.cleanup.manager [-] Deleting neutron.port object s_rally_4d804225_CQnsZWgZ (885280ae-fc8b-402b-994e-a3624561d3ff)
2019-06-20 09:45:03.522 22705 RALLYDEBUG rally_openstack.cleanup.manager [-] Deleting neutron.port object s_rally_4d804225_Y4x31Qxc (890c4f4b-f61a-4701-8fd2-abf181ac7361)
2019-06-20 09:45:03.608 22705 RALLYDEBUG rally_openstack.cleanup.manager [-] Deleting neutron.port object s_rally_4d804225_Yz8oAUup (8bea983c-4b99-4fb0-9a35-f990885167f0)
2019-06-20 09:45:03.688 22705 RALLYDEBUG rally_openstack.cleanup.manager [-] Deleting neutron.port object s_rally_4d804225_krz7CrCZ (8c6d083d-2b75-436d-b55c-a5f02ef1346a)
2019-06-20 09:45:03.737 22705 RALLYDEBUG rally_openstack.cleanup.manager [-] Deleting neutron.port object s_rally_4d804225_O1rjmTnp (8c6d8f5c-1804-4eae-a198-32fdb8462fd3)
2019-06-20 09:45:03.761 22705 RALLYDEBUG rally_openstack.cleanup.manager [-] Deleting neutron.port object s_rally_4d804225_k2FvUCI0 (9039faef-a19e-4974-8190-963407b347d1)
2019-06-20 09:45:03.853 22705 RALLYDEBUG rally_openstack.cleanup.manager [-] Deleting neutron.port object s_rally_4d804225_AMQOGBSN (9419af22-e2b7-4dc1-a618-b2359624c725)
2019-06-20 09:45:03.895 22705 RALLYDEBUG rally_openstack.cleanup.manager [-] Deleting neutron.port object s_rally_4d804225_qNlm8zQX (95c4b116-07c9-4e51-9127-44076b3780be)
2019-06-20 09:45:04.237 22705 RALLYDEBUG rally_openstack.cleanup.manager [-] Deleting neutron.port object s_rally_4d804225_6Sahl3SV (967fe25d-e0c7-46c9-a00a-621aea5b95e1)
2019-06-20 09:45:04.337 22705 RALLYDEBUG rally_openstack.cleanup.manager [-] Deleting neutron.port object s_rally_4d804225_RtgvjQOb (979ede64-0fb9-4027-b5ea-f3940fcc01af)
2019-06-20 09:45:04.347 22705 RALLYDEBUG rally_openstack.cleanup.manager [-] Deleting neutron.port object s_rally_4d804225_oSGNN7zX (981521b2-e2c8-471e-a79f-25fbc04802bc)
2019-06-20 09:45:04.383 22705 RALLYDEBUG rally_openstack.cleanup.manager [-] Deleting neutron.port object s_rally_4d804225_DYNHUOqo (9a77900d-220d-4b4a-8fc8-5d75e588101f)
2019-06-20 09:45:04.634 22705 RALLYDEBUG rally_openstack.cleanup.manager [-] Deleting neutron.port object s_rally_4d804225_JPJH7KEL (9b45c943-2346-4b10-9a4a-4732d5d680e3)
2019-06-20 09:45:04.894 22705 RALLYDEBUG rally_openstack.cleanup.manager [-] Deleting neutron.port object s_rally_4d804225_Qxbqg2m0 (9bf55177-0c13-4e52-880d-d4e2bdbe516b)
2019-06-20 09:45:05.223 22705 RALLYDEBUG rally_openstack.cleanup.manager [-] Deleting neutron.port object s_rally_4d804225_inSaWO9I (9e03cd8b-2e09-405d-b231-c5e377fc9f0f)
2019-06-20 09:45:05.229 22705 RALLYDEBUG rally_openstack.cleanup.manager [-] Deleting neutron.port object s_rally_4d804225_Z7emjwYQ (9f546fd8-854f-4f0f-92b3-e3c274140acb)
2019-06-20 09:45:05.256 22705 RALLYDEBUG rally_openstack.cleanup.manager [-] Deleting neutron.port object s_rally_4d804225_jiQx0VQd (a0c5e69b-c23d-40ea-92ee-2083e454bb6f)
2019-06-20 09:45:05.262 22705 RALLYDEBUG rally_openstack.cleanup.manager [-] Deleting neutron.port object s_rally_4d804225_0I8XYw4q (a0f1b553-88ac-4a7f-afac-3f6e3554dfe0)
2019-06-20 09:45:05.675 22705 RALLYDEBUG rally_openstack.cleanup.manager [-] Deleting neutron.port object s_rally_4d804225_BlUkwFiJ (a17fe30b-dc63-4bd6-999d-afc75d698b8c)
2019-06-20 09:45:06.308 22705 RALLYDEBUG rally_openstack.cleanup.manager [-] Deleting neutron.port object s_rally_4d804225_2HwoJ551 (a32f62fb-d322-480d-9ef5-8e8f11b37bee)
2019-06-20 09:45:06.385 22705 RALLYDEBUG rally_openstack.cleanup.manager [-] Deleting neutron.port object s_rally_4d804225_IIg90QUP (a35e8ec8-f991-4dcc-9a2d-23426fe24f54)
2019-06-20 09:45:06.599 22705 RALLYDEBUG rally_openstack.cleanup.manager [-] Deleting neutron.port object s_rally_4d804225_0KZAkBHt (a50e0ec2-faf0-4131-b988-c035cec94a5c)
2019-06-20 09:45:06.769 22705 RALLYDEBUG rally_openstack.cleanup.manager [-] Deleting neutron.port object s_rally_4d804225_9eApdT2b (a5ab6dcf-49dc-4b51-bf39-5b8844d3e90e)
2019-06-20 09:45:06.908 22705 RALLYDEBUG rally_openstack.cleanup.manager [-] Deleting neutron.port object s_rally_4d804225_8uLW8MtK (a6b808c1-3770-416c-a07b-e507cc5f3888)
2019-06-20 09:45:07.108 22705 RALLYDEBUG rally_openstack.cleanup.manager [-] Deleting neutron.port object s_rally_4d804225_HyhFVb2S (a97d076d-0167-42cb-8a11-a157bda6742c)
2019-06-20 09:45:07.112 22705 RALLYDEBUG rally_openstack.cleanup.manager [-] Deleting neutron.port object s_rally_4d804225_1OJnHpNd (a9cd3a0d-2f11-40d9-9634-1179efb9b624)
2019-06-20 09:45:07.253 22705 RALLYDEBUG rally_openstack.cleanup.manager [-] Deleting neutron.port object s_rally_4d804225_aI3MDkIn (a9d0b8e5-d641-4cc5-8c4a-87635fe8361e)
2019-06-20 09:45:07.531 22705 RALLYDEBUG rally_openstack.cleanup.manager [-] Deleting neutron.port object s_rally_4d804225_WSNvnGUB (aa679911-ae3e-4a64-b405-1673c50a3c19)
2019-06-20 09:45:07.572 22705 RALLYDEBUG rally_openstack.cleanup.manager [-] Deleting neutron.port object s_rally_4d804225_cgfZMGWD (aa72339c-6c96-49eb-82d5-bec345096dc7)
2019-06-20 09:45:07.586 22705 RALLYDEBUG rally_openstack.cleanup.manager [-] Deleting neutron.port object s_rally_4d804225_37oCrdlv (aa7e05a3-4624-481b-b5f5-2913764d678c)
2019-06-20 09:45:07.602 22705 RALLYDEBUG rally_openstack.cleanup.manager [-] Deleting neutron.port object s_rally_4d804225_qz52z1FU (aa87749a-7705-41af-908f-5f46abce7432)
2019-06-20 09:45:07.658 22705 RALLYDEBUG rally_openstack.cleanup.manager [-] Deleting neutron.port object s_rally_4d804225_IEK5iSJs (ab49776e-67cf-4a56-a86e-5787e0989031)
2019-06-20 09:45:07.814 22705 RALLYDEBUG rally_openstack.cleanup.manager [-] Deleting neutron.port object s_rally_4d804225_M4SfD1xc (ad620479-249a-40d5-bf93-289deba8a285)
2019-06-20 09:45:08.111 22705 RALLYDEBUG rally_openstack.cleanup.manager [-] Deleting neutron.port object s_rally_4d804225_yJyDY0ju (ae568915-f4d1-46b4-878d-259ddb22b310)
2019-06-20 09:45:08.238 22705 RALLYDEBUG rally_openstack.cleanup.manager [-] Deleting neutron.port object s_rally_4d804225_k9HKUgka (b182a07d-fc18-4b58-8543-a5cb93e2f6d9)
2019-06-20 09:45:08.310 22705 RALLYDEBUG rally_openstack.cleanup.manager [-] Deleting neutron.port object s_rally_4d804225_HXtnrP9b (b1d97bdf-5fb4-45ee-8bd7-303cff4f2a29)
2019-06-20 09:45:09.005 22705 RALLYDEBUG rally_openstack.cleanup.manager [-] Deleting neutron.port object s_rally_4d804225_y37JXy9p (b2f69bbc-ff0e-4822-89e8-667133a10fe3)
2019-06-20 09:45:09.163 22705 RALLYDEBUG rally_openstack.cleanup.manager [-] Deleting neutron.port object s_rally_4d804225_IHtsRfpH (b547d5cd-3e2c-4676-9488-8baaa4b28211)
2019-06-20 09:45:09.233 22705 RALLYDEBUG rally_openstack.cleanup.manager [-] Deleting neutron.port object s_rally_4d804225_QdTMdG61 (b675da3d-0b4c-4346-8415-ca177c79fe43)
2019-06-20 09:45:09.256 22705 RALLYDEBUG rally_openstack.cleanup.manager [-] Deleting neutron.port object s_rally_4d804225_uPdqFKd8 (b6783334-b9db-4680-9241-ef786fa73aa8)
2019-06-20 09:45:09.368 22705 RALLYDEBUG rally_openstack.cleanup.manager [-] Deleting neutron.port object s_rally_4d804225_7xZTfdtv (b71b0fbe-030e-44e3-8b74-1a561e97eb2f)
2019-06-20 09:45:09.447 22705 RALLYDEBUG rally_openstack.cleanup.manager [-] Deleting neutron.port object s_rally_4d804225_KvPFtuCb (b7619a4b-642a-4e7f-afab-55dc99686886)
2019-06-20 09:45:09.580 22705 RALLYDEBUG rally_openstack.cleanup.manager [-] Deleting neutron.port object s_rally_4d804225_awKiQMFq (b7986e15-9cce-409b-9728-7da45fc72033)
2019-06-20 09:45:09.928 22705 RALLYDEBUG rally_openstack.cleanup.manager [-] Deleting neutron.port object s_rally_4d804225_sNeCOnJC (b8ac5689-1ff9-46d6-a210-d3ac528a98e7)
2019-06-20 09:45:10.171 22705 RALLYDEBUG rally_openstack.cleanup.manager [-] Deleting neutron.port object s_rally_4d804225_01UPeme5 (b8bcb240-3ff5-40df-b804-8d9d03592ab4)
2019-06-20 09:45:10.522 22705 RALLYDEBUG rally_openstack.cleanup.manager [-] Deleting neutron.port object s_rally_4d804225_8WhU4w6R (b9190999-f40f-4c6b-94f5-25a4cdc20261)
2019-06-20 09:45:10.560 22705 RALLYDEBUG rally_openstack.cleanup.manager [-] Deleting neutron.port object s_rally_4d804225_J1ahnq2z (b992171f-8804-47c3-bd78-11ce31e10b44)
2019-06-20 09:45:10.609 22705 RALLYDEBUG rally_openstack.cleanup.manager [-] Deleting neutron.port object s_rally_4d804225_BL1KaqDq (bbbab54f-2b84-4389-ac98-65a4cd4e2a3a)
2019-06-20 09:45:10.835 22705 RALLYDEBUG rally_openstack.cleanup.manager [-] Deleting neutron.port object s_rally_4d804225_FMQLaewq (bcdf79b5-5a17-4e8f-bf40-13d5e3d7fa7c)
2019-06-20 09:45:10.875 22705 RALLYDEBUG rally_openstack.cleanup.manager [-] Deleting neutron.port object s_rally_4d804225_PfDP7i2e (be61bc5c-59b6-4691-ae1a-c6495802c78c)
2019-06-20 09:45:10.930 22705 RALLYDEBUG rally_openstack.cleanup.manager [-] Deleting neutron.port object s_rally_4d804225_bmiQjG41 (c1f95908-0f06-4e62-98fc-88c0040f4855)
2019-06-20 09:45:10.933 22705 RALLYDEBUG rally_openstack.cleanup.manager [-] Deleting neutron.port object s_rally_4d804225_adFylfF6 (c1d66a87-1816-4cce-819d-67696317cb8d)
2019-06-20 09:45:11.214 22705 RALLYDEBUG rally_openstack.cleanup.manager [-] Deleting neutron.port object s_rally_4d804225_iG1K8FBT (c3daa4c6-930e-4c73-81e9-ea2c4e497d01)
2019-06-20 09:45:11.330 22705 RALLYDEBUG rally_openstack.cleanup.manager [-] Deleting neutron.port object s_rally_4d804225_e1ZoqWxw (c5c0c52d-1188-459f-81ad-5f9a7be9143c)
2019-06-20 09:45:11.520 22705 RALLYDEBUG rally_openstack.cleanup.manager [-] Deleting neutron.port object s_rally_4d804225_E8JGceHd (c96e2729-ffb7-46f6-adb7-17182f8d582e)
2019-06-20 09:45:11.522 22705 RALLYDEBUG rally_openstack.cleanup.manager [-] Deleting neutron.port object s_rally_4d804225_BqN5SiE4 (c5e016a8-6055-4b93-a341-53506720cee0)
2019-06-20 09:45:11.547 22705 RALLYDEBUG rally_openstack.cleanup.manager [-] Deleting neutron.port object s_rally_4d804225_30KPhRJR (c9af27c2-f0f9-4c2d-aa53-47d2633c1c15)
2019-06-20 09:45:11.587 22705 RALLYDEBUG rally_openstack.cleanup.manager [-] Deleting neutron.port object s_rally_4d804225_VoumSakI (caf8c0c9-6e2b-46d0-b4ed-b261391b9a63)
2019-06-20 09:45:11.623 22705 RALLYDEBUG rally_openstack.cleanup.manager [-] Deleting neutron.port object s_rally_4d804225_UkQzKbG2 (cb506407-ff6f-4c89-b94c-2020632f8b42)
2019-06-20 09:45:11.697 22705 RALLYDEBUG rally_openstack.cleanup.manager [-] Deleting neutron.port object s_rally_4d804225_UpnEJjpC (cdc34364-b6c2-4056-b095-0406424added)
2019-06-20 09:45:11.979 22705 RALLYDEBUG rally_openstack.cleanup.manager [-] Deleting neutron.port object s_rally_4d804225_fh8yxJMP (cf466d51-b2a4-45ca-93f0-a08e1f724fc7)
2019-06-20 09:45:12.392 22705 RALLYDEBUG rally_openstack.cleanup.manager [-] Deleting neutron.port object s_rally_4d804225_imv3CAaL (d068c599-6cf9-4648-9a1b-c42cf7a9dd35)
2019-06-20 09:45:12.413 22705 RALLYDEBUG rally_openstack.cleanup.manager [-] Deleting neutron.port object s_rally_4d804225_YBQSJY33 (d36d13b4-fdd5-496e-8d37-795981a0a8f4)
2019-06-20 09:45:12.462 22705 RALLYDEBUG rally_openstack.cleanup.manager [-] Deleting neutron.port object s_rally_4d804225_d1LoQ8St (d4aed35e-9561-4082-bdb4-102ff5402eb9)
2019-06-20 09:45:12.470 22705 RALLYDEBUG rally_openstack.cleanup.manager [-] Deleting neutron.port object s_rally_4d804225_paMNIUOF (d86b68b8-6b77-4156-a685-fb87b51193fa)
2019-06-20 09:45:13.720 22705 RALLYDEBUG rally_openstack.cleanup.manager [-] Deleting neutron.port object s_rally_4d804225_nErPaIak (d944bc20-8a9e-4294-af35-06ee4b152be6)
2019-06-20 09:45:13.863 22705 RALLYDEBUG rally_openstack.cleanup.manager [-] Deleting neutron.port object s_rally_4d804225_qQ2nhGNK (d96e006f-bab1-46ef-ab52-5a6ac7006b55)
2019-06-20 09:45:13.906 22705 RALLYDEBUG rally_openstack.cleanup.manager [-] Deleting neutron.port object s_rally_4d804225_CAwTq4yU (de2e7fec-0963-42cb-929c-734bb38377ab)
2019-06-20 09:45:14.127 22705 RALLYDEBUG rally_openstack.cleanup.manager [-] Deleting neutron.port object s_rally_4d804225_bPU8hMsX (de44cf37-77d2-4345-9f82-10697cf94b7d)
2019-06-20 09:45:14.157 22705 RALLYDEBUG rally_openstack.cleanup.manager [-] Deleting neutron.port object s_rally_4d804225_x35vNmqh (ded54b6e-e334-4a52-8b92-4e14e20b5960)
2019-06-20 09:45:14.168 22705 RALLYDEBUG rally_openstack.cleanup.manager [-] Deleting neutron.port object s_rally_4d804225_lK9roezP (e3b334b0-f1f3-402c-b7a9-dbe6d4cadc4f)
2019-06-20 09:45:14.242 22705 RALLYDEBUG rally_openstack.cleanup.manager [-] Deleting neutron.port object s_rally_4d804225_JN7aRdsC (e5957824-3547-4604-beb1-214248e8ceae)
2019-06-20 09:45:14.248 22705 RALLYDEBUG rally_openstack.cleanup.manager [-] Deleting neutron.port object s_rally_4d804225_StZE3aDn (e5d55176-47ce-4edf-86e8-82b3b2bf3930)
2019-06-20 09:45:14.313 22705 RALLYDEBUG rally_openstack.cleanup.manager [-] Deleting neutron.port object s_rally_4d804225_Skd3qTwa (e5d795ce-6f7b-4999-9ef2-4b6f6a63bdb3)
2019-06-20 09:45:14.460 22705 RALLYDEBUG rally_openstack.cleanup.manager [-] Deleting neutron.port object s_rally_4d804225_RBm5iSqg (e6d43c6d-b6d4-4653-b791-5a01d660ebbe)
2019-06-20 09:45:14.464 22705 RALLYDEBUG rally_openstack.cleanup.manager [-] Deleting neutron.port object s_rally_4d804225_wJ9kMVO0 (e76b18c5-a0e3-4bef-95e6-8d13b3075240)
2019-06-20 09:45:14.741 22705 RALLYDEBUG rally_openstack.cleanup.manager [-] Deleting neutron.port object s_rally_4d804225_NDRl5QpM (e83e78e5-8a9a-4fd8-9ded-18df655c6936)
2019-06-20 09:45:14.751 22705 RALLYDEBUG rally_openstack.cleanup.manager [-] Deleting neutron.port object s_rally_4d804225_xlTzjZbn (ea073383-f8f0-475e-a0be-0582f4be5438)
2019-06-20 09:45:14.826 22705 RALLYDEBUG rally_openstack.cleanup.manager [-] Deleting neutron.port object s_rally_4d804225_e35esJqL (ea3e275f-7b05-46a0-9933-5d6686a847d7)
2019-06-20 09:45:14.884 22705 RALLYDEBUG rally_openstack.cleanup.manager [-] Deleting neutron.port object s_rally_4d804225_8XwgjoEQ (ec349a16-7aa4-40cf-b3dd-5b98c022947f)
2019-06-20 09:45:14.887 22705 RALLYDEBUG rally_openstack.cleanup.manager [-] Deleting neutron.port object s_rally_4d804225_evqTfEWh (eaa12eeb-5f57-4b39-b9cb-8f29325e4f2a)
2019-06-20 09:45:14.942 22705 RALLYDEBUG rally_openstack.cleanup.manager [-] Deleting neutron.port object s_rally_4d804225_xU8BNg3L (f0379dc6-e3d9-4e5e-b1a2-92f81b185717)
2019-06-20 09:45:15.069 22705 RALLYDEBUG rally_openstack.cleanup.manager [-] Deleting neutron.port object s_rally_4d804225_cYQt40bc (f04f648e-3d02-4b06-b21a-4c34176df50a)
2019-06-20 09:45:15.336 22705 RALLYDEBUG rally_openstack.cleanup.manager [-] Deleting neutron.port object s_rally_4d804225_6gmk9bNv (f1af0447-1ce9-4568-930a-52614e8606e0)
2019-06-20 09:45:15.339 22705 RALLYDEBUG rally_openstack.cleanup.manager [-] Deleting neutron.port object s_rally_4d804225_2hCETCwg (f082057d-4466-4ecd-ae86-895dca766338)
2019-06-20 09:45:16.840 22705 RALLYDEBUG rally_openstack.cleanup.manager [-] Deleting neutron.port object s_rally_4d804225_bHwj58dS (f2316a91-17cc-4de9-9522-cf0fe2c71b93)
2019-06-20 09:45:17.159 22705 RALLYDEBUG rally_openstack.cleanup.manager [-] Deleting neutron.port object s_rally_4d804225_fmPTpfUL (f23a134f-1599-4060-882f-f69550c6a2c3)
2019-06-20 09:45:17.229 22705 RALLYDEBUG rally_openstack.cleanup.manager [-] Deleting neutron.port object s_rally_4d804225_obyebRPJ (f3f756eb-cfff-4a50-aabf-c3910a4e13db)
2019-06-20 09:45:17.272 22705 RALLYDEBUG rally_openstack.cleanup.manager [-] Deleting neutron.port object s_rally_4d804225_b7PFqm52 (f474be3c-351a-4286-a7ee-5eff18f77310)
2019-06-20 09:45:17.421 22705 RALLYDEBUG rally_openstack.cleanup.manager [-] Deleting neutron.port object s_rally_4d804225_6ZftjiKF (f4d1b192-2b25-4b12-a9f0-3021ea521119)
2019-06-20 09:45:17.432 22705 RALLYDEBUG rally_openstack.cleanup.manager [-] Deleting neutron.port object s_rally_4d804225_Ke1IUjkJ (f5647fe6-b21b-4be7-b75c-3858d62ca344)
2019-06-20 09:45:17.691 22705 RALLYDEBUG rally_openstack.cleanup.manager [-] Deleting neutron.port object s_rally_4d804225_umT7zhBF (f71f53eb-ae32-4671-a649-2289b1c54b21)
2019-06-20 09:45:17.699 22705 RALLYDEBUG rally_openstack.cleanup.manager [-] Deleting neutron.port object s_rally_4d804225_U95KRmKf (f81ee330-845c-4511-a100-c7f423497b29)
2019-06-20 09:45:17.727 22705 RALLYDEBUG rally_openstack.cleanup.manager [-] Deleting neutron.port object s_rally_4d804225_ABgRTDSg (f829dadd-2753-48ec-8e9c-5f17bac000bd)
2019-06-20 09:45:17.760 22705 RALLYDEBUG rally_openstack.cleanup.manager [-] Deleting neutron.port object s_rally_4d804225_QBOpe6Ct (f851ec3b-38f4-436e-9e9a-d0f87d703b02)
2019-06-20 09:45:17.890 22705 RALLYDEBUG rally_openstack.cleanup.manager [-] Deleting neutron.port object s_rally_4d804225_H9KLytsr (f8c6e64f-5600-4999-8039-1845384554ba)
2019-06-20 09:45:18.137 22705 RALLYDEBUG rally_openstack.cleanup.manager [-] Deleting neutron.port object s_rally_4d804225_3xrxPY57 (f97a03e2-e212-43af-b05f-35084b64ec52)
2019-06-20 09:45:18.143 22705 RALLYDEBUG rally_openstack.cleanup.manager [-] Deleting neutron.port object s_rally_4d804225_xmUja9uS (faef22f1-c443-4b8e-a76d-075051054ab8)
2019-06-20 09:45:18.177 22705 RALLYDEBUG rally_openstack.cleanup.manager [-] Deleting neutron.port object s_rally_4d804225_1abE2xVY (fb02aaa2-b807-490f-adba-b80502d9f09b)
2019-06-20 09:45:18.181 22705 RALLYDEBUG rally_openstack.cleanup.manager [-] Deleting neutron.port object s_rally_4d804225_B505tmcw (fb0f3b0e-1036-4288-8fd8-78b7f920671f)
2019-06-20 09:45:18.191 22705 RALLYDEBUG rally_openstack.cleanup.manager [-] Deleting neutron.port object s_rally_4d804225_wMdvNViB (fb84eec1-2798-4dde-a051-7604b1f8777c)
2019-06-20 09:45:18.288 22705 RALLYDEBUG rally_openstack.cleanup.manager [-] Deleting neutron.port object s_rally_4d804225_Mimv43kT (fbe92673-347a-42a1-9673-c509bcf85542)
2019-06-20 09:45:18.317 22705 RALLYDEBUG rally_openstack.cleanup.manager [-] Deleting neutron.port object s_rally_4d804225_umGFN50c (fe3595cf-789c-4800-9299-7abf8ef248fd)
2019-06-20 09:45:22.650 22705 RALLYDEBUG rally_openstack.cleanup.manager [-] Cleaning up neutron subnet objects
2019-06-20 09:45:23.420 22705 RALLYDEBUG rally_openstack.cleanup.manager [-] Cleaning up neutron network objects
2019-06-20 09:45:24.256 22705 RALLYDEBUG rally_openstack.cleanup.manager [-] Deleting neutron.network object s_rally_4d804225_MZLPIsI0 (06c35f2a-1843-4a5a-a962-a1e4413d7986)
2019-06-20 09:45:24.258 22705 RALLYDEBUG rally_openstack.cleanup.manager [-] Deleting neutron.network object s_rally_4d804225_5uW62S8J (084ad7ea-b8e1-4bf4-8018-116383cd3394)
2019-06-20 09:45:24.266 22705 RALLYDEBUG rally_openstack.cleanup.manager [-] Deleting neutron.network object s_rally_4d804225_c8FkKsLr (13161381-eb0b-40c2-bef1-d96ee5349c18)
2019-06-20 09:45:24.275 22705 RALLYDEBUG rally_openstack.cleanup.manager [-] Deleting neutron.network object s_rally_4d804225_U4jPKWsZ (1e6c8caf-4300-4d38-8053-47d018b99d0b)
2019-06-20 09:45:24.292 22705 RALLYDEBUG rally_openstack.cleanup.manager [-] Deleting neutron.network object s_rally_4d804225_e7MxReQP (2777888d-dffd-427f-8942-047afef04789)
2019-06-20 09:45:24.294 22705 RALLYDEBUG rally_openstack.cleanup.manager [-] Deleting neutron.network object s_rally_4d804225_NCvJimyY (2aaebd50-49e4-4d45-9961-b4b95c3f294c)
2019-06-20 09:45:24.295 22705 RALLYDEBUG rally_openstack.cleanup.manager [-] Deleting neutron.network object s_rally_4d804225_D51kJvw1 (296e1fc7-38fc-4469-8d35-6e8303150402)
2019-06-20 09:45:24.302 22705 RALLYDEBUG rally_openstack.cleanup.manager [-] Deleting neutron.network object s_rally_4d804225_8tvwtrWZ (3d6dde73-05f8-4cdb-b022-33a488f06f42)
2019-06-20 09:45:24.326 22705 RALLYDEBUG rally_openstack.cleanup.manager [-] Deleting neutron.network object s_rally_4d804225_IUDovnpM (405aa440-19b7-488d-a810-1a42de207128)
2019-06-20 09:45:24.333 22705 RALLYDEBUG rally_openstack.cleanup.manager [-] Deleting neutron.network object s_rally_4d804225_YFTldngx (422d50e1-0c33-4f5b-9612-b3497bbeb4aa)
2019-06-20 09:45:24.357 22705 RALLYDEBUG rally_openstack.cleanup.manager [-] Deleting neutron.network object s_rally_4d804225_i40Qax37 (42ccd13d-2f98-49e6-ba0a-c1e850c71c6f)
2019-06-20 09:45:24.361 22705 RALLYDEBUG rally_openstack.cleanup.manager [-] Deleting neutron.network object s_rally_4d804225_xjaMPD6O (3e65e473-8d0a-4c46-8321-59e2d14564b1)
2019-06-20 09:45:24.364 22705 RALLYDEBUG rally_openstack.cleanup.manager [-] Deleting neutron.network object s_rally_4d804225_FNyOApxR (42db25cb-6b72-4504-97ac-c5ed8f805f2c)
2019-06-20 09:45:24.377 22705 RALLYDEBUG rally_openstack.cleanup.manager [-] Deleting neutron.network object s_rally_4d804225_9L9nBRoi (430ec8bf-fa87-4be5-b83c-e038c8f82f49)
2019-06-20 09:45:24.405 22705 RALLYDEBUG rally_openstack.cleanup.manager [-] Deleting neutron.network object s_rally_4d804225_N5AauQDF (4548a4d7-1d9b-4428-88da-3597b8ecbc54)
2019-06-20 09:45:24.421 22705 RALLYDEBUG rally_openstack.cleanup.manager [-] Deleting neutron.network object s_rally_4d804225_qwU0ZmVj (4565fbb0-063f-41b7-8ee5-93b6e8a8f083)
2019-06-20 09:45:24.442 22705 RALLYDEBUG rally_openstack.cleanup.manager [-] Deleting neutron.network object s_rally_4d804225_fnzF9e8Z (54cdfe99-d666-4d13-ba0a-268974c2ea86)
2019-06-20 09:45:24.443 22705 RALLYDEBUG rally_openstack.cleanup.manager [-] Deleting neutron.network object s_rally_4d804225_dIsbkpZ0 (4eb277db-9a30-4028-ae9e-fc6a942cabab)
2019-06-20 09:45:24.463 22705 RALLYDEBUG rally_openstack.cleanup.manager [-] Deleting neutron.network object s_rally_4d804225_tjbOHkpI (5cf9863a-dd6c-46e5-96a5-b09d3a8d8ce4)
2019-06-20 09:45:24.482 22705 RALLYDEBUG rally_openstack.cleanup.manager [-] Deleting neutron.network object s_rally_4d804225_d15bvdOT (6a1230a8-5f05-4ac4-b33b-62815537c6cf)
2019-06-20 09:45:27.850 22705 RALLYDEBUG rally_openstack.cleanup.manager [-] Deleting neutron.network object s_rally_4d804225_Oyq9Nz4b (7255857f-7354-44f8-98a5-970cd9771222)
2019-06-20 09:45:28.117 22705 RALLYDEBUG rally_openstack.cleanup.manager [-] Deleting neutron.network object s_rally_4d804225_4sWboX4E (82f0683d-be06-4aeb-a4ce-2a62c04dd274)
2019-06-20 09:45:28.167 22705 RALLYDEBUG rally_openstack.cleanup.manager [-] Deleting neutron.network object s_rally_4d804225_RUhCjK1R (98680a61-275f-4c40-853e-027208a5096f)
2019-06-20 09:45:28.188 22705 RALLYDEBUG rally_openstack.cleanup.manager [-] Deleting neutron.network object s_rally_4d804225_1w75uU72 (ac8b6e71-3a1c-43ea-b160-9249d9b99433)
2019-06-20 09:45:28.281 22705 RALLYDEBUG rally_openstack.cleanup.manager [-] Deleting neutron.network object s_rally_4d804225_vVIsxEFJ (b1e5424b-9a25-4285-b796-2cd7b3459f5a)
2019-06-20 09:45:28.336 22705 RALLYDEBUG rally_openstack.cleanup.manager [-] Deleting neutron.network object s_rally_4d804225_4xadnHiF (b942ca28-c2df-4638-9cd2-908c27b8e9bb)
2019-06-20 09:45:28.384 22705 RALLYDEBUG rally_openstack.cleanup.manager [-] Deleting neutron.network object s_rally_4d804225_FjUdE30e (c07c974b-067f-4791-bf82-31325257f2c9)
2019-06-20 09:45:28.441 22705 RALLYDEBUG rally_openstack.cleanup.manager [-] Deleting neutron.network object s_rally_4d804225_hwEcyKVE (c250af0a-e9d5-4af1-b0b7-a87ae5b7705c)
2019-06-20 09:45:29.414 22705 RALLYDEBUG rally_openstack.cleanup.manager [-] Deleting neutron.network object s_rally_4d804225_NgrALJyB (caaa4578-d85d-4305-b8c4-5780a4de9115)
2019-06-20 09:45:29.457 22705 RALLYDEBUG rally_openstack.cleanup.manager [-] Deleting neutron.network object s_rally_4d804225_qiyIpMVe (daccc9fd-f553-448d-8cd3-c81d253788d6)
2019-06-20 09:45:29.480 22705 RALLYDEBUG rally_openstack.cleanup.manager [-] Deleting neutron.network object s_rally_4d804225_aXrOBPBm (dda31bf8-2e54-4050-bd64-edc961d6e25f)
2019-06-20 09:45:30.450 22705 RALLYDEBUG rally_openstack.cleanup.manager [-] Deleting neutron.network object s_rally_4d804225_QWMkktLj (e275c8fd-9c55-4dc8-b633-8faf0fc94d2d)
2019-06-20 09:45:30.646 22705 RALLYDEBUG rally_openstack.cleanup.manager [-] Deleting neutron.network object s_rally_4d804225_0UP10065 (e33dffa4-5a50-4d33-9442-0191f19fd7ab)
2019-06-20 09:45:30.676 22705 RALLYDEBUG rally_openstack.cleanup.manager [-] Deleting neutron.network object s_rally_4d804225_RAYfdudd (e5383160-3901-4fdf-8193-6eb6a28ceba5)
2019-06-20 09:45:30.682 22705 RALLYDEBUG rally_openstack.cleanup.manager [-] Deleting neutron.network object s_rally_4d804225_YIw7yTZD (e9de8cdf-9a40-4b70-840a-addf0556c9da)
2019-06-20 09:45:30.702 22705 RALLYDEBUG rally_openstack.cleanup.manager [-] Deleting neutron.network object s_rally_4d804225_1b3GUPve (eaa4693f-b76f-41f0-aee9-4016e8ca57a0)
2019-06-20 09:45:30.771 22705 RALLYDEBUG rally_openstack.cleanup.manager [-] Deleting neutron.network object s_rally_4d804225_0Cg1wcfq (ece5ab1d-4cca-45b2-98ba-e7fda50b8e7e)
2019-06-20 09:45:30.824 22705 RALLYDEBUG rally_openstack.cleanup.manager [-] Deleting neutron.network object s_rally_4d804225_mruqo4B0 (f1e092f9-0a23-42fc-b859-a94c6aba33f8)
2019-06-20 09:45:30.884 22705 RALLYDEBUG rally_openstack.cleanup.manager [-] Deleting neutron.network object s_rally_4d804225_o49QdEEz (f9c09bb8-e64a-4391-a260-fbdd9c5a30cb)
2019-06-20 09:45:30.985 22705 RALLYDEBUG rally_openstack.cleanup.manager [-] Deleting neutron.network object s_rally_4d804225_8zGSqNSV (fb4b9459-e640-4063-a216-8c08997ad046)
2019-06-20 09:45:34.593 22705 RALLYDEBUG rally_openstack.cleanup.manager [-] Cleaning up neutron router objects
2019-06-20 09:45:35.254 22705 RALLYDEBUG rally_openstack.cleanup.manager [-] Cleaning up neutron security_group objects
2019-06-20 09:45:35.906 22705 INFO rally.task.context [-] Task cf8ea206-5d68-4107-bf35-6319b3e70117 | Context cleanup@openstack cleanup() finished in 53.30 sec
2019-06-20 09:45:35.906 22705 INFO rally.task.context [-] Task cf8ea206-5d68-4107-bf35-6319b3e70117 | Context quotas@openstack cleanup() started
2019-06-20 09:45:36.117 22705 INFO rally.task.context [-] Task cf8ea206-5d68-4107-bf35-6319b3e70117 | Context quotas@openstack cleanup() finished in 0.21 sec
2019-06-20 09:45:36.117 22705 INFO rally.task.context [-] Task cf8ea206-5d68-4107-bf35-6319b3e70117 | Context users@openstack cleanup() started
2019-06-20 09:45:40.600 22705 INFO rally.task.context [-] Task cf8ea206-5d68-4107-bf35-6319b3e70117 | Context users@openstack cleanup() finished in 4.48 sec
2019-06-20 09:45:41.332 22705 INFO rally.task.engine [-] Load duration is: 50.816415
2019-06-20 09:45:41.332 22705 INFO rally.task.engine [-] Full runner duration is: 50.868222
2019-06-20 09:45:41.333 22705 INFO rally.task.engine [-] Full duration is: 113.729912
2019-06-20 09:45:41.527 22705 INFO rally.task.engine [-] Running workload: position = 2 config = { "version": 2, "title": "A cropped version of a bigger task.", "description": "Auto-generated task from a single workload (uuid=399c1e7b-db63-49f5-9466-8388d6f2ded7)", "subtasks": [ { "title": "NeutronNetworks.create_and_delete_ports", "description": "Create and delete a port.", "scenario": { "NeutronNetworks.create_and_delete_ports": { "network_create_args": {}, "port_create_args": {}, "ports_per_network": 5 } }, "contexts": { "users": { "tenants": 1, "users_per_tenant": 1 }, "quotas": { "neutron": { "network": -1, "port": -1 } } }, "runner": { "constant": { "times": 40, "concurrency": 20 } }, "hooks": [], "sla": { "failure_rate": { "max": 0 } } } ] }
2019-06-20 09:45:41.543 22705 RALLYDEBUG rally_openstack.contexts.keystone.users [-] Creating 1 tenants using 20 threads
2019-06-20 09:45:43.203 22705 RALLYDEBUG rally_openstack.contexts.keystone.users [-] Creating 1 users using 20 threads
2019-06-20 09:45:45.645 22705 INFO rally.task.context [-] Task cf8ea206-5d68-4107-bf35-6319b3e70117 | Context users@openstack setup() finished in 4.10 sec
2019-06-20 09:45:46.799 22705 INFO rally.task.context [-] Task cf8ea206-5d68-4107-bf35-6319b3e70117 | Context quotas@openstack setup() finished in 1.15 sec
2019-06-20 09:45:46.799 22705 INFO rally.task.context [-] Task cf8ea206-5d68-4107-bf35-6319b3e70117 | Context cleanup@openstack setup() finished in 0.00 msec
2019-06-20 09:45:46.807 22705 RALLYDEBUG rally.task.runner [-] Starting the constant runner (task UUID: cf8ea206-5d68-4107-bf35-6319b3e70117). timeout: 0 concurrency: 20 concurrency_per_worker: 1 times: 40 concurrency_overhead: 4 processes_to_start: 16 max_cpu_used: 16
2019-06-20 09:45:46.820 26951 RALLYDEBUG rally.task.runner [-] Starting a worker. concurrency: 2 args: {"network_create_args": {}, "port_create_args": {}, "ports_per_network": 5} times: 40 method_name: run timeout: 0 duration: None cls:
2019-06-20 09:45:46.823 26952 RALLYDEBUG rally.task.runner [-] Starting a worker. concurrency: 2 args: {"network_create_args": {}, "port_create_args": {}, "ports_per_network": 5} times: 40 method_name: run timeout: 0 duration: None cls:
2019-06-20 09:45:46.827 26951 INFO rally.task.runner [-] Task cf8ea206-5d68-4107-bf35-6319b3e70117 | ITER: 1 START
2019-06-20 09:45:46.826 26953 RALLYDEBUG rally.task.runner [-] Starting a worker. concurrency: 2 args: {"network_create_args": {}, "port_create_args": {}, "ports_per_network": 5} times: 40 method_name: run timeout: 0 duration: None cls:
2019-06-20 09:45:46.829 26954 RALLYDEBUG rally.task.runner [-] Starting a worker. concurrency: 2 args: {"network_create_args": {}, "port_create_args": {}, "ports_per_network": 5} times: 40 method_name: run timeout: 0 duration: None cls:
2019-06-20 09:45:46.829 26951 WARNING rally_openstack.scenarios.neutron.utils [-] Running this scenario without either the 'network' or 'existing_network' context is deprecated
2019-06-20 09:45:46.831 26957 RALLYDEBUG rally.task.runner [-] Starting a worker. concurrency: 1 args: {"network_create_args": {}, "port_create_args": {}, "ports_per_network": 5} times: 40 method_name: run timeout: 0 duration: None cls:
2019-06-20 09:45:46.832 26952 INFO rally.task.runner [-] Task cf8ea206-5d68-4107-bf35-6319b3e70117 | ITER: 3 START
2019-06-20 09:45:46.834 26952 WARNING rally_openstack.scenarios.neutron.utils [-] Running this scenario without either the 'network' or 'existing_network' context is deprecated
2019-06-20 09:45:46.836 26953 INFO rally.task.runner [-] Task cf8ea206-5d68-4107-bf35-6319b3e70117 | ITER: 5 START
2019-06-20 09:45:46.836 26957 INFO rally.task.runner [-] Task cf8ea206-5d68-4107-bf35-6319b3e70117 | ITER: 8 START
2019-06-20 09:45:46.837 26954 INFO rally.task.runner [-] Task cf8ea206-5d68-4107-bf35-6319b3e70117 | ITER: 6 START
2019-06-20 09:45:46.838 26957 WARNING rally_openstack.scenarios.neutron.utils [-] Running this scenario without either the 'network' or 'existing_network' context is deprecated
2019-06-20 09:45:46.837 26960 RALLYDEBUG rally.task.runner [-] Starting a worker. concurrency: 1 args: {"network_create_args": {}, "port_create_args": {}, "ports_per_network": 5} times: 40 method_name: run timeout: 0 duration: None cls:
2019-06-20 09:45:46.837 26953 INFO rally.task.runner [-] Task cf8ea206-5d68-4107-bf35-6319b3e70117 | ITER: 7 START
2019-06-20 09:45:46.838 26953 WARNING rally_openstack.scenarios.neutron.utils [-] Running this scenario without either the 'network' or 'existing_network' context is deprecated
2019-06-20 09:45:46.839 26954 WARNING rally_openstack.scenarios.neutron.utils [-] Running this scenario without either the 'network' or 'existing_network' context is deprecated
2019-06-20 09:45:46.841 26970 RALLYDEBUG rally.task.runner [-] Starting a worker. concurrency: 1 args: {"network_create_args": {}, "port_create_args": {}, "ports_per_network": 5} times: 40 method_name: run timeout: 0 duration: None cls:
2019-06-20 09:45:46.835 26952 INFO rally.task.runner [-] Task cf8ea206-5d68-4107-bf35-6319b3e70117 | ITER: 4 START
2019-06-20 09:45:46.842 26951 INFO rally.task.runner [-] Task cf8ea206-5d68-4107-bf35-6319b3e70117 | ITER: 2 START
2019-06-20 09:45:46.844 26951 WARNING rally_openstack.scenarios.neutron.utils [-] Running this scenario without either the 'network' or 'existing_network' context is deprecated
2019-06-20 09:45:46.843 26952 WARNING rally_openstack.scenarios.neutron.utils [-] Running this scenario without either the 'network' or 'existing_network' context is deprecated
2019-06-20 09:45:46.844 26960 INFO rally.task.runner [-] Task cf8ea206-5d68-4107-bf35-6319b3e70117 | ITER: 10 START
2019-06-20 09:45:46.839 26953 WARNING rally_openstack.scenarios.neutron.utils [-] Running this scenario without either the 'network' or 'existing_network' context is deprecated
2019-06-20 09:45:46.845 26970 INFO rally.task.runner [-] Task cf8ea206-5d68-4107-bf35-6319b3e70117 | ITER: 11 START
2019-06-20 09:45:46.846 26960 WARNING rally_openstack.scenarios.neutron.utils [-] Running this scenario without either the 'network' or 'existing_network' context is deprecated
2019-06-20 09:45:46.846 26970 WARNING rally_openstack.scenarios.neutron.utils [-] Running this scenario without either the 'network' or 'existing_network' context is deprecated
2019-06-20 09:45:46.847 26954 INFO rally.task.runner [-] Task cf8ea206-5d68-4107-bf35-6319b3e70117 | ITER: 9 START
2019-06-20 09:45:46.849 26972 RALLYDEBUG rally.task.runner [-] Starting a worker. concurrency: 1 args: {"network_create_args": {}, "port_create_args": {}, "ports_per_network": 5} times: 40 method_name: run timeout: 0 duration: None cls:
2019-06-20 09:45:46.848 26954 WARNING rally_openstack.scenarios.neutron.utils [-] Running this scenario without either the 'network' or 'existing_network' context is deprecated
2019-06-20 09:45:46.854 26972 INFO rally.task.runner [-] Task cf8ea206-5d68-4107-bf35-6319b3e70117 | ITER: 12 START
2019-06-20 09:45:46.856 26977 RALLYDEBUG rally.task.runner [-] Starting a worker. concurrency: 1 args: {"network_create_args": {}, "port_create_args": {}, "ports_per_network": 5} times: 40 method_name: run timeout: 0 duration: None cls:
2019-06-20 09:45:46.856 26972 WARNING rally_openstack.scenarios.neutron.utils [-] Running this scenario without either the 'network' or 'existing_network' context is deprecated
2019-06-20 09:45:46.857 26978 RALLYDEBUG rally.task.runner [-] Starting a worker. concurrency: 1 args: {"network_create_args": {}, "port_create_args": {}, "ports_per_network": 5} times: 40 method_name: run timeout: 0 duration: None cls:
2019-06-20 09:45:46.860 26977 INFO rally.task.runner [-] Task cf8ea206-5d68-4107-bf35-6319b3e70117 | ITER: 13 START
2019-06-20 09:45:46.860 26979 RALLYDEBUG rally.task.runner [-] Starting a worker. concurrency: 1 args: {"network_create_args": {}, "port_create_args": {}, "ports_per_network": 5} times: 40 method_name: run timeout: 0 duration: None cls:
2019-06-20 09:45:46.861 26977 WARNING rally_openstack.scenarios.neutron.utils [-] Running this scenario without either the 'network' or 'existing_network' context is deprecated
2019-06-20 09:45:46.864 26978 INFO rally.task.runner [-] Task cf8ea206-5d68-4107-bf35-6319b3e70117 | ITER: 14 START
2019-06-20 09:45:46.865 26979 INFO rally.task.runner [-] Task cf8ea206-5d68-4107-bf35-6319b3e70117 | ITER: 15 START
2019-06-20 09:45:46.866 26979 WARNING rally_openstack.scenarios.neutron.utils [-] Running this scenario without either the 'network' or 'existing_network' context is deprecated
2019-06-20 09:45:46.866 26978 WARNING rally_openstack.scenarios.neutron.utils [-] Running this scenario without either the 'network' or 'existing_network' context is deprecated
2019-06-20 09:45:46.867 26984 RALLYDEBUG rally.task.runner [-] Starting a worker. concurrency: 1 args: {"network_create_args": {}, "port_create_args": {}, "ports_per_network": 5} times: 40 method_name: run timeout: 0 duration: None cls:
2019-06-20 09:45:46.876 26984 INFO rally.task.runner [-] Task cf8ea206-5d68-4107-bf35-6319b3e70117 | ITER: 16 START
2019-06-20 09:45:46.878 26984 WARNING rally_openstack.scenarios.neutron.utils [-] Running this scenario without either the 'network' or 'existing_network' context is deprecated
2019-06-20 09:45:46.878 26989 RALLYDEBUG rally.task.runner [-] Starting a worker. concurrency: 1 args: {"network_create_args": {}, "port_create_args": {}, "ports_per_network": 5} times: 40 method_name: run timeout: 0 duration: None cls:
2019-06-20 09:45:46.881 26992 RALLYDEBUG rally.task.runner [-] Starting a worker. concurrency: 1 args: {"network_create_args": {}, "port_create_args": {}, "ports_per_network": 5} times: 40 method_name: run timeout: 0 duration: None cls:
2019-06-20 09:45:46.884 26989 INFO rally.task.runner [-] Task cf8ea206-5d68-4107-bf35-6319b3e70117 | ITER: 17 START
2019-06-20 09:45:46.886 26989 WARNING rally_openstack.scenarios.neutron.utils [-] Running this scenario without either the 'network' or 'existing_network' context is deprecated
2019-06-20 09:45:46.887 26992 INFO rally.task.runner [-] Task cf8ea206-5d68-4107-bf35-6319b3e70117 | ITER: 18 START
2019-06-20 09:45:46.888 26992 WARNING rally_openstack.scenarios.neutron.utils [-] Running this scenario without either the 'network' or 'existing_network' context is deprecated
2019-06-20 09:45:46.894 26993 RALLYDEBUG rally.task.runner [-] Starting a worker. concurrency: 1 args: {"network_create_args": {}, "port_create_args": {}, "ports_per_network": 5} times: 40 method_name: run timeout: 0 duration: None cls:
2019-06-20 09:45:46.896 26998 RALLYDEBUG rally.task.runner [-] Starting a worker. concurrency: 1 args: {"network_create_args": {}, "port_create_args": {}, "ports_per_network": 5} times: 40 method_name: run timeout: 0 duration: None cls:
2019-06-20 09:45:46.899 26993 INFO rally.task.runner [-] Task cf8ea206-5d68-4107-bf35-6319b3e70117 | ITER: 19 START
2019-06-20 09:45:46.900 26993 WARNING rally_openstack.scenarios.neutron.utils [-] Running this scenario without either the 'network' or 'existing_network' context is deprecated
2019-06-20 09:45:46.900 26998 INFO rally.task.runner [-] Task cf8ea206-5d68-4107-bf35-6319b3e70117 | ITER: 20 START
2019-06-20 09:45:46.902 26998 WARNING rally_openstack.scenarios.neutron.utils [-] Running this scenario without either the 'network' or 'existing_network' context is deprecated
2019-06-20 09:45:56.101 26952 INFO rally.task.runner [-] Task cf8ea206-5d68-4107-bf35-6319b3e70117 | ITER: 3 END: OK
2019-06-20 09:45:56.106 26952 INFO rally.task.runner [-] Task cf8ea206-5d68-4107-bf35-6319b3e70117 | ITER: 21 START
2019-06-20 09:45:56.106 26952 WARNING rally_openstack.scenarios.neutron.utils [-] Running this scenario without either the 'network' or 'existing_network' context is deprecated
2019-06-20 09:45:56.421 26952 INFO rally.task.runner [-] Task cf8ea206-5d68-4107-bf35-6319b3e70117 | ITER: 4 END: OK
2019-06-20 09:45:56.425 26952 INFO rally.task.runner [-] Task cf8ea206-5d68-4107-bf35-6319b3e70117 | ITER: 22 START
2019-06-20 09:45:56.425 26952 WARNING rally_openstack.scenarios.neutron.utils [-] Running this scenario without either the 'network' or 'existing_network' context is deprecated
2019-06-20 09:45:57.329 26998 INFO rally.task.runner [-] Task cf8ea206-5d68-4107-bf35-6319b3e70117 | ITER: 20 END: OK
2019-06-20 09:45:57.333 26998 INFO rally.task.runner [-] Task cf8ea206-5d68-4107-bf35-6319b3e70117 | ITER: 23 START
2019-06-20 09:45:57.334 26998 WARNING rally_openstack.scenarios.neutron.utils [-] Running this scenario without either the 'network' or 'existing_network' context is deprecated
2019-06-20 09:46:02.136 26953 INFO rally.task.runner [-] Task cf8ea206-5d68-4107-bf35-6319b3e70117 | ITER: 7 END: OK
2019-06-20 09:46:02.140 26953 INFO rally.task.runner [-] Task cf8ea206-5d68-4107-bf35-6319b3e70117 | ITER: 24 START
2019-06-20 09:46:02.141 26953 WARNING rally_openstack.scenarios.neutron.utils [-] Running this scenario without either the 'network' or 'existing_network' context is deprecated
2019-06-20 09:46:02.559 26979 INFO rally.task.runner [-] Task cf8ea206-5d68-4107-bf35-6319b3e70117 | ITER: 15 END: OK
2019-06-20 09:46:02.563 26979 INFO rally.task.runner [-] Task cf8ea206-5d68-4107-bf35-6319b3e70117 | ITER: 25 START
2019-06-20 09:46:02.564 26979 WARNING rally_openstack.scenarios.neutron.utils [-] Running this scenario without either the 'network' or 'existing_network' context is deprecated
2019-06-20 09:46:04.651 26952 INFO rally.task.runner [-] Task cf8ea206-5d68-4107-bf35-6319b3e70117 | ITER: 21 END: OK
2019-06-20 09:46:04.655 26952 INFO rally.task.runner [-] Task cf8ea206-5d68-4107-bf35-6319b3e70117 | ITER: 26 START
2019-06-20 09:46:04.656 26952 WARNING rally_openstack.scenarios.neutron.utils [-] Running this scenario without either the 'network' or 'existing_network' context is deprecated
2019-06-20 09:46:05.375 26952 INFO rally.task.runner [-] Task cf8ea206-5d68-4107-bf35-6319b3e70117 | ITER: 22 END: OK
2019-06-20 09:46:05.379 26952 INFO rally.task.runner [-] Task cf8ea206-5d68-4107-bf35-6319b3e70117 | ITER: 27 START
2019-06-20 09:46:05.380 26952 WARNING rally_openstack.scenarios.neutron.utils [-] Running this scenario without either the 'network' or 'existing_network' context is deprecated
2019-06-20 09:46:05.744 26998 INFO rally.task.runner [-] Task cf8ea206-5d68-4107-bf35-6319b3e70117 | ITER: 23 END: OK
2019-06-20 09:46:05.749 26998 INFO rally.task.runner [-] Task cf8ea206-5d68-4107-bf35-6319b3e70117 | ITER: 28 START
2019-06-20 09:46:05.749 26998 WARNING rally_openstack.scenarios.neutron.utils [-] Running this scenario without either the 'network' or 'existing_network' context is deprecated
2019-06-20 09:46:09.007 26951 INFO rally.task.runner [-] Task cf8ea206-5d68-4107-bf35-6319b3e70117 | ITER: 2 END: OK
2019-06-20 09:46:09.012 26951 INFO rally.task.runner [-] Task cf8ea206-5d68-4107-bf35-6319b3e70117 | ITER: 29 START
2019-06-20 09:46:09.013 26951 WARNING rally_openstack.scenarios.neutron.utils [-] Running this scenario without either the 'network' or 'existing_network' context is deprecated
2019-06-20 09:46:09.126 26951 INFO rally.task.runner [-] Task cf8ea206-5d68-4107-bf35-6319b3e70117 | ITER: 1 END: OK
2019-06-20 09:46:09.129 26951 INFO rally.task.runner [-] Task cf8ea206-5d68-4107-bf35-6319b3e70117 | ITER: 30 START
2019-06-20 09:46:09.130 26951 WARNING rally_openstack.scenarios.neutron.utils [-] Running this scenario without either the 'network' or 'existing_network' context is deprecated
2019-06-20 09:46:09.789 26972 INFO rally.task.runner [-] Task cf8ea206-5d68-4107-bf35-6319b3e70117 | ITER: 12 END: OK
2019-06-20 09:46:09.793 26972 INFO rally.task.runner [-] Task cf8ea206-5d68-4107-bf35-6319b3e70117 | ITER: 31 START
2019-06-20 09:46:09.794 26972 WARNING rally_openstack.scenarios.neutron.utils [-] Running this scenario without either the 'network' or 'existing_network' context is deprecated
2019-06-20 09:46:12.047 26979 INFO rally.task.runner [-] Task cf8ea206-5d68-4107-bf35-6319b3e70117 | ITER: 25 END: OK
2019-06-20 09:46:12.050 26979 INFO rally.task.runner [-] Task cf8ea206-5d68-4107-bf35-6319b3e70117 | ITER: 32 START
2019-06-20 09:46:12.051 26979 WARNING rally_openstack.scenarios.neutron.utils [-] Running this scenario without either the 'network' or 'existing_network' context is deprecated
2019-06-20 09:46:13.948 26952 INFO rally.task.runner [-] Task cf8ea206-5d68-4107-bf35-6319b3e70117 | ITER: 26 END: OK
2019-06-20 09:46:13.951 26952 INFO rally.task.runner [-] Task cf8ea206-5d68-4107-bf35-6319b3e70117 | ITER: 33 START
2019-06-20 09:46:13.952 26952 WARNING rally_openstack.scenarios.neutron.utils [-] Running this scenario without either the 'network' or 'existing_network' context is deprecated
2019-06-20 09:46:14.404 26998 INFO rally.task.runner [-] Task cf8ea206-5d68-4107-bf35-6319b3e70117 | ITER: 28 END: OK
2019-06-20 09:46:14.408 26998 INFO rally.task.runner [-] Task cf8ea206-5d68-4107-bf35-6319b3e70117 | ITER: 34 START
2019-06-20 09:46:14.408 26998 WARNING rally_openstack.scenarios.neutron.utils [-] Running this scenario without either the 'network' or 'existing_network' context is deprecated
2019-06-20 09:46:14.890 26954 INFO rally.task.runner [-] Task cf8ea206-5d68-4107-bf35-6319b3e70117 | ITER: 6 END: OK
2019-06-20 09:46:14.895 26954 INFO rally.task.runner [-] Task cf8ea206-5d68-4107-bf35-6319b3e70117 | ITER: 35 START
2019-06-20 09:46:14.895 26954 WARNING rally_openstack.scenarios.neutron.utils [-] Running this scenario without either the 'network' or 'existing_network' context is deprecated
2019-06-20 09:46:14.933 26957 INFO rally.task.runner [-] Task cf8ea206-5d68-4107-bf35-6319b3e70117 | ITER: 8 END: OK
2019-06-20 09:46:14.937 26957 INFO rally.task.runner [-] Task cf8ea206-5d68-4107-bf35-6319b3e70117 | ITER: 36 START
2019-06-20 09:46:14.938 26957 WARNING rally_openstack.scenarios.neutron.utils [-] Running this scenario without either the 'network' or 'existing_network' context is deprecated
2019-06-20 09:46:15.780 26960 INFO rally.task.runner [-] Task cf8ea206-5d68-4107-bf35-6319b3e70117 | ITER: 10 END: OK
2019-06-20 09:46:15.781 26989 INFO rally.task.runner [-] Task cf8ea206-5d68-4107-bf35-6319b3e70117 | ITER: 17 END: OK
2019-06-20 09:46:15.785 26960 INFO rally.task.runner [-] Task cf8ea206-5d68-4107-bf35-6319b3e70117 | ITER: 37 START
2019-06-20 09:46:15.785 26989 INFO rally.task.runner [-] Task cf8ea206-5d68-4107-bf35-6319b3e70117 | ITER: 38 START
2019-06-20 09:46:15.785 26989 WARNING rally_openstack.scenarios.neutron.utils [-] Running this scenario without either the 'network' or 'existing_network' context is deprecated
2019-06-20 09:46:15.785 26960 WARNING rally_openstack.scenarios.neutron.utils [-] Running this scenario without either the 'network' or 'existing_network' context is deprecated
