2019-06-20 09:43:22.465 22705 RALLYDEBUG rally_openstack.cleanup.manager [-] Deleting neutron.port object s_rally_b1005051_R6tKuxYB (daa6f050-67a2-4274-8216-c214521febc0)
2019-06-20 09:43:23.331 22705 RALLYDEBUG rally_openstack.cleanup.manager [-] Deleting neutron.port object s_rally_b1005051_7Tf3F8yq (dc3ba133-42b6-4227-a928-f9df3ad24ff3)
2019-06-20 09:43:23.339 22705 RALLYDEBUG rally_openstack.cleanup.manager [-] Deleting neutron.port object s_rally_b1005051_TMDUF0BL (ddc747b8-4948-4fa0-a45a-a9b7358bf19c)
2019-06-20 09:43:23.365 22705 RALLYDEBUG rally_openstack.cleanup.manager [-] Deleting neutron.port object s_rally_b1005051_6otnqPWQ (de7f8c8b-d03a-4526-956e-9080fd510b4d)
2019-06-20 09:43:23.477 22705 RALLYDEBUG rally_openstack.cleanup.manager [-] Deleting neutron.port object s_rally_b1005051_CCt5e1WA (de8e5e49-f9e7-4262-ba5b-aefdb7a9bc64)
2019-06-20 09:43:23.505 22705 RALLYDEBUG rally_openstack.cleanup.manager [-] Deleting neutron.port object s_rally_b1005051_KBifdTOc (e0313cf0-73ab-4cca-974e-b755aee7a30e)
2019-06-20 09:43:23.588 22705 RALLYDEBUG rally_openstack.cleanup.manager [-] Deleting neutron.port object s_rally_b1005051_h8lYGcvh (e066040d-4971-4ad0-b05a-0b29584eb6a6)
2019-06-20 09:43:23.617 22705 RALLYDEBUG rally_openstack.cleanup.manager [-] Deleting neutron.port object s_rally_b1005051_Qx4TnRM2 (e099ffb0-1b8e-4f5f-abbe-2274d4e5de2a)
2019-06-20 09:43:23.753 22705 RALLYDEBUG rally_openstack.cleanup.manager [-] Deleting neutron.port object s_rally_b1005051_5fA2OB5y (e0d100e1-ce52-4b75-93f1-15f88bceaefa)
2019-06-20 09:43:24.146 22705 RALLYDEBUG rally_openstack.cleanup.manager [-] Deleting neutron.port object s_rally_b1005051_FgAnh3q4 (e1912958-2f7f-4553-a262-612d31e1b373)
2019-06-20 09:43:24.153 22705 RALLYDEBUG rally_openstack.cleanup.manager [-] Deleting neutron.port object s_rally_b1005051_mWussF9y (e2705b7a-eb29-4d02-8ddd-8485084ed936)
2019-06-20 09:43:24.436 22705 RALLYDEBUG rally_openstack.cleanup.manager [-] Deleting neutron.port object s_rally_b1005051_OOvpD2us (e28176eb-c19c-43aa-b07e-2eb5f588f7f9)
2019-06-20 09:43:24.486 22705 RALLYDEBUG rally_openstack.cleanup.manager [-] Deleting neutron.port object s_rally_b1005051_2gbAdibL (e2b2f622-dfef-45e7-b380-79fa924a192d)
2019-06-20 09:43:24.721 22705 RALLYDEBUG rally_openstack.cleanup.manager [-] Deleting neutron.port object s_rally_b1005051_sp7kJmkn (e3baabc4-a861-478f-8e17-796c88a4fa36)
2019-06-20 09:43:24.881 22705 RALLYDEBUG rally_openstack.cleanup.manager [-] Deleting neutron.port object s_rally_b1005051_ys7ekLzb (e3fc0790-0429-42e5-be37-d1918424689c)
2019-06-20 09:43:24.903 22705 RALLYDEBUG rally_openstack.cleanup.manager [-] Deleting neutron.port object s_rally_b1005051_nA8ykTT8 (e3fd605f-fdf1-4b5b-b421-65ff9a58a08b)
2019-06-20 09:43:24.954 22705 RALLYDEBUG rally_openstack.cleanup.manager [-] Deleting neutron.port object s_rally_b1005051_xQclcopk (e6b7768a-ffc2-49b5-94ee-01727fedb900)
2019-06-20 09:43:24.977 22705 RALLYDEBUG rally_openstack.cleanup.manager [-] Deleting neutron.port object s_rally_b1005051_kILws1NH (e77862ea-5b6b-4232-aff7-5377b677ed46)
2019-06-20 09:43:24.978 22705 RALLYDEBUG rally_openstack.cleanup.manager [-] Deleting neutron.port object s_rally_b1005051_S1l30vJK (e708169d-67ba-41f1-94a3-8bb5e7e01698)
2019-06-20 09:43:25.113 22705 RALLYDEBUG rally_openstack.cleanup.manager [-] Deleting neutron.port object s_rally_b1005051_ZhluGByF (e7ebdd50-b236-4114-9011-bfc0a0c9ea3d)
2019-06-20 09:43:25.113 22705 RALLYDEBUG rally_openstack.cleanup.manager [-] Deleting neutron.port object s_rally_b1005051_ycAcOG5a (e7f429c2-f997-4b67-9e6a-7e5f8879dc2e)
2019-06-20 09:43:25.665 22705 RALLYDEBUG rally_openstack.cleanup.manager [-] Deleting neutron.port object s_rally_b1005051_gRkpZgeO (e8498845-7f72-4a3d-9ca0-1350a0ef351e)
2019-06-20 09:43:25.977 22705 RALLYDEBUG rally_openstack.cleanup.manager [-] Deleting neutron.port object s_rally_b1005051_FxZc6MWT (e8713914-de5e-4e34-8bad-8ac92bdde482)
2019-06-20 09:43:26.052 22705 RALLYDEBUG rally_openstack.cleanup.manager [-] Deleting neutron.port object s_rally_b1005051_YRmqb6Qy (e9f988d8-d9c6-442f-98d4-bf52b7ce4116)
2019-06-20 09:43:26.238 22705 RALLYDEBUG rally_openstack.cleanup.manager [-] Deleting neutron.port object s_rally_b1005051_GDMbIRGt (ea7db1d1-45ce-4f5a-8950-0cddb319d014)
2019-06-20 09:43:26.282 22705 RALLYDEBUG rally_openstack.cleanup.manager [-] Deleting neutron.port object s_rally_b1005051_pJzxpnWC (ebb266e7-9a82-407d-a42b-f30a3929eb16)
2019-06-20 09:43:26.308 22705 RALLYDEBUG rally_openstack.cleanup.manager [-] Deleting neutron.port object s_rally_b1005051_DQvZfhmD (ebb64038-916a-48f4-b803-fc597acb6e09)
2019-06-20 09:43:26.369 22705 RALLYDEBUG rally_openstack.cleanup.manager [-] Deleting neutron.port object s_rally_b1005051_YAptRyi9 (ec1a2acc-1eee-4635-b164-b19ad8316a7b)
2019-06-20 09:43:26.416 22705 RALLYDEBUG rally_openstack.cleanup.manager [-] Deleting neutron.port object s_rally_b1005051_cCPGGVoA (ec21f20e-4d44-4c36-9719-261bcb910806)
2019-06-20 09:43:26.486 22705 RALLYDEBUG rally_openstack.cleanup.manager [-] Deleting neutron.port object s_rally_b1005051_g8HJ1jqM (ec25e187-3348-4338-8e6a-7adc8d633a45)
2019-06-20 09:43:26.659 22705 RALLYDEBUG rally_openstack.cleanup.manager [-] Deleting neutron.port object s_rally_b1005051_oX1crNvN (ec4a8482-4bfa-48ff-83e4-7497e6453ac2)
2019-06-20 09:43:26.894 22705 RALLYDEBUG rally_openstack.cleanup.manager [-] Deleting neutron.port object s_rally_b1005051_8ApQ1z90 (ec4eb1e6-7e7a-4c17-835a-06fccb3bef84)
2019-06-20 09:43:27.150 22705 RALLYDEBUG rally_openstack.cleanup.manager [-] Deleting neutron.port object s_rally_b1005051_cwm8fMJH (ec50f538-532b-4f55-a6f2-d51ea48778d7)
2019-06-20 09:43:27.297 22705 RALLYDEBUG rally_openstack.cleanup.manager [-] Deleting neutron.port object s_rally_b1005051_KW6cEOqu (ec8263c0-1a83-4d33-a75a-0174c64f4515)
2019-06-20 09:43:27.608 22705 RALLYDEBUG rally_openstack.cleanup.manager [-] Deleting neutron.port object s_rally_b1005051_vmeg0blv (ecc773f4-81c3-492a-8cc5-94d5b3bedb08)
2019-06-20 09:43:27.711 22705 RALLYDEBUG rally_openstack.cleanup.manager [-] Deleting neutron.port object s_rally_b1005051_PUkpaMmM (ee2a57b8-a9f8-44d2-8556-de49ad297705)
2019-06-20 09:43:27.730 22705 RALLYDEBUG rally_openstack.cleanup.manager [-] Deleting neutron.port object s_rally_b1005051_ADL4kD91 (ef0e8fb3-8f3d-43d6-8015-90f20731ea59)
2019-06-20 09:43:28.460 22705 RALLYDEBUG rally_openstack.cleanup.manager [-] Deleting neutron.port object s_rally_b1005051_rkOjk5UQ (ef7753d5-b05c-49fe-8e0a-5c11c0bd4ab7)
2019-06-20 09:43:28.691 22705 RALLYDEBUG rally_openstack.cleanup.manager [-] Deleting neutron.port object s_rally_b1005051_6jt9ssZM (ef7e46e1-e5db-4ce1-a168-b43fc11dda0a)
2019-06-20 09:43:28.966 22705 RALLYDEBUG rally_openstack.cleanup.manager [-] Deleting neutron.port object s_rally_b1005051_pIlr5ae3 (efc77c7e-5cd8-41db-b456-2530f862a7a9)
2019-06-20 09:43:29.144 22705 RALLYDEBUG rally_openstack.cleanup.manager [-] Deleting neutron.port object s_rally_b1005051_cTDpflMP (f11f8d4c-9335-4164-91b1-40fffd71ba60)
2019-06-20 09:43:29.216 22705 RALLYDEBUG rally_openstack.cleanup.manager [-] Deleting neutron.port object s_rally_b1005051_6gbTOkHJ (f2949fe5-e2cf-4b23-9581-aebcbbcc7bbe)
2019-06-20 09:43:29.429 22705 RALLYDEBUG rally_openstack.cleanup.manager [-] Deleting neutron.port object s_rally_b1005051_v5trrpmp (f30acd51-a42b-49d0-9e23-70baa520df82)
2019-06-20 09:43:29.444 22705 RALLYDEBUG rally_openstack.cleanup.manager [-] Deleting neutron.port object s_rally_b1005051_ZGOKVh5R (f39a0985-6d67-4764-9db0-b05d907fc806)
2019-06-20 09:43:29.723 22705 RALLYDEBUG rally_openstack.cleanup.manager [-] Deleting neutron.port object s_rally_b1005051_YXuwTmrL (f46412bc-b75f-4108-b3b1-beac9aced42c)
2019-06-20 09:43:29.805 22705 RALLYDEBUG rally_openstack.cleanup.manager [-] Deleting neutron.port object s_rally_b1005051_Vr6gpXKk (f4a52cb4-4d71-4b77-806a-97ff430e02b7)
2019-06-20 09:43:29.810 22705 RALLYDEBUG rally_openstack.cleanup.manager [-] Deleting neutron.port object s_rally_b1005051_sLB5u3Ha (f4a8a8bb-ea56-46bd-8c14-fe9912a94a66)
2019-06-20 09:43:29.821 22705 RALLYDEBUG rally_openstack.cleanup.manager [-] Deleting neutron.port object s_rally_b1005051_HJwMA9Wc (f5655c9e-4414-4c4f-986e-3d01184873d5)
2019-06-20 09:43:29.837 22705 RALLYDEBUG rally_openstack.cleanup.manager [-] Deleting neutron.port object s_rally_b1005051_tdA6TOFB (f56a6346-2040-4eda-8493-2d099197f372)
2019-06-20 09:43:29.897 22705 RALLYDEBUG rally_openstack.cleanup.manager [-] Deleting neutron.port object s_rally_b1005051_bFfTuQ2Z (f6512925-eb17-4009-a995-8a0b79270a87)
2019-06-20 09:43:29.938 22705 RALLYDEBUG rally_openstack.cleanup.manager [-] Deleting neutron.port object s_rally_b1005051_J0Ax2Cju (f65dba38-faad-4c55-875f-2dcf4726fc44)
2019-06-20 09:43:30.226 22705 RALLYDEBUG rally_openstack.cleanup.manager [-] Deleting neutron.port object s_rally_b1005051_Ttoxz3aq (f70637cf-71b8-4ecd-9681-016ea80a108d)
2019-06-20 09:43:30.446 22705 RALLYDEBUG rally_openstack.cleanup.manager [-] Deleting neutron.port object s_rally_b1005051_4KbbVvUG (f7344c92-ad2f-4636-aa35-b6419c342f29)
2019-06-20 09:43:30.451 22705 RALLYDEBUG rally_openstack.cleanup.manager [-] Deleting neutron.port object s_rally_b1005051_Y4bqtjla (f870adf7-1a0a-45d4-b9c8-a72053fb1878)
2019-06-20 09:43:30.614 22705 RALLYDEBUG rally_openstack.cleanup.manager [-] Deleting neutron.port object s_rally_b1005051_6eiJ2Z7G (f8d3ba3d-ad5e-48f3-8b63-c60fae79f595)
2019-06-20 09:43:30.719 22705 RALLYDEBUG rally_openstack.cleanup.manager [-] Deleting neutron.port object s_rally_b1005051_iAfxLeht (f91d4824-0c3e-4832-bcc6-84f8c3ce5812)
2019-06-20 09:43:30.732 22705 RALLYDEBUG rally_openstack.cleanup.manager [-] Deleting neutron.port object s_rally_b1005051_6qp0htru (fbc68081-f472-44a0-b39d-d82137b8d40f)
2019-06-20 09:43:31.491 22705 RALLYDEBUG rally_openstack.cleanup.manager [-] Deleting neutron.port object s_rally_b1005051_Dm4uBks6 (fd390616-e9f9-4eba-b23d-f1598e0ea719)
2019-06-20 09:43:31.779 22705 RALLYDEBUG rally_openstack.cleanup.manager [-] Deleting neutron.port object s_rally_b1005051_sAuaI7fx (fd9c2abd-6b6f-4a39-88cf-6b8c19f402cc)
2019-06-20 09:43:31.994 22705 RALLYDEBUG rally_openstack.cleanup.manager [-] Deleting neutron.port object s_rally_b1005051_PxmTQx6F (fe493493-56f1-43ed-bb1b-0c2e5e6fb2bf)
2019-06-20 09:43:32.085 22705 RALLYDEBUG rally_openstack.cleanup.manager [-] Deleting neutron.port object s_rally_b1005051_syEe8727 (ff2ba9e7-0623-46e7-bcee-eb4d1415ebc1)
2019-06-20 09:43:32.433 22705 RALLYDEBUG rally_openstack.cleanup.manager [-] Deleting neutron.port object s_rally_b1005051_lqAWThMU (ff2f8bf1-ecdc-4e93-bbe5-ee18d6def9f6)
2019-06-20 09:43:35.012 22705 RALLYDEBUG rally_openstack.cleanup.manager [-] Cleaning up neutron subnet objects
2019-06-20 09:43:35.651 22705 RALLYDEBUG rally_openstack.cleanup.manager [-] Cleaning up neutron network objects
2019-06-20 09:43:36.382 22705 RALLYDEBUG rally_openstack.cleanup.manager [-] Deleting neutron.network object s_rally_b1005051_6otcvQlQ (34afdc1e-73d3-418f-b9ae-1338fe01999e)
2019-06-20 09:43:36.382 22705 RALLYDEBUG rally_openstack.cleanup.manager [-] Deleting neutron.network object s_rally_b1005051_TZhmfdoJ (0e252425-a2df-4c50-8188-fc9dcaa233ee)
2019-06-20 09:43:36.391 22705 RALLYDEBUG rally_openstack.cleanup.manager [-] Deleting neutron.network object s_rally_b1005051_R9A36tdq (3cf643cc-19a5-49ce-94e5-da3612179470)
2019-06-20 09:43:36.399 22705 RALLYDEBUG rally_openstack.cleanup.manager [-] Deleting neutron.network object s_rally_b1005051_PAJcv9kW (45b31b31-8e3f-486b-847e-938cc842f128)
2019-06-20 09:43:36.407 22705 RALLYDEBUG rally_openstack.cleanup.manager [-] Deleting neutron.network object s_rally_b1005051_Yh6W8x3z (74a88492-e7fc-4769-a426-2d25d44e52e6)
2019-06-20 09:43:36.421 22705 RALLYDEBUG rally_openstack.cleanup.manager [-] Deleting neutron.network object s_rally_b1005051_rbLID1oA (834c184d-ff55-4b05-a4bb-35225bb36b2b)
2019-06-20 09:43:36.421 22705 RALLYDEBUG rally_openstack.cleanup.manager [-] Deleting neutron.network object s_rally_b1005051_2ciI1BQe (7e327851-0452-48dd-80d3-02e330c95c77)
2019-06-20 09:43:36.429 22705 RALLYDEBUG rally_openstack.cleanup.manager [-] Deleting neutron.network object s_rally_b1005051_pw2aoKF9 (b682510f-c9a8-4f16-b917-714260cb6026)
2019-06-20 09:43:39.809 22705 RALLYDEBUG rally_openstack.cleanup.manager [-] Cleaning up neutron router objects
2019-06-20 09:43:40.584 22705 RALLYDEBUG rally_openstack.cleanup.manager [-] Cleaning up neutron security_group objects
2019-06-20 09:43:41.245 22705 INFO rally.task.context [-] Task cf8ea206-5d68-4107-bf35-6319b3e70117 | Context cleanup@openstack cleanup() finished in 1.29 min
2019-06-20 09:43:41.246 22705 INFO rally.task.context [-] Task cf8ea206-5d68-4107-bf35-6319b3e70117 | Context quotas@openstack cleanup() started
2019-06-20 09:43:41.468 22705 INFO rally.task.context [-] Task cf8ea206-5d68-4107-bf35-6319b3e70117 | Context quotas@openstack cleanup() finished in 0.22 sec
2019-06-20 09:43:41.469 22705 INFO rally.task.context [-] Task cf8ea206-5d68-4107-bf35-6319b3e70117 | Context users@openstack cleanup() started
2019-06-20 09:43:45.750 22705 INFO rally.task.context [-] Task cf8ea206-5d68-4107-bf35-6319b3e70117 | Context users@openstack cleanup() finished in 4.28 sec
2019-06-20 09:43:46.620 22705 INFO rally.task.engine [-] Load duration is: 131.172894
2019-06-20 09:43:46.620 22705 INFO rally.task.engine [-] Full runner duration is: 131.212829
2019-06-20 09:43:46.621 22705 INFO rally.task.engine [-] Full duration is: 217.966712
2019-06-20 09:43:46.850 22705 INFO rally.task.engine [-] Running workload: position = 1 config = { "version": 2, "title": "A cropped version of a bigger task.", "description": "Auto-generated task from a single workload (uuid=4d804225-c693-4ffd-bb92-97f3fcac3443)", "subtasks": [ { "title": "NeutronNetworks.create_and_update_ports", "description": "Create and update a given number of ports.", "scenario": { "NeutronNetworks.create_and_update_ports": { "network_create_args": {}, "port_create_args": {}, "ports_per_network": 5, "port_update_args": { "admin_state_up": false, "device_id": "dummy_id", "device_owner": "dummy_owner", "name": "_port_updated" } } }, "contexts": { "users": { "tenants": 1, "users_per_tenant": 1 }, "quotas": { "neutron": { "network": -1, "port": -1 } } }, "runner": { "constant": { "times": 40, "concurrency": 20 } }, "hooks": [], "sla": { "failure_rate": { "max": 0 } } } ] }
2019-06-20 09:43:46.874 22705 RALLYDEBUG rally_openstack.contexts.keystone.users [-] Creating 1 tenants using 20 threads
2019-06-20 09:43:48.677 22705 RALLYDEBUG rally_openstack.contexts.keystone.users [-] Creating 1 users using 20 threads
2019-06-20 09:43:50.978 22705 INFO rally.task.context [-] Task cf8ea206-5d68-4107-bf35-6319b3e70117 | Context users@openstack setup() finished in 4.10 sec
2019-06-20 09:43:51.733 22705 INFO rally.task.context [-] Task cf8ea206-5d68-4107-bf35-6319b3e70117 | Context quotas@openstack setup() finished in 0.75 sec
2019-06-20 09:43:51.733 22705 INFO rally.task.context [-] Task cf8ea206-5d68-4107-bf35-6319b3e70117 | Context cleanup@openstack setup() finished in 0.01 msec
2019-06-20 09:43:51.741 22705 RALLYDEBUG rally.task.runner [-] Starting the constant runner (task UUID: cf8ea206-5d68-4107-bf35-6319b3e70117). timeout: 0 concurrency: 20 concurrency_per_worker: 1 times: 40 concurrency_overhead: 4 processes_to_start: 16 max_cpu_used: 16
2019-06-20 09:43:51.755 26581 RALLYDEBUG rally.task.runner [-] Starting a worker. concurrency: 2 args: {"network_create_args": {}, "port_create_args": {}, "ports_per_network": 5, "port_update_args": {"admin_state_up": false, "device_id": "dummy_id", "device_owner": "dummy_owner", "name": "_port_updated"}} times: 40 method_name: run timeout: 0 duration: None cls:
2019-06-20 09:43:51.758 26582 RALLYDEBUG rally.task.runner [-] Starting a worker. concurrency: 2 args: {"network_create_args": {}, "port_create_args": {}, "ports_per_network": 5, "port_update_args": {"admin_state_up": false, "device_id": "dummy_id", "device_owner": "dummy_owner", "name": "_port_updated"}} times: 40 method_name: run timeout: 0 duration: None cls:
2019-06-20 09:43:51.761 26583 RALLYDEBUG rally.task.runner [-] Starting a worker. concurrency: 2 args: {"network_create_args": {}, "port_create_args": {}, "ports_per_network": 5, "port_update_args": {"admin_state_up": false, "device_id": "dummy_id", "device_owner": "dummy_owner", "name": "_port_updated"}} times: 40 method_name: run timeout: 0 duration: None cls:
2019-06-20 09:43:51.763 26581 INFO rally.task.runner [-] Task cf8ea206-5d68-4107-bf35-6319b3e70117 | ITER: 1 START
2019-06-20 09:43:51.764 26584 RALLYDEBUG rally.task.runner [-] Starting a worker. concurrency: 2 args: {"network_create_args": {}, "port_create_args": {}, "ports_per_network": 5, "port_update_args": {"admin_state_up": false, "device_id": "dummy_id", "device_owner": "dummy_owner", "name": "_port_updated"}} times: 40 method_name: run timeout: 0 duration: None cls:
2019-06-20 09:43:51.765 26581 WARNING rally_openstack.scenarios.neutron.utils [-] Running this scenario without either the 'network' or 'existing_network' context is deprecated
2019-06-20 09:43:51.767 26585 RALLYDEBUG rally.task.runner [-] Starting a worker. concurrency: 1 args: {"network_create_args": {}, "port_create_args": {}, "ports_per_network": 5, "port_update_args": {"admin_state_up": false, "device_id": "dummy_id", "device_owner": "dummy_owner", "name": "_port_updated"}} times: 40 method_name: run timeout: 0 duration: None cls:
2019-06-20 09:43:51.768 26582 INFO rally.task.runner [-] Task cf8ea206-5d68-4107-bf35-6319b3e70117 | ITER: 3 START
2019-06-20 09:43:51.771 26583 INFO rally.task.runner [-] Task cf8ea206-5d68-4107-bf35-6319b3e70117 | ITER: 4 START
2019-06-20 09:43:51.772 26583 WARNING rally_openstack.scenarios.neutron.utils [-] Running this scenario without either the 'network' or 'existing_network' context is deprecated
2019-06-20 09:43:51.770 26582 INFO rally.task.runner [-] Task cf8ea206-5d68-4107-bf35-6319b3e70117 | ITER: 5 START
2019-06-20 09:43:51.772 26581 INFO rally.task.runner [-] Task cf8ea206-5d68-4107-bf35-6319b3e70117 | ITER: 2 START
2019-06-20 09:43:51.772 26588 RALLYDEBUG rally.task.runner [-] Starting a worker. concurrency: 1 args: {"network_create_args": {}, "port_create_args": {}, "ports_per_network": 5, "port_update_args": {"admin_state_up": false, "device_id": "dummy_id", "device_owner": "dummy_owner", "name": "_port_updated"}} times: 40 method_name: run timeout: 0 duration: None cls:
2019-06-20 09:43:51.773 26582 WARNING rally_openstack.scenarios.neutron.utils [-] Running this scenario without either the 'network' or 'existing_network' context is deprecated
2019-06-20 09:43:51.773 26581 WARNING rally_openstack.scenarios.neutron.utils [-] Running this scenario without either the 'network' or 'existing_network' context is deprecated
2019-06-20 09:43:51.774 26585 INFO rally.task.runner [-] Task cf8ea206-5d68-4107-bf35-6319b3e70117 | ITER: 8 START
2019-06-20 09:43:51.776 26585 WARNING rally_openstack.scenarios.neutron.utils [-] Running this scenario without either the 'network' or 'existing_network' context is deprecated
2019-06-20 09:43:51.776 26593 RALLYDEBUG rally.task.runner [-] Starting a worker. concurrency: 1 args: {"network_create_args": {}, "port_create_args": {}, "ports_per_network": 5, "port_update_args": {"admin_state_up": false, "device_id": "dummy_id", "device_owner": "dummy_owner", "name": "_port_updated"}} times: 40 method_name: run timeout: 0 duration: None cls:
2019-06-20 09:43:51.777 26599 RALLYDEBUG rally.task.runner [-] Starting a worker. concurrency: 1 args: {"network_create_args": {}, "port_create_args": {}, "ports_per_network": 5, "port_update_args": {"admin_state_up": false, "device_id": "dummy_id", "device_owner": "dummy_owner", "name": "_port_updated"}} times: 40 method_name: run timeout: 0 duration: None cls:
2019-06-20 09:43:51.773 26582 WARNING rally_openstack.scenarios.neutron.utils [-] Running this scenario without either the 'network' or 'existing_network' context is deprecated
2019-06-20 09:43:51.780 26603 RALLYDEBUG rally.task.runner [-] Starting a worker. concurrency: 1 args: {"network_create_args": {}, "port_create_args": {}, "ports_per_network": 5, "port_update_args": {"admin_state_up": false, "device_id": "dummy_id", "device_owner": "dummy_owner", "name": "_port_updated"}} times: 40 method_name: run timeout: 0 duration: None cls:
2019-06-20 09:43:51.781 26588 INFO rally.task.runner [-] Task cf8ea206-5d68-4107-bf35-6319b3e70117 | ITER: 10 START
2019-06-20 09:43:51.782 26584 INFO rally.task.runner [-] Task cf8ea206-5d68-4107-bf35-6319b3e70117 | ITER: 6 START
2019-06-20 09:43:51.783 26588 WARNING rally_openstack.scenarios.neutron.utils [-] Running this scenario without either the 'network' or 'existing_network' context is deprecated
2019-06-20 09:43:51.785 26593 INFO rally.task.runner [-] Task cf8ea206-5d68-4107-bf35-6319b3e70117 | ITER: 11 START
2019-06-20 09:43:51.786 26593 WARNING rally_openstack.scenarios.neutron.utils [-] Running this scenario without either the 'network' or 'existing_network' context is deprecated
2019-06-20 09:43:51.784 26584 INFO rally.task.runner [-] Task cf8ea206-5d68-4107-bf35-6319b3e70117 | ITER: 9 START
2019-06-20 09:43:51.787 26584 WARNING rally_openstack.scenarios.neutron.utils [-] Running this scenario without either the 'network' or 'existing_network' context is deprecated
2019-06-20 09:43:51.787 26583 INFO rally.task.runner [-] Task cf8ea206-5d68-4107-bf35-6319b3e70117 | ITER: 7 START
2019-06-20 09:43:51.788 26603 INFO rally.task.runner [-] Task cf8ea206-5d68-4107-bf35-6319b3e70117 | ITER: 13 START
2019-06-20 09:43:51.788 26583 WARNING rally_openstack.scenarios.neutron.utils [-] Running this scenario without either the 'network' or 'existing_network' context is deprecated
2019-06-20 09:43:51.788 26606 RALLYDEBUG rally.task.runner [-] Starting a worker. concurrency: 1 args: {"network_create_args": {}, "port_create_args": {}, "ports_per_network": 5, "port_update_args": {"admin_state_up": false, "device_id": "dummy_id", "device_owner": "dummy_owner", "name": "_port_updated"}} times: 40 method_name: run timeout: 0 duration: None cls:
2019-06-20 09:43:51.788 26604 RALLYDEBUG rally.task.runner [-] Starting a worker. concurrency: 1 args: {"network_create_args": {}, "port_create_args": {}, "ports_per_network": 5, "port_update_args": {"admin_state_up": false, "device_id": "dummy_id", "device_owner": "dummy_owner", "name": "_port_updated"}} times: 40 method_name: run timeout: 0 duration: None cls:
2019-06-20 09:43:51.790 26603 WARNING rally_openstack.scenarios.neutron.utils [-] Running this scenario without either the 'network' or 'existing_network' context is deprecated
2019-06-20 09:43:51.791 26609 RALLYDEBUG rally.task.runner [-] Starting a worker. concurrency: 1 args: {"network_create_args": {}, "port_create_args": {}, "ports_per_network": 5, "port_update_args": {"admin_state_up": false, "device_id": "dummy_id", "device_owner": "dummy_owner", "name": "_port_updated"}} times: 40 method_name: run timeout: 0 duration: None cls:
2019-06-20 09:43:51.793 26599 INFO rally.task.runner [-] Task cf8ea206-5d68-4107-bf35-6319b3e70117 | ITER: 12 START
2019-06-20 09:43:51.794 26599 WARNING rally_openstack.scenarios.neutron.utils [-] Running this scenario without either the 'network' or 'existing_network' context is deprecated
2019-06-20 09:43:51.787 26584 WARNING rally_openstack.scenarios.neutron.utils [-] Running this scenario without either the 'network' or 'existing_network' context is deprecated
2019-06-20 09:43:51.796 26614 RALLYDEBUG rally.task.runner [-] Starting a worker. concurrency: 1 args: {"network_create_args": {}, "port_create_args": {}, "ports_per_network": 5, "port_update_args": {"admin_state_up": false, "device_id": "dummy_id", "device_owner": "dummy_owner", "name": "_port_updated"}} times: 40 method_name: run timeout: 0 duration: None cls:
2019-06-20 09:43:51.797 26606 INFO rally.task.runner [-] Task cf8ea206-5d68-4107-bf35-6319b3e70117 | ITER: 14 START
2019-06-20 09:43:51.798 26604 INFO rally.task.runner [-] Task cf8ea206-5d68-4107-bf35-6319b3e70117 | ITER: 15 START
2019-06-20 09:43:51.799 26604 WARNING rally_openstack.scenarios.neutron.utils [-] Running this scenario without either the 'network' or 'existing_network' context is deprecated
2019-06-20 09:43:51.799 26606 WARNING rally_openstack.scenarios.neutron.utils [-] Running this scenario without either the 'network' or 'existing_network' context is deprecated
2019-06-20 09:43:51.804 26619 RALLYDEBUG rally.task.runner [-] Starting a worker. concurrency: 1 args: {"network_create_args": {}, "port_create_args": {}, "ports_per_network": 5, "port_update_args": {"admin_state_up": false, "device_id": "dummy_id", "device_owner": "dummy_owner", "name": "_port_updated"}} times: 40 method_name: run timeout: 0 duration: None cls:
2019-06-20 09:43:51.805 26614 INFO rally.task.runner [-] Task cf8ea206-5d68-4107-bf35-6319b3e70117 | ITER: 17 START
2019-06-20 09:43:51.807 26614 WARNING rally_openstack.scenarios.neutron.utils [-] Running this scenario without either the 'network' or 'existing_network' context is deprecated
2019-06-20 09:43:51.807 26609 INFO rally.task.runner [-] Task cf8ea206-5d68-4107-bf35-6319b3e70117 | ITER: 16 START
2019-06-20 09:43:51.809 26609 WARNING rally_openstack.scenarios.neutron.utils [-] Running this scenario without either the 'network' or 'existing_network' context is deprecated
2019-06-20 09:43:51.811 26619 INFO rally.task.runner [-] Task cf8ea206-5d68-4107-bf35-6319b3e70117 | ITER: 18 START
2019-06-20 09:43:51.812 26619 WARNING rally_openstack.scenarios.neutron.utils [-] Running this scenario without either the 'network' or 'existing_network' context is deprecated
2019-06-20 09:43:51.826 26627 RALLYDEBUG rally.task.runner [-] Starting a worker. concurrency: 1 args: {"network_create_args": {}, "port_create_args": {}, "ports_per_network": 5, "port_update_args": {"admin_state_up": false, "device_id": "dummy_id", "device_owner": "dummy_owner", "name": "_port_updated"}} times: 40 method_name: run timeout: 0 duration: None cls:
2019-06-20 09:43:51.827 26628 RALLYDEBUG rally.task.runner [-] Starting a worker. concurrency: 1 args: {"network_create_args": {}, "port_create_args": {}, "ports_per_network": 5, "port_update_args": {"admin_state_up": false, "device_id": "dummy_id", "device_owner": "dummy_owner", "name": "_port_updated"}} times: 40 method_name: run timeout: 0 duration: None cls:
2019-06-20 09:43:51.831 26628 INFO rally.task.runner [-] Task cf8ea206-5d68-4107-bf35-6319b3e70117 | ITER: 20 START
2019-06-20 09:43:51.833 26628 WARNING rally_openstack.scenarios.neutron.utils [-] Running this scenario without either the 'network' or 'existing_network' context is deprecated
2019-06-20 09:43:51.833 26627 INFO rally.task.runner [-] Task cf8ea206-5d68-4107-bf35-6319b3e70117 | ITER: 19 START
2019-06-20 09:43:51.834 26627 WARNING rally_openstack.scenarios.neutron.utils [-] Running this scenario without either the 'network' or 'existing_network' context is deprecated
2019-06-20 09:44:01.436 26609 INFO rally.task.runner [-] Task cf8ea206-5d68-4107-bf35-6319b3e70117 | ITER: 16 END: OK
2019-06-20 09:44:01.441 26609 INFO rally.task.runner [-] Task cf8ea206-5d68-4107-bf35-6319b3e70117 | ITER: 21 START
2019-06-20 09:44:01.441 26609 WARNING rally_openstack.scenarios.neutron.utils [-] Running this scenario without either the 'network' or 'existing_network' context is deprecated
2019-06-20 09:44:01.626 26584 INFO rally.task.runner [-] Task cf8ea206-5d68-4107-bf35-6319b3e70117 | ITER: 9 END: OK
2019-06-20 09:44:01.630 26584 INFO rally.task.runner [-] Task cf8ea206-5d68-4107-bf35-6319b3e70117 | ITER: 22 START
2019-06-20 09:44:01.631 26584 WARNING rally_openstack.scenarios.neutron.utils [-] Running this scenario without either the 'network' or 'existing_network' context is deprecated
2019-06-20 09:44:06.981 26583 INFO rally.task.runner [-] Task cf8ea206-5d68-4107-bf35-6319b3e70117 | ITER: 4 END: OK
2019-06-20 09:44:06.986 26583 INFO rally.task.runner [-] Task cf8ea206-5d68-4107-bf35-6319b3e70117 | ITER: 23 START
2019-06-20 09:44:06.986 26583 WARNING rally_openstack.scenarios.neutron.utils [-] Running this scenario without either the 'network' or 'existing_network' context is deprecated
2019-06-20 09:44:06.997 26599 INFO rally.task.runner [-] Task cf8ea206-5d68-4107-bf35-6319b3e70117 | ITER: 12 END: OK
2019-06-20 09:44:07.002 26599 INFO rally.task.runner [-] Task cf8ea206-5d68-4107-bf35-6319b3e70117 | ITER: 24 START
2019-06-20 09:44:07.003 26599 WARNING rally_openstack.scenarios.neutron.utils [-] Running this scenario without either the 'network' or 'existing_network' context is deprecated
2019-06-20 09:44:07.025 26585 INFO rally.task.runner [-] Task cf8ea206-5d68-4107-bf35-6319b3e70117 | ITER: 8 END: OK
2019-06-20 09:44:07.029 26585 INFO rally.task.runner [-] Task cf8ea206-5d68-4107-bf35-6319b3e70117 | ITER: 25 START
2019-06-20 09:44:07.030 26585 WARNING rally_openstack.scenarios.neutron.utils [-] Running this scenario without either the 'network' or 'existing_network' context is deprecated
2019-06-20 09:44:07.038 26581 INFO rally.task.runner [-] Task cf8ea206-5d68-4107-bf35-6319b3e70117 | ITER: 1 END: OK
2019-06-20 09:44:07.041 26581 INFO rally.task.runner [-] Task cf8ea206-5d68-4107-bf35-6319b3e70117 | ITER: 26 START
2019-06-20 09:44:07.042 26581 WARNING rally_openstack.scenarios.neutron.utils [-] Running this scenario without either the 'network' or 'existing_network' context is deprecated
2019-06-20 09:44:14.168 26583 INFO rally.task.runner [-] Task cf8ea206-5d68-4107-bf35-6319b3e70117 | ITER: 23 END: OK
2019-06-20 09:44:14.172 26583 INFO rally.task.runner [-] Task cf8ea206-5d68-4107-bf35-6319b3e70117 | ITER: 27 START
2019-06-20 09:44:14.173 26583 WARNING rally_openstack.scenarios.neutron.utils [-] Running this scenario without either the 'network' or 'existing_network' context is deprecated
2019-06-20 09:44:15.454 26609 INFO rally.task.runner [-] Task cf8ea206-5d68-4107-bf35-6319b3e70117 | ITER: 21 END: OK
2019-06-20 09:44:15.458 26609 INFO rally.task.runner [-] Task cf8ea206-5d68-4107-bf35-6319b3e70117 | ITER: 28 START
2019-06-20 09:44:15.458 26609 WARNING rally_openstack.scenarios.neutron.utils [-] Running this scenario without either the 'network' or 'existing_network' context is deprecated
2019-06-20 09:44:15.805 26584 INFO rally.task.runner [-] Task cf8ea206-5d68-4107-bf35-6319b3e70117 | ITER: 22 END: OK
2019-06-20 09:44:15.809 26584 INFO rally.task.runner [-] Task cf8ea206-5d68-4107-bf35-6319b3e70117 | ITER: 29 START
2019-06-20 09:44:15.810 26584 WARNING rally_openstack.scenarios.neutron.utils [-] Running this scenario without either the 'network' or 'existing_network' context is deprecated
2019-06-20 09:44:18.798 26582 INFO rally.task.runner [-] Task cf8ea206-5d68-4107-bf35-6319b3e70117 | ITER: 3 END: OK
2019-06-20 09:44:18.803 26582 INFO rally.task.runner [-] Task cf8ea206-5d68-4107-bf35-6319b3e70117 | ITER: 30 START
2019-06-20 09:44:18.804 26582 WARNING rally_openstack.scenarios.neutron.utils [-] Running this scenario without either the 'network' or 'existing_network' context is deprecated
2019-06-20 09:44:19.685 26582 INFO rally.task.runner [-] Task cf8ea206-5d68-4107-bf35-6319b3e70117 | ITER: 5 END: OK
2019-06-20 09:44:19.689 26582 INFO rally.task.runner [-] Task cf8ea206-5d68-4107-bf35-6319b3e70117 | ITER: 31 START
2019-06-20 09:44:19.689 26582 WARNING rally_openstack.scenarios.neutron.utils [-] Running this scenario without either the 'network' or 'existing_network' context is deprecated
2019-06-20 09:44:19.721 26603 INFO rally.task.runner [-] Task cf8ea206-5d68-4107-bf35-6319b3e70117 | ITER: 13 END: OK
2019-06-20 09:44:19.726 26603 INFO rally.task.runner [-] Task cf8ea206-5d68-4107-bf35-6319b3e70117 | ITER: 32 START
2019-06-20 09:44:19.726 26603 WARNING rally_openstack.scenarios.neutron.utils [-] Running this scenario without either the 'network' or 'existing_network' context is deprecated
2019-06-20 09:44:19.899 26627 INFO rally.task.runner [-] Task cf8ea206-5d68-4107-bf35-6319b3e70117 | ITER: 19 END: OK
2019-06-20 09:44:19.903 26627 INFO rally.task.runner [-] Task cf8ea206-5d68-4107-bf35-6319b3e70117 | ITER: 33 START
2019-06-20 09:44:19.904 26627 WARNING rally_openstack.scenarios.neutron.utils [-] Running this scenario without either the 'network' or 'existing_network' context is deprecated
2019-06-20 09:44:22.275 26583 INFO rally.task.runner [-] Task cf8ea206-5d68-4107-bf35-6319b3e70117 | ITER: 27 END: OK
2019-06-20 09:44:22.282 26583 INFO rally.task.runner [-] Task cf8ea206-5d68-4107-bf35-6319b3e70117 | ITER: 34 START
2019-06-20 09:44:22.283 26583 WARNING rally_openstack.scenarios.neutron.utils [-] Running this scenario without either the 'network' or 'existing_network' context is deprecated
2019-06-20 09:44:23.592 26581 INFO rally.task.runner [-] Task cf8ea206-5d68-4107-bf35-6319b3e70117 | ITER: 2 END: OK
2019-06-20 09:44:23.601 26581 INFO rally.task.runner [-] Task cf8ea206-5d68-4107-bf35-6319b3e70117 | ITER: 35 START
2019-06-20 09:44:23.602 26581 WARNING rally_openstack.scenarios.neutron.utils [-] Running this scenario without either the 'network' or 'existing_network' context is deprecated
2019-06-20 09:44:24.091 26584 INFO rally.task.runner [-] Task cf8ea206-5d68-4107-bf35-6319b3e70117 | ITER: 29 END: OK
2019-06-20 09:44:24.098 26584 INFO rally.task.runner [-] Task cf8ea206-5d68-4107-bf35-6319b3e70117 | ITER: 36 START
2019-06-20 09:44:24.098 26584 WARNING rally_openstack.scenarios.neutron.utils [-] Running this scenario without either the 'network' or 'existing_network' context is deprecated
2019-06-20 09:44:24.696 26584 INFO rally.task.runner [-] Task cf8ea206-5d68-4107-bf35-6319b3e70117 | ITER: 6 END: OK
2019-06-20 09:44:24.700 26584 INFO rally.task.runner [-] Task cf8ea206-5d68-4107-bf35-6319b3e70117 | ITER: 37 START
2019-06-20 09:44:24.701 26584 WARNING rally_openstack.scenarios.neutron.utils [-] Running this scenario without either the 'network' or 'existing_network' context is deprecated
2019-06-20 09:44:24.796 26606 INFO rally.task.runner [-] Task cf8ea206-5d68-4107-bf35-6319b3e70117 | ITER: 14 END: OK
2019-06-20 09:44:24.802 26606 INFO rally.task.runner [-] Task cf8ea206-5d68-4107-bf35-6319b3e70117 | ITER: 38 START
2019-06-20 09:44:24.803 26606 WARNING rally_openstack.scenarios.neutron.utils [-] Running this scenario without either the 'network' or 'existing_network' context is deprecated
2019-06-20 09:44:24.850 26604 INFO rally.task.runner [-] Task cf8ea206-5d68-4107-bf35-6319b3e70117 | ITER: 15 END: OK
2019-06-20 09:44:24.859 26604 INFO rally.task.runner [-] Task cf8ea206-5d68-4107-bf35-6319b3e70117 | ITER: 39 START
2019-06-20 09:44:24.860 26604 WARNING rally_openstack.scenarios.neutron.utils [-] Running this scenario without either the 'network' or 'existing_network' context is deprecated
2019-06-20 09:44:24.906 26614 INFO rally.task.runner [-] Task cf8ea206-5d68-4107-bf35-6319b3e70117 | ITER: 17 END: OK
2019-06-20 09:44:24.912 26614 INFO rally.task.runner [-] Task cf8ea206-5d68-4107-bf35-6319b3e70117 | ITER: 40 START
2019-06-20 09:44:24.913 26614 WARNING rally_openstack.scenarios.neutron.utils [-] Running this scenario without either the 'network' or 'existing_network' context is deprecated
2019-06-20 09:44:25.838 26619 INFO rally.task.runner [-] Task cf8ea206-5d68-4107-bf35-6319b3e70117 | ITER: 18 END: OK
2019-06-20 09:44:26.018 26583 INFO rally.task.runner [-] Task cf8ea206-5d68-4107-bf35-6319b3e70117 | ITER: 7 END: OK
2019-06-20 09:44:26.074 26588 INFO rally.task.runner [-] Task cf8ea206-5d68-4107-bf35-6319b3e70117 | ITER: 10 END: OK
2019-06-20 09:44:26.121 26593 INFO rally.task.runner [-] Task cf8ea206-5d68-4107-bf35-6319b3e70117 | ITER: 11 END: OK
2019-06-20 09:44:26.198 26628 INFO rally.task.runner [-] Task cf8ea206-5d68-4107-bf35-6319b3e70117 | ITER: 20 END: OK
2019-06-20 09:44:27.354 26582 INFO rally.task.runner [-] Task cf8ea206-5d68-4107-bf35-6319b3e70117 | ITER: 30 END: OK
2019-06-20 09:44:27.649 26609 INFO rally.task.runner [-] Task cf8ea206-5d68-4107-bf35-6319b3e70117 | ITER: 28 END: OK
2019-06-20 09:44:28.597 26581 INFO rally.task.runner [-] Task cf8ea206-5d68-4107-bf35-6319b3e70117 | ITER: 26 END: OK
2019-06-20 09:44:29.003 26585 INFO rally.task.runner [-] Task cf8ea206-5d68-4107-bf35-6319b3e70117 | ITER: 25 END: OK
2019-06-20 09:44:29.010 26599 INFO rally.task.runner [-] Task cf8ea206-5d68-4107-bf35-6319b3e70117 | ITER: 24 END: OK
2019-06-20 09:44:29.045 26627 INFO rally.task.runner [-] Task cf8ea206-5d68-4107-bf35-6319b3e70117 | ITER: 33 END: OK
2019-06-20 09:44:31.936 26603 INFO rally.task.runner [-] Task cf8ea206-5d68-4107-bf35-6319b3e70117 | ITER: 32 END: OK
2019-06-20 09:44:32.003 26581 INFO rally.task.runner [-] Task cf8ea206-5d68-4107-bf35-6319b3e70117 | ITER: 35 END: OK
2019-06-20 09:44:32.610 26584 INFO rally.task.runner [-] Task cf8ea206-5d68-4107-bf35-6319b3e70117 | ITER: 36 END: OK
2019-06-20 09:44:32.738 26582 INFO rally.task.runner [-] Task cf8ea206-5d68-4107-bf35-6319b3e70117 | ITER: 31 END: OK
2019-06-20 09:44:33.007 26614 INFO rally.task.runner [-] Task cf8ea206-5d68-4107-bf35-6319b3e70117 | ITER: 40 END: OK
2019-06-20 09:44:34.607 26583 INFO rally.task.runner [-] Task cf8ea206-5d68-4107-bf35-6319b3e70117 | ITER: 34 END: OK
2019-06-20 09:44:42.541 26606 INFO rally.task.runner [-] Task cf8ea206-5d68-4107-bf35-6319b3e70117 | ITER: 38 END: OK
2019-06-20 09:44:42.570 26584 INFO rally.task.runner [-] Task cf8ea206-5d68-4107-bf35-6319b3e70117 | ITER: 37 END: OK
2019-06-20 09:44:42.582 26604 INFO rally.task.runner [-] Task cf8ea206-5d68-4107-bf35-6319b3e70117 | ITER: 39 END: OK
2019-06-20 09:44:42.609 22705 INFO rally.task.context [-] Task cf8ea206-5d68-4107-bf35-6319b3e70117 | Context cleanup@openstack cleanup() started
2019-06-20 09:44:42.611 22705 RALLYDEBUG rally_openstack.cleanup.manager [-] Cleaning up neutron vip objects
2019-06-20 09:44:43.327 22705 RALLYDEBUG rally_openstack.cleanup.manager [-] Cleaning up neutron health_monitor objects
2019-06-20 09:44:43.962 22705 RALLYDEBUG rally_openstack.cleanup.manager [-] Cleaning up neutron pool objects
2019-06-20 09:44:44.587 22705 RALLYDEBUG rally_openstack.cleanup.manager [-] Cleaning up neutron loadbalancer objects
2019-06-20 09:44:45.224 22705 RALLYDEBUG rally_openstack.cleanup.manager [-] Cleaning up neutron floatingip objects
2019-06-20 09:44:45.973 22705 RALLYDEBUG rally_openstack.cleanup.manager [-] Cleaning up neutron port objects
2019-06-20 09:44:47.140 22705 RALLYDEBUG rally_openstack.cleanup.manager [-] Deleting neutron.port object s_rally_4d804225_W26IeJHR (03d4bdcc-b49a-4d88-92bf-7e5d544c7d5d)
2019-06-20 09:44:47.145 22705 RALLYDEBUG rally_openstack.cleanup.manager [-] Deleting neutron.port object s_rally_4d804225_sSSQtWfm (0392de30-9d72-4b96-a204-90c136e31154)
2019-06-20 09:44:47.150 22705 RALLYDEBUG rally_openstack.cleanup.manager [-] Deleting neutron.port object s_rally_4d804225_QYNEblCA (00856da9-be5c-4f95-af37-733f49c4b087)
2019-06-20 09:44:47.158 22705 RALLYDEBUG rally_openstack.cleanup.manager [-] Deleting neutron.port object s_rally_4d804225_4NAKM2Ux (0270bbd1-cd28-4c3d-ae10-b5a3cb57bd2a)
2019-06-20 09:44:47.158 22705 RALLYDEBUG rally_openstack.cleanup.manager [-] Deleting neutron.port object s_rally_4d804225_A0Gwys1p (06043972-513d-4e68-88f9-01436af871be)
2019-06-20 09:44:47.162 22705 RALLYDEBUG rally_openstack.cleanup.manager [-] Deleting neutron.port object s_rally_4d804225_I5miQDww (09453e44-842b-477c-a493-2dfdff7d3632)
2019-06-20 09:44:47.169 22705 RALLYDEBUG rally_openstack.cleanup.manager [-] Deleting neutron.port object s_rally_4d804225_bNnIVN2v (02132510-4563-42e0-98cb-7270980c2c0b)
2019-06-20 09:44:47.170 22705 RALLYDEBUG rally_openstack.cleanup.manager [-] Deleting neutron.port object s_rally_4d804225_KlVhII9p (09eff8bb-5a8a-4b87-9619-6cf467077af3)
2019-06-20 09:44:47.177 22705 RALLYDEBUG rally_openstack.cleanup.manager [-] Deleting neutron.port object s_rally_4d804225_JshuEAY5 (0a492718-1a22-474b-9ce4-f8fa57b02639)
2019-06-20 09:44:47.178 22705 RALLYDEBUG rally_openstack.cleanup.manager [-] Deleting neutron.port object s_rally_4d804225_UacQswqN (06417f43-5cbf-4182-9cd6-a99a9eab8bff)
2019-06-20 09:44:47.203 22705 RALLYDEBUG rally_openstack.cleanup.manager [-] Deleting neutron.port object s_rally_4d804225_um5mEHWr (081cef12-b0ef-49d7-9fb1-37a07a3eaff5)
2019-06-20 09:44:47.213 22705 RALLYDEBUG rally_openstack.cleanup.manager [-] Deleting neutron.port object s_rally_4d804225_qkffhpvZ (0bb50c0f-6ee2-4954-b55a-161b460ec6a4)
2019-06-20 09:44:47.223 22705 RALLYDEBUG rally_openstack.cleanup.manager [-] Deleting neutron.port object s_rally_4d804225_JBPa8IJB (0bbe4c17-2ad0-4c90-ac6f-331c070b88e4)
2019-06-20 09:44:47.229 22705 RALLYDEBUG rally_openstack.cleanup.manager [-] Deleting neutron.port object s_rally_4d804225_g3B1gyfm (0b89e00f-126a-4ef4-bdfc-697ac0e2f932)
2019-06-20 09:44:47.249 22705 RALLYDEBUG rally_openstack.cleanup.manager [-] Deleting neutron.port object s_rally_4d804225_hf4rFPJ0 (0d850d2e-f56a-4e60-8960-113356fa7e71)
2019-06-20 09:44:47.275 22705 RALLYDEBUG rally_openstack.cleanup.manager [-] Deleting neutron.port object s_rally_4d804225_euYC3xdo (13774392-3d8c-4ed4-a498-7234376fda02)
2019-06-20 09:44:47.286 22705 RALLYDEBUG rally_openstack.cleanup.manager [-] Deleting neutron.port object s_rally_4d804225_z8TjvU6Z (16996409-11d2-4253-af4e-428b0ff7772f)
2019-06-20 09:44:47.294 22705 RALLYDEBUG rally_openstack.cleanup.manager [-] Deleting neutron.port object s_rally_4d804225_veSRY6si (0dc6c5aa-1db5-4dac-b3c7-07e92e9aa86a)
2019-06-20 09:44:47.305 22705 RALLYDEBUG rally_openstack.cleanup.manager [-] Deleting neutron.port object s_rally_4d804225_uNSb4Oh7 (11fa0041-4416-45fc-ac5d-25bf454e2804)
2019-06-20 09:44:47.307 22705 RALLYDEBUG rally_openstack.cleanup.manager [-] Deleting neutron.port object s_rally_4d804225_ynKeLnaO (0e578635-060f-419f-a6d3-132d8e6590b7)
2019-06-20 09:44:49.746 22705 RALLYDEBUG rally_openstack.cleanup.manager [-] Deleting neutron.port object s_rally_4d804225_jw3ewsTA (169c64c5-2f48-448e-b029-1130716d89fd)
2019-06-20 09:44:49.770 22705 RALLYDEBUG rally_openstack.cleanup.manager [-] Deleting neutron.port object s_rally_4d804225_TERR3VGy (1a8ba3cf-be18-4352-b1ec-0e8bf30b75c1)
2019-06-20 09:44:49.785 22705 RALLYDEBUG rally_openstack.cleanup.manager [-] Deleting neutron.port object s_rally_4d804225_DrmsPJzl (1ac37931-dcf1-4972-8835-448288068dbf)
2019-06-20 09:44:50.147 22705 RALLYDEBUG rally_openstack.cleanup.manager [-] Deleting neutron.port object s_rally_4d804225_K2IR23WV (1ec8c16b-5c84-4960-995a-ed875a0156e6)
2019-06-20 09:44:51.389 22705 RALLYDEBUG rally_openstack.cleanup.manager [-] Deleting neutron.port object s_rally_4d804225_4TcnfKfC (2122f337-c291-4df2-86a8-6fd6b3d0c266)
2019-06-20 09:44:51.506 22705 RALLYDEBUG rally_openstack.cleanup.manager [-] Deleting neutron.port object s_rally_4d804225_b1JsRWO7 (2379c953-ee98-4709-b81b-9d32cf900351)
2019-06-20 09:44:51.843 22705 RALLYDEBUG rally_openstack.cleanup.manager [-] Deleting neutron.port object s_rally_4d804225_TBmnBkVS (247f6fa4-1b10-427f-abf0-168fdd6a2880)
2019-06-20 09:44:52.209 22705 RALLYDEBUG rally_openstack.cleanup.manager [-] Deleting neutron.port object s_rally_4d804225_c6OQoicy (24e27ffb-18eb-4f8e-8623-8d61ca0b3375)
2019-06-20 09:44:53.293 22705 RALLYDEBUG rally_openstack.cleanup.manager [-] Deleting neutron.port object s_rally_4d804225_OsmLVGMY (259606b3-0c0a-4f13-8c16-e71726a49a28)
2019-06-20 09:44:53.346 22705 RALLYDEBUG rally_openstack.cleanup.manager [-] Deleting neutron.port object s_rally_4d804225_EN1PHC7m (26d7b171-b867-4036-8b1f-334ca630b1a5)
2019-06-20 09:44:53.466 22705 RALLYDEBUG rally_openstack.cleanup.manager [-] Deleting neutron.port object s_rally_4d804225_fiw6fcKd (275c36ae-c5b7-434c-989d-923d1cf7ec5d)
2019-06-20 09:44:53.496 22705 RALLYDEBUG rally_openstack.cleanup.manager [-] Deleting neutron.port object s_rally_4d804225_55UT2Rv2 (27d667e2-31d5-408b-88c4-457d84379351)
2019-06-20 09:44:53.546 22705 RALLYDEBUG rally_openstack.cleanup.manager [-] Deleting neutron.port object s_rally_4d804225_OhG9CQwF (2976b097-1fd2-4c1f-9043-f0960043b5e1)
2019-06-20 09:44:53.559 22705 RALLYDEBUG rally_openstack.cleanup.manager [-] Deleting neutron.port object s_rally_4d804225_OcnRygWS (2c59fccf-e5e3-4586-88e2-c93437cd0fa9)
2019-06-20 09:44:53.560 22705 RALLYDEBUG rally_openstack.cleanup.manager [-] Deleting neutron.port object s_rally_4d804225_6bs6Mnf9 (2c2336df-5196-4009-9ebd-74ca25f1b1a6)
2019-06-20 09:44:53.744 22705 RALLYDEBUG rally_openstack.cleanup.manager [-] Deleting neutron.port object s_rally_4d804225_wcSUZNVx (2f33f762-cc4f-417a-80b0-ca55dfda9ffa)
2019-06-20 09:44:53.871 22705 RALLYDEBUG rally_openstack.cleanup.manager [-] Deleting neutron.port object s_rally_4d804225_gbmDHZfS (31235573-21d8-4c7e-978b-823c1c29b3d6)
2019-06-20 09:44:54.264 22705 RALLYDEBUG rally_openstack.cleanup.manager [-] Deleting neutron.port object s_rally_4d804225_J4yZiLwH (32dab26a-f464-4595-8af7-090965819b30)
2019-06-20 09:44:54.271 22705 RALLYDEBUG rally_openstack.cleanup.manager [-] Deleting neutron.port object s_rally_4d804225_Hv2xYPv0 (33a5db45-d020-4c9e-a73f-0d257b959d00)
2019-06-20 09:44:54.442 22705 RALLYDEBUG rally_openstack.cleanup.manager [-] Deleting neutron.port object s_rally_4d804225_m7ZLutGx (34ac085e-652e-45ce-9125-a8e78511d6d9)
2019-06-20 09:44:54.496 22705 RALLYDEBUG rally_openstack.cleanup.manager [-] Deleting neutron.port object s_rally_4d804225_qkD45Zth (351f53fd-2bb0-4a2a-a72d-dea2ab7073d1)
2019-06-20 09:44:54.510 22705 RALLYDEBUG rally_openstack.cleanup.manager [-] Deleting neutron.port object s_rally_4d804225_vkCTVTDS (35815f44-fb64-4cc7-955e-f161231652cc)
2019-06-20 09:44:54.651 22705 RALLYDEBUG rally_openstack.cleanup.manager [-] Deleting neutron.port object s_rally_4d804225_38pCrdY1 (35d5a98a-cc7e-49c4-907e-cdd52bf62c45)
2019-06-20 09:44:54.881 22705 RALLYDEBUG rally_openstack.cleanup.manager [-] Deleting neutron.port object s_rally_4d804225_zPG2i3Gj (366b89e2-9595-4449-a964-316ace110f22)
2019-06-20 09:44:55.157 22705 RALLYDEBUG rally_openstack.cleanup.manager [-] Deleting neutron.port object s_rally_4d804225_nL7fyGU9 (3832e2ad-a6d0-4518-bc10-3a4b70c4299b)
2019-06-20 09:44:55.197 22705 RALLYDEBUG rally_openstack.cleanup.manager [-] Deleting neutron.port object s_rally_4d804225_abyEBvBA (387d19d1-7630-4355-ae56-97d732f94471)
2019-06-20 09:44:55.198 22705 RALLYDEBUG rally_openstack.cleanup.manager [-] Deleting neutron.port object s_rally_4d804225_wfxuu8Wn (398eff20-3955-48a0-88b4-0b0955e0abba)
2019-06-20 09:44:55.206 22705 RALLYDEBUG rally_openstack.cleanup.manager [-] Deleting neutron.port object s_rally_4d804225_yCtsH8zz (3af4af62-da64-4628-999e-15addfac3999)
2019-06-20 09:44:55.931 22705 RALLYDEBUG rally_openstack.cleanup.manager [-] Deleting neutron.port object s_rally_4d804225_UymVlkZD (3e6735f0-30b1-423c-af17-9f57f591e52a)
2019-06-20 09:44:56.013 22705 RALLYDEBUG rally_openstack.cleanup.manager [-] Deleting neutron.port object s_rally_4d804225_AryfUOhz (3ec81e98-b1fb-4b9f-a7b5-c47ff5d26e05)
2019-06-20 09:44:56.204 22705 RALLYDEBUG rally_openstack.cleanup.manager [-] Deleting neutron.port object s_rally_4d804225_NAoCNgO3 (41359c91-dd7d-420c-8cb2-6daf87c4a850)
2019-06-20 09:44:56.391 22705 RALLYDEBUG rally_openstack.cleanup.manager [-] Deleting neutron.port object s_rally_4d804225_QoR3sU4Q (4303d1c6-98c9-46d8-bc9a-1b2f796b4b06)
2019-06-20 09:44:56.548 22705 RALLYDEBUG rally_openstack.cleanup.manager [-] Deleting neutron.port object s_rally_4d804225_2TtN8YRl (4508ecfa-0cf4-485a-901c-95a0faf46846)
2019-06-20 09:44:56.555 22705 RALLYDEBUG rally_openstack.cleanup.manager [-] Deleting neutron.port object s_rally_4d804225_683AVEvO (48ac6b96-85b5-476f-a9f0-e9f51e5169b8)
2019-06-20 09:44:56.773 22705 RALLYDEBUG rally_openstack.cleanup.manager [-] Deleting neutron.port object s_rally_4d804225_Q9gqCldH (499ec532-a339-48aa-ae61-55ab971d5bcf)
2019-06-20 09:44:56.808 22705 RALLYDEBUG rally_openstack.cleanup.manager [-] Deleting neutron.port object s_rally_4d804225_Th3oHUHh (4ccece1d-6147-426e-abe4-ed2629ef2a27)
2019-06-20 09:44:56.963 22705 RALLYDEBUG rally_openstack.cleanup.manager [-] Deleting neutron.port object s_rally_4d804225_jCKj57V7 (4ce2acce-e269-4f00-82f2-ffa2d71b8b2f)
2019-06-20 09:44:57.253 22705 RALLYDEBUG rally_openstack.cleanup.manager [-] Deleting neutron.port object s_rally_4d804225_Y6iAvYIB (4d6f7958-2a4d-44fd-8bdb-8748057cfad6)
2019-06-20 09:44:57.306 22705 RALLYDEBUG rally_openstack.cleanup.manager [-] Deleting neutron.port object s_rally_4d804225_qYbjt7KW (4fdc9848-1492-4691-be9b-770c26f5c19c)
2019-06-20 09:44:57.366 22705 RALLYDEBUG rally_openstack.cleanup.manager [-] Deleting neutron.port object s_rally_4d804225_ZxiQmtnL (5132c436-81ad-48b0-b87f-33f55a6955d0)
2019-06-20 09:44:57.543 22705 RALLYDEBUG rally_openstack.cleanup.manager [-] Deleting neutron.port object s_rally_4d804225_FzmzsvOc (5229031b-db87-401d-b043-c48a3f931de3)
2019-06-20 09:44:57.578 22705 RALLYDEBUG rally_openstack.cleanup.manager [-] Deleting neutron.port object s_rally_4d804225_1dEdcJBQ (54ee7269-7245-4051-92d2-749cc3eab287)
2019-06-20 09:44:57.670 22705 RALLYDEBUG rally_openstack.cleanup.manager [-] Deleting neutron.port object s_rally_4d804225_wpWl7GD7 (55a59d13-110c-42e3-b0f5-859a6f380243)
2019-06-20 09:44:57.673 22705 RALLYDEBUG rally_openstack.cleanup.manager [-] Deleting neutron.port object s_rally_4d804225_TEmAsh4s (55bb1975-fe9d-4c59-9ee2-a322253b3996)
2019-06-20 09:44:57.798 22705 RALLYDEBUG rally_openstack.cleanup.manager [-] Deleting neutron.port object s_rally_4d804225_fhmUbSQu (56c79f3b-a0b1-4b39-ae0c-3b5df58aabd7)
2019-06-20 09:44:57.950 22705 RALLYDEBUG rally_openstack.cleanup.manager [-] Deleting neutron.port object s_rally_4d804225_31NeAMwO (5770c8d8-023b-4d95-a259-5b388b0c45d7)
2019-06-20 09:44:57.979 22705 RALLYDEBUG rally_openstack.cleanup.manager [-] Deleting neutron.port object s_rally_4d804225_ECJGoHBH (585b60b5-aa57-4555-8a4a-9daa62e62290)
