2019-06-20 07:57:11.677 3476 INFO rally.task.runner [-] Task 2c3b95ab-a0d0-46de-b18c-17e3551edad1 | ITER: 3 END: OK
2019-06-20 07:57:11.683 3476 INFO rally.task.runner [-] Task 2c3b95ab-a0d0-46de-b18c-17e3551edad1 | ITER: 8 START
2019-06-20 07:57:13.865 3474 INFO rally.task.runner [-] Task 2c3b95ab-a0d0-46de-b18c-17e3551edad1 | ITER: 5 END: OK
2019-06-20 07:57:13.870 3474 INFO rally.task.runner [-] Task 2c3b95ab-a0d0-46de-b18c-17e3551edad1 | ITER: 9 START
2019-06-20 07:57:14.285 3475 INFO rally.task.runner [-] Task 2c3b95ab-a0d0-46de-b18c-17e3551edad1 | ITER: 7 END: OK
2019-06-20 07:57:14.290 3475 INFO rally.task.runner [-] Task 2c3b95ab-a0d0-46de-b18c-17e3551edad1 | ITER: 10 START
2019-06-20 07:57:14.407 3477 INFO rally.task.runner [-] Task 2c3b95ab-a0d0-46de-b18c-17e3551edad1 | ITER: 6 END: OK
2019-06-20 07:57:15.069 3476 INFO rally.task.runner [-] Task 2c3b95ab-a0d0-46de-b18c-17e3551edad1 | ITER: 8 END: OK
2019-06-20 07:57:17.205 3474 INFO rally.task.runner [-] Task 2c3b95ab-a0d0-46de-b18c-17e3551edad1 | ITER: 9 END: OK
2019-06-20 07:57:17.451 3475 INFO rally.task.runner [-] Task 2c3b95ab-a0d0-46de-b18c-17e3551edad1 | ITER: 10 END: OK
2019-06-20 07:57:17.472 1842 INFO rally.task.context [-] Task 2c3b95ab-a0d0-46de-b18c-17e3551edad1 | Context cleanup@openstack cleanup() started
2019-06-20 07:57:17.475 1842 RALLYDEBUG rally_openstack.cleanup.manager [-] Cleaning up cinder backups objects
2019-06-20 07:57:19.442 1842 RALLYDEBUG rally_openstack.cleanup.manager [-] Cleaning up cinder volume_snapshots objects
2019-06-20 07:57:21.504 1842 RALLYDEBUG rally_openstack.cleanup.manager [-] Cleaning up cinder transfers objects
2019-06-20 07:57:23.494 1842 RALLYDEBUG rally_openstack.cleanup.manager [-] Cleaning up cinder volumes objects
2019-06-20 07:57:25.567 1842 RALLYDEBUG rally_openstack.cleanup.manager [-] Deleting cinder.volumes object s_rally_fb9df995_TZp89vck (72af913e-010c-45f8-aeba-c04c5b319d47)
2019-06-20 07:57:25.568 1842 RALLYDEBUG rally_openstack.cleanup.manager [-] Deleting cinder.volumes object s_rally_fb9df995_MhdNsNoU (8c1bb4d5-e5b7-42b1-ad4f-e8cc67e26c56)
2019-06-20 07:57:25.568 1842 RALLYDEBUG rally_openstack.cleanup.manager [-] Deleting cinder.volumes object s_rally_fb9df995_MfpiBUIx (4f543c22-2173-4eb8-80c0-fd2cf0f732f2)
2019-06-20 07:57:25.574 1842 RALLYDEBUG rally_openstack.cleanup.manager [-] Deleting cinder.volumes object s_rally_fb9df995_BzQVCMgv (4da3fe48-0167-482e-b85b-e438cfa9c696)
2019-06-20 07:57:25.576 1842 RALLYDEBUG rally_openstack.cleanup.manager [-] Deleting cinder.volumes object s_rally_fb9df995_nV9Jinbe (44c30127-7577-4242-b538-4371d549c434)
2019-06-20 07:57:25.583 1842 RALLYDEBUG rally_openstack.cleanup.manager [-] Deleting cinder.volumes object s_rally_fb9df995_TuOubeqV (669791ed-174f-4917-9435-5320730dc76a)
2019-06-20 07:57:25.583 1842 RALLYDEBUG rally_openstack.cleanup.manager [-] Deleting cinder.volumes object s_rally_fb9df995_SAkq6VaS (cc5ff074-663c-46eb-811d-bb52b377c4c0)
2019-06-20 07:57:25.584 1842 RALLYDEBUG rally_openstack.cleanup.manager [-] Deleting cinder.volumes object s_rally_fb9df995_aiWpYPBu (0bf7a0a2-261a-4011-a9a7-36c0dfd01eab)
2019-06-20 07:57:25.588 1842 RALLYDEBUG rally_openstack.cleanup.manager [-] Deleting cinder.volumes object s_rally_fb9df995_OLbo6C9k (6aa68506-48a6-4fa5-be0b-f4224b7a6f1d)
2019-06-20 07:57:25.607 1842 RALLYDEBUG rally_openstack.cleanup.manager [-] Deleting cinder.volumes object s_rally_fb9df995_akaGWj1Z (9ad1df20-8e97-4375-bafd-48fb4181c9da)
2019-06-20 07:57:29.434 1842 INFO rally.task.context [-] Task 2c3b95ab-a0d0-46de-b18c-17e3551edad1 | Context cleanup@openstack cleanup() finished in 11.96 sec
2019-06-20 07:57:29.435 1842 INFO rally.task.context [-] Task 2c3b95ab-a0d0-46de-b18c-17e3551edad1 | Context api_versions@openstack cleanup() started
2019-06-20 07:57:29.435 1842 INFO rally.task.context [-] Task 2c3b95ab-a0d0-46de-b18c-17e3551edad1 | Context api_versions@openstack cleanup() finished in 0.35 msec
2019-06-20 07:57:29.435 1842 INFO rally.task.context [-] Task 2c3b95ab-a0d0-46de-b18c-17e3551edad1 | Context users@openstack cleanup() started
2019-06-20 07:57:36.292 1842 INFO rally.task.context [-] Task 2c3b95ab-a0d0-46de-b18c-17e3551edad1 | Context users@openstack cleanup() finished in 6.86 sec
2019-06-20 07:57:38.239 1842 INFO rally.task.engine [-] Load duration is: 10.395236
2019-06-20 07:57:38.239 1842 INFO rally.task.engine [-] Full runner duration is: 10.440561
2019-06-20 07:57:38.240 1842 INFO rally.task.engine [-] Full duration is: 34.23637
2019-06-20 07:57:38.388 1842 INFO rally.task.engine [-] Running workload: position = 1 config = { "version": 2, "title": "A cropped version of a bigger task.", "description": "Auto-generated task from a single workload (uuid=9cb104a6-451b-4ee8-a693-497788425c95)", "subtasks": [ { "title": "CinderVolumes.create_volume", "description": "Create a volume.", "scenario": { "CinderVolumes.create_volume": { "size": { "min": 1, "max": 1 } } }, "contexts": { "users": { "tenants": 3, "users_per_tenant": 2 }, "quotas": { "cinder": { "gigabytes": -1, "snapshots": -1, "volumes": -1 } }, "api_versions": { "cinder": { "version": 3, "service_type": "volumev3" } } }, "runner": { "constant": { "concurrency": 4, "times": 10 } }, "hooks": [], "sla": { "failure_rate": { "max": 0 } } } ] }
2019-06-20 07:57:38.410 1842 RALLYDEBUG rally_openstack.contexts.keystone.users [-] Creating 3 tenants using 20 threads
2019-06-20 07:57:40.205 1842 RALLYDEBUG rally_openstack.contexts.keystone.users [-] Creating 6 users using 20 threads
2019-06-20 07:57:42.857 1842 INFO rally.task.context [-] Task 2c3b95ab-a0d0-46de-b18c-17e3551edad1 | Context users@openstack setup() finished in 4.45 sec
2019-06-20 07:57:43.278 1842 INFO rally.task.context [-] Task 2c3b95ab-a0d0-46de-b18c-17e3551edad1 | Context api_versions@openstack setup() finished in 0.42 sec
2019-06-20 07:57:44.808 1842 INFO rally.task.context [-] Task 2c3b95ab-a0d0-46de-b18c-17e3551edad1 | Context quotas@openstack setup() finished in 1.53 sec
2019-06-20 07:57:44.808 1842 INFO rally.task.context [-] Task 2c3b95ab-a0d0-46de-b18c-17e3551edad1 | Context cleanup@openstack setup() finished in 0.01 msec
2019-06-20 07:57:44.817 1842 RALLYDEBUG rally.task.runner [-] Starting the constant runner (task UUID: 2c3b95ab-a0d0-46de-b18c-17e3551edad1). timeout: 0 concurrency: 4 concurrency_per_worker: 1 times: 10 concurrency_overhead: 0 processes_to_start: 4 max_cpu_used: 16
2019-06-20 07:57:44.827 3658 RALLYDEBUG rally.task.runner [-] Starting a worker. concurrency: 1 args: {"size": {"min": 1, "max": 1}} times: 10 method_name: run timeout: 0 duration: None cls:
2019-06-20 07:57:44.831 3658 INFO rally.task.runner [-] Task 2c3b95ab-a0d0-46de-b18c-17e3551edad1 | ITER: 1 START
2019-06-20 07:57:44.833 3659 RALLYDEBUG rally.task.runner [-] Starting a worker. concurrency: 1 args: {"size": {"min": 1, "max": 1}} times: 10 method_name: run timeout: 0 duration: None cls:
2019-06-20 07:57:44.835 3660 RALLYDEBUG rally.task.runner [-] Starting a worker. concurrency: 1 args: {"size": {"min": 1, "max": 1}} times: 10 method_name: run timeout: 0 duration: None cls:
2019-06-20 07:57:44.835 3663 RALLYDEBUG rally.task.runner [-] Starting a worker. concurrency: 1 args: {"size": {"min": 1, "max": 1}} times: 10 method_name: run timeout: 0 duration: None cls:
2019-06-20 07:57:44.840 3663 INFO rally.task.runner [-] Task 2c3b95ab-a0d0-46de-b18c-17e3551edad1 | ITER: 4 START
2019-06-20 07:57:44.840 3660 INFO rally.task.runner [-] Task 2c3b95ab-a0d0-46de-b18c-17e3551edad1 | ITER: 3 START
2019-06-20 07:57:44.841 3659 INFO rally.task.runner [-] Task 2c3b95ab-a0d0-46de-b18c-17e3551edad1 | ITER: 2 START
2019-06-20 07:57:48.219 3663 INFO rally.task.runner [-] Task 2c3b95ab-a0d0-46de-b18c-17e3551edad1 | ITER: 4 END: OK
2019-06-20 07:57:48.225 3663 INFO rally.task.runner [-] Task 2c3b95ab-a0d0-46de-b18c-17e3551edad1 | ITER: 5 START
2019-06-20 07:57:48.299 3660 INFO rally.task.runner [-] Task 2c3b95ab-a0d0-46de-b18c-17e3551edad1 | ITER: 3 END: OK
2019-06-20 07:57:48.305 3660 INFO rally.task.runner [-] Task 2c3b95ab-a0d0-46de-b18c-17e3551edad1 | ITER: 6 START
2019-06-20 07:57:48.372 3659 INFO rally.task.runner [-] Task 2c3b95ab-a0d0-46de-b18c-17e3551edad1 | ITER: 2 END: OK
2019-06-20 07:57:48.378 3659 INFO rally.task.runner [-] Task 2c3b95ab-a0d0-46de-b18c-17e3551edad1 | ITER: 7 START
2019-06-20 07:57:48.464 3658 INFO rally.task.runner [-] Task 2c3b95ab-a0d0-46de-b18c-17e3551edad1 | ITER: 1 END: OK
2019-06-20 07:57:48.470 3658 INFO rally.task.runner [-] Task 2c3b95ab-a0d0-46de-b18c-17e3551edad1 | ITER: 8 START
2019-06-20 07:57:51.771 3658 INFO rally.task.runner [-] Task 2c3b95ab-a0d0-46de-b18c-17e3551edad1 | ITER: 8 END: OK
2019-06-20 07:57:51.778 3658 INFO rally.task.runner [-] Task 2c3b95ab-a0d0-46de-b18c-17e3551edad1 | ITER: 9 START
2019-06-20 07:57:51.783 3663 INFO rally.task.runner [-] Task 2c3b95ab-a0d0-46de-b18c-17e3551edad1 | ITER: 5 END: OK
2019-06-20 07:57:51.788 3663 INFO rally.task.runner [-] Task 2c3b95ab-a0d0-46de-b18c-17e3551edad1 | ITER: 10 START
2019-06-20 07:57:51.806 3660 INFO rally.task.runner [-] Task 2c3b95ab-a0d0-46de-b18c-17e3551edad1 | ITER: 6 END: OK
2019-06-20 07:57:51.864 3659 INFO rally.task.runner [-] Task 2c3b95ab-a0d0-46de-b18c-17e3551edad1 | ITER: 7 END: OK
2019-06-20 07:57:55.123 3658 INFO rally.task.runner [-] Task 2c3b95ab-a0d0-46de-b18c-17e3551edad1 | ITER: 9 END: OK
2019-06-20 07:57:55.270 3663 INFO rally.task.runner [-] Task 2c3b95ab-a0d0-46de-b18c-17e3551edad1 | ITER: 10 END: OK
2019-06-20 07:57:55.297 1842 INFO rally.task.context [-] Task 2c3b95ab-a0d0-46de-b18c-17e3551edad1 | Context cleanup@openstack cleanup() started
2019-06-20 07:57:55.300 1842 RALLYDEBUG rally_openstack.cleanup.manager [-] Cleaning up cinder backups objects
2019-06-20 07:57:57.463 1842 RALLYDEBUG rally_openstack.cleanup.manager [-] Cleaning up cinder volume_snapshots objects
2019-06-20 07:57:59.444 1842 RALLYDEBUG rally_openstack.cleanup.manager [-] Cleaning up cinder transfers objects
2019-06-20 07:58:01.401 1842 RALLYDEBUG rally_openstack.cleanup.manager [-] Cleaning up cinder volumes objects
2019-06-20 07:58:03.432 1842 RALLYDEBUG rally_openstack.cleanup.manager [-] Deleting cinder.volumes object s_rally_9cb104a6_lYUEgeXe (bb397d88-7285-4a05-8a2c-86bc6d99c2cb)
2019-06-20 07:58:03.432 1842 RALLYDEBUG rally_openstack.cleanup.manager [-] Deleting cinder.volumes object s_rally_9cb104a6_ZNCHpeXi (e142e232-e589-4bed-ab94-df9f56e9844f)
2019-06-20 07:58:03.436 1842 RALLYDEBUG rally_openstack.cleanup.manager [-] Deleting cinder.volumes object s_rally_9cb104a6_CJRAC0qE (c3969177-b80a-43aa-b6e8-1e860df67260)
2019-06-20 07:58:03.443 1842 RALLYDEBUG rally_openstack.cleanup.manager [-] Deleting cinder.volumes object s_rally_9cb104a6_3PpABbNP (703ab3e4-4ba4-4a6c-81b9-a39855741613)
2019-06-20 07:58:03.446 1842 RALLYDEBUG rally_openstack.cleanup.manager [-] Deleting cinder.volumes object s_rally_9cb104a6_amDf8mG8 (497a36fa-eb70-449d-8860-7a994e068d50)
2019-06-20 07:58:03.446 1842 RALLYDEBUG rally_openstack.cleanup.manager [-] Deleting cinder.volumes object s_rally_9cb104a6_0xdbfSGc (7dbfb20c-ca81-4439-8d93-ff732c9c7f1c)
2019-06-20 07:58:03.446 1842 RALLYDEBUG rally_openstack.cleanup.manager [-] Deleting cinder.volumes object s_rally_9cb104a6_s8chxUZy (07e6f5c0-3242-40be-9ce2-dcc6bc5d46b1)
2019-06-20 07:58:03.447 1842 RALLYDEBUG rally_openstack.cleanup.manager [-] Deleting cinder.volumes object s_rally_9cb104a6_ODirFANM (5fad18ff-2f8f-437f-b2ff-249c1e062332)
2019-06-20 07:58:03.451 1842 RALLYDEBUG rally_openstack.cleanup.manager [-] Deleting cinder.volumes object s_rally_9cb104a6_WASq7SI7 (40ad85c4-751f-4a5b-8ecf-dd04315001dc)
2019-06-20 07:58:03.463 1842 RALLYDEBUG rally_openstack.cleanup.manager [-] Deleting cinder.volumes object s_rally_9cb104a6_HHbRPD8T (8ad8870c-1d3c-4cf7-9d4f-7abf27886df8)
2019-06-20 07:58:08.068 1842 INFO rally.task.context [-] Task 2c3b95ab-a0d0-46de-b18c-17e3551edad1 | Context cleanup@openstack cleanup() finished in 12.77 sec
2019-06-20 07:58:08.069 1842 INFO rally.task.context [-] Task 2c3b95ab-a0d0-46de-b18c-17e3551edad1 | Context quotas@openstack cleanup() started
2019-06-20 07:58:08.513 1842 INFO rally.task.context [-] Task 2c3b95ab-a0d0-46de-b18c-17e3551edad1 | Context quotas@openstack cleanup() finished in 0.44 sec
2019-06-20 07:58:08.513 1842 INFO rally.task.context [-] Task 2c3b95ab-a0d0-46de-b18c-17e3551edad1 | Context api_versions@openstack cleanup() started
2019-06-20 07:58:08.513 1842 INFO rally.task.context [-] Task 2c3b95ab-a0d0-46de-b18c-17e3551edad1 | Context api_versions@openstack cleanup() finished in 0.33 msec
2019-06-20 07:58:08.514 1842 INFO rally.task.context [-] Task 2c3b95ab-a0d0-46de-b18c-17e3551edad1 | Context users@openstack cleanup() started
2019-06-20 07:58:15.322 1842 INFO rally.task.context [-] Task 2c3b95ab-a0d0-46de-b18c-17e3551edad1 | Context users@openstack cleanup() finished in 6.81 sec
2019-06-20 07:58:16.560 1842 INFO rally.task.engine [-] Load duration is: 10.435844
2019-06-20 07:58:16.561 1842 INFO rally.task.engine [-] Full runner duration is: 10.481552
2019-06-20 07:58:16.561 1842 INFO rally.task.engine [-] Full duration is: 36.919247
2019-06-20 07:58:16.785 1842 INFO rally.task.engine [-] Running workload: position = 0 config = { "version": 2, "title": "A cropped version of a bigger task.", "description": "Auto-generated task from a single workload (uuid=9132fffc-ce7f-482d-b5fa-6df0ae9c93f0)", "subtasks": [ { "title": "CinderVolumes.list_volumes", "description": "List all volumes.", "scenario": { "CinderVolumes.list_volumes": { "detailed": true } }, "contexts": { "users": { "tenants": 3, "users_per_tenant": 2 }, "quotas": { "cinder": { "gigabytes": -1, "snapshots": -1, "volumes": -1 } }, "api_versions": { "cinder": { "version": 3, "service_type": "volumev3" } }, "volumes": { "size": 1, "volumes_per_tenant": 4 } }, "runner": { "constant": { "concurrency": 4, "times": 10 } }, "hooks": [], "sla": { "failure_rate": { "max": 0 } } } ] }
2019-06-20 07:58:16.810 1842 RALLYDEBUG rally_openstack.contexts.keystone.users [-] Creating 3 tenants using 20 threads
2019-06-20 07:58:18.666 1842 RALLYDEBUG rally_openstack.contexts.keystone.users [-] Creating 6 users using 20 threads
2019-06-20 07:58:21.362 1842 INFO rally.task.context [-] Task 2c3b95ab-a0d0-46de-b18c-17e3551edad1 | Context users@openstack setup() finished in 4.55 sec
2019-06-20 07:58:21.790 1842 INFO rally.task.context [-] Task 2c3b95ab-a0d0-46de-b18c-17e3551edad1 | Context api_versions@openstack setup() finished in 0.43 sec
2019-06-20 07:58:23.363 1842 INFO rally.task.context [-] Task 2c3b95ab-a0d0-46de-b18c-17e3551edad1 | Context quotas@openstack setup() finished in 1.57 sec
2019-06-20 07:58:58.560 1842 INFO rally.task.context [-] Task 2c3b95ab-a0d0-46de-b18c-17e3551edad1 | Context volumes@openstack setup() finished in 35.20 sec
2019-06-20 07:58:58.567 1842 RALLYDEBUG rally.task.runner [-] Starting the constant runner (task UUID: 2c3b95ab-a0d0-46de-b18c-17e3551edad1). timeout: 0 concurrency: 4 concurrency_per_worker: 1 times: 10 concurrency_overhead: 0 processes_to_start: 4 max_cpu_used: 16
2019-06-20 07:58:58.581 3842 RALLYDEBUG rally.task.runner [-] Starting a worker. concurrency: 1 args: {"detailed": true} times: 10 method_name: run timeout: 0 duration: None cls:
2019-06-20 07:58:58.583 3843 RALLYDEBUG rally.task.runner [-] Starting a worker. concurrency: 1 args: {"detailed": true} times: 10 method_name: run timeout: 0 duration: None cls:
2019-06-20 07:58:58.586 3844 RALLYDEBUG rally.task.runner [-] Starting a worker. concurrency: 1 args: {"detailed": true} times: 10 method_name: run timeout: 0 duration: None cls:
2019-06-20 07:58:58.590 3842 INFO rally.task.runner [-] Task 2c3b95ab-a0d0-46de-b18c-17e3551edad1 | ITER: 1 START
2019-06-20 07:58:58.590 3845 RALLYDEBUG rally.task.runner [-] Starting a worker. concurrency: 1 args: {"detailed": true} times: 10 method_name: run timeout: 0 duration: None cls:
2019-06-20 07:58:58.590 3843 INFO rally.task.runner [-] Task 2c3b95ab-a0d0-46de-b18c-17e3551edad1 | ITER: 2 START
2019-06-20 07:58:58.593 3844 INFO rally.task.runner [-] Task 2c3b95ab-a0d0-46de-b18c-17e3551edad1 | ITER: 3 START
2019-06-20 07:58:58.598 3845 INFO rally.task.runner [-] Task 2c3b95ab-a0d0-46de-b18c-17e3551edad1 | ITER: 4 START
2019-06-20 07:58:59.380 3842 INFO rally.task.runner [-] Task 2c3b95ab-a0d0-46de-b18c-17e3551edad1 | ITER: 1 END: OK
2019-06-20 07:58:59.386 3842 INFO rally.task.runner [-] Task 2c3b95ab-a0d0-46de-b18c-17e3551edad1 | ITER: 5 START
2019-06-20 07:58:59.460 3843 INFO rally.task.runner [-] Task 2c3b95ab-a0d0-46de-b18c-17e3551edad1 | ITER: 2 END: OK
2019-06-20 07:58:59.461 3844 INFO rally.task.runner [-] Task 2c3b95ab-a0d0-46de-b18c-17e3551edad1 | ITER: 3 END: OK
2019-06-20 07:58:59.465 3843 INFO rally.task.runner [-] Task 2c3b95ab-a0d0-46de-b18c-17e3551edad1 | ITER: 6 START
2019-06-20 07:58:59.467 3844 INFO rally.task.runner [-] Task 2c3b95ab-a0d0-46de-b18c-17e3551edad1 | ITER: 7 START
2019-06-20 07:58:59.529 3845 INFO rally.task.runner [-] Task 2c3b95ab-a0d0-46de-b18c-17e3551edad1 | ITER: 4 END: OK
2019-06-20 07:58:59.535 3845 INFO rally.task.runner [-] Task 2c3b95ab-a0d0-46de-b18c-17e3551edad1 | ITER: 8 START
2019-06-20 07:59:00.202 3844 INFO rally.task.runner [-] Task 2c3b95ab-a0d0-46de-b18c-17e3551edad1 | ITER: 7 END: OK
2019-06-20 07:59:00.207 3844 INFO rally.task.runner [-] Task 2c3b95ab-a0d0-46de-b18c-17e3551edad1 | ITER: 9 START
2019-06-20 07:59:00.222 3842 INFO rally.task.runner [-] Task 2c3b95ab-a0d0-46de-b18c-17e3551edad1 | ITER: 5 END: OK
2019-06-20 07:59:00.227 3842 INFO rally.task.runner [-] Task 2c3b95ab-a0d0-46de-b18c-17e3551edad1 | ITER: 10 START
2019-06-20 07:59:00.307 3845 INFO rally.task.runner [-] Task 2c3b95ab-a0d0-46de-b18c-17e3551edad1 | ITER: 8 END: OK
2019-06-20 07:59:00.321 3843 INFO rally.task.runner [-] Task 2c3b95ab-a0d0-46de-b18c-17e3551edad1 | ITER: 6 END: OK
2019-06-20 07:59:00.908 3842 INFO rally.task.runner [-] Task 2c3b95ab-a0d0-46de-b18c-17e3551edad1 | ITER: 10 END: OK
2019-06-20 07:59:01.065 3844 INFO rally.task.runner [-] Task 2c3b95ab-a0d0-46de-b18c-17e3551edad1 | ITER: 9 END: OK
2019-06-20 07:59:01.094 1842 INFO rally.task.context [-] Task 2c3b95ab-a0d0-46de-b18c-17e3551edad1 | Context volumes@openstack cleanup() started
2019-06-20 07:59:01.095 1842 RALLYDEBUG rally_openstack.cleanup.manager [-] Cleaning up cinder volumes objects
2019-06-20 07:59:03.154 1842 RALLYDEBUG rally_openstack.cleanup.manager [-] Deleting cinder.volumes object c_rally_9132fffc_YRXwB47F (67c62951-e5f1-4158-bbc4-3bfd01b18c14)
2019-06-20 07:59:03.157 1842 RALLYDEBUG rally_openstack.cleanup.manager [-] Deleting cinder.volumes object c_rally_9132fffc_m1Dkbs64 (095c6fcd-8790-442b-ac5f-a35cfb3a545d)
2019-06-20 07:59:03.156 1842 RALLYDEBUG rally_openstack.cleanup.manager [-] Deleting cinder.volumes object c_rally_9132fffc_qBPevIPv (e6e4be50-46a3-4ac9-8e99-5003ab53668c)
2019-06-20 07:59:03.163 1842 RALLYDEBUG rally_openstack.cleanup.manager [-] Deleting cinder.volumes object c_rally_9132fffc_RMf03TMd (2d7fe650-579a-49d8-93fc-66f779a41a65)
2019-06-20 07:59:03.166 1842 RALLYDEBUG rally_openstack.cleanup.manager [-] Deleting cinder.volumes object c_rally_9132fffc_BoQ97J5p (47962051-29a1-40f8-b9ec-d08aaf148dcc)
2019-06-20 07:59:03.167 1842 RALLYDEBUG rally_openstack.cleanup.manager [-] Deleting cinder.volumes object c_rally_9132fffc_210zfbRb (1eb1cc35-55c3-4cbd-84d7-d7b852aa9638)
2019-06-20 07:59:03.177 1842 RALLYDEBUG rally_openstack.cleanup.manager [-] Deleting cinder.volumes object c_rally_9132fffc_QFMIPbdg (d75cd66d-674f-4aca-b49b-f6baa06fdd6d)
2019-06-20 07:59:03.178 1842 RALLYDEBUG rally_openstack.cleanup.manager [-] Deleting cinder.volumes object c_rally_9132fffc_ntbEviNI (62f29dc5-06f2-4723-bac5-e8927451bd29)
2019-06-20 07:59:03.178 1842 RALLYDEBUG rally_openstack.cleanup.manager [-] Deleting cinder.volumes object c_rally_9132fffc_jSDqRSN7 (6ef106c2-a61e-4544-9457-65eee0290c8d)
2019-06-20 07:59:03.187 1842 RALLYDEBUG rally_openstack.cleanup.manager [-] Deleting cinder.volumes object c_rally_9132fffc_qk7QYTzV (e7070a04-b879-45a6-b154-62281a1df85b)
2019-06-20 07:59:03.194 1842 RALLYDEBUG rally_openstack.cleanup.manager [-] Deleting cinder.volumes object c_rally_9132fffc_Bnj1w06I (107e59d2-e9a0-43c8-80d2-2717f21ff5b4)
2019-06-20 07:59:03.196 1842 RALLYDEBUG rally_openstack.cleanup.manager [-] Deleting cinder.volumes object c_rally_9132fffc_tdY6NO8q (c7b070e6-7564-48f2-8e57-886b93969298)
2019-06-20 07:59:08.475 1842 INFO rally.task.context [-] Task 2c3b95ab-a0d0-46de-b18c-17e3551edad1 | Context volumes@openstack cleanup() finished in 7.38 sec
2019-06-20 07:59:08.476 1842 INFO rally.task.context [-] Task 2c3b95ab-a0d0-46de-b18c-17e3551edad1 | Context quotas@openstack cleanup() started
2019-06-20 07:59:09.018 1842 INFO rally.task.context [-] Task 2c3b95ab-a0d0-46de-b18c-17e3551edad1 | Context quotas@openstack cleanup() finished in 0.54 sec
2019-06-20 07:59:09.018 1842 INFO rally.task.context [-] Task 2c3b95ab-a0d0-46de-b18c-17e3551edad1 | Context api_versions@openstack cleanup() started
2019-06-20 07:59:09.019 1842 INFO rally.task.context [-] Task 2c3b95ab-a0d0-46de-b18c-17e3551edad1 | Context api_versions@openstack cleanup() finished in 0.31 msec
2019-06-20 07:59:09.019 1842 INFO rally.task.context [-] Task 2c3b95ab-a0d0-46de-b18c-17e3551edad1 | Context users@openstack cleanup() started
2019-06-20 07:59:16.187 1842 INFO rally.task.context [-] Task 2c3b95ab-a0d0-46de-b18c-17e3551edad1 | Context users@openstack cleanup() finished in 7.17 sec
2019-06-20 07:59:17.031 1842 INFO rally.task.engine [-] Load duration is: 2.471693
2019-06-20 07:59:17.031 1842 INFO rally.task.engine [-] Full runner duration is: 2.527501
2019-06-20 07:59:17.032 1842 INFO rally.task.engine [-] Full duration is: 59.38084
2019-06-20 07:59:17.259 1842 INFO rally.task.engine [-] Running workload: position = 0 config = { "version": 2, "title": "A cropped version of a bigger task.", "description": "Auto-generated task from a single workload (uuid=9eb4ba99-a33c-48fe-9af8-532e93f9ce5a)", "subtasks": [ { "title": "CinderVolumes.create_and_delete_snapshot", "description": "Create and then delete a volume-snapshot.", "scenario": { "CinderVolumes.create_and_delete_snapshot": { "force": false } }, "contexts": { "users": { "tenants": 3, "users_per_tenant": 2 }, "quotas": { "cinder": { "gigabytes": -1, "snapshots": -1, "volumes": -1 } }, "api_versions": { "cinder": { "version": 3, "service_type": "volumev3" } }, "volumes": { "size": 1, "volumes_per_tenant": 1 } }, "runner": { "constant": { "concurrency": 4, "times": 10 } }, "hooks": [], "sla": { "failure_rate": { "max": 0 } } } ] }
2019-06-20 07:59:17.284 1842 RALLYDEBUG rally_openstack.contexts.keystone.users [-] Creating 3 tenants using 20 threads
2019-06-20 07:59:19.147 1842 RALLYDEBUG rally_openstack.contexts.keystone.users [-] Creating 6 users using 20 threads
2019-06-20 07:59:21.882 1842 INFO rally.task.context [-] Task 2c3b95ab-a0d0-46de-b18c-17e3551edad1 | Context users@openstack setup() finished in 4.60 sec
2019-06-20 07:59:22.307 1842 INFO rally.task.context [-] Task 2c3b95ab-a0d0-46de-b18c-17e3551edad1 | Context api_versions@openstack setup() finished in 0.42 sec
2019-06-20 07:59:23.845 1842 INFO rally.task.context [-] Task 2c3b95ab-a0d0-46de-b18c-17e3551edad1 | Context quotas@openstack setup() finished in 1.54 sec
2019-06-20 07:59:34.740 1842 INFO rally.task.context [-] Task 2c3b95ab-a0d0-46de-b18c-17e3551edad1 | Context volumes@openstack setup() finished in 10.89 sec
2019-06-20 07:59:34.741 1842 INFO rally.task.context [-] Task 2c3b95ab-a0d0-46de-b18c-17e3551edad1 | Context cleanup@openstack setup() finished in 0.01 msec
2019-06-20 07:59:34.748 1842 RALLYDEBUG rally.task.runner [-] Starting the constant runner (task UUID: 2c3b95ab-a0d0-46de-b18c-17e3551edad1). timeout: 0 concurrency: 4 concurrency_per_worker: 1 times: 10 concurrency_overhead: 0 processes_to_start: 4 max_cpu_used: 16
2019-06-20 07:59:34.761 3966 RALLYDEBUG rally.task.runner [-] Starting a worker. concurrency: 1 args: {"force": false} times: 10 method_name: run timeout: 0 duration: None cls:
2019-06-20 07:59:34.763 3967 RALLYDEBUG rally.task.runner [-] Starting a worker. concurrency: 1 args: {"force": false} times: 10 method_name: run timeout: 0 duration: None cls:
2019-06-20 07:59:34.766 3968 RALLYDEBUG rally.task.runner [-] Starting a worker. concurrency: 1 args: {"force": false} times: 10 method_name: run timeout: 0 duration: None cls:
2019-06-20 07:59:34.769 3969 RALLYDEBUG rally.task.runner [-] Starting a worker. concurrency: 1 args: {"force": false} times: 10 method_name: run timeout: 0 duration: None cls:
2019-06-20 07:59:34.773 3966 INFO rally.task.runner [-] Task 2c3b95ab-a0d0-46de-b18c-17e3551edad1 | ITER: 1 START
2019-06-20 07:59:34.774 3967 INFO rally.task.runner [-] Task 2c3b95ab-a0d0-46de-b18c-17e3551edad1 | ITER: 2 START
2019-06-20 07:59:34.777 3968 INFO rally.task.runner [-] Task 2c3b95ab-a0d0-46de-b18c-17e3551edad1 | ITER: 3 START
2019-06-20 07:59:34.781 3969 INFO rally.task.runner [-] Task 2c3b95ab-a0d0-46de-b18c-17e3551edad1 | ITER: 4 START
2019-06-20 07:59:38.559 3969 RALLYDEBUG rally.task.utils [-] Waiting for resource s_rally_9eb4ba99_DHR81aIR. Status changed: AVAILABLE => DELETING in 0.266190052032
2019-06-20 07:59:38.600 3967 RALLYDEBUG rally.task.utils [-] Waiting for resource s_rally_9eb4ba99_2G4IFHvs. Status changed: AVAILABLE => DELETING in 0.25302696228
2019-06-20 07:59:38.643 3966 RALLYDEBUG rally.task.utils [-] Waiting for resource s_rally_9eb4ba99_ypHxEbWL. Status changed: AVAILABLE => DELETING in 0.0262398719788
2019-06-20 07:59:38.698 3968 RALLYDEBUG rally.task.utils [-] Waiting for resource s_rally_9eb4ba99_Fg82WQQI. Status changed: AVAILABLE => DELETING in 0.242347955704
2019-06-20 07:59:40.671 3966 INFO rally.task.runner [-] Task 2c3b95ab-a0d0-46de-b18c-17e3551edad1 | ITER: 1 END: OK
2019-06-20 07:59:40.677 3966 INFO rally.task.runner [-] Task 2c3b95ab-a0d0-46de-b18c-17e3551edad1 | ITER: 5 START
2019-06-20 07:59:40.799 3969 INFO rally.task.runner [-] Task 2c3b95ab-a0d0-46de-b18c-17e3551edad1 | ITER: 4 END: OK
2019-06-20 07:59:40.804 3969 INFO rally.task.runner [-] Task 2c3b95ab-a0d0-46de-b18c-17e3551edad1 | ITER: 6 START
2019-06-20 07:59:40.812 3967 INFO rally.task.runner [-] Task 2c3b95ab-a0d0-46de-b18c-17e3551edad1 | ITER: 2 END: OK
2019-06-20 07:59:40.818 3967 INFO rally.task.runner [-] Task 2c3b95ab-a0d0-46de-b18c-17e3551edad1 | ITER: 7 START
2019-06-20 07:59:40.908 3968 INFO rally.task.runner [-] Task 2c3b95ab-a0d0-46de-b18c-17e3551edad1 | ITER: 3 END: OK
2019-06-20 07:59:40.913 3968 INFO rally.task.runner [-] Task 2c3b95ab-a0d0-46de-b18c-17e3551edad1 | ITER: 8 START
2019-06-20 07:59:44.416 3966 RALLYDEBUG rally.task.utils [-] Waiting for resource s_rally_9eb4ba99_6l8nyANf. Status changed: AVAILABLE => DELETING in 0.240724086761
2019-06-20 07:59:44.534 3968 RALLYDEBUG rally.task.utils [-] Waiting for resource s_rally_9eb4ba99_BfCUwJnt. Status changed: AVAILABLE => DELETING in 0.024181842804
2019-06-20 07:59:44.598 3967 RALLYDEBUG rally.task.utils [-] Waiting for resource s_rally_9eb4ba99_yi8M3ken. Status changed: AVAILABLE => DELETING in 0.244161128998
2019-06-20 07:59:44.757 3969 RALLYDEBUG rally.task.utils [-] Waiting for resource s_rally_9eb4ba99_erLbt6fK. Status changed: AVAILABLE => DELETING in 0.218445062637
2019-06-20 07:59:46.649 3966 INFO rally.task.runner [-] Task 2c3b95ab-a0d0-46de-b18c-17e3551edad1 | ITER: 5 END: OK
2019-06-20 07:59:46.653 3966 INFO rally.task.runner [-] Task 2c3b95ab-a0d0-46de-b18c-17e3551edad1 | ITER: 9 START
2019-06-20 07:59:46.814 3967 INFO rally.task.runner [-] Task 2c3b95ab-a0d0-46de-b18c-17e3551edad1 | ITER: 7 END: OK
2019-06-20 07:59:46.818 3967 INFO rally.task.runner [-] Task 2c3b95ab-a0d0-46de-b18c-17e3551edad1 | ITER: 10 START
2019-06-20 07:59:46.858 3968 INFO rally.task.runner [-] Task 2c3b95ab-a0d0-46de-b18c-17e3551edad1 | ITER: 8 END: OK
2019-06-20 07:59:46.970 3969 INFO rally.task.runner [-] Task 2c3b95ab-a0d0-46de-b18c-17e3551edad1 | ITER: 6 END: OK
2019-06-20 07:59:50.554 3966 RALLYDEBUG rally.task.utils [-] Waiting for resource s_rally_9eb4ba99_gqNA2CRy. Status changed: AVAILABLE => DELETING in 0.215062856674
2019-06-20 07:59:50.616 3967 RALLYDEBUG rally.task.utils [-] Waiting for resource s_rally_9eb4ba99_wyT3fDGT. Status changed: AVAILABLE => DELETING in 0.213641881943
2019-06-20 07:59:52.791 3966 INFO rally.task.runner [-] Task 2c3b95ab-a0d0-46de-b18c-17e3551edad1 | ITER: 9 END: OK
2019-06-20 07:59:52.972 3967 INFO rally.task.runner [-] Task 2c3b95ab-a0d0-46de-b18c-17e3551edad1 | ITER: 10 END: OK
2019-06-20 07:59:53.000 1842 INFO rally.task.context [-] Task 2c3b95ab-a0d0-46de-b18c-17e3551edad1 | Context cleanup@openstack cleanup() started
2019-06-20 07:59:53.002 1842 RALLYDEBUG rally_openstack.cleanup.manager [-] Cleaning up cinder backups objects
2019-06-20 07:59:55.030 1842 RALLYDEBUG rally_openstack.cleanup.manager [-] Cleaning up cinder volume_snapshots objects
2019-06-20 07:59:57.186 1842 RALLYDEBUG rally_openstack.cleanup.manager [-] Cleaning up cinder transfers objects
2019-06-20 07:59:59.061 1842 RALLYDEBUG rally_openstack.cleanup.manager [-] Cleaning up cinder volumes objects
2019-06-20 08:00:01.056 1842 INFO rally.task.context [-] Task 2c3b95ab-a0d0-46de-b18c-17e3551edad1 | Context cleanup@openstack cleanup() finished in 8.06 sec
2019-06-20 08:00:01.057 1842 INFO rally.task.context [-] Task 2c3b95ab-a0d0-46de-b18c-17e3551edad1 | Context volumes@openstack cleanup() started
2019-06-20 08:00:01.057 1842 RALLYDEBUG rally_openstack.cleanup.manager [-] Cleaning up cinder volumes objects
2019-06-20 08:00:03.045 1842 RALLYDEBUG rally_openstack.cleanup.manager [-] Deleting cinder.volumes object c_rally_9eb4ba99_H7PLfQzQ (b533a4ce-f0f7-4a15-8136-361cf04f4e74)
2019-06-20 08:00:03.048 1842 RALLYDEBUG rally_openstack.cleanup.manager [-] Deleting cinder.volumes object c_rally_9eb4ba99_Iimkzyxx (86ed737a-3808-4344-bac6-7511102820e4)
2019-06-20 08:00:03.048 1842 RALLYDEBUG rally_openstack.cleanup.manager [-] Deleting cinder.volumes object c_rally_9eb4ba99_8xxonK35 (cdd2493c-d58c-4717-a4a8-43617f9b669f)
2019-06-20 08:00:06.413 1842 INFO rally.task.context [-] Task 2c3b95ab-a0d0-46de-b18c-17e3551edad1 | Context volumes@openstack cleanup() finished in 5.36 sec
2019-06-20 08:00:06.414 1842 INFO rally.task.context [-] Task 2c3b95ab-a0d0-46de-b18c-17e3551edad1 | Context quotas@openstack cleanup() started
2019-06-20 08:00:07.073 1842 INFO rally.task.context [-] Task 2c3b95ab-a0d0-46de-b18c-17e3551edad1 | Context quotas@openstack cleanup() finished in 0.66 sec
2019-06-20 08:00:07.073 1842 INFO rally.task.context [-] Task 2c3b95ab-a0d0-46de-b18c-17e3551edad1 | Context api_versions@openstack cleanup() started
2019-06-20 08:00:07.074 1842 INFO rally.task.context [-] Task 2c3b95ab-a0d0-46de-b18c-17e3551edad1 | Context api_versions@openstack cleanup() finished in 0.30 msec
2019-06-20 08:00:07.074 1842 INFO rally.task.context [-] Task 2c3b95ab-a0d0-46de-b18c-17e3551edad1 | Context users@openstack cleanup() started
2019-06-20 08:00:14.503 1842 INFO rally.task.context [-] Task 2c3b95ab-a0d0-46de-b18c-17e3551edad1 | Context users@openstack cleanup() finished in 7.43 sec
2019-06-20 08:00:15.509 1842 INFO rally.task.engine [-] Load duration is: 18.195478
2019-06-20 08:00:15.509 1842 INFO rally.task.engine [-] Full runner duration is: 18.252484
2019-06-20 08:00:15.509 1842 INFO rally.task.engine [-] Full duration is: 57.222298
2019-06-20 08:00:15.791 1842 INFO rally.task.engine [-] Running workload: position = 0 config = { "version": 2, "title": "A cropped version of a bigger task.", "description": "Auto-generated task from a single workload (uuid=f08fd8d4-db90-45b6-aaa2-cf759ca63c91)", "subtasks": [ { "title": "CinderVolumes.create_and_delete_volume", "description": "Create and then delete a volume.", "scenario": { "CinderVolumes.create_and_delete_volume": { "size": { "max": 1, "min": 1 } } }, "contexts": { "users": { "tenants": 3, "users_per_tenant": 2 }, "quotas": { "cinder": { "gigabytes": -1, "snapshots": -1, "volumes": -1 } }, "api_versions": { "cinder": { "version": 3, "service_type": "volumev3" } } }, "runner": { "constant": { "concurrency": 4, "times": 10 } }, "hooks": [], "sla": { "failure_rate": { "max": 0 } } } ] }
2019-06-20 08:00:15.808 1842 RALLYDEBUG rally_openstack.contexts.keystone.users [-] Creating 3 tenants using 20 threads
2019-06-20 08:00:17.716 1842 RALLYDEBUG rally_openstack.contexts.keystone.users [-] Creating 6 users using 20 threads
2019-06-20 08:00:20.628 1842 INFO rally.task.context [-] Task 2c3b95ab-a0d0-46de-b18c-17e3551edad1 | Context users@openstack setup() finished in 4.82 sec
2019-06-20 08:00:21.046 1842 INFO rally.task.context [-] Task 2c3b95ab-a0d0-46de-b18c-17e3551edad1 | Context api_versions@openstack setup() finished in 0.42 sec
2019-06-20 08:00:22.657 1842 INFO rally.task.context [-] Task 2c3b95ab-a0d0-46de-b18c-17e3551edad1 | Context quotas@openstack setup() finished in 1.61 sec
2019-06-20 08:00:22.657 1842 INFO rally.task.context [-] Task 2c3b95ab-a0d0-46de-b18c-17e3551edad1 | Context cleanup@openstack setup() finished in 0.01 msec
2019-06-20 08:00:22.665 1842 RALLYDEBUG rally.task.runner [-] Starting the constant runner (task UUID: 2c3b95ab-a0d0-46de-b18c-17e3551edad1). timeout: 0 concurrency: 4 concurrency_per_worker: 1 times: 10 concurrency_overhead: 0 processes_to_start: 4 max_cpu_used: 16
2019-06-20 08:00:22.678 4170 RALLYDEBUG rally.task.runner [-] Starting a worker. concurrency: 1 args: {"size": {"max": 1, "min": 1}} times: 10 method_name: run timeout: 0 duration: None cls:
2019-06-20 08:00:22.681 4171 RALLYDEBUG rally.task.runner [-] Starting a worker. concurrency: 1 args: {"size": {"max": 1, "min": 1}} times: 10 method_name: run timeout: 0 duration: None cls:
2019-06-20 08:00:22.685 4172 RALLYDEBUG rally.task.runner [-] Starting a worker. concurrency: 1 args: {"size": {"max": 1, "min": 1}} times: 10 method_name: run timeout: 0 duration: None cls:
2019-06-20 08:00:22.685 4170 INFO rally.task.runner [-] Task 2c3b95ab-a0d0-46de-b18c-17e3551edad1 | ITER: 1 START
2019-06-20 08:00:22.687 4173 RALLYDEBUG rally.task.runner [-] Starting a worker. concurrency: 1 args: {"size": {"max": 1, "min": 1}} times: 10 method_name: run timeout: 0 duration: None cls:
2019-06-20 08:00:22.689 4171 INFO rally.task.runner [-] Task 2c3b95ab-a0d0-46de-b18c-17e3551edad1 | ITER: 2 START
2019-06-20 08:00:22.692 4172 INFO rally.task.runner [-] Task 2c3b95ab-a0d0-46de-b18c-17e3551edad1 | ITER: 3 START
2019-06-20 08:00:22.695 4173 INFO rally.task.runner [-] Task 2c3b95ab-a0d0-46de-b18c-17e3551edad1 | ITER: 4 START
2019-06-20 08:00:26.797 4170 RALLYDEBUG rally.task.utils [-] Waiting for resource s_rally_f08fd8d4_R0HsnUbF. Status changed: AVAILABLE => DELETING in 0.280580997467
2019-06-20 08:00:26.906 4172 RALLYDEBUG rally.task.utils [-] Waiting for resource s_rally_f08fd8d4_GP3E5Yad. Status changed: AVAILABLE => DELETING in 0.251431941986
2019-06-20 08:00:26.948 4171 RALLYDEBUG rally.task.utils [-] Waiting for resource s_rally_f08fd8d4_Sn7KbBZd. Status changed: AVAILABLE => DELETING in 0.288106918335
2019-06-20 08:00:27.034 4173 RALLYDEBUG rally.task.utils [-] Waiting for resource s_rally_f08fd8d4_6md3bdLg. Status changed: AVAILABLE => DELETING in 0.278559207916
2019-06-20 08:00:29.043 4170 INFO rally.task.runner [-] Task 2c3b95ab-a0d0-46de-b18c-17e3551edad1 | ITER: 1 END: OK
2019-06-20 08:00:29.048 4170 INFO rally.task.runner [-] Task 2c3b95ab-a0d0-46de-b18c-17e3551edad1 | ITER: 5 START
2019-06-20 08:00:29.147 4172 INFO rally.task.runner [-] Task 2c3b95ab-a0d0-46de-b18c-17e3551edad1 | ITER: 3 END: OK
2019-06-20 08:00:29.153 4172 INFO rally.task.runner [-] Task 2c3b95ab-a0d0-46de-b18c-17e3551edad1 | ITER: 6 START
2019-06-20 08:00:29.270 4173 INFO rally.task.runner [-] Task 2c3b95ab-a0d0-46de-b18c-17e3551edad1 | ITER: 4 END: OK
2019-06-20 08:00:29.270 4171 INFO rally.task.runner [-] Task 2c3b95ab-a0d0-46de-b18c-17e3551edad1 | ITER: 2 END: OK
2019-06-20 08:00:29.276 4171 INFO rally.task.runner [-] Task 2c3b95ab-a0d0-46de-b18c-17e3551edad1 | ITER: 8 START
2019-06-20 08:00:29.278 4173 INFO rally.task.runner [-] Task 2c3b95ab-a0d0-46de-b18c-17e3551edad1 | ITER: 7 START
2019-06-20 08:00:32.959 4171 RALLYDEBUG rally.task.utils [-] Waiting for resource s_rally_f08fd8d4_AXcQper5. Status changed: AVAILABLE => DELETING in 0.0628969669342
2019-06-20 08:00:33.086 4170 RALLYDEBUG rally.task.utils [-] Waiting for resource s_rally_f08fd8d4_2VWGzPSx. Status changed: AVAILABLE => DELETING in 0.279358863831
2019-06-20 08:00:33.194 4173 RALLYDEBUG rally.task.utils [-] Waiting for resource s_rally_f08fd8d4_OJtUx5EH. Status changed: AVAILABLE => DELETING in 0.294467926025
2019-06-20 08:00:33.344 4172 RALLYDEBUG rally.task.utils [-] Waiting for resource s_rally_f08fd8d4_ZgSowjol. Status changed: AVAILABLE => DELETING in 0.468739032745
2019-06-20 08:00:35.125 4170 INFO rally.task.runner [-] Task 2c3b95ab-a0d0-46de-b18c-17e3551edad1 | ITER: 5 END: OK
2019-06-20 08:00:35.129 4170 INFO rally.task.runner [-] Task 2c3b95ab-a0d0-46de-b18c-17e3551edad1 | ITER: 9 START
2019-06-20 08:00:35.204 4171 INFO rally.task.runner [-] Task 2c3b95ab-a0d0-46de-b18c-17e3551edad1 | ITER: 8 END: OK
2019-06-20 08:00:35.209 4171 INFO rally.task.runner [-] Task 2c3b95ab-a0d0-46de-b18c-17e3551edad1 | ITER: 10 START
2019-06-20 08:00:35.434 4173 INFO rally.task.runner [-] Task 2c3b95ab-a0d0-46de-b18c-17e3551edad1 | ITER: 7 END: OK
2019-06-20 08:00:35.579 4172 INFO rally.task.runner [-] Task 2c3b95ab-a0d0-46de-b18c-17e3551edad1 | ITER: 6 END: OK
2019-06-20 08:00:38.785 4170 RALLYDEBUG rally.task.utils [-] Waiting for resource s_rally_f08fd8d4_2nYXOwrh. Status changed: AVAILABLE => DELETING in 0.0580921173096
2019-06-20 08:00:39.142 4171 INFO rally.task.runner [-] Task 2c3b95ab-a0d0-46de-b18c-17e3551edad1 | ITER: 10 END: OK
2019-06-20 08:00:40.829 4170 INFO rally.task.runner [-] Task 2c3b95ab-a0d0-46de-b18c-17e3551edad1 | ITER: 9 END: OK
2019-06-20 08:00:40.855 1842 INFO rally.task.context [-] Task 2c3b95ab-a0d0-46de-b18c-17e3551edad1 | Context cleanup@openstack cleanup() started
2019-06-20 08:00:40.857 1842 RALLYDEBUG rally_openstack.cleanup.manager [-] Cleaning up cinder backups objects
2019-06-20 08:00:43.034 1842 RALLYDEBUG rally_openstack.cleanup.manager [-] Cleaning up cinder volume_snapshots objects
2019-06-20 08:00:44.997 1842 RALLYDEBUG rally_openstack.cleanup.manager [-] Cleaning up cinder transfers objects
2019-06-20 08:00:46.973 1842 RALLYDEBUG rally_openstack.cleanup.manager [-] Cleaning up cinder volumes objects
2019-06-20 08:00:49.000 1842 INFO rally.task.context [-] Task 2c3b95ab-a0d0-46de-b18c-17e3551edad1 | Context cleanup@openstack cleanup() finished in 8.15 sec
2019-06-20 08:00:49.001 1842 INFO rally.task.context [-] Task 2c3b95ab-a0d0-46de-b18c-17e3551edad1 | Context quotas@openstack cleanup() started
2019-06-20 08:00:49.816 1842 INFO rally.task.context [-] Task 2c3b95ab-a0d0-46de-b18c-17e3551edad1 | Context quotas@openstack cleanup() finished in 0.81 sec
2019-06-20 08:00:49.816 1842 INFO rally.task.context [-] Task 2c3b95ab-a0d0-46de-b18c-17e3551edad1 | Context api_versions@openstack cleanup() started
2019-06-20 08:00:49.817 1842 INFO rally.task.context [-] Task 2c3b95ab-a0d0-46de-b18c-17e3551edad1 | Context api_versions@openstack cleanup() finished in 0.32 msec
2019-06-20 08:00:49.817 1842 INFO rally.task.context [-] Task 2c3b95ab-a0d0-46de-b18c-17e3551edad1 | Context users@openstack cleanup() started
2019-06-20 08:00:56.780 1842 INFO rally.task.context [-] Task 2c3b95ab-a0d0-46de-b18c-17e3551edad1 | Context users@openstack cleanup() finished in 6.96 sec
2019-06-20 08:00:58.056 1842 INFO rally.task.engine [-] Load duration is: 18.139822
2019-06-20 08:00:58.056 1842 INFO rally.task.engine [-] Full runner duration is: 18.190555
2019-06-20 08:00:58.056 1842 INFO rally.task.engine [-] Full duration is: 40.974411
2019-06-20 08:00:58.216 1842 INFO rally.task.engine [-] Running workload: position = 1 config = { "version": 2, "title": "A cropped version of a bigger task.", "description": "Auto-generated task from a single workload (uuid=35e924e8-1ba9-4921-95d1-4010ab7216cd)", "subtasks": [ { "title": "CinderVolumes.create_and_delete_volume", "description": "Create and then delete a volume.", "scenario": { "CinderVolumes.create_and_delete_volume": { "image": { "name": "rally_full-img_169027ec-e94e-404a-93ca-06e8485ac51e" }, "size": 1 } }, "contexts": { "users": { "tenants": 3, "users_per_tenant": 2 }, "quotas": { "cinder": { "gigabytes": -1, "snapshots": -1, "volumes": -1 } }, "api_versions": { "cinder": { "version": 3, "service_type": "volumev3" } } }, "runner": { "constant": { "concurrency": 4, "times": 10 } }, "hooks": [], "sla": { "failure_rate": { "max": 0 } } } ] }
2019-06-20 08:00:58.243 1842 RALLYDEBUG rally_openstack.contexts.keystone.users [-] Creating 3 tenants using 20 threads
2019-06-20 08:01:00.072 1842 RALLYDEBUG rally_openstack.contexts.keystone.users [-] Creating 6 users using 20 threads
2019-06-20 08:01:02.902 1842 INFO rally.task.context [-] Task 2c3b95ab-a0d0-46de-b18c-17e3551edad1 | Context users@openstack setup() finished in 4.66 sec
2019-06-20 08:01:03.344 1842 INFO rally.task.context [-] Task 2c3b95ab-a0d0-46de-b18c-17e3551edad1 | Context api_versions@openstack setup() finished in 0.44 sec
2019-06-20 08:01:04.913 1842 INFO rally.task.context [-] Task 2c3b95ab-a0d0-46de-b18c-17e3551edad1 | Context quotas@openstack setup() finished in 1.57 sec
2019-06-20 08:01:04.914 1842 INFO rally.task.context [-] Task 2c3b95ab-a0d0-46de-b18c-17e3551edad1 | Context cleanup@openstack setup() finished in 0.01 msec
2019-06-20 08:01:06.054 1842 RALLYDEBUG rally.task.runner [-] Starting the constant runner (task UUID: 2c3b95ab-a0d0-46de-b18c-17e3551edad1). timeout: 0 concurrency: 4 concurrency_per_worker: 1 times: 10 concurrency_overhead: 0 processes_to_start: 4 max_cpu_used: 16
2019-06-20 08:01:06.067 4354 RALLYDEBUG rally.task.runner [-] Starting a worker. concurrency: 1 args: {"image": "d43527b4-f318-4a5b-89eb-6d56586ba969", "size": 1} times: 10 method_name: run timeout: 0 duration: None cls:
2019-06-20 08:01:06.071 4355 RALLYDEBUG rally.task.runner [-] Starting a worker. concurrency: 1 args: {"image": "d43527b4-f318-4a5b-89eb-6d56586ba969", "size": 1} times: 10 method_name: run timeout: 0 duration: None cls:
2019-06-20 08:01:06.073 4356 RALLYDEBUG rally.task.runner [-] Starting a worker. concurrency: 1 args: {"image": "d43527b4-f318-4a5b-89eb-6d56586ba969", "size": 1} times: 10 method_name: run timeout: 0 duration: None cls:
2019-06-20 08:01:06.075 4354 INFO rally.task.runner [-] Task 2c3b95ab-a0d0-46de-b18c-17e3551edad1 | ITER: 1 START
2019-06-20 08:01:06.076 4357 RALLYDEBUG rally.task.runner [-] Starting a worker. concurrency: 1 args: {"image": "d43527b4-f318-4a5b-89eb-6d56586ba969", "size": 1} times: 10 method_name: run timeout: 0 duration: None cls:
2019-06-20 08:01:06.079 4355 INFO rally.task.runner [-] Task 2c3b95ab-a0d0-46de-b18c-17e3551edad1 | ITER: 2 START
2019-06-20 08:01:06.082 4356 INFO rally.task.runner [-] Task 2c3b95ab-a0d0-46de-b18c-17e3551edad1 | ITER: 3 START
2019-06-20 08:01:06.084 4357 INFO rally.task.runner [-] Task 2c3b95ab-a0d0-46de-b18c-17e3551edad1 | ITER: 4 START
2019-06-20 08:01:10.186 4355 RALLYDEBUG rally.task.utils [-] Waiting for resource s_rally_35e924e8_vUVdqsRC. Status changed: CREATING => DOWNLOADING in 0.775652885437
2019-06-20 08:01:12.352 4354 RALLYDEBUG rally.task.utils [-] Waiting for resource s_rally_35e924e8_QgBOufjF. Status changed: DOWNLOADING => AVAILABLE in 2.92091202736
2019-06-20 08:01:12.513 4356 RALLYDEBUG rally.task.utils [-] Waiting for resource s_rally_35e924e8_PIyQZPQ9. Status changed: CREATING => AVAILABLE in 3.11290597916
2019-06-20 08:01:12.572 4357 RALLYDEBUG rally.task.utils [-] Waiting for resource s_rally_35e924e8_hZ30tsya. Status changed: CREATING => DOWNLOADING in 3.11685204506
2019-06-20 08:01:13.109 4356 RALLYDEBUG rally.task.utils [-] Waiting for resource s_rally_35e924e8_PIyQZPQ9. Status changed: AVAILABLE => DELETING in 0.261232852936
2019-06-20 08:01:13.127 4354 RALLYDEBUG rally.task.utils [-] Waiting for resource s_rally_35e924e8_QgBOufjF. Status changed: AVAILABLE => DELETING in 0.261646986008
2019-06-20 08:01:14.580 4355 RALLYDEBUG rally.task.utils [-] Waiting for resource s_rally_35e924e8_vUVdqsRC. Status changed: DOWNLOADING => AVAILABLE in 4.3945991993
2019-06-20 08:01:14.818 4357 RALLYDEBUG rally.task.utils [-] Waiting for resource s_rally_35e924e8_hZ30tsya. Status changed: DOWNLOADING => AVAILABLE in 2.24506497383
2019-06-20 08:01:15.181 4354 INFO rally.task.runner [-] Task 2c3b95ab-a0d0-46de-b18c-17e3551edad1 | ITER: 1 END: OK
2019-06-20 08:01:15.181 4355 INFO rally.task.runner [-] Task 2c3b95ab-a0d0-46de-b18c-17e3551edad1 | ITER: 2 END: OK
2019-06-20 08:01:15.186 4354 INFO rally.task.runner [-] Task 2c3b95ab-a0d0-46de-b18c-17e3551edad1 | ITER: 5 START
2019-06-20 08:01:15.187 4355 INFO rally.task.runner [-] Task 2c3b95ab-a0d0-46de-b18c-17e3551edad1 | ITER: 6 START
2019-06-20 08:01:15.244 4357 RALLYDEBUG rally.task.utils [-] Waiting for resource s_rally_35e924e8_hZ30tsya. Status changed: AVAILABLE => DELETING in 0.35990190506
2019-06-20 08:01:15.380 4356 INFO rally.task.runner [-] Task 2c3b95ab-a0d0-46de-b18c-17e3551edad1 | ITER: 3 END: OK
2019-06-20 08:01:15.384 4356 INFO rally.task.runner [-] Task 2c3b95ab-a0d0-46de-b18c-17e3551edad1 | ITER: 7 START
2019-06-20 08:01:17.479 4357 INFO rally.task.runner [-] Task 2c3b95ab-a0d0-46de-b18c-17e3551edad1 | ITER: 4 END: OK
2019-06-20 08:01:17.484 4357 INFO rally.task.runner [-] Task 2c3b95ab-a0d0-46de-b18c-17e3551edad1 | ITER: 8 START
2019-06-20 08:01:21.188 4357 RALLYDEBUG rally.task.utils [-] Waiting for resource s_rally_35e924e8_lDZdvbGB. Status changed: CREATING => DOWNLOADING in 0.399765014648
2019-06-20 08:01:21.275 4355 RALLYDEBUG rally.task.utils [-] Waiting for resource s_rally_35e924e8_wScIQWi4. Status changed: DOWNLOADING => AVAILABLE in 2.82593297958
2019-06-20 08:01:21.411 4354 RALLYDEBUG rally.task.utils [-] Waiting for resource s_rally_35e924e8_H5eGeXl3. Status changed: DOWNLOADING => AVAILABLE in 2.90372085571
2019-06-20 08:01:21.621 4356 RALLYDEBUG rally.task.utils [-] Waiting for resource s_rally_35e924e8_mvWyh2CI. Status changed: DOWNLOADING => AVAILABLE in 2.9197499752
2019-06-20 08:01:21.889 4355 RALLYDEBUG rally.task.utils [-] Waiting for resource s_rally_35e924e8_wScIQWi4. Status changed: AVAILABLE => DELETING in 0.279109954834
2019-06-20 08:01:22.173 4356 RALLYDEBUG rally.task.utils [-] Waiting for resource s_rally_35e924e8_mvWyh2CI. Status changed: AVAILABLE => DELETING in 0.257701873779
2019-06-20 08:01:22.232 4354 RALLYDEBUG rally.task.utils [-] Waiting for resource s_rally_35e924e8_H5eGeXl3. Status changed: AVAILABLE => DELETING in 0.43630194664
2019-06-20 08:01:23.502 4357 RALLYDEBUG rally.task.utils [-] Waiting for resource s_rally_35e924e8_lDZdvbGB. Status changed: DOWNLOADING => AVAILABLE in 2.31399607658
2019-06-20 08:01:23.932 4355 INFO rally.task.runner [-] Task 2c3b95ab-a0d0-46de-b18c-17e3551edad1 | ITER: 6 END: OK
2019-06-20 08:01:23.936 4355 INFO rally.task.runner [-] Task 2c3b95ab-a0d0-46de-b18c-17e3551edad1 | ITER: 9 START
2019-06-20 08:01:24.004 4357 INFO rally.task.runner [-] Task 2c3b95ab-a0d0-46de-b18c-17e3551edad1 | ITER: 8 END: OK
2019-06-20 08:01:24.007 4357 INFO rally.task.runner [-] Task 2c3b95ab-a0d0-46de-b18c-17e3551edad1 | ITER: 10 START
2019-06-20 08:01:24.564 4356 INFO rally.task.runner [-] Task 2c3b95ab-a0d0-46de-b18c-17e3551edad1 | ITER: 7 END: OK
2019-06-20 08:01:24.569 4354 INFO rally.task.runner [-] Task 2c3b95ab-a0d0-46de-b18c-17e3551edad1 | ITER: 5 END: OK
2019-06-20 08:01:30.080 4355 RALLYDEBUG rally.task.utils [-] Waiting for resource s_rally_35e924e8_aDr91tvE. Status changed: DOWNLOADING => AVAILABLE in 2.75416111946
2019-06-20 08:01:30.631 4355 INFO rally.task.runner [-] Task 2c3b95ab-a0d0-46de-b18c-17e3551edad1 | ITER: 9 END: OK
2019-06-20 08:01:30.637 4357 RALLYDEBUG rally.task.utils [-] Waiting for resource s_rally_35e924e8_bKJPAlYy. Status changed: DOWNLOADING => AVAILABLE in 2.91939592361
2019-06-20 08:01:30.960 4357 RALLYDEBUG rally.task.utils [-] Waiting for resource s_rally_35e924e8_bKJPAlYy. Status changed: AVAILABLE => DELETING in 0.25204205513
2019-06-20 08:01:33.207 4357 INFO rally.task.runner [-] Task 2c3b95ab-a0d0-46de-b18c-17e3551edad1 | ITER: 10 END: OK
2019-06-20 08:01:33.231 1842 INFO rally.task.context [-] Task 2c3b95ab-a0d0-46de-b18c-17e3551edad1 | Context cleanup@openstack cleanup() started
2019-06-20 08:01:33.233 1842 RALLYDEBUG rally_openstack.cleanup.manager [-] Cleaning up cinder backups objects
2019-06-20 08:01:35.212 1842 RALLYDEBUG rally_openstack.cleanup.manager [-] Cleaning up cinder volume_snapshots objects
2019-06-20 08:01:37.104 1842 RALLYDEBUG rally_openstack.cleanup.manager [-] Cleaning up cinder transfers objects
2019-06-20 08:01:39.052 1842 RALLYDEBUG rally_openstack.cleanup.manager [-] Cleaning up cinder volumes objects
2019-06-20 08:01:41.004 1842 INFO rally.task.context [-] Task 2c3b95ab-a0d0-46de-b18c-17e3551edad1 | Context cleanup@openstack cleanup() finished in 7.77 sec
2019-06-20 08:01:41.005 1842 INFO rally.task.context [-] Task 2c3b95ab-a0d0-46de-b18c-17e3551edad1 | Context quotas@openstack cleanup() started
2019-06-20 08:01:41.807 1842 INFO rally.task.context [-] Task 2c3b95ab-a0d0-46de-b18c-17e3551edad1 | Context quotas@openstack cleanup() finished in 0.80 sec
2019-06-20 08:01:41.807 1842 INFO rally.task.context [-] Task 2c3b95ab-a0d0-46de-b18c-17e3551edad1 | Context api_versions@openstack cleanup() started
2019-06-20 08:01:41.807 1842 INFO rally.task.context [-] Task 2c3b95ab-a0d0-46de-b18c-17e3551edad1 | Context api_versions@openstack cleanup() finished in 0.33 msec
2019-06-20 08:01:41.808 1842 INFO rally.task.context [-] Task 2c3b95ab-a0d0-46de-b18c-17e3551edad1 | Context users@openstack cleanup() started
