2019-06-20 08:01:48.833 1842 INFO rally.task.context [-] Task 2c3b95ab-a0d0-46de-b18c-17e3551edad1 | Context users@openstack cleanup() finished in 7.02 sec
2019-06-20 08:01:50.446 1842 INFO rally.task.engine [-] Load duration is: 27.129423
2019-06-20 08:01:50.446 1842 INFO rally.task.engine [-] Full runner duration is: 27.177456
2019-06-20 08:01:50.447 1842 INFO rally.task.engine [-] Full duration is: 50.595492
2019-06-20 08:01:50.570 1842 INFO rally.task.engine [-] Running workload: position = 2 config = { "version": 2, "title": "A cropped version of a bigger task.", "description": "Auto-generated task from a single workload (uuid=13130b70-7e81-4d90-9c74-b0f968036465)", "subtasks": [ { "title": "CinderVolumes.create_and_delete_volume", "description": "Create and then delete a volume.", "scenario": { "CinderVolumes.create_and_delete_volume": { "size": 1 } }, "contexts": { "users": { "tenants": 3, "users_per_tenant": 2 }, "quotas": { "cinder": { "gigabytes": -1, "snapshots": -1, "volumes": -1 } }, "api_versions": { "cinder": { "version": 3, "service_type": "volumev3" } } }, "runner": { "constant": { "concurrency": 4, "times": 10 } }, "hooks": [], "sla": { "failure_rate": { "max": 0 } } } ] }
2019-06-20 08:01:50.591 1842 RALLYDEBUG rally_openstack.contexts.keystone.users [-] Creating 3 tenants using 20 threads
2019-06-20 08:01:52.554 1842 RALLYDEBUG rally_openstack.contexts.keystone.users [-] Creating 6 users using 20 threads
2019-06-20 08:01:55.237 1842 INFO rally.task.context [-] Task 2c3b95ab-a0d0-46de-b18c-17e3551edad1 | Context users@openstack setup() finished in 4.65 sec
2019-06-20 08:01:55.664 1842 INFO rally.task.context [-] Task 2c3b95ab-a0d0-46de-b18c-17e3551edad1 | Context api_versions@openstack setup() finished in 0.43 sec
2019-06-20 08:01:57.275 1842 INFO rally.task.context [-] Task 2c3b95ab-a0d0-46de-b18c-17e3551edad1 | Context quotas@openstack setup() finished in 1.61 sec
2019-06-20 08:01:57.276 1842 INFO rally.task.context [-] Task 2c3b95ab-a0d0-46de-b18c-17e3551edad1 | Context cleanup@openstack setup() finished in 0.01 msec
2019-06-20 08:01:57.284 1842 RALLYDEBUG rally.task.runner [-] Starting the constant runner (task UUID: 2c3b95ab-a0d0-46de-b18c-17e3551edad1). timeout: 0 concurrency: 4 concurrency_per_worker: 1 times: 10 concurrency_overhead: 0 processes_to_start: 4 max_cpu_used: 16
2019-06-20 08:01:57.294 4538 RALLYDEBUG rally.task.runner [-] Starting a worker. concurrency: 1 args: {"size": 1} times: 10 method_name: run timeout: 0 duration: None cls:
2019-06-20 08:01:57.300 4538 INFO rally.task.runner [-] Task 2c3b95ab-a0d0-46de-b18c-17e3551edad1 | ITER: 1 START
2019-06-20 08:01:57.299 4539 RALLYDEBUG rally.task.runner [-] Starting a worker. concurrency: 1 args: {"size": 1} times: 10 method_name: run timeout: 0 duration: None cls:
2019-06-20 08:01:57.303 4542 RALLYDEBUG rally.task.runner [-] Starting a worker. concurrency: 1 args: {"size": 1} times: 10 method_name: run timeout: 0 duration: None cls:
2019-06-20 08:01:57.302 4540 RALLYDEBUG rally.task.runner [-] Starting a worker. concurrency: 1 args: {"size": 1} times: 10 method_name: run timeout: 0 duration: None cls:
2019-06-20 08:01:57.307 4539 INFO rally.task.runner [-] Task 2c3b95ab-a0d0-46de-b18c-17e3551edad1 | ITER: 2 START
2019-06-20 08:01:57.308 4542 INFO rally.task.runner [-] Task 2c3b95ab-a0d0-46de-b18c-17e3551edad1 | ITER: 3 START
2019-06-20 08:01:57.310 4540 INFO rally.task.runner [-] Task 2c3b95ab-a0d0-46de-b18c-17e3551edad1 | ITER: 4 START
2019-06-20 08:02:01.431 4538 RALLYDEBUG rally.task.utils [-] Waiting for resource s_rally_13130b70_vCvbpX7H. Status changed: AVAILABLE => DELETING in 0.299889087677
2019-06-20 08:02:01.627 4540 INFO rally.task.runner [-] Task 2c3b95ab-a0d0-46de-b18c-17e3551edad1 | ITER: 4 END: OK
2019-06-20 08:02:01.632 4540 INFO rally.task.runner [-] Task 2c3b95ab-a0d0-46de-b18c-17e3551edad1 | ITER: 5 START
2019-06-20 08:02:01.640 4542 RALLYDEBUG rally.task.utils [-] Waiting for resource s_rally_13130b70_0qsKy1HD. Status changed: AVAILABLE => DELETING in 0.305546998978
2019-06-20 08:02:01.741 4539 RALLYDEBUG rally.task.utils [-] Waiting for resource s_rally_13130b70_DfU2cdb5. Status changed: AVAILABLE => DELETING in 0.250185966492
2019-06-20 08:02:03.676 4538 INFO rally.task.runner [-] Task 2c3b95ab-a0d0-46de-b18c-17e3551edad1 | ITER: 1 END: OK
2019-06-20 08:02:03.681 4538 INFO rally.task.runner [-] Task 2c3b95ab-a0d0-46de-b18c-17e3551edad1 | ITER: 6 START
2019-06-20 08:02:03.683 4542 INFO rally.task.runner [-] Task 2c3b95ab-a0d0-46de-b18c-17e3551edad1 | ITER: 3 END: OK
2019-06-20 08:02:03.688 4542 INFO rally.task.runner [-] Task 2c3b95ab-a0d0-46de-b18c-17e3551edad1 | ITER: 7 START
2019-06-20 08:02:03.780 4539 INFO rally.task.runner [-] Task 2c3b95ab-a0d0-46de-b18c-17e3551edad1 | ITER: 2 END: OK
2019-06-20 08:02:03.785 4539 INFO rally.task.runner [-] Task 2c3b95ab-a0d0-46de-b18c-17e3551edad1 | ITER: 8 START
2019-06-20 08:02:05.380 4540 RALLYDEBUG rally.task.utils [-] Waiting for resource s_rally_13130b70_xEM09OxT. Status changed: AVAILABLE => DELETING in 0.266130924225
2019-06-20 08:02:07.639 4538 RALLYDEBUG rally.task.utils [-] Waiting for resource s_rally_13130b70_KJo00nZX. Status changed: AVAILABLE => DELETING in 0.0931708812714
2019-06-20 08:02:07.641 4540 INFO rally.task.runner [-] Task 2c3b95ab-a0d0-46de-b18c-17e3551edad1 | ITER: 5 END: OK
2019-06-20 08:02:07.646 4540 INFO rally.task.runner [-] Task 2c3b95ab-a0d0-46de-b18c-17e3551edad1 | ITER: 9 START
2019-06-20 08:02:07.954 4542 RALLYDEBUG rally.task.utils [-] Waiting for resource s_rally_13130b70_CDnt0VvM. Status changed: AVAILABLE => DELETING in 0.281594991684
2019-06-20 08:02:08.025 4539 RALLYDEBUG rally.task.utils [-] Waiting for resource s_rally_13130b70_MHDsNSAf. Status changed: AVAILABLE => DELETING in 0.287373065948
2019-06-20 08:02:09.875 4538 INFO rally.task.runner [-] Task 2c3b95ab-a0d0-46de-b18c-17e3551edad1 | ITER: 6 END: OK
2019-06-20 08:02:09.880 4538 INFO rally.task.runner [-] Task 2c3b95ab-a0d0-46de-b18c-17e3551edad1 | ITER: 10 START
2019-06-20 08:02:10.190 4542 INFO rally.task.runner [-] Task 2c3b95ab-a0d0-46de-b18c-17e3551edad1 | ITER: 7 END: OK
2019-06-20 08:02:10.255 4539 INFO rally.task.runner [-] Task 2c3b95ab-a0d0-46de-b18c-17e3551edad1 | ITER: 8 END: OK
2019-06-20 08:02:11.643 4540 RALLYDEBUG rally.task.utils [-] Waiting for resource s_rally_13130b70_eXAlpFVN. Status changed: AVAILABLE => DELETING in 0.053652048111
2019-06-20 08:02:13.691 4540 INFO rally.task.runner [-] Task 2c3b95ab-a0d0-46de-b18c-17e3551edad1 | ITER: 9 END: OK
2019-06-20 08:02:13.736 4538 INFO rally.task.runner [-] Task 2c3b95ab-a0d0-46de-b18c-17e3551edad1 | ITER: 10 END: OK
2019-06-20 08:02:13.761 1842 INFO rally.task.context [-] Task 2c3b95ab-a0d0-46de-b18c-17e3551edad1 | Context cleanup@openstack cleanup() started
2019-06-20 08:02:13.764 1842 RALLYDEBUG rally_openstack.cleanup.manager [-] Cleaning up cinder backups objects
2019-06-20 08:02:15.753 1842 RALLYDEBUG rally_openstack.cleanup.manager [-] Cleaning up cinder volume_snapshots objects
2019-06-20 08:02:17.715 1842 RALLYDEBUG rally_openstack.cleanup.manager [-] Cleaning up cinder transfers objects
2019-06-20 08:02:19.680 1842 RALLYDEBUG rally_openstack.cleanup.manager [-] Cleaning up cinder volumes objects
2019-06-20 08:02:21.905 1842 INFO rally.task.context [-] Task 2c3b95ab-a0d0-46de-b18c-17e3551edad1 | Context cleanup@openstack cleanup() finished in 8.14 sec
2019-06-20 08:02:21.906 1842 INFO rally.task.context [-] Task 2c3b95ab-a0d0-46de-b18c-17e3551edad1 | Context quotas@openstack cleanup() started
2019-06-20 08:02:22.649 1842 INFO rally.task.context [-] Task 2c3b95ab-a0d0-46de-b18c-17e3551edad1 | Context quotas@openstack cleanup() finished in 0.74 sec
2019-06-20 08:02:22.650 1842 INFO rally.task.context [-] Task 2c3b95ab-a0d0-46de-b18c-17e3551edad1 | Context api_versions@openstack cleanup() started
2019-06-20 08:02:22.650 1842 INFO rally.task.context [-] Task 2c3b95ab-a0d0-46de-b18c-17e3551edad1 | Context api_versions@openstack cleanup() finished in 0.34 msec
2019-06-20 08:02:22.650 1842 INFO rally.task.context [-] Task 2c3b95ab-a0d0-46de-b18c-17e3551edad1 | Context users@openstack cleanup() started
2019-06-20 08:02:29.482 1842 INFO rally.task.context [-] Task 2c3b95ab-a0d0-46de-b18c-17e3551edad1 | Context users@openstack cleanup() finished in 6.83 sec
2019-06-20 08:02:30.769 1842 INFO rally.task.engine [-] Load duration is: 16.432686
2019-06-20 08:02:30.770 1842 INFO rally.task.engine [-] Full runner duration is: 16.478206
2019-06-20 08:02:30.770 1842 INFO rally.task.engine [-] Full duration is: 38.897553
2019-06-20 08:02:31.038 1842 INFO rally.task.engine [-] Running workload: position = 0 config = { "version": 2, "title": "A cropped version of a bigger task.", "description": "Auto-generated task from a single workload (uuid=977edf15-11f2-4ce9-b8a1-fdd49044b7d4)", "subtasks": [ { "title": "CinderVolumes.create_and_extend_volume", "description": "Create and extend a volume and then delete it.", "scenario": { "CinderVolumes.create_and_extend_volume": { "new_size": 2, "size": 1 } }, "contexts": { "users": { "tenants": 3, "users_per_tenant": 2 }, "quotas": { "cinder": { "gigabytes": -1, "snapshots": -1, "volumes": -1 } }, "api_versions": { "cinder": { "version": 3, "service_type": "volumev3" } } }, "runner": { "constant": { "concurrency": 4, "times": 10 } }, "hooks": [], "sla": { "failure_rate": { "max": 0 } } } ] }
2019-06-20 08:02:31.062 1842 RALLYDEBUG rally_openstack.contexts.keystone.users [-] Creating 3 tenants using 20 threads
2019-06-20 08:02:32.881 1842 RALLYDEBUG rally_openstack.contexts.keystone.users [-] Creating 6 users using 20 threads
2019-06-20 08:02:35.586 1842 INFO rally.task.context [-] Task 2c3b95ab-a0d0-46de-b18c-17e3551edad1 | Context users@openstack setup() finished in 4.52 sec
2019-06-20 08:02:36.009 1842 INFO rally.task.context [-] Task 2c3b95ab-a0d0-46de-b18c-17e3551edad1 | Context api_versions@openstack setup() finished in 0.42 sec
2019-06-20 08:02:37.667 1842 INFO rally.task.context [-] Task 2c3b95ab-a0d0-46de-b18c-17e3551edad1 | Context quotas@openstack setup() finished in 1.66 sec
2019-06-20 08:02:37.668 1842 INFO rally.task.context [-] Task 2c3b95ab-a0d0-46de-b18c-17e3551edad1 | Context cleanup@openstack setup() finished in 0.00 msec
2019-06-20 08:02:37.670 1842 RALLYDEBUG rally.task.runner [-] Starting the constant runner (task UUID: 2c3b95ab-a0d0-46de-b18c-17e3551edad1). timeout: 0 concurrency: 4 concurrency_per_worker: 1 times: 10 concurrency_overhead: 0 processes_to_start: 4 max_cpu_used: 16
2019-06-20 08:02:37.680 4724 RALLYDEBUG rally.task.runner [-] Starting a worker. concurrency: 1 args: {"new_size": 2, "size": 1} times: 10 method_name: run timeout: 0 duration: None cls:
2019-06-20 08:02:37.680 4722 RALLYDEBUG rally.task.runner [-] Starting a worker. concurrency: 1 args: {"new_size": 2, "size": 1} times: 10 method_name: run timeout: 0 duration: None cls:
2019-06-20 08:02:37.681 4723 RALLYDEBUG rally.task.runner [-] Starting a worker. concurrency: 1 args: {"new_size": 2, "size": 1} times: 10 method_name: run timeout: 0 duration: None cls:
2019-06-20 08:02:37.683 4725 RALLYDEBUG rally.task.runner [-] Starting a worker. concurrency: 1 args: {"new_size": 2, "size": 1} times: 10 method_name: run timeout: 0 duration: None cls:
2019-06-20 08:02:37.684 4724 INFO rally.task.runner [-] Task 2c3b95ab-a0d0-46de-b18c-17e3551edad1 | ITER: 1 START
2019-06-20 08:02:37.688 4722 INFO rally.task.runner [-] Task 2c3b95ab-a0d0-46de-b18c-17e3551edad1 | ITER: 2 START
2019-06-20 08:02:37.689 4723 INFO rally.task.runner [-] Task 2c3b95ab-a0d0-46de-b18c-17e3551edad1 | ITER: 3 START
2019-06-20 08:02:37.690 4725 INFO rally.task.runner [-] Task 2c3b95ab-a0d0-46de-b18c-17e3551edad1 | ITER: 4 START
2019-06-20 08:02:41.881 4723 RALLYDEBUG rally.task.utils [-] Waiting for resource s_rally_977edf15_I8Qy1AKc. Status changed: AVAILABLE => EXTENDING in 0.0659048557281
2019-06-20 08:02:42.378 4722 INFO rally.task.runner [-] Task 2c3b95ab-a0d0-46de-b18c-17e3551edad1 | ITER: 2 END: OK
2019-06-20 08:02:42.382 4722 INFO rally.task.runner [-] Task 2c3b95ab-a0d0-46de-b18c-17e3551edad1 | ITER: 5 START
2019-06-20 08:02:42.660 4725 RALLYDEBUG rally.task.utils [-] Waiting for resource s_rally_977edf15_cLPTceWw. Status changed: AVAILABLE => DELETING in 0.0514929294586
2019-06-20 08:02:42.754 4724 RALLYDEBUG rally.task.utils [-] Waiting for resource s_rally_977edf15_zzXpgA6F. Status changed: AVAILABLE => DELETING in 0.262224912643
2019-06-20 08:02:44.122 4723 RALLYDEBUG rally.task.utils [-] Waiting for resource s_rally_977edf15_I8Qy1AKc. Status changed: EXTENDING => AVAILABLE in 2.24090099335
2019-06-20 08:02:44.255 4723 RALLYDEBUG rally.task.utils [-] Waiting for resource s_rally_977edf15_I8Qy1AKc. Status changed: AVAILABLE => DELETING in 0.0579450130463
2019-06-20 08:02:44.790 4724 INFO rally.task.runner [-] Task 2c3b95ab-a0d0-46de-b18c-17e3551edad1 | ITER: 1 END: OK
2019-06-20 08:02:44.795 4724 INFO rally.task.runner [-] Task 2c3b95ab-a0d0-46de-b18c-17e3551edad1 | ITER: 6 START
2019-06-20 08:02:44.880 4725 INFO rally.task.runner [-] Task 2c3b95ab-a0d0-46de-b18c-17e3551edad1 | ITER: 4 END: OK
2019-06-20 08:02:44.885 4725 INFO rally.task.runner [-] Task 2c3b95ab-a0d0-46de-b18c-17e3551edad1 | ITER: 7 START
2019-06-20 08:02:46.158 4722 RALLYDEBUG rally.task.utils [-] Waiting for resource s_rally_977edf15_Cgpm2r2S. Status changed: AVAILABLE => EXTENDING in 0.0609338283539
2019-06-20 08:02:46.564 4723 INFO rally.task.runner [-] Task 2c3b95ab-a0d0-46de-b18c-17e3551edad1 | ITER: 3 END: OK
2019-06-20 08:02:46.569 4723 INFO rally.task.runner [-] Task 2c3b95ab-a0d0-46de-b18c-17e3551edad1 | ITER: 8 START
2019-06-20 08:02:48.224 4722 RALLYDEBUG rally.task.utils [-] Waiting for resource s_rally_977edf15_Cgpm2r2S. Status changed: EXTENDING => AVAILABLE in 2.0666000843
2019-06-20 08:02:48.574 4722 RALLYDEBUG rally.task.utils [-] Waiting for resource s_rally_977edf15_Cgpm2r2S. Status changed: AVAILABLE => DELETING in 0.0606980323792
2019-06-20 08:02:49.207 4724 INFO rally.task.runner [-] Task 2c3b95ab-a0d0-46de-b18c-17e3551edad1 | ITER: 6 END: OK
2019-06-20 08:02:49.213 4724 INFO rally.task.runner [-] Task 2c3b95ab-a0d0-46de-b18c-17e3551edad1 | ITER: 9 START
2019-06-20 08:02:49.430 4725 INFO rally.task.runner [-] Task 2c3b95ab-a0d0-46de-b18c-17e3551edad1 | ITER: 7 END: OK
2019-06-20 08:02:49.434 4725 INFO rally.task.runner [-] Task 2c3b95ab-a0d0-46de-b18c-17e3551edad1 | ITER: 10 START
2019-06-20 08:02:50.498 4723 RALLYDEBUG rally.task.utils [-] Waiting for resource s_rally_977edf15_ePWFES1T. Status changed: AVAILABLE => EXTENDING in 0.0541157722473
2019-06-20 08:02:50.904 4722 INFO rally.task.runner [-] Task 2c3b95ab-a0d0-46de-b18c-17e3551edad1 | ITER: 5 END: OK
2019-06-20 08:02:52.869 4723 RALLYDEBUG rally.task.utils [-] Waiting for resource s_rally_977edf15_ePWFES1T. Status changed: EXTENDING => AVAILABLE in 2.3710000515
2019-06-20 08:02:53.200 4723 INFO rally.task.runner [-] Task 2c3b95ab-a0d0-46de-b18c-17e3551edad1 | ITER: 8 END: OK
2019-06-20 08:02:53.356 4725 RALLYDEBUG rally.task.utils [-] Waiting for resource s_rally_977edf15_57Ang1JC. Status changed: AVAILABLE => EXTENDING in 0.0546300411224
2019-06-20 08:02:53.428 4724 RALLYDEBUG rally.task.utils [-] Waiting for resource s_rally_977edf15_wajBQVBF. Status changed: AVAILABLE => EXTENDING in 0.253150224686
2019-06-20 08:02:55.488 4724 RALLYDEBUG rally.task.utils [-] Waiting for resource s_rally_977edf15_wajBQVBF. Status changed: EXTENDING => AVAILABLE in 2.05974793434
2019-06-20 08:02:55.612 4725 RALLYDEBUG rally.task.utils [-] Waiting for resource s_rally_977edf15_57Ang1JC. Status changed: EXTENDING => AVAILABLE in 2.25584816933
2019-06-20 08:02:55.998 4724 RALLYDEBUG rally.task.utils [-] Waiting for resource s_rally_977edf15_wajBQVBF. Status changed: AVAILABLE => DELETING in 0.243640899658
2019-06-20 08:02:56.110 4725 INFO rally.task.runner [-] Task 2c3b95ab-a0d0-46de-b18c-17e3551edad1 | ITER: 10 END: OK
2019-06-20 08:02:58.047 4724 INFO rally.task.runner [-] Task 2c3b95ab-a0d0-46de-b18c-17e3551edad1 | ITER: 9 END: OK
2019-06-20 08:02:58.072 1842 INFO rally.task.context [-] Task 2c3b95ab-a0d0-46de-b18c-17e3551edad1 | Context cleanup@openstack cleanup() started
2019-06-20 08:02:58.074 1842 RALLYDEBUG rally_openstack.cleanup.manager [-] Cleaning up cinder backups objects
2019-06-20 08:02:59.988 1842 RALLYDEBUG rally_openstack.cleanup.manager [-] Cleaning up cinder volume_snapshots objects
2019-06-20 08:03:01.872 1842 RALLYDEBUG rally_openstack.cleanup.manager [-] Cleaning up cinder transfers objects
2019-06-20 08:03:03.889 1842 RALLYDEBUG rally_openstack.cleanup.manager [-] Cleaning up cinder volumes objects
2019-06-20 08:03:05.974 1842 INFO rally.task.context [-] Task 2c3b95ab-a0d0-46de-b18c-17e3551edad1 | Context cleanup@openstack cleanup() finished in 7.90 sec
2019-06-20 08:03:05.974 1842 INFO rally.task.context [-] Task 2c3b95ab-a0d0-46de-b18c-17e3551edad1 | Context quotas@openstack cleanup() started
2019-06-20 08:03:06.254 1842 INFO rally.task.context [-] Task 2c3b95ab-a0d0-46de-b18c-17e3551edad1 | Context quotas@openstack cleanup() finished in 0.28 sec
2019-06-20 08:03:06.254 1842 INFO rally.task.context [-] Task 2c3b95ab-a0d0-46de-b18c-17e3551edad1 | Context api_versions@openstack cleanup() started
2019-06-20 08:03:06.255 1842 INFO rally.task.context [-] Task 2c3b95ab-a0d0-46de-b18c-17e3551edad1 | Context api_versions@openstack cleanup() finished in 0.17 msec
2019-06-20 08:03:06.255 1842 INFO rally.task.context [-] Task 2c3b95ab-a0d0-46de-b18c-17e3551edad1 | Context users@openstack cleanup() started
2019-06-20 08:03:13.525 1842 INFO rally.task.context [-] Task 2c3b95ab-a0d0-46de-b18c-17e3551edad1 | Context users@openstack cleanup() finished in 7.27 sec
2019-06-20 08:03:15.229 1842 INFO rally.task.engine [-] Load duration is: 20.361307
2019-06-20 08:03:15.230 1842 INFO rally.task.engine [-] Full runner duration is: 20.401158
2019-06-20 08:03:15.230 1842 INFO rally.task.engine [-] Full duration is: 42.466965
2019-06-20 08:03:15.512 1842 INFO rally.task.engine [-] Running workload: position = 0 config = { "version": 2, "title": "A cropped version of a bigger task.", "description": "Auto-generated task from a single workload (uuid=6e35cc9d-f45a-4d01-872a-93cfd1aa6d47)", "subtasks": [ { "title": "CinderVolumes.create_from_volume_and_delete_volume", "description": "Create volume from volume and then delete it.", "scenario": { "CinderVolumes.create_from_volume_and_delete_volume": { "size": 1 } }, "contexts": { "users": { "tenants": 3, "users_per_tenant": 2 }, "quotas": { "cinder": { "gigabytes": -1, "snapshots": -1, "volumes": -1 } }, "api_versions": { "cinder": { "version": 3, "service_type": "volumev3" } }, "volumes": { "size": 1, "volumes_per_tenant": 1 } }, "runner": { "constant": { "concurrency": 4, "times": 10 } }, "hooks": [], "sla": { "failure_rate": { "max": 0 } } } ] }
2019-06-20 08:03:15.535 1842 RALLYDEBUG rally_openstack.contexts.keystone.users [-] Creating 3 tenants using 20 threads
2019-06-20 08:03:17.397 1842 RALLYDEBUG rally_openstack.contexts.keystone.users [-] Creating 6 users using 20 threads
2019-06-20 08:03:20.221 1842 INFO rally.task.context [-] Task 2c3b95ab-a0d0-46de-b18c-17e3551edad1 | Context users@openstack setup() finished in 4.69 sec
2019-06-20 08:03:20.640 1842 INFO rally.task.context [-] Task 2c3b95ab-a0d0-46de-b18c-17e3551edad1 | Context api_versions@openstack setup() finished in 0.42 sec
2019-06-20 08:03:22.196 1842 INFO rally.task.context [-] Task 2c3b95ab-a0d0-46de-b18c-17e3551edad1 | Context quotas@openstack setup() finished in 1.56 sec
2019-06-20 08:03:32.598 1842 INFO rally.task.context [-] Task 2c3b95ab-a0d0-46de-b18c-17e3551edad1 | Context volumes@openstack setup() finished in 10.40 sec
2019-06-20 08:03:32.598 1842 INFO rally.task.context [-] Task 2c3b95ab-a0d0-46de-b18c-17e3551edad1 | Context cleanup@openstack setup() finished in 0.00 msec
2019-06-20 08:03:32.606 1842 RALLYDEBUG rally.task.runner [-] Starting the constant runner (task UUID: 2c3b95ab-a0d0-46de-b18c-17e3551edad1). timeout: 0 concurrency: 4 concurrency_per_worker: 1 times: 10 concurrency_overhead: 0 processes_to_start: 4 max_cpu_used: 16
2019-06-20 08:03:32.617 4907 RALLYDEBUG rally.task.runner [-] Starting a worker. concurrency: 1 args: {"size": 1} times: 10 method_name: run timeout: 0 duration: None cls:
2019-06-20 08:03:32.617 4906 RALLYDEBUG rally.task.runner [-] Starting a worker. concurrency: 1 args: {"size": 1} times: 10 method_name: run timeout: 0 duration: None cls:
2019-06-20 08:03:32.622 4909 RALLYDEBUG rally.task.runner [-] Starting a worker. concurrency: 1 args: {"size": 1} times: 10 method_name: run timeout: 0 duration: None cls:
2019-06-20 08:03:32.622 4908 RALLYDEBUG rally.task.runner [-] Starting a worker. concurrency: 1 args: {"size": 1} times: 10 method_name: run timeout: 0 duration: None cls:
2019-06-20 08:03:32.624 4907 INFO rally.task.runner [-] Task 2c3b95ab-a0d0-46de-b18c-17e3551edad1 | ITER: 1 START
2019-06-20 08:03:32.628 4906 INFO rally.task.runner [-] Task 2c3b95ab-a0d0-46de-b18c-17e3551edad1 | ITER: 2 START
2019-06-20 08:03:32.630 4909 INFO rally.task.runner [-] Task 2c3b95ab-a0d0-46de-b18c-17e3551edad1 | ITER: 3 START
2019-06-20 08:03:32.633 4908 INFO rally.task.runner [-] Task 2c3b95ab-a0d0-46de-b18c-17e3551edad1 | ITER: 4 START
2019-06-20 08:03:36.460 4908 RALLYDEBUG rally.task.utils [-] Waiting for resource s_rally_6e35cc9d_vVs7FkQY. Status changed: AVAILABLE => DELETING in 0.056519985199
2019-06-20 08:03:38.540 4906 RALLYDEBUG rally.task.utils [-] Waiting for resource s_rally_6e35cc9d_0wbDwNvk. Status changed: CREATING => AVAILABLE in 2.84498286247
2019-06-20 08:03:38.699 4907 RALLYDEBUG rally.task.utils [-] Waiting for resource s_rally_6e35cc9d_P6H3pzi3. Status changed: CREATING => AVAILABLE in 2.85442304611
2019-06-20 08:03:38.726 4908 INFO rally.task.runner [-] Task 2c3b95ab-a0d0-46de-b18c-17e3551edad1 | ITER: 4 END: OK
2019-06-20 08:03:38.731 4908 INFO rally.task.runner [-] Task 2c3b95ab-a0d0-46de-b18c-17e3551edad1 | ITER: 5 START
2019-06-20 08:03:38.879 4906 RALLYDEBUG rally.task.utils [-] Waiting for resource s_rally_6e35cc9d_0wbDwNvk. Status changed: AVAILABLE => DELETING in 0.0641729831696
2019-06-20 08:03:39.292 4907 RALLYDEBUG rally.task.utils [-] Waiting for resource s_rally_6e35cc9d_P6H3pzi3. Status changed: AVAILABLE => DELETING in 0.261905193329
2019-06-20 08:03:40.839 4909 RALLYDEBUG rally.task.utils [-] Waiting for resource s_rally_6e35cc9d_soaqag27. Status changed: CREATING => AVAILABLE in 5.16673803329
2019-06-20 08:03:41.115 4906 INFO rally.task.runner [-] Task 2c3b95ab-a0d0-46de-b18c-17e3551edad1 | ITER: 2 END: OK
2019-06-20 08:03:41.120 4906 INFO rally.task.runner [-] Task 2c3b95ab-a0d0-46de-b18c-17e3551edad1 | ITER: 6 START
2019-06-20 08:03:41.452 4909 RALLYDEBUG rally.task.utils [-] Waiting for resource s_rally_6e35cc9d_soaqag27. Status changed: AVAILABLE => DELETING in 0.34899687767
2019-06-20 08:03:43.605 4907 INFO rally.task.runner [-] Task 2c3b95ab-a0d0-46de-b18c-17e3551edad1 | ITER: 1 END: OK
2019-06-20 08:03:43.608 4907 INFO rally.task.runner [-] Task 2c3b95ab-a0d0-46de-b18c-17e3551edad1 | ITER: 7 START
2019-06-20 08:03:44.522 4908 RALLYDEBUG rally.task.utils [-] Waiting for resource s_rally_6e35cc9d_iuPTWRzS. Status changed: CREATING => AVAILABLE in 2.73408603668
2019-06-20 08:03:44.925 4906 RALLYDEBUG rally.task.utils [-] Waiting for resource s_rally_6e35cc9d_NzZ4f0km. Status changed: AVAILABLE => DELETING in 0.247296094894
2019-06-20 08:03:45.140 4908 RALLYDEBUG rally.task.utils [-] Waiting for resource s_rally_6e35cc9d_iuPTWRzS. Status changed: AVAILABLE => DELETING in 0.249967098236
2019-06-20 08:03:45.831 4909 INFO rally.task.runner [-] Task 2c3b95ab-a0d0-46de-b18c-17e3551edad1 | ITER: 3 END: OK
2019-06-20 08:03:45.836 4909 INFO rally.task.runner [-] Task 2c3b95ab-a0d0-46de-b18c-17e3551edad1 | ITER: 8 START
2019-06-20 08:03:47.436 4907 RALLYDEBUG rally.task.utils [-] Waiting for resource s_rally_6e35cc9d_qgl5jpVD. Status changed: AVAILABLE => DELETING in 0.0518770217896
2019-06-20 08:03:49.321 4906 INFO rally.task.runner [-] Task 2c3b95ab-a0d0-46de-b18c-17e3551edad1 | ITER: 6 END: OK
2019-06-20 08:03:49.326 4906 INFO rally.task.runner [-] Task 2c3b95ab-a0d0-46de-b18c-17e3551edad1 | ITER: 9 START
2019-06-20 08:03:49.417 4908 INFO rally.task.runner [-] Task 2c3b95ab-a0d0-46de-b18c-17e3551edad1 | ITER: 5 END: OK
2019-06-20 08:03:49.422 4908 INFO rally.task.runner [-] Task 2c3b95ab-a0d0-46de-b18c-17e3551edad1 | ITER: 10 START
2019-06-20 08:03:51.723 4909 RALLYDEBUG rally.task.utils [-] Waiting for resource s_rally_6e35cc9d_1HSF1K0X. Status changed: CREATING => AVAILABLE in 2.93567299843
2019-06-20 08:03:51.724 4907 INFO rally.task.runner [-] Task 2c3b95ab-a0d0-46de-b18c-17e3551edad1 | ITER: 7 END: OK
2019-06-20 08:03:52.047 4909 RALLYDEBUG rally.task.utils [-] Waiting for resource s_rally_6e35cc9d_1HSF1K0X. Status changed: AVAILABLE => DELETING in 0.0573389530182
2019-06-20 08:03:53.636 4908 RALLYDEBUG rally.task.utils [-] Waiting for resource s_rally_6e35cc9d_ll3QaNpI. Status changed: AVAILABLE => DELETING in 0.289942979813
2019-06-20 08:03:53.701 4906 RALLYDEBUG rally.task.utils [-] Waiting for resource s_rally_6e35cc9d_1uoQKH29. Status changed: AVAILABLE => DELETING in 0.253384113312
2019-06-20 08:03:54.269 4909 INFO rally.task.runner [-] Task 2c3b95ab-a0d0-46de-b18c-17e3551edad1 | ITER: 8 END: OK
2019-06-20 08:03:55.674 4908 INFO rally.task.runner [-] Task 2c3b95ab-a0d0-46de-b18c-17e3551edad1 | ITER: 10 END: OK
2019-06-20 08:03:55.921 4906 INFO rally.task.runner [-] Task 2c3b95ab-a0d0-46de-b18c-17e3551edad1 | ITER: 9 END: OK
2019-06-20 08:03:55.942 1842 INFO rally.task.context [-] Task 2c3b95ab-a0d0-46de-b18c-17e3551edad1 | Context cleanup@openstack cleanup() started
2019-06-20 08:03:55.944 1842 RALLYDEBUG rally_openstack.cleanup.manager [-] Cleaning up cinder backups objects
2019-06-20 08:03:57.874 1842 RALLYDEBUG rally_openstack.cleanup.manager [-] Cleaning up cinder volume_snapshots objects
2019-06-20 08:03:59.870 1842 RALLYDEBUG rally_openstack.cleanup.manager [-] Cleaning up cinder transfers objects
2019-06-20 08:04:01.744 1842 RALLYDEBUG rally_openstack.cleanup.manager [-] Cleaning up cinder volumes objects
2019-06-20 08:04:03.917 1842 INFO rally.task.context [-] Task 2c3b95ab-a0d0-46de-b18c-17e3551edad1 | Context cleanup@openstack cleanup() finished in 7.98 sec
2019-06-20 08:04:03.917 1842 INFO rally.task.context [-] Task 2c3b95ab-a0d0-46de-b18c-17e3551edad1 | Context volumes@openstack cleanup() started
2019-06-20 08:04:03.918 1842 RALLYDEBUG rally_openstack.cleanup.manager [-] Cleaning up cinder volumes objects
2019-06-20 08:04:06.158 1842 RALLYDEBUG rally_openstack.cleanup.manager [-] Deleting cinder.volumes object c_rally_6e35cc9d_ISc8Itsx (b89ed532-4f1b-4201-a0f4-6e7d6afa8ad2)
2019-06-20 08:04:06.160 1842 RALLYDEBUG rally_openstack.cleanup.manager [-] Deleting cinder.volumes object c_rally_6e35cc9d_WtvTfnsB (bb8e4f8e-ed20-4726-931c-abf0528fe18a)
2019-06-20 08:04:06.168 1842 RALLYDEBUG rally_openstack.cleanup.manager [-] Deleting cinder.volumes object c_rally_6e35cc9d_ghXns9IB (d9643324-af29-41e0-a4a2-ea5dcdaf6f40)
2019-06-20 08:04:09.436 1842 INFO rally.task.context [-] Task 2c3b95ab-a0d0-46de-b18c-17e3551edad1 | Context volumes@openstack cleanup() finished in 5.52 sec
2019-06-20 08:04:09.437 1842 INFO rally.task.context [-] Task 2c3b95ab-a0d0-46de-b18c-17e3551edad1 | Context quotas@openstack cleanup() started
2019-06-20 08:04:09.798 1842 INFO rally.task.context [-] Task 2c3b95ab-a0d0-46de-b18c-17e3551edad1 | Context quotas@openstack cleanup() finished in 0.36 sec
2019-06-20 08:04:09.799 1842 INFO rally.task.context [-] Task 2c3b95ab-a0d0-46de-b18c-17e3551edad1 | Context api_versions@openstack cleanup() started
2019-06-20 08:04:09.799 1842 INFO rally.task.context [-] Task 2c3b95ab-a0d0-46de-b18c-17e3551edad1 | Context api_versions@openstack cleanup() finished in 0.32 msec
2019-06-20 08:04:09.799 1842 INFO rally.task.context [-] Task 2c3b95ab-a0d0-46de-b18c-17e3551edad1 | Context users@openstack cleanup() started
2019-06-20 08:04:17.594 1842 INFO rally.task.context [-] Task 2c3b95ab-a0d0-46de-b18c-17e3551edad1 | Context users@openstack cleanup() finished in 7.79 sec
2019-06-20 08:04:17.766 1842 INFO rally.task.engine [-] Load duration is: 23.29459
2019-06-20 08:04:17.766 1842 INFO rally.task.engine [-] Full runner duration is: 23.336762
2019-06-20 08:04:17.767 1842 INFO rally.task.engine [-] Full duration is: 62.062107
2019-06-20 08:04:18.045 1842 INFO rally.task.engine [-] Running workload: position = 0 config = { "version": 2, "title": "A cropped version of a bigger task.", "description": "Auto-generated task from a single workload (uuid=aafaa566-d27f-4c87-aabd-e3cfd419ce3f)", "subtasks": [ { "title": "CinderQos.create_and_get_qos", "description": "Create a qos, then get details of the qos.", "scenario": { "CinderQos.create_and_get_qos": { "consumer": "both", "write_iops_sec": "10", "read_iops_sec": "1000" } }, "contexts": { "users": { "tenants": 3, "users_per_tenant": 2 }, "api_versions": { "cinder": { "version": 3, "service_type": "volumev3" } } }, "runner": { "constant": { "concurrency": 4, "times": 10 } }, "hooks": [], "sla": { "failure_rate": { "max": 0 } } } ] }
2019-06-20 08:04:18.068 1842 RALLYDEBUG rally_openstack.contexts.keystone.users [-] Creating 3 tenants using 20 threads
2019-06-20 08:04:19.988 1842 RALLYDEBUG rally_openstack.contexts.keystone.users [-] Creating 6 users using 20 threads
2019-06-20 08:04:22.643 1842 INFO rally.task.context [-] Task 2c3b95ab-a0d0-46de-b18c-17e3551edad1 | Context users@openstack setup() finished in 4.58 sec
2019-06-20 08:04:23.219 1842 INFO rally.task.context [-] Task 2c3b95ab-a0d0-46de-b18c-17e3551edad1 | Context api_versions@openstack setup() finished in 0.58 sec
2019-06-20 08:04:23.220 1842 INFO rally.task.context [-] Task 2c3b95ab-a0d0-46de-b18c-17e3551edad1 | Context admin_cleanup@openstack setup() finished in 0.01 msec
2019-06-20 08:04:23.227 1842 RALLYDEBUG rally.task.runner [-] Starting the constant runner (task UUID: 2c3b95ab-a0d0-46de-b18c-17e3551edad1). timeout: 0 concurrency: 4 concurrency_per_worker: 1 times: 10 concurrency_overhead: 0 processes_to_start: 4 max_cpu_used: 16
2019-06-20 08:04:23.235 5110 RALLYDEBUG rally.task.runner [-] Starting a worker. concurrency: 1 args: {"consumer": "both", "write_iops_sec": "10", "read_iops_sec": "1000"} times: 10 method_name: run timeout: 0 duration: None cls:
2019-06-20 08:04:23.240 5110 INFO rally.task.runner [-] Task 2c3b95ab-a0d0-46de-b18c-17e3551edad1 | ITER: 1 START
2019-06-20 08:04:23.240 5111 RALLYDEBUG rally.task.runner [-] Starting a worker. concurrency: 1 args: {"consumer": "both", "write_iops_sec": "10", "read_iops_sec": "1000"} times: 10 method_name: run timeout: 0 duration: None cls:
2019-06-20 08:04:23.242 5112 RALLYDEBUG rally.task.runner [-] Starting a worker. concurrency: 1 args: {"consumer": "both", "write_iops_sec": "10", "read_iops_sec": "1000"} times: 10 method_name: run timeout: 0 duration: None cls:
2019-06-20 08:04:23.245 5115 RALLYDEBUG rally.task.runner [-] Starting a worker. concurrency: 1 args: {"consumer": "both", "write_iops_sec": "10", "read_iops_sec": "1000"} times: 10 method_name: run timeout: 0 duration: None cls:
2019-06-20 08:04:23.248 5111 INFO rally.task.runner [-] Task 2c3b95ab-a0d0-46de-b18c-17e3551edad1 | ITER: 2 START
2019-06-20 08:04:23.249 5112 INFO rally.task.runner [-] Task 2c3b95ab-a0d0-46de-b18c-17e3551edad1 | ITER: 3 START
2019-06-20 08:04:23.252 5115 INFO rally.task.runner [-] Task 2c3b95ab-a0d0-46de-b18c-17e3551edad1 | ITER: 4 START
2019-06-20 08:04:24.317 5115 INFO rally.task.runner [-] Task 2c3b95ab-a0d0-46de-b18c-17e3551edad1 | ITER: 4 END: OK
2019-06-20 08:04:24.321 5115 INFO rally.task.runner [-] Task 2c3b95ab-a0d0-46de-b18c-17e3551edad1 | ITER: 5 START
2019-06-20 08:04:24.370 5110 INFO rally.task.runner [-] Task 2c3b95ab-a0d0-46de-b18c-17e3551edad1 | ITER: 1 END: OK
2019-06-20 08:04:24.375 5110 INFO rally.task.runner [-] Task 2c3b95ab-a0d0-46de-b18c-17e3551edad1 | ITER: 6 START
2019-06-20 08:04:24.380 5112 INFO rally.task.runner [-] Task 2c3b95ab-a0d0-46de-b18c-17e3551edad1 | ITER: 3 END: OK
2019-06-20 08:04:24.385 5112 INFO rally.task.runner [-] Task 2c3b95ab-a0d0-46de-b18c-17e3551edad1 | ITER: 7 START
2019-06-20 08:04:24.459 5111 INFO rally.task.runner [-] Task 2c3b95ab-a0d0-46de-b18c-17e3551edad1 | ITER: 2 END: OK
2019-06-20 08:04:24.465 5111 INFO rally.task.runner [-] Task 2c3b95ab-a0d0-46de-b18c-17e3551edad1 | ITER: 8 START
2019-06-20 08:04:25.268 5110 INFO rally.task.runner [-] Task 2c3b95ab-a0d0-46de-b18c-17e3551edad1 | ITER: 6 END: OK
2019-06-20 08:04:25.272 5110 INFO rally.task.runner [-] Task 2c3b95ab-a0d0-46de-b18c-17e3551edad1 | ITER: 9 START
2019-06-20 08:04:25.295 5115 INFO rally.task.runner [-] Task 2c3b95ab-a0d0-46de-b18c-17e3551edad1 | ITER: 5 END: OK
2019-06-20 08:04:25.298 5115 INFO rally.task.runner [-] Task 2c3b95ab-a0d0-46de-b18c-17e3551edad1 | ITER: 10 START
2019-06-20 08:04:25.410 5112 INFO rally.task.runner [-] Task 2c3b95ab-a0d0-46de-b18c-17e3551edad1 | ITER: 7 END: OK
2019-06-20 08:04:25.446 5111 INFO rally.task.runner [-] Task 2c3b95ab-a0d0-46de-b18c-17e3551edad1 | ITER: 8 END: OK
2019-06-20 08:04:26.134 5115 INFO rally.task.runner [-] Task 2c3b95ab-a0d0-46de-b18c-17e3551edad1 | ITER: 10 END: OK
2019-06-20 08:04:26.227 5110 INFO rally.task.runner [-] Task 2c3b95ab-a0d0-46de-b18c-17e3551edad1 | ITER: 9 END: OK
2019-06-20 08:04:26.247 1842 INFO rally.task.context [-] Task 2c3b95ab-a0d0-46de-b18c-17e3551edad1 | Context admin_cleanup@openstack cleanup() started
2019-06-20 08:04:26.249 1842 RALLYDEBUG rally_openstack.cleanup.manager [-] Cleaning up cinder volume_types objects
2019-06-20 08:04:26.901 1842 RALLYDEBUG rally_openstack.cleanup.manager [-] Cleaning up cinder image_volumes_cache objects
2019-06-20 08:04:27.877 1842 RALLYDEBUG rally_openstack.cleanup.manager [-] Cleaning up cinder quotas objects
2019-06-20 08:04:29.456 1842 RALLYDEBUG rally_openstack.cleanup.manager [-] Cleaning up cinder qos_specs objects
2019-06-20 08:04:30.164 1842 RALLYDEBUG rally_openstack.cleanup.manager [-] Deleting cinder.qos_specs object s_rally_aafaa566_omc9cy6w (5711bad2-496d-4f7f-a33f-9d475147309a)
2019-06-20 08:04:30.172 1842 RALLYDEBUG rally_openstack.cleanup.manager [-] Deleting cinder.qos_specs object s_rally_aafaa566_VVDLYsys (a806a911-c90e-4a30-ae1c-e1c18fd0710a)
2019-06-20 08:04:30.176 1842 RALLYDEBUG rally_openstack.cleanup.manager [-] Deleting cinder.qos_specs object s_rally_aafaa566_gz8I6Y4x (8d99e5a7-b15a-468c-9d63-13c44af8a048)
2019-06-20 08:04:30.179 1842 RALLYDEBUG rally_openstack.cleanup.manager [-] Deleting cinder.qos_specs object s_rally_aafaa566_WevU9P6a (a14e64d1-9935-4cf5-ae8b-1ffa4d148366)
2019-06-20 08:04:30.186 1842 RALLYDEBUG rally_openstack.cleanup.manager [-] Deleting cinder.qos_specs object s_rally_aafaa566_yX6tWXUV (2e1a5a02-3e61-4340-8210-a05b7f365a22)
2019-06-20 08:04:30.198 1842 RALLYDEBUG rally_openstack.cleanup.manager [-] Deleting cinder.qos_specs object s_rally_aafaa566_GuY7IhN7 (65808077-67f4-46ff-b4c9-e16096710d91)
2019-06-20 08:04:30.201 1842 RALLYDEBUG rally_openstack.cleanup.manager [-] Deleting cinder.qos_specs object s_rally_aafaa566_WBmYLWVY (10f95b3f-ac8a-44a7-b757-a871cb4e04b0)
2019-06-20 08:04:30.216 1842 RALLYDEBUG rally_openstack.cleanup.manager [-] Deleting cinder.qos_specs object s_rally_aafaa566_CrYRfwwz (240feb96-dccd-44b3-a5ef-48b2678cfc73)
2019-06-20 08:04:30.227 1842 RALLYDEBUG rally_openstack.cleanup.manager [-] Deleting cinder.qos_specs object s_rally_aafaa566_eQZK7WQN (0145385a-0e58-4d10-b1ef-b11a6c8a4249)
2019-06-20 08:04:30.237 1842 RALLYDEBUG rally_openstack.cleanup.manager [-] Deleting cinder.qos_specs object s_rally_aafaa566_xtWHgM1z (b61b3c49-28ee-4074-b224-d055c08e6b8e)
2019-06-20 08:04:32.631 1842 INFO rally.task.context [-] Task 2c3b95ab-a0d0-46de-b18c-17e3551edad1 | Context admin_cleanup@openstack cleanup() finished in 6.38 sec
2019-06-20 08:04:32.631 1842 INFO rally.task.context [-] Task 2c3b95ab-a0d0-46de-b18c-17e3551edad1 | Context api_versions@openstack cleanup() started
2019-06-20 08:04:32.632 1842 INFO rally.task.context [-] Task 2c3b95ab-a0d0-46de-b18c-17e3551edad1 | Context api_versions@openstack cleanup() finished in 0.32 msec
2019-06-20 08:04:32.632 1842 INFO rally.task.context [-] Task 2c3b95ab-a0d0-46de-b18c-17e3551edad1 | Context users@openstack cleanup() started
2019-06-20 08:04:39.562 1842 INFO rally.task.context [-] Task 2c3b95ab-a0d0-46de-b18c-17e3551edad1 | Context users@openstack cleanup() finished in 6.93 sec
2019-06-20 08:04:40.165 1842 INFO rally.task.engine [-] Load duration is: 2.984876
2019-06-20 08:04:40.166 1842 INFO rally.task.engine [-] Full runner duration is: 3.020813
2019-06-20 08:04:40.166 1842 INFO rally.task.engine [-] Full duration is: 21.495888
2019-06-20 08:04:40.422 1842 INFO rally.task.engine [-] Running workload: position = 0 config = { "version": 2, "title": "A cropped version of a bigger task.", "description": "Auto-generated task from a single workload (uuid=cce18ee8-e525-43ae-86df-b004908955c2)", "subtasks": [ { "title": "CinderQos.create_and_list_qos", "description": "Create a qos, then list all qos.", "scenario": { "CinderQos.create_and_list_qos": { "consumer": "both", "write_iops_sec": "10", "read_iops_sec": "1000" } }, "contexts": { "users": { "tenants": 3, "users_per_tenant": 2 }, "api_versions": { "cinder": { "version": 3, "service_type": "volumev3" } } }, "runner": { "constant": { "concurrency": 4, "times": 10 } }, "hooks": [], "sla": { "failure_rate": { "max": 0 } } } ] }
2019-06-20 08:04:40.444 1842 RALLYDEBUG rally_openstack.contexts.keystone.users [-] Creating 3 tenants using 20 threads
2019-06-20 08:04:42.277 1842 RALLYDEBUG rally_openstack.contexts.keystone.users [-] Creating 6 users using 20 threads
2019-06-20 08:04:45.045 1842 INFO rally.task.context [-] Task 2c3b95ab-a0d0-46de-b18c-17e3551edad1 | Context users@openstack setup() finished in 4.60 sec
2019-06-20 08:04:45.466 1842 INFO rally.task.context [-] Task 2c3b95ab-a0d0-46de-b18c-17e3551edad1 | Context api_versions@openstack setup() finished in 0.42 sec
2019-06-20 08:04:45.466 1842 INFO rally.task.context [-] Task 2c3b95ab-a0d0-46de-b18c-17e3551edad1 | Context admin_cleanup@openstack setup() finished in 0.01 msec
2019-06-20 08:04:45.474 1842 RALLYDEBUG rally.task.runner [-] Starting the constant runner (task UUID: 2c3b95ab-a0d0-46de-b18c-17e3551edad1). timeout: 0 concurrency: 4 concurrency_per_worker: 1 times: 10 concurrency_overhead: 0 processes_to_start: 4 max_cpu_used: 16
2019-06-20 08:04:45.486 5294 RALLYDEBUG rally.task.runner [-] Starting a worker. concurrency: 1 args: {"consumer": "both", "write_iops_sec": "10", "read_iops_sec": "1000"} times: 10 method_name: run timeout: 0 duration: None cls:
2019-06-20 08:04:45.487 5295 RALLYDEBUG rally.task.runner [-] Starting a worker. concurrency: 1 args: {"consumer": "both", "write_iops_sec": "10", "read_iops_sec": "1000"} times: 10 method_name: run timeout: 0 duration: None cls:
2019-06-20 08:04:45.493 5295 INFO rally.task.runner [-] Task 2c3b95ab-a0d0-46de-b18c-17e3551edad1 | ITER: 2 START
2019-06-20 08:04:45.493 5294 INFO rally.task.runner [-] Task 2c3b95ab-a0d0-46de-b18c-17e3551edad1 | ITER: 1 START
2019-06-20 08:04:45.492 5296 RALLYDEBUG rally.task.runner [-] Starting a worker. concurrency: 1 args: {"consumer": "both", "write_iops_sec": "10", "read_iops_sec": "1000"} times: 10 method_name: run timeout: 0 duration: None cls:
2019-06-20 08:04:45.495 5297 RALLYDEBUG rally.task.runner [-] Starting a worker. concurrency: 1 args: {"consumer": "both", "write_iops_sec": "10", "read_iops_sec": "1000"} times: 10 method_name: run timeout: 0 duration: None cls:
2019-06-20 08:04:45.499 5296 INFO rally.task.runner [-] Task 2c3b95ab-a0d0-46de-b18c-17e3551edad1 | ITER: 3 START
2019-06-20 08:04:45.500 5297 INFO rally.task.runner [-] Task 2c3b95ab-a0d0-46de-b18c-17e3551edad1 | ITER: 4 START
2019-06-20 08:04:46.557 5297 INFO rally.task.runner [-] Task 2c3b95ab-a0d0-46de-b18c-17e3551edad1 | ITER: 4 END: OK
2019-06-20 08:04:46.561 5297 INFO rally.task.runner [-] Task 2c3b95ab-a0d0-46de-b18c-17e3551edad1 | ITER: 5 START
2019-06-20 08:04:46.601 5294 INFO rally.task.runner [-] Task 2c3b95ab-a0d0-46de-b18c-17e3551edad1 | ITER: 1 END: OK
2019-06-20 08:04:46.606 5294 INFO rally.task.runner [-] Task 2c3b95ab-a0d0-46de-b18c-17e3551edad1 | ITER: 6 START
2019-06-20 08:04:46.687 5296 INFO rally.task.runner [-] Task 2c3b95ab-a0d0-46de-b18c-17e3551edad1 | ITER: 3 END: OK
2019-06-20 08:04:46.692 5296 INFO rally.task.runner [-] Task 2c3b95ab-a0d0-46de-b18c-17e3551edad1 | ITER: 7 START
2019-06-20 08:04:46.709 5295 INFO rally.task.runner [-] Task 2c3b95ab-a0d0-46de-b18c-17e3551edad1 | ITER: 2 END: OK
2019-06-20 08:04:46.714 5295 INFO rally.task.runner [-] Task 2c3b95ab-a0d0-46de-b18c-17e3551edad1 | ITER: 8 START
2019-06-20 08:04:47.480 5294 INFO rally.task.runner [-] Task 2c3b95ab-a0d0-46de-b18c-17e3551edad1 | ITER: 6 END: OK
2019-06-20 08:04:47.485 5294 INFO rally.task.runner [-] Task 2c3b95ab-a0d0-46de-b18c-17e3551edad1 | ITER: 9 START
2019-06-20 08:04:47.550 5297 INFO rally.task.runner [-] Task 2c3b95ab-a0d0-46de-b18c-17e3551edad1 | ITER: 5 END: OK
2019-06-20 08:04:47.555 5297 INFO rally.task.runner [-] Task 2c3b95ab-a0d0-46de-b18c-17e3551edad1 | ITER: 10 START
2019-06-20 08:04:47.693 5295 INFO rally.task.runner [-] Task 2c3b95ab-a0d0-46de-b18c-17e3551edad1 | ITER: 8 END: OK
2019-06-20 08:04:47.700 5296 INFO rally.task.runner [-] Task 2c3b95ab-a0d0-46de-b18c-17e3551edad1 | ITER: 7 END: OK
2019-06-20 08:04:48.411 5294 INFO rally.task.runner [-] Task 2c3b95ab-a0d0-46de-b18c-17e3551edad1 | ITER: 9 END: OK
2019-06-20 08:04:48.438 5297 INFO rally.task.runner [-] Task 2c3b95ab-a0d0-46de-b18c-17e3551edad1 | ITER: 10 END: OK
2019-06-20 08:04:48.465 1842 INFO rally.task.context [-] Task 2c3b95ab-a0d0-46de-b18c-17e3551edad1 | Context admin_cleanup@openstack cleanup() started
2019-06-20 08:04:48.467 1842 RALLYDEBUG rally_openstack.cleanup.manager [-] Cleaning up cinder volume_types objects
2019-06-20 08:04:49.199 1842 RALLYDEBUG rally_openstack.cleanup.manager [-] Cleaning up cinder image_volumes_cache objects
2019-06-20 08:04:50.169 1842 RALLYDEBUG rally_openstack.cleanup.manager [-] Cleaning up cinder quotas objects
2019-06-20 08:04:51.649 1842 RALLYDEBUG rally_openstack.cleanup.manager [-] Cleaning up cinder qos_specs objects
2019-06-20 08:04:52.290 1842 RALLYDEBUG rally_openstack.cleanup.manager [-] Deleting cinder.qos_specs object s_rally_cce18ee8_L4E2eBmc (ea5640f0-b699-45fa-a280-5dc28b79b5d1)
2019-06-20 08:04:52.299 1842 RALLYDEBUG rally_openstack.cleanup.manager [-] Deleting cinder.qos_specs object s_rally_cce18ee8_4uHJ8fsP (73769c32-6e4b-4d74-8447-02996c59c70b)
2019-06-20 08:04:52.303 1842 RALLYDEBUG rally_openstack.cleanup.manager [-] Deleting cinder.qos_specs object s_rally_cce18ee8_sVluoiGY (e0d1ccb1-d30e-4e51-9e26-a573a921562e)
2019-06-20 08:04:52.315 1842 RALLYDEBUG rally_openstack.cleanup.manager [-] Deleting cinder.qos_specs object s_rally_cce18ee8_aZE02Kbg (677da4a7-86bf-4b49-a67d-e0001f0468fd)
2019-06-20 08:04:52.317 1842 RALLYDEBUG rally_openstack.cleanup.manager [-] Deleting cinder.qos_specs object s_rally_cce18ee8_zDWKEv9a (9323f00b-f2a5-4003-8e02-d9ea4c76dd02)
2019-06-20 08:04:52.330 1842 RALLYDEBUG rally_openstack.cleanup.manager [-] Deleting cinder.qos_specs object s_rally_cce18ee8_hlAQcBWe (0e2f9c08-dfa0-4378-b8f2-90b40766542f)
2019-06-20 08:04:52.341 1842 RALLYDEBUG rally_openstack.cleanup.manager [-] Deleting cinder.qos_specs object s_rally_cce18ee8_FQQWxWOS (4bb47872-08c5-44de-86fa-9fe958ee1c39)
2019-06-20 08:04:52.342 1842 RALLYDEBUG rally_openstack.cleanup.manager [-] Deleting cinder.qos_specs object s_rally_cce18ee8_3csq4st4 (e0957120-7130-4a8b-abdc-ae079eb06b05)
2019-06-20 08:04:52.356 1842 RALLYDEBUG rally_openstack.cleanup.manager [-] Deleting cinder.qos_specs object s_rally_cce18ee8_ux6X7gzr (3afb3932-29bb-4f2b-841f-5128fc755d6a)
2019-06-20 08:04:52.365 1842 RALLYDEBUG rally_openstack.cleanup.manager [-] Deleting cinder.qos_specs object s_rally_cce18ee8_ZLzmK4GJ (0a67dca1-b427-4e89-8020-4de38d6722ec)
2019-06-20 08:04:54.867 1842 INFO rally.task.context [-] Task 2c3b95ab-a0d0-46de-b18c-17e3551edad1 | Context admin_cleanup@openstack cleanup() finished in 6.40 sec
2019-06-20 08:04:54.867 1842 INFO rally.task.context [-] Task 2c3b95ab-a0d0-46de-b18c-17e3551edad1 | Context api_versions@openstack cleanup() started
2019-06-20 08:04:54.868 1842 INFO rally.task.context [-] Task 2c3b95ab-a0d0-46de-b18c-17e3551edad1 | Context api_versions@openstack cleanup() finished in 0.33 msec
2019-06-20 08:04:54.868 1842 INFO rally.task.context [-] Task 2c3b95ab-a0d0-46de-b18c-17e3551edad1 | Context users@openstack cleanup() started
2019-06-20 08:05:03.390 1842 INFO rally.task.context [-] Task 2c3b95ab-a0d0-46de-b18c-17e3551edad1 | Context users@openstack cleanup() finished in 8.52 sec
2019-06-20 08:05:04.684 1842 INFO rally.task.engine [-] Load duration is: 2.943056
2019-06-20 08:05:04.684 1842 INFO rally.task.engine [-] Full runner duration is: 2.991782
2019-06-20 08:05:04.685 1842 INFO rally.task.engine [-] Full duration is: 22.948458
2019-06-20 08:05:04.943 1842 INFO rally.task.engine [-] Running workload: position = 0 config = { "version": 2, "title": "A cropped version of a bigger task.", "description": "Auto-generated task from a single workload (uuid=7aed677f-e314-477a-bc2e-ce6537502388)", "subtasks": [ { "title": "CinderQos.create_and_set_qos", "description": "Create a qos, then Add/Update keys in qos specs.", "scenario": { "CinderQos.create_and_set_qos": { "consumer": "back-end", "write_iops_sec": "10", "read_iops_sec": "1000", "set_consumer": "both", "set_write_iops_sec": "11", "set_read_iops_sec": "1001" } }, "contexts": { "users": { "tenants": 3, "users_per_tenant": 2 }, "api_versions": { "cinder": { "version": 3, "service_type": "volumev3" } } }, "runner": { "constant": { "concurrency": 4, "times": 10 } }, "hooks": [], "sla": { "failure_rate": { "max": 0 } } } ] }
2019-06-20 08:05:04.966 1842 RALLYDEBUG rally_openstack.contexts.keystone.users [-] Creating 3 tenants using 20 threads
2019-06-20 08:05:06.736 1842 RALLYDEBUG rally_openstack.contexts.keystone.users [-] Creating 6 users using 20 threads
2019-06-20 08:05:09.380 1842 INFO rally.task.context [-] Task 2c3b95ab-a0d0-46de-b18c-17e3551edad1 | Context users@openstack setup() finished in 4.41 sec
2019-06-20 08:05:09.806 1842 INFO rally.task.context [-] Task 2c3b95ab-a0d0-46de-b18c-17e3551edad1 | Context api_versions@openstack setup() finished in 0.43 sec
2019-06-20 08:05:09.807 1842 INFO rally.task.context [-] Task 2c3b95ab-a0d0-46de-b18c-17e3551edad1 | Context admin_cleanup@openstack setup() finished in 0.01 msec
2019-06-20 08:05:09.815 1842 RALLYDEBUG rally.task.runner [-] Starting the constant runner (task UUID: 2c3b95ab-a0d0-46de-b18c-17e3551edad1). timeout: 0 concurrency: 4 concurrency_per_worker: 1 times: 10 concurrency_overhead: 0 processes_to_start: 4 max_cpu_used: 16
2019-06-20 08:05:09.828 5478 RALLYDEBUG rally.task.runner [-] Starting a worker. concurrency: 1 args: {"consumer": "back-end", "write_iops_sec": "10", "read_iops_sec": "1000", "set_consumer": "both", "set_write_iops_sec": "11", "set_read_iops_sec": "1001"} times: 10 method_name: run timeout: 0 duration: None cls:
2019-06-20 08:05:09.831 5479 RALLYDEBUG rally.task.runner [-] Starting a worker. concurrency: 1 args: {"consumer": "back-end", "write_iops_sec": "10", "read_iops_sec": "1000", "set_consumer": "both", "set_write_iops_sec": "11", "set_read_iops_sec": "1001"} times: 10 method_name: run timeout: 0 duration: None cls:
2019-06-20 08:05:09.834 5480 RALLYDEBUG rally.task.runner [-] Starting a worker. concurrency: 1 args: {"consumer": "back-end", "write_iops_sec": "10", "read_iops_sec": "1000", "set_consumer": "both", "set_write_iops_sec": "11", "set_read_iops_sec": "1001"} times: 10 method_name: run timeout: 0 duration: None cls:
2019-06-20 08:05:09.836 5478 INFO rally.task.runner [-] Task 2c3b95ab-a0d0-46de-b18c-17e3551edad1 | ITER: 1 START
2019-06-20 08:05:09.837 5481 RALLYDEBUG rally.task.runner [-] Starting a worker. concurrency: 1 args: {"consumer": "back-end", "write_iops_sec": "10", "read_iops_sec": "1000", "set_consumer": "both", "set_write_iops_sec": "11", "set_read_iops_sec": "1001"} times: 10 method_name: run timeout: 0 duration: None cls:
2019-06-20 08:05:09.839 5479 INFO rally.task.runner [-] Task 2c3b95ab-a0d0-46de-b18c-17e3551edad1 | ITER: 2 START
2019-06-20 08:05:09.841 5480 INFO rally.task.runner [-] Task 2c3b95ab-a0d0-46de-b18c-17e3551edad1 | ITER: 3 START
2019-06-20 08:05:09.845 5481 INFO rally.task.runner [-] Task 2c3b95ab-a0d0-46de-b18c-17e3551edad1 | ITER: 4 START
2019-06-20 08:05:10.947 5478 INFO rally.task.runner [-] Task 2c3b95ab-a0d0-46de-b18c-17e3551edad1 | ITER: 1 END: OK
2019-06-20 08:05:10.953 5478 INFO rally.task.runner [-] Task 2c3b95ab-a0d0-46de-b18c-17e3551edad1 | ITER: 5 START
2019-06-20 08:05:10.965 5481 INFO rally.task.runner [-] Task 2c3b95ab-a0d0-46de-b18c-17e3551edad1 | ITER: 4 END: OK
2019-06-20 08:05:10.970 5481 INFO rally.task.runner [-] Task 2c3b95ab-a0d0-46de-b18c-17e3551edad1 | ITER: 6 START
2019-06-20 08:05:10.971 5479 INFO rally.task.runner [-] Task 2c3b95ab-a0d0-46de-b18c-17e3551edad1 | ITER: 2 END: OK
2019-06-20 08:05:10.978 5479 INFO rally.task.runner [-] Task 2c3b95ab-a0d0-46de-b18c-17e3551edad1 | ITER: 7 START
2019-06-20 08:05:11.083 5480 INFO rally.task.runner [-] Task 2c3b95ab-a0d0-46de-b18c-17e3551edad1 | ITER: 3 END: OK
2019-06-20 08:05:11.088 5480 INFO rally.task.runner [-] Task 2c3b95ab-a0d0-46de-b18c-17e3551edad1 | ITER: 8 START
2019-06-20 08:05:11.905 5481 INFO rally.task.runner [-] Task 2c3b95ab-a0d0-46de-b18c-17e3551edad1 | ITER: 6 END: OK
2019-06-20 08:05:11.909 5481 INFO rally.task.runner [-] Task 2c3b95ab-a0d0-46de-b18c-17e3551edad1 | ITER: 9 START
