2019-06-20 07:36:29.235 7 RALLYDEBUG rally.api [-] INFO logs from urllib3 and requests module are hide.
2019-06-20 07:36:29.235 7 RALLYDEBUG rally.api [-] urllib3 insecure warnings are hidden.
2019-06-20 07:36:29.235 7 RALLYDEBUG rally.api [-] ERROR log from boto module is hide.
2019-06-20 07:36:30.451 7 ERROR rally.cli.cliutils [-] Unexpected exception in CLI: DBRecordNotFound: Record for uuid or name is opnfv-rally not found in table envs
2019-06-20 07:36:30.451 7 ERROR rally.cli.cliutils
Traceback (most recent call last):
2019-06-20 07:36:30.451 7 ERROR rally.cli.cliutils
File "/usr/lib/python2.7/site-packages/rally/cli/cliutils.py", line 674, in run
2019-06-20 07:36:30.451 7 ERROR rally.cli.cliutils ret = fn(*fn_args, **fn_kwargs)
2019-06-20 07:36:30.451 7 ERROR rally.cli.cliutils File "", line 2, in destroy
2019-06-20 07:36:30.451 7 ERROR rally.cli.cliutils
File "/usr/lib/python2.7/site-packages/rally/cli/envutils.py", line 69, in default_from_global
2019-06-20 07:36:30.451 7 ERROR rally.cli.cliutils return f(*args, **kwargs)
2019-06-20 07:36:30.451 7 ERROR rally.cli.cliutils File "", line 2, in destroy
2019-06-20 07:36:30.451 7 ERROR rally.cli.cliutils
File "/usr/lib/python2.7/site-packages/rally/plugins/__init__.py", line 51, in ensure_plugins_are_loaded
2019-06-20 07:36:30.451 7 ERROR rally.cli.cliutils return f(*args, **kwargs)
2019-06-20 07:36:30.451 7 ERROR rally.cli.cliutils
File "/usr/lib/python2.7/site-packages/rally/cli/commands/deployment.py", line 140, in destroy
2019-06-20 07:36:30.451 7 ERROR rally.cli.cliutils api.deployment.destroy(deployment=deployment)
2019-06-20 07:36:30.451 7 ERROR rally.cli.cliutils
File "/usr/lib/python2.7/site-packages/rally/api.py", line 115, in destroy
2019-06-20 07:36:30.451 7 ERROR rally.cli.cliutils deploy = objects.Deployment.get(deployment)
2019-06-20 07:36:30.451 7 ERROR rally.cli.cliutils
File "/usr/lib/python2.7/site-packages/rally/common/objects/deploy.py", line 124, in get
2019-06-20 07:36:30.451 7 ERROR rally.cli.cliutils return Deployment(env_mgr.EnvManager.get(deploy))
2019-06-20 07:36:30.451 7 ERROR rally.cli.cliutils
File "/usr/lib/python2.7/site-packages/rally/env/env_mgr.py", line 212, in get
2019-06-20 07:36:30.451 7 ERROR rally.cli.cliutils return cls(db.env_get(uuid_or_name))
2019-06-20 07:36:30.451 7 ERROR rally.cli.cliutils
File "/usr/lib/python2.7/site-packages/rally/common/db/api.py", line 135, in wrapper
2019-06-20 07:36:30.451 7 ERROR rally.cli.cliutils result = f(session, *args, **kwargs)
2019-06-20 07:36:30.451 7 ERROR rally.cli.cliutils
File "/usr/lib/python2.7/site-packages/rally/common/db/api.py", line 521, in env_get
2019-06-20 07:36:30.451 7 ERROR rally.cli.cliutils criteria="uuid or name is %s" % uuid_or_name, table="envs")
2019-06-20 07:36:30.451 7 ERROR rally.cli.cliutils DBRecordNotFound: Record for uuid or name is opnfv-rally not found in table envs
2019-06-20 07:36:30.451 7 ERROR rally.cli.cliutils
2019-06-20 07:36:31.270 9 RALLYDEBUG rally.api [-] INFO logs from urllib3 and requests module are hide.
2019-06-20 07:36:31.270 9 RALLYDEBUG rally.api [-] urllib3 insecure warnings are hidden.
2019-06-20 07:36:31.270 9 RALLYDEBUG rally.api [-] ERROR log from boto module is hide.
2019-06-20 07:36:33.871 9 WARNING rally_openstack.platforms.existing [-] endpoint is deprecated and not used.
2019-06-20 07:36:34.749 11 RALLYDEBUG rally.api [-] INFO logs from urllib3 and requests module are hide.
2019-06-20 07:36:34.750 11 RALLYDEBUG rally.api [-] urllib3 insecure warnings are hidden.
2019-06-20 07:36:34.750 11 RALLYDEBUG rally.api [-] ERROR log from boto module is hide.
2019-06-20 07:36:37.962 14 RALLYDEBUG rally.api [-] INFO logs from urllib3 and requests module are hide.
2019-06-20 07:36:37.963 14 RALLYDEBUG rally.api [-] urllib3 insecure warnings are hidden.
2019-06-20 07:36:37.963 14 RALLYDEBUG rally.api [-] ERROR log from boto module is hide.
2019-06-20 07:36:39.555 16 RALLYDEBUG rally.api [-] INFO logs from urllib3 and requests module are hide.
2019-06-20 07:36:39.555 16 RALLYDEBUG rally.api [-] urllib3 insecure warnings are hidden.
2019-06-20 07:36:39.555 16 RALLYDEBUG rally.api [-] ERROR log from boto module is hide.
2019-06-20 07:36:40.742 16 INFO rally.task.engine [-] Task 349f30ec-46da-4524-8d36-e80760d69cb9 | Starting: Task validation.
2019-06-20 07:36:40.774 16 INFO rally.task.engine [-] Task 349f30ec-46da-4524-8d36-e80760d69cb9 | Starting: Task validation of syntax.
2019-06-20 07:36:40.851 16 INFO rally.task.engine [-] Task 349f30ec-46da-4524-8d36-e80760d69cb9 | Completed: Task validation of syntax.
2019-06-20 07:36:40.851 16 INFO rally.task.engine [-] Task 349f30ec-46da-4524-8d36-e80760d69cb9 | Starting: Task validation of required platforms.
2019-06-20 07:36:40.887 16 INFO rally.task.engine [-] Task 349f30ec-46da-4524-8d36-e80760d69cb9 | Completed: Task validation of required platforms.
2019-06-20 07:36:40.887 16 INFO rally.task.engine [-] Task 349f30ec-46da-4524-8d36-e80760d69cb9 | Starting: Task validation of semantic.
2019-06-20 07:36:40.887 16 INFO rally.task.engine [-] Check health of the environment 'bf65950c-9683-4281-9e24-83efc3bd88d2'.
2019-06-20 07:36:41.703 16 INFO rally.task.engine [-] Platform existing@openstack (available: True): OK!
2019-06-20 07:36:41.723 16 RALLYDEBUG rally_openstack.contexts.keystone.users [-] Creating 1 tenants using 20 threads
2019-06-20 07:36:43.251 16 RALLYDEBUG rally_openstack.contexts.keystone.users [-] Creating 1 users using 20 threads
2019-06-20 07:36:45.743 16 INFO rally.task.context [-] Task 349f30ec-46da-4524-8d36-e80760d69cb9 | Context users@openstack setup() finished in 4.02 sec
2019-06-20 07:36:45.787 16 INFO rally.task.context [-] Task 349f30ec-46da-4524-8d36-e80760d69cb9 | Context users@openstack cleanup() started
2019-06-20 07:36:50.506 16 INFO rally.task.context [-] Task 349f30ec-46da-4524-8d36-e80760d69cb9 | Context users@openstack cleanup() finished in 4.72 sec
2019-06-20 07:36:50.506 16 INFO rally.task.engine [-] Task 349f30ec-46da-4524-8d36-e80760d69cb9 | Completed: Task validation of semantic.
2019-06-20 07:36:50.507 16 INFO rally.task.engine [-] Task 349f30ec-46da-4524-8d36-e80760d69cb9 | Completed: Task validation.
2019-06-20 07:36:50.507 16 INFO rally.api [-] Task 349f30ec-46da-4524-8d36-e80760d69cb9 input file is valid.
2019-06-20 07:36:50.507 16 INFO rally.api [-] Run Task 349f30ec-46da-4524-8d36-e80760d69cb9 against Deployment bf65950c-9683-4281-9e24-83efc3bd88d2
2019-06-20 07:36:50.507 16 INFO rally.task.engine [-] Task 349f30ec-46da-4524-8d36-e80760d69cb9 | Starting: Running task.
2019-06-20 07:36:50.649 16 INFO rally.task.engine [-] Running workload: position = 0 config = { "version": 2, "title": "A cropped version of a bigger task.", "description": "Auto-generated task from a single workload (uuid=36e329d6-530d-44f6-9667-6fb23f9053b9)", "subtasks": [ { "title": "Authenticate.keystone", "description": "Check Keystone Client.", "scenario": { "Authenticate.keystone": {} }, "contexts": { "users": { "tenants": 3, "users_per_tenant": 2 } }, "runner": { "constant": { "concurrency": 4, "times": 10 } }, "hooks": [], "sla": { "failure_rate": { "max": 0 } } } ] }
2019-06-20 07:36:50.666 16 RALLYDEBUG rally_openstack.contexts.keystone.users [-] Creating 3 tenants using 20 threads
2019-06-20 07:36:52.564 16 RALLYDEBUG rally_openstack.contexts.keystone.users [-] Creating 6 users using 20 threads
2019-06-20 07:36:55.312 16 INFO rally.task.context [-] Task 349f30ec-46da-4524-8d36-e80760d69cb9 | Context users@openstack setup() finished in 4.65 sec
2019-06-20 07:36:55.319 16 RALLYDEBUG rally.task.runner [-] Starting the constant runner (task UUID: 349f30ec-46da-4524-8d36-e80760d69cb9). timeout: 0 concurrency: 4 concurrency_per_worker: 1 times: 10 concurrency_overhead: 0 processes_to_start: 4 max_cpu_used: 16
2019-06-20 07:36:55.333 140 RALLYDEBUG rally.task.runner [-] Starting a worker. concurrency: 1 args: {} times: 10 method_name: run timeout: 0 duration: None cls:
2019-06-20 07:36:55.335 141 RALLYDEBUG rally.task.runner [-] Starting a worker. concurrency: 1 args: {} times: 10 method_name: run timeout: 0 duration: None cls:
2019-06-20 07:36:55.339 140 INFO rally.task.runner [-] Task 349f30ec-46da-4524-8d36-e80760d69cb9 | ITER: 1 START
2019-06-20 07:36:55.339 142 RALLYDEBUG rally.task.runner [-] Starting a worker. concurrency: 1 args: {} times: 10 method_name: run timeout: 0 duration: None cls:
2019-06-20 07:36:55.341 141 INFO rally.task.runner [-] Task 349f30ec-46da-4524-8d36-e80760d69cb9 | ITER: 2 START
2019-06-20 07:36:55.341 143 RALLYDEBUG rally.task.runner [-] Starting a worker. concurrency: 1 args: {} times: 10 method_name: run timeout: 0 duration: None cls:
2019-06-20 07:36:55.346 142 INFO rally.task.runner [-] Task 349f30ec-46da-4524-8d36-e80760d69cb9 | ITER: 3 START
2019-06-20 07:36:55.347 143 INFO rally.task.runner [-] Task 349f30ec-46da-4524-8d36-e80760d69cb9 | ITER: 4 START
2019-06-20 07:36:55.934 140 INFO rally.task.runner [-] Task 349f30ec-46da-4524-8d36-e80760d69cb9 | ITER: 1 END: OK
2019-06-20 07:36:55.939 140 INFO rally.task.runner [-] Task 349f30ec-46da-4524-8d36-e80760d69cb9 | ITER: 5 START
2019-06-20 07:36:55.942 141 INFO rally.task.runner [-] Task 349f30ec-46da-4524-8d36-e80760d69cb9 | ITER: 2 END: OK
2019-06-20 07:36:55.947 141 INFO rally.task.runner [-] Task 349f30ec-46da-4524-8d36-e80760d69cb9 | ITER: 6 START
2019-06-20 07:36:55.950 142 INFO rally.task.runner [-] Task 349f30ec-46da-4524-8d36-e80760d69cb9 | ITER: 3 END: OK
2019-06-20 07:36:55.954 142 INFO rally.task.runner [-] Task 349f30ec-46da-4524-8d36-e80760d69cb9 | ITER: 7 START
2019-06-20 07:36:55.957 143 INFO rally.task.runner [-] Task 349f30ec-46da-4524-8d36-e80760d69cb9 | ITER: 4 END: OK
2019-06-20 07:36:55.961 143 INFO rally.task.runner [-] Task 349f30ec-46da-4524-8d36-e80760d69cb9 | ITER: 8 START
2019-06-20 07:36:56.522 140 INFO rally.task.runner [-] Task 349f30ec-46da-4524-8d36-e80760d69cb9 | ITER: 5 END: OK
2019-06-20 07:36:56.525 140 INFO rally.task.runner [-] Task 349f30ec-46da-4524-8d36-e80760d69cb9 | ITER: 9 START
2019-06-20 07:36:56.537 141 INFO rally.task.runner [-] Task 349f30ec-46da-4524-8d36-e80760d69cb9 | ITER: 6 END: OK
2019-06-20 07:36:56.540 141 INFO rally.task.runner [-] Task 349f30ec-46da-4524-8d36-e80760d69cb9 | ITER: 10 START
2019-06-20 07:36:56.545 143 INFO rally.task.runner [-] Task 349f30ec-46da-4524-8d36-e80760d69cb9 | ITER: 8 END: OK
2019-06-20 07:36:56.547 142 INFO rally.task.runner [-] Task 349f30ec-46da-4524-8d36-e80760d69cb9 | ITER: 7 END: OK
2019-06-20 07:36:57.110 141 INFO rally.task.runner [-] Task 349f30ec-46da-4524-8d36-e80760d69cb9 | ITER: 10 END: OK
2019-06-20 07:36:57.111 140 INFO rally.task.runner [-] Task 349f30ec-46da-4524-8d36-e80760d69cb9 | ITER: 9 END: OK
2019-06-20 07:36:57.134 16 INFO rally.task.context [-] Task 349f30ec-46da-4524-8d36-e80760d69cb9 | Context users@openstack cleanup() started
2019-06-20 07:37:03.872 16 INFO rally.task.context [-] Task 349f30ec-46da-4524-8d36-e80760d69cb9 | Context users@openstack cleanup() finished in 6.74 sec
2019-06-20 07:37:04.750 16 INFO rally.task.engine [-] Load duration is: 1.770639
2019-06-20 07:37:04.751 16 INFO rally.task.engine [-] Full runner duration is: 1.81523
2019-06-20 07:37:04.751 16 INFO rally.task.engine [-] Full duration is: 13.207163
2019-06-20 07:37:04.979 16 INFO rally.task.engine [-] Running workload: position = 0 config = { "version": 2, "title": "A cropped version of a bigger task.", "description": "Auto-generated task from a single workload (uuid=7e641a8b-ac48-4aed-b795-26339c839446)", "subtasks": [ { "title": "Authenticate.validate_cinder", "description": "Check Cinder Client to ensure validation of token.", "scenario": { "Authenticate.validate_cinder": { "repetitions": 2 } }, "contexts": { "users": { "tenants": 3, "users_per_tenant": 2 } }, "runner": { "constant": { "concurrency": 4, "times": 10 } }, "hooks": [], "sla": { "failure_rate": { "max": 0 } } } ] }
2019-06-20 07:37:04.998 16 RALLYDEBUG rally_openstack.contexts.keystone.users [-] Creating 3 tenants using 20 threads
2019-06-20 07:37:06.848 16 RALLYDEBUG rally_openstack.contexts.keystone.users [-] Creating 6 users using 20 threads
2019-06-20 07:37:09.452 16 INFO rally.task.context [-] Task 349f30ec-46da-4524-8d36-e80760d69cb9 | Context users@openstack setup() finished in 4.45 sec
2019-06-20 07:37:09.459 16 RALLYDEBUG rally.task.runner [-] Starting the constant runner (task UUID: 349f30ec-46da-4524-8d36-e80760d69cb9). timeout: 0 concurrency: 4 concurrency_per_worker: 1 times: 10 concurrency_overhead: 0 processes_to_start: 4 max_cpu_used: 16
2019-06-20 07:37:09.469 244 RALLYDEBUG rally.task.runner [-] Starting a worker. concurrency: 1 args: {"repetitions": 2} times: 10 method_name: run timeout: 0 duration: None cls:
2019-06-20 07:37:09.472 244 INFO rally.task.runner [-] Task 349f30ec-46da-4524-8d36-e80760d69cb9 | ITER: 1 START
2019-06-20 07:37:09.474 245 RALLYDEBUG rally.task.runner [-] Starting a worker. concurrency: 1 args: {"repetitions": 2} times: 10 method_name: run timeout: 0 duration: None cls:
2019-06-20 07:37:09.477 249 RALLYDEBUG rally.task.runner [-] Starting a worker. concurrency: 1 args: {"repetitions": 2} times: 10 method_name: run timeout: 0 duration: None cls:
2019-06-20 07:37:09.477 246 RALLYDEBUG rally.task.runner [-] Starting a worker. concurrency: 1 args: {"repetitions": 2} times: 10 method_name: run timeout: 0 duration: None cls:
2019-06-20 07:37:09.480 245 INFO rally.task.runner [-] Task 349f30ec-46da-4524-8d36-e80760d69cb9 | ITER: 2 START
2019-06-20 07:37:09.481 249 INFO rally.task.runner [-] Task 349f30ec-46da-4524-8d36-e80760d69cb9 | ITER: 3 START
2019-06-20 07:37:09.483 246 INFO rally.task.runner [-] Task 349f30ec-46da-4524-8d36-e80760d69cb9 | ITER: 4 START
2019-06-20 07:37:11.116 245 INFO rally.task.runner [-] Task 349f30ec-46da-4524-8d36-e80760d69cb9 | ITER: 2 END: OK
2019-06-20 07:37:11.120 245 INFO rally.task.runner [-] Task 349f30ec-46da-4524-8d36-e80760d69cb9 | ITER: 5 START
2019-06-20 07:37:11.383 249 INFO rally.task.runner [-] Task 349f30ec-46da-4524-8d36-e80760d69cb9 | ITER: 3 END: OK
2019-06-20 07:37:11.387 249 INFO rally.task.runner [-] Task 349f30ec-46da-4524-8d36-e80760d69cb9 | ITER: 6 START
2019-06-20 07:37:11.401 244 INFO rally.task.runner [-] Task 349f30ec-46da-4524-8d36-e80760d69cb9 | ITER: 1 END: OK
2019-06-20 07:37:11.406 244 INFO rally.task.runner [-] Task 349f30ec-46da-4524-8d36-e80760d69cb9 | ITER: 7 START
2019-06-20 07:37:11.520 246 INFO rally.task.runner [-] Task 349f30ec-46da-4524-8d36-e80760d69cb9 | ITER: 4 END: OK
2019-06-20 07:37:11.524 246 INFO rally.task.runner [-] Task 349f30ec-46da-4524-8d36-e80760d69cb9 | ITER: 8 START
2019-06-20 07:37:12.344 244 INFO rally.task.runner [-] Task 349f30ec-46da-4524-8d36-e80760d69cb9 | ITER: 7 END: OK
2019-06-20 07:37:12.348 244 INFO rally.task.runner [-] Task 349f30ec-46da-4524-8d36-e80760d69cb9 | ITER: 9 START
2019-06-20 07:37:12.492 246 INFO rally.task.runner [-] Task 349f30ec-46da-4524-8d36-e80760d69cb9 | ITER: 8 END: OK
2019-06-20 07:37:12.495 246 INFO rally.task.runner [-] Task 349f30ec-46da-4524-8d36-e80760d69cb9 | ITER: 10 START
2019-06-20 07:37:12.601 245 INFO rally.task.runner [-] Task 349f30ec-46da-4524-8d36-e80760d69cb9 | ITER: 5 END: OK
2019-06-20 07:37:13.024 249 INFO rally.task.runner [-] Task 349f30ec-46da-4524-8d36-e80760d69cb9 | ITER: 6 END: OK
2019-06-20 07:37:14.294 246 INFO rally.task.runner [-] Task 349f30ec-46da-4524-8d36-e80760d69cb9 | ITER: 10 END: OK
2019-06-20 07:37:14.502 244 INFO rally.task.runner [-] Task 349f30ec-46da-4524-8d36-e80760d69cb9 | ITER: 9 END: OK
2019-06-20 07:37:14.526 16 INFO rally.task.context [-] Task 349f30ec-46da-4524-8d36-e80760d69cb9 | Context users@openstack cleanup() started
2019-06-20 07:37:23.139 16 INFO rally.task.context [-] Task 349f30ec-46da-4524-8d36-e80760d69cb9 | Context users@openstack cleanup() finished in 8.61 sec
2019-06-20 07:37:25.095 16 INFO rally.task.engine [-] Load duration is: 5.028372
2019-06-20 07:37:25.095 16 INFO rally.task.engine [-] Full runner duration is: 5.067291
2019-06-20 07:37:25.096 16 INFO rally.task.engine [-] Full duration is: 18.142752
2019-06-20 07:37:25.322 16 INFO rally.task.engine [-] Running workload: position = 0 config = { "version": 2, "title": "A cropped version of a bigger task.", "description": "Auto-generated task from a single workload (uuid=057fb262-98d5-4ddd-be9c-3fca612fd4be)", "subtasks": [ { "title": "Authenticate.validate_glance", "description": "Check Glance Client to ensure validation of token.", "scenario": { "Authenticate.validate_glance": { "repetitions": 2 } }, "contexts": { "users": { "tenants": 3, "users_per_tenant": 2 } }, "runner": { "constant": { "concurrency": 4, "times": 10 } }, "hooks": [], "sla": { "failure_rate": { "max": 0 } } } ] }
2019-06-20 07:37:25.344 16 RALLYDEBUG rally_openstack.contexts.keystone.users [-] Creating 3 tenants using 20 threads
2019-06-20 07:37:27.155 16 RALLYDEBUG rally_openstack.contexts.keystone.users [-] Creating 6 users using 20 threads
2019-06-20 07:37:29.920 16 INFO rally.task.context [-] Task 349f30ec-46da-4524-8d36-e80760d69cb9 | Context users@openstack setup() finished in 4.58 sec
2019-06-20 07:37:29.927 16 RALLYDEBUG rally.task.runner [-] Starting the constant runner (task UUID: 349f30ec-46da-4524-8d36-e80760d69cb9). timeout: 0 concurrency: 4 concurrency_per_worker: 1 times: 10 concurrency_overhead: 0 processes_to_start: 4 max_cpu_used: 16
2019-06-20 07:37:29.940 348 RALLYDEBUG rally.task.runner [-] Starting a worker. concurrency: 1 args: {"repetitions": 2} times: 10 method_name: run timeout: 0 duration: None cls:
2019-06-20 07:37:29.942 349 RALLYDEBUG rally.task.runner [-] Starting a worker. concurrency: 1 args: {"repetitions": 2} times: 10 method_name: run timeout: 0 duration: None cls:
2019-06-20 07:37:29.945 348 INFO rally.task.runner [-] Task 349f30ec-46da-4524-8d36-e80760d69cb9 | ITER: 1 START
2019-06-20 07:37:29.946 350 RALLYDEBUG rally.task.runner [-] Starting a worker. concurrency: 1 args: {"repetitions": 2} times: 10 method_name: run timeout: 0 duration: None cls:
2019-06-20 07:37:29.947 349 INFO rally.task.runner [-] Task 349f30ec-46da-4524-8d36-e80760d69cb9 | ITER: 2 START
2019-06-20 07:37:29.948 351 RALLYDEBUG rally.task.runner [-] Starting a worker. concurrency: 1 args: {"repetitions": 2} times: 10 method_name: run timeout: 0 duration: None cls:
2019-06-20 07:37:29.952 350 INFO rally.task.runner [-] Task 349f30ec-46da-4524-8d36-e80760d69cb9 | ITER: 3 START
2019-06-20 07:37:29.954 351 INFO rally.task.runner [-] Task 349f30ec-46da-4524-8d36-e80760d69cb9 | ITER: 4 START
2019-06-20 07:37:30.775 348 INFO rally.task.runner [-] Task 349f30ec-46da-4524-8d36-e80760d69cb9 | ITER: 1 END: OK
2019-06-20 07:37:30.779 348 INFO rally.task.runner [-] Task 349f30ec-46da-4524-8d36-e80760d69cb9 | ITER: 5 START
2019-06-20 07:37:30.782 349 INFO rally.task.runner [-] Task 349f30ec-46da-4524-8d36-e80760d69cb9 | ITER: 2 END: OK
2019-06-20 07:37:30.786 349 INFO rally.task.runner [-] Task 349f30ec-46da-4524-8d36-e80760d69cb9 | ITER: 6 START
2019-06-20 07:37:30.842 350 INFO rally.task.runner [-] Task 349f30ec-46da-4524-8d36-e80760d69cb9 | ITER: 3 END: OK
2019-06-20 07:37:30.844 351 INFO rally.task.runner [-] Task 349f30ec-46da-4524-8d36-e80760d69cb9 | ITER: 4 END: OK
2019-06-20 07:37:30.846 350 INFO rally.task.runner [-] Task 349f30ec-46da-4524-8d36-e80760d69cb9 | ITER: 7 START
2019-06-20 07:37:30.848 351 INFO rally.task.runner [-] Task 349f30ec-46da-4524-8d36-e80760d69cb9 | ITER: 8 START
2019-06-20 07:37:31.568 348 INFO rally.task.runner [-] Task 349f30ec-46da-4524-8d36-e80760d69cb9 | ITER: 5 END: OK
2019-06-20 07:37:31.572 348 INFO rally.task.runner [-] Task 349f30ec-46da-4524-8d36-e80760d69cb9 | ITER: 9 START
2019-06-20 07:37:31.614 350 INFO rally.task.runner [-] Task 349f30ec-46da-4524-8d36-e80760d69cb9 | ITER: 7 END: OK
2019-06-20 07:37:31.616 351 INFO rally.task.runner [-] Task 349f30ec-46da-4524-8d36-e80760d69cb9 | ITER: 8 END: OK
2019-06-20 07:37:31.618 350 INFO rally.task.runner [-] Task 349f30ec-46da-4524-8d36-e80760d69cb9 | ITER: 10 START
2019-06-20 07:37:31.637 349 INFO rally.task.runner [-] Task 349f30ec-46da-4524-8d36-e80760d69cb9 | ITER: 6 END: OK
2019-06-20 07:37:32.354 348 INFO rally.task.runner [-] Task 349f30ec-46da-4524-8d36-e80760d69cb9 | ITER: 9 END: OK
2019-06-20 07:37:32.381 350 INFO rally.task.runner [-] Task 349f30ec-46da-4524-8d36-e80760d69cb9 | ITER: 10 END: OK
2019-06-20 07:37:32.410 16 INFO rally.task.context [-] Task 349f30ec-46da-4524-8d36-e80760d69cb9 | Context users@openstack cleanup() started
2019-06-20 07:37:39.261 16 INFO rally.task.context [-] Task 349f30ec-46da-4524-8d36-e80760d69cb9 | Context users@openstack cleanup() finished in 6.85 sec
2019-06-20 07:37:39.416 16 INFO rally.task.engine [-] Load duration is: 2.434264
2019-06-20 07:37:39.416 16 INFO rally.task.engine [-] Full runner duration is: 2.483097
2019-06-20 07:37:39.416 16 INFO rally.task.engine [-] Full duration is: 13.918231
2019-06-20 07:37:39.655 16 INFO rally.task.engine [-] Running workload: position = 0 config = { "version": 2, "title": "A cropped version of a bigger task.", "description": "Auto-generated task from a single workload (uuid=fbfa683d-cfff-4a41-8440-dfed06a1ba14)", "subtasks": [ { "title": "Authenticate.validate_heat", "description": "Check Heat Client to ensure validation of token.", "scenario": { "Authenticate.validate_heat": { "repetitions": 2 } }, "contexts": { "users": { "tenants": 3, "users_per_tenant": 2 } }, "runner": { "constant": { "concurrency": 4, "times": 10 } }, "hooks": [], "sla": { "failure_rate": { "max": 0 } } } ] }
2019-06-20 07:37:39.676 16 RALLYDEBUG rally_openstack.contexts.keystone.users [-] Creating 3 tenants using 20 threads
2019-06-20 07:37:41.460 16 RALLYDEBUG rally_openstack.contexts.keystone.users [-] Creating 6 users using 20 threads
2019-06-20 07:37:44.215 16 INFO rally.task.context [-] Task 349f30ec-46da-4524-8d36-e80760d69cb9 | Context users@openstack setup() finished in 4.54 sec
2019-06-20 07:37:44.222 16 RALLYDEBUG rally.task.runner [-] Starting the constant runner (task UUID: 349f30ec-46da-4524-8d36-e80760d69cb9). timeout: 0 concurrency: 4 concurrency_per_worker: 1 times: 10 concurrency_overhead: 0 processes_to_start: 4 max_cpu_used: 16
2019-06-20 07:37:44.233 452 RALLYDEBUG rally.task.runner [-] Starting a worker. concurrency: 1 args: {"repetitions": 2} times: 10 method_name: run timeout: 0 duration: None cls:
2019-06-20 07:37:44.236 453 RALLYDEBUG rally.task.runner [-] Starting a worker. concurrency: 1 args: {"repetitions": 2} times: 10 method_name: run timeout: 0 duration: None cls:
2019-06-20 07:37:44.239 452 INFO rally.task.runner [-] Task 349f30ec-46da-4524-8d36-e80760d69cb9 | ITER: 1 START
2019-06-20 07:37:44.239 454 RALLYDEBUG rally.task.runner [-] Starting a worker. concurrency: 1 args: {"repetitions": 2} times: 10 method_name: run timeout: 0 duration: None cls:
2019-06-20 07:37:44.240 455 RALLYDEBUG rally.task.runner [-] Starting a worker. concurrency: 1 args: {"repetitions": 2} times: 10 method_name: run timeout: 0 duration: None cls:
2019-06-20 07:37:44.241 453 INFO rally.task.runner [-] Task 349f30ec-46da-4524-8d36-e80760d69cb9 | ITER: 2 START
2019-06-20 07:37:44.244 455 INFO rally.task.runner [-] Task 349f30ec-46da-4524-8d36-e80760d69cb9 | ITER: 4 START
2019-06-20 07:37:44.244 454 INFO rally.task.runner [-] Task 349f30ec-46da-4524-8d36-e80760d69cb9 | ITER: 3 START
2019-06-20 07:37:46.195 453 INFO rally.task.runner [-] Task 349f30ec-46da-4524-8d36-e80760d69cb9 | ITER: 2 END: OK
2019-06-20 07:37:46.201 453 INFO rally.task.runner [-] Task 349f30ec-46da-4524-8d36-e80760d69cb9 | ITER: 5 START
2019-06-20 07:37:46.203 452 INFO rally.task.runner [-] Task 349f30ec-46da-4524-8d36-e80760d69cb9 | ITER: 1 END: OK
2019-06-20 07:37:46.208 455 INFO rally.task.runner [-] Task 349f30ec-46da-4524-8d36-e80760d69cb9 | ITER: 4 END: OK
2019-06-20 07:37:46.208 452 INFO rally.task.runner [-] Task 349f30ec-46da-4524-8d36-e80760d69cb9 | ITER: 6 START
2019-06-20 07:37:46.211 455 INFO rally.task.runner [-] Task 349f30ec-46da-4524-8d36-e80760d69cb9 | ITER: 7 START
2019-06-20 07:37:46.286 454 INFO rally.task.runner [-] Task 349f30ec-46da-4524-8d36-e80760d69cb9 | ITER: 3 END: OK
2019-06-20 07:37:46.290 454 INFO rally.task.runner [-] Task 349f30ec-46da-4524-8d36-e80760d69cb9 | ITER: 8 START
2019-06-20 07:37:47.178 452 INFO rally.task.runner [-] Task 349f30ec-46da-4524-8d36-e80760d69cb9 | ITER: 6 END: OK
2019-06-20 07:37:47.182 452 INFO rally.task.runner [-] Task 349f30ec-46da-4524-8d36-e80760d69cb9 | ITER: 9 START
2019-06-20 07:37:47.503 453 INFO rally.task.runner [-] Task 349f30ec-46da-4524-8d36-e80760d69cb9 | ITER: 5 END: OK
2019-06-20 07:37:47.504 455 INFO rally.task.runner [-] Task 349f30ec-46da-4524-8d36-e80760d69cb9 | ITER: 7 END: OK
2019-06-20 07:37:47.507 453 INFO rally.task.runner [-] Task 349f30ec-46da-4524-8d36-e80760d69cb9 | ITER: 10 START
2019-06-20 07:37:47.625 454 INFO rally.task.runner [-] Task 349f30ec-46da-4524-8d36-e80760d69cb9 | ITER: 8 END: OK
2019-06-20 07:37:48.129 452 INFO rally.task.runner [-] Task 349f30ec-46da-4524-8d36-e80760d69cb9 | ITER: 9 END: OK
2019-06-20 07:37:48.856 453 INFO rally.task.runner [-] Task 349f30ec-46da-4524-8d36-e80760d69cb9 | ITER: 10 END: OK
2019-06-20 07:37:48.877 16 INFO rally.task.context [-] Task 349f30ec-46da-4524-8d36-e80760d69cb9 | Context users@openstack cleanup() started
2019-06-20 07:37:55.591 16 INFO rally.task.context [-] Task 349f30ec-46da-4524-8d36-e80760d69cb9 | Context users@openstack cleanup() finished in 6.71 sec
2019-06-20 07:37:55.753 16 INFO rally.task.engine [-] Load duration is: 4.615264
2019-06-20 07:37:55.753 16 INFO rally.task.engine [-] Full runner duration is: 4.656124
2019-06-20 07:37:55.754 16 INFO rally.task.engine [-] Full duration is: 15.916535
2019-06-20 07:37:55.981 16 INFO rally.task.engine [-] Running workload: position = 0 config = { "version": 2, "title": "A cropped version of a bigger task.", "description": "Auto-generated task from a single workload (uuid=ddd7756e-afeb-4093-86c8-39a054d7250c)", "subtasks": [ { "title": "Authenticate.validate_neutron", "description": "Check Neutron Client to ensure validation of token.", "scenario": { "Authenticate.validate_neutron": { "repetitions": 2 } }, "contexts": { "users": { "tenants": 3, "users_per_tenant": 2 } }, "runner": { "constant": { "concurrency": 4, "times": 10 } }, "hooks": [], "sla": { "failure_rate": { "max": 0 } } } ] }
2019-06-20 07:37:56.003 16 RALLYDEBUG rally_openstack.contexts.keystone.users [-] Creating 3 tenants using 20 threads
2019-06-20 07:37:57.881 16 RALLYDEBUG rally_openstack.contexts.keystone.users [-] Creating 6 users using 20 threads
2019-06-20 07:38:00.676 16 INFO rally.task.context [-] Task 349f30ec-46da-4524-8d36-e80760d69cb9 | Context users@openstack setup() finished in 4.67 sec
2019-06-20 07:38:00.683 16 RALLYDEBUG rally.task.runner [-] Starting the constant runner (task UUID: 349f30ec-46da-4524-8d36-e80760d69cb9). timeout: 0 concurrency: 4 concurrency_per_worker: 1 times: 10 concurrency_overhead: 0 processes_to_start: 4 max_cpu_used: 16
2019-06-20 07:38:00.693 556 RALLYDEBUG rally.task.runner [-] Starting a worker. concurrency: 1 args: {"repetitions": 2} times: 10 method_name: run timeout: 0 duration: None cls:
2019-06-20 07:38:00.696 557 RALLYDEBUG rally.task.runner [-] Starting a worker. concurrency: 1 args: {"repetitions": 2} times: 10 method_name: run timeout: 0 duration: None cls:
2019-06-20 07:38:00.699 558 RALLYDEBUG rally.task.runner [-] Starting a worker. concurrency: 1 args: {"repetitions": 2} times: 10 method_name: run timeout: 0 duration: None cls:
2019-06-20 07:38:00.700 556 INFO rally.task.runner [-] Task 349f30ec-46da-4524-8d36-e80760d69cb9 | ITER: 1 START
2019-06-20 07:38:00.701 557 INFO rally.task.runner [-] Task 349f30ec-46da-4524-8d36-e80760d69cb9 | ITER: 2 START
2019-06-20 07:38:00.703 558 INFO rally.task.runner [-] Task 349f30ec-46da-4524-8d36-e80760d69cb9 | ITER: 3 START
2019-06-20 07:38:00.703 559 RALLYDEBUG rally.task.runner [-] Starting a worker. concurrency: 1 args: {"repetitions": 2} times: 10 method_name: run timeout: 0 duration: None cls:
2019-06-20 07:38:00.709 559 INFO rally.task.runner [-] Task 349f30ec-46da-4524-8d36-e80760d69cb9 | ITER: 4 START
2019-06-20 07:38:01.658 559 INFO rally.task.runner [-] Task 349f30ec-46da-4524-8d36-e80760d69cb9 | ITER: 4 END: OK
2019-06-20 07:38:01.661 559 INFO rally.task.runner [-] Task 349f30ec-46da-4524-8d36-e80760d69cb9 | ITER: 5 START
2019-06-20 07:38:01.777 558 INFO rally.task.runner [-] Task 349f30ec-46da-4524-8d36-e80760d69cb9 | ITER: 3 END: OK
2019-06-20 07:38:01.781 558 INFO rally.task.runner [-] Task 349f30ec-46da-4524-8d36-e80760d69cb9 | ITER: 6 START
2019-06-20 07:38:02.057 557 INFO rally.task.runner [-] Task 349f30ec-46da-4524-8d36-e80760d69cb9 | ITER: 2 END: OK
2019-06-20 07:38:02.060 556 INFO rally.task.runner [-] Task 349f30ec-46da-4524-8d36-e80760d69cb9 | ITER: 1 END: OK
2019-06-20 07:38:02.061 557 INFO rally.task.runner [-] Task 349f30ec-46da-4524-8d36-e80760d69cb9 | ITER: 7 START
2019-06-20 07:38:02.065 556 INFO rally.task.runner [-] Task 349f30ec-46da-4524-8d36-e80760d69cb9 | ITER: 8 START
2019-06-20 07:38:02.582 559 INFO rally.task.runner [-] Task 349f30ec-46da-4524-8d36-e80760d69cb9 | ITER: 5 END: OK
2019-06-20 07:38:02.586 559 INFO rally.task.runner [-] Task 349f30ec-46da-4524-8d36-e80760d69cb9 | ITER: 9 START
2019-06-20 07:38:02.711 558 INFO rally.task.runner [-] Task 349f30ec-46da-4524-8d36-e80760d69cb9 | ITER: 6 END: OK
2019-06-20 07:38:02.715 558 INFO rally.task.runner [-] Task 349f30ec-46da-4524-8d36-e80760d69cb9 | ITER: 10 START
2019-06-20 07:38:02.879 556 INFO rally.task.runner [-] Task 349f30ec-46da-4524-8d36-e80760d69cb9 | ITER: 8 END: OK
2019-06-20 07:38:02.886 557 INFO rally.task.runner [-] Task 349f30ec-46da-4524-8d36-e80760d69cb9 | ITER: 7 END: OK
2019-06-20 07:38:03.535 558 INFO rally.task.runner [-] Task 349f30ec-46da-4524-8d36-e80760d69cb9 | ITER: 10 END: OK
2019-06-20 07:38:03.694 559 INFO rally.task.runner [-] Task 349f30ec-46da-4524-8d36-e80760d69cb9 | ITER: 9 END: OK
2019-06-20 07:38:03.724 16 INFO rally.task.context [-] Task 349f30ec-46da-4524-8d36-e80760d69cb9 | Context users@openstack cleanup() started
2019-06-20 07:38:10.389 16 INFO rally.task.context [-] Task 349f30ec-46da-4524-8d36-e80760d69cb9 | Context users@openstack cleanup() finished in 6.66 sec
2019-06-20 07:38:12.072 16 INFO rally.task.engine [-] Load duration is: 2.99245
2019-06-20 07:38:12.073 16 INFO rally.task.engine [-] Full runner duration is: 3.041662
2019-06-20 07:38:12.073 16 INFO rally.task.engine [-] Full duration is: 14.387783
2019-06-20 07:38:12.285 16 INFO rally.task.engine [-] Running workload: position = 0 config = { "version": 2, "title": "A cropped version of a bigger task.", "description": "Auto-generated task from a single workload (uuid=b0aefdb3-ad54-41fa-99b2-64869d97745d)", "subtasks": [ { "title": "Authenticate.validate_nova", "description": "Check Nova Client to ensure validation of token.", "scenario": { "Authenticate.validate_nova": { "repetitions": 2 } }, "contexts": { "users": { "tenants": 3, "users_per_tenant": 2 } }, "runner": { "constant": { "concurrency": 4, "times": 10 } }, "hooks": [], "sla": { "failure_rate": { "max": 0 } } } ] }
2019-06-20 07:38:12.307 16 RALLYDEBUG rally_openstack.contexts.keystone.users [-] Creating 3 tenants using 20 threads
2019-06-20 07:38:14.315 16 RALLYDEBUG rally_openstack.contexts.keystone.users [-] Creating 6 users using 20 threads
2019-06-20 07:38:17.189 16 INFO rally.task.context [-] Task 349f30ec-46da-4524-8d36-e80760d69cb9 | Context users@openstack setup() finished in 4.88 sec
2019-06-20 07:38:17.198 16 RALLYDEBUG rally.task.runner [-] Starting the constant runner (task UUID: 349f30ec-46da-4524-8d36-e80760d69cb9). timeout: 0 concurrency: 4 concurrency_per_worker: 1 times: 10 concurrency_overhead: 0 processes_to_start: 4 max_cpu_used: 16
2019-06-20 07:38:17.211 660 RALLYDEBUG rally.task.runner [-] Starting a worker. concurrency: 1 args: {"repetitions": 2} times: 10 method_name: run timeout: 0 duration: None cls:
2019-06-20 07:38:17.214 661 RALLYDEBUG rally.task.runner [-] Starting a worker. concurrency: 1 args: {"repetitions": 2} times: 10 method_name: run timeout: 0 duration: None cls:
2019-06-20 07:38:17.216 662 RALLYDEBUG rally.task.runner [-] Starting a worker. concurrency: 1 args: {"repetitions": 2} times: 10 method_name: run timeout: 0 duration: None cls:
2019-06-20 07:38:17.218 660 INFO rally.task.runner [-] Task 349f30ec-46da-4524-8d36-e80760d69cb9 | ITER: 1 START
2019-06-20 07:38:17.219 663 RALLYDEBUG rally.task.runner [-] Starting a worker. concurrency: 1 args: {"repetitions": 2} times: 10 method_name: run timeout: 0 duration: None cls:
2019-06-20 07:38:17.221 661 INFO rally.task.runner [-] Task 349f30ec-46da-4524-8d36-e80760d69cb9 | ITER: 2 START
2019-06-20 07:38:17.223 662 INFO rally.task.runner [-] Task 349f30ec-46da-4524-8d36-e80760d69cb9 | ITER: 3 START
2019-06-20 07:38:17.226 663 INFO rally.task.runner [-] Task 349f30ec-46da-4524-8d36-e80760d69cb9 | ITER: 4 START
2019-06-20 07:38:17.704 663 DEBUG novaclient.v2.client [-] REQ: curl -g -i -X GET http://172.30.9.35:8774/v2.1/flavors/detail -H "Accept: application/json" -H "User-Agent: python-novaclient" -H "X-Auth-Token: {SHA1}1baf117d2c037043609736a99c774ab322edaa9d" _http_log_request /usr/lib/python2.7/site-packages/keystoneauth1/session.py:448
2019-06-20 07:38:17.705 662 DEBUG novaclient.v2.client [-] REQ: curl -g -i -X GET http://172.30.9.35:8774/v2.1/flavors/detail -H "Accept: application/json" -H "User-Agent: python-novaclient" -H "X-Auth-Token: {SHA1}35a33e7182f95c4d214f840078a256390c5b5106" _http_log_request /usr/lib/python2.7/site-packages/keystoneauth1/session.py:448
2019-06-20 07:38:17.723 660 DEBUG novaclient.v2.client [-] REQ: curl -g -i -X GET http://172.30.9.35:8774/v2.1/flavors/detail -H "Accept: application/json" -H "User-Agent: python-novaclient" -H "X-Auth-Token: {SHA1}3da262fd83132f55ef1af9c03245dba46330e898" _http_log_request /usr/lib/python2.7/site-packages/keystoneauth1/session.py:448
2019-06-20 07:38:17.726 661 DEBUG novaclient.v2.client [-] REQ: curl -g -i -X GET http://172.30.9.35:8774/v2.1/flavors/detail -H "Accept: application/json" -H "User-Agent: python-novaclient" -H "X-Auth-Token: {SHA1}e41dcdf11573e145732861fe0c7800492fe35aef" _http_log_request /usr/lib/python2.7/site-packages/keystoneauth1/session.py:448
2019-06-20 07:38:18.006 662 DEBUG novaclient.v2.client [-] RESP: [200] Content-Encoding: gzip Content-Length: 363 Content-Type: application/json Date: Thu, 20 Jun 2019 07:38:17 GMT OpenStack-API-Version: compute 2.1 Server: Apache Vary: OpenStack-API-Version,X-OpenStack-Nova-API-Version,Accept-Encoding X-OpenStack-Nova-API-Version: 2.1 x-compute-request-id: req-f0c1ab37-3d0f-4874-962a-67b25836eb35 x-openstack-request-id: req-f0c1ab37-3d0f-4874-962a-67b25836eb35 _http_log_response /usr/lib/python2.7/site-packages/keystoneauth1/session.py:479
2019-06-20 07:38:18.007 662 DEBUG novaclient.v2.client [-] RESP BODY: {"flavors": [{"name": "rally_full-flavor_169027ec-e94e-404a-93ca-06e8485ac51e", "links": [{"href": "http://172.30.9.35:8774/v2.1/flavors/97017427-1467-4bd7-b32f-02fb7aea3ee1", "rel": "self"}, {"href": "http://172.30.9.35:8774/flavors/97017427-1467-4bd7-b32f-02fb7aea3ee1", "rel": "bookmark"}], "ram": 512, "OS-FLV-DISABLED:disabled": false, "vcpus": 1, "swap": "", "os-flavor-access:is_public": true, "rxtx_factor": 1.0, "OS-FLV-EXT-DATA:ephemeral": 0, "disk": 1, "id": "97017427-1467-4bd7-b32f-02fb7aea3ee1"}, {"name": "rally_full-flavor_alt_169027ec-e94e-404a-93ca-06e8485ac51e", "links": [{"href": "http://172.30.9.35:8774/v2.1/flavors/afb3faa8-363e-4416-af3e-94c3d19448a0", "rel": "self"}, {"href": "http://172.30.9.35:8774/flavors/afb3faa8-363e-4416-af3e-94c3d19448a0", "rel": "bookmark"}], "ram": 1024, "OS-FLV-DISABLED:disabled": false, "vcpus": 1, "swap": "", "os-flavor-access:is_public": true, "rxtx_factor": 1.0, "OS-FLV-EXT-DATA:ephemeral": 0, "disk": 1, "id": "afb3faa8-363e-4416-af3e-94c3d19448a0"}]} _http_log_response /usr/lib/python2.7/site-packages/keystoneauth1/session.py:511
2019-06-20 07:38:18.007 662 DEBUG novaclient.v2.client [-] GET call to compute for http://172.30.9.35:8774/v2.1/flavors/detail used request id req-f0c1ab37-3d0f-4874-962a-67b25836eb35 request /usr/lib/python2.7/site-packages/keystoneauth1/session.py:844
2019-06-20 07:38:18.008 660 DEBUG novaclient.v2.client [-] RESP: [200] Content-Encoding: gzip Content-Length: 363 Content-Type: application/json Date: Thu, 20 Jun 2019 07:38:17 GMT OpenStack-API-Version: compute 2.1 Server: Apache Vary: OpenStack-API-Version,X-OpenStack-Nova-API-Version,Accept-Encoding X-OpenStack-Nova-API-Version: 2.1 x-compute-request-id: req-7b039b42-6f94-487d-91ce-90b43232cf33 x-openstack-request-id: req-7b039b42-6f94-487d-91ce-90b43232cf33 _http_log_response /usr/lib/python2.7/site-packages/keystoneauth1/session.py:479
2019-06-20 07:38:18.009 660 DEBUG novaclient.v2.client [-] RESP BODY: {"flavors": [{"name": "rally_full-flavor_169027ec-e94e-404a-93ca-06e8485ac51e", "links": [{"href": "http://172.30.9.35:8774/v2.1/flavors/97017427-1467-4bd7-b32f-02fb7aea3ee1", "rel": "self"}, {"href": "http://172.30.9.35:8774/flavors/97017427-1467-4bd7-b32f-02fb7aea3ee1", "rel": "bookmark"}], "ram": 512, "OS-FLV-DISABLED:disabled": false, "vcpus": 1, "swap": "", "os-flavor-access:is_public": true, "rxtx_factor": 1.0, "OS-FLV-EXT-DATA:ephemeral": 0, "disk": 1, "id": "97017427-1467-4bd7-b32f-02fb7aea3ee1"}, {"name": "rally_full-flavor_alt_169027ec-e94e-404a-93ca-06e8485ac51e", "links": [{"href": "http://172.30.9.35:8774/v2.1/flavors/afb3faa8-363e-4416-af3e-94c3d19448a0", "rel": "self"}, {"href": "http://172.30.9.35:8774/flavors/afb3faa8-363e-4416-af3e-94c3d19448a0", "rel": "bookmark"}], "ram": 1024, "OS-FLV-DISABLED:disabled": false, "vcpus": 1, "swap": "", "os-flavor-access:is_public": true, "rxtx_factor": 1.0, "OS-FLV-EXT-DATA:ephemeral": 0, "disk": 1, "id": "afb3faa8-363e-4416-af3e-94c3d19448a0"}]} _http_log_response /usr/lib/python2.7/site-packages/keystoneauth1/session.py:511
2019-06-20 07:38:18.009 660 DEBUG novaclient.v2.client [-] GET call to compute for http://172.30.9.35:8774/v2.1/flavors/detail used request id req-7b039b42-6f94-487d-91ce-90b43232cf33 request /usr/lib/python2.7/site-packages/keystoneauth1/session.py:844
2019-06-20 07:38:18.009 661 DEBUG novaclient.v2.client [-] RESP: [200] Content-Encoding: gzip Content-Length: 363 Content-Type: application/json Date: Thu, 20 Jun 2019 07:38:17 GMT OpenStack-API-Version: compute 2.1 Server: Apache Vary: OpenStack-API-Version,X-OpenStack-Nova-API-Version,Accept-Encoding X-OpenStack-Nova-API-Version: 2.1 x-compute-request-id: req-e6bc45fd-f91c-47fe-bc84-7428696cb2d1 x-openstack-request-id: req-e6bc45fd-f91c-47fe-bc84-7428696cb2d1 _http_log_response /usr/lib/python2.7/site-packages/keystoneauth1/session.py:479
2019-06-20 07:38:18.009 662 DEBUG novaclient.v2.client [-] REQ: curl -g -i -X GET http://172.30.9.35:8774/v2.1/flavors/detail -H "Accept: application/json" -H "User-Agent: python-novaclient" -H "X-Auth-Token: {SHA1}35a33e7182f95c4d214f840078a256390c5b5106" _http_log_request /usr/lib/python2.7/site-packages/keystoneauth1/session.py:448
2019-06-20 07:38:18.010 660 DEBUG novaclient.v2.client [-] REQ: curl -g -i -X GET http://172.30.9.35:8774/v2.1/flavors/detail -H "Accept: application/json" -H "User-Agent: python-novaclient" -H "X-Auth-Token: {SHA1}3da262fd83132f55ef1af9c03245dba46330e898" _http_log_request /usr/lib/python2.7/site-packages/keystoneauth1/session.py:448
2019-06-20 07:38:18.010 661 DEBUG novaclient.v2.client [-] RESP BODY: {"flavors": [{"name": "rally_full-flavor_169027ec-e94e-404a-93ca-06e8485ac51e", "links": [{"href": "http://172.30.9.35:8774/v2.1/flavors/97017427-1467-4bd7-b32f-02fb7aea3ee1", "rel": "self"}, {"href": "http://172.30.9.35:8774/flavors/97017427-1467-4bd7-b32f-02fb7aea3ee1", "rel": "bookmark"}], "ram": 512, "OS-FLV-DISABLED:disabled": false, "vcpus": 1, "swap": "", "os-flavor-access:is_public": true, "rxtx_factor": 1.0, "OS-FLV-EXT-DATA:ephemeral": 0, "disk": 1, "id": "97017427-1467-4bd7-b32f-02fb7aea3ee1"}, {"name": "rally_full-flavor_alt_169027ec-e94e-404a-93ca-06e8485ac51e", "links": [{"href": "http://172.30.9.35:8774/v2.1/flavors/afb3faa8-363e-4416-af3e-94c3d19448a0", "rel": "self"}, {"href": "http://172.30.9.35:8774/flavors/afb3faa8-363e-4416-af3e-94c3d19448a0", "rel": "bookmark"}], "ram": 1024, "OS-FLV-DISABLED:disabled": false, "vcpus": 1, "swap": "", "os-flavor-access:is_public": true, "rxtx_factor": 1.0, "OS-FLV-EXT-DATA:ephemeral": 0, "disk": 1, "id": "afb3faa8-363e-4416-af3e-94c3d19448a0"}]} _http_log_response /usr/lib/python2.7/site-packages/keystoneauth1/session.py:511
2019-06-20 07:38:18.010 661 DEBUG novaclient.v2.client [-] GET call to compute for http://172.30.9.35:8774/v2.1/flavors/detail used request id req-e6bc45fd-f91c-47fe-bc84-7428696cb2d1 request /usr/lib/python2.7/site-packages/keystoneauth1/session.py:844
2019-06-20 07:38:18.012 661 DEBUG novaclient.v2.client [-] REQ: curl -g -i -X GET http://172.30.9.35:8774/v2.1/flavors/detail -H "Accept: application/json" -H "User-Agent: python-novaclient" -H "X-Auth-Token: {SHA1}e41dcdf11573e145732861fe0c7800492fe35aef" _http_log_request /usr/lib/python2.7/site-packages/keystoneauth1/session.py:448
2019-06-20 07:38:18.029 660 DEBUG novaclient.v2.client [-] RESP: [200] Content-Encoding: gzip Content-Length: 363 Content-Type: application/json Date: Thu, 20 Jun 2019 07:38:18 GMT OpenStack-API-Version: compute 2.1 Server: Apache Vary: OpenStack-API-Version,X-OpenStack-Nova-API-Version,Accept-Encoding X-OpenStack-Nova-API-Version: 2.1 x-compute-request-id: req-8d223a48-1d56-4925-9492-2b1ca49d79f1 x-openstack-request-id: req-8d223a48-1d56-4925-9492-2b1ca49d79f1 _http_log_response /usr/lib/python2.7/site-packages/keystoneauth1/session.py:479
2019-06-20 07:38:18.029 660 DEBUG novaclient.v2.client [-] RESP BODY: {"flavors": [{"name": "rally_full-flavor_169027ec-e94e-404a-93ca-06e8485ac51e", "links": [{"href": "http://172.30.9.35:8774/v2.1/flavors/97017427-1467-4bd7-b32f-02fb7aea3ee1", "rel": "self"}, {"href": "http://172.30.9.35:8774/flavors/97017427-1467-4bd7-b32f-02fb7aea3ee1", "rel": "bookmark"}], "ram": 512, "OS-FLV-DISABLED:disabled": false, "vcpus": 1, "swap": "", "os-flavor-access:is_public": true, "rxtx_factor": 1.0, "OS-FLV-EXT-DATA:ephemeral": 0, "disk": 1, "id": "97017427-1467-4bd7-b32f-02fb7aea3ee1"}, {"name": "rally_full-flavor_alt_169027ec-e94e-404a-93ca-06e8485ac51e", "links": [{"href": "http://172.30.9.35:8774/v2.1/flavors/afb3faa8-363e-4416-af3e-94c3d19448a0", "rel": "self"}, {"href": "http://172.30.9.35:8774/flavors/afb3faa8-363e-4416-af3e-94c3d19448a0", "rel": "bookmark"}], "ram": 1024, "OS-FLV-DISABLED:disabled": false, "vcpus": 1, "swap": "", "os-flavor-access:is_public": true, "rxtx_factor": 1.0, "OS-FLV-EXT-DATA:ephemeral": 0, "disk": 1, "id": "afb3faa8-363e-4416-af3e-94c3d19448a0"}]} _http_log_response /usr/lib/python2.7/site-packages/keystoneauth1/session.py:511
2019-06-20 07:38:18.029 660 DEBUG novaclient.v2.client [-] GET call to compute for http://172.30.9.35:8774/v2.1/flavors/detail used request id req-8d223a48-1d56-4925-9492-2b1ca49d79f1 request /usr/lib/python2.7/site-packages/keystoneauth1/session.py:844
2019-06-20 07:38:18.029 662 DEBUG novaclient.v2.client [-] RESP: [200] Content-Encoding: gzip Content-Length: 363 Content-Type: application/json Date: Thu, 20 Jun 2019 07:38:18 GMT OpenStack-API-Version: compute 2.1 Server: Apache Vary: OpenStack-API-Version,X-OpenStack-Nova-API-Version,Accept-Encoding X-OpenStack-Nova-API-Version: 2.1 x-compute-request-id: req-a1fe7d23-c2cc-4f00-868b-04e2f713a575 x-openstack-request-id: req-a1fe7d23-c2cc-4f00-868b-04e2f713a575 _http_log_response /usr/lib/python2.7/site-packages/keystoneauth1/session.py:479
2019-06-20 07:38:18.030 662 DEBUG novaclient.v2.client [-] RESP BODY: {"flavors": [{"name": "rally_full-flavor_169027ec-e94e-404a-93ca-06e8485ac51e", "links": [{"href": "http://172.30.9.35:8774/v2.1/flavors/97017427-1467-4bd7-b32f-02fb7aea3ee1", "rel": "self"}, {"href": "http://172.30.9.35:8774/flavors/97017427-1467-4bd7-b32f-02fb7aea3ee1", "rel": "bookmark"}], "ram": 512, "OS-FLV-DISABLED:disabled": false, "vcpus": 1, "swap": "", "os-flavor-access:is_public": true, "rxtx_factor": 1.0, "OS-FLV-EXT-DATA:ephemeral": 0, "disk": 1, "id": "97017427-1467-4bd7-b32f-02fb7aea3ee1"}, {"name": "rally_full-flavor_alt_169027ec-e94e-404a-93ca-06e8485ac51e", "links": [{"href": "http://172.30.9.35:8774/v2.1/flavors/afb3faa8-363e-4416-af3e-94c3d19448a0", "rel": "self"}, {"href": "http://172.30.9.35:8774/flavors/afb3faa8-363e-4416-af3e-94c3d19448a0", "rel": "bookmark"}], "ram": 1024, "OS-FLV-DISABLED:disabled": false, "vcpus": 1, "swap": "", "os-flavor-access:is_public": true, "rxtx_factor": 1.0, "OS-FLV-EXT-DATA:ephemeral": 0, "disk": 1, "id": "afb3faa8-363e-4416-af3e-94c3d19448a0"}]} _http_log_response /usr/lib/python2.7/site-packages/keystoneauth1/session.py:511
2019-06-20 07:38:18.030 662 DEBUG novaclient.v2.client [-] GET call to compute for http://172.30.9.35:8774/v2.1/flavors/detail used request id req-a1fe7d23-c2cc-4f00-868b-04e2f713a575 request /usr/lib/python2.7/site-packages/keystoneauth1/session.py:844
2019-06-20 07:38:18.030 660 INFO rally.task.runner [-] Task 349f30ec-46da-4524-8d36-e80760d69cb9 | ITER: 1 END: OK
2019-06-20 07:38:18.031 662 INFO rally.task.runner [-] Task 349f30ec-46da-4524-8d36-e80760d69cb9 | ITER: 3 END: OK
2019-06-20 07:38:18.032 661 DEBUG novaclient.v2.client [-] RESP: [200] Content-Encoding: gzip Content-Length: 363 Content-Type: application/json Date: Thu, 20 Jun 2019 07:38:18 GMT OpenStack-API-Version: compute 2.1 Server: Apache Vary: OpenStack-API-Version,X-OpenStack-Nova-API-Version,Accept-Encoding X-OpenStack-Nova-API-Version: 2.1 x-compute-request-id: req-bf61f8fa-89e4-4512-993c-2adcb8a4c5a3 x-openstack-request-id: req-bf61f8fa-89e4-4512-993c-2adcb8a4c5a3 _http_log_response /usr/lib/python2.7/site-packages/keystoneauth1/session.py:479
2019-06-20 07:38:18.032 661 DEBUG novaclient.v2.client [-] RESP BODY: {"flavors": [{"name": "rally_full-flavor_169027ec-e94e-404a-93ca-06e8485ac51e", "links": [{"href": "http://172.30.9.35:8774/v2.1/flavors/97017427-1467-4bd7-b32f-02fb7aea3ee1", "rel": "self"}, {"href": "http://172.30.9.35:8774/flavors/97017427-1467-4bd7-b32f-02fb7aea3ee1", "rel": "bookmark"}], "ram": 512, "OS-FLV-DISABLED:disabled": false, "vcpus": 1, "swap": "", "os-flavor-access:is_public": true, "rxtx_factor": 1.0, "OS-FLV-EXT-DATA:ephemeral": 0, "disk": 1, "id": "97017427-1467-4bd7-b32f-02fb7aea3ee1"}, {"name": "rally_full-flavor_alt_169027ec-e94e-404a-93ca-06e8485ac51e", "links": [{"href": "http://172.30.9.35:8774/v2.1/flavors/afb3faa8-363e-4416-af3e-94c3d19448a0", "rel": "self"}, {"href": "http://172.30.9.35:8774/flavors/afb3faa8-363e-4416-af3e-94c3d19448a0", "rel": "bookmark"}], "ram": 1024, "OS-FLV-DISABLED:disabled": false, "vcpus": 1, "swap": "", "os-flavor-access:is_public": true, "rxtx_factor": 1.0, "OS-FLV-EXT-DATA:ephemeral": 0, "disk": 1, "id": "afb3faa8-363e-4416-af3e-94c3d19448a0"}]} _http_log_response /usr/lib/python2.7/site-packages/keystoneauth1/session.py:511
2019-06-20 07:38:18.032 661 DEBUG novaclient.v2.client [-] GET call to compute for http://172.30.9.35:8774/v2.1/flavors/detail used request id req-bf61f8fa-89e4-4512-993c-2adcb8a4c5a3 request /usr/lib/python2.7/site-packages/keystoneauth1/session.py:844
2019-06-20 07:38:18.033 661 INFO rally.task.runner [-] Task 349f30ec-46da-4524-8d36-e80760d69cb9 | ITER: 2 END: OK
2019-06-20 07:38:18.034 660 INFO rally.task.runner [-] Task 349f30ec-46da-4524-8d36-e80760d69cb9 | ITER: 5 START
2019-06-20 07:38:18.035 662 INFO rally.task.runner [-] Task 349f30ec-46da-4524-8d36-e80760d69cb9 | ITER: 6 START
2019-06-20 07:38:18.037 661 INFO rally.task.runner [-] Task 349f30ec-46da-4524-8d36-e80760d69cb9 | ITER: 7 START
2019-06-20 07:38:18.070 663 DEBUG novaclient.v2.client [-] RESP: [200] Content-Encoding: gzip Content-Length: 363 Content-Type: application/json Date: Thu, 20 Jun 2019 07:38:17 GMT OpenStack-API-Version: compute 2.1 Server: Apache Vary: OpenStack-API-Version,X-OpenStack-Nova-API-Version,Accept-Encoding X-OpenStack-Nova-API-Version: 2.1 x-compute-request-id: req-4f2bce89-f985-421b-9342-bddc418e96a2 x-openstack-request-id: req-4f2bce89-f985-421b-9342-bddc418e96a2 _http_log_response /usr/lib/python2.7/site-packages/keystoneauth1/session.py:479
2019-06-20 07:38:18.071 663 DEBUG novaclient.v2.client [-] RESP BODY: {"flavors": [{"name": "rally_full-flavor_169027ec-e94e-404a-93ca-06e8485ac51e", "links": [{"href": "http://172.30.9.35:8774/v2.1/flavors/97017427-1467-4bd7-b32f-02fb7aea3ee1", "rel": "self"}, {"href": "http://172.30.9.35:8774/flavors/97017427-1467-4bd7-b32f-02fb7aea3ee1", "rel": "bookmark"}], "ram": 512, "OS-FLV-DISABLED:disabled": false, "vcpus": 1, "swap": "", "os-flavor-access:is_public": true, "rxtx_factor": 1.0, "OS-FLV-EXT-DATA:ephemeral": 0, "disk": 1, "id": "97017427-1467-4bd7-b32f-02fb7aea3ee1"}, {"name": "rally_full-flavor_alt_169027ec-e94e-404a-93ca-06e8485ac51e", "links": [{"href": "http://172.30.9.35:8774/v2.1/flavors/afb3faa8-363e-4416-af3e-94c3d19448a0", "rel": "self"}, {"href": "http://172.30.9.35:8774/flavors/afb3faa8-363e-4416-af3e-94c3d19448a0", "rel": "bookmark"}], "ram": 1024, "OS-FLV-DISABLED:disabled": false, "vcpus": 1, "swap": "", "os-flavor-access:is_public": true, "rxtx_factor": 1.0, "OS-FLV-EXT-DATA:ephemeral": 0, "disk": 1, "id": "afb3faa8-363e-4416-af3e-94c3d19448a0"}]} _http_log_response /usr/lib/python2.7/site-packages/keystoneauth1/session.py:511
2019-06-20 07:38:18.071 663 DEBUG novaclient.v2.client [-] GET call to compute for http://172.30.9.35:8774/v2.1/flavors/detail used request id req-4f2bce89-f985-421b-9342-bddc418e96a2 request /usr/lib/python2.7/site-packages/keystoneauth1/session.py:844
