2019-06-19 01:20:34.444 26974 WARNING rally_openstack.scenarios.neutron.utils [-] Running this scenario without either the 'network' or 'existing_network' context is deprecated
2019-06-19 01:20:34.970 26985 INFO rally.task.runner [-] Task a5502b91-4ce6-4252-a25a-111f8e69ddd2 | ITER: 16 END: OK
2019-06-19 01:20:34.975 26985 INFO rally.task.runner [-] Task a5502b91-4ce6-4252-a25a-111f8e69ddd2 | ITER: 40 START
2019-06-19 01:20:34.975 26985 WARNING rally_openstack.scenarios.neutron.utils [-] Running this scenario without either the 'network' or 'existing_network' context is deprecated
2019-06-19 01:20:39.690 26954 INFO rally.task.runner [-] Task a5502b91-4ce6-4252-a25a-111f8e69ddd2 | ITER: 22 END: OK
2019-06-19 01:20:41.295 26954 INFO rally.task.runner [-] Task a5502b91-4ce6-4252-a25a-111f8e69ddd2 | ITER: 27 END: OK
2019-06-19 01:20:41.448 26990 INFO rally.task.runner [-] Task a5502b91-4ce6-4252-a25a-111f8e69ddd2 | ITER: 23 END: OK
2019-06-19 01:20:43.631 26993 INFO rally.task.runner [-] Task a5502b91-4ce6-4252-a25a-111f8e69ddd2 | ITER: 26 END: OK
2019-06-19 01:20:43.755 26978 INFO rally.task.runner [-] Task a5502b91-4ce6-4252-a25a-111f8e69ddd2 | ITER: 25 END: OK
2019-06-19 01:20:43.895 26995 INFO rally.task.runner [-] Task a5502b91-4ce6-4252-a25a-111f8e69ddd2 | ITER: 24 END: OK
2019-06-19 01:20:43.959 26953 INFO rally.task.runner [-] Task a5502b91-4ce6-4252-a25a-111f8e69ddd2 | ITER: 21 END: OK
2019-06-19 01:20:44.896 26953 INFO rally.task.runner [-] Task a5502b91-4ce6-4252-a25a-111f8e69ddd2 | ITER: 28 END: OK
2019-06-19 01:20:45.837 26956 INFO rally.task.runner [-] Task a5502b91-4ce6-4252-a25a-111f8e69ddd2 | ITER: 31 END: OK
2019-06-19 01:20:46.538 26988 INFO rally.task.runner [-] Task a5502b91-4ce6-4252-a25a-111f8e69ddd2 | ITER: 33 END: OK
2019-06-19 01:20:46.651 26952 INFO rally.task.runner [-] Task a5502b91-4ce6-4252-a25a-111f8e69ddd2 | ITER: 32 END: OK
2019-06-19 01:20:46.763 26952 INFO rally.task.runner [-] Task a5502b91-4ce6-4252-a25a-111f8e69ddd2 | ITER: 29 END: OK
2019-06-19 01:20:46.819 26960 INFO rally.task.runner [-] Task a5502b91-4ce6-4252-a25a-111f8e69ddd2 | ITER: 30 END: OK
2019-06-19 01:20:47.502 26974 INFO rally.task.runner [-] Task a5502b91-4ce6-4252-a25a-111f8e69ddd2 | ITER: 39 END: OK
2019-06-19 01:20:47.846 26965 INFO rally.task.runner [-] Task a5502b91-4ce6-4252-a25a-111f8e69ddd2 | ITER: 38 END: OK
2019-06-19 01:20:48.080 26968 INFO rally.task.runner [-] Task a5502b91-4ce6-4252-a25a-111f8e69ddd2 | ITER: 34 END: OK
2019-06-19 01:20:48.308 26956 INFO rally.task.runner [-] Task a5502b91-4ce6-4252-a25a-111f8e69ddd2 | ITER: 35 END: OK
2019-06-19 01:20:48.465 26970 INFO rally.task.runner [-] Task a5502b91-4ce6-4252-a25a-111f8e69ddd2 | ITER: 36 END: OK
2019-06-19 01:20:48.769 26973 INFO rally.task.runner [-] Task a5502b91-4ce6-4252-a25a-111f8e69ddd2 | ITER: 37 END: OK
2019-06-19 01:20:49.282 26985 INFO rally.task.runner [-] Task a5502b91-4ce6-4252-a25a-111f8e69ddd2 | ITER: 40 END: OK
2019-06-19 01:20:49.307 22706 INFO rally.task.context [-] Task a5502b91-4ce6-4252-a25a-111f8e69ddd2 | Context cleanup@openstack cleanup() started
2019-06-19 01:20:49.310 22706 RALLYDEBUG rally_openstack.cleanup.manager [-] Cleaning up neutron vip objects
2019-06-19 01:20:49.975 22706 RALLYDEBUG rally_openstack.cleanup.manager [-] Cleaning up neutron health_monitor objects
2019-06-19 01:20:50.700 22706 RALLYDEBUG rally_openstack.cleanup.manager [-] Cleaning up neutron pool objects
2019-06-19 01:20:51.439 22706 RALLYDEBUG rally_openstack.cleanup.manager [-] Cleaning up neutron loadbalancer objects
2019-06-19 01:20:52.090 22706 RALLYDEBUG rally_openstack.cleanup.manager [-] Cleaning up neutron floatingip objects
2019-06-19 01:20:52.914 22706 RALLYDEBUG rally_openstack.cleanup.manager [-] Cleaning up neutron port objects
2019-06-19 01:20:53.915 22706 RALLYDEBUG rally_openstack.cleanup.manager [-] Cleaning up neutron subnet objects
2019-06-19 01:20:54.640 22706 RALLYDEBUG rally_openstack.cleanup.manager [-] Cleaning up neutron network objects
2019-06-19 01:20:55.681 22706 RALLYDEBUG rally_openstack.cleanup.manager [-] Deleting neutron.network object s_rally_ee031ebf_LgIg05m4 (08c27fc5-0833-4a33-8273-acfdd17f6d51)
2019-06-19 01:20:55.682 22706 RALLYDEBUG rally_openstack.cleanup.manager [-] Deleting neutron.network object s_rally_ee031ebf_ni6XZCrn (12d7acb9-a54e-4ee3-808f-313b82939d03)
2019-06-19 01:20:55.691 22706 RALLYDEBUG rally_openstack.cleanup.manager [-] Deleting neutron.network object s_rally_ee031ebf_X9Yez1df (19cb6df6-9558-45d8-bc05-1e1a4713b7f7)
2019-06-19 01:20:55.701 22706 RALLYDEBUG rally_openstack.cleanup.manager [-] Deleting neutron.network object s_rally_ee031ebf_mNezBZyb (1efad6c6-66c2-483f-9d45-c702807b967f)
2019-06-19 01:20:55.712 22706 RALLYDEBUG rally_openstack.cleanup.manager [-] Deleting neutron.network object s_rally_ee031ebf_lktkm9aQ (3293f3bd-a128-4781-b827-280a881a43b4)
2019-06-19 01:20:55.712 22706 RALLYDEBUG rally_openstack.cleanup.manager [-] Deleting neutron.network object s_rally_ee031ebf_znRvFJRN (2273bdb3-1a64-422e-9fa1-6ce74ce7bde4)
2019-06-19 01:20:55.722 22706 RALLYDEBUG rally_openstack.cleanup.manager [-] Deleting neutron.network object s_rally_ee031ebf_0e50eiIQ (3d2b9b29-d136-4cdc-b57f-c68126f74090)
2019-06-19 01:20:55.730 22706 RALLYDEBUG rally_openstack.cleanup.manager [-] Deleting neutron.network object s_rally_ee031ebf_r8vIS1E0 (42b39ace-d621-4451-b333-d76b5a783f66)
2019-06-19 01:20:55.744 22706 RALLYDEBUG rally_openstack.cleanup.manager [-] Deleting neutron.network object s_rally_ee031ebf_3rRqS6Gl (42ea011d-ab88-4899-8378-08ee593e0ba0)
2019-06-19 01:20:55.759 22706 RALLYDEBUG rally_openstack.cleanup.manager [-] Deleting neutron.network object s_rally_ee031ebf_jm2Agrrc (4437624d-abe8-4d31-ba2d-134289ed9d02)
2019-06-19 01:20:55.778 22706 RALLYDEBUG rally_openstack.cleanup.manager [-] Deleting neutron.network object s_rally_ee031ebf_rlZqnT9s (4946ab66-4312-4874-8161-55f002fdb927)
2019-06-19 01:20:55.802 22706 RALLYDEBUG rally_openstack.cleanup.manager [-] Deleting neutron.network object s_rally_ee031ebf_CKBde9pW (51eabbfd-f52d-4050-81cc-da7f365edf39)
2019-06-19 01:20:55.808 22706 RALLYDEBUG rally_openstack.cleanup.manager [-] Deleting neutron.network object s_rally_ee031ebf_XcPnEaOp (4f70a830-22c1-4f47-9db0-55b00f6f731c)
2019-06-19 01:20:55.809 22706 RALLYDEBUG rally_openstack.cleanup.manager [-] Deleting neutron.network object s_rally_ee031ebf_sbFlJWLO (50b0f1e4-c9e7-4f74-88df-9f4f4deeb1cd)
2019-06-19 01:20:55.827 22706 RALLYDEBUG rally_openstack.cleanup.manager [-] Deleting neutron.network object s_rally_ee031ebf_XVD3ziv9 (5ce43c6c-34a6-4a54-8f64-671e69cb6758)
2019-06-19 01:20:55.873 22706 RALLYDEBUG rally_openstack.cleanup.manager [-] Deleting neutron.network object s_rally_ee031ebf_iQiKaJTP (7e76bfd7-0403-472f-8314-920341399e7f)
2019-06-19 01:20:55.874 22706 RALLYDEBUG rally_openstack.cleanup.manager [-] Deleting neutron.network object s_rally_ee031ebf_k3lKEqFx (701ce721-2797-4741-9074-3202a8c445fb)
2019-06-19 01:20:55.889 22706 RALLYDEBUG rally_openstack.cleanup.manager [-] Deleting neutron.network object s_rally_ee031ebf_KMZ3O1sh (84360a0b-18f1-4140-98b0-54b17fdde819)
2019-06-19 01:20:55.881 22706 RALLYDEBUG rally_openstack.cleanup.manager [-] Deleting neutron.network object s_rally_ee031ebf_eyE7sbk5 (7b0af153-4dab-44cf-b986-d22cc135eb9a)
2019-06-19 01:20:55.916 22706 RALLYDEBUG rally_openstack.cleanup.manager [-] Deleting neutron.network object s_rally_ee031ebf_7t9FK8D1 (864ee1a9-4358-41f6-873c-7f5e4982aeb8)
2019-06-19 01:20:59.157 22706 RALLYDEBUG rally_openstack.cleanup.manager [-] Deleting neutron.network object s_rally_ee031ebf_dRHTgqT9 (87ad8601-2e6d-4756-87c5-e17a96b6197b)
2019-06-19 01:20:59.270 22706 RALLYDEBUG rally_openstack.cleanup.manager [-] Deleting neutron.network object s_rally_ee031ebf_JLuaFIk2 (88fb9b27-bb30-4281-819e-4dec3c9f653f)
2019-06-19 01:20:59.515 22706 RALLYDEBUG rally_openstack.cleanup.manager [-] Deleting neutron.network object s_rally_ee031ebf_2nB5fqH4 (948547e9-3a51-43d6-97fe-71ce685bfc36)
2019-06-19 01:20:59.516 22706 RALLYDEBUG rally_openstack.cleanup.manager [-] Deleting neutron.network object s_rally_ee031ebf_5qlwzBNf (97630468-88e1-467b-9b40-f678690efc1e)
2019-06-19 01:20:59.676 22706 RALLYDEBUG rally_openstack.cleanup.manager [-] Deleting neutron.network object s_rally_ee031ebf_xwRfvtRo (992fdd24-709d-4c6c-8fb0-49adb545e3ca)
2019-06-19 01:20:59.682 22706 RALLYDEBUG rally_openstack.cleanup.manager [-] Deleting neutron.network object s_rally_ee031ebf_SCHN5f6B (9e8beca2-42b3-48a0-a667-4ce01f78147a)
2019-06-19 01:20:59.693 22706 RALLYDEBUG rally_openstack.cleanup.manager [-] Deleting neutron.network object s_rally_ee031ebf_2uZ3HClT (a9f73192-d0fc-44de-8378-a2166dc5f309)
2019-06-19 01:20:59.721 22706 RALLYDEBUG rally_openstack.cleanup.manager [-] Deleting neutron.network object s_rally_ee031ebf_RMCOr6FH (b19cd27b-34de-4fb4-8b1e-ef514d6da0ff)
2019-06-19 01:20:59.737 22706 RALLYDEBUG rally_openstack.cleanup.manager [-] Deleting neutron.network object s_rally_ee031ebf_A3omlZ8D (b6b93a94-7cb8-46b1-8294-60ed2dfb9cd8)
2019-06-19 01:20:59.742 22706 RALLYDEBUG rally_openstack.cleanup.manager [-] Deleting neutron.network object s_rally_ee031ebf_LFRwvR7G (b8d9938e-8af7-4f35-b98a-1467a113eda9)
2019-06-19 01:20:59.910 22706 RALLYDEBUG rally_openstack.cleanup.manager [-] Deleting neutron.network object s_rally_ee031ebf_LzSHRr2l (bddee770-173f-4b61-990d-7f0a7f2ba1c5)
2019-06-19 01:21:00.269 22706 RALLYDEBUG rally_openstack.cleanup.manager [-] Deleting neutron.network object s_rally_ee031ebf_QL8yfWZX (bf4d1fdb-a1a7-4a52-a6da-8fcf3894baab)
2019-06-19 01:21:00.273 22706 RALLYDEBUG rally_openstack.cleanup.manager [-] Deleting neutron.network object s_rally_ee031ebf_ffqo69gN (cb777219-c19a-4991-973b-561efb29957b)
2019-06-19 01:21:00.477 22706 RALLYDEBUG rally_openstack.cleanup.manager [-] Deleting neutron.network object s_rally_ee031ebf_CfPjLeSB (ce298ef3-fbe9-43d0-9486-9277774f6c4b)
2019-06-19 01:21:00.483 22706 RALLYDEBUG rally_openstack.cleanup.manager [-] Deleting neutron.network object s_rally_ee031ebf_uF51NI59 (d8bcc26b-c953-437e-a00e-9bbd289c3847)
2019-06-19 01:21:00.693 22706 RALLYDEBUG rally_openstack.cleanup.manager [-] Deleting neutron.network object s_rally_ee031ebf_GWalhfUs (db1af2fa-b3c9-4e1c-84d3-1520f4627aa9)
2019-06-19 01:21:00.709 22706 RALLYDEBUG rally_openstack.cleanup.manager [-] Deleting neutron.network object s_rally_ee031ebf_JDVBTnos (eced0b7c-bf1f-49f0-9798-8b1d5feb3419)
2019-06-19 01:21:00.963 22706 RALLYDEBUG rally_openstack.cleanup.manager [-] Deleting neutron.network object s_rally_ee031ebf_I5MM6V2n (f3ef3a63-4014-4c2e-97af-0347d0879f00)
2019-06-19 01:21:01.353 22706 RALLYDEBUG rally_openstack.cleanup.manager [-] Deleting neutron.network object s_rally_ee031ebf_AvvNcDpO (f569e0b6-1e21-44f0-836e-ffdf086fd808)
2019-06-19 01:21:01.370 22706 RALLYDEBUG rally_openstack.cleanup.manager [-] Deleting neutron.network object s_rally_ee031ebf_XiidmNDF (fe9456e5-87da-46f7-b164-c1ffa121e500)
2019-06-19 01:21:04.781 22706 RALLYDEBUG rally_openstack.cleanup.manager [-] Cleaning up neutron router objects
2019-06-19 01:21:05.563 22706 RALLYDEBUG rally_openstack.cleanup.manager [-] Cleaning up neutron security_group objects
2019-06-19 01:21:06.233 22706 INFO rally.task.context [-] Task a5502b91-4ce6-4252-a25a-111f8e69ddd2 | Context cleanup@openstack cleanup() finished in 16.93 sec
2019-06-19 01:21:06.233 22706 INFO rally.task.context [-] Task a5502b91-4ce6-4252-a25a-111f8e69ddd2 | Context quotas@openstack cleanup() started
2019-06-19 01:21:06.474 22706 INFO rally.task.context [-] Task a5502b91-4ce6-4252-a25a-111f8e69ddd2 | Context quotas@openstack cleanup() finished in 0.24 sec
2019-06-19 01:21:06.474 22706 INFO rally.task.context [-] Task a5502b91-4ce6-4252-a25a-111f8e69ddd2 | Context users@openstack cleanup() started
2019-06-19 01:21:11.647 22706 INFO rally.task.context [-] Task a5502b91-4ce6-4252-a25a-111f8e69ddd2 | Context users@openstack cleanup() finished in 5.17 sec
2019-06-19 01:21:13.629 22706 INFO rally.task.engine [-] Load duration is: 40.398295
2019-06-19 01:21:13.629 22706 INFO rally.task.engine [-] Full runner duration is: 40.449793
2019-06-19 01:21:13.630 22706 INFO rally.task.engine [-] Full duration is: 68.280998
2019-06-19 01:21:13.917 22706 INFO rally.task.engine [-] Running workload: position = 0 config = { "version": 2, "title": "A cropped version of a bigger task.", "description": "Auto-generated task from a single workload (uuid=5e19d250-830c-476d-9be0-2b07b9c0fabd)", "subtasks": [ { "title": "Quotas.neutron_update", "description": "Update quotas for neutron.", "scenario": { "Quotas.neutron_update": { "max_quota": 1024 } }, "contexts": { "users": { "tenants": 20, "users_per_tenant": 1 } }, "runner": { "constant": { "times": 40, "concurrency": 20 } }, "hooks": [], "sla": { "failure_rate": { "max": 0 } } } ] }
2019-06-19 01:21:13.936 22706 RALLYDEBUG rally_openstack.contexts.keystone.users [-] Creating 20 tenants using 20 threads
2019-06-19 01:21:16.657 22706 RALLYDEBUG rally_openstack.contexts.keystone.users [-] Creating 20 users using 20 threads
2019-06-19 01:21:20.239 22706 INFO rally.task.context [-] Task a5502b91-4ce6-4252-a25a-111f8e69ddd2 | Context users@openstack setup() finished in 6.30 sec
2019-06-19 01:21:20.240 22706 INFO rally.task.context [-] Task a5502b91-4ce6-4252-a25a-111f8e69ddd2 | Context admin_cleanup@openstack setup() finished in 0.00 msec
2019-06-19 01:21:20.247 22706 RALLYDEBUG rally.task.runner [-] Starting the constant runner (task UUID: a5502b91-4ce6-4252-a25a-111f8e69ddd2). timeout: 0 concurrency: 20 concurrency_per_worker: 1 times: 40 concurrency_overhead: 4 processes_to_start: 16 max_cpu_used: 16
2019-06-19 01:21:20.260 27322 RALLYDEBUG rally.task.runner [-] Starting a worker. concurrency: 2 args: {"max_quota": 1024} times: 40 method_name: run timeout: 0 duration: None cls:
2019-06-19 01:21:20.262 27323 RALLYDEBUG rally.task.runner [-] Starting a worker. concurrency: 2 args: {"max_quota": 1024} times: 40 method_name: run timeout: 0 duration: None cls:
2019-06-19 01:21:20.265 27324 RALLYDEBUG rally.task.runner [-] Starting a worker. concurrency: 2 args: {"max_quota": 1024} times: 40 method_name: run timeout: 0 duration: None cls:
2019-06-19 01:21:20.269 27326 RALLYDEBUG rally.task.runner [-] Starting a worker. concurrency: 1 args: {"max_quota": 1024} times: 40 method_name: run timeout: 0 duration: None cls:
2019-06-19 01:21:20.269 27325 RALLYDEBUG rally.task.runner [-] Starting a worker. concurrency: 2 args: {"max_quota": 1024} times: 40 method_name: run timeout: 0 duration: None cls:
2019-06-19 01:21:20.275 27324 INFO rally.task.runner [-] Task a5502b91-4ce6-4252-a25a-111f8e69ddd2 | ITER: 3 START
2019-06-19 01:21:20.275 27329 RALLYDEBUG rally.task.runner [-] Starting a worker. concurrency: 1 args: {"max_quota": 1024} times: 40 method_name: run timeout: 0 duration: None cls:
2019-06-19 01:21:20.275 27322 INFO rally.task.runner [-] Task a5502b91-4ce6-4252-a25a-111f8e69ddd2 | ITER: 1 START
2019-06-19 01:21:20.275 27323 INFO rally.task.runner [-] Task a5502b91-4ce6-4252-a25a-111f8e69ddd2 | ITER: 2 START
2019-06-19 01:21:20.277 27326 INFO rally.task.runner [-] Task a5502b91-4ce6-4252-a25a-111f8e69ddd2 | ITER: 5 START
2019-06-19 01:21:20.278 27333 RALLYDEBUG rally.task.runner [-] Starting a worker. concurrency: 1 args: {"max_quota": 1024} times: 40 method_name: run timeout: 0 duration: None cls:
2019-06-19 01:21:20.280 27329 INFO rally.task.runner [-] Task a5502b91-4ce6-4252-a25a-111f8e69ddd2 | ITER: 9 START
2019-06-19 01:21:20.276 27322 INFO rally.task.runner [-] Task a5502b91-4ce6-4252-a25a-111f8e69ddd2 | ITER: 4 START
2019-06-19 01:21:20.284 27339 RALLYDEBUG rally.task.runner [-] Starting a worker. concurrency: 1 args: {"max_quota": 1024} times: 40 method_name: run timeout: 0 duration: None cls:
2019-06-19 01:21:20.285 27333 INFO rally.task.runner [-] Task a5502b91-4ce6-4252-a25a-111f8e69ddd2 | ITER: 10 START
2019-06-19 01:21:20.289 27339 INFO rally.task.runner [-] Task a5502b91-4ce6-4252-a25a-111f8e69ddd2 | ITER: 12 START
2019-06-19 01:21:20.289 27325 INFO rally.task.runner [-] Task a5502b91-4ce6-4252-a25a-111f8e69ddd2 | ITER: 6 START
2019-06-19 01:21:20.291 27323 INFO rally.task.runner [-] Task a5502b91-4ce6-4252-a25a-111f8e69ddd2 | ITER: 7 START
2019-06-19 01:21:20.291 27344 RALLYDEBUG rally.task.runner [-] Starting a worker. concurrency: 1 args: {"max_quota": 1024} times: 40 method_name: run timeout: 0 duration: None cls:
2019-06-19 01:21:20.293 27324 INFO rally.task.runner [-] Task a5502b91-4ce6-4252-a25a-111f8e69ddd2 | ITER: 8 START
2019-06-19 01:21:20.296 27350 RALLYDEBUG rally.task.runner [-] Starting a worker. concurrency: 1 args: {"max_quota": 1024} times: 40 method_name: run timeout: 0 duration: None cls:
2019-06-19 01:21:20.295 27325 INFO rally.task.runner [-] Task a5502b91-4ce6-4252-a25a-111f8e69ddd2 | ITER: 11 START
2019-06-19 01:21:20.305 27352 RALLYDEBUG rally.task.runner [-] Starting a worker. concurrency: 1 args: {"max_quota": 1024} times: 40 method_name: run timeout: 0 duration: None cls:
2019-06-19 01:21:20.306 27344 INFO rally.task.runner [-] Task a5502b91-4ce6-4252-a25a-111f8e69ddd2 | ITER: 13 START
2019-06-19 01:21:20.311 27355 RALLYDEBUG rally.task.runner [-] Starting a worker. concurrency: 1 args: {"max_quota": 1024} times: 40 method_name: run timeout: 0 duration: None cls:
2019-06-19 01:21:20.314 27358 RALLYDEBUG rally.task.runner [-] Starting a worker. concurrency: 1 args: {"max_quota": 1024} times: 40 method_name: run timeout: 0 duration: None cls:
2019-06-19 01:21:20.318 27350 INFO rally.task.runner [-] Task a5502b91-4ce6-4252-a25a-111f8e69ddd2 | ITER: 14 START
2019-06-19 01:21:20.322 27355 INFO rally.task.runner [-] Task a5502b91-4ce6-4252-a25a-111f8e69ddd2 | ITER: 16 START
2019-06-19 01:21:20.324 27359 RALLYDEBUG rally.task.runner [-] Starting a worker. concurrency: 1 args: {"max_quota": 1024} times: 40 method_name: run timeout: 0 duration: None cls:
2019-06-19 01:21:20.325 27352 INFO rally.task.runner [-] Task a5502b91-4ce6-4252-a25a-111f8e69ddd2 | ITER: 15 START
2019-06-19 01:21:20.327 27358 INFO rally.task.runner [-] Task a5502b91-4ce6-4252-a25a-111f8e69ddd2 | ITER: 17 START
2019-06-19 01:21:20.329 27364 RALLYDEBUG rally.task.runner [-] Starting a worker. concurrency: 1 args: {"max_quota": 1024} times: 40 method_name: run timeout: 0 duration: None cls:
2019-06-19 01:21:20.330 27359 INFO rally.task.runner [-] Task a5502b91-4ce6-4252-a25a-111f8e69ddd2 | ITER: 18 START
2019-06-19 01:21:20.336 27367 RALLYDEBUG rally.task.runner [-] Starting a worker. concurrency: 1 args: {"max_quota": 1024} times: 40 method_name: run timeout: 0 duration: None cls:
2019-06-19 01:21:20.338 27364 INFO rally.task.runner [-] Task a5502b91-4ce6-4252-a25a-111f8e69ddd2 | ITER: 19 START
2019-06-19 01:21:20.342 27367 INFO rally.task.runner [-] Task a5502b91-4ce6-4252-a25a-111f8e69ddd2 | ITER: 20 START
2019-06-19 01:21:22.386 27322 INFO rally.task.runner [-] Task a5502b91-4ce6-4252-a25a-111f8e69ddd2 | ITER: 4 END: OK
2019-06-19 01:21:22.393 27322 INFO rally.task.runner [-] Task a5502b91-4ce6-4252-a25a-111f8e69ddd2 | ITER: 21 START
2019-06-19 01:21:22.598 27324 INFO rally.task.runner [-] Task a5502b91-4ce6-4252-a25a-111f8e69ddd2 | ITER: 3 END: OK
2019-06-19 01:21:22.605 27324 INFO rally.task.runner [-] Task a5502b91-4ce6-4252-a25a-111f8e69ddd2 | ITER: 22 START
2019-06-19 01:21:22.668 27326 INFO rally.task.runner [-] Task a5502b91-4ce6-4252-a25a-111f8e69ddd2 | ITER: 5 END: OK
2019-06-19 01:21:22.674 27326 INFO rally.task.runner [-] Task a5502b91-4ce6-4252-a25a-111f8e69ddd2 | ITER: 23 START
2019-06-19 01:21:22.724 27329 INFO rally.task.runner [-] Task a5502b91-4ce6-4252-a25a-111f8e69ddd2 | ITER: 9 END: OK
2019-06-19 01:21:22.730 27329 INFO rally.task.runner [-] Task a5502b91-4ce6-4252-a25a-111f8e69ddd2 | ITER: 24 START
2019-06-19 01:21:22.742 27355 INFO rally.task.runner [-] Task a5502b91-4ce6-4252-a25a-111f8e69ddd2 | ITER: 16 END: OK
2019-06-19 01:21:22.748 27355 INFO rally.task.runner [-] Task a5502b91-4ce6-4252-a25a-111f8e69ddd2 | ITER: 25 START
2019-06-19 01:21:22.823 27325 INFO rally.task.runner [-] Task a5502b91-4ce6-4252-a25a-111f8e69ddd2 | ITER: 6 END: OK
2019-06-19 01:21:22.831 27325 INFO rally.task.runner [-] Task a5502b91-4ce6-4252-a25a-111f8e69ddd2 | ITER: 26 START
2019-06-19 01:21:22.899 27350 INFO rally.task.runner [-] Task a5502b91-4ce6-4252-a25a-111f8e69ddd2 | ITER: 14 END: OK
2019-06-19 01:21:22.906 27350 INFO rally.task.runner [-] Task a5502b91-4ce6-4252-a25a-111f8e69ddd2 | ITER: 27 START
2019-06-19 01:21:22.937 27358 INFO rally.task.runner [-] Task a5502b91-4ce6-4252-a25a-111f8e69ddd2 | ITER: 17 END: OK
2019-06-19 01:21:22.944 27358 INFO rally.task.runner [-] Task a5502b91-4ce6-4252-a25a-111f8e69ddd2 | ITER: 28 START
2019-06-19 01:21:22.958 27323 INFO rally.task.runner [-] Task a5502b91-4ce6-4252-a25a-111f8e69ddd2 | ITER: 2 END: OK
2019-06-19 01:21:22.964 27323 INFO rally.task.runner [-] Task a5502b91-4ce6-4252-a25a-111f8e69ddd2 | ITER: 29 START
2019-06-19 01:21:22.998 27323 INFO rally.task.runner [-] Task a5502b91-4ce6-4252-a25a-111f8e69ddd2 | ITER: 7 END: OK
2019-06-19 01:21:23.003 27323 INFO rally.task.runner [-] Task a5502b91-4ce6-4252-a25a-111f8e69ddd2 | ITER: 30 START
2019-06-19 01:21:23.010 27322 INFO rally.task.runner [-] Task a5502b91-4ce6-4252-a25a-111f8e69ddd2 | ITER: 1 END: OK
2019-06-19 01:21:23.016 27322 INFO rally.task.runner [-] Task a5502b91-4ce6-4252-a25a-111f8e69ddd2 | ITER: 31 START
2019-06-19 01:21:23.026 27333 INFO rally.task.runner [-] Task a5502b91-4ce6-4252-a25a-111f8e69ddd2 | ITER: 10 END: OK
2019-06-19 01:21:23.031 27333 INFO rally.task.runner [-] Task a5502b91-4ce6-4252-a25a-111f8e69ddd2 | ITER: 32 START
2019-06-19 01:21:23.062 27359 INFO rally.task.runner [-] Task a5502b91-4ce6-4252-a25a-111f8e69ddd2 | ITER: 18 END: OK
2019-06-19 01:21:23.068 27359 INFO rally.task.runner [-] Task a5502b91-4ce6-4252-a25a-111f8e69ddd2 | ITER: 33 START
2019-06-19 01:21:23.074 27367 INFO rally.task.runner [-] Task a5502b91-4ce6-4252-a25a-111f8e69ddd2 | ITER: 20 END: OK
2019-06-19 01:21:23.081 27324 INFO rally.task.runner [-] Task a5502b91-4ce6-4252-a25a-111f8e69ddd2 | ITER: 8 END: OK
2019-06-19 01:21:23.082 27367 INFO rally.task.runner [-] Task a5502b91-4ce6-4252-a25a-111f8e69ddd2 | ITER: 34 START
2019-06-19 01:21:23.086 27324 INFO rally.task.runner [-] Task a5502b91-4ce6-4252-a25a-111f8e69ddd2 | ITER: 35 START
2019-06-19 01:21:23.115 27344 INFO rally.task.runner [-] Task a5502b91-4ce6-4252-a25a-111f8e69ddd2 | ITER: 13 END: OK
2019-06-19 01:21:23.120 27344 INFO rally.task.runner [-] Task a5502b91-4ce6-4252-a25a-111f8e69ddd2 | ITER: 36 START
2019-06-19 01:21:23.125 27325 INFO rally.task.runner [-] Task a5502b91-4ce6-4252-a25a-111f8e69ddd2 | ITER: 11 END: OK
2019-06-19 01:21:23.130 27325 INFO rally.task.runner [-] Task a5502b91-4ce6-4252-a25a-111f8e69ddd2 | ITER: 37 START
2019-06-19 01:21:23.140 27339 INFO rally.task.runner [-] Task a5502b91-4ce6-4252-a25a-111f8e69ddd2 | ITER: 12 END: OK
2019-06-19 01:21:23.145 27339 INFO rally.task.runner [-] Task a5502b91-4ce6-4252-a25a-111f8e69ddd2 | ITER: 38 START
2019-06-19 01:21:23.158 27352 INFO rally.task.runner [-] Task a5502b91-4ce6-4252-a25a-111f8e69ddd2 | ITER: 15 END: OK
2019-06-19 01:21:23.163 27364 INFO rally.task.runner [-] Task a5502b91-4ce6-4252-a25a-111f8e69ddd2 | ITER: 19 END: OK
2019-06-19 01:21:23.163 27352 INFO rally.task.runner [-] Task a5502b91-4ce6-4252-a25a-111f8e69ddd2 | ITER: 39 START
2019-06-19 01:21:23.167 27364 INFO rally.task.runner [-] Task a5502b91-4ce6-4252-a25a-111f8e69ddd2 | ITER: 40 START
2019-06-19 01:21:23.418 27322 INFO rally.task.runner [-] Task a5502b91-4ce6-4252-a25a-111f8e69ddd2 | ITER: 21 END: OK
2019-06-19 01:21:23.687 27324 INFO rally.task.runner [-] Task a5502b91-4ce6-4252-a25a-111f8e69ddd2 | ITER: 22 END: OK
2019-06-19 01:21:23.758 27326 INFO rally.task.runner [-] Task a5502b91-4ce6-4252-a25a-111f8e69ddd2 | ITER: 23 END: OK
2019-06-19 01:21:24.313 27358 INFO rally.task.runner [-] Task a5502b91-4ce6-4252-a25a-111f8e69ddd2 | ITER: 28 END: OK
2019-06-19 01:21:24.352 27323 INFO rally.task.runner [-] Task a5502b91-4ce6-4252-a25a-111f8e69ddd2 | ITER: 29 END: OK
2019-06-19 01:21:24.523 27329 INFO rally.task.runner [-] Task a5502b91-4ce6-4252-a25a-111f8e69ddd2 | ITER: 24 END: OK
2019-06-19 01:21:24.636 27355 INFO rally.task.runner [-] Task a5502b91-4ce6-4252-a25a-111f8e69ddd2 | ITER: 25 END: OK
2019-06-19 01:21:24.720 27325 INFO rally.task.runner [-] Task a5502b91-4ce6-4252-a25a-111f8e69ddd2 | ITER: 26 END: OK
2019-06-19 01:21:24.755 27323 INFO rally.task.runner [-] Task a5502b91-4ce6-4252-a25a-111f8e69ddd2 | ITER: 30 END: OK
2019-06-19 01:21:24.792 27350 INFO rally.task.runner [-] Task a5502b91-4ce6-4252-a25a-111f8e69ddd2 | ITER: 27 END: OK
2019-06-19 01:21:25.007 27322 INFO rally.task.runner [-] Task a5502b91-4ce6-4252-a25a-111f8e69ddd2 | ITER: 31 END: OK
2019-06-19 01:21:25.050 27324 INFO rally.task.runner [-] Task a5502b91-4ce6-4252-a25a-111f8e69ddd2 | ITER: 35 END: OK
2019-06-19 01:21:25.116 27367 INFO rally.task.runner [-] Task a5502b91-4ce6-4252-a25a-111f8e69ddd2 | ITER: 34 END: OK
2019-06-19 01:21:25.163 27325 INFO rally.task.runner [-] Task a5502b91-4ce6-4252-a25a-111f8e69ddd2 | ITER: 37 END: OK
2019-06-19 01:21:25.181 27333 INFO rally.task.runner [-] Task a5502b91-4ce6-4252-a25a-111f8e69ddd2 | ITER: 32 END: OK
2019-06-19 01:21:25.199 27364 INFO rally.task.runner [-] Task a5502b91-4ce6-4252-a25a-111f8e69ddd2 | ITER: 40 END: OK
2019-06-19 01:21:25.236 27339 INFO rally.task.runner [-] Task a5502b91-4ce6-4252-a25a-111f8e69ddd2 | ITER: 38 END: OK
2019-06-19 01:21:25.251 27359 INFO rally.task.runner [-] Task a5502b91-4ce6-4252-a25a-111f8e69ddd2 | ITER: 33 END: OK
2019-06-19 01:21:25.270 27344 INFO rally.task.runner [-] Task a5502b91-4ce6-4252-a25a-111f8e69ddd2 | ITER: 36 END: OK
2019-06-19 01:21:25.289 27352 INFO rally.task.runner [-] Task a5502b91-4ce6-4252-a25a-111f8e69ddd2 | ITER: 39 END: OK
2019-06-19 01:21:25.308 22706 INFO rally.task.context [-] Task a5502b91-4ce6-4252-a25a-111f8e69ddd2 | Context admin_cleanup@openstack cleanup() started
2019-06-19 01:21:25.311 22706 RALLYDEBUG rally_openstack.cleanup.manager [-] Cleaning up neutron quota objects
2019-06-19 01:21:30.223 22706 INFO rally.task.context [-] Task a5502b91-4ce6-4252-a25a-111f8e69ddd2 | Context admin_cleanup@openstack cleanup() finished in 4.91 sec
2019-06-19 01:21:30.223 22706 INFO rally.task.context [-] Task a5502b91-4ce6-4252-a25a-111f8e69ddd2 | Context users@openstack cleanup() started
2019-06-19 01:22:01.487 22706 INFO rally.task.context [-] Task a5502b91-4ce6-4252-a25a-111f8e69ddd2 | Context users@openstack cleanup() finished in 31.26 sec
2019-06-19 01:22:02.191 22706 INFO rally.task.engine [-] Load duration is: 5.011056
2019-06-19 01:22:02.192 22706 INFO rally.task.engine [-] Full runner duration is: 5.061824
2019-06-19 01:22:02.192 22706 INFO rally.task.engine [-] Full duration is: 47.552134
2019-06-19 01:22:02.450 22706 INFO rally.task.engine [-] Running workload: position = 0 config = { "version": 2, "title": "A cropped version of a bigger task.", "description": "Auto-generated task from a single workload (uuid=c612e726-a2d2-425b-9fc4-c21ced02d7d8)", "subtasks": [ { "title": "NeutronTrunks.create_and_list_trunk_subports", "description": "", "scenario": { "NeutronTrunks.create_and_list_trunk_subports": { "subport_count": 125 } }, "contexts": { "users": { "tenants": 1, "users_per_tenant": 1 }, "quotas": { "neutron": { "network": -1, "port": 1000 } } }, "runner": { "constant": { "times": 4, "concurrency": 4 } }, "hooks": [], "sla": { "failure_rate": { "max": 0 } } } ] }
2019-06-19 01:22:02.470 22706 RALLYDEBUG rally_openstack.contexts.keystone.users [-] Creating 1 tenants using 20 threads
2019-06-19 01:22:04.137 22706 RALLYDEBUG rally_openstack.contexts.keystone.users [-] Creating 1 users using 20 threads
2019-06-19 01:22:06.836 22706 INFO rally.task.context [-] Task a5502b91-4ce6-4252-a25a-111f8e69ddd2 | Context users@openstack setup() finished in 4.37 sec
2019-06-19 01:22:07.633 22706 INFO rally.task.context [-] Task a5502b91-4ce6-4252-a25a-111f8e69ddd2 | Context quotas@openstack setup() finished in 0.80 sec
2019-06-19 01:22:07.633 22706 INFO rally.task.context [-] Task a5502b91-4ce6-4252-a25a-111f8e69ddd2 | Context cleanup@openstack setup() finished in 0.01 msec
2019-06-19 01:22:07.641 22706 RALLYDEBUG rally.task.runner [-] Starting the constant runner (task UUID: a5502b91-4ce6-4252-a25a-111f8e69ddd2). timeout: 0 concurrency: 4 concurrency_per_worker: 1 times: 4 concurrency_overhead: 0 processes_to_start: 4 max_cpu_used: 16
2019-06-19 01:22:07.654 27512 RALLYDEBUG rally.task.runner [-] Starting a worker. concurrency: 1 args: {"subport_count": 125} times: 4 method_name: run timeout: 0 duration: None cls:
2019-06-19 01:22:07.658 27514 RALLYDEBUG rally.task.runner [-] Starting a worker. concurrency: 1 args: {"subport_count": 125} times: 4 method_name: run timeout: 0 duration: None cls:
2019-06-19 01:22:07.658 27513 RALLYDEBUG rally.task.runner [-] Starting a worker. concurrency: 1 args: {"subport_count": 125} times: 4 method_name: run timeout: 0 duration: None cls:
2019-06-19 01:22:07.659 27512 INFO rally.task.runner [-] Task a5502b91-4ce6-4252-a25a-111f8e69ddd2 | ITER: 1 START
2019-06-19 01:22:07.661 27514 INFO rally.task.runner [-] Task a5502b91-4ce6-4252-a25a-111f8e69ddd2 | ITER: 2 START
2019-06-19 01:22:07.661 27515 RALLYDEBUG rally.task.runner [-] Starting a worker. concurrency: 1 args: {"subport_count": 125} times: 4 method_name: run timeout: 0 duration: None cls:
2019-06-19 01:22:07.664 27515 INFO rally.task.runner [-] Task a5502b91-4ce6-4252-a25a-111f8e69ddd2 | ITER: 4 START
2019-06-19 01:22:07.664 27513 INFO rally.task.runner [-] Task a5502b91-4ce6-4252-a25a-111f8e69ddd2 | ITER: 3 START
2019-06-19 01:26:53.678 27515 DEBUG neutronclient.v2_0.client [-] Error message:

504 Gateway Time-out

The server didn't respond in time. _handle_fault_response /usr/lib/python2.7/site-packages/neutronclient/v2_0/client.py:259
2019-06-19 01:26:53.698 27515 ERROR rally.task.runner [-] Iteration 4 raised Exception: NeutronClientException:

504 Gateway Time-out

The server didn't respond in time.
2019-06-19 01:26:53.698 27515 ERROR rally.task.runner
Traceback (most recent call last):
2019-06-19 01:26:53.698 27515 ERROR rally.task.runner
File "/usr/lib/python2.7/site-packages/rally/task/runner.py", line 71, in _run_scenario_once
2019-06-19 01:26:53.698 27515 ERROR rally.task.runner getattr(scenario_inst, method_name)(**scenario_kwargs)
2019-06-19 01:26:53.698 27515 ERROR rally.task.runner
File "/root/.rally/plugins/trunk_scenario.py", line 41, in run
2019-06-19 01:26:53.698 27515 ERROR rally.task.runner trunk = self._create_trunk(trunk_payload)
2019-06-19 01:26:53.698 27515 ERROR rally.task.runner
File "/usr/lib/python2.7/site-packages/rally/task/atomic.py", line 91, in func_atomic_actions
2019-06-19 01:26:53.698 27515 ERROR rally.task.runner f = func(self, *args, **kwargs)
2019-06-19 01:26:53.698 27515 ERROR rally.task.runner
File "/root/.rally/plugins/trunk_scenario.py", line 53, in _create_trunk
2019-06-19 01:26:53.698 27515 ERROR rally.task.runner return self.clients("neutron").create_trunk({'trunk': trunk_payload})
2019-06-19 01:26:53.698 27515 ERROR rally.task.runner
File "/usr/lib/python2.7/site-packages/neutronclient/v2_0/client.py", line 2091, in create_trunk
2019-06-19 01:26:53.698 27515 ERROR rally.task.runner return self.post(self.trunks_path, body=body)
2019-06-19 01:26:53.698 27515 ERROR rally.task.runner
File "/usr/lib/python2.7/site-packages/neutronclient/v2_0/client.py", line 359, in post
2019-06-19 01:26:53.698 27515 ERROR rally.task.runner headers=headers, params=params)
2019-06-19 01:26:53.698 27515 ERROR rally.task.runner
File "/usr/lib/python2.7/site-packages/neutronclient/v2_0/client.py", line 294, in do_request
2019-06-19 01:26:53.698 27515 ERROR rally.task.runner self._handle_fault_response(status_code, replybody, resp)
2019-06-19 01:26:53.698 27515 ERROR rally.task.runner
File "/usr/lib/python2.7/site-packages/neutronclient/v2_0/client.py", line 269, in _handle_fault_response
2019-06-19 01:26:53.698 27515 ERROR rally.task.runner exception_handler_v20(status_code, error_body)
2019-06-19 01:26:53.698 27515 ERROR rally.task.runner
File "/usr/lib/python2.7/site-packages/neutronclient/v2_0/client.py", line 93, in exception_handler_v20
2019-06-19 01:26:53.698 27515 ERROR rally.task.runner request_ids=request_ids)
2019-06-19 01:26:53.698 27515 ERROR rally.task.runner NeutronClientException:

504 Gateway Time-out

2019-06-19 01:26:53.698 27515 ERROR rally.task.runner The server didn't respond in time.
2019-06-19 01:26:53.698 27515 ERROR rally.task.runner
2019-06-19 01:26:53.698 27515 ERROR rally.task.runner
2019-06-19 01:26:53.698 27515 ERROR rally.task.runner
2019-06-19 01:26:53.700 27515 INFO rally.task.runner [-] Task a5502b91-4ce6-4252-a25a-111f8e69ddd2 | ITER: 4 END: Error NeutronClientException:

504 Gateway Time-out

The server didn't respond in time.
2019-06-19 01:26:54.036 27514 DEBUG neutronclient.v2_0.client [-] Error message:

504 Gateway Time-out

The server didn't respond in time. _handle_fault_response /usr/lib/python2.7/site-packages/neutronclient/v2_0/client.py:259
2019-06-19 01:26:54.043 27514 ERROR rally.task.runner [-] Iteration 2 raised Exception: NeutronClientException:

504 Gateway Time-out

The server didn't respond in time.
2019-06-19 01:26:54.043 27514 ERROR rally.task.runner
Traceback (most recent call last):
2019-06-19 01:26:54.043 27514 ERROR rally.task.runner
File "/usr/lib/python2.7/site-packages/rally/task/runner.py", line 71, in _run_scenario_once
2019-06-19 01:26:54.043 27514 ERROR rally.task.runner getattr(scenario_inst, method_name)(**scenario_kwargs)
2019-06-19 01:26:54.043 27514 ERROR rally.task.runner
File "/root/.rally/plugins/trunk_scenario.py", line 41, in run
2019-06-19 01:26:54.043 27514 ERROR rally.task.runner trunk = self._create_trunk(trunk_payload)
2019-06-19 01:26:54.043 27514 ERROR rally.task.runner
File "/usr/lib/python2.7/site-packages/rally/task/atomic.py", line 91, in func_atomic_actions
2019-06-19 01:26:54.043 27514 ERROR rally.task.runner f = func(self, *args, **kwargs)
2019-06-19 01:26:54.043 27514 ERROR rally.task.runner
File "/root/.rally/plugins/trunk_scenario.py", line 53, in _create_trunk
2019-06-19 01:26:54.043 27514 ERROR rally.task.runner return self.clients("neutron").create_trunk({'trunk': trunk_payload})
2019-06-19 01:26:54.043 27514 ERROR rally.task.runner
File "/usr/lib/python2.7/site-packages/neutronclient/v2_0/client.py", line 2091, in create_trunk
2019-06-19 01:26:54.043 27514 ERROR rally.task.runner return self.post(self.trunks_path, body=body)
2019-06-19 01:26:54.043 27514 ERROR rally.task.runner
File "/usr/lib/python2.7/site-packages/neutronclient/v2_0/client.py", line 359, in post
2019-06-19 01:26:54.043 27514 ERROR rally.task.runner headers=headers, params=params)
2019-06-19 01:26:54.043 27514 ERROR rally.task.runner
File "/usr/lib/python2.7/site-packages/neutronclient/v2_0/client.py", line 294, in do_request
2019-06-19 01:26:54.043 27514 ERROR rally.task.runner self._handle_fault_response(status_code, replybody, resp)
2019-06-19 01:26:54.043 27514 ERROR rally.task.runner
File "/usr/lib/python2.7/site-packages/neutronclient/v2_0/client.py", line 269, in _handle_fault_response
2019-06-19 01:26:54.043 27514 ERROR rally.task.runner exception_handler_v20(status_code, error_body)
2019-06-19 01:26:54.043 27514 ERROR rally.task.runner
File "/usr/lib/python2.7/site-packages/neutronclient/v2_0/client.py", line 93, in exception_handler_v20
2019-06-19 01:26:54.043 27514 ERROR rally.task.runner request_ids=request_ids)
2019-06-19 01:26:54.043 27514 ERROR rally.task.runner NeutronClientException:

504 Gateway Time-out

2019-06-19 01:26:54.043 27514 ERROR rally.task.runner The server didn't respond in time.
2019-06-19 01:26:54.043 27514 ERROR rally.task.runner
2019-06-19 01:26:54.043 27514 ERROR rally.task.runner
2019-06-19 01:26:54.043 27514 ERROR rally.task.runner
2019-06-19 01:26:54.045 27514 INFO rally.task.runner [-] Task a5502b91-4ce6-4252-a25a-111f8e69ddd2 | ITER: 2 END: Error NeutronClientException:

504 Gateway Time-out

The server didn't respond in time.
2019-06-19 01:26:56.077 27513 DEBUG neutronclient.v2_0.client [-] Error message:

504 Gateway Time-out

The server didn't respond in time. _handle_fault_response /usr/lib/python2.7/site-packages/neutronclient/v2_0/client.py:259
2019-06-19 01:26:56.084 27513 ERROR rally.task.runner [-] Iteration 3 raised Exception: NeutronClientException:

504 Gateway Time-out

The server didn't respond in time.
2019-06-19 01:26:56.084 27513 ERROR rally.task.runner
Traceback (most recent call last):
2019-06-19 01:26:56.084 27513 ERROR rally.task.runner
File "/usr/lib/python2.7/site-packages/rally/task/runner.py", line 71, in _run_scenario_once
2019-06-19 01:26:56.084 27513 ERROR rally.task.runner getattr(scenario_inst, method_name)(**scenario_kwargs)
2019-06-19 01:26:56.084 27513 ERROR rally.task.runner
File "/root/.rally/plugins/trunk_scenario.py", line 41, in run
2019-06-19 01:26:56.084 27513 ERROR rally.task.runner trunk = self._create_trunk(trunk_payload)
2019-06-19 01:26:56.084 27513 ERROR rally.task.runner
File "/usr/lib/python2.7/site-packages/rally/task/atomic.py", line 91, in func_atomic_actions
2019-06-19 01:26:56.084 27513 ERROR rally.task.runner f = func(self, *args, **kwargs)
2019-06-19 01:26:56.084 27513 ERROR rally.task.runner
File "/root/.rally/plugins/trunk_scenario.py", line 53, in _create_trunk
2019-06-19 01:26:56.084 27513 ERROR rally.task.runner return self.clients("neutron").create_trunk({'trunk': trunk_payload})
2019-06-19 01:26:56.084 27513 ERROR rally.task.runner
File "/usr/lib/python2.7/site-packages/neutronclient/v2_0/client.py", line 2091, in create_trunk
2019-06-19 01:26:56.084 27513 ERROR rally.task.runner return self.post(self.trunks_path, body=body)
2019-06-19 01:26:56.084 27513 ERROR rally.task.runner
File "/usr/lib/python2.7/site-packages/neutronclient/v2_0/client.py", line 359, in post
2019-06-19 01:26:56.084 27513 ERROR rally.task.runner headers=headers, params=params)
2019-06-19 01:26:56.084 27513 ERROR rally.task.runner
File "/usr/lib/python2.7/site-packages/neutronclient/v2_0/client.py", line 294, in do_request
2019-06-19 01:26:56.084 27513 ERROR rally.task.runner self._handle_fault_response(status_code, replybody, resp)
2019-06-19 01:26:56.084 27513 ERROR rally.task.runner
File "/usr/lib/python2.7/site-packages/neutronclient/v2_0/client.py", line 269, in _handle_fault_response
2019-06-19 01:26:56.084 27513 ERROR rally.task.runner exception_handler_v20(status_code, error_body)
2019-06-19 01:26:56.084 27513 ERROR rally.task.runner
File "/usr/lib/python2.7/site-packages/neutronclient/v2_0/client.py", line 93, in exception_handler_v20
2019-06-19 01:26:56.084 27513 ERROR rally.task.runner request_ids=request_ids)
2019-06-19 01:26:56.084 27513 ERROR rally.task.runner NeutronClientException:

504 Gateway Time-out

2019-06-19 01:26:56.084 27513 ERROR rally.task.runner The server didn't respond in time.
2019-06-19 01:26:56.084 27513 ERROR rally.task.runner
2019-06-19 01:26:56.084 27513 ERROR rally.task.runner
2019-06-19 01:26:56.084 27513 ERROR rally.task.runner
2019-06-19 01:26:56.085 27513 INFO rally.task.runner [-] Task a5502b91-4ce6-4252-a25a-111f8e69ddd2 | ITER: 3 END: Error NeutronClientException:

504 Gateway Time-out

The server didn't respond in time.
2019-06-19 01:26:56.131 27512 DEBUG neutronclient.v2_0.client [-] Error message:

504 Gateway Time-out

The server didn't respond in time. _handle_fault_response /usr/lib/python2.7/site-packages/neutronclient/v2_0/client.py:259
2019-06-19 01:26:56.138 27512 ERROR rally.task.runner [-] Iteration 1 raised Exception: NeutronClientException:

504 Gateway Time-out

The server didn't respond in time.
2019-06-19 01:26:56.138 27512 ERROR rally.task.runner
Traceback (most recent call last):
2019-06-19 01:26:56.138 27512 ERROR rally.task.runner
File "/usr/lib/python2.7/site-packages/rally/task/runner.py", line 71, in _run_scenario_once
2019-06-19 01:26:56.138 27512 ERROR rally.task.runner getattr(scenario_inst, method_name)(**scenario_kwargs)
2019-06-19 01:26:56.138 27512 ERROR rally.task.runner
File "/root/.rally/plugins/trunk_scenario.py", line 41, in run
2019-06-19 01:26:56.138 27512 ERROR rally.task.runner trunk = self._create_trunk(trunk_payload)
2019-06-19 01:26:56.138 27512 ERROR rally.task.runner
File "/usr/lib/python2.7/site-packages/rally/task/atomic.py", line 91, in func_atomic_actions
2019-06-19 01:26:56.138 27512 ERROR rally.task.runner f = func(self, *args, **kwargs)
2019-06-19 01:26:56.138 27512 ERROR rally.task.runner
File "/root/.rally/plugins/trunk_scenario.py", line 53, in _create_trunk
2019-06-19 01:26:56.138 27512 ERROR rally.task.runner return self.clients("neutron").create_trunk({'trunk': trunk_payload})
2019-06-19 01:26:56.138 27512 ERROR rally.task.runner
File "/usr/lib/python2.7/site-packages/neutronclient/v2_0/client.py", line 2091, in create_trunk
2019-06-19 01:26:56.138 27512 ERROR rally.task.runner return self.post(self.trunks_path, body=body)
2019-06-19 01:26:56.138 27512 ERROR rally.task.runner
File "/usr/lib/python2.7/site-packages/neutronclient/v2_0/client.py", line 359, in post
2019-06-19 01:26:56.138 27512 ERROR rally.task.runner headers=headers, params=params)
2019-06-19 01:26:56.138 27512 ERROR rally.task.runner
File "/usr/lib/python2.7/site-packages/neutronclient/v2_0/client.py", line 294, in do_request
2019-06-19 01:26:56.138 27512 ERROR rally.task.runner self._handle_fault_response(status_code, replybody, resp)
2019-06-19 01:26:56.138 27512 ERROR rally.task.runner
File "/usr/lib/python2.7/site-packages/neutronclient/v2_0/client.py", line 269, in _handle_fault_response
2019-06-19 01:26:56.138 27512 ERROR rally.task.runner exception_handler_v20(status_code, error_body)
2019-06-19 01:26:56.138 27512 ERROR rally.task.runner
File "/usr/lib/python2.7/site-packages/neutronclient/v2_0/client.py", line 93, in exception_handler_v20
2019-06-19 01:26:56.138 27512 ERROR rally.task.runner request_ids=request_ids)
2019-06-19 01:26:56.138 27512 ERROR rally.task.runner NeutronClientException:

504 Gateway Time-out

2019-06-19 01:26:56.138 27512 ERROR rally.task.runner The server didn't respond in time.
2019-06-19 01:26:56.138 27512 ERROR rally.task.runner
2019-06-19 01:26:56.138 27512 ERROR rally.task.runner
2019-06-19 01:26:56.138 27512 ERROR rally.task.runner
2019-06-19 01:26:56.140 27512 INFO rally.task.runner [-] Task a5502b91-4ce6-4252-a25a-111f8e69ddd2 | ITER: 1 END: Error NeutronClientException:

504 Gateway Time-out

The server didn't respond in time.
2019-06-19 01:26:56.167 22706 INFO rally.task.context [-] Task a5502b91-4ce6-4252-a25a-111f8e69ddd2 | Context cleanup@openstack cleanup() started
2019-06-19 01:26:56.170 22706 RALLYDEBUG rally_openstack.cleanup.manager [-] Cleaning up neutron vip objects
2019-06-19 01:26:56.927 22706 RALLYDEBUG rally_openstack.cleanup.manager [-] Cleaning up neutron health_monitor objects
2019-06-19 01:26:57.663 22706 RALLYDEBUG rally_openstack.cleanup.manager [-] Cleaning up neutron pool objects
2019-06-19 01:26:58.449 22706 RALLYDEBUG rally_openstack.cleanup.manager [-] Cleaning up neutron loadbalancer objects
2019-06-19 01:26:59.179 22706 RALLYDEBUG rally_openstack.cleanup.manager [-] Cleaning up neutron floatingip objects
2019-06-19 01:27:00.380 22706 RALLYDEBUG rally_openstack.cleanup.manager [-] Cleaning up neutron port objects
2019-06-19 01:27:03.030 22706 RALLYDEBUG rally_openstack.cleanup.manager [-] Deleting neutron.port object s_rally_c612e726_IueJ8a1X (006a7c49-799b-4b1e-8244-80733a129aea)
2019-06-19 01:27:03.031 22706 RALLYDEBUG rally_openstack.cleanup.manager [-] Deleting neutron.port object s_rally_c612e726_8dWLaIGu (0005ae4e-d15b-4e52-a99f-e5416fb4bc1a)
2019-06-19 01:27:03.035 22706 RALLYDEBUG rally_openstack.cleanup.manager [-] Deleting neutron.port object s_rally_c612e726_eC7bwhCM (01df1605-b053-42b0-8844-c8b11eeaacac)
2019-06-19 01:27:03.043 22706 RALLYDEBUG rally_openstack.cleanup.manager [-] Deleting neutron.port object s_rally_c612e726_gqb9Eezh (027d95ef-20c8-4fb6-a70e-5e62cb302f7f)
2019-06-19 01:27:03.044 22706 RALLYDEBUG rally_openstack.cleanup.manager [-] Deleting neutron.port object s_rally_c612e726_GJbuo5Ue (0066193e-4dc4-4436-a5fc-7c1272a0921c)
2019-06-19 01:27:03.045 22706 RALLYDEBUG rally_openstack.cleanup.manager [-] Deleting neutron.port object s_rally_c612e726_d2vlxhtS (016ffd79-ec4f-4649-8b78-28935068092d)
2019-06-19 01:27:03.050 22706 RALLYDEBUG rally_openstack.cleanup.manager [-] Deleting neutron.port object s_rally_c612e726_x4iBQXWa (027e271e-7bdc-409e-8ec8-c9582ed4e97c)
2019-06-19 01:27:03.059 22706 RALLYDEBUG rally_openstack.cleanup.manager [-] Deleting neutron.port object s_rally_c612e726_oEw9OkCp (0339d2a6-2ceb-4185-9cc0-7c3aba6664fe)
2019-06-19 01:27:03.063 22706 RALLYDEBUG rally_openstack.cleanup.manager [-] Deleting neutron.port object s_rally_c612e726_ynuOFXp6 (03b9d705-7d65-463b-a053-2d0b7be304d5)
2019-06-19 01:27:03.080 22706 RALLYDEBUG rally_openstack.cleanup.manager [-] Deleting neutron.port object s_rally_c612e726_BHjE4XW6 (04057f0a-3509-4000-ae71-f23e1643b627)
2019-06-19 01:27:03.094 22706 RALLYDEBUG rally_openstack.cleanup.manager [-] Deleting neutron.port object s_rally_c612e726_xlivYjSX (051dc623-5481-4ef4-aaae-0b466a876b0b)
2019-06-19 01:27:03.102 22706 RALLYDEBUG rally_openstack.cleanup.manager [-] Deleting neutron.port object s_rally_c612e726_DCg3xkUs (055c8611-bd6e-4c1e-90c4-1f5d4610719c)
2019-06-19 01:27:03.116 22706 RALLYDEBUG rally_openstack.cleanup.manager [-] Deleting neutron.port object s_rally_c612e726_rYZeS9US (05c1f98c-419e-4ab0-b674-2db1bf6b3bfc)
2019-06-19 01:27:03.131 22706 RALLYDEBUG rally_openstack.cleanup.manager [-] Deleting neutron.port object s_rally_c612e726_AdJsRACh (05ca9b79-aae0-41a3-9f60-6297dde1882a)
2019-06-19 01:27:03.143 22706 RALLYDEBUG rally_openstack.cleanup.manager [-] Deleting neutron.port object s_rally_c612e726_OPVJLpLW (065d5410-efee-45bc-a586-74d89decb0cd)
2019-06-19 01:27:03.158 22706 RALLYDEBUG rally_openstack.cleanup.manager [-] Deleting neutron.port object s_rally_c612e726_1pLE6Ot1 (06cf7619-0022-401a-ac5c-c34bc2a58e03)
2019-06-19 01:27:03.168 22706 RALLYDEBUG rally_openstack.cleanup.manager [-] Deleting neutron.port object s_rally_c612e726_fBHPXHVS (07a845f2-1e4a-49a9-99cb-68853c43e784)
2019-06-19 01:27:03.177 22706 RALLYDEBUG rally_openstack.cleanup.manager [-] Deleting neutron.port object s_rally_c612e726_5WZaTJHu (08554226-c876-4ad2-b3a3-f350d8ca8f87)
2019-06-19 01:27:03.185 22706 RALLYDEBUG rally_openstack.cleanup.manager [-] Deleting neutron.port object s_rally_c612e726_QTxWsCM8 (08ea0ff9-3fe5-4e3d-a32c-8b5d6c2ee0ce)
2019-06-19 01:27:03.192 22706 RALLYDEBUG rally_openstack.cleanup.manager [-] Deleting neutron.port object s_rally_c612e726_JwWhAEVJ (092a726f-8de4-496e-97cb-0f68b3017d39)
2019-06-19 01:27:04.102 22706 DEBUG neutronclient.v2_0.client [-] Error message: {"NeutronError": {"message": "Port 01df1605-b053-42b0-8844-c8b11eeaacac is currently a subport for trunk cd784e1a-3f5b-4f03-8862-ff58005289f9.", "type": "PortInUseAsSubPort", "detail": ""}} _handle_fault_response /usr/lib/python2.7/site-packages/neutronclient/v2_0/client.py:259
2019-06-19 01:27:04.183 22706 DEBUG neutronclient.v2_0.client [-] Error message: {"NeutronError": {"message": "Port 065d5410-efee-45bc-a586-74d89decb0cd is currently a subport for trunk cd784e1a-3f5b-4f03-8862-ff58005289f9.", "type": "PortInUseAsSubPort", "detail": ""}} _handle_fault_response /usr/lib/python2.7/site-packages/neutronclient/v2_0/client.py:259
2019-06-19 01:27:04.222 22706 DEBUG neutronclient.v2_0.client [-] Error message: {"NeutronError": {"message": "Port 05c1f98c-419e-4ab0-b674-2db1bf6b3bfc is currently a subport for trunk cd784e1a-3f5b-4f03-8862-ff58005289f9.", "type": "PortInUseAsSubPort", "detail": ""}} _handle_fault_response /usr/lib/python2.7/site-packages/neutronclient/v2_0/client.py:259
2019-06-19 01:27:04.250 22706 DEBUG neutronclient.v2_0.client [-] Error message: {"NeutronError": {"message": "Port 08554226-c876-4ad2-b3a3-f350d8ca8f87 is currently a subport for trunk cd784e1a-3f5b-4f03-8862-ff58005289f9.", "type": "PortInUseAsSubPort", "detail": ""}} _handle_fault_response /usr/lib/python2.7/site-packages/neutronclient/v2_0/client.py:259
2019-06-19 01:27:04.267 22706 DEBUG neutronclient.v2_0.client [-] Error message: {"NeutronError": {"message": "Port 0066193e-4dc4-4436-a5fc-7c1272a0921c is currently a subport for trunk 2e3c9cbf-7e8b-4201-8ac0-6865f7b0b47e.", "type": "PortInUseAsSubPort", "detail": ""}} _handle_fault_response /usr/lib/python2.7/site-packages/neutronclient/v2_0/client.py:259
2019-06-19 01:27:04.296 22706 DEBUG neutronclient.v2_0.client [-] Error message: {"NeutronError": {"message": "Port 0339d2a6-2ceb-4185-9cc0-7c3aba6664fe is currently a subport for trunk ecc7ded9-5375-4ce6-9d5a-395eaf4ef0a8.", "type": "PortInUseAsSubPort", "detail": ""}} _handle_fault_response /usr/lib/python2.7/site-packages/neutronclient/v2_0/client.py:259
2019-06-19 01:27:04.298 22706 DEBUG neutronclient.v2_0.client [-] Error message: {"NeutronError": {"message": "Port 027e271e-7bdc-409e-8ec8-c9582ed4e97c is currently a subport for trunk 9071046d-08f2-46f8-8e17-eae529e79d8a.", "type": "PortInUseAsSubPort", "detail": ""}} _handle_fault_response /usr/lib/python2.7/site-packages/neutronclient/v2_0/client.py:259
2019-06-19 01:27:04.300 22706 DEBUG neutronclient.v2_0.client [-] Error message: {"NeutronError": {"message": "Port 05ca9b79-aae0-41a3-9f60-6297dde1882a is currently a subport for trunk 2e3c9cbf-7e8b-4201-8ac0-6865f7b0b47e.", "type": "PortInUseAsSubPort", "detail": ""}} _handle_fault_response /usr/lib/python2.7/site-packages/neutronclient/v2_0/client.py:259
