2019-06-19 01:01:44.787 22697 RALLYDEBUG rally.api [-] INFO logs from urllib3 and requests module are hide.
2019-06-19 01:01:44.787 22697 RALLYDEBUG rally.api [-] urllib3 insecure warnings are hidden.
2019-06-19 01:01:44.787 22697 RALLYDEBUG rally.api [-] ERROR log from boto module is hide.
2019-06-19 01:01:47.134 22699 RALLYDEBUG rally.api [-] INFO logs from urllib3 and requests module are hide.
2019-06-19 01:01:47.135 22699 RALLYDEBUG rally.api [-] urllib3 insecure warnings are hidden.
2019-06-19 01:01:47.135 22699 RALLYDEBUG rally.api [-] ERROR log from boto module is hide.
2019-06-19 01:01:48.443 22699 WARNING rally_openstack.platforms.existing [-] endpoint is deprecated and not used.
2019-06-19 01:01:49.358 22701 RALLYDEBUG rally.api [-] INFO logs from urllib3 and requests module are hide.
2019-06-19 01:01:49.358 22701 RALLYDEBUG rally.api [-] urllib3 insecure warnings are hidden.
2019-06-19 01:01:49.359 22701 RALLYDEBUG rally.api [-] ERROR log from boto module is hide.
2019-06-19 01:01:52.794 22704 RALLYDEBUG rally.api [-] INFO logs from urllib3 and requests module are hide.
2019-06-19 01:01:52.794 22704 RALLYDEBUG rally.api [-] urllib3 insecure warnings are hidden.
2019-06-19 01:01:52.794 22704 RALLYDEBUG rally.api [-] ERROR log from boto module is hide.
2019-06-19 01:01:54.802 22706 RALLYDEBUG rally.api [-] INFO logs from urllib3 and requests module are hide.
2019-06-19 01:01:54.802 22706 RALLYDEBUG rally.api [-] urllib3 insecure warnings are hidden.
2019-06-19 01:01:54.802 22706 RALLYDEBUG rally.api [-] ERROR log from boto module is hide.
2019-06-19 01:01:55.822 22706 INFO rally.common.plugin.discover [-] Loading plugins from directories /root/.rally/plugins/*
2019-06-19 01:01:55.823 22706 INFO rally.common.plugin.discover [-] Loaded module with plugins: /root/.rally/plugins/__init__.py
2019-06-19 01:01:55.825 22706 INFO rally.common.plugin.discover [-] Loaded module with plugins: /root/.rally/plugins/trunk_scenario.py
2019-06-19 01:01:56.032 22706 INFO rally.task.engine [-] Task a5502b91-4ce6-4252-a25a-111f8e69ddd2 | Starting: Task validation.
2019-06-19 01:01:56.073 22706 INFO rally.task.engine [-] Task a5502b91-4ce6-4252-a25a-111f8e69ddd2 | Starting: Task validation of syntax.
2019-06-19 01:01:56.280 22706 INFO rally.task.engine [-] Task a5502b91-4ce6-4252-a25a-111f8e69ddd2 | Completed: Task validation of syntax.
2019-06-19 01:01:56.281 22706 INFO rally.task.engine [-] Task a5502b91-4ce6-4252-a25a-111f8e69ddd2 | Starting: Task validation of required platforms.
2019-06-19 01:01:56.339 22706 INFO rally.task.engine [-] Task a5502b91-4ce6-4252-a25a-111f8e69ddd2 | Completed: Task validation of required platforms.
2019-06-19 01:01:56.339 22706 INFO rally.task.engine [-] Task a5502b91-4ce6-4252-a25a-111f8e69ddd2 | Starting: Task validation of semantic.
2019-06-19 01:01:56.339 22706 INFO rally.task.engine [-] Check health of the environment '850115e4-783b-4313-8d20-5e1aa47d060b'.
2019-06-19 01:01:57.168 22706 INFO rally.task.engine [-] Platform existing@openstack (available: True): OK!
2019-06-19 01:01:57.186 22706 RALLYDEBUG rally_openstack.contexts.keystone.users [-] Creating 1 tenants using 20 threads
2019-06-19 01:01:59.130 22706 RALLYDEBUG rally_openstack.contexts.keystone.users [-] Creating 1 users using 20 threads
2019-06-19 01:02:01.952 22706 INFO rally.task.context [-] Task a5502b91-4ce6-4252-a25a-111f8e69ddd2 | Context users@openstack setup() finished in 4.77 sec
2019-06-19 01:02:08.240 22706 INFO rally.task.context [-] Task a5502b91-4ce6-4252-a25a-111f8e69ddd2 | Context users@openstack cleanup() started
2019-06-19 01:02:13.552 22706 INFO rally.task.context [-] Task a5502b91-4ce6-4252-a25a-111f8e69ddd2 | Context users@openstack cleanup() finished in 5.31 sec
2019-06-19 01:02:13.553 22706 INFO rally.task.engine [-] Task a5502b91-4ce6-4252-a25a-111f8e69ddd2 | Completed: Task validation of semantic.
2019-06-19 01:02:13.553 22706 INFO rally.task.engine [-] Task a5502b91-4ce6-4252-a25a-111f8e69ddd2 | Completed: Task validation.
2019-06-19 01:02:13.553 22706 INFO rally.api [-] Task a5502b91-4ce6-4252-a25a-111f8e69ddd2 input file is valid.
2019-06-19 01:02:13.554 22706 INFO rally.api [-] Run Task a5502b91-4ce6-4252-a25a-111f8e69ddd2 against Deployment 850115e4-783b-4313-8d20-5e1aa47d060b
2019-06-19 01:02:13.554 22706 INFO rally.task.engine [-] Task a5502b91-4ce6-4252-a25a-111f8e69ddd2 | Starting: Running task.
2019-06-19 01:02:13.686 22706 INFO rally.task.engine [-] Running workload: position = 0 config = { "version": 2, "title": "A cropped version of a bigger task.", "description": "Auto-generated task from a single workload (uuid=4fe0c86d-6d8c-44c6-b397-e4c2dfab4333)", "subtasks": [ { "title": "NeutronNetworks.create_and_list_networks", "description": "Check performance of list_networks action and ensure > network quotas are not exceeded", "scenario": { "NeutronNetworks.create_and_list_networks": {} }, "contexts": { "users": { "tenants": 1, "users_per_tenant": 1 }, "quotas": { "neutron": { "network": 119 } } }, "runner": { "constant": { "times": 100, "concurrency": 20 } }, "hooks": [], "sla": { "max_avg_duration_per_atomic": { "neutron.list_networks": 15 }, "failure_rate": { "max": 0 } } } ] }
2019-06-19 01:02:13.707 22706 RALLYDEBUG rally_openstack.contexts.keystone.users [-] Creating 1 tenants using 20 threads
2019-06-19 01:02:15.608 22706 RALLYDEBUG rally_openstack.contexts.keystone.users [-] Creating 1 users using 20 threads
2019-06-19 01:02:18.559 22706 INFO rally.task.context [-] Task a5502b91-4ce6-4252-a25a-111f8e69ddd2 | Context users@openstack setup() finished in 4.85 sec
2019-06-19 01:02:19.758 22706 INFO rally.task.context [-] Task a5502b91-4ce6-4252-a25a-111f8e69ddd2 | Context quotas@openstack setup() finished in 1.20 sec
2019-06-19 01:02:19.758 22706 INFO rally.task.context [-] Task a5502b91-4ce6-4252-a25a-111f8e69ddd2 | Context cleanup@openstack setup() finished in 0.01 msec
2019-06-19 01:02:19.765 22706 RALLYDEBUG rally.task.runner [-] Starting the constant runner (task UUID: a5502b91-4ce6-4252-a25a-111f8e69ddd2). timeout: 0 concurrency: 20 concurrency_per_worker: 1 times: 100 concurrency_overhead: 4 processes_to_start: 16 max_cpu_used: 16
2019-06-19 01:02:19.783 22830 RALLYDEBUG rally.task.runner [-] Starting a worker. concurrency: 2 args: {} times: 100 method_name: run timeout: 0 duration: None cls:
2019-06-19 01:02:19.786 22831 RALLYDEBUG rally.task.runner [-] Starting a worker. concurrency: 2 args: {} times: 100 method_name: run timeout: 0 duration: None cls:
2019-06-19 01:02:19.789 22832 RALLYDEBUG rally.task.runner [-] Starting a worker. concurrency: 2 args: {} times: 100 method_name: run timeout: 0 duration: None cls:
2019-06-19 01:02:19.789 22830 INFO rally.task.runner [-] Task a5502b91-4ce6-4252-a25a-111f8e69ddd2 | ITER: 1 START
2019-06-19 01:02:19.792 22835 RALLYDEBUG rally.task.runner [-] Starting a worker. concurrency: 2 args: {} times: 100 method_name: run timeout: 0 duration: None cls:
2019-06-19 01:02:19.793 22831 INFO rally.task.runner [-] Task a5502b91-4ce6-4252-a25a-111f8e69ddd2 | ITER: 3 START
2019-06-19 01:02:19.790 22830 INFO rally.task.runner [-] Task a5502b91-4ce6-4252-a25a-111f8e69ddd2 | ITER: 2 START
2019-06-19 01:02:19.796 22832 INFO rally.task.runner [-] Task a5502b91-4ce6-4252-a25a-111f8e69ddd2 | ITER: 5 START
2019-06-19 01:02:19.797 22839 RALLYDEBUG rally.task.runner [-] Starting a worker. concurrency: 1 args: {} times: 100 method_name: run timeout: 0 duration: None cls:
2019-06-19 01:02:19.799 22835 INFO rally.task.runner [-] Task a5502b91-4ce6-4252-a25a-111f8e69ddd2 | ITER: 7 START
2019-06-19 01:02:19.800 22831 INFO rally.task.runner [-] Task a5502b91-4ce6-4252-a25a-111f8e69ddd2 | ITER: 4 START
2019-06-19 01:02:19.801 22844 RALLYDEBUG rally.task.runner [-] Starting a worker. concurrency: 1 args: {} times: 100 method_name: run timeout: 0 duration: None cls:
2019-06-19 01:02:19.801 22832 INFO rally.task.runner [-] Task a5502b91-4ce6-4252-a25a-111f8e69ddd2 | ITER: 6 START
2019-06-19 01:02:19.802 22839 INFO rally.task.runner [-] Task a5502b91-4ce6-4252-a25a-111f8e69ddd2 | ITER: 9 START
2019-06-19 01:02:19.803 22848 RALLYDEBUG rally.task.runner [-] Starting a worker. concurrency: 1 args: {} times: 100 method_name: run timeout: 0 duration: None cls:
2019-06-19 01:02:19.806 22844 INFO rally.task.runner [-] Task a5502b91-4ce6-4252-a25a-111f8e69ddd2 | ITER: 10 START
2019-06-19 01:02:19.806 22835 INFO rally.task.runner [-] Task a5502b91-4ce6-4252-a25a-111f8e69ddd2 | ITER: 8 START
2019-06-19 01:02:19.808 22848 INFO rally.task.runner [-] Task a5502b91-4ce6-4252-a25a-111f8e69ddd2 | ITER: 11 START
2019-06-19 01:02:19.809 22851 RALLYDEBUG rally.task.runner [-] Starting a worker. concurrency: 1 args: {} times: 100 method_name: run timeout: 0 duration: None cls:
2019-06-19 01:02:19.813 22856 RALLYDEBUG rally.task.runner [-] Starting a worker. concurrency: 1 args: {} times: 100 method_name: run timeout: 0 duration: None cls:
2019-06-19 01:02:19.819 22856 INFO rally.task.runner [-] Task a5502b91-4ce6-4252-a25a-111f8e69ddd2 | ITER: 13 START
2019-06-19 01:02:19.819 22851 INFO rally.task.runner [-] Task a5502b91-4ce6-4252-a25a-111f8e69ddd2 | ITER: 12 START
2019-06-19 01:02:19.822 22859 RALLYDEBUG rally.task.runner [-] Starting a worker. concurrency: 1 args: {} times: 100 method_name: run timeout: 0 duration: None cls:
2019-06-19 01:02:19.827 22859 INFO rally.task.runner [-] Task a5502b91-4ce6-4252-a25a-111f8e69ddd2 | ITER: 14 START
2019-06-19 01:02:19.837 22864 RALLYDEBUG rally.task.runner [-] Starting a worker. concurrency: 1 args: {} times: 100 method_name: run timeout: 0 duration: None cls:
2019-06-19 01:02:19.840 22864 INFO rally.task.runner [-] Task a5502b91-4ce6-4252-a25a-111f8e69ddd2 | ITER: 15 START
2019-06-19 01:02:19.842 22865 RALLYDEBUG rally.task.runner [-] Starting a worker. concurrency: 1 args: {} times: 100 method_name: run timeout: 0 duration: None cls:
2019-06-19 01:02:19.844 22868 RALLYDEBUG rally.task.runner [-] Starting a worker. concurrency: 1 args: {} times: 100 method_name: run timeout: 0 duration: None cls:
2019-06-19 01:02:19.846 22865 INFO rally.task.runner [-] Task a5502b91-4ce6-4252-a25a-111f8e69ddd2 | ITER: 16 START
2019-06-19 01:02:19.846 22869 RALLYDEBUG rally.task.runner [-] Starting a worker. concurrency: 1 args: {} times: 100 method_name: run timeout: 0 duration: None cls:
2019-06-19 01:02:19.848 22868 INFO rally.task.runner [-] Task a5502b91-4ce6-4252-a25a-111f8e69ddd2 | ITER: 17 START
2019-06-19 01:02:19.849 22869 INFO rally.task.runner [-] Task a5502b91-4ce6-4252-a25a-111f8e69ddd2 | ITER: 18 START
2019-06-19 01:02:19.851 22872 RALLYDEBUG rally.task.runner [-] Starting a worker. concurrency: 1 args: {} times: 100 method_name: run timeout: 0 duration: None cls:
2019-06-19 01:02:19.853 22877 RALLYDEBUG rally.task.runner [-] Starting a worker. concurrency: 1 args: {} times: 100 method_name: run timeout: 0 duration: None cls:
2019-06-19 01:02:19.856 22877 INFO rally.task.runner [-] Task a5502b91-4ce6-4252-a25a-111f8e69ddd2 | ITER: 20 START
2019-06-19 01:02:19.856 22872 INFO rally.task.runner [-] Task a5502b91-4ce6-4252-a25a-111f8e69ddd2 | ITER: 19 START
2019-06-19 01:02:22.596 22864 INFO rally.task.runner [-] Task a5502b91-4ce6-4252-a25a-111f8e69ddd2 | ITER: 15 END: OK
2019-06-19 01:02:22.600 22864 INFO rally.task.runner [-] Task a5502b91-4ce6-4252-a25a-111f8e69ddd2 | ITER: 21 START
2019-06-19 01:02:22.623 22856 INFO rally.task.runner [-] Task a5502b91-4ce6-4252-a25a-111f8e69ddd2 | ITER: 13 END: OK
2019-06-19 01:02:22.626 22856 INFO rally.task.runner [-] Task a5502b91-4ce6-4252-a25a-111f8e69ddd2 | ITER: 22 START
2019-06-19 01:02:22.928 22868 INFO rally.task.runner [-] Task a5502b91-4ce6-4252-a25a-111f8e69ddd2 | ITER: 17 END: OK
2019-06-19 01:02:22.932 22868 INFO rally.task.runner [-] Task a5502b91-4ce6-4252-a25a-111f8e69ddd2 | ITER: 23 START
2019-06-19 01:02:22.968 22831 INFO rally.task.runner [-] Task a5502b91-4ce6-4252-a25a-111f8e69ddd2 | ITER: 3 END: OK
2019-06-19 01:02:22.971 22831 INFO rally.task.runner [-] Task a5502b91-4ce6-4252-a25a-111f8e69ddd2 | ITER: 24 START
2019-06-19 01:02:23.229 22831 INFO rally.task.runner [-] Task a5502b91-4ce6-4252-a25a-111f8e69ddd2 | ITER: 4 END: OK
2019-06-19 01:02:23.232 22831 INFO rally.task.runner [-] Task a5502b91-4ce6-4252-a25a-111f8e69ddd2 | ITER: 25 START
2019-06-19 01:02:23.367 22865 INFO rally.task.runner [-] Task a5502b91-4ce6-4252-a25a-111f8e69ddd2 | ITER: 16 END: OK
2019-06-19 01:02:23.370 22865 INFO rally.task.runner [-] Task a5502b91-4ce6-4252-a25a-111f8e69ddd2 | ITER: 26 START
2019-06-19 01:02:23.536 22848 INFO rally.task.runner [-] Task a5502b91-4ce6-4252-a25a-111f8e69ddd2 | ITER: 11 END: OK
2019-06-19 01:02:23.540 22848 INFO rally.task.runner [-] Task a5502b91-4ce6-4252-a25a-111f8e69ddd2 | ITER: 27 START
2019-06-19 01:02:23.584 22830 INFO rally.task.runner [-] Task a5502b91-4ce6-4252-a25a-111f8e69ddd2 | ITER: 1 END: OK
2019-06-19 01:02:23.588 22830 INFO rally.task.runner [-] Task a5502b91-4ce6-4252-a25a-111f8e69ddd2 | ITER: 28 START
2019-06-19 01:02:23.700 22851 INFO rally.task.runner [-] Task a5502b91-4ce6-4252-a25a-111f8e69ddd2 | ITER: 12 END: OK
2019-06-19 01:02:23.703 22851 INFO rally.task.runner [-] Task a5502b91-4ce6-4252-a25a-111f8e69ddd2 | ITER: 29 START
2019-06-19 01:02:23.864 22835 INFO rally.task.runner [-] Task a5502b91-4ce6-4252-a25a-111f8e69ddd2 | ITER: 7 END: OK
2019-06-19 01:02:23.867 22835 INFO rally.task.runner [-] Task a5502b91-4ce6-4252-a25a-111f8e69ddd2 | ITER: 30 START
2019-06-19 01:02:24.140 22832 INFO rally.task.runner [-] Task a5502b91-4ce6-4252-a25a-111f8e69ddd2 | ITER: 6 END: OK
2019-06-19 01:02:24.145 22832 INFO rally.task.runner [-] Task a5502b91-4ce6-4252-a25a-111f8e69ddd2 | ITER: 31 START
2019-06-19 01:02:24.369 22872 INFO rally.task.runner [-] Task a5502b91-4ce6-4252-a25a-111f8e69ddd2 | ITER: 19 END: OK
2019-06-19 01:02:24.373 22872 INFO rally.task.runner [-] Task a5502b91-4ce6-4252-a25a-111f8e69ddd2 | ITER: 32 START
2019-06-19 01:02:24.410 22877 INFO rally.task.runner [-] Task a5502b91-4ce6-4252-a25a-111f8e69ddd2 | ITER: 20 END: OK
2019-06-19 01:02:24.413 22877 INFO rally.task.runner [-] Task a5502b91-4ce6-4252-a25a-111f8e69ddd2 | ITER: 33 START
2019-06-19 01:02:24.432 22859 INFO rally.task.runner [-] Task a5502b91-4ce6-4252-a25a-111f8e69ddd2 | ITER: 14 END: OK
2019-06-19 01:02:24.435 22859 INFO rally.task.runner [-] Task a5502b91-4ce6-4252-a25a-111f8e69ddd2 | ITER: 34 START
2019-06-19 01:02:24.445 22835 INFO rally.task.runner [-] Task a5502b91-4ce6-4252-a25a-111f8e69ddd2 | ITER: 8 END: OK
2019-06-19 01:02:24.448 22835 INFO rally.task.runner [-] Task a5502b91-4ce6-4252-a25a-111f8e69ddd2 | ITER: 35 START
2019-06-19 01:02:24.596 22839 INFO rally.task.runner [-] Task a5502b91-4ce6-4252-a25a-111f8e69ddd2 | ITER: 9 END: OK
2019-06-19 01:02:24.599 22839 INFO rally.task.runner [-] Task a5502b91-4ce6-4252-a25a-111f8e69ddd2 | ITER: 36 START
2019-06-19 01:02:24.711 22832 INFO rally.task.runner [-] Task a5502b91-4ce6-4252-a25a-111f8e69ddd2 | ITER: 5 END: OK
2019-06-19 01:02:24.715 22832 INFO rally.task.runner [-] Task a5502b91-4ce6-4252-a25a-111f8e69ddd2 | ITER: 37 START
2019-06-19 01:02:24.736 22869 INFO rally.task.runner [-] Task a5502b91-4ce6-4252-a25a-111f8e69ddd2 | ITER: 18 END: OK
2019-06-19 01:02:24.739 22869 INFO rally.task.runner [-] Task a5502b91-4ce6-4252-a25a-111f8e69ddd2 | ITER: 38 START
2019-06-19 01:02:25.013 22844 INFO rally.task.runner [-] Task a5502b91-4ce6-4252-a25a-111f8e69ddd2 | ITER: 10 END: OK
2019-06-19 01:02:25.017 22844 INFO rally.task.runner [-] Task a5502b91-4ce6-4252-a25a-111f8e69ddd2 | ITER: 39 START
2019-06-19 01:02:25.148 22830 INFO rally.task.runner [-] Task a5502b91-4ce6-4252-a25a-111f8e69ddd2 | ITER: 2 END: OK
2019-06-19 01:02:25.151 22830 INFO rally.task.runner [-] Task a5502b91-4ce6-4252-a25a-111f8e69ddd2 | ITER: 40 START
2019-06-19 01:02:25.506 22864 INFO rally.task.runner [-] Task a5502b91-4ce6-4252-a25a-111f8e69ddd2 | ITER: 21 END: OK
2019-06-19 01:02:25.510 22864 INFO rally.task.runner [-] Task a5502b91-4ce6-4252-a25a-111f8e69ddd2 | ITER: 41 START
2019-06-19 01:02:25.810 22831 INFO rally.task.runner [-] Task a5502b91-4ce6-4252-a25a-111f8e69ddd2 | ITER: 24 END: OK
2019-06-19 01:02:25.814 22831 INFO rally.task.runner [-] Task a5502b91-4ce6-4252-a25a-111f8e69ddd2 | ITER: 42 START
2019-06-19 01:02:25.853 22865 INFO rally.task.runner [-] Task a5502b91-4ce6-4252-a25a-111f8e69ddd2 | ITER: 26 END: OK
2019-06-19 01:02:25.856 22865 INFO rally.task.runner [-] Task a5502b91-4ce6-4252-a25a-111f8e69ddd2 | ITER: 43 START
2019-06-19 01:02:25.929 22856 INFO rally.task.runner [-] Task a5502b91-4ce6-4252-a25a-111f8e69ddd2 | ITER: 22 END: OK
2019-06-19 01:02:25.933 22856 INFO rally.task.runner [-] Task a5502b91-4ce6-4252-a25a-111f8e69ddd2 | ITER: 44 START
2019-06-19 01:02:26.020 22868 INFO rally.task.runner [-] Task a5502b91-4ce6-4252-a25a-111f8e69ddd2 | ITER: 23 END: OK
2019-06-19 01:02:26.023 22868 INFO rally.task.runner [-] Task a5502b91-4ce6-4252-a25a-111f8e69ddd2 | ITER: 45 START
2019-06-19 01:02:26.422 22831 INFO rally.task.runner [-] Task a5502b91-4ce6-4252-a25a-111f8e69ddd2 | ITER: 25 END: OK
2019-06-19 01:02:26.426 22831 INFO rally.task.runner [-] Task a5502b91-4ce6-4252-a25a-111f8e69ddd2 | ITER: 46 START
2019-06-19 01:02:26.492 22848 INFO rally.task.runner [-] Task a5502b91-4ce6-4252-a25a-111f8e69ddd2 | ITER: 27 END: OK
2019-06-19 01:02:26.495 22848 INFO rally.task.runner [-] Task a5502b91-4ce6-4252-a25a-111f8e69ddd2 | ITER: 47 START
2019-06-19 01:02:26.833 22830 INFO rally.task.runner [-] Task a5502b91-4ce6-4252-a25a-111f8e69ddd2 | ITER: 28 END: OK
2019-06-19 01:02:26.836 22830 INFO rally.task.runner [-] Task a5502b91-4ce6-4252-a25a-111f8e69ddd2 | ITER: 48 START
2019-06-19 01:02:27.239 22851 INFO rally.task.runner [-] Task a5502b91-4ce6-4252-a25a-111f8e69ddd2 | ITER: 29 END: OK
2019-06-19 01:02:27.242 22851 INFO rally.task.runner [-] Task a5502b91-4ce6-4252-a25a-111f8e69ddd2 | ITER: 49 START
2019-06-19 01:02:27.387 22859 INFO rally.task.runner [-] Task a5502b91-4ce6-4252-a25a-111f8e69ddd2 | ITER: 34 END: OK
2019-06-19 01:02:27.390 22859 INFO rally.task.runner [-] Task a5502b91-4ce6-4252-a25a-111f8e69ddd2 | ITER: 50 START
2019-06-19 01:02:27.969 22877 INFO rally.task.runner [-] Task a5502b91-4ce6-4252-a25a-111f8e69ddd2 | ITER: 33 END: OK
2019-06-19 01:02:27.972 22877 INFO rally.task.runner [-] Task a5502b91-4ce6-4252-a25a-111f8e69ddd2 | ITER: 51 START
2019-06-19 01:02:28.321 22832 INFO rally.task.runner [-] Task a5502b91-4ce6-4252-a25a-111f8e69ddd2 | ITER: 31 END: OK
2019-06-19 01:02:28.324 22832 INFO rally.task.runner [-] Task a5502b91-4ce6-4252-a25a-111f8e69ddd2 | ITER: 52 START
2019-06-19 01:02:28.338 22835 INFO rally.task.runner [-] Task a5502b91-4ce6-4252-a25a-111f8e69ddd2 | ITER: 30 END: OK
2019-06-19 01:02:28.341 22835 INFO rally.task.runner [-] Task a5502b91-4ce6-4252-a25a-111f8e69ddd2 | ITER: 53 START
2019-06-19 01:02:28.347 22844 INFO rally.task.runner [-] Task a5502b91-4ce6-4252-a25a-111f8e69ddd2 | ITER: 39 END: OK
2019-06-19 01:02:28.348 22872 INFO rally.task.runner [-] Task a5502b91-4ce6-4252-a25a-111f8e69ddd2 | ITER: 32 END: OK
2019-06-19 01:02:28.350 22844 INFO rally.task.runner [-] Task a5502b91-4ce6-4252-a25a-111f8e69ddd2 | ITER: 54 START
2019-06-19 01:02:28.351 22872 INFO rally.task.runner [-] Task a5502b91-4ce6-4252-a25a-111f8e69ddd2 | ITER: 55 START
2019-06-19 01:02:28.593 22832 INFO rally.task.runner [-] Task a5502b91-4ce6-4252-a25a-111f8e69ddd2 | ITER: 37 END: OK
2019-06-19 01:02:28.595 22839 INFO rally.task.runner [-] Task a5502b91-4ce6-4252-a25a-111f8e69ddd2 | ITER: 36 END: OK
2019-06-19 01:02:28.596 22832 INFO rally.task.runner [-] Task a5502b91-4ce6-4252-a25a-111f8e69ddd2 | ITER: 56 START
2019-06-19 01:02:28.598 22839 INFO rally.task.runner [-] Task a5502b91-4ce6-4252-a25a-111f8e69ddd2 | ITER: 57 START
2019-06-19 01:02:28.824 22869 INFO rally.task.runner [-] Task a5502b91-4ce6-4252-a25a-111f8e69ddd2 | ITER: 38 END: OK
2019-06-19 01:02:28.827 22869 INFO rally.task.runner [-] Task a5502b91-4ce6-4252-a25a-111f8e69ddd2 | ITER: 58 START
2019-06-19 01:02:29.079 22864 INFO rally.task.runner [-] Task a5502b91-4ce6-4252-a25a-111f8e69ddd2 | ITER: 41 END: OK
2019-06-19 01:02:29.082 22864 INFO rally.task.runner [-] Task a5502b91-4ce6-4252-a25a-111f8e69ddd2 | ITER: 59 START
2019-06-19 01:02:29.087 22868 INFO rally.task.runner [-] Task a5502b91-4ce6-4252-a25a-111f8e69ddd2 | ITER: 45 END: OK
2019-06-19 01:02:29.091 22868 INFO rally.task.runner [-] Task a5502b91-4ce6-4252-a25a-111f8e69ddd2 | ITER: 60 START
2019-06-19 01:02:29.333 22865 INFO rally.task.runner [-] Task a5502b91-4ce6-4252-a25a-111f8e69ddd2 | ITER: 43 END: OK
2019-06-19 01:02:29.336 22865 INFO rally.task.runner [-] Task a5502b91-4ce6-4252-a25a-111f8e69ddd2 | ITER: 61 START
2019-06-19 01:02:29.460 22856 INFO rally.task.runner [-] Task a5502b91-4ce6-4252-a25a-111f8e69ddd2 | ITER: 44 END: OK
2019-06-19 01:02:29.463 22856 INFO rally.task.runner [-] Task a5502b91-4ce6-4252-a25a-111f8e69ddd2 | ITER: 62 START
2019-06-19 01:02:29.493 22835 INFO rally.task.runner [-] Task a5502b91-4ce6-4252-a25a-111f8e69ddd2 | ITER: 35 END: OK
2019-06-19 01:02:29.497 22835 INFO rally.task.runner [-] Task a5502b91-4ce6-4252-a25a-111f8e69ddd2 | ITER: 63 START
2019-06-19 01:02:29.636 22830 INFO rally.task.runner [-] Task a5502b91-4ce6-4252-a25a-111f8e69ddd2 | ITER: 40 END: OK
2019-06-19 01:02:29.640 22830 INFO rally.task.runner [-] Task a5502b91-4ce6-4252-a25a-111f8e69ddd2 | ITER: 64 START
2019-06-19 01:02:29.765 22831 INFO rally.task.runner [-] Task a5502b91-4ce6-4252-a25a-111f8e69ddd2 | ITER: 42 END: OK
2019-06-19 01:02:29.768 22831 INFO rally.task.runner [-] Task a5502b91-4ce6-4252-a25a-111f8e69ddd2 | ITER: 65 START
2019-06-19 01:02:30.090 22831 INFO rally.task.runner [-] Task a5502b91-4ce6-4252-a25a-111f8e69ddd2 | ITER: 46 END: OK
2019-06-19 01:02:30.093 22831 INFO rally.task.runner [-] Task a5502b91-4ce6-4252-a25a-111f8e69ddd2 | ITER: 66 START
2019-06-19 01:02:30.134 22859 INFO rally.task.runner [-] Task a5502b91-4ce6-4252-a25a-111f8e69ddd2 | ITER: 50 END: OK
2019-06-19 01:02:30.137 22859 INFO rally.task.runner [-] Task a5502b91-4ce6-4252-a25a-111f8e69ddd2 | ITER: 67 START
2019-06-19 01:02:30.148 22830 INFO rally.task.runner [-] Task a5502b91-4ce6-4252-a25a-111f8e69ddd2 | ITER: 48 END: OK
2019-06-19 01:02:30.151 22830 INFO rally.task.runner [-] Task a5502b91-4ce6-4252-a25a-111f8e69ddd2 | ITER: 68 START
2019-06-19 01:02:30.401 22851 INFO rally.task.runner [-] Task a5502b91-4ce6-4252-a25a-111f8e69ddd2 | ITER: 49 END: OK
2019-06-19 01:02:30.404 22851 INFO rally.task.runner [-] Task a5502b91-4ce6-4252-a25a-111f8e69ddd2 | ITER: 69 START
2019-06-19 01:02:31.002 22848 INFO rally.task.runner [-] Task a5502b91-4ce6-4252-a25a-111f8e69ddd2 | ITER: 47 END: OK
2019-06-19 01:02:31.006 22848 INFO rally.task.runner [-] Task a5502b91-4ce6-4252-a25a-111f8e69ddd2 | ITER: 70 START
2019-06-19 01:02:31.454 22877 INFO rally.task.runner [-] Task a5502b91-4ce6-4252-a25a-111f8e69ddd2 | ITER: 51 END: OK
2019-06-19 01:02:31.457 22877 INFO rally.task.runner [-] Task a5502b91-4ce6-4252-a25a-111f8e69ddd2 | ITER: 71 START
2019-06-19 01:02:31.491 22869 INFO rally.task.runner [-] Task a5502b91-4ce6-4252-a25a-111f8e69ddd2 | ITER: 58 END: OK
2019-06-19 01:02:31.494 22869 INFO rally.task.runner [-] Task a5502b91-4ce6-4252-a25a-111f8e69ddd2 | ITER: 72 START
2019-06-19 01:02:31.589 22832 INFO rally.task.runner [-] Task a5502b91-4ce6-4252-a25a-111f8e69ddd2 | ITER: 52 END: OK
2019-06-19 01:02:31.593 22832 INFO rally.task.runner [-] Task a5502b91-4ce6-4252-a25a-111f8e69ddd2 | ITER: 73 START
2019-06-19 01:02:31.611 22835 INFO rally.task.runner [-] Task a5502b91-4ce6-4252-a25a-111f8e69ddd2 | ITER: 53 END: OK
2019-06-19 01:02:31.614 22835 INFO rally.task.runner [-] Task a5502b91-4ce6-4252-a25a-111f8e69ddd2 | ITER: 74 START
2019-06-19 01:02:31.655 22868 INFO rally.task.runner [-] Task a5502b91-4ce6-4252-a25a-111f8e69ddd2 | ITER: 60 END: OK
2019-06-19 01:02:31.658 22868 INFO rally.task.runner [-] Task a5502b91-4ce6-4252-a25a-111f8e69ddd2 | ITER: 75 START
2019-06-19 01:02:31.861 22832 INFO rally.task.runner [-] Task a5502b91-4ce6-4252-a25a-111f8e69ddd2 | ITER: 56 END: OK
2019-06-19 01:02:31.864 22832 INFO rally.task.runner [-] Task a5502b91-4ce6-4252-a25a-111f8e69ddd2 | ITER: 76 START
2019-06-19 01:02:31.886 22844 INFO rally.task.runner [-] Task a5502b91-4ce6-4252-a25a-111f8e69ddd2 | ITER: 54 END: OK
2019-06-19 01:02:31.890 22844 INFO rally.task.runner [-] Task a5502b91-4ce6-4252-a25a-111f8e69ddd2 | ITER: 77 START
2019-06-19 01:02:31.966 22839 INFO rally.task.runner [-] Task a5502b91-4ce6-4252-a25a-111f8e69ddd2 | ITER: 57 END: OK
2019-06-19 01:02:31.967 22872 INFO rally.task.runner [-] Task a5502b91-4ce6-4252-a25a-111f8e69ddd2 | ITER: 55 END: OK
2019-06-19 01:02:31.969 22839 INFO rally.task.runner [-] Task a5502b91-4ce6-4252-a25a-111f8e69ddd2 | ITER: 78 START
2019-06-19 01:02:31.970 22872 INFO rally.task.runner [-] Task a5502b91-4ce6-4252-a25a-111f8e69ddd2 | ITER: 79 START
2019-06-19 01:02:32.920 22830 INFO rally.task.runner [-] Task a5502b91-4ce6-4252-a25a-111f8e69ddd2 | ITER: 64 END: OK
2019-06-19 01:02:32.923 22830 INFO rally.task.runner [-] Task a5502b91-4ce6-4252-a25a-111f8e69ddd2 | ITER: 80 START
2019-06-19 01:02:32.968 22865 INFO rally.task.runner [-] Task a5502b91-4ce6-4252-a25a-111f8e69ddd2 | ITER: 61 END: OK
2019-06-19 01:02:32.971 22865 INFO rally.task.runner [-] Task a5502b91-4ce6-4252-a25a-111f8e69ddd2 | ITER: 81 START
2019-06-19 01:02:33.020 22835 INFO rally.task.runner [-] Task a5502b91-4ce6-4252-a25a-111f8e69ddd2 | ITER: 63 END: OK
2019-06-19 01:02:33.023 22835 INFO rally.task.runner [-] Task a5502b91-4ce6-4252-a25a-111f8e69ddd2 | ITER: 82 START
2019-06-19 01:02:33.104 22864 INFO rally.task.runner [-] Task a5502b91-4ce6-4252-a25a-111f8e69ddd2 | ITER: 59 END: OK
2019-06-19 01:02:33.107 22864 INFO rally.task.runner [-] Task a5502b91-4ce6-4252-a25a-111f8e69ddd2 | ITER: 83 START
2019-06-19 01:02:33.196 22859 INFO rally.task.runner [-] Task a5502b91-4ce6-4252-a25a-111f8e69ddd2 | ITER: 67 END: OK
2019-06-19 01:02:33.199 22859 INFO rally.task.runner [-] Task a5502b91-4ce6-4252-a25a-111f8e69ddd2 | ITER: 84 START
2019-06-19 01:02:33.325 22831 INFO rally.task.runner [-] Task a5502b91-4ce6-4252-a25a-111f8e69ddd2 | ITER: 66 END: OK
2019-06-19 01:02:33.329 22831 INFO rally.task.runner [-] Task a5502b91-4ce6-4252-a25a-111f8e69ddd2 | ITER: 85 START
2019-06-19 01:02:33.442 22856 INFO rally.task.runner [-] Task a5502b91-4ce6-4252-a25a-111f8e69ddd2 | ITER: 62 END: OK
2019-06-19 01:02:33.445 22856 INFO rally.task.runner [-] Task a5502b91-4ce6-4252-a25a-111f8e69ddd2 | ITER: 86 START
2019-06-19 01:02:33.578 22851 INFO rally.task.runner [-] Task a5502b91-4ce6-4252-a25a-111f8e69ddd2 | ITER: 69 END: OK
2019-06-19 01:02:33.581 22851 INFO rally.task.runner [-] Task a5502b91-4ce6-4252-a25a-111f8e69ddd2 | ITER: 87 START
2019-06-19 01:02:34.145 22831 INFO rally.task.runner [-] Task a5502b91-4ce6-4252-a25a-111f8e69ddd2 | ITER: 65 END: OK
2019-06-19 01:02:34.149 22831 INFO rally.task.runner [-] Task a5502b91-4ce6-4252-a25a-111f8e69ddd2 | ITER: 88 START
2019-06-19 01:02:34.188 22835 INFO rally.task.runner [-] Task a5502b91-4ce6-4252-a25a-111f8e69ddd2 | ITER: 74 END: OK
2019-06-19 01:02:34.191 22835 INFO rally.task.runner [-] Task a5502b91-4ce6-4252-a25a-111f8e69ddd2 | ITER: 89 START
2019-06-19 01:02:34.448 22830 INFO rally.task.runner [-] Task a5502b91-4ce6-4252-a25a-111f8e69ddd2 | ITER: 68 END: OK
2019-06-19 01:02:34.451 22830 INFO rally.task.runner [-] Task a5502b91-4ce6-4252-a25a-111f8e69ddd2 | ITER: 90 START
2019-06-19 01:02:34.858 22877 INFO rally.task.runner [-] Task a5502b91-4ce6-4252-a25a-111f8e69ddd2 | ITER: 71 END: OK
2019-06-19 01:02:34.859 22868 INFO rally.task.runner [-] Task a5502b91-4ce6-4252-a25a-111f8e69ddd2 | ITER: 75 END: OK
2019-06-19 01:02:34.861 22877 INFO rally.task.runner [-] Task a5502b91-4ce6-4252-a25a-111f8e69ddd2 | ITER: 91 START
2019-06-19 01:02:34.862 22868 INFO rally.task.runner [-] Task a5502b91-4ce6-4252-a25a-111f8e69ddd2 | ITER: 92 START
2019-06-19 01:02:35.059 22832 INFO rally.task.runner [-] Task a5502b91-4ce6-4252-a25a-111f8e69ddd2 | ITER: 73 END: OK
2019-06-19 01:02:35.063 22832 INFO rally.task.runner [-] Task a5502b91-4ce6-4252-a25a-111f8e69ddd2 | ITER: 93 START
2019-06-19 01:02:35.081 22832 INFO rally.task.runner [-] Task a5502b91-4ce6-4252-a25a-111f8e69ddd2 | ITER: 76 END: OK
2019-06-19 01:02:35.085 22832 INFO rally.task.runner [-] Task a5502b91-4ce6-4252-a25a-111f8e69ddd2 | ITER: 94 START
2019-06-19 01:02:35.306 22848 INFO rally.task.runner [-] Task a5502b91-4ce6-4252-a25a-111f8e69ddd2 | ITER: 70 END: OK
2019-06-19 01:02:35.309 22848 INFO rally.task.runner [-] Task a5502b91-4ce6-4252-a25a-111f8e69ddd2 | ITER: 95 START
2019-06-19 01:02:35.407 22869 INFO rally.task.runner [-] Task a5502b91-4ce6-4252-a25a-111f8e69ddd2 | ITER: 72 END: OK
2019-06-19 01:02:35.411 22869 INFO rally.task.runner [-] Task a5502b91-4ce6-4252-a25a-111f8e69ddd2 | ITER: 96 START
2019-06-19 01:02:35.493 22844 INFO rally.task.runner [-] Task a5502b91-4ce6-4252-a25a-111f8e69ddd2 | ITER: 77 END: OK
2019-06-19 01:02:35.496 22844 INFO rally.task.runner [-] Task a5502b91-4ce6-4252-a25a-111f8e69ddd2 | ITER: 97 START
2019-06-19 01:02:36.134 22872 INFO rally.task.runner [-] Task a5502b91-4ce6-4252-a25a-111f8e69ddd2 | ITER: 79 END: OK
2019-06-19 01:02:36.138 22872 INFO rally.task.runner [-] Task a5502b91-4ce6-4252-a25a-111f8e69ddd2 | ITER: 98 START
2019-06-19 01:02:36.173 22839 INFO rally.task.runner [-] Task a5502b91-4ce6-4252-a25a-111f8e69ddd2 | ITER: 78 END: OK
2019-06-19 01:02:36.176 22839 INFO rally.task.runner [-] Task a5502b91-4ce6-4252-a25a-111f8e69ddd2 | ITER: 99 START
2019-06-19 01:02:36.222 22830 INFO rally.task.runner [-] Task a5502b91-4ce6-4252-a25a-111f8e69ddd2 | ITER: 80 END: OK
2019-06-19 01:02:36.226 22830 INFO rally.task.runner [-] Task a5502b91-4ce6-4252-a25a-111f8e69ddd2 | ITER: 100 START
2019-06-19 01:02:36.513 22864 INFO rally.task.runner [-] Task a5502b91-4ce6-4252-a25a-111f8e69ddd2 | ITER: 83 END: OK
2019-06-19 01:02:36.832 22856 INFO rally.task.runner [-] Task a5502b91-4ce6-4252-a25a-111f8e69ddd2 | ITER: 86 END: OK
2019-06-19 01:02:37.013 22831 INFO rally.task.runner [-] Task a5502b91-4ce6-4252-a25a-111f8e69ddd2 | ITER: 85 END: OK
2019-06-19 01:02:37.111 22851 INFO rally.task.runner [-] Task a5502b91-4ce6-4252-a25a-111f8e69ddd2 | ITER: 87 END: OK
2019-06-19 01:02:37.153 22865 INFO rally.task.runner [-] Task a5502b91-4ce6-4252-a25a-111f8e69ddd2 | ITER: 81 END: OK
2019-06-19 01:02:37.209 22835 INFO rally.task.runner [-] Task a5502b91-4ce6-4252-a25a-111f8e69ddd2 | ITER: 82 END: OK
2019-06-19 01:02:37.248 22835 INFO rally.task.runner [-] Task a5502b91-4ce6-4252-a25a-111f8e69ddd2 | ITER: 89 END: OK
2019-06-19 01:02:37.725 22830 INFO rally.task.runner [-] Task a5502b91-4ce6-4252-a25a-111f8e69ddd2 | ITER: 90 END: OK
2019-06-19 01:02:37.794 22831 INFO rally.task.runner [-] Task a5502b91-4ce6-4252-a25a-111f8e69ddd2 | ITER: 88 END: OK
2019-06-19 01:02:37.998 22859 INFO rally.task.runner [-] Task a5502b91-4ce6-4252-a25a-111f8e69ddd2 | ITER: 84 END: OK
2019-06-19 01:02:38.169 22868 INFO rally.task.runner [-] Task a5502b91-4ce6-4252-a25a-111f8e69ddd2 | ITER: 92 END: OK
2019-06-19 01:02:38.181 22832 INFO rally.task.runner [-] Task a5502b91-4ce6-4252-a25a-111f8e69ddd2 | ITER: 93 END: OK
2019-06-19 01:02:38.288 22872 INFO rally.task.runner [-] Task a5502b91-4ce6-4252-a25a-111f8e69ddd2 | ITER: 98 END: OK
2019-06-19 01:02:38.296 22848 INFO rally.task.runner [-] Task a5502b91-4ce6-4252-a25a-111f8e69ddd2 | ITER: 95 END: OK
2019-06-19 01:02:38.319 22869 INFO rally.task.runner [-] Task a5502b91-4ce6-4252-a25a-111f8e69ddd2 | ITER: 96 END: OK
2019-06-19 01:02:38.375 22832 INFO rally.task.runner [-] Task a5502b91-4ce6-4252-a25a-111f8e69ddd2 | ITER: 94 END: OK
2019-06-19 01:02:38.424 22844 INFO rally.task.runner [-] Task a5502b91-4ce6-4252-a25a-111f8e69ddd2 | ITER: 97 END: OK
2019-06-19 01:02:38.570 22877 INFO rally.task.runner [-] Task a5502b91-4ce6-4252-a25a-111f8e69ddd2 | ITER: 91 END: OK
2019-06-19 01:02:38.836 22839 INFO rally.task.runner [-] Task a5502b91-4ce6-4252-a25a-111f8e69ddd2 | ITER: 99 END: OK
2019-06-19 01:02:39.118 22830 INFO rally.task.runner [-] Task a5502b91-4ce6-4252-a25a-111f8e69ddd2 | ITER: 100 END: OK
2019-06-19 01:02:39.139 22706 INFO rally.task.context [-] Task a5502b91-4ce6-4252-a25a-111f8e69ddd2 | Context cleanup@openstack cleanup() started
2019-06-19 01:02:39.141 22706 RALLYDEBUG rally_openstack.cleanup.manager [-] Cleaning up neutron vip objects
2019-06-19 01:02:39.888 22706 RALLYDEBUG rally_openstack.cleanup.manager [-] Cleaning up neutron health_monitor objects
2019-06-19 01:02:40.638 22706 RALLYDEBUG rally_openstack.cleanup.manager [-] Cleaning up neutron pool objects
2019-06-19 01:02:41.285 22706 RALLYDEBUG rally_openstack.cleanup.manager [-] Cleaning up neutron loadbalancer objects
2019-06-19 01:02:42.115 22706 RALLYDEBUG rally_openstack.cleanup.manager [-] Cleaning up neutron floatingip objects
2019-06-19 01:02:42.817 22706 RALLYDEBUG rally_openstack.cleanup.manager [-] Cleaning up neutron port objects
2019-06-19 01:02:43.980 22706 RALLYDEBUG rally_openstack.cleanup.manager [-] Cleaning up neutron subnet objects
2019-06-19 01:02:44.730 22706 RALLYDEBUG rally_openstack.cleanup.manager [-] Cleaning up neutron network objects
2019-06-19 01:02:45.812 22706 RALLYDEBUG rally_openstack.cleanup.manager [-] Deleting neutron.network object s_rally_4fe0c86d_cG44uqr0 (0037ea29-71d1-4f86-9f8c-0713e7fe25a6)
2019-06-19 01:02:45.819 22706 RALLYDEBUG rally_openstack.cleanup.manager [-] Deleting neutron.network object s_rally_4fe0c86d_FT5VDG5I (00461dcb-3489-46b0-b13c-7b246cf54ca1)
2019-06-19 01:02:45.829 22706 RALLYDEBUG rally_openstack.cleanup.manager [-] Deleting neutron.network object s_rally_4fe0c86d_tOg9oboD (06e9ee23-a899-4460-a03e-676a820068e3)
2019-06-19 01:02:45.829 22706 RALLYDEBUG rally_openstack.cleanup.manager [-] Deleting neutron.network object s_rally_4fe0c86d_OXmeaisF (05790cda-672e-42a4-b892-88a36476bd4d)
2019-06-19 01:02:45.836 22706 RALLYDEBUG rally_openstack.cleanup.manager [-] Deleting neutron.network object s_rally_4fe0c86d_atJKqa99 (06ec82f2-94ca-4075-93b2-5b4b224d1739)
2019-06-19 01:02:45.857 22706 RALLYDEBUG rally_openstack.cleanup.manager [-] Deleting neutron.network object s_rally_4fe0c86d_YQbSNq0Y (0e109972-579d-4f13-a60f-deb7db78f258)
2019-06-19 01:02:45.857 22706 RALLYDEBUG rally_openstack.cleanup.manager [-] Deleting neutron.network object s_rally_4fe0c86d_sVjgDLax (08d42fd9-16b1-44e1-a477-8f03dc49a6d4)
2019-06-19 01:02:45.870 22706 RALLYDEBUG rally_openstack.cleanup.manager [-] Deleting neutron.network object s_rally_4fe0c86d_wXnmVWAx (122932d9-2fb1-491a-8838-bc52e485f652)
2019-06-19 01:02:45.884 22706 RALLYDEBUG rally_openstack.cleanup.manager [-] Deleting neutron.network object s_rally_4fe0c86d_NxvyGcmT (130744a7-522f-40ab-83b3-e7eadbb2558b)
2019-06-19 01:02:45.909 22706 RALLYDEBUG rally_openstack.cleanup.manager [-] Deleting neutron.network object s_rally_4fe0c86d_DDAlaBN7 (195ecf7e-760f-4637-9239-a82aecd966ac)
2019-06-19 01:02:45.911 22706 RALLYDEBUG rally_openstack.cleanup.manager [-] Deleting neutron.network object s_rally_4fe0c86d_7TGxknLp (136a2f0f-09c7-42dc-83ad-19cac1ea8fc4)
2019-06-19 01:02:45.953 22706 RALLYDEBUG rally_openstack.cleanup.manager [-] Deleting neutron.network object s_rally_4fe0c86d_XlNABVLE (23da7650-88c4-46a3-a3a9-e45783217ad5)
2019-06-19 01:02:45.956 22706 RALLYDEBUG rally_openstack.cleanup.manager [-] Deleting neutron.network object s_rally_4fe0c86d_1oMOefxR (1a5f5ada-9d48-4a31-8d48-85a7be14f261)
2019-06-19 01:02:45.959 22706 RALLYDEBUG rally_openstack.cleanup.manager [-] Deleting neutron.network object s_rally_4fe0c86d_VXd3PJEo (234f3611-0839-4c8b-864b-ec2a0ca1f26b)
2019-06-19 01:02:45.964 22706 RALLYDEBUG rally_openstack.cleanup.manager [-] Deleting neutron.network object s_rally_4fe0c86d_l4DBZPsj (2d1396a4-ff04-491c-9dd4-f4d251e88d49)
2019-06-19 01:02:45.985 22706 RALLYDEBUG rally_openstack.cleanup.manager [-] Deleting neutron.network object s_rally_4fe0c86d_UzyPnw4v (2da5f160-3236-4952-8f83-34f2bc76b7f8)
2019-06-19 01:02:45.986 22706 RALLYDEBUG rally_openstack.cleanup.manager [-] Deleting neutron.network object s_rally_4fe0c86d_7nyWZetT (29f1ecd0-e14f-45d5-bd91-025b61403cc4)
2019-06-19 01:02:45.997 22706 RALLYDEBUG rally_openstack.cleanup.manager [-] Deleting neutron.network object s_rally_4fe0c86d_a8ENtu5Q (3a21dc6d-74b6-4316-8c5b-47d62ba8854c)
2019-06-19 01:02:46.014 22706 RALLYDEBUG rally_openstack.cleanup.manager [-] Deleting neutron.network object s_rally_4fe0c86d_bwqdGr4m (3c77ed15-9ef7-4965-b67d-ef8ed43f20b5)
2019-06-19 01:02:46.047 22706 RALLYDEBUG rally_openstack.cleanup.manager [-] Deleting neutron.network object s_rally_4fe0c86d_CqBRCkDl (404af66f-3183-4853-b683-e690a47eb395)
2019-06-19 01:02:49.161 22706 RALLYDEBUG rally_openstack.cleanup.manager [-] Deleting neutron.network object s_rally_4fe0c86d_MRyk1uLn (463d89eb-1f61-41c2-b5ca-7ecdb305be6f)
2019-06-19 01:02:49.371 22706 RALLYDEBUG rally_openstack.cleanup.manager [-] Deleting neutron.network object s_rally_4fe0c86d_ncOcFQVm (4665afc6-7c17-4147-89a0-d9ce2e14983a)
2019-06-19 01:02:49.372 22706 RALLYDEBUG rally_openstack.cleanup.manager [-] Deleting neutron.network object s_rally_4fe0c86d_KxVJ3LSW (470cbda7-19a8-44fb-8f2a-dc26a1347a27)
2019-06-19 01:02:49.574 22706 RALLYDEBUG rally_openstack.cleanup.manager [-] Deleting neutron.network object s_rally_4fe0c86d_EpLHWnI6 (4bdde393-abb5-4e51-93c9-e900d4721d2e)
2019-06-19 01:02:49.606 22706 RALLYDEBUG rally_openstack.cleanup.manager [-] Deleting neutron.network object s_rally_4fe0c86d_l9czXCmx (4fa62a7c-fb1a-4160-955c-406a34002a4e)
2019-06-19 01:02:49.655 22706 RALLYDEBUG rally_openstack.cleanup.manager [-] Deleting neutron.network object s_rally_4fe0c86d_FmqQRtZF (5042c29a-4e96-49a1-ae7f-354ef063d594)
2019-06-19 01:02:49.735 22706 RALLYDEBUG rally_openstack.cleanup.manager [-] Deleting neutron.network object s_rally_4fe0c86d_UMqN0dzG (52fa99b0-4386-4f3b-9da4-0b7e6a4b21a5)
2019-06-19 01:02:49.735 22706 RALLYDEBUG rally_openstack.cleanup.manager [-] Deleting neutron.network object s_rally_4fe0c86d_Nh1uP8jz (5355b164-8fa4-4eff-9833-e43a753fc723)
2019-06-19 01:02:49.853 22706 RALLYDEBUG rally_openstack.cleanup.manager [-] Deleting neutron.network object s_rally_4fe0c86d_bOVzEsiW (54123223-96b5-4147-8fc8-c517238f8afd)
2019-06-19 01:02:50.749 22706 RALLYDEBUG rally_openstack.cleanup.manager [-] Deleting neutron.network object s_rally_4fe0c86d_Kjvwn0lG (5cd20270-11bd-41f1-9370-0b69447ad212)
2019-06-19 01:02:50.749 22706 RALLYDEBUG rally_openstack.cleanup.manager [-] Deleting neutron.network object s_rally_4fe0c86d_0cc55gLv (5ad5c868-4823-4737-8928-f711f76d5566)
2019-06-19 01:02:50.885 22706 RALLYDEBUG rally_openstack.cleanup.manager [-] Deleting neutron.network object s_rally_4fe0c86d_ms6cWqAP (611ac99c-45d6-410b-9ef2-f23221c549e6)
2019-06-19 01:02:50.889 22706 RALLYDEBUG rally_openstack.cleanup.manager [-] Deleting neutron.network object s_rally_4fe0c86d_IStdWWud (627d1f9e-a092-4711-8076-73ee8c45fda0)
2019-06-19 01:02:51.993 22706 RALLYDEBUG rally_openstack.cleanup.manager [-] Deleting neutron.network object s_rally_4fe0c86d_WJZoI0SK (631bf253-09c2-4824-94bf-ddd7e07a8796)
2019-06-19 01:02:52.016 22706 RALLYDEBUG rally_openstack.cleanup.manager [-] Deleting neutron.network object s_rally_4fe0c86d_2KkL6JsK (66c48155-96dc-4789-a796-bd1d3c96dfe3)
2019-06-19 01:02:52.034 22706 RALLYDEBUG rally_openstack.cleanup.manager [-] Deleting neutron.network object s_rally_4fe0c86d_D3xW7mG6 (676f8b59-1e1d-483b-aaea-66fd806002b6)
2019-06-19 01:02:52.171 22706 RALLYDEBUG rally_openstack.cleanup.manager [-] Deleting neutron.network object s_rally_4fe0c86d_KUZrzojg (69a67dc5-190c-4d4a-a249-218ce2017a80)
2019-06-19 01:02:52.427 22706 RALLYDEBUG rally_openstack.cleanup.manager [-] Deleting neutron.network object s_rally_4fe0c86d_qaZOOBGe (6a96f73e-c518-43c5-8fb0-87113c1f7601)
2019-06-19 01:02:52.464 22706 RALLYDEBUG rally_openstack.cleanup.manager [-] Deleting neutron.network object s_rally_4fe0c86d_sMOeMKno (6c195ccd-c261-4bb8-a055-55eef18f4afe)
2019-06-19 01:02:52.606 22706 RALLYDEBUG rally_openstack.cleanup.manager [-] Deleting neutron.network object s_rally_4fe0c86d_0tPzvBXZ (6d5e2b45-e2e8-4026-9584-d867db142602)
2019-06-19 01:02:52.676 22706 RALLYDEBUG rally_openstack.cleanup.manager [-] Deleting neutron.network object s_rally_4fe0c86d_bQHhVCfr (71fa7b76-d89a-4bb2-b67b-bc6cebdf0a38)
2019-06-19 01:02:52.897 22706 RALLYDEBUG rally_openstack.cleanup.manager [-] Deleting neutron.network object s_rally_4fe0c86d_EzTQhU4I (74de65bb-d17c-4e3b-afd7-cb850399e9b8)
2019-06-19 01:02:52.964 22706 RALLYDEBUG rally_openstack.cleanup.manager [-] Deleting neutron.network object s_rally_4fe0c86d_XlKZeyuQ (78a9d7bc-8177-4557-a910-cb22fffd114a)
2019-06-19 01:02:52.966 22706 RALLYDEBUG rally_openstack.cleanup.manager [-] Deleting neutron.network object s_rally_4fe0c86d_b7x9ZDw0 (75a6d104-a553-4c59-bd9d-8ae6f11a58a0)
2019-06-19 01:02:53.045 22706 RALLYDEBUG rally_openstack.cleanup.manager [-] Deleting neutron.network object s_rally_4fe0c86d_db2ubaDL (78be9338-3301-4cdb-8a6a-cbda8712ca93)
2019-06-19 01:02:53.303 22706 RALLYDEBUG rally_openstack.cleanup.manager [-] Deleting neutron.network object s_rally_4fe0c86d_3VVhfGQ4 (7dfe4d3c-2625-4071-b5c9-318cba2d1a9d)
2019-06-19 01:02:53.303 22706 RALLYDEBUG rally_openstack.cleanup.manager [-] Deleting neutron.network object s_rally_4fe0c86d_XEBZtC5K (79f61b6f-31b3-4989-92e1-b8001ddb475e)
2019-06-19 01:02:53.927 22706 RALLYDEBUG rally_openstack.cleanup.manager [-] Deleting neutron.network object s_rally_4fe0c86d_maWlubQm (82671141-803f-485a-9d18-80c55821c3ff)
2019-06-19 01:02:54.004 22706 RALLYDEBUG rally_openstack.cleanup.manager [-] Deleting neutron.network object s_rally_4fe0c86d_LBhMppNy (83ac1f1a-a1da-4d1d-afab-3b3174188969)
2019-06-19 01:02:54.069 22706 RALLYDEBUG rally_openstack.cleanup.manager [-] Deleting neutron.network object s_rally_4fe0c86d_Mi5R3E8B (85706efb-299e-4cbf-b00b-391ad1e56f5e)
2019-06-19 01:02:54.211 22706 RALLYDEBUG rally_openstack.cleanup.manager [-] Deleting neutron.network object s_rally_4fe0c86d_ZXShO8CA (85e849f0-c580-4dfa-a38d-8e01d862479c)
2019-06-19 01:02:54.323 22706 RALLYDEBUG rally_openstack.cleanup.manager [-] Deleting neutron.network object s_rally_4fe0c86d_rCpPV2Rf (86f53c4c-a271-441c-9165-71869f7529aa)
2019-06-19 01:02:54.359 22706 RALLYDEBUG rally_openstack.cleanup.manager [-] Deleting neutron.network object s_rally_4fe0c86d_X8EgdI0J (88510322-e749-45bc-88df-ba263f73cab0)
2019-06-19 01:02:54.920 22706 RALLYDEBUG rally_openstack.cleanup.manager [-] Deleting neutron.network object s_rally_4fe0c86d_lPijZrOH (8a30c617-80bf-4815-8f41-de62ce00fec6)
2019-06-19 01:02:55.172 22706 RALLYDEBUG rally_openstack.cleanup.manager [-] Deleting neutron.network object s_rally_4fe0c86d_I7mV56Jq (8dc1e33b-7629-4039-9720-872e33b92c14)
2019-06-19 01:02:55.502 22706 RALLYDEBUG rally_openstack.cleanup.manager [-] Deleting neutron.network object s_rally_4fe0c86d_hiLs6yeK (91c8ff9e-e27e-4ce0-966a-ea2c541eade7)
2019-06-19 01:02:55.696 22706 RALLYDEBUG rally_openstack.cleanup.manager [-] Deleting neutron.network object s_rally_4fe0c86d_GXdngJbl (93f28b5c-1cce-41a7-9feb-b3fc00fb516e)
2019-06-19 01:02:55.784 22706 RALLYDEBUG rally_openstack.cleanup.manager [-] Deleting neutron.network object s_rally_4fe0c86d_mSvkT93I (95bc4a7f-a296-4008-b5a6-6fba19968fdc)
2019-06-19 01:02:56.059 22706 RALLYDEBUG rally_openstack.cleanup.manager [-] Deleting neutron.network object s_rally_4fe0c86d_fCiD0knR (96f4c199-f94b-4b62-a851-5d5fb15b8d1d)
2019-06-19 01:02:56.072 22706 RALLYDEBUG rally_openstack.cleanup.manager [-] Deleting neutron.network object s_rally_4fe0c86d_O1aIryVg (97791627-d86f-4b34-814f-082f3d8c6da3)
2019-06-19 01:02:56.173 22706 RALLYDEBUG rally_openstack.cleanup.manager [-] Deleting neutron.network object s_rally_4fe0c86d_RvDEJNoP (97f7541b-196e-41fc-b128-eeaa7c65573c)
2019-06-19 01:02:56.322 22706 RALLYDEBUG rally_openstack.cleanup.manager [-] Deleting neutron.network object s_rally_4fe0c86d_TqZs2WsA (a113363f-58cb-433c-8b1f-f114025e6e77)
2019-06-19 01:02:56.426 22706 RALLYDEBUG rally_openstack.cleanup.manager [-] Deleting neutron.network object s_rally_4fe0c86d_E5ZJWllt (a2f17a4f-3464-4985-adf3-c1f107f27eb3)
2019-06-19 01:02:56.500 22706 RALLYDEBUG rally_openstack.cleanup.manager [-] Deleting neutron.network object s_rally_4fe0c86d_Nv2AxAfV (a88b8739-6586-438b-b812-9cbb2f1e0f2c)
2019-06-19 01:02:56.708 22706 RALLYDEBUG rally_openstack.cleanup.manager [-] Deleting neutron.network object s_rally_4fe0c86d_DJTHJCFR (a8e75c0c-3633-4918-9d1b-1f64d8294378)
2019-06-19 01:02:57.185 22706 RALLYDEBUG rally_openstack.cleanup.manager [-] Deleting neutron.network object s_rally_4fe0c86d_hADVy54Q (a9724bfd-4cfa-4e94-b634-60b0185fa3f1)
2019-06-19 01:02:57.269 22706 RALLYDEBUG rally_openstack.cleanup.manager [-] Deleting neutron.network object s_rally_4fe0c86d_isHcM6gW (ac59a8df-d5aa-43ce-8017-aca840557592)
2019-06-19 01:02:57.290 22706 RALLYDEBUG rally_openstack.cleanup.manager [-] Deleting neutron.network object s_rally_4fe0c86d_cAaa0W7Y (ad423fe3-6202-413c-8bc5-a77e8574348d)
2019-06-19 01:02:57.397 22706 RALLYDEBUG rally_openstack.cleanup.manager [-] Deleting neutron.network object s_rally_4fe0c86d_Mw5qBn0F (b152e0ba-0535-4cae-bd64-3d811a997b01)
2019-06-19 01:02:57.425 22706 RALLYDEBUG rally_openstack.cleanup.manager [-] Deleting neutron.network object s_rally_4fe0c86d_N6FiaF5c (b2dce666-7073-416d-9ad4-89b3569bb824)
2019-06-19 01:02:57.705 22706 RALLYDEBUG rally_openstack.cleanup.manager [-] Deleting neutron.network object s_rally_4fe0c86d_O64S1lf0 (b443a84b-2a09-4ac5-b27c-e64543295798)
2019-06-19 01:02:57.735 22706 RALLYDEBUG rally_openstack.cleanup.manager [-] Deleting neutron.network object s_rally_4fe0c86d_Ex6Jksew (b599ed7b-e435-4b91-95ae-52065c556dfe)
2019-06-19 01:02:57.743 22706 RALLYDEBUG rally_openstack.cleanup.manager [-] Deleting neutron.network object s_rally_4fe0c86d_W1ilzmir (b59b34dd-a0d3-4aa2-840b-60f5e0237fd0)
2019-06-19 01:02:58.067 22706 RALLYDEBUG rally_openstack.cleanup.manager [-] Deleting neutron.network object s_rally_4fe0c86d_RP5Rfdir (b8339372-5641-461f-9de5-5f71d47fc1b1)
2019-06-19 01:02:58.554 22706 RALLYDEBUG rally_openstack.cleanup.manager [-] Deleting neutron.network object s_rally_4fe0c86d_DxTkdC4E (b992a82a-2572-40e3-81c5-c5471b998360)
2019-06-19 01:02:58.816 22706 RALLYDEBUG rally_openstack.cleanup.manager [-] Deleting neutron.network object s_rally_4fe0c86d_QM1y02kg (ba209839-a1e6-40a8-bb14-72338f239c16)
2019-06-19 01:02:59.092 22706 RALLYDEBUG rally_openstack.cleanup.manager [-] Deleting neutron.network object s_rally_4fe0c86d_SZd2BGIu (bd60e9f2-65d7-45c8-a5dd-35b371aef3a5)
2019-06-19 01:02:59.312 22706 RALLYDEBUG rally_openstack.cleanup.manager [-] Deleting neutron.network object s_rally_4fe0c86d_v3mFlB0q (bef1b09c-9eff-466e-8b24-694301855c31)
2019-06-19 01:02:59.344 22706 RALLYDEBUG rally_openstack.cleanup.manager [-] Deleting neutron.network object s_rally_4fe0c86d_FytqT5Z6 (bef23e4e-2f63-4fa5-91a8-0865b7089393)
2019-06-19 01:02:59.449 22706 RALLYDEBUG rally_openstack.cleanup.manager [-] Deleting neutron.network object s_rally_4fe0c86d_6E8Ot7fq (bfc92c94-77f2-496b-a8fb-f939d64d6ce9)
2019-06-19 01:02:59.532 22706 RALLYDEBUG rally_openstack.cleanup.manager [-] Deleting neutron.network object s_rally_4fe0c86d_62yhs9P1 (c663b234-b3d4-4681-9d25-c9d1f2097ce1)
2019-06-19 01:02:59.815 22706 RALLYDEBUG rally_openstack.cleanup.manager [-] Deleting neutron.network object s_rally_4fe0c86d_ArDgyIaF (c7d493fa-f55c-4d64-8102-e6b578db39f4)
2019-06-19 01:03:00.019 22706 RALLYDEBUG rally_openstack.cleanup.manager [-] Deleting neutron.network object s_rally_4fe0c86d_fF5yLFBR (c92d5d1e-0110-4375-8b3c-c9f10e26173d)
2019-06-19 01:03:00.020 22706 RALLYDEBUG rally_openstack.cleanup.manager [-] Deleting neutron.network object s_rally_4fe0c86d_EeQ2MQJL (cc2afed0-1ed6-49aa-9bc6-78bdb6ea1ab4)
2019-06-19 01:03:00.292 22706 RALLYDEBUG rally_openstack.cleanup.manager [-] Deleting neutron.network object s_rally_4fe0c86d_3JOh9ghV (ce916cfd-2e23-4b7a-b79c-dbc60b0b19a6)
2019-06-19 01:03:00.581 22706 RALLYDEBUG rally_openstack.cleanup.manager [-] Deleting neutron.network object s_rally_4fe0c86d_m4nwVpEg (d56b7e98-4bca-450f-ab1e-70ea6032f59b)
2019-06-19 01:03:00.599 22706 RALLYDEBUG rally_openstack.cleanup.manager [-] Deleting neutron.network object s_rally_4fe0c86d_aEzKt79k (db7876e4-31d3-4ab8-9ead-88f86bf2c38c)
2019-06-19 01:03:00.664 22706 RALLYDEBUG rally_openstack.cleanup.manager [-] Deleting neutron.network object s_rally_4fe0c86d_urOYLr0X (dbfba4db-2162-4565-bbdd-406658663b46)
2019-06-19 01:03:00.672 22706 RALLYDEBUG rally_openstack.cleanup.manager [-] Deleting neutron.network object s_rally_4fe0c86d_2oES7N8t (dc70a4a9-63be-4cc7-b8fa-ca7ed32e4a00)
2019-06-19 01:03:00.723 22706 RALLYDEBUG rally_openstack.cleanup.manager [-] Deleting neutron.network object s_rally_4fe0c86d_jPS2UT8N (dd3f24cd-4be7-468a-ba2b-31e630fffac0)
2019-06-19 01:03:00.982 22706 RALLYDEBUG rally_openstack.cleanup.manager [-] Deleting neutron.network object s_rally_4fe0c86d_NteeieXQ (e2116b04-d435-4fd0-b8b7-b1536ccf242c)
2019-06-19 01:03:01.062 22706 RALLYDEBUG rally_openstack.cleanup.manager [-] Deleting neutron.network object s_rally_4fe0c86d_wvgQhqKu (e4771b4d-fce3-4423-905a-70e5bcec68ca)
2019-06-19 01:03:01.801 22706 RALLYDEBUG rally_openstack.cleanup.manager [-] Deleting neutron.network object s_rally_4fe0c86d_KQSjjjBL (eb5cba2b-5c64-4373-8240-a988027dd0d0)
2019-06-19 01:03:01.948 22706 RALLYDEBUG rally_openstack.cleanup.manager [-] Deleting neutron.network object s_rally_4fe0c86d_wSoEfM0O (ecde30b8-dfad-4e4b-87ac-b33a16550d70)
2019-06-19 01:03:02.115 22706 RALLYDEBUG rally_openstack.cleanup.manager [-] Deleting neutron.network object s_rally_4fe0c86d_EsSQJWiE (ef2a06a0-c706-466e-b07f-8ba9acdf2ac9)
2019-06-19 01:03:02.298 22706 RALLYDEBUG rally_openstack.cleanup.manager [-] Deleting neutron.network object s_rally_4fe0c86d_Vcfl2NoS (f2ad3c19-859b-4a65-9aee-0b57ce6e7191)
