2019-06-19 01:08:10.660 24802 INFO rally.task.runner [-] Task a5502b91-4ce6-4252-a25a-111f8e69ddd2 | ITER: 8 START
2019-06-19 01:08:10.662 24802 WARNING rally_openstack.scenarios.neutron.utils [-] Running this scenario without either the 'network' or 'existing_network' context is deprecated
2019-06-19 01:08:10.663 24807 WARNING rally_openstack.scenarios.neutron.utils [-] Running this scenario without either the 'network' or 'existing_network' context is deprecated
2019-06-19 01:08:10.663 24802 WARNING rally_openstack.scenarios.neutron.utils [-] Running this scenario without either the 'network' or 'existing_network' context is deprecated
2019-06-19 01:08:10.658 24801 INFO rally.task.runner [-] Task a5502b91-4ce6-4252-a25a-111f8e69ddd2 | ITER: 4 START
2019-06-19 01:08:10.665 24809 INFO rally.task.runner [-] Task a5502b91-4ce6-4252-a25a-111f8e69ddd2 | ITER: 10 START
2019-06-19 01:08:10.665 24813 INFO rally.task.runner [-] Task a5502b91-4ce6-4252-a25a-111f8e69ddd2 | ITER: 11 START
2019-06-19 01:08:10.665 24801 WARNING rally_openstack.scenarios.neutron.utils [-] Running this scenario without either the 'network' or 'existing_network' context is deprecated
2019-06-19 01:08:10.660 24803 WARNING rally_openstack.scenarios.neutron.utils [-] Running this scenario without either the 'network' or 'existing_network' context is deprecated
2019-06-19 01:08:10.667 24813 WARNING rally_openstack.scenarios.neutron.utils [-] Running this scenario without either the 'network' or 'existing_network' context is deprecated
2019-06-19 01:08:10.667 24809 WARNING rally_openstack.scenarios.neutron.utils [-] Running this scenario without either the 'network' or 'existing_network' context is deprecated
2019-06-19 01:08:10.666 24819 RALLYDEBUG rally.task.runner [-] Starting a worker. concurrency: 1 args: {"network_create_args": {}, "subnet_create_args": {}, "subnet_cidr_start": "1.1.0.0/30", "subnets_per_network": 2} times: 40 method_name: run timeout: 0 duration: None cls:
2019-06-19 01:08:10.670 24824 RALLYDEBUG rally.task.runner [-] Starting a worker. concurrency: 1 args: {"network_create_args": {}, "subnet_create_args": {}, "subnet_cidr_start": "1.1.0.0/30", "subnets_per_network": 2} times: 40 method_name: run timeout: 0 duration: None cls:
2019-06-19 01:08:10.673 24819 INFO rally.task.runner [-] Task a5502b91-4ce6-4252-a25a-111f8e69ddd2 | ITER: 12 START
2019-06-19 01:08:10.675 24819 WARNING rally_openstack.scenarios.neutron.utils [-] Running this scenario without either the 'network' or 'existing_network' context is deprecated
2019-06-19 01:08:10.675 24828 RALLYDEBUG rally.task.runner [-] Starting a worker. concurrency: 1 args: {"network_create_args": {}, "subnet_create_args": {}, "subnet_cidr_start": "1.1.0.0/30", "subnets_per_network": 2} times: 40 method_name: run timeout: 0 duration: None cls:
2019-06-19 01:08:10.676 24824 INFO rally.task.runner [-] Task a5502b91-4ce6-4252-a25a-111f8e69ddd2 | ITER: 13 START
2019-06-19 01:08:10.680 24828 INFO rally.task.runner [-] Task a5502b91-4ce6-4252-a25a-111f8e69ddd2 | ITER: 14 START
2019-06-19 01:08:10.682 24828 WARNING rally_openstack.scenarios.neutron.utils [-] Running this scenario without either the 'network' or 'existing_network' context is deprecated
2019-06-19 01:08:10.678 24824 WARNING rally_openstack.scenarios.neutron.utils [-] Running this scenario without either the 'network' or 'existing_network' context is deprecated
2019-06-19 01:08:10.685 24832 RALLYDEBUG rally.task.runner [-] Starting a worker. concurrency: 1 args: {"network_create_args": {}, "subnet_create_args": {}, "subnet_cidr_start": "1.1.0.0/30", "subnets_per_network": 2} times: 40 method_name: run timeout: 0 duration: None cls:
2019-06-19 01:08:10.691 24832 INFO rally.task.runner [-] Task a5502b91-4ce6-4252-a25a-111f8e69ddd2 | ITER: 15 START
2019-06-19 01:08:10.693 24832 WARNING rally_openstack.scenarios.neutron.utils [-] Running this scenario without either the 'network' or 'existing_network' context is deprecated
2019-06-19 01:08:10.693 24835 RALLYDEBUG rally.task.runner [-] Starting a worker. concurrency: 1 args: {"network_create_args": {}, "subnet_create_args": {}, "subnet_cidr_start": "1.1.0.0/30", "subnets_per_network": 2} times: 40 method_name: run timeout: 0 duration: None cls:
2019-06-19 01:08:10.696 24838 RALLYDEBUG rally.task.runner [-] Starting a worker. concurrency: 1 args: {"network_create_args": {}, "subnet_create_args": {}, "subnet_cidr_start": "1.1.0.0/30", "subnets_per_network": 2} times: 40 method_name: run timeout: 0 duration: None cls:
2019-06-19 01:08:10.698 24840 RALLYDEBUG rally.task.runner [-] Starting a worker. concurrency: 1 args: {"network_create_args": {}, "subnet_create_args": {}, "subnet_cidr_start": "1.1.0.0/30", "subnets_per_network": 2} times: 40 method_name: run timeout: 0 duration: None cls:
2019-06-19 01:08:10.699 24835 INFO rally.task.runner [-] Task a5502b91-4ce6-4252-a25a-111f8e69ddd2 | ITER: 16 START
2019-06-19 01:08:10.700 24835 WARNING rally_openstack.scenarios.neutron.utils [-] Running this scenario without either the 'network' or 'existing_network' context is deprecated
2019-06-19 01:08:10.700 24836 RALLYDEBUG rally.task.runner [-] Starting a worker. concurrency: 1 args: {"network_create_args": {}, "subnet_create_args": {}, "subnet_cidr_start": "1.1.0.0/30", "subnets_per_network": 2} times: 40 method_name: run timeout: 0 duration: None cls:
2019-06-19 01:08:10.701 24838 INFO rally.task.runner [-] Task a5502b91-4ce6-4252-a25a-111f8e69ddd2 | ITER: 17 START
2019-06-19 01:08:10.702 24838 WARNING rally_openstack.scenarios.neutron.utils [-] Running this scenario without either the 'network' or 'existing_network' context is deprecated
2019-06-19 01:08:10.703 24840 INFO rally.task.runner [-] Task a5502b91-4ce6-4252-a25a-111f8e69ddd2 | ITER: 18 START
2019-06-19 01:08:10.702 24843 RALLYDEBUG rally.task.runner [-] Starting a worker. concurrency: 1 args: {"network_create_args": {}, "subnet_create_args": {}, "subnet_cidr_start": "1.1.0.0/30", "subnets_per_network": 2} times: 40 method_name: run timeout: 0 duration: None cls:
2019-06-19 01:08:10.705 24840 WARNING rally_openstack.scenarios.neutron.utils [-] Running this scenario without either the 'network' or 'existing_network' context is deprecated
2019-06-19 01:08:10.705 24836 INFO rally.task.runner [-] Task a5502b91-4ce6-4252-a25a-111f8e69ddd2 | ITER: 19 START
2019-06-19 01:08:10.706 24836 WARNING rally_openstack.scenarios.neutron.utils [-] Running this scenario without either the 'network' or 'existing_network' context is deprecated
2019-06-19 01:08:10.707 24843 INFO rally.task.runner [-] Task a5502b91-4ce6-4252-a25a-111f8e69ddd2 | ITER: 20 START
2019-06-19 01:08:10.709 24843 WARNING rally_openstack.scenarios.neutron.utils [-] Running this scenario without either the 'network' or 'existing_network' context is deprecated
2019-06-19 01:08:13.363 24828 RALLYDEBUG rally_openstack.wrappers.network [-] CIDR generated: 1.1.4.96/30
2019-06-19 01:08:13.448 24840 RALLYDEBUG rally_openstack.wrappers.network [-] CIDR generated: 1.1.4.100/30
2019-06-19 01:08:13.657 24843 RALLYDEBUG rally_openstack.wrappers.network [-] CIDR generated: 1.1.4.104/30
2019-06-19 01:08:13.753 24832 RALLYDEBUG rally_openstack.wrappers.network [-] CIDR generated: 1.1.4.108/30
2019-06-19 01:08:13.776 24800 RALLYDEBUG rally_openstack.wrappers.network [-] CIDR generated: 1.1.4.112/30
2019-06-19 01:08:13.837 24803 RALLYDEBUG rally_openstack.wrappers.network [-] CIDR generated: 1.1.4.116/30
2019-06-19 01:08:14.583 24800 RALLYDEBUG rally_openstack.wrappers.network [-] CIDR generated: 1.1.4.120/30
2019-06-19 01:08:14.597 24801 RALLYDEBUG rally_openstack.wrappers.network [-] CIDR generated: 1.1.4.124/30
2019-06-19 01:08:14.687 24819 RALLYDEBUG rally_openstack.wrappers.network [-] CIDR generated: 1.1.4.128/30
2019-06-19 01:08:14.722 24836 RALLYDEBUG rally_openstack.wrappers.network [-] CIDR generated: 1.1.4.132/30
2019-06-19 01:08:15.067 24809 RALLYDEBUG rally_openstack.wrappers.network [-] CIDR generated: 1.1.4.136/30
2019-06-19 01:08:15.088 24803 RALLYDEBUG rally_openstack.wrappers.network [-] CIDR generated: 1.1.4.140/30
2019-06-19 01:08:15.191 24838 RALLYDEBUG rally_openstack.wrappers.network [-] CIDR generated: 1.1.4.144/30
2019-06-19 01:08:15.202 24813 RALLYDEBUG rally_openstack.wrappers.network [-] CIDR generated: 1.1.4.148/30
2019-06-19 01:08:15.249 24801 RALLYDEBUG rally_openstack.wrappers.network [-] CIDR generated: 1.1.4.152/30
2019-06-19 01:08:15.813 24840 RALLYDEBUG rally_openstack.wrappers.network [-] CIDR generated: 1.1.4.156/30
2019-06-19 01:08:15.888 24828 RALLYDEBUG rally_openstack.wrappers.network [-] CIDR generated: 1.1.4.160/30
2019-06-19 01:08:15.920 24832 RALLYDEBUG rally_openstack.wrappers.network [-] CIDR generated: 1.1.4.164/30
2019-06-19 01:08:16.177 24800 RALLYDEBUG rally_openstack.wrappers.network [-] CIDR generated: 1.1.4.168/30
2019-06-19 01:08:16.788 24801 RALLYDEBUG rally_openstack.wrappers.network [-] CIDR generated: 1.1.4.172/30
2019-06-19 01:08:17.016 24800 RALLYDEBUG rally_openstack.wrappers.network [-] CIDR generated: 1.1.4.176/30
2019-06-19 01:08:17.092 24836 RALLYDEBUG rally_openstack.wrappers.network [-] CIDR generated: 1.1.4.180/30
2019-06-19 01:08:17.318 24803 RALLYDEBUG rally_openstack.wrappers.network [-] CIDR generated: 1.1.4.184/30
2019-06-19 01:08:17.350 24801 RALLYDEBUG rally_openstack.wrappers.network [-] CIDR generated: 1.1.4.188/30
2019-06-19 01:08:17.428 24819 RALLYDEBUG rally_openstack.wrappers.network [-] CIDR generated: 1.1.4.192/30
2019-06-19 01:08:17.465 24838 RALLYDEBUG rally_openstack.wrappers.network [-] CIDR generated: 1.1.4.196/30
2019-06-19 01:08:17.602 24809 RALLYDEBUG rally_openstack.wrappers.network [-] CIDR generated: 1.1.4.200/30
2019-06-19 01:08:17.663 24843 RALLYDEBUG rally_openstack.wrappers.network [-] CIDR generated: 1.1.4.204/30
2019-06-19 01:08:17.704 24803 RALLYDEBUG rally_openstack.wrappers.network [-] CIDR generated: 1.1.4.208/30
2019-06-19 01:08:17.979 24807 RALLYDEBUG rally_openstack.wrappers.network [-] CIDR generated: 1.1.4.212/30
2019-06-19 01:08:18.033 24802 RALLYDEBUG rally_openstack.wrappers.network [-] CIDR generated: 1.1.4.216/30
2019-06-19 01:08:18.083 24835 RALLYDEBUG rally_openstack.wrappers.network [-] CIDR generated: 1.1.4.220/30
2019-06-19 01:08:18.152 24813 RALLYDEBUG rally_openstack.wrappers.network [-] CIDR generated: 1.1.4.224/30
2019-06-19 01:08:18.156 24802 RALLYDEBUG rally_openstack.wrappers.network [-] CIDR generated: 1.1.4.228/30
2019-06-19 01:08:18.220 24824 RALLYDEBUG rally_openstack.wrappers.network [-] CIDR generated: 1.1.4.232/30
2019-06-19 01:08:20.842 24807 RALLYDEBUG rally_openstack.wrappers.network [-] CIDR generated: 1.1.4.236/30
2019-06-19 01:08:21.813 24802 RALLYDEBUG rally_openstack.wrappers.network [-] CIDR generated: 1.1.4.240/30
2019-06-19 01:08:21.901 24802 RALLYDEBUG rally_openstack.wrappers.network [-] CIDR generated: 1.1.4.244/30
2019-06-19 01:08:22.417 24828 INFO rally.task.runner [-] Task a5502b91-4ce6-4252-a25a-111f8e69ddd2 | ITER: 14 END: OK
2019-06-19 01:08:22.422 24828 INFO rally.task.runner [-] Task a5502b91-4ce6-4252-a25a-111f8e69ddd2 | ITER: 21 START
2019-06-19 01:08:22.423 24828 WARNING rally_openstack.scenarios.neutron.utils [-] Running this scenario without either the 'network' or 'existing_network' context is deprecated
2019-06-19 01:08:22.447 24824 RALLYDEBUG rally_openstack.wrappers.network [-] CIDR generated: 1.1.4.248/30
2019-06-19 01:08:22.815 24832 INFO rally.task.runner [-] Task a5502b91-4ce6-4252-a25a-111f8e69ddd2 | ITER: 15 END: OK
2019-06-19 01:08:22.819 24832 INFO rally.task.runner [-] Task a5502b91-4ce6-4252-a25a-111f8e69ddd2 | ITER: 22 START
2019-06-19 01:08:22.820 24832 WARNING rally_openstack.scenarios.neutron.utils [-] Running this scenario without either the 'network' or 'existing_network' context is deprecated
2019-06-19 01:08:22.921 24800 INFO rally.task.runner [-] Task a5502b91-4ce6-4252-a25a-111f8e69ddd2 | ITER: 2 END: OK
2019-06-19 01:08:22.925 24800 INFO rally.task.runner [-] Task a5502b91-4ce6-4252-a25a-111f8e69ddd2 | ITER: 23 START
2019-06-19 01:08:22.926 24800 WARNING rally_openstack.scenarios.neutron.utils [-] Running this scenario without either the 'network' or 'existing_network' context is deprecated
2019-06-19 01:08:23.163 24835 RALLYDEBUG rally_openstack.wrappers.network [-] CIDR generated: 1.1.4.252/30
2019-06-19 01:08:23.220 24801 INFO rally.task.runner [-] Task a5502b91-4ce6-4252-a25a-111f8e69ddd2 | ITER: 4 END: OK
2019-06-19 01:08:23.224 24801 INFO rally.task.runner [-] Task a5502b91-4ce6-4252-a25a-111f8e69ddd2 | ITER: 24 START
2019-06-19 01:08:23.224 24801 WARNING rally_openstack.scenarios.neutron.utils [-] Running this scenario without either the 'network' or 'existing_network' context is deprecated
2019-06-19 01:08:23.281 24836 INFO rally.task.runner [-] Task a5502b91-4ce6-4252-a25a-111f8e69ddd2 | ITER: 19 END: OK
2019-06-19 01:08:23.285 24836 INFO rally.task.runner [-] Task a5502b91-4ce6-4252-a25a-111f8e69ddd2 | ITER: 25 START
2019-06-19 01:08:23.286 24836 WARNING rally_openstack.scenarios.neutron.utils [-] Running this scenario without either the 'network' or 'existing_network' context is deprecated
2019-06-19 01:08:23.552 24801 INFO rally.task.runner [-] Task a5502b91-4ce6-4252-a25a-111f8e69ddd2 | ITER: 3 END: OK
2019-06-19 01:08:23.556 24801 INFO rally.task.runner [-] Task a5502b91-4ce6-4252-a25a-111f8e69ddd2 | ITER: 26 START
2019-06-19 01:08:23.556 24801 WARNING rally_openstack.scenarios.neutron.utils [-] Running this scenario without either the 'network' or 'existing_network' context is deprecated
2019-06-19 01:08:24.102 24800 INFO rally.task.runner [-] Task a5502b91-4ce6-4252-a25a-111f8e69ddd2 | ITER: 1 END: OK
2019-06-19 01:08:24.105 24800 INFO rally.task.runner [-] Task a5502b91-4ce6-4252-a25a-111f8e69ddd2 | ITER: 27 START
2019-06-19 01:08:24.105 24800 WARNING rally_openstack.scenarios.neutron.utils [-] Running this scenario without either the 'network' or 'existing_network' context is deprecated
2019-06-19 01:08:24.110 24838 INFO rally.task.runner [-] Task a5502b91-4ce6-4252-a25a-111f8e69ddd2 | ITER: 17 END: OK
2019-06-19 01:08:24.114 24838 INFO rally.task.runner [-] Task a5502b91-4ce6-4252-a25a-111f8e69ddd2 | ITER: 28 START
2019-06-19 01:08:24.115 24838 WARNING rally_openstack.scenarios.neutron.utils [-] Running this scenario without either the 'network' or 'existing_network' context is deprecated
2019-06-19 01:08:24.462 24803 INFO rally.task.runner [-] Task a5502b91-4ce6-4252-a25a-111f8e69ddd2 | ITER: 5 END: OK
2019-06-19 01:08:24.465 24803 INFO rally.task.runner [-] Task a5502b91-4ce6-4252-a25a-111f8e69ddd2 | ITER: 29 START
2019-06-19 01:08:24.466 24803 WARNING rally_openstack.scenarios.neutron.utils [-] Running this scenario without either the 'network' or 'existing_network' context is deprecated
2019-06-19 01:08:24.503 24840 INFO rally.task.runner [-] Task a5502b91-4ce6-4252-a25a-111f8e69ddd2 | ITER: 18 END: OK
2019-06-19 01:08:24.507 24840 INFO rally.task.runner [-] Task a5502b91-4ce6-4252-a25a-111f8e69ddd2 | ITER: 30 START
2019-06-19 01:08:24.507 24840 WARNING rally_openstack.scenarios.neutron.utils [-] Running this scenario without either the 'network' or 'existing_network' context is deprecated
2019-06-19 01:08:24.591 24828 RALLYDEBUG rally_openstack.wrappers.network [-] CIDR generated: 1.1.5.0/30
2019-06-19 01:08:25.138 24803 INFO rally.task.runner [-] Task a5502b91-4ce6-4252-a25a-111f8e69ddd2 | ITER: 7 END: OK
2019-06-19 01:08:25.141 24803 INFO rally.task.runner [-] Task a5502b91-4ce6-4252-a25a-111f8e69ddd2 | ITER: 31 START
2019-06-19 01:08:25.141 24803 WARNING rally_openstack.scenarios.neutron.utils [-] Running this scenario without either the 'network' or 'existing_network' context is deprecated
2019-06-19 01:08:25.597 24819 INFO rally.task.runner [-] Task a5502b91-4ce6-4252-a25a-111f8e69ddd2 | ITER: 12 END: OK
2019-06-19 01:08:25.602 24819 INFO rally.task.runner [-] Task a5502b91-4ce6-4252-a25a-111f8e69ddd2 | ITER: 32 START
2019-06-19 01:08:25.603 24819 WARNING rally_openstack.scenarios.neutron.utils [-] Running this scenario without either the 'network' or 'existing_network' context is deprecated
2019-06-19 01:08:25.626 24800 RALLYDEBUG rally_openstack.wrappers.network [-] CIDR generated: 1.1.5.4/30
2019-06-19 01:08:25.879 24801 RALLYDEBUG rally_openstack.wrappers.network [-] CIDR generated: 1.1.5.8/30
2019-06-19 01:08:25.894 24832 RALLYDEBUG rally_openstack.wrappers.network [-] CIDR generated: 1.1.5.12/30
2019-06-19 01:08:26.003 24801 RALLYDEBUG rally_openstack.wrappers.network [-] CIDR generated: 1.1.5.16/30
2019-06-19 01:08:26.087 24836 RALLYDEBUG rally_openstack.wrappers.network [-] CIDR generated: 1.1.5.20/30
2019-06-19 01:08:26.356 24843 INFO rally.task.runner [-] Task a5502b91-4ce6-4252-a25a-111f8e69ddd2 | ITER: 20 END: OK
2019-06-19 01:08:26.360 24843 INFO rally.task.runner [-] Task a5502b91-4ce6-4252-a25a-111f8e69ddd2 | ITER: 33 START
2019-06-19 01:08:26.361 24843 WARNING rally_openstack.scenarios.neutron.utils [-] Running this scenario without either the 'network' or 'existing_network' context is deprecated
2019-06-19 01:08:26.603 24809 INFO rally.task.runner [-] Task a5502b91-4ce6-4252-a25a-111f8e69ddd2 | ITER: 10 END: OK
2019-06-19 01:08:26.608 24809 INFO rally.task.runner [-] Task a5502b91-4ce6-4252-a25a-111f8e69ddd2 | ITER: 34 START
2019-06-19 01:08:26.608 24809 WARNING rally_openstack.scenarios.neutron.utils [-] Running this scenario without either the 'network' or 'existing_network' context is deprecated
2019-06-19 01:08:26.710 24800 RALLYDEBUG rally_openstack.wrappers.network [-] CIDR generated: 1.1.5.24/30
2019-06-19 01:08:26.938 24838 RALLYDEBUG rally_openstack.wrappers.network [-] CIDR generated: 1.1.5.28/30
2019-06-19 01:08:26.992 24813 INFO rally.task.runner [-] Task a5502b91-4ce6-4252-a25a-111f8e69ddd2 | ITER: 11 END: OK
2019-06-19 01:08:26.997 24813 INFO rally.task.runner [-] Task a5502b91-4ce6-4252-a25a-111f8e69ddd2 | ITER: 35 START
2019-06-19 01:08:26.997 24813 WARNING rally_openstack.scenarios.neutron.utils [-] Running this scenario without either the 'network' or 'existing_network' context is deprecated
2019-06-19 01:08:27.099 24840 RALLYDEBUG rally_openstack.wrappers.network [-] CIDR generated: 1.1.5.32/30
2019-06-19 01:08:27.243 24807 INFO rally.task.runner [-] Task a5502b91-4ce6-4252-a25a-111f8e69ddd2 | ITER: 9 END: OK
2019-06-19 01:08:27.247 24807 INFO rally.task.runner [-] Task a5502b91-4ce6-4252-a25a-111f8e69ddd2 | ITER: 36 START
2019-06-19 01:08:27.248 24807 WARNING rally_openstack.scenarios.neutron.utils [-] Running this scenario without either the 'network' or 'existing_network' context is deprecated
2019-06-19 01:08:27.399 24803 RALLYDEBUG rally_openstack.wrappers.network [-] CIDR generated: 1.1.5.36/30
2019-06-19 01:08:27.705 24828 RALLYDEBUG rally_openstack.wrappers.network [-] CIDR generated: 1.1.5.40/30
2019-06-19 01:08:27.912 24803 RALLYDEBUG rally_openstack.wrappers.network [-] CIDR generated: 1.1.5.44/30
2019-06-19 01:08:28.098 24802 INFO rally.task.runner [-] Task a5502b91-4ce6-4252-a25a-111f8e69ddd2 | ITER: 8 END: OK
2019-06-19 01:08:28.102 24802 INFO rally.task.runner [-] Task a5502b91-4ce6-4252-a25a-111f8e69ddd2 | ITER: 37 START
2019-06-19 01:08:28.103 24802 WARNING rally_openstack.scenarios.neutron.utils [-] Running this scenario without either the 'network' or 'existing_network' context is deprecated
2019-06-19 01:08:28.642 24819 RALLYDEBUG rally_openstack.wrappers.network [-] CIDR generated: 1.1.5.48/30
2019-06-19 01:08:28.686 24832 RALLYDEBUG rally_openstack.wrappers.network [-] CIDR generated: 1.1.5.52/30
2019-06-19 01:08:28.729 24802 INFO rally.task.runner [-] Task a5502b91-4ce6-4252-a25a-111f8e69ddd2 | ITER: 6 END: OK
2019-06-19 01:08:28.733 24802 INFO rally.task.runner [-] Task a5502b91-4ce6-4252-a25a-111f8e69ddd2 | ITER: 38 START
2019-06-19 01:08:28.734 24802 WARNING rally_openstack.scenarios.neutron.utils [-] Running this scenario without either the 'network' or 'existing_network' context is deprecated
2019-06-19 01:08:28.759 24836 RALLYDEBUG rally_openstack.wrappers.network [-] CIDR generated: 1.1.5.56/30
2019-06-19 01:08:28.831 24800 RALLYDEBUG rally_openstack.wrappers.network [-] CIDR generated: 1.1.5.60/30
2019-06-19 01:08:29.038 24843 RALLYDEBUG rally_openstack.wrappers.network [-] CIDR generated: 1.1.5.64/30
2019-06-19 01:08:29.129 24801 RALLYDEBUG rally_openstack.wrappers.network [-] CIDR generated: 1.1.5.68/30
2019-06-19 01:08:29.224 24800 RALLYDEBUG rally_openstack.wrappers.network [-] CIDR generated: 1.1.5.72/30
2019-06-19 01:08:29.281 24809 RALLYDEBUG rally_openstack.wrappers.network [-] CIDR generated: 1.1.5.76/30
2019-06-19 01:08:29.454 24813 RALLYDEBUG rally_openstack.wrappers.network [-] CIDR generated: 1.1.5.80/30
2019-06-19 01:08:29.481 24807 RALLYDEBUG rally_openstack.wrappers.network [-] CIDR generated: 1.1.5.84/30
2019-06-19 01:08:29.604 24824 INFO rally.task.runner [-] Task a5502b91-4ce6-4252-a25a-111f8e69ddd2 | ITER: 13 END: OK
2019-06-19 01:08:29.608 24824 INFO rally.task.runner [-] Task a5502b91-4ce6-4252-a25a-111f8e69ddd2 | ITER: 39 START
2019-06-19 01:08:29.609 24824 WARNING rally_openstack.scenarios.neutron.utils [-] Running this scenario without either the 'network' or 'existing_network' context is deprecated
2019-06-19 01:08:29.663 24840 RALLYDEBUG rally_openstack.wrappers.network [-] CIDR generated: 1.1.5.88/30
2019-06-19 01:08:29.793 24803 RALLYDEBUG rally_openstack.wrappers.network [-] CIDR generated: 1.1.5.92/30
2019-06-19 01:08:30.243 24838 RALLYDEBUG rally_openstack.wrappers.network [-] CIDR generated: 1.1.5.96/30
2019-06-19 01:08:30.299 24801 RALLYDEBUG rally_openstack.wrappers.network [-] CIDR generated: 1.1.5.100/30
2019-06-19 01:08:30.675 24802 RALLYDEBUG rally_openstack.wrappers.network [-] CIDR generated: 1.1.5.104/30
2019-06-19 01:08:30.798 24835 INFO rally.task.runner [-] Task a5502b91-4ce6-4252-a25a-111f8e69ddd2 | ITER: 16 END: OK
2019-06-19 01:08:30.803 24835 INFO rally.task.runner [-] Task a5502b91-4ce6-4252-a25a-111f8e69ddd2 | ITER: 40 START
2019-06-19 01:08:30.803 24835 WARNING rally_openstack.scenarios.neutron.utils [-] Running this scenario without either the 'network' or 'existing_network' context is deprecated
2019-06-19 01:08:31.116 24802 RALLYDEBUG rally_openstack.wrappers.network [-] CIDR generated: 1.1.5.108/30
2019-06-19 01:08:31.795 24813 RALLYDEBUG rally_openstack.wrappers.network [-] CIDR generated: 1.1.5.112/30
2019-06-19 01:08:32.142 24809 RALLYDEBUG rally_openstack.wrappers.network [-] CIDR generated: 1.1.5.116/30
2019-06-19 01:08:32.158 24824 RALLYDEBUG rally_openstack.wrappers.network [-] CIDR generated: 1.1.5.120/30
2019-06-19 01:08:32.227 24803 RALLYDEBUG rally_openstack.wrappers.network [-] CIDR generated: 1.1.5.124/30
2019-06-19 01:08:32.325 24843 RALLYDEBUG rally_openstack.wrappers.network [-] CIDR generated: 1.1.5.128/30
2019-06-19 01:08:32.507 24807 RALLYDEBUG rally_openstack.wrappers.network [-] CIDR generated: 1.1.5.132/30
2019-06-19 01:08:32.695 24819 RALLYDEBUG rally_openstack.wrappers.network [-] CIDR generated: 1.1.5.136/30
2019-06-19 01:08:33.127 24802 RALLYDEBUG rally_openstack.wrappers.network [-] CIDR generated: 1.1.5.140/30
2019-06-19 01:08:33.302 24835 RALLYDEBUG rally_openstack.wrappers.network [-] CIDR generated: 1.1.5.144/30
2019-06-19 01:08:33.980 24802 RALLYDEBUG rally_openstack.wrappers.network [-] CIDR generated: 1.1.5.148/30
2019-06-19 01:08:35.001 24832 INFO rally.task.runner [-] Task a5502b91-4ce6-4252-a25a-111f8e69ddd2 | ITER: 22 END: OK
2019-06-19 01:08:35.138 24824 RALLYDEBUG rally_openstack.wrappers.network [-] CIDR generated: 1.1.5.152/30
2019-06-19 01:08:35.197 24835 RALLYDEBUG rally_openstack.wrappers.network [-] CIDR generated: 1.1.5.156/30
2019-06-19 01:08:35.462 24801 INFO rally.task.runner [-] Task a5502b91-4ce6-4252-a25a-111f8e69ddd2 | ITER: 26 END: OK
2019-06-19 01:08:35.829 24838 INFO rally.task.runner [-] Task a5502b91-4ce6-4252-a25a-111f8e69ddd2 | ITER: 28 END: OK
2019-06-19 01:08:36.123 24800 INFO rally.task.runner [-] Task a5502b91-4ce6-4252-a25a-111f8e69ddd2 | ITER: 27 END: OK
2019-06-19 01:08:36.748 24836 INFO rally.task.runner [-] Task a5502b91-4ce6-4252-a25a-111f8e69ddd2 | ITER: 25 END: OK
2019-06-19 01:08:36.848 24800 INFO rally.task.runner [-] Task a5502b91-4ce6-4252-a25a-111f8e69ddd2 | ITER: 23 END: OK
2019-06-19 01:08:37.064 24840 INFO rally.task.runner [-] Task a5502b91-4ce6-4252-a25a-111f8e69ddd2 | ITER: 30 END: OK
2019-06-19 01:08:37.674 24803 INFO rally.task.runner [-] Task a5502b91-4ce6-4252-a25a-111f8e69ddd2 | ITER: 29 END: OK
2019-06-19 01:08:38.142 24801 INFO rally.task.runner [-] Task a5502b91-4ce6-4252-a25a-111f8e69ddd2 | ITER: 24 END: OK
2019-06-19 01:08:38.196 24813 INFO rally.task.runner [-] Task a5502b91-4ce6-4252-a25a-111f8e69ddd2 | ITER: 35 END: OK
2019-06-19 01:08:38.231 24828 INFO rally.task.runner [-] Task a5502b91-4ce6-4252-a25a-111f8e69ddd2 | ITER: 21 END: OK
2019-06-19 01:08:38.819 24843 INFO rally.task.runner [-] Task a5502b91-4ce6-4252-a25a-111f8e69ddd2 | ITER: 33 END: OK
2019-06-19 01:08:39.033 24809 INFO rally.task.runner [-] Task a5502b91-4ce6-4252-a25a-111f8e69ddd2 | ITER: 34 END: OK
2019-06-19 01:08:39.060 24807 INFO rally.task.runner [-] Task a5502b91-4ce6-4252-a25a-111f8e69ddd2 | ITER: 36 END: OK
2019-06-19 01:08:39.335 24819 INFO rally.task.runner [-] Task a5502b91-4ce6-4252-a25a-111f8e69ddd2 | ITER: 32 END: OK
2019-06-19 01:08:39.568 24802 INFO rally.task.runner [-] Task a5502b91-4ce6-4252-a25a-111f8e69ddd2 | ITER: 38 END: OK
2019-06-19 01:08:39.926 24802 INFO rally.task.runner [-] Task a5502b91-4ce6-4252-a25a-111f8e69ddd2 | ITER: 37 END: OK
2019-06-19 01:08:39.988 24803 INFO rally.task.runner [-] Task a5502b91-4ce6-4252-a25a-111f8e69ddd2 | ITER: 31 END: OK
2019-06-19 01:08:41.251 24835 INFO rally.task.runner [-] Task a5502b91-4ce6-4252-a25a-111f8e69ddd2 | ITER: 40 END: OK
2019-06-19 01:08:41.676 24824 INFO rally.task.runner [-] Task a5502b91-4ce6-4252-a25a-111f8e69ddd2 | ITER: 39 END: OK
2019-06-19 01:08:41.704 22706 INFO rally.task.context [-] Task a5502b91-4ce6-4252-a25a-111f8e69ddd2 | Context cleanup@openstack cleanup() started
2019-06-19 01:08:41.706 22706 RALLYDEBUG rally_openstack.cleanup.manager [-] Cleaning up neutron vip objects
2019-06-19 01:08:42.355 22706 RALLYDEBUG rally_openstack.cleanup.manager [-] Cleaning up neutron health_monitor objects
2019-06-19 01:08:43.019 22706 RALLYDEBUG rally_openstack.cleanup.manager [-] Cleaning up neutron pool objects
2019-06-19 01:08:43.668 22706 RALLYDEBUG rally_openstack.cleanup.manager [-] Cleaning up neutron loadbalancer objects
2019-06-19 01:08:44.404 22706 RALLYDEBUG rally_openstack.cleanup.manager [-] Cleaning up neutron floatingip objects
2019-06-19 01:08:45.399 22706 RALLYDEBUG rally_openstack.cleanup.manager [-] Cleaning up neutron port objects
2019-06-19 01:08:46.411 22706 RALLYDEBUG rally_openstack.cleanup.manager [-] Cleaning up neutron subnet objects
2019-06-19 01:08:47.205 22706 RALLYDEBUG rally_openstack.cleanup.manager [-] Cleaning up neutron network objects
2019-06-19 01:08:48.125 22706 RALLYDEBUG rally_openstack.cleanup.manager [-] Deleting neutron.network object s_rally_4112bb68_iPCMwFvA (08900e25-2476-4fce-be85-ea2f891d0b8c)
2019-06-19 01:08:48.132 22706 RALLYDEBUG rally_openstack.cleanup.manager [-] Deleting neutron.network object s_rally_4112bb68_1mtrAZz0 (08d0392c-8ac1-4341-93cd-f5f1a46dbfd9)
2019-06-19 01:08:48.144 22706 RALLYDEBUG rally_openstack.cleanup.manager [-] Deleting neutron.network object s_rally_4112bb68_b3ZyZM01 (0cf611fd-7f74-43f0-98ac-068d9698d1ac)
2019-06-19 01:08:48.145 22706 RALLYDEBUG rally_openstack.cleanup.manager [-] Deleting neutron.network object s_rally_4112bb68_R4vJTIi9 (0c20915c-fd65-46dd-ac95-91bf7c6e2810)
2019-06-19 01:08:48.152 22706 RALLYDEBUG rally_openstack.cleanup.manager [-] Deleting neutron.network object s_rally_4112bb68_sw7VdmL3 (1d4926d8-c33c-4bec-9438-4459c1d67389)
2019-06-19 01:08:48.156 22706 RALLYDEBUG rally_openstack.cleanup.manager [-] Deleting neutron.network object s_rally_4112bb68_3yPkhWrT (229393db-7039-40dd-aefa-e308d7b0bcee)
2019-06-19 01:08:48.172 22706 RALLYDEBUG rally_openstack.cleanup.manager [-] Deleting neutron.network object s_rally_4112bb68_8Rpf6BxB (230525f2-f91a-4403-9556-262375dfb257)
2019-06-19 01:08:48.195 22706 RALLYDEBUG rally_openstack.cleanup.manager [-] Deleting neutron.network object s_rally_4112bb68_6Hmpa50d (29cb7f12-3092-472e-974b-ba86a6a37cf8)
2019-06-19 01:08:48.204 22706 RALLYDEBUG rally_openstack.cleanup.manager [-] Deleting neutron.network object s_rally_4112bb68_IBltF8OQ (37640345-a76e-4632-b6e1-5b129a4c13c4)
2019-06-19 01:08:48.210 22706 RALLYDEBUG rally_openstack.cleanup.manager [-] Deleting neutron.network object s_rally_4112bb68_ZI1hIaeE (3e90a783-9e8d-47b5-8298-67a9517ca536)
2019-06-19 01:08:48.235 22706 RALLYDEBUG rally_openstack.cleanup.manager [-] Deleting neutron.network object s_rally_4112bb68_9YNX952Q (41163af4-fb21-40e3-9469-71650c14f778)
2019-06-19 01:08:48.243 22706 RALLYDEBUG rally_openstack.cleanup.manager [-] Deleting neutron.network object s_rally_4112bb68_2BqTxKEl (417d233e-78a4-437b-a124-7587e71525df)
2019-06-19 01:08:48.273 22706 RALLYDEBUG rally_openstack.cleanup.manager [-] Deleting neutron.network object s_rally_4112bb68_nvn2S22u (52397471-5803-4d61-bdc9-ac1eb50193e6)
2019-06-19 01:08:48.274 22706 RALLYDEBUG rally_openstack.cleanup.manager [-] Deleting neutron.network object s_rally_4112bb68_rG9MK9o2 (46849dcd-9197-4405-aeca-e1ba514d4d33)
2019-06-19 01:08:48.281 22706 RALLYDEBUG rally_openstack.cleanup.manager [-] Deleting neutron.network object s_rally_4112bb68_2sSRb6Lv (5ea2f018-5c6a-4aeb-9853-f2ac22d9447b)
2019-06-19 01:08:48.320 22706 RALLYDEBUG rally_openstack.cleanup.manager [-] Deleting neutron.network object s_rally_4112bb68_yLrsH8NZ (71e873fd-d8ba-47fd-b191-e55ce7ac41f4)
2019-06-19 01:08:48.322 22706 RALLYDEBUG rally_openstack.cleanup.manager [-] Deleting neutron.network object s_rally_4112bb68_odpiT4Wk (64322660-d9ec-4473-8a10-5e746baf7152)
2019-06-19 01:08:48.332 22706 RALLYDEBUG rally_openstack.cleanup.manager [-] Deleting neutron.network object s_rally_4112bb68_ZLelZjlJ (75fcbe48-2277-4227-96cb-eeb07fb39251)
2019-06-19 01:08:48.334 22706 RALLYDEBUG rally_openstack.cleanup.manager [-] Deleting neutron.network object s_rally_4112bb68_4PVNxZ0T (760745f5-06e8-4fbe-b70c-966fc19ab48b)
2019-06-19 01:08:48.354 22706 RALLYDEBUG rally_openstack.cleanup.manager [-] Deleting neutron.network object s_rally_4112bb68_kIV4qquL (7f1146d3-2103-44e4-a7f8-1464620a80c6)
2019-06-19 01:08:51.480 22706 RALLYDEBUG rally_openstack.cleanup.manager [-] Deleting neutron.network object s_rally_4112bb68_nLt7Zgdz (84e48711-c025-4e5d-ae4a-756993a0d658)
2019-06-19 01:08:51.752 22706 RALLYDEBUG rally_openstack.cleanup.manager [-] Deleting neutron.network object s_rally_4112bb68_N0rCzgru (85d9bbe4-f334-4e7f-aa50-305a0c495421)
2019-06-19 01:08:51.830 22706 RALLYDEBUG rally_openstack.cleanup.manager [-] Deleting neutron.network object s_rally_4112bb68_MdH8lVfi (87e0f103-b0f6-45da-8f02-461730cb7839)
2019-06-19 01:08:51.891 22706 RALLYDEBUG rally_openstack.cleanup.manager [-] Deleting neutron.network object s_rally_4112bb68_f1O1MovV (941788ef-dffb-4543-8bac-411dc63be1fc)
2019-06-19 01:08:51.971 22706 RALLYDEBUG rally_openstack.cleanup.manager [-] Deleting neutron.network object s_rally_4112bb68_Q1vvgscT (9807e9b2-97a0-4ff2-803a-1e02e8e0837c)
2019-06-19 01:08:51.981 22706 RALLYDEBUG rally_openstack.cleanup.manager [-] Deleting neutron.network object s_rally_4112bb68_7wfX1lK4 (9db3ceae-66a4-42ae-9010-00fccf7650d6)
2019-06-19 01:08:52.150 22706 RALLYDEBUG rally_openstack.cleanup.manager [-] Deleting neutron.network object s_rally_4112bb68_1pfwpZKo (a0f697c5-f875-49a5-837d-0a65cb786e13)
2019-06-19 01:08:52.234 22706 RALLYDEBUG rally_openstack.cleanup.manager [-] Deleting neutron.network object s_rally_4112bb68_CZmMrvn5 (a7279d52-6392-41ea-81bf-21ade356c6f9)
2019-06-19 01:08:52.245 22706 RALLYDEBUG rally_openstack.cleanup.manager [-] Deleting neutron.network object s_rally_4112bb68_Uj9jfovW (b6667261-cc2f-4e35-9245-e9016fa0a308)
2019-06-19 01:08:52.686 22706 RALLYDEBUG rally_openstack.cleanup.manager [-] Deleting neutron.network object s_rally_4112bb68_gR16dO6V (b9984b46-8529-456f-bb78-5ba57df347b1)
2019-06-19 01:08:52.892 22706 RALLYDEBUG rally_openstack.cleanup.manager [-] Deleting neutron.network object s_rally_4112bb68_qDeol7Cq (c2a94332-0ab4-485c-b4b3-252503423135)
2019-06-19 01:08:52.901 22706 RALLYDEBUG rally_openstack.cleanup.manager [-] Deleting neutron.network object s_rally_4112bb68_gDb4AACL (c6ab0664-b289-4318-9c57-1536134349e0)
2019-06-19 01:08:52.957 22706 RALLYDEBUG rally_openstack.cleanup.manager [-] Deleting neutron.network object s_rally_4112bb68_R1DkQhYF (cbb94928-2963-48b9-89ed-739835840fd5)
2019-06-19 01:08:53.720 22706 RALLYDEBUG rally_openstack.cleanup.manager [-] Deleting neutron.network object s_rally_4112bb68_l8hfbfcC (cf8e88d0-fa3a-4ca8-ae0e-21d77eb01b3a)
2019-06-19 01:08:54.302 22706 RALLYDEBUG rally_openstack.cleanup.manager [-] Deleting neutron.network object s_rally_4112bb68_x6keJUDh (d07c73c1-75e1-48ba-99fd-8bef2cf50618)
2019-06-19 01:08:54.341 22706 RALLYDEBUG rally_openstack.cleanup.manager [-] Deleting neutron.network object s_rally_4112bb68_DbR1mV95 (e683fc17-21fa-48af-b073-9a15b15835c4)
2019-06-19 01:08:54.832 22706 RALLYDEBUG rally_openstack.cleanup.manager [-] Deleting neutron.network object s_rally_4112bb68_9DIcPcky (ef5b77ff-84cd-4dc9-9212-1df997e25910)
2019-06-19 01:08:54.924 22706 RALLYDEBUG rally_openstack.cleanup.manager [-] Deleting neutron.network object s_rally_4112bb68_3c49TQJO (f7fdc006-d32c-4923-a0d2-e78154589efd)
2019-06-19 01:08:54.982 22706 RALLYDEBUG rally_openstack.cleanup.manager [-] Deleting neutron.network object s_rally_4112bb68_lZY2JSMF (fbe53f87-8357-4478-ad91-e1eb63df2037)
2019-06-19 01:08:55.162 22706 RALLYDEBUG rally_openstack.cleanup.manager [-] Deleting neutron.network object s_rally_4112bb68_KgRGDw0s (ff938d45-97cc-4a14-9656-8d0efd263ff7)
2019-06-19 01:08:58.365 22706 RALLYDEBUG rally_openstack.cleanup.manager [-] Cleaning up neutron router objects
2019-06-19 01:08:59.363 22706 RALLYDEBUG rally_openstack.cleanup.manager [-] Cleaning up neutron security_group objects
2019-06-19 01:09:00.023 22706 INFO rally.task.context [-] Task a5502b91-4ce6-4252-a25a-111f8e69ddd2 | Context cleanup@openstack cleanup() finished in 18.32 sec
2019-06-19 01:09:00.023 22706 INFO rally.task.context [-] Task a5502b91-4ce6-4252-a25a-111f8e69ddd2 | Context quotas@openstack cleanup() started
2019-06-19 01:09:00.260 22706 INFO rally.task.context [-] Task a5502b91-4ce6-4252-a25a-111f8e69ddd2 | Context quotas@openstack cleanup() finished in 0.24 sec
2019-06-19 01:09:00.260 22706 INFO rally.task.context [-] Task a5502b91-4ce6-4252-a25a-111f8e69ddd2 | Context users@openstack cleanup() started
2019-06-19 01:09:05.373 22706 INFO rally.task.context [-] Task a5502b91-4ce6-4252-a25a-111f8e69ddd2 | Context users@openstack cleanup() finished in 5.11 sec
2019-06-19 01:09:07.248 22706 INFO rally.task.engine [-] Load duration is: 31.024187
2019-06-19 01:09:07.248 22706 INFO rally.task.engine [-] Full runner duration is: 31.073125
2019-06-19 01:09:07.248 22706 INFO rally.task.engine [-] Full duration is: 60.343811
2019-06-19 01:09:07.478 22706 INFO rally.task.engine [-] Running workload: position = 0 config = { "version": 2, "title": "A cropped version of a bigger task.", "description": "Auto-generated task from a single workload (uuid=4130e4a4-920c-4142-a5d8-7b24aa0a7bce)", "subtasks": [ { "title": "NeutronNetworks.create_and_list_routers", "description": "Create and a given number of routers and list all routers.", "scenario": { "NeutronNetworks.create_and_list_routers": { "network_create_args": null, "subnet_create_args": null, "subnet_cidr_start": "1.1.0.0/30", "subnets_per_network": 2, "router_create_args": null } }, "contexts": { "users": { "tenants": 1, "users_per_tenant": 1 }, "quotas": { "neutron": { "network": -1, "subnet": -1, "router": -1 } } }, "runner": { "constant": { "times": 40, "concurrency": 20 } }, "hooks": [], "sla": { "failure_rate": { "max": 0 } } } ] }
2019-06-19 01:09:07.503 22706 RALLYDEBUG rally_openstack.contexts.keystone.users [-] Creating 1 tenants using 20 threads
2019-06-19 01:09:09.425 22706 RALLYDEBUG rally_openstack.contexts.keystone.users [-] Creating 1 users using 20 threads
2019-06-19 01:09:12.219 22706 INFO rally.task.context [-] Task a5502b91-4ce6-4252-a25a-111f8e69ddd2 | Context users@openstack setup() finished in 4.72 sec
2019-06-19 01:09:13.061 22706 INFO rally.task.context [-] Task a5502b91-4ce6-4252-a25a-111f8e69ddd2 | Context quotas@openstack setup() finished in 0.84 sec
2019-06-19 01:09:13.062 22706 INFO rally.task.context [-] Task a5502b91-4ce6-4252-a25a-111f8e69ddd2 | Context cleanup@openstack setup() finished in 0.01 msec
2019-06-19 01:09:13.069 22706 RALLYDEBUG rally.task.runner [-] Starting the constant runner (task UUID: a5502b91-4ce6-4252-a25a-111f8e69ddd2). timeout: 0 concurrency: 20 concurrency_per_worker: 1 times: 40 concurrency_overhead: 4 processes_to_start: 16 max_cpu_used: 16
2019-06-19 01:09:13.081 25170 RALLYDEBUG rally.task.runner [-] Starting a worker. concurrency: 2 args: {"network_create_args": null, "subnet_create_args": null, "subnet_cidr_start": "1.1.0.0/30", "subnets_per_network": 2, "router_create_args": null} times: 40 method_name: run timeout: 0 duration: None cls:
2019-06-19 01:09:13.085 25171 RALLYDEBUG rally.task.runner [-] Starting a worker. concurrency: 2 args: {"network_create_args": null, "subnet_create_args": null, "subnet_cidr_start": "1.1.0.0/30", "subnets_per_network": 2, "router_create_args": null} times: 40 method_name: run timeout: 0 duration: None cls:
2019-06-19 01:09:13.088 25170 INFO rally.task.runner [-] Task a5502b91-4ce6-4252-a25a-111f8e69ddd2 | ITER: 1 START
2019-06-19 01:09:13.088 25172 RALLYDEBUG rally.task.runner [-] Starting a worker. concurrency: 2 args: {"network_create_args": null, "subnet_create_args": null, "subnet_cidr_start": "1.1.0.0/30", "subnets_per_network": 2, "router_create_args": null} times: 40 method_name: run timeout: 0 duration: None cls:
2019-06-19 01:09:13.091 25173 RALLYDEBUG rally.task.runner [-] Starting a worker. concurrency: 2 args: {"network_create_args": null, "subnet_create_args": null, "subnet_cidr_start": "1.1.0.0/30", "subnets_per_network": 2, "router_create_args": null} times: 40 method_name: run timeout: 0 duration: None cls:
2019-06-19 01:09:13.089 25170 INFO rally.task.runner [-] Task a5502b91-4ce6-4252-a25a-111f8e69ddd2 | ITER: 2 START
2019-06-19 01:09:13.092 25171 INFO rally.task.runner [-] Task a5502b91-4ce6-4252-a25a-111f8e69ddd2 | ITER: 3 START
2019-06-19 01:09:13.093 25177 RALLYDEBUG rally.task.runner [-] Starting a worker. concurrency: 1 args: {"network_create_args": null, "subnet_create_args": null, "subnet_cidr_start": "1.1.0.0/30", "subnets_per_network": 2, "router_create_args": null} times: 40 method_name: run timeout: 0 duration: None cls:
2019-06-19 01:09:13.096 25180 RALLYDEBUG rally.task.runner [-] Starting a worker. concurrency: 1 args: {"network_create_args": null, "subnet_create_args": null, "subnet_cidr_start": "1.1.0.0/30", "subnets_per_network": 2, "router_create_args": null} times: 40 method_name: run timeout: 0 duration: None cls:
2019-06-19 01:09:13.096 25171 INFO rally.task.runner [-] Task a5502b91-4ce6-4252-a25a-111f8e69ddd2 | ITER: 5 START
2019-06-19 01:09:13.097 25172 INFO rally.task.runner [-] Task a5502b91-4ce6-4252-a25a-111f8e69ddd2 | ITER: 4 START
2019-06-19 01:09:13.099 25180 INFO rally.task.runner [-] Task a5502b91-4ce6-4252-a25a-111f8e69ddd2 | ITER: 10 START
2019-06-19 01:09:13.099 25177 INFO rally.task.runner [-] Task a5502b91-4ce6-4252-a25a-111f8e69ddd2 | ITER: 8 START
2019-06-19 01:09:13.098 25172 INFO rally.task.runner [-] Task a5502b91-4ce6-4252-a25a-111f8e69ddd2 | ITER: 7 START
2019-06-19 01:09:13.101 25173 INFO rally.task.runner [-] Task a5502b91-4ce6-4252-a25a-111f8e69ddd2 | ITER: 6 START
2019-06-19 01:09:13.102 25184 RALLYDEBUG rally.task.runner [-] Starting a worker. concurrency: 1 args: {"network_create_args": null, "subnet_create_args": null, "subnet_cidr_start": "1.1.0.0/30", "subnets_per_network": 2, "router_create_args": null} times: 40 method_name: run timeout: 0 duration: None cls:
2019-06-19 01:09:13.106 25184 INFO rally.task.runner [-] Task a5502b91-4ce6-4252-a25a-111f8e69ddd2 | ITER: 11 START
2019-06-19 01:09:13.106 25188 RALLYDEBUG rally.task.runner [-] Starting a worker. concurrency: 1 args: {"network_create_args": null, "subnet_create_args": null, "subnet_cidr_start": "1.1.0.0/30", "subnets_per_network": 2, "router_create_args": null} times: 40 method_name: run timeout: 0 duration: None cls:
2019-06-19 01:09:13.108 25173 INFO rally.task.runner [-] Task a5502b91-4ce6-4252-a25a-111f8e69ddd2 | ITER: 9 START
2019-06-19 01:09:13.113 25188 INFO rally.task.runner [-] Task a5502b91-4ce6-4252-a25a-111f8e69ddd2 | ITER: 12 START
2019-06-19 01:09:13.118 25194 RALLYDEBUG rally.task.runner [-] Starting a worker. concurrency: 1 args: {"network_create_args": null, "subnet_create_args": null, "subnet_cidr_start": "1.1.0.0/30", "subnets_per_network": 2, "router_create_args": null} times: 40 method_name: run timeout: 0 duration: None cls:
2019-06-19 01:09:13.119 25198 RALLYDEBUG rally.task.runner [-] Starting a worker. concurrency: 1 args: {"network_create_args": null, "subnet_create_args": null, "subnet_cidr_start": "1.1.0.0/30", "subnets_per_network": 2, "router_create_args": null} times: 40 method_name: run timeout: 0 duration: None cls:
2019-06-19 01:09:13.126 25198 INFO rally.task.runner [-] Task a5502b91-4ce6-4252-a25a-111f8e69ddd2 | ITER: 14 START
2019-06-19 01:09:13.126 25194 INFO rally.task.runner [-] Task a5502b91-4ce6-4252-a25a-111f8e69ddd2 | ITER: 13 START
2019-06-19 01:09:13.129 25200 RALLYDEBUG rally.task.runner [-] Starting a worker. concurrency: 1 args: {"network_create_args": null, "subnet_create_args": null, "subnet_cidr_start": "1.1.0.0/30", "subnets_per_network": 2, "router_create_args": null} times: 40 method_name: run timeout: 0 duration: None cls:
2019-06-19 01:09:13.133 25205 RALLYDEBUG rally.task.runner [-] Starting a worker. concurrency: 1 args: {"network_create_args": null, "subnet_create_args": null, "subnet_cidr_start": "1.1.0.0/30", "subnets_per_network": 2, "router_create_args": null} times: 40 method_name: run timeout: 0 duration: None cls:
2019-06-19 01:09:13.133 25200 INFO rally.task.runner [-] Task a5502b91-4ce6-4252-a25a-111f8e69ddd2 | ITER: 15 START
2019-06-19 01:09:13.138 25205 INFO rally.task.runner [-] Task a5502b91-4ce6-4252-a25a-111f8e69ddd2 | ITER: 16 START
2019-06-19 01:09:13.146 25208 RALLYDEBUG rally.task.runner [-] Starting a worker. concurrency: 1 args: {"network_create_args": null, "subnet_create_args": null, "subnet_cidr_start": "1.1.0.0/30", "subnets_per_network": 2, "router_create_args": null} times: 40 method_name: run timeout: 0 duration: None cls:
2019-06-19 01:09:13.148 25211 RALLYDEBUG rally.task.runner [-] Starting a worker. concurrency: 1 args: {"network_create_args": null, "subnet_create_args": null, "subnet_cidr_start": "1.1.0.0/30", "subnets_per_network": 2, "router_create_args": null} times: 40 method_name: run timeout: 0 duration: None cls:
2019-06-19 01:09:13.151 25208 INFO rally.task.runner [-] Task a5502b91-4ce6-4252-a25a-111f8e69ddd2 | ITER: 17 START
2019-06-19 01:09:13.153 25211 INFO rally.task.runner [-] Task a5502b91-4ce6-4252-a25a-111f8e69ddd2 | ITER: 18 START
2019-06-19 01:09:13.155 25212 RALLYDEBUG rally.task.runner [-] Starting a worker. concurrency: 1 args: {"network_create_args": null, "subnet_create_args": null, "subnet_cidr_start": "1.1.0.0/30", "subnets_per_network": 2, "router_create_args": null} times: 40 method_name: run timeout: 0 duration: None cls:
2019-06-19 01:09:13.159 25212 INFO rally.task.runner [-] Task a5502b91-4ce6-4252-a25a-111f8e69ddd2 | ITER: 19 START
2019-06-19 01:09:13.161 25217 RALLYDEBUG rally.task.runner [-] Starting a worker. concurrency: 1 args: {"network_create_args": null, "subnet_create_args": null, "subnet_cidr_start": "1.1.0.0/30", "subnets_per_network": 2, "router_create_args": null} times: 40 method_name: run timeout: 0 duration: None cls:
2019-06-19 01:09:13.165 25217 INFO rally.task.runner [-] Task a5502b91-4ce6-4252-a25a-111f8e69ddd2 | ITER: 20 START
2019-06-19 01:09:15.639 25200 RALLYDEBUG rally_openstack.wrappers.network [-] CIDR generated: 1.1.5.160/30
2019-06-19 01:09:15.681 25173 RALLYDEBUG rally_openstack.wrappers.network [-] CIDR generated: 1.1.5.164/30
2019-06-19 01:09:15.823 25205 RALLYDEBUG rally_openstack.wrappers.network [-] CIDR generated: 1.1.5.168/30
2019-06-19 01:09:16.430 25188 RALLYDEBUG rally_openstack.wrappers.network [-] CIDR generated: 1.1.5.172/30
2019-06-19 01:09:16.506 25173 RALLYDEBUG rally_openstack.wrappers.network [-] CIDR generated: 1.1.5.176/30
2019-06-19 01:09:16.520 25217 RALLYDEBUG rally_openstack.wrappers.network [-] CIDR generated: 1.1.5.180/30
2019-06-19 01:09:16.706 25194 RALLYDEBUG rally_openstack.wrappers.network [-] CIDR generated: 1.1.5.184/30
2019-06-19 01:09:16.764 25172 RALLYDEBUG rally_openstack.wrappers.network [-] CIDR generated: 1.1.5.188/30
2019-06-19 01:09:16.776 25172 RALLYDEBUG rally_openstack.wrappers.network [-] CIDR generated: 1.1.5.192/30
2019-06-19 01:09:16.811 25170 RALLYDEBUG rally_openstack.wrappers.network [-] CIDR generated: 1.1.5.196/30
2019-06-19 01:09:16.825 25177 RALLYDEBUG rally_openstack.wrappers.network [-] CIDR generated: 1.1.5.200/30
2019-06-19 01:09:16.974 25180 RALLYDEBUG rally_openstack.wrappers.network [-] CIDR generated: 1.1.5.204/30
2019-06-19 01:09:17.006 25171 RALLYDEBUG rally_openstack.wrappers.network [-] CIDR generated: 1.1.5.208/30
2019-06-19 01:09:17.519 25200 RALLYDEBUG rally_openstack.wrappers.network [-] CIDR generated: 1.1.5.212/30
2019-06-19 01:09:18.093 25170 RALLYDEBUG rally_openstack.wrappers.network [-] CIDR generated: 1.1.5.216/30
2019-06-19 01:09:18.159 25212 RALLYDEBUG rally_openstack.wrappers.network [-] CIDR generated: 1.1.5.220/30
2019-06-19 01:09:18.188 25198 RALLYDEBUG rally_openstack.wrappers.network [-] CIDR generated: 1.1.5.224/30
2019-06-19 01:09:18.231 25205 RALLYDEBUG rally_openstack.wrappers.network [-] CIDR generated: 1.1.5.228/30
2019-06-19 01:09:18.267 25173 RALLYDEBUG rally_openstack.wrappers.network [-] CIDR generated: 1.1.5.232/30
2019-06-19 01:09:18.414 25171 RALLYDEBUG rally_openstack.wrappers.network [-] CIDR generated: 1.1.5.236/30
2019-06-19 01:09:18.564 25208 RALLYDEBUG rally_openstack.wrappers.network [-] CIDR generated: 1.1.5.240/30
2019-06-19 01:09:18.714 25180 RALLYDEBUG rally_openstack.wrappers.network [-] CIDR generated: 1.1.5.244/30
2019-06-19 01:09:18.733 25184 RALLYDEBUG rally_openstack.wrappers.network [-] CIDR generated: 1.1.5.248/30
2019-06-19 01:09:18.836 25177 RALLYDEBUG rally_openstack.wrappers.network [-] CIDR generated: 1.1.5.252/30
2019-06-19 01:09:18.914 25173 RALLYDEBUG rally_openstack.wrappers.network [-] CIDR generated: 1.1.6.0/30
2019-06-19 01:09:18.936 25211 RALLYDEBUG rally_openstack.wrappers.network [-] CIDR generated: 1.1.6.4/30
2019-06-19 01:09:19.010 25194 RALLYDEBUG rally_openstack.wrappers.network [-] CIDR generated: 1.1.6.8/30
2019-06-19 01:09:19.422 25217 RALLYDEBUG rally_openstack.wrappers.network [-] CIDR generated: 1.1.6.12/30
2019-06-19 01:09:20.131 25172 RALLYDEBUG rally_openstack.wrappers.network [-] CIDR generated: 1.1.6.16/30
2019-06-19 01:09:20.158 25172 RALLYDEBUG rally_openstack.wrappers.network [-] CIDR generated: 1.1.6.20/30
2019-06-19 01:09:20.572 25212 RALLYDEBUG rally_openstack.wrappers.network [-] CIDR generated: 1.1.6.24/30
2019-06-19 01:09:20.645 25170 RALLYDEBUG rally_openstack.wrappers.network [-] CIDR generated: 1.1.6.28/30
2019-06-19 01:09:20.898 25208 RALLYDEBUG rally_openstack.wrappers.network [-] CIDR generated: 1.1.6.32/30
2019-06-19 01:09:20.986 25198 RALLYDEBUG rally_openstack.wrappers.network [-] CIDR generated: 1.1.6.36/30
2019-06-19 01:09:21.997 25188 RALLYDEBUG rally_openstack.wrappers.network [-] CIDR generated: 1.1.6.40/30
2019-06-19 01:09:22.123 25170 RALLYDEBUG rally_openstack.wrappers.network [-] CIDR generated: 1.1.6.44/30
2019-06-19 01:09:22.760 25171 RALLYDEBUG rally_openstack.wrappers.network [-] CIDR generated: 1.1.6.48/30
2019-06-19 01:09:23.287 25171 RALLYDEBUG rally_openstack.wrappers.network [-] CIDR generated: 1.1.6.52/30
2019-06-19 01:09:23.399 25184 RALLYDEBUG rally_openstack.wrappers.network [-] CIDR generated: 1.1.6.56/30
2019-06-19 01:09:23.502 25211 RALLYDEBUG rally_openstack.wrappers.network [-] CIDR generated: 1.1.6.60/30
2019-06-19 01:09:31.385 25173 INFO rally.task.runner [-] Task a5502b91-4ce6-4252-a25a-111f8e69ddd2 | ITER: 9 END: OK
2019-06-19 01:09:31.390 25173 INFO rally.task.runner [-] Task a5502b91-4ce6-4252-a25a-111f8e69ddd2 | ITER: 21 START
2019-06-19 01:09:31.410 25177 INFO rally.task.runner [-] Task a5502b91-4ce6-4252-a25a-111f8e69ddd2 | ITER: 8 END: OK
2019-06-19 01:09:31.413 25177 INFO rally.task.runner [-] Task a5502b91-4ce6-4252-a25a-111f8e69ddd2 | ITER: 22 START
2019-06-19 01:09:31.574 25205 INFO rally.task.runner [-] Task a5502b91-4ce6-4252-a25a-111f8e69ddd2 | ITER: 16 END: OK
2019-06-19 01:09:31.579 25205 INFO rally.task.runner [-] Task a5502b91-4ce6-4252-a25a-111f8e69ddd2 | ITER: 23 START
2019-06-19 01:09:31.971 25200 INFO rally.task.runner [-] Task a5502b91-4ce6-4252-a25a-111f8e69ddd2 | ITER: 15 END: OK
2019-06-19 01:09:31.975 25200 INFO rally.task.runner [-] Task a5502b91-4ce6-4252-a25a-111f8e69ddd2 | ITER: 24 START
2019-06-19 01:09:32.289 25194 INFO rally.task.runner [-] Task a5502b91-4ce6-4252-a25a-111f8e69ddd2 | ITER: 13 END: OK
2019-06-19 01:09:32.293 25194 INFO rally.task.runner [-] Task a5502b91-4ce6-4252-a25a-111f8e69ddd2 | ITER: 25 START
2019-06-19 01:09:33.290 25198 INFO rally.task.runner [-] Task a5502b91-4ce6-4252-a25a-111f8e69ddd2 | ITER: 14 END: OK
2019-06-19 01:09:33.294 25198 INFO rally.task.runner [-] Task a5502b91-4ce6-4252-a25a-111f8e69ddd2 | ITER: 26 START
