2019-06-19 01:18:01.765 22706 RALLYDEBUG rally_openstack.cleanup.manager [-] Deleting neutron.port object s_rally_643ae2ee_2Zwy6hE1 (d8d3393c-3ed8-476c-b240-635d93148fd6)
2019-06-19 01:18:01.767 22706 RALLYDEBUG rally_openstack.cleanup.manager [-] Deleting neutron.port object s_rally_643ae2ee_lPryM6cL (d9d2b01c-cb2e-4a20-8e39-1fecebea5449)
2019-06-19 01:18:01.856 22706 RALLYDEBUG rally_openstack.cleanup.manager [-] Deleting neutron.port object s_rally_643ae2ee_lbyFXRz7 (da15b17a-3467-4187-8b4f-155eb0a3e755)
2019-06-19 01:18:02.199 22706 RALLYDEBUG rally_openstack.cleanup.manager [-] Deleting neutron.port object s_rally_643ae2ee_Wj1muRJJ (da5b11e3-d4c9-4ed3-873a-b63dd73ad4ee)
2019-06-19 01:18:02.272 22706 RALLYDEBUG rally_openstack.cleanup.manager [-] Deleting neutron.port object s_rally_643ae2ee_Y70lTbAA (db3b8085-c3bc-4fd0-aeeb-86e9e64d6546)
2019-06-19 01:18:02.407 22706 RALLYDEBUG rally_openstack.cleanup.manager [-] Deleting neutron.port object s_rally_643ae2ee_zDe7VEIy (db3d2302-89f5-40fb-9307-075f0cc05911)
2019-06-19 01:18:02.575 22706 RALLYDEBUG rally_openstack.cleanup.manager [-] Deleting neutron.port object s_rally_643ae2ee_1GKonDOr (ddd11451-cf2e-4f19-a490-9fe2f4b7de04)
2019-06-19 01:18:02.605 22706 RALLYDEBUG rally_openstack.cleanup.manager [-] Deleting neutron.port object s_rally_643ae2ee_LwgKrbhA (ddea7945-7f63-4c7b-a926-d80414593354)
2019-06-19 01:18:02.906 22706 RALLYDEBUG rally_openstack.cleanup.manager [-] Deleting neutron.port object s_rally_643ae2ee_PBCdCwW1 (ddefb657-81ff-42b7-b078-b40e00975dda)
2019-06-19 01:18:02.936 22706 RALLYDEBUG rally_openstack.cleanup.manager [-] Deleting neutron.port object s_rally_643ae2ee_mO8TcvKh (de6cb913-d230-4599-afb1-67478622f2da)
2019-06-19 01:18:03.009 22706 RALLYDEBUG rally_openstack.cleanup.manager [-] Deleting neutron.port object s_rally_643ae2ee_j3q0PzQA (de750482-a875-41ea-95d6-22fc8278cdc1)
2019-06-19 01:18:03.080 22706 RALLYDEBUG rally_openstack.cleanup.manager [-] Deleting neutron.port object s_rally_643ae2ee_kFumHgeD (deaf0e60-6506-415f-bea4-6a3dea8095d4)
2019-06-19 01:18:03.088 22706 RALLYDEBUG rally_openstack.cleanup.manager [-] Deleting neutron.port object s_rally_643ae2ee_wWTiBhbn (df5c9800-70ab-488c-84b7-5e181c31cbba)
2019-06-19 01:18:03.145 22706 RALLYDEBUG rally_openstack.cleanup.manager [-] Deleting neutron.port object s_rally_643ae2ee_dzl39Y3B (dfd57eec-96d8-4063-9132-96cb824cc57b)
2019-06-19 01:18:03.291 22706 RALLYDEBUG rally_openstack.cleanup.manager [-] Deleting neutron.port object s_rally_643ae2ee_7jA9PrsJ (e098c43d-28fc-4d89-868d-74fefbd7058c)
2019-06-19 01:18:03.432 22706 RALLYDEBUG rally_openstack.cleanup.manager [-] Deleting neutron.port object s_rally_643ae2ee_vkeQCwhB (e180b95e-6671-454f-be4f-7c18a5e17f6f)
2019-06-19 01:18:03.712 22706 RALLYDEBUG rally_openstack.cleanup.manager [-] Deleting neutron.port object s_rally_643ae2ee_wH6cXJyd (e2e5c7af-01d3-4512-9501-d675002723ef)
2019-06-19 01:18:03.911 22706 RALLYDEBUG rally_openstack.cleanup.manager [-] Deleting neutron.port object s_rally_643ae2ee_c9h3ieix (e32b899c-b11f-483e-89f4-2785aaf825a0)
2019-06-19 01:18:03.925 22706 RALLYDEBUG rally_openstack.cleanup.manager [-] Deleting neutron.port object s_rally_643ae2ee_AFiR1vSu (e37a628e-7418-4346-8743-98d935351038)
2019-06-19 01:18:03.984 22706 RALLYDEBUG rally_openstack.cleanup.manager [-] Deleting neutron.port object s_rally_643ae2ee_zNO3o7lH (e5115678-a1d7-4cef-a90c-bc69abbd45d1)
2019-06-19 01:18:04.031 22706 RALLYDEBUG rally_openstack.cleanup.manager [-] Deleting neutron.port object s_rally_643ae2ee_YwyVY9SG (e51c71f1-f6f7-4a95-b5de-c12b75c6febc)
2019-06-19 01:18:04.277 22706 RALLYDEBUG rally_openstack.cleanup.manager [-] Deleting neutron.port object s_rally_643ae2ee_XkqDwscc (e642ef9d-7b76-438b-8b03-e87c522cde08)
2019-06-19 01:18:04.555 22706 RALLYDEBUG rally_openstack.cleanup.manager [-] Deleting neutron.port object s_rally_643ae2ee_HjwLWdGo (e681ec4d-8d20-43f7-9b2e-5a38ffb26d34)
2019-06-19 01:18:04.649 22706 RALLYDEBUG rally_openstack.cleanup.manager [-] Deleting neutron.port object s_rally_643ae2ee_k27UzJ7Q (e6bf14aa-b4ad-4ab2-a4e5-fc72296352da)
2019-06-19 01:18:04.760 22706 RALLYDEBUG rally_openstack.cleanup.manager [-] Deleting neutron.port object s_rally_643ae2ee_QVbmTntZ (e6d2bd68-99f4-43d6-bdc8-4723ca0ec077)
2019-06-19 01:18:04.884 22706 RALLYDEBUG rally_openstack.cleanup.manager [-] Deleting neutron.port object s_rally_643ae2ee_emlNx4Tc (e6f338fd-f15b-4f04-9ebc-45662e97e4ce)
2019-06-19 01:18:04.903 22706 RALLYDEBUG rally_openstack.cleanup.manager [-] Deleting neutron.port object s_rally_643ae2ee_KOQmnACH (e78b2577-5394-4f69-a6f1-699b275516b2)
2019-06-19 01:18:05.043 22706 RALLYDEBUG rally_openstack.cleanup.manager [-] Deleting neutron.port object s_rally_643ae2ee_rNTthh7l (e7ed6506-72fa-4973-a879-322d65cff9a9)
2019-06-19 01:18:05.472 22706 RALLYDEBUG rally_openstack.cleanup.manager [-] Deleting neutron.port object s_rally_643ae2ee_z7pHgdi6 (e7f844ad-b5a6-4e17-963d-465496246ca4)
2019-06-19 01:18:05.497 22706 RALLYDEBUG rally_openstack.cleanup.manager [-] Deleting neutron.port object s_rally_643ae2ee_zfrUQP1l (e85aca64-2591-4adb-ab15-e0102e08c46e)
2019-06-19 01:18:05.750 22706 RALLYDEBUG rally_openstack.cleanup.manager [-] Deleting neutron.port object s_rally_643ae2ee_dpyOhnfU (e8978eb0-b96a-411f-8ef4-dc7f58ab4b45)
2019-06-19 01:18:05.817 22706 RALLYDEBUG rally_openstack.cleanup.manager [-] Deleting neutron.port object s_rally_643ae2ee_0xJjoaUl (e8b58d10-f93b-4bca-aac5-1ffb3bcb70d3)
2019-06-19 01:18:05.961 22706 RALLYDEBUG rally_openstack.cleanup.manager [-] Deleting neutron.port object s_rally_643ae2ee_3bWhCl0y (e8caf5dd-5884-45d7-93d2-10523701212b)
2019-06-19 01:18:06.110 22706 RALLYDEBUG rally_openstack.cleanup.manager [-] Deleting neutron.port object s_rally_643ae2ee_hOfVA5HU (e91c648a-077f-4e7d-a8a1-a4cc213bd159)
2019-06-19 01:18:06.116 22706 RALLYDEBUG rally_openstack.cleanup.manager [-] Deleting neutron.port object s_rally_643ae2ee_8mgxQY5M (ea3f021e-6a98-414b-b70b-c624fdb07a15)
2019-06-19 01:18:06.138 22706 RALLYDEBUG rally_openstack.cleanup.manager [-] Deleting neutron.port object s_rally_643ae2ee_8VTeVpff (eabd1a10-03e7-494b-819a-068b99901ed7)
2019-06-19 01:18:06.289 22706 RALLYDEBUG rally_openstack.cleanup.manager [-] Deleting neutron.port object s_rally_643ae2ee_lwOlxMPF (eb7db038-6222-4738-9d34-d3e7dd79bbe9)
2019-06-19 01:18:06.384 22706 RALLYDEBUG rally_openstack.cleanup.manager [-] Deleting neutron.port object s_rally_643ae2ee_4bjO1Qeu (ec12a47c-8faa-461b-b9dc-ca1dc6b5db31)
2019-06-19 01:18:06.495 22706 RALLYDEBUG rally_openstack.cleanup.manager [-] Deleting neutron.port object s_rally_643ae2ee_91IBVNLU (ed06ac85-86bc-4307-8812-1792b449f885)
2019-06-19 01:18:06.542 22706 RALLYDEBUG rally_openstack.cleanup.manager [-] Deleting neutron.port object s_rally_643ae2ee_VhwQAWGK (ed16335d-2bea-42a3-84de-4923c5615c3b)
2019-06-19 01:18:06.649 22706 RALLYDEBUG rally_openstack.cleanup.manager [-] Deleting neutron.port object s_rally_643ae2ee_7omBxgGi (ee0f705d-fee8-4e45-b9be-2e62d7288df0)
2019-06-19 01:18:06.769 22706 RALLYDEBUG rally_openstack.cleanup.manager [-] Deleting neutron.port object s_rally_643ae2ee_oMWO5Agg (ee1130c5-59f7-4d7a-916f-d5abf90b9ea9)
2019-06-19 01:18:07.085 22706 RALLYDEBUG rally_openstack.cleanup.manager [-] Deleting neutron.port object s_rally_643ae2ee_OnlKBf0B (ee89f843-17a1-484b-aa6c-e680ccacc598)
2019-06-19 01:18:07.107 22706 RALLYDEBUG rally_openstack.cleanup.manager [-] Deleting neutron.port object s_rally_643ae2ee_dvyzMqbt (f11d64b0-9fd2-4fd1-95b9-63c49ccb7271)
2019-06-19 01:18:07.148 22706 RALLYDEBUG rally_openstack.cleanup.manager [-] Deleting neutron.port object s_rally_643ae2ee_guuPhyVY (f391d02f-e07b-470b-9575-37b3d535d6dd)
2019-06-19 01:18:07.325 22706 RALLYDEBUG rally_openstack.cleanup.manager [-] Deleting neutron.port object s_rally_643ae2ee_jpHGXODN (f44a4502-cb42-443e-a12a-4b8286203b15)
2019-06-19 01:18:07.378 22706 RALLYDEBUG rally_openstack.cleanup.manager [-] Deleting neutron.port object s_rally_643ae2ee_9HpEnSbG (f49a01b8-24eb-4955-bff7-0bd2322a5955)
2019-06-19 01:18:07.570 22706 RALLYDEBUG rally_openstack.cleanup.manager [-] Deleting neutron.port object s_rally_643ae2ee_LTWPVu0L (f4f26e47-e6c6-4321-86e1-b2f27282c955)
2019-06-19 01:18:07.928 22706 RALLYDEBUG rally_openstack.cleanup.manager [-] Deleting neutron.port object s_rally_643ae2ee_IqRpuUpu (f5e717f7-8ab8-4ba2-b833-09ec9c02972a)
2019-06-19 01:18:08.031 22706 RALLYDEBUG rally_openstack.cleanup.manager [-] Deleting neutron.port object s_rally_643ae2ee_uy1uP7EL (f61940a5-9627-4a0f-9c0b-a05d99ea0cd4)
2019-06-19 01:18:08.052 22706 RALLYDEBUG rally_openstack.cleanup.manager [-] Deleting neutron.port object s_rally_643ae2ee_inNaWvfM (f61970a9-50e0-4080-8061-f5ed3ea43c52)
2019-06-19 01:18:08.496 22706 RALLYDEBUG rally_openstack.cleanup.manager [-] Deleting neutron.port object s_rally_643ae2ee_amzmWzWf (f698d85b-8f5a-4b04-99ea-6c4be99a247d)
2019-06-19 01:18:08.583 22706 RALLYDEBUG rally_openstack.cleanup.manager [-] Deleting neutron.port object s_rally_643ae2ee_Qv7aD05E (f8a2223b-7abb-4fba-b775-30cb5e52db4c)
2019-06-19 01:18:08.627 22706 RALLYDEBUG rally_openstack.cleanup.manager [-] Deleting neutron.port object s_rally_643ae2ee_cXjv4nC3 (fbaf1e67-1a61-45d6-b242-7c0d4c82bba5)
2019-06-19 01:18:08.678 22706 RALLYDEBUG rally_openstack.cleanup.manager [-] Deleting neutron.port object s_rally_643ae2ee_HNPuai9w (fcb65beb-6de6-4b89-8fd5-6e731c7d1c2e)
2019-06-19 01:18:08.854 22706 RALLYDEBUG rally_openstack.cleanup.manager [-] Deleting neutron.port object s_rally_643ae2ee_uQVxLqw6 (fce334d7-02b0-4c95-a1b5-63a7585bf331)
2019-06-19 01:18:08.916 22706 RALLYDEBUG rally_openstack.cleanup.manager [-] Deleting neutron.port object s_rally_643ae2ee_3UStKGmZ (fdfd8b21-cbf5-4088-a898-c53eb547f679)
2019-06-19 01:18:09.021 22706 RALLYDEBUG rally_openstack.cleanup.manager [-] Deleting neutron.port object s_rally_643ae2ee_sxZQJGaf (ff28ddaa-0842-42c8-8951-ef554c32379e)
2019-06-19 01:18:09.090 22706 RALLYDEBUG rally_openstack.cleanup.manager [-] Deleting neutron.port object s_rally_643ae2ee_H8vPtOPg (ff5a2832-ca5a-48fb-8ef0-1e28d586667e)
2019-06-19 01:18:09.124 22706 RALLYDEBUG rally_openstack.cleanup.manager [-] Deleting neutron.port object s_rally_643ae2ee_eaCJ2Hyo (fff472b3-563f-4259-be57-0897239e3bf4)
2019-06-19 01:18:11.621 22706 RALLYDEBUG rally_openstack.cleanup.manager [-] Cleaning up neutron subnet objects
2019-06-19 01:18:12.286 22706 RALLYDEBUG rally_openstack.cleanup.manager [-] Cleaning up neutron network objects
2019-06-19 01:18:13.037 22706 RALLYDEBUG rally_openstack.cleanup.manager [-] Deleting neutron.network object s_rally_643ae2ee_LtRzCg57 (4d93ea11-89ec-482c-ba84-b1c48ba61c49)
2019-06-19 01:18:13.044 22706 RALLYDEBUG rally_openstack.cleanup.manager [-] Deleting neutron.network object s_rally_643ae2ee_jUjPX9lo (6e7aa343-f337-4d6c-b447-63485e843fee)
2019-06-19 01:18:13.051 22706 RALLYDEBUG rally_openstack.cleanup.manager [-] Deleting neutron.network object s_rally_643ae2ee_7cOV0N0u (80129c2a-75f8-4b2c-ad4c-2f79886bf1e1)
2019-06-19 01:18:13.069 22706 RALLYDEBUG rally_openstack.cleanup.manager [-] Deleting neutron.network object s_rally_643ae2ee_gDmxPjF8 (928bbcde-86b9-4d0b-8a73-682a31ffa6ac)
2019-06-19 01:18:13.070 22706 RALLYDEBUG rally_openstack.cleanup.manager [-] Deleting neutron.network object s_rally_643ae2ee_cPnHNJlC (c25251c6-515f-4dbb-be28-54d17b1ea6f7)
2019-06-19 01:18:13.071 22706 RALLYDEBUG rally_openstack.cleanup.manager [-] Deleting neutron.network object s_rally_643ae2ee_5NZzFJ0C (9c56f920-6789-4ef7-8054-1bdaee549a5d)
2019-06-19 01:18:13.080 22706 RALLYDEBUG rally_openstack.cleanup.manager [-] Deleting neutron.network object s_rally_643ae2ee_LSSMcoHA (a8f8a756-6834-4c4e-b15c-9f1ab24aff6e)
2019-06-19 01:18:13.082 22706 RALLYDEBUG rally_openstack.cleanup.manager [-] Deleting neutron.network object s_rally_643ae2ee_2BaBfzCm (fdff82b8-abda-4c6d-8573-63ea1128b23f)
2019-06-19 01:18:17.388 22706 RALLYDEBUG rally_openstack.cleanup.manager [-] Cleaning up neutron router objects
2019-06-19 01:18:18.088 22706 RALLYDEBUG rally_openstack.cleanup.manager [-] Cleaning up neutron security_group objects
2019-06-19 01:18:18.774 22706 INFO rally.task.context [-] Task a5502b91-4ce6-4252-a25a-111f8e69ddd2 | Context cleanup@openstack cleanup() finished in 1.10 min
2019-06-19 01:18:18.775 22706 INFO rally.task.context [-] Task a5502b91-4ce6-4252-a25a-111f8e69ddd2 | Context quotas@openstack cleanup() started
2019-06-19 01:18:19.018 22706 INFO rally.task.context [-] Task a5502b91-4ce6-4252-a25a-111f8e69ddd2 | Context quotas@openstack cleanup() finished in 0.24 sec
2019-06-19 01:18:19.018 22706 INFO rally.task.context [-] Task a5502b91-4ce6-4252-a25a-111f8e69ddd2 | Context users@openstack cleanup() started
2019-06-19 01:18:24.019 22706 INFO rally.task.context [-] Task a5502b91-4ce6-4252-a25a-111f8e69ddd2 | Context users@openstack cleanup() finished in 5.00 sec
2019-06-19 01:18:24.583 22706 INFO rally.task.engine [-] Load duration is: 111.271461
2019-06-19 01:18:24.583 22706 INFO rally.task.engine [-] Full runner duration is: 111.314039
2019-06-19 01:18:24.584 22706 INFO rally.task.engine [-] Full duration is: 188.154367
2019-06-19 01:18:24.776 22706 INFO rally.task.engine [-] Running workload: position = 1 config = { "version": 2, "title": "A cropped version of a bigger task.", "description": "Auto-generated task from a single workload (uuid=ce70c35b-5870-4b31-a212-bb707125bb34)", "subtasks": [ { "title": "NeutronNetworks.create_and_update_ports", "description": "Create and update a given number of ports.", "scenario": { "NeutronNetworks.create_and_update_ports": { "network_create_args": {}, "port_create_args": {}, "ports_per_network": 5, "port_update_args": { "admin_state_up": false, "device_id": "dummy_id", "device_owner": "dummy_owner", "name": "_port_updated" } } }, "contexts": { "users": { "tenants": 1, "users_per_tenant": 1 }, "quotas": { "neutron": { "network": -1, "port": -1 } } }, "runner": { "constant": { "times": 40, "concurrency": 20 } }, "hooks": [], "sla": { "failure_rate": { "max": 0 } } } ] }
2019-06-19 01:18:24.795 22706 RALLYDEBUG rally_openstack.contexts.keystone.users [-] Creating 1 tenants using 20 threads
2019-06-19 01:18:26.626 22706 RALLYDEBUG rally_openstack.contexts.keystone.users [-] Creating 1 users using 20 threads
2019-06-19 01:18:29.430 22706 INFO rally.task.context [-] Task a5502b91-4ce6-4252-a25a-111f8e69ddd2 | Context users@openstack setup() finished in 4.64 sec
2019-06-19 01:18:30.138 22706 INFO rally.task.context [-] Task a5502b91-4ce6-4252-a25a-111f8e69ddd2 | Context quotas@openstack setup() finished in 0.71 sec
2019-06-19 01:18:30.139 22706 INFO rally.task.context [-] Task a5502b91-4ce6-4252-a25a-111f8e69ddd2 | Context cleanup@openstack setup() finished in 0.01 msec
2019-06-19 01:18:30.146 22706 RALLYDEBUG rally.task.runner [-] Starting the constant runner (task UUID: a5502b91-4ce6-4252-a25a-111f8e69ddd2). timeout: 0 concurrency: 20 concurrency_per_worker: 1 times: 40 concurrency_overhead: 4 processes_to_start: 16 max_cpu_used: 16
2019-06-19 01:18:30.158 26582 RALLYDEBUG rally.task.runner [-] Starting a worker. concurrency: 2 args: {"network_create_args": {}, "port_create_args": {}, "ports_per_network": 5, "port_update_args": {"admin_state_up": false, "device_id": "dummy_id", "device_owner": "dummy_owner", "name": "_port_updated"}} times: 40 method_name: run timeout: 0 duration: None cls:
2019-06-19 01:18:30.162 26583 RALLYDEBUG rally.task.runner [-] Starting a worker. concurrency: 2 args: {"network_create_args": {}, "port_create_args": {}, "ports_per_network": 5, "port_update_args": {"admin_state_up": false, "device_id": "dummy_id", "device_owner": "dummy_owner", "name": "_port_updated"}} times: 40 method_name: run timeout: 0 duration: None cls:
2019-06-19 01:18:30.162 26584 RALLYDEBUG rally.task.runner [-] Starting a worker. concurrency: 2 args: {"network_create_args": {}, "port_create_args": {}, "ports_per_network": 5, "port_update_args": {"admin_state_up": false, "device_id": "dummy_id", "device_owner": "dummy_owner", "name": "_port_updated"}} times: 40 method_name: run timeout: 0 duration: None cls:
2019-06-19 01:18:30.167 26587 RALLYDEBUG rally.task.runner [-] Starting a worker. concurrency: 1 args: {"network_create_args": {}, "port_create_args": {}, "ports_per_network": 5, "port_update_args": {"admin_state_up": false, "device_id": "dummy_id", "device_owner": "dummy_owner", "name": "_port_updated"}} times: 40 method_name: run timeout: 0 duration: None cls:
2019-06-19 01:18:30.167 26585 RALLYDEBUG rally.task.runner [-] Starting a worker. concurrency: 2 args: {"network_create_args": {}, "port_create_args": {}, "ports_per_network": 5, "port_update_args": {"admin_state_up": false, "device_id": "dummy_id", "device_owner": "dummy_owner", "name": "_port_updated"}} times: 40 method_name: run timeout: 0 duration: None cls:
2019-06-19 01:18:30.167 26582 INFO rally.task.runner [-] Task a5502b91-4ce6-4252-a25a-111f8e69ddd2 | ITER: 2 START
2019-06-19 01:18:30.168 26584 INFO rally.task.runner [-] Task a5502b91-4ce6-4252-a25a-111f8e69ddd2 | ITER: 4 START
2019-06-19 01:18:30.169 26583 INFO rally.task.runner [-] Task a5502b91-4ce6-4252-a25a-111f8e69ddd2 | ITER: 3 START
2019-06-19 01:18:30.167 26582 INFO rally.task.runner [-] Task a5502b91-4ce6-4252-a25a-111f8e69ddd2 | ITER: 1 START
2019-06-19 01:18:30.169 26584 WARNING rally_openstack.scenarios.neutron.utils [-] Running this scenario without either the 'network' or 'existing_network' context is deprecated
2019-06-19 01:18:30.169 26582 WARNING rally_openstack.scenarios.neutron.utils [-] Running this scenario without either the 'network' or 'existing_network' context is deprecated
2019-06-19 01:18:30.171 26592 RALLYDEBUG rally.task.runner [-] Starting a worker. concurrency: 1 args: {"network_create_args": {}, "port_create_args": {}, "ports_per_network": 5, "port_update_args": {"admin_state_up": false, "device_id": "dummy_id", "device_owner": "dummy_owner", "name": "_port_updated"}} times: 40 method_name: run timeout: 0 duration: None cls:
2019-06-19 01:18:30.172 26587 INFO rally.task.runner [-] Task a5502b91-4ce6-4252-a25a-111f8e69ddd2 | ITER: 7 START
2019-06-19 01:18:30.173 26587 WARNING rally_openstack.scenarios.neutron.utils [-] Running this scenario without either the 'network' or 'existing_network' context is deprecated
2019-06-19 01:18:30.170 26583 WARNING rally_openstack.scenarios.neutron.utils [-] Running this scenario without either the 'network' or 'existing_network' context is deprecated
2019-06-19 01:18:30.174 26592 INFO rally.task.runner [-] Task a5502b91-4ce6-4252-a25a-111f8e69ddd2 | ITER: 10 START
2019-06-19 01:18:30.174 26592 WARNING rally_openstack.scenarios.neutron.utils [-] Running this scenario without either the 'network' or 'existing_network' context is deprecated
2019-06-19 01:18:30.176 26584 INFO rally.task.runner [-] Task a5502b91-4ce6-4252-a25a-111f8e69ddd2 | ITER: 5 START
2019-06-19 01:18:30.176 26584 WARNING rally_openstack.scenarios.neutron.utils [-] Running this scenario without either the 'network' or 'existing_network' context is deprecated
2019-06-19 01:18:30.176 26585 INFO rally.task.runner [-] Task a5502b91-4ce6-4252-a25a-111f8e69ddd2 | ITER: 8 START
2019-06-19 01:18:30.176 26585 INFO rally.task.runner [-] Task a5502b91-4ce6-4252-a25a-111f8e69ddd2 | ITER: 9 START
2019-06-19 01:18:30.177 26595 RALLYDEBUG rally.task.runner [-] Starting a worker. concurrency: 1 args: {"network_create_args": {}, "port_create_args": {}, "ports_per_network": 5, "port_update_args": {"admin_state_up": false, "device_id": "dummy_id", "device_owner": "dummy_owner", "name": "_port_updated"}} times: 40 method_name: run timeout: 0 duration: None cls:
2019-06-19 01:18:30.179 26585 WARNING rally_openstack.scenarios.neutron.utils [-] Running this scenario without either the 'network' or 'existing_network' context is deprecated
2019-06-19 01:18:30.170 26582 WARNING rally_openstack.scenarios.neutron.utils [-] Running this scenario without either the 'network' or 'existing_network' context is deprecated
2019-06-19 01:18:30.182 26599 RALLYDEBUG rally.task.runner [-] Starting a worker. concurrency: 1 args: {"network_create_args": {}, "port_create_args": {}, "ports_per_network": 5, "port_update_args": {"admin_state_up": false, "device_id": "dummy_id", "device_owner": "dummy_owner", "name": "_port_updated"}} times: 40 method_name: run timeout: 0 duration: None cls:
2019-06-19 01:18:30.183 26583 INFO rally.task.runner [-] Task a5502b91-4ce6-4252-a25a-111f8e69ddd2 | ITER: 6 START
2019-06-19 01:18:30.183 26595 INFO rally.task.runner [-] Task a5502b91-4ce6-4252-a25a-111f8e69ddd2 | ITER: 11 START
2019-06-19 01:18:30.183 26583 WARNING rally_openstack.scenarios.neutron.utils [-] Running this scenario without either the 'network' or 'existing_network' context is deprecated
2019-06-19 01:18:30.184 26595 WARNING rally_openstack.scenarios.neutron.utils [-] Running this scenario without either the 'network' or 'existing_network' context is deprecated
2019-06-19 01:18:30.184 26585 WARNING rally_openstack.scenarios.neutron.utils [-] Running this scenario without either the 'network' or 'existing_network' context is deprecated
2019-06-19 01:18:30.184 26606 RALLYDEBUG rally.task.runner [-] Starting a worker. concurrency: 1 args: {"network_create_args": {}, "port_create_args": {}, "ports_per_network": 5, "port_update_args": {"admin_state_up": false, "device_id": "dummy_id", "device_owner": "dummy_owner", "name": "_port_updated"}} times: 40 method_name: run timeout: 0 duration: None cls:
2019-06-19 01:18:30.188 26599 INFO rally.task.runner [-] Task a5502b91-4ce6-4252-a25a-111f8e69ddd2 | ITER: 12 START
2019-06-19 01:18:30.189 26606 INFO rally.task.runner [-] Task a5502b91-4ce6-4252-a25a-111f8e69ddd2 | ITER: 13 START
2019-06-19 01:18:30.189 26599 WARNING rally_openstack.scenarios.neutron.utils [-] Running this scenario without either the 'network' or 'existing_network' context is deprecated
2019-06-19 01:18:30.190 26606 WARNING rally_openstack.scenarios.neutron.utils [-] Running this scenario without either the 'network' or 'existing_network' context is deprecated
2019-06-19 01:18:30.191 26609 RALLYDEBUG rally.task.runner [-] Starting a worker. concurrency: 1 args: {"network_create_args": {}, "port_create_args": {}, "ports_per_network": 5, "port_update_args": {"admin_state_up": false, "device_id": "dummy_id", "device_owner": "dummy_owner", "name": "_port_updated"}} times: 40 method_name: run timeout: 0 duration: None cls:
2019-06-19 01:18:30.197 26609 INFO rally.task.runner [-] Task a5502b91-4ce6-4252-a25a-111f8e69ddd2 | ITER: 14 START
2019-06-19 01:18:30.199 26609 WARNING rally_openstack.scenarios.neutron.utils [-] Running this scenario without either the 'network' or 'existing_network' context is deprecated
2019-06-19 01:18:30.198 26614 RALLYDEBUG rally.task.runner [-] Starting a worker. concurrency: 1 args: {"network_create_args": {}, "port_create_args": {}, "ports_per_network": 5, "port_update_args": {"admin_state_up": false, "device_id": "dummy_id", "device_owner": "dummy_owner", "name": "_port_updated"}} times: 40 method_name: run timeout: 0 duration: None cls:
2019-06-19 01:18:30.209 26614 INFO rally.task.runner [-] Task a5502b91-4ce6-4252-a25a-111f8e69ddd2 | ITER: 15 START
2019-06-19 01:18:30.210 26614 WARNING rally_openstack.scenarios.neutron.utils [-] Running this scenario without either the 'network' or 'existing_network' context is deprecated
2019-06-19 01:18:30.212 26617 RALLYDEBUG rally.task.runner [-] Starting a worker. concurrency: 1 args: {"network_create_args": {}, "port_create_args": {}, "ports_per_network": 5, "port_update_args": {"admin_state_up": false, "device_id": "dummy_id", "device_owner": "dummy_owner", "name": "_port_updated"}} times: 40 method_name: run timeout: 0 duration: None cls:
2019-06-19 01:18:30.216 26620 RALLYDEBUG rally.task.runner [-] Starting a worker. concurrency: 1 args: {"network_create_args": {}, "port_create_args": {}, "ports_per_network": 5, "port_update_args": {"admin_state_up": false, "device_id": "dummy_id", "device_owner": "dummy_owner", "name": "_port_updated"}} times: 40 method_name: run timeout: 0 duration: None cls:
2019-06-19 01:18:30.217 26617 INFO rally.task.runner [-] Task a5502b91-4ce6-4252-a25a-111f8e69ddd2 | ITER: 16 START
2019-06-19 01:18:30.219 26617 WARNING rally_openstack.scenarios.neutron.utils [-] Running this scenario without either the 'network' or 'existing_network' context is deprecated
2019-06-19 01:18:30.220 26620 INFO rally.task.runner [-] Task a5502b91-4ce6-4252-a25a-111f8e69ddd2 | ITER: 17 START
2019-06-19 01:18:30.220 26621 RALLYDEBUG rally.task.runner [-] Starting a worker. concurrency: 1 args: {"network_create_args": {}, "port_create_args": {}, "ports_per_network": 5, "port_update_args": {"admin_state_up": false, "device_id": "dummy_id", "device_owner": "dummy_owner", "name": "_port_updated"}} times: 40 method_name: run timeout: 0 duration: None cls:
2019-06-19 01:18:30.221 26620 WARNING rally_openstack.scenarios.neutron.utils [-] Running this scenario without either the 'network' or 'existing_network' context is deprecated
2019-06-19 01:18:30.222 26624 RALLYDEBUG rally.task.runner [-] Starting a worker. concurrency: 1 args: {"network_create_args": {}, "port_create_args": {}, "ports_per_network": 5, "port_update_args": {"admin_state_up": false, "device_id": "dummy_id", "device_owner": "dummy_owner", "name": "_port_updated"}} times: 40 method_name: run timeout: 0 duration: None cls:
2019-06-19 01:18:30.224 26621 INFO rally.task.runner [-] Task a5502b91-4ce6-4252-a25a-111f8e69ddd2 | ITER: 18 START
2019-06-19 01:18:30.225 26627 RALLYDEBUG rally.task.runner [-] Starting a worker. concurrency: 1 args: {"network_create_args": {}, "port_create_args": {}, "ports_per_network": 5, "port_update_args": {"admin_state_up": false, "device_id": "dummy_id", "device_owner": "dummy_owner", "name": "_port_updated"}} times: 40 method_name: run timeout: 0 duration: None cls:
2019-06-19 01:18:30.226 26621 WARNING rally_openstack.scenarios.neutron.utils [-] Running this scenario without either the 'network' or 'existing_network' context is deprecated
2019-06-19 01:18:30.226 26624 INFO rally.task.runner [-] Task a5502b91-4ce6-4252-a25a-111f8e69ddd2 | ITER: 19 START
2019-06-19 01:18:30.227 26624 WARNING rally_openstack.scenarios.neutron.utils [-] Running this scenario without either the 'network' or 'existing_network' context is deprecated
2019-06-19 01:18:30.228 26627 INFO rally.task.runner [-] Task a5502b91-4ce6-4252-a25a-111f8e69ddd2 | ITER: 20 START
2019-06-19 01:18:30.228 26627 WARNING rally_openstack.scenarios.neutron.utils [-] Running this scenario without either the 'network' or 'existing_network' context is deprecated
2019-06-19 01:18:44.328 26582 INFO rally.task.runner [-] Task a5502b91-4ce6-4252-a25a-111f8e69ddd2 | ITER: 2 END: OK
2019-06-19 01:18:44.332 26582 INFO rally.task.runner [-] Task a5502b91-4ce6-4252-a25a-111f8e69ddd2 | ITER: 21 START
2019-06-19 01:18:44.333 26582 WARNING rally_openstack.scenarios.neutron.utils [-] Running this scenario without either the 'network' or 'existing_network' context is deprecated
2019-06-19 01:18:45.196 26606 INFO rally.task.runner [-] Task a5502b91-4ce6-4252-a25a-111f8e69ddd2 | ITER: 13 END: OK
2019-06-19 01:18:45.201 26606 INFO rally.task.runner [-] Task a5502b91-4ce6-4252-a25a-111f8e69ddd2 | ITER: 22 START
2019-06-19 01:18:45.201 26606 WARNING rally_openstack.scenarios.neutron.utils [-] Running this scenario without either the 'network' or 'existing_network' context is deprecated
2019-06-19 01:18:45.996 26620 INFO rally.task.runner [-] Task a5502b91-4ce6-4252-a25a-111f8e69ddd2 | ITER: 17 END: OK
2019-06-19 01:18:46.001 26620 INFO rally.task.runner [-] Task a5502b91-4ce6-4252-a25a-111f8e69ddd2 | ITER: 23 START
2019-06-19 01:18:46.002 26620 WARNING rally_openstack.scenarios.neutron.utils [-] Running this scenario without either the 'network' or 'existing_network' context is deprecated
2019-06-19 01:18:47.527 26584 INFO rally.task.runner [-] Task a5502b91-4ce6-4252-a25a-111f8e69ddd2 | ITER: 4 END: OK
2019-06-19 01:18:47.532 26584 INFO rally.task.runner [-] Task a5502b91-4ce6-4252-a25a-111f8e69ddd2 | ITER: 24 START
2019-06-19 01:18:47.533 26584 WARNING rally_openstack.scenarios.neutron.utils [-] Running this scenario without either the 'network' or 'existing_network' context is deprecated
2019-06-19 01:18:47.598 26595 INFO rally.task.runner [-] Task a5502b91-4ce6-4252-a25a-111f8e69ddd2 | ITER: 11 END: OK
2019-06-19 01:18:47.602 26595 INFO rally.task.runner [-] Task a5502b91-4ce6-4252-a25a-111f8e69ddd2 | ITER: 25 START
2019-06-19 01:18:47.603 26595 WARNING rally_openstack.scenarios.neutron.utils [-] Running this scenario without either the 'network' or 'existing_network' context is deprecated
2019-06-19 01:18:47.791 26585 INFO rally.task.runner [-] Task a5502b91-4ce6-4252-a25a-111f8e69ddd2 | ITER: 8 END: OK
2019-06-19 01:18:47.795 26585 INFO rally.task.runner [-] Task a5502b91-4ce6-4252-a25a-111f8e69ddd2 | ITER: 26 START
2019-06-19 01:18:47.796 26585 WARNING rally_openstack.scenarios.neutron.utils [-] Running this scenario without either the 'network' or 'existing_network' context is deprecated
2019-06-19 01:18:47.861 26599 INFO rally.task.runner [-] Task a5502b91-4ce6-4252-a25a-111f8e69ddd2 | ITER: 12 END: OK
2019-06-19 01:18:47.865 26599 INFO rally.task.runner [-] Task a5502b91-4ce6-4252-a25a-111f8e69ddd2 | ITER: 27 START
2019-06-19 01:18:47.866 26599 WARNING rally_openstack.scenarios.neutron.utils [-] Running this scenario without either the 'network' or 'existing_network' context is deprecated
2019-06-19 01:18:47.920 26592 INFO rally.task.runner [-] Task a5502b91-4ce6-4252-a25a-111f8e69ddd2 | ITER: 10 END: OK
2019-06-19 01:18:47.924 26592 INFO rally.task.runner [-] Task a5502b91-4ce6-4252-a25a-111f8e69ddd2 | ITER: 28 START
2019-06-19 01:18:47.925 26592 WARNING rally_openstack.scenarios.neutron.utils [-] Running this scenario without either the 'network' or 'existing_network' context is deprecated
2019-06-19 01:18:48.516 26585 INFO rally.task.runner [-] Task a5502b91-4ce6-4252-a25a-111f8e69ddd2 | ITER: 9 END: OK
2019-06-19 01:18:48.520 26585 INFO rally.task.runner [-] Task a5502b91-4ce6-4252-a25a-111f8e69ddd2 | ITER: 29 START
2019-06-19 01:18:48.521 26585 WARNING rally_openstack.scenarios.neutron.utils [-] Running this scenario without either the 'network' or 'existing_network' context is deprecated
2019-06-19 01:18:48.595 26587 INFO rally.task.runner [-] Task a5502b91-4ce6-4252-a25a-111f8e69ddd2 | ITER: 7 END: OK
2019-06-19 01:18:48.599 26587 INFO rally.task.runner [-] Task a5502b91-4ce6-4252-a25a-111f8e69ddd2 | ITER: 30 START
2019-06-19 01:18:48.600 26587 WARNING rally_openstack.scenarios.neutron.utils [-] Running this scenario without either the 'network' or 'existing_network' context is deprecated
2019-06-19 01:18:48.680 26617 INFO rally.task.runner [-] Task a5502b91-4ce6-4252-a25a-111f8e69ddd2 | ITER: 16 END: OK
2019-06-19 01:18:48.684 26617 INFO rally.task.runner [-] Task a5502b91-4ce6-4252-a25a-111f8e69ddd2 | ITER: 31 START
2019-06-19 01:18:48.685 26617 WARNING rally_openstack.scenarios.neutron.utils [-] Running this scenario without either the 'network' or 'existing_network' context is deprecated
2019-06-19 01:18:49.072 26609 INFO rally.task.runner [-] Task a5502b91-4ce6-4252-a25a-111f8e69ddd2 | ITER: 14 END: OK
2019-06-19 01:18:49.076 26609 INFO rally.task.runner [-] Task a5502b91-4ce6-4252-a25a-111f8e69ddd2 | ITER: 32 START
2019-06-19 01:18:49.077 26609 WARNING rally_openstack.scenarios.neutron.utils [-] Running this scenario without either the 'network' or 'existing_network' context is deprecated
2019-06-19 01:18:49.324 26621 INFO rally.task.runner [-] Task a5502b91-4ce6-4252-a25a-111f8e69ddd2 | ITER: 18 END: OK
2019-06-19 01:18:49.329 26621 INFO rally.task.runner [-] Task a5502b91-4ce6-4252-a25a-111f8e69ddd2 | ITER: 33 START
2019-06-19 01:18:49.329 26621 WARNING rally_openstack.scenarios.neutron.utils [-] Running this scenario without either the 'network' or 'existing_network' context is deprecated
2019-06-19 01:18:49.427 26584 INFO rally.task.runner [-] Task a5502b91-4ce6-4252-a25a-111f8e69ddd2 | ITER: 5 END: OK
2019-06-19 01:18:49.431 26584 INFO rally.task.runner [-] Task a5502b91-4ce6-4252-a25a-111f8e69ddd2 | ITER: 34 START
2019-06-19 01:18:49.432 26584 WARNING rally_openstack.scenarios.neutron.utils [-] Running this scenario without either the 'network' or 'existing_network' context is deprecated
2019-06-19 01:18:49.804 26614 INFO rally.task.runner [-] Task a5502b91-4ce6-4252-a25a-111f8e69ddd2 | ITER: 15 END: OK
2019-06-19 01:18:49.808 26624 INFO rally.task.runner [-] Task a5502b91-4ce6-4252-a25a-111f8e69ddd2 | ITER: 19 END: OK
2019-06-19 01:18:49.808 26614 INFO rally.task.runner [-] Task a5502b91-4ce6-4252-a25a-111f8e69ddd2 | ITER: 35 START
2019-06-19 01:18:49.809 26614 WARNING rally_openstack.scenarios.neutron.utils [-] Running this scenario without either the 'network' or 'existing_network' context is deprecated
2019-06-19 01:18:49.812 26624 INFO rally.task.runner [-] Task a5502b91-4ce6-4252-a25a-111f8e69ddd2 | ITER: 36 START
2019-06-19 01:18:49.813 26624 WARNING rally_openstack.scenarios.neutron.utils [-] Running this scenario without either the 'network' or 'existing_network' context is deprecated
2019-06-19 01:18:51.555 26582 INFO rally.task.runner [-] Task a5502b91-4ce6-4252-a25a-111f8e69ddd2 | ITER: 1 END: OK
2019-06-19 01:18:51.559 26582 INFO rally.task.runner [-] Task a5502b91-4ce6-4252-a25a-111f8e69ddd2 | ITER: 37 START
2019-06-19 01:18:51.560 26582 WARNING rally_openstack.scenarios.neutron.utils [-] Running this scenario without either the 'network' or 'existing_network' context is deprecated
2019-06-19 01:18:52.364 26583 INFO rally.task.runner [-] Task a5502b91-4ce6-4252-a25a-111f8e69ddd2 | ITER: 3 END: OK
2019-06-19 01:18:52.369 26583 INFO rally.task.runner [-] Task a5502b91-4ce6-4252-a25a-111f8e69ddd2 | ITER: 38 START
2019-06-19 01:18:52.370 26583 WARNING rally_openstack.scenarios.neutron.utils [-] Running this scenario without either the 'network' or 'existing_network' context is deprecated
2019-06-19 01:18:54.246 26583 INFO rally.task.runner [-] Task a5502b91-4ce6-4252-a25a-111f8e69ddd2 | ITER: 6 END: OK
2019-06-19 01:18:54.250 26583 INFO rally.task.runner [-] Task a5502b91-4ce6-4252-a25a-111f8e69ddd2 | ITER: 39 START
2019-06-19 01:18:54.251 26583 WARNING rally_openstack.scenarios.neutron.utils [-] Running this scenario without either the 'network' or 'existing_network' context is deprecated
2019-06-19 01:18:54.310 26627 INFO rally.task.runner [-] Task a5502b91-4ce6-4252-a25a-111f8e69ddd2 | ITER: 20 END: OK
2019-06-19 01:18:54.314 26627 INFO rally.task.runner [-] Task a5502b91-4ce6-4252-a25a-111f8e69ddd2 | ITER: 40 START
2019-06-19 01:18:54.315 26627 WARNING rally_openstack.scenarios.neutron.utils [-] Running this scenario without either the 'network' or 'existing_network' context is deprecated
2019-06-19 01:19:02.775 26606 INFO rally.task.runner [-] Task a5502b91-4ce6-4252-a25a-111f8e69ddd2 | ITER: 22 END: OK
2019-06-19 01:19:03.114 26585 INFO rally.task.runner [-] Task a5502b91-4ce6-4252-a25a-111f8e69ddd2 | ITER: 26 END: OK
2019-06-19 01:19:03.359 26584 INFO rally.task.runner [-] Task a5502b91-4ce6-4252-a25a-111f8e69ddd2 | ITER: 24 END: OK
2019-06-19 01:19:03.569 26582 INFO rally.task.runner [-] Task a5502b91-4ce6-4252-a25a-111f8e69ddd2 | ITER: 21 END: OK
2019-06-19 01:19:03.831 26620 INFO rally.task.runner [-] Task a5502b91-4ce6-4252-a25a-111f8e69ddd2 | ITER: 23 END: OK
2019-06-19 01:19:04.872 26621 INFO rally.task.runner [-] Task a5502b91-4ce6-4252-a25a-111f8e69ddd2 | ITER: 33 END: OK
2019-06-19 01:19:04.928 26595 INFO rally.task.runner [-] Task a5502b91-4ce6-4252-a25a-111f8e69ddd2 | ITER: 25 END: OK
2019-06-19 01:19:05.439 26624 INFO rally.task.runner [-] Task a5502b91-4ce6-4252-a25a-111f8e69ddd2 | ITER: 36 END: OK
2019-06-19 01:19:05.880 26614 INFO rally.task.runner [-] Task a5502b91-4ce6-4252-a25a-111f8e69ddd2 | ITER: 35 END: OK
2019-06-19 01:19:05.969 26617 INFO rally.task.runner [-] Task a5502b91-4ce6-4252-a25a-111f8e69ddd2 | ITER: 31 END: OK
2019-06-19 01:19:05.974 26599 INFO rally.task.runner [-] Task a5502b91-4ce6-4252-a25a-111f8e69ddd2 | ITER: 27 END: OK
2019-06-19 01:19:06.093 26587 INFO rally.task.runner [-] Task a5502b91-4ce6-4252-a25a-111f8e69ddd2 | ITER: 30 END: OK
2019-06-19 01:19:06.382 26584 INFO rally.task.runner [-] Task a5502b91-4ce6-4252-a25a-111f8e69ddd2 | ITER: 34 END: OK
2019-06-19 01:19:06.743 26585 INFO rally.task.runner [-] Task a5502b91-4ce6-4252-a25a-111f8e69ddd2 | ITER: 29 END: OK
2019-06-19 01:19:06.885 26592 INFO rally.task.runner [-] Task a5502b91-4ce6-4252-a25a-111f8e69ddd2 | ITER: 28 END: OK
2019-06-19 01:19:07.017 26583 INFO rally.task.runner [-] Task a5502b91-4ce6-4252-a25a-111f8e69ddd2 | ITER: 38 END: OK
2019-06-19 01:19:07.191 26582 INFO rally.task.runner [-] Task a5502b91-4ce6-4252-a25a-111f8e69ddd2 | ITER: 37 END: OK
2019-06-19 01:19:07.304 26609 INFO rally.task.runner [-] Task a5502b91-4ce6-4252-a25a-111f8e69ddd2 | ITER: 32 END: OK
2019-06-19 01:19:08.309 26627 INFO rally.task.runner [-] Task a5502b91-4ce6-4252-a25a-111f8e69ddd2 | ITER: 40 END: OK
2019-06-19 01:19:09.460 26583 INFO rally.task.runner [-] Task a5502b91-4ce6-4252-a25a-111f8e69ddd2 | ITER: 39 END: OK
2019-06-19 01:19:09.490 22706 INFO rally.task.context [-] Task a5502b91-4ce6-4252-a25a-111f8e69ddd2 | Context cleanup@openstack cleanup() started
2019-06-19 01:19:09.492 22706 RALLYDEBUG rally_openstack.cleanup.manager [-] Cleaning up neutron vip objects
2019-06-19 01:19:10.264 22706 RALLYDEBUG rally_openstack.cleanup.manager [-] Cleaning up neutron health_monitor objects
2019-06-19 01:19:11.000 22706 RALLYDEBUG rally_openstack.cleanup.manager [-] Cleaning up neutron pool objects
2019-06-19 01:19:11.748 22706 RALLYDEBUG rally_openstack.cleanup.manager [-] Cleaning up neutron loadbalancer objects
2019-06-19 01:19:12.406 22706 RALLYDEBUG rally_openstack.cleanup.manager [-] Cleaning up neutron floatingip objects
2019-06-19 01:19:13.497 22706 RALLYDEBUG rally_openstack.cleanup.manager [-] Cleaning up neutron port objects
2019-06-19 01:19:15.037 22706 RALLYDEBUG rally_openstack.cleanup.manager [-] Deleting neutron.port object s_rally_ce70c35b_EnJqxJzu (0683637f-f062-419e-b15d-1f2be1763a4a)
2019-06-19 01:19:15.038 22706 RALLYDEBUG rally_openstack.cleanup.manager [-] Deleting neutron.port object s_rally_ce70c35b_JbhYJry5 (02b9f2ec-7b14-490d-8f4b-cad2cefae20e)
2019-06-19 01:19:15.038 22706 RALLYDEBUG rally_openstack.cleanup.manager [-] Deleting neutron.port object s_rally_ce70c35b_GuO9OvQP (082ef0b4-f118-40ef-817a-9ce279612536)
2019-06-19 01:19:15.042 22706 RALLYDEBUG rally_openstack.cleanup.manager [-] Deleting neutron.port object s_rally_ce70c35b_Lb6CuV2E (05f167ae-9849-4f6b-a5e1-ff601f8c450f)
2019-06-19 01:19:15.048 22706 RALLYDEBUG rally_openstack.cleanup.manager [-] Deleting neutron.port object s_rally_ce70c35b_72kIkMX3 (09da3b7c-e85c-4c6a-b598-2c97f841483f)
2019-06-19 01:19:15.056 22706 RALLYDEBUG rally_openstack.cleanup.manager [-] Deleting neutron.port object s_rally_ce70c35b_X8r3spO4 (067d77b3-c585-41db-b063-89d6f212aa19)
2019-06-19 01:19:15.056 22706 RALLYDEBUG rally_openstack.cleanup.manager [-] Deleting neutron.port object s_rally_ce70c35b_AqMFEnIG (0d266735-512f-404a-8647-c2d63f6ec5b1)
2019-06-19 01:19:15.067 22706 RALLYDEBUG rally_openstack.cleanup.manager [-] Deleting neutron.port object s_rally_ce70c35b_E0pAkCpi (0126cbe3-2644-40a5-9530-a694826b100d)
2019-06-19 01:19:15.075 22706 RALLYDEBUG rally_openstack.cleanup.manager [-] Deleting neutron.port object s_rally_ce70c35b_5CdqinAA (05afe0f6-ec99-4044-a5fc-33e0bf41f80d)
2019-06-19 01:19:15.082 22706 RALLYDEBUG rally_openstack.cleanup.manager [-] Deleting neutron.port object s_rally_ce70c35b_qGeEYRkm (0d87172f-a4ff-49a4-9ffe-290778090e12)
2019-06-19 01:19:15.091 22706 RALLYDEBUG rally_openstack.cleanup.manager [-] Deleting neutron.port object s_rally_ce70c35b_whRDsDGr (119426c2-c401-43ef-8ad8-ea47008c6dd8)
2019-06-19 01:19:15.098 22706 RALLYDEBUG rally_openstack.cleanup.manager [-] Deleting neutron.port object s_rally_ce70c35b_ukqgyhat (11ac1c0f-6e43-4128-aa99-f3b3de7f280c)
2019-06-19 01:19:15.109 22706 RALLYDEBUG rally_openstack.cleanup.manager [-] Deleting neutron.port object s_rally_ce70c35b_9LBgIR3U (119cef42-5ad1-40e1-9eaf-7999d5a181cb)
2019-06-19 01:19:15.124 22706 RALLYDEBUG rally_openstack.cleanup.manager [-] Deleting neutron.port object s_rally_ce70c35b_eRl4KhZ2 (12e50233-8dca-4e03-aa3f-ce95e71ba25b)
2019-06-19 01:19:15.137 22706 RALLYDEBUG rally_openstack.cleanup.manager [-] Deleting neutron.port object s_rally_ce70c35b_FbbXcBPf (15e1b9cd-672f-49d0-a634-15785a73c806)
2019-06-19 01:19:15.162 22706 RALLYDEBUG rally_openstack.cleanup.manager [-] Deleting neutron.port object s_rally_ce70c35b_wZMu1mqn (15ebbf06-dea7-4a19-ae98-7df637cd8b2b)
2019-06-19 01:19:15.170 22706 RALLYDEBUG rally_openstack.cleanup.manager [-] Deleting neutron.port object s_rally_ce70c35b_eBjJ7hI9 (188d5b29-6a8b-40e2-b0f3-493836ebf292)
2019-06-19 01:19:15.194 22706 RALLYDEBUG rally_openstack.cleanup.manager [-] Deleting neutron.port object s_rally_ce70c35b_qN6TcYHl (1a6dc790-c9b0-40c0-a4d7-58181c259faa)
2019-06-19 01:19:15.205 22706 RALLYDEBUG rally_openstack.cleanup.manager [-] Deleting neutron.port object s_rally_ce70c35b_61TRzuUw (1a79f9f5-94f3-42b4-97e7-d01a06b11ee7)
2019-06-19 01:19:15.208 22706 RALLYDEBUG rally_openstack.cleanup.manager [-] Deleting neutron.port object s_rally_ce70c35b_OCWoHbqu (1ba8837a-5ee2-47c3-80f7-a0b2a30cf055)
2019-06-19 01:19:17.582 22706 RALLYDEBUG rally_openstack.cleanup.manager [-] Deleting neutron.port object s_rally_ce70c35b_bim43Pms (1d7e0a59-7bed-4ac2-b45d-113389abb8cc)
2019-06-19 01:19:17.602 22706 RALLYDEBUG rally_openstack.cleanup.manager [-] Deleting neutron.port object s_rally_ce70c35b_WbFEXTJv (2033520f-9280-46ee-8673-886a2da80b27)
2019-06-19 01:19:17.713 22706 RALLYDEBUG rally_openstack.cleanup.manager [-] Deleting neutron.port object s_rally_ce70c35b_2bkmx9os (2111d5c3-7553-41d6-8761-c639f51f5c1a)
2019-06-19 01:19:17.766 22706 RALLYDEBUG rally_openstack.cleanup.manager [-] Deleting neutron.port object s_rally_ce70c35b_oCoAHDhb (2420bb27-cf09-4741-9a56-c93136eef5d7)
2019-06-19 01:19:17.832 22706 RALLYDEBUG rally_openstack.cleanup.manager [-] Deleting neutron.port object s_rally_ce70c35b_jPVjQPaX (265872e4-55a4-48b5-a2b6-81503a9ca661)
2019-06-19 01:19:17.850 22706 RALLYDEBUG rally_openstack.cleanup.manager [-] Deleting neutron.port object s_rally_ce70c35b_tE6rzJQi (267a2bd2-cf03-460f-9617-d32bfbe87023)
2019-06-19 01:19:17.932 22706 RALLYDEBUG rally_openstack.cleanup.manager [-] Deleting neutron.port object s_rally_ce70c35b_Nyoiy7JD (26e87c47-a4fe-4147-a67c-042796e8b8af)
2019-06-19 01:19:17.944 22706 RALLYDEBUG rally_openstack.cleanup.manager [-] Deleting neutron.port object s_rally_ce70c35b_LXxAp3Sz (283863eb-3e81-439d-8f02-64ce58b37326)
2019-06-19 01:19:17.954 22706 RALLYDEBUG rally_openstack.cleanup.manager [-] Deleting neutron.port object s_rally_ce70c35b_d9yXJ5LN (2dcd7836-4baa-40c5-85ad-3ade4dea8bc7)
2019-06-19 01:19:18.247 22706 RALLYDEBUG rally_openstack.cleanup.manager [-] Deleting neutron.port object s_rally_ce70c35b_oDzw0LCw (333728cd-d5d3-4b33-86d1-d7aab191708f)
2019-06-19 01:19:18.305 22706 RALLYDEBUG rally_openstack.cleanup.manager [-] Deleting neutron.port object s_rally_ce70c35b_NpKqr83G (344c8e69-7ede-46bc-a74b-7e929d35cedb)
2019-06-19 01:19:18.421 22706 RALLYDEBUG rally_openstack.cleanup.manager [-] Deleting neutron.port object s_rally_ce70c35b_PQUBLLkS (3573fce7-11f4-42eb-bd73-3050b64e8f1f)
2019-06-19 01:19:18.484 22706 RALLYDEBUG rally_openstack.cleanup.manager [-] Deleting neutron.port object s_rally_ce70c35b_pGHmrvtH (362d746a-5485-4663-9b3c-190dcc83fe44)
2019-06-19 01:19:18.756 22706 RALLYDEBUG rally_openstack.cleanup.manager [-] Deleting neutron.port object s_rally_ce70c35b_h9cb5Zl7 (37eac25a-96a2-4aae-9464-1093b8db4c1d)
2019-06-19 01:19:18.807 22706 RALLYDEBUG rally_openstack.cleanup.manager [-] Deleting neutron.port object s_rally_ce70c35b_vJfgw7Eb (39a8921b-9aad-443c-9844-2a824564aa1e)
2019-06-19 01:19:18.843 22706 RALLYDEBUG rally_openstack.cleanup.manager [-] Deleting neutron.port object s_rally_ce70c35b_yECuKL5X (3aa2934b-e985-4d9e-9252-de7a8e4535a5)
2019-06-19 01:19:19.535 22706 RALLYDEBUG rally_openstack.cleanup.manager [-] Deleting neutron.port object s_rally_ce70c35b_FgcyAQvG (3ae9c833-4799-4461-83b3-e80f100e6e81)
2019-06-19 01:19:19.541 22706 RALLYDEBUG rally_openstack.cleanup.manager [-] Deleting neutron.port object s_rally_ce70c35b_VfHvOdUi (3b26536d-be93-4e73-83fd-6ccdac5c061e)
2019-06-19 01:19:19.549 22706 RALLYDEBUG rally_openstack.cleanup.manager [-] Deleting neutron.port object s_rally_ce70c35b_iJFxjgmE (3c17403b-327a-4a13-81f3-e1cb1ad79009)
2019-06-19 01:19:19.571 22706 RALLYDEBUG rally_openstack.cleanup.manager [-] Deleting neutron.port object s_rally_ce70c35b_XmzN6W8z (3e23c5ab-74fa-4366-a638-ab58d5843055)
2019-06-19 01:19:19.921 22706 RALLYDEBUG rally_openstack.cleanup.manager [-] Deleting neutron.port object s_rally_ce70c35b_NH3gzhCX (3f93c728-e4f7-45cc-ab73-cfcb5be860aa)
2019-06-19 01:19:19.939 22706 RALLYDEBUG rally_openstack.cleanup.manager [-] Deleting neutron.port object s_rally_ce70c35b_dfUdauCj (3fccb7cb-111e-4514-ba9f-1db08ff13ebd)
2019-06-19 01:19:20.276 22706 RALLYDEBUG rally_openstack.cleanup.manager [-] Deleting neutron.port object s_rally_ce70c35b_cVS5nwWV (3fdb75af-d8d9-4a48-a967-89033eeca643)
2019-06-19 01:19:20.299 22706 RALLYDEBUG rally_openstack.cleanup.manager [-] Deleting neutron.port object s_rally_ce70c35b_9dhClXEK (4127d777-5401-4fb1-9c85-048465010248)
2019-06-19 01:19:20.375 22706 RALLYDEBUG rally_openstack.cleanup.manager [-] Deleting neutron.port object s_rally_ce70c35b_9DSY5rCi (4130811c-492a-449f-bafc-68a26824ff93)
2019-06-19 01:19:20.473 22706 RALLYDEBUG rally_openstack.cleanup.manager [-] Deleting neutron.port object s_rally_ce70c35b_WhoZqbos (4190b6bf-4775-45dc-8f9b-9e213ba11726)
2019-06-19 01:19:20.515 22706 RALLYDEBUG rally_openstack.cleanup.manager [-] Deleting neutron.port object s_rally_ce70c35b_cOkMl0PK (42eeb68a-28d2-43fd-887e-7e41c569873f)
2019-06-19 01:19:20.528 22706 RALLYDEBUG rally_openstack.cleanup.manager [-] Deleting neutron.port object s_rally_ce70c35b_IwZ3rmxd (4302df2d-8e1b-4408-9e57-12909ad4fc2f)
2019-06-19 01:19:20.691 22706 RALLYDEBUG rally_openstack.cleanup.manager [-] Deleting neutron.port object s_rally_ce70c35b_lqFmW6mG (436493b9-653f-4741-808a-689c35c71907)
2019-06-19 01:19:20.738 22706 RALLYDEBUG rally_openstack.cleanup.manager [-] Deleting neutron.port object s_rally_ce70c35b_0boeQeUo (44485aad-be3c-40af-a4ae-3efdcd099b17)
2019-06-19 01:19:21.059 22706 RALLYDEBUG rally_openstack.cleanup.manager [-] Deleting neutron.port object s_rally_ce70c35b_ydO9wOrv (4898eb3f-c155-4eaa-8255-34ff72fa3cd7)
2019-06-19 01:19:21.101 22706 RALLYDEBUG rally_openstack.cleanup.manager [-] Deleting neutron.port object s_rally_ce70c35b_TahTa9mA (48cc7fc3-5b3f-4e76-9b2d-e30b3631d42a)
2019-06-19 01:19:21.212 22706 RALLYDEBUG rally_openstack.cleanup.manager [-] Deleting neutron.port object s_rally_ce70c35b_u8MacKP2 (48dd413f-b0d2-412d-894f-1f8b0bd8cb58)
2019-06-19 01:19:21.236 22706 RALLYDEBUG rally_openstack.cleanup.manager [-] Deleting neutron.port object s_rally_ce70c35b_YzBeRFX3 (4b9ce5ed-8b3f-44e4-a5c6-cc68ca6e8c83)
2019-06-19 01:19:21.322 22706 RALLYDEBUG rally_openstack.cleanup.manager [-] Deleting neutron.port object s_rally_ce70c35b_G0yyGiYz (4cc4f742-0ffd-4504-a221-435d37ec5acd)
2019-06-19 01:19:21.665 22706 RALLYDEBUG rally_openstack.cleanup.manager [-] Deleting neutron.port object s_rally_ce70c35b_vIhzTU3w (4ccfdee4-eb2c-4950-8d02-90a2f2c4c33f)
2019-06-19 01:19:21.921 22706 RALLYDEBUG rally_openstack.cleanup.manager [-] Deleting neutron.port object s_rally_ce70c35b_GrFnMGSX (4e6c6f50-4f15-421c-806a-0065a4a1c63e)
2019-06-19 01:19:22.271 22706 RALLYDEBUG rally_openstack.cleanup.manager [-] Deleting neutron.port object s_rally_ce70c35b_6eyWLWVu (502ee0fe-3f0e-4cc6-aef0-f5d9baee4a29)
2019-06-19 01:19:22.359 22706 RALLYDEBUG rally_openstack.cleanup.manager [-] Deleting neutron.port object s_rally_ce70c35b_nkoPg1Gw (5040ad0a-e762-4cd0-8e10-e6138ce15a57)
2019-06-19 01:19:22.473 22706 RALLYDEBUG rally_openstack.cleanup.manager [-] Deleting neutron.port object s_rally_ce70c35b_LoRyHUxF (528c5b6e-846c-4508-8630-477687bbc538)
2019-06-19 01:19:22.518 22706 RALLYDEBUG rally_openstack.cleanup.manager [-] Deleting neutron.port object s_rally_ce70c35b_3X1iGbUc (52e5ba89-41be-495e-9ee9-ec79ff78b1e8)
2019-06-19 01:19:22.657 22706 RALLYDEBUG rally_openstack.cleanup.manager [-] Deleting neutron.port object s_rally_ce70c35b_uEPNjJwS (53af66a9-2c29-41dc-a651-be8e37cd78e5)
2019-06-19 01:19:23.000 22706 RALLYDEBUG rally_openstack.cleanup.manager [-] Deleting neutron.port object s_rally_ce70c35b_IBIlzp3S (5541e131-374c-4aa3-b536-be2e54faf1b2)
2019-06-19 01:19:23.111 22706 RALLYDEBUG rally_openstack.cleanup.manager [-] Deleting neutron.port object s_rally_ce70c35b_yLOcuima (57354eaa-00e2-417f-b4dc-e262ee1c1178)
2019-06-19 01:19:23.152 22706 RALLYDEBUG rally_openstack.cleanup.manager [-] Deleting neutron.port object s_rally_ce70c35b_nSWpkvSP (57954141-38ce-4f7c-9b9b-e297338fa472)
2019-06-19 01:19:23.214 22706 RALLYDEBUG rally_openstack.cleanup.manager [-] Deleting neutron.port object s_rally_ce70c35b_MdXVdVb6 (58aac750-22dd-4115-878e-b8b198c35082)
2019-06-19 01:19:23.264 22706 RALLYDEBUG rally_openstack.cleanup.manager [-] Deleting neutron.port object s_rally_ce70c35b_gno9dc5S (5c2cf1e8-741c-4e6d-996d-c81490736167)
2019-06-19 01:19:23.383 22706 RALLYDEBUG rally_openstack.cleanup.manager [-] Deleting neutron.port object s_rally_ce70c35b_KQ1M4GlD (5d5f3d87-f5a6-4d96-9197-96ec6b5c10e1)
2019-06-19 01:19:23.603 22706 RALLYDEBUG rally_openstack.cleanup.manager [-] Deleting neutron.port object s_rally_ce70c35b_hlQf4j4J (5d76fb81-ea03-4303-9cbf-592a6f29c08f)
