2019-06-19 01:19:23.706 22706 RALLYDEBUG rally_openstack.cleanup.manager [-] Deleting neutron.port object s_rally_ce70c35b_zVrK2Gq9 (5e30b0d5-f40f-4978-a0b4-226600692b03)
2019-06-19 01:19:23.735 22706 RALLYDEBUG rally_openstack.cleanup.manager [-] Deleting neutron.port object s_rally_ce70c35b_8xnGfhxM (5fd7f2e2-cb31-47da-9a3d-3e120e725b19)
2019-06-19 01:19:23.767 22706 RALLYDEBUG rally_openstack.cleanup.manager [-] Deleting neutron.port object s_rally_ce70c35b_dHkdoDI4 (60dc3248-e0a9-455d-a8d5-3604264ea9ff)
2019-06-19 01:19:23.919 22706 RALLYDEBUG rally_openstack.cleanup.manager [-] Deleting neutron.port object s_rally_ce70c35b_VSSHw7A9 (612be4c5-2134-4205-9ac8-b5f9add2bb0d)
2019-06-19 01:19:24.030 22706 RALLYDEBUG rally_openstack.cleanup.manager [-] Deleting neutron.port object s_rally_ce70c35b_G51mWknU (62c5c6ce-0c43-49d4-8960-6824ea2eaece)
2019-06-19 01:19:24.070 22706 RALLYDEBUG rally_openstack.cleanup.manager [-] Deleting neutron.port object s_rally_ce70c35b_4KnKRa7h (6343370d-3dad-435d-8c38-32a19b7f8b10)
2019-06-19 01:19:24.189 22706 RALLYDEBUG rally_openstack.cleanup.manager [-] Deleting neutron.port object s_rally_ce70c35b_36MbrwsT (64b8626c-08db-4dae-901e-04a5f21c4445)
2019-06-19 01:19:24.216 22706 RALLYDEBUG rally_openstack.cleanup.manager [-] Deleting neutron.port object s_rally_ce70c35b_PI0EsnWD (64fb05fa-bb4c-4659-93d3-1b41810d4d01)
2019-06-19 01:19:24.610 22706 RALLYDEBUG rally_openstack.cleanup.manager [-] Deleting neutron.port object s_rally_ce70c35b_5COJnu7w (65cec063-ed3c-4f36-89ee-0d836e98c3dc)
2019-06-19 01:19:24.850 22706 RALLYDEBUG rally_openstack.cleanup.manager [-] Deleting neutron.port object s_rally_ce70c35b_wluZy24W (67e4f9b7-2593-4c58-ba40-225220262d6c)
2019-06-19 01:19:24.961 22706 RALLYDEBUG rally_openstack.cleanup.manager [-] Deleting neutron.port object s_rally_ce70c35b_IEwZOdGq (6b21b337-1dd7-4eeb-968e-e52d38ff5cef)
2019-06-19 01:19:25.052 22706 RALLYDEBUG rally_openstack.cleanup.manager [-] Deleting neutron.port object s_rally_ce70c35b_37VpnqwW (6b372cdd-4129-44e0-8472-d0a1e4df9494)
2019-06-19 01:19:25.058 22706 RALLYDEBUG rally_openstack.cleanup.manager [-] Deleting neutron.port object s_rally_ce70c35b_bfK7HgHl (6bb92eba-2a2b-4854-8cc7-8b27fe3e0418)
2019-06-19 01:19:25.247 22706 RALLYDEBUG rally_openstack.cleanup.manager [-] Deleting neutron.port object s_rally_ce70c35b_fWWsxHUR (6c43b1bf-3444-4430-8e3a-3cc348e9dea0)
2019-06-19 01:19:25.651 22706 RALLYDEBUG rally_openstack.cleanup.manager [-] Deleting neutron.port object s_rally_ce70c35b_42zqrZoA (6c8fb5f6-b6ca-43af-af9e-df51bf4fbb2f)
2019-06-19 01:19:25.817 22706 RALLYDEBUG rally_openstack.cleanup.manager [-] Deleting neutron.port object s_rally_ce70c35b_vU2pR2MY (6e651a0a-7219-4ec2-af13-010ef6212998)
2019-06-19 01:19:25.824 22706 RALLYDEBUG rally_openstack.cleanup.manager [-] Deleting neutron.port object s_rally_ce70c35b_HFLNxlSP (6f88cf8d-4891-4216-bdd2-886b791f793a)
2019-06-19 01:19:26.067 22706 RALLYDEBUG rally_openstack.cleanup.manager [-] Deleting neutron.port object s_rally_ce70c35b_ralMjs31 (6fbeede7-018d-4004-84d4-dafc91cad9ec)
2019-06-19 01:19:26.184 22706 RALLYDEBUG rally_openstack.cleanup.manager [-] Deleting neutron.port object s_rally_ce70c35b_eGCXFkWQ (6fc17481-865c-47a6-be51-e2e7a99fca1e)
2019-06-19 01:19:26.262 22706 RALLYDEBUG rally_openstack.cleanup.manager [-] Deleting neutron.port object s_rally_ce70c35b_2vsGScG2 (7096749c-898e-41e5-939a-357e7df81594)
2019-06-19 01:19:26.447 22706 RALLYDEBUG rally_openstack.cleanup.manager [-] Deleting neutron.port object s_rally_ce70c35b_QOeBJiv5 (7360bd84-8e15-4fdf-aa4d-b8b57232359c)
2019-06-19 01:19:26.474 22706 RALLYDEBUG rally_openstack.cleanup.manager [-] Deleting neutron.port object s_rally_ce70c35b_cFjzT1a8 (7480d9a0-fa77-4306-872d-467230aafc80)
2019-06-19 01:19:26.487 22706 RALLYDEBUG rally_openstack.cleanup.manager [-] Deleting neutron.port object s_rally_ce70c35b_yq4sTnyT (756f94e0-290d-4254-9cd6-9e06543ffedb)
2019-06-19 01:19:26.506 22706 RALLYDEBUG rally_openstack.cleanup.manager [-] Deleting neutron.port object s_rally_ce70c35b_gqH2Zo44 (75910a26-8667-4235-a4d7-f34c91b1eebd)
2019-06-19 01:19:26.554 22706 RALLYDEBUG rally_openstack.cleanup.manager [-] Deleting neutron.port object s_rally_ce70c35b_SwCyxqJy (7637fa17-0f58-41c0-afce-0a33b8497c87)
2019-06-19 01:19:26.753 22706 RALLYDEBUG rally_openstack.cleanup.manager [-] Deleting neutron.port object s_rally_ce70c35b_lP1x26xb (7677fc89-65ff-409a-97ca-ec089a16619a)
2019-06-19 01:19:26.951 22706 RALLYDEBUG rally_openstack.cleanup.manager [-] Deleting neutron.port object s_rally_ce70c35b_glrdDUnD (76f86fbf-0f39-4cd3-a10d-9ae1214c1b4d)
2019-06-19 01:19:27.032 22706 RALLYDEBUG rally_openstack.cleanup.manager [-] Deleting neutron.port object s_rally_ce70c35b_kw7yLHfq (789039e1-a4a0-4ee5-86c8-2572e10a2141)
2019-06-19 01:19:27.096 22706 RALLYDEBUG rally_openstack.cleanup.manager [-] Deleting neutron.port object s_rally_ce70c35b_WG6dizXD (78aa1bf4-5043-4247-b0dc-3bb40cdb2e53)
2019-06-19 01:19:27.370 22706 RALLYDEBUG rally_openstack.cleanup.manager [-] Deleting neutron.port object s_rally_ce70c35b_LeC3edxj (79550117-c597-4a0d-9f89-d5a4d1a5947e)
2019-06-19 01:19:27.415 22706 RALLYDEBUG rally_openstack.cleanup.manager [-] Deleting neutron.port object s_rally_ce70c35b_tP5YlbsU (79bc0f13-7382-4e15-8ea2-9075fe0b2798)
2019-06-19 01:19:27.735 22706 RALLYDEBUG rally_openstack.cleanup.manager [-] Deleting neutron.port object s_rally_ce70c35b_A186qG5E (7bca0951-716f-4faa-88cb-2bdc33fef2db)
2019-06-19 01:19:27.744 22706 RALLYDEBUG rally_openstack.cleanup.manager [-] Deleting neutron.port object s_rally_ce70c35b_87ehcZqi (7c8cfb2a-eb0a-44d3-966a-52f23ce1d882)
2019-06-19 01:19:27.860 22706 RALLYDEBUG rally_openstack.cleanup.manager [-] Deleting neutron.port object s_rally_ce70c35b_MNdWp3lE (7fed6b44-8823-4d76-8843-5296ce0cb8e0)
2019-06-19 01:19:27.952 22706 RALLYDEBUG rally_openstack.cleanup.manager [-] Deleting neutron.port object s_rally_ce70c35b_tmKlZvcW (80d3933a-9013-49c6-8d10-6772d054442d)
2019-06-19 01:19:28.125 22706 RALLYDEBUG rally_openstack.cleanup.manager [-] Deleting neutron.port object s_rally_ce70c35b_dGTWoMSO (80fd27a4-d480-49f7-b0bd-0673eb2aa872)
2019-06-19 01:19:28.259 22706 RALLYDEBUG rally_openstack.cleanup.manager [-] Deleting neutron.port object s_rally_ce70c35b_bVhsCRRX (81180c91-676f-45fe-ab2d-ae9d94118d5d)
2019-06-19 01:19:28.386 22706 RALLYDEBUG rally_openstack.cleanup.manager [-] Deleting neutron.port object s_rally_ce70c35b_3RZdYO05 (82aef314-10e7-445b-8707-e5a244a20ff7)
2019-06-19 01:19:28.781 22706 RALLYDEBUG rally_openstack.cleanup.manager [-] Deleting neutron.port object s_rally_ce70c35b_Yjzc5nbi (83591797-4b66-44a4-996e-15fa9575cd9d)
2019-06-19 01:19:28.804 22706 RALLYDEBUG rally_openstack.cleanup.manager [-] Deleting neutron.port object s_rally_ce70c35b_YSYynctz (857d4c10-11f5-4beb-8256-efcf6c2ec854)
2019-06-19 01:19:28.824 22706 RALLYDEBUG rally_openstack.cleanup.manager [-] Deleting neutron.port object s_rally_ce70c35b_igcxDQBq (85a40448-e76c-444f-b9c2-1be5d5905b40)
2019-06-19 01:19:28.941 22706 RALLYDEBUG rally_openstack.cleanup.manager [-] Deleting neutron.port object s_rally_ce70c35b_MDrRQwQA (86e695ac-d845-441c-bf30-231975793987)
2019-06-19 01:19:29.073 22706 RALLYDEBUG rally_openstack.cleanup.manager [-] Deleting neutron.port object s_rally_ce70c35b_ZkAsBU9P (88072667-d07a-4f7a-baf7-8ae9551b0f76)
2019-06-19 01:19:29.110 22706 RALLYDEBUG rally_openstack.cleanup.manager [-] Deleting neutron.port object s_rally_ce70c35b_Cfcrif0X (8cd60f8a-42db-4f1f-854b-39762bd6b340)
2019-06-19 01:19:29.275 22706 RALLYDEBUG rally_openstack.cleanup.manager [-] Deleting neutron.port object s_rally_ce70c35b_KB3izXGi (8d004e55-7373-4e3d-a9cb-ae873c5b1201)
2019-06-19 01:19:29.338 22706 RALLYDEBUG rally_openstack.cleanup.manager [-] Deleting neutron.port object s_rally_ce70c35b_PosRoL8Q (8d581a0b-13a5-4a97-a2f0-f268e2539710)
2019-06-19 01:19:29.487 22706 RALLYDEBUG rally_openstack.cleanup.manager [-] Deleting neutron.port object s_rally_ce70c35b_bR24SWKG (8e7e6a96-5604-4c58-abf6-e54686e919bd)
2019-06-19 01:19:29.655 22706 RALLYDEBUG rally_openstack.cleanup.manager [-] Deleting neutron.port object s_rally_ce70c35b_KVGPcblP (8ea1762b-e9c5-4ea8-baa2-e1ef256a9e0d)
2019-06-19 01:19:29.908 22706 RALLYDEBUG rally_openstack.cleanup.manager [-] Deleting neutron.port object s_rally_ce70c35b_dMH3ixfg (909fae13-959f-42d2-8ef8-a9b47d602702)
2019-06-19 01:19:30.071 22706 RALLYDEBUG rally_openstack.cleanup.manager [-] Deleting neutron.port object s_rally_ce70c35b_ekVwOxt4 (992a81da-9485-451d-9a53-63051574ed7b)
2019-06-19 01:19:30.147 22706 RALLYDEBUG rally_openstack.cleanup.manager [-] Deleting neutron.port object s_rally_ce70c35b_D0Sfs95i (9a3217a0-70a3-49d6-ba32-df3c676d2dcd)
2019-06-19 01:19:30.174 22706 RALLYDEBUG rally_openstack.cleanup.manager [-] Deleting neutron.port object s_rally_ce70c35b_Rg8EVLlm (9d8affdc-ef88-4ca8-aef8-ffec0732ca3d)
2019-06-19 01:19:30.287 22706 RALLYDEBUG rally_openstack.cleanup.manager [-] Deleting neutron.port object s_rally_ce70c35b_rurq26uK (a1e7b4f8-dbf2-4e55-bb78-a7b8d13ca13e)
2019-06-19 01:19:30.315 22706 RALLYDEBUG rally_openstack.cleanup.manager [-] Deleting neutron.port object s_rally_ce70c35b_I0adqHyZ (a22591a9-9892-410e-b897-4e3a08995868)
2019-06-19 01:19:30.601 22706 RALLYDEBUG rally_openstack.cleanup.manager [-] Deleting neutron.port object s_rally_ce70c35b_AOiH9xfc (a387ee23-4f42-4a9b-9253-9a5237bad409)
2019-06-19 01:19:30.678 22706 RALLYDEBUG rally_openstack.cleanup.manager [-] Deleting neutron.port object s_rally_ce70c35b_bCaDeRdq (a39357ca-e5a0-4708-8022-dfd0d252868c)
2019-06-19 01:19:30.718 22706 RALLYDEBUG rally_openstack.cleanup.manager [-] Deleting neutron.port object s_rally_ce70c35b_9b3vICQL (a4236375-400f-4834-83a1-357cb5cb39e0)
2019-06-19 01:19:31.014 22706 RALLYDEBUG rally_openstack.cleanup.manager [-] Deleting neutron.port object s_rally_ce70c35b_RxhGerpn (a6948090-e0ac-4293-b709-0ae661bbdf11)
2019-06-19 01:19:31.117 22706 RALLYDEBUG rally_openstack.cleanup.manager [-] Deleting neutron.port object s_rally_ce70c35b_ik9SsYdO (a6f45717-9b19-459d-a875-ad8d622fe4c2)
2019-06-19 01:19:31.172 22706 RALLYDEBUG rally_openstack.cleanup.manager [-] Deleting neutron.port object s_rally_ce70c35b_VEEGh2sW (a951a82b-d0ab-4891-bf19-24f503b7e15a)
2019-06-19 01:19:31.233 22706 RALLYDEBUG rally_openstack.cleanup.manager [-] Deleting neutron.port object s_rally_ce70c35b_blTQZo6D (ab9223fc-f8a2-4864-b031-9f81cf989369)
2019-06-19 01:19:31.453 22706 RALLYDEBUG rally_openstack.cleanup.manager [-] Deleting neutron.port object s_rally_ce70c35b_mkjZfOzJ (abb279d4-99da-4de3-91c2-7ae3a197915e)
2019-06-19 01:19:31.536 22706 RALLYDEBUG rally_openstack.cleanup.manager [-] Deleting neutron.port object s_rally_ce70c35b_v9S74WhO (abe96184-36ac-4e09-9883-02fde0dc256d)
2019-06-19 01:19:31.605 22706 RALLYDEBUG rally_openstack.cleanup.manager [-] Deleting neutron.port object s_rally_ce70c35b_lHLR4pPP (ac87ce7c-bd37-426c-a773-6f3364801e80)
2019-06-19 01:19:31.653 22706 RALLYDEBUG rally_openstack.cleanup.manager [-] Deleting neutron.port object s_rally_ce70c35b_XDaWQ0S2 (acbb1ec4-f1c5-4997-bc0f-9a6e8cd98d49)
2019-06-19 01:19:31.745 22706 RALLYDEBUG rally_openstack.cleanup.manager [-] Deleting neutron.port object s_rally_ce70c35b_8n2X64ZL (ad0afd26-e2e6-425b-8e46-ed8afbf78c99)
2019-06-19 01:19:31.825 22706 RALLYDEBUG rally_openstack.cleanup.manager [-] Deleting neutron.port object s_rally_ce70c35b_Lr1JKaBJ (aeb6a63a-cba4-4853-bfe5-31a4e9db145c)
2019-06-19 01:19:32.133 22706 RALLYDEBUG rally_openstack.cleanup.manager [-] Deleting neutron.port object s_rally_ce70c35b_8s1wxTZh (afa119bd-6da2-4041-8b20-db27d890809e)
2019-06-19 01:19:32.440 22706 RALLYDEBUG rally_openstack.cleanup.manager [-] Deleting neutron.port object s_rally_ce70c35b_WPvczmWt (b0ed93a5-726a-4815-a92d-7520f89a8306)
2019-06-19 01:19:32.522 22706 RALLYDEBUG rally_openstack.cleanup.manager [-] Deleting neutron.port object s_rally_ce70c35b_F34XShp3 (b2244369-19f9-4399-b561-c9e6bf82b7c8)
2019-06-19 01:19:32.689 22706 RALLYDEBUG rally_openstack.cleanup.manager [-] Deleting neutron.port object s_rally_ce70c35b_CmiAYMuK (b3080f74-3fd9-417b-9b32-2221d67e355d)
2019-06-19 01:19:32.718 22706 RALLYDEBUG rally_openstack.cleanup.manager [-] Deleting neutron.port object s_rally_ce70c35b_imXM2ymL (b3da2d74-aa7f-41af-b917-e83fba34d0d9)
2019-06-19 01:19:32.883 22706 RALLYDEBUG rally_openstack.cleanup.manager [-] Deleting neutron.port object s_rally_ce70c35b_TEN95VOc (b61b57ab-d4a4-4810-a219-eb23951775d3)
2019-06-19 01:19:32.960 22706 RALLYDEBUG rally_openstack.cleanup.manager [-] Deleting neutron.port object s_rally_ce70c35b_zv7ZSKw8 (b658b8ba-650b-4879-b049-f2c0d925659d)
2019-06-19 01:19:33.016 22706 RALLYDEBUG rally_openstack.cleanup.manager [-] Deleting neutron.port object s_rally_ce70c35b_qJl0iqgY (b76e3870-6227-4a6f-b213-871689cc364d)
2019-06-19 01:19:33.017 22706 RALLYDEBUG rally_openstack.cleanup.manager [-] Deleting neutron.port object s_rally_ce70c35b_WpaOYu4c (b878691e-2396-46f3-b7d0-2e0db0b08ecb)
2019-06-19 01:19:33.073 22706 RALLYDEBUG rally_openstack.cleanup.manager [-] Deleting neutron.port object s_rally_ce70c35b_VRHOtyNF (b8f2580b-ccae-43f0-b7a8-0084d8f67402)
2019-06-19 01:19:33.465 22706 RALLYDEBUG rally_openstack.cleanup.manager [-] Deleting neutron.port object s_rally_ce70c35b_gAqBUqae (ba63cd84-ee07-4fa3-9e6b-1454c46ce821)
2019-06-19 01:19:33.524 22706 RALLYDEBUG rally_openstack.cleanup.manager [-] Deleting neutron.port object s_rally_ce70c35b_O2wgLG95 (bd9f397e-2a07-43c8-bc5b-9d669b7f2972)
2019-06-19 01:19:33.844 22706 RALLYDEBUG rally_openstack.cleanup.manager [-] Deleting neutron.port object s_rally_ce70c35b_r0fgUq4U (bf42b8f3-2208-431d-93d3-6f19aa3d63bb)
2019-06-19 01:19:33.941 22706 RALLYDEBUG rally_openstack.cleanup.manager [-] Deleting neutron.port object s_rally_ce70c35b_cHH3q0m4 (bf6e0809-3373-47a6-aee0-3878d690d9bd)
2019-06-19 01:19:34.007 22706 RALLYDEBUG rally_openstack.cleanup.manager [-] Deleting neutron.port object s_rally_ce70c35b_EwuHDLaz (bfa8f750-3330-4a7c-8594-4de23dbd5622)
2019-06-19 01:19:34.054 22706 RALLYDEBUG rally_openstack.cleanup.manager [-] Deleting neutron.port object s_rally_ce70c35b_e5ETQOH4 (c04b37e8-176d-4bcd-b4ae-4cbaf7300bdf)
2019-06-19 01:19:34.245 22706 RALLYDEBUG rally_openstack.cleanup.manager [-] Deleting neutron.port object s_rally_ce70c35b_OHwhT7ib (c1ab079d-7327-4b27-93bd-345aa4705f45)
2019-06-19 01:19:34.284 22706 RALLYDEBUG rally_openstack.cleanup.manager [-] Deleting neutron.port object s_rally_ce70c35b_wVbIXirD (c2864cb4-79bd-4510-9cdd-4635bd14799b)
2019-06-19 01:19:34.444 22706 RALLYDEBUG rally_openstack.cleanup.manager [-] Deleting neutron.port object s_rally_ce70c35b_bs1YuO12 (c46d9bca-94cc-49df-bed3-eed1787e45f4)
2019-06-19 01:19:34.517 22706 RALLYDEBUG rally_openstack.cleanup.manager [-] Deleting neutron.port object s_rally_ce70c35b_jlbfWvyn (c57b507d-6024-46f6-a8fd-fa397e07001c)
2019-06-19 01:19:34.550 22706 RALLYDEBUG rally_openstack.cleanup.manager [-] Deleting neutron.port object s_rally_ce70c35b_ouBClM36 (c58e6c27-bb74-4992-9146-e58647842e31)
2019-06-19 01:19:34.750 22706 RALLYDEBUG rally_openstack.cleanup.manager [-] Deleting neutron.port object s_rally_ce70c35b_UZzOon2S (c725c70b-eb99-4251-87ac-151586b99cf9)
2019-06-19 01:19:34.892 22706 RALLYDEBUG rally_openstack.cleanup.manager [-] Deleting neutron.port object s_rally_ce70c35b_qWvzYMxm (c7a9bc4a-d90c-46c9-bb7a-c5f5a0203df5)
2019-06-19 01:19:35.029 22706 RALLYDEBUG rally_openstack.cleanup.manager [-] Deleting neutron.port object s_rally_ce70c35b_M6uiQtGI (c930216c-a302-4a35-ab70-6ac9ec40e3f0)
2019-06-19 01:19:35.119 22706 RALLYDEBUG rally_openstack.cleanup.manager [-] Deleting neutron.port object s_rally_ce70c35b_dRCr9u1e (cab3379f-2df2-4f68-80cc-25c284cda59f)
2019-06-19 01:19:35.556 22706 RALLYDEBUG rally_openstack.cleanup.manager [-] Deleting neutron.port object s_rally_ce70c35b_SZuXKgqk (cd8f1ffa-d4e8-4907-b461-f21cb5c4b44b)
2019-06-19 01:19:35.648 22706 RALLYDEBUG rally_openstack.cleanup.manager [-] Deleting neutron.port object s_rally_ce70c35b_cT5gesTL (cd9ab35f-e8a7-4889-925a-b5bd51f8823b)
2019-06-19 01:19:35.787 22706 RALLYDEBUG rally_openstack.cleanup.manager [-] Deleting neutron.port object s_rally_ce70c35b_swGuOo1K (cdc082e1-ee1c-4610-b57d-25799d0d37f9)
2019-06-19 01:19:35.969 22706 RALLYDEBUG rally_openstack.cleanup.manager [-] Deleting neutron.port object s_rally_ce70c35b_VFWyU5qq (cf147216-08e9-47ee-bd59-83108d7c8ee0)
2019-06-19 01:19:35.969 22706 RALLYDEBUG rally_openstack.cleanup.manager [-] Deleting neutron.port object s_rally_ce70c35b_G3g9kjOs (ce2cef4f-5b3d-4c67-98ad-1ed3e13c74b5)
2019-06-19 01:19:36.005 22706 RALLYDEBUG rally_openstack.cleanup.manager [-] Deleting neutron.port object s_rally_ce70c35b_4LkrGm2Z (cf58eaa8-8053-4060-a80d-e36bc0be7ee4)
2019-06-19 01:19:36.104 22706 RALLYDEBUG rally_openstack.cleanup.manager [-] Deleting neutron.port object s_rally_ce70c35b_NrgIiAmx (cfaff812-3a89-460f-8224-4f789251a74a)
2019-06-19 01:19:36.470 22706 RALLYDEBUG rally_openstack.cleanup.manager [-] Deleting neutron.port object s_rally_ce70c35b_aFLHXz8m (d069c1ed-eb66-4032-84cd-7a72205e9986)
2019-06-19 01:19:36.572 22706 RALLYDEBUG rally_openstack.cleanup.manager [-] Deleting neutron.port object s_rally_ce70c35b_XGPQrWmn (d07929a3-44b2-48e6-bbfe-4a54b379940e)
2019-06-19 01:19:36.746 22706 RALLYDEBUG rally_openstack.cleanup.manager [-] Deleting neutron.port object s_rally_ce70c35b_AHFM1TSH (d2b6d2c8-52ab-4bc4-9cba-59c17670df74)
2019-06-19 01:19:36.883 22706 RALLYDEBUG rally_openstack.cleanup.manager [-] Deleting neutron.port object s_rally_ce70c35b_nN9bmrH3 (d3793877-d211-416c-95ba-f68ec2132714)
2019-06-19 01:19:36.899 22706 RALLYDEBUG rally_openstack.cleanup.manager [-] Deleting neutron.port object s_rally_ce70c35b_dwu8wnpQ (d4363991-39c7-4f31-9137-af2d72bf7ce4)
2019-06-19 01:19:37.180 22706 RALLYDEBUG rally_openstack.cleanup.manager [-] Deleting neutron.port object s_rally_ce70c35b_x7TRGSkw (d563a840-0742-4dcd-bb42-ec696f9ce247)
2019-06-19 01:19:37.195 22706 RALLYDEBUG rally_openstack.cleanup.manager [-] Deleting neutron.port object s_rally_ce70c35b_EFDNH4bf (d78e56bb-951b-485a-a1c1-4eca6478ec6e)
2019-06-19 01:19:37.265 22706 RALLYDEBUG rally_openstack.cleanup.manager [-] Deleting neutron.port object s_rally_ce70c35b_6HSLkucU (da7d900f-0e69-47a7-b898-28951d7742f8)
2019-06-19 01:19:37.349 22706 RALLYDEBUG rally_openstack.cleanup.manager [-] Deleting neutron.port object s_rally_ce70c35b_KnuQO8Wl (db614fe3-8753-48d3-9055-67f982139329)
2019-06-19 01:19:37.357 22706 RALLYDEBUG rally_openstack.cleanup.manager [-] Deleting neutron.port object s_rally_ce70c35b_whFDZxqK (db9a2305-4b56-4643-99e9-473a18625b66)
2019-06-19 01:19:37.555 22706 RALLYDEBUG rally_openstack.cleanup.manager [-] Deleting neutron.port object s_rally_ce70c35b_xVglkUTI (ddf875b8-0465-40b1-ba19-90d1f80442b5)
2019-06-19 01:19:37.642 22706 RALLYDEBUG rally_openstack.cleanup.manager [-] Deleting neutron.port object s_rally_ce70c35b_E48Js7da (de46e337-ba74-4fad-9775-bbc1bbf136d2)
2019-06-19 01:19:38.070 22706 RALLYDEBUG rally_openstack.cleanup.manager [-] Deleting neutron.port object s_rally_ce70c35b_VrNcDqzC (dfd858a9-6c70-4716-8094-671f8cecdbab)
2019-06-19 01:19:38.125 22706 RALLYDEBUG rally_openstack.cleanup.manager [-] Deleting neutron.port object s_rally_ce70c35b_NNU0vr6u (e2da918e-b938-406c-9667-36000aadff4e)
2019-06-19 01:19:38.251 22706 RALLYDEBUG rally_openstack.cleanup.manager [-] Deleting neutron.port object s_rally_ce70c35b_H4YqDRNr (e43b82b7-7fdc-47e4-b49f-15d172ed3902)
2019-06-19 01:19:38.285 22706 RALLYDEBUG rally_openstack.cleanup.manager [-] Deleting neutron.port object s_rally_ce70c35b_kZ93KqX9 (e460f6a1-a4b7-44df-851b-48489cec238f)
2019-06-19 01:19:38.457 22706 RALLYDEBUG rally_openstack.cleanup.manager [-] Deleting neutron.port object s_rally_ce70c35b_EYMRQpk6 (e6359f71-ee22-4df3-8458-ffbb1515c247)
2019-06-19 01:19:38.537 22706 RALLYDEBUG rally_openstack.cleanup.manager [-] Deleting neutron.port object s_rally_ce70c35b_HsFEonOy (e70fa7d9-abfb-49a2-af0d-82d0294cd25a)
2019-06-19 01:19:38.556 22706 RALLYDEBUG rally_openstack.cleanup.manager [-] Deleting neutron.port object s_rally_ce70c35b_XUoLquA7 (ebcdf79d-ee88-479a-8690-a542a773938a)
2019-06-19 01:19:38.747 22706 RALLYDEBUG rally_openstack.cleanup.manager [-] Deleting neutron.port object s_rally_ce70c35b_Y6PGJHpe (ec514585-9010-4e04-884f-3fddc4f5c269)
2019-06-19 01:19:38.879 22706 RALLYDEBUG rally_openstack.cleanup.manager [-] Deleting neutron.port object s_rally_ce70c35b_ZwYexbkE (ee92f65a-5442-4178-be8c-f4640ac53dd3)
2019-06-19 01:19:39.125 22706 RALLYDEBUG rally_openstack.cleanup.manager [-] Deleting neutron.port object s_rally_ce70c35b_ZkGRr8m8 (eebfa7f7-1571-4d80-bc87-60c77c2b5572)
2019-06-19 01:19:39.304 22706 RALLYDEBUG rally_openstack.cleanup.manager [-] Deleting neutron.port object s_rally_ce70c35b_5da6ekxq (f0312018-1bc0-4f79-91dc-2ca0d7178f9c)
2019-06-19 01:19:39.382 22706 RALLYDEBUG rally_openstack.cleanup.manager [-] Deleting neutron.port object s_rally_ce70c35b_jMP2YPen (f1714984-d84f-48fc-b4f6-df79bce88fe8)
2019-06-19 01:19:39.499 22706 RALLYDEBUG rally_openstack.cleanup.manager [-] Deleting neutron.port object s_rally_ce70c35b_5ClkOfiP (f35ec67b-4857-400d-8999-7d194893d9e5)
2019-06-19 01:19:39.755 22706 RALLYDEBUG rally_openstack.cleanup.manager [-] Deleting neutron.port object s_rally_ce70c35b_DXayAQ59 (f3e3de74-4a9d-43c3-a85f-f22ef734f63d)
2019-06-19 01:19:40.051 22706 RALLYDEBUG rally_openstack.cleanup.manager [-] Deleting neutron.port object s_rally_ce70c35b_DB0JHRzw (f62a4eed-e9c2-4a89-a90e-9e9ecb7bd440)
2019-06-19 01:19:40.270 22706 RALLYDEBUG rally_openstack.cleanup.manager [-] Deleting neutron.port object s_rally_ce70c35b_OIG7pCod (f9ac6fe0-ee56-4c1c-9700-5a01578476ad)
2019-06-19 01:19:40.313 22706 RALLYDEBUG rally_openstack.cleanup.manager [-] Deleting neutron.port object s_rally_ce70c35b_iGNdMUcc (fb656fe3-a32a-4b1e-89d6-732ea5b265c0)
2019-06-19 01:19:40.347 22706 RALLYDEBUG rally_openstack.cleanup.manager [-] Deleting neutron.port object s_rally_ce70c35b_L3mkmVv1 (fe83d9da-72b6-4c98-aeb1-6dc63f06c973)
2019-06-19 01:19:40.372 22706 RALLYDEBUG rally_openstack.cleanup.manager [-] Deleting neutron.port object s_rally_ce70c35b_XH74pHK2 (fee8d305-00c8-4b24-9150-97a1a558763a)
2019-06-19 01:19:40.489 22706 RALLYDEBUG rally_openstack.cleanup.manager [-] Deleting neutron.port object s_rally_ce70c35b_YxjL3wRH (ff6812bd-5cae-4917-aca9-f4be6cf6b967)
2019-06-19 01:19:42.994 22706 RALLYDEBUG rally_openstack.cleanup.manager [-] Cleaning up neutron subnet objects
2019-06-19 01:19:43.799 22706 RALLYDEBUG rally_openstack.cleanup.manager [-] Cleaning up neutron network objects
2019-06-19 01:19:44.586 22706 RALLYDEBUG rally_openstack.cleanup.manager [-] Deleting neutron.network object s_rally_ce70c35b_O1I9TxtL (0e889c4c-e118-441c-8fe8-9840875e5b9c)
2019-06-19 01:19:44.591 22706 RALLYDEBUG rally_openstack.cleanup.manager [-] Deleting neutron.network object s_rally_ce70c35b_NpTU76G5 (1859a146-2de1-44d4-9b93-cde02c6e485b)
2019-06-19 01:19:44.596 22706 RALLYDEBUG rally_openstack.cleanup.manager [-] Deleting neutron.network object s_rally_ce70c35b_JNStS8e5 (1cfc9dd5-5e41-4053-9b58-4f060a294ae4)
2019-06-19 01:19:44.603 22706 RALLYDEBUG rally_openstack.cleanup.manager [-] Deleting neutron.network object s_rally_ce70c35b_pNR4rbTH (27002bb4-ba43-4141-88d9-32fe92461a6f)
2019-06-19 01:19:44.614 22706 RALLYDEBUG rally_openstack.cleanup.manager [-] Deleting neutron.network object s_rally_ce70c35b_nGA0FOKX (34c78ced-2107-49f9-9b00-ab6443518263)
2019-06-19 01:19:44.617 22706 RALLYDEBUG rally_openstack.cleanup.manager [-] Deleting neutron.network object s_rally_ce70c35b_9BK5gZJy (2bc159a0-d3c2-45ab-959f-0f190803ed4d)
2019-06-19 01:19:44.623 22706 RALLYDEBUG rally_openstack.cleanup.manager [-] Deleting neutron.network object s_rally_ce70c35b_URLgL1rf (281d9e31-40b6-4b9b-819b-1863cfedafef)
2019-06-19 01:19:44.625 22706 RALLYDEBUG rally_openstack.cleanup.manager [-] Deleting neutron.network object s_rally_ce70c35b_7poa0ohw (2374bbb7-a2e6-427d-86d1-0320066ffbda)
2019-06-19 01:19:44.637 22706 RALLYDEBUG rally_openstack.cleanup.manager [-] Deleting neutron.network object s_rally_ce70c35b_NOWVKC6M (44fa39c3-fb98-4121-ab8d-6dae7be62d05)
2019-06-19 01:19:44.646 22706 RALLYDEBUG rally_openstack.cleanup.manager [-] Deleting neutron.network object s_rally_ce70c35b_eg7Xqn4D (3fa02bf8-60fe-466b-8bd8-5f82af8ee591)
2019-06-19 01:19:44.647 22706 RALLYDEBUG rally_openstack.cleanup.manager [-] Deleting neutron.network object s_rally_ce70c35b_THgkPM6l (49e0690f-c99f-43a5-bc0d-f7fa267d0387)
2019-06-19 01:19:44.648 22706 RALLYDEBUG rally_openstack.cleanup.manager [-] Deleting neutron.network object s_rally_ce70c35b_6ED1fkES (4d41b6c5-0340-4d30-bff1-c0d2ebaf594b)
2019-06-19 01:19:44.663 22706 RALLYDEBUG rally_openstack.cleanup.manager [-] Deleting neutron.network object s_rally_ce70c35b_sRNl3HAh (4e143bc3-3305-44c7-a2aa-e1aa54e472e8)
2019-06-19 01:19:44.677 22706 RALLYDEBUG rally_openstack.cleanup.manager [-] Deleting neutron.network object s_rally_ce70c35b_be994LUl (56a088c4-fd94-4d46-9b40-c09f609866b7)
2019-06-19 01:19:44.682 22706 RALLYDEBUG rally_openstack.cleanup.manager [-] Deleting neutron.network object s_rally_ce70c35b_Yit8Y0La (557bfe0d-5211-4c60-bedc-538890ba27ea)
2019-06-19 01:19:44.692 22706 RALLYDEBUG rally_openstack.cleanup.manager [-] Deleting neutron.network object s_rally_ce70c35b_E6wMJFCN (618b6f0f-0aa9-4d87-979b-71f500effd8c)
2019-06-19 01:19:44.715 22706 RALLYDEBUG rally_openstack.cleanup.manager [-] Deleting neutron.network object s_rally_ce70c35b_acrHsatO (63396dac-c0ed-47ac-b8c5-1c32d308a236)
2019-06-19 01:19:44.736 22706 RALLYDEBUG rally_openstack.cleanup.manager [-] Deleting neutron.network object s_rally_ce70c35b_p7snB5Jd (6421511b-66c8-4477-9118-00862d996e62)
2019-06-19 01:19:44.759 22706 RALLYDEBUG rally_openstack.cleanup.manager [-] Deleting neutron.network object s_rally_ce70c35b_rR2CCZ06 (76e004ce-056b-49ab-9c6f-43d3f7ce8640)
2019-06-19 01:19:44.762 22706 RALLYDEBUG rally_openstack.cleanup.manager [-] Deleting neutron.network object s_rally_ce70c35b_0HXFY4WA (79a60160-ffa1-4f05-8aca-afbb03ab5796)
2019-06-19 01:19:48.139 22706 RALLYDEBUG rally_openstack.cleanup.manager [-] Deleting neutron.network object s_rally_ce70c35b_mRDqWbtT (7d4893ac-cb62-4f95-b434-e527f784990a)
2019-06-19 01:19:48.146 22706 RALLYDEBUG rally_openstack.cleanup.manager [-] Deleting neutron.network object s_rally_ce70c35b_Nmjcpw9x (8daa91d8-9ca8-4573-baef-9f3f36b832f5)
2019-06-19 01:19:48.179 22706 RALLYDEBUG rally_openstack.cleanup.manager [-] Deleting neutron.network object s_rally_ce70c35b_TPVmhP1G (93f7a9a8-86a0-4325-9345-ede92b6798d9)
2019-06-19 01:19:48.395 22706 RALLYDEBUG rally_openstack.cleanup.manager [-] Deleting neutron.network object s_rally_ce70c35b_dKBYq1b8 (a9eb1b76-18cd-486e-918a-f241ae639a9e)
2019-06-19 01:19:48.555 22706 RALLYDEBUG rally_openstack.cleanup.manager [-] Deleting neutron.network object s_rally_ce70c35b_GxZHpVBu (aa924c45-2853-448c-8e2b-baa8ec7102bd)
2019-06-19 01:19:48.562 22706 RALLYDEBUG rally_openstack.cleanup.manager [-] Deleting neutron.network object s_rally_ce70c35b_uA5h6BWx (abc0aa82-da28-402b-a779-414292201dc7)
2019-06-19 01:19:48.601 22706 RALLYDEBUG rally_openstack.cleanup.manager [-] Deleting neutron.network object s_rally_ce70c35b_E5NjceEz (acfe2931-7ca1-4b79-8bd1-e8351b308442)
2019-06-19 01:19:48.613 22706 RALLYDEBUG rally_openstack.cleanup.manager [-] Deleting neutron.network object s_rally_ce70c35b_EIBttJec (b00a85c3-dafb-4579-8939-74f6e87504a0)
2019-06-19 01:19:48.634 22706 RALLYDEBUG rally_openstack.cleanup.manager [-] Deleting neutron.network object s_rally_ce70c35b_u9dTwArH (b10f609e-7a0d-4f6e-991a-727b241cfa81)
2019-06-19 01:19:48.643 22706 RALLYDEBUG rally_openstack.cleanup.manager [-] Deleting neutron.network object s_rally_ce70c35b_PDB8jTOz (be57b0dd-8e12-4986-8343-7cf00d6b1671)
2019-06-19 01:19:48.689 22706 RALLYDEBUG rally_openstack.cleanup.manager [-] Deleting neutron.network object s_rally_ce70c35b_qI1j5BDm (c19f1f37-7d4f-4244-8b00-6fbd7daf11e2)
2019-06-19 01:19:48.765 22706 RALLYDEBUG rally_openstack.cleanup.manager [-] Deleting neutron.network object s_rally_ce70c35b_OI4llzC4 (cc3398dc-07c6-4b04-93e2-fa515318e393)
2019-06-19 01:19:48.877 22706 RALLYDEBUG rally_openstack.cleanup.manager [-] Deleting neutron.network object s_rally_ce70c35b_7EjtHZC0 (cc573db3-03de-450e-8602-78aa7770c3c9)
2019-06-19 01:19:48.879 22706 RALLYDEBUG rally_openstack.cleanup.manager [-] Deleting neutron.network object s_rally_ce70c35b_x3X34E80 (ceb68ee3-8870-4a0e-8fa9-a98cc857b4f8)
2019-06-19 01:19:49.586 22706 RALLYDEBUG rally_openstack.cleanup.manager [-] Deleting neutron.network object s_rally_ce70c35b_P6nfMaIo (d0995336-de18-40eb-b368-96a67f38593b)
2019-06-19 01:19:49.587 22706 RALLYDEBUG rally_openstack.cleanup.manager [-] Deleting neutron.network object s_rally_ce70c35b_c1HnPXAB (d5c59d4f-50a0-4646-8acc-7deddadf509c)
2019-06-19 01:19:51.414 22706 RALLYDEBUG rally_openstack.cleanup.manager [-] Deleting neutron.network object s_rally_ce70c35b_CDlcQQil (d7281ff0-3415-4106-b580-c1eb32ba5399)
2019-06-19 01:19:51.539 22706 RALLYDEBUG rally_openstack.cleanup.manager [-] Deleting neutron.network object s_rally_ce70c35b_pwsNjLgu (d7de6c24-8a1d-438c-bd72-e062154154ed)
2019-06-19 01:19:51.796 22706 RALLYDEBUG rally_openstack.cleanup.manager [-] Deleting neutron.network object s_rally_ce70c35b_2Z0klaqy (d969a976-d027-4533-ae1e-d2d2e83624b3)
2019-06-19 01:19:51.932 22706 RALLYDEBUG rally_openstack.cleanup.manager [-] Deleting neutron.network object s_rally_ce70c35b_986Ui84p (e6e5dc5f-b089-4b9a-83ce-d2d9721a1d98)
2019-06-19 01:19:54.995 22706 RALLYDEBUG rally_openstack.cleanup.manager [-] Cleaning up neutron router objects
2019-06-19 01:19:55.949 22706 RALLYDEBUG rally_openstack.cleanup.manager [-] Cleaning up neutron security_group objects
2019-06-19 01:19:57.008 22706 INFO rally.task.context [-] Task a5502b91-4ce6-4252-a25a-111f8e69ddd2 | Context cleanup@openstack cleanup() finished in 47.52 sec
2019-06-19 01:19:57.009 22706 INFO rally.task.context [-] Task a5502b91-4ce6-4252-a25a-111f8e69ddd2 | Context quotas@openstack cleanup() started
2019-06-19 01:19:57.336 22706 INFO rally.task.context [-] Task a5502b91-4ce6-4252-a25a-111f8e69ddd2 | Context quotas@openstack cleanup() finished in 0.33 sec
2019-06-19 01:19:57.336 22706 INFO rally.task.context [-] Task a5502b91-4ce6-4252-a25a-111f8e69ddd2 | Context users@openstack cleanup() started
2019-06-19 01:20:02.763 22706 INFO rally.task.context [-] Task a5502b91-4ce6-4252-a25a-111f8e69ddd2 | Context users@openstack cleanup() finished in 5.43 sec
2019-06-19 01:20:03.172 22706 INFO rally.task.engine [-] Load duration is: 39.291358
2019-06-19 01:20:03.172 22706 INFO rally.task.engine [-] Full runner duration is: 39.344117
2019-06-19 01:20:03.173 22706 INFO rally.task.engine [-] Full duration is: 97.974491
2019-06-19 01:20:03.347 22706 INFO rally.task.engine [-] Running workload: position = 2 config = { "version": 2, "title": "A cropped version of a bigger task.", "description": "Auto-generated task from a single workload (uuid=ee031ebf-5cc8-404d-a34a-a776b1b8d7b4)", "subtasks": [ { "title": "NeutronNetworks.create_and_delete_ports", "description": "Create and delete a port.", "scenario": { "NeutronNetworks.create_and_delete_ports": { "network_create_args": {}, "port_create_args": {}, "ports_per_network": 5 } }, "contexts": { "users": { "tenants": 1, "users_per_tenant": 1 }, "quotas": { "neutron": { "network": -1, "port": -1 } } }, "runner": { "constant": { "times": 40, "concurrency": 20 } }, "hooks": [], "sla": { "failure_rate": { "max": 0 } } } ] }
2019-06-19 01:20:03.369 22706 RALLYDEBUG rally_openstack.contexts.keystone.users [-] Creating 1 tenants using 20 threads
2019-06-19 01:20:05.279 22706 RALLYDEBUG rally_openstack.contexts.keystone.users [-] Creating 1 users using 20 threads
2019-06-19 01:20:08.061 22706 INFO rally.task.context [-] Task a5502b91-4ce6-4252-a25a-111f8e69ddd2 | Context users@openstack setup() finished in 4.69 sec
2019-06-19 01:20:08.850 22706 INFO rally.task.context [-] Task a5502b91-4ce6-4252-a25a-111f8e69ddd2 | Context quotas@openstack setup() finished in 0.79 sec
2019-06-19 01:20:08.851 22706 INFO rally.task.context [-] Task a5502b91-4ce6-4252-a25a-111f8e69ddd2 | Context cleanup@openstack setup() finished in 0.01 msec
2019-06-19 01:20:08.858 22706 RALLYDEBUG rally.task.runner [-] Starting the constant runner (task UUID: a5502b91-4ce6-4252-a25a-111f8e69ddd2). timeout: 0 concurrency: 20 concurrency_per_worker: 1 times: 40 concurrency_overhead: 4 processes_to_start: 16 max_cpu_used: 16
2019-06-19 01:20:08.873 26952 RALLYDEBUG rally.task.runner [-] Starting a worker. concurrency: 2 args: {"network_create_args": {}, "port_create_args": {}, "ports_per_network": 5} times: 40 method_name: run timeout: 0 duration: None cls:
2019-06-19 01:20:08.876 26953 RALLYDEBUG rally.task.runner [-] Starting a worker. concurrency: 2 args: {"network_create_args": {}, "port_create_args": {}, "ports_per_network": 5} times: 40 method_name: run timeout: 0 duration: None cls:
2019-06-19 01:20:08.880 26954 RALLYDEBUG rally.task.runner [-] Starting a worker. concurrency: 2 args: {"network_create_args": {}, "port_create_args": {}, "ports_per_network": 5} times: 40 method_name: run timeout: 0 duration: None cls:
2019-06-19 01:20:08.881 26952 INFO rally.task.runner [-] Task a5502b91-4ce6-4252-a25a-111f8e69ddd2 | ITER: 1 START
2019-06-19 01:20:08.884 26952 WARNING rally_openstack.scenarios.neutron.utils [-] Running this scenario without either the 'network' or 'existing_network' context is deprecated
2019-06-19 01:20:08.884 26956 RALLYDEBUG rally.task.runner [-] Starting a worker. concurrency: 2 args: {"network_create_args": {}, "port_create_args": {}, "ports_per_network": 5} times: 40 method_name: run timeout: 0 duration: None cls:
2019-06-19 01:20:08.885 26953 INFO rally.task.runner [-] Task a5502b91-4ce6-4252-a25a-111f8e69ddd2 | ITER: 3 START
2019-06-19 01:20:08.886 26953 INFO rally.task.runner [-] Task a5502b91-4ce6-4252-a25a-111f8e69ddd2 | ITER: 4 START
2019-06-19 01:20:08.887 26954 INFO rally.task.runner [-] Task a5502b91-4ce6-4252-a25a-111f8e69ddd2 | ITER: 5 START
2019-06-19 01:20:08.887 26952 INFO rally.task.runner [-] Task a5502b91-4ce6-4252-a25a-111f8e69ddd2 | ITER: 2 START
2019-06-19 01:20:08.887 26953 WARNING rally_openstack.scenarios.neutron.utils [-] Running this scenario without either the 'network' or 'existing_network' context is deprecated
2019-06-19 01:20:08.889 26954 WARNING rally_openstack.scenarios.neutron.utils [-] Running this scenario without either the 'network' or 'existing_network' context is deprecated
2019-06-19 01:20:08.889 26960 RALLYDEBUG rally.task.runner [-] Starting a worker. concurrency: 1 args: {"network_create_args": {}, "port_create_args": {}, "ports_per_network": 5} times: 40 method_name: run timeout: 0 duration: None cls:
2019-06-19 01:20:08.894 26956 INFO rally.task.runner [-] Task a5502b91-4ce6-4252-a25a-111f8e69ddd2 | ITER: 7 START
2019-06-19 01:20:08.888 26952 WARNING rally_openstack.scenarios.neutron.utils [-] Running this scenario without either the 'network' or 'existing_network' context is deprecated
2019-06-19 01:20:08.895 26965 RALLYDEBUG rally.task.runner [-] Starting a worker. concurrency: 1 args: {"network_create_args": {}, "port_create_args": {}, "ports_per_network": 5} times: 40 method_name: run timeout: 0 duration: None cls:
2019-06-19 01:20:08.896 26960 INFO rally.task.runner [-] Task a5502b91-4ce6-4252-a25a-111f8e69ddd2 | ITER: 9 START
2019-06-19 01:20:08.888 26953 WARNING rally_openstack.scenarios.neutron.utils [-] Running this scenario without either the 'network' or 'existing_network' context is deprecated
2019-06-19 01:20:08.896 26956 WARNING rally_openstack.scenarios.neutron.utils [-] Running this scenario without either the 'network' or 'existing_network' context is deprecated
2019-06-19 01:20:08.898 26960 WARNING rally_openstack.scenarios.neutron.utils [-] Running this scenario without either the 'network' or 'existing_network' context is deprecated
2019-06-19 01:20:08.903 26965 INFO rally.task.runner [-] Task a5502b91-4ce6-4252-a25a-111f8e69ddd2 | ITER: 10 START
2019-06-19 01:20:08.902 26968 RALLYDEBUG rally.task.runner [-] Starting a worker. concurrency: 1 args: {"network_create_args": {}, "port_create_args": {}, "ports_per_network": 5} times: 40 method_name: run timeout: 0 duration: None cls:
2019-06-19 01:20:08.902 26970 RALLYDEBUG rally.task.runner [-] Starting a worker. concurrency: 1 args: {"network_create_args": {}, "port_create_args": {}, "ports_per_network": 5} times: 40 method_name: run timeout: 0 duration: None cls:
2019-06-19 01:20:08.903 26954 INFO rally.task.runner [-] Task a5502b91-4ce6-4252-a25a-111f8e69ddd2 | ITER: 6 START
2019-06-19 01:20:08.904 26954 WARNING rally_openstack.scenarios.neutron.utils [-] Running this scenario without either the 'network' or 'existing_network' context is deprecated
2019-06-19 01:20:08.904 26965 WARNING rally_openstack.scenarios.neutron.utils [-] Running this scenario without either the 'network' or 'existing_network' context is deprecated
2019-06-19 01:20:08.897 26956 INFO rally.task.runner [-] Task a5502b91-4ce6-4252-a25a-111f8e69ddd2 | ITER: 8 START
2019-06-19 01:20:08.905 26973 RALLYDEBUG rally.task.runner [-] Starting a worker. concurrency: 1 args: {"network_create_args": {}, "port_create_args": {}, "ports_per_network": 5} times: 40 method_name: run timeout: 0 duration: None cls:
2019-06-19 01:20:08.906 26956 WARNING rally_openstack.scenarios.neutron.utils [-] Running this scenario without either the 'network' or 'existing_network' context is deprecated
2019-06-19 01:20:08.906 26974 RALLYDEBUG rally.task.runner [-] Starting a worker. concurrency: 1 args: {"network_create_args": {}, "port_create_args": {}, "ports_per_network": 5} times: 40 method_name: run timeout: 0 duration: None cls:
2019-06-19 01:20:08.909 26970 INFO rally.task.runner [-] Task a5502b91-4ce6-4252-a25a-111f8e69ddd2 | ITER: 12 START
2019-06-19 01:20:08.910 26970 WARNING rally_openstack.scenarios.neutron.utils [-] Running this scenario without either the 'network' or 'existing_network' context is deprecated
2019-06-19 01:20:08.911 26968 INFO rally.task.runner [-] Task a5502b91-4ce6-4252-a25a-111f8e69ddd2 | ITER: 11 START
2019-06-19 01:20:08.912 26973 INFO rally.task.runner [-] Task a5502b91-4ce6-4252-a25a-111f8e69ddd2 | ITER: 13 START
2019-06-19 01:20:08.913 26968 WARNING rally_openstack.scenarios.neutron.utils [-] Running this scenario without either the 'network' or 'existing_network' context is deprecated
2019-06-19 01:20:08.913 26973 WARNING rally_openstack.scenarios.neutron.utils [-] Running this scenario without either the 'network' or 'existing_network' context is deprecated
2019-06-19 01:20:08.914 26978 RALLYDEBUG rally.task.runner [-] Starting a worker. concurrency: 1 args: {"network_create_args": {}, "port_create_args": {}, "ports_per_network": 5} times: 40 method_name: run timeout: 0 duration: None cls:
2019-06-19 01:20:08.919 26985 RALLYDEBUG rally.task.runner [-] Starting a worker. concurrency: 1 args: {"network_create_args": {}, "port_create_args": {}, "ports_per_network": 5} times: 40 method_name: run timeout: 0 duration: None cls:
2019-06-19 01:20:08.920 26974 INFO rally.task.runner [-] Task a5502b91-4ce6-4252-a25a-111f8e69ddd2 | ITER: 14 START
2019-06-19 01:20:08.922 26974 WARNING rally_openstack.scenarios.neutron.utils [-] Running this scenario without either the 'network' or 'existing_network' context is deprecated
2019-06-19 01:20:08.924 26978 INFO rally.task.runner [-] Task a5502b91-4ce6-4252-a25a-111f8e69ddd2 | ITER: 15 START
2019-06-19 01:20:08.926 26978 WARNING rally_openstack.scenarios.neutron.utils [-] Running this scenario without either the 'network' or 'existing_network' context is deprecated
2019-06-19 01:20:08.927 26988 RALLYDEBUG rally.task.runner [-] Starting a worker. concurrency: 1 args: {"network_create_args": {}, "port_create_args": {}, "ports_per_network": 5} times: 40 method_name: run timeout: 0 duration: None cls:
2019-06-19 01:20:08.929 26985 INFO rally.task.runner [-] Task a5502b91-4ce6-4252-a25a-111f8e69ddd2 | ITER: 16 START
2019-06-19 01:20:08.931 26985 WARNING rally_openstack.scenarios.neutron.utils [-] Running this scenario without either the 'network' or 'existing_network' context is deprecated
2019-06-19 01:20:08.936 26990 RALLYDEBUG rally.task.runner [-] Starting a worker. concurrency: 1 args: {"network_create_args": {}, "port_create_args": {}, "ports_per_network": 5} times: 40 method_name: run timeout: 0 duration: None cls:
2019-06-19 01:20:08.937 26995 RALLYDEBUG rally.task.runner [-] Starting a worker. concurrency: 1 args: {"network_create_args": {}, "port_create_args": {}, "ports_per_network": 5} times: 40 method_name: run timeout: 0 duration: None cls:
2019-06-19 01:20:08.939 26993 RALLYDEBUG rally.task.runner [-] Starting a worker. concurrency: 1 args: {"network_create_args": {}, "port_create_args": {}, "ports_per_network": 5} times: 40 method_name: run timeout: 0 duration: None cls:
2019-06-19 01:20:08.937 26988 INFO rally.task.runner [-] Task a5502b91-4ce6-4252-a25a-111f8e69ddd2 | ITER: 17 START
2019-06-19 01:20:08.942 26995 INFO rally.task.runner [-] Task a5502b91-4ce6-4252-a25a-111f8e69ddd2 | ITER: 19 START
2019-06-19 01:20:08.942 26988 WARNING rally_openstack.scenarios.neutron.utils [-] Running this scenario without either the 'network' or 'existing_network' context is deprecated
2019-06-19 01:20:08.942 26990 INFO rally.task.runner [-] Task a5502b91-4ce6-4252-a25a-111f8e69ddd2 | ITER: 18 START
2019-06-19 01:20:08.943 26995 WARNING rally_openstack.scenarios.neutron.utils [-] Running this scenario without either the 'network' or 'existing_network' context is deprecated
2019-06-19 01:20:08.943 26990 WARNING rally_openstack.scenarios.neutron.utils [-] Running this scenario without either the 'network' or 'existing_network' context is deprecated
2019-06-19 01:20:08.944 26993 INFO rally.task.runner [-] Task a5502b91-4ce6-4252-a25a-111f8e69ddd2 | ITER: 20 START
2019-06-19 01:20:08.945 26993 WARNING rally_openstack.scenarios.neutron.utils [-] Running this scenario without either the 'network' or 'existing_network' context is deprecated
2019-06-19 01:20:23.547 26953 INFO rally.task.runner [-] Task a5502b91-4ce6-4252-a25a-111f8e69ddd2 | ITER: 3 END: OK
2019-06-19 01:20:23.551 26953 INFO rally.task.runner [-] Task a5502b91-4ce6-4252-a25a-111f8e69ddd2 | ITER: 21 START
2019-06-19 01:20:23.552 26953 WARNING rally_openstack.scenarios.neutron.utils [-] Running this scenario without either the 'network' or 'existing_network' context is deprecated
2019-06-19 01:20:24.241 26954 INFO rally.task.runner [-] Task a5502b91-4ce6-4252-a25a-111f8e69ddd2 | ITER: 6 END: OK
2019-06-19 01:20:24.246 26954 INFO rally.task.runner [-] Task a5502b91-4ce6-4252-a25a-111f8e69ddd2 | ITER: 22 START
2019-06-19 01:20:24.247 26954 WARNING rally_openstack.scenarios.neutron.utils [-] Running this scenario without either the 'network' or 'existing_network' context is deprecated
2019-06-19 01:20:24.461 26990 INFO rally.task.runner [-] Task a5502b91-4ce6-4252-a25a-111f8e69ddd2 | ITER: 18 END: OK
2019-06-19 01:20:24.465 26990 INFO rally.task.runner [-] Task a5502b91-4ce6-4252-a25a-111f8e69ddd2 | ITER: 23 START
2019-06-19 01:20:24.466 26990 WARNING rally_openstack.scenarios.neutron.utils [-] Running this scenario without either the 'network' or 'existing_network' context is deprecated
2019-06-19 01:20:24.793 26995 INFO rally.task.runner [-] Task a5502b91-4ce6-4252-a25a-111f8e69ddd2 | ITER: 19 END: OK
2019-06-19 01:20:24.797 26995 INFO rally.task.runner [-] Task a5502b91-4ce6-4252-a25a-111f8e69ddd2 | ITER: 24 START
2019-06-19 01:20:24.798 26995 WARNING rally_openstack.scenarios.neutron.utils [-] Running this scenario without either the 'network' or 'existing_network' context is deprecated
2019-06-19 01:20:25.720 26978 INFO rally.task.runner [-] Task a5502b91-4ce6-4252-a25a-111f8e69ddd2 | ITER: 15 END: OK
2019-06-19 01:20:25.724 26978 INFO rally.task.runner [-] Task a5502b91-4ce6-4252-a25a-111f8e69ddd2 | ITER: 25 START
2019-06-19 01:20:25.726 26978 WARNING rally_openstack.scenarios.neutron.utils [-] Running this scenario without either the 'network' or 'existing_network' context is deprecated
2019-06-19 01:20:25.939 26993 INFO rally.task.runner [-] Task a5502b91-4ce6-4252-a25a-111f8e69ddd2 | ITER: 20 END: OK
2019-06-19 01:20:25.943 26993 INFO rally.task.runner [-] Task a5502b91-4ce6-4252-a25a-111f8e69ddd2 | ITER: 26 START
2019-06-19 01:20:25.944 26993 WARNING rally_openstack.scenarios.neutron.utils [-] Running this scenario without either the 'network' or 'existing_network' context is deprecated
2019-06-19 01:20:26.713 26954 INFO rally.task.runner [-] Task a5502b91-4ce6-4252-a25a-111f8e69ddd2 | ITER: 5 END: OK
2019-06-19 01:20:26.716 26954 INFO rally.task.runner [-] Task a5502b91-4ce6-4252-a25a-111f8e69ddd2 | ITER: 27 START
2019-06-19 01:20:26.717 26954 WARNING rally_openstack.scenarios.neutron.utils [-] Running this scenario without either the 'network' or 'existing_network' context is deprecated
2019-06-19 01:20:26.957 26953 INFO rally.task.runner [-] Task a5502b91-4ce6-4252-a25a-111f8e69ddd2 | ITER: 4 END: OK
2019-06-19 01:20:26.960 26953 INFO rally.task.runner [-] Task a5502b91-4ce6-4252-a25a-111f8e69ddd2 | ITER: 28 START
2019-06-19 01:20:26.961 26953 WARNING rally_openstack.scenarios.neutron.utils [-] Running this scenario without either the 'network' or 'existing_network' context is deprecated
2019-06-19 01:20:27.660 26952 INFO rally.task.runner [-] Task a5502b91-4ce6-4252-a25a-111f8e69ddd2 | ITER: 1 END: OK
2019-06-19 01:20:27.665 26952 INFO rally.task.runner [-] Task a5502b91-4ce6-4252-a25a-111f8e69ddd2 | ITER: 29 START
2019-06-19 01:20:27.665 26952 WARNING rally_openstack.scenarios.neutron.utils [-] Running this scenario without either the 'network' or 'existing_network' context is deprecated
2019-06-19 01:20:27.941 26960 INFO rally.task.runner [-] Task a5502b91-4ce6-4252-a25a-111f8e69ddd2 | ITER: 9 END: OK
2019-06-19 01:20:27.946 26960 INFO rally.task.runner [-] Task a5502b91-4ce6-4252-a25a-111f8e69ddd2 | ITER: 30 START
2019-06-19 01:20:27.947 26960 WARNING rally_openstack.scenarios.neutron.utils [-] Running this scenario without either the 'network' or 'existing_network' context is deprecated
2019-06-19 01:20:28.295 26956 INFO rally.task.runner [-] Task a5502b91-4ce6-4252-a25a-111f8e69ddd2 | ITER: 7 END: OK
2019-06-19 01:20:28.303 26956 INFO rally.task.runner [-] Task a5502b91-4ce6-4252-a25a-111f8e69ddd2 | ITER: 31 START
2019-06-19 01:20:28.304 26956 WARNING rally_openstack.scenarios.neutron.utils [-] Running this scenario without either the 'network' or 'existing_network' context is deprecated
2019-06-19 01:20:29.311 26952 INFO rally.task.runner [-] Task a5502b91-4ce6-4252-a25a-111f8e69ddd2 | ITER: 2 END: OK
2019-06-19 01:20:29.315 26952 INFO rally.task.runner [-] Task a5502b91-4ce6-4252-a25a-111f8e69ddd2 | ITER: 32 START
2019-06-19 01:20:29.315 26952 WARNING rally_openstack.scenarios.neutron.utils [-] Running this scenario without either the 'network' or 'existing_network' context is deprecated
2019-06-19 01:20:29.743 26988 INFO rally.task.runner [-] Task a5502b91-4ce6-4252-a25a-111f8e69ddd2 | ITER: 17 END: OK
2019-06-19 01:20:29.745 26988 INFO rally.task.runner [-] Task a5502b91-4ce6-4252-a25a-111f8e69ddd2 | ITER: 33 START
2019-06-19 01:20:29.746 26988 WARNING rally_openstack.scenarios.neutron.utils [-] Running this scenario without either the 'network' or 'existing_network' context is deprecated
2019-06-19 01:20:31.548 26968 INFO rally.task.runner [-] Task a5502b91-4ce6-4252-a25a-111f8e69ddd2 | ITER: 11 END: OK
2019-06-19 01:20:31.552 26968 INFO rally.task.runner [-] Task a5502b91-4ce6-4252-a25a-111f8e69ddd2 | ITER: 34 START
2019-06-19 01:20:31.553 26968 WARNING rally_openstack.scenarios.neutron.utils [-] Running this scenario without either the 'network' or 'existing_network' context is deprecated
2019-06-19 01:20:31.849 26956 INFO rally.task.runner [-] Task a5502b91-4ce6-4252-a25a-111f8e69ddd2 | ITER: 8 END: OK
2019-06-19 01:20:31.853 26956 INFO rally.task.runner [-] Task a5502b91-4ce6-4252-a25a-111f8e69ddd2 | ITER: 35 START
2019-06-19 01:20:31.853 26956 WARNING rally_openstack.scenarios.neutron.utils [-] Running this scenario without either the 'network' or 'existing_network' context is deprecated
2019-06-19 01:20:32.621 26970 INFO rally.task.runner [-] Task a5502b91-4ce6-4252-a25a-111f8e69ddd2 | ITER: 12 END: OK
2019-06-19 01:20:32.625 26970 INFO rally.task.runner [-] Task a5502b91-4ce6-4252-a25a-111f8e69ddd2 | ITER: 36 START
2019-06-19 01:20:32.626 26970 WARNING rally_openstack.scenarios.neutron.utils [-] Running this scenario without either the 'network' or 'existing_network' context is deprecated
2019-06-19 01:20:33.469 26973 INFO rally.task.runner [-] Task a5502b91-4ce6-4252-a25a-111f8e69ddd2 | ITER: 13 END: OK
2019-06-19 01:20:33.474 26973 INFO rally.task.runner [-] Task a5502b91-4ce6-4252-a25a-111f8e69ddd2 | ITER: 37 START
2019-06-19 01:20:33.474 26973 WARNING rally_openstack.scenarios.neutron.utils [-] Running this scenario without either the 'network' or 'existing_network' context is deprecated
2019-06-19 01:20:33.875 26965 INFO rally.task.runner [-] Task a5502b91-4ce6-4252-a25a-111f8e69ddd2 | ITER: 10 END: OK
2019-06-19 01:20:33.880 26965 INFO rally.task.runner [-] Task a5502b91-4ce6-4252-a25a-111f8e69ddd2 | ITER: 38 START
2019-06-19 01:20:33.880 26965 WARNING rally_openstack.scenarios.neutron.utils [-] Running this scenario without either the 'network' or 'existing_network' context is deprecated
2019-06-19 01:20:34.439 26974 INFO rally.task.runner [-] Task a5502b91-4ce6-4252-a25a-111f8e69ddd2 | ITER: 14 END: OK
2019-06-19 01:20:34.443 26974 INFO rally.task.runner [-] Task a5502b91-4ce6-4252-a25a-111f8e69ddd2 | ITER: 39 START
