2019-06-18 23:13:04.505 1842 DEBUG novaclient.v2.client [-] GET call to compute for http://172.30.9.26:8774/v2.1/os-keypairs used request id req-69dad4bf-7e0b-4e11-bda4-ab7509a68bd0 request /usr/lib/python2.7/site-packages/keystoneauth1/session.py:844
2019-06-18 23:13:04.940 1842 DEBUG novaclient.v2.client [-] REQ: curl -g -i -X GET http://172.30.9.26:8774/v2.1/os-keypairs -H "Accept: application/json" -H "User-Agent: python-novaclient" -H "X-Auth-Token: {SHA1}40a98d95194ae21ca36294f7a498bf1b77f3b1c9" _http_log_request /usr/lib/python2.7/site-packages/keystoneauth1/session.py:448
2019-06-18 23:13:05.242 1842 DEBUG novaclient.v2.client [-] RESP: [200] Content-Length: 16 Content-Type: application/json Date: Tue, 18 Jun 2019 23:13:04 GMT OpenStack-API-Version: compute 2.1 Server: Apache Vary: OpenStack-API-Version,X-OpenStack-Nova-API-Version X-OpenStack-Nova-API-Version: 2.1 x-compute-request-id: req-0d5beebf-6dcc-4c42-bcf3-46952315d6fb x-openstack-request-id: req-0d5beebf-6dcc-4c42-bcf3-46952315d6fb _http_log_response /usr/lib/python2.7/site-packages/keystoneauth1/session.py:479
2019-06-18 23:13:05.242 1842 DEBUG novaclient.v2.client [-] RESP BODY: {"keypairs": []} _http_log_response /usr/lib/python2.7/site-packages/keystoneauth1/session.py:511
2019-06-18 23:13:05.243 1842 DEBUG novaclient.v2.client [-] GET call to compute for http://172.30.9.26:8774/v2.1/os-keypairs used request id req-0d5beebf-6dcc-4c42-bcf3-46952315d6fb request /usr/lib/python2.7/site-packages/keystoneauth1/session.py:844
2019-06-18 23:13:05.670 1842 DEBUG novaclient.v2.client [-] REQ: curl -g -i -X GET http://172.30.9.26:8774/v2.1/os-keypairs -H "Accept: application/json" -H "User-Agent: python-novaclient" -H "X-Auth-Token: {SHA1}8c838c96e04533754436619879d1e71b866fcc68" _http_log_request /usr/lib/python2.7/site-packages/keystoneauth1/session.py:448
2019-06-18 23:13:05.965 1842 DEBUG novaclient.v2.client [-] RESP: [200] Content-Length: 16 Content-Type: application/json Date: Tue, 18 Jun 2019 23:13:05 GMT OpenStack-API-Version: compute 2.1 Server: Apache Vary: OpenStack-API-Version,X-OpenStack-Nova-API-Version X-OpenStack-Nova-API-Version: 2.1 x-compute-request-id: req-246a1b27-89d4-4c7b-92c7-650d3031b2f5 x-openstack-request-id: req-246a1b27-89d4-4c7b-92c7-650d3031b2f5 _http_log_response /usr/lib/python2.7/site-packages/keystoneauth1/session.py:479
2019-06-18 23:13:05.965 1842 DEBUG novaclient.v2.client [-] RESP BODY: {"keypairs": []} _http_log_response /usr/lib/python2.7/site-packages/keystoneauth1/session.py:511
2019-06-18 23:13:05.965 1842 DEBUG novaclient.v2.client [-] GET call to compute for http://172.30.9.26:8774/v2.1/os-keypairs used request id req-246a1b27-89d4-4c7b-92c7-650d3031b2f5 request /usr/lib/python2.7/site-packages/keystoneauth1/session.py:844
2019-06-18 23:13:05.973 1842 RALLYDEBUG rally_openstack.cleanup.manager [-] Cleaning up cinder backups objects
2019-06-18 23:13:08.158 1842 RALLYDEBUG rally_openstack.cleanup.manager [-] Cleaning up cinder volume_snapshots objects
2019-06-18 23:13:10.480 1842 RALLYDEBUG rally_openstack.cleanup.manager [-] Cleaning up cinder transfers objects
2019-06-18 23:13:12.583 1842 RALLYDEBUG rally_openstack.cleanup.manager [-] Cleaning up cinder volumes objects
2019-06-18 23:13:14.843 1842 INFO rally.task.context [-] Task 54f428db-4b39-4471-9cbe-a9e1802554e7 | Context cleanup@openstack cleanup() finished in 17.81 sec
2019-06-18 23:13:14.843 1842 INFO rally.task.context [-] Task 54f428db-4b39-4471-9cbe-a9e1802554e7 | Context quotas@openstack cleanup() started
2019-06-18 23:13:15.853 1842 INFO rally.task.context [-] Task 54f428db-4b39-4471-9cbe-a9e1802554e7 | Context quotas@openstack cleanup() finished in 1.01 sec
2019-06-18 23:13:15.854 1842 INFO rally.task.context [-] Task 54f428db-4b39-4471-9cbe-a9e1802554e7 | Context api_versions@openstack cleanup() started
2019-06-18 23:13:15.854 1842 INFO rally.task.context [-] Task 54f428db-4b39-4471-9cbe-a9e1802554e7 | Context api_versions@openstack cleanup() finished in 0.30 msec
2019-06-18 23:13:15.855 1842 INFO rally.task.context [-] Task 54f428db-4b39-4471-9cbe-a9e1802554e7 | Context users@openstack cleanup() started
2019-06-18 23:13:24.123 1842 INFO rally.task.context [-] Task 54f428db-4b39-4471-9cbe-a9e1802554e7 | Context users@openstack cleanup() finished in 8.27 sec
2019-06-18 23:13:24.548 1842 INFO rally.task.engine [-] Load duration is: 108.346281
2019-06-18 23:13:24.548 1842 INFO rally.task.engine [-] Full runner duration is: 109.396148
2019-06-18 23:13:24.548 1842 INFO rally.task.engine [-] Full duration is: 146.316971
2019-06-18 23:13:24.820 1842 INFO rally.task.engine [-] Running workload: position = 0 config = { "version": 2, "title": "A cropped version of a bigger task.", "description": "Auto-generated task from a single workload (uuid=761f83f9-5bb5-4936-9981-41e3bfd1f96e)", "subtasks": [ { "title": "CinderVolumes.create_and_list_snapshots", "description": "Create and then list a volume-snapshot.", "scenario": { "CinderVolumes.create_and_list_snapshots": { "detailed": true, "force": false } }, "contexts": { "users": { "tenants": 3, "users_per_tenant": 2 }, "quotas": { "cinder": { "gigabytes": -1, "snapshots": -1, "volumes": -1 } }, "api_versions": { "cinder": { "version": 3, "service_type": "volumev3" } }, "volumes": { "size": 1, "volumes_per_tenant": 1 } }, "runner": { "constant": { "concurrency": 4, "times": 10 } }, "hooks": [], "sla": { "failure_rate": { "max": 0 } } } ] }
2019-06-18 23:13:24.844 1842 RALLYDEBUG rally_openstack.contexts.keystone.users [-] Creating 3 tenants using 20 threads
2019-06-18 23:13:26.863 1842 RALLYDEBUG rally_openstack.contexts.keystone.users [-] Creating 6 users using 20 threads
2019-06-18 23:13:29.649 1842 INFO rally.task.context [-] Task 54f428db-4b39-4471-9cbe-a9e1802554e7 | Context users@openstack setup() finished in 4.81 sec
2019-06-18 23:13:30.084 1842 INFO rally.task.context [-] Task 54f428db-4b39-4471-9cbe-a9e1802554e7 | Context api_versions@openstack setup() finished in 0.43 sec
2019-06-18 23:13:31.979 1842 INFO rally.task.context [-] Task 54f428db-4b39-4471-9cbe-a9e1802554e7 | Context quotas@openstack setup() finished in 1.89 sec
2019-06-18 23:13:43.523 1842 INFO rally.task.context [-] Task 54f428db-4b39-4471-9cbe-a9e1802554e7 | Context volumes@openstack setup() finished in 11.54 sec
2019-06-18 23:13:43.523 1842 INFO rally.task.context [-] Task 54f428db-4b39-4471-9cbe-a9e1802554e7 | Context cleanup@openstack setup() finished in 0.01 msec
2019-06-18 23:13:43.531 1842 RALLYDEBUG rally.task.runner [-] Starting the constant runner (task UUID: 54f428db-4b39-4471-9cbe-a9e1802554e7). timeout: 0 concurrency: 4 concurrency_per_worker: 1 times: 10 concurrency_overhead: 0 processes_to_start: 4 max_cpu_used: 16
2019-06-18 23:13:43.544 2210 RALLYDEBUG rally.task.runner [-] Starting a worker. concurrency: 1 args: {"detailed": true, "force": false} times: 10 method_name: run timeout: 0 duration: None cls:
2019-06-18 23:13:43.546 2211 RALLYDEBUG rally.task.runner [-] Starting a worker. concurrency: 1 args: {"detailed": true, "force": false} times: 10 method_name: run timeout: 0 duration: None cls:
2019-06-18 23:13:43.549 2212 RALLYDEBUG rally.task.runner [-] Starting a worker. concurrency: 1 args: {"detailed": true, "force": false} times: 10 method_name: run timeout: 0 duration: None cls:
2019-06-18 23:13:43.552 2210 INFO rally.task.runner [-] Task 54f428db-4b39-4471-9cbe-a9e1802554e7 | ITER: 1 START
2019-06-18 23:13:43.552 2213 RALLYDEBUG rally.task.runner [-] Starting a worker. concurrency: 1 args: {"detailed": true, "force": false} times: 10 method_name: run timeout: 0 duration: None cls:
2019-06-18 23:13:43.554 2211 INFO rally.task.runner [-] Task 54f428db-4b39-4471-9cbe-a9e1802554e7 | ITER: 2 START
2019-06-18 23:13:43.558 2212 INFO rally.task.runner [-] Task 54f428db-4b39-4471-9cbe-a9e1802554e7 | ITER: 3 START
2019-06-18 23:13:43.561 2213 INFO rally.task.runner [-] Task 54f428db-4b39-4471-9cbe-a9e1802554e7 | ITER: 4 START
2019-06-18 23:13:47.193 2211 RALLYDEBUG rally.task.utils [-] Waiting for resource s_rally_761f83f9_zCNLfc6j. Status changed: CREATING => AVAILABLE in 0.599773168564
2019-06-18 23:13:47.210 2210 RALLYDEBUG rally.task.utils [-] Waiting for resource s_rally_761f83f9_e2ArSre6. Status changed: CREATING => AVAILABLE in 0.646759986877
2019-06-18 23:13:47.436 2213 INFO rally.task.runner [-] Task 54f428db-4b39-4471-9cbe-a9e1802554e7 | ITER: 4 END: OK
2019-06-18 23:13:47.441 2213 INFO rally.task.runner [-] Task 54f428db-4b39-4471-9cbe-a9e1802554e7 | ITER: 5 START
2019-06-18 23:13:47.465 2212 INFO rally.task.runner [-] Task 54f428db-4b39-4471-9cbe-a9e1802554e7 | ITER: 3 END: OK
2019-06-18 23:13:47.470 2212 INFO rally.task.runner [-] Task 54f428db-4b39-4471-9cbe-a9e1802554e7 | ITER: 6 START
2019-06-18 23:13:47.513 2211 INFO rally.task.runner [-] Task 54f428db-4b39-4471-9cbe-a9e1802554e7 | ITER: 2 END: OK
2019-06-18 23:13:47.518 2211 INFO rally.task.runner [-] Task 54f428db-4b39-4471-9cbe-a9e1802554e7 | ITER: 7 START
2019-06-18 23:13:47.531 2210 INFO rally.task.runner [-] Task 54f428db-4b39-4471-9cbe-a9e1802554e7 | ITER: 1 END: OK
2019-06-18 23:13:47.536 2210 INFO rally.task.runner [-] Task 54f428db-4b39-4471-9cbe-a9e1802554e7 | ITER: 8 START
2019-06-18 23:13:51.149 2212 INFO rally.task.runner [-] Task 54f428db-4b39-4471-9cbe-a9e1802554e7 | ITER: 6 END: OK
2019-06-18 23:13:51.153 2212 INFO rally.task.runner [-] Task 54f428db-4b39-4471-9cbe-a9e1802554e7 | ITER: 9 START
2019-06-18 23:13:51.223 2213 INFO rally.task.runner [-] Task 54f428db-4b39-4471-9cbe-a9e1802554e7 | ITER: 5 END: OK
2019-06-18 23:13:51.228 2213 INFO rally.task.runner [-] Task 54f428db-4b39-4471-9cbe-a9e1802554e7 | ITER: 10 START
2019-06-18 23:13:51.254 2211 INFO rally.task.runner [-] Task 54f428db-4b39-4471-9cbe-a9e1802554e7 | ITER: 7 END: OK
2019-06-18 23:13:51.312 2210 INFO rally.task.runner [-] Task 54f428db-4b39-4471-9cbe-a9e1802554e7 | ITER: 8 END: OK
2019-06-18 23:13:54.955 2212 INFO rally.task.runner [-] Task 54f428db-4b39-4471-9cbe-a9e1802554e7 | ITER: 9 END: OK
2019-06-18 23:13:55.017 2213 INFO rally.task.runner [-] Task 54f428db-4b39-4471-9cbe-a9e1802554e7 | ITER: 10 END: OK
2019-06-18 23:13:55.037 1842 INFO rally.task.context [-] Task 54f428db-4b39-4471-9cbe-a9e1802554e7 | Context cleanup@openstack cleanup() started
2019-06-18 23:13:55.040 1842 RALLYDEBUG rally_openstack.cleanup.manager [-] Cleaning up cinder backups objects
2019-06-18 23:13:57.309 1842 RALLYDEBUG rally_openstack.cleanup.manager [-] Cleaning up cinder volume_snapshots objects
2019-06-18 23:13:59.624 1842 RALLYDEBUG rally_openstack.cleanup.manager [-] Deleting cinder.volume_snapshots object s_rally_761f83f9_GsZB7pCK (bbfc7eec-2b90-4125-ac42-3e79836dd37a)
2019-06-18 23:13:59.625 1842 RALLYDEBUG rally_openstack.cleanup.manager [-] Deleting cinder.volume_snapshots object s_rally_761f83f9_zCNLfc6j (558b425f-ade6-4ccb-99d2-94b8e096193c)
2019-06-18 23:13:59.633 1842 RALLYDEBUG rally_openstack.cleanup.manager [-] Deleting cinder.volume_snapshots object s_rally_761f83f9_d8GWOFWb (87d53130-9b0b-44ae-a2aa-86f3cfa58a82)
2019-06-18 23:13:59.635 1842 RALLYDEBUG rally_openstack.cleanup.manager [-] Deleting cinder.volume_snapshots object s_rally_761f83f9_ZW6IrzZt (12afef92-a340-4552-87f7-f6f07acb056a)
2019-06-18 23:13:59.639 1842 RALLYDEBUG rally_openstack.cleanup.manager [-] Deleting cinder.volume_snapshots object s_rally_761f83f9_I4x1epy2 (cc731bf9-3894-40c1-b040-6f8b74037c98)
2019-06-18 23:13:59.642 1842 RALLYDEBUG rally_openstack.cleanup.manager [-] Deleting cinder.volume_snapshots object s_rally_761f83f9_s9Js3yLL (c66b25b2-1699-4d59-b9f3-ca9131a4a5f6)
2019-06-18 23:13:59.644 1842 RALLYDEBUG rally_openstack.cleanup.manager [-] Deleting cinder.volume_snapshots object s_rally_761f83f9_epjLZJYD (d2ff8cd8-9468-48e1-9eed-ac4ad6274876)
2019-06-18 23:13:59.648 1842 RALLYDEBUG rally_openstack.cleanup.manager [-] Deleting cinder.volume_snapshots object s_rally_761f83f9_NN47oNHW (cce93817-e908-49dd-aaeb-d73575090aaa)
2019-06-18 23:13:59.653 1842 RALLYDEBUG rally_openstack.cleanup.manager [-] Deleting cinder.volume_snapshots object s_rally_761f83f9_e2ArSre6 (6afe33c0-0ec3-4e6d-9ceb-e249d0331888)
2019-06-18 23:13:59.677 1842 RALLYDEBUG rally_openstack.cleanup.manager [-] Deleting cinder.volume_snapshots object s_rally_761f83f9_ddrLL5q5 (76c3c33e-ccc4-4a71-b9aa-651bad86fbc4)
2019-06-18 23:14:04.667 1842 RALLYDEBUG rally_openstack.cleanup.manager [-] Cleaning up cinder transfers objects
2019-06-18 23:14:06.788 1842 RALLYDEBUG rally_openstack.cleanup.manager [-] Cleaning up cinder volumes objects
2019-06-18 23:14:09.106 1842 INFO rally.task.context [-] Task 54f428db-4b39-4471-9cbe-a9e1802554e7 | Context cleanup@openstack cleanup() finished in 14.07 sec
2019-06-18 23:14:09.107 1842 INFO rally.task.context [-] Task 54f428db-4b39-4471-9cbe-a9e1802554e7 | Context volumes@openstack cleanup() started
2019-06-18 23:14:09.108 1842 RALLYDEBUG rally_openstack.cleanup.manager [-] Cleaning up cinder volumes objects
2019-06-18 23:14:11.439 1842 RALLYDEBUG rally_openstack.cleanup.manager [-] Deleting cinder.volumes object c_rally_761f83f9_pN6QOL5U (09ec81d4-fbab-4687-a9ef-a1f6dd936c54)
2019-06-18 23:14:11.439 1842 RALLYDEBUG rally_openstack.cleanup.manager [-] Deleting cinder.volumes object c_rally_761f83f9_82tUbR9i (2ab642eb-c6d4-4a3e-8a44-bb0de267ac5c)
2019-06-18 23:14:11.439 1842 RALLYDEBUG rally_openstack.cleanup.manager [-] Deleting cinder.volumes object c_rally_761f83f9_YyRtUihV (b1a86145-4633-41f9-abb1-e010030272f0)
2019-06-18 23:14:14.971 1842 INFO rally.task.context [-] Task 54f428db-4b39-4471-9cbe-a9e1802554e7 | Context volumes@openstack cleanup() finished in 5.86 sec
2019-06-18 23:14:14.972 1842 INFO rally.task.context [-] Task 54f428db-4b39-4471-9cbe-a9e1802554e7 | Context quotas@openstack cleanup() started
2019-06-18 23:14:15.775 1842 INFO rally.task.context [-] Task 54f428db-4b39-4471-9cbe-a9e1802554e7 | Context quotas@openstack cleanup() finished in 0.80 sec
2019-06-18 23:14:15.776 1842 INFO rally.task.context [-] Task 54f428db-4b39-4471-9cbe-a9e1802554e7 | Context api_versions@openstack cleanup() started
2019-06-18 23:14:15.776 1842 INFO rally.task.context [-] Task 54f428db-4b39-4471-9cbe-a9e1802554e7 | Context api_versions@openstack cleanup() finished in 0.30 msec
2019-06-18 23:14:15.776 1842 INFO rally.task.context [-] Task 54f428db-4b39-4471-9cbe-a9e1802554e7 | Context users@openstack cleanup() started
2019-06-18 23:14:24.524 1842 INFO rally.task.context [-] Task 54f428db-4b39-4471-9cbe-a9e1802554e7 | Context users@openstack cleanup() finished in 8.75 sec
2019-06-18 23:14:25.079 1842 INFO rally.task.engine [-] Load duration is: 11.462142
2019-06-18 23:14:25.079 1842 INFO rally.task.engine [-] Full runner duration is: 11.506998
2019-06-18 23:14:25.080 1842 INFO rally.task.engine [-] Full duration is: 59.683502
2019-06-18 23:14:25.280 1842 INFO rally.task.engine [-] Running workload: position = 0 config = { "version": 2, "title": "A cropped version of a bigger task.", "description": "Auto-generated task from a single workload (uuid=ce13dab2-ba07-433a-a4a6-efac4f249cf1)", "subtasks": [ { "title": "CinderVolumes.create_and_list_volume", "description": "Create a volume and list all volumes.", "scenario": { "CinderVolumes.create_and_list_volume": { "detailed": true, "image": { "name": "rally_full-img_b4ecc532-b35b-4222-b251-e18a3b09b7d1" }, "size": 1 } }, "contexts": { "users": { "tenants": 3, "users_per_tenant": 2 }, "quotas": { "cinder": { "gigabytes": -1, "snapshots": -1, "volumes": -1 } }, "api_versions": { "cinder": { "version": 3, "service_type": "volumev3" } } }, "runner": { "constant": { "concurrency": 4, "times": 10 } }, "hooks": [], "sla": { "failure_rate": { "max": 0 } } } ] }
2019-06-18 23:14:25.300 1842 RALLYDEBUG rally_openstack.contexts.keystone.users [-] Creating 3 tenants using 20 threads
2019-06-18 23:14:27.288 1842 RALLYDEBUG rally_openstack.contexts.keystone.users [-] Creating 6 users using 20 threads
2019-06-18 23:14:30.050 1842 INFO rally.task.context [-] Task 54f428db-4b39-4471-9cbe-a9e1802554e7 | Context users@openstack setup() finished in 4.75 sec
2019-06-18 23:14:30.493 1842 INFO rally.task.context [-] Task 54f428db-4b39-4471-9cbe-a9e1802554e7 | Context api_versions@openstack setup() finished in 0.44 sec
2019-06-18 23:14:32.197 1842 INFO rally.task.context [-] Task 54f428db-4b39-4471-9cbe-a9e1802554e7 | Context quotas@openstack setup() finished in 1.70 sec
2019-06-18 23:14:32.198 1842 INFO rally.task.context [-] Task 54f428db-4b39-4471-9cbe-a9e1802554e7 | Context cleanup@openstack setup() finished in 0.00 msec
2019-06-18 23:14:33.260 1842 RALLYDEBUG rally.task.runner [-] Starting the constant runner (task UUID: 54f428db-4b39-4471-9cbe-a9e1802554e7). timeout: 0 concurrency: 4 concurrency_per_worker: 1 times: 10 concurrency_overhead: 0 processes_to_start: 4 max_cpu_used: 16
2019-06-18 23:14:33.273 2414 RALLYDEBUG rally.task.runner [-] Starting a worker. concurrency: 1 args: {"detailed": true, "image": "6193d7c7-24ef-4d21-a8b4-edfc3356ec25", "size": 1} times: 10 method_name: run timeout: 0 duration: None cls:
2019-06-18 23:14:33.276 2415 RALLYDEBUG rally.task.runner [-] Starting a worker. concurrency: 1 args: {"detailed": true, "image": "6193d7c7-24ef-4d21-a8b4-edfc3356ec25", "size": 1} times: 10 method_name: run timeout: 0 duration: None cls:
2019-06-18 23:14:33.277 2416 RALLYDEBUG rally.task.runner [-] Starting a worker. concurrency: 1 args: {"detailed": true, "image": "6193d7c7-24ef-4d21-a8b4-edfc3356ec25", "size": 1} times: 10 method_name: run timeout: 0 duration: None cls:
2019-06-18 23:14:33.281 2417 RALLYDEBUG rally.task.runner [-] Starting a worker. concurrency: 1 args: {"detailed": true, "image": "6193d7c7-24ef-4d21-a8b4-edfc3356ec25", "size": 1} times: 10 method_name: run timeout: 0 duration: None cls:
2019-06-18 23:14:33.282 2414 INFO rally.task.runner [-] Task 54f428db-4b39-4471-9cbe-a9e1802554e7 | ITER: 1 START
2019-06-18 23:14:33.283 2416 INFO rally.task.runner [-] Task 54f428db-4b39-4471-9cbe-a9e1802554e7 | ITER: 3 START
2019-06-18 23:14:33.285 2415 INFO rally.task.runner [-] Task 54f428db-4b39-4471-9cbe-a9e1802554e7 | ITER: 2 START
2019-06-18 23:14:33.288 2417 INFO rally.task.runner [-] Task 54f428db-4b39-4471-9cbe-a9e1802554e7 | ITER: 4 START
2019-06-18 23:14:40.657 2416 RALLYDEBUG rally.task.utils [-] Waiting for resource s_rally_ce13dab2_kkFCdRUR. Status changed: CREATING => DOWNLOADING in 3.10978889465
2019-06-18 23:14:40.658 2414 RALLYDEBUG rally.task.utils [-] Waiting for resource s_rally_ce13dab2_0HNvm2ro. Status changed: CREATING => DOWNLOADING in 3.16360807419
2019-06-18 23:14:45.459 2417 RALLYDEBUG rally.task.utils [-] Waiting for resource s_rally_ce13dab2_myDVLUkl. Status changed: CREATING => DOWNLOADING in 7.60520100594
2019-06-18 23:14:45.778 2415 RALLYDEBUG rally.task.utils [-] Waiting for resource s_rally_ce13dab2_iQAtDhEo. Status changed: CREATING => DOWNLOADING in 7.76806497574
2019-06-18 23:14:52.010 2414 RALLYDEBUG rally.task.utils [-] Waiting for resource s_rally_ce13dab2_0HNvm2ro. Status changed: DOWNLOADING => AVAILABLE in 11.3517730236
2019-06-18 23:14:52.012 2416 RALLYDEBUG rally.task.utils [-] Waiting for resource s_rally_ce13dab2_kkFCdRUR. Status changed: DOWNLOADING => AVAILABLE in 11.3553190231
2019-06-18 23:14:52.345 2414 INFO rally.task.runner [-] Task 54f428db-4b39-4471-9cbe-a9e1802554e7 | ITER: 1 END: OK
2019-06-18 23:14:52.348 2414 INFO rally.task.runner [-] Task 54f428db-4b39-4471-9cbe-a9e1802554e7 | ITER: 5 START
2019-06-18 23:14:52.374 2416 INFO rally.task.runner [-] Task 54f428db-4b39-4471-9cbe-a9e1802554e7 | ITER: 3 END: OK
2019-06-18 23:14:52.379 2416 INFO rally.task.runner [-] Task 54f428db-4b39-4471-9cbe-a9e1802554e7 | ITER: 6 START
2019-06-18 23:14:52.486 2417 RALLYDEBUG rally.task.utils [-] Waiting for resource s_rally_ce13dab2_myDVLUkl. Status changed: DOWNLOADING => AVAILABLE in 7.02737903595
2019-06-18 23:14:52.843 2417 INFO rally.task.runner [-] Task 54f428db-4b39-4471-9cbe-a9e1802554e7 | ITER: 4 END: OK
2019-06-18 23:14:52.847 2417 INFO rally.task.runner [-] Task 54f428db-4b39-4471-9cbe-a9e1802554e7 | ITER: 7 START
2019-06-18 23:14:52.969 2415 RALLYDEBUG rally.task.utils [-] Waiting for resource s_rally_ce13dab2_iQAtDhEo. Status changed: DOWNLOADING => AVAILABLE in 7.19135594368
2019-06-18 23:14:53.229 2415 INFO rally.task.runner [-] Task 54f428db-4b39-4471-9cbe-a9e1802554e7 | ITER: 2 END: OK
2019-06-18 23:14:53.233 2415 INFO rally.task.runner [-] Task 54f428db-4b39-4471-9cbe-a9e1802554e7 | ITER: 8 START
2019-06-18 23:15:02.185 2416 RALLYDEBUG rally.task.utils [-] Waiting for resource s_rally_ce13dab2_i2Ma0N2M. Status changed: CREATING => DOWNLOADING in 5.27190589905
2019-06-18 23:15:02.209 2414 RALLYDEBUG rally.task.utils [-] Waiting for resource s_rally_ce13dab2_F4KIIlSR. Status changed: CREATING => DOWNLOADING in 5.07839107513
2019-06-18 23:15:07.096 2417 RALLYDEBUG rally.task.utils [-] Waiting for resource s_rally_ce13dab2_guULyvWQ. Status changed: CREATING => DOWNLOADING in 9.45232200623
2019-06-18 23:15:08.054 2415 RALLYDEBUG rally.task.utils [-] Waiting for resource s_rally_ce13dab2_QKMu4BPd. Status changed: CREATING => DOWNLOADING in 9.9452650547
2019-06-18 23:15:09.327 2416 RALLYDEBUG rally.task.utils [-] Waiting for resource s_rally_ce13dab2_i2Ma0N2M. Status changed: DOWNLOADING => AVAILABLE in 7.14186811447
2019-06-18 23:15:09.803 2416 INFO rally.task.runner [-] Task 54f428db-4b39-4471-9cbe-a9e1802554e7 | ITER: 6 END: OK
2019-06-18 23:15:09.813 2416 INFO rally.task.runner [-] Task 54f428db-4b39-4471-9cbe-a9e1802554e7 | ITER: 9 START
2019-06-18 23:15:11.599 2414 RALLYDEBUG rally.task.utils [-] Waiting for resource s_rally_ce13dab2_F4KIIlSR. Status changed: DOWNLOADING => AVAILABLE in 9.39027690887
2019-06-18 23:15:11.795 2417 RALLYDEBUG rally.task.utils [-] Waiting for resource s_rally_ce13dab2_guULyvWQ. Status changed: DOWNLOADING => AVAILABLE in 4.6986219883
2019-06-18 23:15:11.954 2414 INFO rally.task.runner [-] Task 54f428db-4b39-4471-9cbe-a9e1802554e7 | ITER: 5 END: OK
2019-06-18 23:15:11.959 2414 INFO rally.task.runner [-] Task 54f428db-4b39-4471-9cbe-a9e1802554e7 | ITER: 10 START
2019-06-18 23:15:12.128 2417 INFO rally.task.runner [-] Task 54f428db-4b39-4471-9cbe-a9e1802554e7 | ITER: 7 END: OK
2019-06-18 23:15:12.655 2415 RALLYDEBUG rally.task.utils [-] Waiting for resource s_rally_ce13dab2_QKMu4BPd. Status changed: DOWNLOADING => AVAILABLE in 4.60077095032
2019-06-18 23:15:12.751 2415 INFO rally.task.runner [-] Task 54f428db-4b39-4471-9cbe-a9e1802554e7 | ITER: 8 END: OK
2019-06-18 23:15:18.273 2416 RALLYDEBUG rally.task.utils [-] Waiting for resource s_rally_ce13dab2_sWpQdX5U. Status changed: CREATING => DOWNLOADING in 3.00608706474
2019-06-18 23:15:20.632 2416 RALLYDEBUG rally.task.utils [-] Waiting for resource s_rally_ce13dab2_sWpQdX5U. Status changed: DOWNLOADING => AVAILABLE in 2.35852599144
2019-06-18 23:15:20.968 2416 INFO rally.task.runner [-] Task 54f428db-4b39-4471-9cbe-a9e1802554e7 | ITER: 9 END: OK
2019-06-18 23:15:22.271 2414 RALLYDEBUG rally.task.utils [-] Waiting for resource s_rally_ce13dab2_NqNOhiyt. Status changed: CREATING => DOWNLOADING in 5.3992729187
2019-06-18 23:15:24.628 2414 RALLYDEBUG rally.task.utils [-] Waiting for resource s_rally_ce13dab2_NqNOhiyt. Status changed: DOWNLOADING => AVAILABLE in 2.3572280407
2019-06-18 23:15:25.022 2414 INFO rally.task.runner [-] Task 54f428db-4b39-4471-9cbe-a9e1802554e7 | ITER: 10 END: OK
2019-06-18 23:15:25.046 1842 INFO rally.task.context [-] Task 54f428db-4b39-4471-9cbe-a9e1802554e7 | Context cleanup@openstack cleanup() started
2019-06-18 23:15:25.048 1842 RALLYDEBUG rally_openstack.cleanup.manager [-] Cleaning up cinder backups objects
2019-06-18 23:15:27.288 1842 RALLYDEBUG rally_openstack.cleanup.manager [-] Cleaning up cinder volume_snapshots objects
2019-06-18 23:15:29.464 1842 RALLYDEBUG rally_openstack.cleanup.manager [-] Cleaning up cinder transfers objects
2019-06-18 23:15:31.676 1842 RALLYDEBUG rally_openstack.cleanup.manager [-] Cleaning up cinder volumes objects
2019-06-18 23:15:34.071 1842 RALLYDEBUG rally_openstack.cleanup.manager [-] Deleting cinder.volumes object s_rally_ce13dab2_0HNvm2ro (55e5fae9-a08b-49d8-a0d8-6d501696ce08)
2019-06-18 23:15:34.076 1842 RALLYDEBUG rally_openstack.cleanup.manager [-] Deleting cinder.volumes object s_rally_ce13dab2_NqNOhiyt (7976121d-0054-4bd7-984f-68ae87c84785)
2019-06-18 23:15:34.078 1842 RALLYDEBUG rally_openstack.cleanup.manager [-] Deleting cinder.volumes object s_rally_ce13dab2_QKMu4BPd (2d66899f-07b6-4e97-ae4e-8013404b4440)
2019-06-18 23:15:34.078 1842 RALLYDEBUG rally_openstack.cleanup.manager [-] Deleting cinder.volumes object s_rally_ce13dab2_myDVLUkl (9170728e-81c8-4e7b-a485-cda7c3d4aade)
2019-06-18 23:15:34.078 1842 RALLYDEBUG rally_openstack.cleanup.manager [-] Deleting cinder.volumes object s_rally_ce13dab2_kkFCdRUR (96018482-4645-4750-b1c3-39e30462e58d)
2019-06-18 23:15:34.082 1842 RALLYDEBUG rally_openstack.cleanup.manager [-] Deleting cinder.volumes object s_rally_ce13dab2_F4KIIlSR (fa3ec660-585a-4d01-9d28-5c42f647cec6)
2019-06-18 23:15:34.084 1842 RALLYDEBUG rally_openstack.cleanup.manager [-] Deleting cinder.volumes object s_rally_ce13dab2_sWpQdX5U (d8253039-5ace-4d95-b6bd-b0dff10457cf)
2019-06-18 23:15:34.085 1842 RALLYDEBUG rally_openstack.cleanup.manager [-] Deleting cinder.volumes object s_rally_ce13dab2_i2Ma0N2M (328d55ca-1825-4e06-b727-7b3b812d2414)
2019-06-18 23:15:34.089 1842 RALLYDEBUG rally_openstack.cleanup.manager [-] Deleting cinder.volumes object s_rally_ce13dab2_guULyvWQ (8f282a0a-5900-4995-abbe-ad11e96d5993)
2019-06-18 23:15:34.088 1842 RALLYDEBUG rally_openstack.cleanup.manager [-] Deleting cinder.volumes object s_rally_ce13dab2_iQAtDhEo (c1da08ee-820a-4c8a-994e-9968d0184344)
2019-06-18 23:15:39.178 1842 INFO rally.task.context [-] Task 54f428db-4b39-4471-9cbe-a9e1802554e7 | Context cleanup@openstack cleanup() finished in 14.13 sec
2019-06-18 23:15:39.179 1842 INFO rally.task.context [-] Task 54f428db-4b39-4471-9cbe-a9e1802554e7 | Context quotas@openstack cleanup() started
2019-06-18 23:15:40.154 1842 INFO rally.task.context [-] Task 54f428db-4b39-4471-9cbe-a9e1802554e7 | Context quotas@openstack cleanup() finished in 0.97 sec
2019-06-18 23:15:40.154 1842 INFO rally.task.context [-] Task 54f428db-4b39-4471-9cbe-a9e1802554e7 | Context api_versions@openstack cleanup() started
2019-06-18 23:15:40.154 1842 INFO rally.task.context [-] Task 54f428db-4b39-4471-9cbe-a9e1802554e7 | Context api_versions@openstack cleanup() finished in 0.24 msec
2019-06-18 23:15:40.154 1842 INFO rally.task.context [-] Task 54f428db-4b39-4471-9cbe-a9e1802554e7 | Context users@openstack cleanup() started
2019-06-18 23:15:48.363 1842 INFO rally.task.context [-] Task 54f428db-4b39-4471-9cbe-a9e1802554e7 | Context users@openstack cleanup() finished in 8.21 sec
2019-06-18 23:15:49.649 1842 INFO rally.task.engine [-] Load duration is: 51.734454
2019-06-18 23:15:49.649 1842 INFO rally.task.engine [-] Full runner duration is: 51.785878
2019-06-18 23:15:49.650 1842 INFO rally.task.engine [-] Full duration is: 83.068101
2019-06-18 23:15:49.814 1842 INFO rally.task.engine [-] Running workload: position = 1 config = { "version": 2, "title": "A cropped version of a bigger task.", "description": "Auto-generated task from a single workload (uuid=b2323538-c8f7-47df-b84f-6e4ddb43aed8)", "subtasks": [ { "title": "CinderVolumes.create_and_list_volume", "description": "Create a volume and list all volumes.", "scenario": { "CinderVolumes.create_and_list_volume": { "detailed": true, "size": 1 } }, "contexts": { "users": { "tenants": 3, "users_per_tenant": 2 }, "quotas": { "cinder": { "gigabytes": -1, "snapshots": -1, "volumes": -1 } }, "api_versions": { "cinder": { "version": 3, "service_type": "volumev3" } } }, "runner": { "constant": { "concurrency": 4, "times": 10 } }, "hooks": [], "sla": { "failure_rate": { "max": 0 } } } ] }
2019-06-18 23:15:49.836 1842 RALLYDEBUG rally_openstack.contexts.keystone.users [-] Creating 3 tenants using 20 threads
2019-06-18 23:15:51.675 1842 RALLYDEBUG rally_openstack.contexts.keystone.users [-] Creating 6 users using 20 threads
2019-06-18 23:15:54.459 1842 INFO rally.task.context [-] Task 54f428db-4b39-4471-9cbe-a9e1802554e7 | Context users@openstack setup() finished in 4.62 sec
2019-06-18 23:15:54.903 1842 INFO rally.task.context [-] Task 54f428db-4b39-4471-9cbe-a9e1802554e7 | Context api_versions@openstack setup() finished in 0.44 sec
2019-06-18 23:15:56.569 1842 INFO rally.task.context [-] Task 54f428db-4b39-4471-9cbe-a9e1802554e7 | Context quotas@openstack setup() finished in 1.67 sec
2019-06-18 23:15:56.570 1842 INFO rally.task.context [-] Task 54f428db-4b39-4471-9cbe-a9e1802554e7 | Context cleanup@openstack setup() finished in 0.01 msec
2019-06-18 23:15:56.577 1842 RALLYDEBUG rally.task.runner [-] Starting the constant runner (task UUID: 54f428db-4b39-4471-9cbe-a9e1802554e7). timeout: 0 concurrency: 4 concurrency_per_worker: 1 times: 10 concurrency_overhead: 0 processes_to_start: 4 max_cpu_used: 16
2019-06-18 23:15:56.590 2598 RALLYDEBUG rally.task.runner [-] Starting a worker. concurrency: 1 args: {"detailed": true, "size": 1} times: 10 method_name: run timeout: 0 duration: None cls:
2019-06-18 23:15:56.593 2599 RALLYDEBUG rally.task.runner [-] Starting a worker. concurrency: 1 args: {"detailed": true, "size": 1} times: 10 method_name: run timeout: 0 duration: None cls:
2019-06-18 23:15:56.596 2600 RALLYDEBUG rally.task.runner [-] Starting a worker. concurrency: 1 args: {"detailed": true, "size": 1} times: 10 method_name: run timeout: 0 duration: None cls:
2019-06-18 23:15:56.597 2598 INFO rally.task.runner [-] Task 54f428db-4b39-4471-9cbe-a9e1802554e7 | ITER: 1 START
2019-06-18 23:15:56.599 2601 RALLYDEBUG rally.task.runner [-] Starting a worker. concurrency: 1 args: {"detailed": true, "size": 1} times: 10 method_name: run timeout: 0 duration: None cls:
2019-06-18 23:15:56.601 2599 INFO rally.task.runner [-] Task 54f428db-4b39-4471-9cbe-a9e1802554e7 | ITER: 2 START
2019-06-18 23:15:56.604 2600 INFO rally.task.runner [-] Task 54f428db-4b39-4471-9cbe-a9e1802554e7 | ITER: 3 START
2019-06-18 23:15:56.606 2601 INFO rally.task.runner [-] Task 54f428db-4b39-4471-9cbe-a9e1802554e7 | ITER: 4 START
2019-06-18 23:16:00.614 2599 INFO rally.task.runner [-] Task 54f428db-4b39-4471-9cbe-a9e1802554e7 | ITER: 2 END: OK
2019-06-18 23:16:00.619 2599 INFO rally.task.runner [-] Task 54f428db-4b39-4471-9cbe-a9e1802554e7 | ITER: 5 START
2019-06-18 23:16:00.709 2601 INFO rally.task.runner [-] Task 54f428db-4b39-4471-9cbe-a9e1802554e7 | ITER: 4 END: OK
2019-06-18 23:16:00.715 2601 INFO rally.task.runner [-] Task 54f428db-4b39-4471-9cbe-a9e1802554e7 | ITER: 6 START
2019-06-18 23:16:00.754 2598 INFO rally.task.runner [-] Task 54f428db-4b39-4471-9cbe-a9e1802554e7 | ITER: 1 END: OK
2019-06-18 23:16:00.758 2598 INFO rally.task.runner [-] Task 54f428db-4b39-4471-9cbe-a9e1802554e7 | ITER: 7 START
2019-06-18 23:16:00.938 2600 INFO rally.task.runner [-] Task 54f428db-4b39-4471-9cbe-a9e1802554e7 | ITER: 3 END: OK
2019-06-18 23:16:00.943 2600 INFO rally.task.runner [-] Task 54f428db-4b39-4471-9cbe-a9e1802554e7 | ITER: 8 START
2019-06-18 23:16:04.557 2598 INFO rally.task.runner [-] Task 54f428db-4b39-4471-9cbe-a9e1802554e7 | ITER: 7 END: OK
2019-06-18 23:16:04.562 2598 INFO rally.task.runner [-] Task 54f428db-4b39-4471-9cbe-a9e1802554e7 | ITER: 9 START
2019-06-18 23:16:04.606 2599 INFO rally.task.runner [-] Task 54f428db-4b39-4471-9cbe-a9e1802554e7 | ITER: 5 END: OK
2019-06-18 23:16:04.611 2599 INFO rally.task.runner [-] Task 54f428db-4b39-4471-9cbe-a9e1802554e7 | ITER: 10 START
2019-06-18 23:16:04.760 2601 INFO rally.task.runner [-] Task 54f428db-4b39-4471-9cbe-a9e1802554e7 | ITER: 6 END: OK
2019-06-18 23:16:04.943 2600 INFO rally.task.runner [-] Task 54f428db-4b39-4471-9cbe-a9e1802554e7 | ITER: 8 END: OK
2019-06-18 23:16:08.469 2599 INFO rally.task.runner [-] Task 54f428db-4b39-4471-9cbe-a9e1802554e7 | ITER: 10 END: OK
2019-06-18 23:16:08.638 2598 INFO rally.task.runner [-] Task 54f428db-4b39-4471-9cbe-a9e1802554e7 | ITER: 9 END: OK
2019-06-18 23:16:08.667 1842 INFO rally.task.context [-] Task 54f428db-4b39-4471-9cbe-a9e1802554e7 | Context cleanup@openstack cleanup() started
2019-06-18 23:16:08.670 1842 RALLYDEBUG rally_openstack.cleanup.manager [-] Cleaning up cinder backups objects
2019-06-18 23:16:10.761 1842 RALLYDEBUG rally_openstack.cleanup.manager [-] Cleaning up cinder volume_snapshots objects
2019-06-18 23:16:12.911 1842 RALLYDEBUG rally_openstack.cleanup.manager [-] Cleaning up cinder transfers objects
2019-06-18 23:16:15.056 1842 RALLYDEBUG rally_openstack.cleanup.manager [-] Cleaning up cinder volumes objects
2019-06-18 23:16:17.428 1842 RALLYDEBUG rally_openstack.cleanup.manager [-] Deleting cinder.volumes object s_rally_b2323538_Vy0tHUIT (04ab84d9-0465-40c6-a998-46abfe18b9e5)
2019-06-18 23:16:17.429 1842 RALLYDEBUG rally_openstack.cleanup.manager [-] Deleting cinder.volumes object s_rally_b2323538_vepzv9dH (cc9f0052-5875-4bf7-a406-d7bb5689984b)
2019-06-18 23:16:17.429 1842 RALLYDEBUG rally_openstack.cleanup.manager [-] Deleting cinder.volumes object s_rally_b2323538_9OaTu6GV (62695b36-e64c-4525-a494-30de3cf28586)
2019-06-18 23:16:17.430 1842 RALLYDEBUG rally_openstack.cleanup.manager [-] Deleting cinder.volumes object s_rally_b2323538_KCqyoAg4 (18745a74-2ddc-4367-ab75-debc56e87da2)
2019-06-18 23:16:17.431 1842 RALLYDEBUG rally_openstack.cleanup.manager [-] Deleting cinder.volumes object s_rally_b2323538_hBO89tf8 (cc5630d0-e635-4cd3-a04d-c16a27e3f0fc)
2019-06-18 23:16:17.433 1842 RALLYDEBUG rally_openstack.cleanup.manager [-] Deleting cinder.volumes object s_rally_b2323538_nk1GUfh0 (0f3facd3-e34b-4e7b-ad4b-478aebdad809)
2019-06-18 23:16:17.438 1842 RALLYDEBUG rally_openstack.cleanup.manager [-] Deleting cinder.volumes object s_rally_b2323538_d5i0UY1v (d456fd3e-62c4-47dd-996b-44643857d31c)
2019-06-18 23:16:17.454 1842 RALLYDEBUG rally_openstack.cleanup.manager [-] Deleting cinder.volumes object s_rally_b2323538_GAyLsgZG (072e67fb-c718-4a6c-b3f7-326c4ce7b9dd)
2019-06-18 23:16:17.459 1842 RALLYDEBUG rally_openstack.cleanup.manager [-] Deleting cinder.volumes object s_rally_b2323538_18cES6lk (6c1d008d-77ba-42aa-b275-74c61c65d322)
2019-06-18 23:16:17.462 1842 RALLYDEBUG rally_openstack.cleanup.manager [-] Deleting cinder.volumes object s_rally_b2323538_3nPhVr9Y (dfa93c8a-b8d2-4bed-aef2-ec88730544b5)
2019-06-18 23:16:21.707 1842 INFO rally.task.context [-] Task 54f428db-4b39-4471-9cbe-a9e1802554e7 | Context cleanup@openstack cleanup() finished in 13.04 sec
2019-06-18 23:16:21.708 1842 INFO rally.task.context [-] Task 54f428db-4b39-4471-9cbe-a9e1802554e7 | Context quotas@openstack cleanup() started
2019-06-18 23:16:22.411 1842 INFO rally.task.context [-] Task 54f428db-4b39-4471-9cbe-a9e1802554e7 | Context quotas@openstack cleanup() finished in 0.70 sec
2019-06-18 23:16:22.412 1842 INFO rally.task.context [-] Task 54f428db-4b39-4471-9cbe-a9e1802554e7 | Context api_versions@openstack cleanup() started
2019-06-18 23:16:22.412 1842 INFO rally.task.context [-] Task 54f428db-4b39-4471-9cbe-a9e1802554e7 | Context api_versions@openstack cleanup() finished in 0.34 msec
2019-06-18 23:16:22.413 1842 INFO rally.task.context [-] Task 54f428db-4b39-4471-9cbe-a9e1802554e7 | Context users@openstack cleanup() started
2019-06-18 23:16:30.786 1842 INFO rally.task.context [-] Task 54f428db-4b39-4471-9cbe-a9e1802554e7 | Context users@openstack cleanup() finished in 8.37 sec
2019-06-18 23:16:32.017 1842 INFO rally.task.engine [-] Load duration is: 12.035334
2019-06-18 23:16:32.018 1842 INFO rally.task.engine [-] Full runner duration is: 12.090496
2019-06-18 23:16:32.018 1842 INFO rally.task.engine [-] Full duration is: 40.953182
2019-06-18 23:16:32.238 1842 INFO rally.task.engine [-] Running workload: position = 0 config = { "version": 2, "title": "A cropped version of a bigger task.", "description": "Auto-generated task from a single workload (uuid=2d995b01-703e-4e18-946f-ca51d46e1ffe)", "subtasks": [ { "title": "CinderVolumes.create_and_upload_volume_to_image", "description": "Create and upload a volume to image.", "scenario": { "CinderVolumes.create_and_upload_volume_to_image": { "container_format": "bare", "disk_format": "raw", "do_delete": true, "force": false, "size": 1 } }, "contexts": { "users": { "tenants": 3, "users_per_tenant": 2 }, "quotas": { "cinder": { "gigabytes": -1, "snapshots": -1, "volumes": -1 } }, "api_versions": { "cinder": { "version": 3, "service_type": "volumev3" } } }, "runner": { "constant": { "concurrency": 4, "times": 10 } }, "hooks": [], "sla": { "failure_rate": { "max": 0 } } } ] }
2019-06-18 23:16:32.262 1842 RALLYDEBUG rally_openstack.contexts.keystone.users [-] Creating 3 tenants using 20 threads
2019-06-18 23:16:34.115 1842 RALLYDEBUG rally_openstack.contexts.keystone.users [-] Creating 6 users using 20 threads
2019-06-18 23:16:36.918 1842 INFO rally.task.context [-] Task 54f428db-4b39-4471-9cbe-a9e1802554e7 | Context users@openstack setup() finished in 4.66 sec
2019-06-18 23:16:37.351 1842 INFO rally.task.context [-] Task 54f428db-4b39-4471-9cbe-a9e1802554e7 | Context api_versions@openstack setup() finished in 0.43 sec
2019-06-18 23:16:39.098 1842 INFO rally.task.context [-] Task 54f428db-4b39-4471-9cbe-a9e1802554e7 | Context quotas@openstack setup() finished in 1.75 sec
2019-06-18 23:16:39.098 1842 INFO rally.task.context [-] Task 54f428db-4b39-4471-9cbe-a9e1802554e7 | Context cleanup@openstack setup() finished in 0.00 msec
2019-06-18 23:16:39.105 1842 RALLYDEBUG rally.task.runner [-] Starting the constant runner (task UUID: 54f428db-4b39-4471-9cbe-a9e1802554e7). timeout: 0 concurrency: 4 concurrency_per_worker: 1 times: 10 concurrency_overhead: 0 processes_to_start: 4 max_cpu_used: 16
2019-06-18 23:16:39.119 2782 RALLYDEBUG rally.task.runner [-] Starting a worker. concurrency: 1 args: {"container_format": "bare", "disk_format": "raw", "do_delete": true, "force": false, "size": 1} times: 10 method_name: run timeout: 0 duration: None cls:
2019-06-18 23:16:39.121 2783 RALLYDEBUG rally.task.runner [-] Starting a worker. concurrency: 1 args: {"container_format": "bare", "disk_format": "raw", "do_delete": true, "force": false, "size": 1} times: 10 method_name: run timeout: 0 duration: None cls:
2019-06-18 23:16:39.124 2784 RALLYDEBUG rally.task.runner [-] Starting a worker. concurrency: 1 args: {"container_format": "bare", "disk_format": "raw", "do_delete": true, "force": false, "size": 1} times: 10 method_name: run timeout: 0 duration: None cls:
2019-06-18 23:16:39.127 2782 INFO rally.task.runner [-] Task 54f428db-4b39-4471-9cbe-a9e1802554e7 | ITER: 1 START
2019-06-18 23:16:39.127 2785 RALLYDEBUG rally.task.runner [-] Starting a worker. concurrency: 1 args: {"container_format": "bare", "disk_format": "raw", "do_delete": true, "force": false, "size": 1} times: 10 method_name: run timeout: 0 duration: None cls:
2019-06-18 23:16:39.129 2783 INFO rally.task.runner [-] Task 54f428db-4b39-4471-9cbe-a9e1802554e7 | ITER: 2 START
2019-06-18 23:16:39.133 2784 INFO rally.task.runner [-] Task 54f428db-4b39-4471-9cbe-a9e1802554e7 | ITER: 3 START
2019-06-18 23:16:39.135 2785 INFO rally.task.runner [-] Task 54f428db-4b39-4471-9cbe-a9e1802554e7 | ITER: 4 START
2019-06-18 23:16:44.300 2785 RALLYDEBUG rally.task.utils [-] Waiting for resource s_rally_2d995b01_YGiDHmBp. Status changed: AVAILABLE => UPLOADING in 0.236289978027
2019-06-18 23:16:44.849 2783 RALLYDEBUG rally.task.utils [-] Waiting for resource s_rally_2d995b01_XSdUTxfd. Status changed: AVAILABLE => UPLOADING in 0.355984926224
2019-06-18 23:16:44.996 2784 RALLYDEBUG rally.task.utils [-] Waiting for resource s_rally_2d995b01_waxJq07P. Status changed: AVAILABLE => UPLOADING in 0.317586898804
2019-06-18 23:16:45.004 2782 RALLYDEBUG rally.task.utils [-] Waiting for resource s_rally_2d995b01_E9kqUCFh. Status changed: AVAILABLE => UPLOADING in 0.342941045761
2019-06-18 23:17:34.879 2782 RALLYDEBUG rally.task.utils [-] Waiting for resource s_rally_2d995b01_E9kqUCFh. Status changed: UPLOADING => AVAILABLE in 49.8743078709
2019-06-18 23:17:34.974 2785 RALLYDEBUG rally.task.utils [-] Waiting for resource s_rally_2d995b01_YGiDHmBp. Status changed: UPLOADING => AVAILABLE in 50.6742360592
2019-06-18 23:17:35.520 2783 RALLYDEBUG rally.task.utils [-] Waiting for resource s_rally_2d995b01_XSdUTxfd. Status changed: UPLOADING => AVAILABLE in 50.6715350151
2019-06-18 23:17:35.681 2785 RALLYDEBUG rally.task.utils [-] Waiting for resource s_rally_2d995b01_YGiDHmBp. Status changed: AVAILABLE => DELETING in 0.0537338256836
2019-06-18 23:17:36.068 2782 RALLYDEBUG rally.task.utils [-] Waiting for resource s_rally_2d995b01_E9kqUCFh. Status changed: AVAILABLE => DELETING in 0.0776507854462
2019-06-18 23:17:36.486 2783 RALLYDEBUG rally.task.utils [-] Waiting for resource s_rally_2d995b01_XSdUTxfd. Status changed: AVAILABLE => DELETING in 0.0677289962769
2019-06-18 23:17:36.781 2784 RALLYDEBUG rally.task.utils [-] Waiting for resource s_rally_2d995b01_waxJq07P. Status changed: UPLOADING => AVAILABLE in 51.7851140499
2019-06-18 23:17:37.789 2784 RALLYDEBUG rally.task.utils [-] Waiting for resource s_rally_2d995b01_waxJq07P. Status changed: AVAILABLE => DELETING in 0.0562179088593
2019-06-18 23:17:38.199 2785 INFO rally.task.runner [-] Task 54f428db-4b39-4471-9cbe-a9e1802554e7 | ITER: 4 END: OK
2019-06-18 23:17:38.207 2785 INFO rally.task.runner [-] Task 54f428db-4b39-4471-9cbe-a9e1802554e7 | ITER: 5 START
2019-06-18 23:17:39.510 2782 INFO rally.task.runner [-] Task 54f428db-4b39-4471-9cbe-a9e1802554e7 | ITER: 1 END: OK
2019-06-18 23:17:39.518 2782 INFO rally.task.runner [-] Task 54f428db-4b39-4471-9cbe-a9e1802554e7 | ITER: 6 START
2019-06-18 23:17:39.574 2783 INFO rally.task.runner [-] Task 54f428db-4b39-4471-9cbe-a9e1802554e7 | ITER: 2 END: OK
2019-06-18 23:17:39.582 2783 INFO rally.task.runner [-] Task 54f428db-4b39-4471-9cbe-a9e1802554e7 | ITER: 7 START
2019-06-18 23:17:40.522 2784 INFO rally.task.runner [-] Task 54f428db-4b39-4471-9cbe-a9e1802554e7 | ITER: 3 END: OK
2019-06-18 23:17:40.529 2784 INFO rally.task.runner [-] Task 54f428db-4b39-4471-9cbe-a9e1802554e7 | ITER: 8 START
2019-06-18 23:17:44.171 2785 RALLYDEBUG rally.task.utils [-] Waiting for resource s_rally_2d995b01_UygWFewc. Status changed: AVAILABLE => UPLOADING in 0.358918190002
2019-06-18 23:17:44.937 2783 RALLYDEBUG rally.task.utils [-] Waiting for resource s_rally_2d995b01_TJNjTXhM. Status changed: AVAILABLE => UPLOADING in 0.329197883606
2019-06-18 23:17:45.159 2782 RALLYDEBUG rally.task.utils [-] Waiting for resource s_rally_2d995b01_soflCbTV. Status changed: AVAILABLE => UPLOADING in 0.349630117416
2019-06-18 23:17:46.254 2784 RALLYDEBUG rally.task.utils [-] Waiting for resource s_rally_2d995b01_UDhLRQJI. Status changed: AVAILABLE => UPLOADING in 0.258813858032
2019-06-18 23:18:34.162 2785 RALLYDEBUG rally.task.utils [-] Waiting for resource s_rally_2d995b01_UygWFewc. Status changed: UPLOADING => AVAILABLE in 49.9908678532
2019-06-18 23:18:34.724 2782 RALLYDEBUG rally.task.utils [-] Waiting for resource s_rally_2d995b01_soflCbTV. Status changed: UPLOADING => AVAILABLE in 49.5644519329
2019-06-18 23:18:35.314 2783 RALLYDEBUG rally.task.utils [-] Waiting for resource s_rally_2d995b01_TJNjTXhM. Status changed: UPLOADING => AVAILABLE in 50.3765850067
2019-06-18 23:18:36.132 2784 RALLYDEBUG rally.task.utils [-] Waiting for resource s_rally_2d995b01_UDhLRQJI. Status changed: UPLOADING => AVAILABLE in 49.877753973
2019-06-18 23:18:36.225 2783 RALLYDEBUG rally.task.utils [-] Waiting for resource s_rally_2d995b01_TJNjTXhM. Status changed: AVAILABLE => DELETING in 0.0720901489258
2019-06-18 23:18:36.607 2785 INFO rally.task.runner [-] Task 54f428db-4b39-4471-9cbe-a9e1802554e7 | ITER: 5 END: OK
2019-06-18 23:18:36.612 2785 INFO rally.task.runner [-] Task 54f428db-4b39-4471-9cbe-a9e1802554e7 | ITER: 9 START
2019-06-18 23:18:37.774 2782 INFO rally.task.runner [-] Task 54f428db-4b39-4471-9cbe-a9e1802554e7 | ITER: 6 END: OK
2019-06-18 23:18:37.779 2782 INFO rally.task.runner [-] Task 54f428db-4b39-4471-9cbe-a9e1802554e7 | ITER: 10 START
2019-06-18 23:18:37.785 2784 INFO rally.task.runner [-] Task 54f428db-4b39-4471-9cbe-a9e1802554e7 | ITER: 8 END: OK
2019-06-18 23:18:38.746 2783 INFO rally.task.runner [-] Task 54f428db-4b39-4471-9cbe-a9e1802554e7 | ITER: 7 END: OK
2019-06-18 23:18:42.232 2785 RALLYDEBUG rally.task.utils [-] Waiting for resource s_rally_2d995b01_tZT26VTn. Status changed: AVAILABLE => UPLOADING in 0.325360059738
2019-06-18 23:18:43.357 2782 RALLYDEBUG rally.task.utils [-] Waiting for resource s_rally_2d995b01_QVjKHh1a. Status changed: AVAILABLE => UPLOADING in 0.47199010849
2019-06-18 23:19:11.758 2785 RALLYDEBUG rally.task.utils [-] Waiting for resource s_rally_2d995b01_tZT26VTn. Status changed: UPLOADING => AVAILABLE in 29.5269048214
2019-06-18 23:19:12.945 2782 RALLYDEBUG rally.task.utils [-] Waiting for resource s_rally_2d995b01_QVjKHh1a. Status changed: UPLOADING => AVAILABLE in 29.5882120132
2019-06-18 23:19:14.918 2785 INFO rally.task.runner [-] Task 54f428db-4b39-4471-9cbe-a9e1802554e7 | ITER: 9 END: OK
2019-06-18 23:19:15.613 2782 INFO rally.task.runner [-] Task 54f428db-4b39-4471-9cbe-a9e1802554e7 | ITER: 10 END: OK
2019-06-18 23:19:15.643 1842 INFO rally.task.context [-] Task 54f428db-4b39-4471-9cbe-a9e1802554e7 | Context cleanup@openstack cleanup() started
2019-06-18 23:19:15.646 1842 RALLYDEBUG rally_openstack.cleanup.manager [-] Cleaning up cinder backups objects
2019-06-18 23:19:17.971 1842 RALLYDEBUG rally_openstack.cleanup.manager [-] Cleaning up cinder volume_snapshots objects
2019-06-18 23:19:20.173 1842 RALLYDEBUG rally_openstack.cleanup.manager [-] Cleaning up cinder transfers objects
2019-06-18 23:19:22.517 1842 RALLYDEBUG rally_openstack.cleanup.manager [-] Cleaning up cinder volumes objects
2019-06-18 23:19:24.948 1842 RALLYDEBUG rally_openstack.cleanup.manager [-] Cleaning up glance images objects
2019-06-18 23:19:28.316 1842 INFO rally.task.context [-] Task 54f428db-4b39-4471-9cbe-a9e1802554e7 | Context cleanup@openstack cleanup() finished in 12.67 sec
2019-06-18 23:19:28.316 1842 INFO rally.task.context [-] Task 54f428db-4b39-4471-9cbe-a9e1802554e7 | Context quotas@openstack cleanup() started
2019-06-18 23:19:29.269 1842 INFO rally.task.context [-] Task 54f428db-4b39-4471-9cbe-a9e1802554e7 | Context quotas@openstack cleanup() finished in 0.95 sec
2019-06-18 23:19:29.269 1842 INFO rally.task.context [-] Task 54f428db-4b39-4471-9cbe-a9e1802554e7 | Context api_versions@openstack cleanup() started
2019-06-18 23:19:29.270 1842 INFO rally.task.context [-] Task 54f428db-4b39-4471-9cbe-a9e1802554e7 | Context api_versions@openstack cleanup() finished in 0.33 msec
2019-06-18 23:19:29.270 1842 INFO rally.task.context [-] Task 54f428db-4b39-4471-9cbe-a9e1802554e7 | Context users@openstack cleanup() started
2019-06-18 23:19:38.066 1842 INFO rally.task.context [-] Task 54f428db-4b39-4471-9cbe-a9e1802554e7 | Context users@openstack cleanup() finished in 8.80 sec
2019-06-18 23:19:39.065 1842 INFO rally.task.engine [-] Load duration is: 155.612913
2019-06-18 23:19:39.065 1842 INFO rally.task.engine [-] Full runner duration is: 156.53738
2019-06-18 23:19:39.066 1842 INFO rally.task.engine [-] Full duration is: 185.806795
2019-06-18 23:19:39.295 1842 INFO rally.task.engine [-] Running workload: position = 0 config = { "version": 2, "title": "A cropped version of a bigger task.", "description": "Auto-generated task from a single workload (uuid=a17835ca-9e24-4654-984b-1b6131b82044)", "subtasks": [ { "title": "CinderVolumes.create_nested_snapshots_and_attach_volume", "description": "Create a volume from snapshot and attach/detach the volume", "scenario": { "CinderVolumes.create_nested_snapshots_and_attach_volume": { "flavor": { "name": "rally_full-flavor_b4ecc532-b35b-4222-b251-e18a3b09b7d1" }, "image": { "name": "rally_full-img_b4ecc532-b35b-4222-b251-e18a3b09b7d1" }, "nested_level": 1, "size": { "max": 1, "min": 1 }, "create_vm_params": { "nics": [ { "net-id": "b52b1647-44a6-41f5-ae8e-b0fb4d945fcd" } ] } } }, "contexts": { "users": { "tenants": 3, "users_per_tenant": 2 }, "quotas": { "cinder": { "gigabytes": -1, "snapshots": -1, "volumes": -1 } }, "api_versions": { "cinder": { "version": 3, "service_type": "volumev3" } } }, "runner": { "constant": { "concurrency": 4, "times": 10 } }, "hooks": [], "sla": { "failure_rate": { "max": 0 } } } ] }
2019-06-18 23:19:39.320 1842 RALLYDEBUG rally_openstack.contexts.keystone.users [-] Creating 3 tenants using 20 threads
2019-06-18 23:19:41.182 1842 RALLYDEBUG rally_openstack.contexts.keystone.users [-] Creating 6 users using 20 threads
2019-06-18 23:19:44.049 1842 INFO rally.task.context [-] Task 54f428db-4b39-4471-9cbe-a9e1802554e7 | Context users@openstack setup() finished in 4.73 sec
2019-06-18 23:19:44.478 1842 INFO rally.task.context [-] Task 54f428db-4b39-4471-9cbe-a9e1802554e7 | Context api_versions@openstack setup() finished in 0.43 sec
2019-06-18 23:19:46.195 1842 INFO rally.task.context [-] Task 54f428db-4b39-4471-9cbe-a9e1802554e7 | Context quotas@openstack setup() finished in 1.72 sec
2019-06-18 23:19:46.196 1842 INFO rally.task.context [-] Task 54f428db-4b39-4471-9cbe-a9e1802554e7 | Context cleanup@openstack setup() finished in 0.01 msec
2019-06-18 23:19:47.674 1842 DEBUG novaclient.v2.client [-] REQ: curl -g -i -X GET http://172.30.9.26:8774/v2.1/flavors/detail -H "Accept: application/json" -H "User-Agent: python-novaclient" -H "X-Auth-Token: {SHA1}c5ed296017cab02167302809a9a64efc4ee32d69" _http_log_request /usr/lib/python2.7/site-packages/keystoneauth1/session.py:448
