2019-06-18 23:07:17.156 725 DEBUG novaclient.v2.client [-] GET call to compute for http://172.30.9.26:8774/v2.1/os-keypairs used request id req-63439f00-ab1c-46c7-9e36-2df56883112e request /usr/lib/python2.7/site-packages/keystoneauth1/session.py:844
2019-06-18 23:07:17.163 725 RALLYDEBUG rally_openstack.cleanup.manager [-] Cleaning up glance images objects
2019-06-18 23:07:21.670 725 RALLYDEBUG rally_openstack.cleanup.manager [-] Deleting glance.images object s_rally_48b9518e_OZBaqc73 (058c636d-b52b-43ee-9955-c007fc322d30)
2019-06-18 23:07:21.677 725 RALLYDEBUG rally_openstack.cleanup.manager [-] Deleting glance.images object s_rally_48b9518e_Pzl9HbYk (43725c0e-1f8e-4b66-a140-3b99fe42872c)
2019-06-18 23:07:21.680 725 RALLYDEBUG rally_openstack.cleanup.manager [-] Deleting glance.images object s_rally_48b9518e_uaXsTkhC (7a647daf-6a91-4cb0-8a1d-2a96da3aa1d5)
2019-06-18 23:07:21.688 725 RALLYDEBUG rally_openstack.cleanup.manager [-] Deleting glance.images object s_rally_48b9518e_3Q1DEUra (2ee3237c-63ee-43de-a617-c46257f5fe21)
2019-06-18 23:07:21.699 725 RALLYDEBUG rally_openstack.cleanup.manager [-] Deleting glance.images object s_rally_48b9518e_PBySYb7X (34ce0023-54b3-4114-ab69-c771d8c7aa5c)
2019-06-18 23:07:21.704 725 RALLYDEBUG rally_openstack.cleanup.manager [-] Deleting glance.images object s_rally_48b9518e_UfKP3EsY (5b647d21-6694-4c75-bf1f-487f4dd53cdb)
2019-06-18 23:07:21.718 725 RALLYDEBUG rally_openstack.cleanup.manager [-] Deleting glance.images object s_rally_48b9518e_U9pny4um (28452877-c7bf-480e-b99b-395164d014e7)
2019-06-18 23:07:21.729 725 RALLYDEBUG rally_openstack.cleanup.manager [-] Deleting glance.images object s_rally_48b9518e_nzMy1Xey (d11722bc-53e4-47ac-acfa-c01d10474fba)
2019-06-18 23:07:21.734 725 RALLYDEBUG rally_openstack.cleanup.manager [-] Deleting glance.images object s_rally_48b9518e_Lj35EIiU (f2e1b233-b4de-4cd4-8b4b-7e1f180b5803)
2019-06-18 23:07:21.737 725 RALLYDEBUG rally_openstack.cleanup.manager [-] Deleting glance.images object s_rally_48b9518e_k96CEeLz (bcef0abd-95ce-4e10-8c2e-02c2a85bc82f)
2019-06-18 23:07:22.992 725 DEBUG glanceclient.common.http [-] Request returned failure status 404. _handle_response /usr/lib/python2.7/site-packages/glanceclient/common/http.py:125
2019-06-18 23:07:23.248 725 DEBUG glanceclient.common.http [-] Request returned failure status 404. _handle_response /usr/lib/python2.7/site-packages/glanceclient/common/http.py:125
2019-06-18 23:07:23.261 725 DEBUG glanceclient.common.http [-] Request returned failure status 404. _handle_response /usr/lib/python2.7/site-packages/glanceclient/common/http.py:125
2019-06-18 23:07:23.538 725 DEBUG glanceclient.common.http [-] Request returned failure status 404. _handle_response /usr/lib/python2.7/site-packages/glanceclient/common/http.py:125
2019-06-18 23:07:23.551 725 DEBUG glanceclient.common.http [-] Request returned failure status 404. _handle_response /usr/lib/python2.7/site-packages/glanceclient/common/http.py:125
2019-06-18 23:07:23.700 725 DEBUG glanceclient.common.http [-] Request returned failure status 404. _handle_response /usr/lib/python2.7/site-packages/glanceclient/common/http.py:125
2019-06-18 23:07:24.085 725 DEBUG glanceclient.common.http [-] Request returned failure status 404. _handle_response /usr/lib/python2.7/site-packages/glanceclient/common/http.py:125
2019-06-18 23:07:24.099 725 DEBUG glanceclient.common.http [-] Request returned failure status 404. _handle_response /usr/lib/python2.7/site-packages/glanceclient/common/http.py:125
2019-06-18 23:07:24.328 725 DEBUG glanceclient.common.http [-] Request returned failure status 404. _handle_response /usr/lib/python2.7/site-packages/glanceclient/common/http.py:125
2019-06-18 23:07:24.332 725 DEBUG glanceclient.common.http [-] Request returned failure status 404. _handle_response /usr/lib/python2.7/site-packages/glanceclient/common/http.py:125
2019-06-18 23:07:24.341 725 DEBUG glanceclient.common.http [-] Request returned failure status 404. _handle_response /usr/lib/python2.7/site-packages/glanceclient/common/http.py:125
2019-06-18 23:07:24.383 725 DEBUG glanceclient.common.http [-] Request returned failure status 404. _handle_response /usr/lib/python2.7/site-packages/glanceclient/common/http.py:125
2019-06-18 23:07:24.405 725 DEBUG glanceclient.common.http [-] Request returned failure status 404. _handle_response /usr/lib/python2.7/site-packages/glanceclient/common/http.py:125
2019-06-18 23:07:24.440 725 DEBUG glanceclient.common.http [-] Request returned failure status 404. _handle_response /usr/lib/python2.7/site-packages/glanceclient/common/http.py:125
2019-06-18 23:07:24.442 725 DEBUG glanceclient.common.http [-] Request returned failure status 404. _handle_response /usr/lib/python2.7/site-packages/glanceclient/common/http.py:125
2019-06-18 23:07:24.458 725 DEBUG glanceclient.common.http [-] Request returned failure status 404. _handle_response /usr/lib/python2.7/site-packages/glanceclient/common/http.py:125
2019-06-18 23:07:24.546 725 DEBUG glanceclient.common.http [-] Request returned failure status 404. _handle_response /usr/lib/python2.7/site-packages/glanceclient/common/http.py:125
2019-06-18 23:07:24.596 725 DEBUG glanceclient.common.http [-] Request returned failure status 404. _handle_response /usr/lib/python2.7/site-packages/glanceclient/common/http.py:125
2019-06-18 23:07:24.701 725 DEBUG glanceclient.common.http [-] Request returned failure status 404. _handle_response /usr/lib/python2.7/site-packages/glanceclient/common/http.py:125
2019-06-18 23:07:24.736 725 DEBUG glanceclient.common.http [-] Request returned failure status 404. _handle_response /usr/lib/python2.7/site-packages/glanceclient/common/http.py:125
2019-06-18 23:07:25.739 725 INFO rally.task.context [-] Task 21d2797e-b3dd-4ad4-bfdb-6b7bbfe0cebd | Context cleanup@openstack cleanup() finished in 34.53 sec
2019-06-18 23:07:25.739 725 INFO rally.task.context [-] Task 21d2797e-b3dd-4ad4-bfdb-6b7bbfe0cebd | Context quotas@openstack cleanup() started
2019-06-18 23:07:25.740 725 DEBUG novaclient.v2.client [-] REQ: curl -g -i -X DELETE http://172.30.9.26:8774/v2.1/os-quota-sets/2a12ea9184ae4f17988dc64e4ef1d5d4 -H "Accept: application/json" -H "User-Agent: python-novaclient" -H "X-Auth-Token: {SHA1}8ca3ffe3cdc1af29e2f5741f95787a5ee91dae35" _http_log_request /usr/lib/python2.7/site-packages/keystoneauth1/session.py:448
2019-06-18 23:07:25.774 725 DEBUG novaclient.v2.client [-] RESP: [202] Content-Length: 0 Content-Type: application/json Date: Tue, 18 Jun 2019 23:07:25 GMT OpenStack-API-Version: compute 2.1 Server: Apache Vary: OpenStack-API-Version,X-OpenStack-Nova-API-Version X-OpenStack-Nova-API-Version: 2.1 x-compute-request-id: req-500d4b7d-0de8-4b6c-a02d-6f476d755c1f x-openstack-request-id: req-500d4b7d-0de8-4b6c-a02d-6f476d755c1f _http_log_response /usr/lib/python2.7/site-packages/keystoneauth1/session.py:479
2019-06-18 23:07:25.774 725 DEBUG novaclient.v2.client [-] DELETE call to compute for http://172.30.9.26:8774/v2.1/os-quota-sets/2a12ea9184ae4f17988dc64e4ef1d5d4 used request id req-500d4b7d-0de8-4b6c-a02d-6f476d755c1f request /usr/lib/python2.7/site-packages/keystoneauth1/session.py:844
2019-06-18 23:07:25.775 725 DEBUG novaclient.v2.client [-] REQ: curl -g -i -X DELETE http://172.30.9.26:8774/v2.1/os-quota-sets/04cb1924374948f981fc9a6e7d4058de -H "Accept: application/json" -H "User-Agent: python-novaclient" -H "X-Auth-Token: {SHA1}8ca3ffe3cdc1af29e2f5741f95787a5ee91dae35" _http_log_request /usr/lib/python2.7/site-packages/keystoneauth1/session.py:448
2019-06-18 23:07:25.798 725 DEBUG novaclient.v2.client [-] RESP: [202] Content-Length: 0 Content-Type: application/json Date: Tue, 18 Jun 2019 23:07:25 GMT OpenStack-API-Version: compute 2.1 Server: Apache Vary: OpenStack-API-Version,X-OpenStack-Nova-API-Version X-OpenStack-Nova-API-Version: 2.1 x-compute-request-id: req-eb2bce48-49b4-4295-a064-7b5341684469 x-openstack-request-id: req-eb2bce48-49b4-4295-a064-7b5341684469 _http_log_response /usr/lib/python2.7/site-packages/keystoneauth1/session.py:479
2019-06-18 23:07:25.798 725 DEBUG novaclient.v2.client [-] DELETE call to compute for http://172.30.9.26:8774/v2.1/os-quota-sets/04cb1924374948f981fc9a6e7d4058de used request id req-eb2bce48-49b4-4295-a064-7b5341684469 request /usr/lib/python2.7/site-packages/keystoneauth1/session.py:844
2019-06-18 23:07:25.799 725 DEBUG novaclient.v2.client [-] REQ: curl -g -i -X DELETE http://172.30.9.26:8774/v2.1/os-quota-sets/be5e616c641f49d48f1ade10a2c44fb8 -H "Accept: application/json" -H "User-Agent: python-novaclient" -H "X-Auth-Token: {SHA1}8ca3ffe3cdc1af29e2f5741f95787a5ee91dae35" _http_log_request /usr/lib/python2.7/site-packages/keystoneauth1/session.py:448
2019-06-18 23:07:25.821 725 DEBUG novaclient.v2.client [-] RESP: [202] Content-Length: 0 Content-Type: application/json Date: Tue, 18 Jun 2019 23:07:25 GMT OpenStack-API-Version: compute 2.1 Server: Apache Vary: OpenStack-API-Version,X-OpenStack-Nova-API-Version X-OpenStack-Nova-API-Version: 2.1 x-compute-request-id: req-408c5b8b-5685-442d-a087-0e42fd0dc79c x-openstack-request-id: req-408c5b8b-5685-442d-a087-0e42fd0dc79c _http_log_response /usr/lib/python2.7/site-packages/keystoneauth1/session.py:479
2019-06-18 23:07:25.822 725 DEBUG novaclient.v2.client [-] DELETE call to compute for http://172.30.9.26:8774/v2.1/os-quota-sets/be5e616c641f49d48f1ade10a2c44fb8 used request id req-408c5b8b-5685-442d-a087-0e42fd0dc79c request /usr/lib/python2.7/site-packages/keystoneauth1/session.py:844
2019-06-18 23:07:25.822 725 INFO rally.task.context [-] Task 21d2797e-b3dd-4ad4-bfdb-6b7bbfe0cebd | Context quotas@openstack cleanup() finished in 83.12 msec
2019-06-18 23:07:25.823 725 INFO rally.task.context [-] Task 21d2797e-b3dd-4ad4-bfdb-6b7bbfe0cebd | Context users@openstack cleanup() started
2019-06-18 23:07:33.899 725 INFO rally.task.context [-] Task 21d2797e-b3dd-4ad4-bfdb-6b7bbfe0cebd | Context users@openstack cleanup() finished in 8.08 sec
2019-06-18 23:07:34.356 725 INFO rally.task.engine [-] Load duration is: 85.970569
2019-06-18 23:07:34.356 725 INFO rally.task.engine [-] Full runner duration is: 87.885405
2019-06-18 23:07:34.356 725 INFO rally.task.engine [-] Full duration is: 138.079004
2019-06-18 23:07:34.595 725 INFO rally.task.engine [-] Running workload: position = 0 config = { "version": 2, "title": "A cropped version of a bigger task.", "description": "Auto-generated task from a single workload (uuid=bdd112aa-18d8-4d51-9588-cc6c1d10f34a)", "subtasks": [ { "title": "GlanceImages.create_and_deactivate_image", "description": "Create an image, then deactivate it.", "scenario": { "GlanceImages.create_and_deactivate_image": { "container_format": "bare", "disk_format": "qcow2", "image_location": "/home/opnfv/functest/images/cirros-0.4.0-x86_64-disk.img" } }, "contexts": { "users": { "tenants": 3, "users_per_tenant": 2 } }, "runner": { "constant": { "concurrency": 4, "times": 10 } }, "hooks": [], "sla": { "failure_rate": { "max": 0 } } } ] }
2019-06-18 23:07:34.618 725 RALLYDEBUG rally_openstack.contexts.keystone.users [-] Creating 3 tenants using 20 threads
2019-06-18 23:07:36.591 725 RALLYDEBUG rally_openstack.contexts.keystone.users [-] Creating 6 users using 20 threads
2019-06-18 23:07:39.372 725 INFO rally.task.context [-] Task 21d2797e-b3dd-4ad4-bfdb-6b7bbfe0cebd | Context users@openstack setup() finished in 4.75 sec
2019-06-18 23:07:39.373 725 INFO rally.task.context [-] Task 21d2797e-b3dd-4ad4-bfdb-6b7bbfe0cebd | Context cleanup@openstack setup() finished in 0.00 msec
2019-06-18 23:07:39.379 725 RALLYDEBUG rally.task.runner [-] Starting the constant runner (task UUID: 21d2797e-b3dd-4ad4-bfdb-6b7bbfe0cebd). timeout: 0 concurrency: 4 concurrency_per_worker: 1 times: 10 concurrency_overhead: 0 processes_to_start: 4 max_cpu_used: 16
2019-06-18 23:07:39.391 1385 RALLYDEBUG rally.task.runner [-] Starting a worker. concurrency: 1 args: {"container_format": "bare", "disk_format": "qcow2", "image_location": "/home/opnfv/functest/images/cirros-0.4.0-x86_64-disk.img"} times: 10 method_name: run timeout: 0 duration: None cls:
2019-06-18 23:07:39.392 1386 RALLYDEBUG rally.task.runner [-] Starting a worker. concurrency: 1 args: {"container_format": "bare", "disk_format": "qcow2", "image_location": "/home/opnfv/functest/images/cirros-0.4.0-x86_64-disk.img"} times: 10 method_name: run timeout: 0 duration: None cls:
2019-06-18 23:07:39.397 1386 INFO rally.task.runner [-] Task 21d2797e-b3dd-4ad4-bfdb-6b7bbfe0cebd | ITER: 2 START
2019-06-18 23:07:39.397 1387 RALLYDEBUG rally.task.runner [-] Starting a worker. concurrency: 1 args: {"container_format": "bare", "disk_format": "qcow2", "image_location": "/home/opnfv/functest/images/cirros-0.4.0-x86_64-disk.img"} times: 10 method_name: run timeout: 0 duration: None cls:
2019-06-18 23:07:39.399 1385 INFO rally.task.runner [-] Task 21d2797e-b3dd-4ad4-bfdb-6b7bbfe0cebd | ITER: 1 START
2019-06-18 23:07:39.400 1388 RALLYDEBUG rally.task.runner [-] Starting a worker. concurrency: 1 args: {"container_format": "bare", "disk_format": "qcow2", "image_location": "/home/opnfv/functest/images/cirros-0.4.0-x86_64-disk.img"} times: 10 method_name: run timeout: 0 duration: None cls:
2019-06-18 23:07:39.403 1387 INFO rally.task.runner [-] Task 21d2797e-b3dd-4ad4-bfdb-6b7bbfe0cebd | ITER: 3 START
2019-06-18 23:07:39.408 1388 INFO rally.task.runner [-] Task 21d2797e-b3dd-4ad4-bfdb-6b7bbfe0cebd | ITER: 4 START
2019-06-18 23:07:43.259 1385 RALLYDEBUG rally.task.utils [-] Waiting for resource u'c579269f-6c2c-4d8e-8c3b-076233df6723'. Status changed: NONE => QUEUED in 0.303286075592
2019-06-18 23:07:43.327 1388 RALLYDEBUG rally.task.utils [-] Waiting for resource u'c6e9ae15-0a61-4c75-8fa0-11ce9d28cb58'. Status changed: NONE => QUEUED in 0.286197185516
2019-06-18 23:07:43.546 1387 RALLYDEBUG rally.task.utils [-] Waiting for resource u'c16f26f5-2f88-4aee-aa4e-14acc0e331b9'. Status changed: NONE => QUEUED in 0.60719704628
2019-06-18 23:07:43.846 1386 RALLYDEBUG rally.task.utils [-] Waiting for resource u'99b5f215-0452-4ca7-863f-8e098c95056a'. Status changed: NONE => QUEUED in 0.746757984161
2019-06-18 23:07:44.005 1388 RALLYDEBUG rally.task.utils [-] Waiting for resource s_rally_bdd112aa_dg74yL64. Status changed: QUEUED => ACTIVE in 0.0187830924988
2019-06-18 23:07:44.227 1387 RALLYDEBUG rally.task.utils [-] Waiting for resource s_rally_bdd112aa_K0sDd1La. Status changed: QUEUED => ACTIVE in 0.218080997467
2019-06-18 23:07:44.364 1388 INFO rally.task.runner [-] Task 21d2797e-b3dd-4ad4-bfdb-6b7bbfe0cebd | ITER: 4 END: OK
2019-06-18 23:07:44.367 1388 INFO rally.task.runner [-] Task 21d2797e-b3dd-4ad4-bfdb-6b7bbfe0cebd | ITER: 5 START
2019-06-18 23:07:44.590 1387 INFO rally.task.runner [-] Task 21d2797e-b3dd-4ad4-bfdb-6b7bbfe0cebd | ITER: 3 END: OK
2019-06-18 23:07:44.595 1387 INFO rally.task.runner [-] Task 21d2797e-b3dd-4ad4-bfdb-6b7bbfe0cebd | ITER: 6 START
2019-06-18 23:07:45.182 1386 RALLYDEBUG rally.task.utils [-] Waiting for resource s_rally_bdd112aa_LnZK4qZc. Status changed: QUEUED => ACTIVE in 0.0177750587463
2019-06-18 23:07:45.296 1386 INFO rally.task.runner [-] Task 21d2797e-b3dd-4ad4-bfdb-6b7bbfe0cebd | ITER: 2 END: OK
2019-06-18 23:07:45.300 1386 INFO rally.task.runner [-] Task 21d2797e-b3dd-4ad4-bfdb-6b7bbfe0cebd | ITER: 7 START
2019-06-18 23:07:45.853 1385 RALLYDEBUG rally.task.utils [-] Waiting for resource s_rally_bdd112aa_FCknfiX0. Status changed: QUEUED => ACTIVE in 0.706606864929
2019-06-18 23:07:46.225 1385 INFO rally.task.runner [-] Task 21d2797e-b3dd-4ad4-bfdb-6b7bbfe0cebd | ITER: 1 END: OK
2019-06-18 23:07:46.229 1385 INFO rally.task.runner [-] Task 21d2797e-b3dd-4ad4-bfdb-6b7bbfe0cebd | ITER: 8 START
2019-06-18 23:07:48.140 1388 RALLYDEBUG rally.task.utils [-] Waiting for resource u'b24087bf-174c-484d-88d2-9653477a1d84'. Status changed: NONE => QUEUED in 0.222851037979
2019-06-18 23:07:48.546 1387 RALLYDEBUG rally.task.utils [-] Waiting for resource u'5cf81757-35a9-4c5e-ac13-752ee71f7bf5'. Status changed: NONE => QUEUED in 0.608572006226
2019-06-18 23:07:48.762 1388 RALLYDEBUG rally.task.utils [-] Waiting for resource s_rally_bdd112aa_5x3r6Uma. Status changed: QUEUED => ACTIVE in 0.0183069705963
2019-06-18 23:07:49.173 1388 INFO rally.task.runner [-] Task 21d2797e-b3dd-4ad4-bfdb-6b7bbfe0cebd | ITER: 5 END: OK
2019-06-18 23:07:49.176 1388 INFO rally.task.runner [-] Task 21d2797e-b3dd-4ad4-bfdb-6b7bbfe0cebd | ITER: 9 START
2019-06-18 23:07:49.416 1386 RALLYDEBUG rally.task.utils [-] Waiting for resource u'9e31fc72-2ef9-4a73-97b2-5dfa69354e51'. Status changed: NONE => QUEUED in 0.610991001129
2019-06-18 23:07:50.073 1387 RALLYDEBUG rally.task.utils [-] Waiting for resource s_rally_bdd112aa_teYkWdef. Status changed: QUEUED => ACTIVE in 0.219171047211
2019-06-18 23:07:50.101 1385 RALLYDEBUG rally.task.utils [-] Waiting for resource u'baa2151c-0431-4943-8ac6-708c2223c896'. Status changed: NONE => QUEUED in 0.322813034058
2019-06-18 23:07:50.429 1387 INFO rally.task.runner [-] Task 21d2797e-b3dd-4ad4-bfdb-6b7bbfe0cebd | ITER: 6 END: OK
2019-06-18 23:07:50.432 1387 INFO rally.task.runner [-] Task 21d2797e-b3dd-4ad4-bfdb-6b7bbfe0cebd | ITER: 10 START
2019-06-18 23:07:51.394 1386 RALLYDEBUG rally.task.utils [-] Waiting for resource s_rally_bdd112aa_pjpbDkPq. Status changed: QUEUED => ACTIVE in 0.30788898468
2019-06-18 23:07:51.667 1386 INFO rally.task.runner [-] Task 21d2797e-b3dd-4ad4-bfdb-6b7bbfe0cebd | ITER: 7 END: OK
2019-06-18 23:07:52.080 1385 RALLYDEBUG rally.task.utils [-] Waiting for resource s_rally_bdd112aa_XsQjt4rg. Status changed: QUEUED => ACTIVE in 0.0224571228027
2019-06-18 23:07:52.147 1385 INFO rally.task.runner [-] Task 21d2797e-b3dd-4ad4-bfdb-6b7bbfe0cebd | ITER: 8 END: OK
2019-06-18 23:07:52.957 1388 RALLYDEBUG rally.task.utils [-] Waiting for resource u'7b1ea383-b221-4ebe-a548-0a62ae184e0b'. Status changed: NONE => QUEUED in 0.525892019272
2019-06-18 23:07:54.242 1388 RALLYDEBUG rally.task.utils [-] Waiting for resource s_rally_bdd112aa_t5Laxe4X. Status changed: QUEUED => ACTIVE in 0.0184350013733
2019-06-18 23:07:54.340 1387 RALLYDEBUG rally.task.utils [-] Waiting for resource u'1420d69e-5838-4947-a426-cfb41e1bea87'. Status changed: NONE => QUEUED in 0.368055105209
2019-06-18 23:07:54.623 1388 INFO rally.task.runner [-] Task 21d2797e-b3dd-4ad4-bfdb-6b7bbfe0cebd | ITER: 9 END: OK
2019-06-18 23:07:55.633 1387 RALLYDEBUG rally.task.utils [-] Waiting for resource s_rally_bdd112aa_37hDmpIT. Status changed: QUEUED => ACTIVE in 0.30064702034
2019-06-18 23:07:55.904 1387 INFO rally.task.runner [-] Task 21d2797e-b3dd-4ad4-bfdb-6b7bbfe0cebd | ITER: 10 END: OK
2019-06-18 23:07:55.932 725 INFO rally.task.context [-] Task 21d2797e-b3dd-4ad4-bfdb-6b7bbfe0cebd | Context cleanup@openstack cleanup() started
2019-06-18 23:07:55.935 725 RALLYDEBUG rally_openstack.cleanup.manager [-] Cleaning up glance images objects
2019-06-18 23:07:59.873 725 RALLYDEBUG rally_openstack.cleanup.manager [-] Deleting glance.images object s_rally_bdd112aa_LnZK4qZc (99b5f215-0452-4ca7-863f-8e098c95056a)
2019-06-18 23:07:59.874 725 RALLYDEBUG rally_openstack.cleanup.manager [-] Deleting glance.images object s_rally_bdd112aa_pjpbDkPq (9e31fc72-2ef9-4a73-97b2-5dfa69354e51)
2019-06-18 23:07:59.876 725 RALLYDEBUG rally_openstack.cleanup.manager [-] Deleting glance.images object s_rally_bdd112aa_5x3r6Uma (b24087bf-174c-484d-88d2-9653477a1d84)
2019-06-18 23:07:59.881 725 RALLYDEBUG rally_openstack.cleanup.manager [-] Deleting glance.images object s_rally_bdd112aa_t5Laxe4X (7b1ea383-b221-4ebe-a548-0a62ae184e0b)
2019-06-18 23:07:59.882 725 RALLYDEBUG rally_openstack.cleanup.manager [-] Deleting glance.images object s_rally_bdd112aa_XsQjt4rg (baa2151c-0431-4943-8ac6-708c2223c896)
2019-06-18 23:07:59.888 725 RALLYDEBUG rally_openstack.cleanup.manager [-] Deleting glance.images object s_rally_bdd112aa_teYkWdef (5cf81757-35a9-4c5e-ac13-752ee71f7bf5)
2019-06-18 23:07:59.895 725 RALLYDEBUG rally_openstack.cleanup.manager [-] Deleting glance.images object s_rally_bdd112aa_37hDmpIT (1420d69e-5838-4947-a426-cfb41e1bea87)
2019-06-18 23:07:59.900 725 RALLYDEBUG rally_openstack.cleanup.manager [-] Deleting glance.images object s_rally_bdd112aa_K0sDd1La (c16f26f5-2f88-4aee-aa4e-14acc0e331b9)
2019-06-18 23:07:59.909 725 RALLYDEBUG rally_openstack.cleanup.manager [-] Deleting glance.images object s_rally_bdd112aa_dg74yL64 (c6e9ae15-0a61-4c75-8fa0-11ce9d28cb58)
2019-06-18 23:07:59.920 725 RALLYDEBUG rally_openstack.cleanup.manager [-] Deleting glance.images object s_rally_bdd112aa_FCknfiX0 (c579269f-6c2c-4d8e-8c3b-076233df6723)
2019-06-18 23:08:02.343 725 DEBUG glanceclient.common.http [-] Request returned failure status 404. _handle_response /usr/lib/python2.7/site-packages/glanceclient/common/http.py:125
2019-06-18 23:08:02.359 725 DEBUG glanceclient.common.http [-] Request returned failure status 404. _handle_response /usr/lib/python2.7/site-packages/glanceclient/common/http.py:125
2019-06-18 23:08:02.571 725 DEBUG glanceclient.common.http [-] Request returned failure status 404. _handle_response /usr/lib/python2.7/site-packages/glanceclient/common/http.py:125
2019-06-18 23:08:02.581 725 DEBUG glanceclient.common.http [-] Request returned failure status 404. _handle_response /usr/lib/python2.7/site-packages/glanceclient/common/http.py:125
2019-06-18 23:08:02.594 725 DEBUG glanceclient.common.http [-] Request returned failure status 404. _handle_response /usr/lib/python2.7/site-packages/glanceclient/common/http.py:125
2019-06-18 23:08:02.597 725 DEBUG glanceclient.common.http [-] Request returned failure status 404. _handle_response /usr/lib/python2.7/site-packages/glanceclient/common/http.py:125
2019-06-18 23:08:02.610 725 DEBUG glanceclient.common.http [-] Request returned failure status 404. _handle_response /usr/lib/python2.7/site-packages/glanceclient/common/http.py:125
2019-06-18 23:08:02.645 725 DEBUG glanceclient.common.http [-] Request returned failure status 404. _handle_response /usr/lib/python2.7/site-packages/glanceclient/common/http.py:125
2019-06-18 23:08:02.782 725 DEBUG glanceclient.common.http [-] Request returned failure status 404. _handle_response /usr/lib/python2.7/site-packages/glanceclient/common/http.py:125
2019-06-18 23:08:02.951 725 DEBUG glanceclient.common.http [-] Request returned failure status 404. _handle_response /usr/lib/python2.7/site-packages/glanceclient/common/http.py:125
2019-06-18 23:08:03.307 725 DEBUG glanceclient.common.http [-] Request returned failure status 404. _handle_response /usr/lib/python2.7/site-packages/glanceclient/common/http.py:125
2019-06-18 23:08:03.530 725 DEBUG glanceclient.common.http [-] Request returned failure status 404. _handle_response /usr/lib/python2.7/site-packages/glanceclient/common/http.py:125
2019-06-18 23:08:03.606 725 DEBUG glanceclient.common.http [-] Request returned failure status 404. _handle_response /usr/lib/python2.7/site-packages/glanceclient/common/http.py:125
2019-06-18 23:08:03.836 725 DEBUG glanceclient.common.http [-] Request returned failure status 404. _handle_response /usr/lib/python2.7/site-packages/glanceclient/common/http.py:125
2019-06-18 23:08:04.416 725 DEBUG glanceclient.common.http [-] Request returned failure status 404. _handle_response /usr/lib/python2.7/site-packages/glanceclient/common/http.py:125
2019-06-18 23:08:04.462 725 DEBUG glanceclient.common.http [-] Request returned failure status 404. _handle_response /usr/lib/python2.7/site-packages/glanceclient/common/http.py:125
2019-06-18 23:08:04.645 725 DEBUG glanceclient.common.http [-] Request returned failure status 404. _handle_response /usr/lib/python2.7/site-packages/glanceclient/common/http.py:125
2019-06-18 23:08:04.658 725 DEBUG glanceclient.common.http [-] Request returned failure status 404. _handle_response /usr/lib/python2.7/site-packages/glanceclient/common/http.py:125
2019-06-18 23:08:04.671 725 DEBUG glanceclient.common.http [-] Request returned failure status 404. _handle_response /usr/lib/python2.7/site-packages/glanceclient/common/http.py:125
2019-06-18 23:08:05.152 725 DEBUG glanceclient.common.http [-] Request returned failure status 404. _handle_response /usr/lib/python2.7/site-packages/glanceclient/common/http.py:125
2019-06-18 23:08:06.154 725 INFO rally.task.context [-] Task 21d2797e-b3dd-4ad4-bfdb-6b7bbfe0cebd | Context cleanup@openstack cleanup() finished in 10.22 sec
2019-06-18 23:08:06.155 725 INFO rally.task.context [-] Task 21d2797e-b3dd-4ad4-bfdb-6b7bbfe0cebd | Context users@openstack cleanup() started
2019-06-18 23:08:14.289 725 INFO rally.task.context [-] Task 21d2797e-b3dd-4ad4-bfdb-6b7bbfe0cebd | Context users@openstack cleanup() finished in 8.13 sec
2019-06-18 23:08:14.798 725 INFO rally.task.engine [-] Load duration is: 15.629167
2019-06-18 23:08:14.798 725 INFO rally.task.engine [-] Full runner duration is: 16.553363
2019-06-18 23:08:14.798 725 INFO rally.task.engine [-] Full duration is: 39.67349
2019-06-18 23:08:15.021 725 INFO rally.task.engine [-] Running workload: position = 0 config = { "version": 2, "title": "A cropped version of a bigger task.", "description": "Auto-generated task from a single workload (uuid=c101d670-7168-4914-a986-b16c1470a4c8)", "subtasks": [ { "title": "GlanceImages.create_and_download_image", "description": "Create an image, then download data of the image.", "scenario": { "GlanceImages.create_and_download_image": { "container_format": "bare", "disk_format": "qcow2", "image_location": "/home/opnfv/functest/images/cirros-0.4.0-x86_64-disk.img" } }, "contexts": { "users": { "tenants": 3, "users_per_tenant": 2 } }, "runner": { "constant": { "concurrency": 4, "times": 10 } }, "hooks": [], "sla": { "failure_rate": { "max": 0 } } } ] }
2019-06-18 23:08:15.043 725 RALLYDEBUG rally_openstack.contexts.keystone.users [-] Creating 3 tenants using 20 threads
2019-06-18 23:08:16.909 725 RALLYDEBUG rally_openstack.contexts.keystone.users [-] Creating 6 users using 20 threads
2019-06-18 23:08:19.696 725 INFO rally.task.context [-] Task 21d2797e-b3dd-4ad4-bfdb-6b7bbfe0cebd | Context users@openstack setup() finished in 4.65 sec
2019-06-18 23:08:19.697 725 INFO rally.task.context [-] Task 21d2797e-b3dd-4ad4-bfdb-6b7bbfe0cebd | Context cleanup@openstack setup() finished in 0.01 msec
2019-06-18 23:08:19.705 725 RALLYDEBUG rally.task.runner [-] Starting the constant runner (task UUID: 21d2797e-b3dd-4ad4-bfdb-6b7bbfe0cebd). timeout: 0 concurrency: 4 concurrency_per_worker: 1 times: 10 concurrency_overhead: 0 processes_to_start: 4 max_cpu_used: 16
2019-06-18 23:08:19.718 1509 RALLYDEBUG rally.task.runner [-] Starting a worker. concurrency: 1 args: {"container_format": "bare", "disk_format": "qcow2", "image_location": "/home/opnfv/functest/images/cirros-0.4.0-x86_64-disk.img"} times: 10 method_name: run timeout: 0 duration: None cls:
2019-06-18 23:08:19.722 1510 RALLYDEBUG rally.task.runner [-] Starting a worker. concurrency: 1 args: {"container_format": "bare", "disk_format": "qcow2", "image_location": "/home/opnfv/functest/images/cirros-0.4.0-x86_64-disk.img"} times: 10 method_name: run timeout: 0 duration: None cls:
2019-06-18 23:08:19.724 1509 INFO rally.task.runner [-] Task 21d2797e-b3dd-4ad4-bfdb-6b7bbfe0cebd | ITER: 1 START
2019-06-18 23:08:19.724 1511 RALLYDEBUG rally.task.runner [-] Starting a worker. concurrency: 1 args: {"container_format": "bare", "disk_format": "qcow2", "image_location": "/home/opnfv/functest/images/cirros-0.4.0-x86_64-disk.img"} times: 10 method_name: run timeout: 0 duration: None cls:
2019-06-18 23:08:19.725 1512 RALLYDEBUG rally.task.runner [-] Starting a worker. concurrency: 1 args: {"container_format": "bare", "disk_format": "qcow2", "image_location": "/home/opnfv/functest/images/cirros-0.4.0-x86_64-disk.img"} times: 10 method_name: run timeout: 0 duration: None cls:
2019-06-18 23:08:19.729 1510 INFO rally.task.runner [-] Task 21d2797e-b3dd-4ad4-bfdb-6b7bbfe0cebd | ITER: 2 START
2019-06-18 23:08:19.729 1512 INFO rally.task.runner [-] Task 21d2797e-b3dd-4ad4-bfdb-6b7bbfe0cebd | ITER: 4 START
2019-06-18 23:08:19.730 1511 INFO rally.task.runner [-] Task 21d2797e-b3dd-4ad4-bfdb-6b7bbfe0cebd | ITER: 3 START
2019-06-18 23:08:23.289 1512 RALLYDEBUG rally.task.utils [-] Waiting for resource u'2e7f7bb5-0e1f-42fb-b178-75866a3aa304'. Status changed: NONE => QUEUED in 0.307873010635
2019-06-18 23:08:23.304 1510 RALLYDEBUG rally.task.utils [-] Waiting for resource u'264b18b9-6c8b-4f41-9fe4-5840dcfb22fc'. Status changed: NONE => QUEUED in 0.30226111412
2019-06-18 23:08:23.517 1509 RALLYDEBUG rally.task.utils [-] Waiting for resource u'90dc2f22-e4f1-4386-a1f8-4d24e4da1577'. Status changed: NONE => QUEUED in 0.220254898071
2019-06-18 23:08:23.750 1511 RALLYDEBUG rally.task.utils [-] Waiting for resource u'b26bdc38-b2ac-48d7-a082-a366fd76bfd8'. Status changed: NONE => QUEUED in 0.757386922836
2019-06-18 23:08:25.374 1510 RALLYDEBUG rally.task.utils [-] Waiting for resource s_rally_c101d670_iDV80WA1. Status changed: QUEUED => ACTIVE in 0.210828065872
2019-06-18 23:08:25.568 1510 INFO rally.task.runner [-] Task 21d2797e-b3dd-4ad4-bfdb-6b7bbfe0cebd | ITER: 2 END: OK
2019-06-18 23:08:25.571 1510 INFO rally.task.runner [-] Task 21d2797e-b3dd-4ad4-bfdb-6b7bbfe0cebd | ITER: 5 START
2019-06-18 23:08:25.830 1511 RALLYDEBUG rally.task.utils [-] Waiting for resource s_rally_c101d670_RESVSXOD. Status changed: QUEUED => ACTIVE in 0.649155855179
2019-06-18 23:08:26.302 1509 RALLYDEBUG rally.task.utils [-] Waiting for resource s_rally_c101d670_vhOSib7O. Status changed: QUEUED => ACTIVE in 0.0228819847107
2019-06-18 23:08:26.350 1511 INFO rally.task.runner [-] Task 21d2797e-b3dd-4ad4-bfdb-6b7bbfe0cebd | ITER: 3 END: OK
2019-06-18 23:08:26.355 1511 INFO rally.task.runner [-] Task 21d2797e-b3dd-4ad4-bfdb-6b7bbfe0cebd | ITER: 6 START
2019-06-18 23:08:26.585 1512 RALLYDEBUG rally.task.utils [-] Waiting for resource s_rally_c101d670_AEh8Hxv7. Status changed: QUEUED => ACTIVE in 0.344162225723
2019-06-18 23:08:26.728 1509 INFO rally.task.runner [-] Task 21d2797e-b3dd-4ad4-bfdb-6b7bbfe0cebd | ITER: 1 END: OK
2019-06-18 23:08:26.732 1509 INFO rally.task.runner [-] Task 21d2797e-b3dd-4ad4-bfdb-6b7bbfe0cebd | ITER: 7 START
2019-06-18 23:08:27.001 1512 INFO rally.task.runner [-] Task 21d2797e-b3dd-4ad4-bfdb-6b7bbfe0cebd | ITER: 4 END: OK
2019-06-18 23:08:27.005 1512 INFO rally.task.runner [-] Task 21d2797e-b3dd-4ad4-bfdb-6b7bbfe0cebd | ITER: 8 START
2019-06-18 23:08:29.350 1510 RALLYDEBUG rally.task.utils [-] Waiting for resource u'b474338f-9b2d-4143-9b9e-8e22374d4b89'. Status changed: NONE => QUEUED in 0.51858496666
2019-06-18 23:08:30.329 1509 RALLYDEBUG rally.task.utils [-] Waiting for resource u'ee955964-2551-4d43-b8f9-2b2810838231'. Status changed: NONE => QUEUED in 0.319612979889
2019-06-18 23:08:30.701 1510 RALLYDEBUG rally.task.utils [-] Waiting for resource s_rally_c101d670_YH6Xo2wA. Status changed: QUEUED => ACTIVE in 0.223427057266
2019-06-18 23:08:30.779 1512 RALLYDEBUG rally.task.utils [-] Waiting for resource u'0b856c1c-beaa-4896-9c17-a8453a2d9dfc'. Status changed: NONE => QUEUED in 0.22013092041
2019-06-18 23:08:30.949 1511 RALLYDEBUG rally.task.utils [-] Waiting for resource u'0214139a-76e3-45c3-89e0-52f618cdb9b8'. Status changed: NONE => QUEUED in 0.540023088455
2019-06-18 23:08:31.043 1510 INFO rally.task.runner [-] Task 21d2797e-b3dd-4ad4-bfdb-6b7bbfe0cebd | ITER: 5 END: OK
2019-06-18 23:08:31.046 1510 INFO rally.task.runner [-] Task 21d2797e-b3dd-4ad4-bfdb-6b7bbfe0cebd | ITER: 9 START
2019-06-18 23:08:31.813 1509 RALLYDEBUG rally.task.utils [-] Waiting for resource s_rally_c101d670_qNF8YC1d. Status changed: QUEUED => ACTIVE in 0.239135026932
2019-06-18 23:08:31.886 1511 RALLYDEBUG rally.task.utils [-] Waiting for resource s_rally_c101d670_nUbL606j. Status changed: QUEUED => ACTIVE in 0.317776203156
2019-06-18 23:08:32.372 1511 INFO rally.task.runner [-] Task 21d2797e-b3dd-4ad4-bfdb-6b7bbfe0cebd | ITER: 6 END: OK
2019-06-18 23:08:32.376 1511 INFO rally.task.runner [-] Task 21d2797e-b3dd-4ad4-bfdb-6b7bbfe0cebd | ITER: 10 START
2019-06-18 23:08:32.483 1509 INFO rally.task.runner [-] Task 21d2797e-b3dd-4ad4-bfdb-6b7bbfe0cebd | ITER: 7 END: OK
2019-06-18 23:08:32.995 1512 RALLYDEBUG rally.task.utils [-] Waiting for resource s_rally_c101d670_EvU6UIW0. Status changed: QUEUED => ACTIVE in 0.302196025848
2019-06-18 23:08:33.326 1512 INFO rally.task.runner [-] Task 21d2797e-b3dd-4ad4-bfdb-6b7bbfe0cebd | ITER: 8 END: OK
2019-06-18 23:08:34.946 1510 RALLYDEBUG rally.task.utils [-] Waiting for resource u'32c820a0-ce47-459d-867c-01afa19aab1c'. Status changed: NONE => QUEUED in 0.317591905594
2019-06-18 23:08:36.315 1510 RALLYDEBUG rally.task.utils [-] Waiting for resource s_rally_c101d670_u0Z3T6F1. Status changed: QUEUED => ACTIVE in 0.311799049377
2019-06-18 23:08:36.422 1511 RALLYDEBUG rally.task.utils [-] Waiting for resource u'7d766dde-7286-4db9-9cc0-d20e1fa824ce'. Status changed: NONE => QUEUED in 0.542223930359
2019-06-18 23:08:36.996 1510 INFO rally.task.runner [-] Task 21d2797e-b3dd-4ad4-bfdb-6b7bbfe0cebd | ITER: 9 END: OK
2019-06-18 23:08:37.341 1511 RALLYDEBUG rally.task.utils [-] Waiting for resource s_rally_c101d670_PrpmLKkm. Status changed: QUEUED => ACTIVE in 0.308037996292
2019-06-18 23:08:37.886 1511 INFO rally.task.runner [-] Task 21d2797e-b3dd-4ad4-bfdb-6b7bbfe0cebd | ITER: 10 END: OK
2019-06-18 23:08:37.913 725 INFO rally.task.context [-] Task 21d2797e-b3dd-4ad4-bfdb-6b7bbfe0cebd | Context cleanup@openstack cleanup() started
2019-06-18 23:08:37.916 725 RALLYDEBUG rally_openstack.cleanup.manager [-] Cleaning up glance images objects
2019-06-18 23:08:41.875 725 RALLYDEBUG rally_openstack.cleanup.manager [-] Deleting glance.images object s_rally_c101d670_vhOSib7O (90dc2f22-e4f1-4386-a1f8-4d24e4da1577)
2019-06-18 23:08:41.877 725 RALLYDEBUG rally_openstack.cleanup.manager [-] Deleting glance.images object s_rally_c101d670_AEh8Hxv7 (2e7f7bb5-0e1f-42fb-b178-75866a3aa304)
2019-06-18 23:08:41.880 725 RALLYDEBUG rally_openstack.cleanup.manager [-] Deleting glance.images object s_rally_c101d670_PrpmLKkm (7d766dde-7286-4db9-9cc0-d20e1fa824ce)
2019-06-18 23:08:41.883 725 RALLYDEBUG rally_openstack.cleanup.manager [-] Deleting glance.images object s_rally_c101d670_u0Z3T6F1 (32c820a0-ce47-459d-867c-01afa19aab1c)
2019-06-18 23:08:41.887 725 RALLYDEBUG rally_openstack.cleanup.manager [-] Deleting glance.images object s_rally_c101d670_iDV80WA1 (264b18b9-6c8b-4f41-9fe4-5840dcfb22fc)
2019-06-18 23:08:41.897 725 RALLYDEBUG rally_openstack.cleanup.manager [-] Deleting glance.images object s_rally_c101d670_YH6Xo2wA (b474338f-9b2d-4143-9b9e-8e22374d4b89)
2019-06-18 23:08:41.898 725 RALLYDEBUG rally_openstack.cleanup.manager [-] Deleting glance.images object s_rally_c101d670_RESVSXOD (b26bdc38-b2ac-48d7-a082-a366fd76bfd8)
2019-06-18 23:08:41.901 725 RALLYDEBUG rally_openstack.cleanup.manager [-] Deleting glance.images object s_rally_c101d670_qNF8YC1d (ee955964-2551-4d43-b8f9-2b2810838231)
2019-06-18 23:08:41.906 725 RALLYDEBUG rally_openstack.cleanup.manager [-] Deleting glance.images object s_rally_c101d670_nUbL606j (0214139a-76e3-45c3-89e0-52f618cdb9b8)
2019-06-18 23:08:41.916 725 RALLYDEBUG rally_openstack.cleanup.manager [-] Deleting glance.images object s_rally_c101d670_EvU6UIW0 (0b856c1c-beaa-4896-9c17-a8453a2d9dfc)
2019-06-18 23:08:43.329 725 DEBUG glanceclient.common.http [-] Request returned failure status 404. _handle_response /usr/lib/python2.7/site-packages/glanceclient/common/http.py:125
2019-06-18 23:08:43.639 725 DEBUG glanceclient.common.http [-] Request returned failure status 404. _handle_response /usr/lib/python2.7/site-packages/glanceclient/common/http.py:125
2019-06-18 23:08:44.368 725 DEBUG glanceclient.common.http [-] Request returned failure status 404. _handle_response /usr/lib/python2.7/site-packages/glanceclient/common/http.py:125
2019-06-18 23:08:44.376 725 DEBUG glanceclient.common.http [-] Request returned failure status 404. _handle_response /usr/lib/python2.7/site-packages/glanceclient/common/http.py:125
2019-06-18 23:08:44.539 725 DEBUG glanceclient.common.http [-] Request returned failure status 404. _handle_response /usr/lib/python2.7/site-packages/glanceclient/common/http.py:125
2019-06-18 23:08:44.553 725 DEBUG glanceclient.common.http [-] Request returned failure status 404. _handle_response /usr/lib/python2.7/site-packages/glanceclient/common/http.py:125
2019-06-18 23:08:44.567 725 DEBUG glanceclient.common.http [-] Request returned failure status 404. _handle_response /usr/lib/python2.7/site-packages/glanceclient/common/http.py:125
2019-06-18 23:08:44.572 725 DEBUG glanceclient.common.http [-] Request returned failure status 404. _handle_response /usr/lib/python2.7/site-packages/glanceclient/common/http.py:125
2019-06-18 23:08:44.580 725 DEBUG glanceclient.common.http [-] Request returned failure status 404. _handle_response /usr/lib/python2.7/site-packages/glanceclient/common/http.py:125
2019-06-18 23:08:44.660 725 DEBUG glanceclient.common.http [-] Request returned failure status 404. _handle_response /usr/lib/python2.7/site-packages/glanceclient/common/http.py:125
2019-06-18 23:08:44.666 725 DEBUG glanceclient.common.http [-] Request returned failure status 404. _handle_response /usr/lib/python2.7/site-packages/glanceclient/common/http.py:125
2019-06-18 23:08:44.673 725 DEBUG glanceclient.common.http [-] Request returned failure status 404. _handle_response /usr/lib/python2.7/site-packages/glanceclient/common/http.py:125
2019-06-18 23:08:44.693 725 DEBUG glanceclient.common.http [-] Request returned failure status 404. _handle_response /usr/lib/python2.7/site-packages/glanceclient/common/http.py:125
2019-06-18 23:08:44.712 725 DEBUG glanceclient.common.http [-] Request returned failure status 404. _handle_response /usr/lib/python2.7/site-packages/glanceclient/common/http.py:125
2019-06-18 23:08:44.869 725 DEBUG glanceclient.common.http [-] Request returned failure status 404. _handle_response /usr/lib/python2.7/site-packages/glanceclient/common/http.py:125
2019-06-18 23:08:44.958 725 DEBUG glanceclient.common.http [-] Request returned failure status 404. _handle_response /usr/lib/python2.7/site-packages/glanceclient/common/http.py:125
2019-06-18 23:08:45.421 725 DEBUG glanceclient.common.http [-] Request returned failure status 404. _handle_response /usr/lib/python2.7/site-packages/glanceclient/common/http.py:125
2019-06-18 23:08:45.437 725 DEBUG glanceclient.common.http [-] Request returned failure status 404. _handle_response /usr/lib/python2.7/site-packages/glanceclient/common/http.py:125
2019-06-18 23:08:45.487 725 DEBUG glanceclient.common.http [-] Request returned failure status 404. _handle_response /usr/lib/python2.7/site-packages/glanceclient/common/http.py:125
2019-06-18 23:08:45.499 725 DEBUG glanceclient.common.http [-] Request returned failure status 404. _handle_response /usr/lib/python2.7/site-packages/glanceclient/common/http.py:125
2019-06-18 23:08:46.502 725 INFO rally.task.context [-] Task 21d2797e-b3dd-4ad4-bfdb-6b7bbfe0cebd | Context cleanup@openstack cleanup() finished in 8.59 sec
2019-06-18 23:08:46.503 725 INFO rally.task.context [-] Task 21d2797e-b3dd-4ad4-bfdb-6b7bbfe0cebd | Context users@openstack cleanup() started
2019-06-18 23:08:54.835 725 INFO rally.task.context [-] Task 21d2797e-b3dd-4ad4-bfdb-6b7bbfe0cebd | Context users@openstack cleanup() finished in 8.33 sec
2019-06-18 23:08:55.219 725 INFO rally.task.engine [-] Load duration is: 17.285579
2019-06-18 23:08:55.219 725 INFO rally.task.engine [-] Full runner duration is: 18.208074
2019-06-18 23:08:55.219 725 INFO rally.task.engine [-] Full duration is: 39.793393
2019-06-18 23:08:55.435 725 INFO rally.task.engine [-] Running workload: position = 0 config = { "version": 2, "title": "A cropped version of a bigger task.", "description": "Auto-generated task from a single workload (uuid=d6cc88f9-38fb-4d0f-8fc8-49dfde65c38c)", "subtasks": [ { "title": "GlanceImages.create_and_get_image", "description": "Create and get detailed information of an image.", "scenario": { "GlanceImages.create_and_get_image": { "container_format": "bare", "disk_format": "qcow2", "image_location": "/home/opnfv/functest/images/cirros-0.4.0-x86_64-disk.img" } }, "contexts": { "users": { "tenants": 3, "users_per_tenant": 2 } }, "runner": { "constant": { "concurrency": 4, "times": 10 } }, "hooks": [], "sla": { "failure_rate": { "max": 0 } } } ] }
2019-06-18 23:08:55.452 725 RALLYDEBUG rally_openstack.contexts.keystone.users [-] Creating 3 tenants using 20 threads
2019-06-18 23:08:57.316 725 RALLYDEBUG rally_openstack.contexts.keystone.users [-] Creating 6 users using 20 threads
2019-06-18 23:09:00.274 725 INFO rally.task.context [-] Task 21d2797e-b3dd-4ad4-bfdb-6b7bbfe0cebd | Context users@openstack setup() finished in 4.82 sec
2019-06-18 23:09:00.274 725 INFO rally.task.context [-] Task 21d2797e-b3dd-4ad4-bfdb-6b7bbfe0cebd | Context cleanup@openstack setup() finished in 0.01 msec
2019-06-18 23:09:00.282 725 RALLYDEBUG rally.task.runner [-] Starting the constant runner (task UUID: 21d2797e-b3dd-4ad4-bfdb-6b7bbfe0cebd). timeout: 0 concurrency: 4 concurrency_per_worker: 1 times: 10 concurrency_overhead: 0 processes_to_start: 4 max_cpu_used: 16
2019-06-18 23:09:00.295 1633 RALLYDEBUG rally.task.runner [-] Starting a worker. concurrency: 1 args: {"container_format": "bare", "disk_format": "qcow2", "image_location": "/home/opnfv/functest/images/cirros-0.4.0-x86_64-disk.img"} times: 10 method_name: run timeout: 0 duration: None cls:
2019-06-18 23:09:00.298 1634 RALLYDEBUG rally.task.runner [-] Starting a worker. concurrency: 1 args: {"container_format": "bare", "disk_format": "qcow2", "image_location": "/home/opnfv/functest/images/cirros-0.4.0-x86_64-disk.img"} times: 10 method_name: run timeout: 0 duration: None cls:
2019-06-18 23:09:00.301 1635 RALLYDEBUG rally.task.runner [-] Starting a worker. concurrency: 1 args: {"container_format": "bare", "disk_format": "qcow2", "image_location": "/home/opnfv/functest/images/cirros-0.4.0-x86_64-disk.img"} times: 10 method_name: run timeout: 0 duration: None cls:
2019-06-18 23:09:00.302 1633 INFO rally.task.runner [-] Task 21d2797e-b3dd-4ad4-bfdb-6b7bbfe0cebd | ITER: 1 START
2019-06-18 23:09:00.304 1634 INFO rally.task.runner [-] Task 21d2797e-b3dd-4ad4-bfdb-6b7bbfe0cebd | ITER: 2 START
2019-06-18 23:09:00.304 1636 RALLYDEBUG rally.task.runner [-] Starting a worker. concurrency: 1 args: {"container_format": "bare", "disk_format": "qcow2", "image_location": "/home/opnfv/functest/images/cirros-0.4.0-x86_64-disk.img"} times: 10 method_name: run timeout: 0 duration: None cls:
2019-06-18 23:09:00.307 1635 INFO rally.task.runner [-] Task 21d2797e-b3dd-4ad4-bfdb-6b7bbfe0cebd | ITER: 3 START
2019-06-18 23:09:00.311 1636 INFO rally.task.runner [-] Task 21d2797e-b3dd-4ad4-bfdb-6b7bbfe0cebd | ITER: 4 START
2019-06-18 23:09:03.856 1633 RALLYDEBUG rally.task.utils [-] Waiting for resource u'fa57eee7-524a-4dd2-a061-b903d6810495'. Status changed: NONE => QUEUED in 0.2858979702
2019-06-18 23:09:04.146 1635 RALLYDEBUG rally.task.utils [-] Waiting for resource u'4ec739a4-7e16-49e9-8a50-691e53f38f4b'. Status changed: NONE => QUEUED in 0.56775188446
2019-06-18 23:09:04.167 1636 RALLYDEBUG rally.task.utils [-] Waiting for resource u'7fd7e0eb-40b1-4341-91e6-e8c91eb3cf8f'. Status changed: NONE => QUEUED in 0.576189994812
2019-06-18 23:09:04.378 1634 RALLYDEBUG rally.task.utils [-] Waiting for resource u'5c3cc66c-1c85-429c-8157-40e334469529'. Status changed: NONE => QUEUED in 0.422762870789
2019-06-18 23:09:04.623 1636 RALLYDEBUG rally.task.utils [-] Waiting for resource s_rally_d6cc88f9_bYe3yLYx. Status changed: QUEUED => ACTIVE in 0.0177888870239
2019-06-18 23:09:04.966 1635 RALLYDEBUG rally.task.utils [-] Waiting for resource s_rally_d6cc88f9_OWj4YoA4. Status changed: QUEUED => ACTIVE in 0.314695835114
2019-06-18 23:09:04.967 1636 INFO rally.task.runner [-] Task 21d2797e-b3dd-4ad4-bfdb-6b7bbfe0cebd | ITER: 4 END: OK
2019-06-18 23:09:04.972 1636 INFO rally.task.runner [-] Task 21d2797e-b3dd-4ad4-bfdb-6b7bbfe0cebd | ITER: 5 START
2019-06-18 23:09:05.245 1635 INFO rally.task.runner [-] Task 21d2797e-b3dd-4ad4-bfdb-6b7bbfe0cebd | ITER: 3 END: OK
2019-06-18 23:09:05.250 1635 INFO rally.task.runner [-] Task 21d2797e-b3dd-4ad4-bfdb-6b7bbfe0cebd | ITER: 6 START
2019-06-18 23:09:05.628 1633 RALLYDEBUG rally.task.utils [-] Waiting for resource s_rally_d6cc88f9_BTSIt2G5. Status changed: QUEUED => ACTIVE in 0.995477199554
2019-06-18 23:09:05.652 1633 INFO rally.task.runner [-] Task 21d2797e-b3dd-4ad4-bfdb-6b7bbfe0cebd | ITER: 1 END: OK
2019-06-18 23:09:05.655 1633 INFO rally.task.runner [-] Task 21d2797e-b3dd-4ad4-bfdb-6b7bbfe0cebd | ITER: 7 START
2019-06-18 23:09:05.994 1634 RALLYDEBUG rally.task.utils [-] Waiting for resource s_rally_d6cc88f9_fzz6YOOh. Status changed: QUEUED => ACTIVE in 0.308823108673
2019-06-18 23:09:06.304 1634 INFO rally.task.runner [-] Task 21d2797e-b3dd-4ad4-bfdb-6b7bbfe0cebd | ITER: 2 END: OK
2019-06-18 23:09:06.307 1634 INFO rally.task.runner [-] Task 21d2797e-b3dd-4ad4-bfdb-6b7bbfe0cebd | ITER: 8 START
2019-06-18 23:09:08.476 1636 RALLYDEBUG rally.task.utils [-] Waiting for resource u'6dd802c6-dca2-4408-b049-f4346eb2e387'. Status changed: NONE => QUEUED in 0.236129045486
2019-06-18 23:09:09.250 1635 RALLYDEBUG rally.task.utils [-] Waiting for resource u'6da1c733-38d3-45c9-bd63-b0421fdd30cf'. Status changed: NONE => QUEUED in 0.542550086975
2019-06-18 23:09:09.648 1633 RALLYDEBUG rally.task.utils [-] Waiting for resource u'0eded6f8-2dcc-455f-9c37-1a6bdafee07c'. Status changed: NONE => QUEUED in 0.611290931702
2019-06-18 23:09:10.045 1636 RALLYDEBUG rally.task.utils [-] Waiting for resource s_rally_d6cc88f9_Uj5Vh2ea. Status changed: QUEUED => ACTIVE in 0.0220530033112
2019-06-18 23:09:10.262 1636 INFO rally.task.runner [-] Task 21d2797e-b3dd-4ad4-bfdb-6b7bbfe0cebd | ITER: 5 END: OK
2019-06-18 23:09:10.266 1636 INFO rally.task.runner [-] Task 21d2797e-b3dd-4ad4-bfdb-6b7bbfe0cebd | ITER: 9 START
2019-06-18 23:09:10.304 1634 RALLYDEBUG rally.task.utils [-] Waiting for resource u'b5fdaea1-fa3d-4ce7-b700-4e9209dea3f0'. Status changed: NONE => QUEUED in 0.52171087265
2019-06-18 23:09:10.324 1635 RALLYDEBUG rally.task.utils [-] Waiting for resource s_rally_d6cc88f9_LkwfvfbK. Status changed: QUEUED => ACTIVE in 0.314664125443
2019-06-18 23:09:10.622 1635 INFO rally.task.runner [-] Task 21d2797e-b3dd-4ad4-bfdb-6b7bbfe0cebd | ITER: 6 END: OK
2019-06-18 23:09:10.626 1635 INFO rally.task.runner [-] Task 21d2797e-b3dd-4ad4-bfdb-6b7bbfe0cebd | ITER: 10 START
2019-06-18 23:09:11.136 1634 RALLYDEBUG rally.task.utils [-] Waiting for resource s_rally_d6cc88f9_EiBYfzFb. Status changed: QUEUED => ACTIVE in 0.0185849666595
2019-06-18 23:09:11.331 1633 RALLYDEBUG rally.task.utils [-] Waiting for resource s_rally_d6cc88f9_nuaJMcaO. Status changed: QUEUED => ACTIVE in 0.229656934738
2019-06-18 23:09:11.371 1634 INFO rally.task.runner [-] Task 21d2797e-b3dd-4ad4-bfdb-6b7bbfe0cebd | ITER: 8 END: OK
2019-06-18 23:09:11.552 1633 INFO rally.task.runner [-] Task 21d2797e-b3dd-4ad4-bfdb-6b7bbfe0cebd | ITER: 7 END: OK
2019-06-18 23:09:14.233 1636 RALLYDEBUG rally.task.utils [-] Waiting for resource u'6f0fa744-18e2-4b4e-88ce-253eef3442b1'. Status changed: NONE => QUEUED in 0.595453023911
2019-06-18 23:09:14.550 1635 RALLYDEBUG rally.task.utils [-] Waiting for resource u'72637ec7-41b5-4a4d-8bd7-8ec642b5e6a4'. Status changed: NONE => QUEUED in 0.332171916962
2019-06-18 23:09:15.007 1636 RALLYDEBUG rally.task.utils [-] Waiting for resource s_rally_d6cc88f9_YIqlLm0I. Status changed: QUEUED => ACTIVE in 0.0171959400177
2019-06-18 23:09:15.313 1636 INFO rally.task.runner [-] Task 21d2797e-b3dd-4ad4-bfdb-6b7bbfe0cebd | ITER: 9 END: OK
2019-06-18 23:09:16.099 1635 RALLYDEBUG rally.task.utils [-] Waiting for resource s_rally_d6cc88f9_0xy9WNsW. Status changed: QUEUED => ACTIVE in 0.0180270671844
2019-06-18 23:09:16.400 1635 INFO rally.task.runner [-] Task 21d2797e-b3dd-4ad4-bfdb-6b7bbfe0cebd | ITER: 10 END: OK
2019-06-18 23:09:16.424 725 INFO rally.task.context [-] Task 21d2797e-b3dd-4ad4-bfdb-6b7bbfe0cebd | Context cleanup@openstack cleanup() started
2019-06-18 23:09:16.426 725 RALLYDEBUG rally_openstack.cleanup.manager [-] Cleaning up glance images objects
2019-06-18 23:09:20.375 725 RALLYDEBUG rally_openstack.cleanup.manager [-] Deleting glance.images object s_rally_d6cc88f9_bYe3yLYx (7fd7e0eb-40b1-4341-91e6-e8c91eb3cf8f)
2019-06-18 23:09:20.375 725 RALLYDEBUG rally_openstack.cleanup.manager [-] Deleting glance.images object s_rally_d6cc88f9_YIqlLm0I (6f0fa744-18e2-4b4e-88ce-253eef3442b1)
2019-06-18 23:09:20.378 725 RALLYDEBUG rally_openstack.cleanup.manager [-] Deleting glance.images object s_rally_d6cc88f9_Uj5Vh2ea (6dd802c6-dca2-4408-b049-f4346eb2e387)
2019-06-18 23:09:20.378 725 RALLYDEBUG rally_openstack.cleanup.manager [-] Deleting glance.images object s_rally_d6cc88f9_EiBYfzFb (b5fdaea1-fa3d-4ce7-b700-4e9209dea3f0)
2019-06-18 23:09:20.381 725 RALLYDEBUG rally_openstack.cleanup.manager [-] Deleting glance.images object s_rally_d6cc88f9_fzz6YOOh (5c3cc66c-1c85-429c-8157-40e334469529)
2019-06-18 23:09:20.385 725 RALLYDEBUG rally_openstack.cleanup.manager [-] Deleting glance.images object s_rally_d6cc88f9_BTSIt2G5 (fa57eee7-524a-4dd2-a061-b903d6810495)
2019-06-18 23:09:20.393 725 RALLYDEBUG rally_openstack.cleanup.manager [-] Deleting glance.images object s_rally_d6cc88f9_LkwfvfbK (6da1c733-38d3-45c9-bd63-b0421fdd30cf)
2019-06-18 23:09:20.397 725 RALLYDEBUG rally_openstack.cleanup.manager [-] Deleting glance.images object s_rally_d6cc88f9_nuaJMcaO (0eded6f8-2dcc-455f-9c37-1a6bdafee07c)
2019-06-18 23:09:20.399 725 RALLYDEBUG rally_openstack.cleanup.manager [-] Deleting glance.images object s_rally_d6cc88f9_0xy9WNsW (72637ec7-41b5-4a4d-8bd7-8ec642b5e6a4)
2019-06-18 23:09:20.414 725 RALLYDEBUG rally_openstack.cleanup.manager [-] Deleting glance.images object s_rally_d6cc88f9_OWj4YoA4 (4ec739a4-7e16-49e9-8a50-691e53f38f4b)
