2019-06-18 23:36:30.413 6398 DEBUG cinderclient.v2.client [-] RESP BODY: Omitted, Content-Type is set to text/html; charset=UTF-8. Only application/json responses have their bodies logged. _http_log_response /usr/lib/python2.7/site-packages/keystoneauth1/session.py:511
2019-06-18 23:36:30.413 6398 DEBUG cinderclient.v2.client [-] POST call to volumev2 for http://172.30.9.26:8776/v3/12bb9a3a8da74f7cb7da564009b32ef2/types/4017dc0f-7152-4f9e-bb86-0c31b6ec9fc2/action used request id req-eaa59682-e816-4576-9d32-5ea41be832dc request /usr/lib/python2.7/site-packages/keystoneauth1/session.py:844
2019-06-18 23:36:30.415 6398 DEBUG cinderclient.v2.client [-] REQ: curl -g -i -X GET http://172.30.9.26:8776/v3/12bb9a3a8da74f7cb7da564009b32ef2/types/4017dc0f-7152-4f9e-bb86-0c31b6ec9fc2/os-volume-type-access -H "Accept: application/json" -H "User-Agent: python-cinderclient" -H "X-Auth-Token: {SHA1}9fafc09015cc69457b815cc7a75ebb1a8992f5da" -H "X-OpenStack-Request-ID: req-d28763e2-4262-4d1b-887e-4ae4535bd52c" _http_log_request /usr/lib/python2.7/site-packages/keystoneauth1/session.py:448
2019-06-18 23:36:30.427 6400 DEBUG cinderclient.v2.client [-] RESP: [202] Content-Length: 0 Content-Type: text/html; charset=UTF-8 Date: Tue, 18 Jun 2019 23:36:30 GMT OpenStack-API-Version: volume 3.0 Server: Apache Vary: OpenStack-API-Version x-openstack-request-id: req-646452ae-d12f-435b-a189-a097ad5242dc _http_log_response /usr/lib/python2.7/site-packages/keystoneauth1/session.py:479
2019-06-18 23:36:30.427 6400 DEBUG cinderclient.v2.client [-] RESP BODY: Omitted, Content-Type is set to text/html; charset=UTF-8. Only application/json responses have their bodies logged. _http_log_response /usr/lib/python2.7/site-packages/keystoneauth1/session.py:511
2019-06-18 23:36:30.428 6400 DEBUG cinderclient.v2.client [-] POST call to volumev2 for http://172.30.9.26:8776/v3/12bb9a3a8da74f7cb7da564009b32ef2/types/2d942b14-56e7-4c69-8fe5-96768f79777d/action used request id req-646452ae-d12f-435b-a189-a097ad5242dc request /usr/lib/python2.7/site-packages/keystoneauth1/session.py:844
2019-06-18 23:36:30.429 6400 DEBUG cinderclient.v2.client [-] REQ: curl -g -i -X GET http://172.30.9.26:8776/v3/12bb9a3a8da74f7cb7da564009b32ef2/types/2d942b14-56e7-4c69-8fe5-96768f79777d/os-volume-type-access -H "Accept: application/json" -H "User-Agent: python-cinderclient" -H "X-Auth-Token: {SHA1}fdf44602da25a729aaa12ee5ba09f5f5e2253d22" -H "X-OpenStack-Request-ID: req-92a9a904-6735-4140-8cfc-3515e4cb9263" _http_log_request /usr/lib/python2.7/site-packages/keystoneauth1/session.py:448
2019-06-18 23:36:30.451 6399 DEBUG cinderclient.v2.client [-] RESP: [202] Content-Length: 0 Content-Type: text/html; charset=UTF-8 Date: Tue, 18 Jun 2019 23:36:30 GMT OpenStack-API-Version: volume 3.0 Server: Apache Vary: OpenStack-API-Version x-openstack-request-id: req-dab50d7d-3443-41b3-ad6e-b050cd0e76d7 _http_log_response /usr/lib/python2.7/site-packages/keystoneauth1/session.py:479
2019-06-18 23:36:30.451 6399 DEBUG cinderclient.v2.client [-] RESP BODY: Omitted, Content-Type is set to text/html; charset=UTF-8. Only application/json responses have their bodies logged. _http_log_response /usr/lib/python2.7/site-packages/keystoneauth1/session.py:511
2019-06-18 23:36:30.451 6399 DEBUG cinderclient.v2.client [-] POST call to volumev2 for http://172.30.9.26:8776/v3/12bb9a3a8da74f7cb7da564009b32ef2/types/ce387b48-d7fc-4547-9449-959b97939277/action used request id req-dab50d7d-3443-41b3-ad6e-b050cd0e76d7 request /usr/lib/python2.7/site-packages/keystoneauth1/session.py:844
2019-06-18 23:36:30.453 6399 DEBUG cinderclient.v2.client [-] REQ: curl -g -i -X GET http://172.30.9.26:8776/v3/12bb9a3a8da74f7cb7da564009b32ef2/types/ce387b48-d7fc-4547-9449-959b97939277/os-volume-type-access -H "Accept: application/json" -H "User-Agent: python-cinderclient" -H "X-Auth-Token: {SHA1}fb81d11b75a23005c4618ba1512335ef3daa66ea" -H "X-OpenStack-Request-ID: req-16d3a8b4-b18d-477f-84b9-d77cdb3c55ec" _http_log_request /usr/lib/python2.7/site-packages/keystoneauth1/session.py:448
2019-06-18 23:36:30.699 6398 DEBUG cinderclient.v2.client [-] RESP: [200] Content-Encoding: gzip Content-Length: 129 Content-Type: application/json Date: Tue, 18 Jun 2019 23:36:30 GMT OpenStack-API-Version: volume 3.0 Server: Apache Vary: OpenStack-API-Version,Accept-Encoding x-compute-request-id: req-97292bde-d4b1-416e-af73-e5b8c33c1919 x-openstack-request-id: req-97292bde-d4b1-416e-af73-e5b8c33c1919 _http_log_response /usr/lib/python2.7/site-packages/keystoneauth1/session.py:479
2019-06-18 23:36:30.699 6398 DEBUG cinderclient.v2.client [-] RESP BODY: {"volume_type_access": [{"volume_type_id": "4017dc0f-7152-4f9e-bb86-0c31b6ec9fc2", "project_id": "ce5a94924e1440dbb64643cc5986e1f0"}]} _http_log_response /usr/lib/python2.7/site-packages/keystoneauth1/session.py:511
2019-06-18 23:36:30.700 6398 DEBUG cinderclient.v2.client [-] GET call to volumev2 for http://172.30.9.26:8776/v3/12bb9a3a8da74f7cb7da564009b32ef2/types/4017dc0f-7152-4f9e-bb86-0c31b6ec9fc2/os-volume-type-access used request id req-97292bde-d4b1-416e-af73-e5b8c33c1919 request /usr/lib/python2.7/site-packages/keystoneauth1/session.py:844
2019-06-18 23:36:30.701 6398 INFO rally.task.runner [-] Task 54f428db-4b39-4471-9cbe-a9e1802554e7 | ITER: 1 END: OK
2019-06-18 23:36:30.702 6401 DEBUG cinderclient.v2.client [-] RESP: [200] Content-Encoding: gzip Content-Length: 131 Content-Type: application/json Date: Tue, 18 Jun 2019 23:36:30 GMT OpenStack-API-Version: volume 3.0 Server: Apache Vary: OpenStack-API-Version,Accept-Encoding x-compute-request-id: req-42936689-c6c7-42c7-a4f3-595412693254 x-openstack-request-id: req-42936689-c6c7-42c7-a4f3-595412693254 _http_log_response /usr/lib/python2.7/site-packages/keystoneauth1/session.py:479
2019-06-18 23:36:30.703 6401 DEBUG cinderclient.v2.client [-] RESP BODY: {"volume_type_access": [{"volume_type_id": "d06c3627-4fc3-4f9e-9501-b83e9838f577", "project_id": "a6bc1e74365f486f84846e1b079cf2ed"}]} _http_log_response /usr/lib/python2.7/site-packages/keystoneauth1/session.py:511
2019-06-18 23:36:30.703 6401 DEBUG cinderclient.v2.client [-] GET call to volumev2 for http://172.30.9.26:8776/v3/12bb9a3a8da74f7cb7da564009b32ef2/types/d06c3627-4fc3-4f9e-9501-b83e9838f577/os-volume-type-access used request id req-42936689-c6c7-42c7-a4f3-595412693254 request /usr/lib/python2.7/site-packages/keystoneauth1/session.py:844
2019-06-18 23:36:30.704 6401 INFO rally.task.runner [-] Task 54f428db-4b39-4471-9cbe-a9e1802554e7 | ITER: 4 END: OK
2019-06-18 23:36:30.706 6398 INFO rally.task.runner [-] Task 54f428db-4b39-4471-9cbe-a9e1802554e7 | ITER: 5 START
2019-06-18 23:36:30.709 6401 INFO rally.task.runner [-] Task 54f428db-4b39-4471-9cbe-a9e1802554e7 | ITER: 6 START
2019-06-18 23:36:30.717 6400 DEBUG cinderclient.v2.client [-] RESP: [200] Content-Encoding: gzip Content-Length: 129 Content-Type: application/json Date: Tue, 18 Jun 2019 23:36:30 GMT OpenStack-API-Version: volume 3.0 Server: Apache Vary: OpenStack-API-Version,Accept-Encoding x-compute-request-id: req-1e3a5f85-8f4f-47aa-a8d6-48bfa7c0380e x-openstack-request-id: req-1e3a5f85-8f4f-47aa-a8d6-48bfa7c0380e _http_log_response /usr/lib/python2.7/site-packages/keystoneauth1/session.py:479
2019-06-18 23:36:30.718 6400 DEBUG cinderclient.v2.client [-] RESP BODY: {"volume_type_access": [{"volume_type_id": "2d942b14-56e7-4c69-8fe5-96768f79777d", "project_id": "68dfe6d003ba4544a873a534e62771c5"}]} _http_log_response /usr/lib/python2.7/site-packages/keystoneauth1/session.py:511
2019-06-18 23:36:30.718 6400 DEBUG cinderclient.v2.client [-] GET call to volumev2 for http://172.30.9.26:8776/v3/12bb9a3a8da74f7cb7da564009b32ef2/types/2d942b14-56e7-4c69-8fe5-96768f79777d/os-volume-type-access used request id req-1e3a5f85-8f4f-47aa-a8d6-48bfa7c0380e request /usr/lib/python2.7/site-packages/keystoneauth1/session.py:844
2019-06-18 23:36:30.719 6400 INFO rally.task.runner [-] Task 54f428db-4b39-4471-9cbe-a9e1802554e7 | ITER: 2 END: OK
2019-06-18 23:36:30.724 6400 INFO rally.task.runner [-] Task 54f428db-4b39-4471-9cbe-a9e1802554e7 | ITER: 7 START
2019-06-18 23:36:30.738 6399 DEBUG cinderclient.v2.client [-] RESP: [200] Content-Encoding: gzip Content-Length: 129 Content-Type: application/json Date: Tue, 18 Jun 2019 23:36:30 GMT OpenStack-API-Version: volume 3.0 Server: Apache Vary: OpenStack-API-Version,Accept-Encoding x-compute-request-id: req-b0cf7d6f-63bb-40ce-a08b-9119e9b575f7 x-openstack-request-id: req-b0cf7d6f-63bb-40ce-a08b-9119e9b575f7 _http_log_response /usr/lib/python2.7/site-packages/keystoneauth1/session.py:479
2019-06-18 23:36:30.738 6399 DEBUG cinderclient.v2.client [-] RESP BODY: {"volume_type_access": [{"volume_type_id": "ce387b48-d7fc-4547-9449-959b97939277", "project_id": "68dfe6d003ba4544a873a534e62771c5"}]} _http_log_response /usr/lib/python2.7/site-packages/keystoneauth1/session.py:511
2019-06-18 23:36:30.739 6399 DEBUG cinderclient.v2.client [-] GET call to volumev2 for http://172.30.9.26:8776/v3/12bb9a3a8da74f7cb7da564009b32ef2/types/ce387b48-d7fc-4547-9449-959b97939277/os-volume-type-access used request id req-b0cf7d6f-63bb-40ce-a08b-9119e9b575f7 request /usr/lib/python2.7/site-packages/keystoneauth1/session.py:844
2019-06-18 23:36:30.740 6399 INFO rally.task.runner [-] Task 54f428db-4b39-4471-9cbe-a9e1802554e7 | ITER: 3 END: OK
2019-06-18 23:36:30.745 6399 INFO rally.task.runner [-] Task 54f428db-4b39-4471-9cbe-a9e1802554e7 | ITER: 8 START
2019-06-18 23:36:31.147 6398 DEBUG cinderclient.v2.client [-] REQ: curl -g -i -X POST http://172.30.9.26:8776/v3/12bb9a3a8da74f7cb7da564009b32ef2/types -H "Accept: application/json" -H "Content-Type: application/json" -H "User-Agent: python-cinderclient" -H "X-Auth-Token: {SHA1}0f4a812d07500c9e448fdd3b6ad1eda6f747e5cf" -d '{"volume_type": {"os-volume-type-access:is_public": false, "name": "s_rally_94fcf4f3_agCtmv4m", "description": "rally tests creating types"}}' _http_log_request /usr/lib/python2.7/site-packages/keystoneauth1/session.py:448
2019-06-18 23:36:31.164 6400 DEBUG cinderclient.v2.client [-] REQ: curl -g -i -X POST http://172.30.9.26:8776/v3/12bb9a3a8da74f7cb7da564009b32ef2/types -H "Accept: application/json" -H "Content-Type: application/json" -H "User-Agent: python-cinderclient" -H "X-Auth-Token: {SHA1}a04a2ba93e38be1bd39c63cb7c9d88fb1cd0a19e" -d '{"volume_type": {"os-volume-type-access:is_public": false, "name": "s_rally_94fcf4f3_Wq14uhOg", "description": "rally tests creating types"}}' _http_log_request /usr/lib/python2.7/site-packages/keystoneauth1/session.py:448
2019-06-18 23:36:31.166 6401 DEBUG cinderclient.v2.client [-] REQ: curl -g -i -X POST http://172.30.9.26:8776/v3/12bb9a3a8da74f7cb7da564009b32ef2/types -H "Accept: application/json" -H "Content-Type: application/json" -H "User-Agent: python-cinderclient" -H "X-Auth-Token: {SHA1}13b94dee6ad419409f9673f074909d9c717e5834" -d '{"volume_type": {"os-volume-type-access:is_public": false, "name": "s_rally_94fcf4f3_wriegRS6", "description": "rally tests creating types"}}' _http_log_request /usr/lib/python2.7/site-packages/keystoneauth1/session.py:448
2019-06-18 23:36:31.184 6399 DEBUG cinderclient.v2.client [-] REQ: curl -g -i -X POST http://172.30.9.26:8776/v3/12bb9a3a8da74f7cb7da564009b32ef2/types -H "Accept: application/json" -H "Content-Type: application/json" -H "User-Agent: python-cinderclient" -H "X-Auth-Token: {SHA1}1de397010668677b0dc81b37fadfd44484c184ac" -d '{"volume_type": {"os-volume-type-access:is_public": false, "name": "s_rally_94fcf4f3_tYuQqd7O", "description": "rally tests creating types"}}' _http_log_request /usr/lib/python2.7/site-packages/keystoneauth1/session.py:448
2019-06-18 23:36:31.407 6400 DEBUG cinderclient.v2.client [-] RESP: [200] Content-Encoding: gzip Content-Length: 181 Content-Type: application/json Date: Tue, 18 Jun 2019 23:36:31 GMT OpenStack-API-Version: volume 3.0 Server: Apache Vary: OpenStack-API-Version,Accept-Encoding x-compute-request-id: req-3160fff0-b07d-476b-9fc7-041534dec4df x-openstack-request-id: req-3160fff0-b07d-476b-9fc7-041534dec4df _http_log_response /usr/lib/python2.7/site-packages/keystoneauth1/session.py:479
2019-06-18 23:36:31.408 6400 DEBUG cinderclient.v2.client [-] RESP BODY: {"volume_type": {"name": "s_rally_94fcf4f3_Wq14uhOg", "extra_specs": {}, "os-volume-type-access:is_public": false, "is_public": false, "id": "fef44259-08f2-4b97-a83d-ac8cd06ebd78", "description": "rally tests creating types"}} _http_log_response /usr/lib/python2.7/site-packages/keystoneauth1/session.py:511
2019-06-18 23:36:31.408 6400 DEBUG cinderclient.v2.client [-] POST call to volumev2 for http://172.30.9.26:8776/v3/12bb9a3a8da74f7cb7da564009b32ef2/types used request id req-3160fff0-b07d-476b-9fc7-041534dec4df request /usr/lib/python2.7/site-packages/keystoneauth1/session.py:844
2019-06-18 23:36:31.410 6400 DEBUG cinderclient.v2.client [-] REQ: curl -g -i -X POST http://172.30.9.26:8776/v3/12bb9a3a8da74f7cb7da564009b32ef2/types/fef44259-08f2-4b97-a83d-ac8cd06ebd78/action -H "Accept: application/json" -H "Content-Type: application/json" -H "User-Agent: python-cinderclient" -H "X-Auth-Token: {SHA1}a04a2ba93e38be1bd39c63cb7c9d88fb1cd0a19e" -H "X-OpenStack-Request-ID: req-3160fff0-b07d-476b-9fc7-041534dec4df" -d '{"addProjectAccess": {"project": "ce5a94924e1440dbb64643cc5986e1f0"}}' _http_log_request /usr/lib/python2.7/site-packages/keystoneauth1/session.py:448
2019-06-18 23:36:31.515 6401 DEBUG cinderclient.v2.client [-] RESP: [200] Content-Encoding: gzip Content-Length: 179 Content-Type: application/json Date: Tue, 18 Jun 2019 23:36:31 GMT OpenStack-API-Version: volume 3.0 Server: Apache Vary: OpenStack-API-Version,Accept-Encoding x-compute-request-id: req-c5756389-641b-483d-b9db-99734423d56f x-openstack-request-id: req-c5756389-641b-483d-b9db-99734423d56f _http_log_response /usr/lib/python2.7/site-packages/keystoneauth1/session.py:479
2019-06-18 23:36:31.515 6401 DEBUG cinderclient.v2.client [-] RESP BODY: {"volume_type": {"name": "s_rally_94fcf4f3_wriegRS6", "extra_specs": {}, "os-volume-type-access:is_public": false, "is_public": false, "id": "f813d455-f2ff-46c3-8dbf-42b65554bfee", "description": "rally tests creating types"}} _http_log_response /usr/lib/python2.7/site-packages/keystoneauth1/session.py:511
2019-06-18 23:36:31.515 6401 DEBUG cinderclient.v2.client [-] POST call to volumev2 for http://172.30.9.26:8776/v3/12bb9a3a8da74f7cb7da564009b32ef2/types used request id req-c5756389-641b-483d-b9db-99734423d56f request /usr/lib/python2.7/site-packages/keystoneauth1/session.py:844
2019-06-18 23:36:31.517 6401 DEBUG cinderclient.v2.client [-] REQ: curl -g -i -X POST http://172.30.9.26:8776/v3/12bb9a3a8da74f7cb7da564009b32ef2/types/f813d455-f2ff-46c3-8dbf-42b65554bfee/action -H "Accept: application/json" -H "Content-Type: application/json" -H "User-Agent: python-cinderclient" -H "X-Auth-Token: {SHA1}13b94dee6ad419409f9673f074909d9c717e5834" -H "X-OpenStack-Request-ID: req-c5756389-641b-483d-b9db-99734423d56f" -d '{"addProjectAccess": {"project": "ce5a94924e1440dbb64643cc5986e1f0"}}' _http_log_request /usr/lib/python2.7/site-packages/keystoneauth1/session.py:448
2019-06-18 23:36:31.541 6399 DEBUG cinderclient.v2.client [-] RESP: [200] Content-Encoding: gzip Content-Length: 182 Content-Type: application/json Date: Tue, 18 Jun 2019 23:36:31 GMT OpenStack-API-Version: volume 3.0 Server: Apache Vary: OpenStack-API-Version,Accept-Encoding x-compute-request-id: req-c04a9ca2-491a-4cbf-8c01-dfb5315905b9 x-openstack-request-id: req-c04a9ca2-491a-4cbf-8c01-dfb5315905b9 _http_log_response /usr/lib/python2.7/site-packages/keystoneauth1/session.py:479
2019-06-18 23:36:31.542 6399 DEBUG cinderclient.v2.client [-] RESP BODY: {"volume_type": {"name": "s_rally_94fcf4f3_tYuQqd7O", "extra_specs": {}, "os-volume-type-access:is_public": false, "is_public": false, "id": "c7f746c2-0d5d-4a18-b36d-3e8f75c28754", "description": "rally tests creating types"}} _http_log_response /usr/lib/python2.7/site-packages/keystoneauth1/session.py:511
2019-06-18 23:36:31.542 6399 DEBUG cinderclient.v2.client [-] POST call to volumev2 for http://172.30.9.26:8776/v3/12bb9a3a8da74f7cb7da564009b32ef2/types used request id req-c04a9ca2-491a-4cbf-8c01-dfb5315905b9 request /usr/lib/python2.7/site-packages/keystoneauth1/session.py:844
2019-06-18 23:36:31.544 6399 DEBUG cinderclient.v2.client [-] REQ: curl -g -i -X POST http://172.30.9.26:8776/v3/12bb9a3a8da74f7cb7da564009b32ef2/types/c7f746c2-0d5d-4a18-b36d-3e8f75c28754/action -H "Accept: application/json" -H "Content-Type: application/json" -H "User-Agent: python-cinderclient" -H "X-Auth-Token: {SHA1}1de397010668677b0dc81b37fadfd44484c184ac" -H "X-OpenStack-Request-ID: req-c04a9ca2-491a-4cbf-8c01-dfb5315905b9" -d '{"addProjectAccess": {"project": "ce5a94924e1440dbb64643cc5986e1f0"}}' _http_log_request /usr/lib/python2.7/site-packages/keystoneauth1/session.py:448
2019-06-18 23:36:31.558 6398 DEBUG cinderclient.v2.client [-] RESP: [200] Content-Encoding: gzip Content-Length: 178 Content-Type: application/json Date: Tue, 18 Jun 2019 23:36:31 GMT OpenStack-API-Version: volume 3.0 Server: Apache Vary: OpenStack-API-Version,Accept-Encoding x-compute-request-id: req-f77f3c33-3a65-4646-9da4-ff734b76bf1f x-openstack-request-id: req-f77f3c33-3a65-4646-9da4-ff734b76bf1f _http_log_response /usr/lib/python2.7/site-packages/keystoneauth1/session.py:479
2019-06-18 23:36:31.559 6398 DEBUG cinderclient.v2.client [-] RESP BODY: {"volume_type": {"name": "s_rally_94fcf4f3_agCtmv4m", "extra_specs": {}, "os-volume-type-access:is_public": false, "is_public": false, "id": "67bb974a-e569-417d-a357-763edd57e043", "description": "rally tests creating types"}} _http_log_response /usr/lib/python2.7/site-packages/keystoneauth1/session.py:511
2019-06-18 23:36:31.559 6398 DEBUG cinderclient.v2.client [-] POST call to volumev2 for http://172.30.9.26:8776/v3/12bb9a3a8da74f7cb7da564009b32ef2/types used request id req-f77f3c33-3a65-4646-9da4-ff734b76bf1f request /usr/lib/python2.7/site-packages/keystoneauth1/session.py:844
2019-06-18 23:36:31.561 6398 DEBUG cinderclient.v2.client [-] REQ: curl -g -i -X POST http://172.30.9.26:8776/v3/12bb9a3a8da74f7cb7da564009b32ef2/types/67bb974a-e569-417d-a357-763edd57e043/action -H "Accept: application/json" -H "Content-Type: application/json" -H "User-Agent: python-cinderclient" -H "X-Auth-Token: {SHA1}0f4a812d07500c9e448fdd3b6ad1eda6f747e5cf" -H "X-OpenStack-Request-ID: req-f77f3c33-3a65-4646-9da4-ff734b76bf1f" -d '{"addProjectAccess": {"project": "ce5a94924e1440dbb64643cc5986e1f0"}}' _http_log_request /usr/lib/python2.7/site-packages/keystoneauth1/session.py:448
2019-06-18 23:36:31.703 6400 DEBUG cinderclient.v2.client [-] RESP: [202] Content-Length: 0 Content-Type: text/html; charset=UTF-8 Date: Tue, 18 Jun 2019 23:36:31 GMT OpenStack-API-Version: volume 3.0 Server: Apache Vary: OpenStack-API-Version x-openstack-request-id: req-574e7e45-4ae4-4dd2-a2c8-531126ee1097 _http_log_response /usr/lib/python2.7/site-packages/keystoneauth1/session.py:479
2019-06-18 23:36:31.703 6400 DEBUG cinderclient.v2.client [-] RESP BODY: Omitted, Content-Type is set to text/html; charset=UTF-8. Only application/json responses have their bodies logged. _http_log_response /usr/lib/python2.7/site-packages/keystoneauth1/session.py:511
2019-06-18 23:36:31.703 6400 DEBUG cinderclient.v2.client [-] POST call to volumev2 for http://172.30.9.26:8776/v3/12bb9a3a8da74f7cb7da564009b32ef2/types/fef44259-08f2-4b97-a83d-ac8cd06ebd78/action used request id req-574e7e45-4ae4-4dd2-a2c8-531126ee1097 request /usr/lib/python2.7/site-packages/keystoneauth1/session.py:844
2019-06-18 23:36:31.705 6400 DEBUG cinderclient.v2.client [-] REQ: curl -g -i -X GET http://172.30.9.26:8776/v3/12bb9a3a8da74f7cb7da564009b32ef2/types/fef44259-08f2-4b97-a83d-ac8cd06ebd78/os-volume-type-access -H "Accept: application/json" -H "User-Agent: python-cinderclient" -H "X-Auth-Token: {SHA1}a04a2ba93e38be1bd39c63cb7c9d88fb1cd0a19e" -H "X-OpenStack-Request-ID: req-3160fff0-b07d-476b-9fc7-041534dec4df" _http_log_request /usr/lib/python2.7/site-packages/keystoneauth1/session.py:448
2019-06-18 23:36:31.851 6399 DEBUG cinderclient.v2.client [-] RESP: [202] Content-Length: 0 Content-Type: text/html; charset=UTF-8 Date: Tue, 18 Jun 2019 23:36:31 GMT OpenStack-API-Version: volume 3.0 Server: Apache Vary: OpenStack-API-Version x-openstack-request-id: req-2bc61571-98cf-4107-8d4c-51e73f3496ce _http_log_response /usr/lib/python2.7/site-packages/keystoneauth1/session.py:479
2019-06-18 23:36:31.852 6399 DEBUG cinderclient.v2.client [-] RESP BODY: Omitted, Content-Type is set to text/html; charset=UTF-8. Only application/json responses have their bodies logged. _http_log_response /usr/lib/python2.7/site-packages/keystoneauth1/session.py:511
2019-06-18 23:36:31.852 6399 DEBUG cinderclient.v2.client [-] POST call to volumev2 for http://172.30.9.26:8776/v3/12bb9a3a8da74f7cb7da564009b32ef2/types/c7f746c2-0d5d-4a18-b36d-3e8f75c28754/action used request id req-2bc61571-98cf-4107-8d4c-51e73f3496ce request /usr/lib/python2.7/site-packages/keystoneauth1/session.py:844
2019-06-18 23:36:31.854 6399 DEBUG cinderclient.v2.client [-] REQ: curl -g -i -X GET http://172.30.9.26:8776/v3/12bb9a3a8da74f7cb7da564009b32ef2/types/c7f746c2-0d5d-4a18-b36d-3e8f75c28754/os-volume-type-access -H "Accept: application/json" -H "User-Agent: python-cinderclient" -H "X-Auth-Token: {SHA1}1de397010668677b0dc81b37fadfd44484c184ac" -H "X-OpenStack-Request-ID: req-c04a9ca2-491a-4cbf-8c01-dfb5315905b9" _http_log_request /usr/lib/python2.7/site-packages/keystoneauth1/session.py:448
2019-06-18 23:36:31.864 6401 DEBUG cinderclient.v2.client [-] RESP: [202] Content-Length: 0 Content-Type: text/html; charset=UTF-8 Date: Tue, 18 Jun 2019 23:36:31 GMT OpenStack-API-Version: volume 3.0 Server: Apache Vary: OpenStack-API-Version x-openstack-request-id: req-c93f1a20-1b36-48fa-b690-f29545d4e937 _http_log_response /usr/lib/python2.7/site-packages/keystoneauth1/session.py:479
2019-06-18 23:36:31.864 6401 DEBUG cinderclient.v2.client [-] RESP BODY: Omitted, Content-Type is set to text/html; charset=UTF-8. Only application/json responses have their bodies logged. _http_log_response /usr/lib/python2.7/site-packages/keystoneauth1/session.py:511
2019-06-18 23:36:31.864 6401 DEBUG cinderclient.v2.client [-] POST call to volumev2 for http://172.30.9.26:8776/v3/12bb9a3a8da74f7cb7da564009b32ef2/types/f813d455-f2ff-46c3-8dbf-42b65554bfee/action used request id req-c93f1a20-1b36-48fa-b690-f29545d4e937 request /usr/lib/python2.7/site-packages/keystoneauth1/session.py:844
2019-06-18 23:36:31.865 6401 DEBUG cinderclient.v2.client [-] REQ: curl -g -i -X GET http://172.30.9.26:8776/v3/12bb9a3a8da74f7cb7da564009b32ef2/types/f813d455-f2ff-46c3-8dbf-42b65554bfee/os-volume-type-access -H "Accept: application/json" -H "User-Agent: python-cinderclient" -H "X-Auth-Token: {SHA1}13b94dee6ad419409f9673f074909d9c717e5834" -H "X-OpenStack-Request-ID: req-c5756389-641b-483d-b9db-99734423d56f" _http_log_request /usr/lib/python2.7/site-packages/keystoneauth1/session.py:448
2019-06-18 23:36:31.876 6398 DEBUG cinderclient.v2.client [-] RESP: [202] Content-Length: 0 Content-Type: text/html; charset=UTF-8 Date: Tue, 18 Jun 2019 23:36:31 GMT OpenStack-API-Version: volume 3.0 Server: Apache Vary: OpenStack-API-Version x-openstack-request-id: req-904921a1-1c48-4de4-a58e-3c7c42bdcda5 _http_log_response /usr/lib/python2.7/site-packages/keystoneauth1/session.py:479
2019-06-18 23:36:31.876 6398 DEBUG cinderclient.v2.client [-] RESP BODY: Omitted, Content-Type is set to text/html; charset=UTF-8. Only application/json responses have their bodies logged. _http_log_response /usr/lib/python2.7/site-packages/keystoneauth1/session.py:511
2019-06-18 23:36:31.876 6398 DEBUG cinderclient.v2.client [-] POST call to volumev2 for http://172.30.9.26:8776/v3/12bb9a3a8da74f7cb7da564009b32ef2/types/67bb974a-e569-417d-a357-763edd57e043/action used request id req-904921a1-1c48-4de4-a58e-3c7c42bdcda5 request /usr/lib/python2.7/site-packages/keystoneauth1/session.py:844
2019-06-18 23:36:31.877 6398 DEBUG cinderclient.v2.client [-] REQ: curl -g -i -X GET http://172.30.9.26:8776/v3/12bb9a3a8da74f7cb7da564009b32ef2/types/67bb974a-e569-417d-a357-763edd57e043/os-volume-type-access -H "Accept: application/json" -H "User-Agent: python-cinderclient" -H "X-Auth-Token: {SHA1}0f4a812d07500c9e448fdd3b6ad1eda6f747e5cf" -H "X-OpenStack-Request-ID: req-f77f3c33-3a65-4646-9da4-ff734b76bf1f" _http_log_request /usr/lib/python2.7/site-packages/keystoneauth1/session.py:448
2019-06-18 23:36:31.948 6400 DEBUG cinderclient.v2.client [-] RESP: [200] Content-Encoding: gzip Content-Length: 129 Content-Type: application/json Date: Tue, 18 Jun 2019 23:36:31 GMT OpenStack-API-Version: volume 3.0 Server: Apache Vary: OpenStack-API-Version,Accept-Encoding x-compute-request-id: req-2c36b99c-7e03-48dc-81b6-486606c00078 x-openstack-request-id: req-2c36b99c-7e03-48dc-81b6-486606c00078 _http_log_response /usr/lib/python2.7/site-packages/keystoneauth1/session.py:479
2019-06-18 23:36:31.949 6400 DEBUG cinderclient.v2.client [-] RESP BODY: {"volume_type_access": [{"volume_type_id": "fef44259-08f2-4b97-a83d-ac8cd06ebd78", "project_id": "ce5a94924e1440dbb64643cc5986e1f0"}]} _http_log_response /usr/lib/python2.7/site-packages/keystoneauth1/session.py:511
2019-06-18 23:36:31.949 6400 DEBUG cinderclient.v2.client [-] GET call to volumev2 for http://172.30.9.26:8776/v3/12bb9a3a8da74f7cb7da564009b32ef2/types/fef44259-08f2-4b97-a83d-ac8cd06ebd78/os-volume-type-access used request id req-2c36b99c-7e03-48dc-81b6-486606c00078 request /usr/lib/python2.7/site-packages/keystoneauth1/session.py:844
2019-06-18 23:36:31.950 6400 INFO rally.task.runner [-] Task 54f428db-4b39-4471-9cbe-a9e1802554e7 | ITER: 7 END: OK
2019-06-18 23:36:31.955 6400 INFO rally.task.runner [-] Task 54f428db-4b39-4471-9cbe-a9e1802554e7 | ITER: 9 START
2019-06-18 23:36:32.153 6399 DEBUG cinderclient.v2.client [-] RESP: [200] Content-Encoding: gzip Content-Length: 129 Content-Type: application/json Date: Tue, 18 Jun 2019 23:36:31 GMT OpenStack-API-Version: volume 3.0 Server: Apache Vary: OpenStack-API-Version,Accept-Encoding x-compute-request-id: req-4f69d86d-8b0d-4225-b99b-a1994da257cf x-openstack-request-id: req-4f69d86d-8b0d-4225-b99b-a1994da257cf _http_log_response /usr/lib/python2.7/site-packages/keystoneauth1/session.py:479
2019-06-18 23:36:32.153 6399 DEBUG cinderclient.v2.client [-] RESP BODY: {"volume_type_access": [{"volume_type_id": "c7f746c2-0d5d-4a18-b36d-3e8f75c28754", "project_id": "ce5a94924e1440dbb64643cc5986e1f0"}]} _http_log_response /usr/lib/python2.7/site-packages/keystoneauth1/session.py:511
2019-06-18 23:36:32.154 6401 DEBUG cinderclient.v2.client [-] RESP: [200] Content-Encoding: gzip Content-Length: 129 Content-Type: application/json Date: Tue, 18 Jun 2019 23:36:31 GMT OpenStack-API-Version: volume 3.0 Server: Apache Vary: OpenStack-API-Version,Accept-Encoding x-compute-request-id: req-0eb81e86-3756-4ce1-b582-923fb4114b0b x-openstack-request-id: req-0eb81e86-3756-4ce1-b582-923fb4114b0b _http_log_response /usr/lib/python2.7/site-packages/keystoneauth1/session.py:479
2019-06-18 23:36:32.154 6399 DEBUG cinderclient.v2.client [-] GET call to volumev2 for http://172.30.9.26:8776/v3/12bb9a3a8da74f7cb7da564009b32ef2/types/c7f746c2-0d5d-4a18-b36d-3e8f75c28754/os-volume-type-access used request id req-4f69d86d-8b0d-4225-b99b-a1994da257cf request /usr/lib/python2.7/site-packages/keystoneauth1/session.py:844
2019-06-18 23:36:32.154 6401 DEBUG cinderclient.v2.client [-] RESP BODY: {"volume_type_access": [{"volume_type_id": "f813d455-f2ff-46c3-8dbf-42b65554bfee", "project_id": "ce5a94924e1440dbb64643cc5986e1f0"}]} _http_log_response /usr/lib/python2.7/site-packages/keystoneauth1/session.py:511
2019-06-18 23:36:32.155 6401 DEBUG cinderclient.v2.client [-] GET call to volumev2 for http://172.30.9.26:8776/v3/12bb9a3a8da74f7cb7da564009b32ef2/types/f813d455-f2ff-46c3-8dbf-42b65554bfee/os-volume-type-access used request id req-0eb81e86-3756-4ce1-b582-923fb4114b0b request /usr/lib/python2.7/site-packages/keystoneauth1/session.py:844
2019-06-18 23:36:32.155 6399 INFO rally.task.runner [-] Task 54f428db-4b39-4471-9cbe-a9e1802554e7 | ITER: 8 END: OK
2019-06-18 23:36:32.156 6401 INFO rally.task.runner [-] Task 54f428db-4b39-4471-9cbe-a9e1802554e7 | ITER: 6 END: OK
2019-06-18 23:36:32.160 6399 INFO rally.task.runner [-] Task 54f428db-4b39-4471-9cbe-a9e1802554e7 | ITER: 10 START
2019-06-18 23:36:32.189 6398 DEBUG cinderclient.v2.client [-] RESP: [200] Content-Encoding: gzip Content-Length: 128 Content-Type: application/json Date: Tue, 18 Jun 2019 23:36:31 GMT OpenStack-API-Version: volume 3.0 Server: Apache Vary: OpenStack-API-Version,Accept-Encoding x-compute-request-id: req-8c095f96-cc2a-4c2a-81b4-280fc03f5e6a x-openstack-request-id: req-8c095f96-cc2a-4c2a-81b4-280fc03f5e6a _http_log_response /usr/lib/python2.7/site-packages/keystoneauth1/session.py:479
2019-06-18 23:36:32.189 6398 DEBUG cinderclient.v2.client [-] RESP BODY: {"volume_type_access": [{"volume_type_id": "67bb974a-e569-417d-a357-763edd57e043", "project_id": "ce5a94924e1440dbb64643cc5986e1f0"}]} _http_log_response /usr/lib/python2.7/site-packages/keystoneauth1/session.py:511
2019-06-18 23:36:32.190 6398 DEBUG cinderclient.v2.client [-] GET call to volumev2 for http://172.30.9.26:8776/v3/12bb9a3a8da74f7cb7da564009b32ef2/types/67bb974a-e569-417d-a357-763edd57e043/os-volume-type-access used request id req-8c095f96-cc2a-4c2a-81b4-280fc03f5e6a request /usr/lib/python2.7/site-packages/keystoneauth1/session.py:844
2019-06-18 23:36:32.190 6398 INFO rally.task.runner [-] Task 54f428db-4b39-4471-9cbe-a9e1802554e7 | ITER: 5 END: OK
2019-06-18 23:36:32.393 6400 DEBUG cinderclient.v2.client [-] REQ: curl -g -i -X POST http://172.30.9.26:8776/v3/12bb9a3a8da74f7cb7da564009b32ef2/types -H "Accept: application/json" -H "Content-Type: application/json" -H "User-Agent: python-cinderclient" -H "X-Auth-Token: {SHA1}241ecd2c66578281f467794efad92eb08d02534f" -d '{"volume_type": {"os-volume-type-access:is_public": false, "name": "s_rally_94fcf4f3_o6xPMPxe", "description": "rally tests creating types"}}' _http_log_request /usr/lib/python2.7/site-packages/keystoneauth1/session.py:448
2019-06-18 23:36:32.615 6399 DEBUG cinderclient.v2.client [-] REQ: curl -g -i -X POST http://172.30.9.26:8776/v3/12bb9a3a8da74f7cb7da564009b32ef2/types -H "Accept: application/json" -H "Content-Type: application/json" -H "User-Agent: python-cinderclient" -H "X-Auth-Token: {SHA1}b8d28eca0de612091241b0c12e481471c2c42b8d" -d '{"volume_type": {"os-volume-type-access:is_public": false, "name": "s_rally_94fcf4f3_405C3Dmj", "description": "rally tests creating types"}}' _http_log_request /usr/lib/python2.7/site-packages/keystoneauth1/session.py:448
2019-06-18 23:36:32.729 6400 DEBUG cinderclient.v2.client [-] RESP: [200] Content-Encoding: gzip Content-Length: 181 Content-Type: application/json Date: Tue, 18 Jun 2019 23:36:32 GMT OpenStack-API-Version: volume 3.0 Server: Apache Vary: OpenStack-API-Version,Accept-Encoding x-compute-request-id: req-562b6b18-51e3-4000-beba-06bb52aada1f x-openstack-request-id: req-562b6b18-51e3-4000-beba-06bb52aada1f _http_log_response /usr/lib/python2.7/site-packages/keystoneauth1/session.py:479
2019-06-18 23:36:32.730 6400 DEBUG cinderclient.v2.client [-] RESP BODY: {"volume_type": {"name": "s_rally_94fcf4f3_o6xPMPxe", "extra_specs": {}, "os-volume-type-access:is_public": false, "is_public": false, "id": "2707036e-c252-4043-90d8-3fa79b8ea2ca", "description": "rally tests creating types"}} _http_log_response /usr/lib/python2.7/site-packages/keystoneauth1/session.py:511
2019-06-18 23:36:32.730 6400 DEBUG cinderclient.v2.client [-] POST call to volumev2 for http://172.30.9.26:8776/v3/12bb9a3a8da74f7cb7da564009b32ef2/types used request id req-562b6b18-51e3-4000-beba-06bb52aada1f request /usr/lib/python2.7/site-packages/keystoneauth1/session.py:844
2019-06-18 23:36:32.732 6400 DEBUG cinderclient.v2.client [-] REQ: curl -g -i -X POST http://172.30.9.26:8776/v3/12bb9a3a8da74f7cb7da564009b32ef2/types/2707036e-c252-4043-90d8-3fa79b8ea2ca/action -H "Accept: application/json" -H "Content-Type: application/json" -H "User-Agent: python-cinderclient" -H "X-Auth-Token: {SHA1}241ecd2c66578281f467794efad92eb08d02534f" -H "X-OpenStack-Request-ID: req-562b6b18-51e3-4000-beba-06bb52aada1f" -d '{"addProjectAccess": {"project": "a6bc1e74365f486f84846e1b079cf2ed"}}' _http_log_request /usr/lib/python2.7/site-packages/keystoneauth1/session.py:448
2019-06-18 23:36:32.963 6399 DEBUG cinderclient.v2.client [-] RESP: [200] Content-Encoding: gzip Content-Length: 179 Content-Type: application/json Date: Tue, 18 Jun 2019 23:36:32 GMT OpenStack-API-Version: volume 3.0 Server: Apache Vary: OpenStack-API-Version,Accept-Encoding x-compute-request-id: req-485418ab-f2c0-4525-863e-2f753f7e43e6 x-openstack-request-id: req-485418ab-f2c0-4525-863e-2f753f7e43e6 _http_log_response /usr/lib/python2.7/site-packages/keystoneauth1/session.py:479
2019-06-18 23:36:32.963 6399 DEBUG cinderclient.v2.client [-] RESP BODY: {"volume_type": {"name": "s_rally_94fcf4f3_405C3Dmj", "extra_specs": {}, "os-volume-type-access:is_public": false, "is_public": false, "id": "3eb1fced-2c0e-43d3-941f-a7da5a55489e", "description": "rally tests creating types"}} _http_log_response /usr/lib/python2.7/site-packages/keystoneauth1/session.py:511
2019-06-18 23:36:32.964 6399 DEBUG cinderclient.v2.client [-] POST call to volumev2 for http://172.30.9.26:8776/v3/12bb9a3a8da74f7cb7da564009b32ef2/types used request id req-485418ab-f2c0-4525-863e-2f753f7e43e6 request /usr/lib/python2.7/site-packages/keystoneauth1/session.py:844
2019-06-18 23:36:32.965 6399 DEBUG cinderclient.v2.client [-] REQ: curl -g -i -X POST http://172.30.9.26:8776/v3/12bb9a3a8da74f7cb7da564009b32ef2/types/3eb1fced-2c0e-43d3-941f-a7da5a55489e/action -H "Accept: application/json" -H "Content-Type: application/json" -H "User-Agent: python-cinderclient" -H "X-Auth-Token: {SHA1}b8d28eca0de612091241b0c12e481471c2c42b8d" -H "X-OpenStack-Request-ID: req-485418ab-f2c0-4525-863e-2f753f7e43e6" -d '{"addProjectAccess": {"project": "ce5a94924e1440dbb64643cc5986e1f0"}}' _http_log_request /usr/lib/python2.7/site-packages/keystoneauth1/session.py:448
2019-06-18 23:36:33.080 6400 DEBUG cinderclient.v2.client [-] RESP: [202] Content-Length: 0 Content-Type: text/html; charset=UTF-8 Date: Tue, 18 Jun 2019 23:36:32 GMT OpenStack-API-Version: volume 3.0 Server: Apache Vary: OpenStack-API-Version x-openstack-request-id: req-742edae0-38aa-4ff2-b64b-5d8512ffddf3 _http_log_response /usr/lib/python2.7/site-packages/keystoneauth1/session.py:479
2019-06-18 23:36:33.080 6400 DEBUG cinderclient.v2.client [-] RESP BODY: Omitted, Content-Type is set to text/html; charset=UTF-8. Only application/json responses have their bodies logged. _http_log_response /usr/lib/python2.7/site-packages/keystoneauth1/session.py:511
2019-06-18 23:36:33.080 6400 DEBUG cinderclient.v2.client [-] POST call to volumev2 for http://172.30.9.26:8776/v3/12bb9a3a8da74f7cb7da564009b32ef2/types/2707036e-c252-4043-90d8-3fa79b8ea2ca/action used request id req-742edae0-38aa-4ff2-b64b-5d8512ffddf3 request /usr/lib/python2.7/site-packages/keystoneauth1/session.py:844
2019-06-18 23:36:33.082 6400 DEBUG cinderclient.v2.client [-] REQ: curl -g -i -X GET http://172.30.9.26:8776/v3/12bb9a3a8da74f7cb7da564009b32ef2/types/2707036e-c252-4043-90d8-3fa79b8ea2ca/os-volume-type-access -H "Accept: application/json" -H "User-Agent: python-cinderclient" -H "X-Auth-Token: {SHA1}241ecd2c66578281f467794efad92eb08d02534f" -H "X-OpenStack-Request-ID: req-562b6b18-51e3-4000-beba-06bb52aada1f" _http_log_request /usr/lib/python2.7/site-packages/keystoneauth1/session.py:448
2019-06-18 23:36:33.211 6399 DEBUG cinderclient.v2.client [-] RESP: [202] Content-Length: 0 Content-Type: text/html; charset=UTF-8 Date: Tue, 18 Jun 2019 23:36:32 GMT OpenStack-API-Version: volume 3.0 Server: Apache Vary: OpenStack-API-Version x-openstack-request-id: req-e8f5c99c-1f21-44ae-adc5-8c241b20b85f _http_log_response /usr/lib/python2.7/site-packages/keystoneauth1/session.py:479
2019-06-18 23:36:33.212 6399 DEBUG cinderclient.v2.client [-] RESP BODY: Omitted, Content-Type is set to text/html; charset=UTF-8. Only application/json responses have their bodies logged. _http_log_response /usr/lib/python2.7/site-packages/keystoneauth1/session.py:511
2019-06-18 23:36:33.212 6399 DEBUG cinderclient.v2.client [-] POST call to volumev2 for http://172.30.9.26:8776/v3/12bb9a3a8da74f7cb7da564009b32ef2/types/3eb1fced-2c0e-43d3-941f-a7da5a55489e/action used request id req-e8f5c99c-1f21-44ae-adc5-8c241b20b85f request /usr/lib/python2.7/site-packages/keystoneauth1/session.py:844
2019-06-18 23:36:33.213 6399 DEBUG cinderclient.v2.client [-] REQ: curl -g -i -X GET http://172.30.9.26:8776/v3/12bb9a3a8da74f7cb7da564009b32ef2/types/3eb1fced-2c0e-43d3-941f-a7da5a55489e/os-volume-type-access -H "Accept: application/json" -H "User-Agent: python-cinderclient" -H "X-Auth-Token: {SHA1}b8d28eca0de612091241b0c12e481471c2c42b8d" -H "X-OpenStack-Request-ID: req-485418ab-f2c0-4525-863e-2f753f7e43e6" _http_log_request /usr/lib/python2.7/site-packages/keystoneauth1/session.py:448
2019-06-18 23:36:33.396 6400 DEBUG cinderclient.v2.client [-] RESP: [200] Content-Encoding: gzip Content-Length: 129 Content-Type: application/json Date: Tue, 18 Jun 2019 23:36:33 GMT OpenStack-API-Version: volume 3.0 Server: Apache Vary: OpenStack-API-Version,Accept-Encoding x-compute-request-id: req-3589b965-6502-428a-8654-1925745fb5a0 x-openstack-request-id: req-3589b965-6502-428a-8654-1925745fb5a0 _http_log_response /usr/lib/python2.7/site-packages/keystoneauth1/session.py:479
2019-06-18 23:36:33.397 6400 DEBUG cinderclient.v2.client [-] RESP BODY: {"volume_type_access": [{"volume_type_id": "2707036e-c252-4043-90d8-3fa79b8ea2ca", "project_id": "a6bc1e74365f486f84846e1b079cf2ed"}]} _http_log_response /usr/lib/python2.7/site-packages/keystoneauth1/session.py:511
2019-06-18 23:36:33.397 6400 DEBUG cinderclient.v2.client [-] GET call to volumev2 for http://172.30.9.26:8776/v3/12bb9a3a8da74f7cb7da564009b32ef2/types/2707036e-c252-4043-90d8-3fa79b8ea2ca/os-volume-type-access used request id req-3589b965-6502-428a-8654-1925745fb5a0 request /usr/lib/python2.7/site-packages/keystoneauth1/session.py:844
2019-06-18 23:36:33.398 6400 INFO rally.task.runner [-] Task 54f428db-4b39-4471-9cbe-a9e1802554e7 | ITER: 9 END: OK
2019-06-18 23:36:33.445 6399 DEBUG cinderclient.v2.client [-] RESP: [200] Content-Encoding: gzip Content-Length: 129 Content-Type: application/json Date: Tue, 18 Jun 2019 23:36:33 GMT OpenStack-API-Version: volume 3.0 Server: Apache Vary: OpenStack-API-Version,Accept-Encoding x-compute-request-id: req-d7d19235-dc30-45f7-ba52-7aa609e37a60 x-openstack-request-id: req-d7d19235-dc30-45f7-ba52-7aa609e37a60 _http_log_response /usr/lib/python2.7/site-packages/keystoneauth1/session.py:479
2019-06-18 23:36:33.445 6399 DEBUG cinderclient.v2.client [-] RESP BODY: {"volume_type_access": [{"volume_type_id": "3eb1fced-2c0e-43d3-941f-a7da5a55489e", "project_id": "ce5a94924e1440dbb64643cc5986e1f0"}]} _http_log_response /usr/lib/python2.7/site-packages/keystoneauth1/session.py:511
2019-06-18 23:36:33.446 6399 DEBUG cinderclient.v2.client [-] GET call to volumev2 for http://172.30.9.26:8776/v3/12bb9a3a8da74f7cb7da564009b32ef2/types/3eb1fced-2c0e-43d3-941f-a7da5a55489e/os-volume-type-access used request id req-d7d19235-dc30-45f7-ba52-7aa609e37a60 request /usr/lib/python2.7/site-packages/keystoneauth1/session.py:844
2019-06-18 23:36:33.446 6399 INFO rally.task.runner [-] Task 54f428db-4b39-4471-9cbe-a9e1802554e7 | ITER: 10 END: OK
2019-06-18 23:36:33.467 1842 INFO rally.task.context [-] Task 54f428db-4b39-4471-9cbe-a9e1802554e7 | Context admin_cleanup@openstack cleanup() started
2019-06-18 23:36:33.469 1842 RALLYDEBUG rally_openstack.cleanup.manager [-] Cleaning up cinder volume_types objects
2019-06-18 23:36:34.164 1842 RALLYDEBUG rally_openstack.cleanup.manager [-] Deleting cinder.volume_types object s_rally_94fcf4f3_Wq14uhOg (fef44259-08f2-4b97-a83d-ac8cd06ebd78)
2019-06-18 23:36:34.165 1842 RALLYDEBUG rally_openstack.cleanup.manager [-] Deleting cinder.volume_types object s_rally_94fcf4f3_d80y1RpT (d06c3627-4fc3-4f9e-9501-b83e9838f577)
2019-06-18 23:36:34.174 1842 RALLYDEBUG rally_openstack.cleanup.manager [-] Deleting cinder.volume_types object s_rally_94fcf4f3_Aoe3Pd5i (2d942b14-56e7-4c69-8fe5-96768f79777d)
2019-06-18 23:36:34.176 1842 RALLYDEBUG rally_openstack.cleanup.manager [-] Deleting cinder.volume_types object s_rally_94fcf4f3_o6xPMPxe (2707036e-c252-4043-90d8-3fa79b8ea2ca)
2019-06-18 23:36:34.178 1842 RALLYDEBUG rally_openstack.cleanup.manager [-] Deleting cinder.volume_types object s_rally_94fcf4f3_wriegRS6 (f813d455-f2ff-46c3-8dbf-42b65554bfee)
2019-06-18 23:36:34.186 1842 RALLYDEBUG rally_openstack.cleanup.manager [-] Deleting cinder.volume_types object s_rally_94fcf4f3_wW0J4tO2 (ce387b48-d7fc-4547-9449-959b97939277)
2019-06-18 23:36:34.189 1842 RALLYDEBUG rally_openstack.cleanup.manager [-] Deleting cinder.volume_types object s_rally_94fcf4f3_405C3Dmj (3eb1fced-2c0e-43d3-941f-a7da5a55489e)
2019-06-18 23:36:34.196 1842 RALLYDEBUG rally_openstack.cleanup.manager [-] Deleting cinder.volume_types object s_rally_94fcf4f3_BmOMOcbQ (4017dc0f-7152-4f9e-bb86-0c31b6ec9fc2)
2019-06-18 23:36:34.199 1842 RALLYDEBUG rally_openstack.cleanup.manager [-] Deleting cinder.volume_types object s_rally_94fcf4f3_tYuQqd7O (c7f746c2-0d5d-4a18-b36d-3e8f75c28754)
2019-06-18 23:36:34.204 1842 RALLYDEBUG rally_openstack.cleanup.manager [-] Deleting cinder.volume_types object s_rally_94fcf4f3_agCtmv4m (67bb974a-e569-417d-a357-763edd57e043)
2019-06-18 23:36:36.587 1842 RALLYDEBUG rally_openstack.cleanup.manager [-] Cleaning up cinder image_volumes_cache objects
2019-06-18 23:36:37.904 1842 RALLYDEBUG rally_openstack.cleanup.manager [-] Cleaning up cinder quotas objects
2019-06-18 23:36:39.633 1842 RALLYDEBUG rally_openstack.cleanup.manager [-] Cleaning up cinder qos_specs objects
2019-06-18 23:36:40.405 1842 INFO rally.task.context [-] Task 54f428db-4b39-4471-9cbe-a9e1802554e7 | Context admin_cleanup@openstack cleanup() finished in 6.94 sec
2019-06-18 23:36:40.405 1842 INFO rally.task.context [-] Task 54f428db-4b39-4471-9cbe-a9e1802554e7 | Context api_versions@openstack cleanup() started
2019-06-18 23:36:40.405 1842 INFO rally.task.context [-] Task 54f428db-4b39-4471-9cbe-a9e1802554e7 | Context api_versions@openstack cleanup() finished in 0.33 msec
2019-06-18 23:36:40.406 1842 INFO rally.task.context [-] Task 54f428db-4b39-4471-9cbe-a9e1802554e7 | Context users@openstack cleanup() started
2019-06-18 23:36:48.587 1842 INFO rally.task.context [-] Task 54f428db-4b39-4471-9cbe-a9e1802554e7 | Context users@openstack cleanup() finished in 8.18 sec
2019-06-18 23:36:50.321 1842 INFO rally.task.engine [-] Load duration is: 4.122818
2019-06-18 23:36:50.321 1842 INFO rally.task.engine [-] Full runner duration is: 4.165226
2019-06-18 23:36:50.322 1842 INFO rally.task.engine [-] Full duration is: 24.412688
2019-06-18 23:36:50.517 1842 INFO rally.task.engine [-] Task 54f428db-4b39-4471-9cbe-a9e1802554e7 | Completed: Running task.
2019-06-18 23:36:51.539 6540 RALLYDEBUG rally.api [-] INFO logs from urllib3 and requests module are hide.
2019-06-18 23:36:51.539 6540 RALLYDEBUG rally.api [-] urllib3 insecure warnings are hidden.
2019-06-18 23:36:51.539 6540 RALLYDEBUG rally.api [-] ERROR log from boto module is hide.
2019-06-18 23:36:52.486 6541 RALLYDEBUG rally.api [-] INFO logs from urllib3 and requests module are hide.
2019-06-18 23:36:52.486 6541 RALLYDEBUG rally.api [-] urllib3 insecure warnings are hidden.
2019-06-18 23:36:52.487 6541 RALLYDEBUG rally.api [-] ERROR log from boto module is hide.
2019-06-18 23:36:53.789 6541 INFO rally.api [-] Building 'json' report for the following task(s): '54f428db-4b39-4471-9cbe-a9e1802554e7'.
2019-06-18 23:36:53.836 6541 INFO rally.api [-] The report has been successfully built.
2019-06-18 23:36:54.719 6543 RALLYDEBUG rally.api [-] INFO logs from urllib3 and requests module are hide.
2019-06-18 23:36:54.719 6543 RALLYDEBUG rally.api [-] urllib3 insecure warnings are hidden.
2019-06-18 23:36:54.719 6543 RALLYDEBUG rally.api [-] ERROR log from boto module is hide.
2019-06-18 23:36:56.100 6543 INFO rally.task.engine [-] Task 48ea3fd8-5403-4fbe-9e70-9926eab6e3e1 | Starting: Task validation.
2019-06-18 23:36:56.284 6543 INFO rally.task.engine [-] Task 48ea3fd8-5403-4fbe-9e70-9926eab6e3e1 | Starting: Task validation of syntax.
2019-06-18 23:36:56.467 6543 INFO rally.task.engine [-] Task 48ea3fd8-5403-4fbe-9e70-9926eab6e3e1 | Completed: Task validation of syntax.
2019-06-18 23:36:56.467 6543 INFO rally.task.engine [-] Task 48ea3fd8-5403-4fbe-9e70-9926eab6e3e1 | Starting: Task validation of required platforms.
2019-06-18 23:36:56.529 6543 INFO rally.task.engine [-] Task 48ea3fd8-5403-4fbe-9e70-9926eab6e3e1 | Completed: Task validation of required platforms.
2019-06-18 23:36:56.529 6543 INFO rally.task.engine [-] Task 48ea3fd8-5403-4fbe-9e70-9926eab6e3e1 | Starting: Task validation of semantic.
2019-06-18 23:36:56.529 6543 INFO rally.task.engine [-] Check health of the environment '5f4288a7-a846-4057-8212-b88519d946d5'.
2019-06-18 23:36:57.281 6543 INFO rally.task.engine [-] Platform existing@openstack (available: True): OK!
2019-06-18 23:36:57.300 6543 RALLYDEBUG rally_openstack.contexts.keystone.users [-] Creating 1 tenants using 20 threads
2019-06-18 23:36:59.230 6543 RALLYDEBUG rally_openstack.contexts.keystone.users [-] Creating 1 users using 20 threads
2019-06-18 23:37:01.988 6543 INFO rally.task.context [-] Task 48ea3fd8-5403-4fbe-9e70-9926eab6e3e1 | Context users@openstack setup() finished in 4.69 sec
2019-06-18 23:37:09.265 6543 INFO rally.task.context [-] Task 48ea3fd8-5403-4fbe-9e70-9926eab6e3e1 | Context users@openstack cleanup() started
2019-06-18 23:37:14.527 6543 INFO rally.task.context [-] Task 48ea3fd8-5403-4fbe-9e70-9926eab6e3e1 | Context users@openstack cleanup() finished in 5.26 sec
2019-06-18 23:37:14.528 6543 INFO rally.task.engine [-] Task 48ea3fd8-5403-4fbe-9e70-9926eab6e3e1 | Completed: Task validation of semantic.
2019-06-18 23:37:14.528 6543 INFO rally.task.engine [-] Task 48ea3fd8-5403-4fbe-9e70-9926eab6e3e1 | Completed: Task validation.
2019-06-18 23:37:14.528 6543 INFO rally.api [-] Task 48ea3fd8-5403-4fbe-9e70-9926eab6e3e1 input file is valid.
2019-06-18 23:37:14.529 6543 INFO rally.api [-] Run Task 48ea3fd8-5403-4fbe-9e70-9926eab6e3e1 against Deployment 5f4288a7-a846-4057-8212-b88519d946d5
2019-06-18 23:37:14.529 6543 INFO rally.task.engine [-] Task 48ea3fd8-5403-4fbe-9e70-9926eab6e3e1 | Starting: Running task.
2019-06-18 23:37:14.687 6543 INFO rally.task.engine [-] Running workload: position = 0 config = { "version": 2, "title": "A cropped version of a bigger task.", "description": "Auto-generated task from a single workload (uuid=2aadcb16-05a9-4916-894c-4eb8a08b0be9)", "subtasks": [ { "title": "Gnocchi.list_capabilities", "description": "List supported aggregation methods.", "scenario": { "Gnocchi.list_capabilities": {} }, "contexts": { "users": { "tenants": 3, "users_per_tenant": 2 } }, "runner": { "constant": { "concurrency": 4, "times": 10 } }, "hooks": [], "sla": { "failure_rate": { "max": 0 } } } ] }
2019-06-18 23:37:14.720 6543 RALLYDEBUG rally_openstack.contexts.keystone.users [-] Creating 3 tenants using 20 threads
2019-06-18 23:37:16.655 6543 RALLYDEBUG rally_openstack.contexts.keystone.users [-] Creating 6 users using 20 threads
2019-06-18 23:37:19.579 6543 INFO rally.task.context [-] Task 48ea3fd8-5403-4fbe-9e70-9926eab6e3e1 | Context users@openstack setup() finished in 4.86 sec
2019-06-18 23:37:19.586 6543 RALLYDEBUG rally.task.runner [-] Starting the constant runner (task UUID: 48ea3fd8-5403-4fbe-9e70-9926eab6e3e1). timeout: 0 concurrency: 4 concurrency_per_worker: 1 times: 10 concurrency_overhead: 0 processes_to_start: 4 max_cpu_used: 16
2019-06-18 23:37:19.612 6667 RALLYDEBUG rally.task.runner [-] Starting a worker. concurrency: 1 args: {} times: 10 method_name: run timeout: 0 duration: None cls:
2019-06-18 23:37:19.614 6668 RALLYDEBUG rally.task.runner [-] Starting a worker. concurrency: 1 args: {} times: 10 method_name: run timeout: 0 duration: None cls:
2019-06-18 23:37:19.617 6669 RALLYDEBUG rally.task.runner [-] Starting a worker. concurrency: 1 args: {} times: 10 method_name: run timeout: 0 duration: None cls:
2019-06-18 23:37:19.618 6667 INFO rally.task.runner [-] Task 48ea3fd8-5403-4fbe-9e70-9926eab6e3e1 | ITER: 1 START
2019-06-18 23:37:19.618 6670 RALLYDEBUG rally.task.runner [-] Starting a worker. concurrency: 1 args: {} times: 10 method_name: run timeout: 0 duration: None cls:
2019-06-18 23:37:19.620 6668 INFO rally.task.runner [-] Task 48ea3fd8-5403-4fbe-9e70-9926eab6e3e1 | ITER: 2 START
2019-06-18 23:37:19.622 6669 INFO rally.task.runner [-] Task 48ea3fd8-5403-4fbe-9e70-9926eab6e3e1 | ITER: 3 START
2019-06-18 23:37:19.622 6670 INFO rally.task.runner [-] Task 48ea3fd8-5403-4fbe-9e70-9926eab6e3e1 | ITER: 4 START
2019-06-18 23:37:20.344 6667 INFO rally.task.runner [-] Task 48ea3fd8-5403-4fbe-9e70-9926eab6e3e1 | ITER: 1 END: OK
2019-06-18 23:37:20.348 6667 INFO rally.task.runner [-] Task 48ea3fd8-5403-4fbe-9e70-9926eab6e3e1 | ITER: 5 START
2019-06-18 23:37:20.362 6669 INFO rally.task.runner [-] Task 48ea3fd8-5403-4fbe-9e70-9926eab6e3e1 | ITER: 3 END: OK
2019-06-18 23:37:20.366 6669 INFO rally.task.runner [-] Task 48ea3fd8-5403-4fbe-9e70-9926eab6e3e1 | ITER: 6 START
2019-06-18 23:37:20.367 6668 INFO rally.task.runner [-] Task 48ea3fd8-5403-4fbe-9e70-9926eab6e3e1 | ITER: 2 END: OK
2019-06-18 23:37:20.371 6668 INFO rally.task.runner [-] Task 48ea3fd8-5403-4fbe-9e70-9926eab6e3e1 | ITER: 7 START
2019-06-18 23:37:20.377 6670 INFO rally.task.runner [-] Task 48ea3fd8-5403-4fbe-9e70-9926eab6e3e1 | ITER: 4 END: OK
2019-06-18 23:37:20.382 6670 INFO rally.task.runner [-] Task 48ea3fd8-5403-4fbe-9e70-9926eab6e3e1 | ITER: 8 START
