2019-06-18 23:33:43.035 1842 INFO rally.task.context [-] Task 54f428db-4b39-4471-9cbe-a9e1802554e7 | Context api_versions@openstack cleanup() started
2019-06-18 23:33:43.035 1842 INFO rally.task.context [-] Task 54f428db-4b39-4471-9cbe-a9e1802554e7 | Context api_versions@openstack cleanup() finished in 0.36 msec
2019-06-18 23:33:43.036 1842 INFO rally.task.context [-] Task 54f428db-4b39-4471-9cbe-a9e1802554e7 | Context users@openstack cleanup() started
2019-06-18 23:33:51.281 1842 INFO rally.task.context [-] Task 54f428db-4b39-4471-9cbe-a9e1802554e7 | Context users@openstack cleanup() finished in 8.24 sec
2019-06-18 23:33:51.670 1842 INFO rally.task.engine [-] Load duration is: 3.148152
2019-06-18 23:33:51.670 1842 INFO rally.task.engine [-] Full runner duration is: 3.202769
2019-06-18 23:33:51.671 1842 INFO rally.task.engine [-] Full duration is: 23.72373
2019-06-18 23:33:51.889 1842 INFO rally.task.engine [-] Running workload: position = 0 config = { "version": 2, "title": "A cropped version of a bigger task.", "description": "Auto-generated task from a single workload (uuid=f9f50b6e-5706-427d-9bc9-25009eadbee7)", "subtasks": [ { "title": "CinderQos.create_and_list_qos", "description": "Create a qos, then list all qos.", "scenario": { "CinderQos.create_and_list_qos": { "consumer": "both", "write_iops_sec": "10", "read_iops_sec": "1000" } }, "contexts": { "users": { "tenants": 3, "users_per_tenant": 2 }, "api_versions": { "cinder": { "version": 3, "service_type": "volumev3" } } }, "runner": { "constant": { "concurrency": 4, "times": 10 } }, "hooks": [], "sla": { "failure_rate": { "max": 0 } } } ] }
2019-06-18 23:33:51.912 1842 RALLYDEBUG rally_openstack.contexts.keystone.users [-] Creating 3 tenants using 20 threads
2019-06-18 23:33:53.995 1842 RALLYDEBUG rally_openstack.contexts.keystone.users [-] Creating 6 users using 20 threads
2019-06-18 23:33:56.786 1842 INFO rally.task.context [-] Task 54f428db-4b39-4471-9cbe-a9e1802554e7 | Context users@openstack setup() finished in 4.87 sec
2019-06-18 23:33:57.211 1842 INFO rally.task.context [-] Task 54f428db-4b39-4471-9cbe-a9e1802554e7 | Context api_versions@openstack setup() finished in 0.42 sec
2019-06-18 23:33:57.211 1842 INFO rally.task.context [-] Task 54f428db-4b39-4471-9cbe-a9e1802554e7 | Context admin_cleanup@openstack setup() finished in 0.00 msec
2019-06-18 23:33:57.218 1842 RALLYDEBUG rally.task.runner [-] Starting the constant runner (task UUID: 54f428db-4b39-4471-9cbe-a9e1802554e7). timeout: 0 concurrency: 4 concurrency_per_worker: 1 times: 10 concurrency_overhead: 0 processes_to_start: 4 max_cpu_used: 16
2019-06-18 23:33:57.229 5295 RALLYDEBUG rally.task.runner [-] Starting a worker. concurrency: 1 args: {"consumer": "both", "write_iops_sec": "10", "read_iops_sec": "1000"} times: 10 method_name: run timeout: 0 duration: None cls:
2019-06-18 23:33:57.229 5294 RALLYDEBUG rally.task.runner [-] Starting a worker. concurrency: 1 args: {"consumer": "both", "write_iops_sec": "10", "read_iops_sec": "1000"} times: 10 method_name: run timeout: 0 duration: None cls:
2019-06-18 23:33:57.233 5295 INFO rally.task.runner [-] Task 54f428db-4b39-4471-9cbe-a9e1802554e7 | ITER: 1 START
2019-06-18 23:33:57.234 5296 RALLYDEBUG rally.task.runner [-] Starting a worker. concurrency: 1 args: {"consumer": "both", "write_iops_sec": "10", "read_iops_sec": "1000"} times: 10 method_name: run timeout: 0 duration: None cls:
2019-06-18 23:33:57.235 5294 INFO rally.task.runner [-] Task 54f428db-4b39-4471-9cbe-a9e1802554e7 | ITER: 2 START
2019-06-18 23:33:57.239 5297 RALLYDEBUG rally.task.runner [-] Starting a worker. concurrency: 1 args: {"consumer": "both", "write_iops_sec": "10", "read_iops_sec": "1000"} times: 10 method_name: run timeout: 0 duration: None cls:
2019-06-18 23:33:57.240 5296 INFO rally.task.runner [-] Task 54f428db-4b39-4471-9cbe-a9e1802554e7 | ITER: 3 START
2019-06-18 23:33:57.246 5297 INFO rally.task.runner [-] Task 54f428db-4b39-4471-9cbe-a9e1802554e7 | ITER: 4 START
2019-06-18 23:33:58.302 5294 INFO rally.task.runner [-] Task 54f428db-4b39-4471-9cbe-a9e1802554e7 | ITER: 2 END: OK
2019-06-18 23:33:58.304 5295 INFO rally.task.runner [-] Task 54f428db-4b39-4471-9cbe-a9e1802554e7 | ITER: 1 END: OK
2019-06-18 23:33:58.307 5294 INFO rally.task.runner [-] Task 54f428db-4b39-4471-9cbe-a9e1802554e7 | ITER: 5 START
2019-06-18 23:33:58.308 5295 INFO rally.task.runner [-] Task 54f428db-4b39-4471-9cbe-a9e1802554e7 | ITER: 6 START
2019-06-18 23:33:58.326 5296 INFO rally.task.runner [-] Task 54f428db-4b39-4471-9cbe-a9e1802554e7 | ITER: 3 END: OK
2019-06-18 23:33:58.330 5296 INFO rally.task.runner [-] Task 54f428db-4b39-4471-9cbe-a9e1802554e7 | ITER: 7 START
2019-06-18 23:33:58.394 5297 INFO rally.task.runner [-] Task 54f428db-4b39-4471-9cbe-a9e1802554e7 | ITER: 4 END: OK
2019-06-18 23:33:58.399 5297 INFO rally.task.runner [-] Task 54f428db-4b39-4471-9cbe-a9e1802554e7 | ITER: 8 START
2019-06-18 23:33:59.386 5295 INFO rally.task.runner [-] Task 54f428db-4b39-4471-9cbe-a9e1802554e7 | ITER: 6 END: OK
2019-06-18 23:33:59.391 5295 INFO rally.task.runner [-] Task 54f428db-4b39-4471-9cbe-a9e1802554e7 | ITER: 9 START
2019-06-18 23:33:59.415 5296 INFO rally.task.runner [-] Task 54f428db-4b39-4471-9cbe-a9e1802554e7 | ITER: 7 END: OK
2019-06-18 23:33:59.418 5296 INFO rally.task.runner [-] Task 54f428db-4b39-4471-9cbe-a9e1802554e7 | ITER: 10 START
2019-06-18 23:33:59.449 5297 INFO rally.task.runner [-] Task 54f428db-4b39-4471-9cbe-a9e1802554e7 | ITER: 8 END: OK
2019-06-18 23:33:59.504 5294 INFO rally.task.runner [-] Task 54f428db-4b39-4471-9cbe-a9e1802554e7 | ITER: 5 END: OK
2019-06-18 23:34:00.373 5295 INFO rally.task.runner [-] Task 54f428db-4b39-4471-9cbe-a9e1802554e7 | ITER: 9 END: OK
2019-06-18 23:34:00.408 5296 INFO rally.task.runner [-] Task 54f428db-4b39-4471-9cbe-a9e1802554e7 | ITER: 10 END: OK
2019-06-18 23:34:00.430 1842 INFO rally.task.context [-] Task 54f428db-4b39-4471-9cbe-a9e1802554e7 | Context admin_cleanup@openstack cleanup() started
2019-06-18 23:34:00.432 1842 RALLYDEBUG rally_openstack.cleanup.manager [-] Cleaning up cinder volume_types objects
2019-06-18 23:34:01.126 1842 RALLYDEBUG rally_openstack.cleanup.manager [-] Cleaning up cinder image_volumes_cache objects
2019-06-18 23:34:02.497 1842 RALLYDEBUG rally_openstack.cleanup.manager [-] Cleaning up cinder quotas objects
2019-06-18 23:34:04.235 1842 RALLYDEBUG rally_openstack.cleanup.manager [-] Cleaning up cinder qos_specs objects
2019-06-18 23:34:04.971 1842 RALLYDEBUG rally_openstack.cleanup.manager [-] Deleting cinder.qos_specs object s_rally_f9f50b6e_9oGZt2zc (99304d1f-9ad1-490c-a909-69bf6e403f0e)
2019-06-18 23:34:04.979 1842 RALLYDEBUG rally_openstack.cleanup.manager [-] Deleting cinder.qos_specs object s_rally_f9f50b6e_BiF8gmK8 (7807dfd6-2da1-4b6f-b1ed-50f67119f3c2)
2019-06-18 23:34:04.987 1842 RALLYDEBUG rally_openstack.cleanup.manager [-] Deleting cinder.qos_specs object s_rally_f9f50b6e_KG2u0bsw (ea324c48-7f76-4f2b-adca-6ecb7d980fd2)
2019-06-18 23:34:04.995 1842 RALLYDEBUG rally_openstack.cleanup.manager [-] Deleting cinder.qos_specs object s_rally_f9f50b6e_14CPzKIm (91b409c5-2b83-4bde-82f4-913c38d25490)
2019-06-18 23:34:04.999 1842 RALLYDEBUG rally_openstack.cleanup.manager [-] Deleting cinder.qos_specs object s_rally_f9f50b6e_SWiffRsv (6e8e620a-ebe5-4525-85e5-c87ae5b30058)
2019-06-18 23:34:05.025 1842 RALLYDEBUG rally_openstack.cleanup.manager [-] Deleting cinder.qos_specs object s_rally_f9f50b6e_HfRQynO3 (3081f543-6f99-4b20-b99f-1d653ea0db41)
2019-06-18 23:34:05.034 1842 RALLYDEBUG rally_openstack.cleanup.manager [-] Deleting cinder.qos_specs object s_rally_f9f50b6e_uHEI6B4K (f55e90b7-c02d-4504-b9ab-00bddab41a9a)
2019-06-18 23:34:05.043 1842 RALLYDEBUG rally_openstack.cleanup.manager [-] Deleting cinder.qos_specs object s_rally_f9f50b6e_vgfGsCPy (345ae803-84df-43c0-8c1b-6875b3af5c0c)
2019-06-18 23:34:05.064 1842 RALLYDEBUG rally_openstack.cleanup.manager [-] Deleting cinder.qos_specs object s_rally_f9f50b6e_bVolOetv (b9fe9ec9-03c1-4c1e-9015-44239fd41652)
2019-06-18 23:34:05.072 1842 RALLYDEBUG rally_openstack.cleanup.manager [-] Deleting cinder.qos_specs object s_rally_f9f50b6e_1S8EJyrL (275d401c-70c0-4ce3-9da7-37652637286b)
2019-06-18 23:34:07.437 1842 INFO rally.task.context [-] Task 54f428db-4b39-4471-9cbe-a9e1802554e7 | Context admin_cleanup@openstack cleanup() finished in 7.01 sec
2019-06-18 23:34:07.438 1842 INFO rally.task.context [-] Task 54f428db-4b39-4471-9cbe-a9e1802554e7 | Context api_versions@openstack cleanup() started
2019-06-18 23:34:07.438 1842 INFO rally.task.context [-] Task 54f428db-4b39-4471-9cbe-a9e1802554e7 | Context api_versions@openstack cleanup() finished in 0.34 msec
2019-06-18 23:34:07.439 1842 INFO rally.task.context [-] Task 54f428db-4b39-4471-9cbe-a9e1802554e7 | Context users@openstack cleanup() started
2019-06-18 23:34:15.598 1842 INFO rally.task.context [-] Task 54f428db-4b39-4471-9cbe-a9e1802554e7 | Context users@openstack cleanup() finished in 8.16 sec
2019-06-18 23:34:16.016 1842 INFO rally.task.engine [-] Load duration is: 3.17114
2019-06-18 23:34:16.017 1842 INFO rally.task.engine [-] Full runner duration is: 3.21235
2019-06-18 23:34:16.017 1842 INFO rally.task.engine [-] Full duration is: 23.688463
2019-06-18 23:34:16.272 1842 INFO rally.task.engine [-] Running workload: position = 0 config = { "version": 2, "title": "A cropped version of a bigger task.", "description": "Auto-generated task from a single workload (uuid=a3f659df-0cbf-4fdf-860c-0a874e9ac868)", "subtasks": [ { "title": "CinderQos.create_and_set_qos", "description": "Create a qos, then Add/Update keys in qos specs.", "scenario": { "CinderQos.create_and_set_qos": { "consumer": "back-end", "write_iops_sec": "10", "read_iops_sec": "1000", "set_consumer": "both", "set_write_iops_sec": "11", "set_read_iops_sec": "1001" } }, "contexts": { "users": { "tenants": 3, "users_per_tenant": 2 }, "api_versions": { "cinder": { "version": 3, "service_type": "volumev3" } } }, "runner": { "constant": { "concurrency": 4, "times": 10 } }, "hooks": [], "sla": { "failure_rate": { "max": 0 } } } ] }
2019-06-18 23:34:16.297 1842 RALLYDEBUG rally_openstack.contexts.keystone.users [-] Creating 3 tenants using 20 threads
2019-06-18 23:34:18.321 1842 RALLYDEBUG rally_openstack.contexts.keystone.users [-] Creating 6 users using 20 threads
2019-06-18 23:34:21.152 1842 INFO rally.task.context [-] Task 54f428db-4b39-4471-9cbe-a9e1802554e7 | Context users@openstack setup() finished in 4.85 sec
2019-06-18 23:34:21.588 1842 INFO rally.task.context [-] Task 54f428db-4b39-4471-9cbe-a9e1802554e7 | Context api_versions@openstack setup() finished in 0.44 sec
2019-06-18 23:34:21.588 1842 INFO rally.task.context [-] Task 54f428db-4b39-4471-9cbe-a9e1802554e7 | Context admin_cleanup@openstack setup() finished in 0.01 msec
2019-06-18 23:34:21.596 1842 RALLYDEBUG rally.task.runner [-] Starting the constant runner (task UUID: 54f428db-4b39-4471-9cbe-a9e1802554e7). timeout: 0 concurrency: 4 concurrency_per_worker: 1 times: 10 concurrency_overhead: 0 processes_to_start: 4 max_cpu_used: 16
2019-06-18 23:34:21.606 5478 RALLYDEBUG rally.task.runner [-] Starting a worker. concurrency: 1 args: {"consumer": "back-end", "write_iops_sec": "10", "read_iops_sec": "1000", "set_consumer": "both", "set_write_iops_sec": "11", "set_read_iops_sec": "1001"} times: 10 method_name: run timeout: 0 duration: None cls:
2019-06-18 23:34:21.612 5478 INFO rally.task.runner [-] Task 54f428db-4b39-4471-9cbe-a9e1802554e7 | ITER: 1 START
2019-06-18 23:34:21.612 5479 RALLYDEBUG rally.task.runner [-] Starting a worker. concurrency: 1 args: {"consumer": "back-end", "write_iops_sec": "10", "read_iops_sec": "1000", "set_consumer": "both", "set_write_iops_sec": "11", "set_read_iops_sec": "1001"} times: 10 method_name: run timeout: 0 duration: None cls:
2019-06-18 23:34:21.615 5480 RALLYDEBUG rally.task.runner [-] Starting a worker. concurrency: 1 args: {"consumer": "back-end", "write_iops_sec": "10", "read_iops_sec": "1000", "set_consumer": "both", "set_write_iops_sec": "11", "set_read_iops_sec": "1001"} times: 10 method_name: run timeout: 0 duration: None cls:
2019-06-18 23:34:21.618 5482 RALLYDEBUG rally.task.runner [-] Starting a worker. concurrency: 1 args: {"consumer": "back-end", "write_iops_sec": "10", "read_iops_sec": "1000", "set_consumer": "both", "set_write_iops_sec": "11", "set_read_iops_sec": "1001"} times: 10 method_name: run timeout: 0 duration: None cls:
2019-06-18 23:34:21.619 5479 INFO rally.task.runner [-] Task 54f428db-4b39-4471-9cbe-a9e1802554e7 | ITER: 2 START
2019-06-18 23:34:21.623 5480 INFO rally.task.runner [-] Task 54f428db-4b39-4471-9cbe-a9e1802554e7 | ITER: 3 START
2019-06-18 23:34:21.626 5482 INFO rally.task.runner [-] Task 54f428db-4b39-4471-9cbe-a9e1802554e7 | ITER: 4 START
2019-06-18 23:34:22.702 5479 INFO rally.task.runner [-] Task 54f428db-4b39-4471-9cbe-a9e1802554e7 | ITER: 2 END: OK
2019-06-18 23:34:22.708 5479 INFO rally.task.runner [-] Task 54f428db-4b39-4471-9cbe-a9e1802554e7 | ITER: 5 START
2019-06-18 23:34:22.769 5482 INFO rally.task.runner [-] Task 54f428db-4b39-4471-9cbe-a9e1802554e7 | ITER: 4 END: OK
2019-06-18 23:34:22.774 5482 INFO rally.task.runner [-] Task 54f428db-4b39-4471-9cbe-a9e1802554e7 | ITER: 6 START
2019-06-18 23:34:22.824 5478 INFO rally.task.runner [-] Task 54f428db-4b39-4471-9cbe-a9e1802554e7 | ITER: 1 END: OK
2019-06-18 23:34:22.830 5478 INFO rally.task.runner [-] Task 54f428db-4b39-4471-9cbe-a9e1802554e7 | ITER: 7 START
2019-06-18 23:34:22.835 5480 INFO rally.task.runner [-] Task 54f428db-4b39-4471-9cbe-a9e1802554e7 | ITER: 3 END: OK
2019-06-18 23:34:22.840 5480 INFO rally.task.runner [-] Task 54f428db-4b39-4471-9cbe-a9e1802554e7 | ITER: 8 START
2019-06-18 23:34:23.828 5479 INFO rally.task.runner [-] Task 54f428db-4b39-4471-9cbe-a9e1802554e7 | ITER: 5 END: OK
2019-06-18 23:34:23.832 5479 INFO rally.task.runner [-] Task 54f428db-4b39-4471-9cbe-a9e1802554e7 | ITER: 9 START
2019-06-18 23:34:23.991 5480 INFO rally.task.runner [-] Task 54f428db-4b39-4471-9cbe-a9e1802554e7 | ITER: 8 END: OK
2019-06-18 23:34:23.994 5480 INFO rally.task.runner [-] Task 54f428db-4b39-4471-9cbe-a9e1802554e7 | ITER: 10 START
2019-06-18 23:34:24.031 5482 INFO rally.task.runner [-] Task 54f428db-4b39-4471-9cbe-a9e1802554e7 | ITER: 6 END: OK
2019-06-18 23:34:24.086 5478 INFO rally.task.runner [-] Task 54f428db-4b39-4471-9cbe-a9e1802554e7 | ITER: 7 END: OK
2019-06-18 23:34:24.876 5479 INFO rally.task.runner [-] Task 54f428db-4b39-4471-9cbe-a9e1802554e7 | ITER: 9 END: OK
2019-06-18 23:34:25.115 5480 INFO rally.task.runner [-] Task 54f428db-4b39-4471-9cbe-a9e1802554e7 | ITER: 10 END: OK
2019-06-18 23:34:25.144 1842 INFO rally.task.context [-] Task 54f428db-4b39-4471-9cbe-a9e1802554e7 | Context admin_cleanup@openstack cleanup() started
2019-06-18 23:34:25.146 1842 RALLYDEBUG rally_openstack.cleanup.manager [-] Cleaning up cinder volume_types objects
2019-06-18 23:34:25.899 1842 RALLYDEBUG rally_openstack.cleanup.manager [-] Cleaning up cinder image_volumes_cache objects
2019-06-18 23:34:27.193 1842 RALLYDEBUG rally_openstack.cleanup.manager [-] Cleaning up cinder quotas objects
2019-06-18 23:34:29.029 1842 RALLYDEBUG rally_openstack.cleanup.manager [-] Cleaning up cinder qos_specs objects
2019-06-18 23:34:29.792 1842 RALLYDEBUG rally_openstack.cleanup.manager [-] Deleting cinder.qos_specs object s_rally_a3f659df_zaXdB9fw (81262676-0052-4560-a35d-fabbec886151)
2019-06-18 23:34:29.793 1842 RALLYDEBUG rally_openstack.cleanup.manager [-] Deleting cinder.qos_specs object s_rally_a3f659df_ngfiVLMt (865868d5-7d12-4691-9b15-0b1990eed616)
2019-06-18 23:34:29.805 1842 RALLYDEBUG rally_openstack.cleanup.manager [-] Deleting cinder.qos_specs object s_rally_a3f659df_vnO9JgFn (c3372e81-feac-4951-b74f-1e59a2917f99)
2019-06-18 23:34:29.815 1842 RALLYDEBUG rally_openstack.cleanup.manager [-] Deleting cinder.qos_specs object s_rally_a3f659df_IR25n0F2 (2fdd991f-7b46-4c58-b3cf-c074e18960b2)
2019-06-18 23:34:29.821 1842 RALLYDEBUG rally_openstack.cleanup.manager [-] Deleting cinder.qos_specs object s_rally_a3f659df_jwyHuad6 (3a65767a-4434-49f2-a25a-29d7c17fc133)
2019-06-18 23:34:29.837 1842 RALLYDEBUG rally_openstack.cleanup.manager [-] Deleting cinder.qos_specs object s_rally_a3f659df_6oSpYNUl (2661faa5-8699-4f1d-aa6b-3c3b31b1979a)
2019-06-18 23:34:29.838 1842 RALLYDEBUG rally_openstack.cleanup.manager [-] Deleting cinder.qos_specs object s_rally_a3f659df_b5HK6OyM (df5fef03-6be1-4ac8-8fa6-137a65a4a667)
2019-06-18 23:34:29.848 1842 RALLYDEBUG rally_openstack.cleanup.manager [-] Deleting cinder.qos_specs object s_rally_a3f659df_AlvOHvcw (6f8bc7ed-d42e-40c7-86c0-a0dd04d197bd)
2019-06-18 23:34:29.869 1842 RALLYDEBUG rally_openstack.cleanup.manager [-] Deleting cinder.qos_specs object s_rally_a3f659df_MuZM9dpV (61da41ff-731a-4e19-aa71-60a7994785f0)
2019-06-18 23:34:29.889 1842 RALLYDEBUG rally_openstack.cleanup.manager [-] Deleting cinder.qos_specs object s_rally_a3f659df_FFBVYFMR (0e093eb9-3c24-48b8-a21a-4dcac66680ec)
2019-06-18 23:34:32.277 1842 INFO rally.task.context [-] Task 54f428db-4b39-4471-9cbe-a9e1802554e7 | Context admin_cleanup@openstack cleanup() finished in 7.13 sec
2019-06-18 23:34:32.278 1842 INFO rally.task.context [-] Task 54f428db-4b39-4471-9cbe-a9e1802554e7 | Context api_versions@openstack cleanup() started
2019-06-18 23:34:32.278 1842 INFO rally.task.context [-] Task 54f428db-4b39-4471-9cbe-a9e1802554e7 | Context api_versions@openstack cleanup() finished in 0.32 msec
2019-06-18 23:34:32.278 1842 INFO rally.task.context [-] Task 54f428db-4b39-4471-9cbe-a9e1802554e7 | Context users@openstack cleanup() started
2019-06-18 23:34:40.502 1842 INFO rally.task.context [-] Task 54f428db-4b39-4471-9cbe-a9e1802554e7 | Context users@openstack cleanup() finished in 8.22 sec
2019-06-18 23:34:42.438 1842 INFO rally.task.engine [-] Load duration is: 3.498046
2019-06-18 23:34:42.439 1842 INFO rally.task.engine [-] Full runner duration is: 3.548476
2019-06-18 23:34:42.439 1842 INFO rally.task.engine [-] Full duration is: 24.208281
2019-06-18 23:34:42.655 1842 INFO rally.task.engine [-] Running workload: position = 0 config = { "version": 2, "title": "A cropped version of a bigger task.", "description": "Auto-generated task from a single workload (uuid=95da69e8-936d-4d42-ae35-45247a83fcff)", "subtasks": [ { "title": "CinderVolumeTypes.create_and_get_volume_type", "description": "Create a volume Type, then get the details of the type.", "scenario": { "CinderVolumeTypes.create_and_get_volume_type": { "description": "rally tests creating types" } }, "contexts": { "users": { "tenants": 3, "users_per_tenant": 2 }, "api_versions": { "cinder": { "version": 3, "service_type": "volumev3" } } }, "runner": { "constant": { "concurrency": 4, "times": 10 } }, "hooks": [], "sla": { "failure_rate": { "max": 0 } } } ] }
2019-06-18 23:34:42.679 1842 RALLYDEBUG rally_openstack.contexts.keystone.users [-] Creating 3 tenants using 20 threads
2019-06-18 23:34:44.504 1842 RALLYDEBUG rally_openstack.contexts.keystone.users [-] Creating 6 users using 20 threads
2019-06-18 23:34:47.316 1842 INFO rally.task.context [-] Task 54f428db-4b39-4471-9cbe-a9e1802554e7 | Context users@openstack setup() finished in 4.64 sec
2019-06-18 23:34:47.839 1842 INFO rally.task.context [-] Task 54f428db-4b39-4471-9cbe-a9e1802554e7 | Context api_versions@openstack setup() finished in 0.52 sec
2019-06-18 23:34:47.839 1842 INFO rally.task.context [-] Task 54f428db-4b39-4471-9cbe-a9e1802554e7 | Context admin_cleanup@openstack setup() finished in 0.00 msec
2019-06-18 23:34:47.846 1842 RALLYDEBUG rally.task.runner [-] Starting the constant runner (task UUID: 54f428db-4b39-4471-9cbe-a9e1802554e7). timeout: 0 concurrency: 4 concurrency_per_worker: 1 times: 10 concurrency_overhead: 0 processes_to_start: 4 max_cpu_used: 16
2019-06-18 23:34:47.858 5662 RALLYDEBUG rally.task.runner [-] Starting a worker. concurrency: 1 args: {"description": "rally tests creating types"} times: 10 method_name: run timeout: 0 duration: None cls:
2019-06-18 23:34:47.862 5663 RALLYDEBUG rally.task.runner [-] Starting a worker. concurrency: 1 args: {"description": "rally tests creating types"} times: 10 method_name: run timeout: 0 duration: None cls:
2019-06-18 23:34:47.864 5662 INFO rally.task.runner [-] Task 54f428db-4b39-4471-9cbe-a9e1802554e7 | ITER: 1 START
2019-06-18 23:34:47.865 5665 RALLYDEBUG rally.task.runner [-] Starting a worker. concurrency: 1 args: {"description": "rally tests creating types"} times: 10 method_name: run timeout: 0 duration: None cls:
2019-06-18 23:34:47.865 5664 RALLYDEBUG rally.task.runner [-] Starting a worker. concurrency: 1 args: {"description": "rally tests creating types"} times: 10 method_name: run timeout: 0 duration: None cls:
2019-06-18 23:34:47.869 5663 INFO rally.task.runner [-] Task 54f428db-4b39-4471-9cbe-a9e1802554e7 | ITER: 2 START
2019-06-18 23:34:47.870 5665 INFO rally.task.runner [-] Task 54f428db-4b39-4471-9cbe-a9e1802554e7 | ITER: 3 START
2019-06-18 23:34:47.872 5664 INFO rally.task.runner [-] Task 54f428db-4b39-4471-9cbe-a9e1802554e7 | ITER: 4 START
2019-06-18 23:34:48.929 5664 INFO rally.task.runner [-] Task 54f428db-4b39-4471-9cbe-a9e1802554e7 | ITER: 4 END: OK
2019-06-18 23:34:48.934 5664 INFO rally.task.runner [-] Task 54f428db-4b39-4471-9cbe-a9e1802554e7 | ITER: 5 START
2019-06-18 23:34:48.943 5665 INFO rally.task.runner [-] Task 54f428db-4b39-4471-9cbe-a9e1802554e7 | ITER: 3 END: OK
2019-06-18 23:34:48.948 5665 INFO rally.task.runner [-] Task 54f428db-4b39-4471-9cbe-a9e1802554e7 | ITER: 6 START
2019-06-18 23:34:48.979 5662 INFO rally.task.runner [-] Task 54f428db-4b39-4471-9cbe-a9e1802554e7 | ITER: 1 END: OK
2019-06-18 23:34:48.984 5662 INFO rally.task.runner [-] Task 54f428db-4b39-4471-9cbe-a9e1802554e7 | ITER: 7 START
2019-06-18 23:34:49.074 5663 INFO rally.task.runner [-] Task 54f428db-4b39-4471-9cbe-a9e1802554e7 | ITER: 2 END: OK
2019-06-18 23:34:49.080 5663 INFO rally.task.runner [-] Task 54f428db-4b39-4471-9cbe-a9e1802554e7 | ITER: 8 START
2019-06-18 23:34:49.914 5664 INFO rally.task.runner [-] Task 54f428db-4b39-4471-9cbe-a9e1802554e7 | ITER: 5 END: OK
2019-06-18 23:34:49.918 5664 INFO rally.task.runner [-] Task 54f428db-4b39-4471-9cbe-a9e1802554e7 | ITER: 9 START
2019-06-18 23:34:50.043 5662 INFO rally.task.runner [-] Task 54f428db-4b39-4471-9cbe-a9e1802554e7 | ITER: 7 END: OK
2019-06-18 23:34:50.047 5662 INFO rally.task.runner [-] Task 54f428db-4b39-4471-9cbe-a9e1802554e7 | ITER: 10 START
2019-06-18 23:34:50.095 5663 INFO rally.task.runner [-] Task 54f428db-4b39-4471-9cbe-a9e1802554e7 | ITER: 8 END: OK
2019-06-18 23:34:50.096 5665 INFO rally.task.runner [-] Task 54f428db-4b39-4471-9cbe-a9e1802554e7 | ITER: 6 END: OK
2019-06-18 23:34:51.004 5664 INFO rally.task.runner [-] Task 54f428db-4b39-4471-9cbe-a9e1802554e7 | ITER: 9 END: OK
2019-06-18 23:34:51.113 5662 INFO rally.task.runner [-] Task 54f428db-4b39-4471-9cbe-a9e1802554e7 | ITER: 10 END: OK
2019-06-18 23:34:51.140 1842 INFO rally.task.context [-] Task 54f428db-4b39-4471-9cbe-a9e1802554e7 | Context admin_cleanup@openstack cleanup() started
2019-06-18 23:34:51.142 1842 RALLYDEBUG rally_openstack.cleanup.manager [-] Cleaning up cinder volume_types objects
2019-06-18 23:34:51.949 1842 RALLYDEBUG rally_openstack.cleanup.manager [-] Deleting cinder.volume_types object s_rally_95da69e8_RgQpYwCP (e64c0585-9411-4a7c-87b7-9ffddc981af5)
2019-06-18 23:34:51.955 1842 RALLYDEBUG rally_openstack.cleanup.manager [-] Deleting cinder.volume_types object s_rally_95da69e8_aQEhPkMU (e9f7d5ed-ab9d-40b0-8421-f74b0f03d608)
2019-06-18 23:34:51.956 1842 RALLYDEBUG rally_openstack.cleanup.manager [-] Deleting cinder.volume_types object s_rally_95da69e8_MsTnwHTs (0fb6aed0-eeea-41ce-831f-a0c9c18dee91)
2019-06-18 23:34:51.958 1842 RALLYDEBUG rally_openstack.cleanup.manager [-] Deleting cinder.volume_types object s_rally_95da69e8_GzZ8vQlN (6f55905c-42d7-4179-9404-d0b07e977456)
2019-06-18 23:34:51.963 1842 RALLYDEBUG rally_openstack.cleanup.manager [-] Deleting cinder.volume_types object s_rally_95da69e8_WrhLH6PQ (53039430-f6e3-488f-b43c-6fd6f5d2a70d)
2019-06-18 23:34:51.964 1842 RALLYDEBUG rally_openstack.cleanup.manager [-] Deleting cinder.volume_types object s_rally_95da69e8_y2AZOo9h (091f1fa1-9220-48bf-aec7-682ec349caeb)
2019-06-18 23:34:51.963 1842 RALLYDEBUG rally_openstack.cleanup.manager [-] Deleting cinder.volume_types object s_rally_95da69e8_RBeHugaq (1108598d-1ff4-44e9-8d0b-6a222b6cc9c6)
2019-06-18 23:34:51.980 1842 RALLYDEBUG rally_openstack.cleanup.manager [-] Deleting cinder.volume_types object s_rally_95da69e8_EAuY9pNa (2d6cdd7c-d36d-4f30-a9f4-1d238a51b2c7)
2019-06-18 23:34:51.988 1842 RALLYDEBUG rally_openstack.cleanup.manager [-] Deleting cinder.volume_types object s_rally_95da69e8_uV2A5qvy (0558e928-898a-4256-b0c3-54d1b0476a47)
2019-06-18 23:34:52.008 1842 RALLYDEBUG rally_openstack.cleanup.manager [-] Deleting cinder.volume_types object s_rally_95da69e8_k3St0PK0 (5f734512-7139-4922-afd3-efcc97013329)
2019-06-18 23:34:54.400 1842 RALLYDEBUG rally_openstack.cleanup.manager [-] Cleaning up cinder image_volumes_cache objects
2019-06-18 23:34:55.719 1842 RALLYDEBUG rally_openstack.cleanup.manager [-] Cleaning up cinder quotas objects
2019-06-18 23:34:57.346 1842 RALLYDEBUG rally_openstack.cleanup.manager [-] Cleaning up cinder qos_specs objects
2019-06-18 23:34:58.115 1842 INFO rally.task.context [-] Task 54f428db-4b39-4471-9cbe-a9e1802554e7 | Context admin_cleanup@openstack cleanup() finished in 6.97 sec
2019-06-18 23:34:58.115 1842 INFO rally.task.context [-] Task 54f428db-4b39-4471-9cbe-a9e1802554e7 | Context api_versions@openstack cleanup() started
2019-06-18 23:34:58.116 1842 INFO rally.task.context [-] Task 54f428db-4b39-4471-9cbe-a9e1802554e7 | Context api_versions@openstack cleanup() finished in 0.32 msec
2019-06-18 23:34:58.116 1842 INFO rally.task.context [-] Task 54f428db-4b39-4471-9cbe-a9e1802554e7 | Context users@openstack cleanup() started
2019-06-18 23:35:06.546 1842 INFO rally.task.context [-] Task 54f428db-4b39-4471-9cbe-a9e1802554e7 | Context users@openstack cleanup() finished in 8.43 sec
2019-06-18 23:35:06.782 1842 INFO rally.task.engine [-] Load duration is: 3.244295
2019-06-18 23:35:06.783 1842 INFO rally.task.engine [-] Full runner duration is: 3.293769
2019-06-18 23:35:06.783 1842 INFO rally.task.engine [-] Full duration is: 23.872432
2019-06-18 23:35:07.027 1842 INFO rally.task.engine [-] Running workload: position = 0 config = { "version": 2, "title": "A cropped version of a bigger task.", "description": "Auto-generated task from a single workload (uuid=6569ae72-0cef-4f5b-b22f-e400833534e4)", "subtasks": [ { "title": "CinderVolumeTypes.create_and_list_volume_types", "description": "Create a volume Type, then list all types.", "scenario": { "CinderVolumeTypes.create_and_list_volume_types": { "description": "rally tests creating types" } }, "contexts": { "users": { "tenants": 3, "users_per_tenant": 2 }, "api_versions": { "cinder": { "version": 3, "service_type": "volumev3" } } }, "runner": { "constant": { "concurrency": 4, "times": 10 } }, "hooks": [], "sla": { "failure_rate": { "max": 0 } } } ] }
2019-06-18 23:35:07.050 1842 RALLYDEBUG rally_openstack.contexts.keystone.users [-] Creating 3 tenants using 20 threads
2019-06-18 23:35:08.910 1842 RALLYDEBUG rally_openstack.contexts.keystone.users [-] Creating 6 users using 20 threads
2019-06-18 23:35:11.955 1842 INFO rally.task.context [-] Task 54f428db-4b39-4471-9cbe-a9e1802554e7 | Context users@openstack setup() finished in 4.91 sec
2019-06-18 23:35:12.377 1842 INFO rally.task.context [-] Task 54f428db-4b39-4471-9cbe-a9e1802554e7 | Context api_versions@openstack setup() finished in 0.42 sec
2019-06-18 23:35:12.377 1842 INFO rally.task.context [-] Task 54f428db-4b39-4471-9cbe-a9e1802554e7 | Context admin_cleanup@openstack setup() finished in 0.01 msec
2019-06-18 23:35:12.384 1842 RALLYDEBUG rally.task.runner [-] Starting the constant runner (task UUID: 54f428db-4b39-4471-9cbe-a9e1802554e7). timeout: 0 concurrency: 4 concurrency_per_worker: 1 times: 10 concurrency_overhead: 0 processes_to_start: 4 max_cpu_used: 16
2019-06-18 23:35:12.398 5847 RALLYDEBUG rally.task.runner [-] Starting a worker. concurrency: 1 args: {"description": "rally tests creating types"} times: 10 method_name: run timeout: 0 duration: None cls:
2019-06-18 23:35:12.398 5846 RALLYDEBUG rally.task.runner [-] Starting a worker. concurrency: 1 args: {"description": "rally tests creating types"} times: 10 method_name: run timeout: 0 duration: None cls:
2019-06-18 23:35:12.404 5848 RALLYDEBUG rally.task.runner [-] Starting a worker. concurrency: 1 args: {"description": "rally tests creating types"} times: 10 method_name: run timeout: 0 duration: None cls:
2019-06-18 23:35:12.404 5847 INFO rally.task.runner [-] Task 54f428db-4b39-4471-9cbe-a9e1802554e7 | ITER: 1 START
2019-06-18 23:35:12.406 5846 INFO rally.task.runner [-] Task 54f428db-4b39-4471-9cbe-a9e1802554e7 | ITER: 2 START
2019-06-18 23:35:12.406 5849 RALLYDEBUG rally.task.runner [-] Starting a worker. concurrency: 1 args: {"description": "rally tests creating types"} times: 10 method_name: run timeout: 0 duration: None cls:
2019-06-18 23:35:12.411 5848 INFO rally.task.runner [-] Task 54f428db-4b39-4471-9cbe-a9e1802554e7 | ITER: 3 START
2019-06-18 23:35:12.411 5849 INFO rally.task.runner [-] Task 54f428db-4b39-4471-9cbe-a9e1802554e7 | ITER: 4 START
2019-06-18 23:35:13.496 5849 INFO rally.task.runner [-] Task 54f428db-4b39-4471-9cbe-a9e1802554e7 | ITER: 4 END: OK
2019-06-18 23:35:13.502 5849 INFO rally.task.runner [-] Task 54f428db-4b39-4471-9cbe-a9e1802554e7 | ITER: 5 START
2019-06-18 23:35:13.525 5846 INFO rally.task.runner [-] Task 54f428db-4b39-4471-9cbe-a9e1802554e7 | ITER: 2 END: OK
2019-06-18 23:35:13.530 5846 INFO rally.task.runner [-] Task 54f428db-4b39-4471-9cbe-a9e1802554e7 | ITER: 6 START
2019-06-18 23:35:13.533 5847 INFO rally.task.runner [-] Task 54f428db-4b39-4471-9cbe-a9e1802554e7 | ITER: 1 END: OK
2019-06-18 23:35:13.538 5847 INFO rally.task.runner [-] Task 54f428db-4b39-4471-9cbe-a9e1802554e7 | ITER: 7 START
2019-06-18 23:35:13.591 5848 INFO rally.task.runner [-] Task 54f428db-4b39-4471-9cbe-a9e1802554e7 | ITER: 3 END: OK
2019-06-18 23:35:13.596 5848 INFO rally.task.runner [-] Task 54f428db-4b39-4471-9cbe-a9e1802554e7 | ITER: 8 START
2019-06-18 23:35:14.547 5849 INFO rally.task.runner [-] Task 54f428db-4b39-4471-9cbe-a9e1802554e7 | ITER: 5 END: OK
2019-06-18 23:35:14.552 5849 INFO rally.task.runner [-] Task 54f428db-4b39-4471-9cbe-a9e1802554e7 | ITER: 9 START
2019-06-18 23:35:14.600 5847 INFO rally.task.runner [-] Task 54f428db-4b39-4471-9cbe-a9e1802554e7 | ITER: 7 END: OK
2019-06-18 23:35:14.604 5847 INFO rally.task.runner [-] Task 54f428db-4b39-4471-9cbe-a9e1802554e7 | ITER: 10 START
2019-06-18 23:35:14.642 5848 INFO rally.task.runner [-] Task 54f428db-4b39-4471-9cbe-a9e1802554e7 | ITER: 8 END: OK
2019-06-18 23:35:14.694 5846 INFO rally.task.runner [-] Task 54f428db-4b39-4471-9cbe-a9e1802554e7 | ITER: 6 END: OK
2019-06-18 23:35:15.487 5849 INFO rally.task.runner [-] Task 54f428db-4b39-4471-9cbe-a9e1802554e7 | ITER: 9 END: OK
2019-06-18 23:35:15.720 5847 INFO rally.task.runner [-] Task 54f428db-4b39-4471-9cbe-a9e1802554e7 | ITER: 10 END: OK
2019-06-18 23:35:15.741 1842 INFO rally.task.context [-] Task 54f428db-4b39-4471-9cbe-a9e1802554e7 | Context admin_cleanup@openstack cleanup() started
2019-06-18 23:35:15.743 1842 RALLYDEBUG rally_openstack.cleanup.manager [-] Cleaning up cinder volume_types objects
2019-06-18 23:35:16.541 1842 RALLYDEBUG rally_openstack.cleanup.manager [-] Deleting cinder.volume_types object s_rally_6569ae72_3mc1OyMk (d5a1132c-6802-48e9-9dd6-e95dfe9b5734)
2019-06-18 23:35:16.542 1842 RALLYDEBUG rally_openstack.cleanup.manager [-] Deleting cinder.volume_types object s_rally_6569ae72_bcEy3im7 (ebc8eda7-4fa8-4ba6-aeed-1afa88591099)
2019-06-18 23:35:16.542 1842 RALLYDEBUG rally_openstack.cleanup.manager [-] Deleting cinder.volume_types object s_rally_6569ae72_MVxBoinP (ab024c0c-1836-4f95-b0bd-725f7bb54a0d)
2019-06-18 23:35:16.543 1842 RALLYDEBUG rally_openstack.cleanup.manager [-] Deleting cinder.volume_types object s_rally_6569ae72_k00Wek35 (6f9fb8e8-ea47-435b-bdb5-e3eeeec24a91)
2019-06-18 23:35:16.554 1842 RALLYDEBUG rally_openstack.cleanup.manager [-] Deleting cinder.volume_types object s_rally_6569ae72_L7oxM3G0 (c62169e1-17f2-40e5-9105-519c980bfe3e)
2019-06-18 23:35:16.555 1842 RALLYDEBUG rally_openstack.cleanup.manager [-] Deleting cinder.volume_types object s_rally_6569ae72_9pKe3TuB (a8d04b9e-c321-435e-8973-8fd16a8cd7d9)
2019-06-18 23:35:16.555 1842 RALLYDEBUG rally_openstack.cleanup.manager [-] Deleting cinder.volume_types object s_rally_6569ae72_vaTWgPyQ (77a2ab80-79d7-4156-a817-be38b9c89463)
2019-06-18 23:35:16.556 1842 RALLYDEBUG rally_openstack.cleanup.manager [-] Deleting cinder.volume_types object s_rally_6569ae72_QLKq1Xp2 (296980e9-528e-410a-a2a8-509e51b2392b)
2019-06-18 23:35:16.566 1842 RALLYDEBUG rally_openstack.cleanup.manager [-] Deleting cinder.volume_types object s_rally_6569ae72_9UIbtrW1 (35386bc6-43b7-4b8c-aa00-8a115945e3a2)
2019-06-18 23:35:16.572 1842 RALLYDEBUG rally_openstack.cleanup.manager [-] Deleting cinder.volume_types object s_rally_6569ae72_6E0O0HmI (86c58770-6cbb-4bc3-ba49-f6d9094066bf)
2019-06-18 23:35:18.966 1842 RALLYDEBUG rally_openstack.cleanup.manager [-] Cleaning up cinder image_volumes_cache objects
2019-06-18 23:35:20.327 1842 RALLYDEBUG rally_openstack.cleanup.manager [-] Cleaning up cinder quotas objects
2019-06-18 23:35:22.075 1842 RALLYDEBUG rally_openstack.cleanup.manager [-] Cleaning up cinder qos_specs objects
2019-06-18 23:35:22.736 1842 INFO rally.task.context [-] Task 54f428db-4b39-4471-9cbe-a9e1802554e7 | Context admin_cleanup@openstack cleanup() finished in 7.00 sec
2019-06-18 23:35:22.737 1842 INFO rally.task.context [-] Task 54f428db-4b39-4471-9cbe-a9e1802554e7 | Context api_versions@openstack cleanup() started
2019-06-18 23:35:22.737 1842 INFO rally.task.context [-] Task 54f428db-4b39-4471-9cbe-a9e1802554e7 | Context api_versions@openstack cleanup() finished in 0.32 msec
2019-06-18 23:35:22.737 1842 INFO rally.task.context [-] Task 54f428db-4b39-4471-9cbe-a9e1802554e7 | Context users@openstack cleanup() started
2019-06-18 23:35:30.979 1842 INFO rally.task.context [-] Task 54f428db-4b39-4471-9cbe-a9e1802554e7 | Context users@openstack cleanup() finished in 8.24 sec
2019-06-18 23:35:31.165 1842 INFO rally.task.engine [-] Load duration is: 3.310323
2019-06-18 23:35:31.166 1842 INFO rally.task.engine [-] Full runner duration is: 3.357034
2019-06-18 23:35:31.166 1842 INFO rally.task.engine [-] Full duration is: 23.93278
2019-06-18 23:35:31.392 1842 INFO rally.task.engine [-] Running workload: position = 0 config = { "version": 2, "title": "A cropped version of a bigger task.", "description": "Auto-generated task from a single workload (uuid=de874468-8cd9-4a7a-badf-c37ff62faf09)", "subtasks": [ { "title": "CinderVolumeTypes.create_and_update_volume_type", "description": "create a volume type, then update the type.", "scenario": { "CinderVolumeTypes.create_and_update_volume_type": { "description": "test", "update_description": "test update" } }, "contexts": { "users": { "tenants": 3, "users_per_tenant": 2 }, "api_versions": { "cinder": { "version": 3, "service_type": "volumev3" } } }, "runner": { "constant": { "concurrency": 4, "times": 10 } }, "hooks": [], "sla": { "failure_rate": { "max": 0 } } } ] }
2019-06-18 23:35:31.413 1842 RALLYDEBUG rally_openstack.contexts.keystone.users [-] Creating 3 tenants using 20 threads
2019-06-18 23:35:33.229 1842 RALLYDEBUG rally_openstack.contexts.keystone.users [-] Creating 6 users using 20 threads
2019-06-18 23:35:36.107 1842 INFO rally.task.context [-] Task 54f428db-4b39-4471-9cbe-a9e1802554e7 | Context users@openstack setup() finished in 4.69 sec
2019-06-18 23:35:36.531 1842 INFO rally.task.context [-] Task 54f428db-4b39-4471-9cbe-a9e1802554e7 | Context api_versions@openstack setup() finished in 0.42 sec
2019-06-18 23:35:36.531 1842 INFO rally.task.context [-] Task 54f428db-4b39-4471-9cbe-a9e1802554e7 | Context admin_cleanup@openstack setup() finished in 0.01 msec
2019-06-18 23:35:36.538 1842 RALLYDEBUG rally.task.runner [-] Starting the constant runner (task UUID: 54f428db-4b39-4471-9cbe-a9e1802554e7). timeout: 0 concurrency: 4 concurrency_per_worker: 1 times: 10 concurrency_overhead: 0 processes_to_start: 4 max_cpu_used: 16
2019-06-18 23:35:36.551 6031 RALLYDEBUG rally.task.runner [-] Starting a worker. concurrency: 1 args: {"description": "test", "update_description": "test update"} times: 10 method_name: run timeout: 0 duration: None cls:
2019-06-18 23:35:36.551 6030 RALLYDEBUG rally.task.runner [-] Starting a worker. concurrency: 1 args: {"description": "test", "update_description": "test update"} times: 10 method_name: run timeout: 0 duration: None cls:
2019-06-18 23:35:36.555 6031 INFO rally.task.runner [-] Task 54f428db-4b39-4471-9cbe-a9e1802554e7 | ITER: 1 START
2019-06-18 23:35:36.557 6032 RALLYDEBUG rally.task.runner [-] Starting a worker. concurrency: 1 args: {"description": "test", "update_description": "test update"} times: 10 method_name: run timeout: 0 duration: None cls:
2019-06-18 23:35:36.558 6030 INFO rally.task.runner [-] Task 54f428db-4b39-4471-9cbe-a9e1802554e7 | ITER: 2 START
2019-06-18 23:35:36.560 6033 RALLYDEBUG rally.task.runner [-] Starting a worker. concurrency: 1 args: {"description": "test", "update_description": "test update"} times: 10 method_name: run timeout: 0 duration: None cls:
2019-06-18 23:35:36.564 6032 INFO rally.task.runner [-] Task 54f428db-4b39-4471-9cbe-a9e1802554e7 | ITER: 3 START
2019-06-18 23:35:36.566 6033 INFO rally.task.runner [-] Task 54f428db-4b39-4471-9cbe-a9e1802554e7 | ITER: 4 START
2019-06-18 23:35:36.998 6032 DEBUG cinderclient.v2.client [-] REQ: curl -g -i -X POST http://172.30.9.26:8776/v3/12bb9a3a8da74f7cb7da564009b32ef2/types -H "Accept: application/json" -H "Content-Type: application/json" -H "User-Agent: python-cinderclient" -H "X-Auth-Token: {SHA1}3640baae20d46c4ba8e740ad7827f2efd8afcc10" -d '{"volume_type": {"os-volume-type-access:is_public": true, "name": "s_rally_de874468_kEzSJSVT", "description": "test"}}' _http_log_request /usr/lib/python2.7/site-packages/keystoneauth1/session.py:448
2019-06-18 23:35:36.998 6031 DEBUG cinderclient.v2.client [-] REQ: curl -g -i -X POST http://172.30.9.26:8776/v3/12bb9a3a8da74f7cb7da564009b32ef2/types -H "Accept: application/json" -H "Content-Type: application/json" -H "User-Agent: python-cinderclient" -H "X-Auth-Token: {SHA1}d0e206da39336b5d9ca05592584a36c33a766c6b" -d '{"volume_type": {"os-volume-type-access:is_public": true, "name": "s_rally_de874468_naKNjKp9", "description": "test"}}' _http_log_request /usr/lib/python2.7/site-packages/keystoneauth1/session.py:448
2019-06-18 23:35:36.999 6030 DEBUG cinderclient.v2.client [-] REQ: curl -g -i -X POST http://172.30.9.26:8776/v3/12bb9a3a8da74f7cb7da564009b32ef2/types -H "Accept: application/json" -H "Content-Type: application/json" -H "User-Agent: python-cinderclient" -H "X-Auth-Token: {SHA1}caffec6ffd4204baff7931b675e2bee4fa2e0505" -d '{"volume_type": {"os-volume-type-access:is_public": true, "name": "s_rally_de874468_XIm3vUR7", "description": "test"}}' _http_log_request /usr/lib/python2.7/site-packages/keystoneauth1/session.py:448
2019-06-18 23:35:37.009 6033 DEBUG cinderclient.v2.client [-] REQ: curl -g -i -X POST http://172.30.9.26:8776/v3/12bb9a3a8da74f7cb7da564009b32ef2/types -H "Accept: application/json" -H "Content-Type: application/json" -H "User-Agent: python-cinderclient" -H "X-Auth-Token: {SHA1}a93d142f93b410a533ecae98ccd98e5c6db62af4" -d '{"volume_type": {"os-volume-type-access:is_public": true, "name": "s_rally_de874468_sHrdWzXt", "description": "test"}}' _http_log_request /usr/lib/python2.7/site-packages/keystoneauth1/session.py:448
2019-06-18 23:35:37.343 6032 DEBUG cinderclient.v2.client [-] RESP: [200] Content-Encoding: gzip Content-Length: 170 Content-Type: application/json Date: Tue, 18 Jun 2019 23:35:36 GMT OpenStack-API-Version: volume 3.0 Server: Apache Vary: OpenStack-API-Version,Accept-Encoding x-compute-request-id: req-374a3407-931f-40a2-8960-3e80636393ce x-openstack-request-id: req-374a3407-931f-40a2-8960-3e80636393ce _http_log_response /usr/lib/python2.7/site-packages/keystoneauth1/session.py:479
2019-06-18 23:35:37.343 6032 DEBUG cinderclient.v2.client [-] RESP BODY: {"volume_type": {"name": "s_rally_de874468_kEzSJSVT", "extra_specs": {}, "os-volume-type-access:is_public": true, "is_public": true, "id": "48ba89db-6c8d-4481-8335-bf0b3b54da14", "description": "test"}} _http_log_response /usr/lib/python2.7/site-packages/keystoneauth1/session.py:511
2019-06-18 23:35:37.344 6032 DEBUG cinderclient.v2.client [-] POST call to volumev2 for http://172.30.9.26:8776/v3/12bb9a3a8da74f7cb7da564009b32ef2/types used request id req-374a3407-931f-40a2-8960-3e80636393ce request /usr/lib/python2.7/site-packages/keystoneauth1/session.py:844
2019-06-18 23:35:37.346 6032 DEBUG cinderclient.v2.client [-] REQ: curl -g -i -X PUT http://172.30.9.26:8776/v3/12bb9a3a8da74f7cb7da564009b32ef2/types/48ba89db-6c8d-4481-8335-bf0b3b54da14 -H "Accept: application/json" -H "Content-Type: application/json" -H "User-Agent: python-cinderclient" -H "X-Auth-Token: {SHA1}3640baae20d46c4ba8e740ad7827f2efd8afcc10" -H "X-OpenStack-Request-ID: req-374a3407-931f-40a2-8960-3e80636393ce" -d '{"volume_type": {"name": "s_rally_de874468_kEzSJSVT", "description": "test update"}}' _http_log_request /usr/lib/python2.7/site-packages/keystoneauth1/session.py:448
2019-06-18 23:35:37.353 6031 DEBUG cinderclient.v2.client [-] RESP: [200] Content-Encoding: gzip Content-Length: 167 Content-Type: application/json Date: Tue, 18 Jun 2019 23:35:37 GMT OpenStack-API-Version: volume 3.0 Server: Apache Vary: OpenStack-API-Version,Accept-Encoding x-compute-request-id: req-0f585898-f050-49bc-951c-fc51f97030f2 x-openstack-request-id: req-0f585898-f050-49bc-951c-fc51f97030f2 _http_log_response /usr/lib/python2.7/site-packages/keystoneauth1/session.py:479
2019-06-18 23:35:37.354 6031 DEBUG cinderclient.v2.client [-] RESP BODY: {"volume_type": {"name": "s_rally_de874468_naKNjKp9", "extra_specs": {}, "os-volume-type-access:is_public": true, "is_public": true, "id": "fdd6ad81-09e5-4ac6-92a1-fddb540b8198", "description": "test"}} _http_log_response /usr/lib/python2.7/site-packages/keystoneauth1/session.py:511
2019-06-18 23:35:37.354 6031 DEBUG cinderclient.v2.client [-] POST call to volumev2 for http://172.30.9.26:8776/v3/12bb9a3a8da74f7cb7da564009b32ef2/types used request id req-0f585898-f050-49bc-951c-fc51f97030f2 request /usr/lib/python2.7/site-packages/keystoneauth1/session.py:844
2019-06-18 23:35:37.356 6031 DEBUG cinderclient.v2.client [-] REQ: curl -g -i -X PUT http://172.30.9.26:8776/v3/12bb9a3a8da74f7cb7da564009b32ef2/types/fdd6ad81-09e5-4ac6-92a1-fddb540b8198 -H "Accept: application/json" -H "Content-Type: application/json" -H "User-Agent: python-cinderclient" -H "X-Auth-Token: {SHA1}d0e206da39336b5d9ca05592584a36c33a766c6b" -H "X-OpenStack-Request-ID: req-0f585898-f050-49bc-951c-fc51f97030f2" -d '{"volume_type": {"name": "s_rally_de874468_naKNjKp9", "description": "test update"}}' _http_log_request /usr/lib/python2.7/site-packages/keystoneauth1/session.py:448
2019-06-18 23:35:37.364 6033 DEBUG cinderclient.v2.client [-] RESP: [200] Content-Encoding: gzip Content-Length: 167 Content-Type: application/json Date: Tue, 18 Jun 2019 23:35:37 GMT OpenStack-API-Version: volume 3.0 Server: Apache Vary: OpenStack-API-Version,Accept-Encoding x-compute-request-id: req-f14d04bb-346c-4a96-a557-aef238e62b0a x-openstack-request-id: req-f14d04bb-346c-4a96-a557-aef238e62b0a _http_log_response /usr/lib/python2.7/site-packages/keystoneauth1/session.py:479
2019-06-18 23:35:37.364 6033 DEBUG cinderclient.v2.client [-] RESP BODY: {"volume_type": {"name": "s_rally_de874468_sHrdWzXt", "extra_specs": {}, "os-volume-type-access:is_public": true, "is_public": true, "id": "4fa3a26e-cc65-4d61-a338-b1823a83dada", "description": "test"}} _http_log_response /usr/lib/python2.7/site-packages/keystoneauth1/session.py:511
2019-06-18 23:35:37.365 6033 DEBUG cinderclient.v2.client [-] POST call to volumev2 for http://172.30.9.26:8776/v3/12bb9a3a8da74f7cb7da564009b32ef2/types used request id req-f14d04bb-346c-4a96-a557-aef238e62b0a request /usr/lib/python2.7/site-packages/keystoneauth1/session.py:844
2019-06-18 23:35:37.367 6033 DEBUG cinderclient.v2.client [-] REQ: curl -g -i -X PUT http://172.30.9.26:8776/v3/12bb9a3a8da74f7cb7da564009b32ef2/types/4fa3a26e-cc65-4d61-a338-b1823a83dada -H "Accept: application/json" -H "Content-Type: application/json" -H "User-Agent: python-cinderclient" -H "X-Auth-Token: {SHA1}a93d142f93b410a533ecae98ccd98e5c6db62af4" -H "X-OpenStack-Request-ID: req-f14d04bb-346c-4a96-a557-aef238e62b0a" -d '{"volume_type": {"name": "s_rally_de874468_sHrdWzXt", "description": "test update"}}' _http_log_request /usr/lib/python2.7/site-packages/keystoneauth1/session.py:448
2019-06-18 23:35:37.409 6030 DEBUG cinderclient.v2.client [-] RESP: [200] Content-Encoding: gzip Content-Length: 169 Content-Type: application/json Date: Tue, 18 Jun 2019 23:35:36 GMT OpenStack-API-Version: volume 3.0 Server: Apache Vary: OpenStack-API-Version,Accept-Encoding x-compute-request-id: req-4913a3cb-bc47-43b9-a2b5-f3a0a7173c67 x-openstack-request-id: req-4913a3cb-bc47-43b9-a2b5-f3a0a7173c67 _http_log_response /usr/lib/python2.7/site-packages/keystoneauth1/session.py:479
2019-06-18 23:35:37.410 6030 DEBUG cinderclient.v2.client [-] RESP BODY: {"volume_type": {"name": "s_rally_de874468_XIm3vUR7", "extra_specs": {}, "os-volume-type-access:is_public": true, "is_public": true, "id": "c3146c2e-8be3-428b-8497-b2259efd4c5a", "description": "test"}} _http_log_response /usr/lib/python2.7/site-packages/keystoneauth1/session.py:511
2019-06-18 23:35:37.411 6030 DEBUG cinderclient.v2.client [-] POST call to volumev2 for http://172.30.9.26:8776/v3/12bb9a3a8da74f7cb7da564009b32ef2/types used request id req-4913a3cb-bc47-43b9-a2b5-f3a0a7173c67 request /usr/lib/python2.7/site-packages/keystoneauth1/session.py:844
2019-06-18 23:35:37.413 6030 DEBUG cinderclient.v2.client [-] REQ: curl -g -i -X PUT http://172.30.9.26:8776/v3/12bb9a3a8da74f7cb7da564009b32ef2/types/c3146c2e-8be3-428b-8497-b2259efd4c5a -H "Accept: application/json" -H "Content-Type: application/json" -H "User-Agent: python-cinderclient" -H "X-Auth-Token: {SHA1}caffec6ffd4204baff7931b675e2bee4fa2e0505" -H "X-OpenStack-Request-ID: req-4913a3cb-bc47-43b9-a2b5-f3a0a7173c67" -d '{"volume_type": {"name": "s_rally_de874468_XIm3vUR7", "description": "test update"}}' _http_log_request /usr/lib/python2.7/site-packages/keystoneauth1/session.py:448
2019-06-18 23:35:37.655 6031 DEBUG cinderclient.v2.client [-] RESP: [200] Content-Encoding: gzip Content-Length: 157 Content-Type: application/json Date: Tue, 18 Jun 2019 23:35:37 GMT OpenStack-API-Version: volume 3.0 Server: Apache Vary: OpenStack-API-Version,Accept-Encoding x-compute-request-id: req-241205e2-7b81-40a3-9282-41b3064ee143 x-openstack-request-id: req-241205e2-7b81-40a3-9282-41b3064ee143 _http_log_response /usr/lib/python2.7/site-packages/keystoneauth1/session.py:479
2019-06-18 23:35:37.655 6031 DEBUG cinderclient.v2.client [-] RESP BODY: {"volume_type": {"is_public": true, "extra_specs": {}, "id": "fdd6ad81-09e5-4ac6-92a1-fddb540b8198", "name": "s_rally_de874468_naKNjKp9", "description": "test update"}} _http_log_response /usr/lib/python2.7/site-packages/keystoneauth1/session.py:511
2019-06-18 23:35:37.655 6031 DEBUG cinderclient.v2.client [-] PUT call to volumev2 for http://172.30.9.26:8776/v3/12bb9a3a8da74f7cb7da564009b32ef2/types/fdd6ad81-09e5-4ac6-92a1-fddb540b8198 used request id req-241205e2-7b81-40a3-9282-41b3064ee143 request /usr/lib/python2.7/site-packages/keystoneauth1/session.py:844
2019-06-18 23:35:37.656 6031 INFO rally.task.runner [-] Task 54f428db-4b39-4471-9cbe-a9e1802554e7 | ITER: 1 END: OK
2019-06-18 23:35:37.661 6031 INFO rally.task.runner [-] Task 54f428db-4b39-4471-9cbe-a9e1802554e7 | ITER: 5 START
2019-06-18 23:35:37.680 6032 DEBUG cinderclient.v2.client [-] RESP: [200] Content-Encoding: gzip Content-Length: 160 Content-Type: application/json Date: Tue, 18 Jun 2019 23:35:37 GMT OpenStack-API-Version: volume 3.0 Server: Apache Vary: OpenStack-API-Version,Accept-Encoding x-compute-request-id: req-c47f316d-b0dd-45f9-81bb-828b2c105de9 x-openstack-request-id: req-c47f316d-b0dd-45f9-81bb-828b2c105de9 _http_log_response /usr/lib/python2.7/site-packages/keystoneauth1/session.py:479
2019-06-18 23:35:37.681 6032 DEBUG cinderclient.v2.client [-] RESP BODY: {"volume_type": {"is_public": true, "extra_specs": {}, "id": "48ba89db-6c8d-4481-8335-bf0b3b54da14", "name": "s_rally_de874468_kEzSJSVT", "description": "test update"}} _http_log_response /usr/lib/python2.7/site-packages/keystoneauth1/session.py:511
2019-06-18 23:35:37.681 6032 DEBUG cinderclient.v2.client [-] PUT call to volumev2 for http://172.30.9.26:8776/v3/12bb9a3a8da74f7cb7da564009b32ef2/types/48ba89db-6c8d-4481-8335-bf0b3b54da14 used request id req-c47f316d-b0dd-45f9-81bb-828b2c105de9 request /usr/lib/python2.7/site-packages/keystoneauth1/session.py:844
2019-06-18 23:35:37.682 6032 INFO rally.task.runner [-] Task 54f428db-4b39-4471-9cbe-a9e1802554e7 | ITER: 3 END: OK
2019-06-18 23:35:37.687 6032 INFO rally.task.runner [-] Task 54f428db-4b39-4471-9cbe-a9e1802554e7 | ITER: 6 START
2019-06-18 23:35:37.727 6033 DEBUG cinderclient.v2.client [-] RESP: [200] Content-Encoding: gzip Content-Length: 157 Content-Type: application/json Date: Tue, 18 Jun 2019 23:35:37 GMT OpenStack-API-Version: volume 3.0 Server: Apache Vary: OpenStack-API-Version,Accept-Encoding x-compute-request-id: req-a59ca1df-e41a-49f7-bff4-717a318f1175 x-openstack-request-id: req-a59ca1df-e41a-49f7-bff4-717a318f1175 _http_log_response /usr/lib/python2.7/site-packages/keystoneauth1/session.py:479
