2019-06-18 23:28:46.907 4170 INFO rally.task.runner [-] Task 54f428db-4b39-4471-9cbe-a9e1802554e7 | ITER: 8 START
2019-06-18 23:28:50.462 4173 INFO rally.task.runner [-] Task 54f428db-4b39-4471-9cbe-a9e1802554e7 | ITER: 5 END: OK
2019-06-18 23:28:50.466 4173 INFO rally.task.runner [-] Task 54f428db-4b39-4471-9cbe-a9e1802554e7 | ITER: 9 START
2019-06-18 23:28:50.731 4172 RALLYDEBUG rally.task.utils [-] Waiting for resource s_rally_75617298_0Om9M9Qe. Status changed: AVAILABLE => DELETING in 0.319969177246
2019-06-18 23:28:51.063 4171 RALLYDEBUG rally.task.utils [-] Waiting for resource s_rally_75617298_k3gXHfBG. Status changed: AVAILABLE => DELETING in 0.338006973267
2019-06-18 23:28:51.094 4170 RALLYDEBUG rally.task.utils [-] Waiting for resource s_rally_75617298_YNtz0qJB. Status changed: AVAILABLE => DELETING in 0.261885881424
2019-06-18 23:28:52.769 4172 INFO rally.task.runner [-] Task 54f428db-4b39-4471-9cbe-a9e1802554e7 | ITER: 6 END: OK
2019-06-18 23:28:52.773 4172 INFO rally.task.runner [-] Task 54f428db-4b39-4471-9cbe-a9e1802554e7 | ITER: 10 START
2019-06-18 23:28:53.372 4171 INFO rally.task.runner [-] Task 54f428db-4b39-4471-9cbe-a9e1802554e7 | ITER: 7 END: OK
2019-06-18 23:28:53.408 4170 INFO rally.task.runner [-] Task 54f428db-4b39-4471-9cbe-a9e1802554e7 | ITER: 8 END: OK
2019-06-18 23:28:54.943 4173 INFO rally.task.runner [-] Task 54f428db-4b39-4471-9cbe-a9e1802554e7 | ITER: 9 END: OK
2019-06-18 23:28:57.081 4172 INFO rally.task.runner [-] Task 54f428db-4b39-4471-9cbe-a9e1802554e7 | ITER: 10 END: OK
2019-06-18 23:28:57.113 1842 INFO rally.task.context [-] Task 54f428db-4b39-4471-9cbe-a9e1802554e7 | Context cleanup@openstack cleanup() started
2019-06-18 23:28:57.115 1842 RALLYDEBUG rally_openstack.cleanup.manager [-] Cleaning up cinder backups objects
2019-06-18 23:28:59.291 1842 RALLYDEBUG rally_openstack.cleanup.manager [-] Cleaning up cinder volume_snapshots objects
2019-06-18 23:29:01.418 1842 RALLYDEBUG rally_openstack.cleanup.manager [-] Cleaning up cinder transfers objects
2019-06-18 23:29:03.724 1842 RALLYDEBUG rally_openstack.cleanup.manager [-] Cleaning up cinder volumes objects
2019-06-18 23:29:06.181 1842 INFO rally.task.context [-] Task 54f428db-4b39-4471-9cbe-a9e1802554e7 | Context cleanup@openstack cleanup() finished in 9.07 sec
2019-06-18 23:29:06.182 1842 INFO rally.task.context [-] Task 54f428db-4b39-4471-9cbe-a9e1802554e7 | Context quotas@openstack cleanup() started
2019-06-18 23:29:07.260 1842 INFO rally.task.context [-] Task 54f428db-4b39-4471-9cbe-a9e1802554e7 | Context quotas@openstack cleanup() finished in 1.08 sec
2019-06-18 23:29:07.261 1842 INFO rally.task.context [-] Task 54f428db-4b39-4471-9cbe-a9e1802554e7 | Context api_versions@openstack cleanup() started
2019-06-18 23:29:07.261 1842 INFO rally.task.context [-] Task 54f428db-4b39-4471-9cbe-a9e1802554e7 | Context api_versions@openstack cleanup() finished in 0.35 msec
2019-06-18 23:29:07.261 1842 INFO rally.task.context [-] Task 54f428db-4b39-4471-9cbe-a9e1802554e7 | Context users@openstack cleanup() started
2019-06-18 23:29:15.865 1842 INFO rally.task.context [-] Task 54f428db-4b39-4471-9cbe-a9e1802554e7 | Context users@openstack cleanup() finished in 8.60 sec
2019-06-18 23:29:17.262 1842 INFO rally.task.engine [-] Load duration is: 17.148502
2019-06-18 23:29:17.262 1842 INFO rally.task.engine [-] Full runner duration is: 17.20439
2019-06-18 23:29:17.263 1842 INFO rally.task.engine [-] Full duration is: 42.807225
2019-06-18 23:29:17.426 1842 INFO rally.task.engine [-] Running workload: position = 1 config = { "version": 2, "title": "A cropped version of a bigger task.", "description": "Auto-generated task from a single workload (uuid=206e1bdb-6ab2-46a5-afc3-e1fac61a10dd)", "subtasks": [ { "title": "CinderVolumes.create_and_delete_volume", "description": "Create and then delete a volume.", "scenario": { "CinderVolumes.create_and_delete_volume": { "image": { "name": "rally_full-img_b4ecc532-b35b-4222-b251-e18a3b09b7d1" }, "size": 1 } }, "contexts": { "users": { "tenants": 3, "users_per_tenant": 2 }, "quotas": { "cinder": { "gigabytes": -1, "snapshots": -1, "volumes": -1 } }, "api_versions": { "cinder": { "version": 3, "service_type": "volumev3" } } }, "runner": { "constant": { "concurrency": 4, "times": 10 } }, "hooks": [], "sla": { "failure_rate": { "max": 0 } } } ] }
2019-06-18 23:29:17.449 1842 RALLYDEBUG rally_openstack.contexts.keystone.users [-] Creating 3 tenants using 20 threads
2019-06-18 23:29:19.378 1842 RALLYDEBUG rally_openstack.contexts.keystone.users [-] Creating 6 users using 20 threads
2019-06-18 23:29:22.166 1842 INFO rally.task.context [-] Task 54f428db-4b39-4471-9cbe-a9e1802554e7 | Context users@openstack setup() finished in 4.72 sec
2019-06-18 23:29:22.599 1842 INFO rally.task.context [-] Task 54f428db-4b39-4471-9cbe-a9e1802554e7 | Context api_versions@openstack setup() finished in 0.43 sec
2019-06-18 23:29:24.411 1842 INFO rally.task.context [-] Task 54f428db-4b39-4471-9cbe-a9e1802554e7 | Context quotas@openstack setup() finished in 1.81 sec
2019-06-18 23:29:24.411 1842 INFO rally.task.context [-] Task 54f428db-4b39-4471-9cbe-a9e1802554e7 | Context cleanup@openstack setup() finished in 0.00 msec
2019-06-18 23:29:25.481 1842 RALLYDEBUG rally.task.runner [-] Starting the constant runner (task UUID: 54f428db-4b39-4471-9cbe-a9e1802554e7). timeout: 0 concurrency: 4 concurrency_per_worker: 1 times: 10 concurrency_overhead: 0 processes_to_start: 4 max_cpu_used: 16
2019-06-18 23:29:25.491 4354 RALLYDEBUG rally.task.runner [-] Starting a worker. concurrency: 1 args: {"image": "6193d7c7-24ef-4d21-a8b4-edfc3356ec25", "size": 1} times: 10 method_name: run timeout: 0 duration: None cls:
2019-06-18 23:29:25.495 4354 INFO rally.task.runner [-] Task 54f428db-4b39-4471-9cbe-a9e1802554e7 | ITER: 1 START
2019-06-18 23:29:25.497 4356 RALLYDEBUG rally.task.runner [-] Starting a worker. concurrency: 1 args: {"image": "6193d7c7-24ef-4d21-a8b4-edfc3356ec25", "size": 1} times: 10 method_name: run timeout: 0 duration: None cls:
2019-06-18 23:29:25.497 4355 RALLYDEBUG rally.task.runner [-] Starting a worker. concurrency: 1 args: {"image": "6193d7c7-24ef-4d21-a8b4-edfc3356ec25", "size": 1} times: 10 method_name: run timeout: 0 duration: None cls:
2019-06-18 23:29:25.501 4356 INFO rally.task.runner [-] Task 54f428db-4b39-4471-9cbe-a9e1802554e7 | ITER: 2 START
2019-06-18 23:29:25.504 4359 RALLYDEBUG rally.task.runner [-] Starting a worker. concurrency: 1 args: {"image": "6193d7c7-24ef-4d21-a8b4-edfc3356ec25", "size": 1} times: 10 method_name: run timeout: 0 duration: None cls:
2019-06-18 23:29:25.508 4355 INFO rally.task.runner [-] Task 54f428db-4b39-4471-9cbe-a9e1802554e7 | ITER: 3 START
2019-06-18 23:29:25.511 4359 INFO rally.task.runner [-] Task 54f428db-4b39-4471-9cbe-a9e1802554e7 | ITER: 4 START
2019-06-18 23:29:35.272 4359 RALLYDEBUG rally.task.utils [-] Waiting for resource s_rally_206e1bdb_FMXyXBK6. Status changed: CREATING => DOWNLOADING in 5.08590984344
2019-06-18 23:29:35.408 4355 RALLYDEBUG rally.task.utils [-] Waiting for resource s_rally_206e1bdb_PYYMaF92. Status changed: CREATING => DOWNLOADING in 5.44064903259
2019-06-18 23:29:35.460 4354 RALLYDEBUG rally.task.utils [-] Waiting for resource s_rally_206e1bdb_6VVHhqpT. Status changed: CREATING => DOWNLOADING in 5.21217703819
2019-06-18 23:29:35.683 4356 RALLYDEBUG rally.task.utils [-] Waiting for resource s_rally_206e1bdb_dwhTUQzq. Status changed: CREATING => DOWNLOADING in 5.30656409264
2019-06-18 23:29:44.741 4355 RALLYDEBUG rally.task.utils [-] Waiting for resource s_rally_206e1bdb_PYYMaF92. Status changed: DOWNLOADING => AVAILABLE in 9.33313393593
2019-06-18 23:29:44.825 4356 RALLYDEBUG rally.task.utils [-] Waiting for resource s_rally_206e1bdb_dwhTUQzq. Status changed: DOWNLOADING => AVAILABLE in 9.14238786697
2019-06-18 23:29:44.978 4354 RALLYDEBUG rally.task.utils [-] Waiting for resource s_rally_206e1bdb_6VVHhqpT. Status changed: DOWNLOADING => AVAILABLE in 9.5175640583
2019-06-18 23:29:45.484 4355 RALLYDEBUG rally.task.utils [-] Waiting for resource s_rally_206e1bdb_PYYMaF92. Status changed: AVAILABLE => DELETING in 0.35471701622
2019-06-18 23:29:45.585 4356 RALLYDEBUG rally.task.utils [-] Waiting for resource s_rally_206e1bdb_dwhTUQzq. Status changed: AVAILABLE => DELETING in 0.355690956116
2019-06-18 23:29:45.732 4354 RALLYDEBUG rally.task.utils [-] Waiting for resource s_rally_206e1bdb_6VVHhqpT. Status changed: AVAILABLE => DELETING in 0.359699010849
2019-06-18 23:29:46.848 4359 RALLYDEBUG rally.task.utils [-] Waiting for resource s_rally_206e1bdb_FMXyXBK6. Status changed: DOWNLOADING => AVAILABLE in 11.5761060715
2019-06-18 23:29:47.273 4359 INFO rally.task.runner [-] Task 54f428db-4b39-4471-9cbe-a9e1802554e7 | ITER: 4 END: OK
2019-06-18 23:29:47.279 4359 INFO rally.task.runner [-] Task 54f428db-4b39-4471-9cbe-a9e1802554e7 | ITER: 5 START
2019-06-18 23:29:47.523 4355 INFO rally.task.runner [-] Task 54f428db-4b39-4471-9cbe-a9e1802554e7 | ITER: 3 END: OK
2019-06-18 23:29:47.528 4355 INFO rally.task.runner [-] Task 54f428db-4b39-4471-9cbe-a9e1802554e7 | ITER: 6 START
2019-06-18 23:29:47.621 4356 INFO rally.task.runner [-] Task 54f428db-4b39-4471-9cbe-a9e1802554e7 | ITER: 2 END: OK
2019-06-18 23:29:47.626 4356 INFO rally.task.runner [-] Task 54f428db-4b39-4471-9cbe-a9e1802554e7 | ITER: 7 START
2019-06-18 23:29:47.966 4354 INFO rally.task.runner [-] Task 54f428db-4b39-4471-9cbe-a9e1802554e7 | ITER: 1 END: OK
2019-06-18 23:29:47.970 4354 INFO rally.task.runner [-] Task 54f428db-4b39-4471-9cbe-a9e1802554e7 | ITER: 8 START
2019-06-18 23:29:55.696 4354 RALLYDEBUG rally.task.utils [-] Waiting for resource s_rally_206e1bdb_Y35vPgIp. Status changed: CREATING => DOWNLOADING in 2.98690319061
2019-06-18 23:29:57.893 4355 RALLYDEBUG rally.task.utils [-] Waiting for resource s_rally_206e1bdb_MZjwYT9e. Status changed: CREATING => DOWNLOADING in 5.38193917274
2019-06-18 23:30:00.009 4359 RALLYDEBUG rally.task.utils [-] Waiting for resource s_rally_206e1bdb_hPCoN7Z0. Status changed: CREATING => DOWNLOADING in 7.58184218407
2019-06-18 23:30:02.554 4356 RALLYDEBUG rally.task.utils [-] Waiting for resource s_rally_206e1bdb_hIwckN6k. Status changed: CREATING => DOWNLOADING in 9.93959188461
2019-06-18 23:30:06.785 4359 RALLYDEBUG rally.task.utils [-] Waiting for resource s_rally_206e1bdb_hPCoN7Z0. Status changed: DOWNLOADING => AVAILABLE in 6.77658987045
2019-06-18 23:30:06.975 4355 RALLYDEBUG rally.task.utils [-] Waiting for resource s_rally_206e1bdb_MZjwYT9e. Status changed: DOWNLOADING => AVAILABLE in 9.0818669796
2019-06-18 23:30:07.211 4354 RALLYDEBUG rally.task.utils [-] Waiting for resource s_rally_206e1bdb_Y35vPgIp. Status changed: DOWNLOADING => AVAILABLE in 11.5151629448
2019-06-18 23:30:07.226 4356 RALLYDEBUG rally.task.utils [-] Waiting for resource s_rally_206e1bdb_hIwckN6k. Status changed: DOWNLOADING => AVAILABLE in 4.6716439724
2019-06-18 23:30:07.487 4355 INFO rally.task.runner [-] Task 54f428db-4b39-4471-9cbe-a9e1802554e7 | ITER: 6 END: OK
2019-06-18 23:30:07.488 4359 INFO rally.task.runner [-] Task 54f428db-4b39-4471-9cbe-a9e1802554e7 | ITER: 5 END: OK
2019-06-18 23:30:07.493 4355 INFO rally.task.runner [-] Task 54f428db-4b39-4471-9cbe-a9e1802554e7 | ITER: 9 START
2019-06-18 23:30:07.495 4359 INFO rally.task.runner [-] Task 54f428db-4b39-4471-9cbe-a9e1802554e7 | ITER: 10 START
2019-06-18 23:30:07.881 4356 RALLYDEBUG rally.task.utils [-] Waiting for resource s_rally_206e1bdb_hIwckN6k. Status changed: AVAILABLE => DELETING in 0.249340057373
2019-06-18 23:30:07.937 4354 RALLYDEBUG rally.task.utils [-] Waiting for resource s_rally_206e1bdb_Y35vPgIp. Status changed: AVAILABLE => DELETING in 0.335960149765
2019-06-18 23:30:10.107 4356 INFO rally.task.runner [-] Task 54f428db-4b39-4471-9cbe-a9e1802554e7 | ITER: 7 END: OK
2019-06-18 23:30:10.270 4354 INFO rally.task.runner [-] Task 54f428db-4b39-4471-9cbe-a9e1802554e7 | ITER: 8 END: OK
2019-06-18 23:30:15.679 4359 RALLYDEBUG rally.task.utils [-] Waiting for resource s_rally_206e1bdb_Pl4gPVE8. Status changed: CREATING => DOWNLOADING in 2.97492194176
2019-06-18 23:30:18.270 4355 RALLYDEBUG rally.task.utils [-] Waiting for resource s_rally_206e1bdb_Q4oKoPuZ. Status changed: CREATING => DOWNLOADING in 5.32750701904
2019-06-18 23:30:20.409 4359 RALLYDEBUG rally.task.utils [-] Waiting for resource s_rally_206e1bdb_Pl4gPVE8. Status changed: DOWNLOADING => AVAILABLE in 4.73032903671
2019-06-18 23:30:21.132 4359 RALLYDEBUG rally.task.utils [-] Waiting for resource s_rally_206e1bdb_Pl4gPVE8. Status changed: AVAILABLE => DELETING in 0.35188794136
2019-06-18 23:30:22.614 4355 RALLYDEBUG rally.task.utils [-] Waiting for resource s_rally_206e1bdb_Q4oKoPuZ. Status changed: DOWNLOADING => AVAILABLE in 4.34326291084
2019-06-18 23:30:23.350 4355 RALLYDEBUG rally.task.utils [-] Waiting for resource s_rally_206e1bdb_Q4oKoPuZ. Status changed: AVAILABLE => DELETING in 0.34886598587
2019-06-18 23:30:23.486 4359 INFO rally.task.runner [-] Task 54f428db-4b39-4471-9cbe-a9e1802554e7 | ITER: 10 END: OK
2019-06-18 23:30:25.401 4355 INFO rally.task.runner [-] Task 54f428db-4b39-4471-9cbe-a9e1802554e7 | ITER: 9 END: OK
2019-06-18 23:30:25.427 1842 INFO rally.task.context [-] Task 54f428db-4b39-4471-9cbe-a9e1802554e7 | Context cleanup@openstack cleanup() started
2019-06-18 23:30:25.429 1842 RALLYDEBUG rally_openstack.cleanup.manager [-] Cleaning up cinder backups objects
2019-06-18 23:30:27.617 1842 RALLYDEBUG rally_openstack.cleanup.manager [-] Cleaning up cinder volume_snapshots objects
2019-06-18 23:30:29.853 1842 RALLYDEBUG rally_openstack.cleanup.manager [-] Cleaning up cinder transfers objects
2019-06-18 23:30:32.157 1842 RALLYDEBUG rally_openstack.cleanup.manager [-] Cleaning up cinder volumes objects
2019-06-18 23:30:34.288 1842 INFO rally.task.context [-] Task 54f428db-4b39-4471-9cbe-a9e1802554e7 | Context cleanup@openstack cleanup() finished in 8.86 sec
2019-06-18 23:30:34.289 1842 INFO rally.task.context [-] Task 54f428db-4b39-4471-9cbe-a9e1802554e7 | Context quotas@openstack cleanup() started
2019-06-18 23:30:34.968 1842 INFO rally.task.context [-] Task 54f428db-4b39-4471-9cbe-a9e1802554e7 | Context quotas@openstack cleanup() finished in 0.68 sec
2019-06-18 23:30:34.968 1842 INFO rally.task.context [-] Task 54f428db-4b39-4471-9cbe-a9e1802554e7 | Context api_versions@openstack cleanup() started
2019-06-18 23:30:34.968 1842 INFO rally.task.context [-] Task 54f428db-4b39-4471-9cbe-a9e1802554e7 | Context api_versions@openstack cleanup() finished in 0.36 msec
2019-06-18 23:30:34.969 1842 INFO rally.task.context [-] Task 54f428db-4b39-4471-9cbe-a9e1802554e7 | Context users@openstack cleanup() started
2019-06-18 23:30:43.854 1842 INFO rally.task.context [-] Task 54f428db-4b39-4471-9cbe-a9e1802554e7 | Context users@openstack cleanup() finished in 8.88 sec
2019-06-18 23:30:45.793 1842 INFO rally.task.engine [-] Load duration is: 59.902626
2019-06-18 23:30:45.793 1842 INFO rally.task.engine [-] Full runner duration is: 59.946817
2019-06-18 23:30:45.794 1842 INFO rally.task.engine [-] Full duration is: 86.409225
2019-06-18 23:30:45.920 1842 INFO rally.task.engine [-] Running workload: position = 2 config = { "version": 2, "title": "A cropped version of a bigger task.", "description": "Auto-generated task from a single workload (uuid=1d66514e-a8c0-4d83-97f8-9d8d0c3e1fcc)", "subtasks": [ { "title": "CinderVolumes.create_and_delete_volume", "description": "Create and then delete a volume.", "scenario": { "CinderVolumes.create_and_delete_volume": { "size": 1 } }, "contexts": { "users": { "tenants": 3, "users_per_tenant": 2 }, "quotas": { "cinder": { "gigabytes": -1, "snapshots": -1, "volumes": -1 } }, "api_versions": { "cinder": { "version": 3, "service_type": "volumev3" } } }, "runner": { "constant": { "concurrency": 4, "times": 10 } }, "hooks": [], "sla": { "failure_rate": { "max": 0 } } } ] }
2019-06-18 23:30:45.943 1842 RALLYDEBUG rally_openstack.contexts.keystone.users [-] Creating 3 tenants using 20 threads
2019-06-18 23:30:47.922 1842 RALLYDEBUG rally_openstack.contexts.keystone.users [-] Creating 6 users using 20 threads
2019-06-18 23:30:50.873 1842 INFO rally.task.context [-] Task 54f428db-4b39-4471-9cbe-a9e1802554e7 | Context users@openstack setup() finished in 4.93 sec
2019-06-18 23:30:51.304 1842 INFO rally.task.context [-] Task 54f428db-4b39-4471-9cbe-a9e1802554e7 | Context api_versions@openstack setup() finished in 0.43 sec
2019-06-18 23:30:52.977 1842 INFO rally.task.context [-] Task 54f428db-4b39-4471-9cbe-a9e1802554e7 | Context quotas@openstack setup() finished in 1.67 sec
2019-06-18 23:30:52.977 1842 INFO rally.task.context [-] Task 54f428db-4b39-4471-9cbe-a9e1802554e7 | Context cleanup@openstack setup() finished in 0.01 msec
2019-06-18 23:30:52.985 1842 RALLYDEBUG rally.task.runner [-] Starting the constant runner (task UUID: 54f428db-4b39-4471-9cbe-a9e1802554e7). timeout: 0 concurrency: 4 concurrency_per_worker: 1 times: 10 concurrency_overhead: 0 processes_to_start: 4 max_cpu_used: 16
2019-06-18 23:30:52.998 4538 RALLYDEBUG rally.task.runner [-] Starting a worker. concurrency: 1 args: {"size": 1} times: 10 method_name: run timeout: 0 duration: None cls:
2019-06-18 23:30:53.001 4539 RALLYDEBUG rally.task.runner [-] Starting a worker. concurrency: 1 args: {"size": 1} times: 10 method_name: run timeout: 0 duration: None cls:
2019-06-18 23:30:53.004 4540 RALLYDEBUG rally.task.runner [-] Starting a worker. concurrency: 1 args: {"size": 1} times: 10 method_name: run timeout: 0 duration: None cls:
2019-06-18 23:30:53.006 4538 INFO rally.task.runner [-] Task 54f428db-4b39-4471-9cbe-a9e1802554e7 | ITER: 1 START
2019-06-18 23:30:53.007 4541 RALLYDEBUG rally.task.runner [-] Starting a worker. concurrency: 1 args: {"size": 1} times: 10 method_name: run timeout: 0 duration: None cls:
2019-06-18 23:30:53.009 4539 INFO rally.task.runner [-] Task 54f428db-4b39-4471-9cbe-a9e1802554e7 | ITER: 2 START
2019-06-18 23:30:53.012 4540 INFO rally.task.runner [-] Task 54f428db-4b39-4471-9cbe-a9e1802554e7 | ITER: 3 START
2019-06-18 23:30:53.015 4541 INFO rally.task.runner [-] Task 54f428db-4b39-4471-9cbe-a9e1802554e7 | ITER: 4 START
2019-06-18 23:30:57.146 4538 RALLYDEBUG rally.task.utils [-] Waiting for resource s_rally_1d66514e_9X1FDQfg. Status changed: AVAILABLE => DELETING in 0.0546350479126
2019-06-18 23:30:57.249 4541 INFO rally.task.runner [-] Task 54f428db-4b39-4471-9cbe-a9e1802554e7 | ITER: 4 END: OK
2019-06-18 23:30:57.254 4541 INFO rally.task.runner [-] Task 54f428db-4b39-4471-9cbe-a9e1802554e7 | ITER: 5 START
2019-06-18 23:30:57.330 4540 RALLYDEBUG rally.task.utils [-] Waiting for resource s_rally_1d66514e_lHihkTv6. Status changed: AVAILABLE => DELETING in 0.0636031627655
2019-06-18 23:30:57.536 4539 RALLYDEBUG rally.task.utils [-] Waiting for resource s_rally_1d66514e_WnDDfiAc. Status changed: AVAILABLE => DELETING in 0.322691917419
2019-06-18 23:30:59.482 4538 INFO rally.task.runner [-] Task 54f428db-4b39-4471-9cbe-a9e1802554e7 | ITER: 1 END: OK
2019-06-18 23:30:59.488 4538 INFO rally.task.runner [-] Task 54f428db-4b39-4471-9cbe-a9e1802554e7 | ITER: 6 START
2019-06-18 23:30:59.578 4540 INFO rally.task.runner [-] Task 54f428db-4b39-4471-9cbe-a9e1802554e7 | ITER: 3 END: OK
2019-06-18 23:30:59.583 4540 INFO rally.task.runner [-] Task 54f428db-4b39-4471-9cbe-a9e1802554e7 | ITER: 7 START
2019-06-18 23:30:59.879 4539 INFO rally.task.runner [-] Task 54f428db-4b39-4471-9cbe-a9e1802554e7 | ITER: 2 END: OK
2019-06-18 23:30:59.883 4539 INFO rally.task.runner [-] Task 54f428db-4b39-4471-9cbe-a9e1802554e7 | ITER: 8 START
2019-06-18 23:31:01.256 4541 RALLYDEBUG rally.task.utils [-] Waiting for resource s_rally_1d66514e_t2WLc3Cn. Status changed: AVAILABLE => DELETING in 0.248542070389
2019-06-18 23:31:03.502 4541 INFO rally.task.runner [-] Task 54f428db-4b39-4471-9cbe-a9e1802554e7 | ITER: 5 END: OK
2019-06-18 23:31:03.507 4541 INFO rally.task.runner [-] Task 54f428db-4b39-4471-9cbe-a9e1802554e7 | ITER: 9 START
2019-06-18 23:31:03.694 4538 RALLYDEBUG rally.task.utils [-] Waiting for resource s_rally_1d66514e_oz1YQeLa. Status changed: AVAILABLE => DELETING in 0.260235071182
2019-06-18 23:31:03.730 4540 RALLYDEBUG rally.task.utils [-] Waiting for resource s_rally_1d66514e_w24imFLZ. Status changed: AVAILABLE => DELETING in 0.332613945007
2019-06-18 23:31:03.978 4539 RALLYDEBUG rally.task.utils [-] Waiting for resource s_rally_1d66514e_Fgo7mSg6. Status changed: AVAILABLE => DELETING in 0.34668302536
2019-06-18 23:31:05.924 4538 INFO rally.task.runner [-] Task 54f428db-4b39-4471-9cbe-a9e1802554e7 | ITER: 6 END: OK
2019-06-18 23:31:05.929 4538 INFO rally.task.runner [-] Task 54f428db-4b39-4471-9cbe-a9e1802554e7 | ITER: 10 START
2019-06-18 23:31:06.034 4540 INFO rally.task.runner [-] Task 54f428db-4b39-4471-9cbe-a9e1802554e7 | ITER: 7 END: OK
2019-06-18 23:31:06.214 4539 INFO rally.task.runner [-] Task 54f428db-4b39-4471-9cbe-a9e1802554e7 | ITER: 8 END: OK
2019-06-18 23:31:07.664 4541 INFO rally.task.runner [-] Task 54f428db-4b39-4471-9cbe-a9e1802554e7 | ITER: 9 END: OK
2019-06-18 23:31:10.202 4538 RALLYDEBUG rally.task.utils [-] Waiting for resource s_rally_1d66514e_eHdx6ciR. Status changed: AVAILABLE => DELETING in 0.261482954025
2019-06-18 23:31:12.239 4538 INFO rally.task.runner [-] Task 54f428db-4b39-4471-9cbe-a9e1802554e7 | ITER: 10 END: OK
2019-06-18 23:31:12.262 1842 INFO rally.task.context [-] Task 54f428db-4b39-4471-9cbe-a9e1802554e7 | Context cleanup@openstack cleanup() started
2019-06-18 23:31:12.265 1842 RALLYDEBUG rally_openstack.cleanup.manager [-] Cleaning up cinder backups objects
2019-06-18 23:31:14.361 1842 RALLYDEBUG rally_openstack.cleanup.manager [-] Cleaning up cinder volume_snapshots objects
2019-06-18 23:31:16.630 1842 RALLYDEBUG rally_openstack.cleanup.manager [-] Cleaning up cinder transfers objects
2019-06-18 23:31:18.860 1842 RALLYDEBUG rally_openstack.cleanup.manager [-] Cleaning up cinder volumes objects
2019-06-18 23:31:21.300 1842 INFO rally.task.context [-] Task 54f428db-4b39-4471-9cbe-a9e1802554e7 | Context cleanup@openstack cleanup() finished in 9.04 sec
2019-06-18 23:31:21.301 1842 INFO rally.task.context [-] Task 54f428db-4b39-4471-9cbe-a9e1802554e7 | Context quotas@openstack cleanup() started
2019-06-18 23:31:21.926 1842 INFO rally.task.context [-] Task 54f428db-4b39-4471-9cbe-a9e1802554e7 | Context quotas@openstack cleanup() finished in 0.62 sec
2019-06-18 23:31:21.926 1842 INFO rally.task.context [-] Task 54f428db-4b39-4471-9cbe-a9e1802554e7 | Context api_versions@openstack cleanup() started
2019-06-18 23:31:21.927 1842 INFO rally.task.context [-] Task 54f428db-4b39-4471-9cbe-a9e1802554e7 | Context api_versions@openstack cleanup() finished in 0.32 msec
2019-06-18 23:31:21.927 1842 INFO rally.task.context [-] Task 54f428db-4b39-4471-9cbe-a9e1802554e7 | Context users@openstack cleanup() started
2019-06-18 23:31:30.257 1842 INFO rally.task.context [-] Task 54f428db-4b39-4471-9cbe-a9e1802554e7 | Context users@openstack cleanup() finished in 8.33 sec
2019-06-18 23:31:32.167 1842 INFO rally.task.engine [-] Load duration is: 19.227719
2019-06-18 23:31:32.167 1842 INFO rally.task.engine [-] Full runner duration is: 19.278153
2019-06-18 23:31:32.167 1842 INFO rally.task.engine [-] Full duration is: 44.316079
2019-06-18 23:31:32.397 1842 INFO rally.task.engine [-] Running workload: position = 0 config = { "version": 2, "title": "A cropped version of a bigger task.", "description": "Auto-generated task from a single workload (uuid=c69d67e7-1191-41b0-a0e4-7957ea0628f8)", "subtasks": [ { "title": "CinderVolumes.create_and_extend_volume", "description": "Create and extend a volume and then delete it.", "scenario": { "CinderVolumes.create_and_extend_volume": { "new_size": 2, "size": 1 } }, "contexts": { "users": { "tenants": 3, "users_per_tenant": 2 }, "quotas": { "cinder": { "gigabytes": -1, "snapshots": -1, "volumes": -1 } }, "api_versions": { "cinder": { "version": 3, "service_type": "volumev3" } } }, "runner": { "constant": { "concurrency": 4, "times": 10 } }, "hooks": [], "sla": { "failure_rate": { "max": 0 } } } ] }
2019-06-18 23:31:32.420 1842 RALLYDEBUG rally_openstack.contexts.keystone.users [-] Creating 3 tenants using 20 threads
2019-06-18 23:31:34.539 1842 RALLYDEBUG rally_openstack.contexts.keystone.users [-] Creating 6 users using 20 threads
2019-06-18 23:31:37.298 1842 INFO rally.task.context [-] Task 54f428db-4b39-4471-9cbe-a9e1802554e7 | Context users@openstack setup() finished in 4.88 sec
2019-06-18 23:31:37.738 1842 INFO rally.task.context [-] Task 54f428db-4b39-4471-9cbe-a9e1802554e7 | Context api_versions@openstack setup() finished in 0.44 sec
2019-06-18 23:31:39.449 1842 INFO rally.task.context [-] Task 54f428db-4b39-4471-9cbe-a9e1802554e7 | Context quotas@openstack setup() finished in 1.71 sec
2019-06-18 23:31:39.450 1842 INFO rally.task.context [-] Task 54f428db-4b39-4471-9cbe-a9e1802554e7 | Context cleanup@openstack setup() finished in 0.00 msec
2019-06-18 23:31:39.457 1842 RALLYDEBUG rally.task.runner [-] Starting the constant runner (task UUID: 54f428db-4b39-4471-9cbe-a9e1802554e7). timeout: 0 concurrency: 4 concurrency_per_worker: 1 times: 10 concurrency_overhead: 0 processes_to_start: 4 max_cpu_used: 16
2019-06-18 23:31:39.471 4722 RALLYDEBUG rally.task.runner [-] Starting a worker. concurrency: 1 args: {"new_size": 2, "size": 1} times: 10 method_name: run timeout: 0 duration: None cls:
2019-06-18 23:31:39.473 4723 RALLYDEBUG rally.task.runner [-] Starting a worker. concurrency: 1 args: {"new_size": 2, "size": 1} times: 10 method_name: run timeout: 0 duration: None cls:
2019-06-18 23:31:39.477 4724 RALLYDEBUG rally.task.runner [-] Starting a worker. concurrency: 1 args: {"new_size": 2, "size": 1} times: 10 method_name: run timeout: 0 duration: None cls:
2019-06-18 23:31:39.478 4722 INFO rally.task.runner [-] Task 54f428db-4b39-4471-9cbe-a9e1802554e7 | ITER: 1 START
2019-06-18 23:31:39.480 4725 RALLYDEBUG rally.task.runner [-] Starting a worker. concurrency: 1 args: {"new_size": 2, "size": 1} times: 10 method_name: run timeout: 0 duration: None cls:
2019-06-18 23:31:39.481 4723 INFO rally.task.runner [-] Task 54f428db-4b39-4471-9cbe-a9e1802554e7 | ITER: 2 START
2019-06-18 23:31:39.484 4724 INFO rally.task.runner [-] Task 54f428db-4b39-4471-9cbe-a9e1802554e7 | ITER: 3 START
2019-06-18 23:31:39.488 4725 INFO rally.task.runner [-] Task 54f428db-4b39-4471-9cbe-a9e1802554e7 | ITER: 4 START
2019-06-18 23:31:44.487 4724 INFO rally.task.runner [-] Task 54f428db-4b39-4471-9cbe-a9e1802554e7 | ITER: 3 END: OK
2019-06-18 23:31:44.493 4724 INFO rally.task.runner [-] Task 54f428db-4b39-4471-9cbe-a9e1802554e7 | ITER: 5 START
2019-06-18 23:31:44.605 4722 RALLYDEBUG rally.task.utils [-] Waiting for resource s_rally_c69d67e7_j1z46VBD. Status changed: AVAILABLE => DELETING in 0.244060993195
2019-06-18 23:31:44.737 4723 RALLYDEBUG rally.task.utils [-] Waiting for resource s_rally_c69d67e7_HP1ItF5R. Status changed: AVAILABLE => DELETING in 0.357722997665
2019-06-18 23:31:44.991 4725 RALLYDEBUG rally.task.utils [-] Waiting for resource s_rally_c69d67e7_ZOuvvrn5. Status changed: AVAILABLE => DELETING in 0.474580049515
2019-06-18 23:31:46.975 4723 INFO rally.task.runner [-] Task 54f428db-4b39-4471-9cbe-a9e1802554e7 | ITER: 2 END: OK
2019-06-18 23:31:46.980 4723 INFO rally.task.runner [-] Task 54f428db-4b39-4471-9cbe-a9e1802554e7 | ITER: 6 START
2019-06-18 23:31:46.987 4722 INFO rally.task.runner [-] Task 54f428db-4b39-4471-9cbe-a9e1802554e7 | ITER: 1 END: OK
2019-06-18 23:31:46.992 4722 INFO rally.task.runner [-] Task 54f428db-4b39-4471-9cbe-a9e1802554e7 | ITER: 7 START
2019-06-18 23:31:47.394 4725 INFO rally.task.runner [-] Task 54f428db-4b39-4471-9cbe-a9e1802554e7 | ITER: 4 END: OK
2019-06-18 23:31:47.399 4725 INFO rally.task.runner [-] Task 54f428db-4b39-4471-9cbe-a9e1802554e7 | ITER: 8 START
2019-06-18 23:31:48.642 4724 RALLYDEBUG rally.task.utils [-] Waiting for resource s_rally_c69d67e7_8mGyRikE. Status changed: AVAILABLE => EXTENDING in 0.261924028397
2019-06-18 23:31:50.896 4724 RALLYDEBUG rally.task.utils [-] Waiting for resource s_rally_c69d67e7_8mGyRikE. Status changed: EXTENDING => AVAILABLE in 2.25408697128
2019-06-18 23:31:51.334 4724 RALLYDEBUG rally.task.utils [-] Waiting for resource s_rally_c69d67e7_8mGyRikE. Status changed: AVAILABLE => DELETING in 0.344858884811
2019-06-18 23:31:51.899 4722 RALLYDEBUG rally.task.utils [-] Waiting for resource s_rally_c69d67e7_5oBI5QFZ. Status changed: AVAILABLE => DELETING in 0.263211965561
2019-06-18 23:31:51.947 4725 RALLYDEBUG rally.task.utils [-] Waiting for resource s_rally_c69d67e7_ySF77pax. Status changed: AVAILABLE => EXTENDING in 0.262717962265
2019-06-18 23:31:52.032 4723 RALLYDEBUG rally.task.utils [-] Waiting for resource s_rally_c69d67e7_YdiShwOP. Status changed: AVAILABLE => DELETING in 0.330234050751
2019-06-18 23:31:53.651 4724 INFO rally.task.runner [-] Task 54f428db-4b39-4471-9cbe-a9e1802554e7 | ITER: 5 END: OK
2019-06-18 23:31:53.658 4724 INFO rally.task.runner [-] Task 54f428db-4b39-4471-9cbe-a9e1802554e7 | ITER: 9 START
2019-06-18 23:31:54.073 4723 INFO rally.task.runner [-] Task 54f428db-4b39-4471-9cbe-a9e1802554e7 | ITER: 6 END: OK
2019-06-18 23:31:54.079 4723 INFO rally.task.runner [-] Task 54f428db-4b39-4471-9cbe-a9e1802554e7 | ITER: 10 START
2019-06-18 23:31:54.128 4722 INFO rally.task.runner [-] Task 54f428db-4b39-4471-9cbe-a9e1802554e7 | ITER: 7 END: OK
2019-06-18 23:31:54.295 4725 RALLYDEBUG rally.task.utils [-] Waiting for resource s_rally_c69d67e7_ySF77pax. Status changed: EXTENDING => AVAILABLE in 2.3485121727
2019-06-18 23:31:54.750 4725 RALLYDEBUG rally.task.utils [-] Waiting for resource s_rally_c69d67e7_ySF77pax. Status changed: AVAILABLE => DELETING in 0.0539700984955
2019-06-18 23:31:57.083 4725 INFO rally.task.runner [-] Task 54f428db-4b39-4471-9cbe-a9e1802554e7 | ITER: 8 END: OK
2019-06-18 23:31:58.426 4724 INFO rally.task.runner [-] Task 54f428db-4b39-4471-9cbe-a9e1802554e7 | ITER: 9 END: OK
2019-06-18 23:31:59.022 4723 INFO rally.task.runner [-] Task 54f428db-4b39-4471-9cbe-a9e1802554e7 | ITER: 10 END: OK
2019-06-18 23:31:59.052 1842 INFO rally.task.context [-] Task 54f428db-4b39-4471-9cbe-a9e1802554e7 | Context cleanup@openstack cleanup() started
2019-06-18 23:31:59.054 1842 RALLYDEBUG rally_openstack.cleanup.manager [-] Cleaning up cinder backups objects
2019-06-18 23:32:01.324 1842 RALLYDEBUG rally_openstack.cleanup.manager [-] Cleaning up cinder volume_snapshots objects
2019-06-18 23:32:03.557 1842 RALLYDEBUG rally_openstack.cleanup.manager [-] Cleaning up cinder transfers objects
2019-06-18 23:32:05.906 1842 RALLYDEBUG rally_openstack.cleanup.manager [-] Cleaning up cinder volumes objects
2019-06-18 23:32:08.252 1842 INFO rally.task.context [-] Task 54f428db-4b39-4471-9cbe-a9e1802554e7 | Context cleanup@openstack cleanup() finished in 9.20 sec
2019-06-18 23:32:08.253 1842 INFO rally.task.context [-] Task 54f428db-4b39-4471-9cbe-a9e1802554e7 | Context quotas@openstack cleanup() started
2019-06-18 23:32:09.238 1842 INFO rally.task.context [-] Task 54f428db-4b39-4471-9cbe-a9e1802554e7 | Context quotas@openstack cleanup() finished in 0.98 sec
2019-06-18 23:32:09.238 1842 INFO rally.task.context [-] Task 54f428db-4b39-4471-9cbe-a9e1802554e7 | Context api_versions@openstack cleanup() started
2019-06-18 23:32:09.238 1842 INFO rally.task.context [-] Task 54f428db-4b39-4471-9cbe-a9e1802554e7 | Context api_versions@openstack cleanup() finished in 0.33 msec
2019-06-18 23:32:09.239 1842 INFO rally.task.context [-] Task 54f428db-4b39-4471-9cbe-a9e1802554e7 | Context users@openstack cleanup() started
2019-06-18 23:32:17.879 1842 INFO rally.task.context [-] Task 54f428db-4b39-4471-9cbe-a9e1802554e7 | Context users@openstack cleanup() finished in 8.64 sec
2019-06-18 23:32:18.594 1842 INFO rally.task.engine [-] Load duration is: 19.539911
2019-06-18 23:32:18.595 1842 INFO rally.task.engine [-] Full runner duration is: 19.594509
2019-06-18 23:32:18.595 1842 INFO rally.task.engine [-] Full duration is: 45.46414
2019-06-18 23:32:18.863 1842 INFO rally.task.engine [-] Running workload: position = 0 config = { "version": 2, "title": "A cropped version of a bigger task.", "description": "Auto-generated task from a single workload (uuid=ffca6d16-ca2e-47b6-9413-bde8eb6e30e3)", "subtasks": [ { "title": "CinderVolumes.create_from_volume_and_delete_volume", "description": "Create volume from volume and then delete it.", "scenario": { "CinderVolumes.create_from_volume_and_delete_volume": { "size": 1 } }, "contexts": { "users": { "tenants": 3, "users_per_tenant": 2 }, "quotas": { "cinder": { "gigabytes": -1, "snapshots": -1, "volumes": -1 } }, "api_versions": { "cinder": { "version": 3, "service_type": "volumev3" } }, "volumes": { "size": 1, "volumes_per_tenant": 1 } }, "runner": { "constant": { "concurrency": 4, "times": 10 } }, "hooks": [], "sla": { "failure_rate": { "max": 0 } } } ] }
2019-06-18 23:32:18.888 1842 RALLYDEBUG rally_openstack.contexts.keystone.users [-] Creating 3 tenants using 20 threads
2019-06-18 23:32:20.773 1842 RALLYDEBUG rally_openstack.contexts.keystone.users [-] Creating 6 users using 20 threads
2019-06-18 23:32:23.679 1842 INFO rally.task.context [-] Task 54f428db-4b39-4471-9cbe-a9e1802554e7 | Context users@openstack setup() finished in 4.79 sec
2019-06-18 23:32:24.110 1842 INFO rally.task.context [-] Task 54f428db-4b39-4471-9cbe-a9e1802554e7 | Context api_versions@openstack setup() finished in 0.43 sec
2019-06-18 23:32:25.938 1842 INFO rally.task.context [-] Task 54f428db-4b39-4471-9cbe-a9e1802554e7 | Context quotas@openstack setup() finished in 1.83 sec
2019-06-18 23:32:36.938 1842 INFO rally.task.context [-] Task 54f428db-4b39-4471-9cbe-a9e1802554e7 | Context volumes@openstack setup() finished in 11.00 sec
2019-06-18 23:32:36.939 1842 INFO rally.task.context [-] Task 54f428db-4b39-4471-9cbe-a9e1802554e7 | Context cleanup@openstack setup() finished in 0.01 msec
2019-06-18 23:32:36.946 1842 RALLYDEBUG rally.task.runner [-] Starting the constant runner (task UUID: 54f428db-4b39-4471-9cbe-a9e1802554e7). timeout: 0 concurrency: 4 concurrency_per_worker: 1 times: 10 concurrency_overhead: 0 processes_to_start: 4 max_cpu_used: 16
2019-06-18 23:32:36.960 4906 RALLYDEBUG rally.task.runner [-] Starting a worker. concurrency: 1 args: {"size": 1} times: 10 method_name: run timeout: 0 duration: None cls:
2019-06-18 23:32:36.963 4907 RALLYDEBUG rally.task.runner [-] Starting a worker. concurrency: 1 args: {"size": 1} times: 10 method_name: run timeout: 0 duration: None cls:
2019-06-18 23:32:36.965 4908 RALLYDEBUG rally.task.runner [-] Starting a worker. concurrency: 1 args: {"size": 1} times: 10 method_name: run timeout: 0 duration: None cls:
2019-06-18 23:32:36.966 4909 RALLYDEBUG rally.task.runner [-] Starting a worker. concurrency: 1 args: {"size": 1} times: 10 method_name: run timeout: 0 duration: None cls:
2019-06-18 23:32:36.968 4906 INFO rally.task.runner [-] Task 54f428db-4b39-4471-9cbe-a9e1802554e7 | ITER: 1 START
2019-06-18 23:32:36.970 4909 INFO rally.task.runner [-] Task 54f428db-4b39-4471-9cbe-a9e1802554e7 | ITER: 4 START
2019-06-18 23:32:36.971 4907 INFO rally.task.runner [-] Task 54f428db-4b39-4471-9cbe-a9e1802554e7 | ITER: 2 START
2019-06-18 23:32:36.972 4908 INFO rally.task.runner [-] Task 54f428db-4b39-4471-9cbe-a9e1802554e7 | ITER: 3 START
2019-06-18 23:32:40.932 4909 RALLYDEBUG rally.task.utils [-] Waiting for resource s_rally_ffca6d16_BWJJuCBa. Status changed: CREATING => AVAILABLE in 0.787739992142
2019-06-18 23:32:41.266 4906 RALLYDEBUG rally.task.utils [-] Waiting for resource s_rally_ffca6d16_mmJ95STn. Status changed: AVAILABLE => DELETING in 0.329669952393
2019-06-18 23:32:41.446 4907 RALLYDEBUG rally.task.utils [-] Waiting for resource s_rally_ffca6d16_E3XxVLq7. Status changed: AVAILABLE => DELETING in 0.336323022842
2019-06-18 23:32:41.603 4909 RALLYDEBUG rally.task.utils [-] Waiting for resource s_rally_ffca6d16_BWJJuCBa. Status changed: AVAILABLE => DELETING in 0.332613229752
2019-06-18 23:32:42.988 4908 RALLYDEBUG rally.task.utils [-] Waiting for resource s_rally_ffca6d16_n0L6ZCsH. Status changed: CREATING => AVAILABLE in 2.87591195107
2019-06-18 23:32:43.640 4908 RALLYDEBUG rally.task.utils [-] Waiting for resource s_rally_ffca6d16_n0L6ZCsH. Status changed: AVAILABLE => DELETING in 0.259983062744
2019-06-18 23:32:45.852 4906 INFO rally.task.runner [-] Task 54f428db-4b39-4471-9cbe-a9e1802554e7 | ITER: 1 END: OK
2019-06-18 23:32:45.859 4906 INFO rally.task.runner [-] Task 54f428db-4b39-4471-9cbe-a9e1802554e7 | ITER: 5 START
2019-06-18 23:32:45.932 4907 INFO rally.task.runner [-] Task 54f428db-4b39-4471-9cbe-a9e1802554e7 | ITER: 2 END: OK
2019-06-18 23:32:45.938 4907 INFO rally.task.runner [-] Task 54f428db-4b39-4471-9cbe-a9e1802554e7 | ITER: 6 START
2019-06-18 23:32:48.024 4908 INFO rally.task.runner [-] Task 54f428db-4b39-4471-9cbe-a9e1802554e7 | ITER: 3 END: OK
2019-06-18 23:32:48.030 4908 INFO rally.task.runner [-] Task 54f428db-4b39-4471-9cbe-a9e1802554e7 | ITER: 7 START
2019-06-18 23:32:48.572 4909 INFO rally.task.runner [-] Task 54f428db-4b39-4471-9cbe-a9e1802554e7 | ITER: 4 END: OK
2019-06-18 23:32:48.576 4909 INFO rally.task.runner [-] Task 54f428db-4b39-4471-9cbe-a9e1802554e7 | ITER: 8 START
2019-06-18 23:32:51.817 4907 RALLYDEBUG rally.task.utils [-] Waiting for resource s_rally_ffca6d16_MnVoqJN5. Status changed: CREATING => AVAILABLE in 2.83867692947
2019-06-18 23:32:51.957 4906 RALLYDEBUG rally.task.utils [-] Waiting for resource s_rally_ffca6d16_wyE6jTu4. Status changed: CREATING => AVAILABLE in 2.96574306488
2019-06-18 23:32:52.486 4907 RALLYDEBUG rally.task.utils [-] Waiting for resource s_rally_ffca6d16_MnVoqJN5. Status changed: AVAILABLE => DELETING in 0.268666982651
2019-06-18 23:32:52.717 4906 RALLYDEBUG rally.task.utils [-] Waiting for resource s_rally_ffca6d16_wyE6jTu4. Status changed: AVAILABLE => DELETING in 0.329411029816
2019-06-18 23:32:52.875 4909 RALLYDEBUG rally.task.utils [-] Waiting for resource s_rally_ffca6d16_1JaXCc3e. Status changed: AVAILABLE => DELETING in 0.256489992142
2019-06-18 23:32:54.088 4908 RALLYDEBUG rally.task.utils [-] Waiting for resource s_rally_ffca6d16_BFiWRYVB. Status changed: CREATING => AVAILABLE in 2.97445201874
2019-06-18 23:32:54.716 4908 RALLYDEBUG rally.task.utils [-] Waiting for resource s_rally_ffca6d16_BFiWRYVB. Status changed: AVAILABLE => DELETING in 0.337793111801
2019-06-18 23:32:54.798 4907 INFO rally.task.runner [-] Task 54f428db-4b39-4471-9cbe-a9e1802554e7 | ITER: 6 END: OK
2019-06-18 23:32:54.803 4907 INFO rally.task.runner [-] Task 54f428db-4b39-4471-9cbe-a9e1802554e7 | ITER: 9 START
2019-06-18 23:32:56.964 4908 INFO rally.task.runner [-] Task 54f428db-4b39-4471-9cbe-a9e1802554e7 | ITER: 7 END: OK
2019-06-18 23:32:56.970 4908 INFO rally.task.runner [-] Task 54f428db-4b39-4471-9cbe-a9e1802554e7 | ITER: 10 START
2019-06-18 23:32:57.034 4906 INFO rally.task.runner [-] Task 54f428db-4b39-4471-9cbe-a9e1802554e7 | ITER: 5 END: OK
2019-06-18 23:32:57.284 4909 INFO rally.task.runner [-] Task 54f428db-4b39-4471-9cbe-a9e1802554e7 | ITER: 8 END: OK
2019-06-18 23:32:58.944 4907 RALLYDEBUG rally.task.utils [-] Waiting for resource s_rally_ffca6d16_narAWto9. Status changed: AVAILABLE => DELETING in 0.337007045746
2019-06-18 23:33:01.267 4907 INFO rally.task.runner [-] Task 54f428db-4b39-4471-9cbe-a9e1802554e7 | ITER: 9 END: OK
2019-06-18 23:33:01.336 4908 RALLYDEBUG rally.task.utils [-] Waiting for resource s_rally_ffca6d16_yTOifEaa. Status changed: AVAILABLE => DELETING in 0.33362698555
2019-06-18 23:33:03.572 4908 INFO rally.task.runner [-] Task 54f428db-4b39-4471-9cbe-a9e1802554e7 | ITER: 10 END: OK
2019-06-18 23:33:03.595 1842 INFO rally.task.context [-] Task 54f428db-4b39-4471-9cbe-a9e1802554e7 | Context cleanup@openstack cleanup() started
2019-06-18 23:33:03.597 1842 RALLYDEBUG rally_openstack.cleanup.manager [-] Cleaning up cinder backups objects
2019-06-18 23:33:05.721 1842 RALLYDEBUG rally_openstack.cleanup.manager [-] Cleaning up cinder volume_snapshots objects
2019-06-18 23:33:07.931 1842 RALLYDEBUG rally_openstack.cleanup.manager [-] Cleaning up cinder transfers objects
2019-06-18 23:33:10.198 1842 RALLYDEBUG rally_openstack.cleanup.manager [-] Cleaning up cinder volumes objects
2019-06-18 23:33:12.302 1842 INFO rally.task.context [-] Task 54f428db-4b39-4471-9cbe-a9e1802554e7 | Context cleanup@openstack cleanup() finished in 8.71 sec
2019-06-18 23:33:12.303 1842 INFO rally.task.context [-] Task 54f428db-4b39-4471-9cbe-a9e1802554e7 | Context volumes@openstack cleanup() started
2019-06-18 23:33:12.303 1842 RALLYDEBUG rally_openstack.cleanup.manager [-] Cleaning up cinder volumes objects
2019-06-18 23:33:14.674 1842 RALLYDEBUG rally_openstack.cleanup.manager [-] Deleting cinder.volumes object c_rally_ffca6d16_WVduoAqN (258621e6-e487-4b50-b4dc-5dffb1cf2cb2)
2019-06-18 23:33:14.674 1842 RALLYDEBUG rally_openstack.cleanup.manager [-] Deleting cinder.volumes object c_rally_ffca6d16_O1ysoZNt (8d020fbe-0bc2-4de5-99f3-35255ee089fe)
2019-06-18 23:33:14.677 1842 RALLYDEBUG rally_openstack.cleanup.manager [-] Deleting cinder.volumes object c_rally_ffca6d16_vcMBNZlg (9cc9da1a-2307-4d2b-a2e7-cc0c7b2ff8ce)
2019-06-18 23:33:18.188 1842 INFO rally.task.context [-] Task 54f428db-4b39-4471-9cbe-a9e1802554e7 | Context volumes@openstack cleanup() finished in 5.89 sec
2019-06-18 23:33:18.189 1842 INFO rally.task.context [-] Task 54f428db-4b39-4471-9cbe-a9e1802554e7 | Context quotas@openstack cleanup() started
2019-06-18 23:33:18.957 1842 INFO rally.task.context [-] Task 54f428db-4b39-4471-9cbe-a9e1802554e7 | Context quotas@openstack cleanup() finished in 0.77 sec
2019-06-18 23:33:18.957 1842 INFO rally.task.context [-] Task 54f428db-4b39-4471-9cbe-a9e1802554e7 | Context api_versions@openstack cleanup() started
2019-06-18 23:33:18.958 1842 INFO rally.task.context [-] Task 54f428db-4b39-4471-9cbe-a9e1802554e7 | Context api_versions@openstack cleanup() finished in 0.32 msec
2019-06-18 23:33:18.958 1842 INFO rally.task.context [-] Task 54f428db-4b39-4471-9cbe-a9e1802554e7 | Context users@openstack cleanup() started
2019-06-18 23:33:27.226 1842 INFO rally.task.context [-] Task 54f428db-4b39-4471-9cbe-a9e1802554e7 | Context users@openstack cleanup() finished in 8.27 sec
2019-06-18 23:33:27.324 1842 INFO rally.task.engine [-] Load duration is: 26.598298
2019-06-18 23:33:27.325 1842 INFO rally.task.engine [-] Full runner duration is: 26.648705
2019-06-18 23:33:27.325 1842 INFO rally.task.engine [-] Full duration is: 68.34295
2019-06-18 23:33:27.538 1842 INFO rally.task.engine [-] Running workload: position = 0 config = { "version": 2, "title": "A cropped version of a bigger task.", "description": "Auto-generated task from a single workload (uuid=a8070e88-754a-4957-95f1-acddf6c7c16b)", "subtasks": [ { "title": "CinderQos.create_and_get_qos", "description": "Create a qos, then get details of the qos.", "scenario": { "CinderQos.create_and_get_qos": { "consumer": "both", "write_iops_sec": "10", "read_iops_sec": "1000" } }, "contexts": { "users": { "tenants": 3, "users_per_tenant": 2 }, "api_versions": { "cinder": { "version": 3, "service_type": "volumev3" } } }, "runner": { "constant": { "concurrency": 4, "times": 10 } }, "hooks": [], "sla": { "failure_rate": { "max": 0 } } } ] }
2019-06-18 23:33:27.562 1842 RALLYDEBUG rally_openstack.contexts.keystone.users [-] Creating 3 tenants using 20 threads
2019-06-18 23:33:29.426 1842 RALLYDEBUG rally_openstack.contexts.keystone.users [-] Creating 6 users using 20 threads
2019-06-18 23:33:32.298 1842 INFO rally.task.context [-] Task 54f428db-4b39-4471-9cbe-a9e1802554e7 | Context users@openstack setup() finished in 4.74 sec
2019-06-18 23:33:32.767 1842 INFO rally.task.context [-] Task 54f428db-4b39-4471-9cbe-a9e1802554e7 | Context api_versions@openstack setup() finished in 0.47 sec
2019-06-18 23:33:32.767 1842 INFO rally.task.context [-] Task 54f428db-4b39-4471-9cbe-a9e1802554e7 | Context admin_cleanup@openstack setup() finished in 0.00 msec
2019-06-18 23:33:32.774 1842 RALLYDEBUG rally.task.runner [-] Starting the constant runner (task UUID: 54f428db-4b39-4471-9cbe-a9e1802554e7). timeout: 0 concurrency: 4 concurrency_per_worker: 1 times: 10 concurrency_overhead: 0 processes_to_start: 4 max_cpu_used: 16
2019-06-18 23:33:32.786 5110 RALLYDEBUG rally.task.runner [-] Starting a worker. concurrency: 1 args: {"consumer": "both", "write_iops_sec": "10", "read_iops_sec": "1000"} times: 10 method_name: run timeout: 0 duration: None cls:
2019-06-18 23:33:32.790 5111 RALLYDEBUG rally.task.runner [-] Starting a worker. concurrency: 1 args: {"consumer": "both", "write_iops_sec": "10", "read_iops_sec": "1000"} times: 10 method_name: run timeout: 0 duration: None cls:
2019-06-18 23:33:32.792 5112 RALLYDEBUG rally.task.runner [-] Starting a worker. concurrency: 1 args: {"consumer": "both", "write_iops_sec": "10", "read_iops_sec": "1000"} times: 10 method_name: run timeout: 0 duration: None cls:
2019-06-18 23:33:32.794 5110 INFO rally.task.runner [-] Task 54f428db-4b39-4471-9cbe-a9e1802554e7 | ITER: 1 START
2019-06-18 23:33:32.796 5113 RALLYDEBUG rally.task.runner [-] Starting a worker. concurrency: 1 args: {"consumer": "both", "write_iops_sec": "10", "read_iops_sec": "1000"} times: 10 method_name: run timeout: 0 duration: None cls:
2019-06-18 23:33:32.797 5111 INFO rally.task.runner [-] Task 54f428db-4b39-4471-9cbe-a9e1802554e7 | ITER: 2 START
2019-06-18 23:33:32.798 5112 INFO rally.task.runner [-] Task 54f428db-4b39-4471-9cbe-a9e1802554e7 | ITER: 3 START
2019-06-18 23:33:32.803 5113 INFO rally.task.runner [-] Task 54f428db-4b39-4471-9cbe-a9e1802554e7 | ITER: 4 START
2019-06-18 23:33:33.860 5110 INFO rally.task.runner [-] Task 54f428db-4b39-4471-9cbe-a9e1802554e7 | ITER: 1 END: OK
2019-06-18 23:33:33.866 5110 INFO rally.task.runner [-] Task 54f428db-4b39-4471-9cbe-a9e1802554e7 | ITER: 5 START
2019-06-18 23:33:33.877 5112 INFO rally.task.runner [-] Task 54f428db-4b39-4471-9cbe-a9e1802554e7 | ITER: 3 END: OK
2019-06-18 23:33:33.881 5112 INFO rally.task.runner [-] Task 54f428db-4b39-4471-9cbe-a9e1802554e7 | ITER: 6 START
2019-06-18 23:33:33.883 5113 INFO rally.task.runner [-] Task 54f428db-4b39-4471-9cbe-a9e1802554e7 | ITER: 4 END: OK
2019-06-18 23:33:33.888 5113 INFO rally.task.runner [-] Task 54f428db-4b39-4471-9cbe-a9e1802554e7 | ITER: 7 START
2019-06-18 23:33:33.916 5111 INFO rally.task.runner [-] Task 54f428db-4b39-4471-9cbe-a9e1802554e7 | ITER: 2 END: OK
2019-06-18 23:33:33.919 5111 INFO rally.task.runner [-] Task 54f428db-4b39-4471-9cbe-a9e1802554e7 | ITER: 8 START
2019-06-18 23:33:34.873 5112 INFO rally.task.runner [-] Task 54f428db-4b39-4471-9cbe-a9e1802554e7 | ITER: 6 END: OK
2019-06-18 23:33:34.878 5112 INFO rally.task.runner [-] Task 54f428db-4b39-4471-9cbe-a9e1802554e7 | ITER: 9 START
2019-06-18 23:33:34.909 5110 INFO rally.task.runner [-] Task 54f428db-4b39-4471-9cbe-a9e1802554e7 | ITER: 5 END: OK
2019-06-18 23:33:34.913 5110 INFO rally.task.runner [-] Task 54f428db-4b39-4471-9cbe-a9e1802554e7 | ITER: 10 START
2019-06-18 23:33:34.996 5111 INFO rally.task.runner [-] Task 54f428db-4b39-4471-9cbe-a9e1802554e7 | ITER: 8 END: OK
2019-06-18 23:33:35.032 5113 INFO rally.task.runner [-] Task 54f428db-4b39-4471-9cbe-a9e1802554e7 | ITER: 7 END: OK
2019-06-18 23:33:35.841 5110 INFO rally.task.runner [-] Task 54f428db-4b39-4471-9cbe-a9e1802554e7 | ITER: 10 END: OK
2019-06-18 23:33:35.947 5112 INFO rally.task.runner [-] Task 54f428db-4b39-4471-9cbe-a9e1802554e7 | ITER: 9 END: OK
2019-06-18 23:33:35.977 1842 INFO rally.task.context [-] Task 54f428db-4b39-4471-9cbe-a9e1802554e7 | Context admin_cleanup@openstack cleanup() started
2019-06-18 23:33:35.979 1842 RALLYDEBUG rally_openstack.cleanup.manager [-] Cleaning up cinder volume_types objects
2019-06-18 23:33:36.648 1842 RALLYDEBUG rally_openstack.cleanup.manager [-] Cleaning up cinder image_volumes_cache objects
2019-06-18 23:33:37.971 1842 RALLYDEBUG rally_openstack.cleanup.manager [-] Cleaning up cinder quotas objects
2019-06-18 23:33:39.760 1842 RALLYDEBUG rally_openstack.cleanup.manager [-] Cleaning up cinder qos_specs objects
2019-06-18 23:33:40.504 1842 RALLYDEBUG rally_openstack.cleanup.manager [-] Deleting cinder.qos_specs object s_rally_a8070e88_f1e27WKp (eb4ee610-d8a0-47f1-a133-bc408af9e786)
2019-06-18 23:33:40.511 1842 RALLYDEBUG rally_openstack.cleanup.manager [-] Deleting cinder.qos_specs object s_rally_a8070e88_MJihPIzB (30398599-826b-4256-be94-d34eec928c6c)
2019-06-18 23:33:40.524 1842 RALLYDEBUG rally_openstack.cleanup.manager [-] Deleting cinder.qos_specs object s_rally_a8070e88_a11jtg5q (d35dca51-3290-4269-9492-392e44e97c04)
2019-06-18 23:33:40.525 1842 RALLYDEBUG rally_openstack.cleanup.manager [-] Deleting cinder.qos_specs object s_rally_a8070e88_n862Bzou (be4376de-ca18-4217-bec7-8f70dcb38309)
2019-06-18 23:33:40.529 1842 RALLYDEBUG rally_openstack.cleanup.manager [-] Deleting cinder.qos_specs object s_rally_a8070e88_gyznPrn6 (879a4740-9086-419c-8987-aa647fd49a9a)
2019-06-18 23:33:40.540 1842 RALLYDEBUG rally_openstack.cleanup.manager [-] Deleting cinder.qos_specs object s_rally_a8070e88_8bDpJiFD (6601695e-0e94-485a-aafd-c095a83d44eb)
2019-06-18 23:33:40.547 1842 RALLYDEBUG rally_openstack.cleanup.manager [-] Deleting cinder.qos_specs object s_rally_a8070e88_QzHtElSq (7a7b595f-eedc-4759-b61a-8be359bb8ce9)
2019-06-18 23:33:40.553 1842 RALLYDEBUG rally_openstack.cleanup.manager [-] Deleting cinder.qos_specs object s_rally_a8070e88_8MFfcxUY (72ad66e6-f32c-4913-bbd5-29ccc852d1de)
2019-06-18 23:33:40.585 1842 RALLYDEBUG rally_openstack.cleanup.manager [-] Deleting cinder.qos_specs object s_rally_a8070e88_UBoTjG4p (60deb90a-4f6a-46a5-b90c-25d77550c3f4)
2019-06-18 23:33:40.599 1842 RALLYDEBUG rally_openstack.cleanup.manager [-] Deleting cinder.qos_specs object s_rally_a8070e88_uaNCEoz9 (2535f584-f766-459a-aa1f-bd3716d3e370)
2019-06-18 23:33:43.034 1842 INFO rally.task.context [-] Task 54f428db-4b39-4471-9cbe-a9e1802554e7 | Context admin_cleanup@openstack cleanup() finished in 7.06 sec
