2019-06-18 23:24:38.213 1842 DEBUG novaclient.v2.client [-] RESP: [200] Content-Length: 21 Content-Type: application/json Date: Tue, 18 Jun 2019 23:24:37 GMT OpenStack-API-Version: compute 2.1 Server: Apache Vary: OpenStack-API-Version,X-OpenStack-Nova-API-Version X-OpenStack-Nova-API-Version: 2.1 x-compute-request-id: req-85f9cd39-e070-4140-baee-3bc6741c2bd6 x-openstack-request-id: req-85f9cd39-e070-4140-baee-3bc6741c2bd6 _http_log_response /usr/lib/python2.7/site-packages/keystoneauth1/session.py:479
2019-06-18 23:24:38.214 1842 DEBUG novaclient.v2.client [-] RESP BODY: {"server_groups": []} _http_log_response /usr/lib/python2.7/site-packages/keystoneauth1/session.py:511
2019-06-18 23:24:38.214 1842 DEBUG novaclient.v2.client [-] GET call to compute for http://172.30.9.26:8774/v2.1/os-server-groups used request id req-85f9cd39-e070-4140-baee-3bc6741c2bd6 request /usr/lib/python2.7/site-packages/keystoneauth1/session.py:844
2019-06-18 23:24:38.221 1842 RALLYDEBUG rally_openstack.cleanup.manager [-] Cleaning up nova keypairs objects
2019-06-18 23:24:38.651 1842 DEBUG novaclient.v2.client [-] REQ: curl -g -i -X GET http://172.30.9.26:8774/v2.1/os-keypairs -H "Accept: application/json" -H "User-Agent: python-novaclient" -H "X-Auth-Token: {SHA1}ba8fceb5f5d5086851d33dd0c9e6cf44b5d673ac" _http_log_request /usr/lib/python2.7/site-packages/keystoneauth1/session.py:448
2019-06-18 23:24:38.953 1842 DEBUG novaclient.v2.client [-] RESP: [200] Content-Length: 16 Content-Type: application/json Date: Tue, 18 Jun 2019 23:24:38 GMT OpenStack-API-Version: compute 2.1 Server: Apache Vary: OpenStack-API-Version,X-OpenStack-Nova-API-Version X-OpenStack-Nova-API-Version: 2.1 x-compute-request-id: req-f85e9736-f76f-4b9f-a74e-ff2453449711 x-openstack-request-id: req-f85e9736-f76f-4b9f-a74e-ff2453449711 _http_log_response /usr/lib/python2.7/site-packages/keystoneauth1/session.py:479
2019-06-18 23:24:38.954 1842 DEBUG novaclient.v2.client [-] RESP BODY: {"keypairs": []} _http_log_response /usr/lib/python2.7/site-packages/keystoneauth1/session.py:511
2019-06-18 23:24:38.954 1842 DEBUG novaclient.v2.client [-] GET call to compute for http://172.30.9.26:8774/v2.1/os-keypairs used request id req-f85e9736-f76f-4b9f-a74e-ff2453449711 request /usr/lib/python2.7/site-packages/keystoneauth1/session.py:844
2019-06-18 23:24:39.495 1842 DEBUG novaclient.v2.client [-] REQ: curl -g -i -X GET http://172.30.9.26:8774/v2.1/os-keypairs -H "Accept: application/json" -H "User-Agent: python-novaclient" -H "X-Auth-Token: {SHA1}4b7896a6e2c89018ff91598b98e8b05d1913a6aa" _http_log_request /usr/lib/python2.7/site-packages/keystoneauth1/session.py:448
2019-06-18 23:24:39.809 1842 DEBUG novaclient.v2.client [-] RESP: [200] Content-Length: 16 Content-Type: application/json Date: Tue, 18 Jun 2019 23:24:39 GMT OpenStack-API-Version: compute 2.1 Server: Apache Vary: OpenStack-API-Version,X-OpenStack-Nova-API-Version X-OpenStack-Nova-API-Version: 2.1 x-compute-request-id: req-b7b4af0e-8a2a-416c-8896-55b4231efc17 x-openstack-request-id: req-b7b4af0e-8a2a-416c-8896-55b4231efc17 _http_log_response /usr/lib/python2.7/site-packages/keystoneauth1/session.py:479
2019-06-18 23:24:39.809 1842 DEBUG novaclient.v2.client [-] RESP BODY: {"keypairs": []} _http_log_response /usr/lib/python2.7/site-packages/keystoneauth1/session.py:511
2019-06-18 23:24:39.809 1842 DEBUG novaclient.v2.client [-] GET call to compute for http://172.30.9.26:8774/v2.1/os-keypairs used request id req-b7b4af0e-8a2a-416c-8896-55b4231efc17 request /usr/lib/python2.7/site-packages/keystoneauth1/session.py:844
2019-06-18 23:24:40.239 1842 DEBUG novaclient.v2.client [-] REQ: curl -g -i -X GET http://172.30.9.26:8774/v2.1/os-keypairs -H "Accept: application/json" -H "User-Agent: python-novaclient" -H "X-Auth-Token: {SHA1}2540f38d39c3ee92925454aefe4d04c5576f18ad" _http_log_request /usr/lib/python2.7/site-packages/keystoneauth1/session.py:448
2019-06-18 23:24:40.560 1842 DEBUG novaclient.v2.client [-] RESP: [200] Content-Length: 16 Content-Type: application/json Date: Tue, 18 Jun 2019 23:24:40 GMT OpenStack-API-Version: compute 2.1 Server: Apache Vary: OpenStack-API-Version,X-OpenStack-Nova-API-Version X-OpenStack-Nova-API-Version: 2.1 x-compute-request-id: req-12613596-c903-4af4-a55e-4605b5733a24 x-openstack-request-id: req-12613596-c903-4af4-a55e-4605b5733a24 _http_log_response /usr/lib/python2.7/site-packages/keystoneauth1/session.py:479
2019-06-18 23:24:40.560 1842 DEBUG novaclient.v2.client [-] RESP BODY: {"keypairs": []} _http_log_response /usr/lib/python2.7/site-packages/keystoneauth1/session.py:511
2019-06-18 23:24:40.561 1842 DEBUG novaclient.v2.client [-] GET call to compute for http://172.30.9.26:8774/v2.1/os-keypairs used request id req-12613596-c903-4af4-a55e-4605b5733a24 request /usr/lib/python2.7/site-packages/keystoneauth1/session.py:844
2019-06-18 23:24:41.087 1842 DEBUG novaclient.v2.client [-] REQ: curl -g -i -X GET http://172.30.9.26:8774/v2.1/os-keypairs -H "Accept: application/json" -H "User-Agent: python-novaclient" -H "X-Auth-Token: {SHA1}819e8f77f9445b02ead7d945163e29aa7459e5a9" _http_log_request /usr/lib/python2.7/site-packages/keystoneauth1/session.py:448
2019-06-18 23:24:41.400 1842 DEBUG novaclient.v2.client [-] RESP: [200] Content-Length: 16 Content-Type: application/json Date: Tue, 18 Jun 2019 23:24:41 GMT OpenStack-API-Version: compute 2.1 Server: Apache Vary: OpenStack-API-Version,X-OpenStack-Nova-API-Version X-OpenStack-Nova-API-Version: 2.1 x-compute-request-id: req-4cceed28-4393-4b13-8831-0e5af535c8b6 x-openstack-request-id: req-4cceed28-4393-4b13-8831-0e5af535c8b6 _http_log_response /usr/lib/python2.7/site-packages/keystoneauth1/session.py:479
2019-06-18 23:24:41.400 1842 DEBUG novaclient.v2.client [-] RESP BODY: {"keypairs": []} _http_log_response /usr/lib/python2.7/site-packages/keystoneauth1/session.py:511
2019-06-18 23:24:41.401 1842 DEBUG novaclient.v2.client [-] GET call to compute for http://172.30.9.26:8774/v2.1/os-keypairs used request id req-4cceed28-4393-4b13-8831-0e5af535c8b6 request /usr/lib/python2.7/site-packages/keystoneauth1/session.py:844
2019-06-18 23:24:41.828 1842 DEBUG novaclient.v2.client [-] REQ: curl -g -i -X GET http://172.30.9.26:8774/v2.1/os-keypairs -H "Accept: application/json" -H "User-Agent: python-novaclient" -H "X-Auth-Token: {SHA1}a30a4ec4a9b17a80e4bf1a58f5fafa74cf7e19e0" _http_log_request /usr/lib/python2.7/site-packages/keystoneauth1/session.py:448
2019-06-18 23:24:42.045 1842 DEBUG novaclient.v2.client [-] RESP: [200] Content-Length: 16 Content-Type: application/json Date: Tue, 18 Jun 2019 23:24:41 GMT OpenStack-API-Version: compute 2.1 Server: Apache Vary: OpenStack-API-Version,X-OpenStack-Nova-API-Version X-OpenStack-Nova-API-Version: 2.1 x-compute-request-id: req-25008df8-bef9-4e39-9e95-6135ae443a5c x-openstack-request-id: req-25008df8-bef9-4e39-9e95-6135ae443a5c _http_log_response /usr/lib/python2.7/site-packages/keystoneauth1/session.py:479
2019-06-18 23:24:42.045 1842 DEBUG novaclient.v2.client [-] RESP BODY: {"keypairs": []} _http_log_response /usr/lib/python2.7/site-packages/keystoneauth1/session.py:511
2019-06-18 23:24:42.046 1842 DEBUG novaclient.v2.client [-] GET call to compute for http://172.30.9.26:8774/v2.1/os-keypairs used request id req-25008df8-bef9-4e39-9e95-6135ae443a5c request /usr/lib/python2.7/site-packages/keystoneauth1/session.py:844
2019-06-18 23:24:42.475 1842 DEBUG novaclient.v2.client [-] REQ: curl -g -i -X GET http://172.30.9.26:8774/v2.1/os-keypairs -H "Accept: application/json" -H "User-Agent: python-novaclient" -H "X-Auth-Token: {SHA1}646ff67cf2257dd38248eb64f211ae6d40d44541" _http_log_request /usr/lib/python2.7/site-packages/keystoneauth1/session.py:448
2019-06-18 23:24:42.790 1842 DEBUG novaclient.v2.client [-] RESP: [200] Content-Length: 16 Content-Type: application/json Date: Tue, 18 Jun 2019 23:24:42 GMT OpenStack-API-Version: compute 2.1 Server: Apache Vary: OpenStack-API-Version,X-OpenStack-Nova-API-Version X-OpenStack-Nova-API-Version: 2.1 x-compute-request-id: req-d3f45804-f53f-484e-8762-f0b7de07bd1a x-openstack-request-id: req-d3f45804-f53f-484e-8762-f0b7de07bd1a _http_log_response /usr/lib/python2.7/site-packages/keystoneauth1/session.py:479
2019-06-18 23:24:42.791 1842 DEBUG novaclient.v2.client [-] RESP BODY: {"keypairs": []} _http_log_response /usr/lib/python2.7/site-packages/keystoneauth1/session.py:511
2019-06-18 23:24:42.791 1842 DEBUG novaclient.v2.client [-] GET call to compute for http://172.30.9.26:8774/v2.1/os-keypairs used request id req-d3f45804-f53f-484e-8762-f0b7de07bd1a request /usr/lib/python2.7/site-packages/keystoneauth1/session.py:844
2019-06-18 23:24:42.798 1842 RALLYDEBUG rally_openstack.cleanup.manager [-] Cleaning up cinder backups objects
2019-06-18 23:24:45.067 1842 RALLYDEBUG rally_openstack.cleanup.manager [-] Cleaning up cinder volume_snapshots objects
2019-06-18 23:24:47.302 1842 RALLYDEBUG rally_openstack.cleanup.manager [-] Cleaning up cinder transfers objects
2019-06-18 23:24:49.627 1842 RALLYDEBUG rally_openstack.cleanup.manager [-] Cleaning up cinder volumes objects
2019-06-18 23:24:51.974 1842 INFO rally.task.context [-] Task 54f428db-4b39-4471-9cbe-a9e1802554e7 | Context cleanup@openstack cleanup() finished in 18.51 sec
2019-06-18 23:24:51.975 1842 INFO rally.task.context [-] Task 54f428db-4b39-4471-9cbe-a9e1802554e7 | Context quotas@openstack cleanup() started
2019-06-18 23:24:52.858 1842 INFO rally.task.context [-] Task 54f428db-4b39-4471-9cbe-a9e1802554e7 | Context quotas@openstack cleanup() finished in 0.88 sec
2019-06-18 23:24:52.858 1842 INFO rally.task.context [-] Task 54f428db-4b39-4471-9cbe-a9e1802554e7 | Context api_versions@openstack cleanup() started
2019-06-18 23:24:52.858 1842 INFO rally.task.context [-] Task 54f428db-4b39-4471-9cbe-a9e1802554e7 | Context api_versions@openstack cleanup() finished in 0.32 msec
2019-06-18 23:24:52.859 1842 INFO rally.task.context [-] Task 54f428db-4b39-4471-9cbe-a9e1802554e7 | Context users@openstack cleanup() started
2019-06-18 23:25:00.990 1842 INFO rally.task.context [-] Task 54f428db-4b39-4471-9cbe-a9e1802554e7 | Context users@openstack cleanup() finished in 8.13 sec
2019-06-18 23:25:02.771 1842 INFO rally.task.engine [-] Load duration is: 119.14763
2019-06-18 23:25:02.771 1842 INFO rally.task.engine [-] Full runner duration is: 120.202738
2019-06-18 23:25:02.772 1842 INFO rally.task.engine [-] Full duration is: 156.809559
2019-06-18 23:25:03.013 1842 INFO rally.task.engine [-] Running workload: position = 0 config = { "version": 2, "title": "A cropped version of a bigger task.", "description": "Auto-generated task from a single workload (uuid=21582648-93fd-4ebd-b6ae-be586cb26061)", "subtasks": [ { "title": "CinderVolumes.create_volume", "description": "Create a volume.", "scenario": { "CinderVolumes.create_volume": { "size": 1 } }, "contexts": { "users": { "tenants": 3, "users_per_tenant": 2 }, "api_versions": { "cinder": { "version": 3, "service_type": "volumev3" } } }, "runner": { "constant": { "concurrency": 4, "times": 10 } }, "hooks": [], "sla": { "failure_rate": { "max": 0 } } } ] }
2019-06-18 23:25:03.035 1842 RALLYDEBUG rally_openstack.contexts.keystone.users [-] Creating 3 tenants using 20 threads
2019-06-18 23:25:04.866 1842 RALLYDEBUG rally_openstack.contexts.keystone.users [-] Creating 6 users using 20 threads
2019-06-18 23:25:07.700 1842 INFO rally.task.context [-] Task 54f428db-4b39-4471-9cbe-a9e1802554e7 | Context users@openstack setup() finished in 4.67 sec
2019-06-18 23:25:08.131 1842 INFO rally.task.context [-] Task 54f428db-4b39-4471-9cbe-a9e1802554e7 | Context api_versions@openstack setup() finished in 0.43 sec
2019-06-18 23:25:08.132 1842 INFO rally.task.context [-] Task 54f428db-4b39-4471-9cbe-a9e1802554e7 | Context cleanup@openstack setup() finished in 0.01 msec
2019-06-18 23:25:08.139 1842 RALLYDEBUG rally.task.runner [-] Starting the constant runner (task UUID: 54f428db-4b39-4471-9cbe-a9e1802554e7). timeout: 0 concurrency: 4 concurrency_per_worker: 1 times: 10 concurrency_overhead: 0 processes_to_start: 4 max_cpu_used: 16
2019-06-18 23:25:08.150 3474 RALLYDEBUG rally.task.runner [-] Starting a worker. concurrency: 1 args: {"size": 1} times: 10 method_name: run timeout: 0 duration: None cls:
2019-06-18 23:25:08.155 3475 RALLYDEBUG rally.task.runner [-] Starting a worker. concurrency: 1 args: {"size": 1} times: 10 method_name: run timeout: 0 duration: None cls:
2019-06-18 23:25:08.156 3474 INFO rally.task.runner [-] Task 54f428db-4b39-4471-9cbe-a9e1802554e7 | ITER: 1 START
2019-06-18 23:25:08.158 3476 RALLYDEBUG rally.task.runner [-] Starting a worker. concurrency: 1 args: {"size": 1} times: 10 method_name: run timeout: 0 duration: None cls:
2019-06-18 23:25:08.161 3477 RALLYDEBUG rally.task.runner [-] Starting a worker. concurrency: 1 args: {"size": 1} times: 10 method_name: run timeout: 0 duration: None cls:
2019-06-18 23:25:08.163 3475 INFO rally.task.runner [-] Task 54f428db-4b39-4471-9cbe-a9e1802554e7 | ITER: 2 START
2019-06-18 23:25:08.165 3476 INFO rally.task.runner [-] Task 54f428db-4b39-4471-9cbe-a9e1802554e7 | ITER: 3 START
2019-06-18 23:25:08.168 3477 INFO rally.task.runner [-] Task 54f428db-4b39-4471-9cbe-a9e1802554e7 | ITER: 4 START
2019-06-18 23:25:11.570 3477 INFO rally.task.runner [-] Task 54f428db-4b39-4471-9cbe-a9e1802554e7 | ITER: 4 END: OK
2019-06-18 23:25:11.576 3477 INFO rally.task.runner [-] Task 54f428db-4b39-4471-9cbe-a9e1802554e7 | ITER: 5 START
2019-06-18 23:25:11.813 3475 INFO rally.task.runner [-] Task 54f428db-4b39-4471-9cbe-a9e1802554e7 | ITER: 2 END: OK
2019-06-18 23:25:11.818 3475 INFO rally.task.runner [-] Task 54f428db-4b39-4471-9cbe-a9e1802554e7 | ITER: 6 START
2019-06-18 23:25:11.871 3476 INFO rally.task.runner [-] Task 54f428db-4b39-4471-9cbe-a9e1802554e7 | ITER: 3 END: OK
2019-06-18 23:25:11.876 3476 INFO rally.task.runner [-] Task 54f428db-4b39-4471-9cbe-a9e1802554e7 | ITER: 7 START
2019-06-18 23:25:11.963 3474 INFO rally.task.runner [-] Task 54f428db-4b39-4471-9cbe-a9e1802554e7 | ITER: 1 END: OK
2019-06-18 23:25:11.969 3474 INFO rally.task.runner [-] Task 54f428db-4b39-4471-9cbe-a9e1802554e7 | ITER: 8 START
2019-06-18 23:25:15.304 3477 INFO rally.task.runner [-] Task 54f428db-4b39-4471-9cbe-a9e1802554e7 | ITER: 5 END: OK
2019-06-18 23:25:15.307 3477 INFO rally.task.runner [-] Task 54f428db-4b39-4471-9cbe-a9e1802554e7 | ITER: 9 START
2019-06-18 23:25:15.419 3475 INFO rally.task.runner [-] Task 54f428db-4b39-4471-9cbe-a9e1802554e7 | ITER: 6 END: OK
2019-06-18 23:25:15.424 3475 INFO rally.task.runner [-] Task 54f428db-4b39-4471-9cbe-a9e1802554e7 | ITER: 10 START
2019-06-18 23:25:15.678 3476 INFO rally.task.runner [-] Task 54f428db-4b39-4471-9cbe-a9e1802554e7 | ITER: 7 END: OK
2019-06-18 23:25:15.723 3474 INFO rally.task.runner [-] Task 54f428db-4b39-4471-9cbe-a9e1802554e7 | ITER: 8 END: OK
2019-06-18 23:25:18.896 3477 INFO rally.task.runner [-] Task 54f428db-4b39-4471-9cbe-a9e1802554e7 | ITER: 9 END: OK
2019-06-18 23:25:19.140 3475 INFO rally.task.runner [-] Task 54f428db-4b39-4471-9cbe-a9e1802554e7 | ITER: 10 END: OK
2019-06-18 23:25:19.166 1842 INFO rally.task.context [-] Task 54f428db-4b39-4471-9cbe-a9e1802554e7 | Context cleanup@openstack cleanup() started
2019-06-18 23:25:19.168 1842 RALLYDEBUG rally_openstack.cleanup.manager [-] Cleaning up cinder backups objects
2019-06-18 23:25:21.404 1842 RALLYDEBUG rally_openstack.cleanup.manager [-] Cleaning up cinder volume_snapshots objects
2019-06-18 23:25:23.477 1842 RALLYDEBUG rally_openstack.cleanup.manager [-] Cleaning up cinder transfers objects
2019-06-18 23:25:25.681 1842 RALLYDEBUG rally_openstack.cleanup.manager [-] Cleaning up cinder volumes objects
2019-06-18 23:25:28.089 1842 RALLYDEBUG rally_openstack.cleanup.manager [-] Deleting cinder.volumes object s_rally_21582648_6gFNPnMp (5e05bc1f-a2e4-4548-97d8-c5c25cb9dc6c)
2019-06-18 23:25:28.090 1842 RALLYDEBUG rally_openstack.cleanup.manager [-] Deleting cinder.volumes object s_rally_21582648_DYEmCVjN (61d5fac8-fb62-4baf-adc4-ac9b13c9cdcf)
2019-06-18 23:25:28.092 1842 RALLYDEBUG rally_openstack.cleanup.manager [-] Deleting cinder.volumes object s_rally_21582648_tuwlo2mq (dc6837bd-6e4a-4ce2-8d60-ce90e29064c3)
2019-06-18 23:25:28.100 1842 RALLYDEBUG rally_openstack.cleanup.manager [-] Deleting cinder.volumes object s_rally_21582648_H1utQHGr (512b2c3d-fac0-4f9a-8860-e34591142465)
2019-06-18 23:25:28.109 1842 RALLYDEBUG rally_openstack.cleanup.manager [-] Deleting cinder.volumes object s_rally_21582648_69hsJ2QA (9901096d-f037-4898-a1bc-6a64893b8d4c)
2019-06-18 23:25:28.110 1842 RALLYDEBUG rally_openstack.cleanup.manager [-] Deleting cinder.volumes object s_rally_21582648_JxO2RBj1 (eef4af37-645f-4f2c-b95c-aa3711a092d7)
2019-06-18 23:25:28.114 1842 RALLYDEBUG rally_openstack.cleanup.manager [-] Deleting cinder.volumes object s_rally_21582648_vZaZGhK5 (50fdb568-9805-4575-a29e-f41782bba6f4)
2019-06-18 23:25:28.116 1842 RALLYDEBUG rally_openstack.cleanup.manager [-] Deleting cinder.volumes object s_rally_21582648_R1MVZLEI (9a73d4d7-08b6-4847-9f7e-51ccd577a183)
2019-06-18 23:25:28.117 1842 RALLYDEBUG rally_openstack.cleanup.manager [-] Deleting cinder.volumes object s_rally_21582648_Ym2gjn0Z (c4b6707c-2763-4498-9698-c8a3439d6281)
2019-06-18 23:25:28.133 1842 RALLYDEBUG rally_openstack.cleanup.manager [-] Deleting cinder.volumes object s_rally_21582648_baDrjdUD (d2aaa7a9-4c4e-4bbb-b1da-dce7a503153f)
2019-06-18 23:25:32.163 1842 INFO rally.task.context [-] Task 54f428db-4b39-4471-9cbe-a9e1802554e7 | Context cleanup@openstack cleanup() finished in 13.00 sec
2019-06-18 23:25:32.164 1842 INFO rally.task.context [-] Task 54f428db-4b39-4471-9cbe-a9e1802554e7 | Context api_versions@openstack cleanup() started
2019-06-18 23:25:32.164 1842 INFO rally.task.context [-] Task 54f428db-4b39-4471-9cbe-a9e1802554e7 | Context api_versions@openstack cleanup() finished in 0.35 msec
2019-06-18 23:25:32.164 1842 INFO rally.task.context [-] Task 54f428db-4b39-4471-9cbe-a9e1802554e7 | Context users@openstack cleanup() started
2019-06-18 23:25:40.847 1842 INFO rally.task.context [-] Task 54f428db-4b39-4471-9cbe-a9e1802554e7 | Context users@openstack cleanup() finished in 8.68 sec
2019-06-18 23:25:41.191 1842 INFO rally.task.engine [-] Load duration is: 10.980804
2019-06-18 23:25:41.191 1842 INFO rally.task.engine [-] Full runner duration is: 11.027037
2019-06-18 23:25:41.192 1842 INFO rally.task.engine [-] Full duration is: 37.814371
2019-06-18 23:25:41.390 1842 INFO rally.task.engine [-] Running workload: position = 1 config = { "version": 2, "title": "A cropped version of a bigger task.", "description": "Auto-generated task from a single workload (uuid=eca1b784-0f86-4558-9ff1-fceb3b5db950)", "subtasks": [ { "title": "CinderVolumes.create_volume", "description": "Create a volume.", "scenario": { "CinderVolumes.create_volume": { "size": { "min": 1, "max": 1 } } }, "contexts": { "users": { "tenants": 3, "users_per_tenant": 2 }, "quotas": { "cinder": { "gigabytes": -1, "snapshots": -1, "volumes": -1 } }, "api_versions": { "cinder": { "version": 3, "service_type": "volumev3" } } }, "runner": { "constant": { "concurrency": 4, "times": 10 } }, "hooks": [], "sla": { "failure_rate": { "max": 0 } } } ] }
2019-06-18 23:25:41.413 1842 RALLYDEBUG rally_openstack.contexts.keystone.users [-] Creating 3 tenants using 20 threads
2019-06-18 23:25:43.363 1842 RALLYDEBUG rally_openstack.contexts.keystone.users [-] Creating 6 users using 20 threads
2019-06-18 23:25:46.082 1842 INFO rally.task.context [-] Task 54f428db-4b39-4471-9cbe-a9e1802554e7 | Context users@openstack setup() finished in 4.67 sec
2019-06-18 23:25:46.511 1842 INFO rally.task.context [-] Task 54f428db-4b39-4471-9cbe-a9e1802554e7 | Context api_versions@openstack setup() finished in 0.43 sec
2019-06-18 23:25:48.199 1842 INFO rally.task.context [-] Task 54f428db-4b39-4471-9cbe-a9e1802554e7 | Context quotas@openstack setup() finished in 1.69 sec
2019-06-18 23:25:48.199 1842 INFO rally.task.context [-] Task 54f428db-4b39-4471-9cbe-a9e1802554e7 | Context cleanup@openstack setup() finished in 0.00 msec
2019-06-18 23:25:48.206 1842 RALLYDEBUG rally.task.runner [-] Starting the constant runner (task UUID: 54f428db-4b39-4471-9cbe-a9e1802554e7). timeout: 0 concurrency: 4 concurrency_per_worker: 1 times: 10 concurrency_overhead: 0 processes_to_start: 4 max_cpu_used: 16
2019-06-18 23:25:48.219 3658 RALLYDEBUG rally.task.runner [-] Starting a worker. concurrency: 1 args: {"size": {"min": 1, "max": 1}} times: 10 method_name: run timeout: 0 duration: None cls:
2019-06-18 23:25:48.222 3659 RALLYDEBUG rally.task.runner [-] Starting a worker. concurrency: 1 args: {"size": {"min": 1, "max": 1}} times: 10 method_name: run timeout: 0 duration: None cls:
2019-06-18 23:25:48.223 3660 RALLYDEBUG rally.task.runner [-] Starting a worker. concurrency: 1 args: {"size": {"min": 1, "max": 1}} times: 10 method_name: run timeout: 0 duration: None cls:
2019-06-18 23:25:48.228 3658 INFO rally.task.runner [-] Task 54f428db-4b39-4471-9cbe-a9e1802554e7 | ITER: 1 START
2019-06-18 23:25:48.228 3661 RALLYDEBUG rally.task.runner [-] Starting a worker. concurrency: 1 args: {"size": {"min": 1, "max": 1}} times: 10 method_name: run timeout: 0 duration: None cls:
2019-06-18 23:25:48.230 3659 INFO rally.task.runner [-] Task 54f428db-4b39-4471-9cbe-a9e1802554e7 | ITER: 2 START
2019-06-18 23:25:48.230 3660 INFO rally.task.runner [-] Task 54f428db-4b39-4471-9cbe-a9e1802554e7 | ITER: 3 START
2019-06-18 23:25:48.237 3661 INFO rally.task.runner [-] Task 54f428db-4b39-4471-9cbe-a9e1802554e7 | ITER: 4 START
2019-06-18 23:25:51.636 3659 INFO rally.task.runner [-] Task 54f428db-4b39-4471-9cbe-a9e1802554e7 | ITER: 2 END: OK
2019-06-18 23:25:51.642 3659 INFO rally.task.runner [-] Task 54f428db-4b39-4471-9cbe-a9e1802554e7 | ITER: 5 START
2019-06-18 23:25:51.912 3658 INFO rally.task.runner [-] Task 54f428db-4b39-4471-9cbe-a9e1802554e7 | ITER: 1 END: OK
2019-06-18 23:25:51.917 3658 INFO rally.task.runner [-] Task 54f428db-4b39-4471-9cbe-a9e1802554e7 | ITER: 6 START
2019-06-18 23:25:51.995 3661 INFO rally.task.runner [-] Task 54f428db-4b39-4471-9cbe-a9e1802554e7 | ITER: 4 END: OK
2019-06-18 23:25:52.000 3661 INFO rally.task.runner [-] Task 54f428db-4b39-4471-9cbe-a9e1802554e7 | ITER: 7 START
2019-06-18 23:25:52.009 3660 INFO rally.task.runner [-] Task 54f428db-4b39-4471-9cbe-a9e1802554e7 | ITER: 3 END: OK
2019-06-18 23:25:52.015 3660 INFO rally.task.runner [-] Task 54f428db-4b39-4471-9cbe-a9e1802554e7 | ITER: 8 START
2019-06-18 23:25:55.556 3658 INFO rally.task.runner [-] Task 54f428db-4b39-4471-9cbe-a9e1802554e7 | ITER: 6 END: OK
2019-06-18 23:25:55.561 3658 INFO rally.task.runner [-] Task 54f428db-4b39-4471-9cbe-a9e1802554e7 | ITER: 9 START
2019-06-18 23:25:55.564 3659 INFO rally.task.runner [-] Task 54f428db-4b39-4471-9cbe-a9e1802554e7 | ITER: 5 END: OK
2019-06-18 23:25:55.566 3661 INFO rally.task.runner [-] Task 54f428db-4b39-4471-9cbe-a9e1802554e7 | ITER: 7 END: OK
2019-06-18 23:25:55.569 3659 INFO rally.task.runner [-] Task 54f428db-4b39-4471-9cbe-a9e1802554e7 | ITER: 10 START
2019-06-18 23:25:55.659 3660 INFO rally.task.runner [-] Task 54f428db-4b39-4471-9cbe-a9e1802554e7 | ITER: 8 END: OK
2019-06-18 23:25:59.163 3658 INFO rally.task.runner [-] Task 54f428db-4b39-4471-9cbe-a9e1802554e7 | ITER: 9 END: OK
2019-06-18 23:25:59.259 3659 INFO rally.task.runner [-] Task 54f428db-4b39-4471-9cbe-a9e1802554e7 | ITER: 10 END: OK
2019-06-18 23:25:59.282 1842 INFO rally.task.context [-] Task 54f428db-4b39-4471-9cbe-a9e1802554e7 | Context cleanup@openstack cleanup() started
2019-06-18 23:25:59.285 1842 RALLYDEBUG rally_openstack.cleanup.manager [-] Cleaning up cinder backups objects
2019-06-18 23:26:01.751 1842 RALLYDEBUG rally_openstack.cleanup.manager [-] Cleaning up cinder volume_snapshots objects
2019-06-18 23:26:04.054 1842 RALLYDEBUG rally_openstack.cleanup.manager [-] Cleaning up cinder transfers objects
2019-06-18 23:26:06.104 1842 RALLYDEBUG rally_openstack.cleanup.manager [-] Cleaning up cinder volumes objects
2019-06-18 23:26:08.674 1842 RALLYDEBUG rally_openstack.cleanup.manager [-] Deleting cinder.volumes object s_rally_eca1b784_PFVV4A4l (c55689d1-46a4-4ca2-8be1-977a42341a2e)
2019-06-18 23:26:08.678 1842 RALLYDEBUG rally_openstack.cleanup.manager [-] Deleting cinder.volumes object s_rally_eca1b784_jEuEDKPm (8b42e900-7780-4562-9b82-d85120bc3267)
2019-06-18 23:26:08.678 1842 RALLYDEBUG rally_openstack.cleanup.manager [-] Deleting cinder.volumes object s_rally_eca1b784_ajueVjfe (1f49dfe1-1b3e-4325-9120-b0e64b57fd71)
2019-06-18 23:26:08.685 1842 RALLYDEBUG rally_openstack.cleanup.manager [-] Deleting cinder.volumes object s_rally_eca1b784_lx3n4d6r (781035b1-3f8d-4b85-8ae6-2f55b4d08ec2)
2019-06-18 23:26:08.687 1842 RALLYDEBUG rally_openstack.cleanup.manager [-] Deleting cinder.volumes object s_rally_eca1b784_JnVSysaV (a2eeb144-2d39-4b0b-939d-3b09263760a9)
2019-06-18 23:26:08.690 1842 RALLYDEBUG rally_openstack.cleanup.manager [-] Deleting cinder.volumes object s_rally_eca1b784_aaGfLH2V (25faa133-b426-43d1-8ed1-234a74e1b015)
2019-06-18 23:26:08.690 1842 RALLYDEBUG rally_openstack.cleanup.manager [-] Deleting cinder.volumes object s_rally_eca1b784_KXrYgegO (a48dfaad-0040-405e-99b4-e4fe05a47e21)
2019-06-18 23:26:08.692 1842 RALLYDEBUG rally_openstack.cleanup.manager [-] Deleting cinder.volumes object s_rally_eca1b784_FgaiZWw2 (c53a46e8-1459-4776-ac30-5d126ca46536)
2019-06-18 23:26:08.693 1842 RALLYDEBUG rally_openstack.cleanup.manager [-] Deleting cinder.volumes object s_rally_eca1b784_yS7cKTnB (bd1c4bad-fedb-46ae-bc0a-d7046f10997a)
2019-06-18 23:26:08.706 1842 RALLYDEBUG rally_openstack.cleanup.manager [-] Deleting cinder.volumes object s_rally_eca1b784_uQN1OgGl (642c8674-0f9b-4c54-80b5-11ff414b3740)
2019-06-18 23:26:12.648 1842 INFO rally.task.context [-] Task 54f428db-4b39-4471-9cbe-a9e1802554e7 | Context cleanup@openstack cleanup() finished in 13.37 sec
2019-06-18 23:26:12.648 1842 INFO rally.task.context [-] Task 54f428db-4b39-4471-9cbe-a9e1802554e7 | Context quotas@openstack cleanup() started
2019-06-18 23:26:13.577 1842 INFO rally.task.context [-] Task 54f428db-4b39-4471-9cbe-a9e1802554e7 | Context quotas@openstack cleanup() finished in 0.93 sec
2019-06-18 23:26:13.578 1842 INFO rally.task.context [-] Task 54f428db-4b39-4471-9cbe-a9e1802554e7 | Context api_versions@openstack cleanup() started
2019-06-18 23:26:13.578 1842 INFO rally.task.context [-] Task 54f428db-4b39-4471-9cbe-a9e1802554e7 | Context api_versions@openstack cleanup() finished in 0.32 msec
2019-06-18 23:26:13.578 1842 INFO rally.task.context [-] Task 54f428db-4b39-4471-9cbe-a9e1802554e7 | Context users@openstack cleanup() started
2019-06-18 23:26:21.994 1842 INFO rally.task.context [-] Task 54f428db-4b39-4471-9cbe-a9e1802554e7 | Context users@openstack cleanup() finished in 8.42 sec
2019-06-18 23:26:23.591 1842 INFO rally.task.engine [-] Load duration is: 11.025613
2019-06-18 23:26:23.591 1842 INFO rally.task.engine [-] Full runner duration is: 11.076203
2019-06-18 23:26:23.592 1842 INFO rally.task.engine [-] Full duration is: 40.583623
2019-06-18 23:26:23.851 1842 INFO rally.task.engine [-] Running workload: position = 0 config = { "version": 2, "title": "A cropped version of a bigger task.", "description": "Auto-generated task from a single workload (uuid=9c67df63-c43b-4e82-ae72-9f82e8316c69)", "subtasks": [ { "title": "CinderVolumes.list_volumes", "description": "List all volumes.", "scenario": { "CinderVolumes.list_volumes": { "detailed": true } }, "contexts": { "users": { "tenants": 3, "users_per_tenant": 2 }, "quotas": { "cinder": { "gigabytes": -1, "snapshots": -1, "volumes": -1 } }, "api_versions": { "cinder": { "version": 3, "service_type": "volumev3" } }, "volumes": { "size": 1, "volumes_per_tenant": 4 } }, "runner": { "constant": { "concurrency": 4, "times": 10 } }, "hooks": [], "sla": { "failure_rate": { "max": 0 } } } ] }
2019-06-18 23:26:23.873 1842 RALLYDEBUG rally_openstack.contexts.keystone.users [-] Creating 3 tenants using 20 threads
2019-06-18 23:26:25.800 1842 RALLYDEBUG rally_openstack.contexts.keystone.users [-] Creating 6 users using 20 threads
2019-06-18 23:26:28.589 1842 INFO rally.task.context [-] Task 54f428db-4b39-4471-9cbe-a9e1802554e7 | Context users@openstack setup() finished in 4.72 sec
2019-06-18 23:26:29.028 1842 INFO rally.task.context [-] Task 54f428db-4b39-4471-9cbe-a9e1802554e7 | Context api_versions@openstack setup() finished in 0.44 sec
2019-06-18 23:26:30.674 1842 INFO rally.task.context [-] Task 54f428db-4b39-4471-9cbe-a9e1802554e7 | Context quotas@openstack setup() finished in 1.64 sec
2019-06-18 23:27:10.517 1842 INFO rally.task.context [-] Task 54f428db-4b39-4471-9cbe-a9e1802554e7 | Context volumes@openstack setup() finished in 39.84 sec
2019-06-18 23:27:10.526 1842 RALLYDEBUG rally.task.runner [-] Starting the constant runner (task UUID: 54f428db-4b39-4471-9cbe-a9e1802554e7). timeout: 0 concurrency: 4 concurrency_per_worker: 1 times: 10 concurrency_overhead: 0 processes_to_start: 4 max_cpu_used: 16
2019-06-18 23:27:10.539 3842 RALLYDEBUG rally.task.runner [-] Starting a worker. concurrency: 1 args: {"detailed": true} times: 10 method_name: run timeout: 0 duration: None cls:
2019-06-18 23:27:10.542 3843 RALLYDEBUG rally.task.runner [-] Starting a worker. concurrency: 1 args: {"detailed": true} times: 10 method_name: run timeout: 0 duration: None cls:
2019-06-18 23:27:10.544 3844 RALLYDEBUG rally.task.runner [-] Starting a worker. concurrency: 1 args: {"detailed": true} times: 10 method_name: run timeout: 0 duration: None cls:
2019-06-18 23:27:10.547 3842 INFO rally.task.runner [-] Task 54f428db-4b39-4471-9cbe-a9e1802554e7 | ITER: 1 START
2019-06-18 23:27:10.548 3845 RALLYDEBUG rally.task.runner [-] Starting a worker. concurrency: 1 args: {"detailed": true} times: 10 method_name: run timeout: 0 duration: None cls:
2019-06-18 23:27:10.550 3843 INFO rally.task.runner [-] Task 54f428db-4b39-4471-9cbe-a9e1802554e7 | ITER: 2 START
2019-06-18 23:27:10.552 3844 INFO rally.task.runner [-] Task 54f428db-4b39-4471-9cbe-a9e1802554e7 | ITER: 3 START
2019-06-18 23:27:10.556 3845 INFO rally.task.runner [-] Task 54f428db-4b39-4471-9cbe-a9e1802554e7 | ITER: 4 START
2019-06-18 23:27:11.372 3842 INFO rally.task.runner [-] Task 54f428db-4b39-4471-9cbe-a9e1802554e7 | ITER: 1 END: OK
2019-06-18 23:27:11.379 3842 INFO rally.task.runner [-] Task 54f428db-4b39-4471-9cbe-a9e1802554e7 | ITER: 5 START
2019-06-18 23:27:11.382 3845 INFO rally.task.runner [-] Task 54f428db-4b39-4471-9cbe-a9e1802554e7 | ITER: 4 END: OK
2019-06-18 23:27:11.388 3845 INFO rally.task.runner [-] Task 54f428db-4b39-4471-9cbe-a9e1802554e7 | ITER: 6 START
2019-06-18 23:27:11.389 3843 INFO rally.task.runner [-] Task 54f428db-4b39-4471-9cbe-a9e1802554e7 | ITER: 2 END: OK
2019-06-18 23:27:11.395 3843 INFO rally.task.runner [-] Task 54f428db-4b39-4471-9cbe-a9e1802554e7 | ITER: 7 START
2019-06-18 23:27:11.478 3844 INFO rally.task.runner [-] Task 54f428db-4b39-4471-9cbe-a9e1802554e7 | ITER: 3 END: OK
2019-06-18 23:27:11.483 3844 INFO rally.task.runner [-] Task 54f428db-4b39-4471-9cbe-a9e1802554e7 | ITER: 8 START
2019-06-18 23:27:12.180 3845 INFO rally.task.runner [-] Task 54f428db-4b39-4471-9cbe-a9e1802554e7 | ITER: 6 END: OK
2019-06-18 23:27:12.182 3843 INFO rally.task.runner [-] Task 54f428db-4b39-4471-9cbe-a9e1802554e7 | ITER: 7 END: OK
2019-06-18 23:27:12.183 3842 INFO rally.task.runner [-] Task 54f428db-4b39-4471-9cbe-a9e1802554e7 | ITER: 5 END: OK
2019-06-18 23:27:12.186 3845 INFO rally.task.runner [-] Task 54f428db-4b39-4471-9cbe-a9e1802554e7 | ITER: 9 START
2019-06-18 23:27:12.187 3843 INFO rally.task.runner [-] Task 54f428db-4b39-4471-9cbe-a9e1802554e7 | ITER: 10 START
2019-06-18 23:27:12.300 3844 INFO rally.task.runner [-] Task 54f428db-4b39-4471-9cbe-a9e1802554e7 | ITER: 8 END: OK
2019-06-18 23:27:12.979 3843 INFO rally.task.runner [-] Task 54f428db-4b39-4471-9cbe-a9e1802554e7 | ITER: 10 END: OK
2019-06-18 23:27:13.050 3845 INFO rally.task.runner [-] Task 54f428db-4b39-4471-9cbe-a9e1802554e7 | ITER: 9 END: OK
2019-06-18 23:27:13.073 1842 INFO rally.task.context [-] Task 54f428db-4b39-4471-9cbe-a9e1802554e7 | Context volumes@openstack cleanup() started
2019-06-18 23:27:13.074 1842 RALLYDEBUG rally_openstack.cleanup.manager [-] Cleaning up cinder volumes objects
2019-06-18 23:27:15.402 1842 RALLYDEBUG rally_openstack.cleanup.manager [-] Deleting cinder.volumes object c_rally_9c67df63_RMHmQ3Rd (8561e25a-3d78-4c28-9331-3dd00988a471)
2019-06-18 23:27:15.407 1842 RALLYDEBUG rally_openstack.cleanup.manager [-] Deleting cinder.volumes object c_rally_9c67df63_Gxxur5wT (38b9bdb0-e8c6-489b-aa49-15070a467c06)
2019-06-18 23:27:15.410 1842 RALLYDEBUG rally_openstack.cleanup.manager [-] Deleting cinder.volumes object c_rally_9c67df63_RJ9tW6ru (6dbdf947-d9c5-45ab-ba73-9d1fbe9c5785)
2019-06-18 23:27:15.411 1842 RALLYDEBUG rally_openstack.cleanup.manager [-] Deleting cinder.volumes object c_rally_9c67df63_LIQ1Bd5I (5976ddce-dcd2-4cdd-8d9b-6e934875aeb3)
2019-06-18 23:27:15.411 1842 RALLYDEBUG rally_openstack.cleanup.manager [-] Deleting cinder.volumes object c_rally_9c67df63_iJp5yreZ (dfadae6d-2546-446c-abc1-8b4cfcf0b9be)
2019-06-18 23:27:15.422 1842 RALLYDEBUG rally_openstack.cleanup.manager [-] Deleting cinder.volumes object c_rally_9c67df63_Q72dxrqM (62007748-56c2-433d-8aec-372d0805f4fa)
2019-06-18 23:27:15.427 1842 RALLYDEBUG rally_openstack.cleanup.manager [-] Deleting cinder.volumes object c_rally_9c67df63_FHOm4O9D (128d1e72-8afa-416c-b4d5-7aa307337730)
2019-06-18 23:27:15.432 1842 RALLYDEBUG rally_openstack.cleanup.manager [-] Deleting cinder.volumes object c_rally_9c67df63_uTWNaVo7 (a7aeafcb-ef9f-4880-a197-6b6ac6b771e7)
2019-06-18 23:27:15.441 1842 RALLYDEBUG rally_openstack.cleanup.manager [-] Deleting cinder.volumes object c_rally_9c67df63_ZgtowJo6 (8364269f-07fb-46b1-8446-f4c0656a0e65)
2019-06-18 23:27:15.448 1842 RALLYDEBUG rally_openstack.cleanup.manager [-] Deleting cinder.volumes object c_rally_9c67df63_yo29JSFf (4fb6697e-e7db-42bb-8c7e-e6b1b3ddb4aa)
2019-06-18 23:27:15.450 1842 RALLYDEBUG rally_openstack.cleanup.manager [-] Deleting cinder.volumes object c_rally_9c67df63_gvRzthoq (0aa7118e-96ad-4dcc-bf6e-fa674357f46f)
2019-06-18 23:27:15.457 1842 RALLYDEBUG rally_openstack.cleanup.manager [-] Deleting cinder.volumes object c_rally_9c67df63_y5KhBqtb (08fc77da-7dd2-4ad7-9080-b650d53102a4)
2019-06-18 23:27:20.979 1842 INFO rally.task.context [-] Task 54f428db-4b39-4471-9cbe-a9e1802554e7 | Context volumes@openstack cleanup() finished in 7.91 sec
2019-06-18 23:27:20.979 1842 INFO rally.task.context [-] Task 54f428db-4b39-4471-9cbe-a9e1802554e7 | Context quotas@openstack cleanup() started
2019-06-18 23:27:21.844 1842 INFO rally.task.context [-] Task 54f428db-4b39-4471-9cbe-a9e1802554e7 | Context quotas@openstack cleanup() finished in 0.86 sec
2019-06-18 23:27:21.844 1842 INFO rally.task.context [-] Task 54f428db-4b39-4471-9cbe-a9e1802554e7 | Context api_versions@openstack cleanup() started
2019-06-18 23:27:21.845 1842 INFO rally.task.context [-] Task 54f428db-4b39-4471-9cbe-a9e1802554e7 | Context api_versions@openstack cleanup() finished in 0.31 msec
2019-06-18 23:27:21.845 1842 INFO rally.task.context [-] Task 54f428db-4b39-4471-9cbe-a9e1802554e7 | Context users@openstack cleanup() started
2019-06-18 23:27:30.140 1842 INFO rally.task.context [-] Task 54f428db-4b39-4471-9cbe-a9e1802554e7 | Context users@openstack cleanup() finished in 8.29 sec
2019-06-18 23:27:30.309 1842 INFO rally.task.engine [-] Load duration is: 2.497992
2019-06-18 23:27:30.310 1842 INFO rally.task.engine [-] Full runner duration is: 2.548716
2019-06-18 23:27:30.310 1842 INFO rally.task.engine [-] Full duration is: 66.269207
2019-06-18 23:27:30.527 1842 INFO rally.task.engine [-] Running workload: position = 0 config = { "version": 2, "title": "A cropped version of a bigger task.", "description": "Auto-generated task from a single workload (uuid=836d8674-ef79-4e94-9514-6e9b263ff748)", "subtasks": [ { "title": "CinderVolumes.create_and_delete_snapshot", "description": "Create and then delete a volume-snapshot.", "scenario": { "CinderVolumes.create_and_delete_snapshot": { "force": false } }, "contexts": { "users": { "tenants": 3, "users_per_tenant": 2 }, "quotas": { "cinder": { "gigabytes": -1, "snapshots": -1, "volumes": -1 } }, "api_versions": { "cinder": { "version": 3, "service_type": "volumev3" } }, "volumes": { "size": 1, "volumes_per_tenant": 1 } }, "runner": { "constant": { "concurrency": 4, "times": 10 } }, "hooks": [], "sla": { "failure_rate": { "max": 0 } } } ] }
2019-06-18 23:27:30.552 1842 RALLYDEBUG rally_openstack.contexts.keystone.users [-] Creating 3 tenants using 20 threads
2019-06-18 23:27:32.406 1842 RALLYDEBUG rally_openstack.contexts.keystone.users [-] Creating 6 users using 20 threads
2019-06-18 23:27:35.202 1842 INFO rally.task.context [-] Task 54f428db-4b39-4471-9cbe-a9e1802554e7 | Context users@openstack setup() finished in 4.65 sec
2019-06-18 23:27:35.642 1842 INFO rally.task.context [-] Task 54f428db-4b39-4471-9cbe-a9e1802554e7 | Context api_versions@openstack setup() finished in 0.44 sec
2019-06-18 23:27:37.492 1842 INFO rally.task.context [-] Task 54f428db-4b39-4471-9cbe-a9e1802554e7 | Context quotas@openstack setup() finished in 1.85 sec
2019-06-18 23:27:48.584 1842 INFO rally.task.context [-] Task 54f428db-4b39-4471-9cbe-a9e1802554e7 | Context volumes@openstack setup() finished in 11.09 sec
2019-06-18 23:27:48.584 1842 INFO rally.task.context [-] Task 54f428db-4b39-4471-9cbe-a9e1802554e7 | Context cleanup@openstack setup() finished in 0.01 msec
2019-06-18 23:27:48.592 1842 RALLYDEBUG rally.task.runner [-] Starting the constant runner (task UUID: 54f428db-4b39-4471-9cbe-a9e1802554e7). timeout: 0 concurrency: 4 concurrency_per_worker: 1 times: 10 concurrency_overhead: 0 processes_to_start: 4 max_cpu_used: 16
2019-06-18 23:27:48.605 3966 RALLYDEBUG rally.task.runner [-] Starting a worker. concurrency: 1 args: {"force": false} times: 10 method_name: run timeout: 0 duration: None cls:
2019-06-18 23:27:48.610 3967 RALLYDEBUG rally.task.runner [-] Starting a worker. concurrency: 1 args: {"force": false} times: 10 method_name: run timeout: 0 duration: None cls:
2019-06-18 23:27:48.611 3968 RALLYDEBUG rally.task.runner [-] Starting a worker. concurrency: 1 args: {"force": false} times: 10 method_name: run timeout: 0 duration: None cls:
2019-06-18 23:27:48.616 3966 INFO rally.task.runner [-] Task 54f428db-4b39-4471-9cbe-a9e1802554e7 | ITER: 1 START
2019-06-18 23:27:48.619 3969 RALLYDEBUG rally.task.runner [-] Starting a worker. concurrency: 1 args: {"force": false} times: 10 method_name: run timeout: 0 duration: None cls:
2019-06-18 23:27:48.621 3968 INFO rally.task.runner [-] Task 54f428db-4b39-4471-9cbe-a9e1802554e7 | ITER: 3 START
2019-06-18 23:27:48.622 3967 INFO rally.task.runner [-] Task 54f428db-4b39-4471-9cbe-a9e1802554e7 | ITER: 2 START
2019-06-18 23:27:48.626 3969 INFO rally.task.runner [-] Task 54f428db-4b39-4471-9cbe-a9e1802554e7 | ITER: 4 START
2019-06-18 23:27:52.692 3966 RALLYDEBUG rally.task.utils [-] Waiting for resource s_rally_836d8674_CMp5uJ58. Status changed: AVAILABLE => DELETING in 0.0261280536652
2019-06-18 23:27:52.695 3968 RALLYDEBUG rally.task.utils [-] Waiting for resource s_rally_836d8674_G5TmqX0D. Status changed: AVAILABLE => DELETING in 0.335170984268
2019-06-18 23:27:52.766 3969 RALLYDEBUG rally.task.utils [-] Waiting for resource s_rally_836d8674_XkOaiC8m. Status changed: AVAILABLE => DELETING in 0.30412197113
2019-06-18 23:27:52.771 3967 RALLYDEBUG rally.task.utils [-] Waiting for resource s_rally_836d8674_U0JOq9do. Status changed: AVAILABLE => DELETING in 0.219905853271
2019-06-18 23:27:54.797 3967 INFO rally.task.runner [-] Task 54f428db-4b39-4471-9cbe-a9e1802554e7 | ITER: 2 END: OK
2019-06-18 23:27:54.802 3967 INFO rally.task.runner [-] Task 54f428db-4b39-4471-9cbe-a9e1802554e7 | ITER: 5 START
2019-06-18 23:27:55.004 3966 INFO rally.task.runner [-] Task 54f428db-4b39-4471-9cbe-a9e1802554e7 | ITER: 1 END: OK
2019-06-18 23:27:55.009 3966 INFO rally.task.runner [-] Task 54f428db-4b39-4471-9cbe-a9e1802554e7 | ITER: 6 START
2019-06-18 23:27:55.028 3968 INFO rally.task.runner [-] Task 54f428db-4b39-4471-9cbe-a9e1802554e7 | ITER: 3 END: OK
2019-06-18 23:27:55.033 3968 INFO rally.task.runner [-] Task 54f428db-4b39-4471-9cbe-a9e1802554e7 | ITER: 7 START
2019-06-18 23:27:55.201 3969 INFO rally.task.runner [-] Task 54f428db-4b39-4471-9cbe-a9e1802554e7 | ITER: 4 END: OK
2019-06-18 23:27:55.206 3969 INFO rally.task.runner [-] Task 54f428db-4b39-4471-9cbe-a9e1802554e7 | ITER: 8 START
2019-06-18 23:27:58.855 3967 RALLYDEBUG rally.task.utils [-] Waiting for resource s_rally_836d8674_5pN8fhf9. Status changed: AVAILABLE => DELETING in 0.21996307373
2019-06-18 23:27:58.915 3969 RALLYDEBUG rally.task.utils [-] Waiting for resource s_rally_836d8674_ggK2fYRR. Status changed: AVAILABLE => DELETING in 0.214012861252
2019-06-18 23:27:58.917 3966 RALLYDEBUG rally.task.utils [-] Waiting for resource s_rally_836d8674_5HargLDM. Status changed: AVAILABLE => DELETING in 0.0240459442139
2019-06-18 23:27:59.187 3968 RALLYDEBUG rally.task.utils [-] Waiting for resource s_rally_836d8674_4pjneu9u. Status changed: AVAILABLE => DELETING in 0.395864009857
2019-06-18 23:28:01.160 3967 INFO rally.task.runner [-] Task 54f428db-4b39-4471-9cbe-a9e1802554e7 | ITER: 5 END: OK
2019-06-18 23:28:01.165 3967 INFO rally.task.runner [-] Task 54f428db-4b39-4471-9cbe-a9e1802554e7 | ITER: 9 START
2019-06-18 23:28:01.192 3969 INFO rally.task.runner [-] Task 54f428db-4b39-4471-9cbe-a9e1802554e7 | ITER: 8 END: OK
2019-06-18 23:28:01.197 3969 INFO rally.task.runner [-] Task 54f428db-4b39-4471-9cbe-a9e1802554e7 | ITER: 10 START
2019-06-18 23:28:01.202 3966 INFO rally.task.runner [-] Task 54f428db-4b39-4471-9cbe-a9e1802554e7 | ITER: 6 END: OK
2019-06-18 23:28:01.479 3968 INFO rally.task.runner [-] Task 54f428db-4b39-4471-9cbe-a9e1802554e7 | ITER: 7 END: OK
2019-06-18 23:28:05.159 3969 RALLYDEBUG rally.task.utils [-] Waiting for resource s_rally_836d8674_lc1mmOdg. Status changed: AVAILABLE => DELETING in 0.278057813644
2019-06-18 23:28:05.233 3967 RALLYDEBUG rally.task.utils [-] Waiting for resource s_rally_836d8674_YECFNhox. Status changed: AVAILABLE => DELETING in 0.309969902039
2019-06-18 23:28:07.455 3967 INFO rally.task.runner [-] Task 54f428db-4b39-4471-9cbe-a9e1802554e7 | ITER: 9 END: OK
2019-06-18 23:28:07.479 3969 INFO rally.task.runner [-] Task 54f428db-4b39-4471-9cbe-a9e1802554e7 | ITER: 10 END: OK
2019-06-18 23:28:07.504 1842 INFO rally.task.context [-] Task 54f428db-4b39-4471-9cbe-a9e1802554e7 | Context cleanup@openstack cleanup() started
2019-06-18 23:28:07.507 1842 RALLYDEBUG rally_openstack.cleanup.manager [-] Cleaning up cinder backups objects
2019-06-18 23:28:09.584 1842 RALLYDEBUG rally_openstack.cleanup.manager [-] Cleaning up cinder volume_snapshots objects
2019-06-18 23:28:11.810 1842 RALLYDEBUG rally_openstack.cleanup.manager [-] Cleaning up cinder transfers objects
2019-06-18 23:28:14.045 1842 RALLYDEBUG rally_openstack.cleanup.manager [-] Cleaning up cinder volumes objects
2019-06-18 23:28:16.434 1842 INFO rally.task.context [-] Task 54f428db-4b39-4471-9cbe-a9e1802554e7 | Context cleanup@openstack cleanup() finished in 8.93 sec
2019-06-18 23:28:16.435 1842 INFO rally.task.context [-] Task 54f428db-4b39-4471-9cbe-a9e1802554e7 | Context volumes@openstack cleanup() started
2019-06-18 23:28:16.435 1842 RALLYDEBUG rally_openstack.cleanup.manager [-] Cleaning up cinder volumes objects
2019-06-18 23:28:18.762 1842 RALLYDEBUG rally_openstack.cleanup.manager [-] Deleting cinder.volumes object c_rally_836d8674_VNbBZEoE (3c939c55-9162-4efe-8958-dbcd5e73dcc1)
2019-06-18 23:28:18.767 1842 RALLYDEBUG rally_openstack.cleanup.manager [-] Deleting cinder.volumes object c_rally_836d8674_RD3w45Dw (e0149f4e-2b84-4f05-96a2-966c781fb3f0)
2019-06-18 23:28:18.773 1842 RALLYDEBUG rally_openstack.cleanup.manager [-] Deleting cinder.volumes object c_rally_836d8674_DntbuPUP (b5e3b69d-0a3e-40d1-9acd-c821f3884854)
2019-06-18 23:28:22.203 1842 INFO rally.task.context [-] Task 54f428db-4b39-4471-9cbe-a9e1802554e7 | Context volumes@openstack cleanup() finished in 5.77 sec
2019-06-18 23:28:22.203 1842 INFO rally.task.context [-] Task 54f428db-4b39-4471-9cbe-a9e1802554e7 | Context quotas@openstack cleanup() started
2019-06-18 23:28:23.077 1842 INFO rally.task.context [-] Task 54f428db-4b39-4471-9cbe-a9e1802554e7 | Context quotas@openstack cleanup() finished in 0.87 sec
2019-06-18 23:28:23.078 1842 INFO rally.task.context [-] Task 54f428db-4b39-4471-9cbe-a9e1802554e7 | Context api_versions@openstack cleanup() started
2019-06-18 23:28:23.078 1842 INFO rally.task.context [-] Task 54f428db-4b39-4471-9cbe-a9e1802554e7 | Context api_versions@openstack cleanup() finished in 0.34 msec
2019-06-18 23:28:23.078 1842 INFO rally.task.context [-] Task 54f428db-4b39-4471-9cbe-a9e1802554e7 | Context users@openstack cleanup() started
2019-06-18 23:28:31.621 1842 INFO rally.task.context [-] Task 54f428db-4b39-4471-9cbe-a9e1802554e7 | Context users@openstack cleanup() finished in 8.54 sec
2019-06-18 23:28:32.797 1842 INFO rally.task.engine [-] Load duration is: 18.857984
2019-06-18 23:28:32.797 1842 INFO rally.task.engine [-] Full runner duration is: 18.913423
2019-06-18 23:28:32.798 1842 INFO rally.task.engine [-] Full duration is: 61.073673
2019-06-18 23:28:33.037 1842 INFO rally.task.engine [-] Running workload: position = 0 config = { "version": 2, "title": "A cropped version of a bigger task.", "description": "Auto-generated task from a single workload (uuid=75617298-d116-4444-bb94-6c76667429f7)", "subtasks": [ { "title": "CinderVolumes.create_and_delete_volume", "description": "Create and then delete a volume.", "scenario": { "CinderVolumes.create_and_delete_volume": { "size": { "max": 1, "min": 1 } } }, "contexts": { "users": { "tenants": 3, "users_per_tenant": 2 }, "quotas": { "cinder": { "gigabytes": -1, "snapshots": -1, "volumes": -1 } }, "api_versions": { "cinder": { "version": 3, "service_type": "volumev3" } } }, "runner": { "constant": { "concurrency": 4, "times": 10 } }, "hooks": [], "sla": { "failure_rate": { "max": 0 } } } ] }
2019-06-18 23:28:33.060 1842 RALLYDEBUG rally_openstack.contexts.keystone.users [-] Creating 3 tenants using 20 threads
2019-06-18 23:28:34.972 1842 RALLYDEBUG rally_openstack.contexts.keystone.users [-] Creating 6 users using 20 threads
2019-06-18 23:28:37.781 1842 INFO rally.task.context [-] Task 54f428db-4b39-4471-9cbe-a9e1802554e7 | Context users@openstack setup() finished in 4.72 sec
2019-06-18 23:28:38.218 1842 INFO rally.task.context [-] Task 54f428db-4b39-4471-9cbe-a9e1802554e7 | Context api_versions@openstack setup() finished in 0.44 sec
2019-06-18 23:28:39.901 1842 INFO rally.task.context [-] Task 54f428db-4b39-4471-9cbe-a9e1802554e7 | Context quotas@openstack setup() finished in 1.68 sec
2019-06-18 23:28:39.901 1842 INFO rally.task.context [-] Task 54f428db-4b39-4471-9cbe-a9e1802554e7 | Context cleanup@openstack setup() finished in 0.00 msec
2019-06-18 23:28:39.908 1842 RALLYDEBUG rally.task.runner [-] Starting the constant runner (task UUID: 54f428db-4b39-4471-9cbe-a9e1802554e7). timeout: 0 concurrency: 4 concurrency_per_worker: 1 times: 10 concurrency_overhead: 0 processes_to_start: 4 max_cpu_used: 16
2019-06-18 23:28:39.921 4170 RALLYDEBUG rally.task.runner [-] Starting a worker. concurrency: 1 args: {"size": {"max": 1, "min": 1}} times: 10 method_name: run timeout: 0 duration: None cls:
2019-06-18 23:28:39.924 4171 RALLYDEBUG rally.task.runner [-] Starting a worker. concurrency: 1 args: {"size": {"max": 1, "min": 1}} times: 10 method_name: run timeout: 0 duration: None cls:
2019-06-18 23:28:39.927 4172 RALLYDEBUG rally.task.runner [-] Starting a worker. concurrency: 1 args: {"size": {"max": 1, "min": 1}} times: 10 method_name: run timeout: 0 duration: None cls:
2019-06-18 23:28:39.930 4170 INFO rally.task.runner [-] Task 54f428db-4b39-4471-9cbe-a9e1802554e7 | ITER: 1 START
2019-06-18 23:28:39.930 4173 RALLYDEBUG rally.task.runner [-] Starting a worker. concurrency: 1 args: {"size": {"max": 1, "min": 1}} times: 10 method_name: run timeout: 0 duration: None cls:
2019-06-18 23:28:39.932 4171 INFO rally.task.runner [-] Task 54f428db-4b39-4471-9cbe-a9e1802554e7 | ITER: 2 START
2019-06-18 23:28:39.935 4172 INFO rally.task.runner [-] Task 54f428db-4b39-4471-9cbe-a9e1802554e7 | ITER: 3 START
2019-06-18 23:28:39.937 4173 INFO rally.task.runner [-] Task 54f428db-4b39-4471-9cbe-a9e1802554e7 | ITER: 4 START
2019-06-18 23:28:44.267 4173 RALLYDEBUG rally.task.utils [-] Waiting for resource s_rally_75617298_XEi0ES7F. Status changed: AVAILABLE => DELETING in 0.0602478981018
2019-06-18 23:28:44.332 4171 RALLYDEBUG rally.task.utils [-] Waiting for resource s_rally_75617298_qXyEISjM. Status changed: AVAILABLE => DELETING in 0.265161991119
2019-06-18 23:28:44.387 4172 RALLYDEBUG rally.task.utils [-] Waiting for resource s_rally_75617298_XYBVFipi. Status changed: AVAILABLE => DELETING in 0.348467826843
2019-06-18 23:28:44.563 4170 RALLYDEBUG rally.task.utils [-] Waiting for resource s_rally_75617298_SwRwDszQ. Status changed: AVAILABLE => DELETING in 0.370156049728
2019-06-18 23:28:46.310 4173 INFO rally.task.runner [-] Task 54f428db-4b39-4471-9cbe-a9e1802554e7 | ITER: 4 END: OK
2019-06-18 23:28:46.315 4173 INFO rally.task.runner [-] Task 54f428db-4b39-4471-9cbe-a9e1802554e7 | ITER: 5 START
2019-06-18 23:28:46.428 4172 INFO rally.task.runner [-] Task 54f428db-4b39-4471-9cbe-a9e1802554e7 | ITER: 3 END: OK
2019-06-18 23:28:46.434 4172 INFO rally.task.runner [-] Task 54f428db-4b39-4471-9cbe-a9e1802554e7 | ITER: 6 START
2019-06-18 23:28:46.678 4171 INFO rally.task.runner [-] Task 54f428db-4b39-4471-9cbe-a9e1802554e7 | ITER: 2 END: OK
2019-06-18 23:28:46.683 4171 INFO rally.task.runner [-] Task 54f428db-4b39-4471-9cbe-a9e1802554e7 | ITER: 7 START
2019-06-18 23:28:46.902 4170 INFO rally.task.runner [-] Task 54f428db-4b39-4471-9cbe-a9e1802554e7 | ITER: 1 END: OK
