2019-06-18 23:01:00.175 7 RALLYDEBUG rally.api [-] INFO logs from urllib3 and requests module are hide.
2019-06-18 23:01:00.175 7 RALLYDEBUG rally.api [-] urllib3 insecure warnings are hidden.
2019-06-18 23:01:00.176 7 RALLYDEBUG rally.api [-] ERROR log from boto module is hide.
2019-06-18 23:01:01.478 7 ERROR rally.cli.cliutils [-] Unexpected exception in CLI: DBRecordNotFound: Record for uuid or name is opnfv-rally not found in table envs
2019-06-18 23:01:01.478 7 ERROR rally.cli.cliutils
Traceback (most recent call last):
2019-06-18 23:01:01.478 7 ERROR rally.cli.cliutils
File "/usr/lib/python2.7/site-packages/rally/cli/cliutils.py", line 674, in run
2019-06-18 23:01:01.478 7 ERROR rally.cli.cliutils ret = fn(*fn_args, **fn_kwargs)
2019-06-18 23:01:01.478 7 ERROR rally.cli.cliutils File "", line 2, in destroy
2019-06-18 23:01:01.478 7 ERROR rally.cli.cliutils
File "/usr/lib/python2.7/site-packages/rally/cli/envutils.py", line 69, in default_from_global
2019-06-18 23:01:01.478 7 ERROR rally.cli.cliutils return f(*args, **kwargs)
2019-06-18 23:01:01.478 7 ERROR rally.cli.cliutils File "", line 2, in destroy
2019-06-18 23:01:01.478 7 ERROR rally.cli.cliutils
File "/usr/lib/python2.7/site-packages/rally/plugins/__init__.py", line 51, in ensure_plugins_are_loaded
2019-06-18 23:01:01.478 7 ERROR rally.cli.cliutils return f(*args, **kwargs)
2019-06-18 23:01:01.478 7 ERROR rally.cli.cliutils
File "/usr/lib/python2.7/site-packages/rally/cli/commands/deployment.py", line 140, in destroy
2019-06-18 23:01:01.478 7 ERROR rally.cli.cliutils api.deployment.destroy(deployment=deployment)
2019-06-18 23:01:01.478 7 ERROR rally.cli.cliutils
File "/usr/lib/python2.7/site-packages/rally/api.py", line 115, in destroy
2019-06-18 23:01:01.478 7 ERROR rally.cli.cliutils deploy = objects.Deployment.get(deployment)
2019-06-18 23:01:01.478 7 ERROR rally.cli.cliutils
File "/usr/lib/python2.7/site-packages/rally/common/objects/deploy.py", line 124, in get
2019-06-18 23:01:01.478 7 ERROR rally.cli.cliutils return Deployment(env_mgr.EnvManager.get(deploy))
2019-06-18 23:01:01.478 7 ERROR rally.cli.cliutils
File "/usr/lib/python2.7/site-packages/rally/env/env_mgr.py", line 212, in get
2019-06-18 23:01:01.478 7 ERROR rally.cli.cliutils return cls(db.env_get(uuid_or_name))
2019-06-18 23:01:01.478 7 ERROR rally.cli.cliutils
File "/usr/lib/python2.7/site-packages/rally/common/db/api.py", line 135, in wrapper
2019-06-18 23:01:01.478 7 ERROR rally.cli.cliutils result = f(session, *args, **kwargs)
2019-06-18 23:01:01.478 7 ERROR rally.cli.cliutils
File "/usr/lib/python2.7/site-packages/rally/common/db/api.py", line 521, in env_get
2019-06-18 23:01:01.478 7 ERROR rally.cli.cliutils criteria="uuid or name is %s" % uuid_or_name, table="envs")
2019-06-18 23:01:01.478 7 ERROR rally.cli.cliutils DBRecordNotFound: Record for uuid or name is opnfv-rally not found in table envs
2019-06-18 23:01:01.478 7 ERROR rally.cli.cliutils
2019-06-18 23:01:02.371 9 RALLYDEBUG rally.api [-] INFO logs from urllib3 and requests module are hide.
2019-06-18 23:01:02.371 9 RALLYDEBUG rally.api [-] urllib3 insecure warnings are hidden.
2019-06-18 23:01:02.371 9 RALLYDEBUG rally.api [-] ERROR log from boto module is hide.
2019-06-18 23:01:03.666 9 WARNING rally_openstack.platforms.existing [-] endpoint is deprecated and not used.
2019-06-18 23:01:04.623 11 RALLYDEBUG rally.api [-] INFO logs from urllib3 and requests module are hide.
2019-06-18 23:01:04.624 11 RALLYDEBUG rally.api [-] urllib3 insecure warnings are hidden.
2019-06-18 23:01:04.624 11 RALLYDEBUG rally.api [-] ERROR log from boto module is hide.
2019-06-18 23:01:07.961 14 RALLYDEBUG rally.api [-] INFO logs from urllib3 and requests module are hide.
2019-06-18 23:01:07.961 14 RALLYDEBUG rally.api [-] urllib3 insecure warnings are hidden.
2019-06-18 23:01:07.961 14 RALLYDEBUG rally.api [-] ERROR log from boto module is hide.
2019-06-18 23:01:09.819 16 RALLYDEBUG rally.api [-] INFO logs from urllib3 and requests module are hide.
2019-06-18 23:01:09.820 16 RALLYDEBUG rally.api [-] urllib3 insecure warnings are hidden.
2019-06-18 23:01:09.820 16 RALLYDEBUG rally.api [-] ERROR log from boto module is hide.
2019-06-18 23:01:11.216 16 INFO rally.task.engine [-] Task 998c19af-8c23-41b4-a28c-42c2666993cc | Starting: Task validation.
2019-06-18 23:01:11.251 16 INFO rally.task.engine [-] Task 998c19af-8c23-41b4-a28c-42c2666993cc | Starting: Task validation of syntax.
2019-06-18 23:01:11.329 16 INFO rally.task.engine [-] Task 998c19af-8c23-41b4-a28c-42c2666993cc | Completed: Task validation of syntax.
2019-06-18 23:01:11.330 16 INFO rally.task.engine [-] Task 998c19af-8c23-41b4-a28c-42c2666993cc | Starting: Task validation of required platforms.
2019-06-18 23:01:11.366 16 INFO rally.task.engine [-] Task 998c19af-8c23-41b4-a28c-42c2666993cc | Completed: Task validation of required platforms.
2019-06-18 23:01:11.366 16 INFO rally.task.engine [-] Task 998c19af-8c23-41b4-a28c-42c2666993cc | Starting: Task validation of semantic.
2019-06-18 23:01:11.366 16 INFO rally.task.engine [-] Check health of the environment '5f4288a7-a846-4057-8212-b88519d946d5'.
2019-06-18 23:01:12.207 16 INFO rally.task.engine [-] Platform existing@openstack (available: True): OK!
2019-06-18 23:01:12.225 16 RALLYDEBUG rally_openstack.contexts.keystone.users [-] Creating 1 tenants using 20 threads
2019-06-18 23:01:14.261 16 RALLYDEBUG rally_openstack.contexts.keystone.users [-] Creating 1 users using 20 threads
2019-06-18 23:01:17.088 16 INFO rally.task.context [-] Task 998c19af-8c23-41b4-a28c-42c2666993cc | Context users@openstack setup() finished in 4.86 sec
2019-06-18 23:01:17.133 16 INFO rally.task.context [-] Task 998c19af-8c23-41b4-a28c-42c2666993cc | Context users@openstack cleanup() started
2019-06-18 23:01:24.023 16 INFO rally.task.context [-] Task 998c19af-8c23-41b4-a28c-42c2666993cc | Context users@openstack cleanup() finished in 6.89 sec
2019-06-18 23:01:24.024 16 INFO rally.task.engine [-] Task 998c19af-8c23-41b4-a28c-42c2666993cc | Completed: Task validation of semantic.
2019-06-18 23:01:24.024 16 INFO rally.task.engine [-] Task 998c19af-8c23-41b4-a28c-42c2666993cc | Completed: Task validation.
2019-06-18 23:01:24.025 16 INFO rally.api [-] Task 998c19af-8c23-41b4-a28c-42c2666993cc input file is valid.
2019-06-18 23:01:24.025 16 INFO rally.api [-] Run Task 998c19af-8c23-41b4-a28c-42c2666993cc against Deployment 5f4288a7-a846-4057-8212-b88519d946d5
2019-06-18 23:01:24.025 16 INFO rally.task.engine [-] Task 998c19af-8c23-41b4-a28c-42c2666993cc | Starting: Running task.
2019-06-18 23:01:24.163 16 INFO rally.task.engine [-] Running workload: position = 0 config = { "version": 2, "title": "A cropped version of a bigger task.", "description": "Auto-generated task from a single workload (uuid=63808a6f-283c-4328-8fcf-649b706b4320)", "subtasks": [ { "title": "Authenticate.keystone", "description": "Check Keystone Client.", "scenario": { "Authenticate.keystone": {} }, "contexts": { "users": { "tenants": 3, "users_per_tenant": 2 } }, "runner": { "constant": { "concurrency": 4, "times": 10 } }, "hooks": [], "sla": { "failure_rate": { "max": 0 } } } ] }
2019-06-18 23:01:24.183 16 RALLYDEBUG rally_openstack.contexts.keystone.users [-] Creating 3 tenants using 20 threads
2019-06-18 23:01:26.157 16 RALLYDEBUG rally_openstack.contexts.keystone.users [-] Creating 6 users using 20 threads
2019-06-18 23:01:29.018 16 INFO rally.task.context [-] Task 998c19af-8c23-41b4-a28c-42c2666993cc | Context users@openstack setup() finished in 4.84 sec
2019-06-18 23:01:29.025 16 RALLYDEBUG rally.task.runner [-] Starting the constant runner (task UUID: 998c19af-8c23-41b4-a28c-42c2666993cc). timeout: 0 concurrency: 4 concurrency_per_worker: 1 times: 10 concurrency_overhead: 0 processes_to_start: 4 max_cpu_used: 16
2019-06-18 23:01:29.039 140 RALLYDEBUG rally.task.runner [-] Starting a worker. concurrency: 1 args: {} times: 10 method_name: run timeout: 0 duration: None cls:
2019-06-18 23:01:29.040 141 RALLYDEBUG rally.task.runner [-] Starting a worker. concurrency: 1 args: {} times: 10 method_name: run timeout: 0 duration: None cls:
2019-06-18 23:01:29.044 141 INFO rally.task.runner [-] Task 998c19af-8c23-41b4-a28c-42c2666993cc | ITER: 2 START
2019-06-18 23:01:29.045 142 RALLYDEBUG rally.task.runner [-] Starting a worker. concurrency: 1 args: {} times: 10 method_name: run timeout: 0 duration: None cls:
2019-06-18 23:01:29.045 140 INFO rally.task.runner [-] Task 998c19af-8c23-41b4-a28c-42c2666993cc | ITER: 1 START
2019-06-18 23:01:29.047 143 RALLYDEBUG rally.task.runner [-] Starting a worker. concurrency: 1 args: {} times: 10 method_name: run timeout: 0 duration: None cls:
2019-06-18 23:01:29.050 142 INFO rally.task.runner [-] Task 998c19af-8c23-41b4-a28c-42c2666993cc | ITER: 3 START
2019-06-18 23:01:29.053 143 INFO rally.task.runner [-] Task 998c19af-8c23-41b4-a28c-42c2666993cc | ITER: 4 START
2019-06-18 23:01:29.647 141 INFO rally.task.runner [-] Task 998c19af-8c23-41b4-a28c-42c2666993cc | ITER: 2 END: OK
2019-06-18 23:01:29.649 143 INFO rally.task.runner [-] Task 998c19af-8c23-41b4-a28c-42c2666993cc | ITER: 4 END: OK
2019-06-18 23:01:29.652 141 INFO rally.task.runner [-] Task 998c19af-8c23-41b4-a28c-42c2666993cc | ITER: 5 START
2019-06-18 23:01:29.654 143 INFO rally.task.runner [-] Task 998c19af-8c23-41b4-a28c-42c2666993cc | ITER: 6 START
2019-06-18 23:01:29.657 142 INFO rally.task.runner [-] Task 998c19af-8c23-41b4-a28c-42c2666993cc | ITER: 3 END: OK
2019-06-18 23:01:29.660 140 INFO rally.task.runner [-] Task 998c19af-8c23-41b4-a28c-42c2666993cc | ITER: 1 END: OK
2019-06-18 23:01:29.661 142 INFO rally.task.runner [-] Task 998c19af-8c23-41b4-a28c-42c2666993cc | ITER: 7 START
2019-06-18 23:01:29.664 140 INFO rally.task.runner [-] Task 998c19af-8c23-41b4-a28c-42c2666993cc | ITER: 8 START
2019-06-18 23:01:30.251 143 INFO rally.task.runner [-] Task 998c19af-8c23-41b4-a28c-42c2666993cc | ITER: 6 END: OK
2019-06-18 23:01:30.255 143 INFO rally.task.runner [-] Task 998c19af-8c23-41b4-a28c-42c2666993cc | ITER: 9 START
2019-06-18 23:01:30.277 142 INFO rally.task.runner [-] Task 998c19af-8c23-41b4-a28c-42c2666993cc | ITER: 7 END: OK
2019-06-18 23:01:30.277 140 INFO rally.task.runner [-] Task 998c19af-8c23-41b4-a28c-42c2666993cc | ITER: 8 END: OK
2019-06-18 23:01:30.280 142 INFO rally.task.runner [-] Task 998c19af-8c23-41b4-a28c-42c2666993cc | ITER: 10 START
2019-06-18 23:01:30.350 141 INFO rally.task.runner [-] Task 998c19af-8c23-41b4-a28c-42c2666993cc | ITER: 5 END: OK
2019-06-18 23:01:30.858 143 INFO rally.task.runner [-] Task 998c19af-8c23-41b4-a28c-42c2666993cc | ITER: 9 END: OK
2019-06-18 23:01:30.888 142 INFO rally.task.runner [-] Task 998c19af-8c23-41b4-a28c-42c2666993cc | ITER: 10 END: OK
2019-06-18 23:01:30.912 16 INFO rally.task.context [-] Task 998c19af-8c23-41b4-a28c-42c2666993cc | Context users@openstack cleanup() started
2019-06-18 23:01:39.041 16 INFO rally.task.context [-] Task 998c19af-8c23-41b4-a28c-42c2666993cc | Context users@openstack cleanup() finished in 8.13 sec
2019-06-18 23:01:40.292 16 INFO rally.task.engine [-] Load duration is: 1.841783
2019-06-18 23:01:40.293 16 INFO rally.task.engine [-] Full runner duration is: 1.887617
2019-06-18 23:01:40.293 16 INFO rally.task.engine [-] Full duration is: 14.861615
2019-06-18 23:01:40.510 16 INFO rally.task.engine [-] Running workload: position = 0 config = { "version": 2, "title": "A cropped version of a bigger task.", "description": "Auto-generated task from a single workload (uuid=46a272fb-fa27-499f-8a18-d09383d71ce4)", "subtasks": [ { "title": "Authenticate.validate_cinder", "description": "Check Cinder Client to ensure validation of token.", "scenario": { "Authenticate.validate_cinder": { "repetitions": 2 } }, "contexts": { "users": { "tenants": 3, "users_per_tenant": 2 } }, "runner": { "constant": { "concurrency": 4, "times": 10 } }, "hooks": [], "sla": { "failure_rate": { "max": 0 } } } ] }
2019-06-18 23:01:40.527 16 RALLYDEBUG rally_openstack.contexts.keystone.users [-] Creating 3 tenants using 20 threads
2019-06-18 23:01:42.384 16 RALLYDEBUG rally_openstack.contexts.keystone.users [-] Creating 6 users using 20 threads
2019-06-18 23:01:45.128 16 INFO rally.task.context [-] Task 998c19af-8c23-41b4-a28c-42c2666993cc | Context users@openstack setup() finished in 4.60 sec
2019-06-18 23:01:45.136 16 RALLYDEBUG rally.task.runner [-] Starting the constant runner (task UUID: 998c19af-8c23-41b4-a28c-42c2666993cc). timeout: 0 concurrency: 4 concurrency_per_worker: 1 times: 10 concurrency_overhead: 0 processes_to_start: 4 max_cpu_used: 16
2019-06-18 23:01:45.148 244 RALLYDEBUG rally.task.runner [-] Starting a worker. concurrency: 1 args: {"repetitions": 2} times: 10 method_name: run timeout: 0 duration: None cls:
2019-06-18 23:01:45.153 245 RALLYDEBUG rally.task.runner [-] Starting a worker. concurrency: 1 args: {"repetitions": 2} times: 10 method_name: run timeout: 0 duration: None cls:
2019-06-18 23:01:45.154 244 INFO rally.task.runner [-] Task 998c19af-8c23-41b4-a28c-42c2666993cc | ITER: 1 START
2019-06-18 23:01:45.154 246 RALLYDEBUG rally.task.runner [-] Starting a worker. concurrency: 1 args: {"repetitions": 2} times: 10 method_name: run timeout: 0 duration: None cls:
2019-06-18 23:01:45.156 247 RALLYDEBUG rally.task.runner [-] Starting a worker. concurrency: 1 args: {"repetitions": 2} times: 10 method_name: run timeout: 0 duration: None cls:
2019-06-18 23:01:45.159 245 INFO rally.task.runner [-] Task 998c19af-8c23-41b4-a28c-42c2666993cc | ITER: 2 START
2019-06-18 23:01:45.160 246 INFO rally.task.runner [-] Task 998c19af-8c23-41b4-a28c-42c2666993cc | ITER: 3 START
2019-06-18 23:01:45.162 247 INFO rally.task.runner [-] Task 998c19af-8c23-41b4-a28c-42c2666993cc | ITER: 4 START
2019-06-18 23:01:47.043 245 INFO rally.task.runner [-] Task 998c19af-8c23-41b4-a28c-42c2666993cc | ITER: 2 END: OK
2019-06-18 23:01:47.047 245 INFO rally.task.runner [-] Task 998c19af-8c23-41b4-a28c-42c2666993cc | ITER: 5 START
2019-06-18 23:01:47.055 244 INFO rally.task.runner [-] Task 998c19af-8c23-41b4-a28c-42c2666993cc | ITER: 1 END: OK
2019-06-18 23:01:47.060 244 INFO rally.task.runner [-] Task 998c19af-8c23-41b4-a28c-42c2666993cc | ITER: 6 START
2019-06-18 23:01:47.064 246 INFO rally.task.runner [-] Task 998c19af-8c23-41b4-a28c-42c2666993cc | ITER: 3 END: OK
2019-06-18 23:01:47.068 246 INFO rally.task.runner [-] Task 998c19af-8c23-41b4-a28c-42c2666993cc | ITER: 7 START
2019-06-18 23:01:47.072 247 INFO rally.task.runner [-] Task 998c19af-8c23-41b4-a28c-42c2666993cc | ITER: 4 END: OK
2019-06-18 23:01:47.075 247 INFO rally.task.runner [-] Task 998c19af-8c23-41b4-a28c-42c2666993cc | ITER: 8 START
2019-06-18 23:01:48.569 244 INFO rally.task.runner [-] Task 998c19af-8c23-41b4-a28c-42c2666993cc | ITER: 6 END: OK
2019-06-18 23:01:48.573 244 INFO rally.task.runner [-] Task 998c19af-8c23-41b4-a28c-42c2666993cc | ITER: 9 START
2019-06-18 23:01:48.624 247 INFO rally.task.runner [-] Task 998c19af-8c23-41b4-a28c-42c2666993cc | ITER: 8 END: OK
2019-06-18 23:01:48.628 247 INFO rally.task.runner [-] Task 998c19af-8c23-41b4-a28c-42c2666993cc | ITER: 10 START
2019-06-18 23:01:48.863 246 INFO rally.task.runner [-] Task 998c19af-8c23-41b4-a28c-42c2666993cc | ITER: 7 END: OK
2019-06-18 23:01:49.277 245 INFO rally.task.runner [-] Task 998c19af-8c23-41b4-a28c-42c2666993cc | ITER: 5 END: OK
2019-06-18 23:01:49.497 244 INFO rally.task.runner [-] Task 998c19af-8c23-41b4-a28c-42c2666993cc | ITER: 9 END: OK
2019-06-18 23:01:50.127 247 INFO rally.task.runner [-] Task 998c19af-8c23-41b4-a28c-42c2666993cc | ITER: 10 END: OK
2019-06-18 23:01:50.155 16 INFO rally.task.context [-] Task 998c19af-8c23-41b4-a28c-42c2666993cc | Context users@openstack cleanup() started
2019-06-18 23:01:59.160 16 INFO rally.task.context [-] Task 998c19af-8c23-41b4-a28c-42c2666993cc | Context users@openstack cleanup() finished in 9.00 sec
2019-06-18 23:02:00.631 16 INFO rally.task.engine [-] Load duration is: 4.971907
2019-06-18 23:02:00.632 16 INFO rally.task.engine [-] Full runner duration is: 5.019017
2019-06-18 23:02:00.632 16 INFO rally.task.engine [-] Full duration is: 18.633429
2019-06-18 23:02:00.868 16 INFO rally.task.engine [-] Running workload: position = 0 config = { "version": 2, "title": "A cropped version of a bigger task.", "description": "Auto-generated task from a single workload (uuid=a6ae6652-76b2-43e2-bc34-dc7417abde57)", "subtasks": [ { "title": "Authenticate.validate_glance", "description": "Check Glance Client to ensure validation of token.", "scenario": { "Authenticate.validate_glance": { "repetitions": 2 } }, "contexts": { "users": { "tenants": 3, "users_per_tenant": 2 } }, "runner": { "constant": { "concurrency": 4, "times": 10 } }, "hooks": [], "sla": { "failure_rate": { "max": 0 } } } ] }
2019-06-18 23:02:00.891 16 RALLYDEBUG rally_openstack.contexts.keystone.users [-] Creating 3 tenants using 20 threads
2019-06-18 23:02:02.852 16 RALLYDEBUG rally_openstack.contexts.keystone.users [-] Creating 6 users using 20 threads
2019-06-18 23:02:05.887 16 INFO rally.task.context [-] Task 998c19af-8c23-41b4-a28c-42c2666993cc | Context users@openstack setup() finished in 5.00 sec
2019-06-18 23:02:05.894 16 RALLYDEBUG rally.task.runner [-] Starting the constant runner (task UUID: 998c19af-8c23-41b4-a28c-42c2666993cc). timeout: 0 concurrency: 4 concurrency_per_worker: 1 times: 10 concurrency_overhead: 0 processes_to_start: 4 max_cpu_used: 16
2019-06-18 23:02:05.906 348 RALLYDEBUG rally.task.runner [-] Starting a worker. concurrency: 1 args: {"repetitions": 2} times: 10 method_name: run timeout: 0 duration: None cls:
2019-06-18 23:02:05.909 349 RALLYDEBUG rally.task.runner [-] Starting a worker. concurrency: 1 args: {"repetitions": 2} times: 10 method_name: run timeout: 0 duration: None cls:
2019-06-18 23:02:05.911 350 RALLYDEBUG rally.task.runner [-] Starting a worker. concurrency: 1 args: {"repetitions": 2} times: 10 method_name: run timeout: 0 duration: None cls:
2019-06-18 23:02:05.912 348 INFO rally.task.runner [-] Task 998c19af-8c23-41b4-a28c-42c2666993cc | ITER: 1 START
2019-06-18 23:02:05.915 349 INFO rally.task.runner [-] Task 998c19af-8c23-41b4-a28c-42c2666993cc | ITER: 2 START
2019-06-18 23:02:05.915 351 RALLYDEBUG rally.task.runner [-] Starting a worker. concurrency: 1 args: {"repetitions": 2} times: 10 method_name: run timeout: 0 duration: None cls:
2019-06-18 23:02:05.916 350 INFO rally.task.runner [-] Task 998c19af-8c23-41b4-a28c-42c2666993cc | ITER: 3 START
2019-06-18 23:02:05.920 351 INFO rally.task.runner [-] Task 998c19af-8c23-41b4-a28c-42c2666993cc | ITER: 4 START
2019-06-18 23:02:07.009 348 INFO rally.task.runner [-] Task 998c19af-8c23-41b4-a28c-42c2666993cc | ITER: 1 END: OK
2019-06-18 23:02:07.012 349 INFO rally.task.runner [-] Task 998c19af-8c23-41b4-a28c-42c2666993cc | ITER: 2 END: OK
2019-06-18 23:02:07.014 348 INFO rally.task.runner [-] Task 998c19af-8c23-41b4-a28c-42c2666993cc | ITER: 5 START
2019-06-18 23:02:07.015 349 INFO rally.task.runner [-] Task 998c19af-8c23-41b4-a28c-42c2666993cc | ITER: 6 START
2019-06-18 23:02:07.331 351 INFO rally.task.runner [-] Task 998c19af-8c23-41b4-a28c-42c2666993cc | ITER: 4 END: OK
2019-06-18 23:02:07.336 351 INFO rally.task.runner [-] Task 998c19af-8c23-41b4-a28c-42c2666993cc | ITER: 7 START
2019-06-18 23:02:07.394 350 INFO rally.task.runner [-] Task 998c19af-8c23-41b4-a28c-42c2666993cc | ITER: 3 END: OK
2019-06-18 23:02:07.398 350 INFO rally.task.runner [-] Task 998c19af-8c23-41b4-a28c-42c2666993cc | ITER: 8 START
2019-06-18 23:02:08.520 348 INFO rally.task.runner [-] Task 998c19af-8c23-41b4-a28c-42c2666993cc | ITER: 5 END: OK
2019-06-18 23:02:08.524 348 INFO rally.task.runner [-] Task 998c19af-8c23-41b4-a28c-42c2666993cc | ITER: 9 START
2019-06-18 23:02:08.725 350 INFO rally.task.runner [-] Task 998c19af-8c23-41b4-a28c-42c2666993cc | ITER: 8 END: OK
2019-06-18 23:02:08.728 350 INFO rally.task.runner [-] Task 998c19af-8c23-41b4-a28c-42c2666993cc | ITER: 10 START
2019-06-18 23:02:08.768 349 INFO rally.task.runner [-] Task 998c19af-8c23-41b4-a28c-42c2666993cc | ITER: 6 END: OK
2019-06-18 23:02:09.644 351 INFO rally.task.runner [-] Task 998c19af-8c23-41b4-a28c-42c2666993cc | ITER: 7 END: OK
2019-06-18 23:02:09.921 350 INFO rally.task.runner [-] Task 998c19af-8c23-41b4-a28c-42c2666993cc | ITER: 10 END: OK
2019-06-18 23:02:10.713 348 INFO rally.task.runner [-] Task 998c19af-8c23-41b4-a28c-42c2666993cc | ITER: 9 END: OK
2019-06-18 23:02:10.737 16 INFO rally.task.context [-] Task 998c19af-8c23-41b4-a28c-42c2666993cc | Context users@openstack cleanup() started
2019-06-18 23:02:19.168 16 INFO rally.task.context [-] Task 998c19af-8c23-41b4-a28c-42c2666993cc | Context users@openstack cleanup() finished in 8.43 sec
2019-06-18 23:02:21.008 16 INFO rally.task.engine [-] Load duration is: 4.799587
2019-06-18 23:02:21.008 16 INFO rally.task.engine [-] Full runner duration is: 4.843361
2019-06-18 23:02:21.009 16 INFO rally.task.engine [-] Full duration is: 18.278821
2019-06-18 23:02:21.301 16 INFO rally.task.engine [-] Running workload: position = 0 config = { "version": 2, "title": "A cropped version of a bigger task.", "description": "Auto-generated task from a single workload (uuid=33d3e299-c271-4051-8b8f-05b23477c445)", "subtasks": [ { "title": "Authenticate.validate_heat", "description": "Check Heat Client to ensure validation of token.", "scenario": { "Authenticate.validate_heat": { "repetitions": 2 } }, "contexts": { "users": { "tenants": 3, "users_per_tenant": 2 } }, "runner": { "constant": { "concurrency": 4, "times": 10 } }, "hooks": [], "sla": { "failure_rate": { "max": 0 } } } ] }
2019-06-18 23:02:21.322 16 RALLYDEBUG rally_openstack.contexts.keystone.users [-] Creating 3 tenants using 20 threads
2019-06-18 23:02:23.211 16 RALLYDEBUG rally_openstack.contexts.keystone.users [-] Creating 6 users using 20 threads
2019-06-18 23:02:26.013 16 INFO rally.task.context [-] Task 998c19af-8c23-41b4-a28c-42c2666993cc | Context users@openstack setup() finished in 4.69 sec
2019-06-18 23:02:26.020 16 RALLYDEBUG rally.task.runner [-] Starting the constant runner (task UUID: 998c19af-8c23-41b4-a28c-42c2666993cc). timeout: 0 concurrency: 4 concurrency_per_worker: 1 times: 10 concurrency_overhead: 0 processes_to_start: 4 max_cpu_used: 16
2019-06-18 23:02:26.032 452 RALLYDEBUG rally.task.runner [-] Starting a worker. concurrency: 1 args: {"repetitions": 2} times: 10 method_name: run timeout: 0 duration: None cls:
2019-06-18 23:02:26.035 453 RALLYDEBUG rally.task.runner [-] Starting a worker. concurrency: 1 args: {"repetitions": 2} times: 10 method_name: run timeout: 0 duration: None cls:
2019-06-18 23:02:26.038 454 RALLYDEBUG rally.task.runner [-] Starting a worker. concurrency: 1 args: {"repetitions": 2} times: 10 method_name: run timeout: 0 duration: None cls:
2019-06-18 23:02:26.039 452 INFO rally.task.runner [-] Task 998c19af-8c23-41b4-a28c-42c2666993cc | ITER: 1 START
2019-06-18 23:02:26.040 455 RALLYDEBUG rally.task.runner [-] Starting a worker. concurrency: 1 args: {"repetitions": 2} times: 10 method_name: run timeout: 0 duration: None cls:
2019-06-18 23:02:26.041 453 INFO rally.task.runner [-] Task 998c19af-8c23-41b4-a28c-42c2666993cc | ITER: 2 START
2019-06-18 23:02:26.044 454 INFO rally.task.runner [-] Task 998c19af-8c23-41b4-a28c-42c2666993cc | ITER: 3 START
2019-06-18 23:02:26.046 455 INFO rally.task.runner [-] Task 998c19af-8c23-41b4-a28c-42c2666993cc | ITER: 4 START
2019-06-18 23:02:27.891 455 INFO rally.task.runner [-] Task 998c19af-8c23-41b4-a28c-42c2666993cc | ITER: 4 END: OK
2019-06-18 23:02:27.895 455 INFO rally.task.runner [-] Task 998c19af-8c23-41b4-a28c-42c2666993cc | ITER: 5 START
2019-06-18 23:02:27.943 453 INFO rally.task.runner [-] Task 998c19af-8c23-41b4-a28c-42c2666993cc | ITER: 2 END: OK
2019-06-18 23:02:27.947 453 INFO rally.task.runner [-] Task 998c19af-8c23-41b4-a28c-42c2666993cc | ITER: 6 START
2019-06-18 23:02:27.961 452 INFO rally.task.runner [-] Task 998c19af-8c23-41b4-a28c-42c2666993cc | ITER: 1 END: OK
2019-06-18 23:02:27.964 452 INFO rally.task.runner [-] Task 998c19af-8c23-41b4-a28c-42c2666993cc | ITER: 7 START
2019-06-18 23:02:28.064 454 INFO rally.task.runner [-] Task 998c19af-8c23-41b4-a28c-42c2666993cc | ITER: 3 END: OK
2019-06-18 23:02:28.068 454 INFO rally.task.runner [-] Task 998c19af-8c23-41b4-a28c-42c2666993cc | ITER: 8 START
2019-06-18 23:02:29.339 453 INFO rally.task.runner [-] Task 998c19af-8c23-41b4-a28c-42c2666993cc | ITER: 6 END: OK
2019-06-18 23:02:29.342 453 INFO rally.task.runner [-] Task 998c19af-8c23-41b4-a28c-42c2666993cc | ITER: 9 START
2019-06-18 23:02:29.452 454 INFO rally.task.runner [-] Task 998c19af-8c23-41b4-a28c-42c2666993cc | ITER: 8 END: OK
2019-06-18 23:02:29.456 454 INFO rally.task.runner [-] Task 998c19af-8c23-41b4-a28c-42c2666993cc | ITER: 10 START
2019-06-18 23:02:29.677 452 INFO rally.task.runner [-] Task 998c19af-8c23-41b4-a28c-42c2666993cc | ITER: 7 END: OK
2019-06-18 23:02:29.941 455 INFO rally.task.runner [-] Task 998c19af-8c23-41b4-a28c-42c2666993cc | ITER: 5 END: OK
2019-06-18 23:02:30.371 453 INFO rally.task.runner [-] Task 998c19af-8c23-41b4-a28c-42c2666993cc | ITER: 9 END: OK
2019-06-18 23:02:31.108 454 INFO rally.task.runner [-] Task 998c19af-8c23-41b4-a28c-42c2666993cc | ITER: 10 END: OK
2019-06-18 23:02:31.129 16 INFO rally.task.context [-] Task 998c19af-8c23-41b4-a28c-42c2666993cc | Context users@openstack cleanup() started
2019-06-18 23:02:39.910 16 INFO rally.task.context [-] Task 998c19af-8c23-41b4-a28c-42c2666993cc | Context users@openstack cleanup() finished in 8.78 sec
2019-06-18 23:02:41.420 16 INFO rally.task.engine [-] Load duration is: 5.067479
2019-06-18 23:02:41.421 16 INFO rally.task.engine [-] Full runner duration is: 5.109939
2019-06-18 23:02:41.421 16 INFO rally.task.engine [-] Full duration is: 18.589314
2019-06-18 23:02:41.647 16 INFO rally.task.engine [-] Running workload: position = 0 config = { "version": 2, "title": "A cropped version of a bigger task.", "description": "Auto-generated task from a single workload (uuid=f9f118c5-e9ff-4b37-80a4-dfa048335846)", "subtasks": [ { "title": "Authenticate.validate_neutron", "description": "Check Neutron Client to ensure validation of token.", "scenario": { "Authenticate.validate_neutron": { "repetitions": 2 } }, "contexts": { "users": { "tenants": 3, "users_per_tenant": 2 } }, "runner": { "constant": { "concurrency": 4, "times": 10 } }, "hooks": [], "sla": { "failure_rate": { "max": 0 } } } ] }
2019-06-18 23:02:41.669 16 RALLYDEBUG rally_openstack.contexts.keystone.users [-] Creating 3 tenants using 20 threads
2019-06-18 23:02:43.655 16 RALLYDEBUG rally_openstack.contexts.keystone.users [-] Creating 6 users using 20 threads
2019-06-18 23:02:46.398 16 INFO rally.task.context [-] Task 998c19af-8c23-41b4-a28c-42c2666993cc | Context users@openstack setup() finished in 4.73 sec
2019-06-18 23:02:46.406 16 RALLYDEBUG rally.task.runner [-] Starting the constant runner (task UUID: 998c19af-8c23-41b4-a28c-42c2666993cc). timeout: 0 concurrency: 4 concurrency_per_worker: 1 times: 10 concurrency_overhead: 0 processes_to_start: 4 max_cpu_used: 16
2019-06-18 23:02:46.418 556 RALLYDEBUG rally.task.runner [-] Starting a worker. concurrency: 1 args: {"repetitions": 2} times: 10 method_name: run timeout: 0 duration: None cls:
2019-06-18 23:02:46.421 557 RALLYDEBUG rally.task.runner [-] Starting a worker. concurrency: 1 args: {"repetitions": 2} times: 10 method_name: run timeout: 0 duration: None cls:
2019-06-18 23:02:46.424 556 INFO rally.task.runner [-] Task 998c19af-8c23-41b4-a28c-42c2666993cc | ITER: 1 START
2019-06-18 23:02:46.423 558 RALLYDEBUG rally.task.runner [-] Starting a worker. concurrency: 1 args: {"repetitions": 2} times: 10 method_name: run timeout: 0 duration: None cls:
2019-06-18 23:02:46.427 557 INFO rally.task.runner [-] Task 998c19af-8c23-41b4-a28c-42c2666993cc | ITER: 2 START
2019-06-18 23:02:46.427 559 RALLYDEBUG rally.task.runner [-] Starting a worker. concurrency: 1 args: {"repetitions": 2} times: 10 method_name: run timeout: 0 duration: None cls:
2019-06-18 23:02:46.430 558 INFO rally.task.runner [-] Task 998c19af-8c23-41b4-a28c-42c2666993cc | ITER: 3 START
2019-06-18 23:02:46.433 559 INFO rally.task.runner [-] Task 998c19af-8c23-41b4-a28c-42c2666993cc | ITER: 4 START
2019-06-18 23:02:47.597 559 INFO rally.task.runner [-] Task 998c19af-8c23-41b4-a28c-42c2666993cc | ITER: 4 END: OK
2019-06-18 23:02:47.601 559 INFO rally.task.runner [-] Task 998c19af-8c23-41b4-a28c-42c2666993cc | ITER: 5 START
2019-06-18 23:02:47.668 556 INFO rally.task.runner [-] Task 998c19af-8c23-41b4-a28c-42c2666993cc | ITER: 1 END: OK
2019-06-18 23:02:47.672 556 INFO rally.task.runner [-] Task 998c19af-8c23-41b4-a28c-42c2666993cc | ITER: 6 START
2019-06-18 23:02:47.676 558 INFO rally.task.runner [-] Task 998c19af-8c23-41b4-a28c-42c2666993cc | ITER: 3 END: OK
2019-06-18 23:02:47.680 558 INFO rally.task.runner [-] Task 998c19af-8c23-41b4-a28c-42c2666993cc | ITER: 7 START
2019-06-18 23:02:48.054 557 INFO rally.task.runner [-] Task 998c19af-8c23-41b4-a28c-42c2666993cc | ITER: 2 END: OK
2019-06-18 23:02:48.058 557 INFO rally.task.runner [-] Task 998c19af-8c23-41b4-a28c-42c2666993cc | ITER: 8 START
2019-06-18 23:02:48.818 559 INFO rally.task.runner [-] Task 998c19af-8c23-41b4-a28c-42c2666993cc | ITER: 5 END: OK
2019-06-18 23:02:48.822 559 INFO rally.task.runner [-] Task 998c19af-8c23-41b4-a28c-42c2666993cc | ITER: 9 START
2019-06-18 23:02:48.982 558 INFO rally.task.runner [-] Task 998c19af-8c23-41b4-a28c-42c2666993cc | ITER: 7 END: OK
2019-06-18 23:02:48.986 558 INFO rally.task.runner [-] Task 998c19af-8c23-41b4-a28c-42c2666993cc | ITER: 10 START
2019-06-18 23:02:49.051 556 INFO rally.task.runner [-] Task 998c19af-8c23-41b4-a28c-42c2666993cc | ITER: 6 END: OK
2019-06-18 23:02:49.669 557 INFO rally.task.runner [-] Task 998c19af-8c23-41b4-a28c-42c2666993cc | ITER: 8 END: OK
2019-06-18 23:02:50.114 558 INFO rally.task.runner [-] Task 998c19af-8c23-41b4-a28c-42c2666993cc | ITER: 10 END: OK
2019-06-18 23:02:50.368 559 INFO rally.task.runner [-] Task 998c19af-8c23-41b4-a28c-42c2666993cc | ITER: 9 END: OK
2019-06-18 23:02:50.396 16 INFO rally.task.context [-] Task 998c19af-8c23-41b4-a28c-42c2666993cc | Context users@openstack cleanup() started
2019-06-18 23:02:58.288 16 INFO rally.task.context [-] Task 998c19af-8c23-41b4-a28c-42c2666993cc | Context users@openstack cleanup() finished in 7.89 sec
2019-06-18 23:02:59.775 16 INFO rally.task.engine [-] Load duration is: 3.942768
2019-06-18 23:02:59.776 16 INFO rally.task.engine [-] Full runner duration is: 3.990898
2019-06-18 23:02:59.776 16 INFO rally.task.engine [-] Full duration is: 16.621244
2019-06-18 23:02:59.983 16 INFO rally.task.engine [-] Running workload: position = 0 config = { "version": 2, "title": "A cropped version of a bigger task.", "description": "Auto-generated task from a single workload (uuid=e4e03cb4-5592-4838-98a3-7793225e2a25)", "subtasks": [ { "title": "Authenticate.validate_nova", "description": "Check Nova Client to ensure validation of token.", "scenario": { "Authenticate.validate_nova": { "repetitions": 2 } }, "contexts": { "users": { "tenants": 3, "users_per_tenant": 2 } }, "runner": { "constant": { "concurrency": 4, "times": 10 } }, "hooks": [], "sla": { "failure_rate": { "max": 0 } } } ] }
2019-06-18 23:03:00.006 16 RALLYDEBUG rally_openstack.contexts.keystone.users [-] Creating 3 tenants using 20 threads
2019-06-18 23:03:01.942 16 RALLYDEBUG rally_openstack.contexts.keystone.users [-] Creating 6 users using 20 threads
2019-06-18 23:03:04.782 16 INFO rally.task.context [-] Task 998c19af-8c23-41b4-a28c-42c2666993cc | Context users@openstack setup() finished in 4.78 sec
2019-06-18 23:03:04.790 16 RALLYDEBUG rally.task.runner [-] Starting the constant runner (task UUID: 998c19af-8c23-41b4-a28c-42c2666993cc). timeout: 0 concurrency: 4 concurrency_per_worker: 1 times: 10 concurrency_overhead: 0 processes_to_start: 4 max_cpu_used: 16
2019-06-18 23:03:04.803 660 RALLYDEBUG rally.task.runner [-] Starting a worker. concurrency: 1 args: {"repetitions": 2} times: 10 method_name: run timeout: 0 duration: None cls:
2019-06-18 23:03:04.805 661 RALLYDEBUG rally.task.runner [-] Starting a worker. concurrency: 1 args: {"repetitions": 2} times: 10 method_name: run timeout: 0 duration: None cls:
2019-06-18 23:03:04.807 662 RALLYDEBUG rally.task.runner [-] Starting a worker. concurrency: 1 args: {"repetitions": 2} times: 10 method_name: run timeout: 0 duration: None cls:
2019-06-18 23:03:04.808 660 INFO rally.task.runner [-] Task 998c19af-8c23-41b4-a28c-42c2666993cc | ITER: 1 START
2019-06-18 23:03:04.809 663 RALLYDEBUG rally.task.runner [-] Starting a worker. concurrency: 1 args: {"repetitions": 2} times: 10 method_name: run timeout: 0 duration: None cls:
2019-06-18 23:03:04.811 661 INFO rally.task.runner [-] Task 998c19af-8c23-41b4-a28c-42c2666993cc | ITER: 2 START
2019-06-18 23:03:04.813 662 INFO rally.task.runner [-] Task 998c19af-8c23-41b4-a28c-42c2666993cc | ITER: 3 START
2019-06-18 23:03:04.814 663 INFO rally.task.runner [-] Task 998c19af-8c23-41b4-a28c-42c2666993cc | ITER: 4 START
2019-06-18 23:03:05.297 662 DEBUG novaclient.v2.client [-] REQ: curl -g -i -X GET http://172.30.9.26:8774/v2.1/flavors/detail -H "Accept: application/json" -H "User-Agent: python-novaclient" -H "X-Auth-Token: {SHA1}cddad96854cde2203ba55612b465bda7da9bbc20" _http_log_request /usr/lib/python2.7/site-packages/keystoneauth1/session.py:448
2019-06-18 23:03:05.299 660 DEBUG novaclient.v2.client [-] REQ: curl -g -i -X GET http://172.30.9.26:8774/v2.1/flavors/detail -H "Accept: application/json" -H "User-Agent: python-novaclient" -H "X-Auth-Token: {SHA1}553e6da1c3853a47bf3e8333f395985afaeebc1b" _http_log_request /usr/lib/python2.7/site-packages/keystoneauth1/session.py:448
2019-06-18 23:03:05.303 663 DEBUG novaclient.v2.client [-] REQ: curl -g -i -X GET http://172.30.9.26:8774/v2.1/flavors/detail -H "Accept: application/json" -H "User-Agent: python-novaclient" -H "X-Auth-Token: {SHA1}cc392031f54bc383109017dbc7dec0563ef10eb0" _http_log_request /usr/lib/python2.7/site-packages/keystoneauth1/session.py:448
2019-06-18 23:03:05.397 661 DEBUG novaclient.v2.client [-] REQ: curl -g -i -X GET http://172.30.9.26:8774/v2.1/flavors/detail -H "Accept: application/json" -H "User-Agent: python-novaclient" -H "X-Auth-Token: {SHA1}7d0401e9a29a3484cfc3a25647739a3e35a215fd" _http_log_request /usr/lib/python2.7/site-packages/keystoneauth1/session.py:448
2019-06-18 23:03:05.601 660 DEBUG novaclient.v2.client [-] RESP: [200] Content-Encoding: gzip Content-Length: 364 Content-Type: application/json Date: Tue, 18 Jun 2019 23:03:05 GMT OpenStack-API-Version: compute 2.1 Server: Apache Vary: OpenStack-API-Version,X-OpenStack-Nova-API-Version,Accept-Encoding X-OpenStack-Nova-API-Version: 2.1 x-compute-request-id: req-16d63005-392e-4ebb-b6dd-bbdef70fa970 x-openstack-request-id: req-16d63005-392e-4ebb-b6dd-bbdef70fa970 _http_log_response /usr/lib/python2.7/site-packages/keystoneauth1/session.py:479
2019-06-18 23:03:05.602 660 DEBUG novaclient.v2.client [-] RESP BODY: {"flavors": [{"name": "rally_full-flavor_alt_b4ecc532-b35b-4222-b251-e18a3b09b7d1", "links": [{"href": "http://172.30.9.26:8774/v2.1/flavors/74265ae7-ad85-479e-969f-db5a0ceb5173", "rel": "self"}, {"href": "http://172.30.9.26:8774/flavors/74265ae7-ad85-479e-969f-db5a0ceb5173", "rel": "bookmark"}], "ram": 1024, "OS-FLV-DISABLED:disabled": false, "vcpus": 1, "swap": "", "os-flavor-access:is_public": true, "rxtx_factor": 1.0, "OS-FLV-EXT-DATA:ephemeral": 0, "disk": 1, "id": "74265ae7-ad85-479e-969f-db5a0ceb5173"}, {"name": "rally_full-flavor_b4ecc532-b35b-4222-b251-e18a3b09b7d1", "links": [{"href": "http://172.30.9.26:8774/v2.1/flavors/78090f29-9c04-4b30-982e-7ac27066d305", "rel": "self"}, {"href": "http://172.30.9.26:8774/flavors/78090f29-9c04-4b30-982e-7ac27066d305", "rel": "bookmark"}], "ram": 512, "OS-FLV-DISABLED:disabled": false, "vcpus": 1, "swap": "", "os-flavor-access:is_public": true, "rxtx_factor": 1.0, "OS-FLV-EXT-DATA:ephemeral": 0, "disk": 1, "id": "78090f29-9c04-4b30-982e-7ac27066d305"}]} _http_log_response /usr/lib/python2.7/site-packages/keystoneauth1/session.py:511
2019-06-18 23:03:05.602 660 DEBUG novaclient.v2.client [-] GET call to compute for http://172.30.9.26:8774/v2.1/flavors/detail used request id req-16d63005-392e-4ebb-b6dd-bbdef70fa970 request /usr/lib/python2.7/site-packages/keystoneauth1/session.py:844
2019-06-18 23:03:05.604 660 DEBUG novaclient.v2.client [-] REQ: curl -g -i -X GET http://172.30.9.26:8774/v2.1/flavors/detail -H "Accept: application/json" -H "User-Agent: python-novaclient" -H "X-Auth-Token: {SHA1}553e6da1c3853a47bf3e8333f395985afaeebc1b" _http_log_request /usr/lib/python2.7/site-packages/keystoneauth1/session.py:448
2019-06-18 23:03:05.606 662 DEBUG novaclient.v2.client [-] RESP: [200] Content-Encoding: gzip Content-Length: 364 Content-Type: application/json Date: Tue, 18 Jun 2019 23:03:05 GMT OpenStack-API-Version: compute 2.1 Server: Apache Vary: OpenStack-API-Version,X-OpenStack-Nova-API-Version,Accept-Encoding X-OpenStack-Nova-API-Version: 2.1 x-compute-request-id: req-7ce8951a-b501-42f8-a007-893e00a0696c x-openstack-request-id: req-7ce8951a-b501-42f8-a007-893e00a0696c _http_log_response /usr/lib/python2.7/site-packages/keystoneauth1/session.py:479
2019-06-18 23:03:05.606 662 DEBUG novaclient.v2.client [-] RESP BODY: {"flavors": [{"name": "rally_full-flavor_alt_b4ecc532-b35b-4222-b251-e18a3b09b7d1", "links": [{"href": "http://172.30.9.26:8774/v2.1/flavors/74265ae7-ad85-479e-969f-db5a0ceb5173", "rel": "self"}, {"href": "http://172.30.9.26:8774/flavors/74265ae7-ad85-479e-969f-db5a0ceb5173", "rel": "bookmark"}], "ram": 1024, "OS-FLV-DISABLED:disabled": false, "vcpus": 1, "swap": "", "os-flavor-access:is_public": true, "rxtx_factor": 1.0, "OS-FLV-EXT-DATA:ephemeral": 0, "disk": 1, "id": "74265ae7-ad85-479e-969f-db5a0ceb5173"}, {"name": "rally_full-flavor_b4ecc532-b35b-4222-b251-e18a3b09b7d1", "links": [{"href": "http://172.30.9.26:8774/v2.1/flavors/78090f29-9c04-4b30-982e-7ac27066d305", "rel": "self"}, {"href": "http://172.30.9.26:8774/flavors/78090f29-9c04-4b30-982e-7ac27066d305", "rel": "bookmark"}], "ram": 512, "OS-FLV-DISABLED:disabled": false, "vcpus": 1, "swap": "", "os-flavor-access:is_public": true, "rxtx_factor": 1.0, "OS-FLV-EXT-DATA:ephemeral": 0, "disk": 1, "id": "78090f29-9c04-4b30-982e-7ac27066d305"}]} _http_log_response /usr/lib/python2.7/site-packages/keystoneauth1/session.py:511
2019-06-18 23:03:05.607 662 DEBUG novaclient.v2.client [-] GET call to compute for http://172.30.9.26:8774/v2.1/flavors/detail used request id req-7ce8951a-b501-42f8-a007-893e00a0696c request /usr/lib/python2.7/site-packages/keystoneauth1/session.py:844
2019-06-18 23:03:05.608 662 DEBUG novaclient.v2.client [-] REQ: curl -g -i -X GET http://172.30.9.26:8774/v2.1/flavors/detail -H "Accept: application/json" -H "User-Agent: python-novaclient" -H "X-Auth-Token: {SHA1}cddad96854cde2203ba55612b465bda7da9bbc20" _http_log_request /usr/lib/python2.7/site-packages/keystoneauth1/session.py:448
2019-06-18 23:03:05.625 660 DEBUG novaclient.v2.client [-] RESP: [200] Content-Encoding: gzip Content-Length: 364 Content-Type: application/json Date: Tue, 18 Jun 2019 23:03:05 GMT OpenStack-API-Version: compute 2.1 Server: Apache Vary: OpenStack-API-Version,X-OpenStack-Nova-API-Version,Accept-Encoding X-OpenStack-Nova-API-Version: 2.1 x-compute-request-id: req-d39b9deb-97b4-4089-9aa4-9c6abd054e67 x-openstack-request-id: req-d39b9deb-97b4-4089-9aa4-9c6abd054e67 _http_log_response /usr/lib/python2.7/site-packages/keystoneauth1/session.py:479
2019-06-18 23:03:05.626 660 DEBUG novaclient.v2.client [-] RESP BODY: {"flavors": [{"name": "rally_full-flavor_alt_b4ecc532-b35b-4222-b251-e18a3b09b7d1", "links": [{"href": "http://172.30.9.26:8774/v2.1/flavors/74265ae7-ad85-479e-969f-db5a0ceb5173", "rel": "self"}, {"href": "http://172.30.9.26:8774/flavors/74265ae7-ad85-479e-969f-db5a0ceb5173", "rel": "bookmark"}], "ram": 1024, "OS-FLV-DISABLED:disabled": false, "vcpus": 1, "swap": "", "os-flavor-access:is_public": true, "rxtx_factor": 1.0, "OS-FLV-EXT-DATA:ephemeral": 0, "disk": 1, "id": "74265ae7-ad85-479e-969f-db5a0ceb5173"}, {"name": "rally_full-flavor_b4ecc532-b35b-4222-b251-e18a3b09b7d1", "links": [{"href": "http://172.30.9.26:8774/v2.1/flavors/78090f29-9c04-4b30-982e-7ac27066d305", "rel": "self"}, {"href": "http://172.30.9.26:8774/flavors/78090f29-9c04-4b30-982e-7ac27066d305", "rel": "bookmark"}], "ram": 512, "OS-FLV-DISABLED:disabled": false, "vcpus": 1, "swap": "", "os-flavor-access:is_public": true, "rxtx_factor": 1.0, "OS-FLV-EXT-DATA:ephemeral": 0, "disk": 1, "id": "78090f29-9c04-4b30-982e-7ac27066d305"}]} _http_log_response /usr/lib/python2.7/site-packages/keystoneauth1/session.py:511
2019-06-18 23:03:05.626 660 DEBUG novaclient.v2.client [-] GET call to compute for http://172.30.9.26:8774/v2.1/flavors/detail used request id req-d39b9deb-97b4-4089-9aa4-9c6abd054e67 request /usr/lib/python2.7/site-packages/keystoneauth1/session.py:844
2019-06-18 23:03:05.627 660 INFO rally.task.runner [-] Task 998c19af-8c23-41b4-a28c-42c2666993cc | ITER: 1 END: OK
2019-06-18 23:03:05.630 660 INFO rally.task.runner [-] Task 998c19af-8c23-41b4-a28c-42c2666993cc | ITER: 5 START
2019-06-18 23:03:05.632 662 DEBUG novaclient.v2.client [-] RESP: [200] Content-Encoding: gzip Content-Length: 364 Content-Type: application/json Date: Tue, 18 Jun 2019 23:03:05 GMT OpenStack-API-Version: compute 2.1 Server: Apache Vary: OpenStack-API-Version,X-OpenStack-Nova-API-Version,Accept-Encoding X-OpenStack-Nova-API-Version: 2.1 x-compute-request-id: req-41fd10ac-621f-4cb3-a4c8-baedfe02a5ed x-openstack-request-id: req-41fd10ac-621f-4cb3-a4c8-baedfe02a5ed _http_log_response /usr/lib/python2.7/site-packages/keystoneauth1/session.py:479
2019-06-18 23:03:05.633 662 DEBUG novaclient.v2.client [-] RESP BODY: {"flavors": [{"name": "rally_full-flavor_alt_b4ecc532-b35b-4222-b251-e18a3b09b7d1", "links": [{"href": "http://172.30.9.26:8774/v2.1/flavors/74265ae7-ad85-479e-969f-db5a0ceb5173", "rel": "self"}, {"href": "http://172.30.9.26:8774/flavors/74265ae7-ad85-479e-969f-db5a0ceb5173", "rel": "bookmark"}], "ram": 1024, "OS-FLV-DISABLED:disabled": false, "vcpus": 1, "swap": "", "os-flavor-access:is_public": true, "rxtx_factor": 1.0, "OS-FLV-EXT-DATA:ephemeral": 0, "disk": 1, "id": "74265ae7-ad85-479e-969f-db5a0ceb5173"}, {"name": "rally_full-flavor_b4ecc532-b35b-4222-b251-e18a3b09b7d1", "links": [{"href": "http://172.30.9.26:8774/v2.1/flavors/78090f29-9c04-4b30-982e-7ac27066d305", "rel": "self"}, {"href": "http://172.30.9.26:8774/flavors/78090f29-9c04-4b30-982e-7ac27066d305", "rel": "bookmark"}], "ram": 512, "OS-FLV-DISABLED:disabled": false, "vcpus": 1, "swap": "", "os-flavor-access:is_public": true, "rxtx_factor": 1.0, "OS-FLV-EXT-DATA:ephemeral": 0, "disk": 1, "id": "78090f29-9c04-4b30-982e-7ac27066d305"}]} _http_log_response /usr/lib/python2.7/site-packages/keystoneauth1/session.py:511
2019-06-18 23:03:05.633 662 DEBUG novaclient.v2.client [-] GET call to compute for http://172.30.9.26:8774/v2.1/flavors/detail used request id req-41fd10ac-621f-4cb3-a4c8-baedfe02a5ed request /usr/lib/python2.7/site-packages/keystoneauth1/session.py:844
2019-06-18 23:03:05.634 662 INFO rally.task.runner [-] Task 998c19af-8c23-41b4-a28c-42c2666993cc | ITER: 3 END: OK
2019-06-18 23:03:05.638 662 INFO rally.task.runner [-] Task 998c19af-8c23-41b4-a28c-42c2666993cc | ITER: 6 START
2019-06-18 23:03:06.058 660 DEBUG novaclient.v2.client [-] REQ: curl -g -i -X GET http://172.30.9.26:8774/v2.1/flavors/detail -H "Accept: application/json" -H "User-Agent: python-novaclient" -H "X-Auth-Token: {SHA1}7740758c9bf36a6772b4fa9f0eeaffef23fd6986" _http_log_request /usr/lib/python2.7/site-packages/keystoneauth1/session.py:448
2019-06-18 23:03:06.091 663 DEBUG novaclient.v2.client [-] RESP: [200] Content-Encoding: gzip Content-Length: 364 Content-Type: application/json Date: Tue, 18 Jun 2019 23:03:05 GMT OpenStack-API-Version: compute 2.1 Server: Apache Vary: OpenStack-API-Version,X-OpenStack-Nova-API-Version,Accept-Encoding X-OpenStack-Nova-API-Version: 2.1 x-compute-request-id: req-ddb25499-18bb-452d-9778-1931cdb00048 x-openstack-request-id: req-ddb25499-18bb-452d-9778-1931cdb00048 _http_log_response /usr/lib/python2.7/site-packages/keystoneauth1/session.py:479
2019-06-18 23:03:06.091 663 DEBUG novaclient.v2.client [-] RESP BODY: {"flavors": [{"name": "rally_full-flavor_alt_b4ecc532-b35b-4222-b251-e18a3b09b7d1", "links": [{"href": "http://172.30.9.26:8774/v2.1/flavors/74265ae7-ad85-479e-969f-db5a0ceb5173", "rel": "self"}, {"href": "http://172.30.9.26:8774/flavors/74265ae7-ad85-479e-969f-db5a0ceb5173", "rel": "bookmark"}], "ram": 1024, "OS-FLV-DISABLED:disabled": false, "vcpus": 1, "swap": "", "os-flavor-access:is_public": true, "rxtx_factor": 1.0, "OS-FLV-EXT-DATA:ephemeral": 0, "disk": 1, "id": "74265ae7-ad85-479e-969f-db5a0ceb5173"}, {"name": "rally_full-flavor_b4ecc532-b35b-4222-b251-e18a3b09b7d1", "links": [{"href": "http://172.30.9.26:8774/v2.1/flavors/78090f29-9c04-4b30-982e-7ac27066d305", "rel": "self"}, {"href": "http://172.30.9.26:8774/flavors/78090f29-9c04-4b30-982e-7ac27066d305", "rel": "bookmark"}], "ram": 512, "OS-FLV-DISABLED:disabled": false, "vcpus": 1, "swap": "", "os-flavor-access:is_public": true, "rxtx_factor": 1.0, "OS-FLV-EXT-DATA:ephemeral": 0, "disk": 1, "id": "78090f29-9c04-4b30-982e-7ac27066d305"}]} _http_log_response /usr/lib/python2.7/site-packages/keystoneauth1/session.py:511
2019-06-18 23:03:06.092 663 DEBUG novaclient.v2.client [-] GET call to compute for http://172.30.9.26:8774/v2.1/flavors/detail used request id req-ddb25499-18bb-452d-9778-1931cdb00048 request /usr/lib/python2.7/site-packages/keystoneauth1/session.py:844
2019-06-18 23:03:06.093 663 DEBUG novaclient.v2.client [-] REQ: curl -g -i -X GET http://172.30.9.26:8774/v2.1/flavors/detail -H "Accept: application/json" -H "User-Agent: python-novaclient" -H "X-Auth-Token: {SHA1}cc392031f54bc383109017dbc7dec0563ef10eb0" _http_log_request /usr/lib/python2.7/site-packages/keystoneauth1/session.py:448
2019-06-18 23:03:06.104 661 DEBUG novaclient.v2.client [-] RESP: [200] Content-Encoding: gzip Content-Length: 364 Content-Type: application/json Date: Tue, 18 Jun 2019 23:03:05 GMT OpenStack-API-Version: compute 2.1 Server: Apache Vary: OpenStack-API-Version,X-OpenStack-Nova-API-Version,Accept-Encoding X-OpenStack-Nova-API-Version: 2.1 x-compute-request-id: req-410b3326-df7b-4189-9b87-f45dba95c3ad x-openstack-request-id: req-410b3326-df7b-4189-9b87-f45dba95c3ad _http_log_response /usr/lib/python2.7/site-packages/keystoneauth1/session.py:479
2019-06-18 23:03:06.105 661 DEBUG novaclient.v2.client [-] RESP BODY: {"flavors": [{"name": "rally_full-flavor_alt_b4ecc532-b35b-4222-b251-e18a3b09b7d1", "links": [{"href": "http://172.30.9.26:8774/v2.1/flavors/74265ae7-ad85-479e-969f-db5a0ceb5173", "rel": "self"}, {"href": "http://172.30.9.26:8774/flavors/74265ae7-ad85-479e-969f-db5a0ceb5173", "rel": "bookmark"}], "ram": 1024, "OS-FLV-DISABLED:disabled": false, "vcpus": 1, "swap": "", "os-flavor-access:is_public": true, "rxtx_factor": 1.0, "OS-FLV-EXT-DATA:ephemeral": 0, "disk": 1, "id": "74265ae7-ad85-479e-969f-db5a0ceb5173"}, {"name": "rally_full-flavor_b4ecc532-b35b-4222-b251-e18a3b09b7d1", "links": [{"href": "http://172.30.9.26:8774/v2.1/flavors/78090f29-9c04-4b30-982e-7ac27066d305", "rel": "self"}, {"href": "http://172.30.9.26:8774/flavors/78090f29-9c04-4b30-982e-7ac27066d305", "rel": "bookmark"}], "ram": 512, "OS-FLV-DISABLED:disabled": false, "vcpus": 1, "swap": "", "os-flavor-access:is_public": true, "rxtx_factor": 1.0, "OS-FLV-EXT-DATA:ephemeral": 0, "disk": 1, "id": "78090f29-9c04-4b30-982e-7ac27066d305"}]} _http_log_response /usr/lib/python2.7/site-packages/keystoneauth1/session.py:511
2019-06-18 23:03:06.106 661 DEBUG novaclient.v2.client [-] GET call to compute for http://172.30.9.26:8774/v2.1/flavors/detail used request id req-410b3326-df7b-4189-9b87-f45dba95c3ad request /usr/lib/python2.7/site-packages/keystoneauth1/session.py:844
2019-06-18 23:03:06.107 661 DEBUG novaclient.v2.client [-] REQ: curl -g -i -X GET http://172.30.9.26:8774/v2.1/flavors/detail -H "Accept: application/json" -H "User-Agent: python-novaclient" -H "X-Auth-Token: {SHA1}7d0401e9a29a3484cfc3a25647739a3e35a215fd" _http_log_request /usr/lib/python2.7/site-packages/keystoneauth1/session.py:448
2019-06-18 23:03:06.115 663 DEBUG novaclient.v2.client [-] RESP: [200] Content-Encoding: gzip Content-Length: 364 Content-Type: application/json Date: Tue, 18 Jun 2019 23:03:06 GMT OpenStack-API-Version: compute 2.1 Server: Apache Vary: OpenStack-API-Version,X-OpenStack-Nova-API-Version,Accept-Encoding X-OpenStack-Nova-API-Version: 2.1 x-compute-request-id: req-ca7e257a-69ad-4dc8-9ee5-5b591a71b2f8 x-openstack-request-id: req-ca7e257a-69ad-4dc8-9ee5-5b591a71b2f8 _http_log_response /usr/lib/python2.7/site-packages/keystoneauth1/session.py:479
