2019-06-18 09:43:30.514 26992 WARNING rally_openstack.scenarios.neutron.utils [-] Running this scenario without either the 'network' or 'existing_network' context is deprecated
2019-06-18 09:43:30.597 26950 INFO rally.task.runner [-] Task 5df77ffe-fa02-4f78-b965-d948aa92c4ef | ITER: 8 END: OK
2019-06-18 09:43:30.602 26950 INFO rally.task.runner [-] Task 5df77ffe-fa02-4f78-b965-d948aa92c4ef | ITER: 40 START
2019-06-18 09:43:30.602 26950 WARNING rally_openstack.scenarios.neutron.utils [-] Running this scenario without either the 'network' or 'existing_network' context is deprecated
2019-06-18 09:43:30.610 26947 INFO rally.task.runner [-] Task 5df77ffe-fa02-4f78-b965-d948aa92c4ef | ITER: 4 END: OK
2019-06-18 09:43:30.736 26985 INFO rally.task.runner [-] Task 5df77ffe-fa02-4f78-b965-d948aa92c4ef | ITER: 17 END: OK
2019-06-18 09:43:30.775 26991 INFO rally.task.runner [-] Task 5df77ffe-fa02-4f78-b965-d948aa92c4ef | ITER: 18 END: OK
2019-06-18 09:43:30.938 26981 INFO rally.task.runner [-] Task 5df77ffe-fa02-4f78-b965-d948aa92c4ef | ITER: 16 END: OK
2019-06-18 09:43:30.978 26969 INFO rally.task.runner [-] Task 5df77ffe-fa02-4f78-b965-d948aa92c4ef | ITER: 13 END: OK
2019-06-18 09:43:32.508 26965 INFO rally.task.runner [-] Task 5df77ffe-fa02-4f78-b965-d948aa92c4ef | ITER: 24 END: OK
2019-06-18 09:43:32.830 26948 INFO rally.task.runner [-] Task 5df77ffe-fa02-4f78-b965-d948aa92c4ef | ITER: 29 END: OK
2019-06-18 09:43:35.348 26948 INFO rally.task.runner [-] Task 5df77ffe-fa02-4f78-b965-d948aa92c4ef | ITER: 26 END: OK
2019-06-18 09:43:35.492 26947 INFO rally.task.runner [-] Task 5df77ffe-fa02-4f78-b965-d948aa92c4ef | ITER: 25 END: OK
2019-06-18 09:43:35.524 26957 INFO rally.task.runner [-] Task 5df77ffe-fa02-4f78-b965-d948aa92c4ef | ITER: 32 END: OK
2019-06-18 09:43:37.310 26949 INFO rally.task.runner [-] Task 5df77ffe-fa02-4f78-b965-d948aa92c4ef | ITER: 33 END: OK
2019-06-18 09:43:38.804 26987 INFO rally.task.runner [-] Task 5df77ffe-fa02-4f78-b965-d948aa92c4ef | ITER: 30 END: OK
2019-06-18 09:43:38.985 26954 INFO rally.task.runner [-] Task 5df77ffe-fa02-4f78-b965-d948aa92c4ef | ITER: 35 END: OK
2019-06-18 09:43:39.188 26973 INFO rally.task.runner [-] Task 5df77ffe-fa02-4f78-b965-d948aa92c4ef | ITER: 31 END: OK
2019-06-18 09:43:39.804 26949 INFO rally.task.runner [-] Task 5df77ffe-fa02-4f78-b965-d948aa92c4ef | ITER: 36 END: OK
2019-06-18 09:43:39.939 26963 INFO rally.task.runner [-] Task 5df77ffe-fa02-4f78-b965-d948aa92c4ef | ITER: 37 END: OK
2019-06-18 09:43:40.057 26992 INFO rally.task.runner [-] Task 5df77ffe-fa02-4f78-b965-d948aa92c4ef | ITER: 39 END: OK
2019-06-18 09:43:40.195 26950 INFO rally.task.runner [-] Task 5df77ffe-fa02-4f78-b965-d948aa92c4ef | ITER: 40 END: OK
2019-06-18 09:43:42.584 26950 INFO rally.task.runner [-] Task 5df77ffe-fa02-4f78-b965-d948aa92c4ef | ITER: 34 END: OK
2019-06-18 09:43:43.923 26972 INFO rally.task.runner [-] Task 5df77ffe-fa02-4f78-b965-d948aa92c4ef | ITER: 38 END: OK
2019-06-18 09:43:43.947 22701 INFO rally.task.context [-] Task 5df77ffe-fa02-4f78-b965-d948aa92c4ef | Context cleanup@openstack cleanup() started
2019-06-18 09:43:43.949 22701 RALLYDEBUG rally_openstack.cleanup.manager [-] Cleaning up neutron vip objects
2019-06-18 09:43:44.704 22701 RALLYDEBUG rally_openstack.cleanup.manager [-] Cleaning up neutron health_monitor objects
2019-06-18 09:43:45.327 22701 RALLYDEBUG rally_openstack.cleanup.manager [-] Cleaning up neutron pool objects
2019-06-18 09:43:45.942 22701 RALLYDEBUG rally_openstack.cleanup.manager [-] Cleaning up neutron loadbalancer objects
2019-06-18 09:43:46.637 22701 RALLYDEBUG rally_openstack.cleanup.manager [-] Cleaning up neutron floatingip objects
2019-06-18 09:43:47.393 22701 RALLYDEBUG rally_openstack.cleanup.manager [-] Cleaning up neutron port objects
2019-06-18 09:43:48.148 22701 RALLYDEBUG rally_openstack.cleanup.manager [-] Cleaning up neutron subnet objects
2019-06-18 09:43:48.791 22701 RALLYDEBUG rally_openstack.cleanup.manager [-] Cleaning up neutron network objects
2019-06-18 09:43:49.622 22701 RALLYDEBUG rally_openstack.cleanup.manager [-] Deleting neutron.network object s_rally_9c06c0f4_gAIG39dM (011b42ae-19d9-49b2-af9f-093bdc3ae779)
2019-06-18 09:43:49.627 22701 RALLYDEBUG rally_openstack.cleanup.manager [-] Deleting neutron.network object s_rally_9c06c0f4_rD0TLiyT (062fb40f-3226-4aef-96b5-d370ba6c5caa)
2019-06-18 09:43:49.628 22701 RALLYDEBUG rally_openstack.cleanup.manager [-] Deleting neutron.network object s_rally_9c06c0f4_q7WigNPB (14a673ba-670c-418c-8e98-09a5ef3f8ddb)
2019-06-18 09:43:49.638 22701 RALLYDEBUG rally_openstack.cleanup.manager [-] Deleting neutron.network object s_rally_9c06c0f4_02w3HyR6 (1b64981d-c3e2-4fdb-8028-cf4e9fff2fb8)
2019-06-18 09:43:49.650 22701 RALLYDEBUG rally_openstack.cleanup.manager [-] Deleting neutron.network object s_rally_9c06c0f4_uJKpkZYT (2bc6e8d2-98b5-4ce3-84d7-317952a1c8f0)
2019-06-18 09:43:49.650 22701 RALLYDEBUG rally_openstack.cleanup.manager [-] Deleting neutron.network object s_rally_9c06c0f4_bwbOtAlc (1ffaa74d-0b83-4def-8712-d0f82aa66282)
2019-06-18 09:43:49.666 22701 RALLYDEBUG rally_openstack.cleanup.manager [-] Deleting neutron.network object s_rally_9c06c0f4_2Qwj1cmt (19f6e722-ef5b-4983-9712-fba740480d6e)
2019-06-18 09:43:49.667 22701 RALLYDEBUG rally_openstack.cleanup.manager [-] Deleting neutron.network object s_rally_9c06c0f4_5ZD9xOD0 (2ec99736-e9d0-4c3e-9b17-8d2e65e7f95c)
2019-06-18 09:43:49.668 22701 RALLYDEBUG rally_openstack.cleanup.manager [-] Deleting neutron.network object s_rally_9c06c0f4_hEvIODNQ (018d8bcf-c640-4876-9da5-fe030ffed4fb)
2019-06-18 09:43:49.682 22701 RALLYDEBUG rally_openstack.cleanup.manager [-] Deleting neutron.network object s_rally_9c06c0f4_seKFgknt (2f682d61-1c6e-473b-8f5c-7f2625d09aeb)
2019-06-18 09:43:49.682 22701 RALLYDEBUG rally_openstack.cleanup.manager [-] Deleting neutron.network object s_rally_9c06c0f4_2PZufgn2 (2e4f3ea1-aa91-4865-b68c-a1695e710168)
2019-06-18 09:43:49.697 22701 RALLYDEBUG rally_openstack.cleanup.manager [-] Deleting neutron.network object s_rally_9c06c0f4_0c2Ckldi (2f75391f-6c66-40ee-a7d5-a78333c5a98a)
2019-06-18 09:43:49.729 22701 RALLYDEBUG rally_openstack.cleanup.manager [-] Deleting neutron.network object s_rally_9c06c0f4_HsJJReDv (4042097b-acb0-4c7f-9fac-a7260f206320)
2019-06-18 09:43:49.743 22701 RALLYDEBUG rally_openstack.cleanup.manager [-] Deleting neutron.network object s_rally_9c06c0f4_1KVWa4bH (3b01bacc-aaa2-4dea-9a43-60c87b2c9ac9)
2019-06-18 09:43:49.757 22701 RALLYDEBUG rally_openstack.cleanup.manager [-] Deleting neutron.network object s_rally_9c06c0f4_WCukNTqq (51a8ec43-d393-4cca-84d9-db8593a2ebbe)
2019-06-18 09:43:49.780 22701 RALLYDEBUG rally_openstack.cleanup.manager [-] Deleting neutron.network object s_rally_9c06c0f4_ce62BVXx (53292eac-c6a8-4faa-bc3e-0260651a5c8c)
2019-06-18 09:43:49.781 22701 RALLYDEBUG rally_openstack.cleanup.manager [-] Deleting neutron.network object s_rally_9c06c0f4_dmWdiu3y (434dc9cd-2bb7-46ea-a5c5-556ba9c0b2dd)
2019-06-18 09:43:49.781 22701 RALLYDEBUG rally_openstack.cleanup.manager [-] Deleting neutron.network object s_rally_9c06c0f4_MW6u88NS (43a9a389-aec7-437b-8f7a-008a419ed920)
2019-06-18 09:43:49.783 22701 RALLYDEBUG rally_openstack.cleanup.manager [-] Deleting neutron.network object s_rally_9c06c0f4_vL21efc3 (58302cd3-1386-4a32-9537-9b525d6ba7ea)
2019-06-18 09:43:49.791 22701 RALLYDEBUG rally_openstack.cleanup.manager [-] Deleting neutron.network object s_rally_9c06c0f4_zsIkdjJ9 (5444a020-3b71-40e3-a6cd-5eaefd7f2675)
2019-06-18 09:43:52.338 22701 RALLYDEBUG rally_openstack.cleanup.manager [-] Deleting neutron.network object s_rally_9c06c0f4_T8u9WN5b (59a510a4-95ce-4e91-b791-7f03feed7395)
2019-06-18 09:43:52.480 22701 RALLYDEBUG rally_openstack.cleanup.manager [-] Deleting neutron.network object s_rally_9c06c0f4_eTumfYAI (66b42e61-5d20-4fea-94f3-30f309b79b31)
2019-06-18 09:43:52.609 22701 RALLYDEBUG rally_openstack.cleanup.manager [-] Deleting neutron.network object s_rally_9c06c0f4_OzoJQkeF (6ca3e041-f634-4449-b233-e2aaa09003b8)
2019-06-18 09:43:52.755 22701 RALLYDEBUG rally_openstack.cleanup.manager [-] Deleting neutron.network object s_rally_9c06c0f4_8PMpkItw (6f22d0b3-fe64-4c55-8200-73d911ea6147)
2019-06-18 09:43:53.377 22701 RALLYDEBUG rally_openstack.cleanup.manager [-] Deleting neutron.network object s_rally_9c06c0f4_hxkFCkiK (7f3f42b9-77d4-410f-8164-99da7e5be57a)
2019-06-18 09:43:53.767 22701 RALLYDEBUG rally_openstack.cleanup.manager [-] Deleting neutron.network object s_rally_9c06c0f4_2o39gIly (814950a7-45cf-4aa8-bc67-f43eff197996)
2019-06-18 09:43:54.511 22701 RALLYDEBUG rally_openstack.cleanup.manager [-] Deleting neutron.network object s_rally_9c06c0f4_MQxQjwN7 (84f11515-3596-4f0b-a425-b372e37e649b)
2019-06-18 09:43:55.291 22701 RALLYDEBUG rally_openstack.cleanup.manager [-] Deleting neutron.network object s_rally_9c06c0f4_4KZ92xAt (8791ddd0-492e-4f7c-b0c7-8aa637f517c5)
2019-06-18 09:43:55.410 22701 RALLYDEBUG rally_openstack.cleanup.manager [-] Deleting neutron.network object s_rally_9c06c0f4_jZtfl1dM (8eb0a4cc-95f3-4c48-af1a-1b2664c4d85f)
2019-06-18 09:43:55.455 22701 RALLYDEBUG rally_openstack.cleanup.manager [-] Deleting neutron.network object s_rally_9c06c0f4_I845EYJr (a123c5a6-8e38-40a2-bb11-cb6537392925)
2019-06-18 09:43:55.516 22701 RALLYDEBUG rally_openstack.cleanup.manager [-] Deleting neutron.network object s_rally_9c06c0f4_kbvnt33G (a2583ff3-a467-4885-90fe-9fdbb44b8499)
2019-06-18 09:43:55.589 22701 RALLYDEBUG rally_openstack.cleanup.manager [-] Deleting neutron.network object s_rally_9c06c0f4_9rQnrxDH (a7b3a871-ff5c-4584-b67d-6f9d094b63ea)
2019-06-18 09:43:55.816 22701 RALLYDEBUG rally_openstack.cleanup.manager [-] Deleting neutron.network object s_rally_9c06c0f4_2QDMOpen (a9956a62-1070-4a08-8ea4-80dba591b8d6)
2019-06-18 09:43:56.323 22701 RALLYDEBUG rally_openstack.cleanup.manager [-] Deleting neutron.network object s_rally_9c06c0f4_sHdLF9Mj (b59e5c8a-edf2-46fc-b0bc-58efe6d3bb22)
2019-06-18 09:43:56.368 22701 RALLYDEBUG rally_openstack.cleanup.manager [-] Deleting neutron.network object s_rally_9c06c0f4_dJw7c2y0 (b8cf21fa-263d-4e14-bb7b-23cf561890a7)
2019-06-18 09:43:56.470 22701 RALLYDEBUG rally_openstack.cleanup.manager [-] Deleting neutron.network object s_rally_9c06c0f4_3vvD2v4H (c0887f57-e5cf-474f-bb3e-8e2b8793af1d)
2019-06-18 09:43:56.476 22701 RALLYDEBUG rally_openstack.cleanup.manager [-] Deleting neutron.network object s_rally_9c06c0f4_g59MnKmx (d3df5c32-e969-453f-ae1f-3e3181b26f9b)
2019-06-18 09:43:57.354 22701 RALLYDEBUG rally_openstack.cleanup.manager [-] Deleting neutron.network object s_rally_9c06c0f4_KPU4ra9P (e7b57553-4423-4dea-8357-20aa967222a8)
2019-06-18 09:43:57.486 22701 RALLYDEBUG rally_openstack.cleanup.manager [-] Deleting neutron.network object s_rally_9c06c0f4_tLjVlKOL (ee0bf7be-380b-4ba0-b144-5172bf91bdbc)
2019-06-18 09:43:57.876 22701 RALLYDEBUG rally_openstack.cleanup.manager [-] Deleting neutron.network object s_rally_9c06c0f4_7TI2lyFx (fce1486d-6bb7-403a-9999-4a94835d4b51)
2019-06-18 09:44:00.677 22701 RALLYDEBUG rally_openstack.cleanup.manager [-] Cleaning up neutron router objects
2019-06-18 09:44:01.367 22701 RALLYDEBUG rally_openstack.cleanup.manager [-] Cleaning up neutron security_group objects
2019-06-18 09:44:02.113 22701 INFO rally.task.context [-] Task 5df77ffe-fa02-4f78-b965-d948aa92c4ef | Context cleanup@openstack cleanup() finished in 18.17 sec
2019-06-18 09:44:02.114 22701 INFO rally.task.context [-] Task 5df77ffe-fa02-4f78-b965-d948aa92c4ef | Context quotas@openstack cleanup() started
2019-06-18 09:44:02.330 22701 INFO rally.task.context [-] Task 5df77ffe-fa02-4f78-b965-d948aa92c4ef | Context quotas@openstack cleanup() finished in 0.22 sec
2019-06-18 09:44:02.331 22701 INFO rally.task.context [-] Task 5df77ffe-fa02-4f78-b965-d948aa92c4ef | Context users@openstack cleanup() started
2019-06-18 09:44:06.558 22701 INFO rally.task.context [-] Task 5df77ffe-fa02-4f78-b965-d948aa92c4ef | Context users@openstack cleanup() finished in 4.23 sec
2019-06-18 09:44:07.704 22701 INFO rally.task.engine [-] Load duration is: 47.399882
2019-06-18 09:44:07.704 22701 INFO rally.task.engine [-] Full runner duration is: 47.444505
2019-06-18 09:44:07.704 22701 INFO rally.task.engine [-] Full duration is: 75.161618
2019-06-18 09:44:08.004 22701 INFO rally.task.engine [-] Running workload: position = 0 config = { "version": 2, "title": "A cropped version of a bigger task.", "description": "Auto-generated task from a single workload (uuid=4ee54a32-49fc-4eeb-b09e-69ce1ae47b58)", "subtasks": [ { "title": "Quotas.neutron_update", "description": "Update quotas for neutron.", "scenario": { "Quotas.neutron_update": { "max_quota": 1024 } }, "contexts": { "users": { "tenants": 20, "users_per_tenant": 1 } }, "runner": { "constant": { "times": 40, "concurrency": 20 } }, "hooks": [], "sla": { "failure_rate": { "max": 0 } } } ] }
2019-06-18 09:44:08.025 22701 RALLYDEBUG rally_openstack.contexts.keystone.users [-] Creating 20 tenants using 20 threads
2019-06-18 09:44:11.909 22701 RALLYDEBUG rally_openstack.contexts.keystone.users [-] Creating 20 users using 20 threads
2019-06-18 09:44:17.533 22701 INFO rally.task.context [-] Task 5df77ffe-fa02-4f78-b965-d948aa92c4ef | Context users@openstack setup() finished in 9.51 sec
2019-06-18 09:44:17.534 22701 INFO rally.task.context [-] Task 5df77ffe-fa02-4f78-b965-d948aa92c4ef | Context admin_cleanup@openstack setup() finished in 0.01 msec
2019-06-18 09:44:17.540 22701 RALLYDEBUG rally.task.runner [-] Starting the constant runner (task UUID: 5df77ffe-fa02-4f78-b965-d948aa92c4ef). timeout: 0 concurrency: 20 concurrency_per_worker: 1 times: 40 concurrency_overhead: 4 processes_to_start: 16 max_cpu_used: 16
2019-06-18 09:44:17.554 27317 RALLYDEBUG rally.task.runner [-] Starting a worker. concurrency: 2 args: {"max_quota": 1024} times: 40 method_name: run timeout: 0 duration: None cls:
2019-06-18 09:44:17.557 27318 RALLYDEBUG rally.task.runner [-] Starting a worker. concurrency: 2 args: {"max_quota": 1024} times: 40 method_name: run timeout: 0 duration: None cls:
2019-06-18 09:44:17.559 27319 RALLYDEBUG rally.task.runner [-] Starting a worker. concurrency: 2 args: {"max_quota": 1024} times: 40 method_name: run timeout: 0 duration: None cls:
2019-06-18 09:44:17.562 27320 RALLYDEBUG rally.task.runner [-] Starting a worker. concurrency: 2 args: {"max_quota": 1024} times: 40 method_name: run timeout: 0 duration: None cls:
2019-06-18 09:44:17.566 27321 RALLYDEBUG rally.task.runner [-] Starting a worker. concurrency: 1 args: {"max_quota": 1024} times: 40 method_name: run timeout: 0 duration: None cls:
2019-06-18 09:44:17.568 27322 RALLYDEBUG rally.task.runner [-] Starting a worker. concurrency: 1 args: {"max_quota": 1024} times: 40 method_name: run timeout: 0 duration: None cls:
2019-06-18 09:44:17.571 27317 INFO rally.task.runner [-] Task 5df77ffe-fa02-4f78-b965-d948aa92c4ef | ITER: 1 START
2019-06-18 09:44:17.573 27320 INFO rally.task.runner [-] Task 5df77ffe-fa02-4f78-b965-d948aa92c4ef | ITER: 5 START
2019-06-18 09:44:17.574 27319 INFO rally.task.runner [-] Task 5df77ffe-fa02-4f78-b965-d948aa92c4ef | ITER: 3 START
2019-06-18 09:44:17.576 27322 INFO rally.task.runner [-] Task 5df77ffe-fa02-4f78-b965-d948aa92c4ef | ITER: 9 START
2019-06-18 09:44:17.575 27325 RALLYDEBUG rally.task.runner [-] Starting a worker. concurrency: 1 args: {"max_quota": 1024} times: 40 method_name: run timeout: 0 duration: None cls:
2019-06-18 09:44:17.576 27318 INFO rally.task.runner [-] Task 5df77ffe-fa02-4f78-b965-d948aa92c4ef | ITER: 2 START
2019-06-18 09:44:17.571 27317 INFO rally.task.runner [-] Task 5df77ffe-fa02-4f78-b965-d948aa92c4ef | ITER: 4 START
2019-06-18 09:44:17.577 27318 INFO rally.task.runner [-] Task 5df77ffe-fa02-4f78-b965-d948aa92c4ef | ITER: 6 START
2019-06-18 09:44:17.579 27319 INFO rally.task.runner [-] Task 5df77ffe-fa02-4f78-b965-d948aa92c4ef | ITER: 7 START
2019-06-18 09:44:17.578 27328 RALLYDEBUG rally.task.runner [-] Starting a worker. concurrency: 1 args: {"max_quota": 1024} times: 40 method_name: run timeout: 0 duration: None cls:
2019-06-18 09:44:17.581 27334 RALLYDEBUG rally.task.runner [-] Starting a worker. concurrency: 1 args: {"max_quota": 1024} times: 40 method_name: run timeout: 0 duration: None cls:
2019-06-18 09:44:17.583 27321 INFO rally.task.runner [-] Task 5df77ffe-fa02-4f78-b965-d948aa92c4ef | ITER: 8 START
2019-06-18 09:44:17.585 27325 INFO rally.task.runner [-] Task 5df77ffe-fa02-4f78-b965-d948aa92c4ef | ITER: 11 START
2019-06-18 09:44:17.584 27336 RALLYDEBUG rally.task.runner [-] Starting a worker. concurrency: 1 args: {"max_quota": 1024} times: 40 method_name: run timeout: 0 duration: None cls:
2019-06-18 09:44:17.585 27341 RALLYDEBUG rally.task.runner [-] Starting a worker. concurrency: 1 args: {"max_quota": 1024} times: 40 method_name: run timeout: 0 duration: None cls:
2019-06-18 09:44:17.592 27328 INFO rally.task.runner [-] Task 5df77ffe-fa02-4f78-b965-d948aa92c4ef | ITER: 12 START
2019-06-18 09:44:17.592 27320 INFO rally.task.runner [-] Task 5df77ffe-fa02-4f78-b965-d948aa92c4ef | ITER: 10 START
2019-06-18 09:44:17.594 27345 RALLYDEBUG rally.task.runner [-] Starting a worker. concurrency: 1 args: {"max_quota": 1024} times: 40 method_name: run timeout: 0 duration: None cls:
2019-06-18 09:44:17.595 27336 INFO rally.task.runner [-] Task 5df77ffe-fa02-4f78-b965-d948aa92c4ef | ITER: 14 START
2019-06-18 09:44:17.595 27334 INFO rally.task.runner [-] Task 5df77ffe-fa02-4f78-b965-d948aa92c4ef | ITER: 13 START
2019-06-18 09:44:17.597 27341 INFO rally.task.runner [-] Task 5df77ffe-fa02-4f78-b965-d948aa92c4ef | ITER: 15 START
2019-06-18 09:44:17.601 27345 INFO rally.task.runner [-] Task 5df77ffe-fa02-4f78-b965-d948aa92c4ef | ITER: 16 START
2019-06-18 09:44:17.604 27352 RALLYDEBUG rally.task.runner [-] Starting a worker. concurrency: 1 args: {"max_quota": 1024} times: 40 method_name: run timeout: 0 duration: None cls:
2019-06-18 09:44:17.613 27352 INFO rally.task.runner [-] Task 5df77ffe-fa02-4f78-b965-d948aa92c4ef | ITER: 17 START
2019-06-18 09:44:17.617 27359 RALLYDEBUG rally.task.runner [-] Starting a worker. concurrency: 1 args: {"max_quota": 1024} times: 40 method_name: run timeout: 0 duration: None cls:
2019-06-18 09:44:17.622 27358 RALLYDEBUG rally.task.runner [-] Starting a worker. concurrency: 1 args: {"max_quota": 1024} times: 40 method_name: run timeout: 0 duration: None cls:
2019-06-18 09:44:17.624 27359 INFO rally.task.runner [-] Task 5df77ffe-fa02-4f78-b965-d948aa92c4ef | ITER: 18 START
2019-06-18 09:44:17.625 27362 RALLYDEBUG rally.task.runner [-] Starting a worker. concurrency: 1 args: {"max_quota": 1024} times: 40 method_name: run timeout: 0 duration: None cls:
2019-06-18 09:44:17.631 27358 INFO rally.task.runner [-] Task 5df77ffe-fa02-4f78-b965-d948aa92c4ef | ITER: 19 START
2019-06-18 09:44:17.633 27362 INFO rally.task.runner [-] Task 5df77ffe-fa02-4f78-b965-d948aa92c4ef | ITER: 20 START
2019-06-18 09:44:19.039 27328 INFO rally.task.runner [-] Task 5df77ffe-fa02-4f78-b965-d948aa92c4ef | ITER: 12 END: OK
2019-06-18 09:44:19.044 27317 INFO rally.task.runner [-] Task 5df77ffe-fa02-4f78-b965-d948aa92c4ef | ITER: 1 END: OK
2019-06-18 09:44:19.046 27328 INFO rally.task.runner [-] Task 5df77ffe-fa02-4f78-b965-d948aa92c4ef | ITER: 21 START
2019-06-18 09:44:19.052 27317 INFO rally.task.runner [-] Task 5df77ffe-fa02-4f78-b965-d948aa92c4ef | ITER: 22 START
2019-06-18 09:44:19.096 27321 INFO rally.task.runner [-] Task 5df77ffe-fa02-4f78-b965-d948aa92c4ef | ITER: 8 END: OK
2019-06-18 09:44:19.101 27321 INFO rally.task.runner [-] Task 5df77ffe-fa02-4f78-b965-d948aa92c4ef | ITER: 23 START
2019-06-18 09:44:19.148 27319 INFO rally.task.runner [-] Task 5df77ffe-fa02-4f78-b965-d948aa92c4ef | ITER: 3 END: OK
2019-06-18 09:44:19.153 27325 INFO rally.task.runner [-] Task 5df77ffe-fa02-4f78-b965-d948aa92c4ef | ITER: 11 END: OK
2019-06-18 09:44:19.155 27319 INFO rally.task.runner [-] Task 5df77ffe-fa02-4f78-b965-d948aa92c4ef | ITER: 24 START
2019-06-18 09:44:19.159 27325 INFO rally.task.runner [-] Task 5df77ffe-fa02-4f78-b965-d948aa92c4ef | ITER: 25 START
2019-06-18 09:44:19.169 27318 INFO rally.task.runner [-] Task 5df77ffe-fa02-4f78-b965-d948aa92c4ef | ITER: 6 END: OK
2019-06-18 09:44:19.175 27318 INFO rally.task.runner [-] Task 5df77ffe-fa02-4f78-b965-d948aa92c4ef | ITER: 26 START
2019-06-18 09:44:19.181 27319 INFO rally.task.runner [-] Task 5df77ffe-fa02-4f78-b965-d948aa92c4ef | ITER: 7 END: OK
2019-06-18 09:44:19.184 27334 INFO rally.task.runner [-] Task 5df77ffe-fa02-4f78-b965-d948aa92c4ef | ITER: 13 END: OK
2019-06-18 09:44:19.185 27319 INFO rally.task.runner [-] Task 5df77ffe-fa02-4f78-b965-d948aa92c4ef | ITER: 27 START
2019-06-18 09:44:19.189 27334 INFO rally.task.runner [-] Task 5df77ffe-fa02-4f78-b965-d948aa92c4ef | ITER: 28 START
2019-06-18 09:44:19.192 27345 INFO rally.task.runner [-] Task 5df77ffe-fa02-4f78-b965-d948aa92c4ef | ITER: 16 END: OK
2019-06-18 09:44:19.196 27322 INFO rally.task.runner [-] Task 5df77ffe-fa02-4f78-b965-d948aa92c4ef | ITER: 9 END: OK
2019-06-18 09:44:19.199 27345 INFO rally.task.runner [-] Task 5df77ffe-fa02-4f78-b965-d948aa92c4ef | ITER: 29 START
2019-06-18 09:44:19.201 27322 INFO rally.task.runner [-] Task 5df77ffe-fa02-4f78-b965-d948aa92c4ef | ITER: 30 START
2019-06-18 09:44:19.213 27320 INFO rally.task.runner [-] Task 5df77ffe-fa02-4f78-b965-d948aa92c4ef | ITER: 5 END: OK
2019-06-18 09:44:19.219 27320 INFO rally.task.runner [-] Task 5df77ffe-fa02-4f78-b965-d948aa92c4ef | ITER: 31 START
2019-06-18 09:44:19.302 27336 INFO rally.task.runner [-] Task 5df77ffe-fa02-4f78-b965-d948aa92c4ef | ITER: 14 END: OK
2019-06-18 09:44:19.309 27336 INFO rally.task.runner [-] Task 5df77ffe-fa02-4f78-b965-d948aa92c4ef | ITER: 32 START
2019-06-18 09:44:19.355 27341 INFO rally.task.runner [-] Task 5df77ffe-fa02-4f78-b965-d948aa92c4ef | ITER: 15 END: OK
2019-06-18 09:44:19.362 27341 INFO rally.task.runner [-] Task 5df77ffe-fa02-4f78-b965-d948aa92c4ef | ITER: 33 START
2019-06-18 09:44:19.407 27318 INFO rally.task.runner [-] Task 5df77ffe-fa02-4f78-b965-d948aa92c4ef | ITER: 2 END: OK
2019-06-18 09:44:19.413 27318 INFO rally.task.runner [-] Task 5df77ffe-fa02-4f78-b965-d948aa92c4ef | ITER: 34 START
2019-06-18 09:44:19.425 27317 INFO rally.task.runner [-] Task 5df77ffe-fa02-4f78-b965-d948aa92c4ef | ITER: 4 END: OK
2019-06-18 09:44:19.431 27317 INFO rally.task.runner [-] Task 5df77ffe-fa02-4f78-b965-d948aa92c4ef | ITER: 35 START
2019-06-18 09:44:19.431 27358 INFO rally.task.runner [-] Task 5df77ffe-fa02-4f78-b965-d948aa92c4ef | ITER: 19 END: OK
2019-06-18 09:44:19.434 27320 INFO rally.task.runner [-] Task 5df77ffe-fa02-4f78-b965-d948aa92c4ef | ITER: 10 END: OK
2019-06-18 09:44:19.438 27358 INFO rally.task.runner [-] Task 5df77ffe-fa02-4f78-b965-d948aa92c4ef | ITER: 36 START
2019-06-18 09:44:19.441 27320 INFO rally.task.runner [-] Task 5df77ffe-fa02-4f78-b965-d948aa92c4ef | ITER: 37 START
2019-06-18 09:44:19.478 27352 INFO rally.task.runner [-] Task 5df77ffe-fa02-4f78-b965-d948aa92c4ef | ITER: 17 END: OK
2019-06-18 09:44:19.487 27362 INFO rally.task.runner [-] Task 5df77ffe-fa02-4f78-b965-d948aa92c4ef | ITER: 20 END: OK
2019-06-18 09:44:19.488 27352 INFO rally.task.runner [-] Task 5df77ffe-fa02-4f78-b965-d948aa92c4ef | ITER: 38 START
2019-06-18 09:44:19.491 27359 INFO rally.task.runner [-] Task 5df77ffe-fa02-4f78-b965-d948aa92c4ef | ITER: 18 END: OK
2019-06-18 09:44:19.494 27362 INFO rally.task.runner [-] Task 5df77ffe-fa02-4f78-b965-d948aa92c4ef | ITER: 39 START
2019-06-18 09:44:19.499 27359 INFO rally.task.runner [-] Task 5df77ffe-fa02-4f78-b965-d948aa92c4ef | ITER: 40 START
2019-06-18 09:44:20.312 27328 INFO rally.task.runner [-] Task 5df77ffe-fa02-4f78-b965-d948aa92c4ef | ITER: 21 END: OK
2019-06-18 09:44:20.391 27317 INFO rally.task.runner [-] Task 5df77ffe-fa02-4f78-b965-d948aa92c4ef | ITER: 22 END: OK
2019-06-18 09:44:20.400 27321 INFO rally.task.runner [-] Task 5df77ffe-fa02-4f78-b965-d948aa92c4ef | ITER: 23 END: OK
2019-06-18 09:44:20.533 27325 INFO rally.task.runner [-] Task 5df77ffe-fa02-4f78-b965-d948aa92c4ef | ITER: 25 END: OK
2019-06-18 09:44:20.540 27334 INFO rally.task.runner [-] Task 5df77ffe-fa02-4f78-b965-d948aa92c4ef | ITER: 28 END: OK
2019-06-18 09:44:20.581 27319 INFO rally.task.runner [-] Task 5df77ffe-fa02-4f78-b965-d948aa92c4ef | ITER: 24 END: OK
2019-06-18 09:44:20.599 27319 INFO rally.task.runner [-] Task 5df77ffe-fa02-4f78-b965-d948aa92c4ef | ITER: 27 END: OK
2019-06-18 09:44:20.626 27318 INFO rally.task.runner [-] Task 5df77ffe-fa02-4f78-b965-d948aa92c4ef | ITER: 26 END: OK
2019-06-18 09:44:20.628 27345 INFO rally.task.runner [-] Task 5df77ffe-fa02-4f78-b965-d948aa92c4ef | ITER: 29 END: OK
2019-06-18 09:44:20.646 27320 INFO rally.task.runner [-] Task 5df77ffe-fa02-4f78-b965-d948aa92c4ef | ITER: 31 END: OK
2019-06-18 09:44:20.711 27336 INFO rally.task.runner [-] Task 5df77ffe-fa02-4f78-b965-d948aa92c4ef | ITER: 32 END: OK
2019-06-18 09:44:20.725 27322 INFO rally.task.runner [-] Task 5df77ffe-fa02-4f78-b965-d948aa92c4ef | ITER: 30 END: OK
2019-06-18 09:44:20.788 27341 INFO rally.task.runner [-] Task 5df77ffe-fa02-4f78-b965-d948aa92c4ef | ITER: 33 END: OK
2019-06-18 09:44:20.857 27317 INFO rally.task.runner [-] Task 5df77ffe-fa02-4f78-b965-d948aa92c4ef | ITER: 35 END: OK
2019-06-18 09:44:20.864 27318 INFO rally.task.runner [-] Task 5df77ffe-fa02-4f78-b965-d948aa92c4ef | ITER: 34 END: OK
2019-06-18 09:44:20.911 27358 INFO rally.task.runner [-] Task 5df77ffe-fa02-4f78-b965-d948aa92c4ef | ITER: 36 END: OK
2019-06-18 09:44:20.929 27352 INFO rally.task.runner [-] Task 5df77ffe-fa02-4f78-b965-d948aa92c4ef | ITER: 38 END: OK
2019-06-18 09:44:20.938 27359 INFO rally.task.runner [-] Task 5df77ffe-fa02-4f78-b965-d948aa92c4ef | ITER: 40 END: OK
2019-06-18 09:44:20.951 27362 INFO rally.task.runner [-] Task 5df77ffe-fa02-4f78-b965-d948aa92c4ef | ITER: 39 END: OK
2019-06-18 09:44:20.958 27320 INFO rally.task.runner [-] Task 5df77ffe-fa02-4f78-b965-d948aa92c4ef | ITER: 37 END: OK
2019-06-18 09:44:20.987 22701 INFO rally.task.context [-] Task 5df77ffe-fa02-4f78-b965-d948aa92c4ef | Context admin_cleanup@openstack cleanup() started
2019-06-18 09:44:20.990 22701 RALLYDEBUG rally_openstack.cleanup.manager [-] Cleaning up neutron quota objects
2019-06-18 09:44:24.541 22701 INFO rally.task.context [-] Task 5df77ffe-fa02-4f78-b965-d948aa92c4ef | Context admin_cleanup@openstack cleanup() finished in 3.55 sec
2019-06-18 09:44:24.541 22701 INFO rally.task.context [-] Task 5df77ffe-fa02-4f78-b965-d948aa92c4ef | Context users@openstack cleanup() started
2019-06-18 09:44:53.183 22701 INFO rally.task.context [-] Task 5df77ffe-fa02-4f78-b965-d948aa92c4ef | Context users@openstack cleanup() finished in 28.64 sec
2019-06-18 09:44:54.309 22701 INFO rally.task.engine [-] Load duration is: 3.383562
2019-06-18 09:44:54.309 22701 INFO rally.task.engine [-] Full runner duration is: 3.447193
2019-06-18 09:44:54.309 22701 INFO rally.task.engine [-] Full duration is: 45.160211
2019-06-18 09:44:54.546 22701 INFO rally.task.engine [-] Running workload: position = 0 config = { "version": 2, "title": "A cropped version of a bigger task.", "description": "Auto-generated task from a single workload (uuid=2d80b440-7f8d-4364-9641-1bef8ec0fedc)", "subtasks": [ { "title": "NeutronTrunks.create_and_list_trunk_subports", "description": "", "scenario": { "NeutronTrunks.create_and_list_trunk_subports": { "subport_count": 125 } }, "contexts": { "users": { "tenants": 1, "users_per_tenant": 1 }, "quotas": { "neutron": { "network": -1, "port": 1000 } } }, "runner": { "constant": { "times": 4, "concurrency": 4 } }, "hooks": [], "sla": { "failure_rate": { "max": 0 } } } ] }
2019-06-18 09:44:54.567 22701 RALLYDEBUG rally_openstack.contexts.keystone.users [-] Creating 1 tenants using 20 threads
2019-06-18 09:44:56.389 22701 RALLYDEBUG rally_openstack.contexts.keystone.users [-] Creating 1 users using 20 threads
2019-06-18 09:44:58.770 22701 INFO rally.task.context [-] Task 5df77ffe-fa02-4f78-b965-d948aa92c4ef | Context users@openstack setup() finished in 4.20 sec
2019-06-18 09:44:59.529 22701 INFO rally.task.context [-] Task 5df77ffe-fa02-4f78-b965-d948aa92c4ef | Context quotas@openstack setup() finished in 0.76 sec
2019-06-18 09:44:59.530 22701 INFO rally.task.context [-] Task 5df77ffe-fa02-4f78-b965-d948aa92c4ef | Context cleanup@openstack setup() finished in 0.00 msec
2019-06-18 09:44:59.537 22701 RALLYDEBUG rally.task.runner [-] Starting the constant runner (task UUID: 5df77ffe-fa02-4f78-b965-d948aa92c4ef). timeout: 0 concurrency: 4 concurrency_per_worker: 1 times: 4 concurrency_overhead: 0 processes_to_start: 4 max_cpu_used: 16
2019-06-18 09:44:59.551 27507 RALLYDEBUG rally.task.runner [-] Starting a worker. concurrency: 1 args: {"subport_count": 125} times: 4 method_name: run timeout: 0 duration: None cls:
2019-06-18 09:44:59.553 27508 RALLYDEBUG rally.task.runner [-] Starting a worker. concurrency: 1 args: {"subport_count": 125} times: 4 method_name: run timeout: 0 duration: None cls:
2019-06-18 09:44:59.556 27507 INFO rally.task.runner [-] Task 5df77ffe-fa02-4f78-b965-d948aa92c4ef | ITER: 1 START
2019-06-18 09:44:59.557 27509 RALLYDEBUG rally.task.runner [-] Starting a worker. concurrency: 1 args: {"subport_count": 125} times: 4 method_name: run timeout: 0 duration: None cls:
2019-06-18 09:44:59.558 27508 INFO rally.task.runner [-] Task 5df77ffe-fa02-4f78-b965-d948aa92c4ef | ITER: 2 START
2019-06-18 09:44:59.560 27510 RALLYDEBUG rally.task.runner [-] Starting a worker. concurrency: 1 args: {"subport_count": 125} times: 4 method_name: run timeout: 0 duration: None cls:
2019-06-18 09:44:59.562 27509 INFO rally.task.runner [-] Task 5df77ffe-fa02-4f78-b965-d948aa92c4ef | ITER: 3 START
2019-06-18 09:44:59.565 27510 INFO rally.task.runner [-] Task 5df77ffe-fa02-4f78-b965-d948aa92c4ef | ITER: 4 START
2019-06-18 09:47:25.341 27507 WARNING rally.task.atomic [-] 'optional_action_timer' is deprecated since rally v0.10.0.Please use action_timer instead, we have improved atomic actions, now do not need to explicitly close original action.
2019-06-18 09:47:25.380 27507 WARNING rally.task.atomic [-] 'optional_action_timer' is deprecated since rally v0.10.0.Please use action_timer instead, we have improved atomic actions, now do not need to explicitly close original action.
2019-06-18 09:47:25.891 27508 WARNING rally.task.atomic [-] 'optional_action_timer' is deprecated since rally v0.10.0.Please use action_timer instead, we have improved atomic actions, now do not need to explicitly close original action.
2019-06-18 09:47:25.935 27508 WARNING rally.task.atomic [-] 'optional_action_timer' is deprecated since rally v0.10.0.Please use action_timer instead, we have improved atomic actions, now do not need to explicitly close original action.
2019-06-18 09:47:25.956 27507 INFO rally.task.runner [-] Task 5df77ffe-fa02-4f78-b965-d948aa92c4ef | ITER: 1 END: OK
2019-06-18 09:47:25.970 27509 WARNING rally.task.atomic [-] 'optional_action_timer' is deprecated since rally v0.10.0.Please use action_timer instead, we have improved atomic actions, now do not need to explicitly close original action.
2019-06-18 09:47:26.005 27509 WARNING rally.task.atomic [-] 'optional_action_timer' is deprecated since rally v0.10.0.Please use action_timer instead, we have improved atomic actions, now do not need to explicitly close original action.
2019-06-18 09:47:26.041 27510 WARNING rally.task.atomic [-] 'optional_action_timer' is deprecated since rally v0.10.0.Please use action_timer instead, we have improved atomic actions, now do not need to explicitly close original action.
2019-06-18 09:47:26.079 27510 WARNING rally.task.atomic [-] 'optional_action_timer' is deprecated since rally v0.10.0.Please use action_timer instead, we have improved atomic actions, now do not need to explicitly close original action.
2019-06-18 09:47:26.807 27508 INFO rally.task.runner [-] Task 5df77ffe-fa02-4f78-b965-d948aa92c4ef | ITER: 2 END: OK
2019-06-18 09:47:26.878 27509 INFO rally.task.runner [-] Task 5df77ffe-fa02-4f78-b965-d948aa92c4ef | ITER: 3 END: OK
2019-06-18 09:47:26.902 27510 INFO rally.task.runner [-] Task 5df77ffe-fa02-4f78-b965-d948aa92c4ef | ITER: 4 END: OK
2019-06-18 09:47:26.928 22701 INFO rally.task.context [-] Task 5df77ffe-fa02-4f78-b965-d948aa92c4ef | Context cleanup@openstack cleanup() started
2019-06-18 09:47:26.930 22701 RALLYDEBUG rally_openstack.cleanup.manager [-] Cleaning up neutron vip objects
2019-06-18 09:47:28.060 22701 RALLYDEBUG rally_openstack.cleanup.manager [-] Cleaning up neutron health_monitor objects
2019-06-18 09:47:29.195 22701 RALLYDEBUG rally_openstack.cleanup.manager [-] Cleaning up neutron pool objects
2019-06-18 09:47:30.334 22701 RALLYDEBUG rally_openstack.cleanup.manager [-] Cleaning up neutron loadbalancer objects
2019-06-18 09:47:31.554 22701 RALLYDEBUG rally_openstack.cleanup.manager [-] Cleaning up neutron floatingip objects
2019-06-18 09:47:32.320 22701 RALLYDEBUG rally_openstack.cleanup.manager [-] Cleaning up neutron port objects
2019-06-18 09:47:34.183 22701 RALLYDEBUG rally_openstack.cleanup.manager [-] Deleting neutron.port object s_rally_2d80b440_mXiBzwlG (00af64d8-a7cf-492f-b37c-a4d43d20d452)
2019-06-18 09:47:34.183 22701 RALLYDEBUG rally_openstack.cleanup.manager [-] Deleting neutron.port object s_rally_2d80b440_sPUuxGiC (08d27209-b22e-4d7d-a9a9-69035c69951a)
2019-06-18 09:47:34.183 22701 RALLYDEBUG rally_openstack.cleanup.manager [-] Deleting neutron.port object s_rally_2d80b440_3BjR45kY (0107f2cf-5ba6-480a-af3e-1d2d96d8e036)
2019-06-18 09:47:34.183 22701 RALLYDEBUG rally_openstack.cleanup.manager [-] Deleting neutron.port object s_rally_2d80b440_IzgZrLwC (043f083d-dd09-48c3-81f6-378e25c6ec2b)
2019-06-18 09:47:34.184 22701 RALLYDEBUG rally_openstack.cleanup.manager [-] Deleting neutron.port object s_rally_2d80b440_FrcQG1ti (0283ea4b-4ab0-4404-9d53-0a7da707c355)
2019-06-18 09:47:34.188 22701 RALLYDEBUG rally_openstack.cleanup.manager [-] Deleting neutron.port object s_rally_2d80b440_PdNUMD1o (03a8cb0e-5da3-4abc-a576-d0496f14d43c)
2019-06-18 09:47:34.189 22701 RALLYDEBUG rally_openstack.cleanup.manager [-] Deleting neutron.port object s_rally_2d80b440_r7JZIGCJ (005f898d-1027-4157-89af-a0753701c7c7)
2019-06-18 09:47:34.193 22701 RALLYDEBUG rally_openstack.cleanup.manager [-] Deleting neutron.port object s_rally_2d80b440_j3zhnG2m (031d47ec-c7d9-4725-b44d-a91da2502a89)
2019-06-18 09:47:34.194 22701 RALLYDEBUG rally_openstack.cleanup.manager [-] Deleting neutron.port object s_rally_2d80b440_EQNQhBAW (0367194c-156b-4840-94b5-9b40457cb8dd)
2019-06-18 09:47:34.194 22701 RALLYDEBUG rally_openstack.cleanup.manager [-] Deleting neutron.port object s_rally_2d80b440_Na0vexEO (09721fe9-ea5b-4aa6-8da5-e2422dd4b748)
2019-06-18 09:47:34.204 22701 RALLYDEBUG rally_openstack.cleanup.manager [-] Deleting neutron.port object s_rally_2d80b440_cJBGrRei (097e37e6-679e-4ed6-9aeb-059978ef6698)
2019-06-18 09:47:34.205 22701 RALLYDEBUG rally_openstack.cleanup.manager [-] Deleting neutron.port object s_rally_2d80b440_I17kBslT (00197c21-ce5b-460d-826d-3b11dc1ca123)
2019-06-18 09:47:34.212 22701 RALLYDEBUG rally_openstack.cleanup.manager [-] Deleting neutron.port object s_rally_2d80b440_noncqMKx (04af1e52-6d47-4034-9ce7-374789c27d69)
2019-06-18 09:47:34.212 22701 RALLYDEBUG rally_openstack.cleanup.manager [-] Deleting neutron.port object s_rally_2d80b440_unyitpfc (06edbac9-50eb-4733-9a41-89e1eb33268d)
2019-06-18 09:47:34.215 22701 RALLYDEBUG rally_openstack.cleanup.manager [-] Deleting neutron.port object s_rally_2d80b440_ysq9jwyC (08f8bb87-60bc-4529-97a0-89348d382cb8)
2019-06-18 09:47:34.221 22701 RALLYDEBUG rally_openstack.cleanup.manager [-] Deleting neutron.port object s_rally_2d80b440_gcuePHIC (09822315-5703-4821-9e33-108427a6d65a)
2019-06-18 09:47:34.224 22701 RALLYDEBUG rally_openstack.cleanup.manager [-] Deleting neutron.port object s_rally_2d80b440_efd4RG4K (0dcedc95-759a-4679-b8d5-721c5d7cb3fd)
2019-06-18 09:47:34.226 22701 RALLYDEBUG rally_openstack.cleanup.manager [-] Deleting neutron.port object s_rally_2d80b440_twWK3wLd (016c176a-3ea6-427f-9103-2bd6f17f9799)
2019-06-18 09:47:34.229 22701 RALLYDEBUG rally_openstack.cleanup.manager [-] Deleting neutron.port object s_rally_2d80b440_rNshNJoC (07d73983-5e07-4c8c-9fe3-25fdeff3ad5c)
2019-06-18 09:47:34.234 22701 RALLYDEBUG rally_openstack.cleanup.manager [-] Deleting neutron.port object s_rally_2d80b440_syTVJ0HG (0de38e24-78c0-4199-87f1-fe3b2418292c)
2019-06-18 09:47:36.789 22701 RALLYDEBUG rally_openstack.cleanup.manager [-] Deleting neutron.port object s_rally_2d80b440_29tcIFw2 (0eb8e3da-da77-4378-b5b3-885b48638091)
2019-06-18 09:47:36.992 22701 RALLYDEBUG rally_openstack.cleanup.manager [-] Deleting neutron.port object s_rally_2d80b440_ShLGcGc4 (0ec72f98-7622-44d2-8217-6973c4b03569)
2019-06-18 09:47:37.060 22701 RALLYDEBUG rally_openstack.cleanup.manager [-] Deleting neutron.port object s_rally_2d80b440_LKHB9CMG (0f073fa7-bfbe-4ec5-8fce-c4f45d5421de)
2019-06-18 09:47:37.358 22701 RALLYDEBUG rally_openstack.cleanup.manager [-] Deleting neutron.port object s_rally_2d80b440_KsBwEjD5 (0f24d2d4-345e-4cd7-b8bc-812ecebe6e94)
2019-06-18 09:47:37.536 22701 RALLYDEBUG rally_openstack.cleanup.manager [-] Deleting neutron.port object s_rally_2d80b440_sI8Kjxwt (0f5e9ef5-8692-4b77-8050-27b724db4660)
2019-06-18 09:47:38.807 22701 RALLYDEBUG rally_openstack.cleanup.manager [-] Deleting neutron.port object s_rally_2d80b440_Tc5yMZfH (0fc03562-6b61-46fb-b7b5-98f43d5eefc0)
2019-06-18 09:47:39.423 22701 RALLYDEBUG rally_openstack.cleanup.manager [-] Deleting neutron.port object s_rally_2d80b440_iKWrS8oo (10be35a8-c19e-4867-884b-aa30cfc82079)
2019-06-18 09:47:39.616 22701 RALLYDEBUG rally_openstack.cleanup.manager [-] Deleting neutron.port object s_rally_2d80b440_GDNgOIOB (10e1f42b-7ece-4b8f-a96a-f4012130f688)
2019-06-18 09:47:39.620 22701 RALLYDEBUG rally_openstack.cleanup.manager [-] Deleting neutron.port object s_rally_2d80b440_xFiV0QD2 (14056262-46b2-406e-8703-e83f4da7ec6d)
2019-06-18 09:47:40.189 22701 RALLYDEBUG rally_openstack.cleanup.manager [-] Deleting neutron.port object s_rally_2d80b440_w6twwDUU (146b5d84-e17a-474c-a84d-552435007c11)
2019-06-18 09:47:40.791 22701 RALLYDEBUG rally_openstack.cleanup.manager [-] Deleting neutron.port object s_rally_2d80b440_y4Bwcyr7 (14bd3bb5-d7fb-4c9b-9dc8-959c655e731a)
2019-06-18 09:47:40.967 22701 RALLYDEBUG rally_openstack.cleanup.manager [-] Deleting neutron.port object s_rally_2d80b440_nRP6kdgn (15684141-2c08-4062-9959-74015ac41f2d)
2019-06-18 09:47:41.477 22701 RALLYDEBUG rally_openstack.cleanup.manager [-] Deleting neutron.port object s_rally_2d80b440_7RiKqMQb (15f735bd-514a-45f5-8285-331ff0667360)
2019-06-18 09:47:41.624 22701 RALLYDEBUG rally_openstack.cleanup.manager [-] Deleting neutron.port object s_rally_2d80b440_SHd2364c (1607c548-9e17-4af8-966b-41e3604bcf89)
2019-06-18 09:47:41.716 22701 RALLYDEBUG rally_openstack.cleanup.manager [-] Deleting neutron.port object s_rally_2d80b440_UQ7yBjTx (1615a2ef-c94d-4ef0-85c2-70ef2a4750e4)
2019-06-18 09:47:42.091 22701 RALLYDEBUG rally_openstack.cleanup.manager [-] Deleting neutron.port object s_rally_2d80b440_1OYPp91a (16aae8db-409e-483a-b909-2b3f1449f579)
2019-06-18 09:47:42.160 22701 RALLYDEBUG rally_openstack.cleanup.manager [-] Deleting neutron.port object s_rally_2d80b440_VXunwLzF (17231ec8-7d0d-47cd-bb46-77b60f348399)
2019-06-18 09:47:42.194 22701 RALLYDEBUG rally_openstack.cleanup.manager [-] Deleting neutron.port object s_rally_2d80b440_hAjg6WpI (186f1ae6-c13a-4480-a9f3-a55d114e71ec)
2019-06-18 09:47:42.418 22701 RALLYDEBUG rally_openstack.cleanup.manager [-] Deleting neutron.port object s_rally_2d80b440_tJCbEIXZ (187161e5-371e-4856-92c8-f9175efc0896)
2019-06-18 09:47:42.424 22701 RALLYDEBUG rally_openstack.cleanup.manager [-] Deleting neutron.port object s_rally_2d80b440_ie9iy5Ky (198a57e0-cec8-410a-b9c8-e8ffc2087864)
2019-06-18 09:47:42.672 22701 RALLYDEBUG rally_openstack.cleanup.manager [-] Deleting neutron.port object s_rally_2d80b440_bqOetWx4 (1bc27d5b-b1dc-4cfb-aca1-221b68753fcc)
2019-06-18 09:47:42.910 22701 RALLYDEBUG rally_openstack.cleanup.manager [-] Deleting neutron.port object s_rally_2d80b440_3ssy0lI8 (1c106532-61b1-4675-a000-58f58ffe7c06)
2019-06-18 09:47:43.307 22701 RALLYDEBUG rally_openstack.cleanup.manager [-] Deleting neutron.port object s_rally_2d80b440_l4CUAlfO (1ce9f8c5-3662-4352-a2cf-5bcc85ff1d0c)
2019-06-18 09:47:43.308 22701 RALLYDEBUG rally_openstack.cleanup.manager [-] Deleting neutron.port object s_rally_2d80b440_JwScjfpn (1d10c298-797a-4825-8703-aee1e4722dc0)
2019-06-18 09:47:43.319 22701 RALLYDEBUG rally_openstack.cleanup.manager [-] Deleting neutron.port object s_rally_2d80b440_4MavqJfX (1d1e3945-06da-4dd5-a611-fab7f9ab01f9)
2019-06-18 09:47:43.325 22701 RALLYDEBUG rally_openstack.cleanup.manager [-] Deleting neutron.port object s_rally_2d80b440_hbXomoBb (1d5f9351-bed7-402c-9282-dccaa41a3140)
2019-06-18 09:47:43.940 22701 RALLYDEBUG rally_openstack.cleanup.manager [-] Deleting neutron.port object s_rally_2d80b440_nNDVhgIr (1e6265b2-3045-44cf-a766-13f803b2f30c)
2019-06-18 09:47:44.488 22701 RALLYDEBUG rally_openstack.cleanup.manager [-] Deleting neutron.port object s_rally_2d80b440_WaXwHcK2 (1e8172a6-8fdc-42a1-8a0c-02cd9e751ea8)
2019-06-18 09:47:44.694 22701 RALLYDEBUG rally_openstack.cleanup.manager [-] Deleting neutron.port object s_rally_2d80b440_a1nGrOUv (1ee13da5-264a-425d-85bf-fe8cd82f8acd)
2019-06-18 09:47:44.720 22701 RALLYDEBUG rally_openstack.cleanup.manager [-] Deleting neutron.port object s_rally_2d80b440_QdTMt300 (1f67affb-6e0a-4866-bb9d-6b028c02001a)
2019-06-18 09:47:44.788 22701 RALLYDEBUG rally_openstack.cleanup.manager [-] Deleting neutron.port object s_rally_2d80b440_9b0Cq3CT (20f3483d-27e1-4538-8806-d253a33681bd)
2019-06-18 09:47:45.004 22701 RALLYDEBUG rally_openstack.cleanup.manager [-] Deleting neutron.port object s_rally_2d80b440_2f5ieZW1 (217246d8-1790-49fd-ac09-42952d8747c5)
2019-06-18 09:47:45.044 22701 RALLYDEBUG rally_openstack.cleanup.manager [-] Deleting neutron.port object s_rally_2d80b440_G0ccx4jv (223f9678-1696-405e-98ee-cb2007642d3d)
2019-06-18 09:47:45.076 22701 RALLYDEBUG rally_openstack.cleanup.manager [-] Deleting neutron.port object s_rally_2d80b440_plVNs9mn (2268692b-5238-440a-b7c9-88dcd1461eea)
2019-06-18 09:47:45.130 22701 RALLYDEBUG rally_openstack.cleanup.manager [-] Deleting neutron.port object s_rally_2d80b440_ZeyZ1Qeg (2280265f-2a47-4dec-bf8c-79d81ee33ea0)
2019-06-18 09:47:45.139 22701 RALLYDEBUG rally_openstack.cleanup.manager [-] Deleting neutron.port object s_rally_2d80b440_yeLUToqV (228510b8-601c-4e33-bcb8-aafcd5176e41)
2019-06-18 09:47:45.371 22701 RALLYDEBUG rally_openstack.cleanup.manager [-] Deleting neutron.port object s_rally_2d80b440_gyaRW8UL (22ff7996-1bc2-46dc-a5a0-183e13263e26)
2019-06-18 09:47:45.685 22701 RALLYDEBUG rally_openstack.cleanup.manager [-] Deleting neutron.port object s_rally_2d80b440_wAZnRPj1 (2343266b-1b17-49de-a4fb-fbcf15b9d928)
2019-06-18 09:47:45.736 22701 RALLYDEBUG rally_openstack.cleanup.manager [-] Deleting neutron.port object s_rally_2d80b440_YUqfitK3 (23546681-866b-4f2a-ab35-ae55e52b564a)
2019-06-18 09:47:45.949 22701 RALLYDEBUG rally_openstack.cleanup.manager [-] Deleting neutron.port object s_rally_2d80b440_BCOABP7p (2389dc96-44dc-46f9-a0ad-3479fc9de007)
2019-06-18 09:47:45.983 22701 RALLYDEBUG rally_openstack.cleanup.manager [-] Deleting neutron.port object s_rally_2d80b440_bfcStpMc (2410fb97-e156-4200-bac6-878c090d08be)
2019-06-18 09:47:46.091 22701 RALLYDEBUG rally_openstack.cleanup.manager [-] Deleting neutron.port object s_rally_2d80b440_KqOq3wa0 (24dcb81a-57af-4852-acc0-1d1bd1365d15)
2019-06-18 09:47:46.170 22701 RALLYDEBUG rally_openstack.cleanup.manager [-] Deleting neutron.port object s_rally_2d80b440_VZkijfdp (257ab20d-815b-4f7f-95e7-a76e04c1fd92)
2019-06-18 09:47:46.186 22701 RALLYDEBUG rally_openstack.cleanup.manager [-] Deleting neutron.port object s_rally_2d80b440_P0wpfPTv (25b3aa1a-fa21-4e78-b5b1-ed21009e2060)
2019-06-18 09:47:46.756 22701 RALLYDEBUG rally_openstack.cleanup.manager [-] Deleting neutron.port object s_rally_2d80b440_NMLzzdjV (25d4af7d-69dc-45c9-a8ca-19fc4045b1d5)
2019-06-18 09:47:46.921 22701 RALLYDEBUG rally_openstack.cleanup.manager [-] Deleting neutron.port object s_rally_2d80b440_Poc6cEpQ (25d5294b-1324-4da3-bf91-de324b03f839)
2019-06-18 09:47:47.046 22701 RALLYDEBUG rally_openstack.cleanup.manager [-] Deleting neutron.port object s_rally_2d80b440_9wGZzDO2 (25d891e2-cd9f-45a6-8c46-f0e0282da61c)
2019-06-18 09:47:47.725 22701 RALLYDEBUG rally_openstack.cleanup.manager [-] Deleting neutron.port object s_rally_2d80b440_7BAipShV (25f85754-0709-4ae7-a898-74ea3b6d394d)
2019-06-18 09:47:48.000 22701 RALLYDEBUG rally_openstack.cleanup.manager [-] Deleting neutron.port object s_rally_2d80b440_JgJrZ89m (2671f2e7-47bf-4c33-91e7-5258fd080b77)
2019-06-18 09:47:48.053 22701 RALLYDEBUG rally_openstack.cleanup.manager [-] Deleting neutron.port object s_rally_2d80b440_CugKHc3e (270dd623-2b54-4842-bd0a-b3befbfecdcd)
2019-06-18 09:47:48.156 22701 RALLYDEBUG rally_openstack.cleanup.manager [-] Deleting neutron.port object s_rally_2d80b440_uCzW2aja (2712c543-076f-4f08-983e-1a4fd57bff78)
2019-06-18 09:47:48.629 22701 RALLYDEBUG rally_openstack.cleanup.manager [-] Deleting neutron.port object s_rally_2d80b440_38yk5ePK (274d3c6b-51d2-4048-8e12-96676c806740)
2019-06-18 09:47:48.633 22701 RALLYDEBUG rally_openstack.cleanup.manager [-] Deleting neutron.port object s_rally_2d80b440_g8McjJcE (28a35dbd-d0e5-4ba3-81af-c65a80501632)
2019-06-18 09:47:48.675 22701 RALLYDEBUG rally_openstack.cleanup.manager [-] Deleting neutron.port object s_rally_2d80b440_MjSnJF85 (291f1bc0-eb7a-4d3a-986e-b3657fe40456)
2019-06-18 09:47:48.751 22701 RALLYDEBUG rally_openstack.cleanup.manager [-] Deleting neutron.port object s_rally_2d80b440_YgwX6EPt (297cf253-10c4-4d1e-a920-8363316327bc)
2019-06-18 09:47:48.914 22701 RALLYDEBUG rally_openstack.cleanup.manager [-] Deleting neutron.port object s_rally_2d80b440_BzazaM16 (2984844d-c914-4c3d-9d38-a19e0053fdd6)
2019-06-18 09:47:49.007 22701 RALLYDEBUG rally_openstack.cleanup.manager [-] Deleting neutron.port object s_rally_2d80b440_aNgtIqUa (29d6b868-0018-477f-a8cb-ee2ef6e04a6f)
2019-06-18 09:47:49.372 22701 RALLYDEBUG rally_openstack.cleanup.manager [-] Deleting neutron.port object s_rally_2d80b440_mdhFbYFs (2a1f9c3a-1b24-4560-ad0e-da4ae28925c8)
2019-06-18 09:47:49.439 22701 RALLYDEBUG rally_openstack.cleanup.manager [-] Deleting neutron.port object s_rally_2d80b440_WvqFRkmM (2a8a7441-4019-4e89-b369-b11c65c179c9)
2019-06-18 09:47:49.987 22701 RALLYDEBUG rally_openstack.cleanup.manager [-] Deleting neutron.port object s_rally_2d80b440_0i6VTMEH (2b932080-67f7-45b2-abb3-e0b7e9ad5956)
2019-06-18 09:47:50.134 22701 RALLYDEBUG rally_openstack.cleanup.manager [-] Deleting neutron.port object s_rally_2d80b440_l3GlTcUU (2c05732c-b421-4589-a945-8de0250b4f20)
2019-06-18 09:47:50.151 22701 RALLYDEBUG rally_openstack.cleanup.manager [-] Deleting neutron.port object s_rally_2d80b440_4iXtErir (2c78de71-5932-47e2-9eaa-64e720febedd)
2019-06-18 09:47:50.151 22701 RALLYDEBUG rally_openstack.cleanup.manager [-] Deleting neutron.port object s_rally_2d80b440_WsN24ZqE (2c402c69-125c-405d-bbea-72decd46cdc2)
2019-06-18 09:47:50.254 22701 RALLYDEBUG rally_openstack.cleanup.manager [-] Deleting neutron.port object s_rally_2d80b440_n7vHHBdy (2d8241ec-9138-40da-85bb-215e2a9ed223)
2019-06-18 09:47:50.369 22701 RALLYDEBUG rally_openstack.cleanup.manager [-] Deleting neutron.port object s_rally_2d80b440_ejlNZT2W (2d9ea6bb-c36a-45e6-ae04-ced3239ec91d)
2019-06-18 09:47:50.500 22701 RALLYDEBUG rally_openstack.cleanup.manager [-] Deleting neutron.port object s_rally_2d80b440_iVbvK8ZW (2db10c4f-aedc-406f-90e2-93b0d1de14c0)
2019-06-18 09:47:50.529 22701 RALLYDEBUG rally_openstack.cleanup.manager [-] Deleting neutron.port object s_rally_2d80b440_XjYFDZVO (2e3fddd1-3456-4d9a-9675-00fcb61d8376)
2019-06-18 09:47:50.822 22701 RALLYDEBUG rally_openstack.cleanup.manager [-] Deleting neutron.port object s_rally_2d80b440_dOpRBdE5 (2e937599-6015-4ab4-95c4-5ebdc20b1c1f)
2019-06-18 09:47:51.467 22701 RALLYDEBUG rally_openstack.cleanup.manager [-] Deleting neutron.port object s_rally_2d80b440_WfsSncz1 (2ec65e91-8d3e-4f31-86df-b5c34e699afc)
2019-06-18 09:47:51.662 22701 RALLYDEBUG rally_openstack.cleanup.manager [-] Deleting neutron.port object s_rally_2d80b440_eEXjvfmq (2edb3984-4777-44c4-bba4-f05415f1f0ab)
2019-06-18 09:47:51.805 22701 RALLYDEBUG rally_openstack.cleanup.manager [-] Deleting neutron.port object s_rally_2d80b440_EHpbovoG (2edcad1d-a522-4055-a379-19fc5c4fe4bc)
2019-06-18 09:47:52.172 22701 RALLYDEBUG rally_openstack.cleanup.manager [-] Deleting neutron.port object s_rally_2d80b440_l8sbFZJT (2f2267e8-fd16-43dc-adb8-6d39e58a02a1)
2019-06-18 09:47:52.250 22701 RALLYDEBUG rally_openstack.cleanup.manager [-] Deleting neutron.port object s_rally_2d80b440_1ABIv8I3 (2f26849a-e239-4b0d-8877-4d2089f3cdb4)
2019-06-18 09:47:52.430 22701 RALLYDEBUG rally_openstack.cleanup.manager [-] Deleting neutron.port object s_rally_2d80b440_0svmCK1O (2fefea65-87fd-4197-a65d-748c9f0e2381)
2019-06-18 09:47:52.566 22701 RALLYDEBUG rally_openstack.cleanup.manager [-] Deleting neutron.port object s_rally_2d80b440_blJJTLxF (303eef46-e720-44e1-a82d-acbc10c34c8a)
2019-06-18 09:47:52.572 22701 RALLYDEBUG rally_openstack.cleanup.manager [-] Deleting neutron.port object s_rally_2d80b440_FMPlIuC9 (3132d795-6e29-4bf9-8437-1cc7a79bd25c)
2019-06-18 09:47:52.839 22701 RALLYDEBUG rally_openstack.cleanup.manager [-] Deleting neutron.port object s_rally_2d80b440_6Nh3loN2 (31410fef-764b-43c9-b967-72382ad8c2fe)
2019-06-18 09:47:52.942 22701 RALLYDEBUG rally_openstack.cleanup.manager [-] Deleting neutron.port object s_rally_2d80b440_4t82JbcX (3145fd4d-a188-4c0c-820f-7aa5fef042dc)
2019-06-18 09:47:52.975 22701 RALLYDEBUG rally_openstack.cleanup.manager [-] Deleting neutron.port object s_rally_2d80b440_ngX41Uv4 (31b692c3-2c69-48fd-aef3-4f2b6f420687)
