2019-06-18 09:40:39.938 22701 RALLYDEBUG rally_openstack.cleanup.manager [-] Deleting neutron.port object s_rally_560662c2_n4fA6ZUR (d8f8d315-58ba-4b4e-a9fc-7f3e41eb7229)
2019-06-18 09:40:40.027 22701 RALLYDEBUG rally_openstack.cleanup.manager [-] Deleting neutron.port object s_rally_560662c2_GMUUC2HA (d91582b4-4ef0-4d0f-9245-59953503081b)
2019-06-18 09:40:40.039 22701 RALLYDEBUG rally_openstack.cleanup.manager [-] Deleting neutron.port object s_rally_560662c2_MfJgXobT (d961bbbd-73bb-40bd-a03c-102fb0150214)
2019-06-18 09:40:40.070 22701 RALLYDEBUG rally_openstack.cleanup.manager [-] Deleting neutron.port object s_rally_560662c2_tNimxubv (d96c99e8-f47e-4731-b92c-296641a835a7)
2019-06-18 09:40:40.270 22701 RALLYDEBUG rally_openstack.cleanup.manager [-] Deleting neutron.port object s_rally_560662c2_3priuaZr (da671588-4fa3-4771-b0c6-74e3899f4ed9)
2019-06-18 09:40:40.279 22701 RALLYDEBUG rally_openstack.cleanup.manager [-] Deleting neutron.port object s_rally_560662c2_As7LqvSB (dd0796e6-af9d-4676-9a4c-610f391d0257)
2019-06-18 09:40:40.803 22701 RALLYDEBUG rally_openstack.cleanup.manager [-] Deleting neutron.port object s_rally_560662c2_gT8zA4e1 (dd166cdd-6fa5-4add-87d5-e233261cea9f)
2019-06-18 09:40:40.861 22701 RALLYDEBUG rally_openstack.cleanup.manager [-] Deleting neutron.port object s_rally_560662c2_1bqtKlJY (dd855246-da90-478e-a9bb-d697c44d9fe0)
2019-06-18 09:40:40.926 22701 RALLYDEBUG rally_openstack.cleanup.manager [-] Deleting neutron.port object s_rally_560662c2_C5Cy9JLE (de3b2ad4-ab2b-4654-b48b-ddbe7ad57887)
2019-06-18 09:40:40.938 22701 RALLYDEBUG rally_openstack.cleanup.manager [-] Deleting neutron.port object s_rally_560662c2_8IKZqfIW (de441049-1be6-4514-b350-feb444f80e46)
2019-06-18 09:40:41.111 22701 RALLYDEBUG rally_openstack.cleanup.manager [-] Deleting neutron.port object s_rally_560662c2_jSUrr5CA (dead235a-dc79-4819-99a7-9d36a7beedcd)
2019-06-18 09:40:41.473 22701 RALLYDEBUG rally_openstack.cleanup.manager [-] Deleting neutron.port object s_rally_560662c2_bybl3yTl (dee14888-69bc-40b6-b6ec-b3651d46415b)
2019-06-18 09:40:41.717 22701 RALLYDEBUG rally_openstack.cleanup.manager [-] Deleting neutron.port object s_rally_560662c2_9nhMVP4L (df006d16-8047-426b-b973-1711a554fe60)
2019-06-18 09:40:41.768 22701 RALLYDEBUG rally_openstack.cleanup.manager [-] Deleting neutron.port object s_rally_560662c2_T99Y9MPq (dff9a152-4b94-4940-8f0e-2e3eec586156)
2019-06-18 09:40:42.001 22701 RALLYDEBUG rally_openstack.cleanup.manager [-] Deleting neutron.port object s_rally_560662c2_1sqGII9K (e061b6f0-1457-4151-8952-888f3ac72e4b)
2019-06-18 09:40:42.214 22701 RALLYDEBUG rally_openstack.cleanup.manager [-] Deleting neutron.port object s_rally_560662c2_ZgnuecBA (e1c90636-adb0-456d-a928-d525bfaa6956)
2019-06-18 09:40:42.386 22701 RALLYDEBUG rally_openstack.cleanup.manager [-] Deleting neutron.port object s_rally_560662c2_P8wuBgTk (e30579be-665b-4d80-8061-a445f93a3c9a)
2019-06-18 09:40:42.658 22701 RALLYDEBUG rally_openstack.cleanup.manager [-] Deleting neutron.port object s_rally_560662c2_GH8m34Fw (e354a9cb-1ec7-4cd7-9e43-2d32204209ea)
2019-06-18 09:40:42.688 22701 RALLYDEBUG rally_openstack.cleanup.manager [-] Deleting neutron.port object s_rally_560662c2_lcjObq3L (e3e6a68a-69d9-458c-9f48-cfe24bde6022)
2019-06-18 09:40:42.726 22701 RALLYDEBUG rally_openstack.cleanup.manager [-] Deleting neutron.port object s_rally_560662c2_orcN0Q5F (e663973f-6c58-44f6-bfc2-7747399b4dd3)
2019-06-18 09:40:42.741 22701 RALLYDEBUG rally_openstack.cleanup.manager [-] Deleting neutron.port object s_rally_560662c2_KhtkfyN0 (e6a364eb-6721-4ead-85a4-03688814e92a)
2019-06-18 09:40:43.005 22701 RALLYDEBUG rally_openstack.cleanup.manager [-] Deleting neutron.port object s_rally_560662c2_KqeNINf7 (e6ae3e15-ec1f-453a-97a7-614615af15cd)
2019-06-18 09:40:43.303 22701 RALLYDEBUG rally_openstack.cleanup.manager [-] Deleting neutron.port object s_rally_560662c2_GoGQY38k (e81c52e1-0e9a-4c30-ab0e-d3f9fca9f766)
2019-06-18 09:40:43.593 22701 RALLYDEBUG rally_openstack.cleanup.manager [-] Deleting neutron.port object s_rally_560662c2_ylzq7D5g (e8a27363-7120-4fde-9704-b3d6e3acbcb6)
2019-06-18 09:40:43.642 22701 RALLYDEBUG rally_openstack.cleanup.manager [-] Deleting neutron.port object s_rally_560662c2_1bpkfmZQ (e8d4205a-1d21-4230-8c55-c72644c03288)
2019-06-18 09:40:43.722 22701 RALLYDEBUG rally_openstack.cleanup.manager [-] Deleting neutron.port object s_rally_560662c2_68zcHlyT (e8f99cbf-3600-4e28-a23f-25b38af791d6)
2019-06-18 09:40:43.791 22701 RALLYDEBUG rally_openstack.cleanup.manager [-] Deleting neutron.port object s_rally_560662c2_ox5S27qk (e99c59c8-b8fb-47d3-84b9-3346a319d8f1)
2019-06-18 09:40:43.797 22701 RALLYDEBUG rally_openstack.cleanup.manager [-] Deleting neutron.port object s_rally_560662c2_NADzf2qv (ea9e16ac-696f-4245-8398-0d1cfd4483a4)
2019-06-18 09:40:44.003 22701 RALLYDEBUG rally_openstack.cleanup.manager [-] Deleting neutron.port object s_rally_560662c2_HBcCwN7M (ec079e59-1270-4c3d-9d14-7af856c7d587)
2019-06-18 09:40:44.049 22701 RALLYDEBUG rally_openstack.cleanup.manager [-] Deleting neutron.port object s_rally_560662c2_KFjoxWid (ec6d8814-f10f-4267-8cb4-781620b7dee4)
2019-06-18 09:40:44.100 22701 RALLYDEBUG rally_openstack.cleanup.manager [-] Deleting neutron.port object s_rally_560662c2_kzCq3yYd (ed3a4dda-2a39-4c98-b44f-7a968553a70f)
2019-06-18 09:40:44.291 22701 RALLYDEBUG rally_openstack.cleanup.manager [-] Deleting neutron.port object s_rally_560662c2_HRLEgBql (edfc268b-82ba-4222-9483-81c422213d01)
2019-06-18 09:40:44.847 22701 RALLYDEBUG rally_openstack.cleanup.manager [-] Deleting neutron.port object s_rally_560662c2_iNMorj27 (ee22662c-b07e-4118-83bb-f762c981d400)
2019-06-18 09:40:44.857 22701 RALLYDEBUG rally_openstack.cleanup.manager [-] Deleting neutron.port object s_rally_560662c2_6KTT7Hc4 (ee4a458c-b386-41e5-b446-0e6b6a5b2e06)
2019-06-18 09:40:45.275 22701 RALLYDEBUG rally_openstack.cleanup.manager [-] Deleting neutron.port object s_rally_560662c2_hW6pgcHN (eef7cb6a-02f7-40c2-ad0d-62f4d72aa997)
2019-06-18 09:40:45.324 22701 RALLYDEBUG rally_openstack.cleanup.manager [-] Deleting neutron.port object s_rally_560662c2_k7l8HfTi (ef7c4b15-d29e-4050-b67d-e57521ae5049)
2019-06-18 09:40:45.437 22701 RALLYDEBUG rally_openstack.cleanup.manager [-] Deleting neutron.port object s_rally_560662c2_WTt2683T (eff8d0a3-a55e-4043-969a-bb36aa1662ae)
2019-06-18 09:40:45.457 22701 RALLYDEBUG rally_openstack.cleanup.manager [-] Deleting neutron.port object s_rally_560662c2_hhocda6g (f1f655b6-f27b-4cb6-9137-8cba3f0bb492)
2019-06-18 09:40:45.513 22701 RALLYDEBUG rally_openstack.cleanup.manager [-] Deleting neutron.port object s_rally_560662c2_p3J921YB (f393445a-86c5-4e7e-9c0d-3999c7ab6839)
2019-06-18 09:40:45.521 22701 RALLYDEBUG rally_openstack.cleanup.manager [-] Deleting neutron.port object s_rally_560662c2_jUCqI6ed (f3ed65ed-2ab8-40be-95e6-9e79b7214069)
2019-06-18 09:40:45.545 22701 RALLYDEBUG rally_openstack.cleanup.manager [-] Deleting neutron.port object s_rally_560662c2_nv2RSoA9 (f4ae1e24-b8e2-4467-b085-8e4b294de0f3)
2019-06-18 09:40:46.087 22701 RALLYDEBUG rally_openstack.cleanup.manager [-] Deleting neutron.port object s_rally_560662c2_Y8qaTX74 (f5a2b101-b6eb-4d8b-8d2e-de846a1929ba)
2019-06-18 09:40:46.175 22701 RALLYDEBUG rally_openstack.cleanup.manager [-] Deleting neutron.port object s_rally_560662c2_E3W1V3vp (f6875fa1-0f10-4529-a70d-bcc284812760)
2019-06-18 09:40:46.589 22701 RALLYDEBUG rally_openstack.cleanup.manager [-] Deleting neutron.port object s_rally_560662c2_NoHLZ1uL (f8543754-6fe9-47de-bbf4-a70e23cdf8fc)
2019-06-18 09:40:47.085 22701 RALLYDEBUG rally_openstack.cleanup.manager [-] Deleting neutron.port object s_rally_560662c2_KaCmzg2i (f9b7a3d6-976b-4fd7-9cea-4f6d0555cf21)
2019-06-18 09:40:47.092 22701 RALLYDEBUG rally_openstack.cleanup.manager [-] Deleting neutron.port object s_rally_560662c2_snrspK6h (fa98fcf3-b86d-48c6-b2af-a950183d9e14)
2019-06-18 09:40:47.215 22701 RALLYDEBUG rally_openstack.cleanup.manager [-] Deleting neutron.port object s_rally_560662c2_FPe77fLd (fbef017b-3d9b-4b25-a398-e2320c4e1466)
2019-06-18 09:40:47.216 22701 RALLYDEBUG rally_openstack.cleanup.manager [-] Deleting neutron.port object s_rally_560662c2_pJFpROP4 (faa5e454-d8ee-4584-b34e-1020e414fc7c)
2019-06-18 09:40:47.314 22701 RALLYDEBUG rally_openstack.cleanup.manager [-] Deleting neutron.port object s_rally_560662c2_CZ2bva7b (fc217537-30d7-4071-94bf-0edb2b7965f3)
2019-06-18 09:40:47.322 22701 RALLYDEBUG rally_openstack.cleanup.manager [-] Deleting neutron.port object s_rally_560662c2_bpxme4Y8 (fca64bc6-f25b-4dee-9782-01fba93cb400)
2019-06-18 09:40:47.328 22701 RALLYDEBUG rally_openstack.cleanup.manager [-] Deleting neutron.port object s_rally_560662c2_r2Krflh8 (fcb3fdb0-c3d4-4765-b50f-d944e96a5360)
2019-06-18 09:40:47.386 22701 RALLYDEBUG rally_openstack.cleanup.manager [-] Deleting neutron.port object s_rally_560662c2_QgqlBSdA (fdb6dab7-964b-4f8b-a205-41292f1cff9e)
2019-06-18 09:40:47.458 22701 RALLYDEBUG rally_openstack.cleanup.manager [-] Deleting neutron.port object s_rally_560662c2_5pt84gL5 (fdc87a68-e526-47d6-a4bf-3cfe1a4941a6)
2019-06-18 09:40:47.567 22701 RALLYDEBUG rally_openstack.cleanup.manager [-] Deleting neutron.port object s_rally_560662c2_0cZmKzWp (fe5bde74-c2b5-4791-bbcc-2090fb20f0f8)
2019-06-18 09:40:47.752 22701 RALLYDEBUG rally_openstack.cleanup.manager [-] Deleting neutron.port object s_rally_560662c2_4YMpiNEN (fe7e5aa6-7695-4e05-94a5-a3d18c723610)
2019-06-18 09:40:47.777 22701 RALLYDEBUG rally_openstack.cleanup.manager [-] Deleting neutron.port object s_rally_560662c2_ngDQbBrU (feb17328-b10f-48aa-8657-21922a7a7f8d)
2019-06-18 09:40:48.229 22701 RALLYDEBUG rally_openstack.cleanup.manager [-] Deleting neutron.port object s_rally_560662c2_p1mig0xD (fecaf5c0-14ab-4969-990e-61682a5e7b55)
2019-06-18 09:40:48.817 22701 RALLYDEBUG rally_openstack.cleanup.manager [-] Deleting neutron.port object s_rally_560662c2_VitosAWF (ffb009bc-422d-4f23-9b20-3abc0c97be67)
2019-06-18 09:40:49.023 22701 RALLYDEBUG rally_openstack.cleanup.manager [-] Deleting neutron.port object s_rally_560662c2_5reJMJ7r (ffe7de20-ff0a-4479-9e30-b3d7398d2303)
2019-06-18 09:40:49.998 22701 RALLYDEBUG rally_openstack.cleanup.manager [-] Deleting neutron.port object s_rally_560662c2_l9sKUPw9 (fff1f0d1-eae4-48f2-ac49-f92a4751e75d)
2019-06-18 09:40:52.135 22701 RALLYDEBUG rally_openstack.cleanup.manager [-] Cleaning up neutron subnet objects
2019-06-18 09:40:52.789 22701 RALLYDEBUG rally_openstack.cleanup.manager [-] Cleaning up neutron network objects
2019-06-18 09:40:53.515 22701 RALLYDEBUG rally_openstack.cleanup.manager [-] Deleting neutron.network object s_rally_560662c2_EcKf7pkx (1654198d-d501-4ffc-93b0-6bdd69afb782)
2019-06-18 09:40:53.522 22701 RALLYDEBUG rally_openstack.cleanup.manager [-] Deleting neutron.network object s_rally_560662c2_xgTYA1sx (310d14d1-0c55-4110-91a6-cdfaf14d98a0)
2019-06-18 09:40:53.529 22701 RALLYDEBUG rally_openstack.cleanup.manager [-] Deleting neutron.network object s_rally_560662c2_VELhlalT (60dde554-b46e-457c-824c-0a885f35a34a)
2019-06-18 09:40:53.538 22701 RALLYDEBUG rally_openstack.cleanup.manager [-] Deleting neutron.network object s_rally_560662c2_oOHglfgu (54d3eee2-74fe-4778-8044-1e76f5191daa)
2019-06-18 09:40:53.548 22701 RALLYDEBUG rally_openstack.cleanup.manager [-] Deleting neutron.network object s_rally_560662c2_V6Qxw0eO (e06fa6fb-6edd-4f25-ac25-fc0585bf2cf8)
2019-06-18 09:40:53.551 22701 RALLYDEBUG rally_openstack.cleanup.manager [-] Deleting neutron.network object s_rally_560662c2_HeTXD4SK (63afe2b2-a698-42f7-bdb3-e1b2e9b3244e)
2019-06-18 09:40:53.557 22701 RALLYDEBUG rally_openstack.cleanup.manager [-] Deleting neutron.network object s_rally_560662c2_DkRics0c (fd46aeca-9101-4566-92c9-18237a7e840f)
2019-06-18 09:40:53.565 22701 RALLYDEBUG rally_openstack.cleanup.manager [-] Deleting neutron.network object s_rally_560662c2_xEEYYOsc (f27740b0-5e63-4853-9e9e-7b30e0b68a42)
2019-06-18 09:40:56.838 22701 RALLYDEBUG rally_openstack.cleanup.manager [-] Cleaning up neutron router objects
2019-06-18 09:40:57.510 22701 RALLYDEBUG rally_openstack.cleanup.manager [-] Cleaning up neutron security_group objects
2019-06-18 09:40:58.175 22701 INFO rally.task.context [-] Task 5df77ffe-fa02-4f78-b965-d948aa92c4ef | Context cleanup@openstack cleanup() finished in 1.30 min
2019-06-18 09:40:58.175 22701 INFO rally.task.context [-] Task 5df77ffe-fa02-4f78-b965-d948aa92c4ef | Context quotas@openstack cleanup() started
2019-06-18 09:40:58.398 22701 INFO rally.task.context [-] Task 5df77ffe-fa02-4f78-b965-d948aa92c4ef | Context quotas@openstack cleanup() finished in 0.22 sec
2019-06-18 09:40:58.398 22701 INFO rally.task.context [-] Task 5df77ffe-fa02-4f78-b965-d948aa92c4ef | Context users@openstack cleanup() started
2019-06-18 09:41:02.805 22701 INFO rally.task.context [-] Task 5df77ffe-fa02-4f78-b965-d948aa92c4ef | Context users@openstack cleanup() finished in 4.41 sec
2019-06-18 09:41:04.481 22701 INFO rally.task.engine [-] Load duration is: 77.902635
2019-06-18 09:41:04.482 22701 INFO rally.task.engine [-] Full runner duration is: 77.948366
2019-06-18 09:41:04.482 22701 INFO rally.task.engine [-] Full duration is: 165.133198
2019-06-18 09:41:04.722 22701 INFO rally.task.engine [-] Running workload: position = 1 config = { "version": 2, "title": "A cropped version of a bigger task.", "description": "Auto-generated task from a single workload (uuid=b48c674a-c79d-4d4b-be5b-7d02436f6d55)", "subtasks": [ { "title": "NeutronNetworks.create_and_update_ports", "description": "Create and update a given number of ports.", "scenario": { "NeutronNetworks.create_and_update_ports": { "network_create_args": {}, "port_create_args": {}, "ports_per_network": 5, "port_update_args": { "admin_state_up": false, "device_id": "dummy_id", "device_owner": "dummy_owner", "name": "_port_updated" } } }, "contexts": { "users": { "tenants": 1, "users_per_tenant": 1 }, "quotas": { "neutron": { "network": -1, "port": -1 } } }, "runner": { "constant": { "times": 40, "concurrency": 20 } }, "hooks": [], "sla": { "failure_rate": { "max": 0 } } } ] }
2019-06-18 09:41:04.745 22701 RALLYDEBUG rally_openstack.contexts.keystone.users [-] Creating 1 tenants using 20 threads
2019-06-18 09:41:06.528 22701 RALLYDEBUG rally_openstack.contexts.keystone.users [-] Creating 1 users using 20 threads
2019-06-18 09:41:08.931 22701 INFO rally.task.context [-] Task 5df77ffe-fa02-4f78-b965-d948aa92c4ef | Context users@openstack setup() finished in 4.19 sec
2019-06-18 09:41:09.704 22701 INFO rally.task.context [-] Task 5df77ffe-fa02-4f78-b965-d948aa92c4ef | Context quotas@openstack setup() finished in 0.77 sec
2019-06-18 09:41:09.704 22701 INFO rally.task.context [-] Task 5df77ffe-fa02-4f78-b965-d948aa92c4ef | Context cleanup@openstack setup() finished in 0.01 msec
2019-06-18 09:41:09.712 22701 RALLYDEBUG rally.task.runner [-] Starting the constant runner (task UUID: 5df77ffe-fa02-4f78-b965-d948aa92c4ef). timeout: 0 concurrency: 20 concurrency_per_worker: 1 times: 40 concurrency_overhead: 4 processes_to_start: 16 max_cpu_used: 16
2019-06-18 09:41:09.725 26577 RALLYDEBUG rally.task.runner [-] Starting a worker. concurrency: 2 args: {"network_create_args": {}, "port_create_args": {}, "ports_per_network": 5, "port_update_args": {"admin_state_up": false, "device_id": "dummy_id", "device_owner": "dummy_owner", "name": "_port_updated"}} times: 40 method_name: run timeout: 0 duration: None cls:
2019-06-18 09:41:09.726 26578 RALLYDEBUG rally.task.runner [-] Starting a worker. concurrency: 2 args: {"network_create_args": {}, "port_create_args": {}, "ports_per_network": 5, "port_update_args": {"admin_state_up": false, "device_id": "dummy_id", "device_owner": "dummy_owner", "name": "_port_updated"}} times: 40 method_name: run timeout: 0 duration: None cls:
2019-06-18 09:41:09.731 26579 RALLYDEBUG rally.task.runner [-] Starting a worker. concurrency: 2 args: {"network_create_args": {}, "port_create_args": {}, "ports_per_network": 5, "port_update_args": {"admin_state_up": false, "device_id": "dummy_id", "device_owner": "dummy_owner", "name": "_port_updated"}} times: 40 method_name: run timeout: 0 duration: None cls:
2019-06-18 09:41:09.732 26580 RALLYDEBUG rally.task.runner [-] Starting a worker. concurrency: 2 args: {"network_create_args": {}, "port_create_args": {}, "ports_per_network": 5, "port_update_args": {"admin_state_up": false, "device_id": "dummy_id", "device_owner": "dummy_owner", "name": "_port_updated"}} times: 40 method_name: run timeout: 0 duration: None cls:
2019-06-18 09:41:09.732 26577 INFO rally.task.runner [-] Task 5df77ffe-fa02-4f78-b965-d948aa92c4ef | ITER: 1 START
2019-06-18 09:41:09.733 26578 INFO rally.task.runner [-] Task 5df77ffe-fa02-4f78-b965-d948aa92c4ef | ITER: 2 START
2019-06-18 09:41:09.735 26578 WARNING rally_openstack.scenarios.neutron.utils [-] Running this scenario without either the 'network' or 'existing_network' context is deprecated
2019-06-18 09:41:09.736 26585 RALLYDEBUG rally.task.runner [-] Starting a worker. concurrency: 1 args: {"network_create_args": {}, "port_create_args": {}, "ports_per_network": 5, "port_update_args": {"admin_state_up": false, "device_id": "dummy_id", "device_owner": "dummy_owner", "name": "_port_updated"}} times: 40 method_name: run timeout: 0 duration: None cls:
2019-06-18 09:41:09.735 26577 WARNING rally_openstack.scenarios.neutron.utils [-] Running this scenario without either the 'network' or 'existing_network' context is deprecated
2019-06-18 09:41:09.737 26580 INFO rally.task.runner [-] Task 5df77ffe-fa02-4f78-b965-d948aa92c4ef | ITER: 6 START
2019-06-18 09:41:09.741 26580 WARNING rally_openstack.scenarios.neutron.utils [-] Running this scenario without either the 'network' or 'existing_network' context is deprecated
2019-06-18 09:41:09.741 26586 RALLYDEBUG rally.task.runner [-] Starting a worker. concurrency: 1 args: {"network_create_args": {}, "port_create_args": {}, "ports_per_network": 5, "port_update_args": {"admin_state_up": false, "device_id": "dummy_id", "device_owner": "dummy_owner", "name": "_port_updated"}} times: 40 method_name: run timeout: 0 duration: None cls:
2019-06-18 09:41:09.742 26585 INFO rally.task.runner [-] Task 5df77ffe-fa02-4f78-b965-d948aa92c4ef | ITER: 9 START
2019-06-18 09:41:09.742 26579 INFO rally.task.runner [-] Task 5df77ffe-fa02-4f78-b965-d948aa92c4ef | ITER: 7 START
2019-06-18 09:41:09.744 26585 WARNING rally_openstack.scenarios.neutron.utils [-] Running this scenario without either the 'network' or 'existing_network' context is deprecated
2019-06-18 09:41:09.743 26579 INFO rally.task.runner [-] Task 5df77ffe-fa02-4f78-b965-d948aa92c4ef | ITER: 5 START
2019-06-18 09:41:09.745 26579 WARNING rally_openstack.scenarios.neutron.utils [-] Running this scenario without either the 'network' or 'existing_network' context is deprecated
2019-06-18 09:41:09.746 26596 RALLYDEBUG rally.task.runner [-] Starting a worker. concurrency: 1 args: {"network_create_args": {}, "port_create_args": {}, "ports_per_network": 5, "port_update_args": {"admin_state_up": false, "device_id": "dummy_id", "device_owner": "dummy_owner", "name": "_port_updated"}} times: 40 method_name: run timeout: 0 duration: None cls:
2019-06-18 09:41:09.739 26577 INFO rally.task.runner [-] Task 5df77ffe-fa02-4f78-b965-d948aa92c4ef | ITER: 3 START
2019-06-18 09:41:09.747 26591 RALLYDEBUG rally.task.runner [-] Starting a worker. concurrency: 1 args: {"network_create_args": {}, "port_create_args": {}, "ports_per_network": 5, "port_update_args": {"admin_state_up": false, "device_id": "dummy_id", "device_owner": "dummy_owner", "name": "_port_updated"}} times: 40 method_name: run timeout: 0 duration: None cls:
2019-06-18 09:41:09.748 26586 INFO rally.task.runner [-] Task 5df77ffe-fa02-4f78-b965-d948aa92c4ef | ITER: 10 START
2019-06-18 09:41:09.749 26586 WARNING rally_openstack.scenarios.neutron.utils [-] Running this scenario without either the 'network' or 'existing_network' context is deprecated
2019-06-18 09:41:09.749 26577 WARNING rally_openstack.scenarios.neutron.utils [-] Running this scenario without either the 'network' or 'existing_network' context is deprecated
2019-06-18 09:41:09.744 26580 INFO rally.task.runner [-] Task 5df77ffe-fa02-4f78-b965-d948aa92c4ef | ITER: 8 START
2019-06-18 09:41:09.751 26580 WARNING rally_openstack.scenarios.neutron.utils [-] Running this scenario without either the 'network' or 'existing_network' context is deprecated
2019-06-18 09:41:09.753 26578 INFO rally.task.runner [-] Task 5df77ffe-fa02-4f78-b965-d948aa92c4ef | ITER: 4 START
2019-06-18 09:41:09.745 26579 WARNING rally_openstack.scenarios.neutron.utils [-] Running this scenario without either the 'network' or 'existing_network' context is deprecated
2019-06-18 09:41:09.754 26578 WARNING rally_openstack.scenarios.neutron.utils [-] Running this scenario without either the 'network' or 'existing_network' context is deprecated
2019-06-18 09:41:09.755 26591 INFO rally.task.runner [-] Task 5df77ffe-fa02-4f78-b965-d948aa92c4ef | ITER: 12 START
2019-06-18 09:41:09.757 26591 WARNING rally_openstack.scenarios.neutron.utils [-] Running this scenario without either the 'network' or 'existing_network' context is deprecated
2019-06-18 09:41:09.757 26598 RALLYDEBUG rally.task.runner [-] Starting a worker. concurrency: 1 args: {"network_create_args": {}, "port_create_args": {}, "ports_per_network": 5, "port_update_args": {"admin_state_up": false, "device_id": "dummy_id", "device_owner": "dummy_owner", "name": "_port_updated"}} times: 40 method_name: run timeout: 0 duration: None cls:
2019-06-18 09:41:09.760 26596 INFO rally.task.runner [-] Task 5df77ffe-fa02-4f78-b965-d948aa92c4ef | ITER: 11 START
2019-06-18 09:41:09.762 26596 WARNING rally_openstack.scenarios.neutron.utils [-] Running this scenario without either the 'network' or 'existing_network' context is deprecated
2019-06-18 09:41:09.763 26598 INFO rally.task.runner [-] Task 5df77ffe-fa02-4f78-b965-d948aa92c4ef | ITER: 13 START
2019-06-18 09:41:09.763 26606 RALLYDEBUG rally.task.runner [-] Starting a worker. concurrency: 1 args: {"network_create_args": {}, "port_create_args": {}, "ports_per_network": 5, "port_update_args": {"admin_state_up": false, "device_id": "dummy_id", "device_owner": "dummy_owner", "name": "_port_updated"}} times: 40 method_name: run timeout: 0 duration: None cls:
2019-06-18 09:41:09.765 26598 WARNING rally_openstack.scenarios.neutron.utils [-] Running this scenario without either the 'network' or 'existing_network' context is deprecated
2019-06-18 09:41:09.767 26607 RALLYDEBUG rally.task.runner [-] Starting a worker. concurrency: 1 args: {"network_create_args": {}, "port_create_args": {}, "ports_per_network": 5, "port_update_args": {"admin_state_up": false, "device_id": "dummy_id", "device_owner": "dummy_owner", "name": "_port_updated"}} times: 40 method_name: run timeout: 0 duration: None cls:
2019-06-18 09:41:09.771 26606 INFO rally.task.runner [-] Task 5df77ffe-fa02-4f78-b965-d948aa92c4ef | ITER: 14 START
2019-06-18 09:41:09.772 26606 WARNING rally_openstack.scenarios.neutron.utils [-] Running this scenario without either the 'network' or 'existing_network' context is deprecated
2019-06-18 09:41:09.773 26610 RALLYDEBUG rally.task.runner [-] Starting a worker. concurrency: 1 args: {"network_create_args": {}, "port_create_args": {}, "ports_per_network": 5, "port_update_args": {"admin_state_up": false, "device_id": "dummy_id", "device_owner": "dummy_owner", "name": "_port_updated"}} times: 40 method_name: run timeout: 0 duration: None cls:
2019-06-18 09:41:09.776 26607 INFO rally.task.runner [-] Task 5df77ffe-fa02-4f78-b965-d948aa92c4ef | ITER: 15 START
2019-06-18 09:41:09.777 26610 INFO rally.task.runner [-] Task 5df77ffe-fa02-4f78-b965-d948aa92c4ef | ITER: 16 START
2019-06-18 09:41:09.777 26607 WARNING rally_openstack.scenarios.neutron.utils [-] Running this scenario without either the 'network' or 'existing_network' context is deprecated
2019-06-18 09:41:09.778 26610 WARNING rally_openstack.scenarios.neutron.utils [-] Running this scenario without either the 'network' or 'existing_network' context is deprecated
2019-06-18 09:41:09.786 26618 RALLYDEBUG rally.task.runner [-] Starting a worker. concurrency: 1 args: {"network_create_args": {}, "port_create_args": {}, "ports_per_network": 5, "port_update_args": {"admin_state_up": false, "device_id": "dummy_id", "device_owner": "dummy_owner", "name": "_port_updated"}} times: 40 method_name: run timeout: 0 duration: None cls:
2019-06-18 09:41:09.786 26613 RALLYDEBUG rally.task.runner [-] Starting a worker. concurrency: 1 args: {"network_create_args": {}, "port_create_args": {}, "ports_per_network": 5, "port_update_args": {"admin_state_up": false, "device_id": "dummy_id", "device_owner": "dummy_owner", "name": "_port_updated"}} times: 40 method_name: run timeout: 0 duration: None cls:
2019-06-18 09:41:09.790 26618 INFO rally.task.runner [-] Task 5df77ffe-fa02-4f78-b965-d948aa92c4ef | ITER: 17 START
2019-06-18 09:41:09.790 26613 INFO rally.task.runner [-] Task 5df77ffe-fa02-4f78-b965-d948aa92c4ef | ITER: 18 START
2019-06-18 09:41:09.791 26618 WARNING rally_openstack.scenarios.neutron.utils [-] Running this scenario without either the 'network' or 'existing_network' context is deprecated
2019-06-18 09:41:09.791 26613 WARNING rally_openstack.scenarios.neutron.utils [-] Running this scenario without either the 'network' or 'existing_network' context is deprecated
2019-06-18 09:41:09.792 26619 RALLYDEBUG rally.task.runner [-] Starting a worker. concurrency: 1 args: {"network_create_args": {}, "port_create_args": {}, "ports_per_network": 5, "port_update_args": {"admin_state_up": false, "device_id": "dummy_id", "device_owner": "dummy_owner", "name": "_port_updated"}} times: 40 method_name: run timeout: 0 duration: None cls:
2019-06-18 09:41:09.795 26619 INFO rally.task.runner [-] Task 5df77ffe-fa02-4f78-b965-d948aa92c4ef | ITER: 19 START
2019-06-18 09:41:09.796 26619 WARNING rally_openstack.scenarios.neutron.utils [-] Running this scenario without either the 'network' or 'existing_network' context is deprecated
2019-06-18 09:41:09.798 26624 RALLYDEBUG rally.task.runner [-] Starting a worker. concurrency: 1 args: {"network_create_args": {}, "port_create_args": {}, "ports_per_network": 5, "port_update_args": {"admin_state_up": false, "device_id": "dummy_id", "device_owner": "dummy_owner", "name": "_port_updated"}} times: 40 method_name: run timeout: 0 duration: None cls:
2019-06-18 09:41:09.801 26624 INFO rally.task.runner [-] Task 5df77ffe-fa02-4f78-b965-d948aa92c4ef | ITER: 20 START
2019-06-18 09:41:09.802 26624 WARNING rally_openstack.scenarios.neutron.utils [-] Running this scenario without either the 'network' or 'existing_network' context is deprecated
2019-06-18 09:41:18.959 26579 INFO rally.task.runner [-] Task 5df77ffe-fa02-4f78-b965-d948aa92c4ef | ITER: 7 END: OK
2019-06-18 09:41:18.964 26579 INFO rally.task.runner [-] Task 5df77ffe-fa02-4f78-b965-d948aa92c4ef | ITER: 21 START
2019-06-18 09:41:18.964 26579 WARNING rally_openstack.scenarios.neutron.utils [-] Running this scenario without either the 'network' or 'existing_network' context is deprecated
2019-06-18 09:41:20.415 26598 INFO rally.task.runner [-] Task 5df77ffe-fa02-4f78-b965-d948aa92c4ef | ITER: 13 END: OK
2019-06-18 09:41:20.419 26598 INFO rally.task.runner [-] Task 5df77ffe-fa02-4f78-b965-d948aa92c4ef | ITER: 22 START
2019-06-18 09:41:20.420 26598 WARNING rally_openstack.scenarios.neutron.utils [-] Running this scenario without either the 'network' or 'existing_network' context is deprecated
2019-06-18 09:41:24.948 26577 INFO rally.task.runner [-] Task 5df77ffe-fa02-4f78-b965-d948aa92c4ef | ITER: 1 END: OK
2019-06-18 09:41:24.952 26577 INFO rally.task.runner [-] Task 5df77ffe-fa02-4f78-b965-d948aa92c4ef | ITER: 23 START
2019-06-18 09:41:24.952 26577 WARNING rally_openstack.scenarios.neutron.utils [-] Running this scenario without either the 'network' or 'existing_network' context is deprecated
2019-06-18 09:41:25.390 26606 INFO rally.task.runner [-] Task 5df77ffe-fa02-4f78-b965-d948aa92c4ef | ITER: 14 END: OK
2019-06-18 09:41:25.394 26606 INFO rally.task.runner [-] Task 5df77ffe-fa02-4f78-b965-d948aa92c4ef | ITER: 24 START
2019-06-18 09:41:25.395 26606 WARNING rally_openstack.scenarios.neutron.utils [-] Running this scenario without either the 'network' or 'existing_network' context is deprecated
2019-06-18 09:41:27.573 26610 INFO rally.task.runner [-] Task 5df77ffe-fa02-4f78-b965-d948aa92c4ef | ITER: 16 END: OK
2019-06-18 09:41:27.578 26610 INFO rally.task.runner [-] Task 5df77ffe-fa02-4f78-b965-d948aa92c4ef | ITER: 25 START
2019-06-18 09:41:27.578 26610 WARNING rally_openstack.scenarios.neutron.utils [-] Running this scenario without either the 'network' or 'existing_network' context is deprecated
2019-06-18 09:41:28.115 26580 INFO rally.task.runner [-] Task 5df77ffe-fa02-4f78-b965-d948aa92c4ef | ITER: 8 END: OK
2019-06-18 09:41:28.119 26580 INFO rally.task.runner [-] Task 5df77ffe-fa02-4f78-b965-d948aa92c4ef | ITER: 26 START
2019-06-18 09:41:28.120 26580 WARNING rally_openstack.scenarios.neutron.utils [-] Running this scenario without either the 'network' or 'existing_network' context is deprecated
2019-06-18 09:41:28.187 26579 INFO rally.task.runner [-] Task 5df77ffe-fa02-4f78-b965-d948aa92c4ef | ITER: 21 END: OK
2019-06-18 09:41:28.191 26579 INFO rally.task.runner [-] Task 5df77ffe-fa02-4f78-b965-d948aa92c4ef | ITER: 27 START
2019-06-18 09:41:28.192 26579 WARNING rally_openstack.scenarios.neutron.utils [-] Running this scenario without either the 'network' or 'existing_network' context is deprecated
2019-06-18 09:41:28.218 26591 INFO rally.task.runner [-] Task 5df77ffe-fa02-4f78-b965-d948aa92c4ef | ITER: 12 END: OK
2019-06-18 09:41:28.222 26591 INFO rally.task.runner [-] Task 5df77ffe-fa02-4f78-b965-d948aa92c4ef | ITER: 28 START
2019-06-18 09:41:28.222 26591 WARNING rally_openstack.scenarios.neutron.utils [-] Running this scenario without either the 'network' or 'existing_network' context is deprecated
2019-06-18 09:41:28.432 26624 INFO rally.task.runner [-] Task 5df77ffe-fa02-4f78-b965-d948aa92c4ef | ITER: 20 END: OK
2019-06-18 09:41:28.436 26624 INFO rally.task.runner [-] Task 5df77ffe-fa02-4f78-b965-d948aa92c4ef | ITER: 29 START
2019-06-18 09:41:28.437 26624 WARNING rally_openstack.scenarios.neutron.utils [-] Running this scenario without either the 'network' or 'existing_network' context is deprecated
2019-06-18 09:41:29.350 26613 INFO rally.task.runner [-] Task 5df77ffe-fa02-4f78-b965-d948aa92c4ef | ITER: 18 END: OK
2019-06-18 09:41:29.355 26613 INFO rally.task.runner [-] Task 5df77ffe-fa02-4f78-b965-d948aa92c4ef | ITER: 30 START
2019-06-18 09:41:29.355 26613 WARNING rally_openstack.scenarios.neutron.utils [-] Running this scenario without either the 'network' or 'existing_network' context is deprecated
2019-06-18 09:41:29.451 26586 INFO rally.task.runner [-] Task 5df77ffe-fa02-4f78-b965-d948aa92c4ef | ITER: 10 END: OK
2019-06-18 09:41:29.455 26586 INFO rally.task.runner [-] Task 5df77ffe-fa02-4f78-b965-d948aa92c4ef | ITER: 31 START
2019-06-18 09:41:29.456 26586 WARNING rally_openstack.scenarios.neutron.utils [-] Running this scenario without either the 'network' or 'existing_network' context is deprecated
2019-06-18 09:41:31.617 26598 INFO rally.task.runner [-] Task 5df77ffe-fa02-4f78-b965-d948aa92c4ef | ITER: 22 END: OK
2019-06-18 09:41:31.621 26598 INFO rally.task.runner [-] Task 5df77ffe-fa02-4f78-b965-d948aa92c4ef | ITER: 32 START
2019-06-18 09:41:31.621 26598 WARNING rally_openstack.scenarios.neutron.utils [-] Running this scenario without either the 'network' or 'existing_network' context is deprecated
2019-06-18 09:41:35.850 26606 INFO rally.task.runner [-] Task 5df77ffe-fa02-4f78-b965-d948aa92c4ef | ITER: 24 END: OK
2019-06-18 09:41:35.854 26606 INFO rally.task.runner [-] Task 5df77ffe-fa02-4f78-b965-d948aa92c4ef | ITER: 33 START
2019-06-18 09:41:35.855 26606 WARNING rally_openstack.scenarios.neutron.utils [-] Running this scenario without either the 'network' or 'existing_network' context is deprecated
2019-06-18 09:41:35.919 26610 INFO rally.task.runner [-] Task 5df77ffe-fa02-4f78-b965-d948aa92c4ef | ITER: 25 END: OK
2019-06-18 09:41:35.923 26610 INFO rally.task.runner [-] Task 5df77ffe-fa02-4f78-b965-d948aa92c4ef | ITER: 34 START
2019-06-18 09:41:35.923 26610 WARNING rally_openstack.scenarios.neutron.utils [-] Running this scenario without either the 'network' or 'existing_network' context is deprecated
2019-06-18 09:41:35.939 26578 INFO rally.task.runner [-] Task 5df77ffe-fa02-4f78-b965-d948aa92c4ef | ITER: 2 END: OK
2019-06-18 09:41:35.944 26578 INFO rally.task.runner [-] Task 5df77ffe-fa02-4f78-b965-d948aa92c4ef | ITER: 35 START
2019-06-18 09:41:35.945 26578 WARNING rally_openstack.scenarios.neutron.utils [-] Running this scenario without either the 'network' or 'existing_network' context is deprecated
2019-06-18 09:41:36.225 26579 INFO rally.task.runner [-] Task 5df77ffe-fa02-4f78-b965-d948aa92c4ef | ITER: 5 END: OK
2019-06-18 09:41:36.229 26579 INFO rally.task.runner [-] Task 5df77ffe-fa02-4f78-b965-d948aa92c4ef | ITER: 36 START
2019-06-18 09:41:36.231 26579 INFO rally.task.runner [-] Task 5df77ffe-fa02-4f78-b965-d948aa92c4ef | ITER: 27 END: OK
2019-06-18 09:41:36.230 26579 WARNING rally_openstack.scenarios.neutron.utils [-] Running this scenario without either the 'network' or 'existing_network' context is deprecated
2019-06-18 09:41:36.239 26579 INFO rally.task.runner [-] Task 5df77ffe-fa02-4f78-b965-d948aa92c4ef | ITER: 37 START
2019-06-18 09:41:36.239 26579 WARNING rally_openstack.scenarios.neutron.utils [-] Running this scenario without either the 'network' or 'existing_network' context is deprecated
2019-06-18 09:41:36.247 26578 INFO rally.task.runner [-] Task 5df77ffe-fa02-4f78-b965-d948aa92c4ef | ITER: 4 END: OK
2019-06-18 09:41:36.251 26578 INFO rally.task.runner [-] Task 5df77ffe-fa02-4f78-b965-d948aa92c4ef | ITER: 38 START
2019-06-18 09:41:36.251 26578 WARNING rally_openstack.scenarios.neutron.utils [-] Running this scenario without either the 'network' or 'existing_network' context is deprecated
2019-06-18 09:41:36.482 26607 INFO rally.task.runner [-] Task 5df77ffe-fa02-4f78-b965-d948aa92c4ef | ITER: 15 END: OK
2019-06-18 09:41:36.486 26607 INFO rally.task.runner [-] Task 5df77ffe-fa02-4f78-b965-d948aa92c4ef | ITER: 39 START
2019-06-18 09:41:36.487 26607 WARNING rally_openstack.scenarios.neutron.utils [-] Running this scenario without either the 'network' or 'existing_network' context is deprecated
2019-06-18 09:41:36.643 26577 INFO rally.task.runner [-] Task 5df77ffe-fa02-4f78-b965-d948aa92c4ef | ITER: 23 END: OK
2019-06-18 09:41:36.646 26577 INFO rally.task.runner [-] Task 5df77ffe-fa02-4f78-b965-d948aa92c4ef | ITER: 40 START
2019-06-18 09:41:36.647 26577 WARNING rally_openstack.scenarios.neutron.utils [-] Running this scenario without either the 'network' or 'existing_network' context is deprecated
2019-06-18 09:41:36.778 26618 INFO rally.task.runner [-] Task 5df77ffe-fa02-4f78-b965-d948aa92c4ef | ITER: 17 END: OK
2019-06-18 09:41:37.233 26619 INFO rally.task.runner [-] Task 5df77ffe-fa02-4f78-b965-d948aa92c4ef | ITER: 19 END: OK
2019-06-18 09:41:39.223 26591 INFO rally.task.runner [-] Task 5df77ffe-fa02-4f78-b965-d948aa92c4ef | ITER: 28 END: OK
2019-06-18 09:41:43.665 26596 INFO rally.task.runner [-] Task 5df77ffe-fa02-4f78-b965-d948aa92c4ef | ITER: 11 END: OK
2019-06-18 09:41:43.740 26585 INFO rally.task.runner [-] Task 5df77ffe-fa02-4f78-b965-d948aa92c4ef | ITER: 9 END: OK
2019-06-18 09:41:43.848 26580 INFO rally.task.runner [-] Task 5df77ffe-fa02-4f78-b965-d948aa92c4ef | ITER: 6 END: OK
2019-06-18 09:41:44.068 26577 INFO rally.task.runner [-] Task 5df77ffe-fa02-4f78-b965-d948aa92c4ef | ITER: 3 END: OK
2019-06-18 09:41:44.995 26613 INFO rally.task.runner [-] Task 5df77ffe-fa02-4f78-b965-d948aa92c4ef | ITER: 30 END: OK
2019-06-18 09:41:45.017 26586 INFO rally.task.runner [-] Task 5df77ffe-fa02-4f78-b965-d948aa92c4ef | ITER: 31 END: OK
2019-06-18 09:41:48.121 26580 INFO rally.task.runner [-] Task 5df77ffe-fa02-4f78-b965-d948aa92c4ef | ITER: 26 END: OK
2019-06-18 09:41:48.627 26624 INFO rally.task.runner [-] Task 5df77ffe-fa02-4f78-b965-d948aa92c4ef | ITER: 29 END: OK
2019-06-18 09:41:49.189 26607 INFO rally.task.runner [-] Task 5df77ffe-fa02-4f78-b965-d948aa92c4ef | ITER: 39 END: OK
2019-06-18 09:41:49.204 26577 INFO rally.task.runner [-] Task 5df77ffe-fa02-4f78-b965-d948aa92c4ef | ITER: 40 END: OK
2019-06-18 09:41:49.741 26598 INFO rally.task.runner [-] Task 5df77ffe-fa02-4f78-b965-d948aa92c4ef | ITER: 32 END: OK
2019-06-18 09:41:53.127 26606 INFO rally.task.runner [-] Task 5df77ffe-fa02-4f78-b965-d948aa92c4ef | ITER: 33 END: OK
2019-06-18 09:41:53.851 26579 INFO rally.task.runner [-] Task 5df77ffe-fa02-4f78-b965-d948aa92c4ef | ITER: 36 END: OK
2019-06-18 09:41:53.868 26579 INFO rally.task.runner [-] Task 5df77ffe-fa02-4f78-b965-d948aa92c4ef | ITER: 37 END: OK
2019-06-18 09:41:54.226 26578 INFO rally.task.runner [-] Task 5df77ffe-fa02-4f78-b965-d948aa92c4ef | ITER: 35 END: OK
2019-06-18 09:41:54.678 26578 INFO rally.task.runner [-] Task 5df77ffe-fa02-4f78-b965-d948aa92c4ef | ITER: 38 END: OK
2019-06-18 09:41:54.694 26610 INFO rally.task.runner [-] Task 5df77ffe-fa02-4f78-b965-d948aa92c4ef | ITER: 34 END: OK
2019-06-18 09:41:54.715 22701 INFO rally.task.context [-] Task 5df77ffe-fa02-4f78-b965-d948aa92c4ef | Context cleanup@openstack cleanup() started
2019-06-18 09:41:54.717 22701 RALLYDEBUG rally_openstack.cleanup.manager [-] Cleaning up neutron vip objects
2019-06-18 09:41:55.421 22701 RALLYDEBUG rally_openstack.cleanup.manager [-] Cleaning up neutron health_monitor objects
2019-06-18 09:41:56.108 22701 RALLYDEBUG rally_openstack.cleanup.manager [-] Cleaning up neutron pool objects
2019-06-18 09:41:57.284 22701 RALLYDEBUG rally_openstack.cleanup.manager [-] Cleaning up neutron loadbalancer objects
2019-06-18 09:41:58.077 22701 RALLYDEBUG rally_openstack.cleanup.manager [-] Cleaning up neutron floatingip objects
2019-06-18 09:41:58.745 22701 RALLYDEBUG rally_openstack.cleanup.manager [-] Cleaning up neutron port objects
2019-06-18 09:41:59.858 22701 RALLYDEBUG rally_openstack.cleanup.manager [-] Deleting neutron.port object s_rally_b48c674a_pTFzC6ow (06f2c2bd-4f5a-4a5e-aa65-f523b2e2ec79)
2019-06-18 09:41:59.861 22701 RALLYDEBUG rally_openstack.cleanup.manager [-] Deleting neutron.port object s_rally_b48c674a_Fzyj8KYw (0d93f6ff-a5b1-4eab-8d2d-0c3537658fca)
2019-06-18 09:41:59.868 22701 RALLYDEBUG rally_openstack.cleanup.manager [-] Deleting neutron.port object s_rally_b48c674a_5nW5eOxp (055609dd-956f-4690-a56b-0f85fe9bb70b)
2019-06-18 09:41:59.868 22701 RALLYDEBUG rally_openstack.cleanup.manager [-] Deleting neutron.port object s_rally_b48c674a_iYP4uuBs (0ea10908-72c5-4142-aa24-8f5c63efec1b)
2019-06-18 09:41:59.878 22701 RALLYDEBUG rally_openstack.cleanup.manager [-] Deleting neutron.port object s_rally_b48c674a_icZYH4H7 (036e333d-9865-476f-bf07-b3f571cfd697)
2019-06-18 09:41:59.887 22701 RALLYDEBUG rally_openstack.cleanup.manager [-] Deleting neutron.port object s_rally_b48c674a_wcic3j3m (017a61cc-94d8-4629-9da1-0044841606db)
2019-06-18 09:41:59.890 22701 RALLYDEBUG rally_openstack.cleanup.manager [-] Deleting neutron.port object s_rally_b48c674a_CDp92JkY (06c8bf8d-e6dd-43e4-9990-4a52bbf4fd22)
2019-06-18 09:41:59.893 22701 RALLYDEBUG rally_openstack.cleanup.manager [-] Deleting neutron.port object s_rally_b48c674a_0u8nc6GI (0f16c342-da13-4a36-811b-1d0fc2a0f8ee)
2019-06-18 09:41:59.894 22701 RALLYDEBUG rally_openstack.cleanup.manager [-] Deleting neutron.port object s_rally_b48c674a_PTmBe6TC (156fee66-5262-4502-b908-a2f010d4118c)
2019-06-18 09:41:59.904 22701 RALLYDEBUG rally_openstack.cleanup.manager [-] Deleting neutron.port object s_rally_b48c674a_6J41Wswj (05d4e80f-10cf-4edb-aa80-6057195147f5)
2019-06-18 09:41:59.906 22701 RALLYDEBUG rally_openstack.cleanup.manager [-] Deleting neutron.port object s_rally_b48c674a_fI6RKgGj (16428519-d2a8-4fc8-8dc2-be082374c2bb)
2019-06-18 09:41:59.906 22701 RALLYDEBUG rally_openstack.cleanup.manager [-] Deleting neutron.port object s_rally_b48c674a_6OWam6wd (0a3fb628-d04c-4d22-be50-dab70f821fc2)
2019-06-18 09:41:59.911 22701 RALLYDEBUG rally_openstack.cleanup.manager [-] Deleting neutron.port object s_rally_b48c674a_2O440XsM (04bef76c-042e-4acf-9d5e-cf43bf9c7aa7)
2019-06-18 09:41:59.919 22701 RALLYDEBUG rally_openstack.cleanup.manager [-] Deleting neutron.port object s_rally_b48c674a_iEoAFcjA (179d7c32-feb9-4b80-b376-6a862ccfa8d0)
2019-06-18 09:41:59.922 22701 RALLYDEBUG rally_openstack.cleanup.manager [-] Deleting neutron.port object s_rally_b48c674a_P7p9yV0R (18ba4c23-19ab-44b0-8d24-3c33bae7cd91)
2019-06-18 09:41:59.924 22701 RALLYDEBUG rally_openstack.cleanup.manager [-] Deleting neutron.port object s_rally_b48c674a_AOoSqJeT (19c1bcdd-6e8b-4a54-a39e-1915ecdec1aa)
2019-06-18 09:41:59.928 22701 RALLYDEBUG rally_openstack.cleanup.manager [-] Deleting neutron.port object s_rally_b48c674a_WLcGjqh9 (16f36625-9e03-48e7-b19c-7731d9674836)
2019-06-18 09:41:59.929 22701 RALLYDEBUG rally_openstack.cleanup.manager [-] Deleting neutron.port object s_rally_b48c674a_NPd75knT (040a1ef4-fd0f-41a9-9ef4-d6d3f2b2589f)
2019-06-18 09:41:59.968 22701 RALLYDEBUG rally_openstack.cleanup.manager [-] Deleting neutron.port object s_rally_b48c674a_fv0iK7f9 (19a9d659-b79b-4aa6-bbed-89512aac1cc7)
2019-06-18 09:42:00.003 22701 RALLYDEBUG rally_openstack.cleanup.manager [-] Deleting neutron.port object s_rally_b48c674a_N7vUBWNk (19c21071-c761-4870-9aa9-6542d1196e80)
2019-06-18 09:42:02.373 22701 RALLYDEBUG rally_openstack.cleanup.manager [-] Deleting neutron.port object s_rally_b48c674a_3z4GzDy7 (1a6083d5-9de9-43d1-84c5-8f809dbe538b)
2019-06-18 09:42:02.459 22701 RALLYDEBUG rally_openstack.cleanup.manager [-] Deleting neutron.port object s_rally_b48c674a_gAngY75g (1aa4c2b7-dc20-4809-a9e3-90cbba7227c4)
2019-06-18 09:42:02.702 22701 RALLYDEBUG rally_openstack.cleanup.manager [-] Deleting neutron.port object s_rally_b48c674a_d70YE3c1 (1ac046f7-91cf-4b76-9724-2b70ea85a3d8)
2019-06-18 09:42:02.784 22701 RALLYDEBUG rally_openstack.cleanup.manager [-] Deleting neutron.port object s_rally_b48c674a_2lpiHnrR (1b009c4a-d8be-42b8-a0da-6316e158a71b)
2019-06-18 09:42:03.156 22701 RALLYDEBUG rally_openstack.cleanup.manager [-] Deleting neutron.port object s_rally_b48c674a_VOBswanS (1dec2cb8-9811-4249-9a9b-0bd3a3f1b050)
2019-06-18 09:42:03.167 22701 RALLYDEBUG rally_openstack.cleanup.manager [-] Deleting neutron.port object s_rally_b48c674a_liaCW82q (1f6cff8f-465d-4b15-b4f3-1061b2c09a67)
2019-06-18 09:42:03.244 22701 RALLYDEBUG rally_openstack.cleanup.manager [-] Deleting neutron.port object s_rally_b48c674a_sjGnl1oi (20142dc8-d6a3-49a0-a797-f6bb995e76dc)
2019-06-18 09:42:03.991 22701 RALLYDEBUG rally_openstack.cleanup.manager [-] Deleting neutron.port object s_rally_b48c674a_gToA8b9J (203381c7-875f-4d52-ac84-160a4fe1f26b)
2019-06-18 09:42:04.276 22701 RALLYDEBUG rally_openstack.cleanup.manager [-] Deleting neutron.port object s_rally_b48c674a_7Jz8UJ6z (20e79c9b-aa3f-4bbe-898d-b4ff268fdc5b)
2019-06-18 09:42:04.875 22701 RALLYDEBUG rally_openstack.cleanup.manager [-] Deleting neutron.port object s_rally_b48c674a_b2z9A6AT (249a4a76-0fab-4f24-9e17-9928e87df026)
2019-06-18 09:42:04.880 22701 RALLYDEBUG rally_openstack.cleanup.manager [-] Deleting neutron.port object s_rally_b48c674a_NOLemBoh (2595cda0-0268-4b0c-9921-dd653ed03b51)
2019-06-18 09:42:04.955 22701 RALLYDEBUG rally_openstack.cleanup.manager [-] Deleting neutron.port object s_rally_b48c674a_cZHPkxwb (2750a114-b3f8-4357-989d-e1ebd0b0ad4a)
2019-06-18 09:42:05.225 22701 RALLYDEBUG rally_openstack.cleanup.manager [-] Deleting neutron.port object s_rally_b48c674a_W45fsRXz (2937f257-584d-438c-a915-7dee0cc94702)
2019-06-18 09:42:05.368 22701 RALLYDEBUG rally_openstack.cleanup.manager [-] Deleting neutron.port object s_rally_b48c674a_Yw7OmE5q (2965dfd7-c469-43fc-8e68-27824133171e)
2019-06-18 09:42:05.431 22701 RALLYDEBUG rally_openstack.cleanup.manager [-] Deleting neutron.port object s_rally_b48c674a_xGYUvfQh (2d76ab0a-d2c2-41a8-8302-b50a05bb50e8)
2019-06-18 09:42:05.431 22701 RALLYDEBUG rally_openstack.cleanup.manager [-] Deleting neutron.port object s_rally_b48c674a_X6DlQxvi (2a45ab10-7a51-4ee9-aaf4-de3edc9d1211)
2019-06-18 09:42:05.585 22701 RALLYDEBUG rally_openstack.cleanup.manager [-] Deleting neutron.port object s_rally_b48c674a_3TuS4Fnt (2db9bc9b-b5cb-4ead-a6ee-da1395226cc7)
2019-06-18 09:42:05.749 22701 RALLYDEBUG rally_openstack.cleanup.manager [-] Deleting neutron.port object s_rally_b48c674a_0OoI3tI2 (2e2bb6ea-094d-4a9c-965a-0837763d4467)
2019-06-18 09:42:05.892 22701 RALLYDEBUG rally_openstack.cleanup.manager [-] Deleting neutron.port object s_rally_b48c674a_o2n6LHNW (2f741fe4-5b7c-4202-8309-5a501a8c9143)
2019-06-18 09:42:05.912 22701 RALLYDEBUG rally_openstack.cleanup.manager [-] Deleting neutron.port object s_rally_b48c674a_4iTbZCat (2f867e60-04c2-47d6-be47-82a24c61313b)
2019-06-18 09:42:05.993 22701 RALLYDEBUG rally_openstack.cleanup.manager [-] Deleting neutron.port object s_rally_b48c674a_fpwTBJmQ (2fd41749-5b31-4c34-a60d-e9966cc98e3c)
2019-06-18 09:42:05.995 22701 RALLYDEBUG rally_openstack.cleanup.manager [-] Deleting neutron.port object s_rally_b48c674a_0afAJAJg (30807427-792d-4f79-bb3a-959c93a40932)
2019-06-18 09:42:06.141 22701 RALLYDEBUG rally_openstack.cleanup.manager [-] Deleting neutron.port object s_rally_b48c674a_XCTOHTUM (33ef1389-b662-46e4-a79e-d86eb4322516)
2019-06-18 09:42:06.618 22701 RALLYDEBUG rally_openstack.cleanup.manager [-] Deleting neutron.port object s_rally_b48c674a_fJPBL8gw (34227bf8-b188-4807-a6ec-aa702c84862e)
2019-06-18 09:42:06.812 22701 RALLYDEBUG rally_openstack.cleanup.manager [-] Deleting neutron.port object s_rally_b48c674a_opulXvgQ (35156968-ed25-4219-996a-8de045a5f935)
2019-06-18 09:42:07.345 22701 RALLYDEBUG rally_openstack.cleanup.manager [-] Deleting neutron.port object s_rally_b48c674a_F4VgZs8H (3578b666-65ef-482b-b0ee-da6aff5fe799)
2019-06-18 09:42:07.547 22701 RALLYDEBUG rally_openstack.cleanup.manager [-] Deleting neutron.port object s_rally_b48c674a_YOTNF2CC (36829252-557e-4167-93fa-e44d53f40044)
2019-06-18 09:42:07.561 22701 RALLYDEBUG rally_openstack.cleanup.manager [-] Deleting neutron.port object s_rally_b48c674a_Ck3D2Vhf (39d96787-24b2-4529-9a90-4e02a4406440)
2019-06-18 09:42:07.565 22701 RALLYDEBUG rally_openstack.cleanup.manager [-] Deleting neutron.port object s_rally_b48c674a_4JwAcgw0 (3b8b4ede-099a-4526-9366-fbe9f9a17cd7)
2019-06-18 09:42:07.576 22701 RALLYDEBUG rally_openstack.cleanup.manager [-] Deleting neutron.port object s_rally_b48c674a_aBerDQG8 (3e325800-cb27-4cf7-9c71-52d4cfe54e13)
2019-06-18 09:42:07.628 22701 RALLYDEBUG rally_openstack.cleanup.manager [-] Deleting neutron.port object s_rally_b48c674a_B9xzQnD4 (3e94eab8-112a-4eb8-958d-5f0804221987)
2019-06-18 09:42:08.210 22701 RALLYDEBUG rally_openstack.cleanup.manager [-] Deleting neutron.port object s_rally_b48c674a_pnvgivBz (416777a4-a2ba-4496-bd28-cc700c870d5c)
2019-06-18 09:42:08.401 22701 RALLYDEBUG rally_openstack.cleanup.manager [-] Deleting neutron.port object s_rally_b48c674a_JrfaE056 (42cc96c1-2d37-430f-a9fb-3f801d145823)
2019-06-18 09:42:08.451 22701 RALLYDEBUG rally_openstack.cleanup.manager [-] Deleting neutron.port object s_rally_b48c674a_vT4oHiKq (4393669b-a4bd-4f77-b763-202c3d0cc6c0)
2019-06-18 09:42:08.512 22701 RALLYDEBUG rally_openstack.cleanup.manager [-] Deleting neutron.port object s_rally_b48c674a_aQWexNxB (45e3f0e3-6f07-4cf3-b640-ba6943875a45)
2019-06-18 09:42:08.538 22701 RALLYDEBUG rally_openstack.cleanup.manager [-] Deleting neutron.port object s_rally_b48c674a_OuMQDPqA (45e6a612-4ec9-467c-8861-71351046ac8d)
2019-06-18 09:42:08.559 22701 RALLYDEBUG rally_openstack.cleanup.manager [-] Deleting neutron.port object s_rally_b48c674a_ZgWVTU2S (45f76cbc-1ef0-4547-801c-14e0646fe90d)
2019-06-18 09:42:08.604 22701 RALLYDEBUG rally_openstack.cleanup.manager [-] Deleting neutron.port object s_rally_b48c674a_plshhoz2 (47971da5-05a9-44df-8ef1-b1a489ef129d)
2019-06-18 09:42:08.738 22701 RALLYDEBUG rally_openstack.cleanup.manager [-] Deleting neutron.port object s_rally_b48c674a_W4IRHfU1 (480bee84-5046-470f-a29c-7509ed6e932c)
2019-06-18 09:42:08.925 22701 RALLYDEBUG rally_openstack.cleanup.manager [-] Deleting neutron.port object s_rally_b48c674a_Ly1p6kGi (48137808-7c16-4a5a-a18d-6be9be17d9f3)
2019-06-18 09:42:09.295 22701 RALLYDEBUG rally_openstack.cleanup.manager [-] Deleting neutron.port object s_rally_b48c674a_tZSc6zJ6 (4b0ac4f7-a88e-4223-ba25-f0245cbb5ddc)
2019-06-18 09:42:09.382 22701 RALLYDEBUG rally_openstack.cleanup.manager [-] Deleting neutron.port object s_rally_b48c674a_lkOBHTdi (4d2e8690-9ca5-4b0d-89c7-9598c9447cd2)
2019-06-18 09:42:09.387 22701 RALLYDEBUG rally_openstack.cleanup.manager [-] Deleting neutron.port object s_rally_b48c674a_UsXXGQeJ (4fea029e-c38f-49b4-ba19-ae9b518ca131)
2019-06-18 09:42:09.624 22701 RALLYDEBUG rally_openstack.cleanup.manager [-] Deleting neutron.port object s_rally_b48c674a_CVzijqzh (50afe789-179c-4453-8cb0-50bfcc3c9b10)
2019-06-18 09:42:09.629 22701 RALLYDEBUG rally_openstack.cleanup.manager [-] Deleting neutron.port object s_rally_b48c674a_JgaKs64C (5330d48a-cb16-48c2-81af-4228e87e33ab)
2019-06-18 09:42:09.660 22701 RALLYDEBUG rally_openstack.cleanup.manager [-] Deleting neutron.port object s_rally_b48c674a_5OpkXiZ0 (53b1b633-2acf-464f-84a5-e98f393873aa)
2019-06-18 09:42:10.072 22701 RALLYDEBUG rally_openstack.cleanup.manager [-] Deleting neutron.port object s_rally_b48c674a_KVjr7djl (55613f43-cc8c-4b7e-afbf-0afd2d54bc51)
2019-06-18 09:42:10.594 22701 RALLYDEBUG rally_openstack.cleanup.manager [-] Deleting neutron.port object s_rally_b48c674a_4eg0HPBq (58d4edbc-e7e9-4354-8bfd-fd48eef691e0)
2019-06-18 09:42:10.595 22701 RALLYDEBUG rally_openstack.cleanup.manager [-] Deleting neutron.port object s_rally_b48c674a_rHAnxE7X (58fa534f-dd8f-4b8e-b9b2-0cb02316718d)
