2019-06-18 09:21:38.011 22692 RALLYDEBUG rally.api [-] INFO logs from urllib3 and requests module are hide.
2019-06-18 09:21:38.011 22692 RALLYDEBUG rally.api [-] urllib3 insecure warnings are hidden.
2019-06-18 09:21:38.011 22692 RALLYDEBUG rally.api [-] ERROR log from boto module is hide.
2019-06-18 09:21:40.381 22694 RALLYDEBUG rally.api [-] INFO logs from urllib3 and requests module are hide.
2019-06-18 09:21:40.381 22694 RALLYDEBUG rally.api [-] urllib3 insecure warnings are hidden.
2019-06-18 09:21:40.381 22694 RALLYDEBUG rally.api [-] ERROR log from boto module is hide.
2019-06-18 09:21:41.669 22694 WARNING rally_openstack.platforms.existing [-] endpoint is deprecated and not used.
2019-06-18 09:21:42.553 22696 RALLYDEBUG rally.api [-] INFO logs from urllib3 and requests module are hide.
2019-06-18 09:21:42.553 22696 RALLYDEBUG rally.api [-] urllib3 insecure warnings are hidden.
2019-06-18 09:21:42.553 22696 RALLYDEBUG rally.api [-] ERROR log from boto module is hide.
2019-06-18 09:21:45.791 22699 RALLYDEBUG rally.api [-] INFO logs from urllib3 and requests module are hide.
2019-06-18 09:21:45.791 22699 RALLYDEBUG rally.api [-] urllib3 insecure warnings are hidden.
2019-06-18 09:21:45.791 22699 RALLYDEBUG rally.api [-] ERROR log from boto module is hide.
2019-06-18 09:21:47.658 22701 RALLYDEBUG rally.api [-] INFO logs from urllib3 and requests module are hide.
2019-06-18 09:21:47.658 22701 RALLYDEBUG rally.api [-] urllib3 insecure warnings are hidden.
2019-06-18 09:21:47.658 22701 RALLYDEBUG rally.api [-] ERROR log from boto module is hide.
2019-06-18 09:21:48.863 22701 INFO rally.common.plugin.discover [-] Loading plugins from directories /root/.rally/plugins/*
2019-06-18 09:21:48.863 22701 INFO rally.common.plugin.discover [-] Loaded module with plugins: /root/.rally/plugins/__init__.py
2019-06-18 09:21:48.866 22701 INFO rally.common.plugin.discover [-] Loaded module with plugins: /root/.rally/plugins/trunk_scenario.py
2019-06-18 09:21:49.024 22701 INFO rally.task.engine [-] Task 5df77ffe-fa02-4f78-b965-d948aa92c4ef | Starting: Task validation.
2019-06-18 09:21:49.068 22701 INFO rally.task.engine [-] Task 5df77ffe-fa02-4f78-b965-d948aa92c4ef | Starting: Task validation of syntax.
2019-06-18 09:21:49.200 22701 INFO rally.task.engine [-] Task 5df77ffe-fa02-4f78-b965-d948aa92c4ef | Completed: Task validation of syntax.
2019-06-18 09:21:49.201 22701 INFO rally.task.engine [-] Task 5df77ffe-fa02-4f78-b965-d948aa92c4ef | Starting: Task validation of required platforms.
2019-06-18 09:21:49.256 22701 INFO rally.task.engine [-] Task 5df77ffe-fa02-4f78-b965-d948aa92c4ef | Completed: Task validation of required platforms.
2019-06-18 09:21:49.256 22701 INFO rally.task.engine [-] Task 5df77ffe-fa02-4f78-b965-d948aa92c4ef | Starting: Task validation of semantic.
2019-06-18 09:21:49.256 22701 INFO rally.task.engine [-] Check health of the environment 'cf2faead-179c-4e62-9b47-aef6b8cc3c2e'.
2019-06-18 09:21:50.051 22701 INFO rally.task.engine [-] Platform existing@openstack (available: True): OK!
2019-06-18 09:21:50.070 22701 RALLYDEBUG rally_openstack.contexts.keystone.users [-] Creating 1 tenants using 20 threads
2019-06-18 09:21:51.726 22701 RALLYDEBUG rally_openstack.contexts.keystone.users [-] Creating 1 users using 20 threads
2019-06-18 09:21:54.236 22701 INFO rally.task.context [-] Task 5df77ffe-fa02-4f78-b965-d948aa92c4ef | Context users@openstack setup() finished in 4.17 sec
2019-06-18 09:22:00.450 22701 INFO rally.task.context [-] Task 5df77ffe-fa02-4f78-b965-d948aa92c4ef | Context users@openstack cleanup() started
2019-06-18 09:22:04.909 22701 INFO rally.task.context [-] Task 5df77ffe-fa02-4f78-b965-d948aa92c4ef | Context users@openstack cleanup() finished in 4.46 sec
2019-06-18 09:22:04.909 22701 INFO rally.task.engine [-] Task 5df77ffe-fa02-4f78-b965-d948aa92c4ef | Completed: Task validation of semantic.
2019-06-18 09:22:04.909 22701 INFO rally.task.engine [-] Task 5df77ffe-fa02-4f78-b965-d948aa92c4ef | Completed: Task validation.
2019-06-18 09:22:04.909 22701 INFO rally.api [-] Task 5df77ffe-fa02-4f78-b965-d948aa92c4ef input file is valid.
2019-06-18 09:22:04.909 22701 INFO rally.api [-] Run Task 5df77ffe-fa02-4f78-b965-d948aa92c4ef against Deployment cf2faead-179c-4e62-9b47-aef6b8cc3c2e
2019-06-18 09:22:04.910 22701 INFO rally.task.engine [-] Task 5df77ffe-fa02-4f78-b965-d948aa92c4ef | Starting: Running task.
2019-06-18 09:22:05.058 22701 INFO rally.task.engine [-] Running workload: position = 0 config = { "version": 2, "title": "A cropped version of a bigger task.", "description": "Auto-generated task from a single workload (uuid=85e6ff2b-9e64-4716-94f1-0fd39477b956)", "subtasks": [ { "title": "NeutronNetworks.create_and_list_networks", "description": "Check performance of list_networks action and ensure > network quotas are not exceeded", "scenario": { "NeutronNetworks.create_and_list_networks": {} }, "contexts": { "users": { "tenants": 1, "users_per_tenant": 1 }, "quotas": { "neutron": { "network": 119 } } }, "runner": { "constant": { "times": 100, "concurrency": 20 } }, "hooks": [], "sla": { "max_avg_duration_per_atomic": { "neutron.list_networks": 15 }, "failure_rate": { "max": 0 } } } ] }
2019-06-18 09:22:05.077 22701 RALLYDEBUG rally_openstack.contexts.keystone.users [-] Creating 1 tenants using 20 threads
2019-06-18 09:22:06.798 22701 RALLYDEBUG rally_openstack.contexts.keystone.users [-] Creating 1 users using 20 threads
2019-06-18 09:22:09.124 22701 INFO rally.task.context [-] Task 5df77ffe-fa02-4f78-b965-d948aa92c4ef | Context users@openstack setup() finished in 4.05 sec
2019-06-18 09:22:09.845 22701 INFO rally.task.context [-] Task 5df77ffe-fa02-4f78-b965-d948aa92c4ef | Context quotas@openstack setup() finished in 0.72 sec
2019-06-18 09:22:09.845 22701 INFO rally.task.context [-] Task 5df77ffe-fa02-4f78-b965-d948aa92c4ef | Context cleanup@openstack setup() finished in 0.03 msec
2019-06-18 09:22:09.853 22701 RALLYDEBUG rally.task.runner [-] Starting the constant runner (task UUID: 5df77ffe-fa02-4f78-b965-d948aa92c4ef). timeout: 0 concurrency: 20 concurrency_per_worker: 1 times: 100 concurrency_overhead: 4 processes_to_start: 16 max_cpu_used: 16
2019-06-18 09:22:09.864 22825 RALLYDEBUG rally.task.runner [-] Starting a worker. concurrency: 2 args: {} times: 100 method_name: run timeout: 0 duration: None cls:
2019-06-18 09:22:09.868 22826 RALLYDEBUG rally.task.runner [-] Starting a worker. concurrency: 2 args: {} times: 100 method_name: run timeout: 0 duration: None cls:
2019-06-18 09:22:09.870 22825 INFO rally.task.runner [-] Task 5df77ffe-fa02-4f78-b965-d948aa92c4ef | ITER: 1 START
2019-06-18 09:22:09.871 22827 RALLYDEBUG rally.task.runner [-] Starting a worker. concurrency: 2 args: {} times: 100 method_name: run timeout: 0 duration: None cls:
2019-06-18 09:22:09.872 22829 RALLYDEBUG rally.task.runner [-] Starting a worker. concurrency: 2 args: {} times: 100 method_name: run timeout: 0 duration: None cls:
2019-06-18 09:22:09.874 22832 RALLYDEBUG rally.task.runner [-] Starting a worker. concurrency: 1 args: {} times: 100 method_name: run timeout: 0 duration: None cls:
2019-06-18 09:22:09.874 22825 INFO rally.task.runner [-] Task 5df77ffe-fa02-4f78-b965-d948aa92c4ef | ITER: 2 START
2019-06-18 09:22:09.877 22837 RALLYDEBUG rally.task.runner [-] Starting a worker. concurrency: 1 args: {} times: 100 method_name: run timeout: 0 duration: None cls:
2019-06-18 09:22:09.878 22829 INFO rally.task.runner [-] Task 5df77ffe-fa02-4f78-b965-d948aa92c4ef | ITER: 7 START
2019-06-18 09:22:09.878 22826 INFO rally.task.runner [-] Task 5df77ffe-fa02-4f78-b965-d948aa92c4ef | ITER: 3 START
2019-06-18 09:22:09.880 22827 INFO rally.task.runner [-] Task 5df77ffe-fa02-4f78-b965-d948aa92c4ef | ITER: 4 START
2019-06-18 09:22:09.880 22832 INFO rally.task.runner [-] Task 5df77ffe-fa02-4f78-b965-d948aa92c4ef | ITER: 8 START
2019-06-18 09:22:09.881 22843 RALLYDEBUG rally.task.runner [-] Starting a worker. concurrency: 1 args: {} times: 100 method_name: run timeout: 0 duration: None cls:
2019-06-18 09:22:09.881 22829 INFO rally.task.runner [-] Task 5df77ffe-fa02-4f78-b965-d948aa92c4ef | ITER: 5 START
2019-06-18 09:22:09.885 22837 INFO rally.task.runner [-] Task 5df77ffe-fa02-4f78-b965-d948aa92c4ef | ITER: 10 START
2019-06-18 09:22:09.884 22826 INFO rally.task.runner [-] Task 5df77ffe-fa02-4f78-b965-d948aa92c4ef | ITER: 6 START
2019-06-18 09:22:09.887 22843 INFO rally.task.runner [-] Task 5df77ffe-fa02-4f78-b965-d948aa92c4ef | ITER: 11 START
2019-06-18 09:22:09.887 22827 INFO rally.task.runner [-] Task 5df77ffe-fa02-4f78-b965-d948aa92c4ef | ITER: 9 START
2019-06-18 09:22:09.890 22850 RALLYDEBUG rally.task.runner [-] Starting a worker. concurrency: 1 args: {} times: 100 method_name: run timeout: 0 duration: None cls:
2019-06-18 09:22:09.897 22850 INFO rally.task.runner [-] Task 5df77ffe-fa02-4f78-b965-d948aa92c4ef | ITER: 12 START
2019-06-18 09:22:09.897 22851 RALLYDEBUG rally.task.runner [-] Starting a worker. concurrency: 1 args: {} times: 100 method_name: run timeout: 0 duration: None cls:
2019-06-18 09:22:09.908 22851 INFO rally.task.runner [-] Task 5df77ffe-fa02-4f78-b965-d948aa92c4ef | ITER: 13 START
2019-06-18 09:22:09.907 22854 RALLYDEBUG rally.task.runner [-] Starting a worker. concurrency: 1 args: {} times: 100 method_name: run timeout: 0 duration: None cls:
2019-06-18 09:22:09.922 22854 INFO rally.task.runner [-] Task 5df77ffe-fa02-4f78-b965-d948aa92c4ef | ITER: 14 START
2019-06-18 09:22:09.925 22862 RALLYDEBUG rally.task.runner [-] Starting a worker. concurrency: 1 args: {} times: 100 method_name: run timeout: 0 duration: None cls:
2019-06-18 09:22:09.923 22856 RALLYDEBUG rally.task.runner [-] Starting a worker. concurrency: 1 args: {} times: 100 method_name: run timeout: 0 duration: None cls:
2019-06-18 09:22:09.929 22862 INFO rally.task.runner [-] Task 5df77ffe-fa02-4f78-b965-d948aa92c4ef | ITER: 15 START
2019-06-18 09:22:09.922 22858 RALLYDEBUG rally.task.runner [-] Starting a worker. concurrency: 1 args: {} times: 100 method_name: run timeout: 0 duration: None cls:
2019-06-18 09:22:09.933 22856 INFO rally.task.runner [-] Task 5df77ffe-fa02-4f78-b965-d948aa92c4ef | ITER: 16 START
2019-06-18 09:22:09.935 22866 RALLYDEBUG rally.task.runner [-] Starting a worker. concurrency: 1 args: {} times: 100 method_name: run timeout: 0 duration: None cls:
2019-06-18 09:22:09.935 22863 RALLYDEBUG rally.task.runner [-] Starting a worker. concurrency: 1 args: {} times: 100 method_name: run timeout: 0 duration: None cls:
2019-06-18 09:22:09.925 22859 RALLYDEBUG rally.task.runner [-] Starting a worker. concurrency: 1 args: {} times: 100 method_name: run timeout: 0 duration: None cls:
2019-06-18 09:22:09.940 22863 INFO rally.task.runner [-] Task 5df77ffe-fa02-4f78-b965-d948aa92c4ef | ITER: 18 START
2019-06-18 09:22:09.941 22858 INFO rally.task.runner [-] Task 5df77ffe-fa02-4f78-b965-d948aa92c4ef | ITER: 17 START
2019-06-18 09:22:09.941 22866 INFO rally.task.runner [-] Task 5df77ffe-fa02-4f78-b965-d948aa92c4ef | ITER: 19 START
2019-06-18 09:22:09.942 22859 INFO rally.task.runner [-] Task 5df77ffe-fa02-4f78-b965-d948aa92c4ef | ITER: 20 START
2019-06-18 09:22:11.312 22850 INFO rally.task.runner [-] Task 5df77ffe-fa02-4f78-b965-d948aa92c4ef | ITER: 12 END: OK
2019-06-18 09:22:11.316 22850 INFO rally.task.runner [-] Task 5df77ffe-fa02-4f78-b965-d948aa92c4ef | ITER: 21 START
2019-06-18 09:22:11.497 22829 INFO rally.task.runner [-] Task 5df77ffe-fa02-4f78-b965-d948aa92c4ef | ITER: 7 END: OK
2019-06-18 09:22:11.501 22829 INFO rally.task.runner [-] Task 5df77ffe-fa02-4f78-b965-d948aa92c4ef | ITER: 22 START
2019-06-18 09:22:11.609 22862 INFO rally.task.runner [-] Task 5df77ffe-fa02-4f78-b965-d948aa92c4ef | ITER: 15 END: OK
2019-06-18 09:22:11.613 22862 INFO rally.task.runner [-] Task 5df77ffe-fa02-4f78-b965-d948aa92c4ef | ITER: 23 START
2019-06-18 09:22:11.649 22832 INFO rally.task.runner [-] Task 5df77ffe-fa02-4f78-b965-d948aa92c4ef | ITER: 8 END: OK
2019-06-18 09:22:11.652 22832 INFO rally.task.runner [-] Task 5df77ffe-fa02-4f78-b965-d948aa92c4ef | ITER: 24 START
2019-06-18 09:22:12.258 22856 INFO rally.task.runner [-] Task 5df77ffe-fa02-4f78-b965-d948aa92c4ef | ITER: 16 END: OK
2019-06-18 09:22:12.262 22856 INFO rally.task.runner [-] Task 5df77ffe-fa02-4f78-b965-d948aa92c4ef | ITER: 25 START
2019-06-18 09:22:12.361 22837 INFO rally.task.runner [-] Task 5df77ffe-fa02-4f78-b965-d948aa92c4ef | ITER: 10 END: OK
2019-06-18 09:22:12.365 22837 INFO rally.task.runner [-] Task 5df77ffe-fa02-4f78-b965-d948aa92c4ef | ITER: 26 START
2019-06-18 09:22:12.456 22863 INFO rally.task.runner [-] Task 5df77ffe-fa02-4f78-b965-d948aa92c4ef | ITER: 18 END: OK
2019-06-18 09:22:12.459 22863 INFO rally.task.runner [-] Task 5df77ffe-fa02-4f78-b965-d948aa92c4ef | ITER: 27 START
2019-06-18 09:22:12.504 22825 INFO rally.task.runner [-] Task 5df77ffe-fa02-4f78-b965-d948aa92c4ef | ITER: 1 END: OK
2019-06-18 09:22:12.509 22825 INFO rally.task.runner [-] Task 5df77ffe-fa02-4f78-b965-d948aa92c4ef | ITER: 28 START
2019-06-18 09:22:12.819 22825 INFO rally.task.runner [-] Task 5df77ffe-fa02-4f78-b965-d948aa92c4ef | ITER: 2 END: OK
2019-06-18 09:22:12.822 22825 INFO rally.task.runner [-] Task 5df77ffe-fa02-4f78-b965-d948aa92c4ef | ITER: 29 START
2019-06-18 09:22:12.887 22843 INFO rally.task.runner [-] Task 5df77ffe-fa02-4f78-b965-d948aa92c4ef | ITER: 11 END: OK
2019-06-18 09:22:12.891 22843 INFO rally.task.runner [-] Task 5df77ffe-fa02-4f78-b965-d948aa92c4ef | ITER: 30 START
2019-06-18 09:22:12.911 22826 INFO rally.task.runner [-] Task 5df77ffe-fa02-4f78-b965-d948aa92c4ef | ITER: 6 END: OK
2019-06-18 09:22:12.916 22826 INFO rally.task.runner [-] Task 5df77ffe-fa02-4f78-b965-d948aa92c4ef | ITER: 31 START
2019-06-18 09:22:13.173 22827 INFO rally.task.runner [-] Task 5df77ffe-fa02-4f78-b965-d948aa92c4ef | ITER: 9 END: OK
2019-06-18 09:22:13.177 22827 INFO rally.task.runner [-] Task 5df77ffe-fa02-4f78-b965-d948aa92c4ef | ITER: 32 START
2019-06-18 09:22:13.278 22829 INFO rally.task.runner [-] Task 5df77ffe-fa02-4f78-b965-d948aa92c4ef | ITER: 5 END: OK
2019-06-18 09:22:13.281 22829 INFO rally.task.runner [-] Task 5df77ffe-fa02-4f78-b965-d948aa92c4ef | ITER: 33 START
2019-06-18 09:22:13.383 22858 INFO rally.task.runner [-] Task 5df77ffe-fa02-4f78-b965-d948aa92c4ef | ITER: 17 END: OK
2019-06-18 09:22:13.386 22858 INFO rally.task.runner [-] Task 5df77ffe-fa02-4f78-b965-d948aa92c4ef | ITER: 34 START
2019-06-18 09:22:13.760 22854 INFO rally.task.runner [-] Task 5df77ffe-fa02-4f78-b965-d948aa92c4ef | ITER: 14 END: OK
2019-06-18 09:22:13.764 22854 INFO rally.task.runner [-] Task 5df77ffe-fa02-4f78-b965-d948aa92c4ef | ITER: 35 START
2019-06-18 09:22:13.774 22827 INFO rally.task.runner [-] Task 5df77ffe-fa02-4f78-b965-d948aa92c4ef | ITER: 4 END: OK
2019-06-18 09:22:13.776 22827 INFO rally.task.runner [-] Task 5df77ffe-fa02-4f78-b965-d948aa92c4ef | ITER: 36 START
2019-06-18 09:22:13.783 22859 INFO rally.task.runner [-] Task 5df77ffe-fa02-4f78-b965-d948aa92c4ef | ITER: 20 END: OK
2019-06-18 09:22:13.786 22859 INFO rally.task.runner [-] Task 5df77ffe-fa02-4f78-b965-d948aa92c4ef | ITER: 37 START
2019-06-18 09:22:13.792 22826 INFO rally.task.runner [-] Task 5df77ffe-fa02-4f78-b965-d948aa92c4ef | ITER: 3 END: OK
2019-06-18 09:22:13.794 22851 INFO rally.task.runner [-] Task 5df77ffe-fa02-4f78-b965-d948aa92c4ef | ITER: 13 END: OK
2019-06-18 09:22:13.795 22826 INFO rally.task.runner [-] Task 5df77ffe-fa02-4f78-b965-d948aa92c4ef | ITER: 38 START
2019-06-18 09:22:13.798 22851 INFO rally.task.runner [-] Task 5df77ffe-fa02-4f78-b965-d948aa92c4ef | ITER: 39 START
2019-06-18 09:22:14.263 22866 INFO rally.task.runner [-] Task 5df77ffe-fa02-4f78-b965-d948aa92c4ef | ITER: 19 END: OK
2019-06-18 09:22:14.267 22866 INFO rally.task.runner [-] Task 5df77ffe-fa02-4f78-b965-d948aa92c4ef | ITER: 40 START
2019-06-18 09:22:14.617 22850 INFO rally.task.runner [-] Task 5df77ffe-fa02-4f78-b965-d948aa92c4ef | ITER: 21 END: OK
2019-06-18 09:22:14.621 22850 INFO rally.task.runner [-] Task 5df77ffe-fa02-4f78-b965-d948aa92c4ef | ITER: 41 START
2019-06-18 09:22:15.708 22862 INFO rally.task.runner [-] Task 5df77ffe-fa02-4f78-b965-d948aa92c4ef | ITER: 23 END: OK
2019-06-18 09:22:15.711 22862 INFO rally.task.runner [-] Task 5df77ffe-fa02-4f78-b965-d948aa92c4ef | ITER: 42 START
2019-06-18 09:22:15.927 22829 INFO rally.task.runner [-] Task 5df77ffe-fa02-4f78-b965-d948aa92c4ef | ITER: 22 END: OK
2019-06-18 09:22:15.929 22825 INFO rally.task.runner [-] Task 5df77ffe-fa02-4f78-b965-d948aa92c4ef | ITER: 28 END: OK
2019-06-18 09:22:15.930 22829 INFO rally.task.runner [-] Task 5df77ffe-fa02-4f78-b965-d948aa92c4ef | ITER: 43 START
2019-06-18 09:22:15.932 22825 INFO rally.task.runner [-] Task 5df77ffe-fa02-4f78-b965-d948aa92c4ef | ITER: 44 START
2019-06-18 09:22:15.933 22843 INFO rally.task.runner [-] Task 5df77ffe-fa02-4f78-b965-d948aa92c4ef | ITER: 30 END: OK
2019-06-18 09:22:15.936 22843 INFO rally.task.runner [-] Task 5df77ffe-fa02-4f78-b965-d948aa92c4ef | ITER: 45 START
2019-06-18 09:22:15.939 22832 INFO rally.task.runner [-] Task 5df77ffe-fa02-4f78-b965-d948aa92c4ef | ITER: 24 END: OK
2019-06-18 09:22:15.943 22832 INFO rally.task.runner [-] Task 5df77ffe-fa02-4f78-b965-d948aa92c4ef | ITER: 46 START
2019-06-18 09:22:15.986 22856 INFO rally.task.runner [-] Task 5df77ffe-fa02-4f78-b965-d948aa92c4ef | ITER: 25 END: OK
2019-06-18 09:22:15.990 22856 INFO rally.task.runner [-] Task 5df77ffe-fa02-4f78-b965-d948aa92c4ef | ITER: 47 START
2019-06-18 09:22:16.120 22827 INFO rally.task.runner [-] Task 5df77ffe-fa02-4f78-b965-d948aa92c4ef | ITER: 32 END: OK
2019-06-18 09:22:16.123 22827 INFO rally.task.runner [-] Task 5df77ffe-fa02-4f78-b965-d948aa92c4ef | ITER: 48 START
2019-06-18 09:22:16.125 22837 INFO rally.task.runner [-] Task 5df77ffe-fa02-4f78-b965-d948aa92c4ef | ITER: 26 END: OK
2019-06-18 09:22:16.128 22837 INFO rally.task.runner [-] Task 5df77ffe-fa02-4f78-b965-d948aa92c4ef | ITER: 49 START
2019-06-18 09:22:16.128 22858 INFO rally.task.runner [-] Task 5df77ffe-fa02-4f78-b965-d948aa92c4ef | ITER: 34 END: OK
2019-06-18 09:22:16.131 22858 INFO rally.task.runner [-] Task 5df77ffe-fa02-4f78-b965-d948aa92c4ef | ITER: 50 START
2019-06-18 09:22:16.430 22863 INFO rally.task.runner [-] Task 5df77ffe-fa02-4f78-b965-d948aa92c4ef | ITER: 27 END: OK
2019-06-18 09:22:16.433 22863 INFO rally.task.runner [-] Task 5df77ffe-fa02-4f78-b965-d948aa92c4ef | ITER: 51 START
2019-06-18 09:22:16.565 22825 INFO rally.task.runner [-] Task 5df77ffe-fa02-4f78-b965-d948aa92c4ef | ITER: 29 END: OK
2019-06-18 09:22:16.568 22825 INFO rally.task.runner [-] Task 5df77ffe-fa02-4f78-b965-d948aa92c4ef | ITER: 52 START
2019-06-18 09:22:16.573 22854 INFO rally.task.runner [-] Task 5df77ffe-fa02-4f78-b965-d948aa92c4ef | ITER: 35 END: OK
2019-06-18 09:22:16.576 22854 INFO rally.task.runner [-] Task 5df77ffe-fa02-4f78-b965-d948aa92c4ef | ITER: 53 START
2019-06-18 09:22:16.668 22859 INFO rally.task.runner [-] Task 5df77ffe-fa02-4f78-b965-d948aa92c4ef | ITER: 37 END: OK
2019-06-18 09:22:16.672 22859 INFO rally.task.runner [-] Task 5df77ffe-fa02-4f78-b965-d948aa92c4ef | ITER: 54 START
2019-06-18 09:22:16.750 22826 INFO rally.task.runner [-] Task 5df77ffe-fa02-4f78-b965-d948aa92c4ef | ITER: 31 END: OK
2019-06-18 09:22:16.754 22826 INFO rally.task.runner [-] Task 5df77ffe-fa02-4f78-b965-d948aa92c4ef | ITER: 55 START
2019-06-18 09:22:16.788 22850 INFO rally.task.runner [-] Task 5df77ffe-fa02-4f78-b965-d948aa92c4ef | ITER: 41 END: OK
2019-06-18 09:22:16.792 22850 INFO rally.task.runner [-] Task 5df77ffe-fa02-4f78-b965-d948aa92c4ef | ITER: 56 START
2019-06-18 09:22:16.897 22829 INFO rally.task.runner [-] Task 5df77ffe-fa02-4f78-b965-d948aa92c4ef | ITER: 33 END: OK
2019-06-18 09:22:16.900 22829 INFO rally.task.runner [-] Task 5df77ffe-fa02-4f78-b965-d948aa92c4ef | ITER: 57 START
2019-06-18 09:22:16.904 22866 INFO rally.task.runner [-] Task 5df77ffe-fa02-4f78-b965-d948aa92c4ef | ITER: 40 END: OK
2019-06-18 09:22:16.908 22866 INFO rally.task.runner [-] Task 5df77ffe-fa02-4f78-b965-d948aa92c4ef | ITER: 58 START
2019-06-18 09:22:17.535 22827 INFO rally.task.runner [-] Task 5df77ffe-fa02-4f78-b965-d948aa92c4ef | ITER: 36 END: OK
2019-06-18 09:22:17.538 22827 INFO rally.task.runner [-] Task 5df77ffe-fa02-4f78-b965-d948aa92c4ef | ITER: 59 START
2019-06-18 09:22:17.562 22851 INFO rally.task.runner [-] Task 5df77ffe-fa02-4f78-b965-d948aa92c4ef | ITER: 39 END: OK
2019-06-18 09:22:17.565 22851 INFO rally.task.runner [-] Task 5df77ffe-fa02-4f78-b965-d948aa92c4ef | ITER: 60 START
2019-06-18 09:22:17.589 22826 INFO rally.task.runner [-] Task 5df77ffe-fa02-4f78-b965-d948aa92c4ef | ITER: 38 END: OK
2019-06-18 09:22:17.592 22826 INFO rally.task.runner [-] Task 5df77ffe-fa02-4f78-b965-d948aa92c4ef | ITER: 61 START
2019-06-18 09:22:17.646 22862 INFO rally.task.runner [-] Task 5df77ffe-fa02-4f78-b965-d948aa92c4ef | ITER: 42 END: OK
2019-06-18 09:22:17.649 22862 INFO rally.task.runner [-] Task 5df77ffe-fa02-4f78-b965-d948aa92c4ef | ITER: 62 START
2019-06-18 09:22:17.813 22825 INFO rally.task.runner [-] Task 5df77ffe-fa02-4f78-b965-d948aa92c4ef | ITER: 44 END: OK
2019-06-18 09:22:17.816 22825 INFO rally.task.runner [-] Task 5df77ffe-fa02-4f78-b965-d948aa92c4ef | ITER: 63 START
2019-06-18 09:22:18.181 22832 INFO rally.task.runner [-] Task 5df77ffe-fa02-4f78-b965-d948aa92c4ef | ITER: 46 END: OK
2019-06-18 09:22:18.184 22832 INFO rally.task.runner [-] Task 5df77ffe-fa02-4f78-b965-d948aa92c4ef | ITER: 64 START
2019-06-18 09:22:18.297 22863 INFO rally.task.runner [-] Task 5df77ffe-fa02-4f78-b965-d948aa92c4ef | ITER: 51 END: OK
2019-06-18 09:22:18.300 22863 INFO rally.task.runner [-] Task 5df77ffe-fa02-4f78-b965-d948aa92c4ef | ITER: 65 START
2019-06-18 09:22:18.536 22850 INFO rally.task.runner [-] Task 5df77ffe-fa02-4f78-b965-d948aa92c4ef | ITER: 56 END: OK
2019-06-18 09:22:18.538 22843 INFO rally.task.runner [-] Task 5df77ffe-fa02-4f78-b965-d948aa92c4ef | ITER: 45 END: OK
2019-06-18 09:22:18.539 22850 INFO rally.task.runner [-] Task 5df77ffe-fa02-4f78-b965-d948aa92c4ef | ITER: 66 START
2019-06-18 09:22:18.541 22843 INFO rally.task.runner [-] Task 5df77ffe-fa02-4f78-b965-d948aa92c4ef | ITER: 67 START
2019-06-18 09:22:18.661 22829 INFO rally.task.runner [-] Task 5df77ffe-fa02-4f78-b965-d948aa92c4ef | ITER: 43 END: OK
2019-06-18 09:22:18.664 22829 INFO rally.task.runner [-] Task 5df77ffe-fa02-4f78-b965-d948aa92c4ef | ITER: 68 START
2019-06-18 09:22:18.741 22837 INFO rally.task.runner [-] Task 5df77ffe-fa02-4f78-b965-d948aa92c4ef | ITER: 49 END: OK
2019-06-18 09:22:18.744 22837 INFO rally.task.runner [-] Task 5df77ffe-fa02-4f78-b965-d948aa92c4ef | ITER: 69 START
2019-06-18 09:22:18.852 22859 INFO rally.task.runner [-] Task 5df77ffe-fa02-4f78-b965-d948aa92c4ef | ITER: 54 END: OK
2019-06-18 09:22:18.855 22859 INFO rally.task.runner [-] Task 5df77ffe-fa02-4f78-b965-d948aa92c4ef | ITER: 70 START
2019-06-18 09:22:19.175 22854 INFO rally.task.runner [-] Task 5df77ffe-fa02-4f78-b965-d948aa92c4ef | ITER: 53 END: OK
2019-06-18 09:22:19.180 22854 INFO rally.task.runner [-] Task 5df77ffe-fa02-4f78-b965-d948aa92c4ef | ITER: 71 START
2019-06-18 09:22:19.331 22858 INFO rally.task.runner [-] Task 5df77ffe-fa02-4f78-b965-d948aa92c4ef | ITER: 50 END: OK
2019-06-18 09:22:19.335 22858 INFO rally.task.runner [-] Task 5df77ffe-fa02-4f78-b965-d948aa92c4ef | ITER: 72 START
2019-06-18 09:22:19.380 22856 INFO rally.task.runner [-] Task 5df77ffe-fa02-4f78-b965-d948aa92c4ef | ITER: 47 END: OK
2019-06-18 09:22:19.383 22856 INFO rally.task.runner [-] Task 5df77ffe-fa02-4f78-b965-d948aa92c4ef | ITER: 73 START
2019-06-18 09:22:19.459 22866 INFO rally.task.runner [-] Task 5df77ffe-fa02-4f78-b965-d948aa92c4ef | ITER: 58 END: OK
2019-06-18 09:22:19.462 22866 INFO rally.task.runner [-] Task 5df77ffe-fa02-4f78-b965-d948aa92c4ef | ITER: 74 START
2019-06-18 09:22:19.653 22825 INFO rally.task.runner [-] Task 5df77ffe-fa02-4f78-b965-d948aa92c4ef | ITER: 52 END: OK
2019-06-18 09:22:19.656 22825 INFO rally.task.runner [-] Task 5df77ffe-fa02-4f78-b965-d948aa92c4ef | ITER: 75 START
2019-06-18 09:22:19.670 22826 INFO rally.task.runner [-] Task 5df77ffe-fa02-4f78-b965-d948aa92c4ef | ITER: 55 END: OK
2019-06-18 09:22:19.672 22826 INFO rally.task.runner [-] Task 5df77ffe-fa02-4f78-b965-d948aa92c4ef | ITER: 76 START
2019-06-18 09:22:19.710 22827 INFO rally.task.runner [-] Task 5df77ffe-fa02-4f78-b965-d948aa92c4ef | ITER: 59 END: OK
2019-06-18 09:22:19.713 22827 INFO rally.task.runner [-] Task 5df77ffe-fa02-4f78-b965-d948aa92c4ef | ITER: 77 START
2019-06-18 09:22:19.718 22826 INFO rally.task.runner [-] Task 5df77ffe-fa02-4f78-b965-d948aa92c4ef | ITER: 61 END: OK
2019-06-18 09:22:19.721 22826 INFO rally.task.runner [-] Task 5df77ffe-fa02-4f78-b965-d948aa92c4ef | ITER: 78 START
2019-06-18 09:22:19.927 22863 INFO rally.task.runner [-] Task 5df77ffe-fa02-4f78-b965-d948aa92c4ef | ITER: 65 END: OK
2019-06-18 09:22:19.930 22863 INFO rally.task.runner [-] Task 5df77ffe-fa02-4f78-b965-d948aa92c4ef | ITER: 79 START
2019-06-18 09:22:19.977 22827 INFO rally.task.runner [-] Task 5df77ffe-fa02-4f78-b965-d948aa92c4ef | ITER: 48 END: OK
2019-06-18 09:22:19.980 22827 INFO rally.task.runner [-] Task 5df77ffe-fa02-4f78-b965-d948aa92c4ef | ITER: 80 START
2019-06-18 09:22:20.158 22832 INFO rally.task.runner [-] Task 5df77ffe-fa02-4f78-b965-d948aa92c4ef | ITER: 64 END: OK
2019-06-18 09:22:20.162 22832 INFO rally.task.runner [-] Task 5df77ffe-fa02-4f78-b965-d948aa92c4ef | ITER: 81 START
2019-06-18 09:22:20.187 22850 INFO rally.task.runner [-] Task 5df77ffe-fa02-4f78-b965-d948aa92c4ef | ITER: 66 END: OK
2019-06-18 09:22:20.191 22850 INFO rally.task.runner [-] Task 5df77ffe-fa02-4f78-b965-d948aa92c4ef | ITER: 82 START
2019-06-18 09:22:20.228 22851 INFO rally.task.runner [-] Task 5df77ffe-fa02-4f78-b965-d948aa92c4ef | ITER: 60 END: OK
2019-06-18 09:22:20.231 22851 INFO rally.task.runner [-] Task 5df77ffe-fa02-4f78-b965-d948aa92c4ef | ITER: 83 START
2019-06-18 09:22:20.368 22829 INFO rally.task.runner [-] Task 5df77ffe-fa02-4f78-b965-d948aa92c4ef | ITER: 68 END: OK
2019-06-18 09:22:20.371 22829 INFO rally.task.runner [-] Task 5df77ffe-fa02-4f78-b965-d948aa92c4ef | ITER: 84 START
2019-06-18 09:22:20.402 22829 INFO rally.task.runner [-] Task 5df77ffe-fa02-4f78-b965-d948aa92c4ef | ITER: 57 END: OK
2019-06-18 09:22:20.405 22829 INFO rally.task.runner [-] Task 5df77ffe-fa02-4f78-b965-d948aa92c4ef | ITER: 85 START
2019-06-18 09:22:20.550 22862 INFO rally.task.runner [-] Task 5df77ffe-fa02-4f78-b965-d948aa92c4ef | ITER: 62 END: OK
2019-06-18 09:22:20.553 22862 INFO rally.task.runner [-] Task 5df77ffe-fa02-4f78-b965-d948aa92c4ef | ITER: 86 START
2019-06-18 09:22:20.936 22825 INFO rally.task.runner [-] Task 5df77ffe-fa02-4f78-b965-d948aa92c4ef | ITER: 63 END: OK
2019-06-18 09:22:20.939 22825 INFO rally.task.runner [-] Task 5df77ffe-fa02-4f78-b965-d948aa92c4ef | ITER: 87 START
2019-06-18 09:22:21.215 22854 INFO rally.task.runner [-] Task 5df77ffe-fa02-4f78-b965-d948aa92c4ef | ITER: 71 END: OK
2019-06-18 09:22:21.218 22854 INFO rally.task.runner [-] Task 5df77ffe-fa02-4f78-b965-d948aa92c4ef | ITER: 88 START
2019-06-18 09:22:21.305 22837 INFO rally.task.runner [-] Task 5df77ffe-fa02-4f78-b965-d948aa92c4ef | ITER: 69 END: OK
2019-06-18 09:22:21.309 22837 INFO rally.task.runner [-] Task 5df77ffe-fa02-4f78-b965-d948aa92c4ef | ITER: 89 START
2019-06-18 09:22:21.709 22858 INFO rally.task.runner [-] Task 5df77ffe-fa02-4f78-b965-d948aa92c4ef | ITER: 72 END: OK
2019-06-18 09:22:21.712 22858 INFO rally.task.runner [-] Task 5df77ffe-fa02-4f78-b965-d948aa92c4ef | ITER: 90 START
2019-06-18 09:22:21.740 22859 INFO rally.task.runner [-] Task 5df77ffe-fa02-4f78-b965-d948aa92c4ef | ITER: 70 END: OK
2019-06-18 09:22:21.743 22859 INFO rally.task.runner [-] Task 5df77ffe-fa02-4f78-b965-d948aa92c4ef | ITER: 91 START
2019-06-18 09:22:21.875 22856 INFO rally.task.runner [-] Task 5df77ffe-fa02-4f78-b965-d948aa92c4ef | ITER: 73 END: OK
2019-06-18 09:22:21.879 22856 INFO rally.task.runner [-] Task 5df77ffe-fa02-4f78-b965-d948aa92c4ef | ITER: 92 START
2019-06-18 09:22:21.942 22827 INFO rally.task.runner [-] Task 5df77ffe-fa02-4f78-b965-d948aa92c4ef | ITER: 77 END: OK
2019-06-18 09:22:21.946 22827 INFO rally.task.runner [-] Task 5df77ffe-fa02-4f78-b965-d948aa92c4ef | ITER: 93 START
2019-06-18 09:22:22.116 22843 INFO rally.task.runner [-] Task 5df77ffe-fa02-4f78-b965-d948aa92c4ef | ITER: 67 END: OK
2019-06-18 09:22:22.119 22843 INFO rally.task.runner [-] Task 5df77ffe-fa02-4f78-b965-d948aa92c4ef | ITER: 94 START
2019-06-18 09:22:22.447 22827 INFO rally.task.runner [-] Task 5df77ffe-fa02-4f78-b965-d948aa92c4ef | ITER: 80 END: OK
2019-06-18 09:22:22.450 22827 INFO rally.task.runner [-] Task 5df77ffe-fa02-4f78-b965-d948aa92c4ef | ITER: 95 START
2019-06-18 09:22:22.473 22866 INFO rally.task.runner [-] Task 5df77ffe-fa02-4f78-b965-d948aa92c4ef | ITER: 74 END: OK
2019-06-18 09:22:22.476 22866 INFO rally.task.runner [-] Task 5df77ffe-fa02-4f78-b965-d948aa92c4ef | ITER: 96 START
2019-06-18 09:22:22.560 22829 INFO rally.task.runner [-] Task 5df77ffe-fa02-4f78-b965-d948aa92c4ef | ITER: 85 END: OK
2019-06-18 09:22:22.563 22829 INFO rally.task.runner [-] Task 5df77ffe-fa02-4f78-b965-d948aa92c4ef | ITER: 97 START
2019-06-18 09:22:22.691 22826 INFO rally.task.runner [-] Task 5df77ffe-fa02-4f78-b965-d948aa92c4ef | ITER: 78 END: OK
2019-06-18 09:22:22.695 22826 INFO rally.task.runner [-] Task 5df77ffe-fa02-4f78-b965-d948aa92c4ef | ITER: 98 START
2019-06-18 09:22:22.826 22832 INFO rally.task.runner [-] Task 5df77ffe-fa02-4f78-b965-d948aa92c4ef | ITER: 81 END: OK
2019-06-18 09:22:22.829 22832 INFO rally.task.runner [-] Task 5df77ffe-fa02-4f78-b965-d948aa92c4ef | ITER: 99 START
2019-06-18 09:22:22.886 22863 INFO rally.task.runner [-] Task 5df77ffe-fa02-4f78-b965-d948aa92c4ef | ITER: 79 END: OK
2019-06-18 09:22:22.889 22863 INFO rally.task.runner [-] Task 5df77ffe-fa02-4f78-b965-d948aa92c4ef | ITER: 100 START
2019-06-18 09:22:22.912 22825 INFO rally.task.runner [-] Task 5df77ffe-fa02-4f78-b965-d948aa92c4ef | ITER: 75 END: OK
2019-06-18 09:22:22.917 22826 INFO rally.task.runner [-] Task 5df77ffe-fa02-4f78-b965-d948aa92c4ef | ITER: 76 END: OK
2019-06-18 09:22:23.129 22851 INFO rally.task.runner [-] Task 5df77ffe-fa02-4f78-b965-d948aa92c4ef | ITER: 83 END: OK
2019-06-18 09:22:23.166 22850 INFO rally.task.runner [-] Task 5df77ffe-fa02-4f78-b965-d948aa92c4ef | ITER: 82 END: OK
2019-06-18 09:22:23.250 22829 INFO rally.task.runner [-] Task 5df77ffe-fa02-4f78-b965-d948aa92c4ef | ITER: 84 END: OK
2019-06-18 09:22:23.392 22854 INFO rally.task.runner [-] Task 5df77ffe-fa02-4f78-b965-d948aa92c4ef | ITER: 88 END: OK
2019-06-18 09:22:23.415 22862 INFO rally.task.runner [-] Task 5df77ffe-fa02-4f78-b965-d948aa92c4ef | ITER: 86 END: OK
2019-06-18 09:22:23.485 22837 INFO rally.task.runner [-] Task 5df77ffe-fa02-4f78-b965-d948aa92c4ef | ITER: 89 END: OK
2019-06-18 09:22:23.699 22858 INFO rally.task.runner [-] Task 5df77ffe-fa02-4f78-b965-d948aa92c4ef | ITER: 90 END: OK
2019-06-18 09:22:23.699 22859 INFO rally.task.runner [-] Task 5df77ffe-fa02-4f78-b965-d948aa92c4ef | ITER: 91 END: OK
2019-06-18 09:22:23.873 22856 INFO rally.task.runner [-] Task 5df77ffe-fa02-4f78-b965-d948aa92c4ef | ITER: 92 END: OK
2019-06-18 09:22:23.920 22843 INFO rally.task.runner [-] Task 5df77ffe-fa02-4f78-b965-d948aa92c4ef | ITER: 94 END: OK
2019-06-18 09:22:24.038 22827 INFO rally.task.runner [-] Task 5df77ffe-fa02-4f78-b965-d948aa92c4ef | ITER: 93 END: OK
2019-06-18 09:22:24.253 22825 INFO rally.task.runner [-] Task 5df77ffe-fa02-4f78-b965-d948aa92c4ef | ITER: 87 END: OK
2019-06-18 09:22:24.425 22866 INFO rally.task.runner [-] Task 5df77ffe-fa02-4f78-b965-d948aa92c4ef | ITER: 96 END: OK
2019-06-18 09:22:24.482 22826 INFO rally.task.runner [-] Task 5df77ffe-fa02-4f78-b965-d948aa92c4ef | ITER: 98 END: OK
2019-06-18 09:22:24.532 22827 INFO rally.task.runner [-] Task 5df77ffe-fa02-4f78-b965-d948aa92c4ef | ITER: 95 END: OK
2019-06-18 09:22:24.612 22832 INFO rally.task.runner [-] Task 5df77ffe-fa02-4f78-b965-d948aa92c4ef | ITER: 99 END: OK
2019-06-18 09:22:24.785 22863 INFO rally.task.runner [-] Task 5df77ffe-fa02-4f78-b965-d948aa92c4ef | ITER: 100 END: OK
2019-06-18 09:22:24.859 22829 INFO rally.task.runner [-] Task 5df77ffe-fa02-4f78-b965-d948aa92c4ef | ITER: 97 END: OK
2019-06-18 09:22:24.883 22701 INFO rally.task.context [-] Task 5df77ffe-fa02-4f78-b965-d948aa92c4ef | Context cleanup@openstack cleanup() started
2019-06-18 09:22:24.886 22701 RALLYDEBUG rally_openstack.cleanup.manager [-] Cleaning up neutron vip objects
2019-06-18 09:22:25.500 22701 RALLYDEBUG rally_openstack.cleanup.manager [-] Cleaning up neutron health_monitor objects
2019-06-18 09:22:26.132 22701 RALLYDEBUG rally_openstack.cleanup.manager [-] Cleaning up neutron pool objects
2019-06-18 09:22:26.774 22701 RALLYDEBUG rally_openstack.cleanup.manager [-] Cleaning up neutron loadbalancer objects
2019-06-18 09:22:27.404 22701 RALLYDEBUG rally_openstack.cleanup.manager [-] Cleaning up neutron floatingip objects
2019-06-18 09:22:28.365 22701 RALLYDEBUG rally_openstack.cleanup.manager [-] Cleaning up neutron port objects
2019-06-18 09:22:29.094 22701 RALLYDEBUG rally_openstack.cleanup.manager [-] Cleaning up neutron subnet objects
2019-06-18 09:22:29.751 22701 RALLYDEBUG rally_openstack.cleanup.manager [-] Cleaning up neutron network objects
2019-06-18 09:22:30.923 22701 RALLYDEBUG rally_openstack.cleanup.manager [-] Deleting neutron.network object s_rally_85e6ff2b_yHRO9UOr (0e054bc9-02c3-44b9-b0da-dee6b8cba69a)
2019-06-18 09:22:30.924 22701 RALLYDEBUG rally_openstack.cleanup.manager [-] Deleting neutron.network object s_rally_85e6ff2b_6KVOVpgz (1cf8a7ec-a8bb-4101-9b6f-7eba99c81bdd)
2019-06-18 09:22:30.928 22701 RALLYDEBUG rally_openstack.cleanup.manager [-] Deleting neutron.network object s_rally_85e6ff2b_o3w53f51 (195c858c-fe36-4b76-8fa1-271a73f22acb)
2019-06-18 09:22:30.929 22701 RALLYDEBUG rally_openstack.cleanup.manager [-] Deleting neutron.network object s_rally_85e6ff2b_k7gITEOt (1e1e1ea0-1f9d-4fa6-b528-f258a5412759)
2019-06-18 09:22:30.929 22701 RALLYDEBUG rally_openstack.cleanup.manager [-] Deleting neutron.network object s_rally_85e6ff2b_f6KJkqN8 (044408c8-ca2c-4ea3-a404-700cf3257a89)
2019-06-18 09:22:30.930 22701 RALLYDEBUG rally_openstack.cleanup.manager [-] Deleting neutron.network object s_rally_85e6ff2b_Uei8fIz4 (0b99c618-203c-4d0b-882d-d0746c90850b)
2019-06-18 09:22:30.930 22701 RALLYDEBUG rally_openstack.cleanup.manager [-] Deleting neutron.network object s_rally_85e6ff2b_VCi2Ke89 (02c5b998-3a55-4722-b044-f3167979ab30)
2019-06-18 09:22:30.933 22701 RALLYDEBUG rally_openstack.cleanup.manager [-] Deleting neutron.network object s_rally_85e6ff2b_8KEdrWEE (0313c61e-dff9-4ebb-8869-9da4638c0ee7)
2019-06-18 09:22:30.933 22701 RALLYDEBUG rally_openstack.cleanup.manager [-] Deleting neutron.network object s_rally_85e6ff2b_drXmAL3J (15c8d9b6-9d0c-45aa-a7a0-a415dea99a32)
2019-06-18 09:22:30.934 22701 RALLYDEBUG rally_openstack.cleanup.manager [-] Deleting neutron.network object s_rally_85e6ff2b_IvO8d8JM (215b00f5-a2b8-47f2-9b67-d9dfc3e311b8)
2019-06-18 09:22:30.938 22701 RALLYDEBUG rally_openstack.cleanup.manager [-] Deleting neutron.network object s_rally_85e6ff2b_ACjjfVh2 (001e20c9-2c7a-428f-85fa-251f1a6c1ec7)
2019-06-18 09:22:30.939 22701 RALLYDEBUG rally_openstack.cleanup.manager [-] Deleting neutron.network object s_rally_85e6ff2b_aDjNQHAd (13aaa603-5a9f-4fcd-8f30-5244374eb4e3)
2019-06-18 09:22:30.942 22701 RALLYDEBUG rally_openstack.cleanup.manager [-] Deleting neutron.network object s_rally_85e6ff2b_2pyHdOpw (223230c8-7d06-4748-bfc1-f192334ca0e6)
2019-06-18 09:22:30.951 22701 RALLYDEBUG rally_openstack.cleanup.manager [-] Deleting neutron.network object s_rally_85e6ff2b_ZIEIENZt (08365bd3-d85b-4174-9720-96a7d3682299)
2019-06-18 09:22:30.958 22701 RALLYDEBUG rally_openstack.cleanup.manager [-] Deleting neutron.network object s_rally_85e6ff2b_8lyuufwB (14f9b1d6-2b44-443e-9e3d-85dfec1254d3)
2019-06-18 09:22:30.959 22701 RALLYDEBUG rally_openstack.cleanup.manager [-] Deleting neutron.network object s_rally_85e6ff2b_8IXoY3N6 (25849bc0-7ec8-48aa-8892-44f179012a18)
2019-06-18 09:22:30.987 22701 RALLYDEBUG rally_openstack.cleanup.manager [-] Deleting neutron.network object s_rally_85e6ff2b_66q4VRS3 (2e4afa16-aefa-4eb4-be99-08631b055dc2)
2019-06-18 09:22:30.989 22701 RALLYDEBUG rally_openstack.cleanup.manager [-] Deleting neutron.network object s_rally_85e6ff2b_ozsHyGff (2c61c6dd-2b2b-474d-af5f-9da3659e3507)
2019-06-18 09:22:30.997 22701 RALLYDEBUG rally_openstack.cleanup.manager [-] Deleting neutron.network object s_rally_85e6ff2b_yI7wZFOs (2eca4e6f-25fb-4ffd-b28c-58fd420b6757)
2019-06-18 09:22:31.002 22701 RALLYDEBUG rally_openstack.cleanup.manager [-] Deleting neutron.network object s_rally_85e6ff2b_RbrJUZi3 (2ff09be5-5da3-4a60-960e-9372d1f54722)
2019-06-18 09:22:34.342 22701 RALLYDEBUG rally_openstack.cleanup.manager [-] Deleting neutron.network object s_rally_85e6ff2b_9AHlF6I4 (306ea10f-4c6c-44b3-97f4-5006ca52e363)
2019-06-18 09:22:34.396 22701 RALLYDEBUG rally_openstack.cleanup.manager [-] Deleting neutron.network object s_rally_85e6ff2b_1hxilDce (30e99cfc-06e2-4ea0-8e52-a44224227cc3)
2019-06-18 09:22:34.465 22701 RALLYDEBUG rally_openstack.cleanup.manager [-] Deleting neutron.network object s_rally_85e6ff2b_s5Sp4T5t (32dff4e7-b16a-4f9f-aa89-86e5940f4890)
2019-06-18 09:22:34.938 22701 RALLYDEBUG rally_openstack.cleanup.manager [-] Deleting neutron.network object s_rally_85e6ff2b_nwehLKgo (34884e7d-8a0c-4539-8301-c2ce567704c8)
2019-06-18 09:22:35.510 22701 RALLYDEBUG rally_openstack.cleanup.manager [-] Deleting neutron.network object s_rally_85e6ff2b_iifOogli (35b6e939-1e14-409b-aa4d-fbbf2acc9508)
2019-06-18 09:22:35.517 22701 RALLYDEBUG rally_openstack.cleanup.manager [-] Deleting neutron.network object s_rally_85e6ff2b_jDwyJdYi (35d45b4e-4052-41f3-9153-43ce264eda30)
2019-06-18 09:22:35.607 22701 RALLYDEBUG rally_openstack.cleanup.manager [-] Deleting neutron.network object s_rally_85e6ff2b_MzW0t5ZE (386462fe-521b-4fb1-9a53-0e3315051957)
2019-06-18 09:22:35.621 22701 RALLYDEBUG rally_openstack.cleanup.manager [-] Deleting neutron.network object s_rally_85e6ff2b_F3vmkvO8 (3b14d36f-b415-4d3c-bb41-f94b408eac03)
2019-06-18 09:22:35.839 22701 RALLYDEBUG rally_openstack.cleanup.manager [-] Deleting neutron.network object s_rally_85e6ff2b_Bz1lQXXP (413d25bd-b3c3-4b93-915e-d88d81704f32)
2019-06-18 09:22:35.839 22701 RALLYDEBUG rally_openstack.cleanup.manager [-] Deleting neutron.network object s_rally_85e6ff2b_2AFFE61R (3f82e7bf-5d25-4f86-bc3c-5086e53cafb0)
2019-06-18 09:22:36.309 22701 RALLYDEBUG rally_openstack.cleanup.manager [-] Deleting neutron.network object s_rally_85e6ff2b_DuKveX3C (4a915263-aa5b-44db-9856-e61150b694f5)
2019-06-18 09:22:36.443 22701 RALLYDEBUG rally_openstack.cleanup.manager [-] Deleting neutron.network object s_rally_85e6ff2b_tufS5tHv (4b614f3e-399c-4579-b821-a555e6ab673b)
2019-06-18 09:22:36.446 22701 RALLYDEBUG rally_openstack.cleanup.manager [-] Deleting neutron.network object s_rally_85e6ff2b_6hJ8LZzy (4cd49d31-f856-4908-90d9-105129e2c903)
2019-06-18 09:22:36.481 22701 RALLYDEBUG rally_openstack.cleanup.manager [-] Deleting neutron.network object s_rally_85e6ff2b_62gjFAjl (4f6e2fee-4641-44a0-b2dd-48a069183fd5)
2019-06-18 09:22:36.695 22701 RALLYDEBUG rally_openstack.cleanup.manager [-] Deleting neutron.network object s_rally_85e6ff2b_yCdIvDVa (51a61459-2f32-4686-82cf-9c7a37f16744)
2019-06-18 09:22:36.786 22701 RALLYDEBUG rally_openstack.cleanup.manager [-] Deleting neutron.network object s_rally_85e6ff2b_4fhjBBXy (551617af-d8e2-4563-8353-cc45deda83c3)
2019-06-18 09:22:36.880 22701 RALLYDEBUG rally_openstack.cleanup.manager [-] Deleting neutron.network object s_rally_85e6ff2b_v3YMmRS1 (5650cab3-1a70-44ea-b282-5fc3673ab260)
2019-06-18 09:22:36.890 22701 RALLYDEBUG rally_openstack.cleanup.manager [-] Deleting neutron.network object s_rally_85e6ff2b_NEbQRPai (5681b694-4e80-4d84-bbc8-239cb3fa8acb)
2019-06-18 09:22:36.907 22701 RALLYDEBUG rally_openstack.cleanup.manager [-] Deleting neutron.network object s_rally_85e6ff2b_ZBzBUGBN (56928df6-3c47-43e6-b8f7-777053d3c8fd)
2019-06-18 09:22:36.912 22701 RALLYDEBUG rally_openstack.cleanup.manager [-] Deleting neutron.network object s_rally_85e6ff2b_WIneTYFo (574983fa-caa3-4f03-a549-4d42f4a787bb)
2019-06-18 09:22:36.926 22701 RALLYDEBUG rally_openstack.cleanup.manager [-] Deleting neutron.network object s_rally_85e6ff2b_ufGJowjE (577bd336-1e22-4bc7-ba8c-619d05baa8a8)
2019-06-18 09:22:37.628 22701 RALLYDEBUG rally_openstack.cleanup.manager [-] Deleting neutron.network object s_rally_85e6ff2b_esvDY1Pl (57fc3540-d454-4827-88bc-f3bcd0ca1fae)
2019-06-18 09:22:37.807 22701 RALLYDEBUG rally_openstack.cleanup.manager [-] Deleting neutron.network object s_rally_85e6ff2b_tqRv68XW (58173985-7c45-4ba8-9565-e42904b509ac)
2019-06-18 09:22:37.888 22701 RALLYDEBUG rally_openstack.cleanup.manager [-] Deleting neutron.network object s_rally_85e6ff2b_kTbTiyAi (58362f56-5461-4cc7-ba81-913d2afd657c)
2019-06-18 09:22:38.569 22701 RALLYDEBUG rally_openstack.cleanup.manager [-] Deleting neutron.network object s_rally_85e6ff2b_xwQWJ4yx (5b63e03a-c705-43f0-9dff-2661706fe736)
2019-06-18 09:22:38.647 22701 RALLYDEBUG rally_openstack.cleanup.manager [-] Deleting neutron.network object s_rally_85e6ff2b_XHzgO6mA (5ccfd718-cdc3-4dbc-b731-925963553447)
2019-06-18 09:22:38.804 22701 RALLYDEBUG rally_openstack.cleanup.manager [-] Deleting neutron.network object s_rally_85e6ff2b_UklEUGWx (5e3de61b-6e7e-4b0d-8ecb-b201f0c45c1d)
2019-06-18 09:22:38.921 22701 RALLYDEBUG rally_openstack.cleanup.manager [-] Deleting neutron.network object s_rally_85e6ff2b_qUskqk2g (5ead776f-c53e-41a2-9b4d-6f06454f6221)
2019-06-18 09:22:39.210 22701 RALLYDEBUG rally_openstack.cleanup.manager [-] Deleting neutron.network object s_rally_85e6ff2b_bv7pyfkm (606c3fbc-5c9d-454f-b3ba-04f1c50de67a)
2019-06-18 09:22:39.313 22701 RALLYDEBUG rally_openstack.cleanup.manager [-] Deleting neutron.network object s_rally_85e6ff2b_VPOcWE5G (6237c765-f852-4b0b-a2ee-c8a1e37636f9)
2019-06-18 09:22:39.406 22701 RALLYDEBUG rally_openstack.cleanup.manager [-] Deleting neutron.network object s_rally_85e6ff2b_eb9p5Pdj (6637dcfb-f33f-442e-bff7-04f649e64435)
2019-06-18 09:22:40.188 22701 RALLYDEBUG rally_openstack.cleanup.manager [-] Deleting neutron.network object s_rally_85e6ff2b_Pg7vsuRy (6b9c7f2d-f631-4c50-9095-4ba482deef41)
2019-06-18 09:22:40.199 22701 RALLYDEBUG rally_openstack.cleanup.manager [-] Deleting neutron.network object s_rally_85e6ff2b_rB6yw6rx (6d4727bb-bac3-4eeb-b6ae-69efc8dd9f89)
2019-06-18 09:22:40.287 22701 RALLYDEBUG rally_openstack.cleanup.manager [-] Deleting neutron.network object s_rally_85e6ff2b_26nxJuDl (6ec3391e-d8c8-404f-b941-0ac684a50d36)
2019-06-18 09:22:40.382 22701 RALLYDEBUG rally_openstack.cleanup.manager [-] Deleting neutron.network object s_rally_85e6ff2b_eWVVWQHq (723d1d42-f336-4b13-991d-99e91dffbc45)
2019-06-18 09:22:40.393 22701 RALLYDEBUG rally_openstack.cleanup.manager [-] Deleting neutron.network object s_rally_85e6ff2b_l7pevmyt (78a42bc7-176f-42ec-a764-bd95502aa513)
2019-06-18 09:22:40.408 22701 RALLYDEBUG rally_openstack.cleanup.manager [-] Deleting neutron.network object s_rally_85e6ff2b_DhXFZWPj (7aaf0f95-7abb-46d0-8462-594c21fa4176)
2019-06-18 09:22:40.583 22701 RALLYDEBUG rally_openstack.cleanup.manager [-] Deleting neutron.network object s_rally_85e6ff2b_zvzo4YVh (7e64ed9a-45ca-4690-b95b-4764585a6458)
2019-06-18 09:22:40.692 22701 RALLYDEBUG rally_openstack.cleanup.manager [-] Deleting neutron.network object s_rally_85e6ff2b_H4V6AVw4 (8026194f-1012-422c-84e7-b9f5ac41a5a1)
2019-06-18 09:22:40.697 22701 RALLYDEBUG rally_openstack.cleanup.manager [-] Deleting neutron.network object s_rally_85e6ff2b_4p4Bk4W2 (85c24f2a-43b3-45c2-a33c-b8b5f0e69bff)
2019-06-18 09:22:40.887 22701 RALLYDEBUG rally_openstack.cleanup.manager [-] Deleting neutron.network object s_rally_85e6ff2b_iaEnD1rF (8a93fc15-acff-4c48-ad03-9029c30796ff)
2019-06-18 09:22:40.919 22701 RALLYDEBUG rally_openstack.cleanup.manager [-] Deleting neutron.network object s_rally_85e6ff2b_sTNEQ1yh (8f9f3bac-c29d-47f0-8328-02dec2866718)
2019-06-18 09:22:41.521 22701 RALLYDEBUG rally_openstack.cleanup.manager [-] Deleting neutron.network object s_rally_85e6ff2b_aIVQjCo3 (91f17091-8414-4730-8228-59b46ec4ec4b)
2019-06-18 09:22:41.569 22701 RALLYDEBUG rally_openstack.cleanup.manager [-] Deleting neutron.network object s_rally_85e6ff2b_KE3bnczh (97a67ab4-233e-4a2b-8e67-f9d77f7915f7)
2019-06-18 09:22:42.016 22701 RALLYDEBUG rally_openstack.cleanup.manager [-] Deleting neutron.network object s_rally_85e6ff2b_u8ZWrfwp (99472e65-d97d-4d3d-86f6-1e287c038685)
2019-06-18 09:22:42.456 22701 RALLYDEBUG rally_openstack.cleanup.manager [-] Deleting neutron.network object s_rally_85e6ff2b_bXRNSzSN (99b6eb2d-41f0-41e3-bf7f-218a35652614)
2019-06-18 09:22:42.456 22701 RALLYDEBUG rally_openstack.cleanup.manager [-] Deleting neutron.network object s_rally_85e6ff2b_BqpY4HV5 (9f1687a8-68b5-4d4c-82cc-0cadfb935e34)
2019-06-18 09:22:42.492 22701 RALLYDEBUG rally_openstack.cleanup.manager [-] Deleting neutron.network object s_rally_85e6ff2b_0xpx3NEr (aed72965-97c8-43d7-84ef-84c0b62b9035)
2019-06-18 09:22:42.537 22701 RALLYDEBUG rally_openstack.cleanup.manager [-] Deleting neutron.network object s_rally_85e6ff2b_lbXxmFqL (b1365787-8475-4569-aca0-47ea1b716a3b)
2019-06-18 09:22:42.780 22701 RALLYDEBUG rally_openstack.cleanup.manager [-] Deleting neutron.network object s_rally_85e6ff2b_KYZZToTV (b1843d7b-7319-4071-b5e4-dac246e3d152)
2019-06-18 09:22:42.847 22701 RALLYDEBUG rally_openstack.cleanup.manager [-] Deleting neutron.network object s_rally_85e6ff2b_PjRpuKyt (b3414001-c90e-452d-ad01-c80b795135f4)
2019-06-18 09:22:43.013 22701 RALLYDEBUG rally_openstack.cleanup.manager [-] Deleting neutron.network object s_rally_85e6ff2b_QVLtnIfM (b3ee1e18-28bf-48cd-a514-1d3773e4af54)
2019-06-18 09:22:43.050 22701 RALLYDEBUG rally_openstack.cleanup.manager [-] Deleting neutron.network object s_rally_85e6ff2b_IHN3PP4Q (bd291b61-fae0-481f-8fab-187aa28b57ff)
2019-06-18 09:22:43.166 22701 RALLYDEBUG rally_openstack.cleanup.manager [-] Deleting neutron.network object s_rally_85e6ff2b_1gEFqYzL (be52d243-6305-4ad3-9f4a-5adac6d8972a)
2019-06-18 09:22:44.453 22701 RALLYDEBUG rally_openstack.cleanup.manager [-] Deleting neutron.network object s_rally_85e6ff2b_1YIl928Y (c0806f69-8199-4d96-9af0-2e3ecb0700cb)
2019-06-18 09:22:44.453 22701 RALLYDEBUG rally_openstack.cleanup.manager [-] Deleting neutron.network object s_rally_85e6ff2b_LRg1TT5L (c0751a0d-6550-4fb2-81da-f1c1925020d1)
2019-06-18 09:22:44.513 22701 RALLYDEBUG rally_openstack.cleanup.manager [-] Deleting neutron.network object s_rally_85e6ff2b_obdKtBYg (c577ef25-169c-40a6-a3e9-fb9738065b17)
2019-06-18 09:22:44.520 22701 RALLYDEBUG rally_openstack.cleanup.manager [-] Deleting neutron.network object s_rally_85e6ff2b_3WWx43Bf (c764cb74-a074-49e0-a130-46a48008d70a)
2019-06-18 09:22:44.575 22701 RALLYDEBUG rally_openstack.cleanup.manager [-] Deleting neutron.network object s_rally_85e6ff2b_fWdBpoXU (cf88a4ef-6f06-46f0-b742-f780c6397456)
2019-06-18 09:22:44.635 22701 RALLYDEBUG rally_openstack.cleanup.manager [-] Deleting neutron.network object s_rally_85e6ff2b_kVuMjTYs (d09ee96e-5bb6-45da-a6ad-b1a26a90b549)
2019-06-18 09:22:45.149 22701 RALLYDEBUG rally_openstack.cleanup.manager [-] Deleting neutron.network object s_rally_85e6ff2b_X8iXm0NR (d3b78089-46ec-4146-b898-f9607a470f54)
2019-06-18 09:22:45.496 22701 RALLYDEBUG rally_openstack.cleanup.manager [-] Deleting neutron.network object s_rally_85e6ff2b_642DSwT9 (d50d952d-7066-4342-9bda-18d33b71284d)
2019-06-18 09:22:45.851 22701 RALLYDEBUG rally_openstack.cleanup.manager [-] Deleting neutron.network object s_rally_85e6ff2b_RQ1V0R4W (d5a73cc1-d7de-4e6b-8e2d-6745e05b36a0)
2019-06-18 09:22:46.057 22701 RALLYDEBUG rally_openstack.cleanup.manager [-] Deleting neutron.network object s_rally_85e6ff2b_duv5DqxV (d70d3852-f860-41f0-89ee-01c741dc6636)
2019-06-18 09:22:46.262 22701 RALLYDEBUG rally_openstack.cleanup.manager [-] Deleting neutron.network object s_rally_85e6ff2b_arO7Z3x4 (d8e45538-76fc-4e74-9109-c7e36eecdcd0)
2019-06-18 09:22:46.590 22701 RALLYDEBUG rally_openstack.cleanup.manager [-] Deleting neutron.network object s_rally_85e6ff2b_OcWUXJDm (dac1f409-f1c5-4214-b8b9-afdea3810012)
2019-06-18 09:22:46.596 22701 RALLYDEBUG rally_openstack.cleanup.manager [-] Deleting neutron.network object s_rally_85e6ff2b_927OhISo (dcdf30fd-3aa3-4dcd-94fc-4f27658fda05)
2019-06-18 09:22:46.629 22701 RALLYDEBUG rally_openstack.cleanup.manager [-] Deleting neutron.network object s_rally_85e6ff2b_ttpC4CIU (ddeac0f6-3ceb-486f-8c5a-73a0267f7a4b)
2019-06-18 09:22:46.828 22701 RALLYDEBUG rally_openstack.cleanup.manager [-] Deleting neutron.network object s_rally_85e6ff2b_YlfwOcsT (e52971ee-fc9b-4be9-a07f-fb1effa75988)
2019-06-18 09:22:46.886 22701 RALLYDEBUG rally_openstack.cleanup.manager [-] Deleting neutron.network object s_rally_85e6ff2b_ZLNZPYHU (e8386a37-66ca-439b-8921-956e65ef4c9e)
2019-06-18 09:22:46.890 22701 RALLYDEBUG rally_openstack.cleanup.manager [-] Deleting neutron.network object s_rally_85e6ff2b_ZUXc2cqA (e8366793-b209-486e-b870-438ad34c77e7)
2019-06-18 09:22:47.160 22701 RALLYDEBUG rally_openstack.cleanup.manager [-] Deleting neutron.network object s_rally_85e6ff2b_BAGMq0MU (f22d045a-0f87-430f-a86e-be91327cbea7)
2019-06-18 09:22:47.246 22701 RALLYDEBUG rally_openstack.cleanup.manager [-] Deleting neutron.network object s_rally_85e6ff2b_JLNKEjII (f41a5c86-1199-48b7-8c26-d9c4f6dd912e)
2019-06-18 09:22:47.294 22701 RALLYDEBUG rally_openstack.cleanup.manager [-] Deleting neutron.network object s_rally_85e6ff2b_KVgG2ZaH (f56c3902-d2a9-458d-aa1b-41c5e49ce378)
2019-06-18 09:22:47.474 22701 RALLYDEBUG rally_openstack.cleanup.manager [-] Deleting neutron.network object s_rally_85e6ff2b_iJFK4mBT (f64c933a-9356-4c62-9c1a-d19a5e64d44a)
2019-06-18 09:22:47.478 22701 RALLYDEBUG rally_openstack.cleanup.manager [-] Deleting neutron.network object s_rally_85e6ff2b_L3apEron (f68a4585-4539-4e5c-b099-740678155c9c)
