2019-06-18 09:28:10.722 24804 INFO rally.task.runner [-] Task 5df77ffe-fa02-4f78-b965-d948aa92c4ef | ITER: 10 START
2019-06-18 09:28:10.723 24795 INFO rally.task.runner [-] Task 5df77ffe-fa02-4f78-b965-d948aa92c4ef | ITER: 3 START
2019-06-18 09:28:10.724 24795 WARNING rally_openstack.scenarios.neutron.utils [-] Running this scenario without either the 'network' or 'existing_network' context is deprecated
2019-06-18 09:28:10.724 24804 WARNING rally_openstack.scenarios.neutron.utils [-] Running this scenario without either the 'network' or 'existing_network' context is deprecated
2019-06-18 09:28:10.723 24811 RALLYDEBUG rally.task.runner [-] Starting a worker. concurrency: 1 args: {"network_create_args": {}, "subnet_create_args": {}, "subnet_cidr_start": "1.1.0.0/30", "subnets_per_network": 2} times: 40 method_name: run timeout: 0 duration: None cls:
2019-06-18 09:28:10.724 24800 INFO rally.task.runner [-] Task 5df77ffe-fa02-4f78-b965-d948aa92c4ef | ITER: 9 START
2019-06-18 09:28:10.725 24815 RALLYDEBUG rally.task.runner [-] Starting a worker. concurrency: 1 args: {"network_create_args": {}, "subnet_create_args": {}, "subnet_cidr_start": "1.1.0.0/30", "subnets_per_network": 2} times: 40 method_name: run timeout: 0 duration: None cls:
2019-06-18 09:28:10.727 24800 WARNING rally_openstack.scenarios.neutron.utils [-] Running this scenario without either the 'network' or 'existing_network' context is deprecated
2019-06-18 09:28:10.725 24798 INFO rally.task.runner [-] Task 5df77ffe-fa02-4f78-b965-d948aa92c4ef | ITER: 7 START
2019-06-18 09:28:10.729 24798 INFO rally.task.runner [-] Task 5df77ffe-fa02-4f78-b965-d948aa92c4ef | ITER: 8 START
2019-06-18 09:28:10.730 24811 INFO rally.task.runner [-] Task 5df77ffe-fa02-4f78-b965-d948aa92c4ef | ITER: 12 START
2019-06-18 09:28:10.731 24798 WARNING rally_openstack.scenarios.neutron.utils [-] Running this scenario without either the 'network' or 'existing_network' context is deprecated
2019-06-18 09:28:10.732 24811 WARNING rally_openstack.scenarios.neutron.utils [-] Running this scenario without either the 'network' or 'existing_network' context is deprecated
2019-06-18 09:28:10.732 24815 INFO rally.task.runner [-] Task 5df77ffe-fa02-4f78-b965-d948aa92c4ef | ITER: 13 START
2019-06-18 09:28:10.733 24808 INFO rally.task.runner [-] Task 5df77ffe-fa02-4f78-b965-d948aa92c4ef | ITER: 11 START
2019-06-18 09:28:10.734 24808 WARNING rally_openstack.scenarios.neutron.utils [-] Running this scenario without either the 'network' or 'existing_network' context is deprecated
2019-06-18 09:28:10.734 24818 RALLYDEBUG rally.task.runner [-] Starting a worker. concurrency: 1 args: {"network_create_args": {}, "subnet_create_args": {}, "subnet_cidr_start": "1.1.0.0/30", "subnets_per_network": 2} times: 40 method_name: run timeout: 0 duration: None cls:
2019-06-18 09:28:10.735 24822 RALLYDEBUG rally.task.runner [-] Starting a worker. concurrency: 1 args: {"network_create_args": {}, "subnet_create_args": {}, "subnet_cidr_start": "1.1.0.0/30", "subnets_per_network": 2} times: 40 method_name: run timeout: 0 duration: None cls:
2019-06-18 09:28:10.735 24823 RALLYDEBUG rally.task.runner [-] Starting a worker. concurrency: 1 args: {"network_create_args": {}, "subnet_create_args": {}, "subnet_cidr_start": "1.1.0.0/30", "subnets_per_network": 2} times: 40 method_name: run timeout: 0 duration: None cls:
2019-06-18 09:28:10.737 24815 WARNING rally_openstack.scenarios.neutron.utils [-] Running this scenario without either the 'network' or 'existing_network' context is deprecated
2019-06-18 09:28:10.737 24826 RALLYDEBUG rally.task.runner [-] Starting a worker. concurrency: 1 args: {"network_create_args": {}, "subnet_create_args": {}, "subnet_cidr_start": "1.1.0.0/30", "subnets_per_network": 2} times: 40 method_name: run timeout: 0 duration: None cls:
2019-06-18 09:28:10.737 24798 WARNING rally_openstack.scenarios.neutron.utils [-] Running this scenario without either the 'network' or 'existing_network' context is deprecated
2019-06-18 09:28:10.740 24818 INFO rally.task.runner [-] Task 5df77ffe-fa02-4f78-b965-d948aa92c4ef | ITER: 14 START
2019-06-18 09:28:10.742 24822 INFO rally.task.runner [-] Task 5df77ffe-fa02-4f78-b965-d948aa92c4ef | ITER: 15 START
2019-06-18 09:28:10.742 24823 INFO rally.task.runner [-] Task 5df77ffe-fa02-4f78-b965-d948aa92c4ef | ITER: 16 START
2019-06-18 09:28:10.744 24818 WARNING rally_openstack.scenarios.neutron.utils [-] Running this scenario without either the 'network' or 'existing_network' context is deprecated
2019-06-18 09:28:10.746 24822 WARNING rally_openstack.scenarios.neutron.utils [-] Running this scenario without either the 'network' or 'existing_network' context is deprecated
2019-06-18 09:28:10.746 24823 WARNING rally_openstack.scenarios.neutron.utils [-] Running this scenario without either the 'network' or 'existing_network' context is deprecated
2019-06-18 09:28:10.745 24826 INFO rally.task.runner [-] Task 5df77ffe-fa02-4f78-b965-d948aa92c4ef | ITER: 17 START
2019-06-18 09:28:10.749 24826 WARNING rally_openstack.scenarios.neutron.utils [-] Running this scenario without either the 'network' or 'existing_network' context is deprecated
2019-06-18 09:28:10.749 24835 RALLYDEBUG rally.task.runner [-] Starting a worker. concurrency: 1 args: {"network_create_args": {}, "subnet_create_args": {}, "subnet_cidr_start": "1.1.0.0/30", "subnets_per_network": 2} times: 40 method_name: run timeout: 0 duration: None cls:
2019-06-18 09:28:10.757 24835 INFO rally.task.runner [-] Task 5df77ffe-fa02-4f78-b965-d948aa92c4ef | ITER: 18 START
2019-06-18 09:28:10.759 24835 WARNING rally_openstack.scenarios.neutron.utils [-] Running this scenario without either the 'network' or 'existing_network' context is deprecated
2019-06-18 09:28:10.768 24842 RALLYDEBUG rally.task.runner [-] Starting a worker. concurrency: 1 args: {"network_create_args": {}, "subnet_create_args": {}, "subnet_cidr_start": "1.1.0.0/30", "subnets_per_network": 2} times: 40 method_name: run timeout: 0 duration: None cls:
2019-06-18 09:28:10.770 24839 RALLYDEBUG rally.task.runner [-] Starting a worker. concurrency: 1 args: {"network_create_args": {}, "subnet_create_args": {}, "subnet_cidr_start": "1.1.0.0/30", "subnets_per_network": 2} times: 40 method_name: run timeout: 0 duration: None cls:
2019-06-18 09:28:10.774 24842 INFO rally.task.runner [-] Task 5df77ffe-fa02-4f78-b965-d948aa92c4ef | ITER: 19 START
2019-06-18 09:28:10.776 24842 WARNING rally_openstack.scenarios.neutron.utils [-] Running this scenario without either the 'network' or 'existing_network' context is deprecated
2019-06-18 09:28:10.777 24839 INFO rally.task.runner [-] Task 5df77ffe-fa02-4f78-b965-d948aa92c4ef | ITER: 20 START
2019-06-18 09:28:10.778 24839 WARNING rally_openstack.scenarios.neutron.utils [-] Running this scenario without either the 'network' or 'existing_network' context is deprecated
2019-06-18 09:28:12.409 24797 RALLYDEBUG rally_openstack.wrappers.network [-] CIDR generated: 1.1.4.96/30
2019-06-18 09:28:12.450 24796 RALLYDEBUG rally_openstack.wrappers.network [-] CIDR generated: 1.1.4.100/30
2019-06-18 09:28:12.483 24795 RALLYDEBUG rally_openstack.wrappers.network [-] CIDR generated: 1.1.4.104/30
2019-06-18 09:28:12.497 24804 RALLYDEBUG rally_openstack.wrappers.network [-] CIDR generated: 1.1.4.108/30
2019-06-18 09:28:12.497 24796 RALLYDEBUG rally_openstack.wrappers.network [-] CIDR generated: 1.1.4.112/30
2019-06-18 09:28:12.570 24798 RALLYDEBUG rally_openstack.wrappers.network [-] CIDR generated: 1.1.4.116/30
2019-06-18 09:28:12.604 24808 RALLYDEBUG rally_openstack.wrappers.network [-] CIDR generated: 1.1.4.120/30
2019-06-18 09:28:12.728 24797 RALLYDEBUG rally_openstack.wrappers.network [-] CIDR generated: 1.1.4.124/30
2019-06-18 09:28:12.797 24795 RALLYDEBUG rally_openstack.wrappers.network [-] CIDR generated: 1.1.4.128/30
2019-06-18 09:28:12.848 24800 RALLYDEBUG rally_openstack.wrappers.network [-] CIDR generated: 1.1.4.132/30
2019-06-18 09:28:12.939 24835 RALLYDEBUG rally_openstack.wrappers.network [-] CIDR generated: 1.1.4.136/30
2019-06-18 09:28:12.980 24822 RALLYDEBUG rally_openstack.wrappers.network [-] CIDR generated: 1.1.4.140/30
2019-06-18 09:28:13.094 24811 RALLYDEBUG rally_openstack.wrappers.network [-] CIDR generated: 1.1.4.144/30
2019-06-18 09:28:13.308 24815 RALLYDEBUG rally_openstack.wrappers.network [-] CIDR generated: 1.1.4.148/30
2019-06-18 09:28:13.309 24823 RALLYDEBUG rally_openstack.wrappers.network [-] CIDR generated: 1.1.4.152/30
2019-06-18 09:28:13.358 24826 RALLYDEBUG rally_openstack.wrappers.network [-] CIDR generated: 1.1.4.156/30
2019-06-18 09:28:13.495 24796 RALLYDEBUG rally_openstack.wrappers.network [-] CIDR generated: 1.1.4.160/30
2019-06-18 09:28:13.505 24842 RALLYDEBUG rally_openstack.wrappers.network [-] CIDR generated: 1.1.4.164/30
2019-06-18 09:28:13.568 24818 RALLYDEBUG rally_openstack.wrappers.network [-] CIDR generated: 1.1.4.168/30
2019-06-18 09:28:13.696 24798 RALLYDEBUG rally_openstack.wrappers.network [-] CIDR generated: 1.1.4.172/30
2019-06-18 09:28:13.933 24808 RALLYDEBUG rally_openstack.wrappers.network [-] CIDR generated: 1.1.4.176/30
2019-06-18 09:28:14.342 24839 RALLYDEBUG rally_openstack.wrappers.network [-] CIDR generated: 1.1.4.180/30
2019-06-18 09:28:14.822 24797 RALLYDEBUG rally_openstack.wrappers.network [-] CIDR generated: 1.1.4.184/30
2019-06-18 09:28:14.837 24796 RALLYDEBUG rally_openstack.wrappers.network [-] CIDR generated: 1.1.4.188/30
2019-06-18 09:28:15.347 24795 RALLYDEBUG rally_openstack.wrappers.network [-] CIDR generated: 1.1.4.192/30
2019-06-18 09:28:16.221 24795 RALLYDEBUG rally_openstack.wrappers.network [-] CIDR generated: 1.1.4.196/30
2019-06-18 09:28:16.257 24842 RALLYDEBUG rally_openstack.wrappers.network [-] CIDR generated: 1.1.4.200/30
2019-06-18 09:28:16.624 24800 RALLYDEBUG rally_openstack.wrappers.network [-] CIDR generated: 1.1.4.204/30
2019-06-18 09:28:16.668 24804 RALLYDEBUG rally_openstack.wrappers.network [-] CIDR generated: 1.1.4.208/30
2019-06-18 09:28:16.715 24798 RALLYDEBUG rally_openstack.wrappers.network [-] CIDR generated: 1.1.4.212/30
2019-06-18 09:28:16.865 24811 RALLYDEBUG rally_openstack.wrappers.network [-] CIDR generated: 1.1.4.216/30
2019-06-18 09:28:16.956 24797 RALLYDEBUG rally_openstack.wrappers.network [-] CIDR generated: 1.1.4.220/30
2019-06-18 09:28:17.074 24818 RALLYDEBUG rally_openstack.wrappers.network [-] CIDR generated: 1.1.4.224/30
2019-06-18 09:28:17.914 24815 RALLYDEBUG rally_openstack.wrappers.network [-] CIDR generated: 1.1.4.228/30
2019-06-18 09:28:18.128 24823 RALLYDEBUG rally_openstack.wrappers.network [-] CIDR generated: 1.1.4.232/30
2019-06-18 09:28:18.185 24798 RALLYDEBUG rally_openstack.wrappers.network [-] CIDR generated: 1.1.4.236/30
2019-06-18 09:28:18.332 24796 INFO rally.task.runner [-] Task 5df77ffe-fa02-4f78-b965-d948aa92c4ef | ITER: 5 END: OK
2019-06-18 09:28:18.336 24796 INFO rally.task.runner [-] Task 5df77ffe-fa02-4f78-b965-d948aa92c4ef | ITER: 21 START
2019-06-18 09:28:18.337 24796 WARNING rally_openstack.scenarios.neutron.utils [-] Running this scenario without either the 'network' or 'existing_network' context is deprecated
2019-06-18 09:28:18.526 24808 INFO rally.task.runner [-] Task 5df77ffe-fa02-4f78-b965-d948aa92c4ef | ITER: 11 END: OK
2019-06-18 09:28:18.530 24808 INFO rally.task.runner [-] Task 5df77ffe-fa02-4f78-b965-d948aa92c4ef | ITER: 22 START
2019-06-18 09:28:18.531 24808 WARNING rally_openstack.scenarios.neutron.utils [-] Running this scenario without either the 'network' or 'existing_network' context is deprecated
2019-06-18 09:28:18.934 24826 RALLYDEBUG rally_openstack.wrappers.network [-] CIDR generated: 1.1.4.240/30
2019-06-18 09:28:18.965 24835 RALLYDEBUG rally_openstack.wrappers.network [-] CIDR generated: 1.1.4.244/30
2019-06-18 09:28:19.118 24822 RALLYDEBUG rally_openstack.wrappers.network [-] CIDR generated: 1.1.4.248/30
2019-06-18 09:28:19.316 24839 RALLYDEBUG rally_openstack.wrappers.network [-] CIDR generated: 1.1.4.252/30
2019-06-18 09:28:19.500 24796 RALLYDEBUG rally_openstack.wrappers.network [-] CIDR generated: 1.1.5.0/30
2019-06-18 09:28:19.640 24808 RALLYDEBUG rally_openstack.wrappers.network [-] CIDR generated: 1.1.5.4/30
2019-06-18 09:28:21.253 24796 RALLYDEBUG rally_openstack.wrappers.network [-] CIDR generated: 1.1.5.8/30
2019-06-18 09:28:21.492 24808 RALLYDEBUG rally_openstack.wrappers.network [-] CIDR generated: 1.1.5.12/30
2019-06-18 09:28:22.524 24796 INFO rally.task.runner [-] Task 5df77ffe-fa02-4f78-b965-d948aa92c4ef | ITER: 2 END: OK
2019-06-18 09:28:22.528 24796 INFO rally.task.runner [-] Task 5df77ffe-fa02-4f78-b965-d948aa92c4ef | ITER: 23 START
2019-06-18 09:28:22.528 24796 WARNING rally_openstack.scenarios.neutron.utils [-] Running this scenario without either the 'network' or 'existing_network' context is deprecated
2019-06-18 09:28:22.709 24795 INFO rally.task.runner [-] Task 5df77ffe-fa02-4f78-b965-d948aa92c4ef | ITER: 1 END: OK
2019-06-18 09:28:22.713 24795 INFO rally.task.runner [-] Task 5df77ffe-fa02-4f78-b965-d948aa92c4ef | ITER: 24 START
2019-06-18 09:28:22.714 24795 WARNING rally_openstack.scenarios.neutron.utils [-] Running this scenario without either the 'network' or 'existing_network' context is deprecated
2019-06-18 09:28:22.802 24797 INFO rally.task.runner [-] Task 5df77ffe-fa02-4f78-b965-d948aa92c4ef | ITER: 4 END: OK
2019-06-18 09:28:22.806 24797 INFO rally.task.runner [-] Task 5df77ffe-fa02-4f78-b965-d948aa92c4ef | ITER: 25 START
2019-06-18 09:28:22.807 24797 WARNING rally_openstack.scenarios.neutron.utils [-] Running this scenario without either the 'network' or 'existing_network' context is deprecated
2019-06-18 09:28:23.686 24842 INFO rally.task.runner [-] Task 5df77ffe-fa02-4f78-b965-d948aa92c4ef | ITER: 19 END: OK
2019-06-18 09:28:23.690 24842 INFO rally.task.runner [-] Task 5df77ffe-fa02-4f78-b965-d948aa92c4ef | ITER: 26 START
2019-06-18 09:28:23.691 24842 WARNING rally_openstack.scenarios.neutron.utils [-] Running this scenario without either the 'network' or 'existing_network' context is deprecated
2019-06-18 09:28:24.106 24796 RALLYDEBUG rally_openstack.wrappers.network [-] CIDR generated: 1.1.5.16/30
2019-06-18 09:28:24.278 24796 INFO rally.task.runner [-] Task 5df77ffe-fa02-4f78-b965-d948aa92c4ef | ITER: 21 END: OK
2019-06-18 09:28:24.281 24796 INFO rally.task.runner [-] Task 5df77ffe-fa02-4f78-b965-d948aa92c4ef | ITER: 27 START
2019-06-18 09:28:24.282 24796 WARNING rally_openstack.scenarios.neutron.utils [-] Running this scenario without either the 'network' or 'existing_network' context is deprecated
2019-06-18 09:28:24.351 24808 INFO rally.task.runner [-] Task 5df77ffe-fa02-4f78-b965-d948aa92c4ef | ITER: 22 END: OK
2019-06-18 09:28:24.355 24808 INFO rally.task.runner [-] Task 5df77ffe-fa02-4f78-b965-d948aa92c4ef | ITER: 28 START
2019-06-18 09:28:24.356 24808 WARNING rally_openstack.scenarios.neutron.utils [-] Running this scenario without either the 'network' or 'existing_network' context is deprecated
2019-06-18 09:28:24.366 24795 RALLYDEBUG rally_openstack.wrappers.network [-] CIDR generated: 1.1.5.20/30
2019-06-18 09:28:24.426 24797 RALLYDEBUG rally_openstack.wrappers.network [-] CIDR generated: 1.1.5.24/30
2019-06-18 09:28:24.646 24842 RALLYDEBUG rally_openstack.wrappers.network [-] CIDR generated: 1.1.5.28/30
2019-06-18 09:28:25.239 24811 INFO rally.task.runner [-] Task 5df77ffe-fa02-4f78-b965-d948aa92c4ef | ITER: 12 END: OK
2019-06-18 09:28:25.244 24811 INFO rally.task.runner [-] Task 5df77ffe-fa02-4f78-b965-d948aa92c4ef | ITER: 29 START
2019-06-18 09:28:25.244 24811 WARNING rally_openstack.scenarios.neutron.utils [-] Running this scenario without either the 'network' or 'existing_network' context is deprecated
2019-06-18 09:28:25.415 24796 RALLYDEBUG rally_openstack.wrappers.network [-] CIDR generated: 1.1.5.32/30
2019-06-18 09:28:25.708 24808 RALLYDEBUG rally_openstack.wrappers.network [-] CIDR generated: 1.1.5.36/30
2019-06-18 09:28:25.736 24818 INFO rally.task.runner [-] Task 5df77ffe-fa02-4f78-b965-d948aa92c4ef | ITER: 14 END: OK
2019-06-18 09:28:25.741 24818 INFO rally.task.runner [-] Task 5df77ffe-fa02-4f78-b965-d948aa92c4ef | ITER: 30 START
2019-06-18 09:28:25.742 24818 WARNING rally_openstack.scenarios.neutron.utils [-] Running this scenario without either the 'network' or 'existing_network' context is deprecated
2019-06-18 09:28:26.016 24796 RALLYDEBUG rally_openstack.wrappers.network [-] CIDR generated: 1.1.5.40/30
2019-06-18 09:28:26.188 24798 INFO rally.task.runner [-] Task 5df77ffe-fa02-4f78-b965-d948aa92c4ef | ITER: 7 END: OK
2019-06-18 09:28:26.193 24798 INFO rally.task.runner [-] Task 5df77ffe-fa02-4f78-b965-d948aa92c4ef | ITER: 31 START
2019-06-18 09:28:26.193 24798 WARNING rally_openstack.scenarios.neutron.utils [-] Running this scenario without either the 'network' or 'existing_network' context is deprecated
2019-06-18 09:28:26.652 24795 INFO rally.task.runner [-] Task 5df77ffe-fa02-4f78-b965-d948aa92c4ef | ITER: 3 END: OK
2019-06-18 09:28:26.656 24795 INFO rally.task.runner [-] Task 5df77ffe-fa02-4f78-b965-d948aa92c4ef | ITER: 32 START
2019-06-18 09:28:26.657 24795 WARNING rally_openstack.scenarios.neutron.utils [-] Running this scenario without either the 'network' or 'existing_network' context is deprecated
2019-06-18 09:28:27.318 24800 INFO rally.task.runner [-] Task 5df77ffe-fa02-4f78-b965-d948aa92c4ef | ITER: 9 END: OK
2019-06-18 09:28:27.322 24800 INFO rally.task.runner [-] Task 5df77ffe-fa02-4f78-b965-d948aa92c4ef | ITER: 33 START
2019-06-18 09:28:27.323 24800 WARNING rally_openstack.scenarios.neutron.utils [-] Running this scenario without either the 'network' or 'existing_network' context is deprecated
2019-06-18 09:28:27.350 24818 RALLYDEBUG rally_openstack.wrappers.network [-] CIDR generated: 1.1.5.44/30
2019-06-18 09:28:27.442 24842 RALLYDEBUG rally_openstack.wrappers.network [-] CIDR generated: 1.1.5.48/30
2019-06-18 09:28:27.491 24795 RALLYDEBUG rally_openstack.wrappers.network [-] CIDR generated: 1.1.5.52/30
2019-06-18 09:28:27.495 24797 RALLYDEBUG rally_openstack.wrappers.network [-] CIDR generated: 1.1.5.56/30
2019-06-18 09:28:27.529 24811 RALLYDEBUG rally_openstack.wrappers.network [-] CIDR generated: 1.1.5.60/30
2019-06-18 09:28:27.860 24808 RALLYDEBUG rally_openstack.wrappers.network [-] CIDR generated: 1.1.5.64/30
2019-06-18 09:28:28.201 24823 INFO rally.task.runner [-] Task 5df77ffe-fa02-4f78-b965-d948aa92c4ef | ITER: 16 END: OK
2019-06-18 09:28:28.204 24823 INFO rally.task.runner [-] Task 5df77ffe-fa02-4f78-b965-d948aa92c4ef | ITER: 34 START
2019-06-18 09:28:28.205 24823 WARNING rally_openstack.scenarios.neutron.utils [-] Running this scenario without either the 'network' or 'existing_network' context is deprecated
2019-06-18 09:28:28.206 24815 INFO rally.task.runner [-] Task 5df77ffe-fa02-4f78-b965-d948aa92c4ef | ITER: 13 END: OK
2019-06-18 09:28:28.210 24815 INFO rally.task.runner [-] Task 5df77ffe-fa02-4f78-b965-d948aa92c4ef | ITER: 35 START
2019-06-18 09:28:28.210 24815 WARNING rally_openstack.scenarios.neutron.utils [-] Running this scenario without either the 'network' or 'existing_network' context is deprecated
2019-06-18 09:28:28.327 24797 INFO rally.task.runner [-] Task 5df77ffe-fa02-4f78-b965-d948aa92c4ef | ITER: 6 END: OK
2019-06-18 09:28:28.330 24797 INFO rally.task.runner [-] Task 5df77ffe-fa02-4f78-b965-d948aa92c4ef | ITER: 36 START
2019-06-18 09:28:28.330 24797 WARNING rally_openstack.scenarios.neutron.utils [-] Running this scenario without either the 'network' or 'existing_network' context is deprecated
2019-06-18 09:28:28.427 24804 INFO rally.task.runner [-] Task 5df77ffe-fa02-4f78-b965-d948aa92c4ef | ITER: 10 END: OK
2019-06-18 09:28:28.431 24804 INFO rally.task.runner [-] Task 5df77ffe-fa02-4f78-b965-d948aa92c4ef | ITER: 37 START
2019-06-18 09:28:28.431 24804 WARNING rally_openstack.scenarios.neutron.utils [-] Running this scenario without either the 'network' or 'existing_network' context is deprecated
2019-06-18 09:28:28.678 24798 RALLYDEBUG rally_openstack.wrappers.network [-] CIDR generated: 1.1.5.68/30
2019-06-18 09:28:29.176 24795 RALLYDEBUG rally_openstack.wrappers.network [-] CIDR generated: 1.1.5.72/30
2019-06-18 09:28:29.202 24800 RALLYDEBUG rally_openstack.wrappers.network [-] CIDR generated: 1.1.5.76/30
2019-06-18 09:28:29.350 24818 RALLYDEBUG rally_openstack.wrappers.network [-] CIDR generated: 1.1.5.80/30
2019-06-18 09:28:29.489 24798 INFO rally.task.runner [-] Task 5df77ffe-fa02-4f78-b965-d948aa92c4ef | ITER: 8 END: OK
2019-06-18 09:28:29.492 24798 INFO rally.task.runner [-] Task 5df77ffe-fa02-4f78-b965-d948aa92c4ef | ITER: 38 START
2019-06-18 09:28:29.493 24798 WARNING rally_openstack.scenarios.neutron.utils [-] Running this scenario without either the 'network' or 'existing_network' context is deprecated
2019-06-18 09:28:29.963 24796 RALLYDEBUG rally_openstack.wrappers.network [-] CIDR generated: 1.1.5.84/30
2019-06-18 09:28:30.375 24796 INFO rally.task.runner [-] Task 5df77ffe-fa02-4f78-b965-d948aa92c4ef | ITER: 23 END: OK
2019-06-18 09:28:30.379 24796 INFO rally.task.runner [-] Task 5df77ffe-fa02-4f78-b965-d948aa92c4ef | ITER: 39 START
2019-06-18 09:28:30.379 24796 WARNING rally_openstack.scenarios.neutron.utils [-] Running this scenario without either the 'network' or 'existing_network' context is deprecated
2019-06-18 09:28:30.533 24797 RALLYDEBUG rally_openstack.wrappers.network [-] CIDR generated: 1.1.5.88/30
2019-06-18 09:28:30.546 24804 RALLYDEBUG rally_openstack.wrappers.network [-] CIDR generated: 1.1.5.92/30
2019-06-18 09:28:30.712 24823 RALLYDEBUG rally_openstack.wrappers.network [-] CIDR generated: 1.1.5.96/30
2019-06-18 09:28:30.859 24798 RALLYDEBUG rally_openstack.wrappers.network [-] CIDR generated: 1.1.5.100/30
2019-06-18 09:28:31.374 24798 RALLYDEBUG rally_openstack.wrappers.network [-] CIDR generated: 1.1.5.104/30
2019-06-18 09:28:31.457 24826 INFO rally.task.runner [-] Task 5df77ffe-fa02-4f78-b965-d948aa92c4ef | ITER: 17 END: OK
2019-06-18 09:28:31.462 24826 INFO rally.task.runner [-] Task 5df77ffe-fa02-4f78-b965-d948aa92c4ef | ITER: 40 START
2019-06-18 09:28:31.463 24826 WARNING rally_openstack.scenarios.neutron.utils [-] Running this scenario without either the 'network' or 'existing_network' context is deprecated
2019-06-18 09:28:31.500 24835 INFO rally.task.runner [-] Task 5df77ffe-fa02-4f78-b965-d948aa92c4ef | ITER: 18 END: OK
2019-06-18 09:28:31.546 24815 RALLYDEBUG rally_openstack.wrappers.network [-] CIDR generated: 1.1.5.108/30
2019-06-18 09:28:32.003 24822 INFO rally.task.runner [-] Task 5df77ffe-fa02-4f78-b965-d948aa92c4ef | ITER: 15 END: OK
2019-06-18 09:28:32.090 24800 RALLYDEBUG rally_openstack.wrappers.network [-] CIDR generated: 1.1.5.112/30
2019-06-18 09:28:32.119 24839 INFO rally.task.runner [-] Task 5df77ffe-fa02-4f78-b965-d948aa92c4ef | ITER: 20 END: OK
2019-06-18 09:28:32.383 24811 RALLYDEBUG rally_openstack.wrappers.network [-] CIDR generated: 1.1.5.116/30
2019-06-18 09:28:32.573 24796 RALLYDEBUG rally_openstack.wrappers.network [-] CIDR generated: 1.1.5.120/30
2019-06-18 09:28:32.732 24795 RALLYDEBUG rally_openstack.wrappers.network [-] CIDR generated: 1.1.5.124/30
2019-06-18 09:28:33.135 24826 RALLYDEBUG rally_openstack.wrappers.network [-] CIDR generated: 1.1.5.128/30
2019-06-18 09:28:33.210 24798 RALLYDEBUG rally_openstack.wrappers.network [-] CIDR generated: 1.1.5.132/30
2019-06-18 09:28:33.579 24823 RALLYDEBUG rally_openstack.wrappers.network [-] CIDR generated: 1.1.5.136/30
2019-06-18 09:28:33.951 24797 RALLYDEBUG rally_openstack.wrappers.network [-] CIDR generated: 1.1.5.140/30
2019-06-18 09:28:34.034 24804 RALLYDEBUG rally_openstack.wrappers.network [-] CIDR generated: 1.1.5.144/30
2019-06-18 09:28:34.147 24808 INFO rally.task.runner [-] Task 5df77ffe-fa02-4f78-b965-d948aa92c4ef | ITER: 28 END: OK
2019-06-18 09:28:34.625 24826 RALLYDEBUG rally_openstack.wrappers.network [-] CIDR generated: 1.1.5.148/30
2019-06-18 09:28:35.547 24815 RALLYDEBUG rally_openstack.wrappers.network [-] CIDR generated: 1.1.5.152/30
2019-06-18 09:28:35.574 24796 RALLYDEBUG rally_openstack.wrappers.network [-] CIDR generated: 1.1.5.156/30
2019-06-18 09:28:36.948 24798 INFO rally.task.runner [-] Task 5df77ffe-fa02-4f78-b965-d948aa92c4ef | ITER: 31 END: OK
2019-06-18 09:28:37.608 24818 INFO rally.task.runner [-] Task 5df77ffe-fa02-4f78-b965-d948aa92c4ef | ITER: 30 END: OK
2019-06-18 09:28:38.458 24797 INFO rally.task.runner [-] Task 5df77ffe-fa02-4f78-b965-d948aa92c4ef | ITER: 25 END: OK
2019-06-18 09:28:38.664 24826 INFO rally.task.runner [-] Task 5df77ffe-fa02-4f78-b965-d948aa92c4ef | ITER: 40 END: OK
2019-06-18 09:28:38.699 24798 INFO rally.task.runner [-] Task 5df77ffe-fa02-4f78-b965-d948aa92c4ef | ITER: 38 END: OK
2019-06-18 09:28:38.800 24795 INFO rally.task.runner [-] Task 5df77ffe-fa02-4f78-b965-d948aa92c4ef | ITER: 32 END: OK
2019-06-18 09:28:39.227 24795 INFO rally.task.runner [-] Task 5df77ffe-fa02-4f78-b965-d948aa92c4ef | ITER: 24 END: OK
2019-06-18 09:28:39.995 24842 INFO rally.task.runner [-] Task 5df77ffe-fa02-4f78-b965-d948aa92c4ef | ITER: 26 END: OK
2019-06-18 09:28:40.029 24800 INFO rally.task.runner [-] Task 5df77ffe-fa02-4f78-b965-d948aa92c4ef | ITER: 33 END: OK
2019-06-18 09:28:41.458 24815 INFO rally.task.runner [-] Task 5df77ffe-fa02-4f78-b965-d948aa92c4ef | ITER: 35 END: OK
2019-06-18 09:28:41.705 24823 INFO rally.task.runner [-] Task 5df77ffe-fa02-4f78-b965-d948aa92c4ef | ITER: 34 END: OK
2019-06-18 09:28:41.836 24796 INFO rally.task.runner [-] Task 5df77ffe-fa02-4f78-b965-d948aa92c4ef | ITER: 39 END: OK
2019-06-18 09:28:41.999 24797 INFO rally.task.runner [-] Task 5df77ffe-fa02-4f78-b965-d948aa92c4ef | ITER: 36 END: OK
2019-06-18 09:28:42.517 24804 INFO rally.task.runner [-] Task 5df77ffe-fa02-4f78-b965-d948aa92c4ef | ITER: 37 END: OK
2019-06-18 09:28:42.640 24811 INFO rally.task.runner [-] Task 5df77ffe-fa02-4f78-b965-d948aa92c4ef | ITER: 29 END: OK
2019-06-18 09:28:42.658 24796 INFO rally.task.runner [-] Task 5df77ffe-fa02-4f78-b965-d948aa92c4ef | ITER: 27 END: OK
2019-06-18 09:28:42.681 22701 INFO rally.task.context [-] Task 5df77ffe-fa02-4f78-b965-d948aa92c4ef | Context cleanup@openstack cleanup() started
2019-06-18 09:28:42.683 22701 RALLYDEBUG rally_openstack.cleanup.manager [-] Cleaning up neutron vip objects
2019-06-18 09:28:43.456 22701 RALLYDEBUG rally_openstack.cleanup.manager [-] Cleaning up neutron health_monitor objects
2019-06-18 09:28:44.199 22701 RALLYDEBUG rally_openstack.cleanup.manager [-] Cleaning up neutron pool objects
2019-06-18 09:28:45.124 22701 RALLYDEBUG rally_openstack.cleanup.manager [-] Cleaning up neutron loadbalancer objects
2019-06-18 09:28:45.792 22701 RALLYDEBUG rally_openstack.cleanup.manager [-] Cleaning up neutron floatingip objects
2019-06-18 09:28:46.665 22701 RALLYDEBUG rally_openstack.cleanup.manager [-] Cleaning up neutron port objects
2019-06-18 09:28:47.494 22701 RALLYDEBUG rally_openstack.cleanup.manager [-] Cleaning up neutron subnet objects
2019-06-18 09:28:48.258 22701 RALLYDEBUG rally_openstack.cleanup.manager [-] Cleaning up neutron network objects
2019-06-18 09:28:49.087 22701 RALLYDEBUG rally_openstack.cleanup.manager [-] Deleting neutron.network object s_rally_02d3976d_5zzIuLT9 (00e69c8a-fd12-4a01-9e78-6fa780885ea4)
2019-06-18 09:28:49.099 22701 RALLYDEBUG rally_openstack.cleanup.manager [-] Deleting neutron.network object s_rally_02d3976d_qOFgaYSb (07ca6ac4-0c19-4f65-bffa-a92d3c8906f9)
2019-06-18 09:28:49.109 22701 RALLYDEBUG rally_openstack.cleanup.manager [-] Deleting neutron.network object s_rally_02d3976d_hjJ6PmgR (33ffe853-cb5d-4ad3-932d-07477b8bd408)
2019-06-18 09:28:49.109 22701 RALLYDEBUG rally_openstack.cleanup.manager [-] Deleting neutron.network object s_rally_02d3976d_tvNpaUpT (2c415395-934a-475a-8709-91a00e9cc1d8)
2019-06-18 09:28:49.112 22701 RALLYDEBUG rally_openstack.cleanup.manager [-] Deleting neutron.network object s_rally_02d3976d_mmNFO6Fx (3180e78a-90bf-43de-adb6-5d3b2963106c)
2019-06-18 09:28:49.119 22701 RALLYDEBUG rally_openstack.cleanup.manager [-] Deleting neutron.network object s_rally_02d3976d_4zZ8y3QG (3c75877c-3dba-4027-881a-26a3031ff01b)
2019-06-18 09:28:49.123 22701 RALLYDEBUG rally_openstack.cleanup.manager [-] Deleting neutron.network object s_rally_02d3976d_Zr7l0Jog (3e0adc85-c45d-4b03-a0c5-260f27e94782)
2019-06-18 09:28:49.141 22701 RALLYDEBUG rally_openstack.cleanup.manager [-] Deleting neutron.network object s_rally_02d3976d_1ckdfzap (4814f8e9-8c5b-49d3-a0b4-12f3bac4301f)
2019-06-18 09:28:49.154 22701 RALLYDEBUG rally_openstack.cleanup.manager [-] Deleting neutron.network object s_rally_02d3976d_lxps84Zy (4802609f-9fb2-40a8-a23d-987348bf87f3)
2019-06-18 09:28:49.159 22701 RALLYDEBUG rally_openstack.cleanup.manager [-] Deleting neutron.network object s_rally_02d3976d_UBpC0Moe (4c297dd0-7ce4-4aee-a918-11bbc60d4d71)
2019-06-18 09:28:49.168 22701 RALLYDEBUG rally_openstack.cleanup.manager [-] Deleting neutron.network object s_rally_02d3976d_K1LUGjWg (5254e37e-fad5-4bd0-88ae-bd372b2548a4)
2019-06-18 09:28:49.197 22701 RALLYDEBUG rally_openstack.cleanup.manager [-] Deleting neutron.network object s_rally_02d3976d_kwt02eUU (5a31b81e-dcf8-4cc6-b853-5e5c5873b35a)
2019-06-18 09:28:49.198 22701 RALLYDEBUG rally_openstack.cleanup.manager [-] Deleting neutron.network object s_rally_02d3976d_faJFtMc2 (53ff3de5-69a1-440a-ab11-fc16ce997c88)
2019-06-18 09:28:49.222 22701 RALLYDEBUG rally_openstack.cleanup.manager [-] Deleting neutron.network object s_rally_02d3976d_G69d3O9i (6090952c-b155-45a1-8b27-7aef87e1562f)
2019-06-18 09:28:49.236 22701 RALLYDEBUG rally_openstack.cleanup.manager [-] Deleting neutron.network object s_rally_02d3976d_hOY6Z9SO (61f9e0cc-1544-4916-8799-cf4a9066ef1b)
2019-06-18 09:28:49.272 22701 RALLYDEBUG rally_openstack.cleanup.manager [-] Deleting neutron.network object s_rally_02d3976d_9fgijlyj (6427332e-3038-4f39-8851-80edf48697da)
2019-06-18 09:28:49.310 22701 RALLYDEBUG rally_openstack.cleanup.manager [-] Deleting neutron.network object s_rally_02d3976d_a8JFaHCy (65790c4a-5756-496b-9840-ba88ab3f7944)
2019-06-18 09:28:49.327 22701 RALLYDEBUG rally_openstack.cleanup.manager [-] Deleting neutron.network object s_rally_02d3976d_0RKpcbOz (66d72870-eea0-4bf1-a6a8-685664ca4197)
2019-06-18 09:28:49.341 22701 RALLYDEBUG rally_openstack.cleanup.manager [-] Deleting neutron.network object s_rally_02d3976d_6mbhVtdb (737282f9-2c00-4981-bf49-dabfd2b376de)
2019-06-18 09:28:49.374 22701 RALLYDEBUG rally_openstack.cleanup.manager [-] Deleting neutron.network object s_rally_02d3976d_qAhmVw1q (7a31e280-66f4-4e9b-885d-e404bb25c5cd)
2019-06-18 09:28:52.113 22701 RALLYDEBUG rally_openstack.cleanup.manager [-] Deleting neutron.network object s_rally_02d3976d_i5ZoU4Qo (7b42c4b1-8048-48ce-a4ab-8a9f72bdbf36)
2019-06-18 09:28:52.298 22701 RALLYDEBUG rally_openstack.cleanup.manager [-] Deleting neutron.network object s_rally_02d3976d_sXHDGHJj (81f1985f-ce5a-49a3-a292-28459e73ef5a)
2019-06-18 09:28:52.442 22701 RALLYDEBUG rally_openstack.cleanup.manager [-] Deleting neutron.network object s_rally_02d3976d_H9Tflvgr (84a31ab0-d5d1-4cec-8138-5041a45da6cd)
2019-06-18 09:28:52.538 22701 RALLYDEBUG rally_openstack.cleanup.manager [-] Deleting neutron.network object s_rally_02d3976d_jF3jNZVY (87a75bee-6983-4fff-b46a-738bfa6caf0c)
2019-06-18 09:28:52.651 22701 RALLYDEBUG rally_openstack.cleanup.manager [-] Deleting neutron.network object s_rally_02d3976d_9WtOHC6G (8a07cbb8-901f-474e-95a5-9a7b8dfcc67c)
2019-06-18 09:28:52.680 22701 RALLYDEBUG rally_openstack.cleanup.manager [-] Deleting neutron.network object s_rally_02d3976d_9dI7jPlb (8da554e6-254a-4dda-87b9-fd2e2c9d3cff)
2019-06-18 09:28:53.075 22701 RALLYDEBUG rally_openstack.cleanup.manager [-] Deleting neutron.network object s_rally_02d3976d_Z4d7skZY (8ef9ef65-4cd6-44a2-9d3c-7f18764fe1aa)
2019-06-18 09:28:53.530 22701 RALLYDEBUG rally_openstack.cleanup.manager [-] Deleting neutron.network object s_rally_02d3976d_aIzXIel6 (915b63ae-8579-4bf1-b8cb-05ec6b2007e3)
2019-06-18 09:28:53.932 22701 RALLYDEBUG rally_openstack.cleanup.manager [-] Deleting neutron.network object s_rally_02d3976d_k896utR2 (9aff001a-6901-43d9-a525-8c6ef9e43ddb)
2019-06-18 09:28:54.179 22701 RALLYDEBUG rally_openstack.cleanup.manager [-] Deleting neutron.network object s_rally_02d3976d_KEh0u8Dp (9e2c4522-68a5-428d-b368-8ea49828a44c)
2019-06-18 09:28:54.605 22701 RALLYDEBUG rally_openstack.cleanup.manager [-] Deleting neutron.network object s_rally_02d3976d_pWKHu5Gk (afb645f7-3f6e-4f6f-8c27-e1d429cad92f)
2019-06-18 09:28:55.259 22701 RALLYDEBUG rally_openstack.cleanup.manager [-] Deleting neutron.network object s_rally_02d3976d_W0jqJvAg (b19b0248-2654-40f4-bccd-3a289f8157cf)
2019-06-18 09:28:55.495 22701 RALLYDEBUG rally_openstack.cleanup.manager [-] Deleting neutron.network object s_rally_02d3976d_godpDAzq (c2190be8-c6e2-4058-b13d-7807d3e0aa8b)
2019-06-18 09:28:55.550 22701 RALLYDEBUG rally_openstack.cleanup.manager [-] Deleting neutron.network object s_rally_02d3976d_IMyhU7eG (c5994cff-0dec-4fe2-8de9-090b2c6850cb)
2019-06-18 09:28:55.573 22701 RALLYDEBUG rally_openstack.cleanup.manager [-] Deleting neutron.network object s_rally_02d3976d_VPVjr9o5 (c7c38881-ee32-4a3c-a166-cf3d19be6dee)
2019-06-18 09:28:56.055 22701 RALLYDEBUG rally_openstack.cleanup.manager [-] Deleting neutron.network object s_rally_02d3976d_HvnfX0VI (d86d69a0-856c-49f3-af0e-3b1125e8f01b)
2019-06-18 09:28:56.055 22701 RALLYDEBUG rally_openstack.cleanup.manager [-] Deleting neutron.network object s_rally_02d3976d_U0kJket1 (cbd66ee6-d4ac-4e56-af22-60e95df85fb3)
2019-06-18 09:28:56.186 22701 RALLYDEBUG rally_openstack.cleanup.manager [-] Deleting neutron.network object s_rally_02d3976d_dC7T8ail (e4a7deb3-5dc0-43f8-b0b7-1771250223c6)
2019-06-18 09:28:56.252 22701 RALLYDEBUG rally_openstack.cleanup.manager [-] Deleting neutron.network object s_rally_02d3976d_Nai7CrPH (f6fb8fcf-a571-40db-939d-fbf2df41bb26)
2019-06-18 09:28:56.524 22701 RALLYDEBUG rally_openstack.cleanup.manager [-] Deleting neutron.network object s_rally_02d3976d_JMKuzNfE (f9fb9e95-4797-4757-910e-e36f0627b849)
2019-06-18 09:29:00.334 22701 RALLYDEBUG rally_openstack.cleanup.manager [-] Cleaning up neutron router objects
2019-06-18 09:29:01.001 22701 RALLYDEBUG rally_openstack.cleanup.manager [-] Cleaning up neutron security_group objects
2019-06-18 09:29:01.749 22701 INFO rally.task.context [-] Task 5df77ffe-fa02-4f78-b965-d948aa92c4ef | Context cleanup@openstack cleanup() finished in 19.07 sec
2019-06-18 09:29:01.750 22701 INFO rally.task.context [-] Task 5df77ffe-fa02-4f78-b965-d948aa92c4ef | Context quotas@openstack cleanup() started
2019-06-18 09:29:01.954 22701 INFO rally.task.context [-] Task 5df77ffe-fa02-4f78-b965-d948aa92c4ef | Context quotas@openstack cleanup() finished in 0.20 sec
2019-06-18 09:29:01.954 22701 INFO rally.task.context [-] Task 5df77ffe-fa02-4f78-b965-d948aa92c4ef | Context users@openstack cleanup() started
2019-06-18 09:29:06.181 22701 INFO rally.task.context [-] Task 5df77ffe-fa02-4f78-b965-d948aa92c4ef | Context users@openstack cleanup() finished in 4.23 sec
2019-06-18 09:29:06.256 22701 INFO rally.task.engine [-] Load duration is: 31.94961
2019-06-18 09:29:06.256 22701 INFO rally.task.engine [-] Full runner duration is: 31.993912
2019-06-18 09:29:06.257 22701 INFO rally.task.engine [-] Full duration is: 60.176073
2019-06-18 09:29:06.562 22701 INFO rally.task.engine [-] Running workload: position = 0 config = { "version": 2, "title": "A cropped version of a bigger task.", "description": "Auto-generated task from a single workload (uuid=97822a31-8d44-40da-83c9-b40573fb25e9)", "subtasks": [ { "title": "NeutronNetworks.create_and_list_routers", "description": "Create and a given number of routers and list all routers.", "scenario": { "NeutronNetworks.create_and_list_routers": { "network_create_args": null, "subnet_create_args": null, "subnet_cidr_start": "1.1.0.0/30", "subnets_per_network": 2, "router_create_args": null } }, "contexts": { "users": { "tenants": 1, "users_per_tenant": 1 }, "quotas": { "neutron": { "network": -1, "subnet": -1, "router": -1 } } }, "runner": { "constant": { "times": 40, "concurrency": 20 } }, "hooks": [], "sla": { "failure_rate": { "max": 0 } } } ] }
2019-06-18 09:29:06.584 22701 RALLYDEBUG rally_openstack.contexts.keystone.users [-] Creating 1 tenants using 20 threads
2019-06-18 09:29:08.383 22701 RALLYDEBUG rally_openstack.contexts.keystone.users [-] Creating 1 users using 20 threads
2019-06-18 09:29:11.012 22701 INFO rally.task.context [-] Task 5df77ffe-fa02-4f78-b965-d948aa92c4ef | Context users@openstack setup() finished in 4.43 sec
2019-06-18 09:29:11.771 22701 INFO rally.task.context [-] Task 5df77ffe-fa02-4f78-b965-d948aa92c4ef | Context quotas@openstack setup() finished in 0.76 sec
2019-06-18 09:29:11.772 22701 INFO rally.task.context [-] Task 5df77ffe-fa02-4f78-b965-d948aa92c4ef | Context cleanup@openstack setup() finished in 0.01 msec
2019-06-18 09:29:11.779 22701 RALLYDEBUG rally.task.runner [-] Starting the constant runner (task UUID: 5df77ffe-fa02-4f78-b965-d948aa92c4ef). timeout: 0 concurrency: 20 concurrency_per_worker: 1 times: 40 concurrency_overhead: 4 processes_to_start: 16 max_cpu_used: 16
2019-06-18 09:29:11.793 25165 RALLYDEBUG rally.task.runner [-] Starting a worker. concurrency: 2 args: {"network_create_args": null, "subnet_create_args": null, "subnet_cidr_start": "1.1.0.0/30", "subnets_per_network": 2, "router_create_args": null} times: 40 method_name: run timeout: 0 duration: None cls:
2019-06-18 09:29:11.796 25166 RALLYDEBUG rally.task.runner [-] Starting a worker. concurrency: 2 args: {"network_create_args": null, "subnet_create_args": null, "subnet_cidr_start": "1.1.0.0/30", "subnets_per_network": 2, "router_create_args": null} times: 40 method_name: run timeout: 0 duration: None cls:
2019-06-18 09:29:11.798 25167 RALLYDEBUG rally.task.runner [-] Starting a worker. concurrency: 2 args: {"network_create_args": null, "subnet_create_args": null, "subnet_cidr_start": "1.1.0.0/30", "subnets_per_network": 2, "router_create_args": null} times: 40 method_name: run timeout: 0 duration: None cls:
2019-06-18 09:29:11.800 25165 INFO rally.task.runner [-] Task 5df77ffe-fa02-4f78-b965-d948aa92c4ef | ITER: 1 START
2019-06-18 09:29:11.801 25168 RALLYDEBUG rally.task.runner [-] Starting a worker. concurrency: 2 args: {"network_create_args": null, "subnet_create_args": null, "subnet_cidr_start": "1.1.0.0/30", "subnets_per_network": 2, "router_create_args": null} times: 40 method_name: run timeout: 0 duration: None cls:
2019-06-18 09:29:11.801 25165 INFO rally.task.runner [-] Task 5df77ffe-fa02-4f78-b965-d948aa92c4ef | ITER: 2 START
2019-06-18 09:29:11.802 25166 INFO rally.task.runner [-] Task 5df77ffe-fa02-4f78-b965-d948aa92c4ef | ITER: 3 START
2019-06-18 09:29:11.804 25171 RALLYDEBUG rally.task.runner [-] Starting a worker. concurrency: 1 args: {"network_create_args": null, "subnet_create_args": null, "subnet_cidr_start": "1.1.0.0/30", "subnets_per_network": 2, "router_create_args": null} times: 40 method_name: run timeout: 0 duration: None cls:
2019-06-18 09:29:11.805 25167 INFO rally.task.runner [-] Task 5df77ffe-fa02-4f78-b965-d948aa92c4ef | ITER: 4 START
2019-06-18 09:29:11.809 25171 INFO rally.task.runner [-] Task 5df77ffe-fa02-4f78-b965-d948aa92c4ef | ITER: 9 START
2019-06-18 09:29:11.808 25175 RALLYDEBUG rally.task.runner [-] Starting a worker. concurrency: 1 args: {"network_create_args": null, "subnet_create_args": null, "subnet_cidr_start": "1.1.0.0/30", "subnets_per_network": 2, "router_create_args": null} times: 40 method_name: run timeout: 0 duration: None cls:
2019-06-18 09:29:11.809 25168 INFO rally.task.runner [-] Task 5df77ffe-fa02-4f78-b965-d948aa92c4ef | ITER: 8 START
2019-06-18 09:29:11.807 25167 INFO rally.task.runner [-] Task 5df77ffe-fa02-4f78-b965-d948aa92c4ef | ITER: 7 START
2019-06-18 09:29:11.813 25178 RALLYDEBUG rally.task.runner [-] Starting a worker. concurrency: 1 args: {"network_create_args": null, "subnet_create_args": null, "subnet_cidr_start": "1.1.0.0/30", "subnets_per_network": 2, "router_create_args": null} times: 40 method_name: run timeout: 0 duration: None cls:
2019-06-18 09:29:11.810 25168 INFO rally.task.runner [-] Task 5df77ffe-fa02-4f78-b965-d948aa92c4ef | ITER: 6 START
2019-06-18 09:29:11.814 25175 INFO rally.task.runner [-] Task 5df77ffe-fa02-4f78-b965-d948aa92c4ef | ITER: 10 START
2019-06-18 09:29:11.819 25178 INFO rally.task.runner [-] Task 5df77ffe-fa02-4f78-b965-d948aa92c4ef | ITER: 11 START
2019-06-18 09:29:11.821 25186 RALLYDEBUG rally.task.runner [-] Starting a worker. concurrency: 1 args: {"network_create_args": null, "subnet_create_args": null, "subnet_cidr_start": "1.1.0.0/30", "subnets_per_network": 2, "router_create_args": null} times: 40 method_name: run timeout: 0 duration: None cls:
2019-06-18 09:29:11.823 25166 INFO rally.task.runner [-] Task 5df77ffe-fa02-4f78-b965-d948aa92c4ef | ITER: 5 START
2019-06-18 09:29:11.826 25189 RALLYDEBUG rally.task.runner [-] Starting a worker. concurrency: 1 args: {"network_create_args": null, "subnet_create_args": null, "subnet_cidr_start": "1.1.0.0/30", "subnets_per_network": 2, "router_create_args": null} times: 40 method_name: run timeout: 0 duration: None cls:
2019-06-18 09:29:11.827 25192 RALLYDEBUG rally.task.runner [-] Starting a worker. concurrency: 1 args: {"network_create_args": null, "subnet_create_args": null, "subnet_cidr_start": "1.1.0.0/30", "subnets_per_network": 2, "router_create_args": null} times: 40 method_name: run timeout: 0 duration: None cls:
2019-06-18 09:29:11.829 25186 INFO rally.task.runner [-] Task 5df77ffe-fa02-4f78-b965-d948aa92c4ef | ITER: 12 START
2019-06-18 09:29:11.831 25189 INFO rally.task.runner [-] Task 5df77ffe-fa02-4f78-b965-d948aa92c4ef | ITER: 13 START
2019-06-18 09:29:11.832 25192 INFO rally.task.runner [-] Task 5df77ffe-fa02-4f78-b965-d948aa92c4ef | ITER: 14 START
2019-06-18 09:29:11.832 25193 RALLYDEBUG rally.task.runner [-] Starting a worker. concurrency: 1 args: {"network_create_args": null, "subnet_create_args": null, "subnet_cidr_start": "1.1.0.0/30", "subnets_per_network": 2, "router_create_args": null} times: 40 method_name: run timeout: 0 duration: None cls:
2019-06-18 09:29:11.836 25197 RALLYDEBUG rally.task.runner [-] Starting a worker. concurrency: 1 args: {"network_create_args": null, "subnet_create_args": null, "subnet_cidr_start": "1.1.0.0/30", "subnets_per_network": 2, "router_create_args": null} times: 40 method_name: run timeout: 0 duration: None cls:
2019-06-18 09:29:11.837 25193 INFO rally.task.runner [-] Task 5df77ffe-fa02-4f78-b965-d948aa92c4ef | ITER: 15 START
2019-06-18 09:29:11.840 25197 INFO rally.task.runner [-] Task 5df77ffe-fa02-4f78-b965-d948aa92c4ef | ITER: 16 START
2019-06-18 09:29:11.852 25205 RALLYDEBUG rally.task.runner [-] Starting a worker. concurrency: 1 args: {"network_create_args": null, "subnet_create_args": null, "subnet_cidr_start": "1.1.0.0/30", "subnets_per_network": 2, "router_create_args": null} times: 40 method_name: run timeout: 0 duration: None cls:
2019-06-18 09:29:11.857 25205 INFO rally.task.runner [-] Task 5df77ffe-fa02-4f78-b965-d948aa92c4ef | ITER: 17 START
2019-06-18 09:29:11.859 25206 RALLYDEBUG rally.task.runner [-] Starting a worker. concurrency: 1 args: {"network_create_args": null, "subnet_create_args": null, "subnet_cidr_start": "1.1.0.0/30", "subnets_per_network": 2, "router_create_args": null} times: 40 method_name: run timeout: 0 duration: None cls:
2019-06-18 09:29:11.862 25208 RALLYDEBUG rally.task.runner [-] Starting a worker. concurrency: 1 args: {"network_create_args": null, "subnet_create_args": null, "subnet_cidr_start": "1.1.0.0/30", "subnets_per_network": 2, "router_create_args": null} times: 40 method_name: run timeout: 0 duration: None cls:
2019-06-18 09:29:11.865 25206 INFO rally.task.runner [-] Task 5df77ffe-fa02-4f78-b965-d948aa92c4ef | ITER: 18 START
2019-06-18 09:29:11.867 25208 INFO rally.task.runner [-] Task 5df77ffe-fa02-4f78-b965-d948aa92c4ef | ITER: 19 START
2019-06-18 09:29:11.869 25211 RALLYDEBUG rally.task.runner [-] Starting a worker. concurrency: 1 args: {"network_create_args": null, "subnet_create_args": null, "subnet_cidr_start": "1.1.0.0/30", "subnets_per_network": 2, "router_create_args": null} times: 40 method_name: run timeout: 0 duration: None cls:
2019-06-18 09:29:11.874 25211 INFO rally.task.runner [-] Task 5df77ffe-fa02-4f78-b965-d948aa92c4ef | ITER: 20 START
2019-06-18 09:29:13.492 25166 RALLYDEBUG rally_openstack.wrappers.network [-] CIDR generated: 1.1.5.160/30
2019-06-18 09:29:13.605 25165 RALLYDEBUG rally_openstack.wrappers.network [-] CIDR generated: 1.1.5.164/30
2019-06-18 09:29:13.693 25165 RALLYDEBUG rally_openstack.wrappers.network [-] CIDR generated: 1.1.5.168/30
2019-06-18 09:29:13.773 25175 RALLYDEBUG rally_openstack.wrappers.network [-] CIDR generated: 1.1.5.172/30
2019-06-18 09:29:13.773 25189 RALLYDEBUG rally_openstack.wrappers.network [-] CIDR generated: 1.1.5.176/30
2019-06-18 09:29:13.803 25178 RALLYDEBUG rally_openstack.wrappers.network [-] CIDR generated: 1.1.5.180/30
2019-06-18 09:29:13.837 25193 RALLYDEBUG rally_openstack.wrappers.network [-] CIDR generated: 1.1.5.184/30
2019-06-18 09:29:13.883 25167 RALLYDEBUG rally_openstack.wrappers.network [-] CIDR generated: 1.1.5.188/30
2019-06-18 09:29:13.884 25166 RALLYDEBUG rally_openstack.wrappers.network [-] CIDR generated: 1.1.5.192/30
2019-06-18 09:29:13.956 25168 RALLYDEBUG rally_openstack.wrappers.network [-] CIDR generated: 1.1.5.196/30
2019-06-18 09:29:14.037 25168 RALLYDEBUG rally_openstack.wrappers.network [-] CIDR generated: 1.1.5.200/30
2019-06-18 09:29:14.198 25192 RALLYDEBUG rally_openstack.wrappers.network [-] CIDR generated: 1.1.5.204/30
2019-06-18 09:29:14.341 25167 RALLYDEBUG rally_openstack.wrappers.network [-] CIDR generated: 1.1.5.208/30
2019-06-18 09:29:14.683 25171 RALLYDEBUG rally_openstack.wrappers.network [-] CIDR generated: 1.1.5.212/30
2019-06-18 09:29:15.034 25211 RALLYDEBUG rally_openstack.wrappers.network [-] CIDR generated: 1.1.5.216/30
2019-06-18 09:29:15.191 25186 RALLYDEBUG rally_openstack.wrappers.network [-] CIDR generated: 1.1.5.220/30
2019-06-18 09:29:15.276 25193 RALLYDEBUG rally_openstack.wrappers.network [-] CIDR generated: 1.1.5.224/30
2019-06-18 09:29:15.471 25166 RALLYDEBUG rally_openstack.wrappers.network [-] CIDR generated: 1.1.5.228/30
2019-06-18 09:29:15.670 25206 RALLYDEBUG rally_openstack.wrappers.network [-] CIDR generated: 1.1.5.232/30
2019-06-18 09:29:15.671 25208 RALLYDEBUG rally_openstack.wrappers.network [-] CIDR generated: 1.1.5.236/30
2019-06-18 09:29:15.725 25175 RALLYDEBUG rally_openstack.wrappers.network [-] CIDR generated: 1.1.5.240/30
2019-06-18 09:29:15.726 25165 RALLYDEBUG rally_openstack.wrappers.network [-] CIDR generated: 1.1.5.244/30
2019-06-18 09:29:15.742 25197 RALLYDEBUG rally_openstack.wrappers.network [-] CIDR generated: 1.1.5.248/30
2019-06-18 09:29:15.823 25205 RALLYDEBUG rally_openstack.wrappers.network [-] CIDR generated: 1.1.5.252/30
2019-06-18 09:29:16.368 25192 RALLYDEBUG rally_openstack.wrappers.network [-] CIDR generated: 1.1.6.0/30
2019-06-18 09:29:17.633 25167 RALLYDEBUG rally_openstack.wrappers.network [-] CIDR generated: 1.1.6.4/30
2019-06-18 09:29:17.772 25178 RALLYDEBUG rally_openstack.wrappers.network [-] CIDR generated: 1.1.6.8/30
2019-06-18 09:29:17.853 25166 RALLYDEBUG rally_openstack.wrappers.network [-] CIDR generated: 1.1.6.12/30
2019-06-18 09:29:18.149 25189 RALLYDEBUG rally_openstack.wrappers.network [-] CIDR generated: 1.1.6.16/30
2019-06-18 09:29:18.553 25168 RALLYDEBUG rally_openstack.wrappers.network [-] CIDR generated: 1.1.6.20/30
2019-06-18 09:29:18.849 25168 RALLYDEBUG rally_openstack.wrappers.network [-] CIDR generated: 1.1.6.24/30
2019-06-18 09:29:20.238 25211 RALLYDEBUG rally_openstack.wrappers.network [-] CIDR generated: 1.1.6.28/30
2019-06-18 09:29:22.185 25165 RALLYDEBUG rally_openstack.wrappers.network [-] CIDR generated: 1.1.6.32/30
2019-06-18 09:29:22.633 25167 RALLYDEBUG rally_openstack.wrappers.network [-] CIDR generated: 1.1.6.36/30
2019-06-18 09:29:22.700 25171 RALLYDEBUG rally_openstack.wrappers.network [-] CIDR generated: 1.1.6.40/30
2019-06-18 09:29:23.059 25193 INFO rally.task.runner [-] Task 5df77ffe-fa02-4f78-b965-d948aa92c4ef | ITER: 15 END: OK
2019-06-18 09:29:23.062 25193 INFO rally.task.runner [-] Task 5df77ffe-fa02-4f78-b965-d948aa92c4ef | ITER: 21 START
2019-06-18 09:29:23.650 25186 RALLYDEBUG rally_openstack.wrappers.network [-] CIDR generated: 1.1.6.44/30
2019-06-18 09:29:23.846 25208 RALLYDEBUG rally_openstack.wrappers.network [-] CIDR generated: 1.1.6.48/30
2019-06-18 09:29:24.235 25206 RALLYDEBUG rally_openstack.wrappers.network [-] CIDR generated: 1.1.6.52/30
2019-06-18 09:29:24.236 25205 RALLYDEBUG rally_openstack.wrappers.network [-] CIDR generated: 1.1.6.56/30
2019-06-18 09:29:24.239 25197 RALLYDEBUG rally_openstack.wrappers.network [-] CIDR generated: 1.1.6.60/30
2019-06-18 09:29:24.493 25193 RALLYDEBUG rally_openstack.wrappers.network [-] CIDR generated: 1.1.6.64/30
2019-06-18 09:29:26.004 25193 RALLYDEBUG rally_openstack.wrappers.network [-] CIDR generated: 1.1.6.68/30
2019-06-18 09:29:32.349 25192 INFO rally.task.runner [-] Task 5df77ffe-fa02-4f78-b965-d948aa92c4ef | ITER: 14 END: OK
2019-06-18 09:29:32.349 25166 INFO rally.task.runner [-] Task 5df77ffe-fa02-4f78-b965-d948aa92c4ef | ITER: 3 END: OK
2019-06-18 09:29:32.353 25166 INFO rally.task.runner [-] Task 5df77ffe-fa02-4f78-b965-d948aa92c4ef | ITER: 22 START
2019-06-18 09:29:32.353 25192 INFO rally.task.runner [-] Task 5df77ffe-fa02-4f78-b965-d948aa92c4ef | ITER: 23 START
2019-06-18 09:29:33.089 25175 INFO rally.task.runner [-] Task 5df77ffe-fa02-4f78-b965-d948aa92c4ef | ITER: 10 END: OK
2019-06-18 09:29:33.091 25165 INFO rally.task.runner [-] Task 5df77ffe-fa02-4f78-b965-d948aa92c4ef | ITER: 2 END: OK
2019-06-18 09:29:33.094 25175 INFO rally.task.runner [-] Task 5df77ffe-fa02-4f78-b965-d948aa92c4ef | ITER: 24 START
2019-06-18 09:29:33.095 25165 INFO rally.task.runner [-] Task 5df77ffe-fa02-4f78-b965-d948aa92c4ef | ITER: 25 START
