2019-06-18 09:42:10.614 22701 RALLYDEBUG rally_openstack.cleanup.manager [-] Deleting neutron.port object s_rally_b48c674a_AjncgWvc (5921e94b-64df-43f9-91bd-eb4764b38260)
2019-06-18 09:42:10.677 22701 RALLYDEBUG rally_openstack.cleanup.manager [-] Deleting neutron.port object s_rally_b48c674a_ykRj2iRQ (5982fc96-25b5-4587-a258-340bb722e890)
2019-06-18 09:42:10.827 22701 RALLYDEBUG rally_openstack.cleanup.manager [-] Deleting neutron.port object s_rally_b48c674a_BugSKtNi (5b4717a2-9df7-44a4-b02a-e73bfac778c5)
2019-06-18 09:42:11.201 22701 RALLYDEBUG rally_openstack.cleanup.manager [-] Deleting neutron.port object s_rally_b48c674a_guUbLorz (5c721b8d-abf8-4c4a-94a1-efd3942f4804)
2019-06-18 09:42:11.208 22701 RALLYDEBUG rally_openstack.cleanup.manager [-] Deleting neutron.port object s_rally_b48c674a_3hv5xSyp (5dc14093-9ee2-4f1b-b8e6-666e24acaa2f)
2019-06-18 09:42:11.270 22701 RALLYDEBUG rally_openstack.cleanup.manager [-] Deleting neutron.port object s_rally_b48c674a_GMo4leYB (5e4904fa-36e3-4572-8ba3-b21feb481340)
2019-06-18 09:42:11.323 22701 RALLYDEBUG rally_openstack.cleanup.manager [-] Deleting neutron.port object s_rally_b48c674a_4zYwCbTe (61d81db1-499d-4c01-b980-4be40c039672)
2019-06-18 09:42:11.429 22701 RALLYDEBUG rally_openstack.cleanup.manager [-] Deleting neutron.port object s_rally_b48c674a_2TQ1u45y (625ad203-bf2c-4e85-90d6-dd5abc8c8f11)
2019-06-18 09:42:11.489 22701 RALLYDEBUG rally_openstack.cleanup.manager [-] Deleting neutron.port object s_rally_b48c674a_8JL54zhr (640a5a66-7973-48f4-b8ab-b61a8c801fcc)
2019-06-18 09:42:11.660 22701 RALLYDEBUG rally_openstack.cleanup.manager [-] Deleting neutron.port object s_rally_b48c674a_G98k6qrs (65e79e9a-286b-4d6e-83ca-d1720ef9caed)
2019-06-18 09:42:11.811 22701 RALLYDEBUG rally_openstack.cleanup.manager [-] Deleting neutron.port object s_rally_b48c674a_DIO0QhE5 (664f0849-b831-4918-9cd4-336165dc124d)
2019-06-18 09:42:11.977 22701 RALLYDEBUG rally_openstack.cleanup.manager [-] Deleting neutron.port object s_rally_b48c674a_kklpdcxM (6b52ea50-2f80-43ed-b17c-f4913cc439d8)
2019-06-18 09:42:12.418 22701 RALLYDEBUG rally_openstack.cleanup.manager [-] Deleting neutron.port object s_rally_b48c674a_0ORgyVWH (700a23b2-eea2-4246-8991-2b3e7d11b6a2)
2019-06-18 09:42:12.475 22701 RALLYDEBUG rally_openstack.cleanup.manager [-] Deleting neutron.port object s_rally_b48c674a_fw45wgNV (70177fac-47e5-41a6-9a91-2813ba042bdd)
2019-06-18 09:42:12.549 22701 RALLYDEBUG rally_openstack.cleanup.manager [-] Deleting neutron.port object s_rally_b48c674a_51aAtKML (7121598b-addb-4a3c-87bb-cd7e0f6a65a3)
2019-06-18 09:42:12.653 22701 RALLYDEBUG rally_openstack.cleanup.manager [-] Deleting neutron.port object s_rally_b48c674a_jKElCa3j (71f040c1-c8a6-46c9-bfa7-80b519d260e7)
2019-06-18 09:42:12.795 22701 RALLYDEBUG rally_openstack.cleanup.manager [-] Deleting neutron.port object s_rally_b48c674a_JGuktDKl (73d0cdf4-9a95-49fa-b21b-06b9e7502739)
2019-06-18 09:42:12.944 22701 RALLYDEBUG rally_openstack.cleanup.manager [-] Deleting neutron.port object s_rally_b48c674a_O3wqJojQ (74df0f0c-fa26-4e15-b43f-892439c8b141)
2019-06-18 09:42:13.058 22701 RALLYDEBUG rally_openstack.cleanup.manager [-] Deleting neutron.port object s_rally_b48c674a_4eJ46IoM (752653cd-7b48-4400-9a70-455db704455b)
2019-06-18 09:42:13.361 22701 RALLYDEBUG rally_openstack.cleanup.manager [-] Deleting neutron.port object s_rally_b48c674a_ijEu2f78 (761959ac-8170-4ae6-8b94-b9b5f2d0b83a)
2019-06-18 09:42:13.440 22701 RALLYDEBUG rally_openstack.cleanup.manager [-] Deleting neutron.port object s_rally_b48c674a_oVwMsfzQ (76c525d8-690e-458c-9ec2-b6bba282d19d)
2019-06-18 09:42:13.453 22701 RALLYDEBUG rally_openstack.cleanup.manager [-] Deleting neutron.port object s_rally_b48c674a_Efottqts (79458e83-800f-49ff-8077-f10cc43caa05)
2019-06-18 09:42:13.498 22701 RALLYDEBUG rally_openstack.cleanup.manager [-] Deleting neutron.port object s_rally_b48c674a_P82PKUhk (7c5372b4-1966-46cd-be14-79ef402243d9)
2019-06-18 09:42:13.944 22701 RALLYDEBUG rally_openstack.cleanup.manager [-] Deleting neutron.port object s_rally_b48c674a_BJeDWxel (7d881de7-e328-4e7f-8a4b-d2f5079e3141)
2019-06-18 09:42:14.013 22701 RALLYDEBUG rally_openstack.cleanup.manager [-] Deleting neutron.port object s_rally_b48c674a_Obksou3s (7e78deb2-0441-4a55-a22c-36e43c033b03)
2019-06-18 09:42:14.409 22701 RALLYDEBUG rally_openstack.cleanup.manager [-] Deleting neutron.port object s_rally_b48c674a_ySCxwEoR (7ea980f8-1530-448d-90e4-a8e726e0915e)
2019-06-18 09:42:14.472 22701 RALLYDEBUG rally_openstack.cleanup.manager [-] Deleting neutron.port object s_rally_b48c674a_jepzHPsY (7ed1f918-5fef-4b6b-940c-5348dccba643)
2019-06-18 09:42:14.570 22701 RALLYDEBUG rally_openstack.cleanup.manager [-] Deleting neutron.port object s_rally_b48c674a_v6oXG4IV (7ff1e032-07bd-4dda-8a33-33f3ef8c18b1)
2019-06-18 09:42:14.787 22701 RALLYDEBUG rally_openstack.cleanup.manager [-] Deleting neutron.port object s_rally_b48c674a_yDvvxFcU (822e1a4c-5627-4695-bc5e-d3faf16925f9)
2019-06-18 09:42:14.802 22701 RALLYDEBUG rally_openstack.cleanup.manager [-] Deleting neutron.port object s_rally_b48c674a_1QYVq4cx (82941164-c8c4-4f7e-b111-47dedbaff99e)
2019-06-18 09:42:14.803 22701 RALLYDEBUG rally_openstack.cleanup.manager [-] Deleting neutron.port object s_rally_b48c674a_Hkv6tJ0d (82b18a4f-0e77-4517-ba2f-82c47ae5700b)
2019-06-18 09:42:14.897 22701 RALLYDEBUG rally_openstack.cleanup.manager [-] Deleting neutron.port object s_rally_b48c674a_wI53lYI2 (82fdbfef-f9f3-4da7-a196-a571a48b8573)
2019-06-18 09:42:15.147 22701 RALLYDEBUG rally_openstack.cleanup.manager [-] Deleting neutron.port object s_rally_b48c674a_5THPztP7 (8397776b-a16b-41b9-af3c-db5b8e433ed3)
2019-06-18 09:42:15.212 22701 RALLYDEBUG rally_openstack.cleanup.manager [-] Deleting neutron.port object s_rally_b48c674a_1Igzh6kQ (83e325a3-dadb-4865-8247-19376df301bb)
2019-06-18 09:42:15.232 22701 RALLYDEBUG rally_openstack.cleanup.manager [-] Deleting neutron.port object s_rally_b48c674a_nbcZEope (83e6ccea-ccba-41d3-9b62-79de6f61cec3)
2019-06-18 09:42:15.719 22701 RALLYDEBUG rally_openstack.cleanup.manager [-] Deleting neutron.port object s_rally_b48c674a_gP7lMYet (8533d7c0-1ec5-43ea-b4da-b5e30e1f83a8)
2019-06-18 09:42:15.788 22701 RALLYDEBUG rally_openstack.cleanup.manager [-] Deleting neutron.port object s_rally_b48c674a_2XVH1Gg6 (85f29927-8e75-4f6e-ad2d-eb928c7d4a7f)
2019-06-18 09:42:15.843 22701 RALLYDEBUG rally_openstack.cleanup.manager [-] Deleting neutron.port object s_rally_b48c674a_OGG01ryv (8bc1c445-53c7-4d8c-9bda-2b43f9dc3df5)
2019-06-18 09:42:16.167 22701 RALLYDEBUG rally_openstack.cleanup.manager [-] Deleting neutron.port object s_rally_b48c674a_uODgZQ88 (8c3b0143-e7f4-4a79-ae0d-ecdcaa55daef)
2019-06-18 09:42:16.181 22701 RALLYDEBUG rally_openstack.cleanup.manager [-] Deleting neutron.port object s_rally_b48c674a_WFivYPPK (8cf53157-003e-424e-b2be-981118904ce2)
2019-06-18 09:42:16.215 22701 RALLYDEBUG rally_openstack.cleanup.manager [-] Deleting neutron.port object s_rally_b48c674a_HCTqg9Pz (8ef5d72a-701a-4682-ae19-5114172e6daa)
2019-06-18 09:42:16.322 22701 RALLYDEBUG rally_openstack.cleanup.manager [-] Deleting neutron.port object s_rally_b48c674a_7770SbH6 (8f5d2fac-b9e9-4b31-aa80-8a904761dea4)
2019-06-18 09:42:16.348 22701 RALLYDEBUG rally_openstack.cleanup.manager [-] Deleting neutron.port object s_rally_b48c674a_Wszva0EK (8f6c5005-71ec-472d-a7d6-c985855bbe75)
2019-06-18 09:42:16.439 22701 RALLYDEBUG rally_openstack.cleanup.manager [-] Deleting neutron.port object s_rally_b48c674a_RIq0BM32 (904c2f4a-bb4b-4663-8807-cc501bd8d97a)
2019-06-18 09:42:16.500 22701 RALLYDEBUG rally_openstack.cleanup.manager [-] Deleting neutron.port object s_rally_b48c674a_qQoGlxeu (9236f035-d168-4cc4-a4af-ebf891acb2be)
2019-06-18 09:42:16.829 22701 RALLYDEBUG rally_openstack.cleanup.manager [-] Deleting neutron.port object s_rally_b48c674a_fX7LXtvW (935734d1-3fbe-4699-88ac-502b59e95252)
2019-06-18 09:42:16.937 22701 RALLYDEBUG rally_openstack.cleanup.manager [-] Deleting neutron.port object s_rally_b48c674a_vXdQlEmP (95d63fd6-8a90-451e-a354-0beabbec37f1)
2019-06-18 09:42:17.313 22701 RALLYDEBUG rally_openstack.cleanup.manager [-] Deleting neutron.port object s_rally_b48c674a_8NrLE8Rz (9624e5ab-6702-44eb-be83-8426dc8ce018)
2019-06-18 09:42:17.334 22701 RALLYDEBUG rally_openstack.cleanup.manager [-] Deleting neutron.port object s_rally_b48c674a_I0dreoLN (9760743d-6c4f-4edb-b430-c37be7d87359)
2019-06-18 09:42:17.617 22701 RALLYDEBUG rally_openstack.cleanup.manager [-] Deleting neutron.port object s_rally_b48c674a_fYo3csiO (97f305e8-9224-40a4-92ae-b3f25b4e5f82)
2019-06-18 09:42:17.813 22701 RALLYDEBUG rally_openstack.cleanup.manager [-] Deleting neutron.port object s_rally_b48c674a_tMcbPR2j (992baa9c-7f61-4d44-91bc-f0adb8d3ed47)
2019-06-18 09:42:17.854 22701 RALLYDEBUG rally_openstack.cleanup.manager [-] Deleting neutron.port object s_rally_b48c674a_4DuvE8R5 (9c21224c-db2e-4043-bdde-86a382b91e5a)
2019-06-18 09:42:17.978 22701 RALLYDEBUG rally_openstack.cleanup.manager [-] Deleting neutron.port object s_rally_b48c674a_eCnVsJgq (9cb6c6e0-628b-4626-b1ea-0b93f47c0d95)
2019-06-18 09:42:18.261 22701 RALLYDEBUG rally_openstack.cleanup.manager [-] Deleting neutron.port object s_rally_b48c674a_2aXTNafd (9e255c1a-455c-45e6-8f4e-db8e46f5f0fe)
2019-06-18 09:42:18.293 22701 RALLYDEBUG rally_openstack.cleanup.manager [-] Deleting neutron.port object s_rally_b48c674a_Zpp0opCw (9e873355-a5ca-4359-947b-bcc75fd67458)
2019-06-18 09:42:18.780 22701 RALLYDEBUG rally_openstack.cleanup.manager [-] Deleting neutron.port object s_rally_b48c674a_8dQ121YN (9e99bfe8-8762-4fa1-aa74-5ef595ae3fc7)
2019-06-18 09:42:19.023 22701 RALLYDEBUG rally_openstack.cleanup.manager [-] Deleting neutron.port object s_rally_b48c674a_oS95c0Bk (a02daaf1-f0fb-48b3-8b32-ef7cec4d433f)
2019-06-18 09:42:19.029 22701 RALLYDEBUG rally_openstack.cleanup.manager [-] Deleting neutron.port object s_rally_b48c674a_md5RPFOV (a03547ad-8d9f-4b78-bccc-1b5cae01c72d)
2019-06-18 09:42:19.072 22701 RALLYDEBUG rally_openstack.cleanup.manager [-] Deleting neutron.port object s_rally_b48c674a_SRhRYR7U (a0f780e8-e71d-459a-a888-4dc952b5a327)
2019-06-18 09:42:19.081 22701 RALLYDEBUG rally_openstack.cleanup.manager [-] Deleting neutron.port object s_rally_b48c674a_z1NWvOA8 (a10f4fcd-f61a-4208-8bcb-b9fb020c95bb)
2019-06-18 09:42:19.187 22701 RALLYDEBUG rally_openstack.cleanup.manager [-] Deleting neutron.port object s_rally_b48c674a_TIDHwfQ3 (a37f056f-2cad-4aa8-85ae-3a3f9a436b30)
2019-06-18 09:42:19.243 22701 RALLYDEBUG rally_openstack.cleanup.manager [-] Deleting neutron.port object s_rally_b48c674a_k20L1IVE (a7de2e7d-1c89-44df-9823-984e7ba57f2e)
2019-06-18 09:42:19.958 22701 RALLYDEBUG rally_openstack.cleanup.manager [-] Deleting neutron.port object s_rally_b48c674a_GqAbZIwh (a833516b-3e27-4ceb-8b70-1015460aeb5e)
2019-06-18 09:42:20.051 22701 RALLYDEBUG rally_openstack.cleanup.manager [-] Deleting neutron.port object s_rally_b48c674a_CMPN4AFL (a91b12e5-0857-4200-bc8d-e2e50df126da)
2019-06-18 09:42:20.245 22701 RALLYDEBUG rally_openstack.cleanup.manager [-] Deleting neutron.port object s_rally_b48c674a_wGJeTSMC (aac62d7e-e7b1-4637-87dd-3ea037a360b7)
2019-06-18 09:42:20.255 22701 RALLYDEBUG rally_openstack.cleanup.manager [-] Deleting neutron.port object s_rally_b48c674a_kM4BqQBJ (ac2af0b8-062e-4096-a5a8-1999502ab33f)
2019-06-18 09:42:20.275 22701 RALLYDEBUG rally_openstack.cleanup.manager [-] Deleting neutron.port object s_rally_b48c674a_AjpxOnG0 (ae774eac-3acc-4726-911a-b538740a2f1c)
2019-06-18 09:42:20.279 22701 RALLYDEBUG rally_openstack.cleanup.manager [-] Deleting neutron.port object s_rally_b48c674a_86ew6t51 (ae130b18-bf06-465c-b86c-e9207a32bb25)
2019-06-18 09:42:20.443 22701 RALLYDEBUG rally_openstack.cleanup.manager [-] Deleting neutron.port object s_rally_b48c674a_tZhAj63J (af86654a-66a2-4de9-a035-e5a6a2c8a0dd)
2019-06-18 09:42:20.481 22701 RALLYDEBUG rally_openstack.cleanup.manager [-] Deleting neutron.port object s_rally_b48c674a_lx7SamZa (b007bbb2-ab09-4400-99ee-551febefff7e)
2019-06-18 09:42:20.574 22701 RALLYDEBUG rally_openstack.cleanup.manager [-] Deleting neutron.port object s_rally_b48c674a_1yLAk8I4 (b0fc19ab-c228-4c36-a92a-5c250b720dc7)
2019-06-18 09:42:20.835 22701 RALLYDEBUG rally_openstack.cleanup.manager [-] Deleting neutron.port object s_rally_b48c674a_j76LKTsB (b160d637-cac9-4bb6-9a95-f7f737405da0)
2019-06-18 09:42:21.096 22701 RALLYDEBUG rally_openstack.cleanup.manager [-] Deleting neutron.port object s_rally_b48c674a_ND5BhlCV (b1bd1e90-924d-4e82-8b60-330eaf43e340)
2019-06-18 09:42:21.103 22701 RALLYDEBUG rally_openstack.cleanup.manager [-] Deleting neutron.port object s_rally_b48c674a_7s3b91Ip (b29d1525-de79-44e2-9655-aa6d6e3aa6f5)
2019-06-18 09:42:21.135 22701 RALLYDEBUG rally_openstack.cleanup.manager [-] Deleting neutron.port object s_rally_b48c674a_EtzvkE12 (b4091842-9fde-40ca-ba13-3c36c66ad9d9)
2019-06-18 09:42:21.172 22701 RALLYDEBUG rally_openstack.cleanup.manager [-] Deleting neutron.port object s_rally_b48c674a_u5XEPMNl (b4319bc9-81a9-4d86-8c47-ec0fe8f80ce6)
2019-06-18 09:42:21.396 22701 RALLYDEBUG rally_openstack.cleanup.manager [-] Deleting neutron.port object s_rally_b48c674a_2Us4g2qV (b54febfa-787f-4c0a-b6fe-2d96eb685cb4)
2019-06-18 09:42:21.498 22701 RALLYDEBUG rally_openstack.cleanup.manager [-] Deleting neutron.port object s_rally_b48c674a_JVr9ivNO (b58539d5-f283-43fe-bea3-b666b3798e90)
2019-06-18 09:42:22.222 22701 RALLYDEBUG rally_openstack.cleanup.manager [-] Deleting neutron.port object s_rally_b48c674a_RerpmTW6 (b9cb35d3-1ed0-4687-af36-31dde2870174)
2019-06-18 09:42:22.677 22701 RALLYDEBUG rally_openstack.cleanup.manager [-] Deleting neutron.port object s_rally_b48c674a_sSx9jDwr (ba4f392d-d740-4d67-9ff1-e39f1598c798)
2019-06-18 09:42:23.167 22701 RALLYDEBUG rally_openstack.cleanup.manager [-] Deleting neutron.port object s_rally_b48c674a_7qQd5sdj (bdc22585-c64f-4440-9ace-b04375f35169)
2019-06-18 09:42:23.219 22701 RALLYDEBUG rally_openstack.cleanup.manager [-] Deleting neutron.port object s_rally_b48c674a_EnxNMG0o (bde74366-9155-4852-aa3d-680f53812070)
2019-06-18 09:42:23.327 22701 RALLYDEBUG rally_openstack.cleanup.manager [-] Deleting neutron.port object s_rally_b48c674a_xZwfpqKN (beb65021-63e3-450f-8da6-480affd9f189)
2019-06-18 09:42:23.408 22701 RALLYDEBUG rally_openstack.cleanup.manager [-] Deleting neutron.port object s_rally_b48c674a_H1FG7caF (c042f80d-3cb5-408e-9d8c-06bc4f580bbb)
2019-06-18 09:42:23.434 22701 RALLYDEBUG rally_openstack.cleanup.manager [-] Deleting neutron.port object s_rally_b48c674a_QFj8bAzO (c09a9d18-9ea9-432c-93f1-8ed55e9bed47)
2019-06-18 09:42:23.440 22701 RALLYDEBUG rally_openstack.cleanup.manager [-] Deleting neutron.port object s_rally_b48c674a_wJpyaU8W (c1cd1f38-fb29-43d6-95bc-df78e0886960)
2019-06-18 09:42:23.482 22701 RALLYDEBUG rally_openstack.cleanup.manager [-] Deleting neutron.port object s_rally_b48c674a_jQILQIhF (c1cdb605-28ee-4022-80f0-e51be6b11d51)
2019-06-18 09:42:23.673 22701 RALLYDEBUG rally_openstack.cleanup.manager [-] Deleting neutron.port object s_rally_b48c674a_2AwrXZf4 (c3cabb99-28a1-423d-b4c4-4d078acad73c)
2019-06-18 09:42:23.680 22701 RALLYDEBUG rally_openstack.cleanup.manager [-] Deleting neutron.port object s_rally_b48c674a_7uP9yqpJ (c5cd16cc-7e44-49c1-bacf-e101a8262ae5)
2019-06-18 09:42:24.037 22701 RALLYDEBUG rally_openstack.cleanup.manager [-] Deleting neutron.port object s_rally_b48c674a_4uC452QA (c621215f-9aee-4652-af7c-abf26361e281)
2019-06-18 09:42:24.077 22701 RALLYDEBUG rally_openstack.cleanup.manager [-] Deleting neutron.port object s_rally_b48c674a_WqvvsfQU (c73a1257-2e1f-46c7-ba4e-0c965052bd4d)
2019-06-18 09:42:24.128 22701 RALLYDEBUG rally_openstack.cleanup.manager [-] Deleting neutron.port object s_rally_b48c674a_T6mKCEsc (cbf8d53a-be40-4201-b10e-81efc44cdeac)
2019-06-18 09:42:24.464 22701 RALLYDEBUG rally_openstack.cleanup.manager [-] Deleting neutron.port object s_rally_b48c674a_HDewk6wH (ccf26d3a-d660-4d61-82ae-2b6c826cfe3c)
2019-06-18 09:42:24.486 22701 RALLYDEBUG rally_openstack.cleanup.manager [-] Deleting neutron.port object s_rally_b48c674a_fsEXBxqL (cd3b13c2-45bb-4b7c-9994-d0c906bd06c0)
2019-06-18 09:42:24.493 22701 RALLYDEBUG rally_openstack.cleanup.manager [-] Deleting neutron.port object s_rally_b48c674a_s1Kw7eqC (cdbd65e9-b751-4f8b-83de-3bc30af8f00c)
2019-06-18 09:42:24.929 22701 RALLYDEBUG rally_openstack.cleanup.manager [-] Deleting neutron.port object s_rally_b48c674a_HJEacFga (cdeb0864-070c-4ce0-ae93-281e1f2a1d6f)
2019-06-18 09:42:25.570 22701 RALLYDEBUG rally_openstack.cleanup.manager [-] Deleting neutron.port object s_rally_b48c674a_SLQYHVZl (d17b3214-4d1c-4a66-830a-bea775737a1c)
2019-06-18 09:42:25.641 22701 RALLYDEBUG rally_openstack.cleanup.manager [-] Deleting neutron.port object s_rally_b48c674a_8J2GjR5F (d2fe22c7-db2c-4cc3-8efe-2b1b419a9ab7)
2019-06-18 09:42:25.655 22701 RALLYDEBUG rally_openstack.cleanup.manager [-] Deleting neutron.port object s_rally_b48c674a_3dZ2TTkW (d52e706e-128a-41cc-883b-4529c9984ee5)
2019-06-18 09:42:25.768 22701 RALLYDEBUG rally_openstack.cleanup.manager [-] Deleting neutron.port object s_rally_b48c674a_RzRfJLjk (d74f091f-7841-41ec-9e26-7348d506e5b8)
2019-06-18 09:42:26.053 22701 RALLYDEBUG rally_openstack.cleanup.manager [-] Deleting neutron.port object s_rally_b48c674a_6kwPlCqa (d75e19e1-e503-4db7-85ea-975a3aec9bea)
2019-06-18 09:42:26.099 22701 RALLYDEBUG rally_openstack.cleanup.manager [-] Deleting neutron.port object s_rally_b48c674a_l3xscmST (d864efa9-a005-4254-b9b1-9e6113d4d3ac)
2019-06-18 09:42:26.152 22701 RALLYDEBUG rally_openstack.cleanup.manager [-] Deleting neutron.port object s_rally_b48c674a_vPAqltdj (db716271-a3a4-4ab0-8c51-69f6ffe50df5)
2019-06-18 09:42:26.575 22701 RALLYDEBUG rally_openstack.cleanup.manager [-] Deleting neutron.port object s_rally_b48c674a_fUqXS0bQ (db78133e-cdf6-4ac3-a1b0-e1aa2181a1b8)
2019-06-18 09:42:26.594 22701 RALLYDEBUG rally_openstack.cleanup.manager [-] Deleting neutron.port object s_rally_b48c674a_1hDAT1qj (dd868102-57ad-42b4-9021-6fb8b80d2bc2)
2019-06-18 09:42:26.606 22701 RALLYDEBUG rally_openstack.cleanup.manager [-] Deleting neutron.port object s_rally_b48c674a_cjxBfUIc (dde2b937-cd65-4748-87e7-e37ab5b1905a)
2019-06-18 09:42:26.742 22701 RALLYDEBUG rally_openstack.cleanup.manager [-] Deleting neutron.port object s_rally_b48c674a_WLvhgVI6 (deea112b-1526-4c48-9f69-302d2dc05e70)
2019-06-18 09:42:26.797 22701 RALLYDEBUG rally_openstack.cleanup.manager [-] Deleting neutron.port object s_rally_b48c674a_Kn1p5jGs (dfea9ec6-ba73-4615-ae1c-daec920ecaa8)
2019-06-18 09:42:26.985 22701 RALLYDEBUG rally_openstack.cleanup.manager [-] Deleting neutron.port object s_rally_b48c674a_Ww3vsTtQ (e11b77f0-fc0f-4943-a7ac-065b0a4fcaed)
2019-06-18 09:42:26.996 22701 RALLYDEBUG rally_openstack.cleanup.manager [-] Deleting neutron.port object s_rally_b48c674a_voh6EjyQ (e14a1444-4183-464b-ae74-28414da01adb)
2019-06-18 09:42:27.211 22701 RALLYDEBUG rally_openstack.cleanup.manager [-] Deleting neutron.port object s_rally_b48c674a_w7VcmuXg (e33c5e1d-2ac6-4858-baf9-76cc474bdf58)
2019-06-18 09:42:27.245 22701 RALLYDEBUG rally_openstack.cleanup.manager [-] Deleting neutron.port object s_rally_b48c674a_vQ3YMXik (e34a35e2-d0a5-40db-8bbc-74237ea1613c)
2019-06-18 09:42:27.278 22701 RALLYDEBUG rally_openstack.cleanup.manager [-] Deleting neutron.port object s_rally_b48c674a_g1bz7U3o (e4f450b2-3c9b-459d-8960-ba10dc569470)
2019-06-18 09:42:27.627 22701 RALLYDEBUG rally_openstack.cleanup.manager [-] Deleting neutron.port object s_rally_b48c674a_edZsUaxi (e858ef30-2b43-4f02-b515-40191b1bac7f)
2019-06-18 09:42:27.724 22701 RALLYDEBUG rally_openstack.cleanup.manager [-] Deleting neutron.port object s_rally_b48c674a_ZoGi2isl (e87fe677-7fd0-4e51-ba7a-bb5eaa3d4295)
2019-06-18 09:42:27.937 22701 RALLYDEBUG rally_openstack.cleanup.manager [-] Deleting neutron.port object s_rally_b48c674a_PpOgAlu4 (e8dc615d-8bb3-40b2-b73c-d9ba1ff67d57)
2019-06-18 09:42:27.945 22701 RALLYDEBUG rally_openstack.cleanup.manager [-] Deleting neutron.port object s_rally_b48c674a_KOpu47Cz (e9ef43fa-f0f5-4473-9422-627017ac0757)
2019-06-18 09:42:28.259 22701 RALLYDEBUG rally_openstack.cleanup.manager [-] Deleting neutron.port object s_rally_b48c674a_EV8wJ8HK (e9f631f9-349b-450b-a9d4-3b569880827c)
2019-06-18 09:42:28.555 22701 RALLYDEBUG rally_openstack.cleanup.manager [-] Deleting neutron.port object s_rally_b48c674a_Za8vSTYh (eb83e0e1-ba37-41de-b98a-3f5fc63118b0)
2019-06-18 09:42:28.583 22701 RALLYDEBUG rally_openstack.cleanup.manager [-] Deleting neutron.port object s_rally_b48c674a_4gd0bmhN (ed6e09bc-9ff0-465c-a245-e6d9b83b2f81)
2019-06-18 09:42:28.760 22701 RALLYDEBUG rally_openstack.cleanup.manager [-] Deleting neutron.port object s_rally_b48c674a_ZtUa80Bo (edae1f72-357f-4824-b933-33f855655564)
2019-06-18 09:42:29.169 22701 RALLYDEBUG rally_openstack.cleanup.manager [-] Deleting neutron.port object s_rally_b48c674a_5yBRoNHB (ef79e323-9a33-4027-a06a-bf6e8ab6e8aa)
2019-06-18 09:42:29.380 22701 RALLYDEBUG rally_openstack.cleanup.manager [-] Deleting neutron.port object s_rally_b48c674a_54JkAGmG (f0ff14ab-9774-424a-afe6-ef39c89bb984)
2019-06-18 09:42:29.380 22701 RALLYDEBUG rally_openstack.cleanup.manager [-] Deleting neutron.port object s_rally_b48c674a_09XwL7XW (f37675ea-d51d-4a30-a91c-9d360951a925)
2019-06-18 09:42:29.585 22701 RALLYDEBUG rally_openstack.cleanup.manager [-] Deleting neutron.port object s_rally_b48c674a_Fxrn2EUy (f3e04228-15d9-4409-a3ea-37406c8ad95a)
2019-06-18 09:42:29.755 22701 RALLYDEBUG rally_openstack.cleanup.manager [-] Deleting neutron.port object s_rally_b48c674a_QzalGFZk (f41a1d38-0a8e-4fa3-8acc-73894926b66b)
2019-06-18 09:42:29.975 22701 RALLYDEBUG rally_openstack.cleanup.manager [-] Deleting neutron.port object s_rally_b48c674a_wSBli9uc (f490d7f0-2e6b-43d9-bf02-3d87bf25ddf4)
2019-06-18 09:42:29.994 22701 RALLYDEBUG rally_openstack.cleanup.manager [-] Deleting neutron.port object s_rally_b48c674a_bSYW02n8 (f6ea6e4a-ad9b-45e2-84c2-bfd1c18e26af)
2019-06-18 09:42:30.032 22701 RALLYDEBUG rally_openstack.cleanup.manager [-] Deleting neutron.port object s_rally_b48c674a_un9MYqzN (fb91a961-b964-4370-921c-8c71638369bc)
2019-06-18 09:42:30.168 22701 RALLYDEBUG rally_openstack.cleanup.manager [-] Deleting neutron.port object s_rally_b48c674a_ncPZ9OLw (fd50983c-023b-4945-b030-1a82842adae7)
2019-06-18 09:42:30.299 22701 RALLYDEBUG rally_openstack.cleanup.manager [-] Deleting neutron.port object s_rally_b48c674a_nn0UQX9g (ffaa36fe-7f22-4af6-a815-418b5651433b)
2019-06-18 09:42:33.204 22701 RALLYDEBUG rally_openstack.cleanup.manager [-] Cleaning up neutron subnet objects
2019-06-18 09:42:33.842 22701 RALLYDEBUG rally_openstack.cleanup.manager [-] Cleaning up neutron network objects
2019-06-18 09:42:34.639 22701 RALLYDEBUG rally_openstack.cleanup.manager [-] Deleting neutron.network object s_rally_b48c674a_4SUHHfPt (049b818c-da8c-4da6-b70c-fa488758a9ab)
2019-06-18 09:42:34.647 22701 RALLYDEBUG rally_openstack.cleanup.manager [-] Deleting neutron.network object s_rally_b48c674a_97MGe2Gv (06f47f2c-1b97-47fb-a568-8ad207da99f9)
2019-06-18 09:42:34.652 22701 RALLYDEBUG rally_openstack.cleanup.manager [-] Deleting neutron.network object s_rally_b48c674a_t3RvQewA (0c6a3e3e-a37b-40b0-aa04-8ebe334a9eb2)
2019-06-18 09:42:34.656 22701 RALLYDEBUG rally_openstack.cleanup.manager [-] Deleting neutron.network object s_rally_b48c674a_L01BV5x1 (0b763d05-0552-4ea6-abf7-6cc8763b33c1)
2019-06-18 09:42:34.665 22701 RALLYDEBUG rally_openstack.cleanup.manager [-] Deleting neutron.network object s_rally_b48c674a_f3TTZnY9 (18570674-53a1-4389-b272-9df64982312e)
2019-06-18 09:42:34.680 22701 RALLYDEBUG rally_openstack.cleanup.manager [-] Deleting neutron.network object s_rally_b48c674a_yxkjtXy0 (1af97126-f878-4fa6-96b0-d884c0f8e5f9)
2019-06-18 09:42:34.691 22701 RALLYDEBUG rally_openstack.cleanup.manager [-] Deleting neutron.network object s_rally_b48c674a_DtMZ0Bqw (26b2f6c6-73b2-41f0-a8e3-c25cca4ce74c)
2019-06-18 09:42:34.695 22701 RALLYDEBUG rally_openstack.cleanup.manager [-] Deleting neutron.network object s_rally_b48c674a_erZQns1h (289523f3-b8d6-4f7c-b622-0eb7ac6e2020)
2019-06-18 09:42:34.711 22701 RALLYDEBUG rally_openstack.cleanup.manager [-] Deleting neutron.network object s_rally_b48c674a_CTVCuzky (344ff854-7118-4704-99e4-b2f275b3a888)
2019-06-18 09:42:34.729 22701 RALLYDEBUG rally_openstack.cleanup.manager [-] Deleting neutron.network object s_rally_b48c674a_AwHI43UW (35c59da6-e616-4800-af8a-130c54945344)
2019-06-18 09:42:34.744 22701 RALLYDEBUG rally_openstack.cleanup.manager [-] Deleting neutron.network object s_rally_b48c674a_UsF0OeCO (37512748-eb67-4cee-967b-7657a1b6eb66)
2019-06-18 09:42:34.745 22701 RALLYDEBUG rally_openstack.cleanup.manager [-] Deleting neutron.network object s_rally_b48c674a_BGccGDkj (44986465-180b-47fb-ae3c-fed87cff8deb)
2019-06-18 09:42:34.761 22701 RALLYDEBUG rally_openstack.cleanup.manager [-] Deleting neutron.network object s_rally_b48c674a_XCQMdgWh (4783ebc4-848d-419c-a999-b7d67cf07dc5)
2019-06-18 09:42:34.771 22701 RALLYDEBUG rally_openstack.cleanup.manager [-] Deleting neutron.network object s_rally_b48c674a_jxR2wyI8 (4977fcc0-58b1-4d2e-8a21-1fea1c719b03)
2019-06-18 09:42:34.795 22701 RALLYDEBUG rally_openstack.cleanup.manager [-] Deleting neutron.network object s_rally_b48c674a_Ug4DO3qH (4f99e3c7-1654-4dd6-abb4-40aad65a01e7)
2019-06-18 09:42:34.809 22701 RALLYDEBUG rally_openstack.cleanup.manager [-] Deleting neutron.network object s_rally_b48c674a_G1eSq5Jy (55eaf0ba-0e0e-4303-a637-cfd8857a1b13)
2019-06-18 09:42:34.834 22701 RALLYDEBUG rally_openstack.cleanup.manager [-] Deleting neutron.network object s_rally_b48c674a_auSlLJLJ (68a3cfcf-61fc-4922-a64c-bb5b89ced8c7)
2019-06-18 09:42:34.837 22701 RALLYDEBUG rally_openstack.cleanup.manager [-] Deleting neutron.network object s_rally_b48c674a_lSV6vG9R (614b036b-dcd0-418b-9d21-be5a6ebabffa)
2019-06-18 09:42:34.861 22701 RALLYDEBUG rally_openstack.cleanup.manager [-] Deleting neutron.network object s_rally_b48c674a_4KWHzkHd (702b77cb-6222-4f03-aa97-468db6535e24)
2019-06-18 09:42:34.864 22701 RALLYDEBUG rally_openstack.cleanup.manager [-] Deleting neutron.network object s_rally_b48c674a_HygC1M6z (731fe2a5-452c-4405-b341-5092fa75357f)
2019-06-18 09:42:38.155 22701 RALLYDEBUG rally_openstack.cleanup.manager [-] Deleting neutron.network object s_rally_b48c674a_JAGJNdDN (73b5a925-b4d2-4049-b3c5-43021ebd00af)
2019-06-18 09:42:38.781 22701 RALLYDEBUG rally_openstack.cleanup.manager [-] Deleting neutron.network object s_rally_b48c674a_eQ9TskZU (7aa5ee7d-254b-49d3-909b-2e71ef813ef9)
2019-06-18 09:42:38.895 22701 RALLYDEBUG rally_openstack.cleanup.manager [-] Deleting neutron.network object s_rally_b48c674a_ojgbB40V (8738bb5e-fa0c-47b6-817f-46b8d3250b73)
2019-06-18 09:42:39.030 22701 RALLYDEBUG rally_openstack.cleanup.manager [-] Deleting neutron.network object s_rally_b48c674a_CWfsyL9t (902aaf5c-6cc4-41c8-a440-e28fc2712595)
2019-06-18 09:42:39.234 22701 RALLYDEBUG rally_openstack.cleanup.manager [-] Deleting neutron.network object s_rally_b48c674a_YonfesE6 (924b7763-e05a-4f38-9384-90f054cb0eec)
2019-06-18 09:42:39.352 22701 RALLYDEBUG rally_openstack.cleanup.manager [-] Deleting neutron.network object s_rally_b48c674a_IjZ7scma (9bb718ab-d264-4663-9865-5b2806964c72)
2019-06-18 09:42:39.418 22701 RALLYDEBUG rally_openstack.cleanup.manager [-] Deleting neutron.network object s_rally_b48c674a_VJsLIz88 (a84d8c0b-10fe-4765-87f5-efd6f6b0f59c)
2019-06-18 09:42:39.426 22701 RALLYDEBUG rally_openstack.cleanup.manager [-] Deleting neutron.network object s_rally_b48c674a_TxLgWRS4 (b56031bc-eaee-46c2-993b-cde356414226)
2019-06-18 09:42:39.546 22701 RALLYDEBUG rally_openstack.cleanup.manager [-] Deleting neutron.network object s_rally_b48c674a_ZEVXPZHE (b9588dc9-2e33-420a-a1dc-c5c2cb3db78b)
2019-06-18 09:42:39.547 22701 RALLYDEBUG rally_openstack.cleanup.manager [-] Deleting neutron.network object s_rally_b48c674a_v5ixmNpt (c14ac01f-c0e9-44aa-995b-33ae61522642)
2019-06-18 09:42:39.548 22701 RALLYDEBUG rally_openstack.cleanup.manager [-] Deleting neutron.network object s_rally_b48c674a_Ivsfm55a (d29914bd-c0f3-4844-8603-751a112502a9)
2019-06-18 09:42:39.549 22701 RALLYDEBUG rally_openstack.cleanup.manager [-] Deleting neutron.network object s_rally_b48c674a_bTsPch12 (bdd4fc6b-2380-4758-8857-5f41f696df32)
2019-06-18 09:42:39.758 22701 RALLYDEBUG rally_openstack.cleanup.manager [-] Deleting neutron.network object s_rally_b48c674a_wmJ3zLY0 (d7252d5d-66a7-46d8-81c5-9ba8a7568d02)
2019-06-18 09:42:39.802 22701 RALLYDEBUG rally_openstack.cleanup.manager [-] Deleting neutron.network object s_rally_b48c674a_g6df0cg1 (ddb72fda-89bb-491b-832d-c53f418c073d)
2019-06-18 09:42:39.899 22701 RALLYDEBUG rally_openstack.cleanup.manager [-] Deleting neutron.network object s_rally_b48c674a_mTLsKm4T (df7a48c6-362f-42f7-b1dc-d4b18ec9bfbb)
2019-06-18 09:42:39.988 22701 RALLYDEBUG rally_openstack.cleanup.manager [-] Deleting neutron.network object s_rally_b48c674a_QuPoQS0j (e80103da-39cd-4e74-ab88-13ef7b0bd3ab)
2019-06-18 09:42:39.995 22701 RALLYDEBUG rally_openstack.cleanup.manager [-] Deleting neutron.network object s_rally_b48c674a_cgoeY3Me (f51d36cb-8d23-4916-80f6-f5926c5c5e3d)
2019-06-18 09:42:40.054 22701 RALLYDEBUG rally_openstack.cleanup.manager [-] Deleting neutron.network object s_rally_b48c674a_pMRsSE2Z (f5579edf-5d47-466a-aacd-18272d8e9e8b)
2019-06-18 09:42:40.088 22701 RALLYDEBUG rally_openstack.cleanup.manager [-] Deleting neutron.network object s_rally_b48c674a_gH4bSqoS (f8ac819b-5139-4f05-8de2-ddb729f3aba6)
2019-06-18 09:42:40.089 22701 RALLYDEBUG rally_openstack.cleanup.manager [-] Deleting neutron.network object s_rally_b48c674a_dxETSpJ9 (f62b8046-d739-465d-9e05-df5b52e99e7e)
2019-06-18 09:42:44.362 22701 RALLYDEBUG rally_openstack.cleanup.manager [-] Cleaning up neutron router objects
2019-06-18 09:42:45.139 22701 RALLYDEBUG rally_openstack.cleanup.manager [-] Cleaning up neutron security_group objects
2019-06-18 09:42:45.786 22701 INFO rally.task.context [-] Task 5df77ffe-fa02-4f78-b965-d948aa92c4ef | Context cleanup@openstack cleanup() finished in 51.07 sec
2019-06-18 09:42:45.786 22701 INFO rally.task.context [-] Task 5df77ffe-fa02-4f78-b965-d948aa92c4ef | Context quotas@openstack cleanup() started
2019-06-18 09:42:45.997 22701 INFO rally.task.context [-] Task 5df77ffe-fa02-4f78-b965-d948aa92c4ef | Context quotas@openstack cleanup() finished in 0.21 sec
2019-06-18 09:42:45.998 22701 INFO rally.task.context [-] Task 5df77ffe-fa02-4f78-b965-d948aa92c4ef | Context users@openstack cleanup() started
2019-06-18 09:42:50.380 22701 INFO rally.task.context [-] Task 5df77ffe-fa02-4f78-b965-d948aa92c4ef | Context users@openstack cleanup() finished in 4.38 sec
2019-06-18 09:42:51.157 22701 INFO rally.task.engine [-] Load duration is: 44.959019
2019-06-18 09:42:51.158 22701 INFO rally.task.engine [-] Full runner duration is: 45.003321
2019-06-18 09:42:51.158 22701 INFO rally.task.engine [-] Full duration is: 105.638972
2019-06-18 09:42:51.380 22701 INFO rally.task.engine [-] Running workload: position = 2 config = { "version": 2, "title": "A cropped version of a bigger task.", "description": "Auto-generated task from a single workload (uuid=9c06c0f4-3a6a-4cdf-a4cd-795ebad4d5e3)", "subtasks": [ { "title": "NeutronNetworks.create_and_delete_ports", "description": "Create and delete a port.", "scenario": { "NeutronNetworks.create_and_delete_ports": { "network_create_args": {}, "port_create_args": {}, "ports_per_network": 5 } }, "contexts": { "users": { "tenants": 1, "users_per_tenant": 1 }, "quotas": { "neutron": { "network": -1, "port": -1 } } }, "runner": { "constant": { "times": 40, "concurrency": 20 } }, "hooks": [], "sla": { "failure_rate": { "max": 0 } } } ] }
2019-06-18 09:42:51.403 22701 RALLYDEBUG rally_openstack.contexts.keystone.users [-] Creating 1 tenants using 20 threads
2019-06-18 09:42:53.239 22701 RALLYDEBUG rally_openstack.contexts.keystone.users [-] Creating 1 users using 20 threads
2019-06-18 09:42:55.721 22701 INFO rally.task.context [-] Task 5df77ffe-fa02-4f78-b965-d948aa92c4ef | Context users@openstack setup() finished in 4.32 sec
2019-06-18 09:42:56.495 22701 INFO rally.task.context [-] Task 5df77ffe-fa02-4f78-b965-d948aa92c4ef | Context quotas@openstack setup() finished in 0.77 sec
2019-06-18 09:42:56.495 22701 INFO rally.task.context [-] Task 5df77ffe-fa02-4f78-b965-d948aa92c4ef | Context cleanup@openstack setup() finished in 0.01 msec
2019-06-18 09:42:56.503 22701 RALLYDEBUG rally.task.runner [-] Starting the constant runner (task UUID: 5df77ffe-fa02-4f78-b965-d948aa92c4ef). timeout: 0 concurrency: 20 concurrency_per_worker: 1 times: 40 concurrency_overhead: 4 processes_to_start: 16 max_cpu_used: 16
2019-06-18 09:42:56.515 26947 RALLYDEBUG rally.task.runner [-] Starting a worker. concurrency: 2 args: {"network_create_args": {}, "port_create_args": {}, "ports_per_network": 5} times: 40 method_name: run timeout: 0 duration: None cls:
2019-06-18 09:42:56.517 26949 RALLYDEBUG rally.task.runner [-] Starting a worker. concurrency: 2 args: {"network_create_args": {}, "port_create_args": {}, "ports_per_network": 5} times: 40 method_name: run timeout: 0 duration: None cls:
2019-06-18 09:42:56.519 26948 RALLYDEBUG rally.task.runner [-] Starting a worker. concurrency: 2 args: {"network_create_args": {}, "port_create_args": {}, "ports_per_network": 5} times: 40 method_name: run timeout: 0 duration: None cls:
2019-06-18 09:42:56.521 26949 INFO rally.task.runner [-] Task 5df77ffe-fa02-4f78-b965-d948aa92c4ef | ITER: 2 START
2019-06-18 09:42:56.523 26947 INFO rally.task.runner [-] Task 5df77ffe-fa02-4f78-b965-d948aa92c4ef | ITER: 1 START
2019-06-18 09:42:56.524 26954 RALLYDEBUG rally.task.runner [-] Starting a worker. concurrency: 1 args: {"network_create_args": {}, "port_create_args": {}, "ports_per_network": 5} times: 40 method_name: run timeout: 0 duration: None cls:
2019-06-18 09:42:56.524 26949 WARNING rally_openstack.scenarios.neutron.utils [-] Running this scenario without either the 'network' or 'existing_network' context is deprecated
2019-06-18 09:42:56.525 26950 RALLYDEBUG rally.task.runner [-] Starting a worker. concurrency: 2 args: {"network_create_args": {}, "port_create_args": {}, "ports_per_network": 5} times: 40 method_name: run timeout: 0 duration: None cls:
2019-06-18 09:42:56.525 26947 WARNING rally_openstack.scenarios.neutron.utils [-] Running this scenario without either the 'network' or 'existing_network' context is deprecated
2019-06-18 09:42:56.529 26954 INFO rally.task.runner [-] Task 5df77ffe-fa02-4f78-b965-d948aa92c4ef | ITER: 7 START
2019-06-18 09:42:56.530 26957 RALLYDEBUG rally.task.runner [-] Starting a worker. concurrency: 1 args: {"network_create_args": {}, "port_create_args": {}, "ports_per_network": 5} times: 40 method_name: run timeout: 0 duration: None cls:
2019-06-18 09:42:56.530 26954 WARNING rally_openstack.scenarios.neutron.utils [-] Running this scenario without either the 'network' or 'existing_network' context is deprecated
2019-06-18 09:42:56.532 26950 INFO rally.task.runner [-] Task 5df77ffe-fa02-4f78-b965-d948aa92c4ef | ITER: 8 START
2019-06-18 09:42:56.531 26948 INFO rally.task.runner [-] Task 5df77ffe-fa02-4f78-b965-d948aa92c4ef | ITER: 5 START
2019-06-18 09:42:56.532 26949 INFO rally.task.runner [-] Task 5df77ffe-fa02-4f78-b965-d948aa92c4ef | ITER: 3 START
2019-06-18 09:42:56.533 26950 WARNING rally_openstack.scenarios.neutron.utils [-] Running this scenario without either the 'network' or 'existing_network' context is deprecated
2019-06-18 09:42:56.534 26949 WARNING rally_openstack.scenarios.neutron.utils [-] Running this scenario without either the 'network' or 'existing_network' context is deprecated
2019-06-18 09:42:56.526 26947 INFO rally.task.runner [-] Task 5df77ffe-fa02-4f78-b965-d948aa92c4ef | ITER: 4 START
2019-06-18 09:42:56.533 26948 INFO rally.task.runner [-] Task 5df77ffe-fa02-4f78-b965-d948aa92c4ef | ITER: 6 START
2019-06-18 09:42:56.535 26957 INFO rally.task.runner [-] Task 5df77ffe-fa02-4f78-b965-d948aa92c4ef | ITER: 9 START
2019-06-18 09:42:56.534 26948 WARNING rally_openstack.scenarios.neutron.utils [-] Running this scenario without either the 'network' or 'existing_network' context is deprecated
2019-06-18 09:42:56.534 26950 INFO rally.task.runner [-] Task 5df77ffe-fa02-4f78-b965-d948aa92c4ef | ITER: 10 START
2019-06-18 09:42:56.536 26947 WARNING rally_openstack.scenarios.neutron.utils [-] Running this scenario without either the 'network' or 'existing_network' context is deprecated
2019-06-18 09:42:56.537 26957 WARNING rally_openstack.scenarios.neutron.utils [-] Running this scenario without either the 'network' or 'existing_network' context is deprecated
2019-06-18 09:42:56.535 26948 WARNING rally_openstack.scenarios.neutron.utils [-] Running this scenario without either the 'network' or 'existing_network' context is deprecated
2019-06-18 09:42:56.537 26950 WARNING rally_openstack.scenarios.neutron.utils [-] Running this scenario without either the 'network' or 'existing_network' context is deprecated
2019-06-18 09:42:56.537 26963 RALLYDEBUG rally.task.runner [-] Starting a worker. concurrency: 1 args: {"network_create_args": {}, "port_create_args": {}, "ports_per_network": 5} times: 40 method_name: run timeout: 0 duration: None cls:
2019-06-18 09:42:56.537 26965 RALLYDEBUG rally.task.runner [-] Starting a worker. concurrency: 1 args: {"network_create_args": {}, "port_create_args": {}, "ports_per_network": 5} times: 40 method_name: run timeout: 0 duration: None cls:
2019-06-18 09:42:56.541 26969 RALLYDEBUG rally.task.runner [-] Starting a worker. concurrency: 1 args: {"network_create_args": {}, "port_create_args": {}, "ports_per_network": 5} times: 40 method_name: run timeout: 0 duration: None cls:
2019-06-18 09:42:56.543 26965 INFO rally.task.runner [-] Task 5df77ffe-fa02-4f78-b965-d948aa92c4ef | ITER: 12 START
2019-06-18 09:42:56.544 26963 INFO rally.task.runner [-] Task 5df77ffe-fa02-4f78-b965-d948aa92c4ef | ITER: 11 START
2019-06-18 09:42:56.544 26965 WARNING rally_openstack.scenarios.neutron.utils [-] Running this scenario without either the 'network' or 'existing_network' context is deprecated
2019-06-18 09:42:56.544 26972 RALLYDEBUG rally.task.runner [-] Starting a worker. concurrency: 1 args: {"network_create_args": {}, "port_create_args": {}, "ports_per_network": 5} times: 40 method_name: run timeout: 0 duration: None cls:
2019-06-18 09:42:56.545 26963 WARNING rally_openstack.scenarios.neutron.utils [-] Running this scenario without either the 'network' or 'existing_network' context is deprecated
2019-06-18 09:42:56.548 26969 INFO rally.task.runner [-] Task 5df77ffe-fa02-4f78-b965-d948aa92c4ef | ITER: 13 START
2019-06-18 09:42:56.549 26972 INFO rally.task.runner [-] Task 5df77ffe-fa02-4f78-b965-d948aa92c4ef | ITER: 14 START
2019-06-18 09:42:56.549 26969 WARNING rally_openstack.scenarios.neutron.utils [-] Running this scenario without either the 'network' or 'existing_network' context is deprecated
2019-06-18 09:42:56.549 26973 RALLYDEBUG rally.task.runner [-] Starting a worker. concurrency: 1 args: {"network_create_args": {}, "port_create_args": {}, "ports_per_network": 5} times: 40 method_name: run timeout: 0 duration: None cls:
2019-06-18 09:42:56.550 26972 WARNING rally_openstack.scenarios.neutron.utils [-] Running this scenario without either the 'network' or 'existing_network' context is deprecated
2019-06-18 09:42:56.554 26981 RALLYDEBUG rally.task.runner [-] Starting a worker. concurrency: 1 args: {"network_create_args": {}, "port_create_args": {}, "ports_per_network": 5} times: 40 method_name: run timeout: 0 duration: None cls:
2019-06-18 09:42:56.556 26973 INFO rally.task.runner [-] Task 5df77ffe-fa02-4f78-b965-d948aa92c4ef | ITER: 15 START
2019-06-18 09:42:56.557 26973 WARNING rally_openstack.scenarios.neutron.utils [-] Running this scenario without either the 'network' or 'existing_network' context is deprecated
2019-06-18 09:42:56.562 26985 RALLYDEBUG rally.task.runner [-] Starting a worker. concurrency: 1 args: {"network_create_args": {}, "port_create_args": {}, "ports_per_network": 5} times: 40 method_name: run timeout: 0 duration: None cls:
2019-06-18 09:42:56.567 26985 INFO rally.task.runner [-] Task 5df77ffe-fa02-4f78-b965-d948aa92c4ef | ITER: 17 START
2019-06-18 09:42:56.568 26985 WARNING rally_openstack.scenarios.neutron.utils [-] Running this scenario without either the 'network' or 'existing_network' context is deprecated
2019-06-18 09:42:56.569 26981 INFO rally.task.runner [-] Task 5df77ffe-fa02-4f78-b965-d948aa92c4ef | ITER: 16 START
2019-06-18 09:42:56.571 26981 WARNING rally_openstack.scenarios.neutron.utils [-] Running this scenario without either the 'network' or 'existing_network' context is deprecated
2019-06-18 09:42:56.575 26991 RALLYDEBUG rally.task.runner [-] Starting a worker. concurrency: 1 args: {"network_create_args": {}, "port_create_args": {}, "ports_per_network": 5} times: 40 method_name: run timeout: 0 duration: None cls:
2019-06-18 09:42:56.575 26987 RALLYDEBUG rally.task.runner [-] Starting a worker. concurrency: 1 args: {"network_create_args": {}, "port_create_args": {}, "ports_per_network": 5} times: 40 method_name: run timeout: 0 duration: None cls:
2019-06-18 09:42:56.579 26991 INFO rally.task.runner [-] Task 5df77ffe-fa02-4f78-b965-d948aa92c4ef | ITER: 18 START
2019-06-18 09:42:56.580 26987 INFO rally.task.runner [-] Task 5df77ffe-fa02-4f78-b965-d948aa92c4ef | ITER: 19 START
2019-06-18 09:42:56.581 26991 WARNING rally_openstack.scenarios.neutron.utils [-] Running this scenario without either the 'network' or 'existing_network' context is deprecated
2019-06-18 09:42:56.581 26987 WARNING rally_openstack.scenarios.neutron.utils [-] Running this scenario without either the 'network' or 'existing_network' context is deprecated
2019-06-18 09:42:56.582 26992 RALLYDEBUG rally.task.runner [-] Starting a worker. concurrency: 1 args: {"network_create_args": {}, "port_create_args": {}, "ports_per_network": 5} times: 40 method_name: run timeout: 0 duration: None cls:
2019-06-18 09:42:56.586 26992 INFO rally.task.runner [-] Task 5df77ffe-fa02-4f78-b965-d948aa92c4ef | ITER: 20 START
2019-06-18 09:42:56.587 26992 WARNING rally_openstack.scenarios.neutron.utils [-] Running this scenario without either the 'network' or 'existing_network' context is deprecated
2019-06-18 09:43:05.564 26957 INFO rally.task.runner [-] Task 5df77ffe-fa02-4f78-b965-d948aa92c4ef | ITER: 9 END: OK
2019-06-18 09:43:05.568 26957 INFO rally.task.runner [-] Task 5df77ffe-fa02-4f78-b965-d948aa92c4ef | ITER: 21 START
2019-06-18 09:43:05.569 26957 WARNING rally_openstack.scenarios.neutron.utils [-] Running this scenario without either the 'network' or 'existing_network' context is deprecated
2019-06-18 09:43:07.033 26965 INFO rally.task.runner [-] Task 5df77ffe-fa02-4f78-b965-d948aa92c4ef | ITER: 12 END: OK
2019-06-18 09:43:07.038 26965 INFO rally.task.runner [-] Task 5df77ffe-fa02-4f78-b965-d948aa92c4ef | ITER: 22 START
2019-06-18 09:43:07.038 26965 WARNING rally_openstack.scenarios.neutron.utils [-] Running this scenario without either the 'network' or 'existing_network' context is deprecated
2019-06-18 09:43:08.390 26949 INFO rally.task.runner [-] Task 5df77ffe-fa02-4f78-b965-d948aa92c4ef | ITER: 2 END: OK
2019-06-18 09:43:08.395 26949 INFO rally.task.runner [-] Task 5df77ffe-fa02-4f78-b965-d948aa92c4ef | ITER: 23 START
2019-06-18 09:43:08.395 26949 WARNING rally_openstack.scenarios.neutron.utils [-] Running this scenario without either the 'network' or 'existing_network' context is deprecated
2019-06-18 09:43:14.293 26965 INFO rally.task.runner [-] Task 5df77ffe-fa02-4f78-b965-d948aa92c4ef | ITER: 22 END: OK
2019-06-18 09:43:14.296 26965 INFO rally.task.runner [-] Task 5df77ffe-fa02-4f78-b965-d948aa92c4ef | ITER: 24 START
2019-06-18 09:43:14.297 26965 WARNING rally_openstack.scenarios.neutron.utils [-] Running this scenario without either the 'network' or 'existing_network' context is deprecated
2019-06-18 09:43:15.588 26947 INFO rally.task.runner [-] Task 5df77ffe-fa02-4f78-b965-d948aa92c4ef | ITER: 1 END: OK
2019-06-18 09:43:15.593 26947 INFO rally.task.runner [-] Task 5df77ffe-fa02-4f78-b965-d948aa92c4ef | ITER: 25 START
2019-06-18 09:43:15.593 26947 WARNING rally_openstack.scenarios.neutron.utils [-] Running this scenario without either the 'network' or 'existing_network' context is deprecated
2019-06-18 09:43:15.809 26948 INFO rally.task.runner [-] Task 5df77ffe-fa02-4f78-b965-d948aa92c4ef | ITER: 6 END: OK
2019-06-18 09:43:15.812 26948 INFO rally.task.runner [-] Task 5df77ffe-fa02-4f78-b965-d948aa92c4ef | ITER: 26 START
2019-06-18 09:43:15.813 26948 WARNING rally_openstack.scenarios.neutron.utils [-] Running this scenario without either the 'network' or 'existing_network' context is deprecated
2019-06-18 09:43:16.176 26957 INFO rally.task.runner [-] Task 5df77ffe-fa02-4f78-b965-d948aa92c4ef | ITER: 21 END: OK
2019-06-18 09:43:16.180 26957 INFO rally.task.runner [-] Task 5df77ffe-fa02-4f78-b965-d948aa92c4ef | ITER: 27 START
2019-06-18 09:43:16.181 26957 WARNING rally_openstack.scenarios.neutron.utils [-] Running this scenario without either the 'network' or 'existing_network' context is deprecated
2019-06-18 09:43:17.714 26949 INFO rally.task.runner [-] Task 5df77ffe-fa02-4f78-b965-d948aa92c4ef | ITER: 23 END: OK
2019-06-18 09:43:17.717 26949 INFO rally.task.runner [-] Task 5df77ffe-fa02-4f78-b965-d948aa92c4ef | ITER: 28 START
2019-06-18 09:43:17.718 26949 WARNING rally_openstack.scenarios.neutron.utils [-] Running this scenario without either the 'network' or 'existing_network' context is deprecated
2019-06-18 09:43:22.152 26948 INFO rally.task.runner [-] Task 5df77ffe-fa02-4f78-b965-d948aa92c4ef | ITER: 5 END: OK
2019-06-18 09:43:22.153 26987 INFO rally.task.runner [-] Task 5df77ffe-fa02-4f78-b965-d948aa92c4ef | ITER: 19 END: OK
2019-06-18 09:43:22.155 26948 INFO rally.task.runner [-] Task 5df77ffe-fa02-4f78-b965-d948aa92c4ef | ITER: 29 START
2019-06-18 09:43:22.156 26948 WARNING rally_openstack.scenarios.neutron.utils [-] Running this scenario without either the 'network' or 'existing_network' context is deprecated
2019-06-18 09:43:22.157 26987 INFO rally.task.runner [-] Task 5df77ffe-fa02-4f78-b965-d948aa92c4ef | ITER: 30 START
2019-06-18 09:43:22.157 26987 WARNING rally_openstack.scenarios.neutron.utils [-] Running this scenario without either the 'network' or 'existing_network' context is deprecated
2019-06-18 09:43:22.277 26973 INFO rally.task.runner [-] Task 5df77ffe-fa02-4f78-b965-d948aa92c4ef | ITER: 15 END: OK
2019-06-18 09:43:22.281 26973 INFO rally.task.runner [-] Task 5df77ffe-fa02-4f78-b965-d948aa92c4ef | ITER: 31 START
2019-06-18 09:43:22.282 26973 WARNING rally_openstack.scenarios.neutron.utils [-] Running this scenario without either the 'network' or 'existing_network' context is deprecated
2019-06-18 09:43:25.925 26957 INFO rally.task.runner [-] Task 5df77ffe-fa02-4f78-b965-d948aa92c4ef | ITER: 27 END: OK
2019-06-18 09:43:25.930 26957 INFO rally.task.runner [-] Task 5df77ffe-fa02-4f78-b965-d948aa92c4ef | ITER: 32 START
2019-06-18 09:43:25.930 26957 WARNING rally_openstack.scenarios.neutron.utils [-] Running this scenario without either the 'network' or 'existing_network' context is deprecated
2019-06-18 09:43:26.392 26949 INFO rally.task.runner [-] Task 5df77ffe-fa02-4f78-b965-d948aa92c4ef | ITER: 28 END: OK
2019-06-18 09:43:26.396 26949 INFO rally.task.runner [-] Task 5df77ffe-fa02-4f78-b965-d948aa92c4ef | ITER: 33 START
2019-06-18 09:43:26.397 26949 WARNING rally_openstack.scenarios.neutron.utils [-] Running this scenario without either the 'network' or 'existing_network' context is deprecated
2019-06-18 09:43:28.815 26950 INFO rally.task.runner [-] Task 5df77ffe-fa02-4f78-b965-d948aa92c4ef | ITER: 10 END: OK
2019-06-18 09:43:28.823 26950 INFO rally.task.runner [-] Task 5df77ffe-fa02-4f78-b965-d948aa92c4ef | ITER: 34 START
2019-06-18 09:43:28.824 26950 WARNING rally_openstack.scenarios.neutron.utils [-] Running this scenario without either the 'network' or 'existing_network' context is deprecated
2019-06-18 09:43:29.344 26954 INFO rally.task.runner [-] Task 5df77ffe-fa02-4f78-b965-d948aa92c4ef | ITER: 7 END: OK
2019-06-18 09:43:29.351 26954 INFO rally.task.runner [-] Task 5df77ffe-fa02-4f78-b965-d948aa92c4ef | ITER: 35 START
2019-06-18 09:43:29.353 26954 WARNING rally_openstack.scenarios.neutron.utils [-] Running this scenario without either the 'network' or 'existing_network' context is deprecated
2019-06-18 09:43:30.115 26949 INFO rally.task.runner [-] Task 5df77ffe-fa02-4f78-b965-d948aa92c4ef | ITER: 3 END: OK
2019-06-18 09:43:30.122 26949 INFO rally.task.runner [-] Task 5df77ffe-fa02-4f78-b965-d948aa92c4ef | ITER: 36 START
2019-06-18 09:43:30.124 26949 WARNING rally_openstack.scenarios.neutron.utils [-] Running this scenario without either the 'network' or 'existing_network' context is deprecated
2019-06-18 09:43:30.271 26963 INFO rally.task.runner [-] Task 5df77ffe-fa02-4f78-b965-d948aa92c4ef | ITER: 11 END: OK
2019-06-18 09:43:30.278 26963 INFO rally.task.runner [-] Task 5df77ffe-fa02-4f78-b965-d948aa92c4ef | ITER: 37 START
2019-06-18 09:43:30.279 26963 WARNING rally_openstack.scenarios.neutron.utils [-] Running this scenario without either the 'network' or 'existing_network' context is deprecated
2019-06-18 09:43:30.342 26972 INFO rally.task.runner [-] Task 5df77ffe-fa02-4f78-b965-d948aa92c4ef | ITER: 14 END: OK
2019-06-18 09:43:30.350 26972 INFO rally.task.runner [-] Task 5df77ffe-fa02-4f78-b965-d948aa92c4ef | ITER: 38 START
2019-06-18 09:43:30.351 26972 WARNING rally_openstack.scenarios.neutron.utils [-] Running this scenario without either the 'network' or 'existing_network' context is deprecated
2019-06-18 09:43:30.505 26992 INFO rally.task.runner [-] Task 5df77ffe-fa02-4f78-b965-d948aa92c4ef | ITER: 20 END: OK
2019-06-18 09:43:30.513 26992 INFO rally.task.runner [-] Task 5df77ffe-fa02-4f78-b965-d948aa92c4ef | ITER: 39 START
