2019-06-18 07:43:40.432 1842 DEBUG novaclient.v2.client [-] GET call to compute for http://172.30.9.21:8774/v2.1/os-keypairs used request id req-6b009725-d5ad-4ea0-88b3-27bf5f1b0562 request /usr/lib/python2.7/site-packages/keystoneauth1/session.py:844
2019-06-18 07:43:40.438 1842 RALLYDEBUG rally_openstack.cleanup.manager [-] Cleaning up cinder backups objects
2019-06-18 07:43:42.545 1842 RALLYDEBUG rally_openstack.cleanup.manager [-] Cleaning up cinder volume_snapshots objects
2019-06-18 07:43:44.564 1842 RALLYDEBUG rally_openstack.cleanup.manager [-] Cleaning up cinder transfers objects
2019-06-18 07:43:46.633 1842 RALLYDEBUG rally_openstack.cleanup.manager [-] Cleaning up cinder volumes objects
2019-06-18 07:43:48.632 1842 INFO rally.task.context [-] Task 5b7b27a7-7cd5-426e-8fa7-9a00d15951de | Context cleanup@openstack cleanup() finished in 16.30 sec
2019-06-18 07:43:48.632 1842 INFO rally.task.context [-] Task 5b7b27a7-7cd5-426e-8fa7-9a00d15951de | Context quotas@openstack cleanup() started
2019-06-18 07:43:48.897 1842 INFO rally.task.context [-] Task 5b7b27a7-7cd5-426e-8fa7-9a00d15951de | Context quotas@openstack cleanup() finished in 0.27 sec
2019-06-18 07:43:48.898 1842 INFO rally.task.context [-] Task 5b7b27a7-7cd5-426e-8fa7-9a00d15951de | Context api_versions@openstack cleanup() started
2019-06-18 07:43:48.898 1842 INFO rally.task.context [-] Task 5b7b27a7-7cd5-426e-8fa7-9a00d15951de | Context api_versions@openstack cleanup() finished in 0.31 msec
2019-06-18 07:43:48.899 1842 INFO rally.task.context [-] Task 5b7b27a7-7cd5-426e-8fa7-9a00d15951de | Context users@openstack cleanup() started
2019-06-18 07:43:55.899 1842 INFO rally.task.context [-] Task 5b7b27a7-7cd5-426e-8fa7-9a00d15951de | Context users@openstack cleanup() finished in 7.00 sec
2019-06-18 07:43:57.029 1842 INFO rally.task.engine [-] Load duration is: 88.829834
2019-06-18 07:43:57.029 1842 INFO rally.task.engine [-] Full runner duration is: 89.887614
2019-06-18 07:43:57.029 1842 INFO rally.task.engine [-] Full duration is: 121.452493
2019-06-18 07:43:57.313 1842 INFO rally.task.engine [-] Running workload: position = 0 config = { "version": 2, "title": "A cropped version of a bigger task.", "description": "Auto-generated task from a single workload (uuid=f26afcc1-d6ee-41d2-8070-01be2d658f95)", "subtasks": [ { "title": "CinderVolumes.create_and_list_snapshots", "description": "Create and then list a volume-snapshot.", "scenario": { "CinderVolumes.create_and_list_snapshots": { "detailed": true, "force": false } }, "contexts": { "users": { "tenants": 3, "users_per_tenant": 2 }, "quotas": { "cinder": { "gigabytes": -1, "snapshots": -1, "volumes": -1 } }, "api_versions": { "cinder": { "version": 3, "service_type": "volumev3" } }, "volumes": { "size": 1, "volumes_per_tenant": 1 } }, "runner": { "constant": { "concurrency": 4, "times": 10 } }, "hooks": [], "sla": { "failure_rate": { "max": 0 } } } ] }
2019-06-18 07:43:57.343 1842 RALLYDEBUG rally_openstack.contexts.keystone.users [-] Creating 3 tenants using 20 threads
2019-06-18 07:43:59.172 1842 RALLYDEBUG rally_openstack.contexts.keystone.users [-] Creating 6 users using 20 threads
2019-06-18 07:44:01.848 1842 INFO rally.task.context [-] Task 5b7b27a7-7cd5-426e-8fa7-9a00d15951de | Context users@openstack setup() finished in 4.50 sec
2019-06-18 07:44:02.263 1842 INFO rally.task.context [-] Task 5b7b27a7-7cd5-426e-8fa7-9a00d15951de | Context api_versions@openstack setup() finished in 0.41 sec
2019-06-18 07:44:03.901 1842 INFO rally.task.context [-] Task 5b7b27a7-7cd5-426e-8fa7-9a00d15951de | Context quotas@openstack setup() finished in 1.64 sec
2019-06-18 07:44:14.855 1842 INFO rally.task.context [-] Task 5b7b27a7-7cd5-426e-8fa7-9a00d15951de | Context volumes@openstack setup() finished in 10.95 sec
2019-06-18 07:44:14.855 1842 INFO rally.task.context [-] Task 5b7b27a7-7cd5-426e-8fa7-9a00d15951de | Context cleanup@openstack setup() finished in 0.01 msec
2019-06-18 07:44:14.863 1842 RALLYDEBUG rally.task.runner [-] Starting the constant runner (task UUID: 5b7b27a7-7cd5-426e-8fa7-9a00d15951de). timeout: 0 concurrency: 4 concurrency_per_worker: 1 times: 10 concurrency_overhead: 0 processes_to_start: 4 max_cpu_used: 16
2019-06-18 07:44:14.875 2210 RALLYDEBUG rally.task.runner [-] Starting a worker. concurrency: 1 args: {"detailed": true, "force": false} times: 10 method_name: run timeout: 0 duration: None cls:
2019-06-18 07:44:14.877 2211 RALLYDEBUG rally.task.runner [-] Starting a worker. concurrency: 1 args: {"detailed": true, "force": false} times: 10 method_name: run timeout: 0 duration: None cls:
2019-06-18 07:44:14.881 2212 RALLYDEBUG rally.task.runner [-] Starting a worker. concurrency: 1 args: {"detailed": true, "force": false} times: 10 method_name: run timeout: 0 duration: None cls:
2019-06-18 07:44:14.884 2213 RALLYDEBUG rally.task.runner [-] Starting a worker. concurrency: 1 args: {"detailed": true, "force": false} times: 10 method_name: run timeout: 0 duration: None cls:
2019-06-18 07:44:14.886 2211 INFO rally.task.runner [-] Task 5b7b27a7-7cd5-426e-8fa7-9a00d15951de | ITER: 2 START
2019-06-18 07:44:14.887 2210 INFO rally.task.runner [-] Task 5b7b27a7-7cd5-426e-8fa7-9a00d15951de | ITER: 1 START
2019-06-18 07:44:14.891 2212 INFO rally.task.runner [-] Task 5b7b27a7-7cd5-426e-8fa7-9a00d15951de | ITER: 3 START
2019-06-18 07:44:14.896 2213 INFO rally.task.runner [-] Task 5b7b27a7-7cd5-426e-8fa7-9a00d15951de | ITER: 4 START
2019-06-18 07:44:18.466 2212 INFO rally.task.runner [-] Task 5b7b27a7-7cd5-426e-8fa7-9a00d15951de | ITER: 3 END: OK
2019-06-18 07:44:18.471 2212 INFO rally.task.runner [-] Task 5b7b27a7-7cd5-426e-8fa7-9a00d15951de | ITER: 5 START
2019-06-18 07:44:18.487 2211 INFO rally.task.runner [-] Task 5b7b27a7-7cd5-426e-8fa7-9a00d15951de | ITER: 2 END: OK
2019-06-18 07:44:18.490 2211 INFO rally.task.runner [-] Task 5b7b27a7-7cd5-426e-8fa7-9a00d15951de | ITER: 6 START
2019-06-18 07:44:18.591 2213 INFO rally.task.runner [-] Task 5b7b27a7-7cd5-426e-8fa7-9a00d15951de | ITER: 4 END: OK
2019-06-18 07:44:18.596 2213 INFO rally.task.runner [-] Task 5b7b27a7-7cd5-426e-8fa7-9a00d15951de | ITER: 7 START
2019-06-18 07:44:18.606 2210 INFO rally.task.runner [-] Task 5b7b27a7-7cd5-426e-8fa7-9a00d15951de | ITER: 1 END: OK
2019-06-18 07:44:18.612 2210 INFO rally.task.runner [-] Task 5b7b27a7-7cd5-426e-8fa7-9a00d15951de | ITER: 8 START
2019-06-18 07:44:21.989 2211 INFO rally.task.runner [-] Task 5b7b27a7-7cd5-426e-8fa7-9a00d15951de | ITER: 6 END: OK
2019-06-18 07:44:21.994 2210 INFO rally.task.runner [-] Task 5b7b27a7-7cd5-426e-8fa7-9a00d15951de | ITER: 8 END: OK
2019-06-18 07:44:21.995 2211 INFO rally.task.runner [-] Task 5b7b27a7-7cd5-426e-8fa7-9a00d15951de | ITER: 9 START
2019-06-18 07:44:21.998 2210 INFO rally.task.runner [-] Task 5b7b27a7-7cd5-426e-8fa7-9a00d15951de | ITER: 10 START
2019-06-18 07:44:22.250 2212 INFO rally.task.runner [-] Task 5b7b27a7-7cd5-426e-8fa7-9a00d15951de | ITER: 5 END: OK
2019-06-18 07:44:22.381 2213 INFO rally.task.runner [-] Task 5b7b27a7-7cd5-426e-8fa7-9a00d15951de | ITER: 7 END: OK
2019-06-18 07:44:25.435 2210 INFO rally.task.runner [-] Task 5b7b27a7-7cd5-426e-8fa7-9a00d15951de | ITER: 10 END: OK
2019-06-18 07:44:25.445 2211 INFO rally.task.runner [-] Task 5b7b27a7-7cd5-426e-8fa7-9a00d15951de | ITER: 9 END: OK
2019-06-18 07:44:25.469 1842 INFO rally.task.context [-] Task 5b7b27a7-7cd5-426e-8fa7-9a00d15951de | Context cleanup@openstack cleanup() started
2019-06-18 07:44:25.471 1842 RALLYDEBUG rally_openstack.cleanup.manager [-] Cleaning up cinder backups objects
2019-06-18 07:44:27.445 1842 RALLYDEBUG rally_openstack.cleanup.manager [-] Cleaning up cinder volume_snapshots objects
2019-06-18 07:44:29.324 1842 RALLYDEBUG rally_openstack.cleanup.manager [-] Deleting cinder.volume_snapshots object s_rally_f26afcc1_t0lJFScu (231ba72f-6b98-4d8c-ba89-1eaf57b96c0a)
2019-06-18 07:44:29.325 1842 RALLYDEBUG rally_openstack.cleanup.manager [-] Deleting cinder.volume_snapshots object s_rally_f26afcc1_9qyuL4Fi (b7260a25-5924-4246-a679-2d3b2e8ef03a)
2019-06-18 07:44:29.327 1842 RALLYDEBUG rally_openstack.cleanup.manager [-] Deleting cinder.volume_snapshots object s_rally_f26afcc1_vMnhSR8f (c237146d-eb0c-4923-9c18-1e29784d0dbf)
2019-06-18 07:44:29.333 1842 RALLYDEBUG rally_openstack.cleanup.manager [-] Deleting cinder.volume_snapshots object s_rally_f26afcc1_NaKq6mUv (71cc1933-6366-4b43-90c8-1eed10830fbd)
2019-06-18 07:44:29.335 1842 RALLYDEBUG rally_openstack.cleanup.manager [-] Deleting cinder.volume_snapshots object s_rally_f26afcc1_0SPhIenx (f260bd5e-6024-440c-ab7d-3a961c3f1ecc)
2019-06-18 07:44:29.341 1842 RALLYDEBUG rally_openstack.cleanup.manager [-] Deleting cinder.volume_snapshots object s_rally_f26afcc1_ypHGF61g (e2199d25-c566-4311-bc2a-08d75be06249)
2019-06-18 07:44:29.344 1842 RALLYDEBUG rally_openstack.cleanup.manager [-] Deleting cinder.volume_snapshots object s_rally_f26afcc1_cAs8i8gv (028fcbe6-5f9b-45df-b063-f11118a2b800)
2019-06-18 07:44:29.344 1842 RALLYDEBUG rally_openstack.cleanup.manager [-] Deleting cinder.volume_snapshots object s_rally_f26afcc1_uaM6iHd6 (eff0d696-067b-4b1e-9d77-f69ffaf1fc80)
2019-06-18 07:44:29.352 1842 RALLYDEBUG rally_openstack.cleanup.manager [-] Deleting cinder.volume_snapshots object s_rally_f26afcc1_M5ZVjJM6 (a3bd2861-1a6e-4914-8528-0604b05a9295)
2019-06-18 07:44:29.365 1842 RALLYDEBUG rally_openstack.cleanup.manager [-] Deleting cinder.volume_snapshots object s_rally_f26afcc1_S73R7FwV (8e6d21d2-9676-4bc6-9041-4c2449906363)
2019-06-18 07:44:34.476 1842 RALLYDEBUG rally_openstack.cleanup.manager [-] Cleaning up cinder transfers objects
2019-06-18 07:44:36.378 1842 RALLYDEBUG rally_openstack.cleanup.manager [-] Cleaning up cinder volumes objects
2019-06-18 07:44:38.626 1842 INFO rally.task.context [-] Task 5b7b27a7-7cd5-426e-8fa7-9a00d15951de | Context cleanup@openstack cleanup() finished in 13.16 sec
2019-06-18 07:44:38.626 1842 INFO rally.task.context [-] Task 5b7b27a7-7cd5-426e-8fa7-9a00d15951de | Context volumes@openstack cleanup() started
2019-06-18 07:44:38.627 1842 RALLYDEBUG rally_openstack.cleanup.manager [-] Cleaning up cinder volumes objects
2019-06-18 07:44:40.656 1842 RALLYDEBUG rally_openstack.cleanup.manager [-] Deleting cinder.volumes object c_rally_f26afcc1_oenQSFtp (cd8b8cc0-a058-469f-92ee-b17d522fa16b)
2019-06-18 07:44:40.657 1842 RALLYDEBUG rally_openstack.cleanup.manager [-] Deleting cinder.volumes object c_rally_f26afcc1_PNLzUUiY (5bba2d14-e9b7-470a-ba79-b273b54e1a9a)
2019-06-18 07:44:40.661 1842 RALLYDEBUG rally_openstack.cleanup.manager [-] Deleting cinder.volumes object c_rally_f26afcc1_fBqfTDH0 (0257d88b-a2ad-49f7-b614-ab572e94b224)
2019-06-18 07:44:43.966 1842 INFO rally.task.context [-] Task 5b7b27a7-7cd5-426e-8fa7-9a00d15951de | Context volumes@openstack cleanup() finished in 5.34 sec
2019-06-18 07:44:43.967 1842 INFO rally.task.context [-] Task 5b7b27a7-7cd5-426e-8fa7-9a00d15951de | Context quotas@openstack cleanup() started
2019-06-18 07:44:44.510 1842 INFO rally.task.context [-] Task 5b7b27a7-7cd5-426e-8fa7-9a00d15951de | Context quotas@openstack cleanup() finished in 0.54 sec
2019-06-18 07:44:44.511 1842 INFO rally.task.context [-] Task 5b7b27a7-7cd5-426e-8fa7-9a00d15951de | Context api_versions@openstack cleanup() started
2019-06-18 07:44:44.511 1842 INFO rally.task.context [-] Task 5b7b27a7-7cd5-426e-8fa7-9a00d15951de | Context api_versions@openstack cleanup() finished in 0.31 msec
2019-06-18 07:44:44.512 1842 INFO rally.task.context [-] Task 5b7b27a7-7cd5-426e-8fa7-9a00d15951de | Context users@openstack cleanup() started
2019-06-18 07:44:51.445 1842 INFO rally.task.context [-] Task 5b7b27a7-7cd5-426e-8fa7-9a00d15951de | Context users@openstack cleanup() finished in 6.93 sec
2019-06-18 07:44:51.564 1842 INFO rally.task.engine [-] Load duration is: 10.555233
2019-06-18 07:44:51.564 1842 INFO rally.task.engine [-] Full runner duration is: 10.606251
2019-06-18 07:44:51.564 1842 INFO rally.task.engine [-] Full duration is: 54.109604
2019-06-18 07:44:51.817 1842 INFO rally.task.engine [-] Running workload: position = 0 config = { "version": 2, "title": "A cropped version of a bigger task.", "description": "Auto-generated task from a single workload (uuid=a200f958-4ab7-4e7a-8823-d7c162bd7218)", "subtasks": [ { "title": "CinderVolumes.create_and_list_volume", "description": "Create a volume and list all volumes.", "scenario": { "CinderVolumes.create_and_list_volume": { "detailed": true, "image": { "name": "rally_full-img_7d1d2e4e-7a2f-4797-8729-69be94a9285d" }, "size": 1 } }, "contexts": { "users": { "tenants": 3, "users_per_tenant": 2 }, "quotas": { "cinder": { "gigabytes": -1, "snapshots": -1, "volumes": -1 } }, "api_versions": { "cinder": { "version": 3, "service_type": "volumev3" } } }, "runner": { "constant": { "concurrency": 4, "times": 10 } }, "hooks": [], "sla": { "failure_rate": { "max": 0 } } } ] }
2019-06-18 07:44:51.841 1842 RALLYDEBUG rally_openstack.contexts.keystone.users [-] Creating 3 tenants using 20 threads
2019-06-18 07:44:53.592 1842 RALLYDEBUG rally_openstack.contexts.keystone.users [-] Creating 6 users using 20 threads
2019-06-18 07:44:56.184 1842 INFO rally.task.context [-] Task 5b7b27a7-7cd5-426e-8fa7-9a00d15951de | Context users@openstack setup() finished in 4.34 sec
2019-06-18 07:44:56.603 1842 INFO rally.task.context [-] Task 5b7b27a7-7cd5-426e-8fa7-9a00d15951de | Context api_versions@openstack setup() finished in 0.42 sec
2019-06-18 07:44:58.122 1842 INFO rally.task.context [-] Task 5b7b27a7-7cd5-426e-8fa7-9a00d15951de | Context quotas@openstack setup() finished in 1.52 sec
2019-06-18 07:44:58.122 1842 INFO rally.task.context [-] Task 5b7b27a7-7cd5-426e-8fa7-9a00d15951de | Context cleanup@openstack setup() finished in 0.01 msec
2019-06-18 07:44:58.856 1842 RALLYDEBUG rally.task.runner [-] Starting the constant runner (task UUID: 5b7b27a7-7cd5-426e-8fa7-9a00d15951de). timeout: 0 concurrency: 4 concurrency_per_worker: 1 times: 10 concurrency_overhead: 0 processes_to_start: 4 max_cpu_used: 16
2019-06-18 07:44:58.869 2414 RALLYDEBUG rally.task.runner [-] Starting a worker. concurrency: 1 args: {"detailed": true, "image": "fbaee983-ab2f-4f71-8102-35b09a5bf1c5", "size": 1} times: 10 method_name: run timeout: 0 duration: None cls:
2019-06-18 07:44:58.871 2415 RALLYDEBUG rally.task.runner [-] Starting a worker. concurrency: 1 args: {"detailed": true, "image": "fbaee983-ab2f-4f71-8102-35b09a5bf1c5", "size": 1} times: 10 method_name: run timeout: 0 duration: None cls:
2019-06-18 07:44:58.873 2416 RALLYDEBUG rally.task.runner [-] Starting a worker. concurrency: 1 args: {"detailed": true, "image": "fbaee983-ab2f-4f71-8102-35b09a5bf1c5", "size": 1} times: 10 method_name: run timeout: 0 duration: None cls:
2019-06-18 07:44:58.874 2417 RALLYDEBUG rally.task.runner [-] Starting a worker. concurrency: 1 args: {"detailed": true, "image": "fbaee983-ab2f-4f71-8102-35b09a5bf1c5", "size": 1} times: 10 method_name: run timeout: 0 duration: None cls:
2019-06-18 07:44:58.878 2414 INFO rally.task.runner [-] Task 5b7b27a7-7cd5-426e-8fa7-9a00d15951de | ITER: 1 START
2019-06-18 07:44:58.879 2415 INFO rally.task.runner [-] Task 5b7b27a7-7cd5-426e-8fa7-9a00d15951de | ITER: 2 START
2019-06-18 07:44:58.879 2417 INFO rally.task.runner [-] Task 5b7b27a7-7cd5-426e-8fa7-9a00d15951de | ITER: 4 START
2019-06-18 07:44:58.880 2416 INFO rally.task.runner [-] Task 5b7b27a7-7cd5-426e-8fa7-9a00d15951de | ITER: 3 START
2019-06-18 07:45:05.001 2417 RALLYDEBUG rally.task.utils [-] Waiting for resource s_rally_a200f958_b8ojUuZc. Status changed: DOWNLOADING => AVAILABLE in 2.67275500298
2019-06-18 07:45:05.218 2416 RALLYDEBUG rally.task.utils [-] Waiting for resource s_rally_a200f958_CxK4OExi. Status changed: DOWNLOADING => AVAILABLE in 3.05328512192
2019-06-18 07:45:05.262 2417 INFO rally.task.runner [-] Task 5b7b27a7-7cd5-426e-8fa7-9a00d15951de | ITER: 4 END: OK
2019-06-18 07:45:05.266 2417 INFO rally.task.runner [-] Task 5b7b27a7-7cd5-426e-8fa7-9a00d15951de | ITER: 5 START
2019-06-18 07:45:05.304 2414 RALLYDEBUG rally.task.utils [-] Waiting for resource s_rally_a200f958_EOMw6DjP. Status changed: DOWNLOADING => AVAILABLE in 2.92603397369
2019-06-18 07:45:05.362 2414 INFO rally.task.runner [-] Task 5b7b27a7-7cd5-426e-8fa7-9a00d15951de | ITER: 1 END: OK
2019-06-18 07:45:05.367 2414 INFO rally.task.runner [-] Task 5b7b27a7-7cd5-426e-8fa7-9a00d15951de | ITER: 6 START
2019-06-18 07:45:05.453 2416 INFO rally.task.runner [-] Task 5b7b27a7-7cd5-426e-8fa7-9a00d15951de | ITER: 3 END: OK
2019-06-18 07:45:05.458 2416 INFO rally.task.runner [-] Task 5b7b27a7-7cd5-426e-8fa7-9a00d15951de | ITER: 7 START
2019-06-18 07:45:06.507 2415 RALLYDEBUG rally.task.utils [-] Waiting for resource s_rally_a200f958_kaTKxOCJ. Status changed: DOWNLOADING => AVAILABLE in 3.15885281563
2019-06-18 07:45:06.876 2415 INFO rally.task.runner [-] Task 5b7b27a7-7cd5-426e-8fa7-9a00d15951de | ITER: 2 END: OK
2019-06-18 07:45:06.881 2415 INFO rally.task.runner [-] Task 5b7b27a7-7cd5-426e-8fa7-9a00d15951de | ITER: 8 START
2019-06-18 07:45:10.787 2415 RALLYDEBUG rally.task.utils [-] Waiting for resource s_rally_a200f958_fLhCkvdZ. Status changed: CREATING => DOWNLOADING in 0.5873939991
2019-06-18 07:45:11.342 2417 RALLYDEBUG rally.task.utils [-] Waiting for resource s_rally_a200f958_4RE68dM3. Status changed: DOWNLOADING => AVAILABLE in 2.75247502327
2019-06-18 07:45:11.426 2414 RALLYDEBUG rally.task.utils [-] Waiting for resource s_rally_a200f958_BWPFaZeQ. Status changed: DOWNLOADING => AVAILABLE in 2.66446995735
2019-06-18 07:45:11.546 2416 RALLYDEBUG rally.task.utils [-] Waiting for resource s_rally_a200f958_3MW8U7Tu. Status changed: DOWNLOADING => AVAILABLE in 2.76204204559
2019-06-18 07:45:11.669 2417 INFO rally.task.runner [-] Task 5b7b27a7-7cd5-426e-8fa7-9a00d15951de | ITER: 5 END: OK
2019-06-18 07:45:11.672 2417 INFO rally.task.runner [-] Task 5b7b27a7-7cd5-426e-8fa7-9a00d15951de | ITER: 9 START
2019-06-18 07:45:11.679 2416 INFO rally.task.runner [-] Task 5b7b27a7-7cd5-426e-8fa7-9a00d15951de | ITER: 7 END: OK
2019-06-18 07:45:11.682 2416 INFO rally.task.runner [-] Task 5b7b27a7-7cd5-426e-8fa7-9a00d15951de | ITER: 10 START
2019-06-18 07:45:11.689 2414 INFO rally.task.runner [-] Task 5b7b27a7-7cd5-426e-8fa7-9a00d15951de | ITER: 6 END: OK
2019-06-18 07:45:15.132 2415 RALLYDEBUG rally.task.utils [-] Waiting for resource s_rally_a200f958_fLhCkvdZ. Status changed: DOWNLOADING => AVAILABLE in 4.3454709053
2019-06-18 07:45:15.443 2415 INFO rally.task.runner [-] Task 5b7b27a7-7cd5-426e-8fa7-9a00d15951de | ITER: 8 END: OK
2019-06-18 07:45:17.772 2417 RALLYDEBUG rally.task.utils [-] Waiting for resource s_rally_a200f958_1TfOrpe8. Status changed: DOWNLOADING => AVAILABLE in 2.93419504166
2019-06-18 07:45:17.917 2416 RALLYDEBUG rally.task.utils [-] Waiting for resource s_rally_a200f958_xUwUyiDO. Status changed: DOWNLOADING => AVAILABLE in 2.94706606865
2019-06-18 07:45:18.032 2417 INFO rally.task.runner [-] Task 5b7b27a7-7cd5-426e-8fa7-9a00d15951de | ITER: 9 END: OK
2019-06-18 07:45:18.184 2416 INFO rally.task.runner [-] Task 5b7b27a7-7cd5-426e-8fa7-9a00d15951de | ITER: 10 END: OK
2019-06-18 07:45:18.207 1842 INFO rally.task.context [-] Task 5b7b27a7-7cd5-426e-8fa7-9a00d15951de | Context cleanup@openstack cleanup() started
2019-06-18 07:45:18.209 1842 RALLYDEBUG rally_openstack.cleanup.manager [-] Cleaning up cinder backups objects
2019-06-18 07:45:20.242 1842 RALLYDEBUG rally_openstack.cleanup.manager [-] Cleaning up cinder volume_snapshots objects
2019-06-18 07:45:22.287 1842 RALLYDEBUG rally_openstack.cleanup.manager [-] Cleaning up cinder transfers objects
2019-06-18 07:45:24.199 1842 RALLYDEBUG rally_openstack.cleanup.manager [-] Cleaning up cinder volumes objects
2019-06-18 07:45:26.324 1842 RALLYDEBUG rally_openstack.cleanup.manager [-] Deleting cinder.volumes object s_rally_a200f958_4RE68dM3 (7a7ac105-0d0d-4241-a72b-0b81c6647731)
2019-06-18 07:45:26.330 1842 RALLYDEBUG rally_openstack.cleanup.manager [-] Deleting cinder.volumes object s_rally_a200f958_kaTKxOCJ (6fb9fd45-f41f-467f-b6f7-2169d2c3feeb)
2019-06-18 07:45:26.330 1842 RALLYDEBUG rally_openstack.cleanup.manager [-] Deleting cinder.volumes object s_rally_a200f958_1TfOrpe8 (29f1239b-048a-41dd-9e09-9275eb45b2f1)
2019-06-18 07:45:26.331 1842 RALLYDEBUG rally_openstack.cleanup.manager [-] Deleting cinder.volumes object s_rally_a200f958_b8ojUuZc (4626a77d-abb0-467d-b7b6-2cdc85a98387)
2019-06-18 07:45:26.332 1842 RALLYDEBUG rally_openstack.cleanup.manager [-] Deleting cinder.volumes object s_rally_a200f958_3MW8U7Tu (b5574778-5d0b-4e08-b6be-8a3be52bb4b5)
2019-06-18 07:45:26.333 1842 RALLYDEBUG rally_openstack.cleanup.manager [-] Deleting cinder.volumes object s_rally_a200f958_EOMw6DjP (cbc950b7-3b7e-40c4-93e2-752595daaa6a)
2019-06-18 07:45:26.337 1842 RALLYDEBUG rally_openstack.cleanup.manager [-] Deleting cinder.volumes object s_rally_a200f958_CxK4OExi (e65b6213-aaa0-4b07-b7bf-0536659f74b4)
2019-06-18 07:45:26.340 1842 RALLYDEBUG rally_openstack.cleanup.manager [-] Deleting cinder.volumes object s_rally_a200f958_BWPFaZeQ (faaedc77-bf0b-4380-a83b-14488c846f2c)
2019-06-18 07:45:26.341 1842 RALLYDEBUG rally_openstack.cleanup.manager [-] Deleting cinder.volumes object s_rally_a200f958_xUwUyiDO (73816b0f-8407-4773-b804-df1ba79458fb)
2019-06-18 07:45:26.342 1842 RALLYDEBUG rally_openstack.cleanup.manager [-] Deleting cinder.volumes object s_rally_a200f958_fLhCkvdZ (9c76be79-7925-42c4-93a0-ed7823eb700c)
2019-06-18 07:45:31.248 1842 INFO rally.task.context [-] Task 5b7b27a7-7cd5-426e-8fa7-9a00d15951de | Context cleanup@openstack cleanup() finished in 13.04 sec
2019-06-18 07:45:31.249 1842 INFO rally.task.context [-] Task 5b7b27a7-7cd5-426e-8fa7-9a00d15951de | Context quotas@openstack cleanup() started
2019-06-18 07:45:31.711 1842 INFO rally.task.context [-] Task 5b7b27a7-7cd5-426e-8fa7-9a00d15951de | Context quotas@openstack cleanup() finished in 0.46 sec
2019-06-18 07:45:31.712 1842 INFO rally.task.context [-] Task 5b7b27a7-7cd5-426e-8fa7-9a00d15951de | Context api_versions@openstack cleanup() started
2019-06-18 07:45:31.712 1842 INFO rally.task.context [-] Task 5b7b27a7-7cd5-426e-8fa7-9a00d15951de | Context api_versions@openstack cleanup() finished in 0.34 msec
2019-06-18 07:45:31.713 1842 INFO rally.task.context [-] Task 5b7b27a7-7cd5-426e-8fa7-9a00d15951de | Context users@openstack cleanup() started
2019-06-18 07:45:39.395 1842 INFO rally.task.context [-] Task 5b7b27a7-7cd5-426e-8fa7-9a00d15951de | Context users@openstack cleanup() finished in 7.68 sec
2019-06-18 07:45:40.027 1842 INFO rally.task.engine [-] Load duration is: 19.303188
2019-06-18 07:45:40.027 1842 INFO rally.task.engine [-] Full runner duration is: 19.351567
2019-06-18 07:45:40.028 1842 INFO rally.task.engine [-] Full duration is: 47.556533
2019-06-18 07:45:40.219 1842 INFO rally.task.engine [-] Running workload: position = 1 config = { "version": 2, "title": "A cropped version of a bigger task.", "description": "Auto-generated task from a single workload (uuid=e7d16b38-b7df-4c16-a261-84837a7c752a)", "subtasks": [ { "title": "CinderVolumes.create_and_list_volume", "description": "Create a volume and list all volumes.", "scenario": { "CinderVolumes.create_and_list_volume": { "detailed": true, "size": 1 } }, "contexts": { "users": { "tenants": 3, "users_per_tenant": 2 }, "quotas": { "cinder": { "gigabytes": -1, "snapshots": -1, "volumes": -1 } }, "api_versions": { "cinder": { "version": 3, "service_type": "volumev3" } } }, "runner": { "constant": { "concurrency": 4, "times": 10 } }, "hooks": [], "sla": { "failure_rate": { "max": 0 } } } ] }
2019-06-18 07:45:40.240 1842 RALLYDEBUG rally_openstack.contexts.keystone.users [-] Creating 3 tenants using 20 threads
2019-06-18 07:45:41.977 1842 RALLYDEBUG rally_openstack.contexts.keystone.users [-] Creating 6 users using 20 threads
2019-06-18 07:45:44.576 1842 INFO rally.task.context [-] Task 5b7b27a7-7cd5-426e-8fa7-9a00d15951de | Context users@openstack setup() finished in 4.34 sec
2019-06-18 07:45:44.987 1842 INFO rally.task.context [-] Task 5b7b27a7-7cd5-426e-8fa7-9a00d15951de | Context api_versions@openstack setup() finished in 0.41 sec
2019-06-18 07:45:46.597 1842 INFO rally.task.context [-] Task 5b7b27a7-7cd5-426e-8fa7-9a00d15951de | Context quotas@openstack setup() finished in 1.61 sec
2019-06-18 07:45:46.598 1842 INFO rally.task.context [-] Task 5b7b27a7-7cd5-426e-8fa7-9a00d15951de | Context cleanup@openstack setup() finished in 0.00 msec
2019-06-18 07:45:46.607 1842 RALLYDEBUG rally.task.runner [-] Starting the constant runner (task UUID: 5b7b27a7-7cd5-426e-8fa7-9a00d15951de). timeout: 0 concurrency: 4 concurrency_per_worker: 1 times: 10 concurrency_overhead: 0 processes_to_start: 4 max_cpu_used: 16
2019-06-18 07:45:46.619 2598 RALLYDEBUG rally.task.runner [-] Starting a worker. concurrency: 1 args: {"detailed": true, "size": 1} times: 10 method_name: run timeout: 0 duration: None cls:
2019-06-18 07:45:46.622 2599 RALLYDEBUG rally.task.runner [-] Starting a worker. concurrency: 1 args: {"detailed": true, "size": 1} times: 10 method_name: run timeout: 0 duration: None cls:
2019-06-18 07:45:46.625 2600 RALLYDEBUG rally.task.runner [-] Starting a worker. concurrency: 1 args: {"detailed": true, "size": 1} times: 10 method_name: run timeout: 0 duration: None cls:
2019-06-18 07:45:46.626 2601 RALLYDEBUG rally.task.runner [-] Starting a worker. concurrency: 1 args: {"detailed": true, "size": 1} times: 10 method_name: run timeout: 0 duration: None cls:
2019-06-18 07:45:46.627 2598 INFO rally.task.runner [-] Task 5b7b27a7-7cd5-426e-8fa7-9a00d15951de | ITER: 1 START
2019-06-18 07:45:46.630 2599 INFO rally.task.runner [-] Task 5b7b27a7-7cd5-426e-8fa7-9a00d15951de | ITER: 2 START
2019-06-18 07:45:46.631 2601 INFO rally.task.runner [-] Task 5b7b27a7-7cd5-426e-8fa7-9a00d15951de | ITER: 4 START
2019-06-18 07:45:46.633 2600 INFO rally.task.runner [-] Task 5b7b27a7-7cd5-426e-8fa7-9a00d15951de | ITER: 3 START
2019-06-18 07:45:50.235 2600 INFO rally.task.runner [-] Task 5b7b27a7-7cd5-426e-8fa7-9a00d15951de | ITER: 3 END: OK
2019-06-18 07:45:50.240 2600 INFO rally.task.runner [-] Task 5b7b27a7-7cd5-426e-8fa7-9a00d15951de | ITER: 5 START
2019-06-18 07:45:50.306 2599 INFO rally.task.runner [-] Task 5b7b27a7-7cd5-426e-8fa7-9a00d15951de | ITER: 2 END: OK
2019-06-18 07:45:50.311 2599 INFO rally.task.runner [-] Task 5b7b27a7-7cd5-426e-8fa7-9a00d15951de | ITER: 6 START
2019-06-18 07:45:50.567 2598 INFO rally.task.runner [-] Task 5b7b27a7-7cd5-426e-8fa7-9a00d15951de | ITER: 1 END: OK
2019-06-18 07:45:50.572 2598 INFO rally.task.runner [-] Task 5b7b27a7-7cd5-426e-8fa7-9a00d15951de | ITER: 7 START
2019-06-18 07:45:50.595 2601 INFO rally.task.runner [-] Task 5b7b27a7-7cd5-426e-8fa7-9a00d15951de | ITER: 4 END: OK
2019-06-18 07:45:50.601 2601 INFO rally.task.runner [-] Task 5b7b27a7-7cd5-426e-8fa7-9a00d15951de | ITER: 8 START
2019-06-18 07:45:53.953 2599 INFO rally.task.runner [-] Task 5b7b27a7-7cd5-426e-8fa7-9a00d15951de | ITER: 6 END: OK
2019-06-18 07:45:53.954 2600 INFO rally.task.runner [-] Task 5b7b27a7-7cd5-426e-8fa7-9a00d15951de | ITER: 5 END: OK
2019-06-18 07:45:53.958 2599 INFO rally.task.runner [-] Task 5b7b27a7-7cd5-426e-8fa7-9a00d15951de | ITER: 9 START
2019-06-18 07:45:53.958 2600 INFO rally.task.runner [-] Task 5b7b27a7-7cd5-426e-8fa7-9a00d15951de | ITER: 10 START
2019-06-18 07:45:54.134 2601 INFO rally.task.runner [-] Task 5b7b27a7-7cd5-426e-8fa7-9a00d15951de | ITER: 8 END: OK
2019-06-18 07:45:54.347 2598 INFO rally.task.runner [-] Task 5b7b27a7-7cd5-426e-8fa7-9a00d15951de | ITER: 7 END: OK
2019-06-18 07:45:57.709 2599 INFO rally.task.runner [-] Task 5b7b27a7-7cd5-426e-8fa7-9a00d15951de | ITER: 9 END: OK
2019-06-18 07:45:57.758 2600 INFO rally.task.runner [-] Task 5b7b27a7-7cd5-426e-8fa7-9a00d15951de | ITER: 10 END: OK
2019-06-18 07:45:57.783 1842 INFO rally.task.context [-] Task 5b7b27a7-7cd5-426e-8fa7-9a00d15951de | Context cleanup@openstack cleanup() started
2019-06-18 07:45:57.786 1842 RALLYDEBUG rally_openstack.cleanup.manager [-] Cleaning up cinder backups objects
2019-06-18 07:45:59.771 1842 RALLYDEBUG rally_openstack.cleanup.manager [-] Cleaning up cinder volume_snapshots objects
2019-06-18 07:46:01.764 1842 RALLYDEBUG rally_openstack.cleanup.manager [-] Cleaning up cinder transfers objects
2019-06-18 07:46:03.633 1842 RALLYDEBUG rally_openstack.cleanup.manager [-] Cleaning up cinder volumes objects
2019-06-18 07:46:05.785 1842 RALLYDEBUG rally_openstack.cleanup.manager [-] Deleting cinder.volumes object s_rally_e7d16b38_wNwR8V2d (5624f703-30c3-4fc5-86ad-ea730f59bb6a)
2019-06-18 07:46:05.787 1842 RALLYDEBUG rally_openstack.cleanup.manager [-] Deleting cinder.volumes object s_rally_e7d16b38_Vl7BwdlV (711344a1-29cd-4e22-a02d-188610c6a4c1)
2019-06-18 07:46:05.796 1842 RALLYDEBUG rally_openstack.cleanup.manager [-] Deleting cinder.volumes object s_rally_e7d16b38_Y8lLZ6SR (c977e8e5-d2bd-4b7c-9a29-017f1c1f6115)
2019-06-18 07:46:05.797 1842 RALLYDEBUG rally_openstack.cleanup.manager [-] Deleting cinder.volumes object s_rally_e7d16b38_N5yU8ars (1f37d889-2f75-4d6e-b1e3-dbaafbb19a14)
2019-06-18 07:46:05.797 1842 RALLYDEBUG rally_openstack.cleanup.manager [-] Deleting cinder.volumes object s_rally_e7d16b38_eQqKrxn3 (ec1d2c56-205c-4c9d-b328-606f80948e0b)
2019-06-18 07:46:05.799 1842 RALLYDEBUG rally_openstack.cleanup.manager [-] Deleting cinder.volumes object s_rally_e7d16b38_2d6K7bT8 (ce7dcc80-ae35-4223-8b89-46d1622a259d)
2019-06-18 07:46:05.799 1842 RALLYDEBUG rally_openstack.cleanup.manager [-] Deleting cinder.volumes object s_rally_e7d16b38_eCvJJuQK (c6f2d743-c570-4a28-a5bc-5e70de1f203a)
2019-06-18 07:46:05.800 1842 RALLYDEBUG rally_openstack.cleanup.manager [-] Deleting cinder.volumes object s_rally_e7d16b38_03MG0Fbf (d1914934-0604-4bdb-abee-3aff8bdb9c05)
2019-06-18 07:46:05.801 1842 RALLYDEBUG rally_openstack.cleanup.manager [-] Deleting cinder.volumes object s_rally_e7d16b38_0qnMq88U (a8372977-ce67-40a0-9073-f8cb99614b8e)
2019-06-18 07:46:05.808 1842 RALLYDEBUG rally_openstack.cleanup.manager [-] Deleting cinder.volumes object s_rally_e7d16b38_3ia5Rg94 (3e66a300-931c-4ae2-959f-f831bbf75f6d)
2019-06-18 07:46:09.537 1842 INFO rally.task.context [-] Task 5b7b27a7-7cd5-426e-8fa7-9a00d15951de | Context cleanup@openstack cleanup() finished in 11.75 sec
2019-06-18 07:46:09.537 1842 INFO rally.task.context [-] Task 5b7b27a7-7cd5-426e-8fa7-9a00d15951de | Context quotas@openstack cleanup() started
2019-06-18 07:46:10.191 1842 INFO rally.task.context [-] Task 5b7b27a7-7cd5-426e-8fa7-9a00d15951de | Context quotas@openstack cleanup() finished in 0.65 sec
2019-06-18 07:46:10.191 1842 INFO rally.task.context [-] Task 5b7b27a7-7cd5-426e-8fa7-9a00d15951de | Context api_versions@openstack cleanup() started
2019-06-18 07:46:10.192 1842 INFO rally.task.context [-] Task 5b7b27a7-7cd5-426e-8fa7-9a00d15951de | Context api_versions@openstack cleanup() finished in 0.30 msec
2019-06-18 07:46:10.192 1842 INFO rally.task.context [-] Task 5b7b27a7-7cd5-426e-8fa7-9a00d15951de | Context users@openstack cleanup() started
2019-06-18 07:46:17.001 1842 INFO rally.task.context [-] Task 5b7b27a7-7cd5-426e-8fa7-9a00d15951de | Context users@openstack cleanup() finished in 6.81 sec
2019-06-18 07:46:18.410 1842 INFO rally.task.engine [-] Load duration is: 11.127141
2019-06-18 07:46:18.411 1842 INFO rally.task.engine [-] Full runner duration is: 11.177974
2019-06-18 07:46:18.411 1842 INFO rally.task.engine [-] Full duration is: 36.763168
2019-06-18 07:46:18.654 1842 INFO rally.task.engine [-] Running workload: position = 0 config = { "version": 2, "title": "A cropped version of a bigger task.", "description": "Auto-generated task from a single workload (uuid=d290ce0e-d88d-40e9-a373-f3cce898dbdc)", "subtasks": [ { "title": "CinderVolumes.create_and_upload_volume_to_image", "description": "Create and upload a volume to image.", "scenario": { "CinderVolumes.create_and_upload_volume_to_image": { "container_format": "bare", "disk_format": "raw", "do_delete": true, "force": false, "size": 1 } }, "contexts": { "users": { "tenants": 3, "users_per_tenant": 2 }, "quotas": { "cinder": { "gigabytes": -1, "snapshots": -1, "volumes": -1 } }, "api_versions": { "cinder": { "version": 3, "service_type": "volumev3" } } }, "runner": { "constant": { "concurrency": 4, "times": 10 } }, "hooks": [], "sla": { "failure_rate": { "max": 0 } } } ] }
2019-06-18 07:46:18.675 1842 RALLYDEBUG rally_openstack.contexts.keystone.users [-] Creating 3 tenants using 20 threads
2019-06-18 07:46:20.436 1842 RALLYDEBUG rally_openstack.contexts.keystone.users [-] Creating 6 users using 20 threads
2019-06-18 07:46:23.367 1842 INFO rally.task.context [-] Task 5b7b27a7-7cd5-426e-8fa7-9a00d15951de | Context users@openstack setup() finished in 4.69 sec
2019-06-18 07:46:23.810 1842 INFO rally.task.context [-] Task 5b7b27a7-7cd5-426e-8fa7-9a00d15951de | Context api_versions@openstack setup() finished in 0.44 sec
2019-06-18 07:46:25.446 1842 INFO rally.task.context [-] Task 5b7b27a7-7cd5-426e-8fa7-9a00d15951de | Context quotas@openstack setup() finished in 1.64 sec
2019-06-18 07:46:25.447 1842 INFO rally.task.context [-] Task 5b7b27a7-7cd5-426e-8fa7-9a00d15951de | Context cleanup@openstack setup() finished in 0.01 msec
2019-06-18 07:46:25.454 1842 RALLYDEBUG rally.task.runner [-] Starting the constant runner (task UUID: 5b7b27a7-7cd5-426e-8fa7-9a00d15951de). timeout: 0 concurrency: 4 concurrency_per_worker: 1 times: 10 concurrency_overhead: 0 processes_to_start: 4 max_cpu_used: 16
2019-06-18 07:46:25.467 2783 RALLYDEBUG rally.task.runner [-] Starting a worker. concurrency: 1 args: {"container_format": "bare", "disk_format": "raw", "do_delete": true, "force": false, "size": 1} times: 10 method_name: run timeout: 0 duration: None cls:
2019-06-18 07:46:25.467 2782 RALLYDEBUG rally.task.runner [-] Starting a worker. concurrency: 1 args: {"container_format": "bare", "disk_format": "raw", "do_delete": true, "force": false, "size": 1} times: 10 method_name: run timeout: 0 duration: None cls:
2019-06-18 07:46:25.473 2783 INFO rally.task.runner [-] Task 5b7b27a7-7cd5-426e-8fa7-9a00d15951de | ITER: 1 START
2019-06-18 07:46:25.472 2784 RALLYDEBUG rally.task.runner [-] Starting a worker. concurrency: 1 args: {"container_format": "bare", "disk_format": "raw", "do_delete": true, "force": false, "size": 1} times: 10 method_name: run timeout: 0 duration: None cls:
2019-06-18 07:46:25.474 2782 INFO rally.task.runner [-] Task 5b7b27a7-7cd5-426e-8fa7-9a00d15951de | ITER: 2 START
2019-06-18 07:46:25.476 2785 RALLYDEBUG rally.task.runner [-] Starting a worker. concurrency: 1 args: {"container_format": "bare", "disk_format": "raw", "do_delete": true, "force": false, "size": 1} times: 10 method_name: run timeout: 0 duration: None cls:
2019-06-18 07:46:25.479 2784 INFO rally.task.runner [-] Task 5b7b27a7-7cd5-426e-8fa7-9a00d15951de | ITER: 3 START
2019-06-18 07:46:25.484 2785 INFO rally.task.runner [-] Task 5b7b27a7-7cd5-426e-8fa7-9a00d15951de | ITER: 4 START
2019-06-18 07:46:30.592 2782 RALLYDEBUG rally.task.utils [-] Waiting for resource s_rally_d290ce0e_HgIrgo3K. Status changed: AVAILABLE => UPLOADING in 0.285137891769
2019-06-18 07:46:31.272 2784 RALLYDEBUG rally.task.utils [-] Waiting for resource s_rally_d290ce0e_LkSk8umP. Status changed: AVAILABLE => UPLOADING in 0.951043128967
2019-06-18 07:46:31.277 2785 RALLYDEBUG rally.task.utils [-] Waiting for resource s_rally_d290ce0e_yp9pxY5g. Status changed: AVAILABLE => UPLOADING in 1.18634700775
2019-06-18 07:46:31.407 2783 RALLYDEBUG rally.task.utils [-] Waiting for resource s_rally_d290ce0e_X7wSLjs2. Status changed: AVAILABLE => UPLOADING in 0.0516910552979
2019-06-18 07:47:08.952 2782 RALLYDEBUG rally.task.utils [-] Waiting for resource s_rally_d290ce0e_HgIrgo3K. Status changed: UPLOADING => AVAILABLE in 38.3595252037
2019-06-18 07:47:09.413 2782 RALLYDEBUG rally.task.utils [-] Waiting for resource s_rally_d290ce0e_HgIrgo3K. Status changed: AVAILABLE => DELETING in 0.0609920024872
2019-06-18 07:47:10.065 2783 RALLYDEBUG rally.task.utils [-] Waiting for resource s_rally_d290ce0e_X7wSLjs2. Status changed: UPLOADING => AVAILABLE in 38.6576550007
2019-06-18 07:47:10.246 2783 RALLYDEBUG rally.task.utils [-] Waiting for resource s_rally_d290ce0e_X7wSLjs2. Status changed: AVAILABLE => DELETING in 0.0552980899811
2019-06-18 07:47:12.466 2782 INFO rally.task.runner [-] Task 5b7b27a7-7cd5-426e-8fa7-9a00d15951de | ITER: 2 END: OK
2019-06-18 07:47:12.472 2782 INFO rally.task.runner [-] Task 5b7b27a7-7cd5-426e-8fa7-9a00d15951de | ITER: 5 START
2019-06-18 07:47:13.545 2783 INFO rally.task.runner [-] Task 5b7b27a7-7cd5-426e-8fa7-9a00d15951de | ITER: 1 END: OK
2019-06-18 07:47:13.552 2783 INFO rally.task.runner [-] Task 5b7b27a7-7cd5-426e-8fa7-9a00d15951de | ITER: 6 START
2019-06-18 07:47:17.378 2782 RALLYDEBUG rally.task.utils [-] Waiting for resource s_rally_d290ce0e_971bCogf. Status changed: AVAILABLE => UPLOADING in 0.360936880112
2019-06-18 07:47:22.404 2783 RALLYDEBUG rally.task.utils [-] Waiting for resource s_rally_d290ce0e_bgsaelQT. Status changed: AVAILABLE => UPLOADING in 0.0569081306458
2019-06-18 07:47:35.352 2785 RALLYDEBUG rally.task.utils [-] Waiting for resource s_rally_d290ce0e_yp9pxY5g. Status changed: UPLOADING => AVAILABLE in 64.075316906
2019-06-18 07:47:35.544 2785 RALLYDEBUG rally.task.utils [-] Waiting for resource s_rally_d290ce0e_yp9pxY5g. Status changed: AVAILABLE => DELETING in 0.0619111061096
2019-06-18 07:47:36.888 2784 RALLYDEBUG rally.task.utils [-] Waiting for resource s_rally_d290ce0e_LkSk8umP. Status changed: UPLOADING => AVAILABLE in 65.6163098812
2019-06-18 07:47:37.871 2784 RALLYDEBUG rally.task.utils [-] Waiting for resource s_rally_d290ce0e_LkSk8umP. Status changed: AVAILABLE => DELETING in 0.0594530105591
2019-06-18 07:47:40.319 2785 INFO rally.task.runner [-] Task 5b7b27a7-7cd5-426e-8fa7-9a00d15951de | ITER: 4 END: OK
2019-06-18 07:47:40.326 2785 INFO rally.task.runner [-] Task 5b7b27a7-7cd5-426e-8fa7-9a00d15951de | ITER: 7 START
2019-06-18 07:47:42.027 2784 INFO rally.task.runner [-] Task 5b7b27a7-7cd5-426e-8fa7-9a00d15951de | ITER: 3 END: OK
2019-06-18 07:47:42.036 2784 INFO rally.task.runner [-] Task 5b7b27a7-7cd5-426e-8fa7-9a00d15951de | ITER: 8 START
2019-06-18 07:47:45.470 2785 RALLYDEBUG rally.task.utils [-] Waiting for resource s_rally_d290ce0e_vQ2g5OG8. Status changed: AVAILABLE => UPLOADING in 0.458600997925
2019-06-18 07:47:47.013 2784 RALLYDEBUG rally.task.utils [-] Waiting for resource s_rally_d290ce0e_USU9Adsj. Status changed: AVAILABLE => UPLOADING in 0.243223905563
2019-06-18 07:47:53.200 2782 RALLYDEBUG rally.task.utils [-] Waiting for resource s_rally_d290ce0e_971bCogf. Status changed: UPLOADING => AVAILABLE in 35.821958065
2019-06-18 07:47:53.652 2782 RALLYDEBUG rally.task.utils [-] Waiting for resource s_rally_d290ce0e_971bCogf. Status changed: AVAILABLE => DELETING in 0.0549650192261
2019-06-18 07:47:58.686 2782 INFO rally.task.runner [-] Task 5b7b27a7-7cd5-426e-8fa7-9a00d15951de | ITER: 5 END: OK
2019-06-18 07:47:58.691 2782 INFO rally.task.runner [-] Task 5b7b27a7-7cd5-426e-8fa7-9a00d15951de | ITER: 9 START
2019-06-18 07:48:01.069 2783 RALLYDEBUG rally.task.utils [-] Waiting for resource s_rally_d290ce0e_bgsaelQT. Status changed: UPLOADING => AVAILABLE in 38.6650979519
2019-06-18 07:48:01.517 2783 RALLYDEBUG rally.task.utils [-] Waiting for resource s_rally_d290ce0e_bgsaelQT. Status changed: AVAILABLE => DELETING in 0.0630991458893
2019-06-18 07:48:03.312 2782 RALLYDEBUG rally.task.utils [-] Waiting for resource s_rally_d290ce0e_S3ItgBtx. Status changed: AVAILABLE => UPLOADING in 0.243366003036
2019-06-18 07:48:06.286 2783 INFO rally.task.runner [-] Task 5b7b27a7-7cd5-426e-8fa7-9a00d15951de | ITER: 6 END: OK
2019-06-18 07:48:06.291 2783 INFO rally.task.runner [-] Task 5b7b27a7-7cd5-426e-8fa7-9a00d15951de | ITER: 10 START
2019-06-18 07:48:11.108 2783 RALLYDEBUG rally.task.utils [-] Waiting for resource s_rally_d290ce0e_yLh6iDot. Status changed: AVAILABLE => UPLOADING in 0.0593750476837
2019-06-18 07:48:28.089 2785 RALLYDEBUG rally.task.utils [-] Waiting for resource s_rally_d290ce0e_vQ2g5OG8. Status changed: UPLOADING => AVAILABLE in 42.6186790466
2019-06-18 07:48:29.186 2785 RALLYDEBUG rally.task.utils [-] Waiting for resource s_rally_d290ce0e_vQ2g5OG8. Status changed: AVAILABLE => DELETING in 0.256568908691
2019-06-18 07:48:30.066 2784 RALLYDEBUG rally.task.utils [-] Waiting for resource s_rally_d290ce0e_USU9Adsj. Status changed: UPLOADING => AVAILABLE in 43.0527291298
2019-06-18 07:48:30.229 2784 RALLYDEBUG rally.task.utils [-] Waiting for resource s_rally_d290ce0e_USU9Adsj. Status changed: AVAILABLE => DELETING in 0.0533909797668
2019-06-18 07:48:33.302 2785 INFO rally.task.runner [-] Task 5b7b27a7-7cd5-426e-8fa7-9a00d15951de | ITER: 7 END: OK
2019-06-18 07:48:33.931 2784 INFO rally.task.runner [-] Task 5b7b27a7-7cd5-426e-8fa7-9a00d15951de | ITER: 8 END: OK
2019-06-18 07:48:44.601 2782 RALLYDEBUG rally.task.utils [-] Waiting for resource s_rally_d290ce0e_S3ItgBtx. Status changed: UPLOADING => AVAILABLE in 41.2886660099
2019-06-18 07:48:45.092 2782 RALLYDEBUG rally.task.utils [-] Waiting for resource s_rally_d290ce0e_S3ItgBtx. Status changed: AVAILABLE => DELETING in 0.0754549503326
2019-06-18 07:48:47.248 2783 RALLYDEBUG rally.task.utils [-] Waiting for resource s_rally_d290ce0e_yLh6iDot. Status changed: UPLOADING => AVAILABLE in 36.1392710209
2019-06-18 07:48:47.433 2783 RALLYDEBUG rally.task.utils [-] Waiting for resource s_rally_d290ce0e_yLh6iDot. Status changed: AVAILABLE => DELETING in 0.0506761074066
2019-06-18 07:48:47.920 2782 INFO rally.task.runner [-] Task 5b7b27a7-7cd5-426e-8fa7-9a00d15951de | ITER: 9 END: OK
2019-06-18 07:48:49.813 2783 INFO rally.task.runner [-] Task 5b7b27a7-7cd5-426e-8fa7-9a00d15951de | ITER: 10 END: OK
2019-06-18 07:48:49.842 1842 INFO rally.task.context [-] Task 5b7b27a7-7cd5-426e-8fa7-9a00d15951de | Context cleanup@openstack cleanup() started
2019-06-18 07:48:49.844 1842 RALLYDEBUG rally_openstack.cleanup.manager [-] Cleaning up cinder backups objects
2019-06-18 07:48:51.993 1842 RALLYDEBUG rally_openstack.cleanup.manager [-] Cleaning up cinder volume_snapshots objects
2019-06-18 07:48:54.262 1842 RALLYDEBUG rally_openstack.cleanup.manager [-] Cleaning up cinder transfers objects
2019-06-18 07:48:56.253 1842 RALLYDEBUG rally_openstack.cleanup.manager [-] Cleaning up cinder volumes objects
2019-06-18 07:48:58.282 1842 RALLYDEBUG rally_openstack.cleanup.manager [-] Cleaning up glance images objects
2019-06-18 07:49:00.728 1842 INFO rally.task.context [-] Task 5b7b27a7-7cd5-426e-8fa7-9a00d15951de | Context cleanup@openstack cleanup() finished in 10.89 sec
2019-06-18 07:49:00.728 1842 INFO rally.task.context [-] Task 5b7b27a7-7cd5-426e-8fa7-9a00d15951de | Context quotas@openstack cleanup() started
2019-06-18 07:49:01.387 1842 INFO rally.task.context [-] Task 5b7b27a7-7cd5-426e-8fa7-9a00d15951de | Context quotas@openstack cleanup() finished in 0.66 sec
2019-06-18 07:49:01.387 1842 INFO rally.task.context [-] Task 5b7b27a7-7cd5-426e-8fa7-9a00d15951de | Context api_versions@openstack cleanup() started
2019-06-18 07:49:01.388 1842 INFO rally.task.context [-] Task 5b7b27a7-7cd5-426e-8fa7-9a00d15951de | Context api_versions@openstack cleanup() finished in 0.32 msec
2019-06-18 07:49:01.388 1842 INFO rally.task.context [-] Task 5b7b27a7-7cd5-426e-8fa7-9a00d15951de | Context users@openstack cleanup() started
2019-06-18 07:49:10.285 1842 INFO rally.task.context [-] Task 5b7b27a7-7cd5-426e-8fa7-9a00d15951de | Context users@openstack cleanup() finished in 8.90 sec
2019-06-18 07:49:11.286 1842 INFO rally.task.engine [-] Load duration is: 143.457029
2019-06-18 07:49:11.287 1842 INFO rally.task.engine [-] Full runner duration is: 144.38773
2019-06-18 07:49:11.287 1842 INFO rally.task.engine [-] Full duration is: 171.612273
2019-06-18 07:49:11.585 1842 INFO rally.task.engine [-] Running workload: position = 0 config = { "version": 2, "title": "A cropped version of a bigger task.", "description": "Auto-generated task from a single workload (uuid=e54719bc-5d56-4d54-9ce9-850478622641)", "subtasks": [ { "title": "CinderVolumes.create_nested_snapshots_and_attach_volume", "description": "Create a volume from snapshot and attach/detach the volume", "scenario": { "CinderVolumes.create_nested_snapshots_and_attach_volume": { "flavor": { "name": "rally_full-flavor_7d1d2e4e-7a2f-4797-8729-69be94a9285d" }, "image": { "name": "rally_full-img_7d1d2e4e-7a2f-4797-8729-69be94a9285d" }, "nested_level": 1, "size": { "max": 1, "min": 1 }, "create_vm_params": { "nics": [ { "net-id": "a0f04f61-aafa-492d-b815-f261aebc6ec6" } ] } } }, "contexts": { "users": { "tenants": 3, "users_per_tenant": 2 }, "quotas": { "cinder": { "gigabytes": -1, "snapshots": -1, "volumes": -1 } }, "api_versions": { "cinder": { "version": 3, "service_type": "volumev3" } } }, "runner": { "constant": { "concurrency": 4, "times": 10 } }, "hooks": [], "sla": { "failure_rate": { "max": 0 } } } ] }
2019-06-18 07:49:11.611 1842 RALLYDEBUG rally_openstack.contexts.keystone.users [-] Creating 3 tenants using 20 threads
2019-06-18 07:49:13.606 1842 RALLYDEBUG rally_openstack.contexts.keystone.users [-] Creating 6 users using 20 threads
2019-06-18 07:49:16.291 1842 INFO rally.task.context [-] Task 5b7b27a7-7cd5-426e-8fa7-9a00d15951de | Context users@openstack setup() finished in 4.68 sec
2019-06-18 07:49:16.711 1842 INFO rally.task.context [-] Task 5b7b27a7-7cd5-426e-8fa7-9a00d15951de | Context api_versions@openstack setup() finished in 0.42 sec
2019-06-18 07:49:18.262 1842 INFO rally.task.context [-] Task 5b7b27a7-7cd5-426e-8fa7-9a00d15951de | Context quotas@openstack setup() finished in 1.55 sec
2019-06-18 07:49:18.262 1842 INFO rally.task.context [-] Task 5b7b27a7-7cd5-426e-8fa7-9a00d15951de | Context cleanup@openstack setup() finished in 0.01 msec
2019-06-18 07:49:19.426 1842 DEBUG novaclient.v2.client [-] REQ: curl -g -i -X GET http://172.30.9.21:8774/v2.1/flavors/detail -H "Accept: application/json" -H "User-Agent: python-novaclient" -H "X-Auth-Token: {SHA1}2f773a5db815c9950fd6b0f9e6e09a8e14e7b78c" _http_log_request /usr/lib/python2.7/site-packages/keystoneauth1/session.py:448
2019-06-18 07:49:20.244 1842 DEBUG novaclient.v2.client [-] RESP: [200] Content-Encoding: gzip Content-Length: 364 Content-Type: application/json Date: Tue, 18 Jun 2019 07:49:19 GMT OpenStack-API-Version: compute 2.1 Server: Apache Vary: OpenStack-API-Version,X-OpenStack-Nova-API-Version,Accept-Encoding X-OpenStack-Nova-API-Version: 2.1 x-compute-request-id: req-87154f94-788f-4a02-91b9-bc6a111c58b5 x-openstack-request-id: req-87154f94-788f-4a02-91b9-bc6a111c58b5 _http_log_response /usr/lib/python2.7/site-packages/keystoneauth1/session.py:479
2019-06-18 07:49:20.245 1842 DEBUG novaclient.v2.client [-] RESP BODY: {"flavors": [{"name": "rally_full-flavor_alt_7d1d2e4e-7a2f-4797-8729-69be94a9285d", "links": [{"href": "http://172.30.9.21:8774/v2.1/flavors/3e1e8ac2-c145-4a09-b855-41236b9da246", "rel": "self"}, {"href": "http://172.30.9.21:8774/flavors/3e1e8ac2-c145-4a09-b855-41236b9da246", "rel": "bookmark"}], "ram": 1024, "OS-FLV-DISABLED:disabled": false, "vcpus": 1, "swap": "", "os-flavor-access:is_public": true, "rxtx_factor": 1.0, "OS-FLV-EXT-DATA:ephemeral": 0, "disk": 1, "id": "3e1e8ac2-c145-4a09-b855-41236b9da246"}, {"name": "rally_full-flavor_7d1d2e4e-7a2f-4797-8729-69be94a9285d", "links": [{"href": "http://172.30.9.21:8774/v2.1/flavors/d1004eaa-ec33-4bda-8eb4-72916b4373ca", "rel": "self"}, {"href": "http://172.30.9.21:8774/flavors/d1004eaa-ec33-4bda-8eb4-72916b4373ca", "rel": "bookmark"}], "ram": 512, "OS-FLV-DISABLED:disabled": false, "vcpus": 1, "swap": "", "os-flavor-access:is_public": true, "rxtx_factor": 1.0, "OS-FLV-EXT-DATA:ephemeral": 0, "disk": 1, "id": "d1004eaa-ec33-4bda-8eb4-72916b4373ca"}]} _http_log_response /usr/lib/python2.7/site-packages/keystoneauth1/session.py:511
2019-06-18 07:49:20.245 1842 DEBUG novaclient.v2.client [-] GET call to compute for http://172.30.9.21:8774/v2.1/flavors/detail used request id req-87154f94-788f-4a02-91b9-bc6a111c58b5 request /usr/lib/python2.7/site-packages/keystoneauth1/session.py:844
2019-06-18 07:49:20.247 1842 RALLYDEBUG rally.task.runner [-] Starting the constant runner (task UUID: 5b7b27a7-7cd5-426e-8fa7-9a00d15951de). timeout: 0 concurrency: 4 concurrency_per_worker: 1 times: 10 concurrency_overhead: 0 processes_to_start: 4 max_cpu_used: 16
2019-06-18 07:49:20.260 2986 RALLYDEBUG rally.task.runner [-] Starting a worker. concurrency: 1 args: {"flavor": "d1004eaa-ec33-4bda-8eb4-72916b4373ca", "image": "fbaee983-ab2f-4f71-8102-35b09a5bf1c5", "nested_level": 1, "size": {"max": 1, "min": 1}, "create_vm_params": {"nics": [{"net-id": "a0f04f61-aafa-492d-b815-f261aebc6ec6"}]}} times: 10 method_name: run timeout: 0 duration: None cls:
2019-06-18 07:49:20.263 2987 RALLYDEBUG rally.task.runner [-] Starting a worker. concurrency: 1 args: {"flavor": "d1004eaa-ec33-4bda-8eb4-72916b4373ca", "image": "fbaee983-ab2f-4f71-8102-35b09a5bf1c5", "nested_level": 1, "size": {"max": 1, "min": 1}, "create_vm_params": {"nics": [{"net-id": "a0f04f61-aafa-492d-b815-f261aebc6ec6"}]}} times: 10 method_name: run timeout: 0 duration: None cls:
2019-06-18 07:49:20.267 2988 RALLYDEBUG rally.task.runner [-] Starting a worker. concurrency: 1 args: {"flavor": "d1004eaa-ec33-4bda-8eb4-72916b4373ca", "image": "fbaee983-ab2f-4f71-8102-35b09a5bf1c5", "nested_level": 1, "size": {"max": 1, "min": 1}, "create_vm_params": {"nics": [{"net-id": "a0f04f61-aafa-492d-b815-f261aebc6ec6"}]}} times: 10 method_name: run timeout: 0 duration: None cls:
2019-06-18 07:49:20.268 2986 INFO rally.task.runner [-] Task 5b7b27a7-7cd5-426e-8fa7-9a00d15951de | ITER: 1 START
