2019-06-18 07:33:21.898 7 RALLYDEBUG rally.api [-] INFO logs from urllib3 and requests module are hide.
2019-06-18 07:33:21.899 7 RALLYDEBUG rally.api [-] urllib3 insecure warnings are hidden.
2019-06-18 07:33:21.899 7 RALLYDEBUG rally.api [-] ERROR log from boto module is hide.
2019-06-18 07:33:23.136 7 ERROR rally.cli.cliutils [-] Unexpected exception in CLI: DBRecordNotFound: Record for uuid or name is opnfv-rally not found in table envs
2019-06-18 07:33:23.136 7 ERROR rally.cli.cliutils
Traceback (most recent call last):
2019-06-18 07:33:23.136 7 ERROR rally.cli.cliutils
File "/usr/lib/python2.7/site-packages/rally/cli/cliutils.py", line 674, in run
2019-06-18 07:33:23.136 7 ERROR rally.cli.cliutils ret = fn(*fn_args, **fn_kwargs)
2019-06-18 07:33:23.136 7 ERROR rally.cli.cliutils File "", line 2, in destroy
2019-06-18 07:33:23.136 7 ERROR rally.cli.cliutils
File "/usr/lib/python2.7/site-packages/rally/cli/envutils.py", line 69, in default_from_global
2019-06-18 07:33:23.136 7 ERROR rally.cli.cliutils return f(*args, **kwargs)
2019-06-18 07:33:23.136 7 ERROR rally.cli.cliutils File "", line 2, in destroy
2019-06-18 07:33:23.136 7 ERROR rally.cli.cliutils
File "/usr/lib/python2.7/site-packages/rally/plugins/__init__.py", line 51, in ensure_plugins_are_loaded
2019-06-18 07:33:23.136 7 ERROR rally.cli.cliutils return f(*args, **kwargs)
2019-06-18 07:33:23.136 7 ERROR rally.cli.cliutils
File "/usr/lib/python2.7/site-packages/rally/cli/commands/deployment.py", line 140, in destroy
2019-06-18 07:33:23.136 7 ERROR rally.cli.cliutils api.deployment.destroy(deployment=deployment)
2019-06-18 07:33:23.136 7 ERROR rally.cli.cliutils
File "/usr/lib/python2.7/site-packages/rally/api.py", line 115, in destroy
2019-06-18 07:33:23.136 7 ERROR rally.cli.cliutils deploy = objects.Deployment.get(deployment)
2019-06-18 07:33:23.136 7 ERROR rally.cli.cliutils
File "/usr/lib/python2.7/site-packages/rally/common/objects/deploy.py", line 124, in get
2019-06-18 07:33:23.136 7 ERROR rally.cli.cliutils return Deployment(env_mgr.EnvManager.get(deploy))
2019-06-18 07:33:23.136 7 ERROR rally.cli.cliutils
File "/usr/lib/python2.7/site-packages/rally/env/env_mgr.py", line 212, in get
2019-06-18 07:33:23.136 7 ERROR rally.cli.cliutils return cls(db.env_get(uuid_or_name))
2019-06-18 07:33:23.136 7 ERROR rally.cli.cliutils
File "/usr/lib/python2.7/site-packages/rally/common/db/api.py", line 135, in wrapper
2019-06-18 07:33:23.136 7 ERROR rally.cli.cliutils result = f(session, *args, **kwargs)
2019-06-18 07:33:23.136 7 ERROR rally.cli.cliutils
File "/usr/lib/python2.7/site-packages/rally/common/db/api.py", line 521, in env_get
2019-06-18 07:33:23.136 7 ERROR rally.cli.cliutils criteria="uuid or name is %s" % uuid_or_name, table="envs")
2019-06-18 07:33:23.136 7 ERROR rally.cli.cliutils DBRecordNotFound: Record for uuid or name is opnfv-rally not found in table envs
2019-06-18 07:33:23.136 7 ERROR rally.cli.cliutils
2019-06-18 07:33:24.095 9 RALLYDEBUG rally.api [-] INFO logs from urllib3 and requests module are hide.
2019-06-18 07:33:24.096 9 RALLYDEBUG rally.api [-] urllib3 insecure warnings are hidden.
2019-06-18 07:33:24.096 9 RALLYDEBUG rally.api [-] ERROR log from boto module is hide.
2019-06-18 07:33:25.566 9 WARNING rally_openstack.platforms.existing [-] endpoint is deprecated and not used.
2019-06-18 07:33:26.486 11 RALLYDEBUG rally.api [-] INFO logs from urllib3 and requests module are hide.
2019-06-18 07:33:26.486 11 RALLYDEBUG rally.api [-] urllib3 insecure warnings are hidden.
2019-06-18 07:33:26.486 11 RALLYDEBUG rally.api [-] ERROR log from boto module is hide.
2019-06-18 07:33:29.836 14 RALLYDEBUG rally.api [-] INFO logs from urllib3 and requests module are hide.
2019-06-18 07:33:29.836 14 RALLYDEBUG rally.api [-] urllib3 insecure warnings are hidden.
2019-06-18 07:33:29.836 14 RALLYDEBUG rally.api [-] ERROR log from boto module is hide.
2019-06-18 07:33:31.485 16 RALLYDEBUG rally.api [-] INFO logs from urllib3 and requests module are hide.
2019-06-18 07:33:31.485 16 RALLYDEBUG rally.api [-] urllib3 insecure warnings are hidden.
2019-06-18 07:33:31.485 16 RALLYDEBUG rally.api [-] ERROR log from boto module is hide.
2019-06-18 07:33:32.887 16 INFO rally.task.engine [-] Task dfcb4ddd-cdf7-4db5-988e-6766e26a9ffb | Starting: Task validation.
2019-06-18 07:33:32.942 16 INFO rally.task.engine [-] Task dfcb4ddd-cdf7-4db5-988e-6766e26a9ffb | Starting: Task validation of syntax.
2019-06-18 07:33:33.025 16 INFO rally.task.engine [-] Task dfcb4ddd-cdf7-4db5-988e-6766e26a9ffb | Completed: Task validation of syntax.
2019-06-18 07:33:33.025 16 INFO rally.task.engine [-] Task dfcb4ddd-cdf7-4db5-988e-6766e26a9ffb | Starting: Task validation of required platforms.
2019-06-18 07:33:33.063 16 INFO rally.task.engine [-] Task dfcb4ddd-cdf7-4db5-988e-6766e26a9ffb | Completed: Task validation of required platforms.
2019-06-18 07:33:33.063 16 INFO rally.task.engine [-] Task dfcb4ddd-cdf7-4db5-988e-6766e26a9ffb | Starting: Task validation of semantic.
2019-06-18 07:33:33.063 16 INFO rally.task.engine [-] Check health of the environment '476eee55-61be-41c9-ae9e-2be04ec06274'.
2019-06-18 07:33:33.877 16 INFO rally.task.engine [-] Platform existing@openstack (available: True): OK!
2019-06-18 07:33:33.895 16 RALLYDEBUG rally_openstack.contexts.keystone.users [-] Creating 1 tenants using 20 threads
2019-06-18 07:33:35.851 16 RALLYDEBUG rally_openstack.contexts.keystone.users [-] Creating 1 users using 20 threads
2019-06-18 07:33:38.092 16 INFO rally.task.context [-] Task dfcb4ddd-cdf7-4db5-988e-6766e26a9ffb | Context users@openstack setup() finished in 4.20 sec
2019-06-18 07:33:38.138 16 INFO rally.task.context [-] Task dfcb4ddd-cdf7-4db5-988e-6766e26a9ffb | Context users@openstack cleanup() started
2019-06-18 07:33:42.481 16 INFO rally.task.context [-] Task dfcb4ddd-cdf7-4db5-988e-6766e26a9ffb | Context users@openstack cleanup() finished in 4.34 sec
2019-06-18 07:33:42.482 16 INFO rally.task.engine [-] Task dfcb4ddd-cdf7-4db5-988e-6766e26a9ffb | Completed: Task validation of semantic.
2019-06-18 07:33:42.482 16 INFO rally.task.engine [-] Task dfcb4ddd-cdf7-4db5-988e-6766e26a9ffb | Completed: Task validation.
2019-06-18 07:33:42.482 16 INFO rally.api [-] Task dfcb4ddd-cdf7-4db5-988e-6766e26a9ffb input file is valid.
2019-06-18 07:33:42.482 16 INFO rally.api [-] Run Task dfcb4ddd-cdf7-4db5-988e-6766e26a9ffb against Deployment 476eee55-61be-41c9-ae9e-2be04ec06274
2019-06-18 07:33:42.483 16 INFO rally.task.engine [-] Task dfcb4ddd-cdf7-4db5-988e-6766e26a9ffb | Starting: Running task.
2019-06-18 07:33:42.648 16 INFO rally.task.engine [-] Running workload: position = 0 config = { "version": 2, "title": "A cropped version of a bigger task.", "description": "Auto-generated task from a single workload (uuid=6afa766f-3330-4392-8831-95658b007df6)", "subtasks": [ { "title": "Authenticate.keystone", "description": "Check Keystone Client.", "scenario": { "Authenticate.keystone": {} }, "contexts": { "users": { "tenants": 3, "users_per_tenant": 2 } }, "runner": { "constant": { "concurrency": 4, "times": 10 } }, "hooks": [], "sla": { "failure_rate": { "max": 0 } } } ] }
2019-06-18 07:33:42.666 16 RALLYDEBUG rally_openstack.contexts.keystone.users [-] Creating 3 tenants using 20 threads
2019-06-18 07:33:44.557 16 RALLYDEBUG rally_openstack.contexts.keystone.users [-] Creating 6 users using 20 threads
2019-06-18 07:33:47.385 16 INFO rally.task.context [-] Task dfcb4ddd-cdf7-4db5-988e-6766e26a9ffb | Context users@openstack setup() finished in 4.72 sec
2019-06-18 07:33:47.389 16 RALLYDEBUG rally.task.runner [-] Starting the constant runner (task UUID: dfcb4ddd-cdf7-4db5-988e-6766e26a9ffb). timeout: 0 concurrency: 4 concurrency_per_worker: 1 times: 10 concurrency_overhead: 0 processes_to_start: 4 max_cpu_used: 16
2019-06-18 07:33:47.401 140 RALLYDEBUG rally.task.runner [-] Starting a worker. concurrency: 1 args: {} times: 10 method_name: run timeout: 0 duration: None cls:
2019-06-18 07:33:47.403 141 RALLYDEBUG rally.task.runner [-] Starting a worker. concurrency: 1 args: {} times: 10 method_name: run timeout: 0 duration: None cls:
2019-06-18 07:33:47.404 142 RALLYDEBUG rally.task.runner [-] Starting a worker. concurrency: 1 args: {} times: 10 method_name: run timeout: 0 duration: None cls:
2019-06-18 07:33:47.407 140 INFO rally.task.runner [-] Task dfcb4ddd-cdf7-4db5-988e-6766e26a9ffb | ITER: 1 START
2019-06-18 07:33:47.407 143 RALLYDEBUG rally.task.runner [-] Starting a worker. concurrency: 1 args: {} times: 10 method_name: run timeout: 0 duration: None cls:
2019-06-18 07:33:47.408 141 INFO rally.task.runner [-] Task dfcb4ddd-cdf7-4db5-988e-6766e26a9ffb | ITER: 2 START
2019-06-18 07:33:47.409 142 INFO rally.task.runner [-] Task dfcb4ddd-cdf7-4db5-988e-6766e26a9ffb | ITER: 3 START
2019-06-18 07:33:47.413 143 INFO rally.task.runner [-] Task dfcb4ddd-cdf7-4db5-988e-6766e26a9ffb | ITER: 4 START
2019-06-18 07:33:48.004 140 INFO rally.task.runner [-] Task dfcb4ddd-cdf7-4db5-988e-6766e26a9ffb | ITER: 1 END: OK
2019-06-18 07:33:48.009 140 INFO rally.task.runner [-] Task dfcb4ddd-cdf7-4db5-988e-6766e26a9ffb | ITER: 5 START
2019-06-18 07:33:48.010 143 INFO rally.task.runner [-] Task dfcb4ddd-cdf7-4db5-988e-6766e26a9ffb | ITER: 4 END: OK
2019-06-18 07:33:48.010 142 INFO rally.task.runner [-] Task dfcb4ddd-cdf7-4db5-988e-6766e26a9ffb | ITER: 3 END: OK
2019-06-18 07:33:48.014 141 INFO rally.task.runner [-] Task dfcb4ddd-cdf7-4db5-988e-6766e26a9ffb | ITER: 2 END: OK
2019-06-18 07:33:48.015 142 INFO rally.task.runner [-] Task dfcb4ddd-cdf7-4db5-988e-6766e26a9ffb | ITER: 6 START
2019-06-18 07:33:48.016 143 INFO rally.task.runner [-] Task dfcb4ddd-cdf7-4db5-988e-6766e26a9ffb | ITER: 7 START
2019-06-18 07:33:48.020 141 INFO rally.task.runner [-] Task dfcb4ddd-cdf7-4db5-988e-6766e26a9ffb | ITER: 8 START
2019-06-18 07:33:48.589 140 INFO rally.task.runner [-] Task dfcb4ddd-cdf7-4db5-988e-6766e26a9ffb | ITER: 5 END: OK
2019-06-18 07:33:48.592 140 INFO rally.task.runner [-] Task dfcb4ddd-cdf7-4db5-988e-6766e26a9ffb | ITER: 9 START
2019-06-18 07:33:48.614 143 INFO rally.task.runner [-] Task dfcb4ddd-cdf7-4db5-988e-6766e26a9ffb | ITER: 7 END: OK
2019-06-18 07:33:48.618 143 INFO rally.task.runner [-] Task dfcb4ddd-cdf7-4db5-988e-6766e26a9ffb | ITER: 10 START
2019-06-18 07:33:48.626 142 INFO rally.task.runner [-] Task dfcb4ddd-cdf7-4db5-988e-6766e26a9ffb | ITER: 6 END: OK
2019-06-18 07:33:48.653 141 INFO rally.task.runner [-] Task dfcb4ddd-cdf7-4db5-988e-6766e26a9ffb | ITER: 8 END: OK
2019-06-18 07:33:49.130 143 INFO rally.task.runner [-] Task dfcb4ddd-cdf7-4db5-988e-6766e26a9ffb | ITER: 10 END: OK
2019-06-18 07:33:49.164 140 INFO rally.task.runner [-] Task dfcb4ddd-cdf7-4db5-988e-6766e26a9ffb | ITER: 9 END: OK
2019-06-18 07:33:49.188 16 INFO rally.task.context [-] Task dfcb4ddd-cdf7-4db5-988e-6766e26a9ffb | Context users@openstack cleanup() started
2019-06-18 07:33:56.022 16 INFO rally.task.context [-] Task dfcb4ddd-cdf7-4db5-988e-6766e26a9ffb | Context users@openstack cleanup() finished in 6.83 sec
2019-06-18 07:33:56.766 16 INFO rally.task.engine [-] Load duration is: 1.756362
2019-06-18 07:33:56.766 16 INFO rally.task.engine [-] Full runner duration is: 1.799017
2019-06-18 07:33:56.767 16 INFO rally.task.engine [-] Full duration is: 13.357105
2019-06-18 07:33:57.008 16 INFO rally.task.engine [-] Running workload: position = 0 config = { "version": 2, "title": "A cropped version of a bigger task.", "description": "Auto-generated task from a single workload (uuid=0641f6c3-5d0b-4341-b0e9-1252f631d578)", "subtasks": [ { "title": "Authenticate.validate_cinder", "description": "Check Cinder Client to ensure validation of token.", "scenario": { "Authenticate.validate_cinder": { "repetitions": 2 } }, "contexts": { "users": { "tenants": 3, "users_per_tenant": 2 } }, "runner": { "constant": { "concurrency": 4, "times": 10 } }, "hooks": [], "sla": { "failure_rate": { "max": 0 } } } ] }
2019-06-18 07:33:57.027 16 RALLYDEBUG rally_openstack.contexts.keystone.users [-] Creating 3 tenants using 20 threads
2019-06-18 07:33:58.996 16 RALLYDEBUG rally_openstack.contexts.keystone.users [-] Creating 6 users using 20 threads
2019-06-18 07:34:01.779 16 INFO rally.task.context [-] Task dfcb4ddd-cdf7-4db5-988e-6766e26a9ffb | Context users@openstack setup() finished in 4.75 sec
2019-06-18 07:34:01.786 16 RALLYDEBUG rally.task.runner [-] Starting the constant runner (task UUID: dfcb4ddd-cdf7-4db5-988e-6766e26a9ffb). timeout: 0 concurrency: 4 concurrency_per_worker: 1 times: 10 concurrency_overhead: 0 processes_to_start: 4 max_cpu_used: 16
2019-06-18 07:34:01.798 244 RALLYDEBUG rally.task.runner [-] Starting a worker. concurrency: 1 args: {"repetitions": 2} times: 10 method_name: run timeout: 0 duration: None cls:
2019-06-18 07:34:01.801 245 RALLYDEBUG rally.task.runner [-] Starting a worker. concurrency: 1 args: {"repetitions": 2} times: 10 method_name: run timeout: 0 duration: None cls:
2019-06-18 07:34:01.803 246 RALLYDEBUG rally.task.runner [-] Starting a worker. concurrency: 1 args: {"repetitions": 2} times: 10 method_name: run timeout: 0 duration: None cls:
2019-06-18 07:34:01.804 244 INFO rally.task.runner [-] Task dfcb4ddd-cdf7-4db5-988e-6766e26a9ffb | ITER: 1 START
2019-06-18 07:34:01.806 247 RALLYDEBUG rally.task.runner [-] Starting a worker. concurrency: 1 args: {"repetitions": 2} times: 10 method_name: run timeout: 0 duration: None cls:
2019-06-18 07:34:01.808 245 INFO rally.task.runner [-] Task dfcb4ddd-cdf7-4db5-988e-6766e26a9ffb | ITER: 2 START
2019-06-18 07:34:01.809 246 INFO rally.task.runner [-] Task dfcb4ddd-cdf7-4db5-988e-6766e26a9ffb | ITER: 3 START
2019-06-18 07:34:01.810 247 INFO rally.task.runner [-] Task dfcb4ddd-cdf7-4db5-988e-6766e26a9ffb | ITER: 4 START
2019-06-18 07:34:03.710 247 INFO rally.task.runner [-] Task dfcb4ddd-cdf7-4db5-988e-6766e26a9ffb | ITER: 4 END: OK
2019-06-18 07:34:03.714 247 INFO rally.task.runner [-] Task dfcb4ddd-cdf7-4db5-988e-6766e26a9ffb | ITER: 5 START
2019-06-18 07:34:03.727 245 INFO rally.task.runner [-] Task dfcb4ddd-cdf7-4db5-988e-6766e26a9ffb | ITER: 2 END: OK
2019-06-18 07:34:03.731 245 INFO rally.task.runner [-] Task dfcb4ddd-cdf7-4db5-988e-6766e26a9ffb | ITER: 6 START
2019-06-18 07:34:03.748 244 INFO rally.task.runner [-] Task dfcb4ddd-cdf7-4db5-988e-6766e26a9ffb | ITER: 1 END: OK
2019-06-18 07:34:03.752 244 INFO rally.task.runner [-] Task dfcb4ddd-cdf7-4db5-988e-6766e26a9ffb | ITER: 7 START
2019-06-18 07:34:03.764 246 INFO rally.task.runner [-] Task dfcb4ddd-cdf7-4db5-988e-6766e26a9ffb | ITER: 3 END: OK
2019-06-18 07:34:03.768 246 INFO rally.task.runner [-] Task dfcb4ddd-cdf7-4db5-988e-6766e26a9ffb | ITER: 8 START
2019-06-18 07:34:04.797 244 INFO rally.task.runner [-] Task dfcb4ddd-cdf7-4db5-988e-6766e26a9ffb | ITER: 7 END: OK
2019-06-18 07:34:04.801 244 INFO rally.task.runner [-] Task dfcb4ddd-cdf7-4db5-988e-6766e26a9ffb | ITER: 9 START
2019-06-18 07:34:06.302 247 INFO rally.task.runner [-] Task dfcb4ddd-cdf7-4db5-988e-6766e26a9ffb | ITER: 5 END: OK
2019-06-18 07:34:06.306 247 INFO rally.task.runner [-] Task dfcb4ddd-cdf7-4db5-988e-6766e26a9ffb | ITER: 10 START
2019-06-18 07:34:06.377 245 INFO rally.task.runner [-] Task dfcb4ddd-cdf7-4db5-988e-6766e26a9ffb | ITER: 6 END: OK
2019-06-18 07:34:06.674 246 INFO rally.task.runner [-] Task dfcb4ddd-cdf7-4db5-988e-6766e26a9ffb | ITER: 8 END: OK
2019-06-18 07:34:06.973 244 INFO rally.task.runner [-] Task dfcb4ddd-cdf7-4db5-988e-6766e26a9ffb | ITER: 9 END: OK
2019-06-18 07:34:07.261 247 INFO rally.task.runner [-] Task dfcb4ddd-cdf7-4db5-988e-6766e26a9ffb | ITER: 10 END: OK
2019-06-18 07:34:07.283 16 INFO rally.task.context [-] Task dfcb4ddd-cdf7-4db5-988e-6766e26a9ffb | Context users@openstack cleanup() started
2019-06-18 07:34:14.713 16 INFO rally.task.context [-] Task dfcb4ddd-cdf7-4db5-988e-6766e26a9ffb | Context users@openstack cleanup() finished in 7.43 sec
2019-06-18 07:34:15.128 16 INFO rally.task.engine [-] Load duration is: 5.455174
2019-06-18 07:34:15.128 16 INFO rally.task.engine [-] Full runner duration is: 5.497256
2019-06-18 07:34:15.128 16 INFO rally.task.engine [-] Full duration is: 17.687045
2019-06-18 07:34:15.415 16 INFO rally.task.engine [-] Running workload: position = 0 config = { "version": 2, "title": "A cropped version of a bigger task.", "description": "Auto-generated task from a single workload (uuid=7ea17329-27b0-426e-b304-036351c32961)", "subtasks": [ { "title": "Authenticate.validate_glance", "description": "Check Glance Client to ensure validation of token.", "scenario": { "Authenticate.validate_glance": { "repetitions": 2 } }, "contexts": { "users": { "tenants": 3, "users_per_tenant": 2 } }, "runner": { "constant": { "concurrency": 4, "times": 10 } }, "hooks": [], "sla": { "failure_rate": { "max": 0 } } } ] }
2019-06-18 07:34:15.436 16 RALLYDEBUG rally_openstack.contexts.keystone.users [-] Creating 3 tenants using 20 threads
2019-06-18 07:34:17.231 16 RALLYDEBUG rally_openstack.contexts.keystone.users [-] Creating 6 users using 20 threads
2019-06-18 07:34:19.948 16 INFO rally.task.context [-] Task dfcb4ddd-cdf7-4db5-988e-6766e26a9ffb | Context users@openstack setup() finished in 4.51 sec
2019-06-18 07:34:19.955 16 RALLYDEBUG rally.task.runner [-] Starting the constant runner (task UUID: dfcb4ddd-cdf7-4db5-988e-6766e26a9ffb). timeout: 0 concurrency: 4 concurrency_per_worker: 1 times: 10 concurrency_overhead: 0 processes_to_start: 4 max_cpu_used: 16
2019-06-18 07:34:19.966 348 RALLYDEBUG rally.task.runner [-] Starting a worker. concurrency: 1 args: {"repetitions": 2} times: 10 method_name: run timeout: 0 duration: None cls:
2019-06-18 07:34:19.970 349 RALLYDEBUG rally.task.runner [-] Starting a worker. concurrency: 1 args: {"repetitions": 2} times: 10 method_name: run timeout: 0 duration: None cls:
2019-06-18 07:34:19.971 348 INFO rally.task.runner [-] Task dfcb4ddd-cdf7-4db5-988e-6766e26a9ffb | ITER: 1 START
2019-06-18 07:34:19.974 350 RALLYDEBUG rally.task.runner [-] Starting a worker. concurrency: 1 args: {"repetitions": 2} times: 10 method_name: run timeout: 0 duration: None cls:
2019-06-18 07:34:19.976 349 INFO rally.task.runner [-] Task dfcb4ddd-cdf7-4db5-988e-6766e26a9ffb | ITER: 2 START
2019-06-18 07:34:19.979 350 INFO rally.task.runner [-] Task dfcb4ddd-cdf7-4db5-988e-6766e26a9ffb | ITER: 3 START
2019-06-18 07:34:19.979 353 RALLYDEBUG rally.task.runner [-] Starting a worker. concurrency: 1 args: {"repetitions": 2} times: 10 method_name: run timeout: 0 duration: None cls:
2019-06-18 07:34:19.986 353 INFO rally.task.runner [-] Task dfcb4ddd-cdf7-4db5-988e-6766e26a9ffb | ITER: 4 START
2019-06-18 07:34:20.781 348 INFO rally.task.runner [-] Task dfcb4ddd-cdf7-4db5-988e-6766e26a9ffb | ITER: 1 END: OK
2019-06-18 07:34:20.786 348 INFO rally.task.runner [-] Task dfcb4ddd-cdf7-4db5-988e-6766e26a9ffb | ITER: 5 START
2019-06-18 07:34:20.952 350 INFO rally.task.runner [-] Task dfcb4ddd-cdf7-4db5-988e-6766e26a9ffb | ITER: 3 END: OK
2019-06-18 07:34:20.956 350 INFO rally.task.runner [-] Task dfcb4ddd-cdf7-4db5-988e-6766e26a9ffb | ITER: 6 START
2019-06-18 07:34:20.958 349 INFO rally.task.runner [-] Task dfcb4ddd-cdf7-4db5-988e-6766e26a9ffb | ITER: 2 END: OK
2019-06-18 07:34:20.962 349 INFO rally.task.runner [-] Task dfcb4ddd-cdf7-4db5-988e-6766e26a9ffb | ITER: 7 START
2019-06-18 07:34:20.964 353 INFO rally.task.runner [-] Task dfcb4ddd-cdf7-4db5-988e-6766e26a9ffb | ITER: 4 END: OK
2019-06-18 07:34:20.968 353 INFO rally.task.runner [-] Task dfcb4ddd-cdf7-4db5-988e-6766e26a9ffb | ITER: 8 START
2019-06-18 07:34:21.551 348 INFO rally.task.runner [-] Task dfcb4ddd-cdf7-4db5-988e-6766e26a9ffb | ITER: 5 END: OK
2019-06-18 07:34:21.555 348 INFO rally.task.runner [-] Task dfcb4ddd-cdf7-4db5-988e-6766e26a9ffb | ITER: 9 START
2019-06-18 07:34:21.667 349 INFO rally.task.runner [-] Task dfcb4ddd-cdf7-4db5-988e-6766e26a9ffb | ITER: 7 END: OK
2019-06-18 07:34:21.672 349 INFO rally.task.runner [-] Task dfcb4ddd-cdf7-4db5-988e-6766e26a9ffb | ITER: 10 START
2019-06-18 07:34:21.674 353 INFO rally.task.runner [-] Task dfcb4ddd-cdf7-4db5-988e-6766e26a9ffb | ITER: 8 END: OK
2019-06-18 07:34:21.750 350 INFO rally.task.runner [-] Task dfcb4ddd-cdf7-4db5-988e-6766e26a9ffb | ITER: 6 END: OK
2019-06-18 07:34:22.426 349 INFO rally.task.runner [-] Task dfcb4ddd-cdf7-4db5-988e-6766e26a9ffb | ITER: 10 END: OK
2019-06-18 07:34:22.429 348 INFO rally.task.runner [-] Task dfcb4ddd-cdf7-4db5-988e-6766e26a9ffb | ITER: 9 END: OK
2019-06-18 07:34:22.451 16 INFO rally.task.context [-] Task dfcb4ddd-cdf7-4db5-988e-6766e26a9ffb | Context users@openstack cleanup() started
2019-06-18 07:34:28.989 16 INFO rally.task.context [-] Task dfcb4ddd-cdf7-4db5-988e-6766e26a9ffb | Context users@openstack cleanup() finished in 6.54 sec
2019-06-18 07:34:29.510 16 INFO rally.task.engine [-] Load duration is: 2.45553
2019-06-18 07:34:29.510 16 INFO rally.task.engine [-] Full runner duration is: 2.495771
2019-06-18 07:34:29.510 16 INFO rally.task.engine [-] Full duration is: 13.554603
2019-06-18 07:34:29.737 16 INFO rally.task.engine [-] Running workload: position = 0 config = { "version": 2, "title": "A cropped version of a bigger task.", "description": "Auto-generated task from a single workload (uuid=f8aa11bf-0adf-4612-a5da-69222befafee)", "subtasks": [ { "title": "Authenticate.validate_heat", "description": "Check Heat Client to ensure validation of token.", "scenario": { "Authenticate.validate_heat": { "repetitions": 2 } }, "contexts": { "users": { "tenants": 3, "users_per_tenant": 2 } }, "runner": { "constant": { "concurrency": 4, "times": 10 } }, "hooks": [], "sla": { "failure_rate": { "max": 0 } } } ] }
2019-06-18 07:34:29.758 16 RALLYDEBUG rally_openstack.contexts.keystone.users [-] Creating 3 tenants using 20 threads
2019-06-18 07:34:31.573 16 RALLYDEBUG rally_openstack.contexts.keystone.users [-] Creating 6 users using 20 threads
2019-06-18 07:34:34.302 16 INFO rally.task.context [-] Task dfcb4ddd-cdf7-4db5-988e-6766e26a9ffb | Context users@openstack setup() finished in 4.54 sec
2019-06-18 07:34:34.309 16 RALLYDEBUG rally.task.runner [-] Starting the constant runner (task UUID: dfcb4ddd-cdf7-4db5-988e-6766e26a9ffb). timeout: 0 concurrency: 4 concurrency_per_worker: 1 times: 10 concurrency_overhead: 0 processes_to_start: 4 max_cpu_used: 16
2019-06-18 07:34:34.322 452 RALLYDEBUG rally.task.runner [-] Starting a worker. concurrency: 1 args: {"repetitions": 2} times: 10 method_name: run timeout: 0 duration: None cls:
2019-06-18 07:34:34.323 454 RALLYDEBUG rally.task.runner [-] Starting a worker. concurrency: 1 args: {"repetitions": 2} times: 10 method_name: run timeout: 0 duration: None cls:
2019-06-18 07:34:34.323 453 RALLYDEBUG rally.task.runner [-] Starting a worker. concurrency: 1 args: {"repetitions": 2} times: 10 method_name: run timeout: 0 duration: None cls:
2019-06-18 07:34:34.327 454 INFO rally.task.runner [-] Task dfcb4ddd-cdf7-4db5-988e-6766e26a9ffb | ITER: 2 START
2019-06-18 07:34:34.328 452 INFO rally.task.runner [-] Task dfcb4ddd-cdf7-4db5-988e-6766e26a9ffb | ITER: 1 START
2019-06-18 07:34:34.329 455 RALLYDEBUG rally.task.runner [-] Starting a worker. concurrency: 1 args: {"repetitions": 2} times: 10 method_name: run timeout: 0 duration: None cls:
2019-06-18 07:34:34.330 453 INFO rally.task.runner [-] Task dfcb4ddd-cdf7-4db5-988e-6766e26a9ffb | ITER: 3 START
2019-06-18 07:34:34.335 455 INFO rally.task.runner [-] Task dfcb4ddd-cdf7-4db5-988e-6766e26a9ffb | ITER: 4 START
2019-06-18 07:34:36.202 454 INFO rally.task.runner [-] Task dfcb4ddd-cdf7-4db5-988e-6766e26a9ffb | ITER: 2 END: OK
2019-06-18 07:34:36.206 454 INFO rally.task.runner [-] Task dfcb4ddd-cdf7-4db5-988e-6766e26a9ffb | ITER: 5 START
2019-06-18 07:34:36.235 452 INFO rally.task.runner [-] Task dfcb4ddd-cdf7-4db5-988e-6766e26a9ffb | ITER: 1 END: OK
2019-06-18 07:34:36.239 452 INFO rally.task.runner [-] Task dfcb4ddd-cdf7-4db5-988e-6766e26a9ffb | ITER: 6 START
2019-06-18 07:34:36.257 455 INFO rally.task.runner [-] Task dfcb4ddd-cdf7-4db5-988e-6766e26a9ffb | ITER: 4 END: OK
2019-06-18 07:34:36.261 455 INFO rally.task.runner [-] Task dfcb4ddd-cdf7-4db5-988e-6766e26a9ffb | ITER: 7 START
2019-06-18 07:34:36.382 453 INFO rally.task.runner [-] Task dfcb4ddd-cdf7-4db5-988e-6766e26a9ffb | ITER: 3 END: OK
2019-06-18 07:34:36.386 453 INFO rally.task.runner [-] Task dfcb4ddd-cdf7-4db5-988e-6766e26a9ffb | ITER: 8 START
2019-06-18 07:34:37.291 454 INFO rally.task.runner [-] Task dfcb4ddd-cdf7-4db5-988e-6766e26a9ffb | ITER: 5 END: OK
2019-06-18 07:34:37.295 454 INFO rally.task.runner [-] Task dfcb4ddd-cdf7-4db5-988e-6766e26a9ffb | ITER: 9 START
2019-06-18 07:34:37.354 453 INFO rally.task.runner [-] Task dfcb4ddd-cdf7-4db5-988e-6766e26a9ffb | ITER: 8 END: OK
2019-06-18 07:34:37.357 453 INFO rally.task.runner [-] Task dfcb4ddd-cdf7-4db5-988e-6766e26a9ffb | ITER: 10 START
2019-06-18 07:34:37.543 455 INFO rally.task.runner [-] Task dfcb4ddd-cdf7-4db5-988e-6766e26a9ffb | ITER: 7 END: OK
2019-06-18 07:34:38.015 452 INFO rally.task.runner [-] Task dfcb4ddd-cdf7-4db5-988e-6766e26a9ffb | ITER: 6 END: OK
2019-06-18 07:34:38.349 454 INFO rally.task.runner [-] Task dfcb4ddd-cdf7-4db5-988e-6766e26a9ffb | ITER: 9 END: OK
2019-06-18 07:34:38.650 453 INFO rally.task.runner [-] Task dfcb4ddd-cdf7-4db5-988e-6766e26a9ffb | ITER: 10 END: OK
2019-06-18 07:34:38.677 16 INFO rally.task.context [-] Task dfcb4ddd-cdf7-4db5-988e-6766e26a9ffb | Context users@openstack cleanup() started
2019-06-18 07:34:45.581 16 INFO rally.task.context [-] Task dfcb4ddd-cdf7-4db5-988e-6766e26a9ffb | Context users@openstack cleanup() finished in 6.90 sec
2019-06-18 07:34:45.848 16 INFO rally.task.engine [-] Load duration is: 4.321307
2019-06-18 07:34:45.849 16 INFO rally.task.engine [-] Full runner duration is: 4.367777
2019-06-18 07:34:45.849 16 INFO rally.task.engine [-] Full duration is: 15.824965
2019-06-18 07:34:46.122 16 INFO rally.task.engine [-] Running workload: position = 0 config = { "version": 2, "title": "A cropped version of a bigger task.", "description": "Auto-generated task from a single workload (uuid=b0baea7f-5127-418c-b582-89ee88509b48)", "subtasks": [ { "title": "Authenticate.validate_neutron", "description": "Check Neutron Client to ensure validation of token.", "scenario": { "Authenticate.validate_neutron": { "repetitions": 2 } }, "contexts": { "users": { "tenants": 3, "users_per_tenant": 2 } }, "runner": { "constant": { "concurrency": 4, "times": 10 } }, "hooks": [], "sla": { "failure_rate": { "max": 0 } } } ] }
2019-06-18 07:34:46.142 16 RALLYDEBUG rally_openstack.contexts.keystone.users [-] Creating 3 tenants using 20 threads
2019-06-18 07:34:48.072 16 RALLYDEBUG rally_openstack.contexts.keystone.users [-] Creating 6 users using 20 threads
2019-06-18 07:34:50.715 16 INFO rally.task.context [-] Task dfcb4ddd-cdf7-4db5-988e-6766e26a9ffb | Context users@openstack setup() finished in 4.57 sec
2019-06-18 07:34:50.722 16 RALLYDEBUG rally.task.runner [-] Starting the constant runner (task UUID: dfcb4ddd-cdf7-4db5-988e-6766e26a9ffb). timeout: 0 concurrency: 4 concurrency_per_worker: 1 times: 10 concurrency_overhead: 0 processes_to_start: 4 max_cpu_used: 16
2019-06-18 07:34:50.731 556 RALLYDEBUG rally.task.runner [-] Starting a worker. concurrency: 1 args: {"repetitions": 2} times: 10 method_name: run timeout: 0 duration: None cls:
2019-06-18 07:34:50.736 556 INFO rally.task.runner [-] Task dfcb4ddd-cdf7-4db5-988e-6766e26a9ffb | ITER: 1 START
2019-06-18 07:34:50.737 557 RALLYDEBUG rally.task.runner [-] Starting a worker. concurrency: 1 args: {"repetitions": 2} times: 10 method_name: run timeout: 0 duration: None cls:
2019-06-18 07:34:50.739 561 RALLYDEBUG rally.task.runner [-] Starting a worker. concurrency: 1 args: {"repetitions": 2} times: 10 method_name: run timeout: 0 duration: None cls:
2019-06-18 07:34:50.739 558 RALLYDEBUG rally.task.runner [-] Starting a worker. concurrency: 1 args: {"repetitions": 2} times: 10 method_name: run timeout: 0 duration: None cls:
2019-06-18 07:34:50.743 557 INFO rally.task.runner [-] Task dfcb4ddd-cdf7-4db5-988e-6766e26a9ffb | ITER: 2 START
2019-06-18 07:34:50.743 561 INFO rally.task.runner [-] Task dfcb4ddd-cdf7-4db5-988e-6766e26a9ffb | ITER: 3 START
2019-06-18 07:34:50.745 558 INFO rally.task.runner [-] Task dfcb4ddd-cdf7-4db5-988e-6766e26a9ffb | ITER: 4 START
2019-06-18 07:34:51.650 561 INFO rally.task.runner [-] Task dfcb4ddd-cdf7-4db5-988e-6766e26a9ffb | ITER: 3 END: OK
2019-06-18 07:34:51.655 561 INFO rally.task.runner [-] Task dfcb4ddd-cdf7-4db5-988e-6766e26a9ffb | ITER: 5 START
2019-06-18 07:34:51.665 558 INFO rally.task.runner [-] Task dfcb4ddd-cdf7-4db5-988e-6766e26a9ffb | ITER: 4 END: OK
2019-06-18 07:34:51.669 558 INFO rally.task.runner [-] Task dfcb4ddd-cdf7-4db5-988e-6766e26a9ffb | ITER: 6 START
2019-06-18 07:34:51.685 556 INFO rally.task.runner [-] Task dfcb4ddd-cdf7-4db5-988e-6766e26a9ffb | ITER: 1 END: OK
2019-06-18 07:34:51.690 556 INFO rally.task.runner [-] Task dfcb4ddd-cdf7-4db5-988e-6766e26a9ffb | ITER: 7 START
2019-06-18 07:34:52.009 557 INFO rally.task.runner [-] Task dfcb4ddd-cdf7-4db5-988e-6766e26a9ffb | ITER: 2 END: OK
2019-06-18 07:34:52.014 557 INFO rally.task.runner [-] Task dfcb4ddd-cdf7-4db5-988e-6766e26a9ffb | ITER: 8 START
2019-06-18 07:34:52.609 558 INFO rally.task.runner [-] Task dfcb4ddd-cdf7-4db5-988e-6766e26a9ffb | ITER: 6 END: OK
2019-06-18 07:34:52.612 558 INFO rally.task.runner [-] Task dfcb4ddd-cdf7-4db5-988e-6766e26a9ffb | ITER: 9 START
2019-06-18 07:34:52.668 556 INFO rally.task.runner [-] Task dfcb4ddd-cdf7-4db5-988e-6766e26a9ffb | ITER: 7 END: OK
2019-06-18 07:34:52.672 556 INFO rally.task.runner [-] Task dfcb4ddd-cdf7-4db5-988e-6766e26a9ffb | ITER: 10 START
2019-06-18 07:34:52.774 561 INFO rally.task.runner [-] Task dfcb4ddd-cdf7-4db5-988e-6766e26a9ffb | ITER: 5 END: OK
2019-06-18 07:34:52.907 557 INFO rally.task.runner [-] Task dfcb4ddd-cdf7-4db5-988e-6766e26a9ffb | ITER: 8 END: OK
2019-06-18 07:34:53.507 558 INFO rally.task.runner [-] Task dfcb4ddd-cdf7-4db5-988e-6766e26a9ffb | ITER: 9 END: OK
2019-06-18 07:34:53.600 556 INFO rally.task.runner [-] Task dfcb4ddd-cdf7-4db5-988e-6766e26a9ffb | ITER: 10 END: OK
2019-06-18 07:34:53.622 16 INFO rally.task.context [-] Task dfcb4ddd-cdf7-4db5-988e-6766e26a9ffb | Context users@openstack cleanup() started
2019-06-18 07:35:00.407 16 INFO rally.task.context [-] Task dfcb4ddd-cdf7-4db5-988e-6766e26a9ffb | Context users@openstack cleanup() finished in 6.78 sec
2019-06-18 07:35:02.236 16 INFO rally.task.engine [-] Load duration is: 2.862988
2019-06-18 07:35:02.236 16 INFO rally.task.engine [-] Full runner duration is: 2.900342
2019-06-18 07:35:02.236 16 INFO rally.task.engine [-] Full duration is: 14.26581
2019-06-18 07:35:02.499 16 INFO rally.task.engine [-] Running workload: position = 0 config = { "version": 2, "title": "A cropped version of a bigger task.", "description": "Auto-generated task from a single workload (uuid=6c99ba46-d600-4596-bfc8-c6bbf6b7e52d)", "subtasks": [ { "title": "Authenticate.validate_nova", "description": "Check Nova Client to ensure validation of token.", "scenario": { "Authenticate.validate_nova": { "repetitions": 2 } }, "contexts": { "users": { "tenants": 3, "users_per_tenant": 2 } }, "runner": { "constant": { "concurrency": 4, "times": 10 } }, "hooks": [], "sla": { "failure_rate": { "max": 0 } } } ] }
2019-06-18 07:35:02.522 16 RALLYDEBUG rally_openstack.contexts.keystone.users [-] Creating 3 tenants using 20 threads
2019-06-18 07:35:04.434 16 RALLYDEBUG rally_openstack.contexts.keystone.users [-] Creating 6 users using 20 threads
2019-06-18 07:35:07.093 16 INFO rally.task.context [-] Task dfcb4ddd-cdf7-4db5-988e-6766e26a9ffb | Context users@openstack setup() finished in 4.57 sec
2019-06-18 07:35:07.097 16 RALLYDEBUG rally.task.runner [-] Starting the constant runner (task UUID: dfcb4ddd-cdf7-4db5-988e-6766e26a9ffb). timeout: 0 concurrency: 4 concurrency_per_worker: 1 times: 10 concurrency_overhead: 0 processes_to_start: 4 max_cpu_used: 16
2019-06-18 07:35:07.109 660 RALLYDEBUG rally.task.runner [-] Starting a worker. concurrency: 1 args: {"repetitions": 2} times: 10 method_name: run timeout: 0 duration: None cls:
2019-06-18 07:35:07.110 662 RALLYDEBUG rally.task.runner [-] Starting a worker. concurrency: 1 args: {"repetitions": 2} times: 10 method_name: run timeout: 0 duration: None cls:
2019-06-18 07:35:07.110 661 RALLYDEBUG rally.task.runner [-] Starting a worker. concurrency: 1 args: {"repetitions": 2} times: 10 method_name: run timeout: 0 duration: None cls:
2019-06-18 07:35:07.114 663 RALLYDEBUG rally.task.runner [-] Starting a worker. concurrency: 1 args: {"repetitions": 2} times: 10 method_name: run timeout: 0 duration: None cls:
2019-06-18 07:35:07.115 662 INFO rally.task.runner [-] Task dfcb4ddd-cdf7-4db5-988e-6766e26a9ffb | ITER: 2 START
2019-06-18 07:35:07.115 660 INFO rally.task.runner [-] Task dfcb4ddd-cdf7-4db5-988e-6766e26a9ffb | ITER: 1 START
2019-06-18 07:35:07.116 661 INFO rally.task.runner [-] Task dfcb4ddd-cdf7-4db5-988e-6766e26a9ffb | ITER: 3 START
2019-06-18 07:35:07.120 663 INFO rally.task.runner [-] Task dfcb4ddd-cdf7-4db5-988e-6766e26a9ffb | ITER: 4 START
2019-06-18 07:35:07.596 661 DEBUG novaclient.v2.client [-] REQ: curl -g -i -X GET http://172.30.9.21:8774/v2.1/flavors/detail -H "Accept: application/json" -H "User-Agent: python-novaclient" -H "X-Auth-Token: {SHA1}ec5666bfc81978eb850e3b27ac36647965ade8bc" _http_log_request /usr/lib/python2.7/site-packages/keystoneauth1/session.py:448
2019-06-18 07:35:07.599 662 DEBUG novaclient.v2.client [-] REQ: curl -g -i -X GET http://172.30.9.21:8774/v2.1/flavors/detail -H "Accept: application/json" -H "User-Agent: python-novaclient" -H "X-Auth-Token: {SHA1}8f86cc262a4e57bf868132ff0304212d205dd2d9" _http_log_request /usr/lib/python2.7/site-packages/keystoneauth1/session.py:448
2019-06-18 07:35:07.605 660 DEBUG novaclient.v2.client [-] REQ: curl -g -i -X GET http://172.30.9.21:8774/v2.1/flavors/detail -H "Accept: application/json" -H "User-Agent: python-novaclient" -H "X-Auth-Token: {SHA1}26078d0a241e0207e36e59536c5b6149c5c3c4af" _http_log_request /usr/lib/python2.7/site-packages/keystoneauth1/session.py:448
2019-06-18 07:35:07.614 663 DEBUG novaclient.v2.client [-] REQ: curl -g -i -X GET http://172.30.9.21:8774/v2.1/flavors/detail -H "Accept: application/json" -H "User-Agent: python-novaclient" -H "X-Auth-Token: {SHA1}03d552aea4624478ae60637fc52845b425feae68" _http_log_request /usr/lib/python2.7/site-packages/keystoneauth1/session.py:448
2019-06-18 07:35:07.904 662 DEBUG novaclient.v2.client [-] RESP: [200] Content-Encoding: gzip Content-Length: 364 Content-Type: application/json Date: Tue, 18 Jun 2019 07:35:07 GMT OpenStack-API-Version: compute 2.1 Server: Apache Vary: OpenStack-API-Version,X-OpenStack-Nova-API-Version,Accept-Encoding X-OpenStack-Nova-API-Version: 2.1 x-compute-request-id: req-648182b9-d7bd-409c-ac7f-9469334b498e x-openstack-request-id: req-648182b9-d7bd-409c-ac7f-9469334b498e _http_log_response /usr/lib/python2.7/site-packages/keystoneauth1/session.py:479
2019-06-18 07:35:07.905 662 DEBUG novaclient.v2.client [-] RESP BODY: {"flavors": [{"name": "rally_full-flavor_alt_7d1d2e4e-7a2f-4797-8729-69be94a9285d", "links": [{"href": "http://172.30.9.21:8774/v2.1/flavors/3e1e8ac2-c145-4a09-b855-41236b9da246", "rel": "self"}, {"href": "http://172.30.9.21:8774/flavors/3e1e8ac2-c145-4a09-b855-41236b9da246", "rel": "bookmark"}], "ram": 1024, "OS-FLV-DISABLED:disabled": false, "vcpus": 1, "swap": "", "os-flavor-access:is_public": true, "rxtx_factor": 1.0, "OS-FLV-EXT-DATA:ephemeral": 0, "disk": 1, "id": "3e1e8ac2-c145-4a09-b855-41236b9da246"}, {"name": "rally_full-flavor_7d1d2e4e-7a2f-4797-8729-69be94a9285d", "links": [{"href": "http://172.30.9.21:8774/v2.1/flavors/d1004eaa-ec33-4bda-8eb4-72916b4373ca", "rel": "self"}, {"href": "http://172.30.9.21:8774/flavors/d1004eaa-ec33-4bda-8eb4-72916b4373ca", "rel": "bookmark"}], "ram": 512, "OS-FLV-DISABLED:disabled": false, "vcpus": 1, "swap": "", "os-flavor-access:is_public": true, "rxtx_factor": 1.0, "OS-FLV-EXT-DATA:ephemeral": 0, "disk": 1, "id": "d1004eaa-ec33-4bda-8eb4-72916b4373ca"}]} _http_log_response /usr/lib/python2.7/site-packages/keystoneauth1/session.py:511
2019-06-18 07:35:07.906 662 DEBUG novaclient.v2.client [-] GET call to compute for http://172.30.9.21:8774/v2.1/flavors/detail used request id req-648182b9-d7bd-409c-ac7f-9469334b498e request /usr/lib/python2.7/site-packages/keystoneauth1/session.py:844
2019-06-18 07:35:07.908 662 DEBUG novaclient.v2.client [-] REQ: curl -g -i -X GET http://172.30.9.21:8774/v2.1/flavors/detail -H "Accept: application/json" -H "User-Agent: python-novaclient" -H "X-Auth-Token: {SHA1}8f86cc262a4e57bf868132ff0304212d205dd2d9" _http_log_request /usr/lib/python2.7/site-packages/keystoneauth1/session.py:448
2019-06-18 07:35:07.914 660 DEBUG novaclient.v2.client [-] RESP: [200] Content-Encoding: gzip Content-Length: 364 Content-Type: application/json Date: Tue, 18 Jun 2019 07:35:07 GMT OpenStack-API-Version: compute 2.1 Server: Apache Vary: OpenStack-API-Version,X-OpenStack-Nova-API-Version,Accept-Encoding X-OpenStack-Nova-API-Version: 2.1 x-compute-request-id: req-1ac9ee71-3a7a-467b-8436-73b38b0d8767 x-openstack-request-id: req-1ac9ee71-3a7a-467b-8436-73b38b0d8767 _http_log_response /usr/lib/python2.7/site-packages/keystoneauth1/session.py:479
2019-06-18 07:35:07.915 660 DEBUG novaclient.v2.client [-] RESP BODY: {"flavors": [{"name": "rally_full-flavor_alt_7d1d2e4e-7a2f-4797-8729-69be94a9285d", "links": [{"href": "http://172.30.9.21:8774/v2.1/flavors/3e1e8ac2-c145-4a09-b855-41236b9da246", "rel": "self"}, {"href": "http://172.30.9.21:8774/flavors/3e1e8ac2-c145-4a09-b855-41236b9da246", "rel": "bookmark"}], "ram": 1024, "OS-FLV-DISABLED:disabled": false, "vcpus": 1, "swap": "", "os-flavor-access:is_public": true, "rxtx_factor": 1.0, "OS-FLV-EXT-DATA:ephemeral": 0, "disk": 1, "id": "3e1e8ac2-c145-4a09-b855-41236b9da246"}, {"name": "rally_full-flavor_7d1d2e4e-7a2f-4797-8729-69be94a9285d", "links": [{"href": "http://172.30.9.21:8774/v2.1/flavors/d1004eaa-ec33-4bda-8eb4-72916b4373ca", "rel": "self"}, {"href": "http://172.30.9.21:8774/flavors/d1004eaa-ec33-4bda-8eb4-72916b4373ca", "rel": "bookmark"}], "ram": 512, "OS-FLV-DISABLED:disabled": false, "vcpus": 1, "swap": "", "os-flavor-access:is_public": true, "rxtx_factor": 1.0, "OS-FLV-EXT-DATA:ephemeral": 0, "disk": 1, "id": "d1004eaa-ec33-4bda-8eb4-72916b4373ca"}]} _http_log_response /usr/lib/python2.7/site-packages/keystoneauth1/session.py:511
2019-06-18 07:35:07.915 660 DEBUG novaclient.v2.client [-] GET call to compute for http://172.30.9.21:8774/v2.1/flavors/detail used request id req-1ac9ee71-3a7a-467b-8436-73b38b0d8767 request /usr/lib/python2.7/site-packages/keystoneauth1/session.py:844
2019-06-18 07:35:07.917 660 DEBUG novaclient.v2.client [-] REQ: curl -g -i -X GET http://172.30.9.21:8774/v2.1/flavors/detail -H "Accept: application/json" -H "User-Agent: python-novaclient" -H "X-Auth-Token: {SHA1}26078d0a241e0207e36e59536c5b6149c5c3c4af" _http_log_request /usr/lib/python2.7/site-packages/keystoneauth1/session.py:448
2019-06-18 07:35:07.928 662 DEBUG novaclient.v2.client [-] RESP: [200] Content-Encoding: gzip Content-Length: 364 Content-Type: application/json Date: Tue, 18 Jun 2019 07:35:07 GMT OpenStack-API-Version: compute 2.1 Server: Apache Vary: OpenStack-API-Version,X-OpenStack-Nova-API-Version,Accept-Encoding X-OpenStack-Nova-API-Version: 2.1 x-compute-request-id: req-d8a7380c-136b-4cab-80fa-2d2192442190 x-openstack-request-id: req-d8a7380c-136b-4cab-80fa-2d2192442190 _http_log_response /usr/lib/python2.7/site-packages/keystoneauth1/session.py:479
2019-06-18 07:35:07.929 662 DEBUG novaclient.v2.client [-] RESP BODY: {"flavors": [{"name": "rally_full-flavor_alt_7d1d2e4e-7a2f-4797-8729-69be94a9285d", "links": [{"href": "http://172.30.9.21:8774/v2.1/flavors/3e1e8ac2-c145-4a09-b855-41236b9da246", "rel": "self"}, {"href": "http://172.30.9.21:8774/flavors/3e1e8ac2-c145-4a09-b855-41236b9da246", "rel": "bookmark"}], "ram": 1024, "OS-FLV-DISABLED:disabled": false, "vcpus": 1, "swap": "", "os-flavor-access:is_public": true, "rxtx_factor": 1.0, "OS-FLV-EXT-DATA:ephemeral": 0, "disk": 1, "id": "3e1e8ac2-c145-4a09-b855-41236b9da246"}, {"name": "rally_full-flavor_7d1d2e4e-7a2f-4797-8729-69be94a9285d", "links": [{"href": "http://172.30.9.21:8774/v2.1/flavors/d1004eaa-ec33-4bda-8eb4-72916b4373ca", "rel": "self"}, {"href": "http://172.30.9.21:8774/flavors/d1004eaa-ec33-4bda-8eb4-72916b4373ca", "rel": "bookmark"}], "ram": 512, "OS-FLV-DISABLED:disabled": false, "vcpus": 1, "swap": "", "os-flavor-access:is_public": true, "rxtx_factor": 1.0, "OS-FLV-EXT-DATA:ephemeral": 0, "disk": 1, "id": "d1004eaa-ec33-4bda-8eb4-72916b4373ca"}]} _http_log_response /usr/lib/python2.7/site-packages/keystoneauth1/session.py:511
2019-06-18 07:35:07.929 662 DEBUG novaclient.v2.client [-] GET call to compute for http://172.30.9.21:8774/v2.1/flavors/detail used request id req-d8a7380c-136b-4cab-80fa-2d2192442190 request /usr/lib/python2.7/site-packages/keystoneauth1/session.py:844
2019-06-18 07:35:07.930 662 INFO rally.task.runner [-] Task dfcb4ddd-cdf7-4db5-988e-6766e26a9ffb | ITER: 2 END: OK
2019-06-18 07:35:07.930 661 DEBUG novaclient.v2.client [-] RESP: [200] Content-Encoding: gzip Content-Length: 364 Content-Type: application/json Date: Tue, 18 Jun 2019 07:35:07 GMT OpenStack-API-Version: compute 2.1 Server: Apache Vary: OpenStack-API-Version,X-OpenStack-Nova-API-Version,Accept-Encoding X-OpenStack-Nova-API-Version: 2.1 x-compute-request-id: req-40e9eeca-4311-4437-8e01-4890988762de x-openstack-request-id: req-40e9eeca-4311-4437-8e01-4890988762de _http_log_response /usr/lib/python2.7/site-packages/keystoneauth1/session.py:479
2019-06-18 07:35:07.931 661 DEBUG novaclient.v2.client [-] RESP BODY: {"flavors": [{"name": "rally_full-flavor_alt_7d1d2e4e-7a2f-4797-8729-69be94a9285d", "links": [{"href": "http://172.30.9.21:8774/v2.1/flavors/3e1e8ac2-c145-4a09-b855-41236b9da246", "rel": "self"}, {"href": "http://172.30.9.21:8774/flavors/3e1e8ac2-c145-4a09-b855-41236b9da246", "rel": "bookmark"}], "ram": 1024, "OS-FLV-DISABLED:disabled": false, "vcpus": 1, "swap": "", "os-flavor-access:is_public": true, "rxtx_factor": 1.0, "OS-FLV-EXT-DATA:ephemeral": 0, "disk": 1, "id": "3e1e8ac2-c145-4a09-b855-41236b9da246"}, {"name": "rally_full-flavor_7d1d2e4e-7a2f-4797-8729-69be94a9285d", "links": [{"href": "http://172.30.9.21:8774/v2.1/flavors/d1004eaa-ec33-4bda-8eb4-72916b4373ca", "rel": "self"}, {"href": "http://172.30.9.21:8774/flavors/d1004eaa-ec33-4bda-8eb4-72916b4373ca", "rel": "bookmark"}], "ram": 512, "OS-FLV-DISABLED:disabled": false, "vcpus": 1, "swap": "", "os-flavor-access:is_public": true, "rxtx_factor": 1.0, "OS-FLV-EXT-DATA:ephemeral": 0, "disk": 1, "id": "d1004eaa-ec33-4bda-8eb4-72916b4373ca"}]} _http_log_response /usr/lib/python2.7/site-packages/keystoneauth1/session.py:511
2019-06-18 07:35:07.932 661 DEBUG novaclient.v2.client [-] GET call to compute for http://172.30.9.21:8774/v2.1/flavors/detail used request id req-40e9eeca-4311-4437-8e01-4890988762de request /usr/lib/python2.7/site-packages/keystoneauth1/session.py:844
2019-06-18 07:35:07.933 661 DEBUG novaclient.v2.client [-] REQ: curl -g -i -X GET http://172.30.9.21:8774/v2.1/flavors/detail -H "Accept: application/json" -H "User-Agent: python-novaclient" -H "X-Auth-Token: {SHA1}ec5666bfc81978eb850e3b27ac36647965ade8bc" _http_log_request /usr/lib/python2.7/site-packages/keystoneauth1/session.py:448
2019-06-18 07:35:07.933 662 INFO rally.task.runner [-] Task dfcb4ddd-cdf7-4db5-988e-6766e26a9ffb | ITER: 5 START
2019-06-18 07:35:07.938 663 DEBUG novaclient.v2.client [-] RESP: [200] Content-Encoding: gzip Content-Length: 364 Content-Type: application/json Date: Tue, 18 Jun 2019 07:35:07 GMT OpenStack-API-Version: compute 2.1 Server: Apache Vary: OpenStack-API-Version,X-OpenStack-Nova-API-Version,Accept-Encoding X-OpenStack-Nova-API-Version: 2.1 x-compute-request-id: req-865ae8d8-4fcd-472c-a54a-fce12df7b40c x-openstack-request-id: req-865ae8d8-4fcd-472c-a54a-fce12df7b40c _http_log_response /usr/lib/python2.7/site-packages/keystoneauth1/session.py:479
2019-06-18 07:35:07.939 663 DEBUG novaclient.v2.client [-] RESP BODY: {"flavors": [{"name": "rally_full-flavor_alt_7d1d2e4e-7a2f-4797-8729-69be94a9285d", "links": [{"href": "http://172.30.9.21:8774/v2.1/flavors/3e1e8ac2-c145-4a09-b855-41236b9da246", "rel": "self"}, {"href": "http://172.30.9.21:8774/flavors/3e1e8ac2-c145-4a09-b855-41236b9da246", "rel": "bookmark"}], "ram": 1024, "OS-FLV-DISABLED:disabled": false, "vcpus": 1, "swap": "", "os-flavor-access:is_public": true, "rxtx_factor": 1.0, "OS-FLV-EXT-DATA:ephemeral": 0, "disk": 1, "id": "3e1e8ac2-c145-4a09-b855-41236b9da246"}, {"name": "rally_full-flavor_7d1d2e4e-7a2f-4797-8729-69be94a9285d", "links": [{"href": "http://172.30.9.21:8774/v2.1/flavors/d1004eaa-ec33-4bda-8eb4-72916b4373ca", "rel": "self"}, {"href": "http://172.30.9.21:8774/flavors/d1004eaa-ec33-4bda-8eb4-72916b4373ca", "rel": "bookmark"}], "ram": 512, "OS-FLV-DISABLED:disabled": false, "vcpus": 1, "swap": "", "os-flavor-access:is_public": true, "rxtx_factor": 1.0, "OS-FLV-EXT-DATA:ephemeral": 0, "disk": 1, "id": "d1004eaa-ec33-4bda-8eb4-72916b4373ca"}]} _http_log_response /usr/lib/python2.7/site-packages/keystoneauth1/session.py:511
2019-06-18 07:35:07.939 663 DEBUG novaclient.v2.client [-] GET call to compute for http://172.30.9.21:8774/v2.1/flavors/detail used request id req-865ae8d8-4fcd-472c-a54a-fce12df7b40c request /usr/lib/python2.7/site-packages/keystoneauth1/session.py:844
2019-06-18 07:35:07.940 663 DEBUG novaclient.v2.client [-] REQ: curl -g -i -X GET http://172.30.9.21:8774/v2.1/flavors/detail -H "Accept: application/json" -H "User-Agent: python-novaclient" -H "X-Auth-Token: {SHA1}03d552aea4624478ae60637fc52845b425feae68" _http_log_request /usr/lib/python2.7/site-packages/keystoneauth1/session.py:448
2019-06-18 07:35:07.943 660 DEBUG novaclient.v2.client [-] RESP: [200] Content-Encoding: gzip Content-Length: 364 Content-Type: application/json Date: Tue, 18 Jun 2019 07:35:07 GMT OpenStack-API-Version: compute 2.1 Server: Apache Vary: OpenStack-API-Version,X-OpenStack-Nova-API-Version,Accept-Encoding X-OpenStack-Nova-API-Version: 2.1 x-compute-request-id: req-874e85d2-700d-465b-bd5b-9393d3fd5f5a x-openstack-request-id: req-874e85d2-700d-465b-bd5b-9393d3fd5f5a _http_log_response /usr/lib/python2.7/site-packages/keystoneauth1/session.py:479
2019-06-18 07:35:07.943 660 DEBUG novaclient.v2.client [-] RESP BODY: {"flavors": [{"name": "rally_full-flavor_alt_7d1d2e4e-7a2f-4797-8729-69be94a9285d", "links": [{"href": "http://172.30.9.21:8774/v2.1/flavors/3e1e8ac2-c145-4a09-b855-41236b9da246", "rel": "self"}, {"href": "http://172.30.9.21:8774/flavors/3e1e8ac2-c145-4a09-b855-41236b9da246", "rel": "bookmark"}], "ram": 1024, "OS-FLV-DISABLED:disabled": false, "vcpus": 1, "swap": "", "os-flavor-access:is_public": true, "rxtx_factor": 1.0, "OS-FLV-EXT-DATA:ephemeral": 0, "disk": 1, "id": "3e1e8ac2-c145-4a09-b855-41236b9da246"}, {"name": "rally_full-flavor_7d1d2e4e-7a2f-4797-8729-69be94a9285d", "links": [{"href": "http://172.30.9.21:8774/v2.1/flavors/d1004eaa-ec33-4bda-8eb4-72916b4373ca", "rel": "self"}, {"href": "http://172.30.9.21:8774/flavors/d1004eaa-ec33-4bda-8eb4-72916b4373ca", "rel": "bookmark"}], "ram": 512, "OS-FLV-DISABLED:disabled": false, "vcpus": 1, "swap": "", "os-flavor-access:is_public": true, "rxtx_factor": 1.0, "OS-FLV-EXT-DATA:ephemeral": 0, "disk": 1, "id": "d1004eaa-ec33-4bda-8eb4-72916b4373ca"}]} _http_log_response /usr/lib/python2.7/site-packages/keystoneauth1/session.py:511
2019-06-18 07:35:07.944 660 DEBUG novaclient.v2.client [-] GET call to compute for http://172.30.9.21:8774/v2.1/flavors/detail used request id req-874e85d2-700d-465b-bd5b-9393d3fd5f5a request /usr/lib/python2.7/site-packages/keystoneauth1/session.py:844
2019-06-18 07:35:07.945 660 INFO rally.task.runner [-] Task dfcb4ddd-cdf7-4db5-988e-6766e26a9ffb | ITER: 1 END: OK
2019-06-18 07:35:07.948 660 INFO rally.task.runner [-] Task dfcb4ddd-cdf7-4db5-988e-6766e26a9ffb | ITER: 6 START
2019-06-18 07:35:07.954 661 DEBUG novaclient.v2.client [-] RESP: [200] Content-Encoding: gzip Content-Length: 364 Content-Type: application/json Date: Tue, 18 Jun 2019 07:35:07 GMT OpenStack-API-Version: compute 2.1 Server: Apache Vary: OpenStack-API-Version,X-OpenStack-Nova-API-Version,Accept-Encoding X-OpenStack-Nova-API-Version: 2.1 x-compute-request-id: req-e24742c0-5dc0-4b0f-b26d-87e295625e5b x-openstack-request-id: req-e24742c0-5dc0-4b0f-b26d-87e295625e5b _http_log_response /usr/lib/python2.7/site-packages/keystoneauth1/session.py:479
2019-06-18 07:35:07.955 661 DEBUG novaclient.v2.client [-] RESP BODY: {"flavors": [{"name": "rally_full-flavor_alt_7d1d2e4e-7a2f-4797-8729-69be94a9285d", "links": [{"href": "http://172.30.9.21:8774/v2.1/flavors/3e1e8ac2-c145-4a09-b855-41236b9da246", "rel": "self"}, {"href": "http://172.30.9.21:8774/flavors/3e1e8ac2-c145-4a09-b855-41236b9da246", "rel": "bookmark"}], "ram": 1024, "OS-FLV-DISABLED:disabled": false, "vcpus": 1, "swap": "", "os-flavor-access:is_public": true, "rxtx_factor": 1.0, "OS-FLV-EXT-DATA:ephemeral": 0, "disk": 1, "id": "3e1e8ac2-c145-4a09-b855-41236b9da246"}, {"name": "rally_full-flavor_7d1d2e4e-7a2f-4797-8729-69be94a9285d", "links": [{"href": "http://172.30.9.21:8774/v2.1/flavors/d1004eaa-ec33-4bda-8eb4-72916b4373ca", "rel": "self"}, {"href": "http://172.30.9.21:8774/flavors/d1004eaa-ec33-4bda-8eb4-72916b4373ca", "rel": "bookmark"}], "ram": 512, "OS-FLV-DISABLED:disabled": false, "vcpus": 1, "swap": "", "os-flavor-access:is_public": true, "rxtx_factor": 1.0, "OS-FLV-EXT-DATA:ephemeral": 0, "disk": 1, "id": "d1004eaa-ec33-4bda-8eb4-72916b4373ca"}]} _http_log_response /usr/lib/python2.7/site-packages/keystoneauth1/session.py:511
2019-06-18 07:35:07.955 661 DEBUG novaclient.v2.client [-] GET call to compute for http://172.30.9.21:8774/v2.1/flavors/detail used request id req-e24742c0-5dc0-4b0f-b26d-87e295625e5b request /usr/lib/python2.7/site-packages/keystoneauth1/session.py:844
