2019-06-18 07:40:34.802 725 DEBUG glanceclient.common.http [-] Request returned failure status 404. _handle_response /usr/lib/python2.7/site-packages/glanceclient/common/http.py:125
2019-06-18 07:40:34.803 725 DEBUG glanceclient.common.http [-] Request returned failure status 404. _handle_response /usr/lib/python2.7/site-packages/glanceclient/common/http.py:125
2019-06-18 07:40:34.807 725 DEBUG glanceclient.common.http [-] Request returned failure status 404. _handle_response /usr/lib/python2.7/site-packages/glanceclient/common/http.py:125
2019-06-18 07:40:34.817 725 DEBUG glanceclient.common.http [-] Request returned failure status 404. _handle_response /usr/lib/python2.7/site-packages/glanceclient/common/http.py:125
2019-06-18 07:40:34.818 725 DEBUG glanceclient.common.http [-] Request returned failure status 404. _handle_response /usr/lib/python2.7/site-packages/glanceclient/common/http.py:125
2019-06-18 07:40:34.819 725 DEBUG glanceclient.common.http [-] Request returned failure status 404. _handle_response /usr/lib/python2.7/site-packages/glanceclient/common/http.py:125
2019-06-18 07:40:36.972 725 DEBUG glanceclient.common.http [-] Request returned failure status 404. _handle_response /usr/lib/python2.7/site-packages/glanceclient/common/http.py:125
2019-06-18 07:40:37.000 725 DEBUG glanceclient.common.http [-] Request returned failure status 404. _handle_response /usr/lib/python2.7/site-packages/glanceclient/common/http.py:125
2019-06-18 07:40:37.003 725 DEBUG glanceclient.common.http [-] Request returned failure status 404. _handle_response /usr/lib/python2.7/site-packages/glanceclient/common/http.py:125
2019-06-18 07:40:37.006 725 DEBUG glanceclient.common.http [-] Request returned failure status 404. _handle_response /usr/lib/python2.7/site-packages/glanceclient/common/http.py:125
2019-06-18 07:40:37.026 725 DEBUG glanceclient.common.http [-] Request returned failure status 404. _handle_response /usr/lib/python2.7/site-packages/glanceclient/common/http.py:125
2019-06-18 07:40:37.027 725 DEBUG glanceclient.common.http [-] Request returned failure status 404. _handle_response /usr/lib/python2.7/site-packages/glanceclient/common/http.py:125
2019-06-18 07:40:38.030 725 INFO rally.task.context [-] Task a749cd49-72cc-4ab4-bb35-c7a447db98b6 | Context cleanup@openstack cleanup() finished in 7.08 sec
2019-06-18 07:40:38.030 725 INFO rally.task.context [-] Task a749cd49-72cc-4ab4-bb35-c7a447db98b6 | Context users@openstack cleanup() started
2019-06-18 07:40:44.959 725 INFO rally.task.context [-] Task a749cd49-72cc-4ab4-bb35-c7a447db98b6 | Context users@openstack cleanup() finished in 6.93 sec
2019-06-18 07:40:45.471 725 INFO rally.task.engine [-] Load duration is: 14.449644
2019-06-18 07:40:45.471 725 INFO rally.task.engine [-] Full runner duration is: 15.355318
2019-06-18 07:40:45.472 725 INFO rally.task.engine [-] Full duration is: 33.808999
2019-06-18 07:40:45.732 725 INFO rally.task.engine [-] Running workload: position = 0 config = { "version": 2, "title": "A cropped version of a bigger task.", "description": "Auto-generated task from a single workload (uuid=53d872c3-3dd1-4d07-8f5c-3b5e9e7d0ecb)", "subtasks": [ { "title": "GlanceImages.create_and_update_image", "description": "Create an image then update it.", "scenario": { "GlanceImages.create_and_update_image": { "container_format": "bare", "disk_format": "qcow2", "image_location": "/home/opnfv/functest/images/cirros-0.4.0-x86_64-disk.img" } }, "contexts": { "users": { "tenants": 3, "users_per_tenant": 2 } }, "runner": { "constant": { "concurrency": 4, "times": 10 } }, "hooks": [], "sla": { "failure_rate": { "max": 0 } } } ] }
2019-06-18 07:40:45.754 725 RALLYDEBUG rally_openstack.contexts.keystone.users [-] Creating 3 tenants using 20 threads
2019-06-18 07:40:47.571 725 RALLYDEBUG rally_openstack.contexts.keystone.users [-] Creating 6 users using 20 threads
2019-06-18 07:40:50.347 725 INFO rally.task.context [-] Task a749cd49-72cc-4ab4-bb35-c7a447db98b6 | Context users@openstack setup() finished in 4.59 sec
2019-06-18 07:40:50.348 725 INFO rally.task.context [-] Task a749cd49-72cc-4ab4-bb35-c7a447db98b6 | Context cleanup@openstack setup() finished in 0.01 msec
2019-06-18 07:40:50.357 725 RALLYDEBUG rally.task.runner [-] Starting the constant runner (task UUID: a749cd49-72cc-4ab4-bb35-c7a447db98b6). timeout: 0 concurrency: 4 concurrency_per_worker: 1 times: 10 concurrency_overhead: 0 processes_to_start: 4 max_cpu_used: 16
2019-06-18 07:40:50.368 1757 RALLYDEBUG rally.task.runner [-] Starting a worker. concurrency: 1 args: {"container_format": "bare", "disk_format": "qcow2", "image_location": "/home/opnfv/functest/images/cirros-0.4.0-x86_64-disk.img"} times: 10 method_name: run timeout: 0 duration: None cls:
2019-06-18 07:40:50.372 1757 INFO rally.task.runner [-] Task a749cd49-72cc-4ab4-bb35-c7a447db98b6 | ITER: 1 START
2019-06-18 07:40:50.373 1758 RALLYDEBUG rally.task.runner [-] Starting a worker. concurrency: 1 args: {"container_format": "bare", "disk_format": "qcow2", "image_location": "/home/opnfv/functest/images/cirros-0.4.0-x86_64-disk.img"} times: 10 method_name: run timeout: 0 duration: None cls:
2019-06-18 07:40:50.377 1759 RALLYDEBUG rally.task.runner [-] Starting a worker. concurrency: 1 args: {"container_format": "bare", "disk_format": "qcow2", "image_location": "/home/opnfv/functest/images/cirros-0.4.0-x86_64-disk.img"} times: 10 method_name: run timeout: 0 duration: None cls:
2019-06-18 07:40:50.379 1758 INFO rally.task.runner [-] Task a749cd49-72cc-4ab4-bb35-c7a447db98b6 | ITER: 2 START
2019-06-18 07:40:50.380 1760 RALLYDEBUG rally.task.runner [-] Starting a worker. concurrency: 1 args: {"container_format": "bare", "disk_format": "qcow2", "image_location": "/home/opnfv/functest/images/cirros-0.4.0-x86_64-disk.img"} times: 10 method_name: run timeout: 0 duration: None cls:
2019-06-18 07:40:50.384 1759 INFO rally.task.runner [-] Task a749cd49-72cc-4ab4-bb35-c7a447db98b6 | ITER: 3 START
2019-06-18 07:40:50.386 1760 INFO rally.task.runner [-] Task a749cd49-72cc-4ab4-bb35-c7a447db98b6 | ITER: 4 START
2019-06-18 07:40:53.660 1758 RALLYDEBUG rally.task.utils [-] Waiting for resource u'9ad0f193-1acb-4b48-bf27-c3360d6a7e7e'. Status changed: NONE => QUEUED in 0.0329129695892
2019-06-18 07:40:53.684 1759 RALLYDEBUG rally.task.utils [-] Waiting for resource u'31110b4a-0de9-4681-9e5a-9ed85b8b717f'. Status changed: NONE => QUEUED in 0.046215057373
2019-06-18 07:40:53.688 1760 RALLYDEBUG rally.task.utils [-] Waiting for resource u'560263e4-bb46-444c-9e25-8ca47175cf53'. Status changed: NONE => QUEUED in 0.0408251285553
2019-06-18 07:40:53.756 1757 RALLYDEBUG rally.task.utils [-] Waiting for resource u'b7b4f2f8-ba4b-4cbe-bd4d-0f02b4da80d3'. Status changed: NONE => QUEUED in 0.0339601039886
2019-06-18 07:40:54.676 1757 RALLYDEBUG rally.task.utils [-] Waiting for resource s_rally_53d872c3_GniLHjfj. Status changed: QUEUED => ACTIVE in 0.0233910083771
2019-06-18 07:40:54.682 1758 RALLYDEBUG rally.task.utils [-] Waiting for resource s_rally_53d872c3_UO9Lb4my. Status changed: QUEUED => ACTIVE in 0.0191960334778
2019-06-18 07:40:54.810 1757 INFO rally.task.runner [-] Task a749cd49-72cc-4ab4-bb35-c7a447db98b6 | ITER: 1 END: OK
2019-06-18 07:40:54.814 1757 INFO rally.task.runner [-] Task a749cd49-72cc-4ab4-bb35-c7a447db98b6 | ITER: 5 START
2019-06-18 07:40:54.830 1758 INFO rally.task.runner [-] Task a749cd49-72cc-4ab4-bb35-c7a447db98b6 | ITER: 2 END: OK
2019-06-18 07:40:54.834 1758 INFO rally.task.runner [-] Task a749cd49-72cc-4ab4-bb35-c7a447db98b6 | ITER: 6 START
2019-06-18 07:40:55.693 1759 RALLYDEBUG rally.task.utils [-] Waiting for resource s_rally_53d872c3_toXPw2de. Status changed: QUEUED => ACTIVE in 0.0213589668274
2019-06-18 07:40:55.746 1760 RALLYDEBUG rally.task.utils [-] Waiting for resource s_rally_53d872c3_nt2AZx80. Status changed: QUEUED => ACTIVE in 0.0204861164093
2019-06-18 07:40:55.867 1759 INFO rally.task.runner [-] Task a749cd49-72cc-4ab4-bb35-c7a447db98b6 | ITER: 3 END: OK
2019-06-18 07:40:55.870 1759 INFO rally.task.runner [-] Task a749cd49-72cc-4ab4-bb35-c7a447db98b6 | ITER: 7 START
2019-06-18 07:40:55.918 1760 INFO rally.task.runner [-] Task a749cd49-72cc-4ab4-bb35-c7a447db98b6 | ITER: 4 END: OK
2019-06-18 07:40:55.922 1760 INFO rally.task.runner [-] Task a749cd49-72cc-4ab4-bb35-c7a447db98b6 | ITER: 8 START
2019-06-18 07:40:58.060 1758 RALLYDEBUG rally.task.utils [-] Waiting for resource u'deed51b0-930e-4e97-87dd-2bb5fb1a05c2'. Status changed: NONE => QUEUED in 0.0244297981262
2019-06-18 07:40:58.074 1757 RALLYDEBUG rally.task.utils [-] Waiting for resource u'a442891c-7a33-42c2-84ae-a319cbbd451e'. Status changed: NONE => QUEUED in 0.0247719287872
2019-06-18 07:40:58.808 1757 RALLYDEBUG rally.task.utils [-] Waiting for resource s_rally_53d872c3_NyM2STr8. Status changed: QUEUED => ACTIVE in 0.0208811759949
2019-06-18 07:40:58.811 1758 RALLYDEBUG rally.task.utils [-] Waiting for resource s_rally_53d872c3_OjkRdIwv. Status changed: QUEUED => ACTIVE in 0.0176780223846
2019-06-18 07:40:58.948 1758 INFO rally.task.runner [-] Task a749cd49-72cc-4ab4-bb35-c7a447db98b6 | ITER: 6 END: OK
2019-06-18 07:40:58.952 1757 INFO rally.task.runner [-] Task a749cd49-72cc-4ab4-bb35-c7a447db98b6 | ITER: 5 END: OK
2019-06-18 07:40:58.952 1758 INFO rally.task.runner [-] Task a749cd49-72cc-4ab4-bb35-c7a447db98b6 | ITER: 9 START
2019-06-18 07:40:58.955 1757 INFO rally.task.runner [-] Task a749cd49-72cc-4ab4-bb35-c7a447db98b6 | ITER: 10 START
2019-06-18 07:40:59.427 1759 RALLYDEBUG rally.task.utils [-] Waiting for resource u'd4fb2e84-ca21-4485-890d-c5db0694127b'. Status changed: NONE => QUEUED in 0.027811050415
2019-06-18 07:40:59.968 1759 RALLYDEBUG rally.task.utils [-] Waiting for resource s_rally_53d872c3_ihvJGssZ. Status changed: QUEUED => ACTIVE in 0.0186679363251
2019-06-18 07:41:00.006 1760 RALLYDEBUG rally.task.utils [-] Waiting for resource u'd8e9ceb3-26f7-4f95-a479-a3c7240786f6'. Status changed: NONE => QUEUED in 0.0287640094757
2019-06-18 07:41:00.118 1759 INFO rally.task.runner [-] Task a749cd49-72cc-4ab4-bb35-c7a447db98b6 | ITER: 7 END: OK
2019-06-18 07:41:00.882 1760 RALLYDEBUG rally.task.utils [-] Waiting for resource s_rally_53d872c3_34QXOxPc. Status changed: QUEUED => ACTIVE in 0.0169579982758
2019-06-18 07:41:01.008 1760 INFO rally.task.runner [-] Task a749cd49-72cc-4ab4-bb35-c7a447db98b6 | ITER: 8 END: OK
2019-06-18 07:41:02.240 1757 RALLYDEBUG rally.task.utils [-] Waiting for resource u'44aabd5c-e909-418b-a057-15d84dd28455'. Status changed: NONE => QUEUED in 0.0328669548035
2019-06-18 07:41:02.289 1758 RALLYDEBUG rally.task.utils [-] Waiting for resource u'f021661a-25eb-4966-9c44-5d460ae626c3'. Status changed: NONE => QUEUED in 0.0286300182343
2019-06-18 07:41:02.976 1757 RALLYDEBUG rally.task.utils [-] Waiting for resource s_rally_53d872c3_vh6jcli2. Status changed: QUEUED => ACTIVE in 0.0175211429596
2019-06-18 07:41:03.097 1757 INFO rally.task.runner [-] Task a749cd49-72cc-4ab4-bb35-c7a447db98b6 | ITER: 10 END: OK
2019-06-18 07:41:03.988 1758 RALLYDEBUG rally.task.utils [-] Waiting for resource s_rally_53d872c3_mEi9cEJb. Status changed: QUEUED => ACTIVE in 0.0170300006866
2019-06-18 07:41:04.114 1758 INFO rally.task.runner [-] Task a749cd49-72cc-4ab4-bb35-c7a447db98b6 | ITER: 9 END: OK
2019-06-18 07:41:04.142 725 INFO rally.task.context [-] Task a749cd49-72cc-4ab4-bb35-c7a447db98b6 | Context cleanup@openstack cleanup() started
2019-06-18 07:41:04.144 725 RALLYDEBUG rally_openstack.cleanup.manager [-] Cleaning up glance images objects
2019-06-18 07:41:06.539 725 RALLYDEBUG rally_openstack.cleanup.manager [-] Deleting glance.images object s_rally_53d872c3_JqlYpbpw (f021661a-25eb-4966-9c44-5d460ae626c3)
2019-06-18 07:41:06.545 725 RALLYDEBUG rally_openstack.cleanup.manager [-] Deleting glance.images object s_rally_53d872c3_gL5nHoKM (deed51b0-930e-4e97-87dd-2bb5fb1a05c2)
2019-06-18 07:41:06.545 725 RALLYDEBUG rally_openstack.cleanup.manager [-] Deleting glance.images object s_rally_53d872c3_mdaA2SzJ (d4fb2e84-ca21-4485-890d-c5db0694127b)
2019-06-18 07:41:06.546 725 RALLYDEBUG rally_openstack.cleanup.manager [-] Deleting glance.images object s_rally_53d872c3_KYKtsgJU (9ad0f193-1acb-4b48-bf27-c3360d6a7e7e)
2019-06-18 07:41:06.552 725 RALLYDEBUG rally_openstack.cleanup.manager [-] Deleting glance.images object s_rally_53d872c3_XFadaJDG (31110b4a-0de9-4681-9e5a-9ed85b8b717f)
2019-06-18 07:41:06.558 725 RALLYDEBUG rally_openstack.cleanup.manager [-] Deleting glance.images object s_rally_53d872c3_Q7fp0JOi (560263e4-bb46-444c-9e25-8ca47175cf53)
2019-06-18 07:41:06.569 725 RALLYDEBUG rally_openstack.cleanup.manager [-] Deleting glance.images object s_rally_53d872c3_x8cSCo8c (b7b4f2f8-ba4b-4cbe-bd4d-0f02b4da80d3)
2019-06-18 07:41:06.571 725 RALLYDEBUG rally_openstack.cleanup.manager [-] Deleting glance.images object s_rally_53d872c3_RW3u5nry (d8e9ceb3-26f7-4f95-a479-a3c7240786f6)
2019-06-18 07:41:06.577 725 RALLYDEBUG rally_openstack.cleanup.manager [-] Deleting glance.images object s_rally_53d872c3_QELR2Vtf (a442891c-7a33-42c2-84ae-a319cbbd451e)
2019-06-18 07:41:06.586 725 RALLYDEBUG rally_openstack.cleanup.manager [-] Deleting glance.images object s_rally_53d872c3_IVXKvtxU (44aabd5c-e909-418b-a057-15d84dd28455)
2019-06-18 07:41:08.839 725 DEBUG glanceclient.common.http [-] Request returned failure status 404. _handle_response /usr/lib/python2.7/site-packages/glanceclient/common/http.py:125
2019-06-18 07:41:08.852 725 DEBUG glanceclient.common.http [-] Request returned failure status 404. _handle_response /usr/lib/python2.7/site-packages/glanceclient/common/http.py:125
2019-06-18 07:41:08.855 725 DEBUG glanceclient.common.http [-] Request returned failure status 404. _handle_response /usr/lib/python2.7/site-packages/glanceclient/common/http.py:125
2019-06-18 07:41:08.865 725 DEBUG glanceclient.common.http [-] Request returned failure status 404. _handle_response /usr/lib/python2.7/site-packages/glanceclient/common/http.py:125
2019-06-18 07:41:08.875 725 DEBUG glanceclient.common.http [-] Request returned failure status 404. _handle_response /usr/lib/python2.7/site-packages/glanceclient/common/http.py:125
2019-06-18 07:41:08.877 725 DEBUG glanceclient.common.http [-] Request returned failure status 404. _handle_response /usr/lib/python2.7/site-packages/glanceclient/common/http.py:125
2019-06-18 07:41:08.886 725 DEBUG glanceclient.common.http [-] Request returned failure status 404. _handle_response /usr/lib/python2.7/site-packages/glanceclient/common/http.py:125
2019-06-18 07:41:08.890 725 DEBUG glanceclient.common.http [-] Request returned failure status 404. _handle_response /usr/lib/python2.7/site-packages/glanceclient/common/http.py:125
2019-06-18 07:41:09.804 725 DEBUG glanceclient.common.http [-] Request returned failure status 404. _handle_response /usr/lib/python2.7/site-packages/glanceclient/common/http.py:125
2019-06-18 07:41:09.817 725 DEBUG glanceclient.common.http [-] Request returned failure status 404. _handle_response /usr/lib/python2.7/site-packages/glanceclient/common/http.py:125
2019-06-18 07:41:09.827 725 DEBUG glanceclient.common.http [-] Request returned failure status 404. _handle_response /usr/lib/python2.7/site-packages/glanceclient/common/http.py:125
2019-06-18 07:41:09.833 725 DEBUG glanceclient.common.http [-] Request returned failure status 404. _handle_response /usr/lib/python2.7/site-packages/glanceclient/common/http.py:125
2019-06-18 07:41:09.845 725 DEBUG glanceclient.common.http [-] Request returned failure status 404. _handle_response /usr/lib/python2.7/site-packages/glanceclient/common/http.py:125
2019-06-18 07:41:09.846 725 DEBUG glanceclient.common.http [-] Request returned failure status 404. _handle_response /usr/lib/python2.7/site-packages/glanceclient/common/http.py:125
2019-06-18 07:41:09.858 725 DEBUG glanceclient.common.http [-] Request returned failure status 404. _handle_response /usr/lib/python2.7/site-packages/glanceclient/common/http.py:125
2019-06-18 07:41:09.860 725 DEBUG glanceclient.common.http [-] Request returned failure status 404. _handle_response /usr/lib/python2.7/site-packages/glanceclient/common/http.py:125
2019-06-18 07:41:09.861 725 DEBUG glanceclient.common.http [-] Request returned failure status 404. _handle_response /usr/lib/python2.7/site-packages/glanceclient/common/http.py:125
2019-06-18 07:41:09.864 725 DEBUG glanceclient.common.http [-] Request returned failure status 404. _handle_response /usr/lib/python2.7/site-packages/glanceclient/common/http.py:125
2019-06-18 07:41:09.879 725 DEBUG glanceclient.common.http [-] Request returned failure status 404. _handle_response /usr/lib/python2.7/site-packages/glanceclient/common/http.py:125
2019-06-18 07:41:09.885 725 DEBUG glanceclient.common.http [-] Request returned failure status 404. _handle_response /usr/lib/python2.7/site-packages/glanceclient/common/http.py:125
2019-06-18 07:41:10.888 725 INFO rally.task.context [-] Task a749cd49-72cc-4ab4-bb35-c7a447db98b6 | Context cleanup@openstack cleanup() finished in 6.75 sec
2019-06-18 07:41:10.888 725 INFO rally.task.context [-] Task a749cd49-72cc-4ab4-bb35-c7a447db98b6 | Context users@openstack cleanup() started
2019-06-18 07:41:17.625 725 INFO rally.task.context [-] Task a749cd49-72cc-4ab4-bb35-c7a447db98b6 | Context users@openstack cleanup() finished in 6.74 sec
2019-06-18 07:41:17.903 725 INFO rally.task.engine [-] Load duration is: 12.893561
2019-06-18 07:41:17.903 725 INFO rally.task.engine [-] Full runner duration is: 13.785257
2019-06-18 07:41:17.903 725 INFO rally.task.engine [-] Full duration is: 31.873902
2019-06-18 07:41:18.106 725 INFO rally.task.engine [-] Task a749cd49-72cc-4ab4-bb35-c7a447db98b6 | Completed: Running task.
2019-06-18 07:41:19.060 1839 RALLYDEBUG rally.api [-] INFO logs from urllib3 and requests module are hide.
2019-06-18 07:41:19.060 1839 RALLYDEBUG rally.api [-] urllib3 insecure warnings are hidden.
2019-06-18 07:41:19.060 1839 RALLYDEBUG rally.api [-] ERROR log from boto module is hide.
2019-06-18 07:41:19.805 1840 RALLYDEBUG rally.api [-] INFO logs from urllib3 and requests module are hide.
2019-06-18 07:41:19.805 1840 RALLYDEBUG rally.api [-] urllib3 insecure warnings are hidden.
2019-06-18 07:41:19.805 1840 RALLYDEBUG rally.api [-] ERROR log from boto module is hide.
2019-06-18 07:41:21.001 1840 INFO rally.api [-] Building 'json' report for the following task(s): 'a749cd49-72cc-4ab4-bb35-c7a447db98b6'.
2019-06-18 07:41:21.019 1840 INFO rally.api [-] The report has been successfully built.
2019-06-18 07:41:21.833 1842 RALLYDEBUG rally.api [-] INFO logs from urllib3 and requests module are hide.
2019-06-18 07:41:21.833 1842 RALLYDEBUG rally.api [-] urllib3 insecure warnings are hidden.
2019-06-18 07:41:21.833 1842 RALLYDEBUG rally.api [-] ERROR log from boto module is hide.
2019-06-18 07:41:23.326 1842 INFO rally.task.engine [-] Task 5b7b27a7-7cd5-426e-8fa7-9a00d15951de | Starting: Task validation.
2019-06-18 07:41:23.369 1842 INFO rally.task.engine [-] Task 5b7b27a7-7cd5-426e-8fa7-9a00d15951de | Starting: Task validation of syntax.
2019-06-18 07:41:23.669 1842 INFO rally.task.engine [-] Task 5b7b27a7-7cd5-426e-8fa7-9a00d15951de | Completed: Task validation of syntax.
2019-06-18 07:41:23.669 1842 INFO rally.task.engine [-] Task 5b7b27a7-7cd5-426e-8fa7-9a00d15951de | Starting: Task validation of required platforms.
2019-06-18 07:41:23.770 1842 INFO rally.task.engine [-] Task 5b7b27a7-7cd5-426e-8fa7-9a00d15951de | Completed: Task validation of required platforms.
2019-06-18 07:41:23.770 1842 INFO rally.task.engine [-] Task 5b7b27a7-7cd5-426e-8fa7-9a00d15951de | Starting: Task validation of semantic.
2019-06-18 07:41:23.771 1842 INFO rally.task.engine [-] Check health of the environment '476eee55-61be-41c9-ae9e-2be04ec06274'.
2019-06-18 07:41:24.510 1842 INFO rally.task.engine [-] Platform existing@openstack (available: True): OK!
2019-06-18 07:41:24.527 1842 RALLYDEBUG rally_openstack.contexts.keystone.users [-] Creating 1 tenants using 20 threads
2019-06-18 07:41:26.275 1842 RALLYDEBUG rally_openstack.contexts.keystone.users [-] Creating 1 users using 20 threads
2019-06-18 07:41:28.667 1842 INFO rally.task.context [-] Task 5b7b27a7-7cd5-426e-8fa7-9a00d15951de | Context users@openstack setup() finished in 4.14 sec
2019-06-18 07:41:29.593 1842 DEBUG novaclient.v2.client [-] REQ: curl -g -i -X GET http://172.30.9.21:8774/v2.1/flavors/detail -H "Accept: application/json" -H "User-Agent: python-novaclient" -H "X-Auth-Token: {SHA1}13c0f3aa41572f5090acb7565bec2f50cf68390c" _http_log_request /usr/lib/python2.7/site-packages/keystoneauth1/session.py:448
2019-06-18 07:41:29.867 1842 DEBUG novaclient.v2.client [-] RESP: [200] Content-Encoding: gzip Content-Length: 364 Content-Type: application/json Date: Tue, 18 Jun 2019 07:41:29 GMT OpenStack-API-Version: compute 2.1 Server: Apache Vary: OpenStack-API-Version,X-OpenStack-Nova-API-Version,Accept-Encoding X-OpenStack-Nova-API-Version: 2.1 x-compute-request-id: req-f1119c07-0725-43c3-8d29-0fb41bac832b x-openstack-request-id: req-f1119c07-0725-43c3-8d29-0fb41bac832b _http_log_response /usr/lib/python2.7/site-packages/keystoneauth1/session.py:479
2019-06-18 07:41:29.868 1842 DEBUG novaclient.v2.client [-] RESP BODY: {"flavors": [{"name": "rally_full-flavor_alt_7d1d2e4e-7a2f-4797-8729-69be94a9285d", "links": [{"href": "http://172.30.9.21:8774/v2.1/flavors/3e1e8ac2-c145-4a09-b855-41236b9da246", "rel": "self"}, {"href": "http://172.30.9.21:8774/flavors/3e1e8ac2-c145-4a09-b855-41236b9da246", "rel": "bookmark"}], "ram": 1024, "OS-FLV-DISABLED:disabled": false, "vcpus": 1, "swap": "", "os-flavor-access:is_public": true, "rxtx_factor": 1.0, "OS-FLV-EXT-DATA:ephemeral": 0, "disk": 1, "id": "3e1e8ac2-c145-4a09-b855-41236b9da246"}, {"name": "rally_full-flavor_7d1d2e4e-7a2f-4797-8729-69be94a9285d", "links": [{"href": "http://172.30.9.21:8774/v2.1/flavors/d1004eaa-ec33-4bda-8eb4-72916b4373ca", "rel": "self"}, {"href": "http://172.30.9.21:8774/flavors/d1004eaa-ec33-4bda-8eb4-72916b4373ca", "rel": "bookmark"}], "ram": 512, "OS-FLV-DISABLED:disabled": false, "vcpus": 1, "swap": "", "os-flavor-access:is_public": true, "rxtx_factor": 1.0, "OS-FLV-EXT-DATA:ephemeral": 0, "disk": 1, "id": "d1004eaa-ec33-4bda-8eb4-72916b4373ca"}]} _http_log_response /usr/lib/python2.7/site-packages/keystoneauth1/session.py:511
2019-06-18 07:41:29.868 1842 DEBUG novaclient.v2.client [-] GET call to compute for http://172.30.9.21:8774/v2.1/flavors/detail used request id req-f1119c07-0725-43c3-8d29-0fb41bac832b request /usr/lib/python2.7/site-packages/keystoneauth1/session.py:844
2019-06-18 07:41:30.289 1842 DEBUG novaclient.v2.client [-] REQ: curl -g -i -X GET http://172.30.9.21:8774/v2.1/flavors/d1004eaa-ec33-4bda-8eb4-72916b4373ca -H "Accept: application/json" -H "User-Agent: python-novaclient" -H "X-Auth-Token: {SHA1}b13eb0a4db53eda84f3fffaf5db5fb90cd00bb3a" _http_log_request /usr/lib/python2.7/site-packages/keystoneauth1/session.py:448
2019-06-18 07:41:30.573 1842 DEBUG novaclient.v2.client [-] RESP: [200] Content-Encoding: gzip Content-Length: 311 Content-Type: application/json Date: Tue, 18 Jun 2019 07:41:30 GMT OpenStack-API-Version: compute 2.1 Server: Apache Vary: OpenStack-API-Version,X-OpenStack-Nova-API-Version,Accept-Encoding X-OpenStack-Nova-API-Version: 2.1 x-compute-request-id: req-ead522e2-6031-4bbd-b33a-ae9f63681049 x-openstack-request-id: req-ead522e2-6031-4bbd-b33a-ae9f63681049 _http_log_response /usr/lib/python2.7/site-packages/keystoneauth1/session.py:479
2019-06-18 07:41:30.573 1842 DEBUG novaclient.v2.client [-] RESP BODY: {"flavor": {"name": "rally_full-flavor_7d1d2e4e-7a2f-4797-8729-69be94a9285d", "links": [{"href": "http://172.30.9.21:8774/v2.1/flavors/d1004eaa-ec33-4bda-8eb4-72916b4373ca", "rel": "self"}, {"href": "http://172.30.9.21:8774/flavors/d1004eaa-ec33-4bda-8eb4-72916b4373ca", "rel": "bookmark"}], "ram": 512, "OS-FLV-DISABLED:disabled": false, "vcpus": 1, "swap": "", "os-flavor-access:is_public": true, "rxtx_factor": 1.0, "OS-FLV-EXT-DATA:ephemeral": 0, "disk": 1, "id": "d1004eaa-ec33-4bda-8eb4-72916b4373ca"}} _http_log_response /usr/lib/python2.7/site-packages/keystoneauth1/session.py:511
2019-06-18 07:41:30.574 1842 DEBUG novaclient.v2.client [-] GET call to compute for http://172.30.9.21:8774/v2.1/flavors/d1004eaa-ec33-4bda-8eb4-72916b4373ca used request id req-ead522e2-6031-4bbd-b33a-ae9f63681049 request /usr/lib/python2.7/site-packages/keystoneauth1/session.py:844
2019-06-18 07:41:35.583 1842 DEBUG novaclient.v2.client [-] REQ: curl -g -i -X GET http://172.30.9.21:8774/v2.1/flavors/detail -H "Accept: application/json" -H "User-Agent: python-novaclient" -H "X-Auth-Token: {SHA1}b50f07f44477bc401fd2aee7b6e5d3757b52f507" _http_log_request /usr/lib/python2.7/site-packages/keystoneauth1/session.py:448
2019-06-18 07:41:35.875 1842 DEBUG novaclient.v2.client [-] RESP: [200] Content-Encoding: gzip Content-Length: 364 Content-Type: application/json Date: Tue, 18 Jun 2019 07:41:35 GMT OpenStack-API-Version: compute 2.1 Server: Apache Vary: OpenStack-API-Version,X-OpenStack-Nova-API-Version,Accept-Encoding X-OpenStack-Nova-API-Version: 2.1 x-compute-request-id: req-cc8403e1-09b8-4f2d-a44b-46bbcf6dceb4 x-openstack-request-id: req-cc8403e1-09b8-4f2d-a44b-46bbcf6dceb4 _http_log_response /usr/lib/python2.7/site-packages/keystoneauth1/session.py:479
2019-06-18 07:41:35.875 1842 DEBUG novaclient.v2.client [-] RESP BODY: {"flavors": [{"name": "rally_full-flavor_alt_7d1d2e4e-7a2f-4797-8729-69be94a9285d", "links": [{"href": "http://172.30.9.21:8774/v2.1/flavors/3e1e8ac2-c145-4a09-b855-41236b9da246", "rel": "self"}, {"href": "http://172.30.9.21:8774/flavors/3e1e8ac2-c145-4a09-b855-41236b9da246", "rel": "bookmark"}], "ram": 1024, "OS-FLV-DISABLED:disabled": false, "vcpus": 1, "swap": "", "os-flavor-access:is_public": true, "rxtx_factor": 1.0, "OS-FLV-EXT-DATA:ephemeral": 0, "disk": 1, "id": "3e1e8ac2-c145-4a09-b855-41236b9da246"}, {"name": "rally_full-flavor_7d1d2e4e-7a2f-4797-8729-69be94a9285d", "links": [{"href": "http://172.30.9.21:8774/v2.1/flavors/d1004eaa-ec33-4bda-8eb4-72916b4373ca", "rel": "self"}, {"href": "http://172.30.9.21:8774/flavors/d1004eaa-ec33-4bda-8eb4-72916b4373ca", "rel": "bookmark"}], "ram": 512, "OS-FLV-DISABLED:disabled": false, "vcpus": 1, "swap": "", "os-flavor-access:is_public": true, "rxtx_factor": 1.0, "OS-FLV-EXT-DATA:ephemeral": 0, "disk": 1, "id": "d1004eaa-ec33-4bda-8eb4-72916b4373ca"}]} _http_log_response /usr/lib/python2.7/site-packages/keystoneauth1/session.py:511
2019-06-18 07:41:35.876 1842 DEBUG novaclient.v2.client [-] GET call to compute for http://172.30.9.21:8774/v2.1/flavors/detail used request id req-cc8403e1-09b8-4f2d-a44b-46bbcf6dceb4 request /usr/lib/python2.7/site-packages/keystoneauth1/session.py:844
2019-06-18 07:41:36.284 1842 DEBUG novaclient.v2.client [-] REQ: curl -g -i -X GET http://172.30.9.21:8774/v2.1/flavors/d1004eaa-ec33-4bda-8eb4-72916b4373ca -H "Accept: application/json" -H "User-Agent: python-novaclient" -H "X-Auth-Token: {SHA1}0f5eff3c38c8a41006e9f72398652bdef32848c6" _http_log_request /usr/lib/python2.7/site-packages/keystoneauth1/session.py:448
2019-06-18 07:41:36.584 1842 DEBUG novaclient.v2.client [-] RESP: [200] Content-Encoding: gzip Content-Length: 311 Content-Type: application/json Date: Tue, 18 Jun 2019 07:41:36 GMT OpenStack-API-Version: compute 2.1 Server: Apache Vary: OpenStack-API-Version,X-OpenStack-Nova-API-Version,Accept-Encoding X-OpenStack-Nova-API-Version: 2.1 x-compute-request-id: req-94f7e12f-2744-4efe-9322-48a2a046f76c x-openstack-request-id: req-94f7e12f-2744-4efe-9322-48a2a046f76c _http_log_response /usr/lib/python2.7/site-packages/keystoneauth1/session.py:479
2019-06-18 07:41:36.585 1842 DEBUG novaclient.v2.client [-] RESP BODY: {"flavor": {"name": "rally_full-flavor_7d1d2e4e-7a2f-4797-8729-69be94a9285d", "links": [{"href": "http://172.30.9.21:8774/v2.1/flavors/d1004eaa-ec33-4bda-8eb4-72916b4373ca", "rel": "self"}, {"href": "http://172.30.9.21:8774/flavors/d1004eaa-ec33-4bda-8eb4-72916b4373ca", "rel": "bookmark"}], "ram": 512, "OS-FLV-DISABLED:disabled": false, "vcpus": 1, "swap": "", "os-flavor-access:is_public": true, "rxtx_factor": 1.0, "OS-FLV-EXT-DATA:ephemeral": 0, "disk": 1, "id": "d1004eaa-ec33-4bda-8eb4-72916b4373ca"}} _http_log_response /usr/lib/python2.7/site-packages/keystoneauth1/session.py:511
2019-06-18 07:41:36.585 1842 DEBUG novaclient.v2.client [-] GET call to compute for http://172.30.9.21:8774/v2.1/flavors/d1004eaa-ec33-4bda-8eb4-72916b4373ca used request id req-94f7e12f-2744-4efe-9322-48a2a046f76c request /usr/lib/python2.7/site-packages/keystoneauth1/session.py:844
2019-06-18 07:41:38.381 1842 DEBUG novaclient.v2.client [-] REQ: curl -g -i -X GET http://172.30.9.21:8774/v2.1/flavors/detail -H "Accept: application/json" -H "User-Agent: python-novaclient" -H "X-Auth-Token: {SHA1}c1d9bddfa001a96149690315b4134868072f7faf" _http_log_request /usr/lib/python2.7/site-packages/keystoneauth1/session.py:448
2019-06-18 07:41:39.007 1842 DEBUG novaclient.v2.client [-] RESP: [200] Content-Encoding: gzip Content-Length: 364 Content-Type: application/json Date: Tue, 18 Jun 2019 07:41:38 GMT OpenStack-API-Version: compute 2.1 Server: Apache Vary: OpenStack-API-Version,X-OpenStack-Nova-API-Version,Accept-Encoding X-OpenStack-Nova-API-Version: 2.1 x-compute-request-id: req-b8900da3-c932-4185-9bee-c149b98b06d4 x-openstack-request-id: req-b8900da3-c932-4185-9bee-c149b98b06d4 _http_log_response /usr/lib/python2.7/site-packages/keystoneauth1/session.py:479
2019-06-18 07:41:39.008 1842 DEBUG novaclient.v2.client [-] RESP BODY: {"flavors": [{"name": "rally_full-flavor_alt_7d1d2e4e-7a2f-4797-8729-69be94a9285d", "links": [{"href": "http://172.30.9.21:8774/v2.1/flavors/3e1e8ac2-c145-4a09-b855-41236b9da246", "rel": "self"}, {"href": "http://172.30.9.21:8774/flavors/3e1e8ac2-c145-4a09-b855-41236b9da246", "rel": "bookmark"}], "ram": 1024, "OS-FLV-DISABLED:disabled": false, "vcpus": 1, "swap": "", "os-flavor-access:is_public": true, "rxtx_factor": 1.0, "OS-FLV-EXT-DATA:ephemeral": 0, "disk": 1, "id": "3e1e8ac2-c145-4a09-b855-41236b9da246"}, {"name": "rally_full-flavor_7d1d2e4e-7a2f-4797-8729-69be94a9285d", "links": [{"href": "http://172.30.9.21:8774/v2.1/flavors/d1004eaa-ec33-4bda-8eb4-72916b4373ca", "rel": "self"}, {"href": "http://172.30.9.21:8774/flavors/d1004eaa-ec33-4bda-8eb4-72916b4373ca", "rel": "bookmark"}], "ram": 512, "OS-FLV-DISABLED:disabled": false, "vcpus": 1, "swap": "", "os-flavor-access:is_public": true, "rxtx_factor": 1.0, "OS-FLV-EXT-DATA:ephemeral": 0, "disk": 1, "id": "d1004eaa-ec33-4bda-8eb4-72916b4373ca"}]} _http_log_response /usr/lib/python2.7/site-packages/keystoneauth1/session.py:511
2019-06-18 07:41:39.008 1842 DEBUG novaclient.v2.client [-] GET call to compute for http://172.30.9.21:8774/v2.1/flavors/detail used request id req-b8900da3-c932-4185-9bee-c149b98b06d4 request /usr/lib/python2.7/site-packages/keystoneauth1/session.py:844
2019-06-18 07:41:39.449 1842 DEBUG novaclient.v2.client [-] REQ: curl -g -i -X GET http://172.30.9.21:8774/v2.1/flavors/d1004eaa-ec33-4bda-8eb4-72916b4373ca -H "Accept: application/json" -H "User-Agent: python-novaclient" -H "X-Auth-Token: {SHA1}f8f03eb34c1a7d8f54c71d79acc6d9c126c9cfa3" _http_log_request /usr/lib/python2.7/site-packages/keystoneauth1/session.py:448
2019-06-18 07:41:40.220 1842 DEBUG novaclient.v2.client [-] RESP: [200] Content-Encoding: gzip Content-Length: 311 Content-Type: application/json Date: Tue, 18 Jun 2019 07:41:39 GMT OpenStack-API-Version: compute 2.1 Server: Apache Vary: OpenStack-API-Version,X-OpenStack-Nova-API-Version,Accept-Encoding X-OpenStack-Nova-API-Version: 2.1 x-compute-request-id: req-1de0b361-9b97-4435-b46e-14f13911e3c8 x-openstack-request-id: req-1de0b361-9b97-4435-b46e-14f13911e3c8 _http_log_response /usr/lib/python2.7/site-packages/keystoneauth1/session.py:479
2019-06-18 07:41:40.221 1842 DEBUG novaclient.v2.client [-] RESP BODY: {"flavor": {"name": "rally_full-flavor_7d1d2e4e-7a2f-4797-8729-69be94a9285d", "links": [{"href": "http://172.30.9.21:8774/v2.1/flavors/d1004eaa-ec33-4bda-8eb4-72916b4373ca", "rel": "self"}, {"href": "http://172.30.9.21:8774/flavors/d1004eaa-ec33-4bda-8eb4-72916b4373ca", "rel": "bookmark"}], "ram": 512, "OS-FLV-DISABLED:disabled": false, "vcpus": 1, "swap": "", "os-flavor-access:is_public": true, "rxtx_factor": 1.0, "OS-FLV-EXT-DATA:ephemeral": 0, "disk": 1, "id": "d1004eaa-ec33-4bda-8eb4-72916b4373ca"}} _http_log_response /usr/lib/python2.7/site-packages/keystoneauth1/session.py:511
2019-06-18 07:41:40.221 1842 DEBUG novaclient.v2.client [-] GET call to compute for http://172.30.9.21:8774/v2.1/flavors/d1004eaa-ec33-4bda-8eb4-72916b4373ca used request id req-1de0b361-9b97-4435-b46e-14f13911e3c8 request /usr/lib/python2.7/site-packages/keystoneauth1/session.py:844
2019-06-18 07:41:49.854 1842 INFO rally.task.context [-] Task 5b7b27a7-7cd5-426e-8fa7-9a00d15951de | Context users@openstack cleanup() started
2019-06-18 07:41:54.280 1842 INFO rally.task.context [-] Task 5b7b27a7-7cd5-426e-8fa7-9a00d15951de | Context users@openstack cleanup() finished in 4.43 sec
2019-06-18 07:41:54.280 1842 INFO rally.task.engine [-] Task 5b7b27a7-7cd5-426e-8fa7-9a00d15951de | Completed: Task validation of semantic.
2019-06-18 07:41:54.280 1842 INFO rally.task.engine [-] Task 5b7b27a7-7cd5-426e-8fa7-9a00d15951de | Completed: Task validation.
2019-06-18 07:41:54.281 1842 INFO rally.api [-] Task 5b7b27a7-7cd5-426e-8fa7-9a00d15951de input file is valid.
2019-06-18 07:41:54.281 1842 INFO rally.api [-] Run Task 5b7b27a7-7cd5-426e-8fa7-9a00d15951de against Deployment 476eee55-61be-41c9-ae9e-2be04ec06274
2019-06-18 07:41:54.281 1842 INFO rally.task.engine [-] Task 5b7b27a7-7cd5-426e-8fa7-9a00d15951de | Starting: Running task.
2019-06-18 07:41:54.427 1842 INFO rally.task.engine [-] Running workload: position = 0 config = { "version": 2, "title": "A cropped version of a bigger task.", "description": "Auto-generated task from a single workload (uuid=50a615ec-1989-4c49-8f85-871483ada35d)", "subtasks": [ { "title": "CinderVolumes.create_and_attach_volume", "description": "Create a VM and attach a volume to it.", "scenario": { "CinderVolumes.create_and_attach_volume": { "flavor": { "name": "rally_full-flavor_7d1d2e4e-7a2f-4797-8729-69be94a9285d" }, "image": { "name": "rally_full-img_7d1d2e4e-7a2f-4797-8729-69be94a9285d" }, "size": 1, "nics": [ { "net-id": "a0f04f61-aafa-492d-b815-f261aebc6ec6" } ] } }, "contexts": { "users": { "tenants": 3, "users_per_tenant": 2 }, "quotas": { "cinder": { "gigabytes": -1, "snapshots": -1, "volumes": -1 } }, "api_versions": { "cinder": { "version": 3, "service_type": "volumev3" } } }, "runner": { "constant": { "concurrency": 4, "times": 10 } }, "hooks": [], "sla": { "failure_rate": { "max": 0 } } } ] }
2019-06-18 07:41:54.451 1842 RALLYDEBUG rally_openstack.contexts.keystone.users [-] Creating 3 tenants using 20 threads
2019-06-18 07:41:56.337 1842 RALLYDEBUG rally_openstack.contexts.keystone.users [-] Creating 6 users using 20 threads
2019-06-18 07:41:59.034 1842 INFO rally.task.context [-] Task 5b7b27a7-7cd5-426e-8fa7-9a00d15951de | Context users@openstack setup() finished in 4.58 sec
2019-06-18 07:41:59.451 1842 INFO rally.task.context [-] Task 5b7b27a7-7cd5-426e-8fa7-9a00d15951de | Context api_versions@openstack setup() finished in 0.42 sec
2019-06-18 07:42:01.042 1842 INFO rally.task.context [-] Task 5b7b27a7-7cd5-426e-8fa7-9a00d15951de | Context quotas@openstack setup() finished in 1.59 sec
2019-06-18 07:42:01.043 1842 INFO rally.task.context [-] Task 5b7b27a7-7cd5-426e-8fa7-9a00d15951de | Context cleanup@openstack setup() finished in 0.01 msec
2019-06-18 07:42:02.175 1842 DEBUG novaclient.v2.client [-] REQ: curl -g -i -X GET http://172.30.9.21:8774/v2.1/flavors/detail -H "Accept: application/json" -H "User-Agent: python-novaclient" -H "X-Auth-Token: {SHA1}0ebc6c8ad3f48bf42363e5495ef987d5554bc67e" _http_log_request /usr/lib/python2.7/site-packages/keystoneauth1/session.py:448
2019-06-18 07:42:02.446 1842 DEBUG novaclient.v2.client [-] RESP: [200] Content-Encoding: gzip Content-Length: 364 Content-Type: application/json Date: Tue, 18 Jun 2019 07:42:02 GMT OpenStack-API-Version: compute 2.1 Server: Apache Vary: OpenStack-API-Version,X-OpenStack-Nova-API-Version,Accept-Encoding X-OpenStack-Nova-API-Version: 2.1 x-compute-request-id: req-42c70d0a-e591-4cbe-ac8a-cb969e90a1df x-openstack-request-id: req-42c70d0a-e591-4cbe-ac8a-cb969e90a1df _http_log_response /usr/lib/python2.7/site-packages/keystoneauth1/session.py:479
2019-06-18 07:42:02.446 1842 DEBUG novaclient.v2.client [-] RESP BODY: {"flavors": [{"name": "rally_full-flavor_alt_7d1d2e4e-7a2f-4797-8729-69be94a9285d", "links": [{"href": "http://172.30.9.21:8774/v2.1/flavors/3e1e8ac2-c145-4a09-b855-41236b9da246", "rel": "self"}, {"href": "http://172.30.9.21:8774/flavors/3e1e8ac2-c145-4a09-b855-41236b9da246", "rel": "bookmark"}], "ram": 1024, "OS-FLV-DISABLED:disabled": false, "vcpus": 1, "swap": "", "os-flavor-access:is_public": true, "rxtx_factor": 1.0, "OS-FLV-EXT-DATA:ephemeral": 0, "disk": 1, "id": "3e1e8ac2-c145-4a09-b855-41236b9da246"}, {"name": "rally_full-flavor_7d1d2e4e-7a2f-4797-8729-69be94a9285d", "links": [{"href": "http://172.30.9.21:8774/v2.1/flavors/d1004eaa-ec33-4bda-8eb4-72916b4373ca", "rel": "self"}, {"href": "http://172.30.9.21:8774/flavors/d1004eaa-ec33-4bda-8eb4-72916b4373ca", "rel": "bookmark"}], "ram": 512, "OS-FLV-DISABLED:disabled": false, "vcpus": 1, "swap": "", "os-flavor-access:is_public": true, "rxtx_factor": 1.0, "OS-FLV-EXT-DATA:ephemeral": 0, "disk": 1, "id": "d1004eaa-ec33-4bda-8eb4-72916b4373ca"}]} _http_log_response /usr/lib/python2.7/site-packages/keystoneauth1/session.py:511
2019-06-18 07:42:02.446 1842 DEBUG novaclient.v2.client [-] GET call to compute for http://172.30.9.21:8774/v2.1/flavors/detail used request id req-42c70d0a-e591-4cbe-ac8a-cb969e90a1df request /usr/lib/python2.7/site-packages/keystoneauth1/session.py:844
2019-06-18 07:42:02.448 1842 RALLYDEBUG rally.task.runner [-] Starting the constant runner (task UUID: 5b7b27a7-7cd5-426e-8fa7-9a00d15951de). timeout: 0 concurrency: 4 concurrency_per_worker: 1 times: 10 concurrency_overhead: 0 processes_to_start: 4 max_cpu_used: 16
2019-06-18 07:42:02.461 1966 RALLYDEBUG rally.task.runner [-] Starting a worker. concurrency: 1 args: {"flavor": "d1004eaa-ec33-4bda-8eb4-72916b4373ca", "image": "fbaee983-ab2f-4f71-8102-35b09a5bf1c5", "size": 1, "nics": [{"net-id": "a0f04f61-aafa-492d-b815-f261aebc6ec6"}]} times: 10 method_name: run timeout: 0 duration: None cls:
2019-06-18 07:42:02.463 1967 RALLYDEBUG rally.task.runner [-] Starting a worker. concurrency: 1 args: {"flavor": "d1004eaa-ec33-4bda-8eb4-72916b4373ca", "image": "fbaee983-ab2f-4f71-8102-35b09a5bf1c5", "size": 1, "nics": [{"net-id": "a0f04f61-aafa-492d-b815-f261aebc6ec6"}]} times: 10 method_name: run timeout: 0 duration: None cls:
2019-06-18 07:42:02.466 1968 RALLYDEBUG rally.task.runner [-] Starting a worker. concurrency: 1 args: {"flavor": "d1004eaa-ec33-4bda-8eb4-72916b4373ca", "image": "fbaee983-ab2f-4f71-8102-35b09a5bf1c5", "size": 1, "nics": [{"net-id": "a0f04f61-aafa-492d-b815-f261aebc6ec6"}]} times: 10 method_name: run timeout: 0 duration: None cls:
2019-06-18 07:42:02.469 1966 INFO rally.task.runner [-] Task 5b7b27a7-7cd5-426e-8fa7-9a00d15951de | ITER: 1 START
2019-06-18 07:42:02.469 1969 RALLYDEBUG rally.task.runner [-] Starting a worker. concurrency: 1 args: {"flavor": "d1004eaa-ec33-4bda-8eb4-72916b4373ca", "image": "fbaee983-ab2f-4f71-8102-35b09a5bf1c5", "size": 1, "nics": [{"net-id": "a0f04f61-aafa-492d-b815-f261aebc6ec6"}]} times: 10 method_name: run timeout: 0 duration: None cls:
2019-06-18 07:42:02.471 1967 INFO rally.task.runner [-] Task 5b7b27a7-7cd5-426e-8fa7-9a00d15951de | ITER: 2 START
2019-06-18 07:42:02.473 1968 INFO rally.task.runner [-] Task 5b7b27a7-7cd5-426e-8fa7-9a00d15951de | ITER: 3 START
2019-06-18 07:42:02.478 1969 INFO rally.task.runner [-] Task 5b7b27a7-7cd5-426e-8fa7-9a00d15951de | ITER: 4 START
2019-06-18 07:42:02.909 1966 DEBUG novaclient.v2.client [-] REQ: curl -g -i -X POST http://172.30.9.21:8774/v2.1/servers -H "Accept: application/json" -H "Content-Type: application/json" -H "User-Agent: python-novaclient" -H "X-Auth-Token: {SHA1}723feb0e3f609041142a77268cacd4cf6eb73028" -d '{"server": {"name": "s_rally_50a615ec_mz3gpJqj", "imageRef": "fbaee983-ab2f-4f71-8102-35b09a5bf1c5", "flavorRef": "d1004eaa-ec33-4bda-8eb4-72916b4373ca", "max_count": 1, "min_count": 1, "networks": [{"uuid": "a0f04f61-aafa-492d-b815-f261aebc6ec6"}]}}' _http_log_request /usr/lib/python2.7/site-packages/keystoneauth1/session.py:448
2019-06-18 07:42:02.915 1967 DEBUG novaclient.v2.client [-] REQ: curl -g -i -X POST http://172.30.9.21:8774/v2.1/servers -H "Accept: application/json" -H "Content-Type: application/json" -H "User-Agent: python-novaclient" -H "X-Auth-Token: {SHA1}819ce8488922a35bf20959f02eebb9734d140c97" -d '{"server": {"name": "s_rally_50a615ec_5x9f7j1Y", "imageRef": "fbaee983-ab2f-4f71-8102-35b09a5bf1c5", "flavorRef": "d1004eaa-ec33-4bda-8eb4-72916b4373ca", "max_count": 1, "min_count": 1, "networks": [{"uuid": "a0f04f61-aafa-492d-b815-f261aebc6ec6"}]}}' _http_log_request /usr/lib/python2.7/site-packages/keystoneauth1/session.py:448
2019-06-18 07:42:02.919 1968 DEBUG novaclient.v2.client [-] REQ: curl -g -i -X POST http://172.30.9.21:8774/v2.1/servers -H "Accept: application/json" -H "Content-Type: application/json" -H "User-Agent: python-novaclient" -H "X-Auth-Token: {SHA1}1f3846d6df1fcb8f238c5409fa700346fbf6cafa" -d '{"server": {"name": "s_rally_50a615ec_tzmCGigZ", "imageRef": "fbaee983-ab2f-4f71-8102-35b09a5bf1c5", "flavorRef": "d1004eaa-ec33-4bda-8eb4-72916b4373ca", "max_count": 1, "min_count": 1, "networks": [{"uuid": "a0f04f61-aafa-492d-b815-f261aebc6ec6"}]}}' _http_log_request /usr/lib/python2.7/site-packages/keystoneauth1/session.py:448
2019-06-18 07:42:02.927 1969 DEBUG novaclient.v2.client [-] REQ: curl -g -i -X POST http://172.30.9.21:8774/v2.1/servers -H "Accept: application/json" -H "Content-Type: application/json" -H "User-Agent: python-novaclient" -H "X-Auth-Token: {SHA1}9a54b072a4629cccd7171aae1cd0b3a82b4dd00f" -d '{"server": {"name": "s_rally_50a615ec_iT5hlfM2", "imageRef": "fbaee983-ab2f-4f71-8102-35b09a5bf1c5", "flavorRef": "d1004eaa-ec33-4bda-8eb4-72916b4373ca", "max_count": 1, "min_count": 1, "networks": [{"uuid": "a0f04f61-aafa-492d-b815-f261aebc6ec6"}]}}' _http_log_request /usr/lib/python2.7/site-packages/keystoneauth1/session.py:448
2019-06-18 07:42:04.753 1968 DEBUG novaclient.v2.client [-] RESP: [202] Content-Length: 374 Content-Type: application/json Date: Tue, 18 Jun 2019 07:42:02 GMT OpenStack-API-Version: compute 2.1 Server: Apache Vary: OpenStack-API-Version,X-OpenStack-Nova-API-Version X-OpenStack-Nova-API-Version: 2.1 location: http://172.30.9.21:8774/v2.1/servers/faa79f00-2b8d-433f-86cc-7ccbfca2524d x-compute-request-id: req-67d95739-fdfb-4b5a-87e3-f6495403c86f x-openstack-request-id: req-67d95739-fdfb-4b5a-87e3-f6495403c86f _http_log_response /usr/lib/python2.7/site-packages/keystoneauth1/session.py:479
2019-06-18 07:42:04.753 1968 DEBUG novaclient.v2.client [-] RESP BODY: {"server": {"security_groups": [{"name": "default"}], "OS-DCF:diskConfig": "MANUAL", "id": "faa79f00-2b8d-433f-86cc-7ccbfca2524d", "links": [{"href": "http://172.30.9.21:8774/v2.1/servers/faa79f00-2b8d-433f-86cc-7ccbfca2524d", "rel": "self"}, {"href": "http://172.30.9.21:8774/servers/faa79f00-2b8d-433f-86cc-7ccbfca2524d", "rel": "bookmark"}], "adminPass": "YaSMjgu34jpq"}} _http_log_response /usr/lib/python2.7/site-packages/keystoneauth1/session.py:511
2019-06-18 07:42:04.754 1968 DEBUG novaclient.v2.client [-] POST call to compute for http://172.30.9.21:8774/v2.1/servers used request id req-67d95739-fdfb-4b5a-87e3-f6495403c86f request /usr/lib/python2.7/site-packages/keystoneauth1/session.py:844
2019-06-18 07:42:05.017 1969 DEBUG novaclient.v2.client [-] RESP: [202] Content-Length: 374 Content-Type: application/json Date: Tue, 18 Jun 2019 07:42:02 GMT OpenStack-API-Version: compute 2.1 Server: Apache Vary: OpenStack-API-Version,X-OpenStack-Nova-API-Version X-OpenStack-Nova-API-Version: 2.1 location: http://172.30.9.21:8774/v2.1/servers/2f742d98-58ef-4168-8979-bce6e5bf7ea5 x-compute-request-id: req-1d3657f8-4ad4-46d5-9b77-65d0b089ec31 x-openstack-request-id: req-1d3657f8-4ad4-46d5-9b77-65d0b089ec31 _http_log_response /usr/lib/python2.7/site-packages/keystoneauth1/session.py:479
2019-06-18 07:42:05.018 1969 DEBUG novaclient.v2.client [-] RESP BODY: {"server": {"security_groups": [{"name": "default"}], "OS-DCF:diskConfig": "MANUAL", "id": "2f742d98-58ef-4168-8979-bce6e5bf7ea5", "links": [{"href": "http://172.30.9.21:8774/v2.1/servers/2f742d98-58ef-4168-8979-bce6e5bf7ea5", "rel": "self"}, {"href": "http://172.30.9.21:8774/servers/2f742d98-58ef-4168-8979-bce6e5bf7ea5", "rel": "bookmark"}], "adminPass": "jm2tKhF6qq6x"}} _http_log_response /usr/lib/python2.7/site-packages/keystoneauth1/session.py:511
2019-06-18 07:42:05.018 1969 DEBUG novaclient.v2.client [-] POST call to compute for http://172.30.9.21:8774/v2.1/servers used request id req-1d3657f8-4ad4-46d5-9b77-65d0b089ec31 request /usr/lib/python2.7/site-packages/keystoneauth1/session.py:844
2019-06-18 07:42:05.168 1967 DEBUG novaclient.v2.client [-] RESP: [202] Content-Length: 374 Content-Type: application/json Date: Tue, 18 Jun 2019 07:42:02 GMT OpenStack-API-Version: compute 2.1 Server: Apache Vary: OpenStack-API-Version,X-OpenStack-Nova-API-Version X-OpenStack-Nova-API-Version: 2.1 location: http://172.30.9.21:8774/v2.1/servers/fac3967b-901a-4b20-9145-79a10b23a773 x-compute-request-id: req-2b775f96-f4d0-4639-b7d3-2e251159b93b x-openstack-request-id: req-2b775f96-f4d0-4639-b7d3-2e251159b93b _http_log_response /usr/lib/python2.7/site-packages/keystoneauth1/session.py:479
2019-06-18 07:42:05.169 1967 DEBUG novaclient.v2.client [-] RESP BODY: {"server": {"security_groups": [{"name": "default"}], "OS-DCF:diskConfig": "MANUAL", "id": "fac3967b-901a-4b20-9145-79a10b23a773", "links": [{"href": "http://172.30.9.21:8774/v2.1/servers/fac3967b-901a-4b20-9145-79a10b23a773", "rel": "self"}, {"href": "http://172.30.9.21:8774/servers/fac3967b-901a-4b20-9145-79a10b23a773", "rel": "bookmark"}], "adminPass": "YvLZ7b593hrT"}} _http_log_response /usr/lib/python2.7/site-packages/keystoneauth1/session.py:511
2019-06-18 07:42:05.169 1967 DEBUG novaclient.v2.client [-] POST call to compute for http://172.30.9.21:8774/v2.1/servers used request id req-2b775f96-f4d0-4639-b7d3-2e251159b93b request /usr/lib/python2.7/site-packages/keystoneauth1/session.py:844
2019-06-18 07:42:05.411 1966 DEBUG novaclient.v2.client [-] RESP: [202] Content-Length: 374 Content-Type: application/json Date: Tue, 18 Jun 2019 07:42:02 GMT OpenStack-API-Version: compute 2.1 Server: Apache Vary: OpenStack-API-Version,X-OpenStack-Nova-API-Version X-OpenStack-Nova-API-Version: 2.1 location: http://172.30.9.21:8774/v2.1/servers/332c0e9e-e431-4e19-bc9b-eb0f2767201a x-compute-request-id: req-f49d3ee9-068e-4c1a-86f4-bc2c4a250bb3 x-openstack-request-id: req-f49d3ee9-068e-4c1a-86f4-bc2c4a250bb3 _http_log_response /usr/lib/python2.7/site-packages/keystoneauth1/session.py:479
2019-06-18 07:42:05.412 1966 DEBUG novaclient.v2.client [-] RESP BODY: {"server": {"security_groups": [{"name": "default"}], "OS-DCF:diskConfig": "MANUAL", "id": "332c0e9e-e431-4e19-bc9b-eb0f2767201a", "links": [{"href": "http://172.30.9.21:8774/v2.1/servers/332c0e9e-e431-4e19-bc9b-eb0f2767201a", "rel": "self"}, {"href": "http://172.30.9.21:8774/servers/332c0e9e-e431-4e19-bc9b-eb0f2767201a", "rel": "bookmark"}], "adminPass": "5BYy5snXB8XA"}} _http_log_response /usr/lib/python2.7/site-packages/keystoneauth1/session.py:511
2019-06-18 07:42:05.412 1966 DEBUG novaclient.v2.client [-] POST call to compute for http://172.30.9.21:8774/v2.1/servers used request id req-f49d3ee9-068e-4c1a-86f4-bc2c4a250bb3 request /usr/lib/python2.7/site-packages/keystoneauth1/session.py:844
2019-06-18 07:42:05.757 1968 DEBUG novaclient.v2.client [-] REQ: curl -g -i -X GET http://172.30.9.21:8774/v2.1/servers/faa79f00-2b8d-433f-86cc-7ccbfca2524d -H "Accept: application/json" -H "User-Agent: python-novaclient" -H "X-Auth-Token: {SHA1}1f3846d6df1fcb8f238c5409fa700346fbf6cafa" _http_log_request /usr/lib/python2.7/site-packages/keystoneauth1/session.py:448
2019-06-18 07:42:06.022 1969 DEBUG novaclient.v2.client [-] REQ: curl -g -i -X GET http://172.30.9.21:8774/v2.1/servers/2f742d98-58ef-4168-8979-bce6e5bf7ea5 -H "Accept: application/json" -H "User-Agent: python-novaclient" -H "X-Auth-Token: {SHA1}9a54b072a4629cccd7171aae1cd0b3a82b4dd00f" _http_log_request /usr/lib/python2.7/site-packages/keystoneauth1/session.py:448
2019-06-18 07:42:06.173 1967 DEBUG novaclient.v2.client [-] REQ: curl -g -i -X GET http://172.30.9.21:8774/v2.1/servers/fac3967b-901a-4b20-9145-79a10b23a773 -H "Accept: application/json" -H "User-Agent: python-novaclient" -H "X-Auth-Token: {SHA1}819ce8488922a35bf20959f02eebb9734d140c97" _http_log_request /usr/lib/python2.7/site-packages/keystoneauth1/session.py:448
2019-06-18 07:42:06.273 1967 DEBUG novaclient.v2.client [-] RESP: [200] Content-Encoding: gzip Content-Length: 624 Content-Type: application/json Date: Tue, 18 Jun 2019 07:42:06 GMT OpenStack-API-Version: compute 2.1 Server: Apache Vary: OpenStack-API-Version,X-OpenStack-Nova-API-Version,Accept-Encoding X-OpenStack-Nova-API-Version: 2.1 x-compute-request-id: req-9cb04d17-1a64-4c8a-b153-339860030c52 x-openstack-request-id: req-9cb04d17-1a64-4c8a-b153-339860030c52 _http_log_response /usr/lib/python2.7/site-packages/keystoneauth1/session.py:479
