2019-06-18 08:01:24.324 4904 RALLYDEBUG rally.task.utils [-] Waiting for resource s_rally_e1ce46a5_ooWHfg60. Status changed: CREATING => AVAILABLE in 2.55113911629
2019-06-18 08:01:24.639 4904 RALLYDEBUG rally.task.utils [-] Waiting for resource s_rally_e1ce46a5_ooWHfg60. Status changed: AVAILABLE => DELETING in 0.0568928718567
2019-06-18 08:01:26.862 4904 INFO rally.task.runner [-] Task 5b7b27a7-7cd5-426e-8fa7-9a00d15951de | ITER: 10 END: OK
2019-06-18 08:01:26.890 1842 INFO rally.task.context [-] Task 5b7b27a7-7cd5-426e-8fa7-9a00d15951de | Context cleanup@openstack cleanup() started
2019-06-18 08:01:26.892 1842 RALLYDEBUG rally_openstack.cleanup.manager [-] Cleaning up cinder backups objects
2019-06-18 08:01:28.976 1842 RALLYDEBUG rally_openstack.cleanup.manager [-] Cleaning up cinder volume_snapshots objects
2019-06-18 08:01:31.052 1842 RALLYDEBUG rally_openstack.cleanup.manager [-] Cleaning up cinder transfers objects
2019-06-18 08:01:32.889 1842 RALLYDEBUG rally_openstack.cleanup.manager [-] Cleaning up cinder volumes objects
2019-06-18 08:01:34.922 1842 INFO rally.task.context [-] Task 5b7b27a7-7cd5-426e-8fa7-9a00d15951de | Context cleanup@openstack cleanup() finished in 8.03 sec
2019-06-18 08:01:34.923 1842 INFO rally.task.context [-] Task 5b7b27a7-7cd5-426e-8fa7-9a00d15951de | Context volumes@openstack cleanup() started
2019-06-18 08:01:34.923 1842 RALLYDEBUG rally_openstack.cleanup.manager [-] Cleaning up cinder volumes objects
2019-06-18 08:01:36.902 1842 RALLYDEBUG rally_openstack.cleanup.manager [-] Deleting cinder.volumes object c_rally_e1ce46a5_SrS2h6AY (1104c8f5-97da-41fc-b7de-e064b7c85828)
2019-06-18 08:01:36.902 1842 RALLYDEBUG rally_openstack.cleanup.manager [-] Deleting cinder.volumes object c_rally_e1ce46a5_Rof4LlQ3 (062797bb-a410-4e7f-88f8-fc9d0873f87d)
2019-06-18 08:01:36.907 1842 RALLYDEBUG rally_openstack.cleanup.manager [-] Deleting cinder.volumes object c_rally_e1ce46a5_h50HtifF (c7867360-0cff-4cee-9512-e1f070b7c34a)
2019-06-18 08:01:40.316 1842 INFO rally.task.context [-] Task 5b7b27a7-7cd5-426e-8fa7-9a00d15951de | Context volumes@openstack cleanup() finished in 5.39 sec
2019-06-18 08:01:40.317 1842 INFO rally.task.context [-] Task 5b7b27a7-7cd5-426e-8fa7-9a00d15951de | Context quotas@openstack cleanup() started
2019-06-18 08:01:40.772 1842 INFO rally.task.context [-] Task 5b7b27a7-7cd5-426e-8fa7-9a00d15951de | Context quotas@openstack cleanup() finished in 0.46 sec
2019-06-18 08:01:40.773 1842 INFO rally.task.context [-] Task 5b7b27a7-7cd5-426e-8fa7-9a00d15951de | Context api_versions@openstack cleanup() started
2019-06-18 08:01:40.773 1842 INFO rally.task.context [-] Task 5b7b27a7-7cd5-426e-8fa7-9a00d15951de | Context api_versions@openstack cleanup() finished in 0.34 msec
2019-06-18 08:01:40.774 1842 INFO rally.task.context [-] Task 5b7b27a7-7cd5-426e-8fa7-9a00d15951de | Context users@openstack cleanup() started
2019-06-18 08:01:47.886 1842 INFO rally.task.context [-] Task 5b7b27a7-7cd5-426e-8fa7-9a00d15951de | Context users@openstack cleanup() finished in 7.11 sec
2019-06-18 08:01:49.398 1842 INFO rally.task.engine [-] Load duration is: 24.823795
2019-06-18 08:01:49.399 1842 INFO rally.task.engine [-] Full runner duration is: 24.871708
2019-06-18 08:01:49.399 1842 INFO rally.task.engine [-] Full duration is: 62.780402
2019-06-18 08:01:49.697 1842 INFO rally.task.engine [-] Running workload: position = 0 config = { "version": 2, "title": "A cropped version of a bigger task.", "description": "Auto-generated task from a single workload (uuid=55d0fb4f-75b2-4700-b11e-8880935ffa8d)", "subtasks": [ { "title": "CinderQos.create_and_get_qos", "description": "Create a qos, then get details of the qos.", "scenario": { "CinderQos.create_and_get_qos": { "consumer": "both", "write_iops_sec": "10", "read_iops_sec": "1000" } }, "contexts": { "users": { "tenants": 3, "users_per_tenant": 2 }, "api_versions": { "cinder": { "version": 3, "service_type": "volumev3" } } }, "runner": { "constant": { "concurrency": 4, "times": 10 } }, "hooks": [], "sla": { "failure_rate": { "max": 0 } } } ] }
2019-06-18 08:01:49.723 1842 RALLYDEBUG rally_openstack.contexts.keystone.users [-] Creating 3 tenants using 20 threads
2019-06-18 08:01:51.573 1842 RALLYDEBUG rally_openstack.contexts.keystone.users [-] Creating 6 users using 20 threads
2019-06-18 08:01:54.463 1842 INFO rally.task.context [-] Task 5b7b27a7-7cd5-426e-8fa7-9a00d15951de | Context users@openstack setup() finished in 4.74 sec
2019-06-18 08:01:54.888 1842 INFO rally.task.context [-] Task 5b7b27a7-7cd5-426e-8fa7-9a00d15951de | Context api_versions@openstack setup() finished in 0.42 sec
2019-06-18 08:01:54.889 1842 INFO rally.task.context [-] Task 5b7b27a7-7cd5-426e-8fa7-9a00d15951de | Context admin_cleanup@openstack setup() finished in 0.01 msec
2019-06-18 08:01:54.896 1842 RALLYDEBUG rally.task.runner [-] Starting the constant runner (task UUID: 5b7b27a7-7cd5-426e-8fa7-9a00d15951de). timeout: 0 concurrency: 4 concurrency_per_worker: 1 times: 10 concurrency_overhead: 0 processes_to_start: 4 max_cpu_used: 16
2019-06-18 08:01:54.908 5106 RALLYDEBUG rally.task.runner [-] Starting a worker. concurrency: 1 args: {"consumer": "both", "write_iops_sec": "10", "read_iops_sec": "1000"} times: 10 method_name: run timeout: 0 duration: None cls:
2019-06-18 08:01:54.911 5108 RALLYDEBUG rally.task.runner [-] Starting a worker. concurrency: 1 args: {"consumer": "both", "write_iops_sec": "10", "read_iops_sec": "1000"} times: 10 method_name: run timeout: 0 duration: None cls:
2019-06-18 08:01:54.911 5107 RALLYDEBUG rally.task.runner [-] Starting a worker. concurrency: 1 args: {"consumer": "both", "write_iops_sec": "10", "read_iops_sec": "1000"} times: 10 method_name: run timeout: 0 duration: None cls:
2019-06-18 08:01:54.913 5109 RALLYDEBUG rally.task.runner [-] Starting a worker. concurrency: 1 args: {"consumer": "both", "write_iops_sec": "10", "read_iops_sec": "1000"} times: 10 method_name: run timeout: 0 duration: None cls:
2019-06-18 08:01:54.915 5106 INFO rally.task.runner [-] Task 5b7b27a7-7cd5-426e-8fa7-9a00d15951de | ITER: 1 START
2019-06-18 08:01:54.915 5108 INFO rally.task.runner [-] Task 5b7b27a7-7cd5-426e-8fa7-9a00d15951de | ITER: 2 START
2019-06-18 08:01:54.917 5109 INFO rally.task.runner [-] Task 5b7b27a7-7cd5-426e-8fa7-9a00d15951de | ITER: 4 START
2019-06-18 08:01:54.918 5107 INFO rally.task.runner [-] Task 5b7b27a7-7cd5-426e-8fa7-9a00d15951de | ITER: 3 START
2019-06-18 08:01:55.978 5107 INFO rally.task.runner [-] Task 5b7b27a7-7cd5-426e-8fa7-9a00d15951de | ITER: 3 END: OK
2019-06-18 08:01:55.983 5107 INFO rally.task.runner [-] Task 5b7b27a7-7cd5-426e-8fa7-9a00d15951de | ITER: 5 START
2019-06-18 08:01:56.008 5106 INFO rally.task.runner [-] Task 5b7b27a7-7cd5-426e-8fa7-9a00d15951de | ITER: 1 END: OK
2019-06-18 08:01:56.012 5106 INFO rally.task.runner [-] Task 5b7b27a7-7cd5-426e-8fa7-9a00d15951de | ITER: 6 START
2019-06-18 08:01:56.014 5109 INFO rally.task.runner [-] Task 5b7b27a7-7cd5-426e-8fa7-9a00d15951de | ITER: 4 END: OK
2019-06-18 08:01:56.019 5109 INFO rally.task.runner [-] Task 5b7b27a7-7cd5-426e-8fa7-9a00d15951de | ITER: 7 START
2019-06-18 08:01:56.021 5108 INFO rally.task.runner [-] Task 5b7b27a7-7cd5-426e-8fa7-9a00d15951de | ITER: 2 END: OK
2019-06-18 08:01:56.026 5108 INFO rally.task.runner [-] Task 5b7b27a7-7cd5-426e-8fa7-9a00d15951de | ITER: 8 START
2019-06-18 08:01:56.840 5107 INFO rally.task.runner [-] Task 5b7b27a7-7cd5-426e-8fa7-9a00d15951de | ITER: 5 END: OK
2019-06-18 08:01:56.844 5107 INFO rally.task.runner [-] Task 5b7b27a7-7cd5-426e-8fa7-9a00d15951de | ITER: 9 START
2019-06-18 08:01:56.923 5108 INFO rally.task.runner [-] Task 5b7b27a7-7cd5-426e-8fa7-9a00d15951de | ITER: 8 END: OK
2019-06-18 08:01:56.927 5108 INFO rally.task.runner [-] Task 5b7b27a7-7cd5-426e-8fa7-9a00d15951de | ITER: 10 START
2019-06-18 08:01:56.988 5106 INFO rally.task.runner [-] Task 5b7b27a7-7cd5-426e-8fa7-9a00d15951de | ITER: 6 END: OK
2019-06-18 08:01:57.045 5109 INFO rally.task.runner [-] Task 5b7b27a7-7cd5-426e-8fa7-9a00d15951de | ITER: 7 END: OK
2019-06-18 08:01:57.696 5107 INFO rally.task.runner [-] Task 5b7b27a7-7cd5-426e-8fa7-9a00d15951de | ITER: 9 END: OK
2019-06-18 08:01:57.793 5108 INFO rally.task.runner [-] Task 5b7b27a7-7cd5-426e-8fa7-9a00d15951de | ITER: 10 END: OK
2019-06-18 08:01:57.813 1842 INFO rally.task.context [-] Task 5b7b27a7-7cd5-426e-8fa7-9a00d15951de | Context admin_cleanup@openstack cleanup() started
2019-06-18 08:01:57.816 1842 RALLYDEBUG rally_openstack.cleanup.manager [-] Cleaning up cinder volume_types objects
2019-06-18 08:01:58.463 1842 RALLYDEBUG rally_openstack.cleanup.manager [-] Cleaning up cinder image_volumes_cache objects
2019-06-18 08:01:59.401 1842 RALLYDEBUG rally_openstack.cleanup.manager [-] Cleaning up cinder quotas objects
2019-06-18 08:02:01.036 1842 RALLYDEBUG rally_openstack.cleanup.manager [-] Cleaning up cinder qos_specs objects
2019-06-18 08:02:01.796 1842 RALLYDEBUG rally_openstack.cleanup.manager [-] Deleting cinder.qos_specs object s_rally_55d0fb4f_iJ8f5osu (d51fb8c5-e860-42c1-b688-1fc4d4c26aee)
2019-06-18 08:02:01.798 1842 RALLYDEBUG rally_openstack.cleanup.manager [-] Deleting cinder.qos_specs object s_rally_55d0fb4f_V4EH6LlW (0c8e0c0b-3b78-4ffc-9f6f-2fbdb5ca4acd)
2019-06-18 08:02:01.808 1842 RALLYDEBUG rally_openstack.cleanup.manager [-] Deleting cinder.qos_specs object s_rally_55d0fb4f_JzlAA393 (b8432a65-811e-4adf-b8cf-2e0dde8a0459)
2019-06-18 08:02:01.814 1842 RALLYDEBUG rally_openstack.cleanup.manager [-] Deleting cinder.qos_specs object s_rally_55d0fb4f_KgdSxXdo (831bf853-088d-42cc-b03b-ed11bb445f08)
2019-06-18 08:02:01.822 1842 RALLYDEBUG rally_openstack.cleanup.manager [-] Deleting cinder.qos_specs object s_rally_55d0fb4f_vaIybeFd (785a8f85-e392-44cb-b7ab-014286edb2bb)
2019-06-18 08:02:01.838 1842 RALLYDEBUG rally_openstack.cleanup.manager [-] Deleting cinder.qos_specs object s_rally_55d0fb4f_tmZTpffo (e8dd9c32-055c-41a5-acb5-7babdeafebfd)
2019-06-18 08:02:01.843 1842 RALLYDEBUG rally_openstack.cleanup.manager [-] Deleting cinder.qos_specs object s_rally_55d0fb4f_STxC7phy (d49fdc2e-eb52-40a9-9aca-85a46ce104e7)
2019-06-18 08:02:01.843 1842 RALLYDEBUG rally_openstack.cleanup.manager [-] Deleting cinder.qos_specs object s_rally_55d0fb4f_lTMLKxX8 (6000fca0-45a5-44c2-b415-94bf35d8ab79)
2019-06-18 08:02:01.858 1842 RALLYDEBUG rally_openstack.cleanup.manager [-] Deleting cinder.qos_specs object s_rally_55d0fb4f_JKVCD7T7 (909237b5-a044-4ef2-97ce-bdec008bbc0e)
2019-06-18 08:02:01.871 1842 RALLYDEBUG rally_openstack.cleanup.manager [-] Deleting cinder.qos_specs object s_rally_55d0fb4f_DZH54ZQ9 (690b61f5-84ab-4f79-8c81-6d0961b87017)
2019-06-18 08:02:04.184 1842 INFO rally.task.context [-] Task 5b7b27a7-7cd5-426e-8fa7-9a00d15951de | Context admin_cleanup@openstack cleanup() finished in 6.37 sec
2019-06-18 08:02:04.184 1842 INFO rally.task.context [-] Task 5b7b27a7-7cd5-426e-8fa7-9a00d15951de | Context api_versions@openstack cleanup() started
2019-06-18 08:02:04.185 1842 INFO rally.task.context [-] Task 5b7b27a7-7cd5-426e-8fa7-9a00d15951de | Context api_versions@openstack cleanup() finished in 0.31 msec
2019-06-18 08:02:04.185 1842 INFO rally.task.context [-] Task 5b7b27a7-7cd5-426e-8fa7-9a00d15951de | Context users@openstack cleanup() started
2019-06-18 08:02:12.370 1842 INFO rally.task.context [-] Task 5b7b27a7-7cd5-426e-8fa7-9a00d15951de | Context users@openstack cleanup() finished in 8.19 sec
2019-06-18 08:02:13.830 1842 INFO rally.task.engine [-] Load duration is: 2.87535
2019-06-18 08:02:13.830 1842 INFO rally.task.engine [-] Full runner duration is: 2.917946
2019-06-18 08:02:13.831 1842 INFO rally.task.engine [-] Full duration is: 22.650971
2019-06-18 08:02:14.045 1842 INFO rally.task.engine [-] Running workload: position = 0 config = { "version": 2, "title": "A cropped version of a bigger task.", "description": "Auto-generated task from a single workload (uuid=93c6bb0a-3fef-47e4-a6a7-37d1d939eb0f)", "subtasks": [ { "title": "CinderQos.create_and_list_qos", "description": "Create a qos, then list all qos.", "scenario": { "CinderQos.create_and_list_qos": { "consumer": "both", "write_iops_sec": "10", "read_iops_sec": "1000" } }, "contexts": { "users": { "tenants": 3, "users_per_tenant": 2 }, "api_versions": { "cinder": { "version": 3, "service_type": "volumev3" } } }, "runner": { "constant": { "concurrency": 4, "times": 10 } }, "hooks": [], "sla": { "failure_rate": { "max": 0 } } } ] }
2019-06-18 08:02:14.068 1842 RALLYDEBUG rally_openstack.contexts.keystone.users [-] Creating 3 tenants using 20 threads
2019-06-18 08:02:16.019 1842 RALLYDEBUG rally_openstack.contexts.keystone.users [-] Creating 6 users using 20 threads
2019-06-18 08:02:18.795 1842 INFO rally.task.context [-] Task 5b7b27a7-7cd5-426e-8fa7-9a00d15951de | Context users@openstack setup() finished in 4.73 sec
2019-06-18 08:02:19.225 1842 INFO rally.task.context [-] Task 5b7b27a7-7cd5-426e-8fa7-9a00d15951de | Context api_versions@openstack setup() finished in 0.43 sec
2019-06-18 08:02:19.225 1842 INFO rally.task.context [-] Task 5b7b27a7-7cd5-426e-8fa7-9a00d15951de | Context admin_cleanup@openstack setup() finished in 0.01 msec
2019-06-18 08:02:19.232 1842 RALLYDEBUG rally.task.runner [-] Starting the constant runner (task UUID: 5b7b27a7-7cd5-426e-8fa7-9a00d15951de). timeout: 0 concurrency: 4 concurrency_per_worker: 1 times: 10 concurrency_overhead: 0 processes_to_start: 4 max_cpu_used: 16
2019-06-18 08:02:19.245 5290 RALLYDEBUG rally.task.runner [-] Starting a worker. concurrency: 1 args: {"consumer": "both", "write_iops_sec": "10", "read_iops_sec": "1000"} times: 10 method_name: run timeout: 0 duration: None cls:
2019-06-18 08:02:19.249 5291 RALLYDEBUG rally.task.runner [-] Starting a worker. concurrency: 1 args: {"consumer": "both", "write_iops_sec": "10", "read_iops_sec": "1000"} times: 10 method_name: run timeout: 0 duration: None cls:
2019-06-18 08:02:19.251 5292 RALLYDEBUG rally.task.runner [-] Starting a worker. concurrency: 1 args: {"consumer": "both", "write_iops_sec": "10", "read_iops_sec": "1000"} times: 10 method_name: run timeout: 0 duration: None cls:
2019-06-18 08:02:19.253 5290 INFO rally.task.runner [-] Task 5b7b27a7-7cd5-426e-8fa7-9a00d15951de | ITER: 1 START
2019-06-18 08:02:19.254 5293 RALLYDEBUG rally.task.runner [-] Starting a worker. concurrency: 1 args: {"consumer": "both", "write_iops_sec": "10", "read_iops_sec": "1000"} times: 10 method_name: run timeout: 0 duration: None cls:
2019-06-18 08:02:19.256 5291 INFO rally.task.runner [-] Task 5b7b27a7-7cd5-426e-8fa7-9a00d15951de | ITER: 2 START
2019-06-18 08:02:19.258 5292 INFO rally.task.runner [-] Task 5b7b27a7-7cd5-426e-8fa7-9a00d15951de | ITER: 3 START
2019-06-18 08:02:19.263 5293 INFO rally.task.runner [-] Task 5b7b27a7-7cd5-426e-8fa7-9a00d15951de | ITER: 4 START
2019-06-18 08:02:20.269 5292 INFO rally.task.runner [-] Task 5b7b27a7-7cd5-426e-8fa7-9a00d15951de | ITER: 3 END: OK
2019-06-18 08:02:20.274 5292 INFO rally.task.runner [-] Task 5b7b27a7-7cd5-426e-8fa7-9a00d15951de | ITER: 5 START
2019-06-18 08:02:20.275 5293 INFO rally.task.runner [-] Task 5b7b27a7-7cd5-426e-8fa7-9a00d15951de | ITER: 4 END: OK
2019-06-18 08:02:20.280 5293 INFO rally.task.runner [-] Task 5b7b27a7-7cd5-426e-8fa7-9a00d15951de | ITER: 6 START
2019-06-18 08:02:20.318 5291 INFO rally.task.runner [-] Task 5b7b27a7-7cd5-426e-8fa7-9a00d15951de | ITER: 2 END: OK
2019-06-18 08:02:20.323 5291 INFO rally.task.runner [-] Task 5b7b27a7-7cd5-426e-8fa7-9a00d15951de | ITER: 7 START
2019-06-18 08:02:20.392 5290 INFO rally.task.runner [-] Task 5b7b27a7-7cd5-426e-8fa7-9a00d15951de | ITER: 1 END: OK
2019-06-18 08:02:20.397 5290 INFO rally.task.runner [-] Task 5b7b27a7-7cd5-426e-8fa7-9a00d15951de | ITER: 8 START
2019-06-18 08:02:21.263 5291 INFO rally.task.runner [-] Task 5b7b27a7-7cd5-426e-8fa7-9a00d15951de | ITER: 7 END: OK
2019-06-18 08:02:21.268 5291 INFO rally.task.runner [-] Task 5b7b27a7-7cd5-426e-8fa7-9a00d15951de | ITER: 9 START
2019-06-18 08:02:21.280 5293 INFO rally.task.runner [-] Task 5b7b27a7-7cd5-426e-8fa7-9a00d15951de | ITER: 6 END: OK
2019-06-18 08:02:21.284 5293 INFO rally.task.runner [-] Task 5b7b27a7-7cd5-426e-8fa7-9a00d15951de | ITER: 10 START
2019-06-18 08:02:21.287 5292 INFO rally.task.runner [-] Task 5b7b27a7-7cd5-426e-8fa7-9a00d15951de | ITER: 5 END: OK
2019-06-18 08:02:21.293 5290 INFO rally.task.runner [-] Task 5b7b27a7-7cd5-426e-8fa7-9a00d15951de | ITER: 8 END: OK
2019-06-18 08:02:22.156 5293 INFO rally.task.runner [-] Task 5b7b27a7-7cd5-426e-8fa7-9a00d15951de | ITER: 10 END: OK
2019-06-18 08:02:22.222 5291 INFO rally.task.runner [-] Task 5b7b27a7-7cd5-426e-8fa7-9a00d15951de | ITER: 9 END: OK
2019-06-18 08:02:22.243 1842 INFO rally.task.context [-] Task 5b7b27a7-7cd5-426e-8fa7-9a00d15951de | Context admin_cleanup@openstack cleanup() started
2019-06-18 08:02:22.245 1842 RALLYDEBUG rally_openstack.cleanup.manager [-] Cleaning up cinder volume_types objects
2019-06-18 08:02:22.943 1842 RALLYDEBUG rally_openstack.cleanup.manager [-] Cleaning up cinder image_volumes_cache objects
2019-06-18 08:02:23.876 1842 RALLYDEBUG rally_openstack.cleanup.manager [-] Cleaning up cinder quotas objects
2019-06-18 08:02:25.333 1842 RALLYDEBUG rally_openstack.cleanup.manager [-] Cleaning up cinder qos_specs objects
2019-06-18 08:02:25.959 1842 RALLYDEBUG rally_openstack.cleanup.manager [-] Deleting cinder.qos_specs object s_rally_93c6bb0a_uVFCztgn (b997c99e-9813-4c7b-9cf7-ca19996ef529)
2019-06-18 08:02:25.964 1842 RALLYDEBUG rally_openstack.cleanup.manager [-] Deleting cinder.qos_specs object s_rally_93c6bb0a_sShFmJMD (9c33a8d7-5a76-4393-ba10-7193cbd82ab0)
2019-06-18 08:02:25.970 1842 RALLYDEBUG rally_openstack.cleanup.manager [-] Deleting cinder.qos_specs object s_rally_93c6bb0a_f4UdutOC (5e95985c-2dd3-41fc-8414-4033b015864a)
2019-06-18 08:02:25.974 1842 RALLYDEBUG rally_openstack.cleanup.manager [-] Deleting cinder.qos_specs object s_rally_93c6bb0a_MXKQZXs9 (390251b3-a4e0-45d4-9e02-4645e371b67c)
2019-06-18 08:02:25.984 1842 RALLYDEBUG rally_openstack.cleanup.manager [-] Deleting cinder.qos_specs object s_rally_93c6bb0a_xvsvlIyF (bbe52223-5c6b-4e10-ba3f-0657afd09fbb)
2019-06-18 08:02:25.997 1842 RALLYDEBUG rally_openstack.cleanup.manager [-] Deleting cinder.qos_specs object s_rally_93c6bb0a_YU4DvG0f (f08acb1d-b2dc-4f77-8c5f-7a02bdd75f40)
2019-06-18 08:02:26.016 1842 RALLYDEBUG rally_openstack.cleanup.manager [-] Deleting cinder.qos_specs object s_rally_93c6bb0a_ruO2dQfp (8c5b175f-432e-456f-88c2-139f7dddfd83)
2019-06-18 08:02:26.023 1842 RALLYDEBUG rally_openstack.cleanup.manager [-] Deleting cinder.qos_specs object s_rally_93c6bb0a_P3wgr7Da (1492f9af-0a8e-4210-8dcc-46b1a880507f)
2019-06-18 08:02:26.037 1842 RALLYDEBUG rally_openstack.cleanup.manager [-] Deleting cinder.qos_specs object s_rally_93c6bb0a_hsK8Z9BC (3c662bdb-d4c2-4ea1-bc32-4d94f231ed30)
2019-06-18 08:02:26.041 1842 RALLYDEBUG rally_openstack.cleanup.manager [-] Deleting cinder.qos_specs object s_rally_93c6bb0a_3qtZOSFp (83cd3640-839e-4d6b-b37a-1dc5111c59dd)
2019-06-18 08:02:28.494 1842 INFO rally.task.context [-] Task 5b7b27a7-7cd5-426e-8fa7-9a00d15951de | Context admin_cleanup@openstack cleanup() finished in 6.25 sec
2019-06-18 08:02:28.495 1842 INFO rally.task.context [-] Task 5b7b27a7-7cd5-426e-8fa7-9a00d15951de | Context api_versions@openstack cleanup() started
2019-06-18 08:02:28.495 1842 INFO rally.task.context [-] Task 5b7b27a7-7cd5-426e-8fa7-9a00d15951de | Context api_versions@openstack cleanup() finished in 0.33 msec
2019-06-18 08:02:28.496 1842 INFO rally.task.context [-] Task 5b7b27a7-7cd5-426e-8fa7-9a00d15951de | Context users@openstack cleanup() started
2019-06-18 08:02:35.491 1842 INFO rally.task.context [-] Task 5b7b27a7-7cd5-426e-8fa7-9a00d15951de | Context users@openstack cleanup() finished in 6.99 sec
2019-06-18 08:02:36.185 1842 INFO rally.task.engine [-] Load duration is: 2.966448
2019-06-18 08:02:36.186 1842 INFO rally.task.engine [-] Full runner duration is: 3.010665
2019-06-18 08:02:36.186 1842 INFO rally.task.engine [-] Full duration is: 21.425313
2019-06-18 08:02:36.470 1842 INFO rally.task.engine [-] Running workload: position = 0 config = { "version": 2, "title": "A cropped version of a bigger task.", "description": "Auto-generated task from a single workload (uuid=e0151baa-58f0-4cea-b914-6cc49b7ecb6e)", "subtasks": [ { "title": "CinderQos.create_and_set_qos", "description": "Create a qos, then Add/Update keys in qos specs.", "scenario": { "CinderQos.create_and_set_qos": { "consumer": "back-end", "write_iops_sec": "10", "read_iops_sec": "1000", "set_consumer": "both", "set_write_iops_sec": "11", "set_read_iops_sec": "1001" } }, "contexts": { "users": { "tenants": 3, "users_per_tenant": 2 }, "api_versions": { "cinder": { "version": 3, "service_type": "volumev3" } } }, "runner": { "constant": { "concurrency": 4, "times": 10 } }, "hooks": [], "sla": { "failure_rate": { "max": 0 } } } ] }
2019-06-18 08:02:36.494 1842 RALLYDEBUG rally_openstack.contexts.keystone.users [-] Creating 3 tenants using 20 threads
2019-06-18 08:02:38.261 1842 RALLYDEBUG rally_openstack.contexts.keystone.users [-] Creating 6 users using 20 threads
2019-06-18 08:02:41.043 1842 INFO rally.task.context [-] Task 5b7b27a7-7cd5-426e-8fa7-9a00d15951de | Context users@openstack setup() finished in 4.55 sec
2019-06-18 08:02:41.477 1842 INFO rally.task.context [-] Task 5b7b27a7-7cd5-426e-8fa7-9a00d15951de | Context api_versions@openstack setup() finished in 0.43 sec
2019-06-18 08:02:41.477 1842 INFO rally.task.context [-] Task 5b7b27a7-7cd5-426e-8fa7-9a00d15951de | Context admin_cleanup@openstack setup() finished in 0.00 msec
2019-06-18 08:02:41.485 1842 RALLYDEBUG rally.task.runner [-] Starting the constant runner (task UUID: 5b7b27a7-7cd5-426e-8fa7-9a00d15951de). timeout: 0 concurrency: 4 concurrency_per_worker: 1 times: 10 concurrency_overhead: 0 processes_to_start: 4 max_cpu_used: 16
2019-06-18 08:02:41.497 5475 RALLYDEBUG rally.task.runner [-] Starting a worker. concurrency: 1 args: {"consumer": "back-end", "write_iops_sec": "10", "read_iops_sec": "1000", "set_consumer": "both", "set_write_iops_sec": "11", "set_read_iops_sec": "1001"} times: 10 method_name: run timeout: 0 duration: None cls:
2019-06-18 08:02:41.497 5474 RALLYDEBUG rally.task.runner [-] Starting a worker. concurrency: 1 args: {"consumer": "back-end", "write_iops_sec": "10", "read_iops_sec": "1000", "set_consumer": "both", "set_write_iops_sec": "11", "set_read_iops_sec": "1001"} times: 10 method_name: run timeout: 0 duration: None cls:
2019-06-18 08:02:41.500 5476 RALLYDEBUG rally.task.runner [-] Starting a worker. concurrency: 1 args: {"consumer": "back-end", "write_iops_sec": "10", "read_iops_sec": "1000", "set_consumer": "both", "set_write_iops_sec": "11", "set_read_iops_sec": "1001"} times: 10 method_name: run timeout: 0 duration: None cls:
2019-06-18 08:02:41.501 5475 INFO rally.task.runner [-] Task 5b7b27a7-7cd5-426e-8fa7-9a00d15951de | ITER: 1 START
2019-06-18 08:02:41.503 5476 INFO rally.task.runner [-] Task 5b7b27a7-7cd5-426e-8fa7-9a00d15951de | ITER: 3 START
2019-06-18 08:02:41.505 5474 INFO rally.task.runner [-] Task 5b7b27a7-7cd5-426e-8fa7-9a00d15951de | ITER: 2 START
2019-06-18 08:02:41.506 5477 RALLYDEBUG rally.task.runner [-] Starting a worker. concurrency: 1 args: {"consumer": "back-end", "write_iops_sec": "10", "read_iops_sec": "1000", "set_consumer": "both", "set_write_iops_sec": "11", "set_read_iops_sec": "1001"} times: 10 method_name: run timeout: 0 duration: None cls:
2019-06-18 08:02:41.514 5477 INFO rally.task.runner [-] Task 5b7b27a7-7cd5-426e-8fa7-9a00d15951de | ITER: 4 START
2019-06-18 08:02:42.567 5477 INFO rally.task.runner [-] Task 5b7b27a7-7cd5-426e-8fa7-9a00d15951de | ITER: 4 END: OK
2019-06-18 08:02:42.573 5477 INFO rally.task.runner [-] Task 5b7b27a7-7cd5-426e-8fa7-9a00d15951de | ITER: 5 START
2019-06-18 08:02:42.580 5476 INFO rally.task.runner [-] Task 5b7b27a7-7cd5-426e-8fa7-9a00d15951de | ITER: 3 END: OK
2019-06-18 08:02:42.586 5476 INFO rally.task.runner [-] Task 5b7b27a7-7cd5-426e-8fa7-9a00d15951de | ITER: 6 START
2019-06-18 08:02:42.604 5475 INFO rally.task.runner [-] Task 5b7b27a7-7cd5-426e-8fa7-9a00d15951de | ITER: 1 END: OK
2019-06-18 08:02:42.609 5475 INFO rally.task.runner [-] Task 5b7b27a7-7cd5-426e-8fa7-9a00d15951de | ITER: 7 START
2019-06-18 08:02:42.616 5474 INFO rally.task.runner [-] Task 5b7b27a7-7cd5-426e-8fa7-9a00d15951de | ITER: 2 END: OK
2019-06-18 08:02:42.622 5474 INFO rally.task.runner [-] Task 5b7b27a7-7cd5-426e-8fa7-9a00d15951de | ITER: 8 START
2019-06-18 08:02:43.543 5476 INFO rally.task.runner [-] Task 5b7b27a7-7cd5-426e-8fa7-9a00d15951de | ITER: 6 END: OK
2019-06-18 08:02:43.549 5474 INFO rally.task.runner [-] Task 5b7b27a7-7cd5-426e-8fa7-9a00d15951de | ITER: 8 END: OK
2019-06-18 08:02:43.548 5476 INFO rally.task.runner [-] Task 5b7b27a7-7cd5-426e-8fa7-9a00d15951de | ITER: 9 START
2019-06-18 08:02:43.554 5474 INFO rally.task.runner [-] Task 5b7b27a7-7cd5-426e-8fa7-9a00d15951de | ITER: 10 START
2019-06-18 08:02:43.573 5477 INFO rally.task.runner [-] Task 5b7b27a7-7cd5-426e-8fa7-9a00d15951de | ITER: 5 END: OK
2019-06-18 08:02:43.580 5475 INFO rally.task.runner [-] Task 5b7b27a7-7cd5-426e-8fa7-9a00d15951de | ITER: 7 END: OK
2019-06-18 08:02:44.526 5474 INFO rally.task.runner [-] Task 5b7b27a7-7cd5-426e-8fa7-9a00d15951de | ITER: 10 END: OK
2019-06-18 08:02:44.550 5476 INFO rally.task.runner [-] Task 5b7b27a7-7cd5-426e-8fa7-9a00d15951de | ITER: 9 END: OK
2019-06-18 08:02:44.577 1842 INFO rally.task.context [-] Task 5b7b27a7-7cd5-426e-8fa7-9a00d15951de | Context admin_cleanup@openstack cleanup() started
2019-06-18 08:02:44.579 1842 RALLYDEBUG rally_openstack.cleanup.manager [-] Cleaning up cinder volume_types objects
2019-06-18 08:02:45.238 1842 RALLYDEBUG rally_openstack.cleanup.manager [-] Cleaning up cinder image_volumes_cache objects
2019-06-18 08:02:46.685 1842 RALLYDEBUG rally_openstack.cleanup.manager [-] Cleaning up cinder quotas objects
2019-06-18 08:02:48.275 1842 RALLYDEBUG rally_openstack.cleanup.manager [-] Cleaning up cinder qos_specs objects
2019-06-18 08:02:48.896 1842 RALLYDEBUG rally_openstack.cleanup.manager [-] Deleting cinder.qos_specs object s_rally_e0151baa_TAfrlEEu (f9363e84-bc57-473e-9c6d-c43f212c1845)
2019-06-18 08:02:48.900 1842 RALLYDEBUG rally_openstack.cleanup.manager [-] Deleting cinder.qos_specs object s_rally_e0151baa_9LZfV3du (2fc4a84d-7dc3-47b5-a654-5976b591554d)
2019-06-18 08:02:48.905 1842 RALLYDEBUG rally_openstack.cleanup.manager [-] Deleting cinder.qos_specs object s_rally_e0151baa_EAvOD5JM (b6fb3fb2-52a8-4b68-911b-7228f3956ceb)
2019-06-18 08:02:48.920 1842 RALLYDEBUG rally_openstack.cleanup.manager [-] Deleting cinder.qos_specs object s_rally_e0151baa_l3LSW4G6 (aadf4615-854f-4b0d-b328-2a4b3a19d8ef)
2019-06-18 08:02:48.927 1842 RALLYDEBUG rally_openstack.cleanup.manager [-] Deleting cinder.qos_specs object s_rally_e0151baa_sVU5U1K6 (9318b6fb-7559-4fe9-bbda-445c79ac5b2f)
2019-06-18 08:02:48.938 1842 RALLYDEBUG rally_openstack.cleanup.manager [-] Deleting cinder.qos_specs object s_rally_e0151baa_J2c8lXuI (887453f9-3a79-40d6-9703-5c39f9b0bb73)
2019-06-18 08:02:48.950 1842 RALLYDEBUG rally_openstack.cleanup.manager [-] Deleting cinder.qos_specs object s_rally_e0151baa_HGf2PFVe (7491b8c7-df83-4097-86c3-de5063dec402)
2019-06-18 08:02:48.968 1842 RALLYDEBUG rally_openstack.cleanup.manager [-] Deleting cinder.qos_specs object s_rally_e0151baa_tDBPtfoo (5151709b-0538-4b69-99f8-4dba1c6758c7)
2019-06-18 08:02:48.981 1842 RALLYDEBUG rally_openstack.cleanup.manager [-] Deleting cinder.qos_specs object s_rally_e0151baa_aB0b6HQD (1e8edbbd-3f12-406c-9ca3-6029ca2bf8c4)
2019-06-18 08:02:49.006 1842 RALLYDEBUG rally_openstack.cleanup.manager [-] Deleting cinder.qos_specs object s_rally_e0151baa_D4irp9yJ (222f93d1-0afa-49aa-b628-da4494630736)
2019-06-18 08:02:51.397 1842 INFO rally.task.context [-] Task 5b7b27a7-7cd5-426e-8fa7-9a00d15951de | Context admin_cleanup@openstack cleanup() finished in 6.82 sec
2019-06-18 08:02:51.398 1842 INFO rally.task.context [-] Task 5b7b27a7-7cd5-426e-8fa7-9a00d15951de | Context api_versions@openstack cleanup() started
2019-06-18 08:02:51.398 1842 INFO rally.task.context [-] Task 5b7b27a7-7cd5-426e-8fa7-9a00d15951de | Context api_versions@openstack cleanup() finished in 0.32 msec
2019-06-18 08:02:51.399 1842 INFO rally.task.context [-] Task 5b7b27a7-7cd5-426e-8fa7-9a00d15951de | Context users@openstack cleanup() started
2019-06-18 08:02:59.498 1842 INFO rally.task.context [-] Task 5b7b27a7-7cd5-426e-8fa7-9a00d15951de | Context users@openstack cleanup() finished in 8.10 sec
2019-06-18 08:03:00.596 1842 INFO rally.task.engine [-] Load duration is: 3.046955
2019-06-18 08:03:00.597 1842 INFO rally.task.engine [-] Full runner duration is: 3.092884
2019-06-18 08:03:00.597 1842 INFO rally.task.engine [-] Full duration is: 23.006456
2019-06-18 08:03:00.890 1842 INFO rally.task.engine [-] Running workload: position = 0 config = { "version": 2, "title": "A cropped version of a bigger task.", "description": "Auto-generated task from a single workload (uuid=a4c05229-e4c5-4d05-9d85-1fb81dbe205e)", "subtasks": [ { "title": "CinderVolumeTypes.create_and_get_volume_type", "description": "Create a volume Type, then get the details of the type.", "scenario": { "CinderVolumeTypes.create_and_get_volume_type": { "description": "rally tests creating types" } }, "contexts": { "users": { "tenants": 3, "users_per_tenant": 2 }, "api_versions": { "cinder": { "version": 3, "service_type": "volumev3" } } }, "runner": { "constant": { "concurrency": 4, "times": 10 } }, "hooks": [], "sla": { "failure_rate": { "max": 0 } } } ] }
2019-06-18 08:03:00.915 1842 RALLYDEBUG rally_openstack.contexts.keystone.users [-] Creating 3 tenants using 20 threads
2019-06-18 08:03:02.769 1842 RALLYDEBUG rally_openstack.contexts.keystone.users [-] Creating 6 users using 20 threads
2019-06-18 08:03:05.406 1842 INFO rally.task.context [-] Task 5b7b27a7-7cd5-426e-8fa7-9a00d15951de | Context users@openstack setup() finished in 4.49 sec
2019-06-18 08:03:05.827 1842 INFO rally.task.context [-] Task 5b7b27a7-7cd5-426e-8fa7-9a00d15951de | Context api_versions@openstack setup() finished in 0.42 sec
2019-06-18 08:03:05.827 1842 INFO rally.task.context [-] Task 5b7b27a7-7cd5-426e-8fa7-9a00d15951de | Context admin_cleanup@openstack setup() finished in 0.01 msec
2019-06-18 08:03:05.834 1842 RALLYDEBUG rally.task.runner [-] Starting the constant runner (task UUID: 5b7b27a7-7cd5-426e-8fa7-9a00d15951de). timeout: 0 concurrency: 4 concurrency_per_worker: 1 times: 10 concurrency_overhead: 0 processes_to_start: 4 max_cpu_used: 16
2019-06-18 08:03:05.846 5658 RALLYDEBUG rally.task.runner [-] Starting a worker. concurrency: 1 args: {"description": "rally tests creating types"} times: 10 method_name: run timeout: 0 duration: None cls:
2019-06-18 08:03:05.850 5659 RALLYDEBUG rally.task.runner [-] Starting a worker. concurrency: 1 args: {"description": "rally tests creating types"} times: 10 method_name: run timeout: 0 duration: None cls:
2019-06-18 08:03:05.852 5658 INFO rally.task.runner [-] Task 5b7b27a7-7cd5-426e-8fa7-9a00d15951de | ITER: 1 START
2019-06-18 08:03:05.852 5660 RALLYDEBUG rally.task.runner [-] Starting a worker. concurrency: 1 args: {"description": "rally tests creating types"} times: 10 method_name: run timeout: 0 duration: None cls:
2019-06-18 08:03:05.856 5661 RALLYDEBUG rally.task.runner [-] Starting a worker. concurrency: 1 args: {"description": "rally tests creating types"} times: 10 method_name: run timeout: 0 duration: None cls:
2019-06-18 08:03:05.858 5659 INFO rally.task.runner [-] Task 5b7b27a7-7cd5-426e-8fa7-9a00d15951de | ITER: 2 START
2019-06-18 08:03:05.859 5660 INFO rally.task.runner [-] Task 5b7b27a7-7cd5-426e-8fa7-9a00d15951de | ITER: 3 START
2019-06-18 08:03:05.863 5661 INFO rally.task.runner [-] Task 5b7b27a7-7cd5-426e-8fa7-9a00d15951de | ITER: 4 START
2019-06-18 08:03:06.949 5659 INFO rally.task.runner [-] Task 5b7b27a7-7cd5-426e-8fa7-9a00d15951de | ITER: 2 END: OK
2019-06-18 08:03:06.955 5659 INFO rally.task.runner [-] Task 5b7b27a7-7cd5-426e-8fa7-9a00d15951de | ITER: 5 START
2019-06-18 08:03:06.957 5660 INFO rally.task.runner [-] Task 5b7b27a7-7cd5-426e-8fa7-9a00d15951de | ITER: 3 END: OK
2019-06-18 08:03:06.962 5660 INFO rally.task.runner [-] Task 5b7b27a7-7cd5-426e-8fa7-9a00d15951de | ITER: 6 START
2019-06-18 08:03:06.965 5661 INFO rally.task.runner [-] Task 5b7b27a7-7cd5-426e-8fa7-9a00d15951de | ITER: 4 END: OK
2019-06-18 08:03:06.970 5661 INFO rally.task.runner [-] Task 5b7b27a7-7cd5-426e-8fa7-9a00d15951de | ITER: 7 START
2019-06-18 08:03:06.989 5658 INFO rally.task.runner [-] Task 5b7b27a7-7cd5-426e-8fa7-9a00d15951de | ITER: 1 END: OK
2019-06-18 08:03:06.994 5658 INFO rally.task.runner [-] Task 5b7b27a7-7cd5-426e-8fa7-9a00d15951de | ITER: 8 START
2019-06-18 08:03:07.965 5661 INFO rally.task.runner [-] Task 5b7b27a7-7cd5-426e-8fa7-9a00d15951de | ITER: 7 END: OK
2019-06-18 08:03:07.969 5661 INFO rally.task.runner [-] Task 5b7b27a7-7cd5-426e-8fa7-9a00d15951de | ITER: 9 START
2019-06-18 08:03:08.017 5658 INFO rally.task.runner [-] Task 5b7b27a7-7cd5-426e-8fa7-9a00d15951de | ITER: 8 END: OK
2019-06-18 08:03:08.021 5658 INFO rally.task.runner [-] Task 5b7b27a7-7cd5-426e-8fa7-9a00d15951de | ITER: 10 START
2019-06-18 08:03:08.026 5660 INFO rally.task.runner [-] Task 5b7b27a7-7cd5-426e-8fa7-9a00d15951de | ITER: 6 END: OK
2019-06-18 08:03:08.037 5659 INFO rally.task.runner [-] Task 5b7b27a7-7cd5-426e-8fa7-9a00d15951de | ITER: 5 END: OK
2019-06-18 08:03:08.917 5658 INFO rally.task.runner [-] Task 5b7b27a7-7cd5-426e-8fa7-9a00d15951de | ITER: 10 END: OK
2019-06-18 08:03:08.917 5661 INFO rally.task.runner [-] Task 5b7b27a7-7cd5-426e-8fa7-9a00d15951de | ITER: 9 END: OK
2019-06-18 08:03:08.946 1842 INFO rally.task.context [-] Task 5b7b27a7-7cd5-426e-8fa7-9a00d15951de | Context admin_cleanup@openstack cleanup() started
2019-06-18 08:03:08.948 1842 RALLYDEBUG rally_openstack.cleanup.manager [-] Cleaning up cinder volume_types objects
2019-06-18 08:03:09.610 1842 RALLYDEBUG rally_openstack.cleanup.manager [-] Deleting cinder.volume_types object s_rally_a4c05229_JAOOQnNB (1454e668-0796-4e7b-a52b-da34ec292dcb)
2019-06-18 08:03:09.614 1842 RALLYDEBUG rally_openstack.cleanup.manager [-] Deleting cinder.volume_types object s_rally_a4c05229_7Es2mBw0 (f8b799a8-2c33-4dff-be17-d1618f0262fc)
2019-06-18 08:03:09.620 1842 RALLYDEBUG rally_openstack.cleanup.manager [-] Deleting cinder.volume_types object s_rally_a4c05229_P0lbY99E (ef345842-d39b-436b-8f60-c27f17e0d6f7)
2019-06-18 08:03:09.625 1842 RALLYDEBUG rally_openstack.cleanup.manager [-] Deleting cinder.volume_types object s_rally_a4c05229_3auWDGN9 (a4455a63-95e0-4821-b586-5c98ec6dc050)
2019-06-18 08:03:09.633 1842 RALLYDEBUG rally_openstack.cleanup.manager [-] Deleting cinder.volume_types object s_rally_a4c05229_ZtNmObHA (48ad0c96-342f-4793-ba7a-14d03052605f)
2019-06-18 08:03:09.634 1842 RALLYDEBUG rally_openstack.cleanup.manager [-] Deleting cinder.volume_types object s_rally_a4c05229_Dr3eAAWE (788d0eca-31cc-45a6-ba61-e8dd0856ecc6)
2019-06-18 08:03:09.636 1842 RALLYDEBUG rally_openstack.cleanup.manager [-] Deleting cinder.volume_types object s_rally_a4c05229_z0PKwFKe (3cd7ee9e-1245-430b-9778-9d7518aa8105)
2019-06-18 08:03:09.643 1842 RALLYDEBUG rally_openstack.cleanup.manager [-] Deleting cinder.volume_types object s_rally_a4c05229_sx3rJfrJ (c644812e-73f1-40f1-beb3-067762a7404b)
2019-06-18 08:03:09.647 1842 RALLYDEBUG rally_openstack.cleanup.manager [-] Deleting cinder.volume_types object s_rally_a4c05229_69RMSlXO (b5f46e56-0511-4237-8d0d-4dfd5a65a64e)
2019-06-18 08:03:09.657 1842 RALLYDEBUG rally_openstack.cleanup.manager [-] Deleting cinder.volume_types object s_rally_a4c05229_CPzG7AoX (3df0cc56-0542-4ef3-8cea-8d9236e433af)
2019-06-18 08:03:11.942 1842 RALLYDEBUG rally_openstack.cleanup.manager [-] Cleaning up cinder image_volumes_cache objects
2019-06-18 08:03:12.879 1842 RALLYDEBUG rally_openstack.cleanup.manager [-] Cleaning up cinder quotas objects
2019-06-18 08:03:14.519 1842 RALLYDEBUG rally_openstack.cleanup.manager [-] Cleaning up cinder qos_specs objects
2019-06-18 08:03:15.153 1842 INFO rally.task.context [-] Task 5b7b27a7-7cd5-426e-8fa7-9a00d15951de | Context admin_cleanup@openstack cleanup() finished in 6.21 sec
2019-06-18 08:03:15.153 1842 INFO rally.task.context [-] Task 5b7b27a7-7cd5-426e-8fa7-9a00d15951de | Context api_versions@openstack cleanup() started
2019-06-18 08:03:15.153 1842 INFO rally.task.context [-] Task 5b7b27a7-7cd5-426e-8fa7-9a00d15951de | Context api_versions@openstack cleanup() finished in 0.30 msec
2019-06-18 08:03:15.154 1842 INFO rally.task.context [-] Task 5b7b27a7-7cd5-426e-8fa7-9a00d15951de | Context users@openstack cleanup() started
2019-06-18 08:03:22.016 1842 INFO rally.task.context [-] Task 5b7b27a7-7cd5-426e-8fa7-9a00d15951de | Context users@openstack cleanup() finished in 6.86 sec
2019-06-18 08:03:23.023 1842 INFO rally.task.engine [-] Load duration is: 3.061432
2019-06-18 08:03:23.024 1842 INFO rally.task.engine [-] Full runner duration is: 3.111925
2019-06-18 08:03:23.024 1842 INFO rally.task.engine [-] Full duration is: 21.10413
2019-06-18 08:03:23.255 1842 INFO rally.task.engine [-] Running workload: position = 0 config = { "version": 2, "title": "A cropped version of a bigger task.", "description": "Auto-generated task from a single workload (uuid=62a920e1-457a-43d8-a2c8-c9dcd8f02a02)", "subtasks": [ { "title": "CinderVolumeTypes.create_and_list_volume_types", "description": "Create a volume Type, then list all types.", "scenario": { "CinderVolumeTypes.create_and_list_volume_types": { "description": "rally tests creating types" } }, "contexts": { "users": { "tenants": 3, "users_per_tenant": 2 }, "api_versions": { "cinder": { "version": 3, "service_type": "volumev3" } } }, "runner": { "constant": { "concurrency": 4, "times": 10 } }, "hooks": [], "sla": { "failure_rate": { "max": 0 } } } ] }
2019-06-18 08:03:23.276 1842 RALLYDEBUG rally_openstack.contexts.keystone.users [-] Creating 3 tenants using 20 threads
2019-06-18 08:03:25.169 1842 RALLYDEBUG rally_openstack.contexts.keystone.users [-] Creating 6 users using 20 threads
2019-06-18 08:03:27.942 1842 INFO rally.task.context [-] Task 5b7b27a7-7cd5-426e-8fa7-9a00d15951de | Context users@openstack setup() finished in 4.67 sec
2019-06-18 08:03:28.371 1842 INFO rally.task.context [-] Task 5b7b27a7-7cd5-426e-8fa7-9a00d15951de | Context api_versions@openstack setup() finished in 0.43 sec
2019-06-18 08:03:28.371 1842 INFO rally.task.context [-] Task 5b7b27a7-7cd5-426e-8fa7-9a00d15951de | Context admin_cleanup@openstack setup() finished in 0.00 msec
2019-06-18 08:03:28.378 1842 RALLYDEBUG rally.task.runner [-] Starting the constant runner (task UUID: 5b7b27a7-7cd5-426e-8fa7-9a00d15951de). timeout: 0 concurrency: 4 concurrency_per_worker: 1 times: 10 concurrency_overhead: 0 processes_to_start: 4 max_cpu_used: 16
2019-06-18 08:03:28.391 5842 RALLYDEBUG rally.task.runner [-] Starting a worker. concurrency: 1 args: {"description": "rally tests creating types"} times: 10 method_name: run timeout: 0 duration: None cls:
2019-06-18 08:03:28.394 5843 RALLYDEBUG rally.task.runner [-] Starting a worker. concurrency: 1 args: {"description": "rally tests creating types"} times: 10 method_name: run timeout: 0 duration: None cls:
2019-06-18 08:03:28.399 5842 INFO rally.task.runner [-] Task 5b7b27a7-7cd5-426e-8fa7-9a00d15951de | ITER: 1 START
2019-06-18 08:03:28.400 5844 RALLYDEBUG rally.task.runner [-] Starting a worker. concurrency: 1 args: {"description": "rally tests creating types"} times: 10 method_name: run timeout: 0 duration: None cls:
2019-06-18 08:03:28.401 5843 INFO rally.task.runner [-] Task 5b7b27a7-7cd5-426e-8fa7-9a00d15951de | ITER: 2 START
2019-06-18 08:03:28.404 5845 RALLYDEBUG rally.task.runner [-] Starting a worker. concurrency: 1 args: {"description": "rally tests creating types"} times: 10 method_name: run timeout: 0 duration: None cls:
2019-06-18 08:03:28.410 5844 INFO rally.task.runner [-] Task 5b7b27a7-7cd5-426e-8fa7-9a00d15951de | ITER: 3 START
2019-06-18 08:03:28.413 5845 INFO rally.task.runner [-] Task 5b7b27a7-7cd5-426e-8fa7-9a00d15951de | ITER: 4 START
2019-06-18 08:03:29.468 5843 INFO rally.task.runner [-] Task 5b7b27a7-7cd5-426e-8fa7-9a00d15951de | ITER: 2 END: OK
2019-06-18 08:03:29.471 5842 INFO rally.task.runner [-] Task 5b7b27a7-7cd5-426e-8fa7-9a00d15951de | ITER: 1 END: OK
2019-06-18 08:03:29.474 5843 INFO rally.task.runner [-] Task 5b7b27a7-7cd5-426e-8fa7-9a00d15951de | ITER: 5 START
2019-06-18 08:03:29.475 5842 INFO rally.task.runner [-] Task 5b7b27a7-7cd5-426e-8fa7-9a00d15951de | ITER: 6 START
2019-06-18 08:03:29.486 5845 INFO rally.task.runner [-] Task 5b7b27a7-7cd5-426e-8fa7-9a00d15951de | ITER: 4 END: OK
2019-06-18 08:03:29.490 5845 INFO rally.task.runner [-] Task 5b7b27a7-7cd5-426e-8fa7-9a00d15951de | ITER: 7 START
2019-06-18 08:03:29.495 5844 INFO rally.task.runner [-] Task 5b7b27a7-7cd5-426e-8fa7-9a00d15951de | ITER: 3 END: OK
2019-06-18 08:03:29.500 5844 INFO rally.task.runner [-] Task 5b7b27a7-7cd5-426e-8fa7-9a00d15951de | ITER: 8 START
2019-06-18 08:03:30.505 5845 INFO rally.task.runner [-] Task 5b7b27a7-7cd5-426e-8fa7-9a00d15951de | ITER: 7 END: OK
2019-06-18 08:03:30.509 5845 INFO rally.task.runner [-] Task 5b7b27a7-7cd5-426e-8fa7-9a00d15951de | ITER: 9 START
2019-06-18 08:03:30.513 5842 INFO rally.task.runner [-] Task 5b7b27a7-7cd5-426e-8fa7-9a00d15951de | ITER: 6 END: OK
2019-06-18 08:03:30.518 5842 INFO rally.task.runner [-] Task 5b7b27a7-7cd5-426e-8fa7-9a00d15951de | ITER: 10 START
2019-06-18 08:03:30.532 5843 INFO rally.task.runner [-] Task 5b7b27a7-7cd5-426e-8fa7-9a00d15951de | ITER: 5 END: OK
2019-06-18 08:03:30.599 5844 INFO rally.task.runner [-] Task 5b7b27a7-7cd5-426e-8fa7-9a00d15951de | ITER: 8 END: OK
2019-06-18 08:03:31.388 5842 INFO rally.task.runner [-] Task 5b7b27a7-7cd5-426e-8fa7-9a00d15951de | ITER: 10 END: OK
2019-06-18 08:03:31.449 5845 INFO rally.task.runner [-] Task 5b7b27a7-7cd5-426e-8fa7-9a00d15951de | ITER: 9 END: OK
2019-06-18 08:03:31.470 1842 INFO rally.task.context [-] Task 5b7b27a7-7cd5-426e-8fa7-9a00d15951de | Context admin_cleanup@openstack cleanup() started
2019-06-18 08:03:31.473 1842 RALLYDEBUG rally_openstack.cleanup.manager [-] Cleaning up cinder volume_types objects
2019-06-18 08:03:32.137 1842 RALLYDEBUG rally_openstack.cleanup.manager [-] Deleting cinder.volume_types object s_rally_62a920e1_3Ot43Chb (91586d96-9357-4aff-9196-3d61f3451cea)
2019-06-18 08:03:32.141 1842 RALLYDEBUG rally_openstack.cleanup.manager [-] Deleting cinder.volume_types object s_rally_62a920e1_2YIIv9fv (826e0a3a-7c3a-43c2-af1d-2bab2560b820)
2019-06-18 08:03:32.144 1842 RALLYDEBUG rally_openstack.cleanup.manager [-] Deleting cinder.volume_types object s_rally_62a920e1_2gNmSviD (85ad2997-368d-4136-bb21-7051f79b6ece)
2019-06-18 08:03:32.144 1842 RALLYDEBUG rally_openstack.cleanup.manager [-] Deleting cinder.volume_types object s_rally_62a920e1_Ge3MwnU3 (2a9a87fd-b367-455c-9fa6-e9da460f122e)
2019-06-18 08:03:32.145 1842 RALLYDEBUG rally_openstack.cleanup.manager [-] Deleting cinder.volume_types object s_rally_62a920e1_GFOmv27t (21f41aa9-9553-4ee6-acde-4da7a72aa3e9)
2019-06-18 08:03:32.148 1842 RALLYDEBUG rally_openstack.cleanup.manager [-] Deleting cinder.volume_types object s_rally_62a920e1_exBWHQhp (2ca29d72-bede-4ac3-ad5b-dcba2d2cc5b8)
2019-06-18 08:03:32.152 1842 RALLYDEBUG rally_openstack.cleanup.manager [-] Deleting cinder.volume_types object s_rally_62a920e1_MGPr0J7U (77b252da-46e8-4911-98bb-976f9fc8426f)
2019-06-18 08:03:32.162 1842 RALLYDEBUG rally_openstack.cleanup.manager [-] Deleting cinder.volume_types object s_rally_62a920e1_UoMutWFE (66dd3a3f-7703-48f0-861d-6358a089bb98)
2019-06-18 08:03:32.168 1842 RALLYDEBUG rally_openstack.cleanup.manager [-] Deleting cinder.volume_types object s_rally_62a920e1_r7IYIo8R (13e6b48c-a4e7-41b0-b520-78fd3f0a6920)
2019-06-18 08:03:32.170 1842 RALLYDEBUG rally_openstack.cleanup.manager [-] Deleting cinder.volume_types object s_rally_62a920e1_rpVf1kps (2f64ecd7-7854-4b60-8069-2d75e53fa558)
2019-06-18 08:03:34.414 1842 RALLYDEBUG rally_openstack.cleanup.manager [-] Cleaning up cinder image_volumes_cache objects
2019-06-18 08:03:35.383 1842 RALLYDEBUG rally_openstack.cleanup.manager [-] Cleaning up cinder quotas objects
2019-06-18 08:03:36.761 1842 RALLYDEBUG rally_openstack.cleanup.manager [-] Cleaning up cinder qos_specs objects
2019-06-18 08:03:37.446 1842 INFO rally.task.context [-] Task 5b7b27a7-7cd5-426e-8fa7-9a00d15951de | Context admin_cleanup@openstack cleanup() finished in 5.98 sec
2019-06-18 08:03:37.447 1842 INFO rally.task.context [-] Task 5b7b27a7-7cd5-426e-8fa7-9a00d15951de | Context api_versions@openstack cleanup() started
2019-06-18 08:03:37.447 1842 INFO rally.task.context [-] Task 5b7b27a7-7cd5-426e-8fa7-9a00d15951de | Context api_versions@openstack cleanup() finished in 0.36 msec
2019-06-18 08:03:37.447 1842 INFO rally.task.context [-] Task 5b7b27a7-7cd5-426e-8fa7-9a00d15951de | Context users@openstack cleanup() started
2019-06-18 08:03:44.443 1842 INFO rally.task.context [-] Task 5b7b27a7-7cd5-426e-8fa7-9a00d15951de | Context users@openstack cleanup() finished in 7.00 sec
2019-06-18 08:03:45.387 1842 INFO rally.task.engine [-] Load duration is: 3.047333
2019-06-18 08:03:45.387 1842 INFO rally.task.engine [-] Full runner duration is: 3.092588
2019-06-18 08:03:45.387 1842 INFO rally.task.engine [-] Full duration is: 21.169284
2019-06-18 08:03:45.662 1842 INFO rally.task.engine [-] Running workload: position = 0 config = { "version": 2, "title": "A cropped version of a bigger task.", "description": "Auto-generated task from a single workload (uuid=17ebb991-a79a-42b3-a650-84b2bb81ce02)", "subtasks": [ { "title": "CinderVolumeTypes.create_and_update_volume_type", "description": "create a volume type, then update the type.", "scenario": { "CinderVolumeTypes.create_and_update_volume_type": { "description": "test", "update_description": "test update" } }, "contexts": { "users": { "tenants": 3, "users_per_tenant": 2 }, "api_versions": { "cinder": { "version": 3, "service_type": "volumev3" } } }, "runner": { "constant": { "concurrency": 4, "times": 10 } }, "hooks": [], "sla": { "failure_rate": { "max": 0 } } } ] }
2019-06-18 08:03:45.684 1842 RALLYDEBUG rally_openstack.contexts.keystone.users [-] Creating 3 tenants using 20 threads
2019-06-18 08:03:47.476 1842 RALLYDEBUG rally_openstack.contexts.keystone.users [-] Creating 6 users using 20 threads
2019-06-18 08:03:50.112 1842 INFO rally.task.context [-] Task 5b7b27a7-7cd5-426e-8fa7-9a00d15951de | Context users@openstack setup() finished in 4.43 sec
2019-06-18 08:03:50.546 1842 INFO rally.task.context [-] Task 5b7b27a7-7cd5-426e-8fa7-9a00d15951de | Context api_versions@openstack setup() finished in 0.43 sec
2019-06-18 08:03:50.546 1842 INFO rally.task.context [-] Task 5b7b27a7-7cd5-426e-8fa7-9a00d15951de | Context admin_cleanup@openstack setup() finished in 0.01 msec
2019-06-18 08:03:50.553 1842 RALLYDEBUG rally.task.runner [-] Starting the constant runner (task UUID: 5b7b27a7-7cd5-426e-8fa7-9a00d15951de). timeout: 0 concurrency: 4 concurrency_per_worker: 1 times: 10 concurrency_overhead: 0 processes_to_start: 4 max_cpu_used: 16
2019-06-18 08:03:50.566 6026 RALLYDEBUG rally.task.runner [-] Starting a worker. concurrency: 1 args: {"description": "test", "update_description": "test update"} times: 10 method_name: run timeout: 0 duration: None cls:
2019-06-18 08:03:50.568 6027 RALLYDEBUG rally.task.runner [-] Starting a worker. concurrency: 1 args: {"description": "test", "update_description": "test update"} times: 10 method_name: run timeout: 0 duration: None cls:
2019-06-18 08:03:50.573 6029 RALLYDEBUG rally.task.runner [-] Starting a worker. concurrency: 1 args: {"description": "test", "update_description": "test update"} times: 10 method_name: run timeout: 0 duration: None cls:
2019-06-18 08:03:50.572 6028 RALLYDEBUG rally.task.runner [-] Starting a worker. concurrency: 1 args: {"description": "test", "update_description": "test update"} times: 10 method_name: run timeout: 0 duration: None cls:
2019-06-18 08:03:50.574 6027 INFO rally.task.runner [-] Task 5b7b27a7-7cd5-426e-8fa7-9a00d15951de | ITER: 2 START
2019-06-18 08:03:50.574 6026 INFO rally.task.runner [-] Task 5b7b27a7-7cd5-426e-8fa7-9a00d15951de | ITER: 1 START
2019-06-18 08:03:50.577 6029 INFO rally.task.runner [-] Task 5b7b27a7-7cd5-426e-8fa7-9a00d15951de | ITER: 3 START
2019-06-18 08:03:50.580 6028 INFO rally.task.runner [-] Task 5b7b27a7-7cd5-426e-8fa7-9a00d15951de | ITER: 4 START
2019-06-18 08:03:51.008 6029 DEBUG cinderclient.v2.client [-] REQ: curl -g -i -X POST http://172.30.9.21:8776/v3/aa96d7c988e54ca0ac39ea3bb679caa3/types -H "Accept: application/json" -H "Content-Type: application/json" -H "User-Agent: python-cinderclient" -H "X-Auth-Token: {SHA1}4871382077e815e3c0a3f2d6084ab24667ac7185" -d '{"volume_type": {"os-volume-type-access:is_public": true, "name": "s_rally_17ebb991_HPWgwgJK", "description": "test"}}' _http_log_request /usr/lib/python2.7/site-packages/keystoneauth1/session.py:448
2019-06-18 08:03:51.008 6027 DEBUG cinderclient.v2.client [-] REQ: curl -g -i -X POST http://172.30.9.21:8776/v3/aa96d7c988e54ca0ac39ea3bb679caa3/types -H "Accept: application/json" -H "Content-Type: application/json" -H "User-Agent: python-cinderclient" -H "X-Auth-Token: {SHA1}c4e46e45ec4209f6987d9ec30b4ccde0b5ebeea1" -d '{"volume_type": {"os-volume-type-access:is_public": true, "name": "s_rally_17ebb991_wxMN5P37", "description": "test"}}' _http_log_request /usr/lib/python2.7/site-packages/keystoneauth1/session.py:448
