2019-06-18 07:57:14.270 3964 RALLYDEBUG rally.task.runner [-] Starting a worker. concurrency: 1 args: {"force": false} times: 10 method_name: run timeout: 0 duration: None cls:
2019-06-18 07:57:14.272 3962 INFO rally.task.runner [-] Task 5b7b27a7-7cd5-426e-8fa7-9a00d15951de | ITER: 2 START
2019-06-18 07:57:14.275 3965 INFO rally.task.runner [-] Task 5b7b27a7-7cd5-426e-8fa7-9a00d15951de | ITER: 3 START
2019-06-18 07:57:14.278 3964 INFO rally.task.runner [-] Task 5b7b27a7-7cd5-426e-8fa7-9a00d15951de | ITER: 4 START
2019-06-18 07:57:17.880 3965 RALLYDEBUG rally.task.utils [-] Waiting for resource s_rally_7a3e63f1_Iqrfd8mD. Status changed: AVAILABLE => DELETING in 0.0245809555054
2019-06-18 07:57:18.198 3964 RALLYDEBUG rally.task.utils [-] Waiting for resource s_rally_7a3e63f1_ZrrG840x. Status changed: AVAILABLE => DELETING in 0.240327119827
2019-06-18 07:57:18.250 3963 RALLYDEBUG rally.task.utils [-] Waiting for resource s_rally_7a3e63f1_KGswkky4. Status changed: AVAILABLE => DELETING in 0.220439910889
2019-06-18 07:57:18.410 3962 RALLYDEBUG rally.task.utils [-] Waiting for resource s_rally_7a3e63f1_1x3tFCdx. Status changed: AVAILABLE => DELETING in 0.232801914215
2019-06-18 07:57:19.905 3965 INFO rally.task.runner [-] Task 5b7b27a7-7cd5-426e-8fa7-9a00d15951de | ITER: 3 END: OK
2019-06-18 07:57:19.911 3965 INFO rally.task.runner [-] Task 5b7b27a7-7cd5-426e-8fa7-9a00d15951de | ITER: 5 START
2019-06-18 07:57:20.403 3964 INFO rally.task.runner [-] Task 5b7b27a7-7cd5-426e-8fa7-9a00d15951de | ITER: 4 END: OK
2019-06-18 07:57:20.409 3964 INFO rally.task.runner [-] Task 5b7b27a7-7cd5-426e-8fa7-9a00d15951de | ITER: 6 START
2019-06-18 07:57:20.440 3962 INFO rally.task.runner [-] Task 5b7b27a7-7cd5-426e-8fa7-9a00d15951de | ITER: 2 END: OK
2019-06-18 07:57:20.445 3962 INFO rally.task.runner [-] Task 5b7b27a7-7cd5-426e-8fa7-9a00d15951de | ITER: 7 START
2019-06-18 07:57:20.469 3963 INFO rally.task.runner [-] Task 5b7b27a7-7cd5-426e-8fa7-9a00d15951de | ITER: 1 END: OK
2019-06-18 07:57:20.474 3963 INFO rally.task.runner [-] Task 5b7b27a7-7cd5-426e-8fa7-9a00d15951de | ITER: 8 START
2019-06-18 07:57:23.426 3965 RALLYDEBUG rally.task.utils [-] Waiting for resource s_rally_7a3e63f1_7nyiVJXA. Status changed: AVAILABLE => DELETING in 0.0256860256195
2019-06-18 07:57:23.926 3964 RALLYDEBUG rally.task.utils [-] Waiting for resource s_rally_7a3e63f1_9EeJhVuR. Status changed: AVAILABLE => DELETING in 0.220832109451
2019-06-18 07:57:24.281 3963 RALLYDEBUG rally.task.utils [-] Waiting for resource s_rally_7a3e63f1_phz8e5ow. Status changed: AVAILABLE => DELETING in 0.305166959763
2019-06-18 07:57:24.290 3962 RALLYDEBUG rally.task.utils [-] Waiting for resource s_rally_7a3e63f1_6CDfhboX. Status changed: AVAILABLE => DELETING in 0.218398809433
2019-06-18 07:57:25.638 3965 INFO rally.task.runner [-] Task 5b7b27a7-7cd5-426e-8fa7-9a00d15951de | ITER: 5 END: OK
2019-06-18 07:57:25.643 3965 INFO rally.task.runner [-] Task 5b7b27a7-7cd5-426e-8fa7-9a00d15951de | ITER: 9 START
2019-06-18 07:57:25.950 3964 INFO rally.task.runner [-] Task 5b7b27a7-7cd5-426e-8fa7-9a00d15951de | ITER: 6 END: OK
2019-06-18 07:57:25.955 3964 INFO rally.task.runner [-] Task 5b7b27a7-7cd5-426e-8fa7-9a00d15951de | ITER: 10 START
2019-06-18 07:57:26.513 3963 INFO rally.task.runner [-] Task 5b7b27a7-7cd5-426e-8fa7-9a00d15951de | ITER: 8 END: OK
2019-06-18 07:57:26.521 3962 INFO rally.task.runner [-] Task 5b7b27a7-7cd5-426e-8fa7-9a00d15951de | ITER: 7 END: OK
2019-06-18 07:57:29.413 3965 RALLYDEBUG rally.task.utils [-] Waiting for resource s_rally_7a3e63f1_CDbwQivj. Status changed: AVAILABLE => DELETING in 0.215634822845
2019-06-18 07:57:29.506 3964 RALLYDEBUG rally.task.utils [-] Waiting for resource s_rally_7a3e63f1_QbfjdShf. Status changed: AVAILABLE => DELETING in 0.223882913589
2019-06-18 07:57:31.440 3965 INFO rally.task.runner [-] Task 5b7b27a7-7cd5-426e-8fa7-9a00d15951de | ITER: 9 END: OK
2019-06-18 07:57:31.820 3964 INFO rally.task.runner [-] Task 5b7b27a7-7cd5-426e-8fa7-9a00d15951de | ITER: 10 END: OK
2019-06-18 07:57:31.843 1842 INFO rally.task.context [-] Task 5b7b27a7-7cd5-426e-8fa7-9a00d15951de | Context cleanup@openstack cleanup() started
2019-06-18 07:57:31.846 1842 RALLYDEBUG rally_openstack.cleanup.manager [-] Cleaning up cinder backups objects
2019-06-18 07:57:33.700 1842 RALLYDEBUG rally_openstack.cleanup.manager [-] Cleaning up cinder volume_snapshots objects
2019-06-18 07:57:35.634 1842 RALLYDEBUG rally_openstack.cleanup.manager [-] Cleaning up cinder transfers objects
2019-06-18 07:57:37.480 1842 RALLYDEBUG rally_openstack.cleanup.manager [-] Cleaning up cinder volumes objects
2019-06-18 07:57:39.696 1842 INFO rally.task.context [-] Task 5b7b27a7-7cd5-426e-8fa7-9a00d15951de | Context cleanup@openstack cleanup() finished in 7.85 sec
2019-06-18 07:57:39.697 1842 INFO rally.task.context [-] Task 5b7b27a7-7cd5-426e-8fa7-9a00d15951de | Context volumes@openstack cleanup() started
2019-06-18 07:57:39.698 1842 RALLYDEBUG rally_openstack.cleanup.manager [-] Cleaning up cinder volumes objects
2019-06-18 07:57:41.794 1842 RALLYDEBUG rally_openstack.cleanup.manager [-] Deleting cinder.volumes object c_rally_7a3e63f1_yzHL9nlh (2380a23a-a022-4552-9be1-eac91e5d73a1)
2019-06-18 07:57:41.795 1842 RALLYDEBUG rally_openstack.cleanup.manager [-] Deleting cinder.volumes object c_rally_7a3e63f1_us6B0WMq (046f1b50-09f9-44d8-bcbe-3e952ae1e2a4)
2019-06-18 07:57:41.796 1842 RALLYDEBUG rally_openstack.cleanup.manager [-] Deleting cinder.volumes object c_rally_7a3e63f1_2xHzRcPr (6025c6a7-f3a4-419f-a45d-e21cacbf111b)
2019-06-18 07:57:45.277 1842 INFO rally.task.context [-] Task 5b7b27a7-7cd5-426e-8fa7-9a00d15951de | Context volumes@openstack cleanup() finished in 5.58 sec
2019-06-18 07:57:45.278 1842 INFO rally.task.context [-] Task 5b7b27a7-7cd5-426e-8fa7-9a00d15951de | Context quotas@openstack cleanup() started
2019-06-18 07:57:45.550 1842 INFO rally.task.context [-] Task 5b7b27a7-7cd5-426e-8fa7-9a00d15951de | Context quotas@openstack cleanup() finished in 0.27 sec
2019-06-18 07:57:45.551 1842 INFO rally.task.context [-] Task 5b7b27a7-7cd5-426e-8fa7-9a00d15951de | Context api_versions@openstack cleanup() started
2019-06-18 07:57:45.551 1842 INFO rally.task.context [-] Task 5b7b27a7-7cd5-426e-8fa7-9a00d15951de | Context api_versions@openstack cleanup() finished in 0.31 msec
2019-06-18 07:57:45.551 1842 INFO rally.task.context [-] Task 5b7b27a7-7cd5-426e-8fa7-9a00d15951de | Context users@openstack cleanup() started
2019-06-18 07:57:52.460 1842 INFO rally.task.context [-] Task 5b7b27a7-7cd5-426e-8fa7-9a00d15951de | Context users@openstack cleanup() finished in 6.91 sec
2019-06-18 07:57:53.144 1842 INFO rally.task.engine [-] Load duration is: 17.545289
2019-06-18 07:57:53.145 1842 INFO rally.task.engine [-] Full runner duration is: 17.593001
2019-06-18 07:57:53.145 1842 INFO rally.task.engine [-] Full duration is: 55.548332
2019-06-18 07:57:53.425 1842 INFO rally.task.engine [-] Running workload: position = 0 config = { "version": 2, "title": "A cropped version of a bigger task.", "description": "Auto-generated task from a single workload (uuid=0cb1faf5-d28e-4958-bf3b-9e1e476dfa3f)", "subtasks": [ { "title": "CinderVolumes.create_and_delete_volume", "description": "Create and then delete a volume.", "scenario": { "CinderVolumes.create_and_delete_volume": { "size": { "max": 1, "min": 1 } } }, "contexts": { "users": { "tenants": 3, "users_per_tenant": 2 }, "quotas": { "cinder": { "gigabytes": -1, "snapshots": -1, "volumes": -1 } }, "api_versions": { "cinder": { "version": 3, "service_type": "volumev3" } } }, "runner": { "constant": { "concurrency": 4, "times": 10 } }, "hooks": [], "sla": { "failure_rate": { "max": 0 } } } ] }
2019-06-18 07:57:53.451 1842 RALLYDEBUG rally_openstack.contexts.keystone.users [-] Creating 3 tenants using 20 threads
2019-06-18 07:57:55.320 1842 RALLYDEBUG rally_openstack.contexts.keystone.users [-] Creating 6 users using 20 threads
2019-06-18 07:57:58.208 1842 INFO rally.task.context [-] Task 5b7b27a7-7cd5-426e-8fa7-9a00d15951de | Context users@openstack setup() finished in 4.76 sec
2019-06-18 07:57:58.624 1842 INFO rally.task.context [-] Task 5b7b27a7-7cd5-426e-8fa7-9a00d15951de | Context api_versions@openstack setup() finished in 0.42 sec
2019-06-18 07:58:00.168 1842 INFO rally.task.context [-] Task 5b7b27a7-7cd5-426e-8fa7-9a00d15951de | Context quotas@openstack setup() finished in 1.54 sec
2019-06-18 07:58:00.169 1842 INFO rally.task.context [-] Task 5b7b27a7-7cd5-426e-8fa7-9a00d15951de | Context cleanup@openstack setup() finished in 0.01 msec
2019-06-18 07:58:00.177 1842 RALLYDEBUG rally.task.runner [-] Starting the constant runner (task UUID: 5b7b27a7-7cd5-426e-8fa7-9a00d15951de). timeout: 0 concurrency: 4 concurrency_per_worker: 1 times: 10 concurrency_overhead: 0 processes_to_start: 4 max_cpu_used: 16
2019-06-18 07:58:00.190 4166 RALLYDEBUG rally.task.runner [-] Starting a worker. concurrency: 1 args: {"size": {"max": 1, "min": 1}} times: 10 method_name: run timeout: 0 duration: None cls:
2019-06-18 07:58:00.192 4167 RALLYDEBUG rally.task.runner [-] Starting a worker. concurrency: 1 args: {"size": {"max": 1, "min": 1}} times: 10 method_name: run timeout: 0 duration: None cls:
2019-06-18 07:58:00.195 4168 RALLYDEBUG rally.task.runner [-] Starting a worker. concurrency: 1 args: {"size": {"max": 1, "min": 1}} times: 10 method_name: run timeout: 0 duration: None cls:
2019-06-18 07:58:00.199 4166 INFO rally.task.runner [-] Task 5b7b27a7-7cd5-426e-8fa7-9a00d15951de | ITER: 1 START
2019-06-18 07:58:00.199 4169 RALLYDEBUG rally.task.runner [-] Starting a worker. concurrency: 1 args: {"size": {"max": 1, "min": 1}} times: 10 method_name: run timeout: 0 duration: None cls:
2019-06-18 07:58:00.199 4167 INFO rally.task.runner [-] Task 5b7b27a7-7cd5-426e-8fa7-9a00d15951de | ITER: 2 START
2019-06-18 07:58:00.202 4168 INFO rally.task.runner [-] Task 5b7b27a7-7cd5-426e-8fa7-9a00d15951de | ITER: 3 START
2019-06-18 07:58:00.206 4169 INFO rally.task.runner [-] Task 5b7b27a7-7cd5-426e-8fa7-9a00d15951de | ITER: 4 START
2019-06-18 07:58:03.940 4169 RALLYDEBUG rally.task.utils [-] Waiting for resource s_rally_0cb1faf5_ToPVD2FY. Status changed: AVAILABLE => DELETING in 0.0545599460602
2019-06-18 07:58:04.076 4166 RALLYDEBUG rally.task.utils [-] Waiting for resource s_rally_0cb1faf5_wdnztuzy. Status changed: AVAILABLE => DELETING in 0.0675129890442
2019-06-18 07:58:04.453 4168 RALLYDEBUG rally.task.utils [-] Waiting for resource s_rally_0cb1faf5_sWnSuXSR. Status changed: AVAILABLE => DELETING in 0.280215024948
2019-06-18 07:58:04.497 4167 RALLYDEBUG rally.task.utils [-] Waiting for resource s_rally_0cb1faf5_tABLjBEW. Status changed: AVAILABLE => DELETING in 0.40109705925
2019-06-18 07:58:06.113 4166 INFO rally.task.runner [-] Task 5b7b27a7-7cd5-426e-8fa7-9a00d15951de | ITER: 1 END: OK
2019-06-18 07:58:06.118 4166 INFO rally.task.runner [-] Task 5b7b27a7-7cd5-426e-8fa7-9a00d15951de | ITER: 5 START
2019-06-18 07:58:06.166 4169 INFO rally.task.runner [-] Task 5b7b27a7-7cd5-426e-8fa7-9a00d15951de | ITER: 4 END: OK
2019-06-18 07:58:06.172 4169 INFO rally.task.runner [-] Task 5b7b27a7-7cd5-426e-8fa7-9a00d15951de | ITER: 6 START
2019-06-18 07:58:06.551 4167 INFO rally.task.runner [-] Task 5b7b27a7-7cd5-426e-8fa7-9a00d15951de | ITER: 2 END: OK
2019-06-18 07:58:06.557 4167 INFO rally.task.runner [-] Task 5b7b27a7-7cd5-426e-8fa7-9a00d15951de | ITER: 7 START
2019-06-18 07:58:06.717 4168 INFO rally.task.runner [-] Task 5b7b27a7-7cd5-426e-8fa7-9a00d15951de | ITER: 3 END: OK
2019-06-18 07:58:06.722 4168 INFO rally.task.runner [-] Task 5b7b27a7-7cd5-426e-8fa7-9a00d15951de | ITER: 8 START
2019-06-18 07:58:09.999 4166 INFO rally.task.runner [-] Task 5b7b27a7-7cd5-426e-8fa7-9a00d15951de | ITER: 5 END: OK
2019-06-18 07:58:10.004 4166 INFO rally.task.runner [-] Task 5b7b27a7-7cd5-426e-8fa7-9a00d15951de | ITER: 9 START
2019-06-18 07:58:10.022 4169 RALLYDEBUG rally.task.utils [-] Waiting for resource s_rally_0cb1faf5_aaQRqCov. Status changed: AVAILABLE => DELETING in 0.261810064316
2019-06-18 07:58:10.485 4167 RALLYDEBUG rally.task.utils [-] Waiting for resource s_rally_0cb1faf5_thUmDW1G. Status changed: AVAILABLE => DELETING in 0.0537168979645
2019-06-18 07:58:10.818 4168 RALLYDEBUG rally.task.utils [-] Waiting for resource s_rally_0cb1faf5_lnG4eVmQ. Status changed: AVAILABLE => DELETING in 0.260345935822
2019-06-18 07:58:12.240 4169 INFO rally.task.runner [-] Task 5b7b27a7-7cd5-426e-8fa7-9a00d15951de | ITER: 6 END: OK
2019-06-18 07:58:12.246 4169 INFO rally.task.runner [-] Task 5b7b27a7-7cd5-426e-8fa7-9a00d15951de | ITER: 10 START
2019-06-18 07:58:12.520 4167 INFO rally.task.runner [-] Task 5b7b27a7-7cd5-426e-8fa7-9a00d15951de | ITER: 7 END: OK
2019-06-18 07:58:12.857 4168 INFO rally.task.runner [-] Task 5b7b27a7-7cd5-426e-8fa7-9a00d15951de | ITER: 8 END: OK
2019-06-18 07:58:13.778 4166 INFO rally.task.runner [-] Task 5b7b27a7-7cd5-426e-8fa7-9a00d15951de | ITER: 9 END: OK
2019-06-18 07:58:15.960 4169 RALLYDEBUG rally.task.utils [-] Waiting for resource s_rally_0cb1faf5_QI7KlE7p. Status changed: AVAILABLE => DELETING in 0.0547919273376
2019-06-18 07:58:18.205 4169 INFO rally.task.runner [-] Task 5b7b27a7-7cd5-426e-8fa7-9a00d15951de | ITER: 10 END: OK
2019-06-18 07:58:18.234 1842 INFO rally.task.context [-] Task 5b7b27a7-7cd5-426e-8fa7-9a00d15951de | Context cleanup@openstack cleanup() started
2019-06-18 07:58:18.236 1842 RALLYDEBUG rally_openstack.cleanup.manager [-] Cleaning up cinder backups objects
2019-06-18 07:58:20.198 1842 RALLYDEBUG rally_openstack.cleanup.manager [-] Cleaning up cinder volume_snapshots objects
2019-06-18 07:58:22.075 1842 RALLYDEBUG rally_openstack.cleanup.manager [-] Cleaning up cinder transfers objects
2019-06-18 07:58:24.032 1842 RALLYDEBUG rally_openstack.cleanup.manager [-] Cleaning up cinder volumes objects
2019-06-18 07:58:26.125 1842 INFO rally.task.context [-] Task 5b7b27a7-7cd5-426e-8fa7-9a00d15951de | Context cleanup@openstack cleanup() finished in 7.89 sec
2019-06-18 07:58:26.126 1842 INFO rally.task.context [-] Task 5b7b27a7-7cd5-426e-8fa7-9a00d15951de | Context quotas@openstack cleanup() started
2019-06-18 07:58:26.820 1842 INFO rally.task.context [-] Task 5b7b27a7-7cd5-426e-8fa7-9a00d15951de | Context quotas@openstack cleanup() finished in 0.69 sec
2019-06-18 07:58:26.820 1842 INFO rally.task.context [-] Task 5b7b27a7-7cd5-426e-8fa7-9a00d15951de | Context api_versions@openstack cleanup() started
2019-06-18 07:58:26.820 1842 INFO rally.task.context [-] Task 5b7b27a7-7cd5-426e-8fa7-9a00d15951de | Context api_versions@openstack cleanup() finished in 0.32 msec
2019-06-18 07:58:26.821 1842 INFO rally.task.context [-] Task 5b7b27a7-7cd5-426e-8fa7-9a00d15951de | Context users@openstack cleanup() started
2019-06-18 07:58:34.031 1842 INFO rally.task.context [-] Task 5b7b27a7-7cd5-426e-8fa7-9a00d15951de | Context users@openstack cleanup() finished in 7.21 sec
2019-06-18 07:58:35.635 1842 INFO rally.task.engine [-] Load duration is: 18.003006
2019-06-18 07:58:35.635 1842 INFO rally.task.engine [-] Full runner duration is: 18.058061
2019-06-18 07:58:35.636 1842 INFO rally.task.engine [-] Full duration is: 40.584178
2019-06-18 07:58:35.777 1842 INFO rally.task.engine [-] Running workload: position = 1 config = { "version": 2, "title": "A cropped version of a bigger task.", "description": "Auto-generated task from a single workload (uuid=04d08dba-67a7-4165-ada2-f91ec0f83bc7)", "subtasks": [ { "title": "CinderVolumes.create_and_delete_volume", "description": "Create and then delete a volume.", "scenario": { "CinderVolumes.create_and_delete_volume": { "image": { "name": "rally_full-img_7d1d2e4e-7a2f-4797-8729-69be94a9285d" }, "size": 1 } }, "contexts": { "users": { "tenants": 3, "users_per_tenant": 2 }, "quotas": { "cinder": { "gigabytes": -1, "snapshots": -1, "volumes": -1 } }, "api_versions": { "cinder": { "version": 3, "service_type": "volumev3" } } }, "runner": { "constant": { "concurrency": 4, "times": 10 } }, "hooks": [], "sla": { "failure_rate": { "max": 0 } } } ] }
2019-06-18 07:58:35.798 1842 RALLYDEBUG rally_openstack.contexts.keystone.users [-] Creating 3 tenants using 20 threads
2019-06-18 07:58:37.692 1842 RALLYDEBUG rally_openstack.contexts.keystone.users [-] Creating 6 users using 20 threads
2019-06-18 07:58:40.370 1842 INFO rally.task.context [-] Task 5b7b27a7-7cd5-426e-8fa7-9a00d15951de | Context users@openstack setup() finished in 4.57 sec
2019-06-18 07:58:40.791 1842 INFO rally.task.context [-] Task 5b7b27a7-7cd5-426e-8fa7-9a00d15951de | Context api_versions@openstack setup() finished in 0.42 sec
2019-06-18 07:58:42.476 1842 INFO rally.task.context [-] Task 5b7b27a7-7cd5-426e-8fa7-9a00d15951de | Context quotas@openstack setup() finished in 1.68 sec
2019-06-18 07:58:42.476 1842 INFO rally.task.context [-] Task 5b7b27a7-7cd5-426e-8fa7-9a00d15951de | Context cleanup@openstack setup() finished in 0.01 msec
2019-06-18 07:58:43.192 1842 RALLYDEBUG rally.task.runner [-] Starting the constant runner (task UUID: 5b7b27a7-7cd5-426e-8fa7-9a00d15951de). timeout: 0 concurrency: 4 concurrency_per_worker: 1 times: 10 concurrency_overhead: 0 processes_to_start: 4 max_cpu_used: 16
2019-06-18 07:58:43.205 4350 RALLYDEBUG rally.task.runner [-] Starting a worker. concurrency: 1 args: {"image": "fbaee983-ab2f-4f71-8102-35b09a5bf1c5", "size": 1} times: 10 method_name: run timeout: 0 duration: None cls:
2019-06-18 07:58:43.207 4351 RALLYDEBUG rally.task.runner [-] Starting a worker. concurrency: 1 args: {"image": "fbaee983-ab2f-4f71-8102-35b09a5bf1c5", "size": 1} times: 10 method_name: run timeout: 0 duration: None cls:
2019-06-18 07:58:43.210 4352 RALLYDEBUG rally.task.runner [-] Starting a worker. concurrency: 1 args: {"image": "fbaee983-ab2f-4f71-8102-35b09a5bf1c5", "size": 1} times: 10 method_name: run timeout: 0 duration: None cls:
2019-06-18 07:58:43.213 4353 RALLYDEBUG rally.task.runner [-] Starting a worker. concurrency: 1 args: {"image": "fbaee983-ab2f-4f71-8102-35b09a5bf1c5", "size": 1} times: 10 method_name: run timeout: 0 duration: None cls:
2019-06-18 07:58:43.214 4350 INFO rally.task.runner [-] Task 5b7b27a7-7cd5-426e-8fa7-9a00d15951de | ITER: 1 START
2019-06-18 07:58:43.216 4351 INFO rally.task.runner [-] Task 5b7b27a7-7cd5-426e-8fa7-9a00d15951de | ITER: 2 START
2019-06-18 07:58:43.219 4352 INFO rally.task.runner [-] Task 5b7b27a7-7cd5-426e-8fa7-9a00d15951de | ITER: 3 START
2019-06-18 07:58:43.221 4353 INFO rally.task.runner [-] Task 5b7b27a7-7cd5-426e-8fa7-9a00d15951de | ITER: 4 START
2019-06-18 07:58:47.189 4351 RALLYDEBUG rally.task.utils [-] Waiting for resource s_rally_04d08dba_rbREr7mX. Status changed: CREATING => DOWNLOADING in 0.589230060577
2019-06-18 07:58:47.730 4353 RALLYDEBUG rally.task.utils [-] Waiting for resource s_rally_04d08dba_llOoEZ0f. Status changed: CREATING => DOWNLOADING in 0.699799060822
2019-06-18 07:58:49.492 4352 RALLYDEBUG rally.task.utils [-] Waiting for resource s_rally_04d08dba_QV3QDND4. Status changed: CREATING => AVAILABLE in 2.96317100525
2019-06-18 07:58:49.496 4351 RALLYDEBUG rally.task.utils [-] Waiting for resource s_rally_04d08dba_rbREr7mX. Status changed: DOWNLOADING => AVAILABLE in 2.30637478828
2019-06-18 07:58:50.075 4352 RALLYDEBUG rally.task.utils [-] Waiting for resource s_rally_04d08dba_QV3QDND4. Status changed: AVAILABLE => DELETING in 0.271693944931
2019-06-18 07:58:50.090 4351 RALLYDEBUG rally.task.utils [-] Waiting for resource s_rally_04d08dba_rbREr7mX. Status changed: AVAILABLE => DELETING in 0.28213596344
2019-06-18 07:58:50.162 4353 RALLYDEBUG rally.task.utils [-] Waiting for resource s_rally_04d08dba_llOoEZ0f. Status changed: DOWNLOADING => AVAILABLE in 2.43209981918
2019-06-18 07:58:50.202 4350 RALLYDEBUG rally.task.utils [-] Waiting for resource s_rally_04d08dba_hOjvVXCt. Status changed: DOWNLOADING => AVAILABLE in 3.13769507408
2019-06-18 07:58:50.742 4350 INFO rally.task.runner [-] Task 5b7b27a7-7cd5-426e-8fa7-9a00d15951de | ITER: 1 END: OK
2019-06-18 07:58:50.748 4350 INFO rally.task.runner [-] Task 5b7b27a7-7cd5-426e-8fa7-9a00d15951de | ITER: 5 START
2019-06-18 07:58:50.750 4353 INFO rally.task.runner [-] Task 5b7b27a7-7cd5-426e-8fa7-9a00d15951de | ITER: 4 END: OK
2019-06-18 07:58:50.755 4353 INFO rally.task.runner [-] Task 5b7b27a7-7cd5-426e-8fa7-9a00d15951de | ITER: 6 START
2019-06-18 07:58:52.111 4352 INFO rally.task.runner [-] Task 5b7b27a7-7cd5-426e-8fa7-9a00d15951de | ITER: 3 END: OK
2019-06-18 07:58:52.116 4352 INFO rally.task.runner [-] Task 5b7b27a7-7cd5-426e-8fa7-9a00d15951de | ITER: 7 START
2019-06-18 07:58:52.128 4351 INFO rally.task.runner [-] Task 5b7b27a7-7cd5-426e-8fa7-9a00d15951de | ITER: 2 END: OK
2019-06-18 07:58:52.132 4351 INFO rally.task.runner [-] Task 5b7b27a7-7cd5-426e-8fa7-9a00d15951de | ITER: 8 START
2019-06-18 07:58:56.864 4350 RALLYDEBUG rally.task.utils [-] Waiting for resource s_rally_04d08dba_y5LgoxSX. Status changed: DOWNLOADING => AVAILABLE in 2.88752794266
2019-06-18 07:58:56.973 4353 RALLYDEBUG rally.task.utils [-] Waiting for resource s_rally_04d08dba_kr8EbElA. Status changed: DOWNLOADING => AVAILABLE in 2.94871091843
2019-06-18 07:58:57.264 4350 RALLYDEBUG rally.task.utils [-] Waiting for resource s_rally_04d08dba_y5LgoxSX. Status changed: AVAILABLE => DELETING in 0.327756166458
2019-06-18 07:58:57.303 4353 RALLYDEBUG rally.task.utils [-] Waiting for resource s_rally_04d08dba_kr8EbElA. Status changed: AVAILABLE => DELETING in 0.053848028183
2019-06-18 07:58:58.113 4352 RALLYDEBUG rally.task.utils [-] Waiting for resource s_rally_04d08dba_q8bJ3syC. Status changed: DOWNLOADING => AVAILABLE in 2.66078090668
2019-06-18 07:58:58.294 4351 RALLYDEBUG rally.task.utils [-] Waiting for resource s_rally_04d08dba_6y0fsWzi. Status changed: DOWNLOADING => AVAILABLE in 2.92463207245
2019-06-18 07:58:58.772 4352 RALLYDEBUG rally.task.utils [-] Waiting for resource s_rally_04d08dba_q8bJ3syC. Status changed: AVAILABLE => DELETING in 0.266741037369
2019-06-18 07:58:58.815 4351 RALLYDEBUG rally.task.utils [-] Waiting for resource s_rally_04d08dba_6y0fsWzi. Status changed: AVAILABLE => DELETING in 0.261562824249
2019-06-18 07:58:59.479 4350 INFO rally.task.runner [-] Task 5b7b27a7-7cd5-426e-8fa7-9a00d15951de | ITER: 5 END: OK
2019-06-18 07:58:59.484 4350 INFO rally.task.runner [-] Task 5b7b27a7-7cd5-426e-8fa7-9a00d15951de | ITER: 9 START
2019-06-18 07:58:59.518 4353 INFO rally.task.runner [-] Task 5b7b27a7-7cd5-426e-8fa7-9a00d15951de | ITER: 6 END: OK
2019-06-18 07:58:59.522 4353 INFO rally.task.runner [-] Task 5b7b27a7-7cd5-426e-8fa7-9a00d15951de | ITER: 10 START
2019-06-18 07:59:00.808 4352 INFO rally.task.runner [-] Task 5b7b27a7-7cd5-426e-8fa7-9a00d15951de | ITER: 7 END: OK
2019-06-18 07:59:00.853 4351 INFO rally.task.runner [-] Task 5b7b27a7-7cd5-426e-8fa7-9a00d15951de | ITER: 8 END: OK
2019-06-18 07:59:05.276 4350 RALLYDEBUG rally.task.utils [-] Waiting for resource s_rally_04d08dba_lZLulZXI. Status changed: DOWNLOADING => AVAILABLE in 2.62590098381
2019-06-18 07:59:05.427 4353 RALLYDEBUG rally.task.utils [-] Waiting for resource s_rally_04d08dba_SqNMWTzu. Status changed: DOWNLOADING => AVAILABLE in 2.68181085587
2019-06-18 07:59:06.013 4350 INFO rally.task.runner [-] Task 5b7b27a7-7cd5-426e-8fa7-9a00d15951de | ITER: 9 END: OK
2019-06-18 07:59:06.080 4353 INFO rally.task.runner [-] Task 5b7b27a7-7cd5-426e-8fa7-9a00d15951de | ITER: 10 END: OK
2019-06-18 07:59:06.099 1842 INFO rally.task.context [-] Task 5b7b27a7-7cd5-426e-8fa7-9a00d15951de | Context cleanup@openstack cleanup() started
2019-06-18 07:59:06.101 1842 RALLYDEBUG rally_openstack.cleanup.manager [-] Cleaning up cinder backups objects
2019-06-18 07:59:08.007 1842 RALLYDEBUG rally_openstack.cleanup.manager [-] Cleaning up cinder volume_snapshots objects
2019-06-18 07:59:10.037 1842 RALLYDEBUG rally_openstack.cleanup.manager [-] Cleaning up cinder transfers objects
2019-06-18 07:59:11.961 1842 RALLYDEBUG rally_openstack.cleanup.manager [-] Cleaning up cinder volumes objects
2019-06-18 07:59:13.982 1842 INFO rally.task.context [-] Task 5b7b27a7-7cd5-426e-8fa7-9a00d15951de | Context cleanup@openstack cleanup() finished in 7.88 sec
2019-06-18 07:59:13.982 1842 INFO rally.task.context [-] Task 5b7b27a7-7cd5-426e-8fa7-9a00d15951de | Context quotas@openstack cleanup() started
2019-06-18 07:59:14.428 1842 INFO rally.task.context [-] Task 5b7b27a7-7cd5-426e-8fa7-9a00d15951de | Context quotas@openstack cleanup() finished in 0.45 sec
2019-06-18 07:59:14.428 1842 INFO rally.task.context [-] Task 5b7b27a7-7cd5-426e-8fa7-9a00d15951de | Context api_versions@openstack cleanup() started
2019-06-18 07:59:14.428 1842 INFO rally.task.context [-] Task 5b7b27a7-7cd5-426e-8fa7-9a00d15951de | Context api_versions@openstack cleanup() finished in 0.31 msec
2019-06-18 07:59:14.429 1842 INFO rally.task.context [-] Task 5b7b27a7-7cd5-426e-8fa7-9a00d15951de | Context users@openstack cleanup() started
2019-06-18 07:59:21.392 1842 INFO rally.task.context [-] Task 5b7b27a7-7cd5-426e-8fa7-9a00d15951de | Context users@openstack cleanup() finished in 6.96 sec
2019-06-18 07:59:22.005 1842 INFO rally.task.engine [-] Load duration is: 22.862415
2019-06-18 07:59:22.006 1842 INFO rally.task.engine [-] Full runner duration is: 22.908145
2019-06-18 07:59:22.006 1842 INFO rally.task.engine [-] Full duration is: 45.596132
2019-06-18 07:59:22.127 1842 INFO rally.task.engine [-] Running workload: position = 2 config = { "version": 2, "title": "A cropped version of a bigger task.", "description": "Auto-generated task from a single workload (uuid=86632691-0422-47c2-996b-1fe5b66d6c30)", "subtasks": [ { "title": "CinderVolumes.create_and_delete_volume", "description": "Create and then delete a volume.", "scenario": { "CinderVolumes.create_and_delete_volume": { "size": 1 } }, "contexts": { "users": { "tenants": 3, "users_per_tenant": 2 }, "quotas": { "cinder": { "gigabytes": -1, "snapshots": -1, "volumes": -1 } }, "api_versions": { "cinder": { "version": 3, "service_type": "volumev3" } } }, "runner": { "constant": { "concurrency": 4, "times": 10 } }, "hooks": [], "sla": { "failure_rate": { "max": 0 } } } ] }
2019-06-18 07:59:22.152 1842 RALLYDEBUG rally_openstack.contexts.keystone.users [-] Creating 3 tenants using 20 threads
2019-06-18 07:59:23.964 1842 RALLYDEBUG rally_openstack.contexts.keystone.users [-] Creating 6 users using 20 threads
2019-06-18 07:59:26.494 1842 INFO rally.task.context [-] Task 5b7b27a7-7cd5-426e-8fa7-9a00d15951de | Context users@openstack setup() finished in 4.34 sec
2019-06-18 07:59:26.929 1842 INFO rally.task.context [-] Task 5b7b27a7-7cd5-426e-8fa7-9a00d15951de | Context api_versions@openstack setup() finished in 0.43 sec
2019-06-18 07:59:28.589 1842 INFO rally.task.context [-] Task 5b7b27a7-7cd5-426e-8fa7-9a00d15951de | Context quotas@openstack setup() finished in 1.66 sec
2019-06-18 07:59:28.590 1842 INFO rally.task.context [-] Task 5b7b27a7-7cd5-426e-8fa7-9a00d15951de | Context cleanup@openstack setup() finished in 0.01 msec
2019-06-18 07:59:28.598 1842 RALLYDEBUG rally.task.runner [-] Starting the constant runner (task UUID: 5b7b27a7-7cd5-426e-8fa7-9a00d15951de). timeout: 0 concurrency: 4 concurrency_per_worker: 1 times: 10 concurrency_overhead: 0 processes_to_start: 4 max_cpu_used: 16
2019-06-18 07:59:28.611 4534 RALLYDEBUG rally.task.runner [-] Starting a worker. concurrency: 1 args: {"size": 1} times: 10 method_name: run timeout: 0 duration: None cls:
2019-06-18 07:59:28.614 4535 RALLYDEBUG rally.task.runner [-] Starting a worker. concurrency: 1 args: {"size": 1} times: 10 method_name: run timeout: 0 duration: None cls:
2019-06-18 07:59:28.617 4536 RALLYDEBUG rally.task.runner [-] Starting a worker. concurrency: 1 args: {"size": 1} times: 10 method_name: run timeout: 0 duration: None cls:
2019-06-18 07:59:28.618 4534 INFO rally.task.runner [-] Task 5b7b27a7-7cd5-426e-8fa7-9a00d15951de | ITER: 1 START
2019-06-18 07:59:28.620 4537 RALLYDEBUG rally.task.runner [-] Starting a worker. concurrency: 1 args: {"size": 1} times: 10 method_name: run timeout: 0 duration: None cls:
2019-06-18 07:59:28.624 4535 INFO rally.task.runner [-] Task 5b7b27a7-7cd5-426e-8fa7-9a00d15951de | ITER: 2 START
2019-06-18 07:59:28.625 4536 INFO rally.task.runner [-] Task 5b7b27a7-7cd5-426e-8fa7-9a00d15951de | ITER: 3 START
2019-06-18 07:59:28.628 4537 INFO rally.task.runner [-] Task 5b7b27a7-7cd5-426e-8fa7-9a00d15951de | ITER: 4 START
2019-06-18 07:59:32.518 4536 RALLYDEBUG rally.task.utils [-] Waiting for resource s_rally_86632691_sNihsW0n. Status changed: AVAILABLE => DELETING in 0.0547139644623
2019-06-18 07:59:32.748 4534 RALLYDEBUG rally.task.utils [-] Waiting for resource s_rally_86632691_RuVKbxkB. Status changed: AVAILABLE => DELETING in 0.242822885513
2019-06-18 07:59:32.767 4535 RALLYDEBUG rally.task.utils [-] Waiting for resource s_rally_86632691_TgWPl4oE. Status changed: AVAILABLE => DELETING in 0.249967098236
2019-06-18 07:59:33.190 4537 RALLYDEBUG rally.task.utils [-] Waiting for resource s_rally_86632691_Jq5cgoQ2. Status changed: AVAILABLE => DELETING in 0.253767967224
2019-06-18 07:59:34.556 4536 INFO rally.task.runner [-] Task 5b7b27a7-7cd5-426e-8fa7-9a00d15951de | ITER: 3 END: OK
2019-06-18 07:59:34.561 4536 INFO rally.task.runner [-] Task 5b7b27a7-7cd5-426e-8fa7-9a00d15951de | ITER: 5 START
2019-06-18 07:59:34.981 4534 INFO rally.task.runner [-] Task 5b7b27a7-7cd5-426e-8fa7-9a00d15951de | ITER: 1 END: OK
2019-06-18 07:59:34.986 4534 INFO rally.task.runner [-] Task 5b7b27a7-7cd5-426e-8fa7-9a00d15951de | ITER: 6 START
2019-06-18 07:59:34.996 4535 INFO rally.task.runner [-] Task 5b7b27a7-7cd5-426e-8fa7-9a00d15951de | ITER: 2 END: OK
2019-06-18 07:59:35.001 4535 INFO rally.task.runner [-] Task 5b7b27a7-7cd5-426e-8fa7-9a00d15951de | ITER: 7 START
2019-06-18 07:59:35.414 4537 INFO rally.task.runner [-] Task 5b7b27a7-7cd5-426e-8fa7-9a00d15951de | ITER: 4 END: OK
2019-06-18 07:59:35.420 4537 INFO rally.task.runner [-] Task 5b7b27a7-7cd5-426e-8fa7-9a00d15951de | ITER: 8 START
2019-06-18 07:59:38.086 4536 RALLYDEBUG rally.task.utils [-] Waiting for resource s_rally_86632691_dROCny1N. Status changed: AVAILABLE => DELETING in 0.0520150661469
2019-06-18 07:59:38.914 4535 RALLYDEBUG rally.task.utils [-] Waiting for resource s_rally_86632691_ge4RhLfV. Status changed: AVAILABLE => DELETING in 0.31674695015
2019-06-18 07:59:39.019 4534 INFO rally.task.runner [-] Task 5b7b27a7-7cd5-426e-8fa7-9a00d15951de | ITER: 6 END: OK
2019-06-18 07:59:39.023 4534 INFO rally.task.runner [-] Task 5b7b27a7-7cd5-426e-8fa7-9a00d15951de | ITER: 9 START
2019-06-18 07:59:39.390 4537 RALLYDEBUG rally.task.utils [-] Waiting for resource s_rally_86632691_T13u0A84. Status changed: AVAILABLE => DELETING in 0.255158185959
2019-06-18 07:59:40.342 4536 INFO rally.task.runner [-] Task 5b7b27a7-7cd5-426e-8fa7-9a00d15951de | ITER: 5 END: OK
2019-06-18 07:59:40.347 4536 INFO rally.task.runner [-] Task 5b7b27a7-7cd5-426e-8fa7-9a00d15951de | ITER: 10 START
2019-06-18 07:59:41.161 4535 INFO rally.task.runner [-] Task 5b7b27a7-7cd5-426e-8fa7-9a00d15951de | ITER: 7 END: OK
2019-06-18 07:59:41.610 4537 INFO rally.task.runner [-] Task 5b7b27a7-7cd5-426e-8fa7-9a00d15951de | ITER: 8 END: OK
2019-06-18 07:59:42.817 4534 INFO rally.task.runner [-] Task 5b7b27a7-7cd5-426e-8fa7-9a00d15951de | ITER: 9 END: OK
2019-06-18 07:59:43.986 4536 RALLYDEBUG rally.task.utils [-] Waiting for resource s_rally_86632691_jQdaLKQS. Status changed: AVAILABLE => DELETING in 0.0529317855835
2019-06-18 07:59:46.214 4536 INFO rally.task.runner [-] Task 5b7b27a7-7cd5-426e-8fa7-9a00d15951de | ITER: 10 END: OK
2019-06-18 07:59:46.238 1842 INFO rally.task.context [-] Task 5b7b27a7-7cd5-426e-8fa7-9a00d15951de | Context cleanup@openstack cleanup() started
2019-06-18 07:59:46.241 1842 RALLYDEBUG rally_openstack.cleanup.manager [-] Cleaning up cinder backups objects
2019-06-18 07:59:48.175 1842 RALLYDEBUG rally_openstack.cleanup.manager [-] Cleaning up cinder volume_snapshots objects
2019-06-18 07:59:50.228 1842 RALLYDEBUG rally_openstack.cleanup.manager [-] Cleaning up cinder transfers objects
2019-06-18 07:59:52.097 1842 RALLYDEBUG rally_openstack.cleanup.manager [-] Cleaning up cinder volumes objects
2019-06-18 07:59:54.155 1842 INFO rally.task.context [-] Task 5b7b27a7-7cd5-426e-8fa7-9a00d15951de | Context cleanup@openstack cleanup() finished in 7.92 sec
2019-06-18 07:59:54.155 1842 INFO rally.task.context [-] Task 5b7b27a7-7cd5-426e-8fa7-9a00d15951de | Context quotas@openstack cleanup() started
2019-06-18 07:59:54.491 1842 INFO rally.task.context [-] Task 5b7b27a7-7cd5-426e-8fa7-9a00d15951de | Context quotas@openstack cleanup() finished in 0.34 sec
2019-06-18 07:59:54.491 1842 INFO rally.task.context [-] Task 5b7b27a7-7cd5-426e-8fa7-9a00d15951de | Context api_versions@openstack cleanup() started
2019-06-18 07:59:54.492 1842 INFO rally.task.context [-] Task 5b7b27a7-7cd5-426e-8fa7-9a00d15951de | Context api_versions@openstack cleanup() finished in 0.29 msec
2019-06-18 07:59:54.492 1842 INFO rally.task.context [-] Task 5b7b27a7-7cd5-426e-8fa7-9a00d15951de | Context users@openstack cleanup() started
2019-06-18 08:00:01.474 1842 INFO rally.task.context [-] Task 5b7b27a7-7cd5-426e-8fa7-9a00d15951de | Context users@openstack cleanup() finished in 6.98 sec
2019-06-18 08:00:02.333 1842 INFO rally.task.engine [-] Load duration is: 17.592237
2019-06-18 08:00:02.334 1842 INFO rally.task.engine [-] Full runner duration is: 17.64111
2019-06-18 08:00:02.334 1842 INFO rally.task.engine [-] Full duration is: 39.325453
2019-06-18 08:00:02.630 1842 INFO rally.task.engine [-] Running workload: position = 0 config = { "version": 2, "title": "A cropped version of a bigger task.", "description": "Auto-generated task from a single workload (uuid=52f77764-3b57-42c3-a9ea-57bd634bae50)", "subtasks": [ { "title": "CinderVolumes.create_and_extend_volume", "description": "Create and extend a volume and then delete it.", "scenario": { "CinderVolumes.create_and_extend_volume": { "new_size": 2, "size": 1 } }, "contexts": { "users": { "tenants": 3, "users_per_tenant": 2 }, "quotas": { "cinder": { "gigabytes": -1, "snapshots": -1, "volumes": -1 } }, "api_versions": { "cinder": { "version": 3, "service_type": "volumev3" } } }, "runner": { "constant": { "concurrency": 4, "times": 10 } }, "hooks": [], "sla": { "failure_rate": { "max": 0 } } } ] }
2019-06-18 08:00:02.652 1842 RALLYDEBUG rally_openstack.contexts.keystone.users [-] Creating 3 tenants using 20 threads
2019-06-18 08:00:04.522 1842 RALLYDEBUG rally_openstack.contexts.keystone.users [-] Creating 6 users using 20 threads
2019-06-18 08:00:07.100 1842 INFO rally.task.context [-] Task 5b7b27a7-7cd5-426e-8fa7-9a00d15951de | Context users@openstack setup() finished in 4.45 sec
2019-06-18 08:00:07.524 1842 INFO rally.task.context [-] Task 5b7b27a7-7cd5-426e-8fa7-9a00d15951de | Context api_versions@openstack setup() finished in 0.42 sec
2019-06-18 08:00:09.036 1842 INFO rally.task.context [-] Task 5b7b27a7-7cd5-426e-8fa7-9a00d15951de | Context quotas@openstack setup() finished in 1.51 sec
2019-06-18 08:00:09.036 1842 INFO rally.task.context [-] Task 5b7b27a7-7cd5-426e-8fa7-9a00d15951de | Context cleanup@openstack setup() finished in 0.01 msec
2019-06-18 08:00:09.044 1842 RALLYDEBUG rally.task.runner [-] Starting the constant runner (task UUID: 5b7b27a7-7cd5-426e-8fa7-9a00d15951de). timeout: 0 concurrency: 4 concurrency_per_worker: 1 times: 10 concurrency_overhead: 0 processes_to_start: 4 max_cpu_used: 16
2019-06-18 08:00:09.056 4718 RALLYDEBUG rally.task.runner [-] Starting a worker. concurrency: 1 args: {"new_size": 2, "size": 1} times: 10 method_name: run timeout: 0 duration: None cls:
2019-06-18 08:00:09.059 4719 RALLYDEBUG rally.task.runner [-] Starting a worker. concurrency: 1 args: {"new_size": 2, "size": 1} times: 10 method_name: run timeout: 0 duration: None cls:
2019-06-18 08:00:09.062 4720 RALLYDEBUG rally.task.runner [-] Starting a worker. concurrency: 1 args: {"new_size": 2, "size": 1} times: 10 method_name: run timeout: 0 duration: None cls:
2019-06-18 08:00:09.066 4718 INFO rally.task.runner [-] Task 5b7b27a7-7cd5-426e-8fa7-9a00d15951de | ITER: 1 START
2019-06-18 08:00:09.066 4721 RALLYDEBUG rally.task.runner [-] Starting a worker. concurrency: 1 args: {"new_size": 2, "size": 1} times: 10 method_name: run timeout: 0 duration: None cls:
2019-06-18 08:00:09.067 4719 INFO rally.task.runner [-] Task 5b7b27a7-7cd5-426e-8fa7-9a00d15951de | ITER: 2 START
2019-06-18 08:00:09.069 4720 INFO rally.task.runner [-] Task 5b7b27a7-7cd5-426e-8fa7-9a00d15951de | ITER: 3 START
2019-06-18 08:00:09.074 4721 INFO rally.task.runner [-] Task 5b7b27a7-7cd5-426e-8fa7-9a00d15951de | ITER: 4 START
2019-06-18 08:00:13.296 4719 RALLYDEBUG rally.task.utils [-] Waiting for resource s_rally_52f77764_vuBSUOsn. Status changed: AVAILABLE => EXTENDING in 0.080705165863
2019-06-18 08:00:13.329 4718 RALLYDEBUG rally.task.utils [-] Waiting for resource s_rally_52f77764_g337wUFW. Status changed: AVAILABLE => EXTENDING in 0.0683040618896
2019-06-18 08:00:13.369 4721 RALLYDEBUG rally.task.utils [-] Waiting for resource s_rally_52f77764_0eKxuwNS. Status changed: AVAILABLE => EXTENDING in 0.398171186447
2019-06-18 08:00:13.700 4720 RALLYDEBUG rally.task.utils [-] Waiting for resource s_rally_52f77764_i3aCiG63. Status changed: AVAILABLE => EXTENDING in 0.451880931854
2019-06-18 08:00:15.393 4718 RALLYDEBUG rally.task.utils [-] Waiting for resource s_rally_52f77764_g337wUFW. Status changed: EXTENDING => AVAILABLE in 2.0642209053
2019-06-18 08:00:15.431 4721 RALLYDEBUG rally.task.utils [-] Waiting for resource s_rally_52f77764_0eKxuwNS. Status changed: EXTENDING => AVAILABLE in 2.06223583221
2019-06-18 08:00:15.557 4719 RALLYDEBUG rally.task.utils [-] Waiting for resource s_rally_52f77764_vuBSUOsn. Status changed: EXTENDING => AVAILABLE in 2.26107788086
2019-06-18 08:00:15.769 4720 RALLYDEBUG rally.task.utils [-] Waiting for resource s_rally_52f77764_i3aCiG63. Status changed: EXTENDING => AVAILABLE in 2.06931805611
2019-06-18 08:00:15.769 4721 INFO rally.task.runner [-] Task 5b7b27a7-7cd5-426e-8fa7-9a00d15951de | ITER: 4 END: OK
2019-06-18 08:00:15.774 4721 INFO rally.task.runner [-] Task 5b7b27a7-7cd5-426e-8fa7-9a00d15951de | ITER: 5 START
2019-06-18 08:00:15.896 4720 RALLYDEBUG rally.task.utils [-] Waiting for resource s_rally_52f77764_i3aCiG63. Status changed: AVAILABLE => DELETING in 0.0552539825439
2019-06-18 08:00:16.013 4718 RALLYDEBUG rally.task.utils [-] Waiting for resource s_rally_52f77764_g337wUFW. Status changed: AVAILABLE => DELETING in 0.328050851822
2019-06-18 08:00:16.129 4719 RALLYDEBUG rally.task.utils [-] Waiting for resource s_rally_52f77764_vuBSUOsn. Status changed: AVAILABLE => DELETING in 0.29230594635
2019-06-18 08:00:18.174 4719 INFO rally.task.runner [-] Task 5b7b27a7-7cd5-426e-8fa7-9a00d15951de | ITER: 2 END: OK
2019-06-18 08:00:18.179 4719 INFO rally.task.runner [-] Task 5b7b27a7-7cd5-426e-8fa7-9a00d15951de | ITER: 6 START
2019-06-18 08:00:18.221 4720 INFO rally.task.runner [-] Task 5b7b27a7-7cd5-426e-8fa7-9a00d15951de | ITER: 3 END: OK
2019-06-18 08:00:18.226 4720 INFO rally.task.runner [-] Task 5b7b27a7-7cd5-426e-8fa7-9a00d15951de | ITER: 7 START
2019-06-18 08:00:18.249 4718 INFO rally.task.runner [-] Task 5b7b27a7-7cd5-426e-8fa7-9a00d15951de | ITER: 1 END: OK
2019-06-18 08:00:18.254 4718 INFO rally.task.runner [-] Task 5b7b27a7-7cd5-426e-8fa7-9a00d15951de | ITER: 8 START
2019-06-18 08:00:20.421 4721 INFO rally.task.runner [-] Task 5b7b27a7-7cd5-426e-8fa7-9a00d15951de | ITER: 5 END: OK
2019-06-18 08:00:20.426 4721 INFO rally.task.runner [-] Task 5b7b27a7-7cd5-426e-8fa7-9a00d15951de | ITER: 9 START
2019-06-18 08:00:22.435 4719 RALLYDEBUG rally.task.utils [-] Waiting for resource s_rally_52f77764_vZYrPvID. Status changed: AVAILABLE => DELETING in 0.0558488368988
2019-06-18 08:00:22.671 4718 RALLYDEBUG rally.task.utils [-] Waiting for resource s_rally_52f77764_4rkop4aT. Status changed: AVAILABLE => DELETING in 0.0752880573273
2019-06-18 08:00:22.820 4720 RALLYDEBUG rally.task.utils [-] Waiting for resource s_rally_52f77764_VkkMsntL. Status changed: AVAILABLE => DELETING in 0.266889095306
2019-06-18 08:00:24.419 4721 RALLYDEBUG rally.task.utils [-] Waiting for resource s_rally_52f77764_7BbsQeEs. Status changed: AVAILABLE => DELETING in 0.0502059459686
2019-06-18 08:00:24.649 4719 INFO rally.task.runner [-] Task 5b7b27a7-7cd5-426e-8fa7-9a00d15951de | ITER: 6 END: OK
2019-06-18 08:00:24.655 4719 INFO rally.task.runner [-] Task 5b7b27a7-7cd5-426e-8fa7-9a00d15951de | ITER: 10 START
2019-06-18 08:00:24.711 4718 INFO rally.task.runner [-] Task 5b7b27a7-7cd5-426e-8fa7-9a00d15951de | ITER: 8 END: OK
2019-06-18 08:00:24.856 4720 INFO rally.task.runner [-] Task 5b7b27a7-7cd5-426e-8fa7-9a00d15951de | ITER: 7 END: OK
2019-06-18 08:00:26.675 4721 INFO rally.task.runner [-] Task 5b7b27a7-7cd5-426e-8fa7-9a00d15951de | ITER: 9 END: OK
2019-06-18 08:00:28.914 4719 INFO rally.task.runner [-] Task 5b7b27a7-7cd5-426e-8fa7-9a00d15951de | ITER: 10 END: OK
2019-06-18 08:00:28.937 1842 INFO rally.task.context [-] Task 5b7b27a7-7cd5-426e-8fa7-9a00d15951de | Context cleanup@openstack cleanup() started
2019-06-18 08:00:28.940 1842 RALLYDEBUG rally_openstack.cleanup.manager [-] Cleaning up cinder backups objects
2019-06-18 08:00:30.868 1842 RALLYDEBUG rally_openstack.cleanup.manager [-] Cleaning up cinder volume_snapshots objects
2019-06-18 08:00:32.804 1842 RALLYDEBUG rally_openstack.cleanup.manager [-] Cleaning up cinder transfers objects
2019-06-18 08:00:34.719 1842 RALLYDEBUG rally_openstack.cleanup.manager [-] Cleaning up cinder volumes objects
2019-06-18 08:00:36.791 1842 INFO rally.task.context [-] Task 5b7b27a7-7cd5-426e-8fa7-9a00d15951de | Context cleanup@openstack cleanup() finished in 7.85 sec
2019-06-18 08:00:36.792 1842 INFO rally.task.context [-] Task 5b7b27a7-7cd5-426e-8fa7-9a00d15951de | Context quotas@openstack cleanup() started
2019-06-18 08:00:37.236 1842 INFO rally.task.context [-] Task 5b7b27a7-7cd5-426e-8fa7-9a00d15951de | Context quotas@openstack cleanup() finished in 0.44 sec
2019-06-18 08:00:37.236 1842 INFO rally.task.context [-] Task 5b7b27a7-7cd5-426e-8fa7-9a00d15951de | Context api_versions@openstack cleanup() started
2019-06-18 08:00:37.237 1842 INFO rally.task.context [-] Task 5b7b27a7-7cd5-426e-8fa7-9a00d15951de | Context api_versions@openstack cleanup() finished in 0.33 msec
2019-06-18 08:00:37.237 1842 INFO rally.task.context [-] Task 5b7b27a7-7cd5-426e-8fa7-9a00d15951de | Context users@openstack cleanup() started
2019-06-18 08:00:44.146 1842 INFO rally.task.context [-] Task 5b7b27a7-7cd5-426e-8fa7-9a00d15951de | Context users@openstack cleanup() finished in 6.91 sec
2019-06-18 08:00:44.838 1842 INFO rally.task.engine [-] Load duration is: 19.844721
2019-06-18 08:00:44.839 1842 INFO rally.task.engine [-] Full runner duration is: 19.893919
2019-06-18 08:00:44.839 1842 INFO rally.task.engine [-] Full duration is: 41.500527
2019-06-18 08:00:45.084 1842 INFO rally.task.engine [-] Running workload: position = 0 config = { "version": 2, "title": "A cropped version of a bigger task.", "description": "Auto-generated task from a single workload (uuid=e1ce46a5-fcc3-41f4-ba51-aa125be60f0d)", "subtasks": [ { "title": "CinderVolumes.create_from_volume_and_delete_volume", "description": "Create volume from volume and then delete it.", "scenario": { "CinderVolumes.create_from_volume_and_delete_volume": { "size": 1 } }, "contexts": { "users": { "tenants": 3, "users_per_tenant": 2 }, "quotas": { "cinder": { "gigabytes": -1, "snapshots": -1, "volumes": -1 } }, "api_versions": { "cinder": { "version": 3, "service_type": "volumev3" } }, "volumes": { "size": 1, "volumes_per_tenant": 1 } }, "runner": { "constant": { "concurrency": 4, "times": 10 } }, "hooks": [], "sla": { "failure_rate": { "max": 0 } } } ] }
2019-06-18 08:00:45.111 1842 RALLYDEBUG rally_openstack.contexts.keystone.users [-] Creating 3 tenants using 20 threads
2019-06-18 08:00:46.975 1842 RALLYDEBUG rally_openstack.contexts.keystone.users [-] Creating 6 users using 20 threads
2019-06-18 08:00:49.672 1842 INFO rally.task.context [-] Task 5b7b27a7-7cd5-426e-8fa7-9a00d15951de | Context users@openstack setup() finished in 4.56 sec
2019-06-18 08:00:50.085 1842 INFO rally.task.context [-] Task 5b7b27a7-7cd5-426e-8fa7-9a00d15951de | Context api_versions@openstack setup() finished in 0.41 sec
2019-06-18 08:00:51.577 1842 INFO rally.task.context [-] Task 5b7b27a7-7cd5-426e-8fa7-9a00d15951de | Context quotas@openstack setup() finished in 1.49 sec
2019-06-18 08:01:02.010 1842 INFO rally.task.context [-] Task 5b7b27a7-7cd5-426e-8fa7-9a00d15951de | Context volumes@openstack setup() finished in 10.43 sec
2019-06-18 08:01:02.011 1842 INFO rally.task.context [-] Task 5b7b27a7-7cd5-426e-8fa7-9a00d15951de | Context cleanup@openstack setup() finished in 0.01 msec
2019-06-18 08:01:02.019 1842 RALLYDEBUG rally.task.runner [-] Starting the constant runner (task UUID: 5b7b27a7-7cd5-426e-8fa7-9a00d15951de). timeout: 0 concurrency: 4 concurrency_per_worker: 1 times: 10 concurrency_overhead: 0 processes_to_start: 4 max_cpu_used: 16
2019-06-18 08:01:02.030 4902 RALLYDEBUG rally.task.runner [-] Starting a worker. concurrency: 1 args: {"size": 1} times: 10 method_name: run timeout: 0 duration: None cls:
2019-06-18 08:01:02.032 4903 RALLYDEBUG rally.task.runner [-] Starting a worker. concurrency: 1 args: {"size": 1} times: 10 method_name: run timeout: 0 duration: None cls:
2019-06-18 08:01:02.036 4902 INFO rally.task.runner [-] Task 5b7b27a7-7cd5-426e-8fa7-9a00d15951de | ITER: 1 START
2019-06-18 08:01:02.037 4904 RALLYDEBUG rally.task.runner [-] Starting a worker. concurrency: 1 args: {"size": 1} times: 10 method_name: run timeout: 0 duration: None cls:
2019-06-18 08:01:02.038 4903 INFO rally.task.runner [-] Task 5b7b27a7-7cd5-426e-8fa7-9a00d15951de | ITER: 2 START
2019-06-18 08:01:02.039 4905 RALLYDEBUG rally.task.runner [-] Starting a worker. concurrency: 1 args: {"size": 1} times: 10 method_name: run timeout: 0 duration: None cls:
2019-06-18 08:01:02.045 4904 INFO rally.task.runner [-] Task 5b7b27a7-7cd5-426e-8fa7-9a00d15951de | ITER: 3 START
2019-06-18 08:01:02.047 4905 INFO rally.task.runner [-] Task 5b7b27a7-7cd5-426e-8fa7-9a00d15951de | ITER: 4 START
2019-06-18 08:01:06.099 4903 RALLYDEBUG rally.task.utils [-] Waiting for resource s_rally_e1ce46a5_GtQ5jDnA. Status changed: AVAILABLE => DELETING in 0.251574039459
2019-06-18 08:01:06.137 4904 RALLYDEBUG rally.task.utils [-] Waiting for resource s_rally_e1ce46a5_EEGmZpCb. Status changed: AVAILABLE => DELETING in 0.0550060272217
2019-06-18 08:01:07.972 4902 RALLYDEBUG rally.task.utils [-] Waiting for resource s_rally_e1ce46a5_bez4zAES. Status changed: CREATING => AVAILABLE in 2.77562999725
2019-06-18 08:01:07.974 4905 RALLYDEBUG rally.task.utils [-] Waiting for resource s_rally_e1ce46a5_dRLdyC6k. Status changed: CREATING => AVAILABLE in 2.73043394089
2019-06-18 08:01:08.333 4905 RALLYDEBUG rally.task.utils [-] Waiting for resource s_rally_e1ce46a5_dRLdyC6k. Status changed: AVAILABLE => DELETING in 0.059149980545
2019-06-18 08:01:08.567 4902 RALLYDEBUG rally.task.utils [-] Waiting for resource s_rally_e1ce46a5_bez4zAES. Status changed: AVAILABLE => DELETING in 0.310896873474
2019-06-18 08:01:10.373 4903 INFO rally.task.runner [-] Task 5b7b27a7-7cd5-426e-8fa7-9a00d15951de | ITER: 2 END: OK
2019-06-18 08:01:10.377 4903 INFO rally.task.runner [-] Task 5b7b27a7-7cd5-426e-8fa7-9a00d15951de | ITER: 5 START
2019-06-18 08:01:10.611 4904 INFO rally.task.runner [-] Task 5b7b27a7-7cd5-426e-8fa7-9a00d15951de | ITER: 3 END: OK
2019-06-18 08:01:10.617 4904 INFO rally.task.runner [-] Task 5b7b27a7-7cd5-426e-8fa7-9a00d15951de | ITER: 6 START
2019-06-18 08:01:12.663 4902 INFO rally.task.runner [-] Task 5b7b27a7-7cd5-426e-8fa7-9a00d15951de | ITER: 1 END: OK
2019-06-18 08:01:12.667 4902 INFO rally.task.runner [-] Task 5b7b27a7-7cd5-426e-8fa7-9a00d15951de | ITER: 7 START
2019-06-18 08:01:12.793 4905 INFO rally.task.runner [-] Task 5b7b27a7-7cd5-426e-8fa7-9a00d15951de | ITER: 4 END: OK
2019-06-18 08:01:12.798 4905 INFO rally.task.runner [-] Task 5b7b27a7-7cd5-426e-8fa7-9a00d15951de | ITER: 8 START
2019-06-18 08:01:14.578 4903 RALLYDEBUG rally.task.utils [-] Waiting for resource s_rally_e1ce46a5_iVK2mxPM. Status changed: AVAILABLE => DELETING in 0.250586986542
2019-06-18 08:01:14.598 4904 RALLYDEBUG rally.task.utils [-] Waiting for resource s_rally_e1ce46a5_LFX5X600. Status changed: AVAILABLE => DELETING in 0.0543370246887
2019-06-18 08:01:16.616 4903 INFO rally.task.runner [-] Task 5b7b27a7-7cd5-426e-8fa7-9a00d15951de | ITER: 5 END: OK
2019-06-18 08:01:16.620 4903 INFO rally.task.runner [-] Task 5b7b27a7-7cd5-426e-8fa7-9a00d15951de | ITER: 9 START
2019-06-18 08:01:16.916 4902 RALLYDEBUG rally.task.utils [-] Waiting for resource s_rally_e1ce46a5_hjYAdEK8. Status changed: AVAILABLE => DELETING in 0.231279850006
2019-06-18 08:01:18.503 4905 RALLYDEBUG rally.task.utils [-] Waiting for resource s_rally_e1ce46a5_r3TPlku0. Status changed: CREATING => AVAILABLE in 2.73172497749
2019-06-18 08:01:18.709 4904 INFO rally.task.runner [-] Task 5b7b27a7-7cd5-426e-8fa7-9a00d15951de | ITER: 6 END: OK
2019-06-18 08:01:18.714 4904 INFO rally.task.runner [-] Task 5b7b27a7-7cd5-426e-8fa7-9a00d15951de | ITER: 10 START
2019-06-18 08:01:18.817 4905 RALLYDEBUG rally.task.utils [-] Waiting for resource s_rally_e1ce46a5_r3TPlku0. Status changed: AVAILABLE => DELETING in 0.248304843903
2019-06-18 08:01:21.003 4903 RALLYDEBUG rally.task.utils [-] Waiting for resource s_rally_e1ce46a5_1aBydc9f. Status changed: AVAILABLE => DELETING in 0.259759902954
2019-06-18 08:01:21.014 4902 INFO rally.task.runner [-] Task 5b7b27a7-7cd5-426e-8fa7-9a00d15951de | ITER: 7 END: OK
2019-06-18 08:01:21.141 4905 INFO rally.task.runner [-] Task 5b7b27a7-7cd5-426e-8fa7-9a00d15951de | ITER: 8 END: OK
2019-06-18 08:01:23.240 4903 INFO rally.task.runner [-] Task 5b7b27a7-7cd5-426e-8fa7-9a00d15951de | ITER: 9 END: OK
