2019-06-18 07:38:48.464 725 RALLYDEBUG rally_openstack.cleanup.manager [-] Deleting glance.images object s_rally_33946a42_XzFqy2B5 (728bc938-790c-4e96-a29c-63e3eed7deca)
2019-06-18 07:38:48.479 725 RALLYDEBUG rally_openstack.cleanup.manager [-] Deleting glance.images object s_rally_33946a42_7jCUFRkd (fbd3faa0-ecd6-467d-94a4-00699c3b456c)
2019-06-18 07:38:48.484 725 RALLYDEBUG rally_openstack.cleanup.manager [-] Deleting glance.images object s_rally_33946a42_49dbbMn8 (e59c222d-0d69-4d52-ab53-7fa772a8c3bf)
2019-06-18 07:38:49.617 725 DEBUG glanceclient.common.http [-] Request returned failure status 404. _handle_response /usr/lib/python2.7/site-packages/glanceclient/common/http.py:125
2019-06-18 07:38:49.628 725 DEBUG glanceclient.common.http [-] Request returned failure status 404. _handle_response /usr/lib/python2.7/site-packages/glanceclient/common/http.py:125
2019-06-18 07:38:49.631 725 DEBUG glanceclient.common.http [-] Request returned failure status 404. _handle_response /usr/lib/python2.7/site-packages/glanceclient/common/http.py:125
2019-06-18 07:38:49.641 725 DEBUG glanceclient.common.http [-] Request returned failure status 404. _handle_response /usr/lib/python2.7/site-packages/glanceclient/common/http.py:125
2019-06-18 07:38:50.652 725 DEBUG glanceclient.common.http [-] Request returned failure status 404. _handle_response /usr/lib/python2.7/site-packages/glanceclient/common/http.py:125
2019-06-18 07:38:50.663 725 DEBUG glanceclient.common.http [-] Request returned failure status 404. _handle_response /usr/lib/python2.7/site-packages/glanceclient/common/http.py:125
2019-06-18 07:38:50.666 725 DEBUG glanceclient.common.http [-] Request returned failure status 404. _handle_response /usr/lib/python2.7/site-packages/glanceclient/common/http.py:125
2019-06-18 07:38:50.676 725 DEBUG glanceclient.common.http [-] Request returned failure status 404. _handle_response /usr/lib/python2.7/site-packages/glanceclient/common/http.py:125
2019-06-18 07:38:51.841 725 DEBUG glanceclient.common.http [-] Request returned failure status 404. _handle_response /usr/lib/python2.7/site-packages/glanceclient/common/http.py:125
2019-06-18 07:38:51.860 725 DEBUG glanceclient.common.http [-] Request returned failure status 404. _handle_response /usr/lib/python2.7/site-packages/glanceclient/common/http.py:125
2019-06-18 07:38:51.865 725 DEBUG glanceclient.common.http [-] Request returned failure status 404. _handle_response /usr/lib/python2.7/site-packages/glanceclient/common/http.py:125
2019-06-18 07:38:51.882 725 DEBUG glanceclient.common.http [-] Request returned failure status 404. _handle_response /usr/lib/python2.7/site-packages/glanceclient/common/http.py:125
2019-06-18 07:38:51.884 725 DEBUG glanceclient.common.http [-] Request returned failure status 404. _handle_response /usr/lib/python2.7/site-packages/glanceclient/common/http.py:125
2019-06-18 07:38:51.896 725 DEBUG glanceclient.common.http [-] Request returned failure status 404. _handle_response /usr/lib/python2.7/site-packages/glanceclient/common/http.py:125
2019-06-18 07:38:52.863 725 DEBUG glanceclient.common.http [-] Request returned failure status 404. _handle_response /usr/lib/python2.7/site-packages/glanceclient/common/http.py:125
2019-06-18 07:38:52.889 725 DEBUG glanceclient.common.http [-] Request returned failure status 404. _handle_response /usr/lib/python2.7/site-packages/glanceclient/common/http.py:125
2019-06-18 07:38:52.893 725 DEBUG glanceclient.common.http [-] Request returned failure status 404. _handle_response /usr/lib/python2.7/site-packages/glanceclient/common/http.py:125
2019-06-18 07:38:52.916 725 DEBUG glanceclient.common.http [-] Request returned failure status 404. _handle_response /usr/lib/python2.7/site-packages/glanceclient/common/http.py:125
2019-06-18 07:38:52.918 725 DEBUG glanceclient.common.http [-] Request returned failure status 404. _handle_response /usr/lib/python2.7/site-packages/glanceclient/common/http.py:125
2019-06-18 07:38:52.935 725 DEBUG glanceclient.common.http [-] Request returned failure status 404. _handle_response /usr/lib/python2.7/site-packages/glanceclient/common/http.py:125
2019-06-18 07:38:53.937 725 INFO rally.task.context [-] Task a749cd49-72cc-4ab4-bb35-c7a447db98b6 | Context cleanup@openstack cleanup() finished in 31.72 sec
2019-06-18 07:38:53.938 725 INFO rally.task.context [-] Task a749cd49-72cc-4ab4-bb35-c7a447db98b6 | Context quotas@openstack cleanup() started
2019-06-18 07:38:53.939 725 DEBUG novaclient.v2.client [-] REQ: curl -g -i -X DELETE http://172.30.9.21:8774/v2.1/os-quota-sets/cc496125f67d4e7b829b8341260e21d7 -H "Accept: application/json" -H "User-Agent: python-novaclient" -H "X-Auth-Token: {SHA1}724a5ed464eb3e8a0058ceb5c4f60a1a9d262e2e" _http_log_request /usr/lib/python2.7/site-packages/keystoneauth1/session.py:448
2019-06-18 07:38:53.972 725 DEBUG novaclient.v2.client [-] RESP: [202] Content-Length: 0 Content-Type: application/json Date: Tue, 18 Jun 2019 07:38:53 GMT OpenStack-API-Version: compute 2.1 Server: Apache Vary: OpenStack-API-Version,X-OpenStack-Nova-API-Version X-OpenStack-Nova-API-Version: 2.1 x-compute-request-id: req-4dca05dc-f742-4913-b2a1-7fe113241b0f x-openstack-request-id: req-4dca05dc-f742-4913-b2a1-7fe113241b0f _http_log_response /usr/lib/python2.7/site-packages/keystoneauth1/session.py:479
2019-06-18 07:38:53.972 725 DEBUG novaclient.v2.client [-] DELETE call to compute for http://172.30.9.21:8774/v2.1/os-quota-sets/cc496125f67d4e7b829b8341260e21d7 used request id req-4dca05dc-f742-4913-b2a1-7fe113241b0f request /usr/lib/python2.7/site-packages/keystoneauth1/session.py:844
2019-06-18 07:38:53.973 725 DEBUG novaclient.v2.client [-] REQ: curl -g -i -X DELETE http://172.30.9.21:8774/v2.1/os-quota-sets/cea122d61f424cb4a334b4d8fc9e338e -H "Accept: application/json" -H "User-Agent: python-novaclient" -H "X-Auth-Token: {SHA1}724a5ed464eb3e8a0058ceb5c4f60a1a9d262e2e" _http_log_request /usr/lib/python2.7/site-packages/keystoneauth1/session.py:448
2019-06-18 07:38:53.996 725 DEBUG novaclient.v2.client [-] RESP: [202] Content-Length: 0 Content-Type: application/json Date: Tue, 18 Jun 2019 07:38:53 GMT OpenStack-API-Version: compute 2.1 Server: Apache Vary: OpenStack-API-Version,X-OpenStack-Nova-API-Version X-OpenStack-Nova-API-Version: 2.1 x-compute-request-id: req-b74217e0-98c2-48a3-bcaf-c28efeedc321 x-openstack-request-id: req-b74217e0-98c2-48a3-bcaf-c28efeedc321 _http_log_response /usr/lib/python2.7/site-packages/keystoneauth1/session.py:479
2019-06-18 07:38:53.996 725 DEBUG novaclient.v2.client [-] DELETE call to compute for http://172.30.9.21:8774/v2.1/os-quota-sets/cea122d61f424cb4a334b4d8fc9e338e used request id req-b74217e0-98c2-48a3-bcaf-c28efeedc321 request /usr/lib/python2.7/site-packages/keystoneauth1/session.py:844
2019-06-18 07:38:53.997 725 DEBUG novaclient.v2.client [-] REQ: curl -g -i -X DELETE http://172.30.9.21:8774/v2.1/os-quota-sets/77e7001fae734bf3b5a8997089d0de27 -H "Accept: application/json" -H "User-Agent: python-novaclient" -H "X-Auth-Token: {SHA1}724a5ed464eb3e8a0058ceb5c4f60a1a9d262e2e" _http_log_request /usr/lib/python2.7/site-packages/keystoneauth1/session.py:448
2019-06-18 07:38:54.026 725 DEBUG novaclient.v2.client [-] RESP: [202] Content-Length: 0 Content-Type: application/json Date: Tue, 18 Jun 2019 07:38:54 GMT OpenStack-API-Version: compute 2.1 Server: Apache Vary: OpenStack-API-Version,X-OpenStack-Nova-API-Version X-OpenStack-Nova-API-Version: 2.1 x-compute-request-id: req-f36a0d09-f261-4af9-a260-d9f1b88a8728 x-openstack-request-id: req-f36a0d09-f261-4af9-a260-d9f1b88a8728 _http_log_response /usr/lib/python2.7/site-packages/keystoneauth1/session.py:479
2019-06-18 07:38:54.026 725 DEBUG novaclient.v2.client [-] DELETE call to compute for http://172.30.9.21:8774/v2.1/os-quota-sets/77e7001fae734bf3b5a8997089d0de27 used request id req-f36a0d09-f261-4af9-a260-d9f1b88a8728 request /usr/lib/python2.7/site-packages/keystoneauth1/session.py:844
2019-06-18 07:38:54.027 725 INFO rally.task.context [-] Task a749cd49-72cc-4ab4-bb35-c7a447db98b6 | Context quotas@openstack cleanup() finished in 88.71 msec
2019-06-18 07:38:54.027 725 INFO rally.task.context [-] Task a749cd49-72cc-4ab4-bb35-c7a447db98b6 | Context users@openstack cleanup() started
2019-06-18 07:39:00.780 725 INFO rally.task.context [-] Task a749cd49-72cc-4ab4-bb35-c7a447db98b6 | Context users@openstack cleanup() finished in 6.75 sec
2019-06-18 07:39:01.881 725 INFO rally.task.engine [-] Load duration is: 76.120952
2019-06-18 07:39:01.882 725 INFO rally.task.engine [-] Full runner duration is: 78.013336
2019-06-18 07:39:01.882 725 INFO rally.task.engine [-] Full duration is: 123.384238
2019-06-18 07:39:02.173 725 INFO rally.task.engine [-] Running workload: position = 0 config = { "version": 2, "title": "A cropped version of a bigger task.", "description": "Auto-generated task from a single workload (uuid=df6c0ee1-7782-4e3f-9545-2f7f52e964b5)", "subtasks": [ { "title": "GlanceImages.create_and_deactivate_image", "description": "Create an image, then deactivate it.", "scenario": { "GlanceImages.create_and_deactivate_image": { "container_format": "bare", "disk_format": "qcow2", "image_location": "/home/opnfv/functest/images/cirros-0.4.0-x86_64-disk.img" } }, "contexts": { "users": { "tenants": 3, "users_per_tenant": 2 } }, "runner": { "constant": { "concurrency": 4, "times": 10 } }, "hooks": [], "sla": { "failure_rate": { "max": 0 } } } ] }
2019-06-18 07:39:02.194 725 RALLYDEBUG rally_openstack.contexts.keystone.users [-] Creating 3 tenants using 20 threads
2019-06-18 07:39:03.951 725 RALLYDEBUG rally_openstack.contexts.keystone.users [-] Creating 6 users using 20 threads
2019-06-18 07:39:06.614 725 INFO rally.task.context [-] Task a749cd49-72cc-4ab4-bb35-c7a447db98b6 | Context users@openstack setup() finished in 4.42 sec
2019-06-18 07:39:06.615 725 INFO rally.task.context [-] Task a749cd49-72cc-4ab4-bb35-c7a447db98b6 | Context cleanup@openstack setup() finished in 0.02 msec
2019-06-18 07:39:06.620 725 RALLYDEBUG rally.task.runner [-] Starting the constant runner (task UUID: a749cd49-72cc-4ab4-bb35-c7a447db98b6). timeout: 0 concurrency: 4 concurrency_per_worker: 1 times: 10 concurrency_overhead: 0 processes_to_start: 4 max_cpu_used: 16
2019-06-18 07:39:06.634 1385 RALLYDEBUG rally.task.runner [-] Starting a worker. concurrency: 1 args: {"container_format": "bare", "disk_format": "qcow2", "image_location": "/home/opnfv/functest/images/cirros-0.4.0-x86_64-disk.img"} times: 10 method_name: run timeout: 0 duration: None cls:
2019-06-18 07:39:06.634 1386 RALLYDEBUG rally.task.runner [-] Starting a worker. concurrency: 1 args: {"container_format": "bare", "disk_format": "qcow2", "image_location": "/home/opnfv/functest/images/cirros-0.4.0-x86_64-disk.img"} times: 10 method_name: run timeout: 0 duration: None cls:
2019-06-18 07:39:06.636 1387 RALLYDEBUG rally.task.runner [-] Starting a worker. concurrency: 1 args: {"container_format": "bare", "disk_format": "qcow2", "image_location": "/home/opnfv/functest/images/cirros-0.4.0-x86_64-disk.img"} times: 10 method_name: run timeout: 0 duration: None cls:
2019-06-18 07:39:06.641 1386 INFO rally.task.runner [-] Task a749cd49-72cc-4ab4-bb35-c7a447db98b6 | ITER: 2 START
2019-06-18 07:39:06.641 1388 RALLYDEBUG rally.task.runner [-] Starting a worker. concurrency: 1 args: {"container_format": "bare", "disk_format": "qcow2", "image_location": "/home/opnfv/functest/images/cirros-0.4.0-x86_64-disk.img"} times: 10 method_name: run timeout: 0 duration: None cls:
2019-06-18 07:39:06.642 1385 INFO rally.task.runner [-] Task a749cd49-72cc-4ab4-bb35-c7a447db98b6 | ITER: 1 START
2019-06-18 07:39:06.643 1387 INFO rally.task.runner [-] Task a749cd49-72cc-4ab4-bb35-c7a447db98b6 | ITER: 3 START
2019-06-18 07:39:06.647 1388 INFO rally.task.runner [-] Task a749cd49-72cc-4ab4-bb35-c7a447db98b6 | ITER: 4 START
2019-06-18 07:39:09.935 1385 RALLYDEBUG rally.task.utils [-] Waiting for resource u'508b724a-4d5b-4745-941a-1c9cf606fbcb'. Status changed: NONE => QUEUED in 0.0291221141815
2019-06-18 07:39:09.952 1386 RALLYDEBUG rally.task.utils [-] Waiting for resource u'30989b83-acb8-4275-8c87-75aace428fbd'. Status changed: NONE => QUEUED in 0.0303819179535
2019-06-18 07:39:09.961 1387 RALLYDEBUG rally.task.utils [-] Waiting for resource u'466f822e-033d-498f-8ba6-78753c05d9a0'. Status changed: NONE => QUEUED in 0.0282518863678
2019-06-18 07:39:09.975 1388 RALLYDEBUG rally.task.utils [-] Waiting for resource u'fd989e90-3e3d-45bc-ac8e-23248dd0de7a'. Status changed: NONE => QUEUED in 0.0318558216095
2019-06-18 07:39:11.678 1388 RALLYDEBUG rally.task.utils [-] Waiting for resource s_rally_df6c0ee1_0I5atm1e. Status changed: QUEUED => ACTIVE in 0.0243809223175
2019-06-18 07:39:11.678 1386 RALLYDEBUG rally.task.utils [-] Waiting for resource s_rally_df6c0ee1_hWRmhnjx. Status changed: QUEUED => ACTIVE in 0.0237069129944
2019-06-18 07:39:11.682 1385 RALLYDEBUG rally.task.utils [-] Waiting for resource s_rally_df6c0ee1_T6cJiMgs. Status changed: QUEUED => ACTIVE in 0.0231871604919
2019-06-18 07:39:11.682 1387 RALLYDEBUG rally.task.utils [-] Waiting for resource s_rally_df6c0ee1_xtSJWlrJ. Status changed: QUEUED => ACTIVE in 0.0233299732208
2019-06-18 07:39:11.801 1386 INFO rally.task.runner [-] Task a749cd49-72cc-4ab4-bb35-c7a447db98b6 | ITER: 2 END: OK
2019-06-18 07:39:11.802 1388 INFO rally.task.runner [-] Task a749cd49-72cc-4ab4-bb35-c7a447db98b6 | ITER: 4 END: OK
2019-06-18 07:39:11.805 1386 INFO rally.task.runner [-] Task a749cd49-72cc-4ab4-bb35-c7a447db98b6 | ITER: 5 START
2019-06-18 07:39:11.805 1388 INFO rally.task.runner [-] Task a749cd49-72cc-4ab4-bb35-c7a447db98b6 | ITER: 6 START
2019-06-18 07:39:11.808 1387 INFO rally.task.runner [-] Task a749cd49-72cc-4ab4-bb35-c7a447db98b6 | ITER: 3 END: OK
2019-06-18 07:39:11.809 1385 INFO rally.task.runner [-] Task a749cd49-72cc-4ab4-bb35-c7a447db98b6 | ITER: 1 END: OK
2019-06-18 07:39:11.813 1387 INFO rally.task.runner [-] Task a749cd49-72cc-4ab4-bb35-c7a447db98b6 | ITER: 7 START
2019-06-18 07:39:11.813 1385 INFO rally.task.runner [-] Task a749cd49-72cc-4ab4-bb35-c7a447db98b6 | ITER: 8 START
2019-06-18 07:39:15.050 1385 RALLYDEBUG rally.task.utils [-] Waiting for resource u'9f5b8b71-01d7-490f-93fe-f6ce5c252bff'. Status changed: NONE => QUEUED in 0.0284061431885
2019-06-18 07:39:15.061 1386 RALLYDEBUG rally.task.utils [-] Waiting for resource u'68863ad8-5c93-4aad-b7db-1052971a1746'. Status changed: NONE => QUEUED in 0.0275371074677
2019-06-18 07:39:15.083 1388 RALLYDEBUG rally.task.utils [-] Waiting for resource u'd69f32bd-7737-4c5d-9146-7c8e56d4c193'. Status changed: NONE => QUEUED in 0.0327439308167
2019-06-18 07:39:15.166 1387 RALLYDEBUG rally.task.utils [-] Waiting for resource u'e8f6e55b-cc8f-4e48-8c0a-9d6cb53a44d9'. Status changed: NONE => QUEUED in 0.0337698459625
2019-06-18 07:39:16.607 1385 RALLYDEBUG rally.task.utils [-] Waiting for resource s_rally_df6c0ee1_DADoulyQ. Status changed: QUEUED => ACTIVE in 0.0203828811646
2019-06-18 07:39:16.615 1386 RALLYDEBUG rally.task.utils [-] Waiting for resource s_rally_df6c0ee1_GHd80IB8. Status changed: QUEUED => ACTIVE in 0.0213079452515
2019-06-18 07:39:16.680 1385 INFO rally.task.runner [-] Task a749cd49-72cc-4ab4-bb35-c7a447db98b6 | ITER: 8 END: OK
2019-06-18 07:39:16.683 1385 INFO rally.task.runner [-] Task a749cd49-72cc-4ab4-bb35-c7a447db98b6 | ITER: 9 START
2019-06-18 07:39:16.713 1386 INFO rally.task.runner [-] Task a749cd49-72cc-4ab4-bb35-c7a447db98b6 | ITER: 5 END: OK
2019-06-18 07:39:16.716 1386 INFO rally.task.runner [-] Task a749cd49-72cc-4ab4-bb35-c7a447db98b6 | ITER: 10 START
2019-06-18 07:39:17.719 1388 RALLYDEBUG rally.task.utils [-] Waiting for resource s_rally_df6c0ee1_DZYOA0Qp. Status changed: QUEUED => ACTIVE in 0.119737148285
2019-06-18 07:39:17.807 1387 RALLYDEBUG rally.task.utils [-] Waiting for resource s_rally_df6c0ee1_4Tv3hpfq. Status changed: QUEUED => ACTIVE in 0.0230588912964
2019-06-18 07:39:17.852 1388 INFO rally.task.runner [-] Task a749cd49-72cc-4ab4-bb35-c7a447db98b6 | ITER: 6 END: OK
2019-06-18 07:39:17.877 1387 INFO rally.task.runner [-] Task a749cd49-72cc-4ab4-bb35-c7a447db98b6 | ITER: 7 END: OK
2019-06-18 07:39:19.980 1385 RALLYDEBUG rally.task.utils [-] Waiting for resource u'2db465c6-02a9-466f-8a23-26bb2542425e'. Status changed: NONE => QUEUED in 0.0377881526947
2019-06-18 07:39:19.982 1386 RALLYDEBUG rally.task.utils [-] Waiting for resource u'5d7869bf-d072-46ae-a6da-2ccdb6a6ab5a'. Status changed: NONE => QUEUED in 0.0376131534576
2019-06-18 07:39:21.816 1385 RALLYDEBUG rally.task.utils [-] Waiting for resource s_rally_df6c0ee1_bsBLk1im. Status changed: QUEUED => ACTIVE in 0.0218441486359
2019-06-18 07:39:21.847 1386 RALLYDEBUG rally.task.utils [-] Waiting for resource s_rally_df6c0ee1_kL5PwxhC. Status changed: QUEUED => ACTIVE in 0.0304279327393
2019-06-18 07:39:21.913 1385 INFO rally.task.runner [-] Task a749cd49-72cc-4ab4-bb35-c7a447db98b6 | ITER: 9 END: OK
2019-06-18 07:39:21.929 1386 INFO rally.task.runner [-] Task a749cd49-72cc-4ab4-bb35-c7a447db98b6 | ITER: 10 END: OK
2019-06-18 07:39:21.958 725 INFO rally.task.context [-] Task a749cd49-72cc-4ab4-bb35-c7a447db98b6 | Context cleanup@openstack cleanup() started
2019-06-18 07:39:21.960 725 RALLYDEBUG rally_openstack.cleanup.manager [-] Cleaning up glance images objects
2019-06-18 07:39:24.312 725 RALLYDEBUG rally_openstack.cleanup.manager [-] Deleting glance.images object s_rally_df6c0ee1_bsBLk1im (2db465c6-02a9-466f-8a23-26bb2542425e)
2019-06-18 07:39:24.312 725 RALLYDEBUG rally_openstack.cleanup.manager [-] Deleting glance.images object s_rally_df6c0ee1_T6cJiMgs (508b724a-4d5b-4745-941a-1c9cf606fbcb)
2019-06-18 07:39:24.317 725 RALLYDEBUG rally_openstack.cleanup.manager [-] Deleting glance.images object s_rally_df6c0ee1_xtSJWlrJ (466f822e-033d-498f-8ba6-78753c05d9a0)
2019-06-18 07:39:24.319 725 RALLYDEBUG rally_openstack.cleanup.manager [-] Deleting glance.images object s_rally_df6c0ee1_GHd80IB8 (68863ad8-5c93-4aad-b7db-1052971a1746)
2019-06-18 07:39:24.319 725 RALLYDEBUG rally_openstack.cleanup.manager [-] Deleting glance.images object s_rally_df6c0ee1_DZYOA0Qp (d69f32bd-7737-4c5d-9146-7c8e56d4c193)
2019-06-18 07:39:24.327 725 RALLYDEBUG rally_openstack.cleanup.manager [-] Deleting glance.images object s_rally_df6c0ee1_kL5PwxhC (5d7869bf-d072-46ae-a6da-2ccdb6a6ab5a)
2019-06-18 07:39:24.328 725 RALLYDEBUG rally_openstack.cleanup.manager [-] Deleting glance.images object s_rally_df6c0ee1_0I5atm1e (fd989e90-3e3d-45bc-ac8e-23248dd0de7a)
2019-06-18 07:39:24.334 725 RALLYDEBUG rally_openstack.cleanup.manager [-] Deleting glance.images object s_rally_df6c0ee1_4Tv3hpfq (e8f6e55b-cc8f-4e48-8c0a-9d6cb53a44d9)
2019-06-18 07:39:24.337 725 RALLYDEBUG rally_openstack.cleanup.manager [-] Deleting glance.images object s_rally_df6c0ee1_DADoulyQ (9f5b8b71-01d7-490f-93fe-f6ce5c252bff)
2019-06-18 07:39:24.349 725 RALLYDEBUG rally_openstack.cleanup.manager [-] Deleting glance.images object s_rally_df6c0ee1_hWRmhnjx (30989b83-acb8-4275-8c87-75aace428fbd)
2019-06-18 07:39:26.563 725 DEBUG glanceclient.common.http [-] Request returned failure status 404. _handle_response /usr/lib/python2.7/site-packages/glanceclient/common/http.py:125
2019-06-18 07:39:26.580 725 DEBUG glanceclient.common.http [-] Request returned failure status 404. _handle_response /usr/lib/python2.7/site-packages/glanceclient/common/http.py:125
2019-06-18 07:39:26.678 725 DEBUG glanceclient.common.http [-] Request returned failure status 404. _handle_response /usr/lib/python2.7/site-packages/glanceclient/common/http.py:125
2019-06-18 07:39:26.698 725 DEBUG glanceclient.common.http [-] Request returned failure status 404. _handle_response /usr/lib/python2.7/site-packages/glanceclient/common/http.py:125
2019-06-18 07:39:26.702 725 DEBUG glanceclient.common.http [-] Request returned failure status 404. _handle_response /usr/lib/python2.7/site-packages/glanceclient/common/http.py:125
2019-06-18 07:39:26.712 725 DEBUG glanceclient.common.http [-] Request returned failure status 404. _handle_response /usr/lib/python2.7/site-packages/glanceclient/common/http.py:125
2019-06-18 07:39:27.665 725 DEBUG glanceclient.common.http [-] Request returned failure status 404. _handle_response /usr/lib/python2.7/site-packages/glanceclient/common/http.py:125
2019-06-18 07:39:27.678 725 DEBUG glanceclient.common.http [-] Request returned failure status 404. _handle_response /usr/lib/python2.7/site-packages/glanceclient/common/http.py:125
2019-06-18 07:39:27.703 725 DEBUG glanceclient.common.http [-] Request returned failure status 404. _handle_response /usr/lib/python2.7/site-packages/glanceclient/common/http.py:125
2019-06-18 07:39:27.723 725 DEBUG glanceclient.common.http [-] Request returned failure status 404. _handle_response /usr/lib/python2.7/site-packages/glanceclient/common/http.py:125
2019-06-18 07:39:27.724 725 DEBUG glanceclient.common.http [-] Request returned failure status 404. _handle_response /usr/lib/python2.7/site-packages/glanceclient/common/http.py:125
2019-06-18 07:39:27.724 725 DEBUG glanceclient.common.http [-] Request returned failure status 404. _handle_response /usr/lib/python2.7/site-packages/glanceclient/common/http.py:125
2019-06-18 07:39:27.739 725 DEBUG glanceclient.common.http [-] Request returned failure status 404. _handle_response /usr/lib/python2.7/site-packages/glanceclient/common/http.py:125
2019-06-18 07:39:27.740 725 DEBUG glanceclient.common.http [-] Request returned failure status 404. _handle_response /usr/lib/python2.7/site-packages/glanceclient/common/http.py:125
2019-06-18 07:39:28.657 725 DEBUG glanceclient.common.http [-] Request returned failure status 404. _handle_response /usr/lib/python2.7/site-packages/glanceclient/common/http.py:125
2019-06-18 07:39:28.681 725 DEBUG glanceclient.common.http [-] Request returned failure status 404. _handle_response /usr/lib/python2.7/site-packages/glanceclient/common/http.py:125
2019-06-18 07:39:28.715 725 DEBUG glanceclient.common.http [-] Request returned failure status 404. _handle_response /usr/lib/python2.7/site-packages/glanceclient/common/http.py:125
2019-06-18 07:39:28.726 725 DEBUG glanceclient.common.http [-] Request returned failure status 404. _handle_response /usr/lib/python2.7/site-packages/glanceclient/common/http.py:125
2019-06-18 07:39:28.729 725 DEBUG glanceclient.common.http [-] Request returned failure status 404. _handle_response /usr/lib/python2.7/site-packages/glanceclient/common/http.py:125
2019-06-18 07:39:28.743 725 DEBUG glanceclient.common.http [-] Request returned failure status 404. _handle_response /usr/lib/python2.7/site-packages/glanceclient/common/http.py:125
2019-06-18 07:39:29.746 725 INFO rally.task.context [-] Task a749cd49-72cc-4ab4-bb35-c7a447db98b6 | Context cleanup@openstack cleanup() finished in 7.79 sec
2019-06-18 07:39:29.746 725 INFO rally.task.context [-] Task a749cd49-72cc-4ab4-bb35-c7a447db98b6 | Context users@openstack cleanup() started
2019-06-18 07:39:36.726 725 INFO rally.task.context [-] Task a749cd49-72cc-4ab4-bb35-c7a447db98b6 | Context users@openstack cleanup() finished in 6.98 sec
2019-06-18 07:39:38.412 725 INFO rally.task.engine [-] Load duration is: 14.406758
2019-06-18 07:39:38.413 725 INFO rally.task.engine [-] Full runner duration is: 15.337839
2019-06-18 07:39:38.413 725 INFO rally.task.engine [-] Full duration is: 34.533075
2019-06-18 07:39:38.698 725 INFO rally.task.engine [-] Running workload: position = 0 config = { "version": 2, "title": "A cropped version of a bigger task.", "description": "Auto-generated task from a single workload (uuid=5074bd94-7775-4e95-84ef-2388b18f751a)", "subtasks": [ { "title": "GlanceImages.create_and_download_image", "description": "Create an image, then download data of the image.", "scenario": { "GlanceImages.create_and_download_image": { "container_format": "bare", "disk_format": "qcow2", "image_location": "/home/opnfv/functest/images/cirros-0.4.0-x86_64-disk.img" } }, "contexts": { "users": { "tenants": 3, "users_per_tenant": 2 } }, "runner": { "constant": { "concurrency": 4, "times": 10 } }, "hooks": [], "sla": { "failure_rate": { "max": 0 } } } ] }
2019-06-18 07:39:38.719 725 RALLYDEBUG rally_openstack.contexts.keystone.users [-] Creating 3 tenants using 20 threads
2019-06-18 07:39:40.568 725 RALLYDEBUG rally_openstack.contexts.keystone.users [-] Creating 6 users using 20 threads
2019-06-18 07:39:43.291 725 INFO rally.task.context [-] Task a749cd49-72cc-4ab4-bb35-c7a447db98b6 | Context users@openstack setup() finished in 4.57 sec
2019-06-18 07:39:43.292 725 INFO rally.task.context [-] Task a749cd49-72cc-4ab4-bb35-c7a447db98b6 | Context cleanup@openstack setup() finished in 0.01 msec
2019-06-18 07:39:43.300 725 RALLYDEBUG rally.task.runner [-] Starting the constant runner (task UUID: a749cd49-72cc-4ab4-bb35-c7a447db98b6). timeout: 0 concurrency: 4 concurrency_per_worker: 1 times: 10 concurrency_overhead: 0 processes_to_start: 4 max_cpu_used: 16
2019-06-18 07:39:43.315 1509 RALLYDEBUG rally.task.runner [-] Starting a worker. concurrency: 1 args: {"container_format": "bare", "disk_format": "qcow2", "image_location": "/home/opnfv/functest/images/cirros-0.4.0-x86_64-disk.img"} times: 10 method_name: run timeout: 0 duration: None cls:
2019-06-18 07:39:43.317 1510 RALLYDEBUG rally.task.runner [-] Starting a worker. concurrency: 1 args: {"container_format": "bare", "disk_format": "qcow2", "image_location": "/home/opnfv/functest/images/cirros-0.4.0-x86_64-disk.img"} times: 10 method_name: run timeout: 0 duration: None cls:
2019-06-18 07:39:43.321 1509 INFO rally.task.runner [-] Task a749cd49-72cc-4ab4-bb35-c7a447db98b6 | ITER: 1 START
2019-06-18 07:39:43.321 1511 RALLYDEBUG rally.task.runner [-] Starting a worker. concurrency: 1 args: {"container_format": "bare", "disk_format": "qcow2", "image_location": "/home/opnfv/functest/images/cirros-0.4.0-x86_64-disk.img"} times: 10 method_name: run timeout: 0 duration: None cls:
2019-06-18 07:39:43.324 1510 INFO rally.task.runner [-] Task a749cd49-72cc-4ab4-bb35-c7a447db98b6 | ITER: 2 START
2019-06-18 07:39:43.324 1512 RALLYDEBUG rally.task.runner [-] Starting a worker. concurrency: 1 args: {"container_format": "bare", "disk_format": "qcow2", "image_location": "/home/opnfv/functest/images/cirros-0.4.0-x86_64-disk.img"} times: 10 method_name: run timeout: 0 duration: None cls:
2019-06-18 07:39:43.328 1511 INFO rally.task.runner [-] Task a749cd49-72cc-4ab4-bb35-c7a447db98b6 | ITER: 3 START
2019-06-18 07:39:43.330 1512 INFO rally.task.runner [-] Task a749cd49-72cc-4ab4-bb35-c7a447db98b6 | ITER: 4 START
2019-06-18 07:39:46.614 1511 RALLYDEBUG rally.task.utils [-] Waiting for resource u'36c2b77c-8dbe-4dfc-9ab1-429683b80874'. Status changed: NONE => QUEUED in 0.0322289466858
2019-06-18 07:39:46.617 1512 RALLYDEBUG rally.task.utils [-] Waiting for resource u'a85c3c1a-c66e-4ce4-bcee-553fb51c7503'. Status changed: NONE => QUEUED in 0.029317855835
2019-06-18 07:39:46.622 1509 RALLYDEBUG rally.task.utils [-] Waiting for resource u'e70df29f-5f81-44a9-a2a5-8b8f493b01b6'. Status changed: NONE => QUEUED in 0.0431389808655
2019-06-18 07:39:46.625 1510 RALLYDEBUG rally.task.utils [-] Waiting for resource u'7d617728-b0dc-4fa1-a800-136c659173b5'. Status changed: NONE => QUEUED in 0.0373978614807
2019-06-18 07:39:47.043 1512 RALLYDEBUG rally.task.utils [-] Waiting for resource s_rally_5074bd94_assFgIkV. Status changed: QUEUED => ACTIVE in 0.0189650058746
2019-06-18 07:39:47.055 1511 RALLYDEBUG rally.task.utils [-] Waiting for resource s_rally_5074bd94_o0hyrxcH. Status changed: QUEUED => ACTIVE in 0.0251779556274
2019-06-18 07:39:47.370 1511 INFO rally.task.runner [-] Task a749cd49-72cc-4ab4-bb35-c7a447db98b6 | ITER: 3 END: OK
2019-06-18 07:39:47.374 1511 INFO rally.task.runner [-] Task a749cd49-72cc-4ab4-bb35-c7a447db98b6 | ITER: 5 START
2019-06-18 07:39:47.375 1512 INFO rally.task.runner [-] Task a749cd49-72cc-4ab4-bb35-c7a447db98b6 | ITER: 4 END: OK
2019-06-18 07:39:47.380 1512 INFO rally.task.runner [-] Task a749cd49-72cc-4ab4-bb35-c7a447db98b6 | ITER: 6 START
2019-06-18 07:39:48.053 1510 RALLYDEBUG rally.task.utils [-] Waiting for resource s_rally_5074bd94_ZBp7dtOz. Status changed: QUEUED => ACTIVE in 0.023218870163
2019-06-18 07:39:48.081 1509 RALLYDEBUG rally.task.utils [-] Waiting for resource s_rally_5074bd94_1Bz0FeNc. Status changed: QUEUED => ACTIVE in 0.0263550281525
2019-06-18 07:39:48.214 1510 INFO rally.task.runner [-] Task a749cd49-72cc-4ab4-bb35-c7a447db98b6 | ITER: 2 END: OK
2019-06-18 07:39:48.218 1510 INFO rally.task.runner [-] Task a749cd49-72cc-4ab4-bb35-c7a447db98b6 | ITER: 7 START
2019-06-18 07:39:48.352 1509 INFO rally.task.runner [-] Task a749cd49-72cc-4ab4-bb35-c7a447db98b6 | ITER: 1 END: OK
2019-06-18 07:39:48.356 1509 INFO rally.task.runner [-] Task a749cd49-72cc-4ab4-bb35-c7a447db98b6 | ITER: 8 START
2019-06-18 07:39:50.626 1512 RALLYDEBUG rally.task.utils [-] Waiting for resource u'aedabffb-e130-44d8-b608-37354c7bda2f'. Status changed: NONE => QUEUED in 0.0282649993896
2019-06-18 07:39:50.631 1511 RALLYDEBUG rally.task.utils [-] Waiting for resource u'7126f2aa-396d-49cf-9447-a510907d0854'. Status changed: NONE => QUEUED in 0.0280349254608
2019-06-18 07:39:51.201 1511 RALLYDEBUG rally.task.utils [-] Waiting for resource s_rally_5074bd94_2tHAIrVv. Status changed: QUEUED => ACTIVE in 0.0171301364899
2019-06-18 07:39:51.470 1510 RALLYDEBUG rally.task.utils [-] Waiting for resource u'8a49bc7e-9f74-48dc-83c1-469d46a77253'. Status changed: NONE => QUEUED in 0.0294029712677
2019-06-18 07:39:51.512 1511 INFO rally.task.runner [-] Task a749cd49-72cc-4ab4-bb35-c7a447db98b6 | ITER: 5 END: OK
2019-06-18 07:39:51.516 1511 INFO rally.task.runner [-] Task a749cd49-72cc-4ab4-bb35-c7a447db98b6 | ITER: 9 START
2019-06-18 07:39:51.595 1509 RALLYDEBUG rally.task.utils [-] Waiting for resource u'2efc6173-c9f3-496b-a1b5-f308aad0532d'. Status changed: NONE => QUEUED in 0.0328049659729
2019-06-18 07:39:52.220 1510 RALLYDEBUG rally.task.utils [-] Waiting for resource s_rally_5074bd94_fks2ISpc. Status changed: QUEUED => ACTIVE in 0.0179359912872
2019-06-18 07:39:52.239 1512 RALLYDEBUG rally.task.utils [-] Waiting for resource s_rally_5074bd94_uT7Uok2u. Status changed: QUEUED => ACTIVE in 0.0178999900818
2019-06-18 07:39:52.371 1510 INFO rally.task.runner [-] Task a749cd49-72cc-4ab4-bb35-c7a447db98b6 | ITER: 7 END: OK
2019-06-18 07:39:52.375 1510 INFO rally.task.runner [-] Task a749cd49-72cc-4ab4-bb35-c7a447db98b6 | ITER: 10 START
2019-06-18 07:39:52.387 1512 INFO rally.task.runner [-] Task a749cd49-72cc-4ab4-bb35-c7a447db98b6 | ITER: 6 END: OK
2019-06-18 07:39:53.288 1509 RALLYDEBUG rally.task.utils [-] Waiting for resource s_rally_5074bd94_xRJa3kqa. Status changed: QUEUED => ACTIVE in 0.0179178714752
2019-06-18 07:39:53.428 1509 INFO rally.task.runner [-] Task a749cd49-72cc-4ab4-bb35-c7a447db98b6 | ITER: 8 END: OK
2019-06-18 07:39:54.705 1511 RALLYDEBUG rally.task.utils [-] Waiting for resource u'ef737637-1e9a-4afe-934e-9ce71a6606c6'. Status changed: NONE => QUEUED in 0.0311532020569
2019-06-18 07:39:55.414 1511 RALLYDEBUG rally.task.utils [-] Waiting for resource s_rally_5074bd94_1lpvmI3Y. Status changed: QUEUED => ACTIVE in 0.0192978382111
2019-06-18 07:39:55.551 1511 INFO rally.task.runner [-] Task a749cd49-72cc-4ab4-bb35-c7a447db98b6 | ITER: 9 END: OK
2019-06-18 07:39:55.551 1510 RALLYDEBUG rally.task.utils [-] Waiting for resource u'39e99eca-26a7-48c5-940b-eeb175ecf7ac'. Status changed: NONE => QUEUED in 0.0282261371613
2019-06-18 07:39:56.453 1510 RALLYDEBUG rally.task.utils [-] Waiting for resource s_rally_5074bd94_iDMg3mji. Status changed: QUEUED => ACTIVE in 0.019061088562
2019-06-18 07:39:56.762 1510 INFO rally.task.runner [-] Task a749cd49-72cc-4ab4-bb35-c7a447db98b6 | ITER: 10 END: OK
2019-06-18 07:39:56.793 725 INFO rally.task.context [-] Task a749cd49-72cc-4ab4-bb35-c7a447db98b6 | Context cleanup@openstack cleanup() started
2019-06-18 07:39:56.795 725 RALLYDEBUG rally_openstack.cleanup.manager [-] Cleaning up glance images objects
2019-06-18 07:39:59.095 725 RALLYDEBUG rally_openstack.cleanup.manager [-] Deleting glance.images object s_rally_5074bd94_assFgIkV (a85c3c1a-c66e-4ce4-bcee-553fb51c7503)
2019-06-18 07:39:59.096 725 RALLYDEBUG rally_openstack.cleanup.manager [-] Deleting glance.images object s_rally_5074bd94_iDMg3mji (39e99eca-26a7-48c5-940b-eeb175ecf7ac)
2019-06-18 07:39:59.097 725 RALLYDEBUG rally_openstack.cleanup.manager [-] Deleting glance.images object s_rally_5074bd94_xRJa3kqa (2efc6173-c9f3-496b-a1b5-f308aad0532d)
2019-06-18 07:39:59.098 725 RALLYDEBUG rally_openstack.cleanup.manager [-] Deleting glance.images object s_rally_5074bd94_ZBp7dtOz (7d617728-b0dc-4fa1-a800-136c659173b5)
2019-06-18 07:39:59.101 725 RALLYDEBUG rally_openstack.cleanup.manager [-] Deleting glance.images object s_rally_5074bd94_fks2ISpc (8a49bc7e-9f74-48dc-83c1-469d46a77253)
2019-06-18 07:39:59.101 725 RALLYDEBUG rally_openstack.cleanup.manager [-] Deleting glance.images object s_rally_5074bd94_1Bz0FeNc (e70df29f-5f81-44a9-a2a5-8b8f493b01b6)
2019-06-18 07:39:59.103 725 RALLYDEBUG rally_openstack.cleanup.manager [-] Deleting glance.images object s_rally_5074bd94_1lpvmI3Y (ef737637-1e9a-4afe-934e-9ce71a6606c6)
2019-06-18 07:39:59.108 725 RALLYDEBUG rally_openstack.cleanup.manager [-] Deleting glance.images object s_rally_5074bd94_uT7Uok2u (aedabffb-e130-44d8-b608-37354c7bda2f)
2019-06-18 07:39:59.108 725 RALLYDEBUG rally_openstack.cleanup.manager [-] Deleting glance.images object s_rally_5074bd94_o0hyrxcH (36c2b77c-8dbe-4dfc-9ab1-429683b80874)
2019-06-18 07:39:59.140 725 RALLYDEBUG rally_openstack.cleanup.manager [-] Deleting glance.images object s_rally_5074bd94_2tHAIrVv (7126f2aa-396d-49cf-9447-a510907d0854)
2019-06-18 07:40:00.768 725 DEBUG glanceclient.common.http [-] Request returned failure status 404. _handle_response /usr/lib/python2.7/site-packages/glanceclient/common/http.py:125
2019-06-18 07:40:00.778 725 DEBUG glanceclient.common.http [-] Request returned failure status 404. _handle_response /usr/lib/python2.7/site-packages/glanceclient/common/http.py:125
2019-06-18 07:40:00.784 725 DEBUG glanceclient.common.http [-] Request returned failure status 404. _handle_response /usr/lib/python2.7/site-packages/glanceclient/common/http.py:125
2019-06-18 07:40:00.792 725 DEBUG glanceclient.common.http [-] Request returned failure status 404. _handle_response /usr/lib/python2.7/site-packages/glanceclient/common/http.py:125
2019-06-18 07:40:00.797 725 DEBUG glanceclient.common.http [-] Request returned failure status 404. _handle_response /usr/lib/python2.7/site-packages/glanceclient/common/http.py:125
2019-06-18 07:40:00.800 725 DEBUG glanceclient.common.http [-] Request returned failure status 404. _handle_response /usr/lib/python2.7/site-packages/glanceclient/common/http.py:125
2019-06-18 07:40:00.806 725 DEBUG glanceclient.common.http [-] Request returned failure status 404. _handle_response /usr/lib/python2.7/site-packages/glanceclient/common/http.py:125
2019-06-18 07:40:00.810 725 DEBUG glanceclient.common.http [-] Request returned failure status 404. _handle_response /usr/lib/python2.7/site-packages/glanceclient/common/http.py:125
2019-06-18 07:40:01.725 725 DEBUG glanceclient.common.http [-] Request returned failure status 404. _handle_response /usr/lib/python2.7/site-packages/glanceclient/common/http.py:125
2019-06-18 07:40:01.732 725 DEBUG glanceclient.common.http [-] Request returned failure status 404. _handle_response /usr/lib/python2.7/site-packages/glanceclient/common/http.py:125
2019-06-18 07:40:01.747 725 DEBUG glanceclient.common.http [-] Request returned failure status 404. _handle_response /usr/lib/python2.7/site-packages/glanceclient/common/http.py:125
2019-06-18 07:40:01.753 725 DEBUG glanceclient.common.http [-] Request returned failure status 404. _handle_response /usr/lib/python2.7/site-packages/glanceclient/common/http.py:125
2019-06-18 07:40:01.759 725 DEBUG glanceclient.common.http [-] Request returned failure status 404. _handle_response /usr/lib/python2.7/site-packages/glanceclient/common/http.py:125
2019-06-18 07:40:01.762 725 DEBUG glanceclient.common.http [-] Request returned failure status 404. _handle_response /usr/lib/python2.7/site-packages/glanceclient/common/http.py:125
2019-06-18 07:40:01.763 725 DEBUG glanceclient.common.http [-] Request returned failure status 404. _handle_response /usr/lib/python2.7/site-packages/glanceclient/common/http.py:125
2019-06-18 07:40:01.771 725 DEBUG glanceclient.common.http [-] Request returned failure status 404. _handle_response /usr/lib/python2.7/site-packages/glanceclient/common/http.py:125
2019-06-18 07:40:01.774 725 DEBUG glanceclient.common.http [-] Request returned failure status 404. _handle_response /usr/lib/python2.7/site-packages/glanceclient/common/http.py:125
2019-06-18 07:40:01.776 725 DEBUG glanceclient.common.http [-] Request returned failure status 404. _handle_response /usr/lib/python2.7/site-packages/glanceclient/common/http.py:125
2019-06-18 07:40:01.778 725 DEBUG glanceclient.common.http [-] Request returned failure status 404. _handle_response /usr/lib/python2.7/site-packages/glanceclient/common/http.py:125
2019-06-18 07:40:01.789 725 DEBUG glanceclient.common.http [-] Request returned failure status 404. _handle_response /usr/lib/python2.7/site-packages/glanceclient/common/http.py:125
2019-06-18 07:40:02.792 725 INFO rally.task.context [-] Task a749cd49-72cc-4ab4-bb35-c7a447db98b6 | Context cleanup@openstack cleanup() finished in 6.00 sec
2019-06-18 07:40:02.792 725 INFO rally.task.context [-] Task a749cd49-72cc-4ab4-bb35-c7a447db98b6 | Context users@openstack cleanup() started
2019-06-18 07:40:09.868 725 INFO rally.task.context [-] Task a749cd49-72cc-4ab4-bb35-c7a447db98b6 | Context users@openstack cleanup() finished in 7.08 sec
2019-06-18 07:40:10.865 725 INFO rally.task.engine [-] Load duration is: 12.579531
2019-06-18 07:40:10.865 725 INFO rally.task.engine [-] Full runner duration is: 13.493705
2019-06-18 07:40:10.866 725 INFO rally.task.engine [-] Full duration is: 31.150721
2019-06-18 07:40:11.130 725 INFO rally.task.engine [-] Running workload: position = 0 config = { "version": 2, "title": "A cropped version of a bigger task.", "description": "Auto-generated task from a single workload (uuid=4c7fa90b-8c54-497a-a835-f63eab21a0c1)", "subtasks": [ { "title": "GlanceImages.create_and_get_image", "description": "Create and get detailed information of an image.", "scenario": { "GlanceImages.create_and_get_image": { "container_format": "bare", "disk_format": "qcow2", "image_location": "/home/opnfv/functest/images/cirros-0.4.0-x86_64-disk.img" } }, "contexts": { "users": { "tenants": 3, "users_per_tenant": 2 } }, "runner": { "constant": { "concurrency": 4, "times": 10 } }, "hooks": [], "sla": { "failure_rate": { "max": 0 } } } ] }
2019-06-18 07:40:11.152 725 RALLYDEBUG rally_openstack.contexts.keystone.users [-] Creating 3 tenants using 20 threads
2019-06-18 07:40:12.987 725 RALLYDEBUG rally_openstack.contexts.keystone.users [-] Creating 6 users using 20 threads
2019-06-18 07:40:15.590 725 INFO rally.task.context [-] Task a749cd49-72cc-4ab4-bb35-c7a447db98b6 | Context users@openstack setup() finished in 4.44 sec
2019-06-18 07:40:15.590 725 INFO rally.task.context [-] Task a749cd49-72cc-4ab4-bb35-c7a447db98b6 | Context cleanup@openstack setup() finished in 0.01 msec
2019-06-18 07:40:15.599 725 RALLYDEBUG rally.task.runner [-] Starting the constant runner (task UUID: a749cd49-72cc-4ab4-bb35-c7a447db98b6). timeout: 0 concurrency: 4 concurrency_per_worker: 1 times: 10 concurrency_overhead: 0 processes_to_start: 4 max_cpu_used: 16
2019-06-18 07:40:15.614 1633 RALLYDEBUG rally.task.runner [-] Starting a worker. concurrency: 1 args: {"container_format": "bare", "disk_format": "qcow2", "image_location": "/home/opnfv/functest/images/cirros-0.4.0-x86_64-disk.img"} times: 10 method_name: run timeout: 0 duration: None cls:
2019-06-18 07:40:15.617 1634 RALLYDEBUG rally.task.runner [-] Starting a worker. concurrency: 1 args: {"container_format": "bare", "disk_format": "qcow2", "image_location": "/home/opnfv/functest/images/cirros-0.4.0-x86_64-disk.img"} times: 10 method_name: run timeout: 0 duration: None cls:
2019-06-18 07:40:15.619 1635 RALLYDEBUG rally.task.runner [-] Starting a worker. concurrency: 1 args: {"container_format": "bare", "disk_format": "qcow2", "image_location": "/home/opnfv/functest/images/cirros-0.4.0-x86_64-disk.img"} times: 10 method_name: run timeout: 0 duration: None cls:
2019-06-18 07:40:15.620 1633 INFO rally.task.runner [-] Task a749cd49-72cc-4ab4-bb35-c7a447db98b6 | ITER: 1 START
2019-06-18 07:40:15.623 1636 RALLYDEBUG rally.task.runner [-] Starting a worker. concurrency: 1 args: {"container_format": "bare", "disk_format": "qcow2", "image_location": "/home/opnfv/functest/images/cirros-0.4.0-x86_64-disk.img"} times: 10 method_name: run timeout: 0 duration: None cls:
2019-06-18 07:40:15.624 1634 INFO rally.task.runner [-] Task a749cd49-72cc-4ab4-bb35-c7a447db98b6 | ITER: 2 START
2019-06-18 07:40:15.625 1635 INFO rally.task.runner [-] Task a749cd49-72cc-4ab4-bb35-c7a447db98b6 | ITER: 3 START
2019-06-18 07:40:15.629 1636 INFO rally.task.runner [-] Task a749cd49-72cc-4ab4-bb35-c7a447db98b6 | ITER: 4 START
2019-06-18 07:40:18.902 1634 RALLYDEBUG rally.task.utils [-] Waiting for resource u'cb471b0d-3c57-4380-be25-72b054110f25'. Status changed: NONE => QUEUED in 0.0394339561462
2019-06-18 07:40:18.905 1633 RALLYDEBUG rally.task.utils [-] Waiting for resource u'a7ceeeb6-71d9-4875-8d75-f6298e02e9cc'. Status changed: NONE => QUEUED in 0.0305030345917
2019-06-18 07:40:18.980 1636 RALLYDEBUG rally.task.utils [-] Waiting for resource u'22f89cce-1a98-4bda-9b51-d504d173abe6'. Status changed: NONE => QUEUED in 0.0299270153046
2019-06-18 07:40:19.092 1635 RALLYDEBUG rally.task.utils [-] Waiting for resource u'b14d2c60-4418-45a8-9050-7a9ececc8d63'. Status changed: NONE => QUEUED in 0.179528951645
2019-06-18 07:40:19.400 1636 RALLYDEBUG rally.task.utils [-] Waiting for resource s_rally_4c7fa90b_qScqaoov. Status changed: QUEUED => ACTIVE in 0.0189259052277
2019-06-18 07:40:19.417 1636 INFO rally.task.runner [-] Task a749cd49-72cc-4ab4-bb35-c7a447db98b6 | ITER: 4 END: OK
2019-06-18 07:40:19.421 1636 INFO rally.task.runner [-] Task a749cd49-72cc-4ab4-bb35-c7a447db98b6 | ITER: 5 START
2019-06-18 07:40:22.595 1633 RALLYDEBUG rally.task.utils [-] Waiting for resource s_rally_4c7fa90b_1a4ertb0. Status changed: QUEUED => ACTIVE in 0.0334560871124
2019-06-18 07:40:22.600 1634 RALLYDEBUG rally.task.utils [-] Waiting for resource s_rally_4c7fa90b_9cV327mO. Status changed: QUEUED => ACTIVE in 0.0370759963989
2019-06-18 07:40:22.634 1633 INFO rally.task.runner [-] Task a749cd49-72cc-4ab4-bb35-c7a447db98b6 | ITER: 1 END: OK
2019-06-18 07:40:22.636 1635 RALLYDEBUG rally.task.utils [-] Waiting for resource s_rally_4c7fa90b_Gi0BtDtW. Status changed: QUEUED => ACTIVE in 0.0358929634094
2019-06-18 07:40:22.638 1633 INFO rally.task.runner [-] Task a749cd49-72cc-4ab4-bb35-c7a447db98b6 | ITER: 6 START
2019-06-18 07:40:22.638 1634 INFO rally.task.runner [-] Task a749cd49-72cc-4ab4-bb35-c7a447db98b6 | ITER: 2 END: OK
2019-06-18 07:40:22.644 1634 INFO rally.task.runner [-] Task a749cd49-72cc-4ab4-bb35-c7a447db98b6 | ITER: 7 START
2019-06-18 07:40:22.658 1635 INFO rally.task.runner [-] Task a749cd49-72cc-4ab4-bb35-c7a447db98b6 | ITER: 3 END: OK
2019-06-18 07:40:22.661 1635 INFO rally.task.runner [-] Task a749cd49-72cc-4ab4-bb35-c7a447db98b6 | ITER: 8 START
2019-06-18 07:40:22.704 1636 RALLYDEBUG rally.task.utils [-] Waiting for resource u'181b4abb-4012-40e9-87df-8f48b3028bc7'. Status changed: NONE => QUEUED in 0.0265810489655
2019-06-18 07:40:23.594 1636 RALLYDEBUG rally.task.utils [-] Waiting for resource s_rally_4c7fa90b_vdHdjRVV. Status changed: QUEUED => ACTIVE in 0.0195779800415
2019-06-18 07:40:23.615 1636 INFO rally.task.runner [-] Task a749cd49-72cc-4ab4-bb35-c7a447db98b6 | ITER: 5 END: OK
2019-06-18 07:40:23.619 1636 INFO rally.task.runner [-] Task a749cd49-72cc-4ab4-bb35-c7a447db98b6 | ITER: 9 START
2019-06-18 07:40:25.875 1635 RALLYDEBUG rally.task.utils [-] Waiting for resource u'0005ae87-8fb4-4b0e-92db-d6f11eae0f81'. Status changed: NONE => QUEUED in 0.0271511077881
2019-06-18 07:40:25.929 1633 RALLYDEBUG rally.task.utils [-] Waiting for resource u'ee2afa97-ee25-473b-a604-d7bf9acd7ac9'. Status changed: NONE => QUEUED in 0.0282878875732
2019-06-18 07:40:26.039 1634 RALLYDEBUG rally.task.utils [-] Waiting for resource u'adf26f4d-df3a-4874-a206-44ca09e516ad'. Status changed: NONE => QUEUED in 0.0258119106293
2019-06-18 07:40:26.845 1635 RALLYDEBUG rally.task.utils [-] Waiting for resource s_rally_4c7fa90b_odE4UR1j. Status changed: QUEUED => ACTIVE in 0.0185060501099
2019-06-18 07:40:26.846 1633 RALLYDEBUG rally.task.utils [-] Waiting for resource s_rally_4c7fa90b_q0t2NeyU. Status changed: QUEUED => ACTIVE in 0.0195209980011
2019-06-18 07:40:26.862 1635 INFO rally.task.runner [-] Task a749cd49-72cc-4ab4-bb35-c7a447db98b6 | ITER: 8 END: OK
2019-06-18 07:40:26.863 1633 INFO rally.task.runner [-] Task a749cd49-72cc-4ab4-bb35-c7a447db98b6 | ITER: 6 END: OK
2019-06-18 07:40:26.866 1635 INFO rally.task.runner [-] Task a749cd49-72cc-4ab4-bb35-c7a447db98b6 | ITER: 10 START
2019-06-18 07:40:26.969 1636 RALLYDEBUG rally.task.utils [-] Waiting for resource u'a017c76f-814d-4841-bde5-c4ccf43d2266'. Status changed: NONE => QUEUED in 0.0277359485626
2019-06-18 07:40:27.778 1634 RALLYDEBUG rally.task.utils [-] Waiting for resource s_rally_4c7fa90b_i1k0RryV. Status changed: QUEUED => ACTIVE in 0.0170300006866
2019-06-18 07:40:27.795 1634 INFO rally.task.runner [-] Task a749cd49-72cc-4ab4-bb35-c7a447db98b6 | ITER: 7 END: OK
2019-06-18 07:40:28.775 1636 RALLYDEBUG rally.task.utils [-] Waiting for resource s_rally_4c7fa90b_2Ua3v93r. Status changed: QUEUED => ACTIVE in 0.0170240402222
2019-06-18 07:40:28.796 1636 INFO rally.task.runner [-] Task a749cd49-72cc-4ab4-bb35-c7a447db98b6 | ITER: 9 END: OK
2019-06-18 07:40:30.261 1635 RALLYDEBUG rally.task.utils [-] Waiting for resource u'ac5f6a88-33e8-4d55-b992-ae4c5b10ca4e'. Status changed: NONE => QUEUED in 0.0322740077972
2019-06-18 07:40:30.910 1635 RALLYDEBUG rally.task.utils [-] Waiting for resource s_rally_4c7fa90b_9KdIRuqW. Status changed: QUEUED => ACTIVE in 0.017627954483
2019-06-18 07:40:30.928 1635 INFO rally.task.runner [-] Task a749cd49-72cc-4ab4-bb35-c7a447db98b6 | ITER: 10 END: OK
2019-06-18 07:40:30.953 725 INFO rally.task.context [-] Task a749cd49-72cc-4ab4-bb35-c7a447db98b6 | Context cleanup@openstack cleanup() started
2019-06-18 07:40:30.955 725 RALLYDEBUG rally_openstack.cleanup.manager [-] Cleaning up glance images objects
2019-06-18 07:40:33.110 725 RALLYDEBUG rally_openstack.cleanup.manager [-] Deleting glance.images object s_rally_4c7fa90b_9cV327mO (cb471b0d-3c57-4380-be25-72b054110f25)
2019-06-18 07:40:33.114 725 RALLYDEBUG rally_openstack.cleanup.manager [-] Deleting glance.images object s_rally_4c7fa90b_i1k0RryV (adf26f4d-df3a-4874-a206-44ca09e516ad)
2019-06-18 07:40:33.117 725 RALLYDEBUG rally_openstack.cleanup.manager [-] Deleting glance.images object s_rally_4c7fa90b_vdHdjRVV (181b4abb-4012-40e9-87df-8f48b3028bc7)
2019-06-18 07:40:33.117 725 RALLYDEBUG rally_openstack.cleanup.manager [-] Deleting glance.images object s_rally_4c7fa90b_odE4UR1j (0005ae87-8fb4-4b0e-92db-d6f11eae0f81)
2019-06-18 07:40:33.118 725 RALLYDEBUG rally_openstack.cleanup.manager [-] Deleting glance.images object s_rally_4c7fa90b_q0t2NeyU (ee2afa97-ee25-473b-a604-d7bf9acd7ac9)
2019-06-18 07:40:33.122 725 RALLYDEBUG rally_openstack.cleanup.manager [-] Deleting glance.images object s_rally_4c7fa90b_2Ua3v93r (a017c76f-814d-4841-bde5-c4ccf43d2266)
2019-06-18 07:40:33.122 725 RALLYDEBUG rally_openstack.cleanup.manager [-] Deleting glance.images object s_rally_4c7fa90b_1a4ertb0 (a7ceeeb6-71d9-4875-8d75-f6298e02e9cc)
2019-06-18 07:40:33.124 725 RALLYDEBUG rally_openstack.cleanup.manager [-] Deleting glance.images object s_rally_4c7fa90b_9KdIRuqW (ac5f6a88-33e8-4d55-b992-ae4c5b10ca4e)
2019-06-18 07:40:33.132 725 RALLYDEBUG rally_openstack.cleanup.manager [-] Deleting glance.images object s_rally_4c7fa90b_qScqaoov (22f89cce-1a98-4bda-9b51-d504d173abe6)
2019-06-18 07:40:33.135 725 RALLYDEBUG rally_openstack.cleanup.manager [-] Deleting glance.images object s_rally_4c7fa90b_Gi0BtDtW (b14d2c60-4418-45a8-9050-7a9ececc8d63)
2019-06-18 07:40:34.769 725 DEBUG glanceclient.common.http [-] Request returned failure status 404. _handle_response /usr/lib/python2.7/site-packages/glanceclient/common/http.py:125
2019-06-18 07:40:34.777 725 DEBUG glanceclient.common.http [-] Request returned failure status 404. _handle_response /usr/lib/python2.7/site-packages/glanceclient/common/http.py:125
2019-06-18 07:40:34.781 725 DEBUG glanceclient.common.http [-] Request returned failure status 404. _handle_response /usr/lib/python2.7/site-packages/glanceclient/common/http.py:125
2019-06-18 07:40:34.789 725 DEBUG glanceclient.common.http [-] Request returned failure status 404. _handle_response /usr/lib/python2.7/site-packages/glanceclient/common/http.py:125
2019-06-18 07:40:34.790 725 DEBUG glanceclient.common.http [-] Request returned failure status 404. _handle_response /usr/lib/python2.7/site-packages/glanceclient/common/http.py:125
2019-06-18 07:40:34.792 725 DEBUG glanceclient.common.http [-] Request returned failure status 404. _handle_response /usr/lib/python2.7/site-packages/glanceclient/common/http.py:125
2019-06-18 07:40:34.795 725 DEBUG glanceclient.common.http [-] Request returned failure status 404. _handle_response /usr/lib/python2.7/site-packages/glanceclient/common/http.py:125
2019-06-18 07:40:34.799 725 DEBUG glanceclient.common.http [-] Request returned failure status 404. _handle_response /usr/lib/python2.7/site-packages/glanceclient/common/http.py:125
