2019-06-16 21:40:49.615 26952 WARNING rally_openstack.scenarios.neutron.utils [-] Running this scenario without either the 'network' or 'existing_network' context is deprecated
2019-06-16 21:40:50.940 26964 INFO rally.task.runner [-] Task 6e8b373d-e376-47d4-abb8-1410bc8878b4 | ITER: 10 END: OK
2019-06-16 21:40:50.945 26964 INFO rally.task.runner [-] Task 6e8b373d-e376-47d4-abb8-1410bc8878b4 | ITER: 40 START
2019-06-16 21:40:50.946 26964 WARNING rally_openstack.scenarios.neutron.utils [-] Running this scenario without either the 'network' or 'existing_network' context is deprecated
2019-06-16 21:40:58.360 26994 INFO rally.task.runner [-] Task 6e8b373d-e376-47d4-abb8-1410bc8878b4 | ITER: 22 END: OK
2019-06-16 21:40:58.687 26960 INFO rally.task.runner [-] Task 6e8b373d-e376-47d4-abb8-1410bc8878b4 | ITER: 21 END: OK
2019-06-16 21:41:00.431 26993 INFO rally.task.runner [-] Task 6e8b373d-e376-47d4-abb8-1410bc8878b4 | ITER: 23 END: OK
2019-06-16 21:41:01.410 26952 INFO rally.task.runner [-] Task 6e8b373d-e376-47d4-abb8-1410bc8878b4 | ITER: 26 END: OK
2019-06-16 21:41:01.412 26957 INFO rally.task.runner [-] Task 6e8b373d-e376-47d4-abb8-1410bc8878b4 | ITER: 25 END: OK
2019-06-16 21:41:02.036 26973 INFO rally.task.runner [-] Task 6e8b373d-e376-47d4-abb8-1410bc8878b4 | ITER: 28 END: OK
2019-06-16 21:41:02.212 26954 INFO rally.task.runner [-] Task 6e8b373d-e376-47d4-abb8-1410bc8878b4 | ITER: 27 END: OK
2019-06-16 21:41:02.613 26981 INFO rally.task.runner [-] Task 6e8b373d-e376-47d4-abb8-1410bc8878b4 | ITER: 38 END: OK
2019-06-16 21:41:02.767 26953 INFO rally.task.runner [-] Task 6e8b373d-e376-47d4-abb8-1410bc8878b4 | ITER: 24 END: OK
2019-06-16 21:41:02.909 26954 INFO rally.task.runner [-] Task 6e8b373d-e376-47d4-abb8-1410bc8878b4 | ITER: 31 END: OK
2019-06-16 21:41:03.024 26997 INFO rally.task.runner [-] Task 6e8b373d-e376-47d4-abb8-1410bc8878b4 | ITER: 34 END: OK
2019-06-16 21:41:03.162 26988 INFO rally.task.runner [-] Task 6e8b373d-e376-47d4-abb8-1410bc8878b4 | ITER: 33 END: OK
2019-06-16 21:41:03.224 26984 INFO rally.task.runner [-] Task 6e8b373d-e376-47d4-abb8-1410bc8878b4 | ITER: 32 END: OK
2019-06-16 21:41:03.253 26967 INFO rally.task.runner [-] Task 6e8b373d-e376-47d4-abb8-1410bc8878b4 | ITER: 29 END: OK
2019-06-16 21:41:03.326 26953 INFO rally.task.runner [-] Task 6e8b373d-e376-47d4-abb8-1410bc8878b4 | ITER: 30 END: OK
2019-06-16 21:41:03.539 26957 INFO rally.task.runner [-] Task 6e8b373d-e376-47d4-abb8-1410bc8878b4 | ITER: 37 END: OK
2019-06-16 21:41:03.571 26978 INFO rally.task.runner [-] Task 6e8b373d-e376-47d4-abb8-1410bc8878b4 | ITER: 35 END: OK
2019-06-16 21:41:04.261 26987 INFO rally.task.runner [-] Task 6e8b373d-e376-47d4-abb8-1410bc8878b4 | ITER: 36 END: OK
2019-06-16 21:41:04.794 26964 INFO rally.task.runner [-] Task 6e8b373d-e376-47d4-abb8-1410bc8878b4 | ITER: 40 END: OK
2019-06-16 21:41:04.847 26952 INFO rally.task.runner [-] Task 6e8b373d-e376-47d4-abb8-1410bc8878b4 | ITER: 39 END: OK
2019-06-16 21:41:04.878 22706 INFO rally.task.context [-] Task 6e8b373d-e376-47d4-abb8-1410bc8878b4 | Context cleanup@openstack cleanup() started
2019-06-16 21:41:04.880 22706 RALLYDEBUG rally_openstack.cleanup.manager [-] Cleaning up neutron vip objects
2019-06-16 21:41:05.510 22706 RALLYDEBUG rally_openstack.cleanup.manager [-] Cleaning up neutron health_monitor objects
2019-06-16 21:41:06.246 22706 RALLYDEBUG rally_openstack.cleanup.manager [-] Cleaning up neutron pool objects
2019-06-16 21:41:06.988 22706 RALLYDEBUG rally_openstack.cleanup.manager [-] Cleaning up neutron loadbalancer objects
2019-06-16 21:41:07.748 22706 RALLYDEBUG rally_openstack.cleanup.manager [-] Cleaning up neutron floatingip objects
2019-06-16 21:41:08.534 22706 RALLYDEBUG rally_openstack.cleanup.manager [-] Cleaning up neutron port objects
2019-06-16 21:41:09.275 22706 RALLYDEBUG rally_openstack.cleanup.manager [-] Cleaning up neutron subnet objects
2019-06-16 21:41:10.038 22706 RALLYDEBUG rally_openstack.cleanup.manager [-] Cleaning up neutron network objects
2019-06-16 21:41:10.922 22706 RALLYDEBUG rally_openstack.cleanup.manager [-] Deleting neutron.network object s_rally_ece0f554_tc3Ja9D5 (0568eaa9-06c2-4360-aa0e-845b67861ce8)
2019-06-16 21:41:10.922 22706 RALLYDEBUG rally_openstack.cleanup.manager [-] Deleting neutron.network object s_rally_ece0f554_M6d1Psdt (1bf153d4-62d7-4de2-812d-ecf30c462b66)
2019-06-16 21:41:10.928 22706 RALLYDEBUG rally_openstack.cleanup.manager [-] Deleting neutron.network object s_rally_ece0f554_656kdhGd (1fc2864a-3235-4102-aa5b-e254d8bfb5a9)
2019-06-16 21:41:10.935 22706 RALLYDEBUG rally_openstack.cleanup.manager [-] Deleting neutron.network object s_rally_ece0f554_ONjdthyl (1038a740-60a4-4732-b5d3-8ecc371abcbc)
2019-06-16 21:41:10.939 22706 RALLYDEBUG rally_openstack.cleanup.manager [-] Deleting neutron.network object s_rally_ece0f554_CZrWKvYD (1df02fda-8930-4c83-9cb1-ea6636d988bb)
2019-06-16 21:41:10.945 22706 RALLYDEBUG rally_openstack.cleanup.manager [-] Deleting neutron.network object s_rally_ece0f554_uuLCpZY7 (3f9dfe2d-5c46-481f-89f3-a9b1d0a3986f)
2019-06-16 21:41:10.949 22706 RALLYDEBUG rally_openstack.cleanup.manager [-] Deleting neutron.network object s_rally_ece0f554_oO1FzYlO (3046d197-aaa6-45f6-a1ce-fe56d80a2ef0)
2019-06-16 21:41:10.949 22706 RALLYDEBUG rally_openstack.cleanup.manager [-] Deleting neutron.network object s_rally_ece0f554_OwxkkiDQ (38601fdc-469f-4e7c-ad08-36cc3c507833)
2019-06-16 21:41:10.950 22706 RALLYDEBUG rally_openstack.cleanup.manager [-] Deleting neutron.network object s_rally_ece0f554_KCkvwamx (37719fea-fe3f-444d-af64-064674020d28)
2019-06-16 21:41:10.953 22706 RALLYDEBUG rally_openstack.cleanup.manager [-] Deleting neutron.network object s_rally_ece0f554_EcSxXzAs (2cf712bf-6e20-4789-a64f-7ec0bfd163af)
2019-06-16 21:41:10.954 22706 RALLYDEBUG rally_openstack.cleanup.manager [-] Deleting neutron.network object s_rally_ece0f554_PS5vmeH1 (1f0c01e0-68df-40a0-b357-b45b23fc5b24)
2019-06-16 21:41:10.966 22706 RALLYDEBUG rally_openstack.cleanup.manager [-] Deleting neutron.network object s_rally_ece0f554_9GbFwRFl (3a3e34f5-50cf-431f-8dc2-3f2661a4c0ac)
2019-06-16 21:41:10.968 22706 RALLYDEBUG rally_openstack.cleanup.manager [-] Deleting neutron.network object s_rally_ece0f554_i1XIk1D0 (4a035c3c-09fb-42fc-b50f-aef21540a8bd)
2019-06-16 21:41:10.970 22706 RALLYDEBUG rally_openstack.cleanup.manager [-] Deleting neutron.network object s_rally_ece0f554_fEQhtsxg (4778f1e4-c0be-49e8-bca0-e5a14fd9a6d1)
2019-06-16 21:41:10.975 22706 RALLYDEBUG rally_openstack.cleanup.manager [-] Deleting neutron.network object s_rally_ece0f554_L4cdqjRd (3e9a2ce4-340a-4c93-9e9d-64b69c2267d1)
2019-06-16 21:41:10.996 22706 RALLYDEBUG rally_openstack.cleanup.manager [-] Deleting neutron.network object s_rally_ece0f554_0qq69ZsW (4bf16f90-02ec-4d08-bd3d-7d61bc1d83e0)
2019-06-16 21:41:11.002 22706 RALLYDEBUG rally_openstack.cleanup.manager [-] Deleting neutron.network object s_rally_ece0f554_QOhlqHCj (5791c761-0871-4b81-8d0b-9175ac70083f)
2019-06-16 21:41:11.008 22706 RALLYDEBUG rally_openstack.cleanup.manager [-] Deleting neutron.network object s_rally_ece0f554_WzRNYAEe (501c0f55-8227-44fc-aee7-95ba607b9b71)
2019-06-16 21:41:11.023 22706 RALLYDEBUG rally_openstack.cleanup.manager [-] Deleting neutron.network object s_rally_ece0f554_hS2hhd8P (5cdfb583-b6aa-4631-b696-97bcddc13019)
2019-06-16 21:41:11.040 22706 RALLYDEBUG rally_openstack.cleanup.manager [-] Deleting neutron.network object s_rally_ece0f554_4lzkKaD5 (6263aca1-23cf-42a2-a72c-535d9f3f044e)
2019-06-16 21:41:13.789 22706 RALLYDEBUG rally_openstack.cleanup.manager [-] Deleting neutron.network object s_rally_ece0f554_IWyIM7OB (769ae5ce-416f-48e2-826d-1122d1d8639d)
2019-06-16 21:41:13.832 22706 RALLYDEBUG rally_openstack.cleanup.manager [-] Deleting neutron.network object s_rally_ece0f554_hTporj1s (856ac043-8abb-400b-a26f-a015d69e3590)
2019-06-16 21:41:13.955 22706 RALLYDEBUG rally_openstack.cleanup.manager [-] Deleting neutron.network object s_rally_ece0f554_XVLRPcAC (89f13a4c-4a52-4d11-9927-af7af1efc270)
2019-06-16 21:41:14.073 22706 RALLYDEBUG rally_openstack.cleanup.manager [-] Deleting neutron.network object s_rally_ece0f554_zLoXYZxC (8f4bbcd7-4769-433d-ad3f-ee8d476212cd)
2019-06-16 21:41:14.160 22706 RALLYDEBUG rally_openstack.cleanup.manager [-] Deleting neutron.network object s_rally_ece0f554_FMdS1Sfz (8f8181ad-19b7-4fa2-a89e-d8b49ea3147f)
2019-06-16 21:41:14.184 22706 RALLYDEBUG rally_openstack.cleanup.manager [-] Deleting neutron.network object s_rally_ece0f554_epn8ad2g (9574e143-ab73-4f1d-9ce6-108823d4eb93)
2019-06-16 21:41:14.209 22706 RALLYDEBUG rally_openstack.cleanup.manager [-] Deleting neutron.network object s_rally_ece0f554_Euj4ErkL (961b2d9a-9048-4c96-afa2-c2f619c00659)
2019-06-16 21:41:14.249 22706 RALLYDEBUG rally_openstack.cleanup.manager [-] Deleting neutron.network object s_rally_ece0f554_qy3vJyin (98ac288b-ea51-4e49-bd17-d8cba570947e)
2019-06-16 21:41:14.269 22706 RALLYDEBUG rally_openstack.cleanup.manager [-] Deleting neutron.network object s_rally_ece0f554_K75VdOuU (a4cad5a8-4838-4210-a36b-471eee49082f)
2019-06-16 21:41:14.352 22706 RALLYDEBUG rally_openstack.cleanup.manager [-] Deleting neutron.network object s_rally_ece0f554_EatwTo8R (bb164ba1-776e-42de-93dd-fe9489da0292)
2019-06-16 21:41:14.382 22706 RALLYDEBUG rally_openstack.cleanup.manager [-] Deleting neutron.network object s_rally_ece0f554_TOAIxs4R (bb5628b5-705b-4653-aa76-1b642b270787)
2019-06-16 21:41:14.398 22706 RALLYDEBUG rally_openstack.cleanup.manager [-] Deleting neutron.network object s_rally_ece0f554_GSS0YXrC (cc586f67-782a-4dce-91ab-637770ada79a)
2019-06-16 21:41:14.460 22706 RALLYDEBUG rally_openstack.cleanup.manager [-] Deleting neutron.network object s_rally_ece0f554_8a447MHF (d5cd2f3a-f24a-48de-8fe2-4608e01a40a9)
2019-06-16 21:41:14.506 22706 RALLYDEBUG rally_openstack.cleanup.manager [-] Deleting neutron.network object s_rally_ece0f554_LgwWzJ8s (dc1fd3ca-dc7c-4a47-99df-cee132bd4b8a)
2019-06-16 21:41:14.528 22706 RALLYDEBUG rally_openstack.cleanup.manager [-] Deleting neutron.network object s_rally_ece0f554_Kyuvyfmy (e2a087ba-f47b-45d8-8008-1944016dbd60)
2019-06-16 21:41:14.596 22706 RALLYDEBUG rally_openstack.cleanup.manager [-] Deleting neutron.network object s_rally_ece0f554_n5OdzPam (eda89edc-3e35-40ab-b0ac-56b3be33748b)
2019-06-16 21:41:14.612 22706 RALLYDEBUG rally_openstack.cleanup.manager [-] Deleting neutron.network object s_rally_ece0f554_OvSCm5XL (ee1657ed-b612-402c-a2b7-2b707acac1c2)
2019-06-16 21:41:14.619 22706 RALLYDEBUG rally_openstack.cleanup.manager [-] Deleting neutron.network object s_rally_ece0f554_ExKCBd42 (ee9982be-a659-447e-9c60-dcf0db10f0a2)
2019-06-16 21:41:14.885 22706 RALLYDEBUG rally_openstack.cleanup.manager [-] Deleting neutron.network object s_rally_ece0f554_JV11P8RX (fa67670b-1667-4119-a7c8-835953faa589)
2019-06-16 21:41:14.906 22706 RALLYDEBUG rally_openstack.cleanup.manager [-] Deleting neutron.network object s_rally_ece0f554_lIXGw0uQ (fba05a14-723e-4ec2-9771-94b824b94d17)
2019-06-16 21:41:18.357 22706 RALLYDEBUG rally_openstack.cleanup.manager [-] Cleaning up neutron router objects
2019-06-16 21:41:19.291 22706 RALLYDEBUG rally_openstack.cleanup.manager [-] Cleaning up neutron security_group objects
2019-06-16 21:41:20.095 22706 INFO rally.task.context [-] Task 6e8b373d-e376-47d4-abb8-1410bc8878b4 | Context cleanup@openstack cleanup() finished in 15.22 sec
2019-06-16 21:41:20.096 22706 INFO rally.task.context [-] Task 6e8b373d-e376-47d4-abb8-1410bc8878b4 | Context quotas@openstack cleanup() started
2019-06-16 21:41:20.430 22706 INFO rally.task.context [-] Task 6e8b373d-e376-47d4-abb8-1410bc8878b4 | Context quotas@openstack cleanup() finished in 0.33 sec
2019-06-16 21:41:20.431 22706 INFO rally.task.context [-] Task 6e8b373d-e376-47d4-abb8-1410bc8878b4 | Context users@openstack cleanup() started
2019-06-16 21:41:25.592 22706 INFO rally.task.context [-] Task 6e8b373d-e376-47d4-abb8-1410bc8878b4 | Context users@openstack cleanup() finished in 5.16 sec
2019-06-16 21:41:26.624 22706 INFO rally.task.engine [-] Load duration is: 32.775764
2019-06-16 21:41:26.624 22706 INFO rally.task.engine [-] Full runner duration is: 32.829512
2019-06-16 21:41:26.624 22706 INFO rally.task.engine [-] Full duration is: 59.193996
2019-06-16 21:41:26.946 22706 INFO rally.task.engine [-] Running workload: position = 0 config = { "version": 2, "title": "A cropped version of a bigger task.", "description": "Auto-generated task from a single workload (uuid=21b0a3da-8005-4fe7-85dd-bf1220d3cd91)", "subtasks": [ { "title": "Quotas.neutron_update", "description": "Update quotas for neutron.", "scenario": { "Quotas.neutron_update": { "max_quota": 1024 } }, "contexts": { "users": { "tenants": 20, "users_per_tenant": 1 } }, "runner": { "constant": { "times": 40, "concurrency": 20 } }, "hooks": [], "sla": { "failure_rate": { "max": 0 } } } ] }
2019-06-16 21:41:26.969 22706 RALLYDEBUG rally_openstack.contexts.keystone.users [-] Creating 20 tenants using 20 threads
2019-06-16 21:41:29.589 22706 RALLYDEBUG rally_openstack.contexts.keystone.users [-] Creating 20 users using 20 threads
2019-06-16 21:41:33.256 22706 INFO rally.task.context [-] Task 6e8b373d-e376-47d4-abb8-1410bc8878b4 | Context users@openstack setup() finished in 6.29 sec
2019-06-16 21:41:33.256 22706 INFO rally.task.context [-] Task 6e8b373d-e376-47d4-abb8-1410bc8878b4 | Context admin_cleanup@openstack setup() finished in 0.01 msec
2019-06-16 21:41:33.263 22706 RALLYDEBUG rally.task.runner [-] Starting the constant runner (task UUID: 6e8b373d-e376-47d4-abb8-1410bc8878b4). timeout: 0 concurrency: 20 concurrency_per_worker: 1 times: 40 concurrency_overhead: 4 processes_to_start: 16 max_cpu_used: 16
2019-06-16 21:41:33.277 27322 RALLYDEBUG rally.task.runner [-] Starting a worker. concurrency: 2 args: {"max_quota": 1024} times: 40 method_name: run timeout: 0 duration: None cls:
2019-06-16 21:41:33.280 27323 RALLYDEBUG rally.task.runner [-] Starting a worker. concurrency: 2 args: {"max_quota": 1024} times: 40 method_name: run timeout: 0 duration: None cls:
2019-06-16 21:41:33.282 27324 RALLYDEBUG rally.task.runner [-] Starting a worker. concurrency: 2 args: {"max_quota": 1024} times: 40 method_name: run timeout: 0 duration: None cls:
2019-06-16 21:41:33.286 27325 RALLYDEBUG rally.task.runner [-] Starting a worker. concurrency: 2 args: {"max_quota": 1024} times: 40 method_name: run timeout: 0 duration: None cls:
2019-06-16 21:41:33.291 27326 RALLYDEBUG rally.task.runner [-] Starting a worker. concurrency: 1 args: {"max_quota": 1024} times: 40 method_name: run timeout: 0 duration: None cls:
2019-06-16 21:41:33.292 27324 INFO rally.task.runner [-] Task 6e8b373d-e376-47d4-abb8-1410bc8878b4 | ITER: 3 START
2019-06-16 21:41:33.294 27322 INFO rally.task.runner [-] Task 6e8b373d-e376-47d4-abb8-1410bc8878b4 | ITER: 1 START
2019-06-16 21:41:33.296 27325 INFO rally.task.runner [-] Task 6e8b373d-e376-47d4-abb8-1410bc8878b4 | ITER: 5 START
2019-06-16 21:41:33.297 27328 RALLYDEBUG rally.task.runner [-] Starting a worker. concurrency: 1 args: {"max_quota": 1024} times: 40 method_name: run timeout: 0 duration: None cls:
2019-06-16 21:41:33.298 27323 INFO rally.task.runner [-] Task 6e8b373d-e376-47d4-abb8-1410bc8878b4 | ITER: 2 START
2019-06-16 21:41:33.300 27333 RALLYDEBUG rally.task.runner [-] Starting a worker. concurrency: 1 args: {"max_quota": 1024} times: 40 method_name: run timeout: 0 duration: None cls:
2019-06-16 21:41:33.302 27322 INFO rally.task.runner [-] Task 6e8b373d-e376-47d4-abb8-1410bc8878b4 | ITER: 4 START
2019-06-16 21:41:33.303 27337 RALLYDEBUG rally.task.runner [-] Starting a worker. concurrency: 1 args: {"max_quota": 1024} times: 40 method_name: run timeout: 0 duration: None cls:
2019-06-16 21:41:33.298 27323 INFO rally.task.runner [-] Task 6e8b373d-e376-47d4-abb8-1410bc8878b4 | ITER: 6 START
2019-06-16 21:41:33.310 27328 INFO rally.task.runner [-] Task 6e8b373d-e376-47d4-abb8-1410bc8878b4 | ITER: 10 START
2019-06-16 21:41:33.310 27340 RALLYDEBUG rally.task.runner [-] Starting a worker. concurrency: 1 args: {"max_quota": 1024} times: 40 method_name: run timeout: 0 duration: None cls:
2019-06-16 21:41:33.312 27333 INFO rally.task.runner [-] Task 6e8b373d-e376-47d4-abb8-1410bc8878b4 | ITER: 11 START
2019-06-16 21:41:33.313 27326 INFO rally.task.runner [-] Task 6e8b373d-e376-47d4-abb8-1410bc8878b4 | ITER: 8 START
2019-06-16 21:41:33.314 27337 INFO rally.task.runner [-] Task 6e8b373d-e376-47d4-abb8-1410bc8878b4 | ITER: 12 START
2019-06-16 21:41:33.314 27342 RALLYDEBUG rally.task.runner [-] Starting a worker. concurrency: 1 args: {"max_quota": 1024} times: 40 method_name: run timeout: 0 duration: None cls:
2019-06-16 21:41:33.314 27343 RALLYDEBUG rally.task.runner [-] Starting a worker. concurrency: 1 args: {"max_quota": 1024} times: 40 method_name: run timeout: 0 duration: None cls:
2019-06-16 21:41:33.319 27340 INFO rally.task.runner [-] Task 6e8b373d-e376-47d4-abb8-1410bc8878b4 | ITER: 13 START
2019-06-16 21:41:33.322 27351 RALLYDEBUG rally.task.runner [-] Starting a worker. concurrency: 1 args: {"max_quota": 1024} times: 40 method_name: run timeout: 0 duration: None cls:
2019-06-16 21:41:33.324 27324 INFO rally.task.runner [-] Task 6e8b373d-e376-47d4-abb8-1410bc8878b4 | ITER: 7 START
2019-06-16 21:41:33.325 27343 INFO rally.task.runner [-] Task 6e8b373d-e376-47d4-abb8-1410bc8878b4 | ITER: 15 START
2019-06-16 21:41:33.328 27355 RALLYDEBUG rally.task.runner [-] Starting a worker. concurrency: 1 args: {"max_quota": 1024} times: 40 method_name: run timeout: 0 duration: None cls:
2019-06-16 21:41:33.330 27325 INFO rally.task.runner [-] Task 6e8b373d-e376-47d4-abb8-1410bc8878b4 | ITER: 9 START
2019-06-16 21:41:33.332 27351 INFO rally.task.runner [-] Task 6e8b373d-e376-47d4-abb8-1410bc8878b4 | ITER: 16 START
2019-06-16 21:41:33.335 27360 RALLYDEBUG rally.task.runner [-] Starting a worker. concurrency: 1 args: {"max_quota": 1024} times: 40 method_name: run timeout: 0 duration: None cls:
2019-06-16 21:41:33.342 27342 INFO rally.task.runner [-] Task 6e8b373d-e376-47d4-abb8-1410bc8878b4 | ITER: 14 START
2019-06-16 21:41:33.342 27364 RALLYDEBUG rally.task.runner [-] Starting a worker. concurrency: 1 args: {"max_quota": 1024} times: 40 method_name: run timeout: 0 duration: None cls:
2019-06-16 21:41:33.343 27355 INFO rally.task.runner [-] Task 6e8b373d-e376-47d4-abb8-1410bc8878b4 | ITER: 17 START
2019-06-16 21:41:33.345 27360 INFO rally.task.runner [-] Task 6e8b373d-e376-47d4-abb8-1410bc8878b4 | ITER: 18 START
2019-06-16 21:41:33.349 27366 RALLYDEBUG rally.task.runner [-] Starting a worker. concurrency: 1 args: {"max_quota": 1024} times: 40 method_name: run timeout: 0 duration: None cls:
2019-06-16 21:41:33.351 27364 INFO rally.task.runner [-] Task 6e8b373d-e376-47d4-abb8-1410bc8878b4 | ITER: 19 START
2019-06-16 21:41:33.358 27366 INFO rally.task.runner [-] Task 6e8b373d-e376-47d4-abb8-1410bc8878b4 | ITER: 20 START
2019-06-16 21:41:35.767 27322 INFO rally.task.runner [-] Task 6e8b373d-e376-47d4-abb8-1410bc8878b4 | ITER: 1 END: OK
2019-06-16 21:41:35.773 27322 INFO rally.task.runner [-] Task 6e8b373d-e376-47d4-abb8-1410bc8878b4 | ITER: 21 START
2019-06-16 21:41:35.866 27328 INFO rally.task.runner [-] Task 6e8b373d-e376-47d4-abb8-1410bc8878b4 | ITER: 10 END: OK
2019-06-16 21:41:35.873 27328 INFO rally.task.runner [-] Task 6e8b373d-e376-47d4-abb8-1410bc8878b4 | ITER: 22 START
2019-06-16 21:41:35.909 27322 INFO rally.task.runner [-] Task 6e8b373d-e376-47d4-abb8-1410bc8878b4 | ITER: 4 END: OK
2019-06-16 21:41:35.914 27322 INFO rally.task.runner [-] Task 6e8b373d-e376-47d4-abb8-1410bc8878b4 | ITER: 23 START
2019-06-16 21:41:35.940 27323 INFO rally.task.runner [-] Task 6e8b373d-e376-47d4-abb8-1410bc8878b4 | ITER: 2 END: OK
2019-06-16 21:41:35.947 27323 INFO rally.task.runner [-] Task 6e8b373d-e376-47d4-abb8-1410bc8878b4 | ITER: 24 START
2019-06-16 21:41:35.971 27351 INFO rally.task.runner [-] Task 6e8b373d-e376-47d4-abb8-1410bc8878b4 | ITER: 16 END: OK
2019-06-16 21:41:35.978 27351 INFO rally.task.runner [-] Task 6e8b373d-e376-47d4-abb8-1410bc8878b4 | ITER: 25 START
2019-06-16 21:41:36.003 27326 INFO rally.task.runner [-] Task 6e8b373d-e376-47d4-abb8-1410bc8878b4 | ITER: 8 END: OK
2019-06-16 21:41:36.008 27326 INFO rally.task.runner [-] Task 6e8b373d-e376-47d4-abb8-1410bc8878b4 | ITER: 26 START
2019-06-16 21:41:36.096 27355 INFO rally.task.runner [-] Task 6e8b373d-e376-47d4-abb8-1410bc8878b4 | ITER: 17 END: OK
2019-06-16 21:41:36.101 27355 INFO rally.task.runner [-] Task 6e8b373d-e376-47d4-abb8-1410bc8878b4 | ITER: 27 START
2019-06-16 21:41:36.112 27337 INFO rally.task.runner [-] Task 6e8b373d-e376-47d4-abb8-1410bc8878b4 | ITER: 12 END: OK
2019-06-16 21:41:36.116 27337 INFO rally.task.runner [-] Task 6e8b373d-e376-47d4-abb8-1410bc8878b4 | ITER: 28 START
2019-06-16 21:41:36.120 27323 INFO rally.task.runner [-] Task 6e8b373d-e376-47d4-abb8-1410bc8878b4 | ITER: 6 END: OK
2019-06-16 21:41:36.125 27323 INFO rally.task.runner [-] Task 6e8b373d-e376-47d4-abb8-1410bc8878b4 | ITER: 29 START
2019-06-16 21:41:36.131 27343 INFO rally.task.runner [-] Task 6e8b373d-e376-47d4-abb8-1410bc8878b4 | ITER: 15 END: OK
2019-06-16 21:41:36.138 27343 INFO rally.task.runner [-] Task 6e8b373d-e376-47d4-abb8-1410bc8878b4 | ITER: 30 START
2019-06-16 21:41:36.143 27325 INFO rally.task.runner [-] Task 6e8b373d-e376-47d4-abb8-1410bc8878b4 | ITER: 5 END: OK
2019-06-16 21:41:36.148 27325 INFO rally.task.runner [-] Task 6e8b373d-e376-47d4-abb8-1410bc8878b4 | ITER: 31 START
2019-06-16 21:41:36.163 27333 INFO rally.task.runner [-] Task 6e8b373d-e376-47d4-abb8-1410bc8878b4 | ITER: 11 END: OK
2019-06-16 21:41:36.167 27360 INFO rally.task.runner [-] Task 6e8b373d-e376-47d4-abb8-1410bc8878b4 | ITER: 18 END: OK
2019-06-16 21:41:36.168 27333 INFO rally.task.runner [-] Task 6e8b373d-e376-47d4-abb8-1410bc8878b4 | ITER: 32 START
2019-06-16 21:41:36.174 27360 INFO rally.task.runner [-] Task 6e8b373d-e376-47d4-abb8-1410bc8878b4 | ITER: 33 START
2019-06-16 21:41:36.179 27324 INFO rally.task.runner [-] Task 6e8b373d-e376-47d4-abb8-1410bc8878b4 | ITER: 3 END: OK
2019-06-16 21:41:36.183 27324 INFO rally.task.runner [-] Task 6e8b373d-e376-47d4-abb8-1410bc8878b4 | ITER: 34 START
2019-06-16 21:41:36.194 27324 INFO rally.task.runner [-] Task 6e8b373d-e376-47d4-abb8-1410bc8878b4 | ITER: 7 END: OK
2019-06-16 21:41:36.197 27324 INFO rally.task.runner [-] Task 6e8b373d-e376-47d4-abb8-1410bc8878b4 | ITER: 35 START
2019-06-16 21:41:36.211 27342 INFO rally.task.runner [-] Task 6e8b373d-e376-47d4-abb8-1410bc8878b4 | ITER: 14 END: OK
2019-06-16 21:41:36.216 27342 INFO rally.task.runner [-] Task 6e8b373d-e376-47d4-abb8-1410bc8878b4 | ITER: 36 START
2019-06-16 21:41:36.230 27366 INFO rally.task.runner [-] Task 6e8b373d-e376-47d4-abb8-1410bc8878b4 | ITER: 20 END: OK
2019-06-16 21:41:36.234 27366 INFO rally.task.runner [-] Task 6e8b373d-e376-47d4-abb8-1410bc8878b4 | ITER: 37 START
2019-06-16 21:41:36.249 27364 INFO rally.task.runner [-] Task 6e8b373d-e376-47d4-abb8-1410bc8878b4 | ITER: 19 END: OK
2019-06-16 21:41:36.254 27364 INFO rally.task.runner [-] Task 6e8b373d-e376-47d4-abb8-1410bc8878b4 | ITER: 38 START
2019-06-16 21:41:36.266 27325 INFO rally.task.runner [-] Task 6e8b373d-e376-47d4-abb8-1410bc8878b4 | ITER: 9 END: OK
2019-06-16 21:41:36.270 27325 INFO rally.task.runner [-] Task 6e8b373d-e376-47d4-abb8-1410bc8878b4 | ITER: 39 START
2019-06-16 21:41:36.280 27340 INFO rally.task.runner [-] Task 6e8b373d-e376-47d4-abb8-1410bc8878b4 | ITER: 13 END: OK
2019-06-16 21:41:36.284 27340 INFO rally.task.runner [-] Task 6e8b373d-e376-47d4-abb8-1410bc8878b4 | ITER: 40 START
2019-06-16 21:41:37.370 27351 INFO rally.task.runner [-] Task 6e8b373d-e376-47d4-abb8-1410bc8878b4 | ITER: 25 END: OK
2019-06-16 21:41:37.443 27322 INFO rally.task.runner [-] Task 6e8b373d-e376-47d4-abb8-1410bc8878b4 | ITER: 21 END: OK
2019-06-16 21:41:37.934 27343 INFO rally.task.runner [-] Task 6e8b373d-e376-47d4-abb8-1410bc8878b4 | ITER: 30 END: OK
2019-06-16 21:41:38.042 27326 INFO rally.task.runner [-] Task 6e8b373d-e376-47d4-abb8-1410bc8878b4 | ITER: 26 END: OK
2019-06-16 21:41:38.551 27342 INFO rally.task.runner [-] Task 6e8b373d-e376-47d4-abb8-1410bc8878b4 | ITER: 36 END: OK
2019-06-16 21:41:38.702 27324 INFO rally.task.runner [-] Task 6e8b373d-e376-47d4-abb8-1410bc8878b4 | ITER: 34 END: OK
2019-06-16 21:41:38.811 27323 INFO rally.task.runner [-] Task 6e8b373d-e376-47d4-abb8-1410bc8878b4 | ITER: 29 END: OK
2019-06-16 21:41:38.821 27355 INFO rally.task.runner [-] Task 6e8b373d-e376-47d4-abb8-1410bc8878b4 | ITER: 27 END: OK
2019-06-16 21:41:38.832 27322 INFO rally.task.runner [-] Task 6e8b373d-e376-47d4-abb8-1410bc8878b4 | ITER: 23 END: OK
2019-06-16 21:41:38.844 27366 INFO rally.task.runner [-] Task 6e8b373d-e376-47d4-abb8-1410bc8878b4 | ITER: 37 END: OK
2019-06-16 21:41:38.856 27333 INFO rally.task.runner [-] Task 6e8b373d-e376-47d4-abb8-1410bc8878b4 | ITER: 32 END: OK
2019-06-16 21:41:38.886 27325 INFO rally.task.runner [-] Task 6e8b373d-e376-47d4-abb8-1410bc8878b4 | ITER: 31 END: OK
2019-06-16 21:41:38.911 27323 INFO rally.task.runner [-] Task 6e8b373d-e376-47d4-abb8-1410bc8878b4 | ITER: 24 END: OK
2019-06-16 21:41:38.921 27328 INFO rally.task.runner [-] Task 6e8b373d-e376-47d4-abb8-1410bc8878b4 | ITER: 22 END: OK
2019-06-16 21:41:38.932 27360 INFO rally.task.runner [-] Task 6e8b373d-e376-47d4-abb8-1410bc8878b4 | ITER: 33 END: OK
2019-06-16 21:41:38.952 27337 INFO rally.task.runner [-] Task 6e8b373d-e376-47d4-abb8-1410bc8878b4 | ITER: 28 END: OK
2019-06-16 21:41:38.987 27324 INFO rally.task.runner [-] Task 6e8b373d-e376-47d4-abb8-1410bc8878b4 | ITER: 35 END: OK
2019-06-16 21:41:39.006 27364 INFO rally.task.runner [-] Task 6e8b373d-e376-47d4-abb8-1410bc8878b4 | ITER: 38 END: OK
2019-06-16 21:41:39.025 27325 INFO rally.task.runner [-] Task 6e8b373d-e376-47d4-abb8-1410bc8878b4 | ITER: 39 END: OK
2019-06-16 21:41:39.035 27340 INFO rally.task.runner [-] Task 6e8b373d-e376-47d4-abb8-1410bc8878b4 | ITER: 40 END: OK
2019-06-16 21:41:39.059 22706 INFO rally.task.context [-] Task 6e8b373d-e376-47d4-abb8-1410bc8878b4 | Context admin_cleanup@openstack cleanup() started
2019-06-16 21:41:39.061 22706 RALLYDEBUG rally_openstack.cleanup.manager [-] Cleaning up neutron quota objects
2019-06-16 21:41:43.792 22706 INFO rally.task.context [-] Task 6e8b373d-e376-47d4-abb8-1410bc8878b4 | Context admin_cleanup@openstack cleanup() finished in 4.73 sec
2019-06-16 21:41:43.793 22706 INFO rally.task.context [-] Task 6e8b373d-e376-47d4-abb8-1410bc8878b4 | Context users@openstack cleanup() started
2019-06-16 21:42:14.473 22706 INFO rally.task.context [-] Task 6e8b373d-e376-47d4-abb8-1410bc8878b4 | Context users@openstack cleanup() finished in 30.68 sec
2019-06-16 21:42:15.198 22706 INFO rally.task.engine [-] Load duration is: 5.739977
2019-06-16 21:42:15.198 22706 INFO rally.task.engine [-] Full runner duration is: 5.795806
2019-06-16 21:42:15.198 22706 INFO rally.task.engine [-] Full duration is: 47.507623
2019-06-16 21:42:15.474 22706 INFO rally.task.engine [-] Running workload: position = 0 config = { "version": 2, "title": "A cropped version of a bigger task.", "description": "Auto-generated task from a single workload (uuid=1a69a4da-f21e-4ab9-b8f7-1f960177427b)", "subtasks": [ { "title": "NeutronTrunks.create_and_list_trunk_subports", "description": "", "scenario": { "NeutronTrunks.create_and_list_trunk_subports": { "subport_count": 125 } }, "contexts": { "users": { "tenants": 1, "users_per_tenant": 1 }, "quotas": { "neutron": { "network": -1, "port": 1000 } } }, "runner": { "constant": { "times": 4, "concurrency": 4 } }, "hooks": [], "sla": { "failure_rate": { "max": 0 } } } ] }
2019-06-16 21:42:15.497 22706 RALLYDEBUG rally_openstack.contexts.keystone.users [-] Creating 1 tenants using 20 threads
2019-06-16 21:42:17.104 22706 RALLYDEBUG rally_openstack.contexts.keystone.users [-] Creating 1 users using 20 threads
2019-06-16 21:42:19.952 22706 INFO rally.task.context [-] Task 6e8b373d-e376-47d4-abb8-1410bc8878b4 | Context users@openstack setup() finished in 4.46 sec
2019-06-16 21:42:20.735 22706 INFO rally.task.context [-] Task 6e8b373d-e376-47d4-abb8-1410bc8878b4 | Context quotas@openstack setup() finished in 0.78 sec
2019-06-16 21:42:20.735 22706 INFO rally.task.context [-] Task 6e8b373d-e376-47d4-abb8-1410bc8878b4 | Context cleanup@openstack setup() finished in 0.00 msec
2019-06-16 21:42:20.743 22706 RALLYDEBUG rally.task.runner [-] Starting the constant runner (task UUID: 6e8b373d-e376-47d4-abb8-1410bc8878b4). timeout: 0 concurrency: 4 concurrency_per_worker: 1 times: 4 concurrency_overhead: 0 processes_to_start: 4 max_cpu_used: 16
2019-06-16 21:42:20.755 27512 RALLYDEBUG rally.task.runner [-] Starting a worker. concurrency: 1 args: {"subport_count": 125} times: 4 method_name: run timeout: 0 duration: None cls:
2019-06-16 21:42:20.756 27513 RALLYDEBUG rally.task.runner [-] Starting a worker. concurrency: 1 args: {"subport_count": 125} times: 4 method_name: run timeout: 0 duration: None cls:
2019-06-16 21:42:20.761 27512 INFO rally.task.runner [-] Task 6e8b373d-e376-47d4-abb8-1410bc8878b4 | ITER: 1 START
2019-06-16 21:42:20.761 27513 INFO rally.task.runner [-] Task 6e8b373d-e376-47d4-abb8-1410bc8878b4 | ITER: 2 START
2019-06-16 21:42:20.761 27514 RALLYDEBUG rally.task.runner [-] Starting a worker. concurrency: 1 args: {"subport_count": 125} times: 4 method_name: run timeout: 0 duration: None cls:
2019-06-16 21:42:20.763 27515 RALLYDEBUG rally.task.runner [-] Starting a worker. concurrency: 1 args: {"subport_count": 125} times: 4 method_name: run timeout: 0 duration: None cls:
2019-06-16 21:42:20.767 27514 INFO rally.task.runner [-] Task 6e8b373d-e376-47d4-abb8-1410bc8878b4 | ITER: 3 START
2019-06-16 21:42:20.767 27515 INFO rally.task.runner [-] Task 6e8b373d-e376-47d4-abb8-1410bc8878b4 | ITER: 4 START
2019-06-16 21:45:08.768 27515 WARNING rally.task.atomic [-] 'optional_action_timer' is deprecated since rally v0.10.0.Please use action_timer instead, we have improved atomic actions, now do not need to explicitly close original action.
2019-06-16 21:45:09.173 27515 WARNING rally.task.atomic [-] 'optional_action_timer' is deprecated since rally v0.10.0.Please use action_timer instead, we have improved atomic actions, now do not need to explicitly close original action.
2019-06-16 21:45:10.150 27512 WARNING rally.task.atomic [-] 'optional_action_timer' is deprecated since rally v0.10.0.Please use action_timer instead, we have improved atomic actions, now do not need to explicitly close original action.
2019-06-16 21:45:10.190 27512 WARNING rally.task.atomic [-] 'optional_action_timer' is deprecated since rally v0.10.0.Please use action_timer instead, we have improved atomic actions, now do not need to explicitly close original action.
2019-06-16 21:45:10.214 27515 INFO rally.task.runner [-] Task 6e8b373d-e376-47d4-abb8-1410bc8878b4 | ITER: 4 END: OK
2019-06-16 21:45:10.418 27513 WARNING rally.task.atomic [-] 'optional_action_timer' is deprecated since rally v0.10.0.Please use action_timer instead, we have improved atomic actions, now do not need to explicitly close original action.
2019-06-16 21:45:10.454 27513 WARNING rally.task.atomic [-] 'optional_action_timer' is deprecated since rally v0.10.0.Please use action_timer instead, we have improved atomic actions, now do not need to explicitly close original action.
2019-06-16 21:45:11.050 27514 WARNING rally.task.atomic [-] 'optional_action_timer' is deprecated since rally v0.10.0.Please use action_timer instead, we have improved atomic actions, now do not need to explicitly close original action.
2019-06-16 21:45:11.099 27514 WARNING rally.task.atomic [-] 'optional_action_timer' is deprecated since rally v0.10.0.Please use action_timer instead, we have improved atomic actions, now do not need to explicitly close original action.
2019-06-16 21:45:11.234 27512 INFO rally.task.runner [-] Task 6e8b373d-e376-47d4-abb8-1410bc8878b4 | ITER: 1 END: OK
2019-06-16 21:45:12.098 27513 INFO rally.task.runner [-] Task 6e8b373d-e376-47d4-abb8-1410bc8878b4 | ITER: 2 END: OK
2019-06-16 21:45:12.401 27514 INFO rally.task.runner [-] Task 6e8b373d-e376-47d4-abb8-1410bc8878b4 | ITER: 3 END: OK
2019-06-16 21:45:12.431 22706 INFO rally.task.context [-] Task 6e8b373d-e376-47d4-abb8-1410bc8878b4 | Context cleanup@openstack cleanup() started
2019-06-16 21:45:12.433 22706 RALLYDEBUG rally_openstack.cleanup.manager [-] Cleaning up neutron vip objects
2019-06-16 21:45:13.595 22706 RALLYDEBUG rally_openstack.cleanup.manager [-] Cleaning up neutron health_monitor objects
2019-06-16 21:45:14.759 22706 RALLYDEBUG rally_openstack.cleanup.manager [-] Cleaning up neutron pool objects
2019-06-16 21:45:15.502 22706 RALLYDEBUG rally_openstack.cleanup.manager [-] Cleaning up neutron loadbalancer objects
2019-06-16 21:45:16.236 22706 RALLYDEBUG rally_openstack.cleanup.manager [-] Cleaning up neutron floatingip objects
2019-06-16 21:45:17.031 22706 RALLYDEBUG rally_openstack.cleanup.manager [-] Cleaning up neutron port objects
2019-06-16 21:45:19.001 22706 RALLYDEBUG rally_openstack.cleanup.manager [-] Deleting neutron.port object s_rally_1a69a4da_HuGgFzQw (009e5341-3701-4a1e-9438-a81c680870a8)
2019-06-16 21:45:19.004 22706 RALLYDEBUG rally_openstack.cleanup.manager [-] Deleting neutron.port object s_rally_1a69a4da_LT4o1jeJ (05e4356b-7517-4a9f-a01d-8d458d1f2b3e)
2019-06-16 21:45:19.008 22706 RALLYDEBUG rally_openstack.cleanup.manager [-] Deleting neutron.port object s_rally_1a69a4da_agZNLaaT (0563b941-d9fd-4dbd-8672-29cacff32abf)
2019-06-16 21:45:19.012 22706 RALLYDEBUG rally_openstack.cleanup.manager [-] Deleting neutron.port object s_rally_1a69a4da_hLABUUp1 (03b74999-ab86-4c6b-a12c-44f2f00f21e9)
2019-06-16 21:45:19.016 22706 RALLYDEBUG rally_openstack.cleanup.manager [-] Deleting neutron.port object s_rally_1a69a4da_dnRESxFL (0188da88-cc0b-4a55-abe2-23d96e2d0b96)
2019-06-16 21:45:19.020 22706 RALLYDEBUG rally_openstack.cleanup.manager [-] Deleting neutron.port object s_rally_1a69a4da_ajkO4Mqn (05e07a70-9c00-4519-b851-980b1d7426d9)
2019-06-16 21:45:19.023 22706 RALLYDEBUG rally_openstack.cleanup.manager [-] Deleting neutron.port object s_rally_1a69a4da_dcXedegI (06079416-5fc3-4449-bf72-88ac2a66f092)
2019-06-16 21:45:19.030 22706 RALLYDEBUG rally_openstack.cleanup.manager [-] Deleting neutron.port object s_rally_1a69a4da_ts0H6Wcb (06eea561-2b18-4c19-8e10-0dad28c3a256)
2019-06-16 21:45:19.033 22706 RALLYDEBUG rally_openstack.cleanup.manager [-] Deleting neutron.port object s_rally_1a69a4da_caNABy7x (0325a49c-62d8-450f-9154-f708122241bc)
2019-06-16 21:45:19.043 22706 RALLYDEBUG rally_openstack.cleanup.manager [-] Deleting neutron.port object s_rally_1a69a4da_gzDi7CNt (064fdf9a-c437-4188-9b05-85008244376e)
2019-06-16 21:45:19.052 22706 RALLYDEBUG rally_openstack.cleanup.manager [-] Deleting neutron.port object s_rally_1a69a4da_yFaRJ0je (070a5303-0035-4ce0-ae88-241e918c4106)
2019-06-16 21:45:19.053 22706 RALLYDEBUG rally_openstack.cleanup.manager [-] Deleting neutron.port object s_rally_1a69a4da_gNxLevT6 (012f4520-c41e-4bc9-b908-9973b79603b2)
2019-06-16 21:45:19.067 22706 RALLYDEBUG rally_openstack.cleanup.manager [-] Deleting neutron.port object s_rally_1a69a4da_7rZ6vlxV (06f1e433-027a-40fc-9a40-12b1116848bf)
2019-06-16 21:45:19.069 22706 RALLYDEBUG rally_openstack.cleanup.manager [-] Deleting neutron.port object s_rally_1a69a4da_E2PHoETF (07441797-a1dc-415f-9896-a7204ae75c55)
2019-06-16 21:45:19.079 22706 RALLYDEBUG rally_openstack.cleanup.manager [-] Deleting neutron.port object s_rally_1a69a4da_aSKyiis5 (0547e551-a2dd-48d3-ba9d-3d17882dfdc1)
2019-06-16 21:45:19.079 22706 RALLYDEBUG rally_openstack.cleanup.manager [-] Deleting neutron.port object s_rally_1a69a4da_UCcdyJZ7 (079e128e-c8f3-4462-9e4d-1527682fe4b6)
2019-06-16 21:45:19.111 22706 RALLYDEBUG rally_openstack.cleanup.manager [-] Deleting neutron.port object s_rally_1a69a4da_BxihRU95 (07b83385-847b-4f4c-904d-7a8110d0ebd9)
2019-06-16 21:45:19.124 22706 RALLYDEBUG rally_openstack.cleanup.manager [-] Deleting neutron.port object s_rally_1a69a4da_Q1FkA5iH (08a7030f-0848-4928-9b84-fcbaeca60caf)
2019-06-16 21:45:19.142 22706 RALLYDEBUG rally_openstack.cleanup.manager [-] Deleting neutron.port object s_rally_1a69a4da_djZwM3zS (09b871f0-8f0f-448f-80db-1f8ae906de88)
2019-06-16 21:45:19.149 22706 RALLYDEBUG rally_openstack.cleanup.manager [-] Deleting neutron.port object s_rally_1a69a4da_4ixQJQlc (094df7ed-8507-4d7a-8a08-6b0d460941cb)
2019-06-16 21:45:21.914 22706 RALLYDEBUG rally_openstack.cleanup.manager [-] Deleting neutron.port object s_rally_1a69a4da_Dr8VY6UK (0a6aff0a-5e13-445d-aebe-85046d2608fa)
2019-06-16 21:45:21.922 22706 RALLYDEBUG rally_openstack.cleanup.manager [-] Deleting neutron.port object s_rally_1a69a4da_mspGmhsL (0aafa0fd-2ef8-44db-9df4-919ee1314f18)
2019-06-16 21:45:21.923 22706 RALLYDEBUG rally_openstack.cleanup.manager [-] Deleting neutron.port object s_rally_1a69a4da_fgGibglM (0ab1cafa-3ec0-4f3f-88ab-f82ac7178eb1)
2019-06-16 21:45:21.959 22706 RALLYDEBUG rally_openstack.cleanup.manager [-] Deleting neutron.port object s_rally_1a69a4da_ENB735yQ (0b6902dc-3b4a-4fc4-aa0a-f3a5f5aad96c)
2019-06-16 21:45:22.014 22706 RALLYDEBUG rally_openstack.cleanup.manager [-] Deleting neutron.port object s_rally_1a69a4da_5A374YFn (0bb8c513-20bc-49e0-a2dc-99edc1d373f2)
2019-06-16 21:45:22.034 22706 RALLYDEBUG rally_openstack.cleanup.manager [-] Deleting neutron.port object s_rally_1a69a4da_plVfAsPa (0bba0115-e2f2-42f4-8834-b522b5a80e29)
2019-06-16 21:45:22.069 22706 RALLYDEBUG rally_openstack.cleanup.manager [-] Deleting neutron.port object s_rally_1a69a4da_U586WAzh (0ccdaff1-4ac0-4805-b120-41af19bc71bb)
2019-06-16 21:45:22.091 22706 RALLYDEBUG rally_openstack.cleanup.manager [-] Deleting neutron.port object s_rally_1a69a4da_HZSu6KHA (0ddd7a72-6fe9-48b7-a14b-97db831dc134)
2019-06-16 21:45:22.232 22706 RALLYDEBUG rally_openstack.cleanup.manager [-] Deleting neutron.port object s_rally_1a69a4da_wtL2u0HY (0e51e341-c63a-49e1-8a85-886e084009fb)
2019-06-16 21:45:22.233 22706 RALLYDEBUG rally_openstack.cleanup.manager [-] Deleting neutron.port object s_rally_1a69a4da_tVWk30JG (0ef3cc73-6cd6-47e3-a5cc-ae400ced1796)
2019-06-16 21:45:22.476 22706 RALLYDEBUG rally_openstack.cleanup.manager [-] Deleting neutron.port object s_rally_1a69a4da_XECHAfzr (0f46374b-e9ae-40b9-9a35-acd6af19871f)
2019-06-16 21:45:22.511 22706 RALLYDEBUG rally_openstack.cleanup.manager [-] Deleting neutron.port object s_rally_1a69a4da_iOXGcmH1 (113457ee-0800-4c33-be18-fcb2804089ed)
2019-06-16 21:45:22.559 22706 RALLYDEBUG rally_openstack.cleanup.manager [-] Deleting neutron.port object s_rally_1a69a4da_KonVYL6b (11d417c5-4e1f-4950-9c96-b7877f52f96f)
2019-06-16 21:45:22.638 22706 RALLYDEBUG rally_openstack.cleanup.manager [-] Deleting neutron.port object s_rally_1a69a4da_FbpbUKUc (127a5cdd-69f5-429e-8445-a6621282044d)
2019-06-16 21:45:22.652 22706 RALLYDEBUG rally_openstack.cleanup.manager [-] Deleting neutron.port object s_rally_1a69a4da_sWBzHy6Q (12f1dec7-7fbc-4b87-b3f3-899e7effdacd)
2019-06-16 21:45:22.885 22706 RALLYDEBUG rally_openstack.cleanup.manager [-] Deleting neutron.port object s_rally_1a69a4da_blJJJWYm (1333f16c-cae9-4e4d-a19d-8f348063f4ec)
2019-06-16 21:45:22.923 22706 RALLYDEBUG rally_openstack.cleanup.manager [-] Deleting neutron.port object s_rally_1a69a4da_TXFzkNa6 (13904832-aa3f-4644-83ae-41f5fd017eb2)
2019-06-16 21:45:23.580 22706 RALLYDEBUG rally_openstack.cleanup.manager [-] Deleting neutron.port object s_rally_1a69a4da_5LnvmPAJ (1396af93-704c-4f39-9ed1-bd287ff36826)
2019-06-16 21:45:23.598 22706 RALLYDEBUG rally_openstack.cleanup.manager [-] Deleting neutron.port object s_rally_1a69a4da_mN206tcu (1442707f-6802-43e4-840e-9b27c444739f)
2019-06-16 21:45:23.598 22706 RALLYDEBUG rally_openstack.cleanup.manager [-] Deleting neutron.port object s_rally_1a69a4da_Mam06DJt (14b56e0a-e3dd-4e3e-93b7-3f6ef7f99a94)
2019-06-16 21:45:24.376 22706 RALLYDEBUG rally_openstack.cleanup.manager [-] Deleting neutron.port object s_rally_1a69a4da_BDjmExDJ (14bf543e-552a-4d10-86ed-25f303672449)
2019-06-16 21:45:24.402 22706 RALLYDEBUG rally_openstack.cleanup.manager [-] Deleting neutron.port object s_rally_1a69a4da_In1CUDuZ (14e8adf8-318b-4883-a90a-34cbb8d5b718)
2019-06-16 21:45:24.524 22706 RALLYDEBUG rally_openstack.cleanup.manager [-] Deleting neutron.port object s_rally_1a69a4da_rq1vNB1d (161c278f-f42e-4c19-b34f-f96f467b6698)
2019-06-16 21:45:24.589 22706 RALLYDEBUG rally_openstack.cleanup.manager [-] Deleting neutron.port object s_rally_1a69a4da_krjNZdKt (16ef709a-477c-4f9f-b0d4-e0b23e4f92b9)
2019-06-16 21:45:24.731 22706 RALLYDEBUG rally_openstack.cleanup.manager [-] Deleting neutron.port object s_rally_1a69a4da_8mgOO3Kx (16f94ef6-3b80-48e9-a44f-42f70f16aebc)
2019-06-16 21:45:24.907 22706 RALLYDEBUG rally_openstack.cleanup.manager [-] Deleting neutron.port object s_rally_1a69a4da_rB4kip5U (183dbcc3-a04a-4c38-b6f1-70066cec3f17)
2019-06-16 21:45:24.944 22706 RALLYDEBUG rally_openstack.cleanup.manager [-] Deleting neutron.port object s_rally_1a69a4da_iViZBzEX (185102d6-732d-4e4e-9e63-09d341225e2d)
2019-06-16 21:45:25.135 22706 RALLYDEBUG rally_openstack.cleanup.manager [-] Deleting neutron.port object s_rally_1a69a4da_jvfyD54O (187a72da-b088-4907-aa04-053c7a8646e6)
2019-06-16 21:45:25.184 22706 RALLYDEBUG rally_openstack.cleanup.manager [-] Deleting neutron.port object s_rally_1a69a4da_FRUdFGDt (190065a2-0bd1-4f44-812e-d65fd5a011f7)
2019-06-16 21:45:25.194 22706 RALLYDEBUG rally_openstack.cleanup.manager [-] Deleting neutron.port object s_rally_1a69a4da_5Iglm5Pi (192d4129-2005-43a1-9236-e66e97c83b05)
2019-06-16 21:45:25.301 22706 RALLYDEBUG rally_openstack.cleanup.manager [-] Deleting neutron.port object s_rally_1a69a4da_tpgl6GFO (1a418b20-90f2-4818-97b8-c893d5b276a2)
2019-06-16 21:45:25.377 22706 RALLYDEBUG rally_openstack.cleanup.manager [-] Deleting neutron.port object s_rally_1a69a4da_6lhAgySA (1aa610ee-bfd7-4cf1-ac79-f5c5a49ea691)
2019-06-16 21:45:25.421 22706 RALLYDEBUG rally_openstack.cleanup.manager [-] Deleting neutron.port object s_rally_1a69a4da_iNx3lUUq (1ab3e33d-1945-43ed-86de-00e435a0e3c2)
2019-06-16 21:45:25.711 22706 RALLYDEBUG rally_openstack.cleanup.manager [-] Deleting neutron.port object s_rally_1a69a4da_O7BGoLMF (1d370f0e-b87a-4988-8fc6-3119ddd3b0ad)
2019-06-16 21:45:25.739 22706 RALLYDEBUG rally_openstack.cleanup.manager [-] Deleting neutron.port object s_rally_1a69a4da_TAtMbmNO (1de8da0a-0322-44e5-bbbc-172aade8c824)
2019-06-16 21:45:25.762 22706 RALLYDEBUG rally_openstack.cleanup.manager [-] Deleting neutron.port object s_rally_1a69a4da_8Y1n08aG (1e0ebe84-a877-4e89-9002-b485277fb612)
2019-06-16 21:45:25.906 22706 RALLYDEBUG rally_openstack.cleanup.manager [-] Deleting neutron.port object s_rally_1a69a4da_Ov7LZKE2 (1e12534d-de97-4b36-a5ef-05ce0cc8a6f1)
2019-06-16 21:45:25.957 22706 RALLYDEBUG rally_openstack.cleanup.manager [-] Deleting neutron.port object s_rally_1a69a4da_pVMdsGil (1e786269-3937-4ac0-9b4f-43bc29f32c70)
2019-06-16 21:45:26.013 22706 RALLYDEBUG rally_openstack.cleanup.manager [-] Deleting neutron.port object s_rally_1a69a4da_A9RlqHbL (1fc42029-fe11-42e9-bb26-1ff9218e2c0c)
2019-06-16 21:45:26.104 22706 RALLYDEBUG rally_openstack.cleanup.manager [-] Deleting neutron.port object s_rally_1a69a4da_QJpNd4eZ (1fe00d56-dfd6-4956-b66b-6dd9e831549c)
2019-06-16 21:45:26.688 22706 RALLYDEBUG rally_openstack.cleanup.manager [-] Deleting neutron.port object s_rally_1a69a4da_rPWfmrdU (1fe94a9c-0fc6-4c36-b5bb-73e9315fb78f)
2019-06-16 21:45:26.853 22706 RALLYDEBUG rally_openstack.cleanup.manager [-] Deleting neutron.port object s_rally_1a69a4da_YYUkkood (20a74f47-3993-44f1-bb61-fbc86c070689)
2019-06-16 21:45:27.114 22706 RALLYDEBUG rally_openstack.cleanup.manager [-] Deleting neutron.port object s_rally_1a69a4da_BtyU9hoB (20b4e0e9-3f28-48de-9a58-ee75552048fb)
2019-06-16 21:45:27.262 22706 RALLYDEBUG rally_openstack.cleanup.manager [-] Deleting neutron.port object s_rally_1a69a4da_Qd0mZqDP (20f98727-bbb3-41d7-beaf-c6d01069129b)
2019-06-16 21:45:27.289 22706 RALLYDEBUG rally_openstack.cleanup.manager [-] Deleting neutron.port object s_rally_1a69a4da_gG1GdkIr (213fb2e5-0afb-49d3-a7cf-6c38ecd9bee4)
2019-06-16 21:45:27.553 22706 RALLYDEBUG rally_openstack.cleanup.manager [-] Deleting neutron.port object s_rally_1a69a4da_861nOYE6 (214c00c4-1fd1-4881-9814-67170cfd27ba)
2019-06-16 21:45:27.804 22706 RALLYDEBUG rally_openstack.cleanup.manager [-] Deleting neutron.port object s_rally_1a69a4da_FQGKFICq (2246ee20-9cb9-4c81-af5b-9a43bec82ff0)
2019-06-16 21:45:27.870 22706 RALLYDEBUG rally_openstack.cleanup.manager [-] Deleting neutron.port object s_rally_1a69a4da_VVVgAjQs (225d262e-9e58-472b-87f4-1b6b73744e0b)
2019-06-16 21:45:28.030 22706 RALLYDEBUG rally_openstack.cleanup.manager [-] Deleting neutron.port object s_rally_1a69a4da_VC98hyqC (22da889f-9361-41dd-b49f-b3c564c26238)
2019-06-16 21:45:28.268 22706 RALLYDEBUG rally_openstack.cleanup.manager [-] Deleting neutron.port object s_rally_1a69a4da_6358iUfM (248ab4b9-5755-4e56-b3aa-d489204ba4be)
2019-06-16 21:45:28.287 22706 RALLYDEBUG rally_openstack.cleanup.manager [-] Deleting neutron.port object s_rally_1a69a4da_HFAymbdG (2523c858-8562-4707-bb1b-4885c0d91579)
2019-06-16 21:45:28.295 22706 RALLYDEBUG rally_openstack.cleanup.manager [-] Deleting neutron.port object s_rally_1a69a4da_USga91h0 (2565b378-4484-44f5-8cdc-95610001bcf3)
2019-06-16 21:45:28.421 22706 RALLYDEBUG rally_openstack.cleanup.manager [-] Deleting neutron.port object s_rally_1a69a4da_LIuay1Tg (25b835ff-c54d-43df-b460-b6e8b75574bd)
2019-06-16 21:45:28.518 22706 RALLYDEBUG rally_openstack.cleanup.manager [-] Deleting neutron.port object s_rally_1a69a4da_aqBM26C9 (25c2a172-60aa-4a8d-907c-35f0db8568fa)
2019-06-16 21:45:28.684 22706 RALLYDEBUG rally_openstack.cleanup.manager [-] Deleting neutron.port object s_rally_1a69a4da_A625orJ6 (2657cf5b-5bf2-4450-b652-9ed1809305c1)
2019-06-16 21:45:28.734 22706 RALLYDEBUG rally_openstack.cleanup.manager [-] Deleting neutron.port object s_rally_1a69a4da_zJCvhGwg (282d96c5-3263-4eeb-89c7-e301ee8b1350)
2019-06-16 21:45:28.810 22706 RALLYDEBUG rally_openstack.cleanup.manager [-] Deleting neutron.port object s_rally_1a69a4da_TIOdafN1 (285d3b16-3bc5-4e62-a48e-8caa2dad3f6c)
2019-06-16 21:45:28.881 22706 RALLYDEBUG rally_openstack.cleanup.manager [-] Deleting neutron.port object s_rally_1a69a4da_x1NsPCQP (2999e7dd-f844-453d-918a-2efe9f72d099)
2019-06-16 21:45:29.073 22706 RALLYDEBUG rally_openstack.cleanup.manager [-] Deleting neutron.port object s_rally_1a69a4da_E0l353tW (2a7a5258-f46f-4870-bdd9-8045237f8c69)
2019-06-16 21:45:29.081 22706 RALLYDEBUG rally_openstack.cleanup.manager [-] Deleting neutron.port object s_rally_1a69a4da_KDxjfvhf (2a7da810-077a-4489-82f2-f120bfc0f9b2)
2019-06-16 21:45:29.148 22706 RALLYDEBUG rally_openstack.cleanup.manager [-] Deleting neutron.port object s_rally_1a69a4da_XBCcqfxS (2a7f9d2a-47d5-483b-9985-8a5bbd07e26d)
2019-06-16 21:45:29.377 22706 RALLYDEBUG rally_openstack.cleanup.manager [-] Deleting neutron.port object s_rally_1a69a4da_v8VRahbE (2ad82bf7-b3ab-4272-8365-e93547d02eb6)
2019-06-16 21:45:29.583 22706 RALLYDEBUG rally_openstack.cleanup.manager [-] Deleting neutron.port object s_rally_1a69a4da_Godk84Eq (2bac4834-392e-4136-b5be-e3ecd6a917d2)
2019-06-16 21:45:29.693 22706 RALLYDEBUG rally_openstack.cleanup.manager [-] Deleting neutron.port object s_rally_1a69a4da_ajOgriCf (2cdc896c-495e-4254-9e4d-5b92e471df1a)
2019-06-16 21:45:29.695 22706 RALLYDEBUG rally_openstack.cleanup.manager [-] Deleting neutron.port object s_rally_1a69a4da_5ujiMx7K (2cf79420-4093-44a2-bc66-2113f013d496)
2019-06-16 21:45:30.230 22706 RALLYDEBUG rally_openstack.cleanup.manager [-] Deleting neutron.port object s_rally_1a69a4da_prH451lj (2d64ad93-4b94-478a-bcef-902bb9c2a778)
2019-06-16 21:45:30.329 22706 RALLYDEBUG rally_openstack.cleanup.manager [-] Deleting neutron.port object s_rally_1a69a4da_oCFY2Jiv (2de5d6e6-99e1-4ae1-bc82-ca17f2923e90)
2019-06-16 21:45:30.456 22706 RALLYDEBUG rally_openstack.cleanup.manager [-] Deleting neutron.port object s_rally_1a69a4da_xLoOW5C1 (2ead9f9d-f6cd-4497-aa9a-9110e65b0a4d)
2019-06-16 21:45:30.498 22706 RALLYDEBUG rally_openstack.cleanup.manager [-] Deleting neutron.port object s_rally_1a69a4da_q3xqzKZZ (2f2bba7f-d162-433f-bdfb-1645fdb83ba8)
2019-06-16 21:45:30.678 22706 RALLYDEBUG rally_openstack.cleanup.manager [-] Deleting neutron.port object s_rally_1a69a4da_BVeu0cJL (2f2ca7ff-9519-496d-a47b-9da4460f2464)
2019-06-16 21:45:30.723 22706 RALLYDEBUG rally_openstack.cleanup.manager [-] Deleting neutron.port object s_rally_1a69a4da_REcCe459 (2f3043fc-6dba-42bb-84bd-3090a744cf27)
2019-06-16 21:45:30.905 22706 RALLYDEBUG rally_openstack.cleanup.manager [-] Deleting neutron.port object s_rally_1a69a4da_xa9IPT2v (2f86e7d4-8e9b-48a8-a5ec-6b560e70c089)
2019-06-16 21:45:31.114 22706 RALLYDEBUG rally_openstack.cleanup.manager [-] Deleting neutron.port object s_rally_1a69a4da_AcL2bQn3 (2fa4eb88-c372-432d-97b9-8f227f040149)
2019-06-16 21:45:31.217 22706 RALLYDEBUG rally_openstack.cleanup.manager [-] Deleting neutron.port object s_rally_1a69a4da_N0j2J0Ik (3005aaf6-6d74-405f-ae11-5d4c0477a9c3)
2019-06-16 21:45:31.253 22706 RALLYDEBUG rally_openstack.cleanup.manager [-] Deleting neutron.port object s_rally_1a69a4da_e6bc1ADR (31b16007-5b75-4ab3-9e62-a352a615935a)
2019-06-16 21:45:31.614 22706 RALLYDEBUG rally_openstack.cleanup.manager [-] Deleting neutron.port object s_rally_1a69a4da_8lk54vIZ (326c2821-5786-4694-893d-6a0a292fa785)
2019-06-16 21:45:31.715 22706 RALLYDEBUG rally_openstack.cleanup.manager [-] Deleting neutron.port object s_rally_1a69a4da_40wHY9Gj (329c6363-303f-496f-89e0-b9292301558c)
2019-06-16 21:45:31.720 22706 RALLYDEBUG rally_openstack.cleanup.manager [-] Deleting neutron.port object s_rally_1a69a4da_SRFhjpoa (33338457-38bc-4459-90af-36c902af727c)
2019-06-16 21:45:31.918 22706 RALLYDEBUG rally_openstack.cleanup.manager [-] Deleting neutron.port object s_rally_1a69a4da_fYaJz9cc (34283b63-3687-4ea6-93d6-bb83ef1c97cb)
