2019-06-16 21:39:48.770 22706 RALLYDEBUG rally_openstack.cleanup.manager [-] Deleting neutron.port object s_rally_c578fff7_QC6OKIQc (56f55e67-5a5a-46f8-b67c-5ff46bbdbabf)
2019-06-16 21:39:48.844 22706 RALLYDEBUG rally_openstack.cleanup.manager [-] Deleting neutron.port object s_rally_c578fff7_mVSyfeRA (583a6ce3-9b5c-40b6-a16b-f272ec7fa2b6)
2019-06-16 21:39:48.884 22706 RALLYDEBUG rally_openstack.cleanup.manager [-] Deleting neutron.port object s_rally_c578fff7_ABW4nUHA (59312296-f088-4291-9ade-ebc83c7ecfd3)
2019-06-16 21:39:48.955 22706 RALLYDEBUG rally_openstack.cleanup.manager [-] Deleting neutron.port object s_rally_c578fff7_xM3ZU8gS (5d53ed77-cfca-444d-be19-605c83d8bc6c)
2019-06-16 21:39:48.995 22706 RALLYDEBUG rally_openstack.cleanup.manager [-] Deleting neutron.port object s_rally_c578fff7_oPgwiyTX (5e90007c-491f-46ca-9279-b112a69bfc16)
2019-06-16 21:39:49.001 22706 RALLYDEBUG rally_openstack.cleanup.manager [-] Deleting neutron.port object s_rally_c578fff7_flfvKpHX (5f4bd217-0109-4524-ace5-a810e3f3e3a8)
2019-06-16 21:39:49.264 22706 RALLYDEBUG rally_openstack.cleanup.manager [-] Deleting neutron.port object s_rally_c578fff7_2Sd0RKx4 (621b9d52-56c9-4fe0-b7b9-1b5d184d86a0)
2019-06-16 21:39:49.402 22706 RALLYDEBUG rally_openstack.cleanup.manager [-] Deleting neutron.port object s_rally_c578fff7_SToGrgNc (62775e50-26c2-4644-b861-ace138e816c0)
2019-06-16 21:39:49.408 22706 RALLYDEBUG rally_openstack.cleanup.manager [-] Deleting neutron.port object s_rally_c578fff7_iphtCYab (63b11ed5-489a-4448-b6ff-9b02af16bade)
2019-06-16 21:39:49.519 22706 RALLYDEBUG rally_openstack.cleanup.manager [-] Deleting neutron.port object s_rally_c578fff7_0NyiHvNG (64a74eca-8c4b-45e8-bec7-acae4bd8769b)
2019-06-16 21:39:49.725 22706 RALLYDEBUG rally_openstack.cleanup.manager [-] Deleting neutron.port object s_rally_c578fff7_Twdb2Ccr (65f00f6a-f864-410e-ab64-89e88b5d44d9)
2019-06-16 21:39:50.242 22706 RALLYDEBUG rally_openstack.cleanup.manager [-] Deleting neutron.port object s_rally_c578fff7_SpKTrdvZ (690f2ad1-f856-4d43-9b47-8143398fc9cf)
2019-06-16 21:39:50.821 22706 RALLYDEBUG rally_openstack.cleanup.manager [-] Deleting neutron.port object s_rally_c578fff7_gxQgARDC (69160179-e8c6-47c2-850d-e52429d9e871)
2019-06-16 21:39:50.836 22706 RALLYDEBUG rally_openstack.cleanup.manager [-] Deleting neutron.port object s_rally_c578fff7_1Mnt7UsD (6bd4d269-ceaf-44a5-bbf3-e235e5fc2110)
2019-06-16 21:39:51.015 22706 RALLYDEBUG rally_openstack.cleanup.manager [-] Deleting neutron.port object s_rally_c578fff7_NPQTSdZ6 (6e79286b-c930-4cb8-b57b-e8db76da31f1)
2019-06-16 21:39:51.051 22706 RALLYDEBUG rally_openstack.cleanup.manager [-] Deleting neutron.port object s_rally_c578fff7_PBVRrzlz (6e8c2f5b-3b65-4def-9cf0-41d22aef37af)
2019-06-16 21:39:51.155 22706 RALLYDEBUG rally_openstack.cleanup.manager [-] Deleting neutron.port object s_rally_c578fff7_BUdOvrVd (6f1f65a4-0b63-46fe-aafe-cb70cd4ebccf)
2019-06-16 21:39:51.181 22706 RALLYDEBUG rally_openstack.cleanup.manager [-] Deleting neutron.port object s_rally_c578fff7_FTKzaZ2a (6ff86946-db74-4919-b47a-7ecab3fdef93)
2019-06-16 21:39:51.222 22706 RALLYDEBUG rally_openstack.cleanup.manager [-] Deleting neutron.port object s_rally_c578fff7_35tBJOKv (70c6c5e0-2c24-423b-93e8-dc768d239196)
2019-06-16 21:39:51.247 22706 RALLYDEBUG rally_openstack.cleanup.manager [-] Deleting neutron.port object s_rally_c578fff7_VKVcCBei (724c00a5-205e-45b1-903c-a4c830d067af)
2019-06-16 21:39:51.259 22706 RALLYDEBUG rally_openstack.cleanup.manager [-] Deleting neutron.port object s_rally_c578fff7_AfDJlycN (73d1f836-8993-4f55-b87b-963f359d129c)
2019-06-16 21:39:51.324 22706 RALLYDEBUG rally_openstack.cleanup.manager [-] Deleting neutron.port object s_rally_c578fff7_Xubu9P0j (746208a4-38d0-49da-ba14-085ba9ff7e87)
2019-06-16 21:39:51.380 22706 RALLYDEBUG rally_openstack.cleanup.manager [-] Deleting neutron.port object s_rally_c578fff7_S1F1O4go (754a3626-6094-465e-a776-941220c1f065)
2019-06-16 21:39:51.530 22706 RALLYDEBUG rally_openstack.cleanup.manager [-] Deleting neutron.port object s_rally_c578fff7_ALOIO4vO (75511e79-792e-4829-92cb-9f29ee944952)
2019-06-16 21:39:51.592 22706 RALLYDEBUG rally_openstack.cleanup.manager [-] Deleting neutron.port object s_rally_c578fff7_h5fyU0zO (77ae51fe-873d-4d0b-bcb7-4125f7bdcdac)
2019-06-16 21:39:51.655 22706 RALLYDEBUG rally_openstack.cleanup.manager [-] Deleting neutron.port object s_rally_c578fff7_1GEeRcEG (77b00064-7b7b-4071-b82a-005fe3f70e65)
2019-06-16 21:39:51.696 22706 RALLYDEBUG rally_openstack.cleanup.manager [-] Deleting neutron.port object s_rally_c578fff7_aq7FRK3x (790f1f61-0df3-4ea7-a609-831722fc7d57)
2019-06-16 21:39:51.699 22706 RALLYDEBUG rally_openstack.cleanup.manager [-] Deleting neutron.port object s_rally_c578fff7_YhgEHOwp (7e629779-5952-4159-bf2e-e88857889a5b)
2019-06-16 21:39:51.743 22706 RALLYDEBUG rally_openstack.cleanup.manager [-] Deleting neutron.port object s_rally_c578fff7_WCNyyvih (7e7fdf0c-874f-4a71-9570-057e9074f953)
2019-06-16 21:39:51.877 22706 RALLYDEBUG rally_openstack.cleanup.manager [-] Deleting neutron.port object s_rally_c578fff7_j232Koxd (807af39f-f558-47f1-98d7-8f54d42fdd5c)
2019-06-16 21:39:51.999 22706 RALLYDEBUG rally_openstack.cleanup.manager [-] Deleting neutron.port object s_rally_c578fff7_iYx19C2J (8144f659-5b71-40bf-9350-c2d6c773ebed)
2019-06-16 21:39:52.344 22706 RALLYDEBUG rally_openstack.cleanup.manager [-] Deleting neutron.port object s_rally_c578fff7_lDuPJyx7 (81bd774d-35c7-4056-865f-6cbd432bfa21)
2019-06-16 21:39:53.127 22706 RALLYDEBUG rally_openstack.cleanup.manager [-] Deleting neutron.port object s_rally_c578fff7_wJlZ7aHf (81fec3c1-dc07-463f-b3bc-11e8de120cdf)
2019-06-16 21:39:53.326 22706 RALLYDEBUG rally_openstack.cleanup.manager [-] Deleting neutron.port object s_rally_c578fff7_YTRcwdQ9 (82862631-5494-4578-9994-f88ca143ac5e)
2019-06-16 21:39:53.686 22706 RALLYDEBUG rally_openstack.cleanup.manager [-] Deleting neutron.port object s_rally_c578fff7_pmJHW4ub (84e8ae17-0253-41d3-a55a-5a057a1d5a42)
2019-06-16 21:39:53.702 22706 RALLYDEBUG rally_openstack.cleanup.manager [-] Deleting neutron.port object s_rally_c578fff7_LrnjzJjh (85a46319-3c4d-4ede-bb92-22d83ea353d6)
2019-06-16 21:39:53.744 22706 RALLYDEBUG rally_openstack.cleanup.manager [-] Deleting neutron.port object s_rally_c578fff7_OtjFPKDu (8604b2fb-8c1e-432c-b038-036a429861b6)
2019-06-16 21:39:53.814 22706 RALLYDEBUG rally_openstack.cleanup.manager [-] Deleting neutron.port object s_rally_c578fff7_qolPGeXL (876c3e2c-b1d8-4979-b1b0-bb015f01f2cb)
2019-06-16 21:39:53.863 22706 RALLYDEBUG rally_openstack.cleanup.manager [-] Deleting neutron.port object s_rally_c578fff7_GD96t74T (8994218c-bcd6-4c1d-94da-e47bfa56921a)
2019-06-16 21:39:53.874 22706 RALLYDEBUG rally_openstack.cleanup.manager [-] Deleting neutron.port object s_rally_c578fff7_VdbzZx5j (8a1d09af-f97e-4ca1-9792-e2963428e016)
2019-06-16 21:39:53.955 22706 RALLYDEBUG rally_openstack.cleanup.manager [-] Deleting neutron.port object s_rally_c578fff7_r3h5fzbL (8b49b5f0-9c28-4b58-8f6d-0a7a0eb0cc23)
2019-06-16 21:39:53.961 22706 RALLYDEBUG rally_openstack.cleanup.manager [-] Deleting neutron.port object s_rally_c578fff7_Tjz4Fpoo (8d0e48ba-7e98-481b-8cac-3fd24aeaeaec)
2019-06-16 21:39:54.048 22706 RALLYDEBUG rally_openstack.cleanup.manager [-] Deleting neutron.port object s_rally_c578fff7_JnRBUFMd (8ea6a4f1-e633-4da2-97e0-9acca786fe59)
2019-06-16 21:39:54.063 22706 RALLYDEBUG rally_openstack.cleanup.manager [-] Deleting neutron.port object s_rally_c578fff7_xniaUlJw (8f38e4b5-5a9e-4b60-a024-0d148f119dd0)
2019-06-16 21:39:54.070 22706 RALLYDEBUG rally_openstack.cleanup.manager [-] Deleting neutron.port object s_rally_c578fff7_ZCS5p5PC (905f7fb3-67b6-4dc2-a660-0d1c03ad22e3)
2019-06-16 21:39:54.152 22706 RALLYDEBUG rally_openstack.cleanup.manager [-] Deleting neutron.port object s_rally_c578fff7_3tnLN7Wh (90928120-e09f-4307-a5a5-be5769e1fa9b)
2019-06-16 21:39:54.154 22706 RALLYDEBUG rally_openstack.cleanup.manager [-] Deleting neutron.port object s_rally_c578fff7_R2WyWYSb (914c8e08-3227-4c49-9730-77b1199a1ff2)
2019-06-16 21:39:54.172 22706 RALLYDEBUG rally_openstack.cleanup.manager [-] Deleting neutron.port object s_rally_c578fff7_oZ2IofBw (9250a07b-5041-4d8d-b55f-2d11b09d3fd8)
2019-06-16 21:39:54.304 22706 RALLYDEBUG rally_openstack.cleanup.manager [-] Deleting neutron.port object s_rally_c578fff7_FLwovbCl (92d8102a-9699-4d0c-8b52-e0c75ac24645)
2019-06-16 21:39:54.484 22706 RALLYDEBUG rally_openstack.cleanup.manager [-] Deleting neutron.port object s_rally_c578fff7_i6KcuPpc (935843c5-3e0f-4e25-bcc3-0d719524d531)
2019-06-16 21:39:54.510 22706 RALLYDEBUG rally_openstack.cleanup.manager [-] Deleting neutron.port object s_rally_c578fff7_mJKMMPRf (947e6e10-0968-40f3-afb9-d795a97fc716)
2019-06-16 21:39:54.634 22706 RALLYDEBUG rally_openstack.cleanup.manager [-] Deleting neutron.port object s_rally_c578fff7_WqllZGh2 (9602c285-557c-4fc7-9e42-e42ad09102dc)
2019-06-16 21:39:55.334 22706 RALLYDEBUG rally_openstack.cleanup.manager [-] Deleting neutron.port object s_rally_c578fff7_5Or2yRpX (9636cc1a-5571-4b0c-b86d-043fb8f1849f)
2019-06-16 21:39:55.857 22706 RALLYDEBUG rally_openstack.cleanup.manager [-] Deleting neutron.port object s_rally_c578fff7_d5DoyqUV (9684b625-0af6-4c22-ac85-a77c14fb1250)
2019-06-16 21:39:56.162 22706 RALLYDEBUG rally_openstack.cleanup.manager [-] Deleting neutron.port object s_rally_c578fff7_m2qi8q1A (9705468e-7d2a-4dcd-917e-4734b3c63dcd)
2019-06-16 21:39:56.368 22706 RALLYDEBUG rally_openstack.cleanup.manager [-] Deleting neutron.port object s_rally_c578fff7_Ytn8bRQh (9797bbec-f698-446e-aae8-188352304a53)
2019-06-16 21:39:56.390 22706 RALLYDEBUG rally_openstack.cleanup.manager [-] Deleting neutron.port object s_rally_c578fff7_XvFoKFd2 (9a11dd2d-b99c-40db-b09b-f7224a962b03)
2019-06-16 21:39:56.490 22706 RALLYDEBUG rally_openstack.cleanup.manager [-] Deleting neutron.port object s_rally_c578fff7_6R1fcMDm (9adf167c-8d84-4fc7-af48-51d97e7e4473)
2019-06-16 21:39:56.549 22706 RALLYDEBUG rally_openstack.cleanup.manager [-] Deleting neutron.port object s_rally_c578fff7_fw9Q6lyf (9ae0cb46-e136-4897-9b31-b1b953e35e8f)
2019-06-16 21:39:56.685 22706 RALLYDEBUG rally_openstack.cleanup.manager [-] Deleting neutron.port object s_rally_c578fff7_XruTn25h (9b5881bf-7d1a-4e8d-8a16-c161b7186e53)
2019-06-16 21:39:56.726 22706 RALLYDEBUG rally_openstack.cleanup.manager [-] Deleting neutron.port object s_rally_c578fff7_hqkCqs71 (9b9d9986-70ee-46cb-98b6-44fe729ae70d)
2019-06-16 21:39:56.771 22706 RALLYDEBUG rally_openstack.cleanup.manager [-] Deleting neutron.port object s_rally_c578fff7_STDIsBIP (9ceb6a2f-29d4-47a9-bda9-4d04b3d1f5b4)
2019-06-16 21:39:56.852 22706 RALLYDEBUG rally_openstack.cleanup.manager [-] Deleting neutron.port object s_rally_c578fff7_dnQkAgKo (9d1ed09e-f24c-46cd-a9e0-65cc590afbd4)
2019-06-16 21:39:56.867 22706 RALLYDEBUG rally_openstack.cleanup.manager [-] Deleting neutron.port object s_rally_c578fff7_2rrAXDBG (9db69a6c-42bc-4c12-b3f8-8d37fc132659)
2019-06-16 21:39:56.892 22706 RALLYDEBUG rally_openstack.cleanup.manager [-] Deleting neutron.port object s_rally_c578fff7_ygVt5pxd (9f0f0dcb-f523-4726-9618-a643d59da3ef)
2019-06-16 21:39:56.913 22706 RALLYDEBUG rally_openstack.cleanup.manager [-] Deleting neutron.port object s_rally_c578fff7_lNQxKnjl (9fc55ac0-c361-415b-a2ec-f2cf849eb9fa)
2019-06-16 21:39:56.957 22706 RALLYDEBUG rally_openstack.cleanup.manager [-] Deleting neutron.port object s_rally_c578fff7_aPs3DDLT (a75f695c-11ff-4da8-99d3-1bce0df0c945)
2019-06-16 21:39:56.974 22706 RALLYDEBUG rally_openstack.cleanup.manager [-] Deleting neutron.port object s_rally_c578fff7_KmDyAg46 (a79236f1-1034-44a8-bb28-989307b4a5db)
2019-06-16 21:39:56.981 22706 RALLYDEBUG rally_openstack.cleanup.manager [-] Deleting neutron.port object s_rally_c578fff7_xFcYEjtH (aa403580-9d26-4e7e-9578-608b7cc94daf)
2019-06-16 21:39:56.999 22706 RALLYDEBUG rally_openstack.cleanup.manager [-] Deleting neutron.port object s_rally_c578fff7_D3eOHGgS (aa433850-fc50-4659-9026-a27d4d698ce7)
2019-06-16 21:39:57.080 22706 RALLYDEBUG rally_openstack.cleanup.manager [-] Deleting neutron.port object s_rally_c578fff7_EREjBFTo (afc9af05-68e8-4194-937c-49cda6f57565)
2019-06-16 21:39:57.134 22706 RALLYDEBUG rally_openstack.cleanup.manager [-] Deleting neutron.port object s_rally_c578fff7_bpyRcAKC (b0430aa7-3560-4425-81d4-a24561ca001e)
2019-06-16 21:39:57.894 22706 RALLYDEBUG rally_openstack.cleanup.manager [-] Deleting neutron.port object s_rally_c578fff7_7aSNM7Cp (b799a94f-0a7c-4a4a-9c16-e90857a5738e)
2019-06-16 21:39:58.232 22706 RALLYDEBUG rally_openstack.cleanup.manager [-] Deleting neutron.port object s_rally_c578fff7_qmpkzUJM (bbbb318a-6249-4097-a482-739d7dc18600)
2019-06-16 21:39:58.440 22706 RALLYDEBUG rally_openstack.cleanup.manager [-] Deleting neutron.port object s_rally_c578fff7_B4FXKDjk (bbf680c2-8387-4e57-a2f5-2a91905ad488)
2019-06-16 21:39:58.553 22706 RALLYDEBUG rally_openstack.cleanup.manager [-] Deleting neutron.port object s_rally_c578fff7_bUVzanxY (bc37ca85-a915-4058-951b-c7c390ade589)
2019-06-16 21:39:58.960 22706 RALLYDEBUG rally_openstack.cleanup.manager [-] Deleting neutron.port object s_rally_c578fff7_D2ZnzNls (bd3dd1c0-6945-4677-a8db-1a23308c93db)
2019-06-16 21:39:59.029 22706 RALLYDEBUG rally_openstack.cleanup.manager [-] Deleting neutron.port object s_rally_c578fff7_oWIzFTvP (bdd86f5a-1e9b-492b-b36c-84cf8ef8d727)
2019-06-16 21:39:59.147 22706 RALLYDEBUG rally_openstack.cleanup.manager [-] Deleting neutron.port object s_rally_c578fff7_mG2sKfDY (be623c22-2a78-4839-a232-f892db859d9e)
2019-06-16 21:39:59.214 22706 RALLYDEBUG rally_openstack.cleanup.manager [-] Deleting neutron.port object s_rally_c578fff7_x7pEHvTv (bf76e719-a459-4364-9c18-01462e7bbed5)
2019-06-16 21:39:59.225 22706 RALLYDEBUG rally_openstack.cleanup.manager [-] Deleting neutron.port object s_rally_c578fff7_J7bQe0O6 (bf88953d-2816-4cb4-9400-8b3bb799de5c)
2019-06-16 21:39:59.247 22706 RALLYDEBUG rally_openstack.cleanup.manager [-] Deleting neutron.port object s_rally_c578fff7_dkVzeteX (c04e12b2-acca-469f-b69c-f5ec3804a76b)
2019-06-16 21:39:59.335 22706 RALLYDEBUG rally_openstack.cleanup.manager [-] Deleting neutron.port object s_rally_c578fff7_fFp8wvTA (c334f98a-268b-4dc1-9b91-05dc14b14327)
2019-06-16 21:39:59.523 22706 RALLYDEBUG rally_openstack.cleanup.manager [-] Deleting neutron.port object s_rally_c578fff7_96MiE1Rl (c35d196f-5649-4588-9935-a08f9ad2ebfd)
2019-06-16 21:39:59.583 22706 RALLYDEBUG rally_openstack.cleanup.manager [-] Deleting neutron.port object s_rally_c578fff7_mFdKMXhr (c3b88743-2d64-4167-8b53-225dfef4eb73)
2019-06-16 21:39:59.687 22706 RALLYDEBUG rally_openstack.cleanup.manager [-] Deleting neutron.port object s_rally_c578fff7_eQyLvqqg (c5b3db7b-bd3f-4b8a-801f-94753b2b0ca7)
2019-06-16 21:39:59.717 22706 RALLYDEBUG rally_openstack.cleanup.manager [-] Deleting neutron.port object s_rally_c578fff7_d2tkmxQq (c79038fc-1d77-4415-be19-419ef90f59af)
2019-06-16 21:39:59.729 22706 RALLYDEBUG rally_openstack.cleanup.manager [-] Deleting neutron.port object s_rally_c578fff7_KEmw9stP (c9c48f6a-b991-4ff0-8a8e-13ea7c816bc4)
2019-06-16 21:39:59.809 22706 RALLYDEBUG rally_openstack.cleanup.manager [-] Deleting neutron.port object s_rally_c578fff7_xdx38vdt (c9eeb65f-78d9-4f4e-8cea-ca845de8758a)
2019-06-16 21:39:59.814 22706 RALLYDEBUG rally_openstack.cleanup.manager [-] Deleting neutron.port object s_rally_c578fff7_pT0s0Ane (cb06d203-7f70-41e5-b6f1-7d7ddd268c1f)
2019-06-16 21:40:00.014 22706 RALLYDEBUG rally_openstack.cleanup.manager [-] Deleting neutron.port object s_rally_c578fff7_oGDUzHHk (cc8fc81c-c152-4ec7-babf-c2be76fc2081)
2019-06-16 21:40:00.021 22706 RALLYDEBUG rally_openstack.cleanup.manager [-] Deleting neutron.port object s_rally_c578fff7_FFTrtM5K (cd64c1a7-39a9-4b49-a218-6fc08ec134fb)
2019-06-16 21:40:00.031 22706 RALLYDEBUG rally_openstack.cleanup.manager [-] Deleting neutron.port object s_rally_c578fff7_ci36SaeV (ce068668-8ff2-4da5-b700-d1c1ea976fc9)
2019-06-16 21:40:00.404 22706 RALLYDEBUG rally_openstack.cleanup.manager [-] Deleting neutron.port object s_rally_c578fff7_nZfy8hhW (ce9b2c4d-3299-42b4-83da-9c4c8151696f)
2019-06-16 21:40:00.644 22706 RALLYDEBUG rally_openstack.cleanup.manager [-] Deleting neutron.port object s_rally_c578fff7_FdANDD1h (cef90446-d585-4fee-8dd9-14455b3e19e9)
2019-06-16 21:40:00.698 22706 RALLYDEBUG rally_openstack.cleanup.manager [-] Deleting neutron.port object s_rally_c578fff7_2joyUAP7 (cfb25f6c-8e9b-4d64-82da-76d737298a83)
2019-06-16 21:40:01.155 22706 RALLYDEBUG rally_openstack.cleanup.manager [-] Deleting neutron.port object s_rally_c578fff7_ldktHjBe (d0210866-c3e8-48b9-a6e3-e9c7b5d782da)
2019-06-16 21:40:01.334 22706 RALLYDEBUG rally_openstack.cleanup.manager [-] Deleting neutron.port object s_rally_c578fff7_qz0m3vAu (d1067cdc-57ab-4f64-aede-8190b12e4630)
2019-06-16 21:40:01.442 22706 RALLYDEBUG rally_openstack.cleanup.manager [-] Deleting neutron.port object s_rally_c578fff7_YecwKybm (d212b08f-b40e-4b9d-8482-195b3f3b5a26)
2019-06-16 21:40:01.532 22706 RALLYDEBUG rally_openstack.cleanup.manager [-] Deleting neutron.port object s_rally_c578fff7_eaqbS6Bl (d4c8d42e-f66b-4bca-ba66-1435d41b000f)
2019-06-16 21:40:01.788 22706 RALLYDEBUG rally_openstack.cleanup.manager [-] Deleting neutron.port object s_rally_c578fff7_i6Jl5d5a (d4cab708-5d90-4227-b12b-329a3407fbb8)
2019-06-16 21:40:01.846 22706 RALLYDEBUG rally_openstack.cleanup.manager [-] Deleting neutron.port object s_rally_c578fff7_HKVhv86m (d4dea91b-9732-488f-8e04-7196afc21add)
2019-06-16 21:40:01.895 22706 RALLYDEBUG rally_openstack.cleanup.manager [-] Deleting neutron.port object s_rally_c578fff7_ChR8pYyp (d75203d5-0345-48fa-88fb-96185ef04e3d)
2019-06-16 21:40:02.073 22706 RALLYDEBUG rally_openstack.cleanup.manager [-] Deleting neutron.port object s_rally_c578fff7_czelgITw (da07ece7-d526-4196-b6ca-1ceb4c8cb1b7)
2019-06-16 21:40:02.179 22706 RALLYDEBUG rally_openstack.cleanup.manager [-] Deleting neutron.port object s_rally_c578fff7_nlDtBCnj (da68a604-7920-4db7-b434-474dd6d43a7c)
2019-06-16 21:40:02.203 22706 RALLYDEBUG rally_openstack.cleanup.manager [-] Deleting neutron.port object s_rally_c578fff7_1g5uQ7RX (da6fec85-4b1c-47e3-b917-00a1fa346b70)
2019-06-16 21:40:02.250 22706 RALLYDEBUG rally_openstack.cleanup.manager [-] Deleting neutron.port object s_rally_c578fff7_QJBuFwXB (db316004-c69e-4305-af95-5c2bd006c8d7)
2019-06-16 21:40:02.299 22706 RALLYDEBUG rally_openstack.cleanup.manager [-] Deleting neutron.port object s_rally_c578fff7_cNdIBZd2 (db3c8834-5e9c-4ec5-a769-b81eac940dda)
2019-06-16 21:40:02.326 22706 RALLYDEBUG rally_openstack.cleanup.manager [-] Deleting neutron.port object s_rally_c578fff7_4V9kn3qe (db9b8910-04de-414e-b75c-20b29696cf20)
2019-06-16 21:40:02.335 22706 RALLYDEBUG rally_openstack.cleanup.manager [-] Deleting neutron.port object s_rally_c578fff7_Zpd1uc9R (df03407e-3c4c-42d7-b05b-a78b1d045af7)
2019-06-16 21:40:02.377 22706 RALLYDEBUG rally_openstack.cleanup.manager [-] Deleting neutron.port object s_rally_c578fff7_Zx7HBX47 (e1d9f31c-c288-443d-be31-c84f636a4abb)
2019-06-16 21:40:02.453 22706 RALLYDEBUG rally_openstack.cleanup.manager [-] Deleting neutron.port object s_rally_c578fff7_00robAhp (e3046ed5-8f68-438f-9557-1f06f7c14998)
2019-06-16 21:40:02.474 22706 RALLYDEBUG rally_openstack.cleanup.manager [-] Deleting neutron.port object s_rally_c578fff7_3SUr0k6z (e763d99f-e0da-46d6-8337-48ce9ffaccb5)
2019-06-16 21:40:02.578 22706 RALLYDEBUG rally_openstack.cleanup.manager [-] Deleting neutron.port object s_rally_c578fff7_QRzf9Hkd (e779e19f-baa5-4c1a-b22a-86dd1bba84c1)
2019-06-16 21:40:02.944 22706 RALLYDEBUG rally_openstack.cleanup.manager [-] Deleting neutron.port object s_rally_c578fff7_fcrmdF62 (ece1ded5-3e64-4415-8d96-d4a250db99ae)
2019-06-16 21:40:03.120 22706 RALLYDEBUG rally_openstack.cleanup.manager [-] Deleting neutron.port object s_rally_c578fff7_a9N33waL (eef0490c-d090-49bc-bbda-81608924a76f)
2019-06-16 21:40:03.513 22706 RALLYDEBUG rally_openstack.cleanup.manager [-] Deleting neutron.port object s_rally_c578fff7_QvexzRSp (ef5f5fff-d174-4da6-b3d6-3d67d8632dd3)
2019-06-16 21:40:03.710 22706 RALLYDEBUG rally_openstack.cleanup.manager [-] Deleting neutron.port object s_rally_c578fff7_QBQcgt0f (ef6e0912-78a5-4c50-a834-db00cabbf7bf)
2019-06-16 21:40:03.813 22706 RALLYDEBUG rally_openstack.cleanup.manager [-] Deleting neutron.port object s_rally_c578fff7_kDZkmfXh (f086b3dc-9594-44e1-a13a-88cdeb1741f2)
2019-06-16 21:40:03.843 22706 RALLYDEBUG rally_openstack.cleanup.manager [-] Deleting neutron.port object s_rally_c578fff7_F1JkmNsQ (f0fdaca2-dd1e-42c8-9130-e1ddf6b04f8f)
2019-06-16 21:40:04.098 22706 RALLYDEBUG rally_openstack.cleanup.manager [-] Deleting neutron.port object s_rally_c578fff7_4H4d4nOs (f2e1ec29-dbff-41eb-8fb1-bada7c7fbb84)
2019-06-16 21:40:04.261 22706 RALLYDEBUG rally_openstack.cleanup.manager [-] Deleting neutron.port object s_rally_c578fff7_uOPSRK9j (f483ce9a-979e-4c3a-8e89-b8b1bb7446c4)
2019-06-16 21:40:04.332 22706 RALLYDEBUG rally_openstack.cleanup.manager [-] Deleting neutron.port object s_rally_c578fff7_IYMcmFZS (f5457e8e-ae1e-4292-9dd1-d11d3e014b08)
2019-06-16 21:40:04.593 22706 RALLYDEBUG rally_openstack.cleanup.manager [-] Deleting neutron.port object s_rally_c578fff7_lndzOZ2s (f5c7f30e-6278-4700-a8a4-fef140ac9e47)
2019-06-16 21:40:04.617 22706 RALLYDEBUG rally_openstack.cleanup.manager [-] Deleting neutron.port object s_rally_c578fff7_nEFEDVo7 (f8dde12c-5364-4c29-bf1e-acaa5db4a3f1)
2019-06-16 21:40:04.668 22706 RALLYDEBUG rally_openstack.cleanup.manager [-] Deleting neutron.port object s_rally_c578fff7_1GxZq2en (f91c689b-4d59-470f-8c78-b5855231ea35)
2019-06-16 21:40:04.686 22706 RALLYDEBUG rally_openstack.cleanup.manager [-] Deleting neutron.port object s_rally_c578fff7_5tPYUxbk (f92f670a-a1ab-426d-889b-f2c4eb011142)
2019-06-16 21:40:04.755 22706 RALLYDEBUG rally_openstack.cleanup.manager [-] Deleting neutron.port object s_rally_c578fff7_n5vHaxqR (f9543b0f-9065-4496-8ada-13b28a382f43)
2019-06-16 21:40:04.794 22706 RALLYDEBUG rally_openstack.cleanup.manager [-] Deleting neutron.port object s_rally_c578fff7_KrRmdleG (fb6d7f4b-0a4e-4746-a631-b917efb25f7c)
2019-06-16 21:40:04.898 22706 RALLYDEBUG rally_openstack.cleanup.manager [-] Deleting neutron.port object s_rally_c578fff7_li7afpBj (fe6b3136-cdec-47d1-93a3-114c35eacee6)
2019-06-16 21:40:04.929 22706 RALLYDEBUG rally_openstack.cleanup.manager [-] Deleting neutron.port object s_rally_c578fff7_Kbyt64K4 (febc833f-d134-4f9d-a5e5-d8be56437b8d)
2019-06-16 21:40:07.287 22706 RALLYDEBUG rally_openstack.cleanup.manager [-] Cleaning up neutron subnet objects
2019-06-16 21:40:08.001 22706 RALLYDEBUG rally_openstack.cleanup.manager [-] Cleaning up neutron network objects
2019-06-16 21:40:08.956 22706 RALLYDEBUG rally_openstack.cleanup.manager [-] Deleting neutron.network object s_rally_c578fff7_yiFppMzM (01b793c3-3374-4866-876d-d1f3df5d0f94)
2019-06-16 21:40:08.958 22706 RALLYDEBUG rally_openstack.cleanup.manager [-] Deleting neutron.network object s_rally_c578fff7_NfKv2CRh (017619bf-fd33-4ed9-a60c-a31f14320643)
2019-06-16 21:40:08.965 22706 RALLYDEBUG rally_openstack.cleanup.manager [-] Deleting neutron.network object s_rally_c578fff7_mHZM9C0S (114398ee-0a8e-4ce1-8f11-a8c27ba47682)
2019-06-16 21:40:08.978 22706 RALLYDEBUG rally_openstack.cleanup.manager [-] Deleting neutron.network object s_rally_c578fff7_ioZJMivl (1992d55f-3749-473e-9f9f-4c7a0261f2a9)
2019-06-16 21:40:08.983 22706 RALLYDEBUG rally_openstack.cleanup.manager [-] Deleting neutron.network object s_rally_c578fff7_NmHaKIfe (0f26dc97-4166-4406-9e54-48085cc3cd63)
2019-06-16 21:40:08.995 22706 RALLYDEBUG rally_openstack.cleanup.manager [-] Deleting neutron.network object s_rally_c578fff7_YOxwG9z0 (195b556f-ae08-4a47-92d2-fab3a10f5369)
2019-06-16 21:40:09.007 22706 RALLYDEBUG rally_openstack.cleanup.manager [-] Deleting neutron.network object s_rally_c578fff7_jZcAaaof (42a38ebe-bead-4d9f-b087-64dbf7ceacd5)
2019-06-16 21:40:09.007 22706 RALLYDEBUG rally_openstack.cleanup.manager [-] Deleting neutron.network object s_rally_c578fff7_Cb1EfxfN (42f2049c-7893-46cf-a2f1-24826e8cf26b)
2019-06-16 21:40:09.008 22706 RALLYDEBUG rally_openstack.cleanup.manager [-] Deleting neutron.network object s_rally_c578fff7_PVgBWNAC (42c11b64-bec0-4ee8-b8de-d3079a760aa4)
2019-06-16 21:40:09.031 22706 RALLYDEBUG rally_openstack.cleanup.manager [-] Deleting neutron.network object s_rally_c578fff7_0KYrPB0v (4770683e-07ad-4246-b129-74d1d85fc5ba)
2019-06-16 21:40:09.043 22706 RALLYDEBUG rally_openstack.cleanup.manager [-] Deleting neutron.network object s_rally_c578fff7_C5VeMpNH (34c5ea80-4ad6-4e9b-b7ac-42dcbc591b33)
2019-06-16 21:40:09.047 22706 RALLYDEBUG rally_openstack.cleanup.manager [-] Deleting neutron.network object s_rally_c578fff7_B9dKBmfb (508c7ec0-61f9-4398-8782-b8d12f80e695)
2019-06-16 21:40:09.051 22706 RALLYDEBUG rally_openstack.cleanup.manager [-] Deleting neutron.network object s_rally_c578fff7_kegsNr3f (4c8ad212-6506-4103-b73f-ec3838e1e7c3)
2019-06-16 21:40:09.081 22706 RALLYDEBUG rally_openstack.cleanup.manager [-] Deleting neutron.network object s_rally_c578fff7_Rp4m7KcU (5df5be77-63a3-4936-a168-55a69dd0594a)
2019-06-16 21:40:09.082 22706 RALLYDEBUG rally_openstack.cleanup.manager [-] Deleting neutron.network object s_rally_c578fff7_ZOWC0LXv (5b86b410-0843-4ad6-b8f7-c2aff8d9962b)
2019-06-16 21:40:09.113 22706 RALLYDEBUG rally_openstack.cleanup.manager [-] Deleting neutron.network object s_rally_c578fff7_AY5QNW4l (63e56fb6-84e5-45a4-80fe-c0a8e7320260)
2019-06-16 21:40:09.126 22706 RALLYDEBUG rally_openstack.cleanup.manager [-] Deleting neutron.network object s_rally_c578fff7_9WN4fgED (6c9550ef-73b0-44f6-b955-96940a37174f)
2019-06-16 21:40:09.150 22706 RALLYDEBUG rally_openstack.cleanup.manager [-] Deleting neutron.network object s_rally_c578fff7_KEKGfS6C (72c547f5-9d10-4f29-ae3d-ff0498e80166)
2019-06-16 21:40:09.154 22706 RALLYDEBUG rally_openstack.cleanup.manager [-] Deleting neutron.network object s_rally_c578fff7_yTZIFres (871e7796-ebb0-4c20-ac50-c3e07341eacd)
2019-06-16 21:40:09.161 22706 RALLYDEBUG rally_openstack.cleanup.manager [-] Deleting neutron.network object s_rally_c578fff7_mGRWggJ6 (89067612-db5d-40a1-9c42-5619d6a23905)
2019-06-16 21:40:11.637 22706 RALLYDEBUG rally_openstack.cleanup.manager [-] Deleting neutron.network object s_rally_c578fff7_rj2SxnbE (9a34a0f0-db33-4059-ba51-7545f05ee66c)
2019-06-16 21:40:11.751 22706 RALLYDEBUG rally_openstack.cleanup.manager [-] Deleting neutron.network object s_rally_c578fff7_4SbHMzG2 (a24df24e-7f32-4390-b5cf-cfa325e71ddf)
2019-06-16 21:40:11.778 22706 RALLYDEBUG rally_openstack.cleanup.manager [-] Deleting neutron.network object s_rally_c578fff7_KCh5MsUn (a2a590d6-4bd2-4fed-abbb-9b3f8569b81b)
2019-06-16 21:40:11.829 22706 RALLYDEBUG rally_openstack.cleanup.manager [-] Deleting neutron.network object s_rally_c578fff7_edyuVNxp (a57418a7-f60a-4118-8cd8-07abd299c3cd)
2019-06-16 21:40:11.927 22706 RALLYDEBUG rally_openstack.cleanup.manager [-] Deleting neutron.network object s_rally_c578fff7_DAfir3rZ (a82f0d34-91ad-4cdc-ba83-327947f44182)
2019-06-16 21:40:11.954 22706 RALLYDEBUG rally_openstack.cleanup.manager [-] Deleting neutron.network object s_rally_c578fff7_ixwxYYSZ (ade10085-5aee-4721-a5d8-0985a302d8d3)
2019-06-16 21:40:11.972 22706 RALLYDEBUG rally_openstack.cleanup.manager [-] Deleting neutron.network object s_rally_c578fff7_BMMPFfCQ (ae58a9a5-fafb-4826-ac10-3d80fa5f3bd7)
2019-06-16 21:40:12.471 22706 RALLYDEBUG rally_openstack.cleanup.manager [-] Deleting neutron.network object s_rally_c578fff7_H3FZiVf8 (b3ceb8de-6f36-49e2-b7e8-2b2bfadead79)
2019-06-16 21:40:12.689 22706 RALLYDEBUG rally_openstack.cleanup.manager [-] Deleting neutron.network object s_rally_c578fff7_DKMfhBJB (b61dbc2f-a250-41e1-b43a-1e87a86f42b4)
2019-06-16 21:40:12.693 22706 RALLYDEBUG rally_openstack.cleanup.manager [-] Deleting neutron.network object s_rally_c578fff7_YaPGr9xW (bd5ad99d-bbd7-4547-b4c0-c6aa447c3cd5)
2019-06-16 21:40:12.729 22706 RALLYDEBUG rally_openstack.cleanup.manager [-] Deleting neutron.network object s_rally_c578fff7_OQabvkFL (c0c8a074-9ddb-4bff-bdbd-d78c6fa1cd03)
2019-06-16 21:40:12.730 22706 RALLYDEBUG rally_openstack.cleanup.manager [-] Deleting neutron.network object s_rally_c578fff7_4RF99SdG (c08f9d14-3e09-4bdf-a124-0986b730cfd4)
2019-06-16 21:40:13.839 22706 RALLYDEBUG rally_openstack.cleanup.manager [-] Deleting neutron.network object s_rally_c578fff7_dTacvEnj (c67f150e-2ff7-4efb-812f-37fb75c6a0ff)
2019-06-16 21:40:13.871 22706 RALLYDEBUG rally_openstack.cleanup.manager [-] Deleting neutron.network object s_rally_c578fff7_YsJ3qOxR (cf37b71b-8d50-4ef9-8a5d-a026d8956a7a)
2019-06-16 21:40:13.939 22706 RALLYDEBUG rally_openstack.cleanup.manager [-] Deleting neutron.network object s_rally_c578fff7_DkMRlFoj (e0b8a9bd-fbce-443b-80ee-c59300cd122c)
2019-06-16 21:40:14.006 22706 RALLYDEBUG rally_openstack.cleanup.manager [-] Deleting neutron.network object s_rally_c578fff7_WsCM2DnV (e68d06f0-02ba-4830-919c-ded5749b0ee2)
2019-06-16 21:40:14.022 22706 RALLYDEBUG rally_openstack.cleanup.manager [-] Deleting neutron.network object s_rally_c578fff7_3oAa0Itc (ef031edc-b60c-4120-b5fc-9405d99aea20)
2019-06-16 21:40:14.087 22706 RALLYDEBUG rally_openstack.cleanup.manager [-] Deleting neutron.network object s_rally_c578fff7_tqFRxI1F (f72c6889-73a5-47be-ace0-41fba5888962)
2019-06-16 21:40:14.120 22706 RALLYDEBUG rally_openstack.cleanup.manager [-] Deleting neutron.network object s_rally_c578fff7_d2P5GH3K (f7ca2d10-45e4-432b-9587-298852750ee4)
2019-06-16 21:40:14.144 22706 RALLYDEBUG rally_openstack.cleanup.manager [-] Deleting neutron.network object s_rally_c578fff7_CnjdQPcZ (ff681a45-faf5-4fd0-8ae8-67a8b421fafa)
2019-06-16 21:40:16.794 22706 RALLYDEBUG rally_openstack.cleanup.manager [-] Cleaning up neutron router objects
2019-06-16 21:40:17.476 22706 RALLYDEBUG rally_openstack.cleanup.manager [-] Cleaning up neutron security_group objects
2019-06-16 21:40:18.334 22706 INFO rally.task.context [-] Task 6e8b373d-e376-47d4-abb8-1410bc8878b4 | Context cleanup@openstack cleanup() finished in 42.47 sec
2019-06-16 21:40:18.334 22706 INFO rally.task.context [-] Task 6e8b373d-e376-47d4-abb8-1410bc8878b4 | Context quotas@openstack cleanup() started
2019-06-16 21:40:18.669 22706 INFO rally.task.context [-] Task 6e8b373d-e376-47d4-abb8-1410bc8878b4 | Context quotas@openstack cleanup() finished in 0.34 sec
2019-06-16 21:40:18.670 22706 INFO rally.task.context [-] Task 6e8b373d-e376-47d4-abb8-1410bc8878b4 | Context users@openstack cleanup() started
2019-06-16 21:40:24.336 22706 INFO rally.task.context [-] Task 6e8b373d-e376-47d4-abb8-1410bc8878b4 | Context users@openstack cleanup() finished in 5.67 sec
2019-06-16 21:40:26.162 22706 INFO rally.task.engine [-] Load duration is: 32.193238
2019-06-16 21:40:26.162 22706 INFO rally.task.engine [-] Full runner duration is: 32.242226
2019-06-16 21:40:26.162 22706 INFO rally.task.engine [-] Full duration is: 86.511216
2019-06-16 21:40:26.378 22706 INFO rally.task.engine [-] Running workload: position = 2 config = { "version": 2, "title": "A cropped version of a bigger task.", "description": "Auto-generated task from a single workload (uuid=ece0f554-9c9a-47b1-bfb8-42292cf69d26)", "subtasks": [ { "title": "NeutronNetworks.create_and_delete_ports", "description": "Create and delete a port.", "scenario": { "NeutronNetworks.create_and_delete_ports": { "network_create_args": {}, "port_create_args": {}, "ports_per_network": 5 } }, "contexts": { "users": { "tenants": 1, "users_per_tenant": 1 }, "quotas": { "neutron": { "network": -1, "port": -1 } } }, "runner": { "constant": { "times": 40, "concurrency": 20 } }, "hooks": [], "sla": { "failure_rate": { "max": 0 } } } ] }
2019-06-16 21:40:26.403 22706 RALLYDEBUG rally_openstack.contexts.keystone.users [-] Creating 1 tenants using 20 threads
2019-06-16 21:40:28.404 22706 RALLYDEBUG rally_openstack.contexts.keystone.users [-] Creating 1 users using 20 threads
2019-06-16 21:40:31.233 22706 INFO rally.task.context [-] Task 6e8b373d-e376-47d4-abb8-1410bc8878b4 | Context users@openstack setup() finished in 4.83 sec
2019-06-16 21:40:32.041 22706 INFO rally.task.context [-] Task 6e8b373d-e376-47d4-abb8-1410bc8878b4 | Context quotas@openstack setup() finished in 0.81 sec
2019-06-16 21:40:32.041 22706 INFO rally.task.context [-] Task 6e8b373d-e376-47d4-abb8-1410bc8878b4 | Context cleanup@openstack setup() finished in 0.01 msec
2019-06-16 21:40:32.049 22706 RALLYDEBUG rally.task.runner [-] Starting the constant runner (task UUID: 6e8b373d-e376-47d4-abb8-1410bc8878b4). timeout: 0 concurrency: 20 concurrency_per_worker: 1 times: 40 concurrency_overhead: 4 processes_to_start: 16 max_cpu_used: 16
2019-06-16 21:40:32.063 26952 RALLYDEBUG rally.task.runner [-] Starting a worker. concurrency: 2 args: {"network_create_args": {}, "port_create_args": {}, "ports_per_network": 5} times: 40 method_name: run timeout: 0 duration: None cls:
2019-06-16 21:40:32.068 26953 RALLYDEBUG rally.task.runner [-] Starting a worker. concurrency: 2 args: {"network_create_args": {}, "port_create_args": {}, "ports_per_network": 5} times: 40 method_name: run timeout: 0 duration: None cls:
2019-06-16 21:40:32.068 26952 INFO rally.task.runner [-] Task 6e8b373d-e376-47d4-abb8-1410bc8878b4 | ITER: 1 START
2019-06-16 21:40:32.070 26954 RALLYDEBUG rally.task.runner [-] Starting a worker. concurrency: 2 args: {"network_create_args": {}, "port_create_args": {}, "ports_per_network": 5} times: 40 method_name: run timeout: 0 duration: None cls:
2019-06-16 21:40:32.071 26952 WARNING rally_openstack.scenarios.neutron.utils [-] Running this scenario without either the 'network' or 'existing_network' context is deprecated
2019-06-16 21:40:32.075 26957 RALLYDEBUG rally.task.runner [-] Starting a worker. concurrency: 2 args: {"network_create_args": {}, "port_create_args": {}, "ports_per_network": 5} times: 40 method_name: run timeout: 0 duration: None cls:
2019-06-16 21:40:32.076 26953 INFO rally.task.runner [-] Task 6e8b373d-e376-47d4-abb8-1410bc8878b4 | ITER: 3 START
2019-06-16 21:40:32.076 26954 INFO rally.task.runner [-] Task 6e8b373d-e376-47d4-abb8-1410bc8878b4 | ITER: 4 START
2019-06-16 21:40:32.077 26960 RALLYDEBUG rally.task.runner [-] Starting a worker. concurrency: 1 args: {"network_create_args": {}, "port_create_args": {}, "ports_per_network": 5} times: 40 method_name: run timeout: 0 duration: None cls:
2019-06-16 21:40:32.077 26953 INFO rally.task.runner [-] Task 6e8b373d-e376-47d4-abb8-1410bc8878b4 | ITER: 5 START
2019-06-16 21:40:32.079 26953 WARNING rally_openstack.scenarios.neutron.utils [-] Running this scenario without either the 'network' or 'existing_network' context is deprecated
2019-06-16 21:40:32.078 26954 WARNING rally_openstack.scenarios.neutron.utils [-] Running this scenario without either the 'network' or 'existing_network' context is deprecated
2019-06-16 21:40:32.082 26952 INFO rally.task.runner [-] Task 6e8b373d-e376-47d4-abb8-1410bc8878b4 | ITER: 2 START
2019-06-16 21:40:32.082 26952 WARNING rally_openstack.scenarios.neutron.utils [-] Running this scenario without either the 'network' or 'existing_network' context is deprecated
2019-06-16 21:40:32.080 26954 INFO rally.task.runner [-] Task 6e8b373d-e376-47d4-abb8-1410bc8878b4 | ITER: 6 START
2019-06-16 21:40:32.083 26960 INFO rally.task.runner [-] Task 6e8b373d-e376-47d4-abb8-1410bc8878b4 | ITER: 8 START
2019-06-16 21:40:32.083 26964 RALLYDEBUG rally.task.runner [-] Starting a worker. concurrency: 1 args: {"network_create_args": {}, "port_create_args": {}, "ports_per_network": 5} times: 40 method_name: run timeout: 0 duration: None cls:
2019-06-16 21:40:32.084 26960 WARNING rally_openstack.scenarios.neutron.utils [-] Running this scenario without either the 'network' or 'existing_network' context is deprecated
2019-06-16 21:40:32.084 26957 INFO rally.task.runner [-] Task 6e8b373d-e376-47d4-abb8-1410bc8878b4 | ITER: 7 START
2019-06-16 21:40:32.086 26957 WARNING rally_openstack.scenarios.neutron.utils [-] Running this scenario without either the 'network' or 'existing_network' context is deprecated
2019-06-16 21:40:32.086 26953 WARNING rally_openstack.scenarios.neutron.utils [-] Running this scenario without either the 'network' or 'existing_network' context is deprecated
2019-06-16 21:40:32.088 26954 WARNING rally_openstack.scenarios.neutron.utils [-] Running this scenario without either the 'network' or 'existing_network' context is deprecated
2019-06-16 21:40:32.087 26967 RALLYDEBUG rally.task.runner [-] Starting a worker. concurrency: 1 args: {"network_create_args": {}, "port_create_args": {}, "ports_per_network": 5} times: 40 method_name: run timeout: 0 duration: None cls:
2019-06-16 21:40:32.088 26964 INFO rally.task.runner [-] Task 6e8b373d-e376-47d4-abb8-1410bc8878b4 | ITER: 10 START
2019-06-16 21:40:32.090 26964 WARNING rally_openstack.scenarios.neutron.utils [-] Running this scenario without either the 'network' or 'existing_network' context is deprecated
2019-06-16 21:40:32.093 26967 INFO rally.task.runner [-] Task 6e8b373d-e376-47d4-abb8-1410bc8878b4 | ITER: 11 START
2019-06-16 21:40:32.093 26973 RALLYDEBUG rally.task.runner [-] Starting a worker. concurrency: 1 args: {"network_create_args": {}, "port_create_args": {}, "ports_per_network": 5} times: 40 method_name: run timeout: 0 duration: None cls:
2019-06-16 21:40:32.092 26957 INFO rally.task.runner [-] Task 6e8b373d-e376-47d4-abb8-1410bc8878b4 | ITER: 9 START
2019-06-16 21:40:32.095 26967 WARNING rally_openstack.scenarios.neutron.utils [-] Running this scenario without either the 'network' or 'existing_network' context is deprecated
2019-06-16 21:40:32.095 26957 WARNING rally_openstack.scenarios.neutron.utils [-] Running this scenario without either the 'network' or 'existing_network' context is deprecated
2019-06-16 21:40:32.100 26973 INFO rally.task.runner [-] Task 6e8b373d-e376-47d4-abb8-1410bc8878b4 | ITER: 12 START
2019-06-16 21:40:32.099 26978 RALLYDEBUG rally.task.runner [-] Starting a worker. concurrency: 1 args: {"network_create_args": {}, "port_create_args": {}, "ports_per_network": 5} times: 40 method_name: run timeout: 0 duration: None cls:
2019-06-16 21:40:32.101 26973 WARNING rally_openstack.scenarios.neutron.utils [-] Running this scenario without either the 'network' or 'existing_network' context is deprecated
2019-06-16 21:40:32.104 26978 INFO rally.task.runner [-] Task 6e8b373d-e376-47d4-abb8-1410bc8878b4 | ITER: 13 START
2019-06-16 21:40:32.105 26978 WARNING rally_openstack.scenarios.neutron.utils [-] Running this scenario without either the 'network' or 'existing_network' context is deprecated
2019-06-16 21:40:32.114 26984 RALLYDEBUG rally.task.runner [-] Starting a worker. concurrency: 1 args: {"network_create_args": {}, "port_create_args": {}, "ports_per_network": 5} times: 40 method_name: run timeout: 0 duration: None cls:
2019-06-16 21:40:32.117 26984 INFO rally.task.runner [-] Task 6e8b373d-e376-47d4-abb8-1410bc8878b4 | ITER: 14 START
2019-06-16 21:40:32.119 26984 WARNING rally_openstack.scenarios.neutron.utils [-] Running this scenario without either the 'network' or 'existing_network' context is deprecated
2019-06-16 21:40:32.121 26987 RALLYDEBUG rally.task.runner [-] Starting a worker. concurrency: 1 args: {"network_create_args": {}, "port_create_args": {}, "ports_per_network": 5} times: 40 method_name: run timeout: 0 duration: None cls:
2019-06-16 21:40:32.122 26981 RALLYDEBUG rally.task.runner [-] Starting a worker. concurrency: 1 args: {"network_create_args": {}, "port_create_args": {}, "ports_per_network": 5} times: 40 method_name: run timeout: 0 duration: None cls:
2019-06-16 21:40:32.124 26987 INFO rally.task.runner [-] Task 6e8b373d-e376-47d4-abb8-1410bc8878b4 | ITER: 15 START
2019-06-16 21:40:32.125 26987 WARNING rally_openstack.scenarios.neutron.utils [-] Running this scenario without either the 'network' or 'existing_network' context is deprecated
2019-06-16 21:40:32.127 26981 INFO rally.task.runner [-] Task 6e8b373d-e376-47d4-abb8-1410bc8878b4 | ITER: 16 START
2019-06-16 21:40:32.129 26981 WARNING rally_openstack.scenarios.neutron.utils [-] Running this scenario without either the 'network' or 'existing_network' context is deprecated
2019-06-16 21:40:32.129 26988 RALLYDEBUG rally.task.runner [-] Starting a worker. concurrency: 1 args: {"network_create_args": {}, "port_create_args": {}, "ports_per_network": 5} times: 40 method_name: run timeout: 0 duration: None cls:
2019-06-16 21:40:32.133 26988 INFO rally.task.runner [-] Task 6e8b373d-e376-47d4-abb8-1410bc8878b4 | ITER: 17 START
2019-06-16 21:40:32.134 26988 WARNING rally_openstack.scenarios.neutron.utils [-] Running this scenario without either the 'network' or 'existing_network' context is deprecated
2019-06-16 21:40:32.134 26993 RALLYDEBUG rally.task.runner [-] Starting a worker. concurrency: 1 args: {"network_create_args": {}, "port_create_args": {}, "ports_per_network": 5} times: 40 method_name: run timeout: 0 duration: None cls:
2019-06-16 21:40:32.136 26994 RALLYDEBUG rally.task.runner [-] Starting a worker. concurrency: 1 args: {"network_create_args": {}, "port_create_args": {}, "ports_per_network": 5} times: 40 method_name: run timeout: 0 duration: None cls:
2019-06-16 21:40:32.140 26993 INFO rally.task.runner [-] Task 6e8b373d-e376-47d4-abb8-1410bc8878b4 | ITER: 18 START
2019-06-16 21:40:32.140 26994 INFO rally.task.runner [-] Task 6e8b373d-e376-47d4-abb8-1410bc8878b4 | ITER: 19 START
2019-06-16 21:40:32.141 26993 WARNING rally_openstack.scenarios.neutron.utils [-] Running this scenario without either the 'network' or 'existing_network' context is deprecated
2019-06-16 21:40:32.140 26997 RALLYDEBUG rally.task.runner [-] Starting a worker. concurrency: 1 args: {"network_create_args": {}, "port_create_args": {}, "ports_per_network": 5} times: 40 method_name: run timeout: 0 duration: None cls:
2019-06-16 21:40:32.141 26994 WARNING rally_openstack.scenarios.neutron.utils [-] Running this scenario without either the 'network' or 'existing_network' context is deprecated
2019-06-16 21:40:32.144 26997 INFO rally.task.runner [-] Task 6e8b373d-e376-47d4-abb8-1410bc8878b4 | ITER: 20 START
2019-06-16 21:40:32.146 26997 WARNING rally_openstack.scenarios.neutron.utils [-] Running this scenario without either the 'network' or 'existing_network' context is deprecated
2019-06-16 21:40:44.418 26960 INFO rally.task.runner [-] Task 6e8b373d-e376-47d4-abb8-1410bc8878b4 | ITER: 8 END: OK
2019-06-16 21:40:44.422 26960 INFO rally.task.runner [-] Task 6e8b373d-e376-47d4-abb8-1410bc8878b4 | ITER: 21 START
2019-06-16 21:40:44.423 26960 WARNING rally_openstack.scenarios.neutron.utils [-] Running this scenario without either the 'network' or 'existing_network' context is deprecated
2019-06-16 21:40:45.199 26994 INFO rally.task.runner [-] Task 6e8b373d-e376-47d4-abb8-1410bc8878b4 | ITER: 19 END: OK
2019-06-16 21:40:45.203 26994 INFO rally.task.runner [-] Task 6e8b373d-e376-47d4-abb8-1410bc8878b4 | ITER: 22 START
2019-06-16 21:40:45.204 26994 WARNING rally_openstack.scenarios.neutron.utils [-] Running this scenario without either the 'network' or 'existing_network' context is deprecated
2019-06-16 21:40:45.391 26993 INFO rally.task.runner [-] Task 6e8b373d-e376-47d4-abb8-1410bc8878b4 | ITER: 18 END: OK
2019-06-16 21:40:45.396 26993 INFO rally.task.runner [-] Task 6e8b373d-e376-47d4-abb8-1410bc8878b4 | ITER: 23 START
2019-06-16 21:40:45.397 26993 WARNING rally_openstack.scenarios.neutron.utils [-] Running this scenario without either the 'network' or 'existing_network' context is deprecated
2019-06-16 21:40:45.725 26953 INFO rally.task.runner [-] Task 6e8b373d-e376-47d4-abb8-1410bc8878b4 | ITER: 5 END: OK
2019-06-16 21:40:45.730 26953 INFO rally.task.runner [-] Task 6e8b373d-e376-47d4-abb8-1410bc8878b4 | ITER: 24 START
2019-06-16 21:40:45.731 26953 WARNING rally_openstack.scenarios.neutron.utils [-] Running this scenario without either the 'network' or 'existing_network' context is deprecated
2019-06-16 21:40:46.235 26957 INFO rally.task.runner [-] Task 6e8b373d-e376-47d4-abb8-1410bc8878b4 | ITER: 9 END: OK
2019-06-16 21:40:46.240 26957 INFO rally.task.runner [-] Task 6e8b373d-e376-47d4-abb8-1410bc8878b4 | ITER: 25 START
2019-06-16 21:40:46.240 26957 WARNING rally_openstack.scenarios.neutron.utils [-] Running this scenario without either the 'network' or 'existing_network' context is deprecated
2019-06-16 21:40:46.425 26952 INFO rally.task.runner [-] Task 6e8b373d-e376-47d4-abb8-1410bc8878b4 | ITER: 1 END: OK
2019-06-16 21:40:46.429 26952 INFO rally.task.runner [-] Task 6e8b373d-e376-47d4-abb8-1410bc8878b4 | ITER: 26 START
2019-06-16 21:40:46.430 26952 WARNING rally_openstack.scenarios.neutron.utils [-] Running this scenario without either the 'network' or 'existing_network' context is deprecated
2019-06-16 21:40:46.808 26954 INFO rally.task.runner [-] Task 6e8b373d-e376-47d4-abb8-1410bc8878b4 | ITER: 6 END: OK
2019-06-16 21:40:46.812 26954 INFO rally.task.runner [-] Task 6e8b373d-e376-47d4-abb8-1410bc8878b4 | ITER: 27 START
2019-06-16 21:40:46.813 26954 WARNING rally_openstack.scenarios.neutron.utils [-] Running this scenario without either the 'network' or 'existing_network' context is deprecated
2019-06-16 21:40:46.909 26973 INFO rally.task.runner [-] Task 6e8b373d-e376-47d4-abb8-1410bc8878b4 | ITER: 12 END: OK
2019-06-16 21:40:46.913 26973 INFO rally.task.runner [-] Task 6e8b373d-e376-47d4-abb8-1410bc8878b4 | ITER: 28 START
2019-06-16 21:40:46.914 26973 WARNING rally_openstack.scenarios.neutron.utils [-] Running this scenario without either the 'network' or 'existing_network' context is deprecated
2019-06-16 21:40:47.037 26967 INFO rally.task.runner [-] Task 6e8b373d-e376-47d4-abb8-1410bc8878b4 | ITER: 11 END: OK
2019-06-16 21:40:47.041 26967 INFO rally.task.runner [-] Task 6e8b373d-e376-47d4-abb8-1410bc8878b4 | ITER: 29 START
2019-06-16 21:40:47.042 26967 WARNING rally_openstack.scenarios.neutron.utils [-] Running this scenario without either the 'network' or 'existing_network' context is deprecated
2019-06-16 21:40:47.164 26953 INFO rally.task.runner [-] Task 6e8b373d-e376-47d4-abb8-1410bc8878b4 | ITER: 3 END: OK
2019-06-16 21:40:47.167 26953 INFO rally.task.runner [-] Task 6e8b373d-e376-47d4-abb8-1410bc8878b4 | ITER: 30 START
2019-06-16 21:40:47.168 26953 WARNING rally_openstack.scenarios.neutron.utils [-] Running this scenario without either the 'network' or 'existing_network' context is deprecated
2019-06-16 21:40:47.539 26954 INFO rally.task.runner [-] Task 6e8b373d-e376-47d4-abb8-1410bc8878b4 | ITER: 4 END: OK
2019-06-16 21:40:47.542 26954 INFO rally.task.runner [-] Task 6e8b373d-e376-47d4-abb8-1410bc8878b4 | ITER: 31 START
2019-06-16 21:40:47.543 26954 WARNING rally_openstack.scenarios.neutron.utils [-] Running this scenario without either the 'network' or 'existing_network' context is deprecated
2019-06-16 21:40:47.638 26984 INFO rally.task.runner [-] Task 6e8b373d-e376-47d4-abb8-1410bc8878b4 | ITER: 14 END: OK
2019-06-16 21:40:47.643 26984 INFO rally.task.runner [-] Task 6e8b373d-e376-47d4-abb8-1410bc8878b4 | ITER: 32 START
2019-06-16 21:40:47.643 26984 WARNING rally_openstack.scenarios.neutron.utils [-] Running this scenario without either the 'network' or 'existing_network' context is deprecated
2019-06-16 21:40:47.683 26988 INFO rally.task.runner [-] Task 6e8b373d-e376-47d4-abb8-1410bc8878b4 | ITER: 17 END: OK
2019-06-16 21:40:47.687 26988 INFO rally.task.runner [-] Task 6e8b373d-e376-47d4-abb8-1410bc8878b4 | ITER: 33 START
2019-06-16 21:40:47.688 26988 WARNING rally_openstack.scenarios.neutron.utils [-] Running this scenario without either the 'network' or 'existing_network' context is deprecated
2019-06-16 21:40:48.054 26997 INFO rally.task.runner [-] Task 6e8b373d-e376-47d4-abb8-1410bc8878b4 | ITER: 20 END: OK
2019-06-16 21:40:48.058 26997 INFO rally.task.runner [-] Task 6e8b373d-e376-47d4-abb8-1410bc8878b4 | ITER: 34 START
2019-06-16 21:40:48.059 26997 WARNING rally_openstack.scenarios.neutron.utils [-] Running this scenario without either the 'network' or 'existing_network' context is deprecated
2019-06-16 21:40:48.574 26978 INFO rally.task.runner [-] Task 6e8b373d-e376-47d4-abb8-1410bc8878b4 | ITER: 13 END: OK
2019-06-16 21:40:48.578 26978 INFO rally.task.runner [-] Task 6e8b373d-e376-47d4-abb8-1410bc8878b4 | ITER: 35 START
2019-06-16 21:40:48.579 26978 WARNING rally_openstack.scenarios.neutron.utils [-] Running this scenario without either the 'network' or 'existing_network' context is deprecated
2019-06-16 21:40:48.824 26987 INFO rally.task.runner [-] Task 6e8b373d-e376-47d4-abb8-1410bc8878b4 | ITER: 15 END: OK
2019-06-16 21:40:48.828 26987 INFO rally.task.runner [-] Task 6e8b373d-e376-47d4-abb8-1410bc8878b4 | ITER: 36 START
2019-06-16 21:40:48.829 26987 WARNING rally_openstack.scenarios.neutron.utils [-] Running this scenario without either the 'network' or 'existing_network' context is deprecated
2019-06-16 21:40:48.954 26957 INFO rally.task.runner [-] Task 6e8b373d-e376-47d4-abb8-1410bc8878b4 | ITER: 7 END: OK
2019-06-16 21:40:48.958 26957 INFO rally.task.runner [-] Task 6e8b373d-e376-47d4-abb8-1410bc8878b4 | ITER: 37 START
2019-06-16 21:40:48.959 26957 WARNING rally_openstack.scenarios.neutron.utils [-] Running this scenario without either the 'network' or 'existing_network' context is deprecated
2019-06-16 21:40:49.248 26981 INFO rally.task.runner [-] Task 6e8b373d-e376-47d4-abb8-1410bc8878b4 | ITER: 16 END: OK
2019-06-16 21:40:49.252 26981 INFO rally.task.runner [-] Task 6e8b373d-e376-47d4-abb8-1410bc8878b4 | ITER: 38 START
2019-06-16 21:40:49.253 26981 WARNING rally_openstack.scenarios.neutron.utils [-] Running this scenario without either the 'network' or 'existing_network' context is deprecated
2019-06-16 21:40:49.611 26952 INFO rally.task.runner [-] Task 6e8b373d-e376-47d4-abb8-1410bc8878b4 | ITER: 2 END: OK
2019-06-16 21:40:49.614 26952 INFO rally.task.runner [-] Task 6e8b373d-e376-47d4-abb8-1410bc8878b4 | ITER: 39 START
