2019-06-16 21:19:36.054 22697 RALLYDEBUG rally.api [-] INFO logs from urllib3 and requests module are hide.
2019-06-16 21:19:36.054 22697 RALLYDEBUG rally.api [-] urllib3 insecure warnings are hidden.
2019-06-16 21:19:36.055 22697 RALLYDEBUG rally.api [-] ERROR log from boto module is hide.
2019-06-16 21:19:38.371 22699 RALLYDEBUG rally.api [-] INFO logs from urllib3 and requests module are hide.
2019-06-16 21:19:38.371 22699 RALLYDEBUG rally.api [-] urllib3 insecure warnings are hidden.
2019-06-16 21:19:38.371 22699 RALLYDEBUG rally.api [-] ERROR log from boto module is hide.
2019-06-16 21:19:39.685 22699 WARNING rally_openstack.platforms.existing [-] endpoint is deprecated and not used.
2019-06-16 21:19:40.640 22701 RALLYDEBUG rally.api [-] INFO logs from urllib3 and requests module are hide.
2019-06-16 21:19:40.640 22701 RALLYDEBUG rally.api [-] urllib3 insecure warnings are hidden.
2019-06-16 21:19:40.640 22701 RALLYDEBUG rally.api [-] ERROR log from boto module is hide.
2019-06-16 21:19:43.853 22704 RALLYDEBUG rally.api [-] INFO logs from urllib3 and requests module are hide.
2019-06-16 21:19:43.853 22704 RALLYDEBUG rally.api [-] urllib3 insecure warnings are hidden.
2019-06-16 21:19:43.853 22704 RALLYDEBUG rally.api [-] ERROR log from boto module is hide.
2019-06-16 21:19:45.825 22706 RALLYDEBUG rally.api [-] INFO logs from urllib3 and requests module are hide.
2019-06-16 21:19:45.825 22706 RALLYDEBUG rally.api [-] urllib3 insecure warnings are hidden.
2019-06-16 21:19:45.826 22706 RALLYDEBUG rally.api [-] ERROR log from boto module is hide.
2019-06-16 21:19:47.016 22706 INFO rally.common.plugin.discover [-] Loading plugins from directories /root/.rally/plugins/*
2019-06-16 21:19:47.016 22706 INFO rally.common.plugin.discover [-] Loaded module with plugins: /root/.rally/plugins/__init__.py
2019-06-16 21:19:47.018 22706 INFO rally.common.plugin.discover [-] Loaded module with plugins: /root/.rally/plugins/trunk_scenario.py
2019-06-16 21:19:47.173 22706 INFO rally.task.engine [-] Task 6e8b373d-e376-47d4-abb8-1410bc8878b4 | Starting: Task validation.
2019-06-16 21:19:47.205 22706 INFO rally.task.engine [-] Task 6e8b373d-e376-47d4-abb8-1410bc8878b4 | Starting: Task validation of syntax.
2019-06-16 21:19:47.360 22706 INFO rally.task.engine [-] Task 6e8b373d-e376-47d4-abb8-1410bc8878b4 | Completed: Task validation of syntax.
2019-06-16 21:19:47.362 22706 INFO rally.task.engine [-] Task 6e8b373d-e376-47d4-abb8-1410bc8878b4 | Starting: Task validation of required platforms.
2019-06-16 21:19:47.424 22706 INFO rally.task.engine [-] Task 6e8b373d-e376-47d4-abb8-1410bc8878b4 | Completed: Task validation of required platforms.
2019-06-16 21:19:47.424 22706 INFO rally.task.engine [-] Task 6e8b373d-e376-47d4-abb8-1410bc8878b4 | Starting: Task validation of semantic.
2019-06-16 21:19:47.424 22706 INFO rally.task.engine [-] Check health of the environment '4f468c99-3bd3-4144-9a52-112a0280a72c'.
2019-06-16 21:19:48.252 22706 INFO rally.task.engine [-] Platform existing@openstack (available: True): OK!
2019-06-16 21:19:48.270 22706 RALLYDEBUG rally_openstack.contexts.keystone.users [-] Creating 1 tenants using 20 threads
2019-06-16 21:19:50.146 22706 RALLYDEBUG rally_openstack.contexts.keystone.users [-] Creating 1 users using 20 threads
2019-06-16 21:19:52.744 22706 INFO rally.task.context [-] Task 6e8b373d-e376-47d4-abb8-1410bc8878b4 | Context users@openstack setup() finished in 4.47 sec
2019-06-16 21:19:59.089 22706 INFO rally.task.context [-] Task 6e8b373d-e376-47d4-abb8-1410bc8878b4 | Context users@openstack cleanup() started
2019-06-16 21:20:04.382 22706 INFO rally.task.context [-] Task 6e8b373d-e376-47d4-abb8-1410bc8878b4 | Context users@openstack cleanup() finished in 5.29 sec
2019-06-16 21:20:04.383 22706 INFO rally.task.engine [-] Task 6e8b373d-e376-47d4-abb8-1410bc8878b4 | Completed: Task validation of semantic.
2019-06-16 21:20:04.383 22706 INFO rally.task.engine [-] Task 6e8b373d-e376-47d4-abb8-1410bc8878b4 | Completed: Task validation.
2019-06-16 21:20:04.383 22706 INFO rally.api [-] Task 6e8b373d-e376-47d4-abb8-1410bc8878b4 input file is valid.
2019-06-16 21:20:04.384 22706 INFO rally.api [-] Run Task 6e8b373d-e376-47d4-abb8-1410bc8878b4 against Deployment 4f468c99-3bd3-4144-9a52-112a0280a72c
2019-06-16 21:20:04.384 22706 INFO rally.task.engine [-] Task 6e8b373d-e376-47d4-abb8-1410bc8878b4 | Starting: Running task.
2019-06-16 21:20:04.529 22706 INFO rally.task.engine [-] Running workload: position = 0 config = { "version": 2, "title": "A cropped version of a bigger task.", "description": "Auto-generated task from a single workload (uuid=cad3a8af-62fd-461a-ac5e-ec46fbc1051c)", "subtasks": [ { "title": "NeutronNetworks.create_and_list_networks", "description": "Check performance of list_networks action and ensure > network quotas are not exceeded", "scenario": { "NeutronNetworks.create_and_list_networks": {} }, "contexts": { "users": { "tenants": 1, "users_per_tenant": 1 }, "quotas": { "neutron": { "network": 119 } } }, "runner": { "constant": { "times": 100, "concurrency": 20 } }, "hooks": [], "sla": { "max_avg_duration_per_atomic": { "neutron.list_networks": 15 }, "failure_rate": { "max": 0 } } } ] }
2019-06-16 21:20:04.551 22706 RALLYDEBUG rally_openstack.contexts.keystone.users [-] Creating 1 tenants using 20 threads
2019-06-16 21:20:06.433 22706 RALLYDEBUG rally_openstack.contexts.keystone.users [-] Creating 1 users using 20 threads
2019-06-16 21:20:09.303 22706 INFO rally.task.context [-] Task 6e8b373d-e376-47d4-abb8-1410bc8878b4 | Context users@openstack setup() finished in 4.75 sec
2019-06-16 21:20:10.094 22706 INFO rally.task.context [-] Task 6e8b373d-e376-47d4-abb8-1410bc8878b4 | Context quotas@openstack setup() finished in 0.79 sec
2019-06-16 21:20:10.095 22706 INFO rally.task.context [-] Task 6e8b373d-e376-47d4-abb8-1410bc8878b4 | Context cleanup@openstack setup() finished in 0.03 msec
2019-06-16 21:20:10.102 22706 RALLYDEBUG rally.task.runner [-] Starting the constant runner (task UUID: 6e8b373d-e376-47d4-abb8-1410bc8878b4). timeout: 0 concurrency: 20 concurrency_per_worker: 1 times: 100 concurrency_overhead: 4 processes_to_start: 16 max_cpu_used: 16
2019-06-16 21:20:10.116 22831 RALLYDEBUG rally.task.runner [-] Starting a worker. concurrency: 2 args: {} times: 100 method_name: run timeout: 0 duration: None cls:
2019-06-16 21:20:10.115 22830 RALLYDEBUG rally.task.runner [-] Starting a worker. concurrency: 2 args: {} times: 100 method_name: run timeout: 0 duration: None cls:
2019-06-16 21:20:10.120 22832 RALLYDEBUG rally.task.runner [-] Starting a worker. concurrency: 2 args: {} times: 100 method_name: run timeout: 0 duration: None cls:
2019-06-16 21:20:10.122 22831 INFO rally.task.runner [-] Task 6e8b373d-e376-47d4-abb8-1410bc8878b4 | ITER: 1 START
2019-06-16 21:20:10.123 22833 RALLYDEBUG rally.task.runner [-] Starting a worker. concurrency: 2 args: {} times: 100 method_name: run timeout: 0 duration: None cls:
2019-06-16 21:20:10.120 22830 INFO rally.task.runner [-] Task 6e8b373d-e376-47d4-abb8-1410bc8878b4 | ITER: 2 START
2019-06-16 21:20:10.124 22838 RALLYDEBUG rally.task.runner [-] Starting a worker. concurrency: 1 args: {} times: 100 method_name: run timeout: 0 duration: None cls:
2019-06-16 21:20:10.122 22831 INFO rally.task.runner [-] Task 6e8b373d-e376-47d4-abb8-1410bc8878b4 | ITER: 3 START
2019-06-16 21:20:10.128 22840 RALLYDEBUG rally.task.runner [-] Starting a worker. concurrency: 1 args: {} times: 100 method_name: run timeout: 0 duration: None cls:
2019-06-16 21:20:10.128 22838 INFO rally.task.runner [-] Task 6e8b373d-e376-47d4-abb8-1410bc8878b4 | ITER: 8 START
2019-06-16 21:20:10.128 22832 INFO rally.task.runner [-] Task 6e8b373d-e376-47d4-abb8-1410bc8878b4 | ITER: 5 START
2019-06-16 21:20:10.132 22830 INFO rally.task.runner [-] Task 6e8b373d-e376-47d4-abb8-1410bc8878b4 | ITER: 4 START
2019-06-16 21:20:10.133 22846 RALLYDEBUG rally.task.runner [-] Starting a worker. concurrency: 1 args: {} times: 100 method_name: run timeout: 0 duration: None cls:
2019-06-16 21:20:10.133 22833 INFO rally.task.runner [-] Task 6e8b373d-e376-47d4-abb8-1410bc8878b4 | ITER: 9 START
2019-06-16 21:20:10.134 22849 RALLYDEBUG rally.task.runner [-] Starting a worker. concurrency: 1 args: {} times: 100 method_name: run timeout: 0 duration: None cls:
2019-06-16 21:20:10.133 22833 INFO rally.task.runner [-] Task 6e8b373d-e376-47d4-abb8-1410bc8878b4 | ITER: 6 START
2019-06-16 21:20:10.133 22840 INFO rally.task.runner [-] Task 6e8b373d-e376-47d4-abb8-1410bc8878b4 | ITER: 10 START
2019-06-16 21:20:10.138 22849 INFO rally.task.runner [-] Task 6e8b373d-e376-47d4-abb8-1410bc8878b4 | ITER: 12 START
2019-06-16 21:20:10.138 22846 INFO rally.task.runner [-] Task 6e8b373d-e376-47d4-abb8-1410bc8878b4 | ITER: 11 START
2019-06-16 21:20:10.139 22854 RALLYDEBUG rally.task.runner [-] Starting a worker. concurrency: 1 args: {} times: 100 method_name: run timeout: 0 duration: None cls:
2019-06-16 21:20:10.141 22832 INFO rally.task.runner [-] Task 6e8b373d-e376-47d4-abb8-1410bc8878b4 | ITER: 7 START
2019-06-16 21:20:10.145 22854 INFO rally.task.runner [-] Task 6e8b373d-e376-47d4-abb8-1410bc8878b4 | ITER: 13 START
2019-06-16 21:20:10.149 22859 RALLYDEBUG rally.task.runner [-] Starting a worker. concurrency: 1 args: {} times: 100 method_name: run timeout: 0 duration: None cls:
2019-06-16 21:20:10.157 22859 INFO rally.task.runner [-] Task 6e8b373d-e376-47d4-abb8-1410bc8878b4 | ITER: 14 START
2019-06-16 21:20:10.157 22862 RALLYDEBUG rally.task.runner [-] Starting a worker. concurrency: 1 args: {} times: 100 method_name: run timeout: 0 duration: None cls:
2019-06-16 21:20:10.161 22865 RALLYDEBUG rally.task.runner [-] Starting a worker. concurrency: 1 args: {} times: 100 method_name: run timeout: 0 duration: None cls:
2019-06-16 21:20:10.162 22862 INFO rally.task.runner [-] Task 6e8b373d-e376-47d4-abb8-1410bc8878b4 | ITER: 15 START
2019-06-16 21:20:10.165 22865 INFO rally.task.runner [-] Task 6e8b373d-e376-47d4-abb8-1410bc8878b4 | ITER: 16 START
2019-06-16 21:20:10.167 22868 RALLYDEBUG rally.task.runner [-] Starting a worker. concurrency: 1 args: {} times: 100 method_name: run timeout: 0 duration: None cls:
2019-06-16 21:20:10.170 22871 RALLYDEBUG rally.task.runner [-] Starting a worker. concurrency: 1 args: {} times: 100 method_name: run timeout: 0 duration: None cls:
2019-06-16 21:20:10.171 22872 RALLYDEBUG rally.task.runner [-] Starting a worker. concurrency: 1 args: {} times: 100 method_name: run timeout: 0 duration: None cls:
2019-06-16 21:20:10.174 22868 INFO rally.task.runner [-] Task 6e8b373d-e376-47d4-abb8-1410bc8878b4 | ITER: 17 START
2019-06-16 21:20:10.175 22872 INFO rally.task.runner [-] Task 6e8b373d-e376-47d4-abb8-1410bc8878b4 | ITER: 19 START
2019-06-16 21:20:10.175 22873 RALLYDEBUG rally.task.runner [-] Starting a worker. concurrency: 1 args: {} times: 100 method_name: run timeout: 0 duration: None cls:
2019-06-16 21:20:10.176 22871 INFO rally.task.runner [-] Task 6e8b373d-e376-47d4-abb8-1410bc8878b4 | ITER: 18 START
2019-06-16 21:20:10.180 22873 INFO rally.task.runner [-] Task 6e8b373d-e376-47d4-abb8-1410bc8878b4 | ITER: 20 START
2019-06-16 21:20:12.481 22831 INFO rally.task.runner [-] Task 6e8b373d-e376-47d4-abb8-1410bc8878b4 | ITER: 1 END: OK
2019-06-16 21:20:12.485 22831 INFO rally.task.runner [-] Task 6e8b373d-e376-47d4-abb8-1410bc8878b4 | ITER: 21 START
2019-06-16 21:20:12.523 22859 INFO rally.task.runner [-] Task 6e8b373d-e376-47d4-abb8-1410bc8878b4 | ITER: 14 END: OK
2019-06-16 21:20:12.526 22868 INFO rally.task.runner [-] Task 6e8b373d-e376-47d4-abb8-1410bc8878b4 | ITER: 17 END: OK
2019-06-16 21:20:12.527 22831 INFO rally.task.runner [-] Task 6e8b373d-e376-47d4-abb8-1410bc8878b4 | ITER: 3 END: OK
2019-06-16 21:20:12.528 22859 INFO rally.task.runner [-] Task 6e8b373d-e376-47d4-abb8-1410bc8878b4 | ITER: 22 START
2019-06-16 21:20:12.530 22868 INFO rally.task.runner [-] Task 6e8b373d-e376-47d4-abb8-1410bc8878b4 | ITER: 23 START
2019-06-16 21:20:12.531 22831 INFO rally.task.runner [-] Task 6e8b373d-e376-47d4-abb8-1410bc8878b4 | ITER: 24 START
2019-06-16 21:20:12.549 22854 INFO rally.task.runner [-] Task 6e8b373d-e376-47d4-abb8-1410bc8878b4 | ITER: 13 END: OK
2019-06-16 21:20:12.552 22854 INFO rally.task.runner [-] Task 6e8b373d-e376-47d4-abb8-1410bc8878b4 | ITER: 25 START
2019-06-16 21:20:12.575 22849 INFO rally.task.runner [-] Task 6e8b373d-e376-47d4-abb8-1410bc8878b4 | ITER: 12 END: OK
2019-06-16 21:20:12.578 22849 INFO rally.task.runner [-] Task 6e8b373d-e376-47d4-abb8-1410bc8878b4 | ITER: 26 START
2019-06-16 21:20:12.592 22865 INFO rally.task.runner [-] Task 6e8b373d-e376-47d4-abb8-1410bc8878b4 | ITER: 16 END: OK
2019-06-16 21:20:12.594 22865 INFO rally.task.runner [-] Task 6e8b373d-e376-47d4-abb8-1410bc8878b4 | ITER: 27 START
2019-06-16 21:20:12.629 22871 INFO rally.task.runner [-] Task 6e8b373d-e376-47d4-abb8-1410bc8878b4 | ITER: 18 END: OK
2019-06-16 21:20:12.631 22871 INFO rally.task.runner [-] Task 6e8b373d-e376-47d4-abb8-1410bc8878b4 | ITER: 28 START
2019-06-16 21:20:12.696 22862 INFO rally.task.runner [-] Task 6e8b373d-e376-47d4-abb8-1410bc8878b4 | ITER: 15 END: OK
2019-06-16 21:20:12.699 22862 INFO rally.task.runner [-] Task 6e8b373d-e376-47d4-abb8-1410bc8878b4 | ITER: 29 START
2019-06-16 21:20:12.745 22832 INFO rally.task.runner [-] Task 6e8b373d-e376-47d4-abb8-1410bc8878b4 | ITER: 7 END: OK
2019-06-16 21:20:12.748 22832 INFO rally.task.runner [-] Task 6e8b373d-e376-47d4-abb8-1410bc8878b4 | ITER: 30 START
2019-06-16 21:20:12.753 22838 INFO rally.task.runner [-] Task 6e8b373d-e376-47d4-abb8-1410bc8878b4 | ITER: 8 END: OK
2019-06-16 21:20:12.757 22838 INFO rally.task.runner [-] Task 6e8b373d-e376-47d4-abb8-1410bc8878b4 | ITER: 31 START
2019-06-16 21:20:12.889 22833 INFO rally.task.runner [-] Task 6e8b373d-e376-47d4-abb8-1410bc8878b4 | ITER: 6 END: OK
2019-06-16 21:20:12.894 22833 INFO rally.task.runner [-] Task 6e8b373d-e376-47d4-abb8-1410bc8878b4 | ITER: 32 START
2019-06-16 21:20:12.898 22832 INFO rally.task.runner [-] Task 6e8b373d-e376-47d4-abb8-1410bc8878b4 | ITER: 5 END: OK
2019-06-16 21:20:12.901 22832 INFO rally.task.runner [-] Task 6e8b373d-e376-47d4-abb8-1410bc8878b4 | ITER: 33 START
2019-06-16 21:20:12.907 22840 INFO rally.task.runner [-] Task 6e8b373d-e376-47d4-abb8-1410bc8878b4 | ITER: 10 END: OK
2019-06-16 21:20:12.912 22840 INFO rally.task.runner [-] Task 6e8b373d-e376-47d4-abb8-1410bc8878b4 | ITER: 34 START
2019-06-16 21:20:12.935 22833 INFO rally.task.runner [-] Task 6e8b373d-e376-47d4-abb8-1410bc8878b4 | ITER: 9 END: OK
2019-06-16 21:20:12.938 22833 INFO rally.task.runner [-] Task 6e8b373d-e376-47d4-abb8-1410bc8878b4 | ITER: 35 START
2019-06-16 21:20:12.974 22873 INFO rally.task.runner [-] Task 6e8b373d-e376-47d4-abb8-1410bc8878b4 | ITER: 20 END: OK
2019-06-16 21:20:12.977 22873 INFO rally.task.runner [-] Task 6e8b373d-e376-47d4-abb8-1410bc8878b4 | ITER: 36 START
2019-06-16 21:20:12.987 22830 INFO rally.task.runner [-] Task 6e8b373d-e376-47d4-abb8-1410bc8878b4 | ITER: 4 END: OK
2019-06-16 21:20:12.990 22830 INFO rally.task.runner [-] Task 6e8b373d-e376-47d4-abb8-1410bc8878b4 | ITER: 37 START
2019-06-16 21:20:13.009 22830 INFO rally.task.runner [-] Task 6e8b373d-e376-47d4-abb8-1410bc8878b4 | ITER: 2 END: OK
2019-06-16 21:20:13.012 22830 INFO rally.task.runner [-] Task 6e8b373d-e376-47d4-abb8-1410bc8878b4 | ITER: 38 START
2019-06-16 21:20:13.078 22872 INFO rally.task.runner [-] Task 6e8b373d-e376-47d4-abb8-1410bc8878b4 | ITER: 19 END: OK
2019-06-16 21:20:13.081 22872 INFO rally.task.runner [-] Task 6e8b373d-e376-47d4-abb8-1410bc8878b4 | ITER: 39 START
2019-06-16 21:20:13.139 22846 INFO rally.task.runner [-] Task 6e8b373d-e376-47d4-abb8-1410bc8878b4 | ITER: 11 END: OK
2019-06-16 21:20:13.143 22846 INFO rally.task.runner [-] Task 6e8b373d-e376-47d4-abb8-1410bc8878b4 | ITER: 40 START
2019-06-16 21:20:14.329 22838 INFO rally.task.runner [-] Task 6e8b373d-e376-47d4-abb8-1410bc8878b4 | ITER: 31 END: OK
2019-06-16 21:20:14.333 22838 INFO rally.task.runner [-] Task 6e8b373d-e376-47d4-abb8-1410bc8878b4 | ITER: 41 START
2019-06-16 21:20:14.461 22849 INFO rally.task.runner [-] Task 6e8b373d-e376-47d4-abb8-1410bc8878b4 | ITER: 26 END: OK
2019-06-16 21:20:14.464 22849 INFO rally.task.runner [-] Task 6e8b373d-e376-47d4-abb8-1410bc8878b4 | ITER: 42 START
2019-06-16 21:20:14.657 22854 INFO rally.task.runner [-] Task 6e8b373d-e376-47d4-abb8-1410bc8878b4 | ITER: 25 END: OK
2019-06-16 21:20:14.658 22833 INFO rally.task.runner [-] Task 6e8b373d-e376-47d4-abb8-1410bc8878b4 | ITER: 32 END: OK
2019-06-16 21:20:14.660 22854 INFO rally.task.runner [-] Task 6e8b373d-e376-47d4-abb8-1410bc8878b4 | ITER: 43 START
2019-06-16 21:20:14.661 22833 INFO rally.task.runner [-] Task 6e8b373d-e376-47d4-abb8-1410bc8878b4 | ITER: 44 START
2019-06-16 21:20:14.727 22831 INFO rally.task.runner [-] Task 6e8b373d-e376-47d4-abb8-1410bc8878b4 | ITER: 21 END: OK
2019-06-16 21:20:14.730 22831 INFO rally.task.runner [-] Task 6e8b373d-e376-47d4-abb8-1410bc8878b4 | ITER: 45 START
2019-06-16 21:20:14.735 22832 INFO rally.task.runner [-] Task 6e8b373d-e376-47d4-abb8-1410bc8878b4 | ITER: 33 END: OK
2019-06-16 21:20:14.738 22832 INFO rally.task.runner [-] Task 6e8b373d-e376-47d4-abb8-1410bc8878b4 | ITER: 46 START
2019-06-16 21:20:14.748 22830 INFO rally.task.runner [-] Task 6e8b373d-e376-47d4-abb8-1410bc8878b4 | ITER: 37 END: OK
2019-06-16 21:20:14.750 22868 INFO rally.task.runner [-] Task 6e8b373d-e376-47d4-abb8-1410bc8878b4 | ITER: 23 END: OK
2019-06-16 21:20:14.751 22830 INFO rally.task.runner [-] Task 6e8b373d-e376-47d4-abb8-1410bc8878b4 | ITER: 47 START
2019-06-16 21:20:14.753 22868 INFO rally.task.runner [-] Task 6e8b373d-e376-47d4-abb8-1410bc8878b4 | ITER: 48 START
2019-06-16 21:20:14.769 22865 INFO rally.task.runner [-] Task 6e8b373d-e376-47d4-abb8-1410bc8878b4 | ITER: 27 END: OK
2019-06-16 21:20:14.771 22865 INFO rally.task.runner [-] Task 6e8b373d-e376-47d4-abb8-1410bc8878b4 | ITER: 49 START
2019-06-16 21:20:14.801 22832 INFO rally.task.runner [-] Task 6e8b373d-e376-47d4-abb8-1410bc8878b4 | ITER: 30 END: OK
2019-06-16 21:20:14.804 22832 INFO rally.task.runner [-] Task 6e8b373d-e376-47d4-abb8-1410bc8878b4 | ITER: 50 START
2019-06-16 21:20:14.812 22859 INFO rally.task.runner [-] Task 6e8b373d-e376-47d4-abb8-1410bc8878b4 | ITER: 22 END: OK
2019-06-16 21:20:14.815 22859 INFO rally.task.runner [-] Task 6e8b373d-e376-47d4-abb8-1410bc8878b4 | ITER: 51 START
2019-06-16 21:20:14.883 22840 INFO rally.task.runner [-] Task 6e8b373d-e376-47d4-abb8-1410bc8878b4 | ITER: 34 END: OK
2019-06-16 21:20:14.883 22833 INFO rally.task.runner [-] Task 6e8b373d-e376-47d4-abb8-1410bc8878b4 | ITER: 35 END: OK
2019-06-16 21:20:14.884 22872 INFO rally.task.runner [-] Task 6e8b373d-e376-47d4-abb8-1410bc8878b4 | ITER: 39 END: OK
2019-06-16 21:20:14.886 22840 INFO rally.task.runner [-] Task 6e8b373d-e376-47d4-abb8-1410bc8878b4 | ITER: 52 START
2019-06-16 21:20:14.887 22833 INFO rally.task.runner [-] Task 6e8b373d-e376-47d4-abb8-1410bc8878b4 | ITER: 53 START
2019-06-16 21:20:14.887 22872 INFO rally.task.runner [-] Task 6e8b373d-e376-47d4-abb8-1410bc8878b4 | ITER: 54 START
2019-06-16 21:20:14.997 22862 INFO rally.task.runner [-] Task 6e8b373d-e376-47d4-abb8-1410bc8878b4 | ITER: 29 END: OK
2019-06-16 21:20:15.000 22862 INFO rally.task.runner [-] Task 6e8b373d-e376-47d4-abb8-1410bc8878b4 | ITER: 55 START
2019-06-16 21:20:15.132 22830 INFO rally.task.runner [-] Task 6e8b373d-e376-47d4-abb8-1410bc8878b4 | ITER: 38 END: OK
2019-06-16 21:20:15.135 22830 INFO rally.task.runner [-] Task 6e8b373d-e376-47d4-abb8-1410bc8878b4 | ITER: 56 START
2019-06-16 21:20:15.183 22871 INFO rally.task.runner [-] Task 6e8b373d-e376-47d4-abb8-1410bc8878b4 | ITER: 28 END: OK
2019-06-16 21:20:15.186 22871 INFO rally.task.runner [-] Task 6e8b373d-e376-47d4-abb8-1410bc8878b4 | ITER: 57 START
2019-06-16 21:20:15.246 22831 INFO rally.task.runner [-] Task 6e8b373d-e376-47d4-abb8-1410bc8878b4 | ITER: 24 END: OK
2019-06-16 21:20:15.249 22831 INFO rally.task.runner [-] Task 6e8b373d-e376-47d4-abb8-1410bc8878b4 | ITER: 58 START
2019-06-16 21:20:15.362 22846 INFO rally.task.runner [-] Task 6e8b373d-e376-47d4-abb8-1410bc8878b4 | ITER: 40 END: OK
2019-06-16 21:20:15.366 22846 INFO rally.task.runner [-] Task 6e8b373d-e376-47d4-abb8-1410bc8878b4 | ITER: 59 START
2019-06-16 21:20:16.372 22854 INFO rally.task.runner [-] Task 6e8b373d-e376-47d4-abb8-1410bc8878b4 | ITER: 43 END: OK
2019-06-16 21:20:16.376 22854 INFO rally.task.runner [-] Task 6e8b373d-e376-47d4-abb8-1410bc8878b4 | ITER: 60 START
2019-06-16 21:20:16.432 22832 INFO rally.task.runner [-] Task 6e8b373d-e376-47d4-abb8-1410bc8878b4 | ITER: 46 END: OK
2019-06-16 21:20:16.435 22832 INFO rally.task.runner [-] Task 6e8b373d-e376-47d4-abb8-1410bc8878b4 | ITER: 61 START
2019-06-16 21:20:16.442 22833 INFO rally.task.runner [-] Task 6e8b373d-e376-47d4-abb8-1410bc8878b4 | ITER: 44 END: OK
2019-06-16 21:20:16.445 22833 INFO rally.task.runner [-] Task 6e8b373d-e376-47d4-abb8-1410bc8878b4 | ITER: 62 START
2019-06-16 21:20:16.470 22873 INFO rally.task.runner [-] Task 6e8b373d-e376-47d4-abb8-1410bc8878b4 | ITER: 36 END: OK
2019-06-16 21:20:16.473 22873 INFO rally.task.runner [-] Task 6e8b373d-e376-47d4-abb8-1410bc8878b4 | ITER: 63 START
2019-06-16 21:20:16.496 22830 INFO rally.task.runner [-] Task 6e8b373d-e376-47d4-abb8-1410bc8878b4 | ITER: 47 END: OK
2019-06-16 21:20:16.499 22830 INFO rally.task.runner [-] Task 6e8b373d-e376-47d4-abb8-1410bc8878b4 | ITER: 64 START
2019-06-16 21:20:16.748 22832 INFO rally.task.runner [-] Task 6e8b373d-e376-47d4-abb8-1410bc8878b4 | ITER: 50 END: OK
2019-06-16 21:20:16.751 22832 INFO rally.task.runner [-] Task 6e8b373d-e376-47d4-abb8-1410bc8878b4 | ITER: 65 START
2019-06-16 21:20:16.764 22838 INFO rally.task.runner [-] Task 6e8b373d-e376-47d4-abb8-1410bc8878b4 | ITER: 41 END: OK
2019-06-16 21:20:16.767 22838 INFO rally.task.runner [-] Task 6e8b373d-e376-47d4-abb8-1410bc8878b4 | ITER: 66 START
2019-06-16 21:20:16.794 22849 INFO rally.task.runner [-] Task 6e8b373d-e376-47d4-abb8-1410bc8878b4 | ITER: 42 END: OK
2019-06-16 21:20:16.797 22849 INFO rally.task.runner [-] Task 6e8b373d-e376-47d4-abb8-1410bc8878b4 | ITER: 67 START
2019-06-16 21:20:16.812 22831 INFO rally.task.runner [-] Task 6e8b373d-e376-47d4-abb8-1410bc8878b4 | ITER: 45 END: OK
2019-06-16 21:20:16.816 22831 INFO rally.task.runner [-] Task 6e8b373d-e376-47d4-abb8-1410bc8878b4 | ITER: 68 START
2019-06-16 21:20:16.824 22865 INFO rally.task.runner [-] Task 6e8b373d-e376-47d4-abb8-1410bc8878b4 | ITER: 49 END: OK
2019-06-16 21:20:16.827 22865 INFO rally.task.runner [-] Task 6e8b373d-e376-47d4-abb8-1410bc8878b4 | ITER: 69 START
2019-06-16 21:20:16.879 22872 INFO rally.task.runner [-] Task 6e8b373d-e376-47d4-abb8-1410bc8878b4 | ITER: 54 END: OK
2019-06-16 21:20:16.882 22872 INFO rally.task.runner [-] Task 6e8b373d-e376-47d4-abb8-1410bc8878b4 | ITER: 70 START
2019-06-16 21:20:16.931 22833 INFO rally.task.runner [-] Task 6e8b373d-e376-47d4-abb8-1410bc8878b4 | ITER: 53 END: OK
2019-06-16 21:20:16.934 22833 INFO rally.task.runner [-] Task 6e8b373d-e376-47d4-abb8-1410bc8878b4 | ITER: 71 START
2019-06-16 21:20:16.972 22868 INFO rally.task.runner [-] Task 6e8b373d-e376-47d4-abb8-1410bc8878b4 | ITER: 48 END: OK
2019-06-16 21:20:16.975 22868 INFO rally.task.runner [-] Task 6e8b373d-e376-47d4-abb8-1410bc8878b4 | ITER: 72 START
2019-06-16 21:20:17.238 22859 INFO rally.task.runner [-] Task 6e8b373d-e376-47d4-abb8-1410bc8878b4 | ITER: 51 END: OK
2019-06-16 21:20:17.241 22859 INFO rally.task.runner [-] Task 6e8b373d-e376-47d4-abb8-1410bc8878b4 | ITER: 73 START
2019-06-16 21:20:17.254 22830 INFO rally.task.runner [-] Task 6e8b373d-e376-47d4-abb8-1410bc8878b4 | ITER: 56 END: OK
2019-06-16 21:20:17.257 22830 INFO rally.task.runner [-] Task 6e8b373d-e376-47d4-abb8-1410bc8878b4 | ITER: 74 START
2019-06-16 21:20:17.499 22840 INFO rally.task.runner [-] Task 6e8b373d-e376-47d4-abb8-1410bc8878b4 | ITER: 52 END: OK
2019-06-16 21:20:17.502 22840 INFO rally.task.runner [-] Task 6e8b373d-e376-47d4-abb8-1410bc8878b4 | ITER: 75 START
2019-06-16 21:20:17.566 22871 INFO rally.task.runner [-] Task 6e8b373d-e376-47d4-abb8-1410bc8878b4 | ITER: 57 END: OK
2019-06-16 21:20:17.569 22871 INFO rally.task.runner [-] Task 6e8b373d-e376-47d4-abb8-1410bc8878b4 | ITER: 76 START
2019-06-16 21:20:17.614 22846 INFO rally.task.runner [-] Task 6e8b373d-e376-47d4-abb8-1410bc8878b4 | ITER: 59 END: OK
2019-06-16 21:20:17.615 22862 INFO rally.task.runner [-] Task 6e8b373d-e376-47d4-abb8-1410bc8878b4 | ITER: 55 END: OK
2019-06-16 21:20:17.617 22846 INFO rally.task.runner [-] Task 6e8b373d-e376-47d4-abb8-1410bc8878b4 | ITER: 77 START
2019-06-16 21:20:17.619 22862 INFO rally.task.runner [-] Task 6e8b373d-e376-47d4-abb8-1410bc8878b4 | ITER: 78 START
2019-06-16 21:20:17.719 22831 INFO rally.task.runner [-] Task 6e8b373d-e376-47d4-abb8-1410bc8878b4 | ITER: 58 END: OK
2019-06-16 21:20:17.722 22831 INFO rally.task.runner [-] Task 6e8b373d-e376-47d4-abb8-1410bc8878b4 | ITER: 79 START
2019-06-16 21:20:18.005 22832 INFO rally.task.runner [-] Task 6e8b373d-e376-47d4-abb8-1410bc8878b4 | ITER: 61 END: OK
2019-06-16 21:20:18.007 22832 INFO rally.task.runner [-] Task 6e8b373d-e376-47d4-abb8-1410bc8878b4 | ITER: 80 START
2019-06-16 21:20:18.356 22854 INFO rally.task.runner [-] Task 6e8b373d-e376-47d4-abb8-1410bc8878b4 | ITER: 60 END: OK
2019-06-16 21:20:18.359 22854 INFO rally.task.runner [-] Task 6e8b373d-e376-47d4-abb8-1410bc8878b4 | ITER: 81 START
2019-06-16 21:20:18.442 22873 INFO rally.task.runner [-] Task 6e8b373d-e376-47d4-abb8-1410bc8878b4 | ITER: 63 END: OK
2019-06-16 21:20:18.446 22873 INFO rally.task.runner [-] Task 6e8b373d-e376-47d4-abb8-1410bc8878b4 | ITER: 82 START
2019-06-16 21:20:18.468 22833 INFO rally.task.runner [-] Task 6e8b373d-e376-47d4-abb8-1410bc8878b4 | ITER: 62 END: OK
2019-06-16 21:20:18.471 22833 INFO rally.task.runner [-] Task 6e8b373d-e376-47d4-abb8-1410bc8878b4 | ITER: 83 START
2019-06-16 21:20:18.888 22838 INFO rally.task.runner [-] Task 6e8b373d-e376-47d4-abb8-1410bc8878b4 | ITER: 66 END: OK
2019-06-16 21:20:18.892 22838 INFO rally.task.runner [-] Task 6e8b373d-e376-47d4-abb8-1410bc8878b4 | ITER: 84 START
2019-06-16 21:20:19.257 22832 INFO rally.task.runner [-] Task 6e8b373d-e376-47d4-abb8-1410bc8878b4 | ITER: 65 END: OK
2019-06-16 21:20:19.260 22832 INFO rally.task.runner [-] Task 6e8b373d-e376-47d4-abb8-1410bc8878b4 | ITER: 85 START
2019-06-16 21:20:19.304 22830 INFO rally.task.runner [-] Task 6e8b373d-e376-47d4-abb8-1410bc8878b4 | ITER: 74 END: OK
2019-06-16 21:20:19.307 22830 INFO rally.task.runner [-] Task 6e8b373d-e376-47d4-abb8-1410bc8878b4 | ITER: 86 START
2019-06-16 21:20:19.412 22830 INFO rally.task.runner [-] Task 6e8b373d-e376-47d4-abb8-1410bc8878b4 | ITER: 64 END: OK
2019-06-16 21:20:19.415 22830 INFO rally.task.runner [-] Task 6e8b373d-e376-47d4-abb8-1410bc8878b4 | ITER: 87 START
2019-06-16 21:20:19.449 22865 INFO rally.task.runner [-] Task 6e8b373d-e376-47d4-abb8-1410bc8878b4 | ITER: 69 END: OK
2019-06-16 21:20:19.449 22831 INFO rally.task.runner [-] Task 6e8b373d-e376-47d4-abb8-1410bc8878b4 | ITER: 68 END: OK
2019-06-16 21:20:19.451 22865 INFO rally.task.runner [-] Task 6e8b373d-e376-47d4-abb8-1410bc8878b4 | ITER: 88 START
2019-06-16 21:20:19.453 22831 INFO rally.task.runner [-] Task 6e8b373d-e376-47d4-abb8-1410bc8878b4 | ITER: 89 START
2019-06-16 21:20:19.515 22849 INFO rally.task.runner [-] Task 6e8b373d-e376-47d4-abb8-1410bc8878b4 | ITER: 67 END: OK
2019-06-16 21:20:19.518 22849 INFO rally.task.runner [-] Task 6e8b373d-e376-47d4-abb8-1410bc8878b4 | ITER: 90 START
2019-06-16 21:20:19.735 22846 INFO rally.task.runner [-] Task 6e8b373d-e376-47d4-abb8-1410bc8878b4 | ITER: 77 END: OK
2019-06-16 21:20:19.738 22846 INFO rally.task.runner [-] Task 6e8b373d-e376-47d4-abb8-1410bc8878b4 | ITER: 91 START
2019-06-16 21:20:19.865 22833 INFO rally.task.runner [-] Task 6e8b373d-e376-47d4-abb8-1410bc8878b4 | ITER: 71 END: OK
2019-06-16 21:20:19.868 22833 INFO rally.task.runner [-] Task 6e8b373d-e376-47d4-abb8-1410bc8878b4 | ITER: 92 START
2019-06-16 21:20:19.888 22859 INFO rally.task.runner [-] Task 6e8b373d-e376-47d4-abb8-1410bc8878b4 | ITER: 73 END: OK
2019-06-16 21:20:19.891 22859 INFO rally.task.runner [-] Task 6e8b373d-e376-47d4-abb8-1410bc8878b4 | ITER: 93 START
2019-06-16 21:20:19.900 22840 INFO rally.task.runner [-] Task 6e8b373d-e376-47d4-abb8-1410bc8878b4 | ITER: 75 END: OK
2019-06-16 21:20:19.904 22840 INFO rally.task.runner [-] Task 6e8b373d-e376-47d4-abb8-1410bc8878b4 | ITER: 94 START
2019-06-16 21:20:19.970 22871 INFO rally.task.runner [-] Task 6e8b373d-e376-47d4-abb8-1410bc8878b4 | ITER: 76 END: OK
2019-06-16 21:20:19.972 22871 INFO rally.task.runner [-] Task 6e8b373d-e376-47d4-abb8-1410bc8878b4 | ITER: 95 START
2019-06-16 21:20:19.974 22831 INFO rally.task.runner [-] Task 6e8b373d-e376-47d4-abb8-1410bc8878b4 | ITER: 79 END: OK
2019-06-16 21:20:19.977 22831 INFO rally.task.runner [-] Task 6e8b373d-e376-47d4-abb8-1410bc8878b4 | ITER: 96 START
2019-06-16 21:20:20.059 22862 INFO rally.task.runner [-] Task 6e8b373d-e376-47d4-abb8-1410bc8878b4 | ITER: 78 END: OK
2019-06-16 21:20:20.062 22862 INFO rally.task.runner [-] Task 6e8b373d-e376-47d4-abb8-1410bc8878b4 | ITER: 97 START
2019-06-16 21:20:20.310 22833 INFO rally.task.runner [-] Task 6e8b373d-e376-47d4-abb8-1410bc8878b4 | ITER: 83 END: OK
2019-06-16 21:20:20.313 22833 INFO rally.task.runner [-] Task 6e8b373d-e376-47d4-abb8-1410bc8878b4 | ITER: 98 START
2019-06-16 21:20:20.678 22868 INFO rally.task.runner [-] Task 6e8b373d-e376-47d4-abb8-1410bc8878b4 | ITER: 72 END: OK
2019-06-16 21:20:20.681 22868 INFO rally.task.runner [-] Task 6e8b373d-e376-47d4-abb8-1410bc8878b4 | ITER: 99 START
2019-06-16 21:20:20.747 22832 INFO rally.task.runner [-] Task 6e8b373d-e376-47d4-abb8-1410bc8878b4 | ITER: 80 END: OK
2019-06-16 21:20:20.750 22832 INFO rally.task.runner [-] Task 6e8b373d-e376-47d4-abb8-1410bc8878b4 | ITER: 100 START
2019-06-16 21:20:20.994 22838 INFO rally.task.runner [-] Task 6e8b373d-e376-47d4-abb8-1410bc8878b4 | ITER: 84 END: OK
2019-06-16 21:20:21.030 22854 INFO rally.task.runner [-] Task 6e8b373d-e376-47d4-abb8-1410bc8878b4 | ITER: 81 END: OK
2019-06-16 21:20:21.107 22872 INFO rally.task.runner [-] Task 6e8b373d-e376-47d4-abb8-1410bc8878b4 | ITER: 70 END: OK
2019-06-16 21:20:21.210 22830 INFO rally.task.runner [-] Task 6e8b373d-e376-47d4-abb8-1410bc8878b4 | ITER: 86 END: OK
2019-06-16 21:20:21.289 22830 INFO rally.task.runner [-] Task 6e8b373d-e376-47d4-abb8-1410bc8878b4 | ITER: 87 END: OK
2019-06-16 21:20:21.305 22832 INFO rally.task.runner [-] Task 6e8b373d-e376-47d4-abb8-1410bc8878b4 | ITER: 85 END: OK
2019-06-16 21:20:21.548 22873 INFO rally.task.runner [-] Task 6e8b373d-e376-47d4-abb8-1410bc8878b4 | ITER: 82 END: OK
2019-06-16 21:20:21.790 22849 INFO rally.task.runner [-] Task 6e8b373d-e376-47d4-abb8-1410bc8878b4 | ITER: 90 END: OK
2019-06-16 21:20:21.877 22871 INFO rally.task.runner [-] Task 6e8b373d-e376-47d4-abb8-1410bc8878b4 | ITER: 95 END: OK
2019-06-16 21:20:21.905 22865 INFO rally.task.runner [-] Task 6e8b373d-e376-47d4-abb8-1410bc8878b4 | ITER: 88 END: OK
2019-06-16 21:20:21.953 22831 INFO rally.task.runner [-] Task 6e8b373d-e376-47d4-abb8-1410bc8878b4 | ITER: 89 END: OK
2019-06-16 21:20:22.004 22846 INFO rally.task.runner [-] Task 6e8b373d-e376-47d4-abb8-1410bc8878b4 | ITER: 91 END: OK
2019-06-16 21:20:22.194 22833 INFO rally.task.runner [-] Task 6e8b373d-e376-47d4-abb8-1410bc8878b4 | ITER: 98 END: OK
2019-06-16 21:20:22.217 22862 INFO rally.task.runner [-] Task 6e8b373d-e376-47d4-abb8-1410bc8878b4 | ITER: 97 END: OK
2019-06-16 21:20:22.368 22840 INFO rally.task.runner [-] Task 6e8b373d-e376-47d4-abb8-1410bc8878b4 | ITER: 94 END: OK
2019-06-16 21:20:22.379 22832 INFO rally.task.runner [-] Task 6e8b373d-e376-47d4-abb8-1410bc8878b4 | ITER: 100 END: OK
2019-06-16 21:20:22.480 22868 INFO rally.task.runner [-] Task 6e8b373d-e376-47d4-abb8-1410bc8878b4 | ITER: 99 END: OK
2019-06-16 21:20:22.588 22859 INFO rally.task.runner [-] Task 6e8b373d-e376-47d4-abb8-1410bc8878b4 | ITER: 93 END: OK
2019-06-16 21:20:22.659 22831 INFO rally.task.runner [-] Task 6e8b373d-e376-47d4-abb8-1410bc8878b4 | ITER: 96 END: OK
2019-06-16 21:20:23.227 22833 INFO rally.task.runner [-] Task 6e8b373d-e376-47d4-abb8-1410bc8878b4 | ITER: 92 END: OK
2019-06-16 21:20:23.248 22706 INFO rally.task.context [-] Task 6e8b373d-e376-47d4-abb8-1410bc8878b4 | Context cleanup@openstack cleanup() started
2019-06-16 21:20:23.252 22706 RALLYDEBUG rally_openstack.cleanup.manager [-] Cleaning up neutron vip objects
2019-06-16 21:20:23.974 22706 RALLYDEBUG rally_openstack.cleanup.manager [-] Cleaning up neutron health_monitor objects
2019-06-16 21:20:24.629 22706 RALLYDEBUG rally_openstack.cleanup.manager [-] Cleaning up neutron pool objects
2019-06-16 21:20:25.362 22706 RALLYDEBUG rally_openstack.cleanup.manager [-] Cleaning up neutron loadbalancer objects
2019-06-16 21:20:26.102 22706 RALLYDEBUG rally_openstack.cleanup.manager [-] Cleaning up neutron floatingip objects
2019-06-16 21:20:26.872 22706 RALLYDEBUG rally_openstack.cleanup.manager [-] Cleaning up neutron port objects
2019-06-16 21:20:27.648 22706 RALLYDEBUG rally_openstack.cleanup.manager [-] Cleaning up neutron subnet objects
2019-06-16 21:20:28.319 22706 RALLYDEBUG rally_openstack.cleanup.manager [-] Cleaning up neutron network objects
2019-06-16 21:20:29.345 22706 RALLYDEBUG rally_openstack.cleanup.manager [-] Deleting neutron.network object s_rally_cad3a8af_hyWnlWW9 (09d67b40-9e54-4d65-97f3-3f89fdf0faea)
2019-06-16 21:20:29.353 22706 RALLYDEBUG rally_openstack.cleanup.manager [-] Deleting neutron.network object s_rally_cad3a8af_yN9G4fwS (1684ccc0-98d5-4261-b833-29c339641307)
2019-06-16 21:20:29.354 22706 RALLYDEBUG rally_openstack.cleanup.manager [-] Deleting neutron.network object s_rally_cad3a8af_yB6K3iIM (0095bc66-6adb-4912-bcd3-0b1c033ba010)
2019-06-16 21:20:29.360 22706 RALLYDEBUG rally_openstack.cleanup.manager [-] Deleting neutron.network object s_rally_cad3a8af_bdFR4ITJ (0c314662-1fa2-445e-ba52-9df21f4c4416)
2019-06-16 21:20:29.364 22706 RALLYDEBUG rally_openstack.cleanup.manager [-] Deleting neutron.network object s_rally_cad3a8af_W77dqIMd (1aadf714-989c-4cd4-80b0-ce46937fe99d)
2019-06-16 21:20:29.366 22706 RALLYDEBUG rally_openstack.cleanup.manager [-] Deleting neutron.network object s_rally_cad3a8af_GYBeX62e (1bc2c7b2-9514-4190-ac33-e44cb065c12d)
2019-06-16 21:20:29.370 22706 RALLYDEBUG rally_openstack.cleanup.manager [-] Deleting neutron.network object s_rally_cad3a8af_kghjNEjY (0a3fd6d8-1a1d-4b22-9e5a-01134e6e4130)
2019-06-16 21:20:29.372 22706 RALLYDEBUG rally_openstack.cleanup.manager [-] Deleting neutron.network object s_rally_cad3a8af_hTrxmy40 (00bb9878-028e-40cb-bd1b-357f80edca16)
2019-06-16 21:20:29.375 22706 RALLYDEBUG rally_openstack.cleanup.manager [-] Deleting neutron.network object s_rally_cad3a8af_qIJEHGsM (1d11626d-e903-4461-b9a3-e3a15561ff4f)
2019-06-16 21:20:29.383 22706 RALLYDEBUG rally_openstack.cleanup.manager [-] Deleting neutron.network object s_rally_cad3a8af_1RIAch33 (121ca532-8f70-4891-8513-8c433dea7905)
2019-06-16 21:20:29.386 22706 RALLYDEBUG rally_openstack.cleanup.manager [-] Deleting neutron.network object s_rally_cad3a8af_7AMsddE6 (2136c1dc-6a84-4517-b7d8-ca6899484438)
2019-06-16 21:20:29.399 22706 RALLYDEBUG rally_openstack.cleanup.manager [-] Deleting neutron.network object s_rally_cad3a8af_iQgjPZ0X (1968c711-98de-4116-8c0a-fb951021c193)
2019-06-16 21:20:29.413 22706 RALLYDEBUG rally_openstack.cleanup.manager [-] Deleting neutron.network object s_rally_cad3a8af_YXBCNkzI (23b8ccc0-c317-4e0b-a464-ef80224bfe85)
2019-06-16 21:20:29.420 22706 RALLYDEBUG rally_openstack.cleanup.manager [-] Deleting neutron.network object s_rally_cad3a8af_lpWMZHFJ (244c67cf-5c72-4165-82a3-a9cf8110fd1f)
2019-06-16 21:20:29.430 22706 RALLYDEBUG rally_openstack.cleanup.manager [-] Deleting neutron.network object s_rally_cad3a8af_DkyUPJMt (2848e2ab-f0dd-4ecf-8b31-0440d57e3eb6)
2019-06-16 21:20:29.453 22706 RALLYDEBUG rally_openstack.cleanup.manager [-] Deleting neutron.network object s_rally_cad3a8af_McGd1pNd (28db70e3-66b4-4f0e-b5ac-4f62b37441bc)
2019-06-16 21:20:29.461 22706 RALLYDEBUG rally_openstack.cleanup.manager [-] Deleting neutron.network object s_rally_cad3a8af_cE1dgEkm (2c51c9b2-d237-49a7-a7ee-1e64f0185676)
2019-06-16 21:20:29.463 22706 RALLYDEBUG rally_openstack.cleanup.manager [-] Deleting neutron.network object s_rally_cad3a8af_8Uu6ztj1 (2c9f119c-dc09-466a-8ee7-38868aab396c)
2019-06-16 21:20:29.471 22706 RALLYDEBUG rally_openstack.cleanup.manager [-] Deleting neutron.network object s_rally_cad3a8af_pBMIHYIV (2ff99d20-1c17-4fe3-b222-0e5faee4192d)
2019-06-16 21:20:29.484 22706 RALLYDEBUG rally_openstack.cleanup.manager [-] Deleting neutron.network object s_rally_cad3a8af_7imHJ1re (3071011a-a7b8-4bf4-b51c-1b138b38d04d)
2019-06-16 21:20:32.172 22706 RALLYDEBUG rally_openstack.cleanup.manager [-] Deleting neutron.network object s_rally_cad3a8af_gqt9fRfP (318c0f38-2dad-4fa5-8c09-0fd98c591142)
2019-06-16 21:20:32.181 22706 RALLYDEBUG rally_openstack.cleanup.manager [-] Deleting neutron.network object s_rally_cad3a8af_rgsdmjlX (3528d760-dd2d-40b6-a209-98fe5ec69398)
2019-06-16 21:20:32.181 22706 RALLYDEBUG rally_openstack.cleanup.manager [-] Deleting neutron.network object s_rally_cad3a8af_v54L1hjW (3861b47f-359d-487c-b768-efa2f122cb9a)
2019-06-16 21:20:32.275 22706 RALLYDEBUG rally_openstack.cleanup.manager [-] Deleting neutron.network object s_rally_cad3a8af_HGwiW3eu (3a00d199-72e3-46a0-8bf9-480c559e80b5)
2019-06-16 21:20:32.288 22706 RALLYDEBUG rally_openstack.cleanup.manager [-] Deleting neutron.network object s_rally_cad3a8af_0HnSSmq7 (3aa4f55e-ef18-4a94-932a-6a81355ad0ec)
2019-06-16 21:20:32.294 22706 RALLYDEBUG rally_openstack.cleanup.manager [-] Deleting neutron.network object s_rally_cad3a8af_VyViykX3 (3beb30be-a663-4bf4-bcca-498b4f44e6b7)
2019-06-16 21:20:32.346 22706 RALLYDEBUG rally_openstack.cleanup.manager [-] Deleting neutron.network object s_rally_cad3a8af_sOlqoh2l (42948731-ce8e-4b83-8c7e-15cc6a9ff452)
2019-06-16 21:20:32.391 22706 RALLYDEBUG rally_openstack.cleanup.manager [-] Deleting neutron.network object s_rally_cad3a8af_nUj4nSkz (42c3524b-8adf-4da8-92bd-954b6ee110c5)
2019-06-16 21:20:32.468 22706 RALLYDEBUG rally_openstack.cleanup.manager [-] Deleting neutron.network object s_rally_cad3a8af_sZdiQlTH (4ca4a72a-3469-476f-ba6a-4cd48bba0a00)
2019-06-16 21:20:32.488 22706 RALLYDEBUG rally_openstack.cleanup.manager [-] Deleting neutron.network object s_rally_cad3a8af_XzI3ecVI (4d14bf03-be87-4b38-9f2a-dc19a8f200c8)
2019-06-16 21:20:32.505 22706 RALLYDEBUG rally_openstack.cleanup.manager [-] Deleting neutron.network object s_rally_cad3a8af_xuC6f2yJ (4d15a396-c1b1-47bc-8b47-17d31c73f09f)
2019-06-16 21:20:32.834 22706 RALLYDEBUG rally_openstack.cleanup.manager [-] Deleting neutron.network object s_rally_cad3a8af_4PbL68kH (4dc10a3c-6bb2-418c-b731-4aa6a3318cb4)
2019-06-16 21:20:32.839 22706 RALLYDEBUG rally_openstack.cleanup.manager [-] Deleting neutron.network object s_rally_cad3a8af_6iwVMvxW (4deed0e9-e95d-409f-a200-b0836b83a449)
2019-06-16 21:20:32.857 22706 RALLYDEBUG rally_openstack.cleanup.manager [-] Deleting neutron.network object s_rally_cad3a8af_9EbHS3EW (557c99fe-ca54-4d61-a49b-d81aac210b00)
2019-06-16 21:20:32.893 22706 RALLYDEBUG rally_openstack.cleanup.manager [-] Deleting neutron.network object s_rally_cad3a8af_epOj5ex3 (55ac0073-918b-4f0c-add2-16b776f2f71d)
2019-06-16 21:20:32.943 22706 RALLYDEBUG rally_openstack.cleanup.manager [-] Deleting neutron.network object s_rally_cad3a8af_816F11cW (5b9e3047-9eaa-41fc-b735-d02e783d139e)
2019-06-16 21:20:32.965 22706 RALLYDEBUG rally_openstack.cleanup.manager [-] Deleting neutron.network object s_rally_cad3a8af_D7DJmkAT (5e8ad4cb-5f7d-4a64-864f-fc5f854d44ed)
2019-06-16 21:20:34.100 22706 RALLYDEBUG rally_openstack.cleanup.manager [-] Deleting neutron.network object s_rally_cad3a8af_q7S0uPHW (5ecb0558-5866-4673-a962-db9cf61ae557)
2019-06-16 21:20:34.108 22706 RALLYDEBUG rally_openstack.cleanup.manager [-] Deleting neutron.network object s_rally_cad3a8af_OSNdIcjV (6123ddf9-4be8-4f57-9c8e-696297f2eedc)
2019-06-16 21:20:34.183 22706 RALLYDEBUG rally_openstack.cleanup.manager [-] Deleting neutron.network object s_rally_cad3a8af_BgjJFhtM (62868cbb-a6b2-4ade-a392-1da1484acb50)
2019-06-16 21:20:34.677 22706 RALLYDEBUG rally_openstack.cleanup.manager [-] Deleting neutron.network object s_rally_cad3a8af_B4LXeKeS (6782a6fe-12a5-4720-9bed-f8e233235cbe)
2019-06-16 21:20:34.772 22706 RALLYDEBUG rally_openstack.cleanup.manager [-] Deleting neutron.network object s_rally_cad3a8af_ha0EMy9k (6e6297ff-e659-4f3f-9dc5-d70ffe748e14)
2019-06-16 21:20:34.997 22706 RALLYDEBUG rally_openstack.cleanup.manager [-] Deleting neutron.network object s_rally_cad3a8af_VSJDYe39 (707651a3-76cb-497a-b623-81fd4e14695b)
2019-06-16 21:20:35.108 22706 RALLYDEBUG rally_openstack.cleanup.manager [-] Deleting neutron.network object s_rally_cad3a8af_19m1KmRS (735f24fd-6525-40fb-a499-8f9adeadd1d5)
2019-06-16 21:20:35.239 22706 RALLYDEBUG rally_openstack.cleanup.manager [-] Deleting neutron.network object s_rally_cad3a8af_nkTYNqpv (79c26965-8352-461f-87ea-eec5834609c0)
2019-06-16 21:20:35.254 22706 RALLYDEBUG rally_openstack.cleanup.manager [-] Deleting neutron.network object s_rally_cad3a8af_gFdGQOHx (7cac80a3-115c-4167-842d-9fef18c96720)
2019-06-16 21:20:35.308 22706 RALLYDEBUG rally_openstack.cleanup.manager [-] Deleting neutron.network object s_rally_cad3a8af_e7sr4fJA (8745670c-add1-4cd4-b854-e295defcb047)
2019-06-16 21:20:35.325 22706 RALLYDEBUG rally_openstack.cleanup.manager [-] Deleting neutron.network object s_rally_cad3a8af_ZWpAW594 (8804380d-052c-4d7b-a885-ca7b592e6c1e)
2019-06-16 21:20:35.404 22706 RALLYDEBUG rally_openstack.cleanup.manager [-] Deleting neutron.network object s_rally_cad3a8af_v2mY3cLa (8a0c67a4-9172-4b0e-93d7-cf0dd167c658)
2019-06-16 21:20:35.434 22706 RALLYDEBUG rally_openstack.cleanup.manager [-] Deleting neutron.network object s_rally_cad3a8af_6tWERFVW (8abaa744-927b-4f2e-9bee-6ae193b53cf6)
2019-06-16 21:20:35.566 22706 RALLYDEBUG rally_openstack.cleanup.manager [-] Deleting neutron.network object s_rally_cad3a8af_XnpMhkE5 (8b1112b6-abdf-498f-bdf7-0c7b35aeb588)
2019-06-16 21:20:35.770 22706 RALLYDEBUG rally_openstack.cleanup.manager [-] Deleting neutron.network object s_rally_cad3a8af_bFgkTGDo (8c2e8278-0107-4942-a198-a42d399e0789)
2019-06-16 21:20:36.018 22706 RALLYDEBUG rally_openstack.cleanup.manager [-] Deleting neutron.network object s_rally_cad3a8af_d0hfHhDW (8db3247d-636b-4cc9-a969-b714dca8a040)
2019-06-16 21:20:36.038 22706 RALLYDEBUG rally_openstack.cleanup.manager [-] Deleting neutron.network object s_rally_cad3a8af_bMEz9ZDu (8e767b92-5c7b-4634-a76a-9424567a134c)
2019-06-16 21:20:36.253 22706 RALLYDEBUG rally_openstack.cleanup.manager [-] Deleting neutron.network object s_rally_cad3a8af_cLcVz7WH (9125e405-bd80-41ee-ba88-8002bfde6dce)
2019-06-16 21:20:36.314 22706 RALLYDEBUG rally_openstack.cleanup.manager [-] Deleting neutron.network object s_rally_cad3a8af_agITuefE (918b6926-913e-4cb3-88f3-3e5c89cf6d6a)
2019-06-16 21:20:36.361 22706 RALLYDEBUG rally_openstack.cleanup.manager [-] Deleting neutron.network object s_rally_cad3a8af_WIUYtupH (95fb4ac4-9411-4a96-8053-bd34bf9d9de8)
2019-06-16 21:20:36.750 22706 RALLYDEBUG rally_openstack.cleanup.manager [-] Deleting neutron.network object s_rally_cad3a8af_jXPsrgM6 (99f1080f-7a22-485b-b66b-0515648a90d7)
2019-06-16 21:20:36.767 22706 RALLYDEBUG rally_openstack.cleanup.manager [-] Deleting neutron.network object s_rally_cad3a8af_93yxBiAL (9a6a4135-ba88-4f50-9c55-62fa825f16a3)
2019-06-16 21:20:36.810 22706 RALLYDEBUG rally_openstack.cleanup.manager [-] Deleting neutron.network object s_rally_cad3a8af_CIfEQCa9 (9a811c6c-e094-4a1c-9d0c-ea1df08bdb4e)
2019-06-16 21:20:37.241 22706 RALLYDEBUG rally_openstack.cleanup.manager [-] Deleting neutron.network object s_rally_cad3a8af_MvJCrEfr (9b815207-2522-4aa5-84c7-af0954dcab98)
2019-06-16 21:20:37.402 22706 RALLYDEBUG rally_openstack.cleanup.manager [-] Deleting neutron.network object s_rally_cad3a8af_iqSPpmkW (9cf450ed-ad24-45e0-a6f1-55b9e5066635)
2019-06-16 21:20:37.744 22706 RALLYDEBUG rally_openstack.cleanup.manager [-] Deleting neutron.network object s_rally_cad3a8af_nZlUFSsC (9dbac75c-0b86-49e4-a30c-d888f9918cfc)
2019-06-16 21:20:37.942 22706 RALLYDEBUG rally_openstack.cleanup.manager [-] Deleting neutron.network object s_rally_cad3a8af_ReCBlMWH (9e13e2fa-f235-41e1-9bb1-c7234377d8af)
2019-06-16 21:20:38.039 22706 RALLYDEBUG rally_openstack.cleanup.manager [-] Deleting neutron.network object s_rally_cad3a8af_1rxrTR02 (a91d98cb-01ec-4bae-890f-b4321f87887e)
2019-06-16 21:20:38.054 22706 RALLYDEBUG rally_openstack.cleanup.manager [-] Deleting neutron.network object s_rally_cad3a8af_FmByZUni (ad228634-0d67-42d7-87a4-e07dfa324b98)
2019-06-16 21:20:38.064 22706 RALLYDEBUG rally_openstack.cleanup.manager [-] Deleting neutron.network object s_rally_cad3a8af_wkZbGonT (ad77851f-63ef-45f7-a21a-6d94bffeb859)
2019-06-16 21:20:38.116 22706 RALLYDEBUG rally_openstack.cleanup.manager [-] Deleting neutron.network object s_rally_cad3a8af_KWKlWNl1 (b2287821-7d44-4cc0-b096-53ac40d7c9ce)
2019-06-16 21:20:38.281 22706 RALLYDEBUG rally_openstack.cleanup.manager [-] Deleting neutron.network object s_rally_cad3a8af_O6PQOl34 (b248c242-7205-43c3-a27a-c930dc8e1d9a)
2019-06-16 21:20:38.424 22706 RALLYDEBUG rally_openstack.cleanup.manager [-] Deleting neutron.network object s_rally_cad3a8af_FdFqNa7p (b2d20383-a1d8-4ca6-9cd4-c537dbbf3278)
2019-06-16 21:20:38.619 22706 RALLYDEBUG rally_openstack.cleanup.manager [-] Deleting neutron.network object s_rally_cad3a8af_bece30sd (bb495c53-8db2-4f9b-8e11-4e4c99bbea23)
2019-06-16 21:20:38.728 22706 RALLYDEBUG rally_openstack.cleanup.manager [-] Deleting neutron.network object s_rally_cad3a8af_us2QsWzC (bda0665b-23a6-4fb2-9082-66616112960f)
2019-06-16 21:20:38.729 22706 RALLYDEBUG rally_openstack.cleanup.manager [-] Deleting neutron.network object s_rally_cad3a8af_MoJfcVxF (bda6ac1c-1c83-4b93-ad36-ea75ff80a17a)
2019-06-16 21:20:38.827 22706 RALLYDEBUG rally_openstack.cleanup.manager [-] Deleting neutron.network object s_rally_cad3a8af_R7xDxeK9 (bf9727eb-eec7-4b41-8ab4-92888ec1f8de)
2019-06-16 21:20:38.847 22706 RALLYDEBUG rally_openstack.cleanup.manager [-] Deleting neutron.network object s_rally_cad3a8af_VnJohg7V (c4351e89-55dc-4481-bf43-8c986b796f5f)
2019-06-16 21:20:38.891 22706 RALLYDEBUG rally_openstack.cleanup.manager [-] Deleting neutron.network object s_rally_cad3a8af_tzRpQPlo (c6a668a8-47c7-442d-bf5e-e87150b1182e)
2019-06-16 21:20:39.088 22706 RALLYDEBUG rally_openstack.cleanup.manager [-] Deleting neutron.network object s_rally_cad3a8af_KAmWVxNr (c7b89e5d-6eed-45de-9bf4-8a7fcf5dd8b7)
2019-06-16 21:20:39.110 22706 RALLYDEBUG rally_openstack.cleanup.manager [-] Deleting neutron.network object s_rally_cad3a8af_m5EG5Kho (c94ea040-53b3-4876-8203-c3ca6ecdc233)
2019-06-16 21:20:39.367 22706 RALLYDEBUG rally_openstack.cleanup.manager [-] Deleting neutron.network object s_rally_cad3a8af_HYHoikt0 (cb9ac6c3-2a25-4e02-87f3-f88b828033cd)
2019-06-16 21:20:39.417 22706 RALLYDEBUG rally_openstack.cleanup.manager [-] Deleting neutron.network object s_rally_cad3a8af_sg37JhH2 (cca4fe71-d6fd-444a-8b5f-25842299463a)
2019-06-16 21:20:39.616 22706 RALLYDEBUG rally_openstack.cleanup.manager [-] Deleting neutron.network object s_rally_cad3a8af_w27KgjUB (ccd2c096-c864-459d-a683-5bd766cb1296)
2019-06-16 21:20:40.179 22706 RALLYDEBUG rally_openstack.cleanup.manager [-] Deleting neutron.network object s_rally_cad3a8af_8kBmYBLX (cd4becfe-03a0-4dcf-8ad3-f7879d3cfaef)
2019-06-16 21:20:40.394 22706 RALLYDEBUG rally_openstack.cleanup.manager [-] Deleting neutron.network object s_rally_cad3a8af_5xzcnL3W (cd7b27c9-2c93-443e-91cd-c48ae46bcbb9)
2019-06-16 21:20:40.560 22706 RALLYDEBUG rally_openstack.cleanup.manager [-] Deleting neutron.network object s_rally_cad3a8af_RcujyOfd (ce2bb1dc-cafd-4436-adaa-5d01ab205430)
2019-06-16 21:20:40.746 22706 RALLYDEBUG rally_openstack.cleanup.manager [-] Deleting neutron.network object s_rally_cad3a8af_SqdBSAYs (d43d350c-a8e6-4d5b-8f79-2b725c2461c2)
2019-06-16 21:20:40.771 22706 RALLYDEBUG rally_openstack.cleanup.manager [-] Deleting neutron.network object s_rally_cad3a8af_ZLqsWt6d (da165c7c-d435-47f4-a98e-f557602f0491)
2019-06-16 21:20:40.805 22706 RALLYDEBUG rally_openstack.cleanup.manager [-] Deleting neutron.network object s_rally_cad3a8af_JuDPcByf (da2692d1-78d3-4bfa-af15-dc7b44994290)
2019-06-16 21:20:40.819 22706 RALLYDEBUG rally_openstack.cleanup.manager [-] Deleting neutron.network object s_rally_cad3a8af_dVpqUKnk (dbb28567-5234-4103-a57f-563917e6f4f1)
2019-06-16 21:20:40.893 22706 RALLYDEBUG rally_openstack.cleanup.manager [-] Deleting neutron.network object s_rally_cad3a8af_NaGgX7Vk (e530abb0-3f5e-4a65-9c55-d50173ce8844)
2019-06-16 21:20:41.178 22706 RALLYDEBUG rally_openstack.cleanup.manager [-] Deleting neutron.network object s_rally_cad3a8af_nlvNtI3G (eb354770-7d37-45d1-9eb8-ed45787eeb4e)
2019-06-16 21:20:41.499 22706 RALLYDEBUG rally_openstack.cleanup.manager [-] Deleting neutron.network object s_rally_cad3a8af_nz8dDkZC (ed53e1d1-b640-44ba-a71a-19c06909b5b0)
2019-06-16 21:20:41.540 22706 RALLYDEBUG rally_openstack.cleanup.manager [-] Deleting neutron.network object s_rally_cad3a8af_3UTSA9Ph (f0891fbf-4ce7-44b5-9e35-1edc635242bd)
2019-06-16 21:20:41.878 22706 RALLYDEBUG rally_openstack.cleanup.manager [-] Deleting neutron.network object s_rally_cad3a8af_JYjEle8A (f3da2d32-38ba-479e-bc8e-1fe3a35b1209)
2019-06-16 21:20:41.977 22706 RALLYDEBUG rally_openstack.cleanup.manager [-] Deleting neutron.network object s_rally_cad3a8af_U1V20Ur0 (f4be5bc7-61d4-49b7-8112-27e98071b627)
2019-06-16 21:20:42.072 22706 RALLYDEBUG rally_openstack.cleanup.manager [-] Deleting neutron.network object s_rally_cad3a8af_MilKfX10 (f671c95f-e6e2-4686-af19-c78db1ae57ca)
2019-06-16 21:20:42.077 22706 RALLYDEBUG rally_openstack.cleanup.manager [-] Deleting neutron.network object s_rally_cad3a8af_08epoj34 (f7f2e919-0d02-442e-9e58-6f28fbfa71fe)
