2019-06-16 21:38:35.667 22706 RALLYDEBUG rally_openstack.cleanup.manager [-] Deleting neutron.port object s_rally_875be9fc_0h5UaSkv (dc373a24-f748-49fe-a774-a54ebe8ddc21)
2019-06-16 21:38:35.680 22706 RALLYDEBUG rally_openstack.cleanup.manager [-] Deleting neutron.port object s_rally_875be9fc_SFGIVckk (dc5057f7-d694-4b25-8546-2c587a980488)
2019-06-16 21:38:35.708 22706 RALLYDEBUG rally_openstack.cleanup.manager [-] Deleting neutron.port object s_rally_875be9fc_ikifu6Qj (dcf66417-5a53-4a36-a57e-d86afbc1acd8)
2019-06-16 21:38:36.112 22706 RALLYDEBUG rally_openstack.cleanup.manager [-] Deleting neutron.port object s_rally_875be9fc_c7BuR7ip (ddc2fe7e-f424-4879-8f9b-5cdc69f00597)
2019-06-16 21:38:36.179 22706 RALLYDEBUG rally_openstack.cleanup.manager [-] Deleting neutron.port object s_rally_875be9fc_fukNXlGN (de0acb03-f539-4ddd-a6b5-8b8f34fc313d)
2019-06-16 21:38:36.266 22706 RALLYDEBUG rally_openstack.cleanup.manager [-] Deleting neutron.port object s_rally_875be9fc_Z9kXsXys (de5f3822-7c22-4140-8357-b4229105eef9)
2019-06-16 21:38:36.356 22706 RALLYDEBUG rally_openstack.cleanup.manager [-] Deleting neutron.port object s_rally_875be9fc_RscmjxPZ (de69aee1-8c66-4696-abe1-aedbde990fe2)
2019-06-16 21:38:36.451 22706 RALLYDEBUG rally_openstack.cleanup.manager [-] Deleting neutron.port object s_rally_875be9fc_u94WmHa1 (dea3f77e-4e07-4f52-bc62-0139abec2e5c)
2019-06-16 21:38:36.506 22706 RALLYDEBUG rally_openstack.cleanup.manager [-] Deleting neutron.port object s_rally_875be9fc_gD3xmFT3 (df301746-1a00-453f-831a-fc3b5ddf4ca9)
2019-06-16 21:38:37.000 22706 RALLYDEBUG rally_openstack.cleanup.manager [-] Deleting neutron.port object s_rally_875be9fc_Ig9BYeLh (df7b2b9a-b50f-4b07-8216-3f571fa66b21)
2019-06-16 21:38:37.030 22706 RALLYDEBUG rally_openstack.cleanup.manager [-] Deleting neutron.port object s_rally_875be9fc_YuvCWeeK (e0516742-12cd-40c3-8a35-0b7feffbb755)
2019-06-16 21:38:37.179 22706 RALLYDEBUG rally_openstack.cleanup.manager [-] Deleting neutron.port object s_rally_875be9fc_q9j5pGPS (e104cdc1-dbab-4a28-8367-4bcd30c2adce)
2019-06-16 21:38:37.372 22706 RALLYDEBUG rally_openstack.cleanup.manager [-] Deleting neutron.port object s_rally_875be9fc_mkXU3VeY (e126ffe5-36cf-42c2-8cfb-a5e0f7b1ce1e)
2019-06-16 21:38:37.429 22706 RALLYDEBUG rally_openstack.cleanup.manager [-] Deleting neutron.port object s_rally_875be9fc_VYyMhxus (e1580965-6c29-4d76-915a-c66a6d22dcd3)
2019-06-16 21:38:37.574 22706 RALLYDEBUG rally_openstack.cleanup.manager [-] Deleting neutron.port object s_rally_875be9fc_WMVk85tb (e1d6bbe8-4261-4f02-8ec4-b55fe00b1a87)
2019-06-16 21:38:37.664 22706 RALLYDEBUG rally_openstack.cleanup.manager [-] Deleting neutron.port object s_rally_875be9fc_3tBMZ0as (e33258af-78ab-4687-b94d-62dd9ec2e82f)
2019-06-16 21:38:37.884 22706 RALLYDEBUG rally_openstack.cleanup.manager [-] Deleting neutron.port object s_rally_875be9fc_JO75PeaT (e3c79107-e7b5-4bde-9645-fba76ac969f0)
2019-06-16 21:38:37.923 22706 RALLYDEBUG rally_openstack.cleanup.manager [-] Deleting neutron.port object s_rally_875be9fc_Tu3hEnOb (e539c71a-6ea4-478f-9a50-3ba876f58b59)
2019-06-16 21:38:38.104 22706 RALLYDEBUG rally_openstack.cleanup.manager [-] Deleting neutron.port object s_rally_875be9fc_al1Rbjwf (e579a4ef-a531-45a7-a9d1-04089c957b8c)
2019-06-16 21:38:38.150 22706 RALLYDEBUG rally_openstack.cleanup.manager [-] Deleting neutron.port object s_rally_875be9fc_Xi8fJqSn (e58785c5-848b-472a-89e5-b748f3ce285f)
2019-06-16 21:38:38.162 22706 RALLYDEBUG rally_openstack.cleanup.manager [-] Deleting neutron.port object s_rally_875be9fc_yE2dCZSb (e5a38404-2ca1-44be-888a-e56c29b83de0)
2019-06-16 21:38:38.328 22706 RALLYDEBUG rally_openstack.cleanup.manager [-] Deleting neutron.port object s_rally_875be9fc_oBTkT3tp (e663b10f-1c45-475b-833a-5731cdcc9fd9)
2019-06-16 21:38:38.341 22706 RALLYDEBUG rally_openstack.cleanup.manager [-] Deleting neutron.port object s_rally_875be9fc_1qSyFGKk (e6b23f28-ed4c-426a-b18f-a2dcc42052b0)
2019-06-16 21:38:38.345 22706 RALLYDEBUG rally_openstack.cleanup.manager [-] Deleting neutron.port object s_rally_875be9fc_fJPuIr9V (e73121e9-b29a-421a-bd6b-ffb4622b5dd1)
2019-06-16 21:38:38.427 22706 RALLYDEBUG rally_openstack.cleanup.manager [-] Deleting neutron.port object s_rally_875be9fc_yjFY41m4 (e8960261-58a1-4eb9-9803-c038f2686b65)
2019-06-16 21:38:38.666 22706 RALLYDEBUG rally_openstack.cleanup.manager [-] Deleting neutron.port object s_rally_875be9fc_BoRl7QA2 (e8aa6941-5ff6-4859-bf65-b6e005ea43e4)
2019-06-16 21:38:38.709 22706 RALLYDEBUG rally_openstack.cleanup.manager [-] Deleting neutron.port object s_rally_875be9fc_nlhaMbW3 (e91aec55-73df-44cc-8f3a-bd093e1d5055)
2019-06-16 21:38:38.809 22706 RALLYDEBUG rally_openstack.cleanup.manager [-] Deleting neutron.port object s_rally_875be9fc_vaiEdOK2 (e9d5d5e3-c964-4ec2-927a-bf72f6bce1c5)
2019-06-16 21:38:38.840 22706 RALLYDEBUG rally_openstack.cleanup.manager [-] Deleting neutron.port object s_rally_875be9fc_1BST0nLV (ea2dd016-506a-4b3d-aef0-2201d0d9126c)
2019-06-16 21:38:39.211 22706 RALLYDEBUG rally_openstack.cleanup.manager [-] Deleting neutron.port object s_rally_875be9fc_1eTFla7X (ed527cb0-6946-4949-a658-e9181d3300cc)
2019-06-16 21:38:39.566 22706 RALLYDEBUG rally_openstack.cleanup.manager [-] Deleting neutron.port object s_rally_875be9fc_IIfeim8g (ed5b4c77-f831-4961-a417-e10ed0adc1e9)
2019-06-16 21:38:39.597 22706 RALLYDEBUG rally_openstack.cleanup.manager [-] Deleting neutron.port object s_rally_875be9fc_W24mMFoU (ed86d1ba-6687-4706-af1e-55d7e6b5419f)
2019-06-16 21:38:39.603 22706 RALLYDEBUG rally_openstack.cleanup.manager [-] Deleting neutron.port object s_rally_875be9fc_zIIDSank (edec1237-3955-4f9c-be6a-3655cc479df2)
2019-06-16 21:38:39.695 22706 RALLYDEBUG rally_openstack.cleanup.manager [-] Deleting neutron.port object s_rally_875be9fc_wCO14Omy (ee937538-d2a2-455e-a311-b8681ed0ec6d)
2019-06-16 21:38:39.936 22706 RALLYDEBUG rally_openstack.cleanup.manager [-] Deleting neutron.port object s_rally_875be9fc_apBz4y9X (efe7c9bb-7aae-42b4-bcec-be3aa40676f0)
2019-06-16 21:38:39.963 22706 RALLYDEBUG rally_openstack.cleanup.manager [-] Deleting neutron.port object s_rally_875be9fc_VfcgFTdh (f0516a80-e297-420c-a681-2548ef60e597)
2019-06-16 21:38:40.359 22706 RALLYDEBUG rally_openstack.cleanup.manager [-] Deleting neutron.port object s_rally_875be9fc_isiXlWtK (f16f020d-27f4-4b1a-9330-6c7d0dacb2f1)
2019-06-16 21:38:40.447 22706 RALLYDEBUG rally_openstack.cleanup.manager [-] Deleting neutron.port object s_rally_875be9fc_uLHImuhk (f199a683-30e1-4ef3-97e3-f53287db99aa)
2019-06-16 21:38:40.604 22706 RALLYDEBUG rally_openstack.cleanup.manager [-] Deleting neutron.port object s_rally_875be9fc_vSz4143D (f20739da-461f-4e1c-a0c7-77a26d10dc39)
2019-06-16 21:38:40.772 22706 RALLYDEBUG rally_openstack.cleanup.manager [-] Deleting neutron.port object s_rally_875be9fc_4TdLh1Bj (f2cf3b30-71d3-4013-9644-c35bf8a74e5d)
2019-06-16 21:38:40.781 22706 RALLYDEBUG rally_openstack.cleanup.manager [-] Deleting neutron.port object s_rally_875be9fc_f94ZtMnt (f3bb2ac0-b778-48b1-bff5-02e31a0a8aa3)
2019-06-16 21:38:40.918 22706 RALLYDEBUG rally_openstack.cleanup.manager [-] Deleting neutron.port object s_rally_875be9fc_3SztNAXx (f5799531-a7db-487b-8555-935d990d2847)
2019-06-16 21:38:40.937 22706 RALLYDEBUG rally_openstack.cleanup.manager [-] Deleting neutron.port object s_rally_875be9fc_dBjWm6OA (f6061004-2786-4fcc-81f0-a11d701402d8)
2019-06-16 21:38:41.145 22706 RALLYDEBUG rally_openstack.cleanup.manager [-] Deleting neutron.port object s_rally_875be9fc_YpTy74zx (f60e79fd-f476-418c-a025-81b808ee2943)
2019-06-16 21:38:41.166 22706 RALLYDEBUG rally_openstack.cleanup.manager [-] Deleting neutron.port object s_rally_875be9fc_MM3QKb5O (f62de8df-0e05-42c2-b7a4-72a4dde88787)
2019-06-16 21:38:41.224 22706 RALLYDEBUG rally_openstack.cleanup.manager [-] Deleting neutron.port object s_rally_875be9fc_IA75tm56 (f690fc04-f66e-4ff6-a7e8-d9609072f225)
2019-06-16 21:38:41.303 22706 RALLYDEBUG rally_openstack.cleanup.manager [-] Deleting neutron.port object s_rally_875be9fc_vrueUU9O (fa373c8f-effb-49fb-b880-02bc3fbcfc02)
2019-06-16 21:38:41.303 22706 RALLYDEBUG rally_openstack.cleanup.manager [-] Deleting neutron.port object s_rally_875be9fc_vkbGPHUo (f9bda328-df39-43ff-bd9d-1ee619a5451d)
2019-06-16 21:38:41.513 22706 RALLYDEBUG rally_openstack.cleanup.manager [-] Deleting neutron.port object s_rally_875be9fc_43elDVMf (fa566e74-bcb2-4f35-8c85-293a5e6cf65b)
2019-06-16 21:38:41.722 22706 RALLYDEBUG rally_openstack.cleanup.manager [-] Deleting neutron.port object s_rally_875be9fc_5BJUZot8 (faeb6fec-5093-485e-a7c7-1133d22451e0)
2019-06-16 21:38:41.772 22706 RALLYDEBUG rally_openstack.cleanup.manager [-] Deleting neutron.port object s_rally_875be9fc_1nPDa6x8 (fbd8035d-c7ac-4d54-aa39-e84d14119ea9)
2019-06-16 21:38:41.806 22706 RALLYDEBUG rally_openstack.cleanup.manager [-] Deleting neutron.port object s_rally_875be9fc_fvUqlrFn (fc7522ce-8569-4852-8a3f-ab32e61e2e8f)
2019-06-16 21:38:42.175 22706 RALLYDEBUG rally_openstack.cleanup.manager [-] Deleting neutron.port object s_rally_875be9fc_OvZzXZiA (fc8c3012-df2f-4e98-9718-64aa8f1fea06)
2019-06-16 21:38:42.178 22706 RALLYDEBUG rally_openstack.cleanup.manager [-] Deleting neutron.port object s_rally_875be9fc_ZzeC4WB3 (fcd4d4ba-5f8f-4cad-839d-1114f06e0cb9)
2019-06-16 21:38:42.359 22706 RALLYDEBUG rally_openstack.cleanup.manager [-] Deleting neutron.port object s_rally_875be9fc_7CFeoXPI (fd239f83-a212-4174-b57f-9ad9f76eaff6)
2019-06-16 21:38:42.666 22706 RALLYDEBUG rally_openstack.cleanup.manager [-] Deleting neutron.port object s_rally_875be9fc_5Pt63xPM (fd44e2b9-bb96-4701-a160-4bf073a6ba08)
2019-06-16 21:38:42.924 22706 RALLYDEBUG rally_openstack.cleanup.manager [-] Deleting neutron.port object s_rally_875be9fc_rSnF6IGF (fdec20d0-6622-4276-9ee6-68728542c4fc)
2019-06-16 21:38:42.940 22706 RALLYDEBUG rally_openstack.cleanup.manager [-] Deleting neutron.port object s_rally_875be9fc_kVdYZPaS (fe0c0ce8-d597-489c-a4b3-e9e64ba89bce)
2019-06-16 21:38:43.152 22706 RALLYDEBUG rally_openstack.cleanup.manager [-] Deleting neutron.port object s_rally_875be9fc_fBfqS9aa (ffcedab0-80ba-4432-94cf-c598223a9b25)
2019-06-16 21:38:43.155 22706 RALLYDEBUG rally_openstack.cleanup.manager [-] Deleting neutron.port object s_rally_875be9fc_UdIRrk3W (ffe586b0-1752-468f-b145-00259dfea5db)
2019-06-16 21:38:45.262 22706 RALLYDEBUG rally_openstack.cleanup.manager [-] Cleaning up neutron subnet objects
2019-06-16 21:38:45.923 22706 RALLYDEBUG rally_openstack.cleanup.manager [-] Cleaning up neutron network objects
2019-06-16 21:38:46.663 22706 RALLYDEBUG rally_openstack.cleanup.manager [-] Deleting neutron.network object s_rally_875be9fc_EEdvEPer (12f64ef5-01c5-498f-9125-0610069bcb4d)
2019-06-16 21:38:46.672 22706 RALLYDEBUG rally_openstack.cleanup.manager [-] Deleting neutron.network object s_rally_875be9fc_o4bi1L50 (3308a2b2-0e43-4592-ba0e-5530a6639a3c)
2019-06-16 21:38:46.673 22706 RALLYDEBUG rally_openstack.cleanup.manager [-] Deleting neutron.network object s_rally_875be9fc_fHfGpDRH (2d103b8c-bbec-468f-b5c3-e91e1b9f16a9)
2019-06-16 21:38:46.680 22706 RALLYDEBUG rally_openstack.cleanup.manager [-] Deleting neutron.network object s_rally_875be9fc_0u3UZSb6 (36a47cec-319a-4dcb-83b5-8a739af4659c)
2019-06-16 21:38:46.692 22706 RALLYDEBUG rally_openstack.cleanup.manager [-] Deleting neutron.network object s_rally_875be9fc_BPObte5f (7fa201f0-b557-4ae0-8a2c-ed7e635be22e)
2019-06-16 21:38:46.694 22706 RALLYDEBUG rally_openstack.cleanup.manager [-] Deleting neutron.network object s_rally_875be9fc_UnGtMJYl (84c84985-e7dd-4a3e-b03c-e875250db6d6)
2019-06-16 21:38:46.703 22706 RALLYDEBUG rally_openstack.cleanup.manager [-] Deleting neutron.network object s_rally_875be9fc_D3JDeMYN (8a862f88-75d0-450e-bf59-17a53b1446c1)
2019-06-16 21:38:46.717 22706 RALLYDEBUG rally_openstack.cleanup.manager [-] Deleting neutron.network object s_rally_875be9fc_5g2DUyFa (ebc9a230-3623-48e1-b8f3-865c643def2a)
2019-06-16 21:38:49.641 22706 RALLYDEBUG rally_openstack.cleanup.manager [-] Cleaning up neutron router objects
2019-06-16 21:38:50.318 22706 RALLYDEBUG rally_openstack.cleanup.manager [-] Cleaning up neutron security_group objects
2019-06-16 21:38:50.992 22706 INFO rally.task.context [-] Task 6e8b373d-e376-47d4-abb8-1410bc8878b4 | Context cleanup@openstack cleanup() finished in 1.02 min
2019-06-16 21:38:50.992 22706 INFO rally.task.context [-] Task 6e8b373d-e376-47d4-abb8-1410bc8878b4 | Context quotas@openstack cleanup() started
2019-06-16 21:38:51.220 22706 INFO rally.task.context [-] Task 6e8b373d-e376-47d4-abb8-1410bc8878b4 | Context quotas@openstack cleanup() finished in 0.23 sec
2019-06-16 21:38:51.220 22706 INFO rally.task.context [-] Task 6e8b373d-e376-47d4-abb8-1410bc8878b4 | Context users@openstack cleanup() started
2019-06-16 21:38:56.407 22706 INFO rally.task.context [-] Task 6e8b373d-e376-47d4-abb8-1410bc8878b4 | Context users@openstack cleanup() finished in 5.19 sec
2019-06-16 21:38:57.582 22706 INFO rally.task.engine [-] Load duration is: 93.072835
2019-06-16 21:38:57.583 22706 INFO rally.task.engine [-] Full runner duration is: 93.118938
2019-06-16 21:38:57.583 22706 INFO rally.task.engine [-] Full duration is: 165.447961
2019-06-16 21:38:57.806 22706 INFO rally.task.engine [-] Running workload: position = 1 config = { "version": 2, "title": "A cropped version of a bigger task.", "description": "Auto-generated task from a single workload (uuid=c578fff7-c318-48a7-ba30-5d7d1cc9b6c0)", "subtasks": [ { "title": "NeutronNetworks.create_and_update_ports", "description": "Create and update a given number of ports.", "scenario": { "NeutronNetworks.create_and_update_ports": { "network_create_args": {}, "port_create_args": {}, "ports_per_network": 5, "port_update_args": { "admin_state_up": false, "device_id": "dummy_id", "device_owner": "dummy_owner", "name": "_port_updated" } } }, "contexts": { "users": { "tenants": 1, "users_per_tenant": 1 }, "quotas": { "neutron": { "network": -1, "port": -1 } } }, "runner": { "constant": { "times": 40, "concurrency": 20 } }, "hooks": [], "sla": { "failure_rate": { "max": 0 } } } ] }
2019-06-16 21:38:57.827 22706 RALLYDEBUG rally_openstack.contexts.keystone.users [-] Creating 1 tenants using 20 threads
2019-06-16 21:38:59.870 22706 RALLYDEBUG rally_openstack.contexts.keystone.users [-] Creating 1 users using 20 threads
2019-06-16 21:39:02.706 22706 INFO rally.task.context [-] Task 6e8b373d-e376-47d4-abb8-1410bc8878b4 | Context users@openstack setup() finished in 4.88 sec
2019-06-16 21:39:03.614 22706 INFO rally.task.context [-] Task 6e8b373d-e376-47d4-abb8-1410bc8878b4 | Context quotas@openstack setup() finished in 0.91 sec
2019-06-16 21:39:03.615 22706 INFO rally.task.context [-] Task 6e8b373d-e376-47d4-abb8-1410bc8878b4 | Context cleanup@openstack setup() finished in 0.01 msec
2019-06-16 21:39:03.622 22706 RALLYDEBUG rally.task.runner [-] Starting the constant runner (task UUID: 6e8b373d-e376-47d4-abb8-1410bc8878b4). timeout: 0 concurrency: 20 concurrency_per_worker: 1 times: 40 concurrency_overhead: 4 processes_to_start: 16 max_cpu_used: 16
2019-06-16 21:39:03.632 26582 RALLYDEBUG rally.task.runner [-] Starting a worker. concurrency: 2 args: {"network_create_args": {}, "port_create_args": {}, "ports_per_network": 5, "port_update_args": {"admin_state_up": false, "device_id": "dummy_id", "device_owner": "dummy_owner", "name": "_port_updated"}} times: 40 method_name: run timeout: 0 duration: None cls:
2019-06-16 21:39:03.637 26583 RALLYDEBUG rally.task.runner [-] Starting a worker. concurrency: 2 args: {"network_create_args": {}, "port_create_args": {}, "ports_per_network": 5, "port_update_args": {"admin_state_up": false, "device_id": "dummy_id", "device_owner": "dummy_owner", "name": "_port_updated"}} times: 40 method_name: run timeout: 0 duration: None cls:
2019-06-16 21:39:03.640 26582 INFO rally.task.runner [-] Task 6e8b373d-e376-47d4-abb8-1410bc8878b4 | ITER: 1 START
2019-06-16 21:39:03.641 26584 RALLYDEBUG rally.task.runner [-] Starting a worker. concurrency: 2 args: {"network_create_args": {}, "port_create_args": {}, "ports_per_network": 5, "port_update_args": {"admin_state_up": false, "device_id": "dummy_id", "device_owner": "dummy_owner", "name": "_port_updated"}} times: 40 method_name: run timeout: 0 duration: None cls:
2019-06-16 21:39:03.642 26582 WARNING rally_openstack.scenarios.neutron.utils [-] Running this scenario without either the 'network' or 'existing_network' context is deprecated
2019-06-16 21:39:03.644 26583 INFO rally.task.runner [-] Task 6e8b373d-e376-47d4-abb8-1410bc8878b4 | ITER: 3 START
2019-06-16 21:39:03.645 26589 RALLYDEBUG rally.task.runner [-] Starting a worker. concurrency: 1 args: {"network_create_args": {}, "port_create_args": {}, "ports_per_network": 5, "port_update_args": {"admin_state_up": false, "device_id": "dummy_id", "device_owner": "dummy_owner", "name": "_port_updated"}} times: 40 method_name: run timeout: 0 duration: None cls:
2019-06-16 21:39:03.647 26583 WARNING rally_openstack.scenarios.neutron.utils [-] Running this scenario without either the 'network' or 'existing_network' context is deprecated
2019-06-16 21:39:03.646 26587 RALLYDEBUG rally.task.runner [-] Starting a worker. concurrency: 2 args: {"network_create_args": {}, "port_create_args": {}, "ports_per_network": 5, "port_update_args": {"admin_state_up": false, "device_id": "dummy_id", "device_owner": "dummy_owner", "name": "_port_updated"}} times: 40 method_name: run timeout: 0 duration: None cls:
2019-06-16 21:39:03.647 26584 INFO rally.task.runner [-] Task 6e8b373d-e376-47d4-abb8-1410bc8878b4 | ITER: 4 START
2019-06-16 21:39:03.650 26589 INFO rally.task.runner [-] Task 6e8b373d-e376-47d4-abb8-1410bc8878b4 | ITER: 6 START
2019-06-16 21:39:03.650 26584 WARNING rally_openstack.scenarios.neutron.utils [-] Running this scenario without either the 'network' or 'existing_network' context is deprecated
2019-06-16 21:39:03.651 26589 WARNING rally_openstack.scenarios.neutron.utils [-] Running this scenario without either the 'network' or 'existing_network' context is deprecated
2019-06-16 21:39:03.650 26592 RALLYDEBUG rally.task.runner [-] Starting a worker. concurrency: 1 args: {"network_create_args": {}, "port_create_args": {}, "ports_per_network": 5, "port_update_args": {"admin_state_up": false, "device_id": "dummy_id", "device_owner": "dummy_owner", "name": "_port_updated"}} times: 40 method_name: run timeout: 0 duration: None cls:
2019-06-16 21:39:03.642 26582 INFO rally.task.runner [-] Task 6e8b373d-e376-47d4-abb8-1410bc8878b4 | ITER: 2 START
2019-06-16 21:39:03.653 26582 WARNING rally_openstack.scenarios.neutron.utils [-] Running this scenario without either the 'network' or 'existing_network' context is deprecated
2019-06-16 21:39:03.656 26592 INFO rally.task.runner [-] Task 6e8b373d-e376-47d4-abb8-1410bc8878b4 | ITER: 9 START
2019-06-16 21:39:03.656 26598 RALLYDEBUG rally.task.runner [-] Starting a worker. concurrency: 1 args: {"network_create_args": {}, "port_create_args": {}, "ports_per_network": 5, "port_update_args": {"admin_state_up": false, "device_id": "dummy_id", "device_owner": "dummy_owner", "name": "_port_updated"}} times: 40 method_name: run timeout: 0 duration: None cls:
2019-06-16 21:39:03.657 26587 INFO rally.task.runner [-] Task 6e8b373d-e376-47d4-abb8-1410bc8878b4 | ITER: 8 START
2019-06-16 21:39:03.656 26595 RALLYDEBUG rally.task.runner [-] Starting a worker. concurrency: 1 args: {"network_create_args": {}, "port_create_args": {}, "ports_per_network": 5, "port_update_args": {"admin_state_up": false, "device_id": "dummy_id", "device_owner": "dummy_owner", "name": "_port_updated"}} times: 40 method_name: run timeout: 0 duration: None cls:
2019-06-16 21:39:03.658 26592 WARNING rally_openstack.scenarios.neutron.utils [-] Running this scenario without either the 'network' or 'existing_network' context is deprecated
2019-06-16 21:39:03.658 26587 WARNING rally_openstack.scenarios.neutron.utils [-] Running this scenario without either the 'network' or 'existing_network' context is deprecated
2019-06-16 21:39:03.660 26584 INFO rally.task.runner [-] Task 6e8b373d-e376-47d4-abb8-1410bc8878b4 | ITER: 7 START
2019-06-16 21:39:03.660 26583 INFO rally.task.runner [-] Task 6e8b373d-e376-47d4-abb8-1410bc8878b4 | ITER: 5 START
2019-06-16 21:39:03.661 26583 WARNING rally_openstack.scenarios.neutron.utils [-] Running this scenario without either the 'network' or 'existing_network' context is deprecated
2019-06-16 21:39:03.661 26598 INFO rally.task.runner [-] Task 6e8b373d-e376-47d4-abb8-1410bc8878b4 | ITER: 11 START
2019-06-16 21:39:03.662 26598 WARNING rally_openstack.scenarios.neutron.utils [-] Running this scenario without either the 'network' or 'existing_network' context is deprecated
2019-06-16 21:39:03.662 26584 WARNING rally_openstack.scenarios.neutron.utils [-] Running this scenario without either the 'network' or 'existing_network' context is deprecated
2019-06-16 21:39:03.662 26603 RALLYDEBUG rally.task.runner [-] Starting a worker. concurrency: 1 args: {"network_create_args": {}, "port_create_args": {}, "ports_per_network": 5, "port_update_args": {"admin_state_up": false, "device_id": "dummy_id", "device_owner": "dummy_owner", "name": "_port_updated"}} times: 40 method_name: run timeout: 0 duration: None cls:
2019-06-16 21:39:03.664 26595 INFO rally.task.runner [-] Task 6e8b373d-e376-47d4-abb8-1410bc8878b4 | ITER: 12 START
2019-06-16 21:39:03.666 26595 WARNING rally_openstack.scenarios.neutron.utils [-] Running this scenario without either the 'network' or 'existing_network' context is deprecated
2019-06-16 21:39:03.666 26609 RALLYDEBUG rally.task.runner [-] Starting a worker. concurrency: 1 args: {"network_create_args": {}, "port_create_args": {}, "ports_per_network": 5, "port_update_args": {"admin_state_up": false, "device_id": "dummy_id", "device_owner": "dummy_owner", "name": "_port_updated"}} times: 40 method_name: run timeout: 0 duration: None cls:
2019-06-16 21:39:03.668 26603 INFO rally.task.runner [-] Task 6e8b373d-e376-47d4-abb8-1410bc8878b4 | ITER: 13 START
2019-06-16 21:39:03.670 26603 WARNING rally_openstack.scenarios.neutron.utils [-] Running this scenario without either the 'network' or 'existing_network' context is deprecated
2019-06-16 21:39:03.671 26587 INFO rally.task.runner [-] Task 6e8b373d-e376-47d4-abb8-1410bc8878b4 | ITER: 10 START
2019-06-16 21:39:03.672 26587 WARNING rally_openstack.scenarios.neutron.utils [-] Running this scenario without either the 'network' or 'existing_network' context is deprecated
2019-06-16 21:39:03.672 26609 INFO rally.task.runner [-] Task 6e8b373d-e376-47d4-abb8-1410bc8878b4 | ITER: 14 START
2019-06-16 21:39:03.673 26609 WARNING rally_openstack.scenarios.neutron.utils [-] Running this scenario without either the 'network' or 'existing_network' context is deprecated
2019-06-16 21:39:03.680 26616 RALLYDEBUG rally.task.runner [-] Starting a worker. concurrency: 1 args: {"network_create_args": {}, "port_create_args": {}, "ports_per_network": 5, "port_update_args": {"admin_state_up": false, "device_id": "dummy_id", "device_owner": "dummy_owner", "name": "_port_updated"}} times: 40 method_name: run timeout: 0 duration: None cls:
2019-06-16 21:39:03.686 26616 INFO rally.task.runner [-] Task 6e8b373d-e376-47d4-abb8-1410bc8878b4 | ITER: 15 START
2019-06-16 21:39:03.688 26616 WARNING rally_openstack.scenarios.neutron.utils [-] Running this scenario without either the 'network' or 'existing_network' context is deprecated
2019-06-16 21:39:03.694 26617 RALLYDEBUG rally.task.runner [-] Starting a worker. concurrency: 1 args: {"network_create_args": {}, "port_create_args": {}, "ports_per_network": 5, "port_update_args": {"admin_state_up": false, "device_id": "dummy_id", "device_owner": "dummy_owner", "name": "_port_updated"}} times: 40 method_name: run timeout: 0 duration: None cls:
2019-06-16 21:39:03.698 26617 INFO rally.task.runner [-] Task 6e8b373d-e376-47d4-abb8-1410bc8878b4 | ITER: 16 START
2019-06-16 21:39:03.700 26617 WARNING rally_openstack.scenarios.neutron.utils [-] Running this scenario without either the 'network' or 'existing_network' context is deprecated
2019-06-16 21:39:03.700 26620 RALLYDEBUG rally.task.runner [-] Starting a worker. concurrency: 1 args: {"network_create_args": {}, "port_create_args": {}, "ports_per_network": 5, "port_update_args": {"admin_state_up": false, "device_id": "dummy_id", "device_owner": "dummy_owner", "name": "_port_updated"}} times: 40 method_name: run timeout: 0 duration: None cls:
2019-06-16 21:39:03.703 26623 RALLYDEBUG rally.task.runner [-] Starting a worker. concurrency: 1 args: {"network_create_args": {}, "port_create_args": {}, "ports_per_network": 5, "port_update_args": {"admin_state_up": false, "device_id": "dummy_id", "device_owner": "dummy_owner", "name": "_port_updated"}} times: 40 method_name: run timeout: 0 duration: None cls:
2019-06-16 21:39:03.705 26620 INFO rally.task.runner [-] Task 6e8b373d-e376-47d4-abb8-1410bc8878b4 | ITER: 17 START
2019-06-16 21:39:03.707 26623 INFO rally.task.runner [-] Task 6e8b373d-e376-47d4-abb8-1410bc8878b4 | ITER: 18 START
2019-06-16 21:39:03.707 26620 WARNING rally_openstack.scenarios.neutron.utils [-] Running this scenario without either the 'network' or 'existing_network' context is deprecated
2019-06-16 21:39:03.708 26623 WARNING rally_openstack.scenarios.neutron.utils [-] Running this scenario without either the 'network' or 'existing_network' context is deprecated
2019-06-16 21:39:03.708 26624 RALLYDEBUG rally.task.runner [-] Starting a worker. concurrency: 1 args: {"network_create_args": {}, "port_create_args": {}, "ports_per_network": 5, "port_update_args": {"admin_state_up": false, "device_id": "dummy_id", "device_owner": "dummy_owner", "name": "_port_updated"}} times: 40 method_name: run timeout: 0 duration: None cls:
2019-06-16 21:39:03.713 26624 INFO rally.task.runner [-] Task 6e8b373d-e376-47d4-abb8-1410bc8878b4 | ITER: 19 START
2019-06-16 21:39:03.715 26624 WARNING rally_openstack.scenarios.neutron.utils [-] Running this scenario without either the 'network' or 'existing_network' context is deprecated
2019-06-16 21:39:03.718 26629 RALLYDEBUG rally.task.runner [-] Starting a worker. concurrency: 1 args: {"network_create_args": {}, "port_create_args": {}, "ports_per_network": 5, "port_update_args": {"admin_state_up": false, "device_id": "dummy_id", "device_owner": "dummy_owner", "name": "_port_updated"}} times: 40 method_name: run timeout: 0 duration: None cls:
2019-06-16 21:39:03.723 26629 INFO rally.task.runner [-] Task 6e8b373d-e376-47d4-abb8-1410bc8878b4 | ITER: 20 START
2019-06-16 21:39:03.724 26629 WARNING rally_openstack.scenarios.neutron.utils [-] Running this scenario without either the 'network' or 'existing_network' context is deprecated
2019-06-16 21:39:16.348 26583 INFO rally.task.runner [-] Task 6e8b373d-e376-47d4-abb8-1410bc8878b4 | ITER: 5 END: OK
2019-06-16 21:39:16.352 26583 INFO rally.task.runner [-] Task 6e8b373d-e376-47d4-abb8-1410bc8878b4 | ITER: 21 START
2019-06-16 21:39:16.352 26583 WARNING rally_openstack.scenarios.neutron.utils [-] Running this scenario without either the 'network' or 'existing_network' context is deprecated
2019-06-16 21:39:17.436 26623 INFO rally.task.runner [-] Task 6e8b373d-e376-47d4-abb8-1410bc8878b4 | ITER: 18 END: OK
2019-06-16 21:39:17.441 26623 INFO rally.task.runner [-] Task 6e8b373d-e376-47d4-abb8-1410bc8878b4 | ITER: 22 START
2019-06-16 21:39:17.442 26623 WARNING rally_openstack.scenarios.neutron.utils [-] Running this scenario without either the 'network' or 'existing_network' context is deprecated
2019-06-16 21:39:17.654 26629 INFO rally.task.runner [-] Task 6e8b373d-e376-47d4-abb8-1410bc8878b4 | ITER: 20 END: OK
2019-06-16 21:39:17.658 26629 INFO rally.task.runner [-] Task 6e8b373d-e376-47d4-abb8-1410bc8878b4 | ITER: 23 START
2019-06-16 21:39:17.658 26629 WARNING rally_openstack.scenarios.neutron.utils [-] Running this scenario without either the 'network' or 'existing_network' context is deprecated
2019-06-16 21:39:17.776 26592 INFO rally.task.runner [-] Task 6e8b373d-e376-47d4-abb8-1410bc8878b4 | ITER: 9 END: OK
2019-06-16 21:39:17.781 26592 INFO rally.task.runner [-] Task 6e8b373d-e376-47d4-abb8-1410bc8878b4 | ITER: 24 START
2019-06-16 21:39:17.781 26592 WARNING rally_openstack.scenarios.neutron.utils [-] Running this scenario without either the 'network' or 'existing_network' context is deprecated
2019-06-16 21:39:17.840 26582 INFO rally.task.runner [-] Task 6e8b373d-e376-47d4-abb8-1410bc8878b4 | ITER: 2 END: OK
2019-06-16 21:39:17.843 26582 INFO rally.task.runner [-] Task 6e8b373d-e376-47d4-abb8-1410bc8878b4 | ITER: 25 START
2019-06-16 21:39:17.844 26582 WARNING rally_openstack.scenarios.neutron.utils [-] Running this scenario without either the 'network' or 'existing_network' context is deprecated
2019-06-16 21:39:18.019 26587 INFO rally.task.runner [-] Task 6e8b373d-e376-47d4-abb8-1410bc8878b4 | ITER: 8 END: OK
2019-06-16 21:39:18.024 26587 INFO rally.task.runner [-] Task 6e8b373d-e376-47d4-abb8-1410bc8878b4 | ITER: 26 START
2019-06-16 21:39:18.025 26587 WARNING rally_openstack.scenarios.neutron.utils [-] Running this scenario without either the 'network' or 'existing_network' context is deprecated
2019-06-16 21:39:18.036 26620 INFO rally.task.runner [-] Task 6e8b373d-e376-47d4-abb8-1410bc8878b4 | ITER: 17 END: OK
2019-06-16 21:39:18.041 26620 INFO rally.task.runner [-] Task 6e8b373d-e376-47d4-abb8-1410bc8878b4 | ITER: 27 START
2019-06-16 21:39:18.041 26620 WARNING rally_openstack.scenarios.neutron.utils [-] Running this scenario without either the 'network' or 'existing_network' context is deprecated
2019-06-16 21:39:18.156 26624 INFO rally.task.runner [-] Task 6e8b373d-e376-47d4-abb8-1410bc8878b4 | ITER: 19 END: OK
2019-06-16 21:39:18.159 26624 INFO rally.task.runner [-] Task 6e8b373d-e376-47d4-abb8-1410bc8878b4 | ITER: 28 START
2019-06-16 21:39:18.160 26624 WARNING rally_openstack.scenarios.neutron.utils [-] Running this scenario without either the 'network' or 'existing_network' context is deprecated
2019-06-16 21:39:18.524 26584 INFO rally.task.runner [-] Task 6e8b373d-e376-47d4-abb8-1410bc8878b4 | ITER: 4 END: OK
2019-06-16 21:39:18.528 26584 INFO rally.task.runner [-] Task 6e8b373d-e376-47d4-abb8-1410bc8878b4 | ITER: 29 START
2019-06-16 21:39:18.528 26584 WARNING rally_openstack.scenarios.neutron.utils [-] Running this scenario without either the 'network' or 'existing_network' context is deprecated
2019-06-16 21:39:19.117 26582 INFO rally.task.runner [-] Task 6e8b373d-e376-47d4-abb8-1410bc8878b4 | ITER: 1 END: OK
2019-06-16 21:39:19.121 26582 INFO rally.task.runner [-] Task 6e8b373d-e376-47d4-abb8-1410bc8878b4 | ITER: 30 START
2019-06-16 21:39:19.121 26582 WARNING rally_openstack.scenarios.neutron.utils [-] Running this scenario without either the 'network' or 'existing_network' context is deprecated
2019-06-16 21:39:19.303 26584 INFO rally.task.runner [-] Task 6e8b373d-e376-47d4-abb8-1410bc8878b4 | ITER: 7 END: OK
2019-06-16 21:39:19.306 26584 INFO rally.task.runner [-] Task 6e8b373d-e376-47d4-abb8-1410bc8878b4 | ITER: 31 START
2019-06-16 21:39:19.306 26584 WARNING rally_openstack.scenarios.neutron.utils [-] Running this scenario without either the 'network' or 'existing_network' context is deprecated
2019-06-16 21:39:19.833 26617 INFO rally.task.runner [-] Task 6e8b373d-e376-47d4-abb8-1410bc8878b4 | ITER: 16 END: OK
2019-06-16 21:39:19.838 26617 INFO rally.task.runner [-] Task 6e8b373d-e376-47d4-abb8-1410bc8878b4 | ITER: 32 START
2019-06-16 21:39:19.838 26617 WARNING rally_openstack.scenarios.neutron.utils [-] Running this scenario without either the 'network' or 'existing_network' context is deprecated
2019-06-16 21:39:20.029 26587 INFO rally.task.runner [-] Task 6e8b373d-e376-47d4-abb8-1410bc8878b4 | ITER: 10 END: OK
2019-06-16 21:39:20.033 26587 INFO rally.task.runner [-] Task 6e8b373d-e376-47d4-abb8-1410bc8878b4 | ITER: 33 START
2019-06-16 21:39:20.034 26587 WARNING rally_openstack.scenarios.neutron.utils [-] Running this scenario without either the 'network' or 'existing_network' context is deprecated
2019-06-16 21:39:20.047 26589 INFO rally.task.runner [-] Task 6e8b373d-e376-47d4-abb8-1410bc8878b4 | ITER: 6 END: OK
2019-06-16 21:39:20.053 26589 INFO rally.task.runner [-] Task 6e8b373d-e376-47d4-abb8-1410bc8878b4 | ITER: 34 START
2019-06-16 21:39:20.053 26589 WARNING rally_openstack.scenarios.neutron.utils [-] Running this scenario without either the 'network' or 'existing_network' context is deprecated
2019-06-16 21:39:20.078 26583 INFO rally.task.runner [-] Task 6e8b373d-e376-47d4-abb8-1410bc8878b4 | ITER: 3 END: OK
2019-06-16 21:39:20.082 26583 INFO rally.task.runner [-] Task 6e8b373d-e376-47d4-abb8-1410bc8878b4 | ITER: 35 START
2019-06-16 21:39:20.082 26583 WARNING rally_openstack.scenarios.neutron.utils [-] Running this scenario without either the 'network' or 'existing_network' context is deprecated
2019-06-16 21:39:20.276 26603 INFO rally.task.runner [-] Task 6e8b373d-e376-47d4-abb8-1410bc8878b4 | ITER: 13 END: OK
2019-06-16 21:39:20.281 26603 INFO rally.task.runner [-] Task 6e8b373d-e376-47d4-abb8-1410bc8878b4 | ITER: 36 START
2019-06-16 21:39:20.282 26603 WARNING rally_openstack.scenarios.neutron.utils [-] Running this scenario without either the 'network' or 'existing_network' context is deprecated
2019-06-16 21:39:20.288 26598 INFO rally.task.runner [-] Task 6e8b373d-e376-47d4-abb8-1410bc8878b4 | ITER: 11 END: OK
2019-06-16 21:39:20.292 26598 INFO rally.task.runner [-] Task 6e8b373d-e376-47d4-abb8-1410bc8878b4 | ITER: 37 START
2019-06-16 21:39:20.293 26598 WARNING rally_openstack.scenarios.neutron.utils [-] Running this scenario without either the 'network' or 'existing_network' context is deprecated
2019-06-16 21:39:20.418 26609 INFO rally.task.runner [-] Task 6e8b373d-e376-47d4-abb8-1410bc8878b4 | ITER: 14 END: OK
2019-06-16 21:39:20.423 26609 INFO rally.task.runner [-] Task 6e8b373d-e376-47d4-abb8-1410bc8878b4 | ITER: 38 START
2019-06-16 21:39:20.423 26609 WARNING rally_openstack.scenarios.neutron.utils [-] Running this scenario without either the 'network' or 'existing_network' context is deprecated
2019-06-16 21:39:21.126 26616 INFO rally.task.runner [-] Task 6e8b373d-e376-47d4-abb8-1410bc8878b4 | ITER: 15 END: OK
2019-06-16 21:39:21.131 26616 INFO rally.task.runner [-] Task 6e8b373d-e376-47d4-abb8-1410bc8878b4 | ITER: 39 START
2019-06-16 21:39:21.132 26616 WARNING rally_openstack.scenarios.neutron.utils [-] Running this scenario without either the 'network' or 'existing_network' context is deprecated
2019-06-16 21:39:21.353 26595 INFO rally.task.runner [-] Task 6e8b373d-e376-47d4-abb8-1410bc8878b4 | ITER: 12 END: OK
2019-06-16 21:39:21.358 26595 INFO rally.task.runner [-] Task 6e8b373d-e376-47d4-abb8-1410bc8878b4 | ITER: 40 START
2019-06-16 21:39:21.358 26595 WARNING rally_openstack.scenarios.neutron.utils [-] Running this scenario without either the 'network' or 'existing_network' context is deprecated
2019-06-16 21:39:28.731 26583 INFO rally.task.runner [-] Task 6e8b373d-e376-47d4-abb8-1410bc8878b4 | ITER: 21 END: OK
2019-06-16 21:39:31.453 26587 INFO rally.task.runner [-] Task 6e8b373d-e376-47d4-abb8-1410bc8878b4 | ITER: 26 END: OK
2019-06-16 21:39:31.771 26592 INFO rally.task.runner [-] Task 6e8b373d-e376-47d4-abb8-1410bc8878b4 | ITER: 24 END: OK
2019-06-16 21:39:32.255 26582 INFO rally.task.runner [-] Task 6e8b373d-e376-47d4-abb8-1410bc8878b4 | ITER: 25 END: OK
2019-06-16 21:39:32.366 26624 INFO rally.task.runner [-] Task 6e8b373d-e376-47d4-abb8-1410bc8878b4 | ITER: 28 END: OK
2019-06-16 21:39:32.906 26629 INFO rally.task.runner [-] Task 6e8b373d-e376-47d4-abb8-1410bc8878b4 | ITER: 23 END: OK
2019-06-16 21:39:33.078 26620 INFO rally.task.runner [-] Task 6e8b373d-e376-47d4-abb8-1410bc8878b4 | ITER: 27 END: OK
2019-06-16 21:39:33.383 26584 INFO rally.task.runner [-] Task 6e8b373d-e376-47d4-abb8-1410bc8878b4 | ITER: 29 END: OK
2019-06-16 21:39:33.600 26623 INFO rally.task.runner [-] Task 6e8b373d-e376-47d4-abb8-1410bc8878b4 | ITER: 22 END: OK
2019-06-16 21:39:34.158 26584 INFO rally.task.runner [-] Task 6e8b373d-e376-47d4-abb8-1410bc8878b4 | ITER: 31 END: OK
2019-06-16 21:39:34.573 26587 INFO rally.task.runner [-] Task 6e8b373d-e376-47d4-abb8-1410bc8878b4 | ITER: 33 END: OK
2019-06-16 21:39:34.609 26609 INFO rally.task.runner [-] Task 6e8b373d-e376-47d4-abb8-1410bc8878b4 | ITER: 38 END: OK
2019-06-16 21:39:34.731 26616 INFO rally.task.runner [-] Task 6e8b373d-e376-47d4-abb8-1410bc8878b4 | ITER: 39 END: OK
2019-06-16 21:39:34.992 26603 INFO rally.task.runner [-] Task 6e8b373d-e376-47d4-abb8-1410bc8878b4 | ITER: 36 END: OK
2019-06-16 21:39:34.998 26589 INFO rally.task.runner [-] Task 6e8b373d-e376-47d4-abb8-1410bc8878b4 | ITER: 34 END: OK
2019-06-16 21:39:35.174 26582 INFO rally.task.runner [-] Task 6e8b373d-e376-47d4-abb8-1410bc8878b4 | ITER: 30 END: OK
2019-06-16 21:39:35.223 26583 INFO rally.task.runner [-] Task 6e8b373d-e376-47d4-abb8-1410bc8878b4 | ITER: 35 END: OK
2019-06-16 21:39:35.508 26617 INFO rally.task.runner [-] Task 6e8b373d-e376-47d4-abb8-1410bc8878b4 | ITER: 32 END: OK
2019-06-16 21:39:35.735 26598 INFO rally.task.runner [-] Task 6e8b373d-e376-47d4-abb8-1410bc8878b4 | ITER: 37 END: OK
2019-06-16 21:39:35.835 26595 INFO rally.task.runner [-] Task 6e8b373d-e376-47d4-abb8-1410bc8878b4 | ITER: 40 END: OK
2019-06-16 21:39:35.864 22706 INFO rally.task.context [-] Task 6e8b373d-e376-47d4-abb8-1410bc8878b4 | Context cleanup@openstack cleanup() started
2019-06-16 21:39:35.866 22706 RALLYDEBUG rally_openstack.cleanup.manager [-] Cleaning up neutron vip objects
2019-06-16 21:39:36.610 22706 RALLYDEBUG rally_openstack.cleanup.manager [-] Cleaning up neutron health_monitor objects
2019-06-16 21:39:37.351 22706 RALLYDEBUG rally_openstack.cleanup.manager [-] Cleaning up neutron pool objects
2019-06-16 21:39:37.990 22706 RALLYDEBUG rally_openstack.cleanup.manager [-] Cleaning up neutron loadbalancer objects
2019-06-16 21:39:38.854 22706 RALLYDEBUG rally_openstack.cleanup.manager [-] Cleaning up neutron floatingip objects
2019-06-16 21:39:39.620 22706 RALLYDEBUG rally_openstack.cleanup.manager [-] Cleaning up neutron port objects
2019-06-16 21:39:40.720 22706 RALLYDEBUG rally_openstack.cleanup.manager [-] Deleting neutron.port object s_rally_c578fff7_K9tinue6 (0b710983-8f91-4e93-a690-d319fa6d852f)
2019-06-16 21:39:40.724 22706 RALLYDEBUG rally_openstack.cleanup.manager [-] Deleting neutron.port object s_rally_c578fff7_axXuuEEz (0d07ae92-3634-400e-b98e-579fe8d7c5f4)
2019-06-16 21:39:40.726 22706 RALLYDEBUG rally_openstack.cleanup.manager [-] Deleting neutron.port object s_rally_c578fff7_y7D9EPuZ (009ed5b5-3635-401e-8675-048de39c4051)
2019-06-16 21:39:40.726 22706 RALLYDEBUG rally_openstack.cleanup.manager [-] Deleting neutron.port object s_rally_c578fff7_BDVe2c1J (00c809d8-a129-467e-879e-9281d3c3e68d)
2019-06-16 21:39:40.727 22706 RALLYDEBUG rally_openstack.cleanup.manager [-] Deleting neutron.port object s_rally_c578fff7_RTsjJxAD (03dda70e-9912-4a47-80f0-08c6446afa63)
2019-06-16 21:39:40.735 22706 RALLYDEBUG rally_openstack.cleanup.manager [-] Deleting neutron.port object s_rally_c578fff7_2ZXC7Ewa (0dae6704-8df8-4189-9555-dd69466844ec)
2019-06-16 21:39:40.736 22706 RALLYDEBUG rally_openstack.cleanup.manager [-] Deleting neutron.port object s_rally_c578fff7_BPklB0ni (0fae6dfe-f3ee-413a-8722-e95696e679ba)
2019-06-16 21:39:40.752 22706 RALLYDEBUG rally_openstack.cleanup.manager [-] Deleting neutron.port object s_rally_c578fff7_eUfqrDU2 (11e11988-3b7c-491b-96f2-ec3919501e3d)
2019-06-16 21:39:40.756 22706 RALLYDEBUG rally_openstack.cleanup.manager [-] Deleting neutron.port object s_rally_c578fff7_jbsjy6Gd (159e6da8-844f-4077-bc41-9c2faffef437)
2019-06-16 21:39:40.756 22706 RALLYDEBUG rally_openstack.cleanup.manager [-] Deleting neutron.port object s_rally_c578fff7_85xjcJ5i (04ab8165-da9e-4bcb-a049-6ae7a3151a33)
2019-06-16 21:39:40.761 22706 RALLYDEBUG rally_openstack.cleanup.manager [-] Deleting neutron.port object s_rally_c578fff7_gx3dkAMZ (16a43761-0581-47c8-9a73-eb673a46d11a)
2019-06-16 21:39:40.765 22706 RALLYDEBUG rally_openstack.cleanup.manager [-] Deleting neutron.port object s_rally_c578fff7_L8KNRPS5 (089afc89-832c-4ac1-a06a-525ba7dfebaa)
2019-06-16 21:39:40.769 22706 RALLYDEBUG rally_openstack.cleanup.manager [-] Deleting neutron.port object s_rally_c578fff7_RpusNGBN (09dbad19-ba5d-4503-97a1-2526e2989198)
2019-06-16 21:39:40.772 22706 RALLYDEBUG rally_openstack.cleanup.manager [-] Deleting neutron.port object s_rally_c578fff7_Aw9nvZ6u (170f68a1-1e19-4018-97b4-b33558cac48b)
2019-06-16 21:39:40.782 22706 RALLYDEBUG rally_openstack.cleanup.manager [-] Deleting neutron.port object s_rally_c578fff7_ytISJ3nB (1816ac6b-e705-44f2-a610-1b934bd95c59)
2019-06-16 21:39:40.785 22706 RALLYDEBUG rally_openstack.cleanup.manager [-] Deleting neutron.port object s_rally_c578fff7_zC7f7o84 (19b512c9-fc47-496f-9aaa-9187f5dab0c6)
2019-06-16 21:39:40.790 22706 RALLYDEBUG rally_openstack.cleanup.manager [-] Deleting neutron.port object s_rally_c578fff7_zwL3jT6A (19d38631-b203-439d-956a-f88dc4e65d31)
2019-06-16 21:39:40.814 22706 RALLYDEBUG rally_openstack.cleanup.manager [-] Deleting neutron.port object s_rally_c578fff7_0OMbGUUA (1b2dfa83-0366-4ff4-80cf-8d249cc27fd3)
2019-06-16 21:39:40.835 22706 RALLYDEBUG rally_openstack.cleanup.manager [-] Deleting neutron.port object s_rally_c578fff7_wGa44wdr (23387ce5-cbe1-46df-9485-bee3a840aec3)
2019-06-16 21:39:40.838 22706 RALLYDEBUG rally_openstack.cleanup.manager [-] Deleting neutron.port object s_rally_c578fff7_aLP0Z1yX (1efe6e25-4c99-48d2-b40b-5e228b28e4de)
2019-06-16 21:39:43.303 22706 RALLYDEBUG rally_openstack.cleanup.manager [-] Deleting neutron.port object s_rally_c578fff7_ytOwEgy1 (24d86b25-90c1-4250-bfb8-f700af9c9b63)
2019-06-16 21:39:43.332 22706 RALLYDEBUG rally_openstack.cleanup.manager [-] Deleting neutron.port object s_rally_c578fff7_NYAJjukd (25b91d73-8d20-4e89-b7a6-518a3dc3086b)
2019-06-16 21:39:43.366 22706 RALLYDEBUG rally_openstack.cleanup.manager [-] Deleting neutron.port object s_rally_c578fff7_xDgPsYZD (29b63272-74b5-4ef5-b646-204c55e7a1ab)
2019-06-16 21:39:43.373 22706 RALLYDEBUG rally_openstack.cleanup.manager [-] Deleting neutron.port object s_rally_c578fff7_zsYJZeCw (2b30f7de-0882-454e-980c-463e3c024580)
2019-06-16 21:39:43.428 22706 RALLYDEBUG rally_openstack.cleanup.manager [-] Deleting neutron.port object s_rally_c578fff7_tyUkyMsM (2c8c3835-e1de-4eea-9413-f82d317fcb34)
2019-06-16 21:39:43.498 22706 RALLYDEBUG rally_openstack.cleanup.manager [-] Deleting neutron.port object s_rally_c578fff7_HZoUApCZ (2d8e8791-f0ca-4bac-ab6f-e34c5e22a437)
2019-06-16 21:39:43.503 22706 RALLYDEBUG rally_openstack.cleanup.manager [-] Deleting neutron.port object s_rally_c578fff7_biruaRlY (2f394f96-429c-449d-b2ef-3700fb2d8a61)
2019-06-16 21:39:43.559 22706 RALLYDEBUG rally_openstack.cleanup.manager [-] Deleting neutron.port object s_rally_c578fff7_iiSSDQk1 (2f4bebee-b208-41bb-b334-d73c1c7bcb9c)
2019-06-16 21:39:43.582 22706 RALLYDEBUG rally_openstack.cleanup.manager [-] Deleting neutron.port object s_rally_c578fff7_gpiqS3lc (31201008-c0d3-49bf-b0cc-769f5420c957)
2019-06-16 21:39:43.634 22706 RALLYDEBUG rally_openstack.cleanup.manager [-] Deleting neutron.port object s_rally_c578fff7_ITC7TzAi (3227ff1f-3c8c-45d2-ad48-d48bb4e1041a)
2019-06-16 21:39:43.710 22706 RALLYDEBUG rally_openstack.cleanup.manager [-] Deleting neutron.port object s_rally_c578fff7_LRpKEEKk (32f58057-8fec-4902-be4c-102815eb36a3)
2019-06-16 21:39:43.738 22706 RALLYDEBUG rally_openstack.cleanup.manager [-] Deleting neutron.port object s_rally_c578fff7_soK9qmwM (3316a972-9034-45a6-87bc-93113f7db984)
2019-06-16 21:39:43.837 22706 RALLYDEBUG rally_openstack.cleanup.manager [-] Deleting neutron.port object s_rally_c578fff7_sOokACve (35854ca8-4760-4059-82a1-3a938ae1b535)
2019-06-16 21:39:43.886 22706 RALLYDEBUG rally_openstack.cleanup.manager [-] Deleting neutron.port object s_rally_c578fff7_V9VzfP0U (37407f9e-b09d-469c-a42d-3e4bd401ad68)
2019-06-16 21:39:43.886 22706 RALLYDEBUG rally_openstack.cleanup.manager [-] Deleting neutron.port object s_rally_c578fff7_qwEgAWHY (376280b7-822d-40a9-92ff-2603c3f2082f)
2019-06-16 21:39:43.917 22706 RALLYDEBUG rally_openstack.cleanup.manager [-] Deleting neutron.port object s_rally_c578fff7_3KqSLw02 (37b49097-ec2f-40a2-8d09-874ed75ab660)
2019-06-16 21:39:43.980 22706 RALLYDEBUG rally_openstack.cleanup.manager [-] Deleting neutron.port object s_rally_c578fff7_5durg2so (3807a2d7-1b27-42b8-95ff-62b5ccc06729)
2019-06-16 21:39:44.003 22706 RALLYDEBUG rally_openstack.cleanup.manager [-] Deleting neutron.port object s_rally_c578fff7_hCbwXbPF (3a162d52-6f4a-477d-b7bc-623f972a8709)
2019-06-16 21:39:44.127 22706 RALLYDEBUG rally_openstack.cleanup.manager [-] Deleting neutron.port object s_rally_c578fff7_0VT2gqzZ (3a7a0967-6592-4440-bd7d-fb95d6a49df8)
2019-06-16 21:39:44.179 22706 RALLYDEBUG rally_openstack.cleanup.manager [-] Deleting neutron.port object s_rally_c578fff7_blPJlYqV (3aac670c-4758-458b-8c86-5ce41c116ada)
2019-06-16 21:39:45.644 22706 RALLYDEBUG rally_openstack.cleanup.manager [-] Deleting neutron.port object s_rally_c578fff7_OVXYad20 (3d1fc4e1-1b71-4d55-acd1-d9a42fdaa6a2)
2019-06-16 21:39:45.683 22706 RALLYDEBUG rally_openstack.cleanup.manager [-] Deleting neutron.port object s_rally_c578fff7_KllUDgBI (3ebad533-5195-41e6-af48-6653e809a690)
2019-06-16 21:39:45.791 22706 RALLYDEBUG rally_openstack.cleanup.manager [-] Deleting neutron.port object s_rally_c578fff7_naFxpImu (43fa88bb-31f9-4651-8e82-ca98ff8269b4)
2019-06-16 21:39:45.810 22706 RALLYDEBUG rally_openstack.cleanup.manager [-] Deleting neutron.port object s_rally_c578fff7_MdSmBktX (44744cb3-1ea1-43e2-8db6-d7aaf824927f)
2019-06-16 21:39:45.840 22706 RALLYDEBUG rally_openstack.cleanup.manager [-] Deleting neutron.port object s_rally_c578fff7_1HzYjY11 (4873d60b-6950-4f82-8fcc-28bceb80871f)
2019-06-16 21:39:45.867 22706 RALLYDEBUG rally_openstack.cleanup.manager [-] Deleting neutron.port object s_rally_c578fff7_nK6PuNRe (48b5f771-1734-40a5-ad21-aa8f9d4ed7ac)
2019-06-16 21:39:45.896 22706 RALLYDEBUG rally_openstack.cleanup.manager [-] Deleting neutron.port object s_rally_c578fff7_8GCX1JIJ (491777fe-60ae-41f0-b3e3-d88098f3b5ef)
2019-06-16 21:39:46.044 22706 RALLYDEBUG rally_openstack.cleanup.manager [-] Deleting neutron.port object s_rally_c578fff7_3mHkCyk8 (4994862d-8b69-4d82-8a02-beeaa2808c7a)
2019-06-16 21:39:46.065 22706 RALLYDEBUG rally_openstack.cleanup.manager [-] Deleting neutron.port object s_rally_c578fff7_kmWomLMO (49962887-9e62-4a28-a749-88d68f51b3ef)
2019-06-16 21:39:46.090 22706 RALLYDEBUG rally_openstack.cleanup.manager [-] Deleting neutron.port object s_rally_c578fff7_CSvxEYpd (4a538415-2477-40a1-a6c8-d03c8bc06543)
2019-06-16 21:39:46.126 22706 RALLYDEBUG rally_openstack.cleanup.manager [-] Deleting neutron.port object s_rally_c578fff7_CpS7UE4B (4a6cbf83-b651-47cb-9b2d-bea89ba044f5)
2019-06-16 21:39:46.150 22706 RALLYDEBUG rally_openstack.cleanup.manager [-] Deleting neutron.port object s_rally_c578fff7_2WJ2k19v (4b746539-3f2a-4a60-bcf4-ac0de0f87e4d)
2019-06-16 21:39:46.172 22706 RALLYDEBUG rally_openstack.cleanup.manager [-] Deleting neutron.port object s_rally_c578fff7_bKD9cenn (4b799ac1-e84f-4a09-99f7-0537e996d5fc)
2019-06-16 21:39:46.451 22706 RALLYDEBUG rally_openstack.cleanup.manager [-] Deleting neutron.port object s_rally_c578fff7_B9OJryGE (4d2149db-e60f-497e-b3b6-b6c0fb2f3d1d)
2019-06-16 21:39:46.495 22706 RALLYDEBUG rally_openstack.cleanup.manager [-] Deleting neutron.port object s_rally_c578fff7_Q6qodT4b (4d6fc154-4988-4f64-bbc6-052987cebfc2)
2019-06-16 21:39:46.509 22706 RALLYDEBUG rally_openstack.cleanup.manager [-] Deleting neutron.port object s_rally_c578fff7_9mYds9bY (4d8532d2-156f-48e9-b71f-fbafefe3b9e0)
2019-06-16 21:39:46.652 22706 RALLYDEBUG rally_openstack.cleanup.manager [-] Deleting neutron.port object s_rally_c578fff7_uAaEW6OO (4ec74378-3cef-44f9-bb57-429fc33b3cb6)
2019-06-16 21:39:46.717 22706 RALLYDEBUG rally_openstack.cleanup.manager [-] Deleting neutron.port object s_rally_c578fff7_8iSfpuNQ (4ed0a421-bc32-418b-88e7-62758e5538de)
2019-06-16 21:39:46.993 22706 RALLYDEBUG rally_openstack.cleanup.manager [-] Deleting neutron.port object s_rally_c578fff7_oibHX5uk (50718e7c-31c9-45b4-a377-ad014427e7bb)
2019-06-16 21:39:46.994 22706 RALLYDEBUG rally_openstack.cleanup.manager [-] Deleting neutron.port object s_rally_c578fff7_CyqWchtt (5107ca4e-edb2-4700-af11-fbc04456c18b)
2019-06-16 21:39:48.081 22706 RALLYDEBUG rally_openstack.cleanup.manager [-] Deleting neutron.port object s_rally_c578fff7_5RY4tBFr (511ff7ff-39c3-4c70-af91-7a6a885998af)
2019-06-16 21:39:48.227 22706 RALLYDEBUG rally_openstack.cleanup.manager [-] Deleting neutron.port object s_rally_c578fff7_5OpoaJHv (54d039b3-ffab-4535-9430-29bd7d9b5c3c)
2019-06-16 21:39:48.367 22706 RALLYDEBUG rally_openstack.cleanup.manager [-] Deleting neutron.port object s_rally_c578fff7_axuCbjUP (54e83eb6-f891-440b-8a5d-eb023a641a7d)
2019-06-16 21:39:48.528 22706 RALLYDEBUG rally_openstack.cleanup.manager [-] Deleting neutron.port object s_rally_c578fff7_V09SyZ33 (54fddec5-e331-4194-a1a5-f3e62ecddefe)
2019-06-16 21:39:48.553 22706 RALLYDEBUG rally_openstack.cleanup.manager [-] Deleting neutron.port object s_rally_c578fff7_lem2nszl (550e8985-ff4b-4675-8582-7dc1b519ecfe)
2019-06-16 21:39:48.563 22706 RALLYDEBUG rally_openstack.cleanup.manager [-] Deleting neutron.port object s_rally_c578fff7_UnZ3QDm0 (56681a78-c597-4b71-b3d7-395e0e5a463a)
2019-06-16 21:39:48.663 22706 RALLYDEBUG rally_openstack.cleanup.manager [-] Deleting neutron.port object s_rally_c578fff7_ebNWxhmR (56a0ba38-f8d5-4745-8f4a-2b7723037934)
2019-06-16 21:39:48.761 22706 RALLYDEBUG rally_openstack.cleanup.manager [-] Deleting neutron.port object s_rally_c578fff7_Z2OAnzBC (57480b08-bf04-4e2c-a04f-b8dc2513080c)
2019-06-16 21:39:48.765 22706 RALLYDEBUG rally_openstack.cleanup.manager [-] Deleting neutron.port object s_rally_c578fff7_31DvQTeo (574dd6cc-6371-458c-9542-dfb9ee52bc07)
