2019-06-16 21:25:29.567 24805 WARNING rally_openstack.scenarios.neutron.utils [-] Running this scenario without either the 'network' or 'existing_network' context is deprecated
2019-06-16 21:25:29.566 24818 RALLYDEBUG rally.task.runner [-] Starting a worker. concurrency: 1 args: {"network_create_args": {}, "subnet_create_args": {}, "subnet_cidr_start": "1.1.0.0/30", "subnets_per_network": 2} times: 40 method_name: run timeout: 0 duration: None cls:
2019-06-16 21:25:29.566 24801 INFO rally.task.runner [-] Task 6e8b373d-e376-47d4-abb8-1410bc8878b4 | ITER: 6 START
2019-06-16 21:25:29.560 24802 WARNING rally_openstack.scenarios.neutron.utils [-] Running this scenario without either the 'network' or 'existing_network' context is deprecated
2019-06-16 21:25:29.568 24801 WARNING rally_openstack.scenarios.neutron.utils [-] Running this scenario without either the 'network' or 'existing_network' context is deprecated
2019-06-16 21:25:29.569 24803 WARNING rally_openstack.scenarios.neutron.utils [-] Running this scenario without either the 'network' or 'existing_network' context is deprecated
2019-06-16 21:25:29.570 24813 INFO rally.task.runner [-] Task 6e8b373d-e376-47d4-abb8-1410bc8878b4 | ITER: 11 START
2019-06-16 21:25:29.571 24815 INFO rally.task.runner [-] Task 6e8b373d-e376-47d4-abb8-1410bc8878b4 | ITER: 10 START
2019-06-16 21:25:29.571 24803 INFO rally.task.runner [-] Task 6e8b373d-e376-47d4-abb8-1410bc8878b4 | ITER: 9 START
2019-06-16 21:25:29.571 24813 WARNING rally_openstack.scenarios.neutron.utils [-] Running this scenario without either the 'network' or 'existing_network' context is deprecated
2019-06-16 21:25:29.571 24803 WARNING rally_openstack.scenarios.neutron.utils [-] Running this scenario without either the 'network' or 'existing_network' context is deprecated
2019-06-16 21:25:29.572 24815 WARNING rally_openstack.scenarios.neutron.utils [-] Running this scenario without either the 'network' or 'existing_network' context is deprecated
2019-06-16 21:25:29.572 24818 INFO rally.task.runner [-] Task 6e8b373d-e376-47d4-abb8-1410bc8878b4 | ITER: 12 START
2019-06-16 21:25:29.573 24818 WARNING rally_openstack.scenarios.neutron.utils [-] Running this scenario without either the 'network' or 'existing_network' context is deprecated
2019-06-16 21:25:29.573 24822 RALLYDEBUG rally.task.runner [-] Starting a worker. concurrency: 1 args: {"network_create_args": {}, "subnet_create_args": {}, "subnet_cidr_start": "1.1.0.0/30", "subnets_per_network": 2} times: 40 method_name: run timeout: 0 duration: None cls:
2019-06-16 21:25:29.575 24824 RALLYDEBUG rally.task.runner [-] Starting a worker. concurrency: 1 args: {"network_create_args": {}, "subnet_create_args": {}, "subnet_cidr_start": "1.1.0.0/30", "subnets_per_network": 2} times: 40 method_name: run timeout: 0 duration: None cls:
2019-06-16 21:25:29.580 24822 INFO rally.task.runner [-] Task 6e8b373d-e376-47d4-abb8-1410bc8878b4 | ITER: 13 START
2019-06-16 21:25:29.579 24830 RALLYDEBUG rally.task.runner [-] Starting a worker. concurrency: 1 args: {"network_create_args": {}, "subnet_create_args": {}, "subnet_cidr_start": "1.1.0.0/30", "subnets_per_network": 2} times: 40 method_name: run timeout: 0 duration: None cls:
2019-06-16 21:25:29.581 24822 WARNING rally_openstack.scenarios.neutron.utils [-] Running this scenario without either the 'network' or 'existing_network' context is deprecated
2019-06-16 21:25:29.581 24824 INFO rally.task.runner [-] Task 6e8b373d-e376-47d4-abb8-1410bc8878b4 | ITER: 14 START
2019-06-16 21:25:29.582 24824 WARNING rally_openstack.scenarios.neutron.utils [-] Running this scenario without either the 'network' or 'existing_network' context is deprecated
2019-06-16 21:25:29.584 24830 INFO rally.task.runner [-] Task 6e8b373d-e376-47d4-abb8-1410bc8878b4 | ITER: 15 START
2019-06-16 21:25:29.585 24830 WARNING rally_openstack.scenarios.neutron.utils [-] Running this scenario without either the 'network' or 'existing_network' context is deprecated
2019-06-16 21:25:29.588 24835 RALLYDEBUG rally.task.runner [-] Starting a worker. concurrency: 1 args: {"network_create_args": {}, "subnet_create_args": {}, "subnet_cidr_start": "1.1.0.0/30", "subnets_per_network": 2} times: 40 method_name: run timeout: 0 duration: None cls:
2019-06-16 21:25:29.593 24835 INFO rally.task.runner [-] Task 6e8b373d-e376-47d4-abb8-1410bc8878b4 | ITER: 16 START
2019-06-16 21:25:29.593 24838 RALLYDEBUG rally.task.runner [-] Starting a worker. concurrency: 1 args: {"network_create_args": {}, "subnet_create_args": {}, "subnet_cidr_start": "1.1.0.0/30", "subnets_per_network": 2} times: 40 method_name: run timeout: 0 duration: None cls:
2019-06-16 21:25:29.594 24835 WARNING rally_openstack.scenarios.neutron.utils [-] Running this scenario without either the 'network' or 'existing_network' context is deprecated
2019-06-16 21:25:29.597 24838 INFO rally.task.runner [-] Task 6e8b373d-e376-47d4-abb8-1410bc8878b4 | ITER: 17 START
2019-06-16 21:25:29.598 24838 WARNING rally_openstack.scenarios.neutron.utils [-] Running this scenario without either the 'network' or 'existing_network' context is deprecated
2019-06-16 21:25:29.605 24841 RALLYDEBUG rally.task.runner [-] Starting a worker. concurrency: 1 args: {"network_create_args": {}, "subnet_create_args": {}, "subnet_cidr_start": "1.1.0.0/30", "subnets_per_network": 2} times: 40 method_name: run timeout: 0 duration: None cls:
2019-06-16 21:25:29.610 24841 INFO rally.task.runner [-] Task 6e8b373d-e376-47d4-abb8-1410bc8878b4 | ITER: 18 START
2019-06-16 21:25:29.610 24844 RALLYDEBUG rally.task.runner [-] Starting a worker. concurrency: 1 args: {"network_create_args": {}, "subnet_create_args": {}, "subnet_cidr_start": "1.1.0.0/30", "subnets_per_network": 2} times: 40 method_name: run timeout: 0 duration: None cls:
2019-06-16 21:25:29.612 24841 WARNING rally_openstack.scenarios.neutron.utils [-] Running this scenario without either the 'network' or 'existing_network' context is deprecated
2019-06-16 21:25:29.614 24844 INFO rally.task.runner [-] Task 6e8b373d-e376-47d4-abb8-1410bc8878b4 | ITER: 19 START
2019-06-16 21:25:29.614 24846 RALLYDEBUG rally.task.runner [-] Starting a worker. concurrency: 1 args: {"network_create_args": {}, "subnet_create_args": {}, "subnet_cidr_start": "1.1.0.0/30", "subnets_per_network": 2} times: 40 method_name: run timeout: 0 duration: None cls:
2019-06-16 21:25:29.616 24844 WARNING rally_openstack.scenarios.neutron.utils [-] Running this scenario without either the 'network' or 'existing_network' context is deprecated
2019-06-16 21:25:29.618 24846 INFO rally.task.runner [-] Task 6e8b373d-e376-47d4-abb8-1410bc8878b4 | ITER: 20 START
2019-06-16 21:25:29.619 24846 WARNING rally_openstack.scenarios.neutron.utils [-] Running this scenario without either the 'network' or 'existing_network' context is deprecated
2019-06-16 21:25:31.220 24830 RALLYDEBUG rally_openstack.wrappers.network [-] CIDR generated: 1.1.4.96/30
2019-06-16 21:25:31.529 24844 RALLYDEBUG rally_openstack.wrappers.network [-] CIDR generated: 1.1.4.100/30
2019-06-16 21:25:31.541 24824 RALLYDEBUG rally_openstack.wrappers.network [-] CIDR generated: 1.1.4.104/30
2019-06-16 21:25:31.565 24801 RALLYDEBUG rally_openstack.wrappers.network [-] CIDR generated: 1.1.4.108/30
2019-06-16 21:25:31.583 24838 RALLYDEBUG rally_openstack.wrappers.network [-] CIDR generated: 1.1.4.112/30
2019-06-16 21:25:31.595 24800 RALLYDEBUG rally_openstack.wrappers.network [-] CIDR generated: 1.1.4.116/30
2019-06-16 21:25:31.633 24818 RALLYDEBUG rally_openstack.wrappers.network [-] CIDR generated: 1.1.4.120/30
2019-06-16 21:25:31.634 24846 RALLYDEBUG rally_openstack.wrappers.network [-] CIDR generated: 1.1.4.124/30
2019-06-16 21:25:31.674 24803 RALLYDEBUG rally_openstack.wrappers.network [-] CIDR generated: 1.1.4.128/30
2019-06-16 21:25:31.770 24835 RALLYDEBUG rally_openstack.wrappers.network [-] CIDR generated: 1.1.4.132/30
2019-06-16 21:25:31.827 24802 RALLYDEBUG rally_openstack.wrappers.network [-] CIDR generated: 1.1.4.136/30
2019-06-16 21:25:31.858 24805 RALLYDEBUG rally_openstack.wrappers.network [-] CIDR generated: 1.1.4.140/30
2019-06-16 21:25:31.869 24802 RALLYDEBUG rally_openstack.wrappers.network [-] CIDR generated: 1.1.4.144/30
2019-06-16 21:25:31.889 24813 RALLYDEBUG rally_openstack.wrappers.network [-] CIDR generated: 1.1.4.148/30
2019-06-16 21:25:32.152 24822 RALLYDEBUG rally_openstack.wrappers.network [-] CIDR generated: 1.1.4.152/30
2019-06-16 21:25:32.207 24801 RALLYDEBUG rally_openstack.wrappers.network [-] CIDR generated: 1.1.4.156/30
2019-06-16 21:25:32.304 24800 RALLYDEBUG rally_openstack.wrappers.network [-] CIDR generated: 1.1.4.160/30
2019-06-16 21:25:32.468 24841 RALLYDEBUG rally_openstack.wrappers.network [-] CIDR generated: 1.1.4.164/30
2019-06-16 21:25:32.481 24803 RALLYDEBUG rally_openstack.wrappers.network [-] CIDR generated: 1.1.4.168/30
2019-06-16 21:25:32.521 24815 RALLYDEBUG rally_openstack.wrappers.network [-] CIDR generated: 1.1.4.172/30
2019-06-16 21:25:33.565 24800 RALLYDEBUG rally_openstack.wrappers.network [-] CIDR generated: 1.1.4.176/30
2019-06-16 21:25:33.637 24805 RALLYDEBUG rally_openstack.wrappers.network [-] CIDR generated: 1.1.4.180/30
2019-06-16 21:25:33.711 24830 RALLYDEBUG rally_openstack.wrappers.network [-] CIDR generated: 1.1.4.184/30
2019-06-16 21:25:33.781 24802 RALLYDEBUG rally_openstack.wrappers.network [-] CIDR generated: 1.1.4.188/30
2019-06-16 21:25:33.954 24838 RALLYDEBUG rally_openstack.wrappers.network [-] CIDR generated: 1.1.4.192/30
2019-06-16 21:25:34.069 24801 RALLYDEBUG rally_openstack.wrappers.network [-] CIDR generated: 1.1.4.196/30
2019-06-16 21:25:34.163 24846 RALLYDEBUG rally_openstack.wrappers.network [-] CIDR generated: 1.1.4.200/30
2019-06-16 21:25:34.194 24803 RALLYDEBUG rally_openstack.wrappers.network [-] CIDR generated: 1.1.4.204/30
2019-06-16 21:25:34.687 24822 RALLYDEBUG rally_openstack.wrappers.network [-] CIDR generated: 1.1.4.208/30
2019-06-16 21:25:34.969 24824 RALLYDEBUG rally_openstack.wrappers.network [-] CIDR generated: 1.1.4.212/30
2019-06-16 21:25:35.344 24818 RALLYDEBUG rally_openstack.wrappers.network [-] CIDR generated: 1.1.4.216/30
2019-06-16 21:25:35.494 24815 RALLYDEBUG rally_openstack.wrappers.network [-] CIDR generated: 1.1.4.220/30
2019-06-16 21:25:35.757 24800 RALLYDEBUG rally_openstack.wrappers.network [-] CIDR generated: 1.1.4.224/30
2019-06-16 21:25:36.063 24835 RALLYDEBUG rally_openstack.wrappers.network [-] CIDR generated: 1.1.4.228/30
2019-06-16 21:25:36.145 24841 RALLYDEBUG rally_openstack.wrappers.network [-] CIDR generated: 1.1.4.232/30
2019-06-16 21:25:36.164 24844 RALLYDEBUG rally_openstack.wrappers.network [-] CIDR generated: 1.1.4.236/30
2019-06-16 21:25:36.250 24802 RALLYDEBUG rally_openstack.wrappers.network [-] CIDR generated: 1.1.4.240/30
2019-06-16 21:25:36.280 24813 RALLYDEBUG rally_openstack.wrappers.network [-] CIDR generated: 1.1.4.244/30
2019-06-16 21:25:36.598 24801 RALLYDEBUG rally_openstack.wrappers.network [-] CIDR generated: 1.1.4.248/30
2019-06-16 21:25:36.670 24803 RALLYDEBUG rally_openstack.wrappers.network [-] CIDR generated: 1.1.4.252/30
2019-06-16 21:25:40.106 24800 INFO rally.task.runner [-] Task 6e8b373d-e376-47d4-abb8-1410bc8878b4 | ITER: 1 END: OK
2019-06-16 21:25:40.110 24800 INFO rally.task.runner [-] Task 6e8b373d-e376-47d4-abb8-1410bc8878b4 | ITER: 21 START
2019-06-16 21:25:40.111 24800 WARNING rally_openstack.scenarios.neutron.utils [-] Running this scenario without either the 'network' or 'existing_network' context is deprecated
2019-06-16 21:25:40.385 24830 INFO rally.task.runner [-] Task 6e8b373d-e376-47d4-abb8-1410bc8878b4 | ITER: 15 END: OK
2019-06-16 21:25:40.390 24830 INFO rally.task.runner [-] Task 6e8b373d-e376-47d4-abb8-1410bc8878b4 | ITER: 22 START
2019-06-16 21:25:40.390 24830 WARNING rally_openstack.scenarios.neutron.utils [-] Running this scenario without either the 'network' or 'existing_network' context is deprecated
2019-06-16 21:25:40.825 24805 INFO rally.task.runner [-] Task 6e8b373d-e376-47d4-abb8-1410bc8878b4 | ITER: 8 END: OK
2019-06-16 21:25:40.829 24805 INFO rally.task.runner [-] Task 6e8b373d-e376-47d4-abb8-1410bc8878b4 | ITER: 23 START
2019-06-16 21:25:40.830 24805 WARNING rally_openstack.scenarios.neutron.utils [-] Running this scenario without either the 'network' or 'existing_network' context is deprecated
2019-06-16 21:25:40.975 24846 INFO rally.task.runner [-] Task 6e8b373d-e376-47d4-abb8-1410bc8878b4 | ITER: 20 END: OK
2019-06-16 21:25:40.980 24846 INFO rally.task.runner [-] Task 6e8b373d-e376-47d4-abb8-1410bc8878b4 | ITER: 24 START
2019-06-16 21:25:40.980 24846 WARNING rally_openstack.scenarios.neutron.utils [-] Running this scenario without either the 'network' or 'existing_network' context is deprecated
2019-06-16 21:25:41.175 24803 INFO rally.task.runner [-] Task 6e8b373d-e376-47d4-abb8-1410bc8878b4 | ITER: 7 END: OK
2019-06-16 21:25:41.179 24803 INFO rally.task.runner [-] Task 6e8b373d-e376-47d4-abb8-1410bc8878b4 | ITER: 25 START
2019-06-16 21:25:41.180 24803 WARNING rally_openstack.scenarios.neutron.utils [-] Running this scenario without either the 'network' or 'existing_network' context is deprecated
2019-06-16 21:25:41.402 24801 INFO rally.task.runner [-] Task 6e8b373d-e376-47d4-abb8-1410bc8878b4 | ITER: 4 END: OK
2019-06-16 21:25:41.406 24801 INFO rally.task.runner [-] Task 6e8b373d-e376-47d4-abb8-1410bc8878b4 | ITER: 26 START
2019-06-16 21:25:41.407 24801 WARNING rally_openstack.scenarios.neutron.utils [-] Running this scenario without either the 'network' or 'existing_network' context is deprecated
2019-06-16 21:25:41.469 24800 RALLYDEBUG rally_openstack.wrappers.network [-] CIDR generated: 1.1.5.0/30
2019-06-16 21:25:41.777 24802 INFO rally.task.runner [-] Task 6e8b373d-e376-47d4-abb8-1410bc8878b4 | ITER: 5 END: OK
2019-06-16 21:25:41.782 24802 INFO rally.task.runner [-] Task 6e8b373d-e376-47d4-abb8-1410bc8878b4 | ITER: 27 START
2019-06-16 21:25:41.782 24802 WARNING rally_openstack.scenarios.neutron.utils [-] Running this scenario without either the 'network' or 'existing_network' context is deprecated
2019-06-16 21:25:41.837 24838 INFO rally.task.runner [-] Task 6e8b373d-e376-47d4-abb8-1410bc8878b4 | ITER: 17 END: OK
2019-06-16 21:25:41.841 24838 INFO rally.task.runner [-] Task 6e8b373d-e376-47d4-abb8-1410bc8878b4 | ITER: 28 START
2019-06-16 21:25:41.841 24838 WARNING rally_openstack.scenarios.neutron.utils [-] Running this scenario without either the 'network' or 'existing_network' context is deprecated
2019-06-16 21:25:41.966 24830 RALLYDEBUG rally_openstack.wrappers.network [-] CIDR generated: 1.1.5.4/30
2019-06-16 21:25:42.398 24805 RALLYDEBUG rally_openstack.wrappers.network [-] CIDR generated: 1.1.5.8/30
2019-06-16 21:25:42.709 24813 INFO rally.task.runner [-] Task 6e8b373d-e376-47d4-abb8-1410bc8878b4 | ITER: 11 END: OK
2019-06-16 21:25:42.714 24813 INFO rally.task.runner [-] Task 6e8b373d-e376-47d4-abb8-1410bc8878b4 | ITER: 29 START
2019-06-16 21:25:42.714 24813 WARNING rally_openstack.scenarios.neutron.utils [-] Running this scenario without either the 'network' or 'existing_network' context is deprecated
2019-06-16 21:25:42.717 24803 RALLYDEBUG rally_openstack.wrappers.network [-] CIDR generated: 1.1.5.12/30
2019-06-16 21:25:42.739 24815 INFO rally.task.runner [-] Task 6e8b373d-e376-47d4-abb8-1410bc8878b4 | ITER: 10 END: OK
2019-06-16 21:25:42.743 24815 INFO rally.task.runner [-] Task 6e8b373d-e376-47d4-abb8-1410bc8878b4 | ITER: 30 START
2019-06-16 21:25:42.743 24815 WARNING rally_openstack.scenarios.neutron.utils [-] Running this scenario without either the 'network' or 'existing_network' context is deprecated
2019-06-16 21:25:43.050 24818 INFO rally.task.runner [-] Task 6e8b373d-e376-47d4-abb8-1410bc8878b4 | ITER: 12 END: OK
2019-06-16 21:25:43.054 24818 INFO rally.task.runner [-] Task 6e8b373d-e376-47d4-abb8-1410bc8878b4 | ITER: 31 START
2019-06-16 21:25:43.055 24818 WARNING rally_openstack.scenarios.neutron.utils [-] Running this scenario without either the 'network' or 'existing_network' context is deprecated
2019-06-16 21:25:43.194 24822 INFO rally.task.runner [-] Task 6e8b373d-e376-47d4-abb8-1410bc8878b4 | ITER: 13 END: OK
2019-06-16 21:25:43.198 24822 INFO rally.task.runner [-] Task 6e8b373d-e376-47d4-abb8-1410bc8878b4 | ITER: 32 START
2019-06-16 21:25:43.199 24822 WARNING rally_openstack.scenarios.neutron.utils [-] Running this scenario without either the 'network' or 'existing_network' context is deprecated
2019-06-16 21:25:43.265 24824 INFO rally.task.runner [-] Task 6e8b373d-e376-47d4-abb8-1410bc8878b4 | ITER: 14 END: OK
2019-06-16 21:25:43.270 24824 INFO rally.task.runner [-] Task 6e8b373d-e376-47d4-abb8-1410bc8878b4 | ITER: 33 START
2019-06-16 21:25:43.270 24824 WARNING rally_openstack.scenarios.neutron.utils [-] Running this scenario without either the 'network' or 'existing_network' context is deprecated
2019-06-16 21:25:43.352 24838 RALLYDEBUG rally_openstack.wrappers.network [-] CIDR generated: 1.1.5.16/30
2019-06-16 21:25:43.664 24800 INFO rally.task.runner [-] Task 6e8b373d-e376-47d4-abb8-1410bc8878b4 | ITER: 2 END: OK
2019-06-16 21:25:43.668 24800 INFO rally.task.runner [-] Task 6e8b373d-e376-47d4-abb8-1410bc8878b4 | ITER: 34 START
2019-06-16 21:25:43.669 24800 WARNING rally_openstack.scenarios.neutron.utils [-] Running this scenario without either the 'network' or 'existing_network' context is deprecated
2019-06-16 21:25:43.734 24846 RALLYDEBUG rally_openstack.wrappers.network [-] CIDR generated: 1.1.5.20/30
2019-06-16 21:25:43.801 24801 INFO rally.task.runner [-] Task 6e8b373d-e376-47d4-abb8-1410bc8878b4 | ITER: 6 END: OK
2019-06-16 21:25:43.805 24801 INFO rally.task.runner [-] Task 6e8b373d-e376-47d4-abb8-1410bc8878b4 | ITER: 35 START
2019-06-16 21:25:43.806 24801 WARNING rally_openstack.scenarios.neutron.utils [-] Running this scenario without either the 'network' or 'existing_network' context is deprecated
2019-06-16 21:25:43.900 24841 INFO rally.task.runner [-] Task 6e8b373d-e376-47d4-abb8-1410bc8878b4 | ITER: 18 END: OK
2019-06-16 21:25:43.904 24841 INFO rally.task.runner [-] Task 6e8b373d-e376-47d4-abb8-1410bc8878b4 | ITER: 36 START
2019-06-16 21:25:43.905 24844 INFO rally.task.runner [-] Task 6e8b373d-e376-47d4-abb8-1410bc8878b4 | ITER: 19 END: OK
2019-06-16 21:25:43.905 24841 WARNING rally_openstack.scenarios.neutron.utils [-] Running this scenario without either the 'network' or 'existing_network' context is deprecated
2019-06-16 21:25:43.909 24844 INFO rally.task.runner [-] Task 6e8b373d-e376-47d4-abb8-1410bc8878b4 | ITER: 37 START
2019-06-16 21:25:43.910 24844 WARNING rally_openstack.scenarios.neutron.utils [-] Running this scenario without either the 'network' or 'existing_network' context is deprecated
2019-06-16 21:25:44.112 24802 RALLYDEBUG rally_openstack.wrappers.network [-] CIDR generated: 1.1.5.24/30
2019-06-16 21:25:44.136 24801 RALLYDEBUG rally_openstack.wrappers.network [-] CIDR generated: 1.1.5.28/30
2019-06-16 21:25:44.554 24813 RALLYDEBUG rally_openstack.wrappers.network [-] CIDR generated: 1.1.5.32/30
2019-06-16 21:25:44.615 24815 RALLYDEBUG rally_openstack.wrappers.network [-] CIDR generated: 1.1.5.36/30
2019-06-16 21:25:44.695 24803 INFO rally.task.runner [-] Task 6e8b373d-e376-47d4-abb8-1410bc8878b4 | ITER: 9 END: OK
2019-06-16 21:25:44.699 24803 INFO rally.task.runner [-] Task 6e8b373d-e376-47d4-abb8-1410bc8878b4 | ITER: 38 START
2019-06-16 21:25:44.700 24803 WARNING rally_openstack.scenarios.neutron.utils [-] Running this scenario without either the 'network' or 'existing_network' context is deprecated
2019-06-16 21:25:44.722 24824 RALLYDEBUG rally_openstack.wrappers.network [-] CIDR generated: 1.1.5.40/30
2019-06-16 21:25:44.900 24803 RALLYDEBUG rally_openstack.wrappers.network [-] CIDR generated: 1.1.5.44/30
2019-06-16 21:25:45.015 24822 RALLYDEBUG rally_openstack.wrappers.network [-] CIDR generated: 1.1.5.48/30
2019-06-16 21:25:45.118 24818 RALLYDEBUG rally_openstack.wrappers.network [-] CIDR generated: 1.1.5.52/30
2019-06-16 21:25:45.164 24800 RALLYDEBUG rally_openstack.wrappers.network [-] CIDR generated: 1.1.5.56/30
2019-06-16 21:25:45.164 24830 RALLYDEBUG rally_openstack.wrappers.network [-] CIDR generated: 1.1.5.60/30
2019-06-16 21:25:45.199 24841 RALLYDEBUG rally_openstack.wrappers.network [-] CIDR generated: 1.1.5.64/30
2019-06-16 21:25:45.301 24805 RALLYDEBUG rally_openstack.wrappers.network [-] CIDR generated: 1.1.5.68/30
2019-06-16 21:25:45.349 24801 RALLYDEBUG rally_openstack.wrappers.network [-] CIDR generated: 1.1.5.72/30
2019-06-16 21:25:45.578 24800 RALLYDEBUG rally_openstack.wrappers.network [-] CIDR generated: 1.1.5.76/30
2019-06-16 21:25:45.581 24844 RALLYDEBUG rally_openstack.wrappers.network [-] CIDR generated: 1.1.5.80/30
2019-06-16 21:25:45.613 24802 INFO rally.task.runner [-] Task 6e8b373d-e376-47d4-abb8-1410bc8878b4 | ITER: 3 END: OK
2019-06-16 21:25:45.617 24802 INFO rally.task.runner [-] Task 6e8b373d-e376-47d4-abb8-1410bc8878b4 | ITER: 39 START
2019-06-16 21:25:45.618 24802 WARNING rally_openstack.scenarios.neutron.utils [-] Running this scenario without either the 'network' or 'existing_network' context is deprecated
2019-06-16 21:25:45.828 24835 INFO rally.task.runner [-] Task 6e8b373d-e376-47d4-abb8-1410bc8878b4 | ITER: 16 END: OK
2019-06-16 21:25:45.831 24835 INFO rally.task.runner [-] Task 6e8b373d-e376-47d4-abb8-1410bc8878b4 | ITER: 40 START
2019-06-16 21:25:45.832 24835 WARNING rally_openstack.scenarios.neutron.utils [-] Running this scenario without either the 'network' or 'existing_network' context is deprecated
2019-06-16 21:25:46.301 24846 RALLYDEBUG rally_openstack.wrappers.network [-] CIDR generated: 1.1.5.84/30
2019-06-16 21:25:46.345 24802 RALLYDEBUG rally_openstack.wrappers.network [-] CIDR generated: 1.1.5.88/30
2019-06-16 21:25:46.543 24838 RALLYDEBUG rally_openstack.wrappers.network [-] CIDR generated: 1.1.5.92/30
2019-06-16 21:25:46.678 24803 RALLYDEBUG rally_openstack.wrappers.network [-] CIDR generated: 1.1.5.96/30
2019-06-16 21:25:47.461 24835 RALLYDEBUG rally_openstack.wrappers.network [-] CIDR generated: 1.1.5.100/30
2019-06-16 21:25:47.523 24824 RALLYDEBUG rally_openstack.wrappers.network [-] CIDR generated: 1.1.5.104/30
2019-06-16 21:25:47.661 24813 RALLYDEBUG rally_openstack.wrappers.network [-] CIDR generated: 1.1.5.108/30
2019-06-16 21:25:47.709 24841 RALLYDEBUG rally_openstack.wrappers.network [-] CIDR generated: 1.1.5.112/30
2019-06-16 21:25:47.877 24802 RALLYDEBUG rally_openstack.wrappers.network [-] CIDR generated: 1.1.5.116/30
2019-06-16 21:25:48.918 24800 RALLYDEBUG rally_openstack.wrappers.network [-] CIDR generated: 1.1.5.120/30
2019-06-16 21:25:49.059 24803 INFO rally.task.runner [-] Task 6e8b373d-e376-47d4-abb8-1410bc8878b4 | ITER: 25 END: OK
2019-06-16 21:25:49.312 24801 RALLYDEBUG rally_openstack.wrappers.network [-] CIDR generated: 1.1.5.124/30
2019-06-16 21:25:50.277 24801 RALLYDEBUG rally_openstack.wrappers.network [-] CIDR generated: 1.1.5.128/30
2019-06-16 21:25:50.918 24818 RALLYDEBUG rally_openstack.wrappers.network [-] CIDR generated: 1.1.5.132/30
2019-06-16 21:25:51.033 24800 INFO rally.task.runner [-] Task 6e8b373d-e376-47d4-abb8-1410bc8878b4 | ITER: 21 END: OK
2019-06-16 21:25:51.393 24815 RALLYDEBUG rally_openstack.wrappers.network [-] CIDR generated: 1.1.5.136/30
2019-06-16 21:25:51.541 24822 RALLYDEBUG rally_openstack.wrappers.network [-] CIDR generated: 1.1.5.140/30
2019-06-16 21:25:51.882 24802 INFO rally.task.runner [-] Task 6e8b373d-e376-47d4-abb8-1410bc8878b4 | ITER: 27 END: OK
2019-06-16 21:25:51.926 24805 INFO rally.task.runner [-] Task 6e8b373d-e376-47d4-abb8-1410bc8878b4 | ITER: 23 END: OK
2019-06-16 21:25:51.940 24844 RALLYDEBUG rally_openstack.wrappers.network [-] CIDR generated: 1.1.5.144/30
2019-06-16 21:25:52.045 24835 RALLYDEBUG rally_openstack.wrappers.network [-] CIDR generated: 1.1.5.148/30
2019-06-16 21:25:52.582 24802 RALLYDEBUG rally_openstack.wrappers.network [-] CIDR generated: 1.1.5.152/30
2019-06-16 21:25:52.619 24803 RALLYDEBUG rally_openstack.wrappers.network [-] CIDR generated: 1.1.5.156/30
2019-06-16 21:25:52.731 24846 INFO rally.task.runner [-] Task 6e8b373d-e376-47d4-abb8-1410bc8878b4 | ITER: 24 END: OK
2019-06-16 21:25:52.922 24830 INFO rally.task.runner [-] Task 6e8b373d-e376-47d4-abb8-1410bc8878b4 | ITER: 22 END: OK
2019-06-16 21:25:53.033 24824 INFO rally.task.runner [-] Task 6e8b373d-e376-47d4-abb8-1410bc8878b4 | ITER: 33 END: OK
2019-06-16 21:25:53.852 24838 INFO rally.task.runner [-] Task 6e8b373d-e376-47d4-abb8-1410bc8878b4 | ITER: 28 END: OK
2019-06-16 21:25:54.349 24841 INFO rally.task.runner [-] Task 6e8b373d-e376-47d4-abb8-1410bc8878b4 | ITER: 36 END: OK
2019-06-16 21:25:54.700 24801 INFO rally.task.runner [-] Task 6e8b373d-e376-47d4-abb8-1410bc8878b4 | ITER: 26 END: OK
2019-06-16 21:25:55.015 24801 INFO rally.task.runner [-] Task 6e8b373d-e376-47d4-abb8-1410bc8878b4 | ITER: 35 END: OK
2019-06-16 21:25:55.742 24822 INFO rally.task.runner [-] Task 6e8b373d-e376-47d4-abb8-1410bc8878b4 | ITER: 32 END: OK
2019-06-16 21:25:56.331 24800 INFO rally.task.runner [-] Task 6e8b373d-e376-47d4-abb8-1410bc8878b4 | ITER: 34 END: OK
2019-06-16 21:25:56.435 24802 INFO rally.task.runner [-] Task 6e8b373d-e376-47d4-abb8-1410bc8878b4 | ITER: 39 END: OK
2019-06-16 21:25:56.574 24813 INFO rally.task.runner [-] Task 6e8b373d-e376-47d4-abb8-1410bc8878b4 | ITER: 29 END: OK
2019-06-16 21:25:56.840 24803 INFO rally.task.runner [-] Task 6e8b373d-e376-47d4-abb8-1410bc8878b4 | ITER: 38 END: OK
2019-06-16 21:25:57.144 24835 INFO rally.task.runner [-] Task 6e8b373d-e376-47d4-abb8-1410bc8878b4 | ITER: 40 END: OK
2019-06-16 21:25:57.337 24818 INFO rally.task.runner [-] Task 6e8b373d-e376-47d4-abb8-1410bc8878b4 | ITER: 31 END: OK
2019-06-16 21:25:57.413 24844 INFO rally.task.runner [-] Task 6e8b373d-e376-47d4-abb8-1410bc8878b4 | ITER: 37 END: OK
2019-06-16 21:25:57.610 24815 INFO rally.task.runner [-] Task 6e8b373d-e376-47d4-abb8-1410bc8878b4 | ITER: 30 END: OK
2019-06-16 21:25:57.632 22706 INFO rally.task.context [-] Task 6e8b373d-e376-47d4-abb8-1410bc8878b4 | Context cleanup@openstack cleanup() started
2019-06-16 21:25:57.635 22706 RALLYDEBUG rally_openstack.cleanup.manager [-] Cleaning up neutron vip objects
2019-06-16 21:25:58.330 22706 RALLYDEBUG rally_openstack.cleanup.manager [-] Cleaning up neutron health_monitor objects
2019-06-16 21:25:59.137 22706 RALLYDEBUG rally_openstack.cleanup.manager [-] Cleaning up neutron pool objects
2019-06-16 21:25:59.834 22706 RALLYDEBUG rally_openstack.cleanup.manager [-] Cleaning up neutron loadbalancer objects
2019-06-16 21:26:00.490 22706 RALLYDEBUG rally_openstack.cleanup.manager [-] Cleaning up neutron floatingip objects
2019-06-16 21:26:01.534 22706 RALLYDEBUG rally_openstack.cleanup.manager [-] Cleaning up neutron port objects
2019-06-16 21:26:02.641 22706 RALLYDEBUG rally_openstack.cleanup.manager [-] Cleaning up neutron subnet objects
2019-06-16 21:26:03.671 22706 RALLYDEBUG rally_openstack.cleanup.manager [-] Cleaning up neutron network objects
2019-06-16 21:26:04.951 22706 RALLYDEBUG rally_openstack.cleanup.manager [-] Deleting neutron.network object s_rally_ebabcd30_NUyCktjJ (00cacc5c-e6a9-43a5-aba7-e72652b8c756)
2019-06-16 21:26:04.958 22706 RALLYDEBUG rally_openstack.cleanup.manager [-] Deleting neutron.network object s_rally_ebabcd30_lQ41pL7k (1d2757e1-ca96-46a9-8060-23fd499000e6)
2019-06-16 21:26:04.961 22706 RALLYDEBUG rally_openstack.cleanup.manager [-] Deleting neutron.network object s_rally_ebabcd30_tSX3zffS (1a489ca9-efed-4e8d-9b1f-38f11baff2ad)
2019-06-16 21:26:04.969 22706 RALLYDEBUG rally_openstack.cleanup.manager [-] Deleting neutron.network object s_rally_ebabcd30_WaXL7STk (30bad549-dffc-41d0-81c8-a79850df5519)
2019-06-16 21:26:04.979 22706 RALLYDEBUG rally_openstack.cleanup.manager [-] Deleting neutron.network object s_rally_ebabcd30_S2QaQrO7 (357cb441-1658-4892-82a8-450dd7bc7d7f)
2019-06-16 21:26:04.991 22706 RALLYDEBUG rally_openstack.cleanup.manager [-] Deleting neutron.network object s_rally_ebabcd30_EI2g00dH (3f7da4c2-98a8-49db-8db6-6598b25e7dc7)
2019-06-16 21:26:04.993 22706 RALLYDEBUG rally_openstack.cleanup.manager [-] Deleting neutron.network object s_rally_ebabcd30_mQGJi2vP (3cbbc9c3-9c74-4d6f-9c2b-330feda2469e)
2019-06-16 21:26:04.999 22706 RALLYDEBUG rally_openstack.cleanup.manager [-] Deleting neutron.network object s_rally_ebabcd30_uP2KyhHO (4ca3f1fd-8d97-4593-b579-b7f2184f6f76)
2019-06-16 21:26:05.015 22706 RALLYDEBUG rally_openstack.cleanup.manager [-] Deleting neutron.network object s_rally_ebabcd30_HyoNXrh7 (52691de3-f72d-4ba8-80ff-11b715133d56)
2019-06-16 21:26:05.039 22706 RALLYDEBUG rally_openstack.cleanup.manager [-] Deleting neutron.network object s_rally_ebabcd30_KlIRImiJ (4eb00aa0-7d45-4530-96fc-20c9cf6687dd)
2019-06-16 21:26:05.041 22706 RALLYDEBUG rally_openstack.cleanup.manager [-] Deleting neutron.network object s_rally_ebabcd30_MYC3URdk (5edc38cb-7ea3-4dc4-a320-6c7e90ec9f3d)
2019-06-16 21:26:05.043 22706 RALLYDEBUG rally_openstack.cleanup.manager [-] Deleting neutron.network object s_rally_ebabcd30_c0Kt4jHy (6459cdb3-9acd-4ed3-a1bf-53e086ed56ff)
2019-06-16 21:26:05.082 22706 RALLYDEBUG rally_openstack.cleanup.manager [-] Deleting neutron.network object s_rally_ebabcd30_kyXZnFfO (724a6801-4e17-4abe-9a49-59ca0d957150)
2019-06-16 21:26:05.082 22706 RALLYDEBUG rally_openstack.cleanup.manager [-] Deleting neutron.network object s_rally_ebabcd30_4zu3J8d9 (7719b32d-db23-4603-beba-927ae1b68644)
2019-06-16 21:26:05.102 22706 RALLYDEBUG rally_openstack.cleanup.manager [-] Deleting neutron.network object s_rally_ebabcd30_NE5W0o63 (7e4e0d49-45ae-404e-a550-7316658996d5)
2019-06-16 21:26:05.116 22706 RALLYDEBUG rally_openstack.cleanup.manager [-] Deleting neutron.network object s_rally_ebabcd30_kQB6J1gx (7f253e9a-5b5b-4333-b58f-0b60d1867fea)
2019-06-16 21:26:05.144 22706 RALLYDEBUG rally_openstack.cleanup.manager [-] Deleting neutron.network object s_rally_ebabcd30_N5gwMkdj (90033921-c960-4c08-8307-617881cf734f)
2019-06-16 21:26:05.146 22706 RALLYDEBUG rally_openstack.cleanup.manager [-] Deleting neutron.network object s_rally_ebabcd30_KWNh0b21 (828a947c-f38f-41cf-adc2-26c8e7db37af)
2019-06-16 21:26:05.175 22706 RALLYDEBUG rally_openstack.cleanup.manager [-] Deleting neutron.network object s_rally_ebabcd30_82hlRPWD (8fad61b0-882d-4670-86c3-611620e7c2b2)
2019-06-16 21:26:05.176 22706 RALLYDEBUG rally_openstack.cleanup.manager [-] Deleting neutron.network object s_rally_ebabcd30_X0QILLE1 (7fff4912-6f84-49b7-a74c-f2d73f757d01)
2019-06-16 21:26:07.994 22706 RALLYDEBUG rally_openstack.cleanup.manager [-] Deleting neutron.network object s_rally_ebabcd30_goPf0EtP (90ea7f26-48e9-4a76-8544-8bb06316bdad)
2019-06-16 21:26:08.069 22706 RALLYDEBUG rally_openstack.cleanup.manager [-] Deleting neutron.network object s_rally_ebabcd30_ZgBM2OFW (92edff79-3a01-498f-bf0c-bac41b2cd2aa)
2019-06-16 21:26:08.119 22706 RALLYDEBUG rally_openstack.cleanup.manager [-] Deleting neutron.network object s_rally_ebabcd30_pd5BFREZ (a7717086-b745-44e7-ad54-928c53662e32)
2019-06-16 21:26:08.362 22706 RALLYDEBUG rally_openstack.cleanup.manager [-] Deleting neutron.network object s_rally_ebabcd30_0hxoS9el (a80db486-b4c7-4d97-a000-2ce34d103959)
2019-06-16 21:26:08.439 22706 RALLYDEBUG rally_openstack.cleanup.manager [-] Deleting neutron.network object s_rally_ebabcd30_hUljW0qW (a9d5b2f4-7524-462b-b170-47ca8de032ba)
2019-06-16 21:26:08.791 22706 RALLYDEBUG rally_openstack.cleanup.manager [-] Deleting neutron.network object s_rally_ebabcd30_kg8gCPMD (b74cb6cd-aa60-47fc-95ea-d0492d785790)
2019-06-16 21:26:08.830 22706 RALLYDEBUG rally_openstack.cleanup.manager [-] Deleting neutron.network object s_rally_ebabcd30_i1PbTkrr (bd2116d4-bc85-4954-b49d-803348c3685d)
2019-06-16 21:26:08.897 22706 RALLYDEBUG rally_openstack.cleanup.manager [-] Deleting neutron.network object s_rally_ebabcd30_7gxbshcX (c3b53af8-92f3-45fe-882b-19080aa2873c)
2019-06-16 21:26:08.935 22706 RALLYDEBUG rally_openstack.cleanup.manager [-] Deleting neutron.network object s_rally_ebabcd30_ianY1ID9 (c447dd4b-2e30-47dc-b628-1788ab1386b6)
2019-06-16 21:26:08.942 22706 RALLYDEBUG rally_openstack.cleanup.manager [-] Deleting neutron.network object s_rally_ebabcd30_QjbnkixW (c8429adf-84cc-498e-bee1-654ce8d0a9ed)
2019-06-16 21:26:09.005 22706 RALLYDEBUG rally_openstack.cleanup.manager [-] Deleting neutron.network object s_rally_ebabcd30_sXUJWOjZ (d0f0506a-e99f-4e3b-9b29-c1c97529be64)
2019-06-16 21:26:09.018 22706 RALLYDEBUG rally_openstack.cleanup.manager [-] Deleting neutron.network object s_rally_ebabcd30_hdpENSw9 (d6ce9704-2d45-4213-b320-d56144b8a905)
2019-06-16 21:26:09.060 22706 RALLYDEBUG rally_openstack.cleanup.manager [-] Deleting neutron.network object s_rally_ebabcd30_Q6RhzGsm (d7256975-e077-4155-9882-858ef0852403)
2019-06-16 21:26:09.097 22706 RALLYDEBUG rally_openstack.cleanup.manager [-] Deleting neutron.network object s_rally_ebabcd30_R7bEUkk9 (e53bc183-561f-4b2e-a6c4-bdc54a88a9a6)
2019-06-16 21:26:09.201 22706 RALLYDEBUG rally_openstack.cleanup.manager [-] Deleting neutron.network object s_rally_ebabcd30_9ehJ8pD4 (f2170b10-07a0-4e37-ba24-d6df65372c9c)
2019-06-16 21:26:09.235 22706 RALLYDEBUG rally_openstack.cleanup.manager [-] Deleting neutron.network object s_rally_ebabcd30_9J3iZenU (f7f072fa-74fa-40e2-bfee-e0f6d3e53b86)
2019-06-16 21:26:09.296 22706 RALLYDEBUG rally_openstack.cleanup.manager [-] Deleting neutron.network object s_rally_ebabcd30_5u0B6OrQ (fb4c7fcc-b5b2-4d48-b4a8-422e38a15174)
2019-06-16 21:26:09.344 22706 RALLYDEBUG rally_openstack.cleanup.manager [-] Deleting neutron.network object s_rally_ebabcd30_9tJc7l3F (fb91377a-28f7-4e87-8103-6aa9838b15bf)
2019-06-16 21:26:09.514 22706 RALLYDEBUG rally_openstack.cleanup.manager [-] Deleting neutron.network object s_rally_ebabcd30_bMrVVg55 (fddcf96b-d2c2-4feb-92c0-4101ff53a53c)
2019-06-16 21:26:09.930 22706 RALLYDEBUG rally_openstack.cleanup.manager [-] Deleting neutron.network object s_rally_ebabcd30_JFSezUcm (ff3a14db-5a51-43d2-99f0-0ff7f7ba3a2b)
2019-06-16 21:26:13.658 22706 RALLYDEBUG rally_openstack.cleanup.manager [-] Cleaning up neutron router objects
2019-06-16 21:26:14.435 22706 RALLYDEBUG rally_openstack.cleanup.manager [-] Cleaning up neutron security_group objects
2019-06-16 21:26:15.203 22706 INFO rally.task.context [-] Task 6e8b373d-e376-47d4-abb8-1410bc8878b4 | Context cleanup@openstack cleanup() finished in 17.57 sec
2019-06-16 21:26:15.203 22706 INFO rally.task.context [-] Task 6e8b373d-e376-47d4-abb8-1410bc8878b4 | Context quotas@openstack cleanup() started
2019-06-16 21:26:15.480 22706 INFO rally.task.context [-] Task 6e8b373d-e376-47d4-abb8-1410bc8878b4 | Context quotas@openstack cleanup() finished in 0.28 sec
2019-06-16 21:26:15.480 22706 INFO rally.task.context [-] Task 6e8b373d-e376-47d4-abb8-1410bc8878b4 | Context users@openstack cleanup() started
2019-06-16 21:26:20.509 22706 INFO rally.task.context [-] Task 6e8b373d-e376-47d4-abb8-1410bc8878b4 | Context users@openstack cleanup() finished in 5.03 sec
2019-06-16 21:26:21.606 22706 INFO rally.task.engine [-] Load duration is: 28.050831
2019-06-16 21:26:21.607 22706 INFO rally.task.engine [-] Full runner duration is: 28.097841
2019-06-16 21:26:21.607 22706 INFO rally.task.engine [-] Full duration is: 57.114733
2019-06-16 21:26:21.907 22706 INFO rally.task.engine [-] Running workload: position = 0 config = { "version": 2, "title": "A cropped version of a bigger task.", "description": "Auto-generated task from a single workload (uuid=45196378-54ef-49de-94b7-17eb3bd0f171)", "subtasks": [ { "title": "NeutronNetworks.create_and_list_routers", "description": "Create and a given number of routers and list all routers.", "scenario": { "NeutronNetworks.create_and_list_routers": { "network_create_args": null, "subnet_create_args": null, "subnet_cidr_start": "1.1.0.0/30", "subnets_per_network": 2, "router_create_args": null } }, "contexts": { "users": { "tenants": 1, "users_per_tenant": 1 }, "quotas": { "neutron": { "network": -1, "subnet": -1, "router": -1 } } }, "runner": { "constant": { "times": 40, "concurrency": 20 } }, "hooks": [], "sla": { "failure_rate": { "max": 0 } } } ] }
2019-06-16 21:26:21.933 22706 RALLYDEBUG rally_openstack.contexts.keystone.users [-] Creating 1 tenants using 20 threads
2019-06-16 21:26:23.896 22706 RALLYDEBUG rally_openstack.contexts.keystone.users [-] Creating 1 users using 20 threads
2019-06-16 21:26:26.512 22706 INFO rally.task.context [-] Task 6e8b373d-e376-47d4-abb8-1410bc8878b4 | Context users@openstack setup() finished in 4.58 sec
2019-06-16 21:26:27.330 22706 INFO rally.task.context [-] Task 6e8b373d-e376-47d4-abb8-1410bc8878b4 | Context quotas@openstack setup() finished in 0.82 sec
2019-06-16 21:26:27.331 22706 INFO rally.task.context [-] Task 6e8b373d-e376-47d4-abb8-1410bc8878b4 | Context cleanup@openstack setup() finished in 0.01 msec
2019-06-16 21:26:27.338 22706 RALLYDEBUG rally.task.runner [-] Starting the constant runner (task UUID: 6e8b373d-e376-47d4-abb8-1410bc8878b4). timeout: 0 concurrency: 20 concurrency_per_worker: 1 times: 40 concurrency_overhead: 4 processes_to_start: 16 max_cpu_used: 16
2019-06-16 21:26:27.351 25170 RALLYDEBUG rally.task.runner [-] Starting a worker. concurrency: 2 args: {"network_create_args": null, "subnet_create_args": null, "subnet_cidr_start": "1.1.0.0/30", "subnets_per_network": 2, "router_create_args": null} times: 40 method_name: run timeout: 0 duration: None cls:
2019-06-16 21:26:27.354 25171 RALLYDEBUG rally.task.runner [-] Starting a worker. concurrency: 2 args: {"network_create_args": null, "subnet_create_args": null, "subnet_cidr_start": "1.1.0.0/30", "subnets_per_network": 2, "router_create_args": null} times: 40 method_name: run timeout: 0 duration: None cls:
2019-06-16 21:26:27.355 25172 RALLYDEBUG rally.task.runner [-] Starting a worker. concurrency: 2 args: {"network_create_args": null, "subnet_create_args": null, "subnet_cidr_start": "1.1.0.0/30", "subnets_per_network": 2, "router_create_args": null} times: 40 method_name: run timeout: 0 duration: None cls:
2019-06-16 21:26:27.359 25170 INFO rally.task.runner [-] Task 6e8b373d-e376-47d4-abb8-1410bc8878b4 | ITER: 2 START
2019-06-16 21:26:27.360 25173 RALLYDEBUG rally.task.runner [-] Starting a worker. concurrency: 2 args: {"network_create_args": null, "subnet_create_args": null, "subnet_cidr_start": "1.1.0.0/30", "subnets_per_network": 2, "router_create_args": null} times: 40 method_name: run timeout: 0 duration: None cls:
2019-06-16 21:26:27.362 25172 INFO rally.task.runner [-] Task 6e8b373d-e376-47d4-abb8-1410bc8878b4 | ITER: 4 START
2019-06-16 21:26:27.360 25170 INFO rally.task.runner [-] Task 6e8b373d-e376-47d4-abb8-1410bc8878b4 | ITER: 1 START
2019-06-16 21:26:27.364 25171 INFO rally.task.runner [-] Task 6e8b373d-e376-47d4-abb8-1410bc8878b4 | ITER: 3 START
2019-06-16 21:26:27.362 25172 INFO rally.task.runner [-] Task 6e8b373d-e376-47d4-abb8-1410bc8878b4 | ITER: 5 START
2019-06-16 21:26:27.365 25171 INFO rally.task.runner [-] Task 6e8b373d-e376-47d4-abb8-1410bc8878b4 | ITER: 6 START
2019-06-16 21:26:27.368 25179 RALLYDEBUG rally.task.runner [-] Starting a worker. concurrency: 1 args: {"network_create_args": null, "subnet_create_args": null, "subnet_cidr_start": "1.1.0.0/30", "subnets_per_network": 2, "router_create_args": null} times: 40 method_name: run timeout: 0 duration: None cls:
2019-06-16 21:26:27.369 25173 INFO rally.task.runner [-] Task 6e8b373d-e376-47d4-abb8-1410bc8878b4 | ITER: 7 START
2019-06-16 21:26:27.374 25179 INFO rally.task.runner [-] Task 6e8b373d-e376-47d4-abb8-1410bc8878b4 | ITER: 9 START
2019-06-16 21:26:27.374 25186 RALLYDEBUG rally.task.runner [-] Starting a worker. concurrency: 1 args: {"network_create_args": null, "subnet_create_args": null, "subnet_cidr_start": "1.1.0.0/30", "subnets_per_network": 2, "router_create_args": null} times: 40 method_name: run timeout: 0 duration: None cls:
2019-06-16 21:26:27.378 25186 INFO rally.task.runner [-] Task 6e8b373d-e376-47d4-abb8-1410bc8878b4 | ITER: 10 START
2019-06-16 21:26:27.371 25173 INFO rally.task.runner [-] Task 6e8b373d-e376-47d4-abb8-1410bc8878b4 | ITER: 8 START
2019-06-16 21:26:27.379 25188 RALLYDEBUG rally.task.runner [-] Starting a worker. concurrency: 1 args: {"network_create_args": null, "subnet_create_args": null, "subnet_cidr_start": "1.1.0.0/30", "subnets_per_network": 2, "router_create_args": null} times: 40 method_name: run timeout: 0 duration: None cls:
2019-06-16 21:26:27.385 25188 INFO rally.task.runner [-] Task 6e8b373d-e376-47d4-abb8-1410bc8878b4 | ITER: 11 START
2019-06-16 21:26:27.387 25193 RALLYDEBUG rally.task.runner [-] Starting a worker. concurrency: 1 args: {"network_create_args": null, "subnet_create_args": null, "subnet_cidr_start": "1.1.0.0/30", "subnets_per_network": 2, "router_create_args": null} times: 40 method_name: run timeout: 0 duration: None cls:
2019-06-16 21:26:27.392 25193 INFO rally.task.runner [-] Task 6e8b373d-e376-47d4-abb8-1410bc8878b4 | ITER: 12 START
2019-06-16 21:26:27.392 25196 RALLYDEBUG rally.task.runner [-] Starting a worker. concurrency: 1 args: {"network_create_args": null, "subnet_create_args": null, "subnet_cidr_start": "1.1.0.0/30", "subnets_per_network": 2, "router_create_args": null} times: 40 method_name: run timeout: 0 duration: None cls:
2019-06-16 21:26:27.400 25196 INFO rally.task.runner [-] Task 6e8b373d-e376-47d4-abb8-1410bc8878b4 | ITER: 13 START
2019-06-16 21:26:27.400 25197 RALLYDEBUG rally.task.runner [-] Starting a worker. concurrency: 1 args: {"network_create_args": null, "subnet_create_args": null, "subnet_cidr_start": "1.1.0.0/30", "subnets_per_network": 2, "router_create_args": null} times: 40 method_name: run timeout: 0 duration: None cls:
2019-06-16 21:26:27.406 25197 INFO rally.task.runner [-] Task 6e8b373d-e376-47d4-abb8-1410bc8878b4 | ITER: 14 START
2019-06-16 21:26:27.407 25202 RALLYDEBUG rally.task.runner [-] Starting a worker. concurrency: 1 args: {"network_create_args": null, "subnet_create_args": null, "subnet_cidr_start": "1.1.0.0/30", "subnets_per_network": 2, "router_create_args": null} times: 40 method_name: run timeout: 0 duration: None cls:
2019-06-16 21:26:27.409 25200 RALLYDEBUG rally.task.runner [-] Starting a worker. concurrency: 1 args: {"network_create_args": null, "subnet_create_args": null, "subnet_cidr_start": "1.1.0.0/30", "subnets_per_network": 2, "router_create_args": null} times: 40 method_name: run timeout: 0 duration: None cls:
2019-06-16 21:26:27.413 25202 INFO rally.task.runner [-] Task 6e8b373d-e376-47d4-abb8-1410bc8878b4 | ITER: 15 START
2019-06-16 21:26:27.414 25208 RALLYDEBUG rally.task.runner [-] Starting a worker. concurrency: 1 args: {"network_create_args": null, "subnet_create_args": null, "subnet_cidr_start": "1.1.0.0/30", "subnets_per_network": 2, "router_create_args": null} times: 40 method_name: run timeout: 0 duration: None cls:
2019-06-16 21:26:27.413 25204 RALLYDEBUG rally.task.runner [-] Starting a worker. concurrency: 1 args: {"network_create_args": null, "subnet_create_args": null, "subnet_cidr_start": "1.1.0.0/30", "subnets_per_network": 2, "router_create_args": null} times: 40 method_name: run timeout: 0 duration: None cls:
2019-06-16 21:26:27.418 25212 RALLYDEBUG rally.task.runner [-] Starting a worker. concurrency: 1 args: {"network_create_args": null, "subnet_create_args": null, "subnet_cidr_start": "1.1.0.0/30", "subnets_per_network": 2, "router_create_args": null} times: 40 method_name: run timeout: 0 duration: None cls:
2019-06-16 21:26:27.420 25206 RALLYDEBUG rally.task.runner [-] Starting a worker. concurrency: 1 args: {"network_create_args": null, "subnet_create_args": null, "subnet_cidr_start": "1.1.0.0/30", "subnets_per_network": 2, "router_create_args": null} times: 40 method_name: run timeout: 0 duration: None cls:
2019-06-16 21:26:27.421 25208 INFO rally.task.runner [-] Task 6e8b373d-e376-47d4-abb8-1410bc8878b4 | ITER: 17 START
2019-06-16 21:26:27.422 25212 INFO rally.task.runner [-] Task 6e8b373d-e376-47d4-abb8-1410bc8878b4 | ITER: 19 START
2019-06-16 21:26:27.423 25204 INFO rally.task.runner [-] Task 6e8b373d-e376-47d4-abb8-1410bc8878b4 | ITER: 18 START
2019-06-16 21:26:27.425 25206 INFO rally.task.runner [-] Task 6e8b373d-e376-47d4-abb8-1410bc8878b4 | ITER: 20 START
2019-06-16 21:26:27.426 25200 INFO rally.task.runner [-] Task 6e8b373d-e376-47d4-abb8-1410bc8878b4 | ITER: 16 START
2019-06-16 21:26:30.458 25170 RALLYDEBUG rally_openstack.wrappers.network [-] CIDR generated: 1.1.5.160/30
2019-06-16 21:26:30.625 25179 RALLYDEBUG rally_openstack.wrappers.network [-] CIDR generated: 1.1.5.164/30
2019-06-16 21:26:30.668 25186 RALLYDEBUG rally_openstack.wrappers.network [-] CIDR generated: 1.1.5.168/30
2019-06-16 21:26:30.690 25170 RALLYDEBUG rally_openstack.wrappers.network [-] CIDR generated: 1.1.5.172/30
2019-06-16 21:26:30.704 25173 RALLYDEBUG rally_openstack.wrappers.network [-] CIDR generated: 1.1.5.176/30
2019-06-16 21:26:30.753 25172 RALLYDEBUG rally_openstack.wrappers.network [-] CIDR generated: 1.1.5.180/30
2019-06-16 21:26:30.858 25196 RALLYDEBUG rally_openstack.wrappers.network [-] CIDR generated: 1.1.5.184/30
2019-06-16 21:26:30.870 25197 RALLYDEBUG rally_openstack.wrappers.network [-] CIDR generated: 1.1.5.188/30
2019-06-16 21:26:30.948 25202 RALLYDEBUG rally_openstack.wrappers.network [-] CIDR generated: 1.1.5.192/30
2019-06-16 21:26:30.961 25212 RALLYDEBUG rally_openstack.wrappers.network [-] CIDR generated: 1.1.5.196/30
2019-06-16 21:26:31.006 25171 RALLYDEBUG rally_openstack.wrappers.network [-] CIDR generated: 1.1.5.200/30
2019-06-16 21:26:31.020 25206 RALLYDEBUG rally_openstack.wrappers.network [-] CIDR generated: 1.1.5.204/30
2019-06-16 21:26:31.032 25193 RALLYDEBUG rally_openstack.wrappers.network [-] CIDR generated: 1.1.5.208/30
2019-06-16 21:26:31.068 25204 RALLYDEBUG rally_openstack.wrappers.network [-] CIDR generated: 1.1.5.212/30
2019-06-16 21:26:31.071 25173 RALLYDEBUG rally_openstack.wrappers.network [-] CIDR generated: 1.1.5.216/30
2019-06-16 21:26:31.140 25172 RALLYDEBUG rally_openstack.wrappers.network [-] CIDR generated: 1.1.5.220/30
2019-06-16 21:26:31.188 25200 RALLYDEBUG rally_openstack.wrappers.network [-] CIDR generated: 1.1.5.224/30
2019-06-16 21:26:31.312 25171 RALLYDEBUG rally_openstack.wrappers.network [-] CIDR generated: 1.1.5.228/30
2019-06-16 21:26:31.559 25188 RALLYDEBUG rally_openstack.wrappers.network [-] CIDR generated: 1.1.5.232/30
2019-06-16 21:26:31.589 25208 RALLYDEBUG rally_openstack.wrappers.network [-] CIDR generated: 1.1.5.236/30
2019-06-16 21:26:32.457 25186 RALLYDEBUG rally_openstack.wrappers.network [-] CIDR generated: 1.1.5.240/30
2019-06-16 21:26:32.533 25204 RALLYDEBUG rally_openstack.wrappers.network [-] CIDR generated: 1.1.5.244/30
2019-06-16 21:26:32.592 25206 RALLYDEBUG rally_openstack.wrappers.network [-] CIDR generated: 1.1.5.248/30
2019-06-16 21:26:32.701 25170 RALLYDEBUG rally_openstack.wrappers.network [-] CIDR generated: 1.1.5.252/30
2019-06-16 21:26:32.727 25196 RALLYDEBUG rally_openstack.wrappers.network [-] CIDR generated: 1.1.6.0/30
2019-06-16 21:26:33.140 25173 RALLYDEBUG rally_openstack.wrappers.network [-] CIDR generated: 1.1.6.4/30
2019-06-16 21:26:33.202 25200 RALLYDEBUG rally_openstack.wrappers.network [-] CIDR generated: 1.1.6.8/30
2019-06-16 21:26:33.291 25173 RALLYDEBUG rally_openstack.wrappers.network [-] CIDR generated: 1.1.6.12/30
2019-06-16 21:26:33.551 25170 RALLYDEBUG rally_openstack.wrappers.network [-] CIDR generated: 1.1.6.16/30
2019-06-16 21:26:33.578 25172 RALLYDEBUG rally_openstack.wrappers.network [-] CIDR generated: 1.1.6.20/30
2019-06-16 21:26:33.616 25172 RALLYDEBUG rally_openstack.wrappers.network [-] CIDR generated: 1.1.6.24/30
2019-06-16 21:26:33.684 25171 RALLYDEBUG rally_openstack.wrappers.network [-] CIDR generated: 1.1.6.28/30
2019-06-16 21:26:33.780 25212 RALLYDEBUG rally_openstack.wrappers.network [-] CIDR generated: 1.1.6.32/30
2019-06-16 21:26:33.810 25202 RALLYDEBUG rally_openstack.wrappers.network [-] CIDR generated: 1.1.6.36/30
2019-06-16 21:26:33.949 25188 RALLYDEBUG rally_openstack.wrappers.network [-] CIDR generated: 1.1.6.40/30
2019-06-16 21:26:34.189 25193 RALLYDEBUG rally_openstack.wrappers.network [-] CIDR generated: 1.1.6.44/30
2019-06-16 21:26:34.660 25208 RALLYDEBUG rally_openstack.wrappers.network [-] CIDR generated: 1.1.6.48/30
2019-06-16 21:26:34.839 25179 RALLYDEBUG rally_openstack.wrappers.network [-] CIDR generated: 1.1.6.52/30
2019-06-16 21:26:35.137 25197 RALLYDEBUG rally_openstack.wrappers.network [-] CIDR generated: 1.1.6.56/30
2019-06-16 21:26:35.254 25171 RALLYDEBUG rally_openstack.wrappers.network [-] CIDR generated: 1.1.6.60/30
2019-06-16 21:26:59.551 25206 INFO rally.task.runner [-] Task 6e8b373d-e376-47d4-abb8-1410bc8878b4 | ITER: 20 END: OK
2019-06-16 21:26:59.556 25206 INFO rally.task.runner [-] Task 6e8b373d-e376-47d4-abb8-1410bc8878b4 | ITER: 21 START
2019-06-16 21:27:00.636 25206 RALLYDEBUG rally_openstack.wrappers.network [-] CIDR generated: 1.1.6.64/30
2019-06-16 21:27:02.277 25188 INFO rally.task.runner [-] Task 6e8b373d-e376-47d4-abb8-1410bc8878b4 | ITER: 11 END: OK
2019-06-16 21:27:02.283 25188 INFO rally.task.runner [-] Task 6e8b373d-e376-47d4-abb8-1410bc8878b4 | ITER: 22 START
2019-06-16 21:27:02.904 25206 RALLYDEBUG rally_openstack.wrappers.network [-] CIDR generated: 1.1.6.68/30
2019-06-16 21:27:04.327 25188 RALLYDEBUG rally_openstack.wrappers.network [-] CIDR generated: 1.1.6.72/30
2019-06-16 21:27:05.234 25170 INFO rally.task.runner [-] Task 6e8b373d-e376-47d4-abb8-1410bc8878b4 | ITER: 2 END: OK
2019-06-16 21:27:05.241 25170 INFO rally.task.runner [-] Task 6e8b373d-e376-47d4-abb8-1410bc8878b4 | ITER: 23 START
2019-06-16 21:27:05.918 25172 INFO rally.task.runner [-] Task 6e8b373d-e376-47d4-abb8-1410bc8878b4 | ITER: 5 END: OK
2019-06-16 21:27:05.924 25172 INFO rally.task.runner [-] Task 6e8b373d-e376-47d4-abb8-1410bc8878b4 | ITER: 24 START
2019-06-16 21:27:06.025 25173 INFO rally.task.runner [-] Task 6e8b373d-e376-47d4-abb8-1410bc8878b4 | ITER: 8 END: OK
