2019-06-16 19:32:52.268 3476 INFO rally.task.runner [-] Task 09a99569-eec3-4a39-b4ce-97611f981562 | ITER: 2 END: OK
2019-06-16 19:32:52.273 3476 INFO rally.task.runner [-] Task 09a99569-eec3-4a39-b4ce-97611f981562 | ITER: 6 START
2019-06-16 19:32:52.429 3478 INFO rally.task.runner [-] Task 09a99569-eec3-4a39-b4ce-97611f981562 | ITER: 4 END: OK
2019-06-16 19:32:52.434 3478 INFO rally.task.runner [-] Task 09a99569-eec3-4a39-b4ce-97611f981562 | ITER: 7 START
2019-06-16 19:32:52.434 3475 INFO rally.task.runner [-] Task 09a99569-eec3-4a39-b4ce-97611f981562 | ITER: 1 END: OK
2019-06-16 19:32:52.439 3475 INFO rally.task.runner [-] Task 09a99569-eec3-4a39-b4ce-97611f981562 | ITER: 8 START
2019-06-16 19:32:55.783 3477 INFO rally.task.runner [-] Task 09a99569-eec3-4a39-b4ce-97611f981562 | ITER: 5 END: OK
2019-06-16 19:32:55.786 3477 INFO rally.task.runner [-] Task 09a99569-eec3-4a39-b4ce-97611f981562 | ITER: 9 START
2019-06-16 19:32:55.855 3476 INFO rally.task.runner [-] Task 09a99569-eec3-4a39-b4ce-97611f981562 | ITER: 6 END: OK
2019-06-16 19:32:55.860 3476 INFO rally.task.runner [-] Task 09a99569-eec3-4a39-b4ce-97611f981562 | ITER: 10 START
2019-06-16 19:32:56.038 3478 INFO rally.task.runner [-] Task 09a99569-eec3-4a39-b4ce-97611f981562 | ITER: 7 END: OK
2019-06-16 19:32:56.150 3475 INFO rally.task.runner [-] Task 09a99569-eec3-4a39-b4ce-97611f981562 | ITER: 8 END: OK
2019-06-16 19:32:59.322 3477 INFO rally.task.runner [-] Task 09a99569-eec3-4a39-b4ce-97611f981562 | ITER: 9 END: OK
2019-06-16 19:32:59.687 3476 INFO rally.task.runner [-] Task 09a99569-eec3-4a39-b4ce-97611f981562 | ITER: 10 END: OK
2019-06-16 19:32:59.710 1843 INFO rally.task.context [-] Task 09a99569-eec3-4a39-b4ce-97611f981562 | Context cleanup@openstack cleanup() started
2019-06-16 19:32:59.712 1843 RALLYDEBUG rally_openstack.cleanup.manager [-] Cleaning up cinder backups objects
2019-06-16 19:33:01.799 1843 RALLYDEBUG rally_openstack.cleanup.manager [-] Cleaning up cinder volume_snapshots objects
2019-06-16 19:33:03.889 1843 RALLYDEBUG rally_openstack.cleanup.manager [-] Cleaning up cinder transfers objects
2019-06-16 19:33:06.111 1843 RALLYDEBUG rally_openstack.cleanup.manager [-] Cleaning up cinder volumes objects
2019-06-16 19:33:08.345 1843 RALLYDEBUG rally_openstack.cleanup.manager [-] Deleting cinder.volumes object s_rally_b9d400cb_cpSS22zb (cc9503ed-134d-4644-90be-535ad9795b19)
2019-06-16 19:33:08.352 1843 RALLYDEBUG rally_openstack.cleanup.manager [-] Deleting cinder.volumes object s_rally_b9d400cb_Dm8JX7z6 (957254e0-b3b3-4043-b468-bff123c6f2f5)
2019-06-16 19:33:08.354 1843 RALLYDEBUG rally_openstack.cleanup.manager [-] Deleting cinder.volumes object s_rally_b9d400cb_QaIn0MiA (783999d5-9e02-4b5a-b16e-836f4a3a87f7)
2019-06-16 19:33:08.354 1843 RALLYDEBUG rally_openstack.cleanup.manager [-] Deleting cinder.volumes object s_rally_b9d400cb_X2JA7aRh (437b7150-5e4f-4a69-9884-fcd8c22b2174)
2019-06-16 19:33:08.353 1843 RALLYDEBUG rally_openstack.cleanup.manager [-] Deleting cinder.volumes object s_rally_b9d400cb_05UTlzUw (5f7e03e0-d87a-4443-a86d-90de5918e83b)
2019-06-16 19:33:08.365 1843 RALLYDEBUG rally_openstack.cleanup.manager [-] Deleting cinder.volumes object s_rally_b9d400cb_hZsRIhAD (531332e5-8241-4102-9c30-8f23aa477de6)
2019-06-16 19:33:08.373 1843 RALLYDEBUG rally_openstack.cleanup.manager [-] Deleting cinder.volumes object s_rally_b9d400cb_BNdslvJU (ccc24f07-c8d2-46b0-a252-b2d7d64b76f0)
2019-06-16 19:33:08.376 1843 RALLYDEBUG rally_openstack.cleanup.manager [-] Deleting cinder.volumes object s_rally_b9d400cb_9Fr3YGA1 (3560f40b-bc96-4d6a-95e7-c70d35c5a8d6)
2019-06-16 19:33:08.385 1843 RALLYDEBUG rally_openstack.cleanup.manager [-] Deleting cinder.volumes object s_rally_b9d400cb_xxyzGJ5F (f33a9cf5-9ddd-46a0-a8c5-bce0e3f4a42a)
2019-06-16 19:33:08.386 1843 RALLYDEBUG rally_openstack.cleanup.manager [-] Deleting cinder.volumes object s_rally_b9d400cb_JR2IRgQd (9b245efd-3b14-4668-a4dd-232dc7decece)
2019-06-16 19:33:13.244 1843 INFO rally.task.context [-] Task 09a99569-eec3-4a39-b4ce-97611f981562 | Context cleanup@openstack cleanup() finished in 13.53 sec
2019-06-16 19:33:13.244 1843 INFO rally.task.context [-] Task 09a99569-eec3-4a39-b4ce-97611f981562 | Context api_versions@openstack cleanup() started
2019-06-16 19:33:13.244 1843 INFO rally.task.context [-] Task 09a99569-eec3-4a39-b4ce-97611f981562 | Context api_versions@openstack cleanup() finished in 0.30 msec
2019-06-16 19:33:13.245 1843 INFO rally.task.context [-] Task 09a99569-eec3-4a39-b4ce-97611f981562 | Context users@openstack cleanup() started
2019-06-16 19:33:21.377 1843 INFO rally.task.context [-] Task 09a99569-eec3-4a39-b4ce-97611f981562 | Context users@openstack cleanup() finished in 8.13 sec
2019-06-16 19:33:21.428 1843 INFO rally.task.engine [-] Load duration is: 11.111407
2019-06-16 19:33:21.428 1843 INFO rally.task.engine [-] Full runner duration is: 11.159554
2019-06-16 19:33:21.429 1843 INFO rally.task.engine [-] Full duration is: 38.127508
2019-06-16 19:33:21.613 1843 INFO rally.task.engine [-] Running workload: position = 1 config = { "version": 2, "title": "A cropped version of a bigger task.", "description": "Auto-generated task from a single workload (uuid=9e483e17-5f3d-450e-8de0-e86dd29b5df9)", "subtasks": [ { "title": "CinderVolumes.create_volume", "description": "Create a volume.", "scenario": { "CinderVolumes.create_volume": { "size": { "min": 1, "max": 1 } } }, "contexts": { "users": { "tenants": 3, "users_per_tenant": 2 }, "quotas": { "cinder": { "gigabytes": -1, "snapshots": -1, "volumes": -1 } }, "api_versions": { "cinder": { "version": 3, "service_type": "volumev3" } } }, "runner": { "constant": { "concurrency": 4, "times": 10 } }, "hooks": [], "sla": { "failure_rate": { "max": 0 } } } ] }
2019-06-16 19:33:21.634 1843 RALLYDEBUG rally_openstack.contexts.keystone.users [-] Creating 3 tenants using 20 threads
2019-06-16 19:33:23.494 1843 RALLYDEBUG rally_openstack.contexts.keystone.users [-] Creating 6 users using 20 threads
2019-06-16 19:33:26.228 1843 INFO rally.task.context [-] Task 09a99569-eec3-4a39-b4ce-97611f981562 | Context users@openstack setup() finished in 4.59 sec
2019-06-16 19:33:26.659 1843 INFO rally.task.context [-] Task 09a99569-eec3-4a39-b4ce-97611f981562 | Context api_versions@openstack setup() finished in 0.43 sec
2019-06-16 19:33:28.438 1843 INFO rally.task.context [-] Task 09a99569-eec3-4a39-b4ce-97611f981562 | Context quotas@openstack setup() finished in 1.78 sec
2019-06-16 19:33:28.439 1843 INFO rally.task.context [-] Task 09a99569-eec3-4a39-b4ce-97611f981562 | Context cleanup@openstack setup() finished in 0.01 msec
2019-06-16 19:33:28.446 1843 RALLYDEBUG rally.task.runner [-] Starting the constant runner (task UUID: 09a99569-eec3-4a39-b4ce-97611f981562). timeout: 0 concurrency: 4 concurrency_per_worker: 1 times: 10 concurrency_overhead: 0 processes_to_start: 4 max_cpu_used: 16
2019-06-16 19:33:28.458 3659 RALLYDEBUG rally.task.runner [-] Starting a worker. concurrency: 1 args: {"size": {"min": 1, "max": 1}} times: 10 method_name: run timeout: 0 duration: None cls:
2019-06-16 19:33:28.462 3662 RALLYDEBUG rally.task.runner [-] Starting a worker. concurrency: 1 args: {"size": {"min": 1, "max": 1}} times: 10 method_name: run timeout: 0 duration: None cls:
2019-06-16 19:33:28.462 3660 RALLYDEBUG rally.task.runner [-] Starting a worker. concurrency: 1 args: {"size": {"min": 1, "max": 1}} times: 10 method_name: run timeout: 0 duration: None cls:
2019-06-16 19:33:28.463 3661 RALLYDEBUG rally.task.runner [-] Starting a worker. concurrency: 1 args: {"size": {"min": 1, "max": 1}} times: 10 method_name: run timeout: 0 duration: None cls:
2019-06-16 19:33:28.466 3659 INFO rally.task.runner [-] Task 09a99569-eec3-4a39-b4ce-97611f981562 | ITER: 1 START
2019-06-16 19:33:28.467 3662 INFO rally.task.runner [-] Task 09a99569-eec3-4a39-b4ce-97611f981562 | ITER: 2 START
2019-06-16 19:33:28.470 3661 INFO rally.task.runner [-] Task 09a99569-eec3-4a39-b4ce-97611f981562 | ITER: 4 START
2019-06-16 19:33:28.471 3660 INFO rally.task.runner [-] Task 09a99569-eec3-4a39-b4ce-97611f981562 | ITER: 3 START
2019-06-16 19:33:32.135 3660 INFO rally.task.runner [-] Task 09a99569-eec3-4a39-b4ce-97611f981562 | ITER: 3 END: OK
2019-06-16 19:33:32.141 3660 INFO rally.task.runner [-] Task 09a99569-eec3-4a39-b4ce-97611f981562 | ITER: 5 START
2019-06-16 19:33:32.300 3661 INFO rally.task.runner [-] Task 09a99569-eec3-4a39-b4ce-97611f981562 | ITER: 4 END: OK
2019-06-16 19:33:32.305 3661 INFO rally.task.runner [-] Task 09a99569-eec3-4a39-b4ce-97611f981562 | ITER: 6 START
2019-06-16 19:33:32.307 3659 INFO rally.task.runner [-] Task 09a99569-eec3-4a39-b4ce-97611f981562 | ITER: 1 END: OK
2019-06-16 19:33:32.315 3659 INFO rally.task.runner [-] Task 09a99569-eec3-4a39-b4ce-97611f981562 | ITER: 7 START
2019-06-16 19:33:32.350 3662 INFO rally.task.runner [-] Task 09a99569-eec3-4a39-b4ce-97611f981562 | ITER: 2 END: OK
2019-06-16 19:33:32.356 3662 INFO rally.task.runner [-] Task 09a99569-eec3-4a39-b4ce-97611f981562 | ITER: 8 START
2019-06-16 19:33:35.657 3660 INFO rally.task.runner [-] Task 09a99569-eec3-4a39-b4ce-97611f981562 | ITER: 5 END: OK
2019-06-16 19:33:35.662 3660 INFO rally.task.runner [-] Task 09a99569-eec3-4a39-b4ce-97611f981562 | ITER: 9 START
2019-06-16 19:33:36.069 3661 INFO rally.task.runner [-] Task 09a99569-eec3-4a39-b4ce-97611f981562 | ITER: 6 END: OK
2019-06-16 19:33:36.074 3661 INFO rally.task.runner [-] Task 09a99569-eec3-4a39-b4ce-97611f981562 | ITER: 10 START
2019-06-16 19:33:36.224 3662 INFO rally.task.runner [-] Task 09a99569-eec3-4a39-b4ce-97611f981562 | ITER: 8 END: OK
2019-06-16 19:33:36.319 3659 INFO rally.task.runner [-] Task 09a99569-eec3-4a39-b4ce-97611f981562 | ITER: 7 END: OK
2019-06-16 19:33:39.426 3660 INFO rally.task.runner [-] Task 09a99569-eec3-4a39-b4ce-97611f981562 | ITER: 9 END: OK
2019-06-16 19:33:39.726 3661 INFO rally.task.runner [-] Task 09a99569-eec3-4a39-b4ce-97611f981562 | ITER: 10 END: OK
2019-06-16 19:33:39.756 1843 INFO rally.task.context [-] Task 09a99569-eec3-4a39-b4ce-97611f981562 | Context cleanup@openstack cleanup() started
2019-06-16 19:33:39.759 1843 RALLYDEBUG rally_openstack.cleanup.manager [-] Cleaning up cinder backups objects
2019-06-16 19:33:41.886 1843 RALLYDEBUG rally_openstack.cleanup.manager [-] Cleaning up cinder volume_snapshots objects
2019-06-16 19:33:44.089 1843 RALLYDEBUG rally_openstack.cleanup.manager [-] Cleaning up cinder transfers objects
2019-06-16 19:33:46.048 1843 RALLYDEBUG rally_openstack.cleanup.manager [-] Cleaning up cinder volumes objects
2019-06-16 19:33:48.410 1843 RALLYDEBUG rally_openstack.cleanup.manager [-] Deleting cinder.volumes object s_rally_9e483e17_2gQgt4sY (26b41892-a538-473c-823b-0b87b75dda65)
2019-06-16 19:33:48.415 1843 RALLYDEBUG rally_openstack.cleanup.manager [-] Deleting cinder.volumes object s_rally_9e483e17_6EJo4H9W (b0a7624a-ec74-448f-a46c-491e3e6e7dc8)
2019-06-16 19:33:48.415 1843 RALLYDEBUG rally_openstack.cleanup.manager [-] Deleting cinder.volumes object s_rally_9e483e17_AfWt0MW6 (0278d537-7032-49bd-8848-6986b2e4a67d)
2019-06-16 19:33:48.417 1843 RALLYDEBUG rally_openstack.cleanup.manager [-] Deleting cinder.volumes object s_rally_9e483e17_H4tgqhX3 (ef21e4c1-8972-40b2-916a-33c95da0d7bf)
2019-06-16 19:33:48.418 1843 RALLYDEBUG rally_openstack.cleanup.manager [-] Deleting cinder.volumes object s_rally_9e483e17_oihGweVR (e86fe184-3f0a-43a7-900d-234e6801b056)
2019-06-16 19:33:48.420 1843 RALLYDEBUG rally_openstack.cleanup.manager [-] Deleting cinder.volumes object s_rally_9e483e17_kdYQ2BhC (3b2c7e2e-4fc4-4447-8149-018be95956f3)
2019-06-16 19:33:48.424 1843 RALLYDEBUG rally_openstack.cleanup.manager [-] Deleting cinder.volumes object s_rally_9e483e17_LUHnzwTU (fdaa4028-4f4b-4912-9067-7473afc1a0f2)
2019-06-16 19:33:48.428 1843 RALLYDEBUG rally_openstack.cleanup.manager [-] Deleting cinder.volumes object s_rally_9e483e17_rAOyTNMt (79fdf182-5a07-455a-ad29-aa717ec927b0)
2019-06-16 19:33:48.435 1843 RALLYDEBUG rally_openstack.cleanup.manager [-] Deleting cinder.volumes object s_rally_9e483e17_0Qt1gC1D (e77a47fb-5c81-4075-872c-dc5f76fbc309)
2019-06-16 19:33:48.455 1843 RALLYDEBUG rally_openstack.cleanup.manager [-] Deleting cinder.volumes object s_rally_9e483e17_Uo6YBPTy (286964a4-c394-4fee-bf1f-580800fca342)
2019-06-16 19:33:53.180 1843 INFO rally.task.context [-] Task 09a99569-eec3-4a39-b4ce-97611f981562 | Context cleanup@openstack cleanup() finished in 13.42 sec
2019-06-16 19:33:53.181 1843 INFO rally.task.context [-] Task 09a99569-eec3-4a39-b4ce-97611f981562 | Context quotas@openstack cleanup() started
2019-06-16 19:33:54.005 1843 INFO rally.task.context [-] Task 09a99569-eec3-4a39-b4ce-97611f981562 | Context quotas@openstack cleanup() finished in 0.82 sec
2019-06-16 19:33:54.006 1843 INFO rally.task.context [-] Task 09a99569-eec3-4a39-b4ce-97611f981562 | Context api_versions@openstack cleanup() started
2019-06-16 19:33:54.006 1843 INFO rally.task.context [-] Task 09a99569-eec3-4a39-b4ce-97611f981562 | Context api_versions@openstack cleanup() finished in 0.32 msec
2019-06-16 19:33:54.007 1843 INFO rally.task.context [-] Task 09a99569-eec3-4a39-b4ce-97611f981562 | Context users@openstack cleanup() started
2019-06-16 19:34:02.055 1843 INFO rally.task.context [-] Task 09a99569-eec3-4a39-b4ce-97611f981562 | Context users@openstack cleanup() finished in 8.05 sec
2019-06-16 19:34:03.825 1843 INFO rally.task.engine [-] Load duration is: 11.256591
2019-06-16 19:34:03.825 1843 INFO rally.task.engine [-] Full runner duration is: 11.310444
2019-06-16 19:34:03.826 1843 INFO rally.task.engine [-] Full duration is: 40.423754
2019-06-16 19:34:04.080 1843 INFO rally.task.engine [-] Running workload: position = 0 config = { "version": 2, "title": "A cropped version of a bigger task.", "description": "Auto-generated task from a single workload (uuid=a45080a3-ded8-4025-89a3-ea0451574cd0)", "subtasks": [ { "title": "CinderVolumes.list_volumes", "description": "List all volumes.", "scenario": { "CinderVolumes.list_volumes": { "detailed": true } }, "contexts": { "users": { "tenants": 3, "users_per_tenant": 2 }, "quotas": { "cinder": { "gigabytes": -1, "snapshots": -1, "volumes": -1 } }, "api_versions": { "cinder": { "version": 3, "service_type": "volumev3" } }, "volumes": { "size": 1, "volumes_per_tenant": 4 } }, "runner": { "constant": { "concurrency": 4, "times": 10 } }, "hooks": [], "sla": { "failure_rate": { "max": 0 } } } ] }
2019-06-16 19:34:04.103 1843 RALLYDEBUG rally_openstack.contexts.keystone.users [-] Creating 3 tenants using 20 threads
2019-06-16 19:34:06.080 1843 RALLYDEBUG rally_openstack.contexts.keystone.users [-] Creating 6 users using 20 threads
2019-06-16 19:34:08.778 1843 INFO rally.task.context [-] Task 09a99569-eec3-4a39-b4ce-97611f981562 | Context users@openstack setup() finished in 4.67 sec
2019-06-16 19:34:09.197 1843 INFO rally.task.context [-] Task 09a99569-eec3-4a39-b4ce-97611f981562 | Context api_versions@openstack setup() finished in 0.42 sec
2019-06-16 19:34:10.869 1843 INFO rally.task.context [-] Task 09a99569-eec3-4a39-b4ce-97611f981562 | Context quotas@openstack setup() finished in 1.67 sec
2019-06-16 19:34:48.362 1843 INFO rally.task.context [-] Task 09a99569-eec3-4a39-b4ce-97611f981562 | Context volumes@openstack setup() finished in 37.49 sec
2019-06-16 19:34:48.370 1843 RALLYDEBUG rally.task.runner [-] Starting the constant runner (task UUID: 09a99569-eec3-4a39-b4ce-97611f981562). timeout: 0 concurrency: 4 concurrency_per_worker: 1 times: 10 concurrency_overhead: 0 processes_to_start: 4 max_cpu_used: 16
2019-06-16 19:34:48.383 3843 RALLYDEBUG rally.task.runner [-] Starting a worker. concurrency: 1 args: {"detailed": true} times: 10 method_name: run timeout: 0 duration: None cls:
2019-06-16 19:34:48.386 3844 RALLYDEBUG rally.task.runner [-] Starting a worker. concurrency: 1 args: {"detailed": true} times: 10 method_name: run timeout: 0 duration: None cls:
2019-06-16 19:34:48.390 3845 RALLYDEBUG rally.task.runner [-] Starting a worker. concurrency: 1 args: {"detailed": true} times: 10 method_name: run timeout: 0 duration: None cls:
2019-06-16 19:34:48.392 3843 INFO rally.task.runner [-] Task 09a99569-eec3-4a39-b4ce-97611f981562 | ITER: 1 START
2019-06-16 19:34:48.393 3844 INFO rally.task.runner [-] Task 09a99569-eec3-4a39-b4ce-97611f981562 | ITER: 2 START
2019-06-16 19:34:48.395 3846 RALLYDEBUG rally.task.runner [-] Starting a worker. concurrency: 1 args: {"detailed": true} times: 10 method_name: run timeout: 0 duration: None cls:
2019-06-16 19:34:48.398 3845 INFO rally.task.runner [-] Task 09a99569-eec3-4a39-b4ce-97611f981562 | ITER: 3 START
2019-06-16 19:34:48.403 3846 INFO rally.task.runner [-] Task 09a99569-eec3-4a39-b4ce-97611f981562 | ITER: 4 START
2019-06-16 19:34:49.184 3843 INFO rally.task.runner [-] Task 09a99569-eec3-4a39-b4ce-97611f981562 | ITER: 1 END: OK
2019-06-16 19:34:49.185 3844 INFO rally.task.runner [-] Task 09a99569-eec3-4a39-b4ce-97611f981562 | ITER: 2 END: OK
2019-06-16 19:34:49.188 3845 INFO rally.task.runner [-] Task 09a99569-eec3-4a39-b4ce-97611f981562 | ITER: 3 END: OK
2019-06-16 19:34:49.190 3843 INFO rally.task.runner [-] Task 09a99569-eec3-4a39-b4ce-97611f981562 | ITER: 6 START
2019-06-16 19:34:49.192 3844 INFO rally.task.runner [-] Task 09a99569-eec3-4a39-b4ce-97611f981562 | ITER: 5 START
2019-06-16 19:34:49.193 3845 INFO rally.task.runner [-] Task 09a99569-eec3-4a39-b4ce-97611f981562 | ITER: 7 START
2019-06-16 19:34:49.213 3846 INFO rally.task.runner [-] Task 09a99569-eec3-4a39-b4ce-97611f981562 | ITER: 4 END: OK
2019-06-16 19:34:49.218 3846 INFO rally.task.runner [-] Task 09a99569-eec3-4a39-b4ce-97611f981562 | ITER: 8 START
2019-06-16 19:34:49.968 3843 INFO rally.task.runner [-] Task 09a99569-eec3-4a39-b4ce-97611f981562 | ITER: 6 END: OK
2019-06-16 19:34:49.972 3843 INFO rally.task.runner [-] Task 09a99569-eec3-4a39-b4ce-97611f981562 | ITER: 9 START
2019-06-16 19:34:49.982 3845 INFO rally.task.runner [-] Task 09a99569-eec3-4a39-b4ce-97611f981562 | ITER: 7 END: OK
2019-06-16 19:34:49.987 3845 INFO rally.task.runner [-] Task 09a99569-eec3-4a39-b4ce-97611f981562 | ITER: 10 START
2019-06-16 19:34:49.995 3844 INFO rally.task.runner [-] Task 09a99569-eec3-4a39-b4ce-97611f981562 | ITER: 5 END: OK
2019-06-16 19:34:50.131 3846 INFO rally.task.runner [-] Task 09a99569-eec3-4a39-b4ce-97611f981562 | ITER: 8 END: OK
2019-06-16 19:34:50.766 3843 INFO rally.task.runner [-] Task 09a99569-eec3-4a39-b4ce-97611f981562 | ITER: 9 END: OK
2019-06-16 19:34:50.795 3845 INFO rally.task.runner [-] Task 09a99569-eec3-4a39-b4ce-97611f981562 | ITER: 10 END: OK
2019-06-16 19:34:50.816 1843 INFO rally.task.context [-] Task 09a99569-eec3-4a39-b4ce-97611f981562 | Context volumes@openstack cleanup() started
2019-06-16 19:34:50.817 1843 RALLYDEBUG rally_openstack.cleanup.manager [-] Cleaning up cinder volumes objects
2019-06-16 19:34:52.942 1843 RALLYDEBUG rally_openstack.cleanup.manager [-] Deleting cinder.volumes object c_rally_a45080a3_o6QdmSic (0df303bd-c121-4daa-86a4-56fa0c3ff59c)
2019-06-16 19:34:52.943 1843 RALLYDEBUG rally_openstack.cleanup.manager [-] Deleting cinder.volumes object c_rally_a45080a3_60WOIUTa (2154e589-7a6a-4f8d-baaf-7c84252f51a8)
2019-06-16 19:34:52.948 1843 RALLYDEBUG rally_openstack.cleanup.manager [-] Deleting cinder.volumes object c_rally_a45080a3_RRVSV3xs (afc07b65-15ab-4aae-8a76-1f5f0f0d9f8e)
2019-06-16 19:34:52.955 1843 RALLYDEBUG rally_openstack.cleanup.manager [-] Deleting cinder.volumes object c_rally_a45080a3_aC9JDgN7 (239c514c-7a4f-471e-a19d-0c7f1257ffa8)
2019-06-16 19:34:52.956 1843 RALLYDEBUG rally_openstack.cleanup.manager [-] Deleting cinder.volumes object c_rally_a45080a3_6gX5Vutg (ef98f0cc-b16d-4cbc-9f39-a756cd0d791c)
2019-06-16 19:34:52.958 1843 RALLYDEBUG rally_openstack.cleanup.manager [-] Deleting cinder.volumes object c_rally_a45080a3_qyKDdK0R (87d1ed55-59da-49b2-ad71-ca6a27be21f4)
2019-06-16 19:34:52.959 1843 RALLYDEBUG rally_openstack.cleanup.manager [-] Deleting cinder.volumes object c_rally_a45080a3_zWyuZRHo (f34a647f-3795-4151-8b54-dbe9833e94f4)
2019-06-16 19:34:52.959 1843 RALLYDEBUG rally_openstack.cleanup.manager [-] Deleting cinder.volumes object c_rally_a45080a3_goBVJK6j (3cfa3a59-7b28-4336-a15e-b0623a6d4ea2)
2019-06-16 19:34:52.960 1843 RALLYDEBUG rally_openstack.cleanup.manager [-] Deleting cinder.volumes object c_rally_a45080a3_vsc1ICS7 (e8bc81ec-3fd0-4c19-b969-0a06338fdde9)
2019-06-16 19:34:52.961 1843 RALLYDEBUG rally_openstack.cleanup.manager [-] Deleting cinder.volumes object c_rally_a45080a3_yH8C6QRi (a825385c-3bcb-4c44-a968-52dadd0e8c2d)
2019-06-16 19:34:52.961 1843 RALLYDEBUG rally_openstack.cleanup.manager [-] Deleting cinder.volumes object c_rally_a45080a3_16kKsTnh (e61cdfcf-574b-4079-bac5-375e617f010c)
2019-06-16 19:34:52.997 1843 RALLYDEBUG rally_openstack.cleanup.manager [-] Deleting cinder.volumes object c_rally_a45080a3_Q4NrOJQf (0f7fab3a-8d4a-4524-bbfe-9529ce9aeb38)
2019-06-16 19:34:58.100 1843 INFO rally.task.context [-] Task 09a99569-eec3-4a39-b4ce-97611f981562 | Context volumes@openstack cleanup() finished in 7.28 sec
2019-06-16 19:34:58.101 1843 INFO rally.task.context [-] Task 09a99569-eec3-4a39-b4ce-97611f981562 | Context quotas@openstack cleanup() started
2019-06-16 19:34:58.772 1843 INFO rally.task.context [-] Task 09a99569-eec3-4a39-b4ce-97611f981562 | Context quotas@openstack cleanup() finished in 0.67 sec
2019-06-16 19:34:58.772 1843 INFO rally.task.context [-] Task 09a99569-eec3-4a39-b4ce-97611f981562 | Context api_versions@openstack cleanup() started
2019-06-16 19:34:58.773 1843 INFO rally.task.context [-] Task 09a99569-eec3-4a39-b4ce-97611f981562 | Context api_versions@openstack cleanup() finished in 0.31 msec
2019-06-16 19:34:58.773 1843 INFO rally.task.context [-] Task 09a99569-eec3-4a39-b4ce-97611f981562 | Context users@openstack cleanup() started
2019-06-16 19:35:06.621 1843 INFO rally.task.context [-] Task 09a99569-eec3-4a39-b4ce-97611f981562 | Context users@openstack cleanup() finished in 7.85 sec
2019-06-16 19:35:08.390 1843 INFO rally.task.engine [-] Load duration is: 2.394329
2019-06-16 19:35:08.390 1843 INFO rally.task.engine [-] Full runner duration is: 2.446085
2019-06-16 19:35:08.391 1843 INFO rally.task.engine [-] Full duration is: 62.523221
2019-06-16 19:35:08.753 1843 INFO rally.task.engine [-] Running workload: position = 0 config = { "version": 2, "title": "A cropped version of a bigger task.", "description": "Auto-generated task from a single workload (uuid=e8416b2c-a956-499c-b26c-81a6da0fe054)", "subtasks": [ { "title": "CinderVolumes.create_and_delete_snapshot", "description": "Create and then delete a volume-snapshot.", "scenario": { "CinderVolumes.create_and_delete_snapshot": { "force": false } }, "contexts": { "users": { "tenants": 3, "users_per_tenant": 2 }, "quotas": { "cinder": { "gigabytes": -1, "snapshots": -1, "volumes": -1 } }, "api_versions": { "cinder": { "version": 3, "service_type": "volumev3" } }, "volumes": { "size": 1, "volumes_per_tenant": 1 } }, "runner": { "constant": { "concurrency": 4, "times": 10 } }, "hooks": [], "sla": { "failure_rate": { "max": 0 } } } ] }
2019-06-16 19:35:08.775 1843 RALLYDEBUG rally_openstack.contexts.keystone.users [-] Creating 3 tenants using 20 threads
2019-06-16 19:35:10.714 1843 RALLYDEBUG rally_openstack.contexts.keystone.users [-] Creating 6 users using 20 threads
2019-06-16 19:35:13.429 1843 INFO rally.task.context [-] Task 09a99569-eec3-4a39-b4ce-97611f981562 | Context users@openstack setup() finished in 4.65 sec
2019-06-16 19:35:13.857 1843 INFO rally.task.context [-] Task 09a99569-eec3-4a39-b4ce-97611f981562 | Context api_versions@openstack setup() finished in 0.43 sec
2019-06-16 19:35:15.626 1843 INFO rally.task.context [-] Task 09a99569-eec3-4a39-b4ce-97611f981562 | Context quotas@openstack setup() finished in 1.77 sec
2019-06-16 19:35:26.690 1843 INFO rally.task.context [-] Task 09a99569-eec3-4a39-b4ce-97611f981562 | Context volumes@openstack setup() finished in 11.06 sec
2019-06-16 19:35:26.690 1843 INFO rally.task.context [-] Task 09a99569-eec3-4a39-b4ce-97611f981562 | Context cleanup@openstack setup() finished in 0.01 msec
2019-06-16 19:35:26.698 1843 RALLYDEBUG rally.task.runner [-] Starting the constant runner (task UUID: 09a99569-eec3-4a39-b4ce-97611f981562). timeout: 0 concurrency: 4 concurrency_per_worker: 1 times: 10 concurrency_overhead: 0 processes_to_start: 4 max_cpu_used: 16
2019-06-16 19:35:26.710 3967 RALLYDEBUG rally.task.runner [-] Starting a worker. concurrency: 1 args: {"force": false} times: 10 method_name: run timeout: 0 duration: None cls:
2019-06-16 19:35:26.714 3968 RALLYDEBUG rally.task.runner [-] Starting a worker. concurrency: 1 args: {"force": false} times: 10 method_name: run timeout: 0 duration: None cls:
2019-06-16 19:35:26.725 3967 INFO rally.task.runner [-] Task 09a99569-eec3-4a39-b4ce-97611f981562 | ITER: 1 START
2019-06-16 19:35:26.725 3969 RALLYDEBUG rally.task.runner [-] Starting a worker. concurrency: 1 args: {"force": false} times: 10 method_name: run timeout: 0 duration: None cls:
2019-06-16 19:35:26.729 3968 INFO rally.task.runner [-] Task 09a99569-eec3-4a39-b4ce-97611f981562 | ITER: 2 START
2019-06-16 19:35:26.729 3970 RALLYDEBUG rally.task.runner [-] Starting a worker. concurrency: 1 args: {"force": false} times: 10 method_name: run timeout: 0 duration: None cls:
2019-06-16 19:35:26.731 3969 INFO rally.task.runner [-] Task 09a99569-eec3-4a39-b4ce-97611f981562 | ITER: 3 START
2019-06-16 19:35:26.735 3970 INFO rally.task.runner [-] Task 09a99569-eec3-4a39-b4ce-97611f981562 | ITER: 4 START
2019-06-16 19:35:30.345 3967 RALLYDEBUG rally.task.utils [-] Waiting for resource s_rally_e8416b2c_MyGDaGUQ. Status changed: CREATING => AVAILABLE in 0.612550020218
2019-06-16 19:35:30.921 3969 RALLYDEBUG rally.task.utils [-] Waiting for resource s_rally_e8416b2c_vR3CSs62. Status changed: AVAILABLE => DELETING in 0.305899143219
2019-06-16 19:35:30.943 3967 RALLYDEBUG rally.task.utils [-] Waiting for resource s_rally_e8416b2c_MyGDaGUQ. Status changed: AVAILABLE => DELETING in 0.316349983215
2019-06-16 19:35:30.958 3968 RALLYDEBUG rally.task.utils [-] Waiting for resource s_rally_e8416b2c_pjYqSttc. Status changed: AVAILABLE => DELETING in 0.319248914719
2019-06-16 19:35:31.077 3970 RALLYDEBUG rally.task.utils [-] Waiting for resource s_rally_e8416b2c_17m5Fx4p. Status changed: AVAILABLE => DELETING in 0.3062479496
2019-06-16 19:35:33.144 3969 INFO rally.task.runner [-] Task 09a99569-eec3-4a39-b4ce-97611f981562 | ITER: 3 END: OK
2019-06-16 19:35:33.149 3969 INFO rally.task.runner [-] Task 09a99569-eec3-4a39-b4ce-97611f981562 | ITER: 5 START
2019-06-16 19:35:33.174 3967 INFO rally.task.runner [-] Task 09a99569-eec3-4a39-b4ce-97611f981562 | ITER: 1 END: OK
2019-06-16 19:35:33.179 3967 INFO rally.task.runner [-] Task 09a99569-eec3-4a39-b4ce-97611f981562 | ITER: 6 START
2019-06-16 19:35:33.268 3968 INFO rally.task.runner [-] Task 09a99569-eec3-4a39-b4ce-97611f981562 | ITER: 2 END: OK
2019-06-16 19:35:33.273 3968 INFO rally.task.runner [-] Task 09a99569-eec3-4a39-b4ce-97611f981562 | ITER: 7 START
2019-06-16 19:35:33.375 3970 INFO rally.task.runner [-] Task 09a99569-eec3-4a39-b4ce-97611f981562 | ITER: 4 END: OK
2019-06-16 19:35:33.381 3970 INFO rally.task.runner [-] Task 09a99569-eec3-4a39-b4ce-97611f981562 | ITER: 8 START
2019-06-16 19:35:37.182 3969 RALLYDEBUG rally.task.utils [-] Waiting for resource s_rally_e8416b2c_hzYoQFXD. Status changed: AVAILABLE => DELETING in 0.224252939224
2019-06-16 19:35:37.358 3967 RALLYDEBUG rally.task.utils [-] Waiting for resource s_rally_e8416b2c_qNkSjyHj. Status changed: AVAILABLE => DELETING in 0.240571975708
2019-06-16 19:35:37.600 3968 RALLYDEBUG rally.task.utils [-] Waiting for resource s_rally_e8416b2c_gPbuYtCg. Status changed: AVAILABLE => DELETING in 0.319133043289
2019-06-16 19:35:37.655 3970 RALLYDEBUG rally.task.utils [-] Waiting for resource s_rally_e8416b2c_SS8vKNrQ. Status changed: AVAILABLE => DELETING in 0.226181030273
2019-06-16 19:35:39.406 3969 INFO rally.task.runner [-] Task 09a99569-eec3-4a39-b4ce-97611f981562 | ITER: 5 END: OK
2019-06-16 19:35:39.411 3969 INFO rally.task.runner [-] Task 09a99569-eec3-4a39-b4ce-97611f981562 | ITER: 9 START
2019-06-16 19:35:39.596 3967 INFO rally.task.runner [-] Task 09a99569-eec3-4a39-b4ce-97611f981562 | ITER: 6 END: OK
2019-06-16 19:35:39.602 3967 INFO rally.task.runner [-] Task 09a99569-eec3-4a39-b4ce-97611f981562 | ITER: 10 START
2019-06-16 19:35:39.629 3968 INFO rally.task.runner [-] Task 09a99569-eec3-4a39-b4ce-97611f981562 | ITER: 7 END: OK
2019-06-16 19:35:39.964 3970 INFO rally.task.runner [-] Task 09a99569-eec3-4a39-b4ce-97611f981562 | ITER: 8 END: OK
2019-06-16 19:35:43.159 3969 RALLYDEBUG rally.task.utils [-] Waiting for resource s_rally_e8416b2c_UqekwKhG. Status changed: AVAILABLE => DELETING in 0.0294291973114
2019-06-16 19:35:43.356 3967 RALLYDEBUG rally.task.utils [-] Waiting for resource s_rally_e8416b2c_9C8Udrzq. Status changed: AVAILABLE => DELETING in 0.208487033844
2019-06-16 19:35:45.376 3969 INFO rally.task.runner [-] Task 09a99569-eec3-4a39-b4ce-97611f981562 | ITER: 9 END: OK
2019-06-16 19:35:45.674 3967 INFO rally.task.runner [-] Task 09a99569-eec3-4a39-b4ce-97611f981562 | ITER: 10 END: OK
2019-06-16 19:35:45.696 1843 INFO rally.task.context [-] Task 09a99569-eec3-4a39-b4ce-97611f981562 | Context cleanup@openstack cleanup() started
2019-06-16 19:35:45.698 1843 RALLYDEBUG rally_openstack.cleanup.manager [-] Cleaning up cinder backups objects
2019-06-16 19:35:47.976 1843 RALLYDEBUG rally_openstack.cleanup.manager [-] Cleaning up cinder volume_snapshots objects
2019-06-16 19:35:50.079 1843 RALLYDEBUG rally_openstack.cleanup.manager [-] Cleaning up cinder transfers objects
2019-06-16 19:35:52.312 1843 RALLYDEBUG rally_openstack.cleanup.manager [-] Cleaning up cinder volumes objects
2019-06-16 19:35:54.698 1843 INFO rally.task.context [-] Task 09a99569-eec3-4a39-b4ce-97611f981562 | Context cleanup@openstack cleanup() finished in 9.00 sec
2019-06-16 19:35:54.698 1843 INFO rally.task.context [-] Task 09a99569-eec3-4a39-b4ce-97611f981562 | Context volumes@openstack cleanup() started
2019-06-16 19:35:54.699 1843 RALLYDEBUG rally_openstack.cleanup.manager [-] Cleaning up cinder volumes objects
2019-06-16 19:35:57.190 1843 RALLYDEBUG rally_openstack.cleanup.manager [-] Deleting cinder.volumes object c_rally_e8416b2c_NW0jjnoG (f24348dd-0dd6-4871-b5d9-5033f9bb5b72)
2019-06-16 19:35:57.196 1843 RALLYDEBUG rally_openstack.cleanup.manager [-] Deleting cinder.volumes object c_rally_e8416b2c_qgSJf90t (6fb8fa6b-8655-4ec0-a5e7-20134a9282b3)
2019-06-16 19:35:57.198 1843 RALLYDEBUG rally_openstack.cleanup.manager [-] Deleting cinder.volumes object c_rally_e8416b2c_YcxvSC84 (fd1244d1-58cf-41f4-8807-b66f813f7037)
2019-06-16 19:36:00.678 1843 INFO rally.task.context [-] Task 09a99569-eec3-4a39-b4ce-97611f981562 | Context volumes@openstack cleanup() finished in 5.98 sec
2019-06-16 19:36:00.678 1843 INFO rally.task.context [-] Task 09a99569-eec3-4a39-b4ce-97611f981562 | Context quotas@openstack cleanup() started
2019-06-16 19:36:01.521 1843 INFO rally.task.context [-] Task 09a99569-eec3-4a39-b4ce-97611f981562 | Context quotas@openstack cleanup() finished in 0.84 sec
2019-06-16 19:36:01.521 1843 INFO rally.task.context [-] Task 09a99569-eec3-4a39-b4ce-97611f981562 | Context api_versions@openstack cleanup() started
2019-06-16 19:36:01.522 1843 INFO rally.task.context [-] Task 09a99569-eec3-4a39-b4ce-97611f981562 | Context api_versions@openstack cleanup() finished in 0.32 msec
2019-06-16 19:36:01.522 1843 INFO rally.task.context [-] Task 09a99569-eec3-4a39-b4ce-97611f981562 | Context users@openstack cleanup() started
2019-06-16 19:36:09.695 1843 INFO rally.task.context [-] Task 09a99569-eec3-4a39-b4ce-97611f981562 | Context users@openstack cleanup() finished in 8.17 sec
2019-06-16 19:36:11.024 1843 INFO rally.task.engine [-] Load duration is: 18.943995
2019-06-16 19:36:11.024 1843 INFO rally.task.engine [-] Full runner duration is: 18.998496
2019-06-16 19:36:11.024 1843 INFO rally.task.engine [-] Full duration is: 60.923811
2019-06-16 19:36:11.279 1843 INFO rally.task.engine [-] Running workload: position = 0 config = { "version": 2, "title": "A cropped version of a bigger task.", "description": "Auto-generated task from a single workload (uuid=113cc0ce-398a-460b-b0ac-d4641b5c5955)", "subtasks": [ { "title": "CinderVolumes.create_and_delete_volume", "description": "Create and then delete a volume.", "scenario": { "CinderVolumes.create_and_delete_volume": { "size": { "max": 1, "min": 1 } } }, "contexts": { "users": { "tenants": 3, "users_per_tenant": 2 }, "quotas": { "cinder": { "gigabytes": -1, "snapshots": -1, "volumes": -1 } }, "api_versions": { "cinder": { "version": 3, "service_type": "volumev3" } } }, "runner": { "constant": { "concurrency": 4, "times": 10 } }, "hooks": [], "sla": { "failure_rate": { "max": 0 } } } ] }
2019-06-16 19:36:11.305 1843 RALLYDEBUG rally_openstack.contexts.keystone.users [-] Creating 3 tenants using 20 threads
2019-06-16 19:36:13.116 1843 RALLYDEBUG rally_openstack.contexts.keystone.users [-] Creating 6 users using 20 threads
2019-06-16 19:36:16.064 1843 INFO rally.task.context [-] Task 09a99569-eec3-4a39-b4ce-97611f981562 | Context users@openstack setup() finished in 4.76 sec
2019-06-16 19:36:16.497 1843 INFO rally.task.context [-] Task 09a99569-eec3-4a39-b4ce-97611f981562 | Context api_versions@openstack setup() finished in 0.43 sec
2019-06-16 19:36:18.186 1843 INFO rally.task.context [-] Task 09a99569-eec3-4a39-b4ce-97611f981562 | Context quotas@openstack setup() finished in 1.69 sec
2019-06-16 19:36:18.187 1843 INFO rally.task.context [-] Task 09a99569-eec3-4a39-b4ce-97611f981562 | Context cleanup@openstack setup() finished in 0.01 msec
2019-06-16 19:36:18.194 1843 RALLYDEBUG rally.task.runner [-] Starting the constant runner (task UUID: 09a99569-eec3-4a39-b4ce-97611f981562). timeout: 0 concurrency: 4 concurrency_per_worker: 1 times: 10 concurrency_overhead: 0 processes_to_start: 4 max_cpu_used: 16
2019-06-16 19:36:18.206 4171 RALLYDEBUG rally.task.runner [-] Starting a worker. concurrency: 1 args: {"size": {"max": 1, "min": 1}} times: 10 method_name: run timeout: 0 duration: None cls:
2019-06-16 19:36:18.210 4172 RALLYDEBUG rally.task.runner [-] Starting a worker. concurrency: 1 args: {"size": {"max": 1, "min": 1}} times: 10 method_name: run timeout: 0 duration: None cls:
2019-06-16 19:36:18.211 4171 INFO rally.task.runner [-] Task 09a99569-eec3-4a39-b4ce-97611f981562 | ITER: 1 START
2019-06-16 19:36:18.213 4173 RALLYDEBUG rally.task.runner [-] Starting a worker. concurrency: 1 args: {"size": {"max": 1, "min": 1}} times: 10 method_name: run timeout: 0 duration: None cls:
2019-06-16 19:36:18.215 4174 RALLYDEBUG rally.task.runner [-] Starting a worker. concurrency: 1 args: {"size": {"max": 1, "min": 1}} times: 10 method_name: run timeout: 0 duration: None cls:
2019-06-16 19:36:18.218 4172 INFO rally.task.runner [-] Task 09a99569-eec3-4a39-b4ce-97611f981562 | ITER: 2 START
2019-06-16 19:36:18.221 4173 INFO rally.task.runner [-] Task 09a99569-eec3-4a39-b4ce-97611f981562 | ITER: 3 START
2019-06-16 19:36:18.223 4174 INFO rally.task.runner [-] Task 09a99569-eec3-4a39-b4ce-97611f981562 | ITER: 4 START
2019-06-16 19:36:22.446 4171 RALLYDEBUG rally.task.utils [-] Waiting for resource s_rally_113cc0ce_OyuoCaac. Status changed: AVAILABLE => DELETING in 0.316287994385
2019-06-16 19:36:22.588 4173 RALLYDEBUG rally.task.utils [-] Waiting for resource s_rally_113cc0ce_rzvKgsY9. Status changed: AVAILABLE => DELETING in 0.34313416481
2019-06-16 19:36:22.639 4172 RALLYDEBUG rally.task.utils [-] Waiting for resource s_rally_113cc0ce_8HZAMSeF. Status changed: AVAILABLE => DELETING in 0.317703008652
2019-06-16 19:36:22.657 4174 RALLYDEBUG rally.task.utils [-] Waiting for resource s_rally_113cc0ce_SfRUWdsC. Status changed: AVAILABLE => DELETING in 0.258314847946
2019-06-16 19:36:24.485 4171 INFO rally.task.runner [-] Task 09a99569-eec3-4a39-b4ce-97611f981562 | ITER: 1 END: OK
2019-06-16 19:36:24.490 4171 INFO rally.task.runner [-] Task 09a99569-eec3-4a39-b4ce-97611f981562 | ITER: 5 START
2019-06-16 19:36:24.675 4172 INFO rally.task.runner [-] Task 09a99569-eec3-4a39-b4ce-97611f981562 | ITER: 2 END: OK
2019-06-16 19:36:24.681 4172 INFO rally.task.runner [-] Task 09a99569-eec3-4a39-b4ce-97611f981562 | ITER: 6 START
2019-06-16 19:36:24.890 4173 INFO rally.task.runner [-] Task 09a99569-eec3-4a39-b4ce-97611f981562 | ITER: 3 END: OK
2019-06-16 19:36:24.893 4174 INFO rally.task.runner [-] Task 09a99569-eec3-4a39-b4ce-97611f981562 | ITER: 4 END: OK
2019-06-16 19:36:24.896 4173 INFO rally.task.runner [-] Task 09a99569-eec3-4a39-b4ce-97611f981562 | ITER: 7 START
2019-06-16 19:36:24.899 4174 INFO rally.task.runner [-] Task 09a99569-eec3-4a39-b4ce-97611f981562 | ITER: 8 START
2019-06-16 19:36:28.684 4171 RALLYDEBUG rally.task.utils [-] Waiting for resource s_rally_113cc0ce_LLqQyLYr. Status changed: AVAILABLE => DELETING in 0.386673927307
2019-06-16 19:36:28.884 4172 INFO rally.task.runner [-] Task 09a99569-eec3-4a39-b4ce-97611f981562 | ITER: 6 END: OK
2019-06-16 19:36:28.888 4172 INFO rally.task.runner [-] Task 09a99569-eec3-4a39-b4ce-97611f981562 | ITER: 9 START
2019-06-16 19:36:29.330 4173 RALLYDEBUG rally.task.utils [-] Waiting for resource s_rally_113cc0ce_nIhKS0Od. Status changed: AVAILABLE => DELETING in 0.337509870529
2019-06-16 19:36:29.399 4174 RALLYDEBUG rally.task.utils [-] Waiting for resource s_rally_113cc0ce_SDdR8RuM. Status changed: AVAILABLE => DELETING in 0.317191839218
2019-06-16 19:36:30.987 4171 INFO rally.task.runner [-] Task 09a99569-eec3-4a39-b4ce-97611f981562 | ITER: 5 END: OK
2019-06-16 19:36:30.992 4171 INFO rally.task.runner [-] Task 09a99569-eec3-4a39-b4ce-97611f981562 | ITER: 10 START
2019-06-16 19:36:31.564 4173 INFO rally.task.runner [-] Task 09a99569-eec3-4a39-b4ce-97611f981562 | ITER: 7 END: OK
2019-06-16 19:36:31.803 4174 INFO rally.task.runner [-] Task 09a99569-eec3-4a39-b4ce-97611f981562 | ITER: 8 END: OK
2019-06-16 19:36:33.146 4172 INFO rally.task.runner [-] Task 09a99569-eec3-4a39-b4ce-97611f981562 | ITER: 9 END: OK
2019-06-16 19:36:35.268 4171 INFO rally.task.runner [-] Task 09a99569-eec3-4a39-b4ce-97611f981562 | ITER: 10 END: OK
2019-06-16 19:36:35.297 1843 INFO rally.task.context [-] Task 09a99569-eec3-4a39-b4ce-97611f981562 | Context cleanup@openstack cleanup() started
2019-06-16 19:36:35.299 1843 RALLYDEBUG rally_openstack.cleanup.manager [-] Cleaning up cinder backups objects
2019-06-16 19:36:37.513 1843 RALLYDEBUG rally_openstack.cleanup.manager [-] Cleaning up cinder volume_snapshots objects
2019-06-16 19:36:39.753 1843 RALLYDEBUG rally_openstack.cleanup.manager [-] Cleaning up cinder transfers objects
2019-06-16 19:36:41.892 1843 RALLYDEBUG rally_openstack.cleanup.manager [-] Cleaning up cinder volumes objects
2019-06-16 19:36:44.122 1843 INFO rally.task.context [-] Task 09a99569-eec3-4a39-b4ce-97611f981562 | Context cleanup@openstack cleanup() finished in 8.83 sec
2019-06-16 19:36:44.122 1843 INFO rally.task.context [-] Task 09a99569-eec3-4a39-b4ce-97611f981562 | Context quotas@openstack cleanup() started
2019-06-16 19:36:45.018 1843 INFO rally.task.context [-] Task 09a99569-eec3-4a39-b4ce-97611f981562 | Context quotas@openstack cleanup() finished in 0.90 sec
2019-06-16 19:36:45.019 1843 INFO rally.task.context [-] Task 09a99569-eec3-4a39-b4ce-97611f981562 | Context api_versions@openstack cleanup() started
2019-06-16 19:36:45.019 1843 INFO rally.task.context [-] Task 09a99569-eec3-4a39-b4ce-97611f981562 | Context api_versions@openstack cleanup() finished in 0.34 msec
2019-06-16 19:36:45.019 1843 INFO rally.task.context [-] Task 09a99569-eec3-4a39-b4ce-97611f981562 | Context users@openstack cleanup() started
2019-06-16 19:36:53.305 1843 INFO rally.task.context [-] Task 09a99569-eec3-4a39-b4ce-97611f981562 | Context users@openstack cleanup() finished in 8.29 sec
2019-06-16 19:36:53.477 1843 INFO rally.task.engine [-] Load duration is: 17.053046
2019-06-16 19:36:53.477 1843 INFO rally.task.engine [-] Full runner duration is: 17.102468
2019-06-16 19:36:53.477 1843 INFO rally.task.engine [-] Full duration is: 42.003699
2019-06-16 19:36:53.667 1843 INFO rally.task.engine [-] Running workload: position = 1 config = { "version": 2, "title": "A cropped version of a bigger task.", "description": "Auto-generated task from a single workload (uuid=8c262ce0-fe7c-4d3a-9ac9-a1508c5efb4b)", "subtasks": [ { "title": "CinderVolumes.create_and_delete_volume", "description": "Create and then delete a volume.", "scenario": { "CinderVolumes.create_and_delete_volume": { "image": { "name": "rally_full-img_057f19bc-9293-420d-b7e6-b6a0f397fad9" }, "size": 1 } }, "contexts": { "users": { "tenants": 3, "users_per_tenant": 2 }, "quotas": { "cinder": { "gigabytes": -1, "snapshots": -1, "volumes": -1 } }, "api_versions": { "cinder": { "version": 3, "service_type": "volumev3" } } }, "runner": { "constant": { "concurrency": 4, "times": 10 } }, "hooks": [], "sla": { "failure_rate": { "max": 0 } } } ] }
2019-06-16 19:36:53.692 1843 RALLYDEBUG rally_openstack.contexts.keystone.users [-] Creating 3 tenants using 20 threads
2019-06-16 19:36:55.566 1843 RALLYDEBUG rally_openstack.contexts.keystone.users [-] Creating 6 users using 20 threads
2019-06-16 19:36:58.402 1843 INFO rally.task.context [-] Task 09a99569-eec3-4a39-b4ce-97611f981562 | Context users@openstack setup() finished in 4.71 sec
2019-06-16 19:36:58.858 1843 INFO rally.task.context [-] Task 09a99569-eec3-4a39-b4ce-97611f981562 | Context api_versions@openstack setup() finished in 0.46 sec
2019-06-16 19:37:00.493 1843 INFO rally.task.context [-] Task 09a99569-eec3-4a39-b4ce-97611f981562 | Context quotas@openstack setup() finished in 1.64 sec
2019-06-16 19:37:00.494 1843 INFO rally.task.context [-] Task 09a99569-eec3-4a39-b4ce-97611f981562 | Context cleanup@openstack setup() finished in 0.01 msec
2019-06-16 19:37:01.611 1843 RALLYDEBUG rally.task.runner [-] Starting the constant runner (task UUID: 09a99569-eec3-4a39-b4ce-97611f981562). timeout: 0 concurrency: 4 concurrency_per_worker: 1 times: 10 concurrency_overhead: 0 processes_to_start: 4 max_cpu_used: 16
2019-06-16 19:37:01.626 4355 RALLYDEBUG rally.task.runner [-] Starting a worker. concurrency: 1 args: {"image": "a5e24202-e31b-4773-87fd-4a8d13820b01", "size": 1} times: 10 method_name: run timeout: 0 duration: None cls:
2019-06-16 19:37:01.628 4356 RALLYDEBUG rally.task.runner [-] Starting a worker. concurrency: 1 args: {"image": "a5e24202-e31b-4773-87fd-4a8d13820b01", "size": 1} times: 10 method_name: run timeout: 0 duration: None cls:
2019-06-16 19:37:01.631 4357 RALLYDEBUG rally.task.runner [-] Starting a worker. concurrency: 1 args: {"image": "a5e24202-e31b-4773-87fd-4a8d13820b01", "size": 1} times: 10 method_name: run timeout: 0 duration: None cls:
2019-06-16 19:37:01.634 4358 RALLYDEBUG rally.task.runner [-] Starting a worker. concurrency: 1 args: {"image": "a5e24202-e31b-4773-87fd-4a8d13820b01", "size": 1} times: 10 method_name: run timeout: 0 duration: None cls:
2019-06-16 19:37:01.635 4355 INFO rally.task.runner [-] Task 09a99569-eec3-4a39-b4ce-97611f981562 | ITER: 1 START
2019-06-16 19:37:01.636 4356 INFO rally.task.runner [-] Task 09a99569-eec3-4a39-b4ce-97611f981562 | ITER: 2 START
2019-06-16 19:37:01.639 4357 INFO rally.task.runner [-] Task 09a99569-eec3-4a39-b4ce-97611f981562 | ITER: 3 START
2019-06-16 19:37:01.642 4358 INFO rally.task.runner [-] Task 09a99569-eec3-4a39-b4ce-97611f981562 | ITER: 4 START
2019-06-16 19:37:11.027 4358 RALLYDEBUG rally.task.utils [-] Waiting for resource s_rally_8c262ce0_RoCLThym. Status changed: CREATING => DOWNLOADING in 4.96222901344
2019-06-16 19:37:11.245 4357 RALLYDEBUG rally.task.utils [-] Waiting for resource s_rally_8c262ce0_oYB4EJ87. Status changed: CREATING => DOWNLOADING in 5.24517583847
2019-06-16 19:37:11.566 4356 RALLYDEBUG rally.task.utils [-] Waiting for resource s_rally_8c262ce0_lGmGKnOJ. Status changed: CREATING => DOWNLOADING in 5.3416531086
2019-06-16 19:37:11.772 4355 RALLYDEBUG rally.task.utils [-] Waiting for resource s_rally_8c262ce0_2fiuhqvq. Status changed: CREATING => DOWNLOADING in 5.25381994247
2019-06-16 19:37:20.872 4355 RALLYDEBUG rally.task.utils [-] Waiting for resource s_rally_8c262ce0_2fiuhqvq. Status changed: DOWNLOADING => AVAILABLE in 9.10058498383
2019-06-16 19:37:21.552 4355 RALLYDEBUG rally.task.utils [-] Waiting for resource s_rally_8c262ce0_2fiuhqvq. Status changed: AVAILABLE => DELETING in 0.337766885757
2019-06-16 19:37:22.157 4358 RALLYDEBUG rally.task.utils [-] Waiting for resource s_rally_8c262ce0_RoCLThym. Status changed: DOWNLOADING => AVAILABLE in 11.1299309731
2019-06-16 19:37:22.649 4356 RALLYDEBUG rally.task.utils [-] Waiting for resource s_rally_8c262ce0_lGmGKnOJ. Status changed: DOWNLOADING => AVAILABLE in 11.0834379196
2019-06-16 19:37:22.662 4357 RALLYDEBUG rally.task.utils [-] Waiting for resource s_rally_8c262ce0_oYB4EJ87. Status changed: DOWNLOADING => AVAILABLE in 11.4161560535
2019-06-16 19:37:22.803 4358 INFO rally.task.runner [-] Task 09a99569-eec3-4a39-b4ce-97611f981562 | ITER: 4 END: OK
2019-06-16 19:37:22.808 4358 INFO rally.task.runner [-] Task 09a99569-eec3-4a39-b4ce-97611f981562 | ITER: 5 START
2019-06-16 19:37:23.206 4357 RALLYDEBUG rally.task.utils [-] Waiting for resource s_rally_8c262ce0_oYB4EJ87. Status changed: AVAILABLE => DELETING in 0.255841016769
2019-06-16 19:37:23.472 4356 RALLYDEBUG rally.task.utils [-] Waiting for resource s_rally_8c262ce0_lGmGKnOJ. Status changed: AVAILABLE => DELETING in 0.336308002472
2019-06-16 19:37:23.887 4355 INFO rally.task.runner [-] Task 09a99569-eec3-4a39-b4ce-97611f981562 | ITER: 1 END: OK
2019-06-16 19:37:23.892 4355 INFO rally.task.runner [-] Task 09a99569-eec3-4a39-b4ce-97611f981562 | ITER: 6 START
2019-06-16 19:37:25.444 4357 INFO rally.task.runner [-] Task 09a99569-eec3-4a39-b4ce-97611f981562 | ITER: 3 END: OK
2019-06-16 19:37:25.450 4357 INFO rally.task.runner [-] Task 09a99569-eec3-4a39-b4ce-97611f981562 | ITER: 7 START
2019-06-16 19:37:25.807 4356 INFO rally.task.runner [-] Task 09a99569-eec3-4a39-b4ce-97611f981562 | ITER: 2 END: OK
2019-06-16 19:37:25.812 4356 INFO rally.task.runner [-] Task 09a99569-eec3-4a39-b4ce-97611f981562 | ITER: 8 START
2019-06-16 19:37:29.548 4358 RALLYDEBUG rally.task.utils [-] Waiting for resource s_rally_8c262ce0_jEc5271K. Status changed: CREATING => DOWNLOADING in 2.71473097801
2019-06-16 19:37:31.922 4358 RALLYDEBUG rally.task.utils [-] Waiting for resource s_rally_8c262ce0_jEc5271K. Status changed: DOWNLOADING => AVAILABLE in 2.37377595901
2019-06-16 19:37:32.726 4358 RALLYDEBUG rally.task.utils [-] Waiting for resource s_rally_8c262ce0_jEc5271K. Status changed: AVAILABLE => DELETING in 0.338742017746
2019-06-16 19:37:34.978 4358 INFO rally.task.runner [-] Task 09a99569-eec3-4a39-b4ce-97611f981562 | ITER: 5 END: OK
2019-06-16 19:37:34.984 4358 INFO rally.task.runner [-] Task 09a99569-eec3-4a39-b4ce-97611f981562 | ITER: 9 START
2019-06-16 19:37:35.420 4357 RALLYDEBUG rally.task.utils [-] Waiting for resource s_rally_8c262ce0_UjblsU3v. Status changed: CREATING => DOWNLOADING in 5.37180304527
2019-06-16 19:37:36.281 4355 RALLYDEBUG rally.task.utils [-] Waiting for resource s_rally_8c262ce0_xiaYYCAr. Status changed: CREATING => DOWNLOADING in 7.66495895386
2019-06-16 19:37:37.886 4356 RALLYDEBUG rally.task.utils [-] Waiting for resource s_rally_8c262ce0_SkT5stgi. Status changed: CREATING => DOWNLOADING in 7.61122202873
2019-06-16 19:37:43.032 4355 RALLYDEBUG rally.task.utils [-] Waiting for resource s_rally_8c262ce0_xiaYYCAr. Status changed: DOWNLOADING => AVAILABLE in 6.75059103966
2019-06-16 19:37:43.732 4355 INFO rally.task.runner [-] Task 09a99569-eec3-4a39-b4ce-97611f981562 | ITER: 6 END: OK
2019-06-16 19:37:43.739 4355 INFO rally.task.runner [-] Task 09a99569-eec3-4a39-b4ce-97611f981562 | ITER: 10 START
2019-06-16 19:37:44.658 4356 RALLYDEBUG rally.task.utils [-] Waiting for resource s_rally_8c262ce0_SkT5stgi. Status changed: DOWNLOADING => AVAILABLE in 6.77263879776
2019-06-16 19:37:44.780 4357 RALLYDEBUG rally.task.utils [-] Waiting for resource s_rally_8c262ce0_UjblsU3v. Status changed: DOWNLOADING => AVAILABLE in 9.36019086838
2019-06-16 19:37:45.069 4356 RALLYDEBUG rally.task.utils [-] Waiting for resource s_rally_8c262ce0_SkT5stgi. Status changed: AVAILABLE => DELETING in 0.334893941879
2019-06-16 19:37:45.202 4357 RALLYDEBUG rally.task.utils [-] Waiting for resource s_rally_8c262ce0_UjblsU3v. Status changed: AVAILABLE => DELETING in 0.0598180294037
2019-06-16 19:37:46.939 4358 RALLYDEBUG rally.task.utils [-] Waiting for resource s_rally_8c262ce0_451tr4z9. Status changed: CREATING => DOWNLOADING in 7.00343298912
2019-06-16 19:37:47.383 4356 INFO rally.task.runner [-] Task 09a99569-eec3-4a39-b4ce-97611f981562 | ITER: 8 END: OK
2019-06-16 19:37:47.608 4357 INFO rally.task.runner [-] Task 09a99569-eec3-4a39-b4ce-97611f981562 | ITER: 7 END: OK
2019-06-16 19:37:49.374 4358 RALLYDEBUG rally.task.utils [-] Waiting for resource s_rally_8c262ce0_451tr4z9. Status changed: DOWNLOADING => AVAILABLE in 2.43498301506
2019-06-16 19:37:49.975 4358 RALLYDEBUG rally.task.utils [-] Waiting for resource s_rally_8c262ce0_451tr4z9. Status changed: AVAILABLE => DELETING in 0.318284988403
2019-06-16 19:37:52.112 4355 RALLYDEBUG rally.task.utils [-] Waiting for resource s_rally_8c262ce0_hHf6OAgE. Status changed: CREATING => DOWNLOADING in 3.05606293678
2019-06-16 19:37:52.298 4358 INFO rally.task.runner [-] Task 09a99569-eec3-4a39-b4ce-97611f981562 | ITER: 9 END: OK
2019-06-16 19:37:54.451 4355 RALLYDEBUG rally.task.utils [-] Waiting for resource s_rally_8c262ce0_hHf6OAgE. Status changed: DOWNLOADING => AVAILABLE in 2.33880901337
2019-06-16 19:37:55.054 4355 INFO rally.task.runner [-] Task 09a99569-eec3-4a39-b4ce-97611f981562 | ITER: 10 END: OK
2019-06-16 19:37:55.075 1843 INFO rally.task.context [-] Task 09a99569-eec3-4a39-b4ce-97611f981562 | Context cleanup@openstack cleanup() started
