2019-06-16 19:09:28.279 8 RALLYDEBUG rally.api [-] INFO logs from urllib3 and requests module are hide.
2019-06-16 19:09:28.279 8 RALLYDEBUG rally.api [-] urllib3 insecure warnings are hidden.
2019-06-16 19:09:28.279 8 RALLYDEBUG rally.api [-] ERROR log from boto module is hide.
2019-06-16 19:09:29.469 8 ERROR rally.cli.cliutils [-] Unexpected exception in CLI: DBRecordNotFound: Record for uuid or name is opnfv-rally not found in table envs
2019-06-16 19:09:29.469 8 ERROR rally.cli.cliutils
Traceback (most recent call last):
2019-06-16 19:09:29.469 8 ERROR rally.cli.cliutils
File "/usr/lib/python2.7/site-packages/rally/cli/cliutils.py", line 674, in run
2019-06-16 19:09:29.469 8 ERROR rally.cli.cliutils ret = fn(*fn_args, **fn_kwargs)
2019-06-16 19:09:29.469 8 ERROR rally.cli.cliutils File "", line 2, in destroy
2019-06-16 19:09:29.469 8 ERROR rally.cli.cliutils
File "/usr/lib/python2.7/site-packages/rally/cli/envutils.py", line 69, in default_from_global
2019-06-16 19:09:29.469 8 ERROR rally.cli.cliutils return f(*args, **kwargs)
2019-06-16 19:09:29.469 8 ERROR rally.cli.cliutils File "", line 2, in destroy
2019-06-16 19:09:29.469 8 ERROR rally.cli.cliutils
File "/usr/lib/python2.7/site-packages/rally/plugins/__init__.py", line 51, in ensure_plugins_are_loaded
2019-06-16 19:09:29.469 8 ERROR rally.cli.cliutils return f(*args, **kwargs)
2019-06-16 19:09:29.469 8 ERROR rally.cli.cliutils
File "/usr/lib/python2.7/site-packages/rally/cli/commands/deployment.py", line 140, in destroy
2019-06-16 19:09:29.469 8 ERROR rally.cli.cliutils api.deployment.destroy(deployment=deployment)
2019-06-16 19:09:29.469 8 ERROR rally.cli.cliutils
File "/usr/lib/python2.7/site-packages/rally/api.py", line 115, in destroy
2019-06-16 19:09:29.469 8 ERROR rally.cli.cliutils deploy = objects.Deployment.get(deployment)
2019-06-16 19:09:29.469 8 ERROR rally.cli.cliutils
File "/usr/lib/python2.7/site-packages/rally/common/objects/deploy.py", line 124, in get
2019-06-16 19:09:29.469 8 ERROR rally.cli.cliutils return Deployment(env_mgr.EnvManager.get(deploy))
2019-06-16 19:09:29.469 8 ERROR rally.cli.cliutils
File "/usr/lib/python2.7/site-packages/rally/env/env_mgr.py", line 212, in get
2019-06-16 19:09:29.469 8 ERROR rally.cli.cliutils return cls(db.env_get(uuid_or_name))
2019-06-16 19:09:29.469 8 ERROR rally.cli.cliutils
File "/usr/lib/python2.7/site-packages/rally/common/db/api.py", line 135, in wrapper
2019-06-16 19:09:29.469 8 ERROR rally.cli.cliutils result = f(session, *args, **kwargs)
2019-06-16 19:09:29.469 8 ERROR rally.cli.cliutils
File "/usr/lib/python2.7/site-packages/rally/common/db/api.py", line 521, in env_get
2019-06-16 19:09:29.469 8 ERROR rally.cli.cliutils criteria="uuid or name is %s" % uuid_or_name, table="envs")
2019-06-16 19:09:29.469 8 ERROR rally.cli.cliutils DBRecordNotFound: Record for uuid or name is opnfv-rally not found in table envs
2019-06-16 19:09:29.469 8 ERROR rally.cli.cliutils
2019-06-16 19:09:30.222 10 RALLYDEBUG rally.api [-] INFO logs from urllib3 and requests module are hide.
2019-06-16 19:09:30.223 10 RALLYDEBUG rally.api [-] urllib3 insecure warnings are hidden.
2019-06-16 19:09:30.223 10 RALLYDEBUG rally.api [-] ERROR log from boto module is hide.
2019-06-16 19:09:31.559 10 WARNING rally_openstack.platforms.existing [-] endpoint is deprecated and not used.
2019-06-16 19:09:32.553 12 RALLYDEBUG rally.api [-] INFO logs from urllib3 and requests module are hide.
2019-06-16 19:09:32.554 12 RALLYDEBUG rally.api [-] urllib3 insecure warnings are hidden.
2019-06-16 19:09:32.554 12 RALLYDEBUG rally.api [-] ERROR log from boto module is hide.
2019-06-16 19:09:35.843 15 RALLYDEBUG rally.api [-] INFO logs from urllib3 and requests module are hide.
2019-06-16 19:09:35.843 15 RALLYDEBUG rally.api [-] urllib3 insecure warnings are hidden.
2019-06-16 19:09:35.843 15 RALLYDEBUG rally.api [-] ERROR log from boto module is hide.
2019-06-16 19:09:37.547 17 RALLYDEBUG rally.api [-] INFO logs from urllib3 and requests module are hide.
2019-06-16 19:09:37.548 17 RALLYDEBUG rally.api [-] urllib3 insecure warnings are hidden.
2019-06-16 19:09:37.548 17 RALLYDEBUG rally.api [-] ERROR log from boto module is hide.
2019-06-16 19:09:38.917 17 INFO rally.task.engine [-] Task 90fc3984-b7fb-4403-a2d9-08642089f6f1 | Starting: Task validation.
2019-06-16 19:09:38.955 17 INFO rally.task.engine [-] Task 90fc3984-b7fb-4403-a2d9-08642089f6f1 | Starting: Task validation of syntax.
2019-06-16 19:09:38.995 17 INFO rally.task.engine [-] Task 90fc3984-b7fb-4403-a2d9-08642089f6f1 | Completed: Task validation of syntax.
2019-06-16 19:09:38.996 17 INFO rally.task.engine [-] Task 90fc3984-b7fb-4403-a2d9-08642089f6f1 | Starting: Task validation of required platforms.
2019-06-16 19:09:39.024 17 INFO rally.task.engine [-] Task 90fc3984-b7fb-4403-a2d9-08642089f6f1 | Completed: Task validation of required platforms.
2019-06-16 19:09:39.025 17 INFO rally.task.engine [-] Task 90fc3984-b7fb-4403-a2d9-08642089f6f1 | Starting: Task validation of semantic.
2019-06-16 19:09:39.025 17 INFO rally.task.engine [-] Check health of the environment 'e6bccec7-bf49-4795-923e-7bbf5c0f8b85'.
2019-06-16 19:09:39.873 17 INFO rally.task.engine [-] Platform existing@openstack (available: True): OK!
2019-06-16 19:09:39.891 17 RALLYDEBUG rally_openstack.contexts.keystone.users [-] Creating 1 tenants using 20 threads
2019-06-16 19:09:41.827 17 RALLYDEBUG rally_openstack.contexts.keystone.users [-] Creating 1 users using 20 threads
2019-06-16 19:09:44.649 17 INFO rally.task.context [-] Task 90fc3984-b7fb-4403-a2d9-08642089f6f1 | Context users@openstack setup() finished in 4.76 sec
2019-06-16 19:09:44.696 17 INFO rally.task.context [-] Task 90fc3984-b7fb-4403-a2d9-08642089f6f1 | Context users@openstack cleanup() started
2019-06-16 19:09:49.897 17 INFO rally.task.context [-] Task 90fc3984-b7fb-4403-a2d9-08642089f6f1 | Context users@openstack cleanup() finished in 5.20 sec
2019-06-16 19:09:49.898 17 INFO rally.task.engine [-] Task 90fc3984-b7fb-4403-a2d9-08642089f6f1 | Completed: Task validation of semantic.
2019-06-16 19:09:49.898 17 INFO rally.task.engine [-] Task 90fc3984-b7fb-4403-a2d9-08642089f6f1 | Completed: Task validation.
2019-06-16 19:09:49.898 17 INFO rally.api [-] Task 90fc3984-b7fb-4403-a2d9-08642089f6f1 input file is valid.
2019-06-16 19:09:49.898 17 INFO rally.api [-] Run Task 90fc3984-b7fb-4403-a2d9-08642089f6f1 against Deployment e6bccec7-bf49-4795-923e-7bbf5c0f8b85
2019-06-16 19:09:49.898 17 INFO rally.task.engine [-] Task 90fc3984-b7fb-4403-a2d9-08642089f6f1 | Starting: Running task.
2019-06-16 19:09:50.020 17 INFO rally.task.engine [-] Running workload: position = 0 config = { "version": 2, "title": "A cropped version of a bigger task.", "description": "Auto-generated task from a single workload (uuid=3b586b55-2717-4fc6-905d-4a52974b4a89)", "subtasks": [ { "title": "Authenticate.keystone", "description": "Check Keystone Client.", "scenario": { "Authenticate.keystone": {} }, "contexts": { "users": { "tenants": 3, "users_per_tenant": 2 } }, "runner": { "constant": { "concurrency": 4, "times": 10 } }, "hooks": [], "sla": { "failure_rate": { "max": 0 } } } ] }
2019-06-16 19:09:50.028 17 RALLYDEBUG rally_openstack.contexts.keystone.users [-] Creating 3 tenants using 20 threads
2019-06-16 19:09:51.888 17 RALLYDEBUG rally_openstack.contexts.keystone.users [-] Creating 6 users using 20 threads
2019-06-16 19:09:54.827 17 INFO rally.task.context [-] Task 90fc3984-b7fb-4403-a2d9-08642089f6f1 | Context users@openstack setup() finished in 4.80 sec
2019-06-16 19:09:54.831 17 RALLYDEBUG rally.task.runner [-] Starting the constant runner (task UUID: 90fc3984-b7fb-4403-a2d9-08642089f6f1). timeout: 0 concurrency: 4 concurrency_per_worker: 1 times: 10 concurrency_overhead: 0 processes_to_start: 4 max_cpu_used: 16
2019-06-16 19:09:54.842 141 RALLYDEBUG rally.task.runner [-] Starting a worker. concurrency: 1 args: {} times: 10 method_name: run timeout: 0 duration: None cls:
2019-06-16 19:09:54.844 142 RALLYDEBUG rally.task.runner [-] Starting a worker. concurrency: 1 args: {} times: 10 method_name: run timeout: 0 duration: None cls:
2019-06-16 19:09:54.845 144 RALLYDEBUG rally.task.runner [-] Starting a worker. concurrency: 1 args: {} times: 10 method_name: run timeout: 0 duration: None cls:
2019-06-16 19:09:54.846 143 RALLYDEBUG rally.task.runner [-] Starting a worker. concurrency: 1 args: {} times: 10 method_name: run timeout: 0 duration: None cls:
2019-06-16 19:09:54.847 141 INFO rally.task.runner [-] Task 90fc3984-b7fb-4403-a2d9-08642089f6f1 | ITER: 1 START
2019-06-16 19:09:54.850 142 INFO rally.task.runner [-] Task 90fc3984-b7fb-4403-a2d9-08642089f6f1 | ITER: 2 START
2019-06-16 19:09:54.850 144 INFO rally.task.runner [-] Task 90fc3984-b7fb-4403-a2d9-08642089f6f1 | ITER: 3 START
2019-06-16 19:09:54.852 143 INFO rally.task.runner [-] Task 90fc3984-b7fb-4403-a2d9-08642089f6f1 | ITER: 4 START
2019-06-16 19:09:55.451 141 INFO rally.task.runner [-] Task 90fc3984-b7fb-4403-a2d9-08642089f6f1 | ITER: 1 END: OK
2019-06-16 19:09:55.455 141 INFO rally.task.runner [-] Task 90fc3984-b7fb-4403-a2d9-08642089f6f1 | ITER: 5 START
2019-06-16 19:09:55.467 142 INFO rally.task.runner [-] Task 90fc3984-b7fb-4403-a2d9-08642089f6f1 | ITER: 2 END: OK
2019-06-16 19:09:55.470 142 INFO rally.task.runner [-] Task 90fc3984-b7fb-4403-a2d9-08642089f6f1 | ITER: 6 START
2019-06-16 19:09:55.470 144 INFO rally.task.runner [-] Task 90fc3984-b7fb-4403-a2d9-08642089f6f1 | ITER: 3 END: OK
2019-06-16 19:09:55.473 144 INFO rally.task.runner [-] Task 90fc3984-b7fb-4403-a2d9-08642089f6f1 | ITER: 7 START
2019-06-16 19:09:55.475 143 INFO rally.task.runner [-] Task 90fc3984-b7fb-4403-a2d9-08642089f6f1 | ITER: 4 END: OK
2019-06-16 19:09:55.479 143 INFO rally.task.runner [-] Task 90fc3984-b7fb-4403-a2d9-08642089f6f1 | ITER: 8 START
2019-06-16 19:09:56.055 141 INFO rally.task.runner [-] Task 90fc3984-b7fb-4403-a2d9-08642089f6f1 | ITER: 5 END: OK
2019-06-16 19:09:56.059 141 INFO rally.task.runner [-] Task 90fc3984-b7fb-4403-a2d9-08642089f6f1 | ITER: 9 START
2019-06-16 19:09:56.073 144 INFO rally.task.runner [-] Task 90fc3984-b7fb-4403-a2d9-08642089f6f1 | ITER: 7 END: OK
2019-06-16 19:09:56.076 144 INFO rally.task.runner [-] Task 90fc3984-b7fb-4403-a2d9-08642089f6f1 | ITER: 10 START
2019-06-16 19:09:56.079 142 INFO rally.task.runner [-] Task 90fc3984-b7fb-4403-a2d9-08642089f6f1 | ITER: 6 END: OK
2019-06-16 19:09:56.101 143 INFO rally.task.runner [-] Task 90fc3984-b7fb-4403-a2d9-08642089f6f1 | ITER: 8 END: OK
2019-06-16 19:09:56.650 141 INFO rally.task.runner [-] Task 90fc3984-b7fb-4403-a2d9-08642089f6f1 | ITER: 9 END: OK
2019-06-16 19:09:56.667 144 INFO rally.task.runner [-] Task 90fc3984-b7fb-4403-a2d9-08642089f6f1 | ITER: 10 END: OK
2019-06-16 19:09:56.687 17 INFO rally.task.context [-] Task 90fc3984-b7fb-4403-a2d9-08642089f6f1 | Context users@openstack cleanup() started
2019-06-16 19:10:04.806 17 INFO rally.task.context [-] Task 90fc3984-b7fb-4403-a2d9-08642089f6f1 | Context users@openstack cleanup() finished in 8.12 sec
2019-06-16 19:10:06.112 17 INFO rally.task.engine [-] Load duration is: 1.8186
2019-06-16 19:10:06.112 17 INFO rally.task.engine [-] Full runner duration is: 1.856591
2019-06-16 19:10:06.113 17 INFO rally.task.engine [-] Full duration is: 14.778241
2019-06-16 19:10:06.344 17 INFO rally.task.engine [-] Running workload: position = 0 config = { "version": 2, "title": "A cropped version of a bigger task.", "description": "Auto-generated task from a single workload (uuid=7c5d8445-990f-48b3-ac1b-7ee344cb54cf)", "subtasks": [ { "title": "Authenticate.validate_cinder", "description": "Check Cinder Client to ensure validation of token.", "scenario": { "Authenticate.validate_cinder": { "repetitions": 2 } }, "contexts": { "users": { "tenants": 3, "users_per_tenant": 2 } }, "runner": { "constant": { "concurrency": 4, "times": 10 } }, "hooks": [], "sla": { "failure_rate": { "max": 0 } } } ] }
2019-06-16 19:10:06.366 17 RALLYDEBUG rally_openstack.contexts.keystone.users [-] Creating 3 tenants using 20 threads
2019-06-16 19:10:08.348 17 RALLYDEBUG rally_openstack.contexts.keystone.users [-] Creating 6 users using 20 threads
2019-06-16 19:10:11.151 17 INFO rally.task.context [-] Task 90fc3984-b7fb-4403-a2d9-08642089f6f1 | Context users@openstack setup() finished in 4.79 sec
2019-06-16 19:10:11.159 17 RALLYDEBUG rally.task.runner [-] Starting the constant runner (task UUID: 90fc3984-b7fb-4403-a2d9-08642089f6f1). timeout: 0 concurrency: 4 concurrency_per_worker: 1 times: 10 concurrency_overhead: 0 processes_to_start: 4 max_cpu_used: 16
2019-06-16 19:10:11.169 245 RALLYDEBUG rally.task.runner [-] Starting a worker. concurrency: 1 args: {"repetitions": 2} times: 10 method_name: run timeout: 0 duration: None cls:
2019-06-16 19:10:11.174 245 INFO rally.task.runner [-] Task 90fc3984-b7fb-4403-a2d9-08642089f6f1 | ITER: 1 START
2019-06-16 19:10:11.174 246 RALLYDEBUG rally.task.runner [-] Starting a worker. concurrency: 1 args: {"repetitions": 2} times: 10 method_name: run timeout: 0 duration: None cls:
2019-06-16 19:10:11.177 250 RALLYDEBUG rally.task.runner [-] Starting a worker. concurrency: 1 args: {"repetitions": 2} times: 10 method_name: run timeout: 0 duration: None cls:
2019-06-16 19:10:11.176 247 RALLYDEBUG rally.task.runner [-] Starting a worker. concurrency: 1 args: {"repetitions": 2} times: 10 method_name: run timeout: 0 duration: None cls:
2019-06-16 19:10:11.180 250 INFO rally.task.runner [-] Task 90fc3984-b7fb-4403-a2d9-08642089f6f1 | ITER: 3 START
2019-06-16 19:10:11.180 246 INFO rally.task.runner [-] Task 90fc3984-b7fb-4403-a2d9-08642089f6f1 | ITER: 2 START
2019-06-16 19:10:11.182 247 INFO rally.task.runner [-] Task 90fc3984-b7fb-4403-a2d9-08642089f6f1 | ITER: 4 START
2019-06-16 19:10:13.048 246 INFO rally.task.runner [-] Task 90fc3984-b7fb-4403-a2d9-08642089f6f1 | ITER: 2 END: OK
2019-06-16 19:10:13.052 246 INFO rally.task.runner [-] Task 90fc3984-b7fb-4403-a2d9-08642089f6f1 | ITER: 5 START
2019-06-16 19:10:13.053 247 INFO rally.task.runner [-] Task 90fc3984-b7fb-4403-a2d9-08642089f6f1 | ITER: 4 END: OK
2019-06-16 19:10:13.059 247 INFO rally.task.runner [-] Task 90fc3984-b7fb-4403-a2d9-08642089f6f1 | ITER: 6 START
2019-06-16 19:10:13.082 245 INFO rally.task.runner [-] Task 90fc3984-b7fb-4403-a2d9-08642089f6f1 | ITER: 1 END: OK
2019-06-16 19:10:13.086 245 INFO rally.task.runner [-] Task 90fc3984-b7fb-4403-a2d9-08642089f6f1 | ITER: 7 START
2019-06-16 19:10:13.177 250 INFO rally.task.runner [-] Task 90fc3984-b7fb-4403-a2d9-08642089f6f1 | ITER: 3 END: OK
2019-06-16 19:10:13.181 250 INFO rally.task.runner [-] Task 90fc3984-b7fb-4403-a2d9-08642089f6f1 | ITER: 8 START
2019-06-16 19:10:14.476 246 INFO rally.task.runner [-] Task 90fc3984-b7fb-4403-a2d9-08642089f6f1 | ITER: 5 END: OK
2019-06-16 19:10:14.480 246 INFO rally.task.runner [-] Task 90fc3984-b7fb-4403-a2d9-08642089f6f1 | ITER: 9 START
2019-06-16 19:10:14.503 245 INFO rally.task.runner [-] Task 90fc3984-b7fb-4403-a2d9-08642089f6f1 | ITER: 7 END: OK
2019-06-16 19:10:14.507 245 INFO rally.task.runner [-] Task 90fc3984-b7fb-4403-a2d9-08642089f6f1 | ITER: 10 START
2019-06-16 19:10:14.611 250 INFO rally.task.runner [-] Task 90fc3984-b7fb-4403-a2d9-08642089f6f1 | ITER: 8 END: OK
2019-06-16 19:10:14.954 247 INFO rally.task.runner [-] Task 90fc3984-b7fb-4403-a2d9-08642089f6f1 | ITER: 6 END: OK
2019-06-16 19:10:15.970 245 INFO rally.task.runner [-] Task 90fc3984-b7fb-4403-a2d9-08642089f6f1 | ITER: 10 END: OK
2019-06-16 19:10:16.310 246 INFO rally.task.runner [-] Task 90fc3984-b7fb-4403-a2d9-08642089f6f1 | ITER: 9 END: OK
2019-06-16 19:10:16.330 17 INFO rally.task.context [-] Task 90fc3984-b7fb-4403-a2d9-08642089f6f1 | Context users@openstack cleanup() started
2019-06-16 19:10:24.047 17 INFO rally.task.context [-] Task 90fc3984-b7fb-4403-a2d9-08642089f6f1 | Context users@openstack cleanup() finished in 7.72 sec
2019-06-16 19:10:24.516 17 INFO rally.task.engine [-] Load duration is: 5.134684
2019-06-16 19:10:24.517 17 INFO rally.task.engine [-] Full runner duration is: 5.171084
2019-06-16 19:10:24.517 17 INFO rally.task.engine [-] Full duration is: 17.682248
2019-06-16 19:10:24.818 17 INFO rally.task.engine [-] Running workload: position = 0 config = { "version": 2, "title": "A cropped version of a bigger task.", "description": "Auto-generated task from a single workload (uuid=8b944b23-a3e1-45c1-ad9a-43c7f9d5f631)", "subtasks": [ { "title": "Authenticate.validate_glance", "description": "Check Glance Client to ensure validation of token.", "scenario": { "Authenticate.validate_glance": { "repetitions": 2 } }, "contexts": { "users": { "tenants": 3, "users_per_tenant": 2 } }, "runner": { "constant": { "concurrency": 4, "times": 10 } }, "hooks": [], "sla": { "failure_rate": { "max": 0 } } } ] }
2019-06-16 19:10:24.840 17 RALLYDEBUG rally_openstack.contexts.keystone.users [-] Creating 3 tenants using 20 threads
2019-06-16 19:10:26.768 17 RALLYDEBUG rally_openstack.contexts.keystone.users [-] Creating 6 users using 20 threads
2019-06-16 19:10:29.704 17 INFO rally.task.context [-] Task 90fc3984-b7fb-4403-a2d9-08642089f6f1 | Context users@openstack setup() finished in 4.86 sec
2019-06-16 19:10:29.712 17 RALLYDEBUG rally.task.runner [-] Starting the constant runner (task UUID: 90fc3984-b7fb-4403-a2d9-08642089f6f1). timeout: 0 concurrency: 4 concurrency_per_worker: 1 times: 10 concurrency_overhead: 0 processes_to_start: 4 max_cpu_used: 16
2019-06-16 19:10:29.720 349 RALLYDEBUG rally.task.runner [-] Starting a worker. concurrency: 1 args: {"repetitions": 2} times: 10 method_name: run timeout: 0 duration: None cls:
2019-06-16 19:10:29.723 350 RALLYDEBUG rally.task.runner [-] Starting a worker. concurrency: 1 args: {"repetitions": 2} times: 10 method_name: run timeout: 0 duration: None cls:
2019-06-16 19:10:29.724 349 INFO rally.task.runner [-] Task 90fc3984-b7fb-4403-a2d9-08642089f6f1 | ITER: 1 START
2019-06-16 19:10:29.726 352 RALLYDEBUG rally.task.runner [-] Starting a worker. concurrency: 1 args: {"repetitions": 2} times: 10 method_name: run timeout: 0 duration: None cls:
2019-06-16 19:10:29.727 350 INFO rally.task.runner [-] Task 90fc3984-b7fb-4403-a2d9-08642089f6f1 | ITER: 2 START
2019-06-16 19:10:29.729 352 INFO rally.task.runner [-] Task 90fc3984-b7fb-4403-a2d9-08642089f6f1 | ITER: 3 START
2019-06-16 19:10:29.729 354 RALLYDEBUG rally.task.runner [-] Starting a worker. concurrency: 1 args: {"repetitions": 2} times: 10 method_name: run timeout: 0 duration: None cls:
2019-06-16 19:10:29.733 354 INFO rally.task.runner [-] Task 90fc3984-b7fb-4403-a2d9-08642089f6f1 | ITER: 4 START
2019-06-16 19:10:30.865 350 INFO rally.task.runner [-] Task 90fc3984-b7fb-4403-a2d9-08642089f6f1 | ITER: 2 END: OK
2019-06-16 19:10:30.870 350 INFO rally.task.runner [-] Task 90fc3984-b7fb-4403-a2d9-08642089f6f1 | ITER: 5 START
2019-06-16 19:10:30.897 349 INFO rally.task.runner [-] Task 90fc3984-b7fb-4403-a2d9-08642089f6f1 | ITER: 1 END: OK
2019-06-16 19:10:30.901 349 INFO rally.task.runner [-] Task 90fc3984-b7fb-4403-a2d9-08642089f6f1 | ITER: 6 START
2019-06-16 19:10:31.064 352 INFO rally.task.runner [-] Task 90fc3984-b7fb-4403-a2d9-08642089f6f1 | ITER: 3 END: OK
2019-06-16 19:10:31.067 352 INFO rally.task.runner [-] Task 90fc3984-b7fb-4403-a2d9-08642089f6f1 | ITER: 7 START
2019-06-16 19:10:31.083 354 INFO rally.task.runner [-] Task 90fc3984-b7fb-4403-a2d9-08642089f6f1 | ITER: 4 END: OK
2019-06-16 19:10:31.087 354 INFO rally.task.runner [-] Task 90fc3984-b7fb-4403-a2d9-08642089f6f1 | ITER: 8 START
2019-06-16 19:10:32.019 349 INFO rally.task.runner [-] Task 90fc3984-b7fb-4403-a2d9-08642089f6f1 | ITER: 6 END: OK
2019-06-16 19:10:32.023 349 INFO rally.task.runner [-] Task 90fc3984-b7fb-4403-a2d9-08642089f6f1 | ITER: 9 START
2019-06-16 19:10:32.324 350 INFO rally.task.runner [-] Task 90fc3984-b7fb-4403-a2d9-08642089f6f1 | ITER: 5 END: OK
2019-06-16 19:10:32.328 350 INFO rally.task.runner [-] Task 90fc3984-b7fb-4403-a2d9-08642089f6f1 | ITER: 10 START
2019-06-16 19:10:32.419 352 INFO rally.task.runner [-] Task 90fc3984-b7fb-4403-a2d9-08642089f6f1 | ITER: 7 END: OK
2019-06-16 19:10:32.421 354 INFO rally.task.runner [-] Task 90fc3984-b7fb-4403-a2d9-08642089f6f1 | ITER: 8 END: OK
2019-06-16 19:10:33.069 349 INFO rally.task.runner [-] Task 90fc3984-b7fb-4403-a2d9-08642089f6f1 | ITER: 9 END: OK
2019-06-16 19:10:33.608 350 INFO rally.task.runner [-] Task 90fc3984-b7fb-4403-a2d9-08642089f6f1 | ITER: 10 END: OK
2019-06-16 19:10:33.632 17 INFO rally.task.context [-] Task 90fc3984-b7fb-4403-a2d9-08642089f6f1 | Context users@openstack cleanup() started
2019-06-16 19:10:41.825 17 INFO rally.task.context [-] Task 90fc3984-b7fb-4403-a2d9-08642089f6f1 | Context users@openstack cleanup() finished in 8.19 sec
2019-06-16 19:10:42.910 17 INFO rally.task.engine [-] Load duration is: 3.882502
2019-06-16 19:10:42.911 17 INFO rally.task.engine [-] Full runner duration is: 3.920484
2019-06-16 19:10:42.911 17 INFO rally.task.engine [-] Full duration is: 16.986597
2019-06-16 19:10:43.153 17 INFO rally.task.engine [-] Running workload: position = 0 config = { "version": 2, "title": "A cropped version of a bigger task.", "description": "Auto-generated task from a single workload (uuid=597bbc61-ac28-4eee-bc7d-10b06aecd725)", "subtasks": [ { "title": "Authenticate.validate_heat", "description": "Check Heat Client to ensure validation of token.", "scenario": { "Authenticate.validate_heat": { "repetitions": 2 } }, "contexts": { "users": { "tenants": 3, "users_per_tenant": 2 } }, "runner": { "constant": { "concurrency": 4, "times": 10 } }, "hooks": [], "sla": { "failure_rate": { "max": 0 } } } ] }
2019-06-16 19:10:43.176 17 RALLYDEBUG rally_openstack.contexts.keystone.users [-] Creating 3 tenants using 20 threads
2019-06-16 19:10:45.145 17 RALLYDEBUG rally_openstack.contexts.keystone.users [-] Creating 6 users using 20 threads
2019-06-16 19:10:47.993 17 INFO rally.task.context [-] Task 90fc3984-b7fb-4403-a2d9-08642089f6f1 | Context users@openstack setup() finished in 4.82 sec
2019-06-16 19:10:48.000 17 RALLYDEBUG rally.task.runner [-] Starting the constant runner (task UUID: 90fc3984-b7fb-4403-a2d9-08642089f6f1). timeout: 0 concurrency: 4 concurrency_per_worker: 1 times: 10 concurrency_overhead: 0 processes_to_start: 4 max_cpu_used: 16
2019-06-16 19:10:48.011 454 RALLYDEBUG rally.task.runner [-] Starting a worker. concurrency: 1 args: {"repetitions": 2} times: 10 method_name: run timeout: 0 duration: None cls:
2019-06-16 19:10:48.011 453 RALLYDEBUG rally.task.runner [-] Starting a worker. concurrency: 1 args: {"repetitions": 2} times: 10 method_name: run timeout: 0 duration: None cls:
2019-06-16 19:10:48.014 454 INFO rally.task.runner [-] Task 90fc3984-b7fb-4403-a2d9-08642089f6f1 | ITER: 1 START
2019-06-16 19:10:48.015 455 RALLYDEBUG rally.task.runner [-] Starting a worker. concurrency: 1 args: {"repetitions": 2} times: 10 method_name: run timeout: 0 duration: None cls:
2019-06-16 19:10:48.017 453 INFO rally.task.runner [-] Task 90fc3984-b7fb-4403-a2d9-08642089f6f1 | ITER: 2 START
2019-06-16 19:10:48.019 457 RALLYDEBUG rally.task.runner [-] Starting a worker. concurrency: 1 args: {"repetitions": 2} times: 10 method_name: run timeout: 0 duration: None cls:
2019-06-16 19:10:48.019 455 INFO rally.task.runner [-] Task 90fc3984-b7fb-4403-a2d9-08642089f6f1 | ITER: 3 START
2019-06-16 19:10:48.024 457 INFO rally.task.runner [-] Task 90fc3984-b7fb-4403-a2d9-08642089f6f1 | ITER: 4 START
2019-06-16 19:10:49.895 453 INFO rally.task.runner [-] Task 90fc3984-b7fb-4403-a2d9-08642089f6f1 | ITER: 2 END: OK
2019-06-16 19:10:49.900 453 INFO rally.task.runner [-] Task 90fc3984-b7fb-4403-a2d9-08642089f6f1 | ITER: 5 START
2019-06-16 19:10:49.931 454 INFO rally.task.runner [-] Task 90fc3984-b7fb-4403-a2d9-08642089f6f1 | ITER: 1 END: OK
2019-06-16 19:10:49.935 454 INFO rally.task.runner [-] Task 90fc3984-b7fb-4403-a2d9-08642089f6f1 | ITER: 6 START
2019-06-16 19:10:49.942 457 INFO rally.task.runner [-] Task 90fc3984-b7fb-4403-a2d9-08642089f6f1 | ITER: 4 END: OK
2019-06-16 19:10:49.946 457 INFO rally.task.runner [-] Task 90fc3984-b7fb-4403-a2d9-08642089f6f1 | ITER: 7 START
2019-06-16 19:10:50.094 455 INFO rally.task.runner [-] Task 90fc3984-b7fb-4403-a2d9-08642089f6f1 | ITER: 3 END: OK
2019-06-16 19:10:50.098 455 INFO rally.task.runner [-] Task 90fc3984-b7fb-4403-a2d9-08642089f6f1 | ITER: 8 START
2019-06-16 19:10:51.418 457 INFO rally.task.runner [-] Task 90fc3984-b7fb-4403-a2d9-08642089f6f1 | ITER: 7 END: OK
2019-06-16 19:10:51.421 457 INFO rally.task.runner [-] Task 90fc3984-b7fb-4403-a2d9-08642089f6f1 | ITER: 9 START
2019-06-16 19:10:51.738 453 INFO rally.task.runner [-] Task 90fc3984-b7fb-4403-a2d9-08642089f6f1 | ITER: 5 END: OK
2019-06-16 19:10:51.741 453 INFO rally.task.runner [-] Task 90fc3984-b7fb-4403-a2d9-08642089f6f1 | ITER: 10 START
2019-06-16 19:10:51.749 454 INFO rally.task.runner [-] Task 90fc3984-b7fb-4403-a2d9-08642089f6f1 | ITER: 6 END: OK
2019-06-16 19:10:52.124 455 INFO rally.task.runner [-] Task 90fc3984-b7fb-4403-a2d9-08642089f6f1 | ITER: 8 END: OK
2019-06-16 19:10:53.116 457 INFO rally.task.runner [-] Task 90fc3984-b7fb-4403-a2d9-08642089f6f1 | ITER: 9 END: OK
2019-06-16 19:10:53.144 453 INFO rally.task.runner [-] Task 90fc3984-b7fb-4403-a2d9-08642089f6f1 | ITER: 10 END: OK
2019-06-16 19:10:53.173 17 INFO rally.task.context [-] Task 90fc3984-b7fb-4403-a2d9-08642089f6f1 | Context users@openstack cleanup() started
2019-06-16 19:11:01.101 17 INFO rally.task.context [-] Task 90fc3984-b7fb-4403-a2d9-08642089f6f1 | Context users@openstack cleanup() finished in 7.93 sec
2019-06-16 19:11:01.283 17 INFO rally.task.engine [-] Load duration is: 5.127758
2019-06-16 19:11:01.283 17 INFO rally.task.engine [-] Full runner duration is: 5.172339
2019-06-16 19:11:01.284 17 INFO rally.task.engine [-] Full duration is: 17.927944
2019-06-16 19:11:01.522 17 INFO rally.task.engine [-] Running workload: position = 0 config = { "version": 2, "title": "A cropped version of a bigger task.", "description": "Auto-generated task from a single workload (uuid=aa5eb190-78d7-4c2f-afd4-1d0c769efa1a)", "subtasks": [ { "title": "Authenticate.validate_neutron", "description": "Check Neutron Client to ensure validation of token.", "scenario": { "Authenticate.validate_neutron": { "repetitions": 2 } }, "contexts": { "users": { "tenants": 3, "users_per_tenant": 2 } }, "runner": { "constant": { "concurrency": 4, "times": 10 } }, "hooks": [], "sla": { "failure_rate": { "max": 0 } } } ] }
2019-06-16 19:11:01.544 17 RALLYDEBUG rally_openstack.contexts.keystone.users [-] Creating 3 tenants using 20 threads
2019-06-16 19:11:03.396 17 RALLYDEBUG rally_openstack.contexts.keystone.users [-] Creating 6 users using 20 threads
2019-06-16 19:11:06.223 17 INFO rally.task.context [-] Task 90fc3984-b7fb-4403-a2d9-08642089f6f1 | Context users@openstack setup() finished in 4.68 sec
2019-06-16 19:11:06.231 17 RALLYDEBUG rally.task.runner [-] Starting the constant runner (task UUID: 90fc3984-b7fb-4403-a2d9-08642089f6f1). timeout: 0 concurrency: 4 concurrency_per_worker: 1 times: 10 concurrency_overhead: 0 processes_to_start: 4 max_cpu_used: 16
2019-06-16 19:11:06.243 557 RALLYDEBUG rally.task.runner [-] Starting a worker. concurrency: 1 args: {"repetitions": 2} times: 10 method_name: run timeout: 0 duration: None cls:
2019-06-16 19:11:06.247 558 RALLYDEBUG rally.task.runner [-] Starting a worker. concurrency: 1 args: {"repetitions": 2} times: 10 method_name: run timeout: 0 duration: None cls:
2019-06-16 19:11:06.248 559 RALLYDEBUG rally.task.runner [-] Starting a worker. concurrency: 1 args: {"repetitions": 2} times: 10 method_name: run timeout: 0 duration: None cls:
2019-06-16 19:11:06.250 557 INFO rally.task.runner [-] Task 90fc3984-b7fb-4403-a2d9-08642089f6f1 | ITER: 1 START
2019-06-16 19:11:06.253 560 RALLYDEBUG rally.task.runner [-] Starting a worker. concurrency: 1 args: {"repetitions": 2} times: 10 method_name: run timeout: 0 duration: None cls:
2019-06-16 19:11:06.253 559 INFO rally.task.runner [-] Task 90fc3984-b7fb-4403-a2d9-08642089f6f1 | ITER: 3 START
2019-06-16 19:11:06.254 558 INFO rally.task.runner [-] Task 90fc3984-b7fb-4403-a2d9-08642089f6f1 | ITER: 2 START
2019-06-16 19:11:06.259 560 INFO rally.task.runner [-] Task 90fc3984-b7fb-4403-a2d9-08642089f6f1 | ITER: 4 START
2019-06-16 19:11:07.245 558 INFO rally.task.runner [-] Task 90fc3984-b7fb-4403-a2d9-08642089f6f1 | ITER: 2 END: OK
2019-06-16 19:11:07.250 558 INFO rally.task.runner [-] Task 90fc3984-b7fb-4403-a2d9-08642089f6f1 | ITER: 5 START
2019-06-16 19:11:07.461 560 INFO rally.task.runner [-] Task 90fc3984-b7fb-4403-a2d9-08642089f6f1 | ITER: 4 END: OK
2019-06-16 19:11:07.465 560 INFO rally.task.runner [-] Task 90fc3984-b7fb-4403-a2d9-08642089f6f1 | ITER: 6 START
2019-06-16 19:11:07.490 559 INFO rally.task.runner [-] Task 90fc3984-b7fb-4403-a2d9-08642089f6f1 | ITER: 3 END: OK
2019-06-16 19:11:07.495 559 INFO rally.task.runner [-] Task 90fc3984-b7fb-4403-a2d9-08642089f6f1 | ITER: 7 START
2019-06-16 19:11:07.544 557 INFO rally.task.runner [-] Task 90fc3984-b7fb-4403-a2d9-08642089f6f1 | ITER: 1 END: OK
2019-06-16 19:11:07.548 557 INFO rally.task.runner [-] Task 90fc3984-b7fb-4403-a2d9-08642089f6f1 | ITER: 8 START
2019-06-16 19:11:08.463 558 INFO rally.task.runner [-] Task 90fc3984-b7fb-4403-a2d9-08642089f6f1 | ITER: 5 END: OK
2019-06-16 19:11:08.467 558 INFO rally.task.runner [-] Task 90fc3984-b7fb-4403-a2d9-08642089f6f1 | ITER: 9 START
2019-06-16 19:11:08.628 559 INFO rally.task.runner [-] Task 90fc3984-b7fb-4403-a2d9-08642089f6f1 | ITER: 7 END: OK
2019-06-16 19:11:08.632 559 INFO rally.task.runner [-] Task 90fc3984-b7fb-4403-a2d9-08642089f6f1 | ITER: 10 START
2019-06-16 19:11:08.678 560 INFO rally.task.runner [-] Task 90fc3984-b7fb-4403-a2d9-08642089f6f1 | ITER: 6 END: OK
2019-06-16 19:11:08.749 557 INFO rally.task.runner [-] Task 90fc3984-b7fb-4403-a2d9-08642089f6f1 | ITER: 8 END: OK
2019-06-16 19:11:09.656 558 INFO rally.task.runner [-] Task 90fc3984-b7fb-4403-a2d9-08642089f6f1 | ITER: 9 END: OK
2019-06-16 19:11:09.844 559 INFO rally.task.runner [-] Task 90fc3984-b7fb-4403-a2d9-08642089f6f1 | ITER: 10 END: OK
2019-06-16 19:11:09.869 17 INFO rally.task.context [-] Task 90fc3984-b7fb-4403-a2d9-08642089f6f1 | Context users@openstack cleanup() started
2019-06-16 19:11:17.603 17 INFO rally.task.context [-] Task 90fc3984-b7fb-4403-a2d9-08642089f6f1 | Context users@openstack cleanup() finished in 7.73 sec
2019-06-16 19:11:17.672 17 INFO rally.task.engine [-] Load duration is: 3.592924
2019-06-16 19:11:17.673 17 INFO rally.task.engine [-] Full runner duration is: 3.638722
2019-06-16 19:11:17.673 17 INFO rally.task.engine [-] Full duration is: 16.061883
2019-06-16 19:11:17.895 17 INFO rally.task.engine [-] Running workload: position = 0 config = { "version": 2, "title": "A cropped version of a bigger task.", "description": "Auto-generated task from a single workload (uuid=4f472bc0-03b0-444e-9d38-b641cf9e6359)", "subtasks": [ { "title": "Authenticate.validate_nova", "description": "Check Nova Client to ensure validation of token.", "scenario": { "Authenticate.validate_nova": { "repetitions": 2 } }, "contexts": { "users": { "tenants": 3, "users_per_tenant": 2 } }, "runner": { "constant": { "concurrency": 4, "times": 10 } }, "hooks": [], "sla": { "failure_rate": { "max": 0 } } } ] }
2019-06-16 19:11:17.909 17 RALLYDEBUG rally_openstack.contexts.keystone.users [-] Creating 3 tenants using 20 threads
2019-06-16 19:11:19.780 17 RALLYDEBUG rally_openstack.contexts.keystone.users [-] Creating 6 users using 20 threads
2019-06-16 19:11:22.546 17 INFO rally.task.context [-] Task 90fc3984-b7fb-4403-a2d9-08642089f6f1 | Context users@openstack setup() finished in 4.64 sec
2019-06-16 19:11:22.554 17 RALLYDEBUG rally.task.runner [-] Starting the constant runner (task UUID: 90fc3984-b7fb-4403-a2d9-08642089f6f1). timeout: 0 concurrency: 4 concurrency_per_worker: 1 times: 10 concurrency_overhead: 0 processes_to_start: 4 max_cpu_used: 16
2019-06-16 19:11:22.567 661 RALLYDEBUG rally.task.runner [-] Starting a worker. concurrency: 1 args: {"repetitions": 2} times: 10 method_name: run timeout: 0 duration: None cls:
2019-06-16 19:11:22.569 663 RALLYDEBUG rally.task.runner [-] Starting a worker. concurrency: 1 args: {"repetitions": 2} times: 10 method_name: run timeout: 0 duration: None cls:
2019-06-16 19:11:22.569 662 RALLYDEBUG rally.task.runner [-] Starting a worker. concurrency: 1 args: {"repetitions": 2} times: 10 method_name: run timeout: 0 duration: None cls:
2019-06-16 19:11:22.573 661 INFO rally.task.runner [-] Task 90fc3984-b7fb-4403-a2d9-08642089f6f1 | ITER: 1 START
2019-06-16 19:11:22.574 663 INFO rally.task.runner [-] Task 90fc3984-b7fb-4403-a2d9-08642089f6f1 | ITER: 2 START
2019-06-16 19:11:22.575 662 INFO rally.task.runner [-] Task 90fc3984-b7fb-4403-a2d9-08642089f6f1 | ITER: 3 START
2019-06-16 19:11:22.576 664 RALLYDEBUG rally.task.runner [-] Starting a worker. concurrency: 1 args: {"repetitions": 2} times: 10 method_name: run timeout: 0 duration: None cls:
2019-06-16 19:11:22.582 664 INFO rally.task.runner [-] Task 90fc3984-b7fb-4403-a2d9-08642089f6f1 | ITER: 4 START
2019-06-16 19:11:23.052 661 DEBUG novaclient.v2.client [-] REQ: curl -g -i -X GET http://172.30.9.23:8774/v2.1/flavors/detail -H "Accept: application/json" -H "User-Agent: python-novaclient" -H "X-Auth-Token: {SHA1}b3d2c80644ab91dcf130c33bacb02224015e3ffb" _http_log_request /usr/lib/python2.7/site-packages/keystoneauth1/session.py:448
2019-06-16 19:11:23.075 662 DEBUG novaclient.v2.client [-] REQ: curl -g -i -X GET http://172.30.9.23:8774/v2.1/flavors/detail -H "Accept: application/json" -H "User-Agent: python-novaclient" -H "X-Auth-Token: {SHA1}105d5c546de108c39b035080bcb695a5fc0cbbed" _http_log_request /usr/lib/python2.7/site-packages/keystoneauth1/session.py:448
2019-06-16 19:11:23.091 663 DEBUG novaclient.v2.client [-] REQ: curl -g -i -X GET http://172.30.9.23:8774/v2.1/flavors/detail -H "Accept: application/json" -H "User-Agent: python-novaclient" -H "X-Auth-Token: {SHA1}555e1b39501b5f83e79b8891b6d2532c56e9f512" _http_log_request /usr/lib/python2.7/site-packages/keystoneauth1/session.py:448
2019-06-16 19:11:23.093 664 DEBUG novaclient.v2.client [-] REQ: curl -g -i -X GET http://172.30.9.23:8774/v2.1/flavors/detail -H "Accept: application/json" -H "User-Agent: python-novaclient" -H "X-Auth-Token: {SHA1}a617d3b2467d969a65175b6114ecc98681caf40f" _http_log_request /usr/lib/python2.7/site-packages/keystoneauth1/session.py:448
2019-06-16 19:11:23.343 661 DEBUG novaclient.v2.client [-] RESP: [200] Content-Encoding: gzip Content-Length: 364 Content-Type: application/json Date: Sun, 16 Jun 2019 19:11:23 GMT OpenStack-API-Version: compute 2.1 Server: Apache Vary: OpenStack-API-Version,X-OpenStack-Nova-API-Version,Accept-Encoding X-OpenStack-Nova-API-Version: 2.1 x-compute-request-id: req-dcc96e10-23af-4adc-b293-d72571148903 x-openstack-request-id: req-dcc96e10-23af-4adc-b293-d72571148903 _http_log_response /usr/lib/python2.7/site-packages/keystoneauth1/session.py:479
2019-06-16 19:11:23.344 661 DEBUG novaclient.v2.client [-] RESP BODY: {"flavors": [{"name": "rally_full-flavor_057f19bc-9293-420d-b7e6-b6a0f397fad9", "links": [{"href": "http://172.30.9.23:8774/v2.1/flavors/1a23fdb3-0c3a-4558-9560-3be6a7f8a4f0", "rel": "self"}, {"href": "http://172.30.9.23:8774/flavors/1a23fdb3-0c3a-4558-9560-3be6a7f8a4f0", "rel": "bookmark"}], "ram": 512, "OS-FLV-DISABLED:disabled": false, "vcpus": 1, "swap": "", "os-flavor-access:is_public": true, "rxtx_factor": 1.0, "OS-FLV-EXT-DATA:ephemeral": 0, "disk": 1, "id": "1a23fdb3-0c3a-4558-9560-3be6a7f8a4f0"}, {"name": "rally_full-flavor_alt_057f19bc-9293-420d-b7e6-b6a0f397fad9", "links": [{"href": "http://172.30.9.23:8774/v2.1/flavors/be1a1d8c-48e0-4cd0-8764-054850465a36", "rel": "self"}, {"href": "http://172.30.9.23:8774/flavors/be1a1d8c-48e0-4cd0-8764-054850465a36", "rel": "bookmark"}], "ram": 1024, "OS-FLV-DISABLED:disabled": false, "vcpus": 1, "swap": "", "os-flavor-access:is_public": true, "rxtx_factor": 1.0, "OS-FLV-EXT-DATA:ephemeral": 0, "disk": 1, "id": "be1a1d8c-48e0-4cd0-8764-054850465a36"}]} _http_log_response /usr/lib/python2.7/site-packages/keystoneauth1/session.py:511
2019-06-16 19:11:23.345 661 DEBUG novaclient.v2.client [-] GET call to compute for http://172.30.9.23:8774/v2.1/flavors/detail used request id req-dcc96e10-23af-4adc-b293-d72571148903 request /usr/lib/python2.7/site-packages/keystoneauth1/session.py:844
2019-06-16 19:11:23.346 661 DEBUG novaclient.v2.client [-] REQ: curl -g -i -X GET http://172.30.9.23:8774/v2.1/flavors/detail -H "Accept: application/json" -H "User-Agent: python-novaclient" -H "X-Auth-Token: {SHA1}b3d2c80644ab91dcf130c33bacb02224015e3ffb" _http_log_request /usr/lib/python2.7/site-packages/keystoneauth1/session.py:448
2019-06-16 19:11:23.370 661 DEBUG novaclient.v2.client [-] RESP: [200] Content-Encoding: gzip Content-Length: 364 Content-Type: application/json Date: Sun, 16 Jun 2019 19:11:23 GMT OpenStack-API-Version: compute 2.1 Server: Apache Vary: OpenStack-API-Version,X-OpenStack-Nova-API-Version,Accept-Encoding X-OpenStack-Nova-API-Version: 2.1 x-compute-request-id: req-db963b55-d58f-4753-862f-72b147664333 x-openstack-request-id: req-db963b55-d58f-4753-862f-72b147664333 _http_log_response /usr/lib/python2.7/site-packages/keystoneauth1/session.py:479
2019-06-16 19:11:23.370 661 DEBUG novaclient.v2.client [-] RESP BODY: {"flavors": [{"name": "rally_full-flavor_057f19bc-9293-420d-b7e6-b6a0f397fad9", "links": [{"href": "http://172.30.9.23:8774/v2.1/flavors/1a23fdb3-0c3a-4558-9560-3be6a7f8a4f0", "rel": "self"}, {"href": "http://172.30.9.23:8774/flavors/1a23fdb3-0c3a-4558-9560-3be6a7f8a4f0", "rel": "bookmark"}], "ram": 512, "OS-FLV-DISABLED:disabled": false, "vcpus": 1, "swap": "", "os-flavor-access:is_public": true, "rxtx_factor": 1.0, "OS-FLV-EXT-DATA:ephemeral": 0, "disk": 1, "id": "1a23fdb3-0c3a-4558-9560-3be6a7f8a4f0"}, {"name": "rally_full-flavor_alt_057f19bc-9293-420d-b7e6-b6a0f397fad9", "links": [{"href": "http://172.30.9.23:8774/v2.1/flavors/be1a1d8c-48e0-4cd0-8764-054850465a36", "rel": "self"}, {"href": "http://172.30.9.23:8774/flavors/be1a1d8c-48e0-4cd0-8764-054850465a36", "rel": "bookmark"}], "ram": 1024, "OS-FLV-DISABLED:disabled": false, "vcpus": 1, "swap": "", "os-flavor-access:is_public": true, "rxtx_factor": 1.0, "OS-FLV-EXT-DATA:ephemeral": 0, "disk": 1, "id": "be1a1d8c-48e0-4cd0-8764-054850465a36"}]} _http_log_response /usr/lib/python2.7/site-packages/keystoneauth1/session.py:511
2019-06-16 19:11:23.370 661 DEBUG novaclient.v2.client [-] GET call to compute for http://172.30.9.23:8774/v2.1/flavors/detail used request id req-db963b55-d58f-4753-862f-72b147664333 request /usr/lib/python2.7/site-packages/keystoneauth1/session.py:844
2019-06-16 19:11:23.371 661 INFO rally.task.runner [-] Task 90fc3984-b7fb-4403-a2d9-08642089f6f1 | ITER: 1 END: OK
2019-06-16 19:11:23.375 661 INFO rally.task.runner [-] Task 90fc3984-b7fb-4403-a2d9-08642089f6f1 | ITER: 5 START
2019-06-16 19:11:23.377 662 DEBUG novaclient.v2.client [-] RESP: [200] Content-Encoding: gzip Content-Length: 364 Content-Type: application/json Date: Sun, 16 Jun 2019 19:11:23 GMT OpenStack-API-Version: compute 2.1 Server: Apache Vary: OpenStack-API-Version,X-OpenStack-Nova-API-Version,Accept-Encoding X-OpenStack-Nova-API-Version: 2.1 x-compute-request-id: req-a7a91cd6-2837-49db-97e6-3bf10b8512eb x-openstack-request-id: req-a7a91cd6-2837-49db-97e6-3bf10b8512eb _http_log_response /usr/lib/python2.7/site-packages/keystoneauth1/session.py:479
2019-06-16 19:11:23.378 662 DEBUG novaclient.v2.client [-] RESP BODY: {"flavors": [{"name": "rally_full-flavor_057f19bc-9293-420d-b7e6-b6a0f397fad9", "links": [{"href": "http://172.30.9.23:8774/v2.1/flavors/1a23fdb3-0c3a-4558-9560-3be6a7f8a4f0", "rel": "self"}, {"href": "http://172.30.9.23:8774/flavors/1a23fdb3-0c3a-4558-9560-3be6a7f8a4f0", "rel": "bookmark"}], "ram": 512, "OS-FLV-DISABLED:disabled": false, "vcpus": 1, "swap": "", "os-flavor-access:is_public": true, "rxtx_factor": 1.0, "OS-FLV-EXT-DATA:ephemeral": 0, "disk": 1, "id": "1a23fdb3-0c3a-4558-9560-3be6a7f8a4f0"}, {"name": "rally_full-flavor_alt_057f19bc-9293-420d-b7e6-b6a0f397fad9", "links": [{"href": "http://172.30.9.23:8774/v2.1/flavors/be1a1d8c-48e0-4cd0-8764-054850465a36", "rel": "self"}, {"href": "http://172.30.9.23:8774/flavors/be1a1d8c-48e0-4cd0-8764-054850465a36", "rel": "bookmark"}], "ram": 1024, "OS-FLV-DISABLED:disabled": false, "vcpus": 1, "swap": "", "os-flavor-access:is_public": true, "rxtx_factor": 1.0, "OS-FLV-EXT-DATA:ephemeral": 0, "disk": 1, "id": "be1a1d8c-48e0-4cd0-8764-054850465a36"}]} _http_log_response /usr/lib/python2.7/site-packages/keystoneauth1/session.py:511
2019-06-16 19:11:23.379 662 DEBUG novaclient.v2.client [-] GET call to compute for http://172.30.9.23:8774/v2.1/flavors/detail used request id req-a7a91cd6-2837-49db-97e6-3bf10b8512eb request /usr/lib/python2.7/site-packages/keystoneauth1/session.py:844
2019-06-16 19:11:23.381 662 DEBUG novaclient.v2.client [-] REQ: curl -g -i -X GET http://172.30.9.23:8774/v2.1/flavors/detail -H "Accept: application/json" -H "User-Agent: python-novaclient" -H "X-Auth-Token: {SHA1}105d5c546de108c39b035080bcb695a5fc0cbbed" _http_log_request /usr/lib/python2.7/site-packages/keystoneauth1/session.py:448
2019-06-16 19:11:23.391 663 DEBUG novaclient.v2.client [-] RESP: [200] Content-Encoding: gzip Content-Length: 364 Content-Type: application/json Date: Sun, 16 Jun 2019 19:11:23 GMT OpenStack-API-Version: compute 2.1 Server: Apache Vary: OpenStack-API-Version,X-OpenStack-Nova-API-Version,Accept-Encoding X-OpenStack-Nova-API-Version: 2.1 x-compute-request-id: req-d4df3907-3e5d-435b-81e5-a4b47e6be7a5 x-openstack-request-id: req-d4df3907-3e5d-435b-81e5-a4b47e6be7a5 _http_log_response /usr/lib/python2.7/site-packages/keystoneauth1/session.py:479
2019-06-16 19:11:23.392 663 DEBUG novaclient.v2.client [-] RESP BODY: {"flavors": [{"name": "rally_full-flavor_057f19bc-9293-420d-b7e6-b6a0f397fad9", "links": [{"href": "http://172.30.9.23:8774/v2.1/flavors/1a23fdb3-0c3a-4558-9560-3be6a7f8a4f0", "rel": "self"}, {"href": "http://172.30.9.23:8774/flavors/1a23fdb3-0c3a-4558-9560-3be6a7f8a4f0", "rel": "bookmark"}], "ram": 512, "OS-FLV-DISABLED:disabled": false, "vcpus": 1, "swap": "", "os-flavor-access:is_public": true, "rxtx_factor": 1.0, "OS-FLV-EXT-DATA:ephemeral": 0, "disk": 1, "id": "1a23fdb3-0c3a-4558-9560-3be6a7f8a4f0"}, {"name": "rally_full-flavor_alt_057f19bc-9293-420d-b7e6-b6a0f397fad9", "links": [{"href": "http://172.30.9.23:8774/v2.1/flavors/be1a1d8c-48e0-4cd0-8764-054850465a36", "rel": "self"}, {"href": "http://172.30.9.23:8774/flavors/be1a1d8c-48e0-4cd0-8764-054850465a36", "rel": "bookmark"}], "ram": 1024, "OS-FLV-DISABLED:disabled": false, "vcpus": 1, "swap": "", "os-flavor-access:is_public": true, "rxtx_factor": 1.0, "OS-FLV-EXT-DATA:ephemeral": 0, "disk": 1, "id": "be1a1d8c-48e0-4cd0-8764-054850465a36"}]} _http_log_response /usr/lib/python2.7/site-packages/keystoneauth1/session.py:511
2019-06-16 19:11:23.392 663 DEBUG novaclient.v2.client [-] GET call to compute for http://172.30.9.23:8774/v2.1/flavors/detail used request id req-d4df3907-3e5d-435b-81e5-a4b47e6be7a5 request /usr/lib/python2.7/site-packages/keystoneauth1/session.py:844
2019-06-16 19:11:23.393 663 DEBUG novaclient.v2.client [-] REQ: curl -g -i -X GET http://172.30.9.23:8774/v2.1/flavors/detail -H "Accept: application/json" -H "User-Agent: python-novaclient" -H "X-Auth-Token: {SHA1}555e1b39501b5f83e79b8891b6d2532c56e9f512" _http_log_request /usr/lib/python2.7/site-packages/keystoneauth1/session.py:448
2019-06-16 19:11:23.402 662 DEBUG novaclient.v2.client [-] RESP: [200] Content-Encoding: gzip Content-Length: 364 Content-Type: application/json Date: Sun, 16 Jun 2019 19:11:23 GMT OpenStack-API-Version: compute 2.1 Server: Apache Vary: OpenStack-API-Version,X-OpenStack-Nova-API-Version,Accept-Encoding X-OpenStack-Nova-API-Version: 2.1 x-compute-request-id: req-f6d4cec5-79e2-4692-b635-be2edfab0e8e x-openstack-request-id: req-f6d4cec5-79e2-4692-b635-be2edfab0e8e _http_log_response /usr/lib/python2.7/site-packages/keystoneauth1/session.py:479
2019-06-16 19:11:23.403 662 DEBUG novaclient.v2.client [-] RESP BODY: {"flavors": [{"name": "rally_full-flavor_057f19bc-9293-420d-b7e6-b6a0f397fad9", "links": [{"href": "http://172.30.9.23:8774/v2.1/flavors/1a23fdb3-0c3a-4558-9560-3be6a7f8a4f0", "rel": "self"}, {"href": "http://172.30.9.23:8774/flavors/1a23fdb3-0c3a-4558-9560-3be6a7f8a4f0", "rel": "bookmark"}], "ram": 512, "OS-FLV-DISABLED:disabled": false, "vcpus": 1, "swap": "", "os-flavor-access:is_public": true, "rxtx_factor": 1.0, "OS-FLV-EXT-DATA:ephemeral": 0, "disk": 1, "id": "1a23fdb3-0c3a-4558-9560-3be6a7f8a4f0"}, {"name": "rally_full-flavor_alt_057f19bc-9293-420d-b7e6-b6a0f397fad9", "links": [{"href": "http://172.30.9.23:8774/v2.1/flavors/be1a1d8c-48e0-4cd0-8764-054850465a36", "rel": "self"}, {"href": "http://172.30.9.23:8774/flavors/be1a1d8c-48e0-4cd0-8764-054850465a36", "rel": "bookmark"}], "ram": 1024, "OS-FLV-DISABLED:disabled": false, "vcpus": 1, "swap": "", "os-flavor-access:is_public": true, "rxtx_factor": 1.0, "OS-FLV-EXT-DATA:ephemeral": 0, "disk": 1, "id": "be1a1d8c-48e0-4cd0-8764-054850465a36"}]} _http_log_response /usr/lib/python2.7/site-packages/keystoneauth1/session.py:511
2019-06-16 19:11:23.403 662 DEBUG novaclient.v2.client [-] GET call to compute for http://172.30.9.23:8774/v2.1/flavors/detail used request id req-f6d4cec5-79e2-4692-b635-be2edfab0e8e request /usr/lib/python2.7/site-packages/keystoneauth1/session.py:844
2019-06-16 19:11:23.404 662 INFO rally.task.runner [-] Task 90fc3984-b7fb-4403-a2d9-08642089f6f1 | ITER: 3 END: OK
2019-06-16 19:11:23.407 662 INFO rally.task.runner [-] Task 90fc3984-b7fb-4403-a2d9-08642089f6f1 | ITER: 6 START
2019-06-16 19:11:23.414 664 DEBUG novaclient.v2.client [-] RESP: [200] Content-Encoding: gzip Content-Length: 364 Content-Type: application/json Date: Sun, 16 Jun 2019 19:11:23 GMT OpenStack-API-Version: compute 2.1 Server: Apache Vary: OpenStack-API-Version,X-OpenStack-Nova-API-Version,Accept-Encoding X-OpenStack-Nova-API-Version: 2.1 x-compute-request-id: req-4d87694a-42d1-4cb2-a157-4b8f0a0c04ed x-openstack-request-id: req-4d87694a-42d1-4cb2-a157-4b8f0a0c04ed _http_log_response /usr/lib/python2.7/site-packages/keystoneauth1/session.py:479
2019-06-16 19:11:23.415 664 DEBUG novaclient.v2.client [-] RESP BODY: {"flavors": [{"name": "rally_full-flavor_057f19bc-9293-420d-b7e6-b6a0f397fad9", "links": [{"href": "http://172.30.9.23:8774/v2.1/flavors/1a23fdb3-0c3a-4558-9560-3be6a7f8a4f0", "rel": "self"}, {"href": "http://172.30.9.23:8774/flavors/1a23fdb3-0c3a-4558-9560-3be6a7f8a4f0", "rel": "bookmark"}], "ram": 512, "OS-FLV-DISABLED:disabled": false, "vcpus": 1, "swap": "", "os-flavor-access:is_public": true, "rxtx_factor": 1.0, "OS-FLV-EXT-DATA:ephemeral": 0, "disk": 1, "id": "1a23fdb3-0c3a-4558-9560-3be6a7f8a4f0"}, {"name": "rally_full-flavor_alt_057f19bc-9293-420d-b7e6-b6a0f397fad9", "links": [{"href": "http://172.30.9.23:8774/v2.1/flavors/be1a1d8c-48e0-4cd0-8764-054850465a36", "rel": "self"}, {"href": "http://172.30.9.23:8774/flavors/be1a1d8c-48e0-4cd0-8764-054850465a36", "rel": "bookmark"}], "ram": 1024, "OS-FLV-DISABLED:disabled": false, "vcpus": 1, "swap": "", "os-flavor-access:is_public": true, "rxtx_factor": 1.0, "OS-FLV-EXT-DATA:ephemeral": 0, "disk": 1, "id": "be1a1d8c-48e0-4cd0-8764-054850465a36"}]} _http_log_response /usr/lib/python2.7/site-packages/keystoneauth1/session.py:511
2019-06-16 19:11:23.415 664 DEBUG novaclient.v2.client [-] GET call to compute for http://172.30.9.23:8774/v2.1/flavors/detail used request id req-4d87694a-42d1-4cb2-a157-4b8f0a0c04ed request /usr/lib/python2.7/site-packages/keystoneauth1/session.py:844
2019-06-16 19:11:23.416 664 DEBUG novaclient.v2.client [-] REQ: curl -g -i -X GET http://172.30.9.23:8774/v2.1/flavors/detail -H "Accept: application/json" -H "User-Agent: python-novaclient" -H "X-Auth-Token: {SHA1}a617d3b2467d969a65175b6114ecc98681caf40f" _http_log_request /usr/lib/python2.7/site-packages/keystoneauth1/session.py:448
2019-06-16 19:11:23.420 663 DEBUG novaclient.v2.client [-] RESP: [200] Content-Encoding: gzip Content-Length: 364 Content-Type: application/json Date: Sun, 16 Jun 2019 19:11:23 GMT OpenStack-API-Version: compute 2.1 Server: Apache Vary: OpenStack-API-Version,X-OpenStack-Nova-API-Version,Accept-Encoding X-OpenStack-Nova-API-Version: 2.1 x-compute-request-id: req-affd3794-f969-420b-aff2-a2f245b4e16a x-openstack-request-id: req-affd3794-f969-420b-aff2-a2f245b4e16a _http_log_response /usr/lib/python2.7/site-packages/keystoneauth1/session.py:479
2019-06-16 19:11:23.421 663 DEBUG novaclient.v2.client [-] RESP BODY: {"flavors": [{"name": "rally_full-flavor_057f19bc-9293-420d-b7e6-b6a0f397fad9", "links": [{"href": "http://172.30.9.23:8774/v2.1/flavors/1a23fdb3-0c3a-4558-9560-3be6a7f8a4f0", "rel": "self"}, {"href": "http://172.30.9.23:8774/flavors/1a23fdb3-0c3a-4558-9560-3be6a7f8a4f0", "rel": "bookmark"}], "ram": 512, "OS-FLV-DISABLED:disabled": false, "vcpus": 1, "swap": "", "os-flavor-access:is_public": true, "rxtx_factor": 1.0, "OS-FLV-EXT-DATA:ephemeral": 0, "disk": 1, "id": "1a23fdb3-0c3a-4558-9560-3be6a7f8a4f0"}, {"name": "rally_full-flavor_alt_057f19bc-9293-420d-b7e6-b6a0f397fad9", "links": [{"href": "http://172.30.9.23:8774/v2.1/flavors/be1a1d8c-48e0-4cd0-8764-054850465a36", "rel": "self"}, {"href": "http://172.30.9.23:8774/flavors/be1a1d8c-48e0-4cd0-8764-054850465a36", "rel": "bookmark"}], "ram": 1024, "OS-FLV-DISABLED:disabled": false, "vcpus": 1, "swap": "", "os-flavor-access:is_public": true, "rxtx_factor": 1.0, "OS-FLV-EXT-DATA:ephemeral": 0, "disk": 1, "id": "be1a1d8c-48e0-4cd0-8764-054850465a36"}]} _http_log_response /usr/lib/python2.7/site-packages/keystoneauth1/session.py:511
2019-06-16 19:11:23.421 663 DEBUG novaclient.v2.client [-] GET call to compute for http://172.30.9.23:8774/v2.1/flavors/detail used request id req-affd3794-f969-420b-aff2-a2f245b4e16a request /usr/lib/python2.7/site-packages/keystoneauth1/session.py:844
