2019-06-16 19:20:54.523 1843 DEBUG novaclient.v2.client [-] RESP: [200] Content-Length: 21 Content-Type: application/json Date: Sun, 16 Jun 2019 19:20:54 GMT OpenStack-API-Version: compute 2.1 Server: Apache Vary: OpenStack-API-Version,X-OpenStack-Nova-API-Version X-OpenStack-Nova-API-Version: 2.1 x-compute-request-id: req-8ed9f433-2f5a-4c47-8f22-51540c65d6a1 x-openstack-request-id: req-8ed9f433-2f5a-4c47-8f22-51540c65d6a1 _http_log_response /usr/lib/python2.7/site-packages/keystoneauth1/session.py:479
2019-06-16 19:20:54.523 1843 DEBUG novaclient.v2.client [-] RESP BODY: {"server_groups": []} _http_log_response /usr/lib/python2.7/site-packages/keystoneauth1/session.py:511
2019-06-16 19:20:54.524 1843 DEBUG novaclient.v2.client [-] GET call to compute for http://172.30.9.23:8774/v2.1/os-server-groups used request id req-8ed9f433-2f5a-4c47-8f22-51540c65d6a1 request /usr/lib/python2.7/site-packages/keystoneauth1/session.py:844
2019-06-16 19:20:54.956 1843 DEBUG novaclient.v2.client [-] REQ: curl -g -i -X GET http://172.30.9.23:8774/v2.1/os-server-groups -H "Accept: application/json" -H "User-Agent: python-novaclient" -H "X-Auth-Token: {SHA1}50d6cde0d9dc0ec86fb6b0e3585a255bd4492c46" _http_log_request /usr/lib/python2.7/site-packages/keystoneauth1/session.py:448
2019-06-16 19:20:55.266 1843 DEBUG novaclient.v2.client [-] RESP: [200] Content-Length: 21 Content-Type: application/json Date: Sun, 16 Jun 2019 19:20:54 GMT OpenStack-API-Version: compute 2.1 Server: Apache Vary: OpenStack-API-Version,X-OpenStack-Nova-API-Version X-OpenStack-Nova-API-Version: 2.1 x-compute-request-id: req-aa03d68b-39cb-4744-a920-9a4302ca7e86 x-openstack-request-id: req-aa03d68b-39cb-4744-a920-9a4302ca7e86 _http_log_response /usr/lib/python2.7/site-packages/keystoneauth1/session.py:479
2019-06-16 19:20:55.266 1843 DEBUG novaclient.v2.client [-] RESP BODY: {"server_groups": []} _http_log_response /usr/lib/python2.7/site-packages/keystoneauth1/session.py:511
2019-06-16 19:20:55.266 1843 DEBUG novaclient.v2.client [-] GET call to compute for http://172.30.9.23:8774/v2.1/os-server-groups used request id req-aa03d68b-39cb-4744-a920-9a4302ca7e86 request /usr/lib/python2.7/site-packages/keystoneauth1/session.py:844
2019-06-16 19:20:55.273 1843 RALLYDEBUG rally_openstack.cleanup.manager [-] Cleaning up nova keypairs objects
2019-06-16 19:20:55.699 1843 DEBUG novaclient.v2.client [-] REQ: curl -g -i -X GET http://172.30.9.23:8774/v2.1/os-keypairs -H "Accept: application/json" -H "User-Agent: python-novaclient" -H "X-Auth-Token: {SHA1}1d569246f2f7faed0661270630a7eefffba9a617" _http_log_request /usr/lib/python2.7/site-packages/keystoneauth1/session.py:448
2019-06-16 19:20:56.015 1843 DEBUG novaclient.v2.client [-] RESP: [200] Content-Length: 16 Content-Type: application/json Date: Sun, 16 Jun 2019 19:20:55 GMT OpenStack-API-Version: compute 2.1 Server: Apache Vary: OpenStack-API-Version,X-OpenStack-Nova-API-Version X-OpenStack-Nova-API-Version: 2.1 x-compute-request-id: req-799eb171-92e5-4dfa-8240-799fa17a60d8 x-openstack-request-id: req-799eb171-92e5-4dfa-8240-799fa17a60d8 _http_log_response /usr/lib/python2.7/site-packages/keystoneauth1/session.py:479
2019-06-16 19:20:56.015 1843 DEBUG novaclient.v2.client [-] RESP BODY: {"keypairs": []} _http_log_response /usr/lib/python2.7/site-packages/keystoneauth1/session.py:511
2019-06-16 19:20:56.016 1843 DEBUG novaclient.v2.client [-] GET call to compute for http://172.30.9.23:8774/v2.1/os-keypairs used request id req-799eb171-92e5-4dfa-8240-799fa17a60d8 request /usr/lib/python2.7/site-packages/keystoneauth1/session.py:844
2019-06-16 19:20:56.449 1843 DEBUG novaclient.v2.client [-] REQ: curl -g -i -X GET http://172.30.9.23:8774/v2.1/os-keypairs -H "Accept: application/json" -H "User-Agent: python-novaclient" -H "X-Auth-Token: {SHA1}8cd29ccff31abfaa5539e0af0e0193e46e758a6f" _http_log_request /usr/lib/python2.7/site-packages/keystoneauth1/session.py:448
2019-06-16 19:20:56.753 1843 DEBUG novaclient.v2.client [-] RESP: [200] Content-Length: 16 Content-Type: application/json Date: Sun, 16 Jun 2019 19:20:56 GMT OpenStack-API-Version: compute 2.1 Server: Apache Vary: OpenStack-API-Version,X-OpenStack-Nova-API-Version X-OpenStack-Nova-API-Version: 2.1 x-compute-request-id: req-b691e3fd-0bd7-47f1-8d74-653d0e898d5b x-openstack-request-id: req-b691e3fd-0bd7-47f1-8d74-653d0e898d5b _http_log_response /usr/lib/python2.7/site-packages/keystoneauth1/session.py:479
2019-06-16 19:20:56.754 1843 DEBUG novaclient.v2.client [-] RESP BODY: {"keypairs": []} _http_log_response /usr/lib/python2.7/site-packages/keystoneauth1/session.py:511
2019-06-16 19:20:56.754 1843 DEBUG novaclient.v2.client [-] GET call to compute for http://172.30.9.23:8774/v2.1/os-keypairs used request id req-b691e3fd-0bd7-47f1-8d74-653d0e898d5b request /usr/lib/python2.7/site-packages/keystoneauth1/session.py:844
2019-06-16 19:20:57.184 1843 DEBUG novaclient.v2.client [-] REQ: curl -g -i -X GET http://172.30.9.23:8774/v2.1/os-keypairs -H "Accept: application/json" -H "User-Agent: python-novaclient" -H "X-Auth-Token: {SHA1}18c6d01313e5e9fa0632cbe489b808bdde27a2f8" _http_log_request /usr/lib/python2.7/site-packages/keystoneauth1/session.py:448
2019-06-16 19:20:57.478 1843 DEBUG novaclient.v2.client [-] RESP: [200] Content-Length: 16 Content-Type: application/json Date: Sun, 16 Jun 2019 19:20:57 GMT OpenStack-API-Version: compute 2.1 Server: Apache Vary: OpenStack-API-Version,X-OpenStack-Nova-API-Version X-OpenStack-Nova-API-Version: 2.1 x-compute-request-id: req-00d0e354-c615-4695-84e2-ab59f4791f23 x-openstack-request-id: req-00d0e354-c615-4695-84e2-ab59f4791f23 _http_log_response /usr/lib/python2.7/site-packages/keystoneauth1/session.py:479
2019-06-16 19:20:57.478 1843 DEBUG novaclient.v2.client [-] RESP BODY: {"keypairs": []} _http_log_response /usr/lib/python2.7/site-packages/keystoneauth1/session.py:511
2019-06-16 19:20:57.479 1843 DEBUG novaclient.v2.client [-] GET call to compute for http://172.30.9.23:8774/v2.1/os-keypairs used request id req-00d0e354-c615-4695-84e2-ab59f4791f23 request /usr/lib/python2.7/site-packages/keystoneauth1/session.py:844
2019-06-16 19:20:57.921 1843 DEBUG novaclient.v2.client [-] REQ: curl -g -i -X GET http://172.30.9.23:8774/v2.1/os-keypairs -H "Accept: application/json" -H "User-Agent: python-novaclient" -H "X-Auth-Token: {SHA1}8f453338f218b0504d6e6415dc5c5b41df3bb6f9" _http_log_request /usr/lib/python2.7/site-packages/keystoneauth1/session.py:448
2019-06-16 19:20:58.335 1843 DEBUG novaclient.v2.client [-] RESP: [200] Content-Length: 16 Content-Type: application/json Date: Sun, 16 Jun 2019 19:20:57 GMT OpenStack-API-Version: compute 2.1 Server: Apache Vary: OpenStack-API-Version,X-OpenStack-Nova-API-Version X-OpenStack-Nova-API-Version: 2.1 x-compute-request-id: req-261bcaf4-cf5e-4898-90ab-42033f7661d1 x-openstack-request-id: req-261bcaf4-cf5e-4898-90ab-42033f7661d1 _http_log_response /usr/lib/python2.7/site-packages/keystoneauth1/session.py:479
2019-06-16 19:20:58.335 1843 DEBUG novaclient.v2.client [-] RESP BODY: {"keypairs": []} _http_log_response /usr/lib/python2.7/site-packages/keystoneauth1/session.py:511
2019-06-16 19:20:58.335 1843 DEBUG novaclient.v2.client [-] GET call to compute for http://172.30.9.23:8774/v2.1/os-keypairs used request id req-261bcaf4-cf5e-4898-90ab-42033f7661d1 request /usr/lib/python2.7/site-packages/keystoneauth1/session.py:844
2019-06-16 19:20:58.768 1843 DEBUG novaclient.v2.client [-] REQ: curl -g -i -X GET http://172.30.9.23:8774/v2.1/os-keypairs -H "Accept: application/json" -H "User-Agent: python-novaclient" -H "X-Auth-Token: {SHA1}d8729cc009031b94bb851e6b0747ac5831e7938e" _http_log_request /usr/lib/python2.7/site-packages/keystoneauth1/session.py:448
2019-06-16 19:20:59.073 1843 DEBUG novaclient.v2.client [-] RESP: [200] Content-Length: 16 Content-Type: application/json Date: Sun, 16 Jun 2019 19:20:58 GMT OpenStack-API-Version: compute 2.1 Server: Apache Vary: OpenStack-API-Version,X-OpenStack-Nova-API-Version X-OpenStack-Nova-API-Version: 2.1 x-compute-request-id: req-6ef619b8-8823-4a3e-939d-9d7261f663a4 x-openstack-request-id: req-6ef619b8-8823-4a3e-939d-9d7261f663a4 _http_log_response /usr/lib/python2.7/site-packages/keystoneauth1/session.py:479
2019-06-16 19:20:59.073 1843 DEBUG novaclient.v2.client [-] RESP BODY: {"keypairs": []} _http_log_response /usr/lib/python2.7/site-packages/keystoneauth1/session.py:511
2019-06-16 19:20:59.073 1843 DEBUG novaclient.v2.client [-] GET call to compute for http://172.30.9.23:8774/v2.1/os-keypairs used request id req-6ef619b8-8823-4a3e-939d-9d7261f663a4 request /usr/lib/python2.7/site-packages/keystoneauth1/session.py:844
2019-06-16 19:20:59.500 1843 DEBUG novaclient.v2.client [-] REQ: curl -g -i -X GET http://172.30.9.23:8774/v2.1/os-keypairs -H "Accept: application/json" -H "User-Agent: python-novaclient" -H "X-Auth-Token: {SHA1}da85183da7d78c2dff89be1db32bfe56bdc5afc3" _http_log_request /usr/lib/python2.7/site-packages/keystoneauth1/session.py:448
2019-06-16 19:20:59.776 1843 DEBUG novaclient.v2.client [-] RESP: [200] Content-Length: 16 Content-Type: application/json Date: Sun, 16 Jun 2019 19:20:59 GMT OpenStack-API-Version: compute 2.1 Server: Apache Vary: OpenStack-API-Version,X-OpenStack-Nova-API-Version X-OpenStack-Nova-API-Version: 2.1 x-compute-request-id: req-58080f78-6da7-4160-b50f-abbaba666107 x-openstack-request-id: req-58080f78-6da7-4160-b50f-abbaba666107 _http_log_response /usr/lib/python2.7/site-packages/keystoneauth1/session.py:479
2019-06-16 19:20:59.777 1843 DEBUG novaclient.v2.client [-] RESP BODY: {"keypairs": []} _http_log_response /usr/lib/python2.7/site-packages/keystoneauth1/session.py:511
2019-06-16 19:20:59.777 1843 DEBUG novaclient.v2.client [-] GET call to compute for http://172.30.9.23:8774/v2.1/os-keypairs used request id req-58080f78-6da7-4160-b50f-abbaba666107 request /usr/lib/python2.7/site-packages/keystoneauth1/session.py:844
2019-06-16 19:20:59.785 1843 RALLYDEBUG rally_openstack.cleanup.manager [-] Cleaning up cinder backups objects
2019-06-16 19:21:02.005 1843 RALLYDEBUG rally_openstack.cleanup.manager [-] Cleaning up cinder volume_snapshots objects
2019-06-16 19:21:04.252 1843 RALLYDEBUG rally_openstack.cleanup.manager [-] Cleaning up cinder transfers objects
2019-06-16 19:21:06.450 1843 RALLYDEBUG rally_openstack.cleanup.manager [-] Cleaning up cinder volumes objects
2019-06-16 19:21:08.697 1843 INFO rally.task.context [-] Task 09a99569-eec3-4a39-b4ce-97611f981562 | Context cleanup@openstack cleanup() finished in 18.13 sec
2019-06-16 19:21:08.698 1843 INFO rally.task.context [-] Task 09a99569-eec3-4a39-b4ce-97611f981562 | Context quotas@openstack cleanup() started
2019-06-16 19:21:09.511 1843 INFO rally.task.context [-] Task 09a99569-eec3-4a39-b4ce-97611f981562 | Context quotas@openstack cleanup() finished in 0.81 sec
2019-06-16 19:21:09.511 1843 INFO rally.task.context [-] Task 09a99569-eec3-4a39-b4ce-97611f981562 | Context api_versions@openstack cleanup() started
2019-06-16 19:21:09.511 1843 INFO rally.task.context [-] Task 09a99569-eec3-4a39-b4ce-97611f981562 | Context api_versions@openstack cleanup() finished in 0.32 msec
2019-06-16 19:21:09.512 1843 INFO rally.task.context [-] Task 09a99569-eec3-4a39-b4ce-97611f981562 | Context users@openstack cleanup() started
2019-06-16 19:21:17.217 1843 INFO rally.task.context [-] Task 09a99569-eec3-4a39-b4ce-97611f981562 | Context users@openstack cleanup() finished in 7.71 sec
2019-06-16 19:21:18.794 1843 INFO rally.task.engine [-] Load duration is: 101.135707
2019-06-16 19:21:18.794 1843 INFO rally.task.engine [-] Full runner duration is: 102.187489
2019-06-16 19:21:18.795 1843 INFO rally.task.engine [-] Full duration is: 138.951978
2019-06-16 19:21:19.081 1843 INFO rally.task.engine [-] Running workload: position = 0 config = { "version": 2, "title": "A cropped version of a bigger task.", "description": "Auto-generated task from a single workload (uuid=91b15310-c0ed-4f47-b136-3aa9567cb66d)", "subtasks": [ { "title": "CinderVolumes.create_and_list_snapshots", "description": "Create and then list a volume-snapshot.", "scenario": { "CinderVolumes.create_and_list_snapshots": { "detailed": true, "force": false } }, "contexts": { "users": { "tenants": 3, "users_per_tenant": 2 }, "quotas": { "cinder": { "gigabytes": -1, "snapshots": -1, "volumes": -1 } }, "api_versions": { "cinder": { "version": 3, "service_type": "volumev3" } }, "volumes": { "size": 1, "volumes_per_tenant": 1 } }, "runner": { "constant": { "concurrency": 4, "times": 10 } }, "hooks": [], "sla": { "failure_rate": { "max": 0 } } } ] }
2019-06-16 19:21:19.106 1843 RALLYDEBUG rally_openstack.contexts.keystone.users [-] Creating 3 tenants using 20 threads
2019-06-16 19:21:21.022 1843 RALLYDEBUG rally_openstack.contexts.keystone.users [-] Creating 6 users using 20 threads
2019-06-16 19:21:23.754 1843 INFO rally.task.context [-] Task 09a99569-eec3-4a39-b4ce-97611f981562 | Context users@openstack setup() finished in 4.65 sec
2019-06-16 19:21:24.188 1843 INFO rally.task.context [-] Task 09a99569-eec3-4a39-b4ce-97611f981562 | Context api_versions@openstack setup() finished in 0.43 sec
2019-06-16 19:21:25.885 1843 INFO rally.task.context [-] Task 09a99569-eec3-4a39-b4ce-97611f981562 | Context quotas@openstack setup() finished in 1.70 sec
2019-06-16 19:21:37.111 1843 INFO rally.task.context [-] Task 09a99569-eec3-4a39-b4ce-97611f981562 | Context volumes@openstack setup() finished in 11.23 sec
2019-06-16 19:21:37.112 1843 INFO rally.task.context [-] Task 09a99569-eec3-4a39-b4ce-97611f981562 | Context cleanup@openstack setup() finished in 0.01 msec
2019-06-16 19:21:37.120 1843 RALLYDEBUG rally.task.runner [-] Starting the constant runner (task UUID: 09a99569-eec3-4a39-b4ce-97611f981562). timeout: 0 concurrency: 4 concurrency_per_worker: 1 times: 10 concurrency_overhead: 0 processes_to_start: 4 max_cpu_used: 16
2019-06-16 19:21:37.129 2211 RALLYDEBUG rally.task.runner [-] Starting a worker. concurrency: 1 args: {"detailed": true, "force": false} times: 10 method_name: run timeout: 0 duration: None cls:
2019-06-16 19:21:37.134 2212 RALLYDEBUG rally.task.runner [-] Starting a worker. concurrency: 1 args: {"detailed": true, "force": false} times: 10 method_name: run timeout: 0 duration: None cls:
2019-06-16 19:21:37.136 2211 INFO rally.task.runner [-] Task 09a99569-eec3-4a39-b4ce-97611f981562 | ITER: 1 START
2019-06-16 19:21:37.137 2213 RALLYDEBUG rally.task.runner [-] Starting a worker. concurrency: 1 args: {"detailed": true, "force": false} times: 10 method_name: run timeout: 0 duration: None cls:
2019-06-16 19:21:37.144 2214 RALLYDEBUG rally.task.runner [-] Starting a worker. concurrency: 1 args: {"detailed": true, "force": false} times: 10 method_name: run timeout: 0 duration: None cls:
2019-06-16 19:21:37.146 2212 INFO rally.task.runner [-] Task 09a99569-eec3-4a39-b4ce-97611f981562 | ITER: 2 START
2019-06-16 19:21:37.147 2213 INFO rally.task.runner [-] Task 09a99569-eec3-4a39-b4ce-97611f981562 | ITER: 3 START
2019-06-16 19:21:37.151 2214 INFO rally.task.runner [-] Task 09a99569-eec3-4a39-b4ce-97611f981562 | ITER: 4 START
2019-06-16 19:21:40.895 2212 INFO rally.task.runner [-] Task 09a99569-eec3-4a39-b4ce-97611f981562 | ITER: 2 END: OK
2019-06-16 19:21:40.900 2212 INFO rally.task.runner [-] Task 09a99569-eec3-4a39-b4ce-97611f981562 | ITER: 5 START
2019-06-16 19:21:41.022 2211 INFO rally.task.runner [-] Task 09a99569-eec3-4a39-b4ce-97611f981562 | ITER: 1 END: OK
2019-06-16 19:21:41.026 2211 INFO rally.task.runner [-] Task 09a99569-eec3-4a39-b4ce-97611f981562 | ITER: 6 START
2019-06-16 19:21:41.041 2213 INFO rally.task.runner [-] Task 09a99569-eec3-4a39-b4ce-97611f981562 | ITER: 3 END: OK
2019-06-16 19:21:41.046 2213 INFO rally.task.runner [-] Task 09a99569-eec3-4a39-b4ce-97611f981562 | ITER: 7 START
2019-06-16 19:21:41.134 2214 INFO rally.task.runner [-] Task 09a99569-eec3-4a39-b4ce-97611f981562 | ITER: 4 END: OK
2019-06-16 19:21:41.139 2214 INFO rally.task.runner [-] Task 09a99569-eec3-4a39-b4ce-97611f981562 | ITER: 8 START
2019-06-16 19:21:44.692 2211 INFO rally.task.runner [-] Task 09a99569-eec3-4a39-b4ce-97611f981562 | ITER: 6 END: OK
2019-06-16 19:21:44.697 2211 INFO rally.task.runner [-] Task 09a99569-eec3-4a39-b4ce-97611f981562 | ITER: 9 START
2019-06-16 19:21:44.752 2213 INFO rally.task.runner [-] Task 09a99569-eec3-4a39-b4ce-97611f981562 | ITER: 7 END: OK
2019-06-16 19:21:44.753 2212 INFO rally.task.runner [-] Task 09a99569-eec3-4a39-b4ce-97611f981562 | ITER: 5 END: OK
2019-06-16 19:21:44.757 2213 INFO rally.task.runner [-] Task 09a99569-eec3-4a39-b4ce-97611f981562 | ITER: 10 START
2019-06-16 19:21:44.980 2214 INFO rally.task.runner [-] Task 09a99569-eec3-4a39-b4ce-97611f981562 | ITER: 8 END: OK
2019-06-16 19:21:48.431 2213 INFO rally.task.runner [-] Task 09a99569-eec3-4a39-b4ce-97611f981562 | ITER: 10 END: OK
2019-06-16 19:21:48.460 2211 INFO rally.task.runner [-] Task 09a99569-eec3-4a39-b4ce-97611f981562 | ITER: 9 END: OK
2019-06-16 19:21:48.480 1843 INFO rally.task.context [-] Task 09a99569-eec3-4a39-b4ce-97611f981562 | Context cleanup@openstack cleanup() started
2019-06-16 19:21:48.482 1843 RALLYDEBUG rally_openstack.cleanup.manager [-] Cleaning up cinder backups objects
2019-06-16 19:21:50.650 1843 RALLYDEBUG rally_openstack.cleanup.manager [-] Cleaning up cinder volume_snapshots objects
2019-06-16 19:21:53.049 1843 RALLYDEBUG rally_openstack.cleanup.manager [-] Deleting cinder.volume_snapshots object s_rally_91b15310_fZfZJb53 (b75cfe8f-9572-4ef3-8be8-382371a755db)
2019-06-16 19:21:53.050 1843 RALLYDEBUG rally_openstack.cleanup.manager [-] Deleting cinder.volume_snapshots object s_rally_91b15310_BoxRMdBg (3cc28722-f92b-490b-bf82-c276734c120b)
2019-06-16 19:21:53.050 1843 RALLYDEBUG rally_openstack.cleanup.manager [-] Deleting cinder.volume_snapshots object s_rally_91b15310_VYAUDKY1 (075be836-c02a-4602-b0ea-301d340b7701)
2019-06-16 19:21:53.050 1843 RALLYDEBUG rally_openstack.cleanup.manager [-] Deleting cinder.volume_snapshots object s_rally_91b15310_3RudAvBF (b6d5e0fd-c799-40d9-87ab-9c8af31e21d8)
2019-06-16 19:21:53.057 1843 RALLYDEBUG rally_openstack.cleanup.manager [-] Deleting cinder.volume_snapshots object s_rally_91b15310_AwVTExbm (14d461af-7ba9-4b58-898f-16225a498eda)
2019-06-16 19:21:53.057 1843 RALLYDEBUG rally_openstack.cleanup.manager [-] Deleting cinder.volume_snapshots object s_rally_91b15310_m8KZ7TXx (3f838e22-d736-4fb6-8f54-cc3d953c2c67)
2019-06-16 19:21:53.062 1843 RALLYDEBUG rally_openstack.cleanup.manager [-] Deleting cinder.volume_snapshots object s_rally_91b15310_xIBlM6Kj (de301fa0-bd43-407e-b163-8ed810e4aaf1)
2019-06-16 19:21:53.063 1843 RALLYDEBUG rally_openstack.cleanup.manager [-] Deleting cinder.volume_snapshots object s_rally_91b15310_PgBuln21 (5b25124e-8240-4cad-9283-2ddfd24166b6)
2019-06-16 19:21:53.074 1843 RALLYDEBUG rally_openstack.cleanup.manager [-] Deleting cinder.volume_snapshots object s_rally_91b15310_U5nSOruv (98e19c6e-132b-4a96-a39a-ef1f924c41cd)
2019-06-16 19:21:53.080 1843 RALLYDEBUG rally_openstack.cleanup.manager [-] Deleting cinder.volume_snapshots object s_rally_91b15310_yxLFOdPj (91e1c1f2-b8f5-4297-8d1a-9048432e835d)
2019-06-16 19:21:57.991 1843 RALLYDEBUG rally_openstack.cleanup.manager [-] Cleaning up cinder transfers objects
2019-06-16 19:22:00.219 1843 RALLYDEBUG rally_openstack.cleanup.manager [-] Cleaning up cinder volumes objects
2019-06-16 19:22:02.586 1843 INFO rally.task.context [-] Task 09a99569-eec3-4a39-b4ce-97611f981562 | Context cleanup@openstack cleanup() finished in 14.11 sec
2019-06-16 19:22:02.587 1843 INFO rally.task.context [-] Task 09a99569-eec3-4a39-b4ce-97611f981562 | Context volumes@openstack cleanup() started
2019-06-16 19:22:02.588 1843 RALLYDEBUG rally_openstack.cleanup.manager [-] Cleaning up cinder volumes objects
2019-06-16 19:22:04.938 1843 RALLYDEBUG rally_openstack.cleanup.manager [-] Deleting cinder.volumes object c_rally_91b15310_VSqX0YP3 (e718d58a-7316-4e78-b8fe-a644a01c538c)
2019-06-16 19:22:04.944 1843 RALLYDEBUG rally_openstack.cleanup.manager [-] Deleting cinder.volumes object c_rally_91b15310_UDVEXhLV (e73e6f7b-ca19-47c7-b35b-74f576020ced)
2019-06-16 19:22:04.947 1843 RALLYDEBUG rally_openstack.cleanup.manager [-] Deleting cinder.volumes object c_rally_91b15310_FfIsiDen (1d57ad0f-4f7f-45ee-b6d1-a686a5f5b56c)
2019-06-16 19:22:08.579 1843 INFO rally.task.context [-] Task 09a99569-eec3-4a39-b4ce-97611f981562 | Context volumes@openstack cleanup() finished in 5.99 sec
2019-06-16 19:22:08.579 1843 INFO rally.task.context [-] Task 09a99569-eec3-4a39-b4ce-97611f981562 | Context quotas@openstack cleanup() started
2019-06-16 19:22:09.553 1843 INFO rally.task.context [-] Task 09a99569-eec3-4a39-b4ce-97611f981562 | Context quotas@openstack cleanup() finished in 0.97 sec
2019-06-16 19:22:09.554 1843 INFO rally.task.context [-] Task 09a99569-eec3-4a39-b4ce-97611f981562 | Context api_versions@openstack cleanup() started
2019-06-16 19:22:09.554 1843 INFO rally.task.context [-] Task 09a99569-eec3-4a39-b4ce-97611f981562 | Context api_versions@openstack cleanup() finished in 0.32 msec
2019-06-16 19:22:09.554 1843 INFO rally.task.context [-] Task 09a99569-eec3-4a39-b4ce-97611f981562 | Context users@openstack cleanup() started
2019-06-16 19:22:17.500 1843 INFO rally.task.context [-] Task 09a99569-eec3-4a39-b4ce-97611f981562 | Context users@openstack cleanup() finished in 7.95 sec
2019-06-16 19:22:19.361 1843 INFO rally.task.engine [-] Load duration is: 11.320047
2019-06-16 19:22:19.362 1843 INFO rally.task.engine [-] Full runner duration is: 11.360508
2019-06-16 19:22:19.362 1843 INFO rally.task.engine [-] Full duration is: 58.397136
2019-06-16 19:22:19.629 1843 INFO rally.task.engine [-] Running workload: position = 0 config = { "version": 2, "title": "A cropped version of a bigger task.", "description": "Auto-generated task from a single workload (uuid=6f6c1b38-a2f9-42c7-9eb7-231af3b1fccb)", "subtasks": [ { "title": "CinderVolumes.create_and_list_volume", "description": "Create a volume and list all volumes.", "scenario": { "CinderVolumes.create_and_list_volume": { "detailed": true, "image": { "name": "rally_full-img_057f19bc-9293-420d-b7e6-b6a0f397fad9" }, "size": 1 } }, "contexts": { "users": { "tenants": 3, "users_per_tenant": 2 }, "quotas": { "cinder": { "gigabytes": -1, "snapshots": -1, "volumes": -1 } }, "api_versions": { "cinder": { "version": 3, "service_type": "volumev3" } } }, "runner": { "constant": { "concurrency": 4, "times": 10 } }, "hooks": [], "sla": { "failure_rate": { "max": 0 } } } ] }
2019-06-16 19:22:19.651 1843 RALLYDEBUG rally_openstack.contexts.keystone.users [-] Creating 3 tenants using 20 threads
2019-06-16 19:22:21.525 1843 RALLYDEBUG rally_openstack.contexts.keystone.users [-] Creating 6 users using 20 threads
2019-06-16 19:22:24.217 1843 INFO rally.task.context [-] Task 09a99569-eec3-4a39-b4ce-97611f981562 | Context users@openstack setup() finished in 4.57 sec
2019-06-16 19:22:24.641 1843 INFO rally.task.context [-] Task 09a99569-eec3-4a39-b4ce-97611f981562 | Context api_versions@openstack setup() finished in 0.42 sec
2019-06-16 19:22:26.325 1843 INFO rally.task.context [-] Task 09a99569-eec3-4a39-b4ce-97611f981562 | Context quotas@openstack setup() finished in 1.68 sec
2019-06-16 19:22:26.325 1843 INFO rally.task.context [-] Task 09a99569-eec3-4a39-b4ce-97611f981562 | Context cleanup@openstack setup() finished in 0.01 msec
2019-06-16 19:22:27.334 1843 RALLYDEBUG rally.task.runner [-] Starting the constant runner (task UUID: 09a99569-eec3-4a39-b4ce-97611f981562). timeout: 0 concurrency: 4 concurrency_per_worker: 1 times: 10 concurrency_overhead: 0 processes_to_start: 4 max_cpu_used: 16
2019-06-16 19:22:27.346 2415 RALLYDEBUG rally.task.runner [-] Starting a worker. concurrency: 1 args: {"detailed": true, "image": "a5e24202-e31b-4773-87fd-4a8d13820b01", "size": 1} times: 10 method_name: run timeout: 0 duration: None cls:
2019-06-16 19:22:27.350 2416 RALLYDEBUG rally.task.runner [-] Starting a worker. concurrency: 1 args: {"detailed": true, "image": "a5e24202-e31b-4773-87fd-4a8d13820b01", "size": 1} times: 10 method_name: run timeout: 0 duration: None cls:
2019-06-16 19:22:27.352 2417 RALLYDEBUG rally.task.runner [-] Starting a worker. concurrency: 1 args: {"detailed": true, "image": "a5e24202-e31b-4773-87fd-4a8d13820b01", "size": 1} times: 10 method_name: run timeout: 0 duration: None cls:
2019-06-16 19:22:27.354 2415 INFO rally.task.runner [-] Task 09a99569-eec3-4a39-b4ce-97611f981562 | ITER: 1 START
2019-06-16 19:22:27.357 2418 RALLYDEBUG rally.task.runner [-] Starting a worker. concurrency: 1 args: {"detailed": true, "image": "a5e24202-e31b-4773-87fd-4a8d13820b01", "size": 1} times: 10 method_name: run timeout: 0 duration: None cls:
2019-06-16 19:22:27.358 2416 INFO rally.task.runner [-] Task 09a99569-eec3-4a39-b4ce-97611f981562 | ITER: 2 START
2019-06-16 19:22:27.360 2417 INFO rally.task.runner [-] Task 09a99569-eec3-4a39-b4ce-97611f981562 | ITER: 3 START
2019-06-16 19:22:27.364 2418 INFO rally.task.runner [-] Task 09a99569-eec3-4a39-b4ce-97611f981562 | ITER: 4 START
2019-06-16 19:22:35.009 2416 RALLYDEBUG rally.task.utils [-] Waiting for resource s_rally_6f6c1b38_eecu92P5. Status changed: CREATING => DOWNLOADING in 2.99407911301
2019-06-16 19:22:36.830 2415 RALLYDEBUG rally.task.utils [-] Waiting for resource s_rally_6f6c1b38_PAo2aGfs. Status changed: CREATING => DOWNLOADING in 5.09724593163
2019-06-16 19:22:42.129 2418 RALLYDEBUG rally.task.utils [-] Waiting for resource s_rally_6f6c1b38_NBYwbvyE. Status changed: CREATING => DOWNLOADING in 9.9651491642
2019-06-16 19:22:42.328 2417 RALLYDEBUG rally.task.utils [-] Waiting for resource s_rally_6f6c1b38_Z0CEu8pP. Status changed: CREATING => DOWNLOADING in 9.94711089134
2019-06-16 19:22:46.760 2418 RALLYDEBUG rally.task.utils [-] Waiting for resource s_rally_6f6c1b38_NBYwbvyE. Status changed: DOWNLOADING => AVAILABLE in 4.63051199913
2019-06-16 19:22:46.844 2418 INFO rally.task.runner [-] Task 09a99569-eec3-4a39-b4ce-97611f981562 | ITER: 4 END: OK
2019-06-16 19:22:46.849 2418 INFO rally.task.runner [-] Task 09a99569-eec3-4a39-b4ce-97611f981562 | ITER: 5 START
2019-06-16 19:22:47.016 2417 RALLYDEBUG rally.task.utils [-] Waiting for resource s_rally_6f6c1b38_Z0CEu8pP. Status changed: DOWNLOADING => AVAILABLE in 4.68829703331
2019-06-16 19:22:47.287 2417 INFO rally.task.runner [-] Task 09a99569-eec3-4a39-b4ce-97611f981562 | ITER: 3 END: OK
2019-06-16 19:22:47.292 2417 INFO rally.task.runner [-] Task 09a99569-eec3-4a39-b4ce-97611f981562 | ITER: 6 START
2019-06-16 19:22:48.181 2415 RALLYDEBUG rally.task.utils [-] Waiting for resource s_rally_6f6c1b38_PAo2aGfs. Status changed: DOWNLOADING => AVAILABLE in 11.3512120247
2019-06-16 19:22:48.220 2416 RALLYDEBUG rally.task.utils [-] Waiting for resource s_rally_6f6c1b38_eecu92P5. Status changed: DOWNLOADING => AVAILABLE in 13.2107560635
2019-06-16 19:22:48.240 2415 INFO rally.task.runner [-] Task 09a99569-eec3-4a39-b4ce-97611f981562 | ITER: 1 END: OK
2019-06-16 19:22:48.245 2415 INFO rally.task.runner [-] Task 09a99569-eec3-4a39-b4ce-97611f981562 | ITER: 7 START
2019-06-16 19:22:48.552 2416 INFO rally.task.runner [-] Task 09a99569-eec3-4a39-b4ce-97611f981562 | ITER: 2 END: OK
2019-06-16 19:22:48.557 2416 INFO rally.task.runner [-] Task 09a99569-eec3-4a39-b4ce-97611f981562 | ITER: 8 START
2019-06-16 19:22:54.162 2418 RALLYDEBUG rally.task.utils [-] Waiting for resource s_rally_6f6c1b38_sSVNLuyx. Status changed: CREATING => DOWNLOADING in 2.81619095802
2019-06-16 19:22:57.082 2417 RALLYDEBUG rally.task.utils [-] Waiting for resource s_rally_6f6c1b38_A1CSPskK. Status changed: CREATING => DOWNLOADING in 5.14791202545
2019-06-16 19:22:58.789 2418 RALLYDEBUG rally.task.utils [-] Waiting for resource s_rally_6f6c1b38_sSVNLuyx. Status changed: DOWNLOADING => AVAILABLE in 4.62701487541
2019-06-16 19:22:59.179 2418 INFO rally.task.runner [-] Task 09a99569-eec3-4a39-b4ce-97611f981562 | ITER: 5 END: OK
2019-06-16 19:22:59.184 2418 INFO rally.task.runner [-] Task 09a99569-eec3-4a39-b4ce-97611f981562 | ITER: 9 START
2019-06-16 19:23:01.689 2417 RALLYDEBUG rally.task.utils [-] Waiting for resource s_rally_6f6c1b38_A1CSPskK. Status changed: DOWNLOADING => AVAILABLE in 4.60697698593
2019-06-16 19:23:02.034 2417 INFO rally.task.runner [-] Task 09a99569-eec3-4a39-b4ce-97611f981562 | ITER: 6 END: OK
2019-06-16 19:23:02.039 2417 INFO rally.task.runner [-] Task 09a99569-eec3-4a39-b4ce-97611f981562 | ITER: 10 START
2019-06-16 19:23:02.858 2415 RALLYDEBUG rally.task.utils [-] Waiting for resource s_rally_6f6c1b38_UBNDCvN5. Status changed: CREATING => DOWNLOADING in 9.58771300316
2019-06-16 19:23:03.642 2416 RALLYDEBUG rally.task.utils [-] Waiting for resource s_rally_6f6c1b38_c6kT2YQM. Status changed: CREATING => DOWNLOADING in 10.0031781197
2019-06-16 19:23:07.598 2415 RALLYDEBUG rally.task.utils [-] Waiting for resource s_rally_6f6c1b38_UBNDCvN5. Status changed: DOWNLOADING => AVAILABLE in 4.74017000198
2019-06-16 19:23:07.979 2415 INFO rally.task.runner [-] Task 09a99569-eec3-4a39-b4ce-97611f981562 | ITER: 7 END: OK
2019-06-16 19:23:08.038 2416 RALLYDEBUG rally.task.utils [-] Waiting for resource s_rally_6f6c1b38_c6kT2YQM. Status changed: DOWNLOADING => AVAILABLE in 4.39628505707
2019-06-16 19:23:08.436 2416 INFO rally.task.runner [-] Task 09a99569-eec3-4a39-b4ce-97611f981562 | ITER: 8 END: OK
2019-06-16 19:23:09.174 2418 RALLYDEBUG rally.task.utils [-] Waiting for resource s_rally_6f6c1b38_zdzhulwO. Status changed: CREATING => DOWNLOADING in 5.38745307922
2019-06-16 19:23:13.771 2418 RALLYDEBUG rally.task.utils [-] Waiting for resource s_rally_6f6c1b38_zdzhulwO. Status changed: DOWNLOADING => AVAILABLE in 4.59743785858
2019-06-16 19:23:13.865 2418 INFO rally.task.runner [-] Task 09a99569-eec3-4a39-b4ce-97611f981562 | ITER: 9 END: OK
2019-06-16 19:23:14.092 2417 RALLYDEBUG rally.task.utils [-] Waiting for resource s_rally_6f6c1b38_cwhSWz1S. Status changed: CREATING => DOWNLOADING in 7.83413791656
2019-06-16 19:23:16.407 2417 RALLYDEBUG rally.task.utils [-] Waiting for resource s_rally_6f6c1b38_cwhSWz1S. Status changed: DOWNLOADING => AVAILABLE in 2.31546592712
2019-06-16 19:23:16.762 2417 INFO rally.task.runner [-] Task 09a99569-eec3-4a39-b4ce-97611f981562 | ITER: 10 END: OK
2019-06-16 19:23:16.792 1843 INFO rally.task.context [-] Task 09a99569-eec3-4a39-b4ce-97611f981562 | Context cleanup@openstack cleanup() started
2019-06-16 19:23:16.795 1843 RALLYDEBUG rally_openstack.cleanup.manager [-] Cleaning up cinder backups objects
2019-06-16 19:23:18.943 1843 RALLYDEBUG rally_openstack.cleanup.manager [-] Cleaning up cinder volume_snapshots objects
2019-06-16 19:23:21.096 1843 RALLYDEBUG rally_openstack.cleanup.manager [-] Cleaning up cinder transfers objects
2019-06-16 19:23:23.193 1843 RALLYDEBUG rally_openstack.cleanup.manager [-] Cleaning up cinder volumes objects
2019-06-16 19:23:25.505 1843 RALLYDEBUG rally_openstack.cleanup.manager [-] Deleting cinder.volumes object s_rally_6f6c1b38_Z0CEu8pP (9d7f478a-adc2-450c-b285-2f8ca147f840)
2019-06-16 19:23:25.510 1843 RALLYDEBUG rally_openstack.cleanup.manager [-] Deleting cinder.volumes object s_rally_6f6c1b38_sSVNLuyx (6f184469-5b55-4847-a542-e73d64f2fcde)
2019-06-16 19:23:25.511 1843 RALLYDEBUG rally_openstack.cleanup.manager [-] Deleting cinder.volumes object s_rally_6f6c1b38_NBYwbvyE (1b378286-739c-4fd7-a068-3c482c5271f2)
2019-06-16 19:23:25.512 1843 RALLYDEBUG rally_openstack.cleanup.manager [-] Deleting cinder.volumes object s_rally_6f6c1b38_c6kT2YQM (15ff3a46-ef0f-4f3d-a14f-0c6a5ca10361)
2019-06-16 19:23:25.515 1843 RALLYDEBUG rally_openstack.cleanup.manager [-] Deleting cinder.volumes object s_rally_6f6c1b38_zdzhulwO (835cf3be-60af-48c5-8cd1-6aa7f93ba813)
2019-06-16 19:23:25.523 1843 RALLYDEBUG rally_openstack.cleanup.manager [-] Deleting cinder.volumes object s_rally_6f6c1b38_UBNDCvN5 (5605eddf-3fe8-49ed-82c4-b9fc2e7d68a0)
2019-06-16 19:23:25.524 1843 RALLYDEBUG rally_openstack.cleanup.manager [-] Deleting cinder.volumes object s_rally_6f6c1b38_eecu92P5 (3f467ede-bfd4-4e5a-9655-a66c1b6fce12)
2019-06-16 19:23:25.524 1843 RALLYDEBUG rally_openstack.cleanup.manager [-] Deleting cinder.volumes object s_rally_6f6c1b38_A1CSPskK (7af6d681-2799-4700-b71f-181e6ad9f6e2)
2019-06-16 19:23:25.531 1843 RALLYDEBUG rally_openstack.cleanup.manager [-] Deleting cinder.volumes object s_rally_6f6c1b38_PAo2aGfs (c1f56c08-44c7-4ed3-97a6-53c58e689e5e)
2019-06-16 19:23:25.537 1843 RALLYDEBUG rally_openstack.cleanup.manager [-] Deleting cinder.volumes object s_rally_6f6c1b38_cwhSWz1S (eb467d3a-0070-4f4f-99da-b396b15a2eca)
2019-06-16 19:23:30.449 1843 INFO rally.task.context [-] Task 09a99569-eec3-4a39-b4ce-97611f981562 | Context cleanup@openstack cleanup() finished in 13.66 sec
2019-06-16 19:23:30.450 1843 INFO rally.task.context [-] Task 09a99569-eec3-4a39-b4ce-97611f981562 | Context quotas@openstack cleanup() started
2019-06-16 19:23:31.380 1843 INFO rally.task.context [-] Task 09a99569-eec3-4a39-b4ce-97611f981562 | Context quotas@openstack cleanup() finished in 0.93 sec
2019-06-16 19:23:31.380 1843 INFO rally.task.context [-] Task 09a99569-eec3-4a39-b4ce-97611f981562 | Context api_versions@openstack cleanup() started
2019-06-16 19:23:31.380 1843 INFO rally.task.context [-] Task 09a99569-eec3-4a39-b4ce-97611f981562 | Context api_versions@openstack cleanup() finished in 0.30 msec
2019-06-16 19:23:31.381 1843 INFO rally.task.context [-] Task 09a99569-eec3-4a39-b4ce-97611f981562 | Context users@openstack cleanup() started
2019-06-16 19:23:39.398 1843 INFO rally.task.context [-] Task 09a99569-eec3-4a39-b4ce-97611f981562 | Context users@openstack cleanup() finished in 8.02 sec
2019-06-16 19:23:39.948 1843 INFO rally.task.engine [-] Load duration is: 49.405136
2019-06-16 19:23:39.949 1843 INFO rally.task.engine [-] Full runner duration is: 49.458396
2019-06-16 19:23:39.949 1843 INFO rally.task.engine [-] Full duration is: 79.750179
2019-06-16 19:23:40.123 1843 INFO rally.task.engine [-] Running workload: position = 1 config = { "version": 2, "title": "A cropped version of a bigger task.", "description": "Auto-generated task from a single workload (uuid=ce6956bd-1c2f-416a-a591-dbbe1dfbba32)", "subtasks": [ { "title": "CinderVolumes.create_and_list_volume", "description": "Create a volume and list all volumes.", "scenario": { "CinderVolumes.create_and_list_volume": { "detailed": true, "size": 1 } }, "contexts": { "users": { "tenants": 3, "users_per_tenant": 2 }, "quotas": { "cinder": { "gigabytes": -1, "snapshots": -1, "volumes": -1 } }, "api_versions": { "cinder": { "version": 3, "service_type": "volumev3" } } }, "runner": { "constant": { "concurrency": 4, "times": 10 } }, "hooks": [], "sla": { "failure_rate": { "max": 0 } } } ] }
2019-06-16 19:23:40.146 1843 RALLYDEBUG rally_openstack.contexts.keystone.users [-] Creating 3 tenants using 20 threads
2019-06-16 19:23:42.005 1843 RALLYDEBUG rally_openstack.contexts.keystone.users [-] Creating 6 users using 20 threads
2019-06-16 19:23:45.004 1843 INFO rally.task.context [-] Task 09a99569-eec3-4a39-b4ce-97611f981562 | Context users@openstack setup() finished in 4.86 sec
2019-06-16 19:23:45.426 1843 INFO rally.task.context [-] Task 09a99569-eec3-4a39-b4ce-97611f981562 | Context api_versions@openstack setup() finished in 0.42 sec
2019-06-16 19:23:47.149 1843 INFO rally.task.context [-] Task 09a99569-eec3-4a39-b4ce-97611f981562 | Context quotas@openstack setup() finished in 1.72 sec
2019-06-16 19:23:47.149 1843 INFO rally.task.context [-] Task 09a99569-eec3-4a39-b4ce-97611f981562 | Context cleanup@openstack setup() finished in 0.01 msec
2019-06-16 19:23:47.157 1843 RALLYDEBUG rally.task.runner [-] Starting the constant runner (task UUID: 09a99569-eec3-4a39-b4ce-97611f981562). timeout: 0 concurrency: 4 concurrency_per_worker: 1 times: 10 concurrency_overhead: 0 processes_to_start: 4 max_cpu_used: 16
2019-06-16 19:23:47.172 2599 RALLYDEBUG rally.task.runner [-] Starting a worker. concurrency: 1 args: {"detailed": true, "size": 1} times: 10 method_name: run timeout: 0 duration: None cls:
2019-06-16 19:23:47.174 2600 RALLYDEBUG rally.task.runner [-] Starting a worker. concurrency: 1 args: {"detailed": true, "size": 1} times: 10 method_name: run timeout: 0 duration: None cls:
2019-06-16 19:23:47.178 2601 RALLYDEBUG rally.task.runner [-] Starting a worker. concurrency: 1 args: {"detailed": true, "size": 1} times: 10 method_name: run timeout: 0 duration: None cls:
2019-06-16 19:23:47.180 2599 INFO rally.task.runner [-] Task 09a99569-eec3-4a39-b4ce-97611f981562 | ITER: 1 START
2019-06-16 19:23:47.180 2600 INFO rally.task.runner [-] Task 09a99569-eec3-4a39-b4ce-97611f981562 | ITER: 2 START
2019-06-16 19:23:47.182 2602 RALLYDEBUG rally.task.runner [-] Starting a worker. concurrency: 1 args: {"detailed": true, "size": 1} times: 10 method_name: run timeout: 0 duration: None cls:
2019-06-16 19:23:47.185 2601 INFO rally.task.runner [-] Task 09a99569-eec3-4a39-b4ce-97611f981562 | ITER: 3 START
2019-06-16 19:23:47.190 2602 INFO rally.task.runner [-] Task 09a99569-eec3-4a39-b4ce-97611f981562 | ITER: 4 START
2019-06-16 19:23:51.168 2601 INFO rally.task.runner [-] Task 09a99569-eec3-4a39-b4ce-97611f981562 | ITER: 3 END: OK
2019-06-16 19:23:51.173 2601 INFO rally.task.runner [-] Task 09a99569-eec3-4a39-b4ce-97611f981562 | ITER: 5 START
2019-06-16 19:23:51.261 2599 INFO rally.task.runner [-] Task 09a99569-eec3-4a39-b4ce-97611f981562 | ITER: 1 END: OK
2019-06-16 19:23:51.265 2599 INFO rally.task.runner [-] Task 09a99569-eec3-4a39-b4ce-97611f981562 | ITER: 6 START
2019-06-16 19:23:51.368 2600 INFO rally.task.runner [-] Task 09a99569-eec3-4a39-b4ce-97611f981562 | ITER: 2 END: OK
2019-06-16 19:23:51.373 2600 INFO rally.task.runner [-] Task 09a99569-eec3-4a39-b4ce-97611f981562 | ITER: 7 START
2019-06-16 19:23:51.504 2602 INFO rally.task.runner [-] Task 09a99569-eec3-4a39-b4ce-97611f981562 | ITER: 4 END: OK
2019-06-16 19:23:51.508 2602 INFO rally.task.runner [-] Task 09a99569-eec3-4a39-b4ce-97611f981562 | ITER: 8 START
2019-06-16 19:23:55.129 2600 INFO rally.task.runner [-] Task 09a99569-eec3-4a39-b4ce-97611f981562 | ITER: 7 END: OK
2019-06-16 19:23:55.132 2600 INFO rally.task.runner [-] Task 09a99569-eec3-4a39-b4ce-97611f981562 | ITER: 9 START
2019-06-16 19:23:55.195 2601 INFO rally.task.runner [-] Task 09a99569-eec3-4a39-b4ce-97611f981562 | ITER: 5 END: OK
2019-06-16 19:23:55.201 2601 INFO rally.task.runner [-] Task 09a99569-eec3-4a39-b4ce-97611f981562 | ITER: 10 START
2019-06-16 19:23:55.315 2599 INFO rally.task.runner [-] Task 09a99569-eec3-4a39-b4ce-97611f981562 | ITER: 6 END: OK
2019-06-16 19:23:55.564 2602 INFO rally.task.runner [-] Task 09a99569-eec3-4a39-b4ce-97611f981562 | ITER: 8 END: OK
2019-06-16 19:23:58.903 2600 INFO rally.task.runner [-] Task 09a99569-eec3-4a39-b4ce-97611f981562 | ITER: 9 END: OK
2019-06-16 19:23:59.209 2601 INFO rally.task.runner [-] Task 09a99569-eec3-4a39-b4ce-97611f981562 | ITER: 10 END: OK
2019-06-16 19:23:59.232 1843 INFO rally.task.context [-] Task 09a99569-eec3-4a39-b4ce-97611f981562 | Context cleanup@openstack cleanup() started
2019-06-16 19:23:59.234 1843 RALLYDEBUG rally_openstack.cleanup.manager [-] Cleaning up cinder backups objects
2019-06-16 19:24:01.483 1843 RALLYDEBUG rally_openstack.cleanup.manager [-] Cleaning up cinder volume_snapshots objects
2019-06-16 19:24:03.419 1843 RALLYDEBUG rally_openstack.cleanup.manager [-] Cleaning up cinder transfers objects
2019-06-16 19:24:05.638 1843 RALLYDEBUG rally_openstack.cleanup.manager [-] Cleaning up cinder volumes objects
2019-06-16 19:24:07.959 1843 RALLYDEBUG rally_openstack.cleanup.manager [-] Deleting cinder.volumes object s_rally_ce6956bd_BcwT69pL (1da5058d-d467-47a1-9a95-6a0c76130aee)
2019-06-16 19:24:07.960 1843 RALLYDEBUG rally_openstack.cleanup.manager [-] Deleting cinder.volumes object s_rally_ce6956bd_hsqaHN1w (9c2033b0-f040-494e-94fc-067c7d21bcb6)
2019-06-16 19:24:07.960 1843 RALLYDEBUG rally_openstack.cleanup.manager [-] Deleting cinder.volumes object s_rally_ce6956bd_TuxtHixX (25c09ee8-504d-4483-a37b-6bf49c87a5cb)
2019-06-16 19:24:07.965 1843 RALLYDEBUG rally_openstack.cleanup.manager [-] Deleting cinder.volumes object s_rally_ce6956bd_CHzhLbM8 (c6f5d60b-6723-41cc-822d-cc4f0826965d)
2019-06-16 19:24:07.967 1843 RALLYDEBUG rally_openstack.cleanup.manager [-] Deleting cinder.volumes object s_rally_ce6956bd_2XMlyX7z (8f6e2941-ded8-4c48-94c2-b72e707284b3)
2019-06-16 19:24:07.970 1843 RALLYDEBUG rally_openstack.cleanup.manager [-] Deleting cinder.volumes object s_rally_ce6956bd_cVJpyXee (28106933-da73-4a85-9867-35444027ba5e)
2019-06-16 19:24:07.974 1843 RALLYDEBUG rally_openstack.cleanup.manager [-] Deleting cinder.volumes object s_rally_ce6956bd_NCCMhuzR (9646a3f1-286d-4d61-b0e6-9e9b9421d5cf)
2019-06-16 19:24:07.975 1843 RALLYDEBUG rally_openstack.cleanup.manager [-] Deleting cinder.volumes object s_rally_ce6956bd_8o1CKYKm (4bb7fe2c-795c-45df-9559-870ecfd9f2bf)
2019-06-16 19:24:07.983 1843 RALLYDEBUG rally_openstack.cleanup.manager [-] Deleting cinder.volumes object s_rally_ce6956bd_j4GNdASX (fcfbab4d-be16-43f6-b95b-7ee19ad8911c)
2019-06-16 19:24:08.007 1843 RALLYDEBUG rally_openstack.cleanup.manager [-] Deleting cinder.volumes object s_rally_ce6956bd_x70NSkiz (41cd3b55-3837-4a4f-a42f-8893f6b3c6a3)
2019-06-16 19:24:12.036 1843 INFO rally.task.context [-] Task 09a99569-eec3-4a39-b4ce-97611f981562 | Context cleanup@openstack cleanup() finished in 12.80 sec
2019-06-16 19:24:12.036 1843 INFO rally.task.context [-] Task 09a99569-eec3-4a39-b4ce-97611f981562 | Context quotas@openstack cleanup() started
2019-06-16 19:24:13.008 1843 INFO rally.task.context [-] Task 09a99569-eec3-4a39-b4ce-97611f981562 | Context quotas@openstack cleanup() finished in 0.97 sec
2019-06-16 19:24:13.009 1843 INFO rally.task.context [-] Task 09a99569-eec3-4a39-b4ce-97611f981562 | Context api_versions@openstack cleanup() started
2019-06-16 19:24:13.009 1843 INFO rally.task.context [-] Task 09a99569-eec3-4a39-b4ce-97611f981562 | Context api_versions@openstack cleanup() finished in 0.34 msec
2019-06-16 19:24:13.010 1843 INFO rally.task.context [-] Task 09a99569-eec3-4a39-b4ce-97611f981562 | Context users@openstack cleanup() started
2019-06-16 19:24:21.057 1843 INFO rally.task.context [-] Task 09a99569-eec3-4a39-b4ce-97611f981562 | Context users@openstack cleanup() finished in 8.05 sec
2019-06-16 19:24:22.308 1843 INFO rally.task.engine [-] Load duration is: 12.024453
2019-06-16 19:24:22.308 1843 INFO rally.task.engine [-] Full runner duration is: 12.076233
2019-06-16 19:24:22.308 1843 INFO rally.task.engine [-] Full duration is: 40.913907
2019-06-16 19:24:22.545 1843 INFO rally.task.engine [-] Running workload: position = 0 config = { "version": 2, "title": "A cropped version of a bigger task.", "description": "Auto-generated task from a single workload (uuid=e5f24519-3c05-458f-8af9-f08665a4bb6d)", "subtasks": [ { "title": "CinderVolumes.create_and_upload_volume_to_image", "description": "Create and upload a volume to image.", "scenario": { "CinderVolumes.create_and_upload_volume_to_image": { "container_format": "bare", "disk_format": "raw", "do_delete": true, "force": false, "size": 1 } }, "contexts": { "users": { "tenants": 3, "users_per_tenant": 2 }, "quotas": { "cinder": { "gigabytes": -1, "snapshots": -1, "volumes": -1 } }, "api_versions": { "cinder": { "version": 3, "service_type": "volumev3" } } }, "runner": { "constant": { "concurrency": 4, "times": 10 } }, "hooks": [], "sla": { "failure_rate": { "max": 0 } } } ] }
2019-06-16 19:24:22.569 1843 RALLYDEBUG rally_openstack.contexts.keystone.users [-] Creating 3 tenants using 20 threads
2019-06-16 19:24:24.454 1843 RALLYDEBUG rally_openstack.contexts.keystone.users [-] Creating 6 users using 20 threads
2019-06-16 19:24:27.327 1843 INFO rally.task.context [-] Task 09a99569-eec3-4a39-b4ce-97611f981562 | Context users@openstack setup() finished in 4.76 sec
2019-06-16 19:24:27.775 1843 INFO rally.task.context [-] Task 09a99569-eec3-4a39-b4ce-97611f981562 | Context api_versions@openstack setup() finished in 0.45 sec
2019-06-16 19:24:29.532 1843 INFO rally.task.context [-] Task 09a99569-eec3-4a39-b4ce-97611f981562 | Context quotas@openstack setup() finished in 1.76 sec
2019-06-16 19:24:29.533 1843 INFO rally.task.context [-] Task 09a99569-eec3-4a39-b4ce-97611f981562 | Context cleanup@openstack setup() finished in 0.00 msec
2019-06-16 19:24:29.540 1843 RALLYDEBUG rally.task.runner [-] Starting the constant runner (task UUID: 09a99569-eec3-4a39-b4ce-97611f981562). timeout: 0 concurrency: 4 concurrency_per_worker: 1 times: 10 concurrency_overhead: 0 processes_to_start: 4 max_cpu_used: 16
2019-06-16 19:24:29.554 2783 RALLYDEBUG rally.task.runner [-] Starting a worker. concurrency: 1 args: {"container_format": "bare", "disk_format": "raw", "do_delete": true, "force": false, "size": 1} times: 10 method_name: run timeout: 0 duration: None cls:
2019-06-16 19:24:29.557 2784 RALLYDEBUG rally.task.runner [-] Starting a worker. concurrency: 1 args: {"container_format": "bare", "disk_format": "raw", "do_delete": true, "force": false, "size": 1} times: 10 method_name: run timeout: 0 duration: None cls:
2019-06-16 19:24:29.559 2785 RALLYDEBUG rally.task.runner [-] Starting a worker. concurrency: 1 args: {"container_format": "bare", "disk_format": "raw", "do_delete": true, "force": false, "size": 1} times: 10 method_name: run timeout: 0 duration: None cls:
2019-06-16 19:24:29.562 2783 INFO rally.task.runner [-] Task 09a99569-eec3-4a39-b4ce-97611f981562 | ITER: 1 START
2019-06-16 19:24:29.562 2786 RALLYDEBUG rally.task.runner [-] Starting a worker. concurrency: 1 args: {"container_format": "bare", "disk_format": "raw", "do_delete": true, "force": false, "size": 1} times: 10 method_name: run timeout: 0 duration: None cls:
2019-06-16 19:24:29.565 2784 INFO rally.task.runner [-] Task 09a99569-eec3-4a39-b4ce-97611f981562 | ITER: 2 START
2019-06-16 19:24:29.566 2785 INFO rally.task.runner [-] Task 09a99569-eec3-4a39-b4ce-97611f981562 | ITER: 3 START
2019-06-16 19:24:29.570 2786 INFO rally.task.runner [-] Task 09a99569-eec3-4a39-b4ce-97611f981562 | ITER: 4 START
2019-06-16 19:24:35.277 2786 RALLYDEBUG rally.task.utils [-] Waiting for resource s_rally_e5f24519_ZC75ty1K. Status changed: AVAILABLE => UPLOADING in 0.304075956345
2019-06-16 19:24:35.390 2785 RALLYDEBUG rally.task.utils [-] Waiting for resource s_rally_e5f24519_gQaNMyfP. Status changed: AVAILABLE => UPLOADING in 0.321544885635
2019-06-16 19:24:35.477 2783 RALLYDEBUG rally.task.utils [-] Waiting for resource s_rally_e5f24519_6KrtiQ9i. Status changed: AVAILABLE => UPLOADING in 0.32605099678
2019-06-16 19:24:35.635 2784 RALLYDEBUG rally.task.utils [-] Waiting for resource s_rally_e5f24519_NgEtAjj5. Status changed: AVAILABLE => UPLOADING in 0.359782934189
2019-06-16 19:25:27.806 2786 RALLYDEBUG rally.task.utils [-] Waiting for resource s_rally_e5f24519_ZC75ty1K. Status changed: UPLOADING => AVAILABLE in 52.5292599201
2019-06-16 19:25:27.912 2783 RALLYDEBUG rally.task.utils [-] Waiting for resource s_rally_e5f24519_6KrtiQ9i. Status changed: UPLOADING => AVAILABLE in 52.4349110126
2019-06-16 19:25:28.229 2786 RALLYDEBUG rally.task.utils [-] Waiting for resource s_rally_e5f24519_ZC75ty1K. Status changed: AVAILABLE => DELETING in 0.0589530467987
2019-06-16 19:25:28.661 2784 RALLYDEBUG rally.task.utils [-] Waiting for resource s_rally_e5f24519_NgEtAjj5. Status changed: UPLOADING => AVAILABLE in 53.0264720917
2019-06-16 19:25:29.236 2785 RALLYDEBUG rally.task.utils [-] Waiting for resource s_rally_e5f24519_gQaNMyfP. Status changed: UPLOADING => AVAILABLE in 53.8457710743
2019-06-16 19:25:30.239 2783 INFO rally.task.runner [-] Task 09a99569-eec3-4a39-b4ce-97611f981562 | ITER: 1 END: OK
2019-06-16 19:25:30.247 2783 INFO rally.task.runner [-] Task 09a99569-eec3-4a39-b4ce-97611f981562 | ITER: 5 START
2019-06-16 19:25:30.389 2785 RALLYDEBUG rally.task.utils [-] Waiting for resource s_rally_e5f24519_gQaNMyfP. Status changed: AVAILABLE => DELETING in 0.0528230667114
2019-06-16 19:25:31.372 2786 INFO rally.task.runner [-] Task 09a99569-eec3-4a39-b4ce-97611f981562 | ITER: 4 END: OK
2019-06-16 19:25:31.378 2786 INFO rally.task.runner [-] Task 09a99569-eec3-4a39-b4ce-97611f981562 | ITER: 6 START
2019-06-16 19:25:31.424 2784 INFO rally.task.runner [-] Task 09a99569-eec3-4a39-b4ce-97611f981562 | ITER: 2 END: OK
2019-06-16 19:25:31.431 2784 INFO rally.task.runner [-] Task 09a99569-eec3-4a39-b4ce-97611f981562 | ITER: 7 START
2019-06-16 19:25:33.473 2785 INFO rally.task.runner [-] Task 09a99569-eec3-4a39-b4ce-97611f981562 | ITER: 3 END: OK
2019-06-16 19:25:33.479 2785 INFO rally.task.runner [-] Task 09a99569-eec3-4a39-b4ce-97611f981562 | ITER: 8 START
2019-06-16 19:25:36.199 2783 RALLYDEBUG rally.task.utils [-] Waiting for resource s_rally_e5f24519_6BtWV4xe. Status changed: AVAILABLE => UPLOADING in 0.341025829315
2019-06-16 19:25:36.772 2786 RALLYDEBUG rally.task.utils [-] Waiting for resource s_rally_e5f24519_0jD8xt0f. Status changed: AVAILABLE => UPLOADING in 0.25528883934
2019-06-16 19:25:36.954 2784 RALLYDEBUG rally.task.utils [-] Waiting for resource s_rally_e5f24519_NrF0Olga. Status changed: AVAILABLE => UPLOADING in 0.251272201538
2019-06-16 19:25:39.173 2785 RALLYDEBUG rally.task.utils [-] Waiting for resource s_rally_e5f24519_WSwya4mY. Status changed: AVAILABLE => UPLOADING in 0.323482990265
2019-06-16 19:26:25.510 2783 RALLYDEBUG rally.task.utils [-] Waiting for resource s_rally_e5f24519_6BtWV4xe. Status changed: UPLOADING => AVAILABLE in 49.3109440804
2019-06-16 19:26:26.369 2786 RALLYDEBUG rally.task.utils [-] Waiting for resource s_rally_e5f24519_0jD8xt0f. Status changed: UPLOADING => AVAILABLE in 49.5972139835
2019-06-16 19:26:26.566 2783 RALLYDEBUG rally.task.utils [-] Waiting for resource s_rally_e5f24519_6BtWV4xe. Status changed: AVAILABLE => DELETING in 0.0733861923218
2019-06-16 19:26:27.319 2784 RALLYDEBUG rally.task.utils [-] Waiting for resource s_rally_e5f24519_NrF0Olga. Status changed: UPLOADING => AVAILABLE in 50.3647558689
