2019-06-16 19:37:55.077 1843 RALLYDEBUG rally_openstack.cleanup.manager [-] Cleaning up cinder backups objects
2019-06-16 19:37:57.225 1843 RALLYDEBUG rally_openstack.cleanup.manager [-] Cleaning up cinder volume_snapshots objects
2019-06-16 19:37:59.397 1843 RALLYDEBUG rally_openstack.cleanup.manager [-] Cleaning up cinder transfers objects
2019-06-16 19:38:01.593 1843 RALLYDEBUG rally_openstack.cleanup.manager [-] Cleaning up cinder volumes objects
2019-06-16 19:38:03.850 1843 INFO rally.task.context [-] Task 09a99569-eec3-4a39-b4ce-97611f981562 | Context cleanup@openstack cleanup() finished in 8.78 sec
2019-06-16 19:38:03.851 1843 INFO rally.task.context [-] Task 09a99569-eec3-4a39-b4ce-97611f981562 | Context quotas@openstack cleanup() started
2019-06-16 19:38:04.515 1843 INFO rally.task.context [-] Task 09a99569-eec3-4a39-b4ce-97611f981562 | Context quotas@openstack cleanup() finished in 0.66 sec
2019-06-16 19:38:04.516 1843 INFO rally.task.context [-] Task 09a99569-eec3-4a39-b4ce-97611f981562 | Context api_versions@openstack cleanup() started
2019-06-16 19:38:04.516 1843 INFO rally.task.context [-] Task 09a99569-eec3-4a39-b4ce-97611f981562 | Context api_versions@openstack cleanup() finished in 0.34 msec
2019-06-16 19:38:04.517 1843 INFO rally.task.context [-] Task 09a99569-eec3-4a39-b4ce-97611f981562 | Context users@openstack cleanup() started
2019-06-16 19:38:12.636 1843 INFO rally.task.context [-] Task 09a99569-eec3-4a39-b4ce-97611f981562 | Context users@openstack cleanup() finished in 8.12 sec
2019-06-16 19:38:14.017 1843 INFO rally.task.engine [-] Load duration is: 53.415265
2019-06-16 19:38:14.017 1843 INFO rally.task.engine [-] Full runner duration is: 53.464128
2019-06-16 19:38:14.018 1843 INFO rally.task.engine [-] Full duration is: 78.947663
2019-06-16 19:38:14.195 1843 INFO rally.task.engine [-] Running workload: position = 2 config = { "version": 2, "title": "A cropped version of a bigger task.", "description": "Auto-generated task from a single workload (uuid=4d504ac1-f004-4f94-974b-61664aa7d26f)", "subtasks": [ { "title": "CinderVolumes.create_and_delete_volume", "description": "Create and then delete a volume.", "scenario": { "CinderVolumes.create_and_delete_volume": { "size": 1 } }, "contexts": { "users": { "tenants": 3, "users_per_tenant": 2 }, "quotas": { "cinder": { "gigabytes": -1, "snapshots": -1, "volumes": -1 } }, "api_versions": { "cinder": { "version": 3, "service_type": "volumev3" } } }, "runner": { "constant": { "concurrency": 4, "times": 10 } }, "hooks": [], "sla": { "failure_rate": { "max": 0 } } } ] }
2019-06-16 19:38:14.219 1843 RALLYDEBUG rally_openstack.contexts.keystone.users [-] Creating 3 tenants using 20 threads
2019-06-16 19:38:16.135 1843 RALLYDEBUG rally_openstack.contexts.keystone.users [-] Creating 6 users using 20 threads
2019-06-16 19:38:18.963 1843 INFO rally.task.context [-] Task 09a99569-eec3-4a39-b4ce-97611f981562 | Context users@openstack setup() finished in 4.74 sec
2019-06-16 19:38:19.396 1843 INFO rally.task.context [-] Task 09a99569-eec3-4a39-b4ce-97611f981562 | Context api_versions@openstack setup() finished in 0.43 sec
2019-06-16 19:38:21.086 1843 INFO rally.task.context [-] Task 09a99569-eec3-4a39-b4ce-97611f981562 | Context quotas@openstack setup() finished in 1.69 sec
2019-06-16 19:38:21.086 1843 INFO rally.task.context [-] Task 09a99569-eec3-4a39-b4ce-97611f981562 | Context cleanup@openstack setup() finished in 0.01 msec
2019-06-16 19:38:21.094 1843 RALLYDEBUG rally.task.runner [-] Starting the constant runner (task UUID: 09a99569-eec3-4a39-b4ce-97611f981562). timeout: 0 concurrency: 4 concurrency_per_worker: 1 times: 10 concurrency_overhead: 0 processes_to_start: 4 max_cpu_used: 16
2019-06-16 19:38:21.104 4539 RALLYDEBUG rally.task.runner [-] Starting a worker. concurrency: 1 args: {"size": 1} times: 10 method_name: run timeout: 0 duration: None cls:
2019-06-16 19:38:21.109 4539 INFO rally.task.runner [-] Task 09a99569-eec3-4a39-b4ce-97611f981562 | ITER: 1 START
2019-06-16 19:38:21.110 4540 RALLYDEBUG rally.task.runner [-] Starting a worker. concurrency: 1 args: {"size": 1} times: 10 method_name: run timeout: 0 duration: None cls:
2019-06-16 19:38:21.113 4541 RALLYDEBUG rally.task.runner [-] Starting a worker. concurrency: 1 args: {"size": 1} times: 10 method_name: run timeout: 0 duration: None cls:
2019-06-16 19:38:21.116 4544 RALLYDEBUG rally.task.runner [-] Starting a worker. concurrency: 1 args: {"size": 1} times: 10 method_name: run timeout: 0 duration: None cls:
2019-06-16 19:38:21.118 4540 INFO rally.task.runner [-] Task 09a99569-eec3-4a39-b4ce-97611f981562 | ITER: 2 START
2019-06-16 19:38:21.119 4541 INFO rally.task.runner [-] Task 09a99569-eec3-4a39-b4ce-97611f981562 | ITER: 3 START
2019-06-16 19:38:21.123 4544 INFO rally.task.runner [-] Task 09a99569-eec3-4a39-b4ce-97611f981562 | ITER: 4 START
2019-06-16 19:38:25.212 4541 INFO rally.task.runner [-] Task 09a99569-eec3-4a39-b4ce-97611f981562 | ITER: 3 END: OK
2019-06-16 19:38:25.218 4541 INFO rally.task.runner [-] Task 09a99569-eec3-4a39-b4ce-97611f981562 | ITER: 5 START
2019-06-16 19:38:25.403 4539 RALLYDEBUG rally.task.utils [-] Waiting for resource s_rally_4d504ac1_y4zcMfiu. Status changed: AVAILABLE => DELETING in 0.34388589859
2019-06-16 19:38:25.661 4540 RALLYDEBUG rally.task.utils [-] Waiting for resource s_rally_4d504ac1_YlZgxOqa. Status changed: AVAILABLE => DELETING in 0.344799041748
2019-06-16 19:38:25.785 4544 RALLYDEBUG rally.task.utils [-] Waiting for resource s_rally_4d504ac1_YGymUzRh. Status changed: AVAILABLE => DELETING in 0.349265098572
2019-06-16 19:38:27.638 4539 INFO rally.task.runner [-] Task 09a99569-eec3-4a39-b4ce-97611f981562 | ITER: 1 END: OK
2019-06-16 19:38:27.644 4539 INFO rally.task.runner [-] Task 09a99569-eec3-4a39-b4ce-97611f981562 | ITER: 6 START
2019-06-16 19:38:27.959 4540 INFO rally.task.runner [-] Task 09a99569-eec3-4a39-b4ce-97611f981562 | ITER: 2 END: OK
2019-06-16 19:38:27.964 4540 INFO rally.task.runner [-] Task 09a99569-eec3-4a39-b4ce-97611f981562 | ITER: 7 START
2019-06-16 19:38:28.014 4544 INFO rally.task.runner [-] Task 09a99569-eec3-4a39-b4ce-97611f981562 | ITER: 4 END: OK
2019-06-16 19:38:28.019 4544 INFO rally.task.runner [-] Task 09a99569-eec3-4a39-b4ce-97611f981562 | ITER: 8 START
2019-06-16 19:38:29.738 4541 INFO rally.task.runner [-] Task 09a99569-eec3-4a39-b4ce-97611f981562 | ITER: 5 END: OK
2019-06-16 19:38:29.743 4541 INFO rally.task.runner [-] Task 09a99569-eec3-4a39-b4ce-97611f981562 | ITER: 9 START
2019-06-16 19:38:31.952 4544 RALLYDEBUG rally.task.utils [-] Waiting for resource s_rally_4d504ac1_uJr4AOh0. Status changed: AVAILABLE => DELETING in 0.0550758838654
2019-06-16 19:38:32.168 4539 INFO rally.task.runner [-] Task 09a99569-eec3-4a39-b4ce-97611f981562 | ITER: 6 END: OK
2019-06-16 19:38:32.173 4539 INFO rally.task.runner [-] Task 09a99569-eec3-4a39-b4ce-97611f981562 | ITER: 10 START
2019-06-16 19:38:32.240 4540 RALLYDEBUG rally.task.utils [-] Waiting for resource s_rally_4d504ac1_NJ66sRla. Status changed: AVAILABLE => DELETING in 0.26606798172
2019-06-16 19:38:33.645 4541 INFO rally.task.runner [-] Task 09a99569-eec3-4a39-b4ce-97611f981562 | ITER: 9 END: OK
2019-06-16 19:38:34.257 4544 INFO rally.task.runner [-] Task 09a99569-eec3-4a39-b4ce-97611f981562 | ITER: 8 END: OK
2019-06-16 19:38:34.571 4540 INFO rally.task.runner [-] Task 09a99569-eec3-4a39-b4ce-97611f981562 | ITER: 7 END: OK
2019-06-16 19:38:36.124 4539 INFO rally.task.runner [-] Task 09a99569-eec3-4a39-b4ce-97611f981562 | ITER: 10 END: OK
2019-06-16 19:38:36.150 1843 INFO rally.task.context [-] Task 09a99569-eec3-4a39-b4ce-97611f981562 | Context cleanup@openstack cleanup() started
2019-06-16 19:38:36.153 1843 RALLYDEBUG rally_openstack.cleanup.manager [-] Cleaning up cinder backups objects
2019-06-16 19:38:38.272 1843 RALLYDEBUG rally_openstack.cleanup.manager [-] Cleaning up cinder volume_snapshots objects
2019-06-16 19:38:40.449 1843 RALLYDEBUG rally_openstack.cleanup.manager [-] Cleaning up cinder transfers objects
2019-06-16 19:38:42.492 1843 RALLYDEBUG rally_openstack.cleanup.manager [-] Cleaning up cinder volumes objects
2019-06-16 19:38:44.556 1843 INFO rally.task.context [-] Task 09a99569-eec3-4a39-b4ce-97611f981562 | Context cleanup@openstack cleanup() finished in 8.41 sec
2019-06-16 19:38:44.556 1843 INFO rally.task.context [-] Task 09a99569-eec3-4a39-b4ce-97611f981562 | Context quotas@openstack cleanup() started
2019-06-16 19:38:45.540 1843 INFO rally.task.context [-] Task 09a99569-eec3-4a39-b4ce-97611f981562 | Context quotas@openstack cleanup() finished in 0.98 sec
2019-06-16 19:38:45.540 1843 INFO rally.task.context [-] Task 09a99569-eec3-4a39-b4ce-97611f981562 | Context api_versions@openstack cleanup() started
2019-06-16 19:38:45.540 1843 INFO rally.task.context [-] Task 09a99569-eec3-4a39-b4ce-97611f981562 | Context api_versions@openstack cleanup() finished in 0.30 msec
2019-06-16 19:38:45.541 1843 INFO rally.task.context [-] Task 09a99569-eec3-4a39-b4ce-97611f981562 | Context users@openstack cleanup() started
2019-06-16 19:38:53.391 1843 INFO rally.task.context [-] Task 09a99569-eec3-4a39-b4ce-97611f981562 | Context users@openstack cleanup() finished in 7.85 sec
2019-06-16 19:38:54.392 1843 INFO rally.task.engine [-] Load duration is: 15.01125
2019-06-16 19:38:54.393 1843 INFO rally.task.engine [-] Full runner duration is: 15.056851
2019-06-16 19:38:54.393 1843 INFO rally.task.engine [-] Full duration is: 39.174482
2019-06-16 19:38:54.626 1843 INFO rally.task.engine [-] Running workload: position = 0 config = { "version": 2, "title": "A cropped version of a bigger task.", "description": "Auto-generated task from a single workload (uuid=1396b5f5-7a0d-4640-acfc-0ed8bda71bde)", "subtasks": [ { "title": "CinderVolumes.create_and_extend_volume", "description": "Create and extend a volume and then delete it.", "scenario": { "CinderVolumes.create_and_extend_volume": { "new_size": 2, "size": 1 } }, "contexts": { "users": { "tenants": 3, "users_per_tenant": 2 }, "quotas": { "cinder": { "gigabytes": -1, "snapshots": -1, "volumes": -1 } }, "api_versions": { "cinder": { "version": 3, "service_type": "volumev3" } } }, "runner": { "constant": { "concurrency": 4, "times": 10 } }, "hooks": [], "sla": { "failure_rate": { "max": 0 } } } ] }
2019-06-16 19:38:54.648 1843 RALLYDEBUG rally_openstack.contexts.keystone.users [-] Creating 3 tenants using 20 threads
2019-06-16 19:38:56.488 1843 RALLYDEBUG rally_openstack.contexts.keystone.users [-] Creating 6 users using 20 threads
2019-06-16 19:38:59.281 1843 INFO rally.task.context [-] Task 09a99569-eec3-4a39-b4ce-97611f981562 | Context users@openstack setup() finished in 4.63 sec
2019-06-16 19:38:59.809 1843 INFO rally.task.context [-] Task 09a99569-eec3-4a39-b4ce-97611f981562 | Context api_versions@openstack setup() finished in 0.53 sec
2019-06-16 19:39:01.476 1843 INFO rally.task.context [-] Task 09a99569-eec3-4a39-b4ce-97611f981562 | Context quotas@openstack setup() finished in 1.67 sec
2019-06-16 19:39:01.477 1843 INFO rally.task.context [-] Task 09a99569-eec3-4a39-b4ce-97611f981562 | Context cleanup@openstack setup() finished in 0.01 msec
2019-06-16 19:39:01.484 1843 RALLYDEBUG rally.task.runner [-] Starting the constant runner (task UUID: 09a99569-eec3-4a39-b4ce-97611f981562). timeout: 0 concurrency: 4 concurrency_per_worker: 1 times: 10 concurrency_overhead: 0 processes_to_start: 4 max_cpu_used: 16
2019-06-16 19:39:01.494 4723 RALLYDEBUG rally.task.runner [-] Starting a worker. concurrency: 1 args: {"new_size": 2, "size": 1} times: 10 method_name: run timeout: 0 duration: None cls:
2019-06-16 19:39:01.500 4723 INFO rally.task.runner [-] Task 09a99569-eec3-4a39-b4ce-97611f981562 | ITER: 1 START
2019-06-16 19:39:01.501 4724 RALLYDEBUG rally.task.runner [-] Starting a worker. concurrency: 1 args: {"new_size": 2, "size": 1} times: 10 method_name: run timeout: 0 duration: None cls:
2019-06-16 19:39:01.503 4727 RALLYDEBUG rally.task.runner [-] Starting a worker. concurrency: 1 args: {"new_size": 2, "size": 1} times: 10 method_name: run timeout: 0 duration: None cls:
2019-06-16 19:39:01.503 4725 RALLYDEBUG rally.task.runner [-] Starting a worker. concurrency: 1 args: {"new_size": 2, "size": 1} times: 10 method_name: run timeout: 0 duration: None cls:
2019-06-16 19:39:01.507 4727 INFO rally.task.runner [-] Task 09a99569-eec3-4a39-b4ce-97611f981562 | ITER: 3 START
2019-06-16 19:39:01.509 4724 INFO rally.task.runner [-] Task 09a99569-eec3-4a39-b4ce-97611f981562 | ITER: 2 START
2019-06-16 19:39:01.511 4725 INFO rally.task.runner [-] Task 09a99569-eec3-4a39-b4ce-97611f981562 | ITER: 4 START
2019-06-16 19:39:05.839 4727 RALLYDEBUG rally.task.utils [-] Waiting for resource s_rally_1396b5f5_qzN0rmPI. Status changed: AVAILABLE => EXTENDING in 0.0603461265564
2019-06-16 19:39:05.859 4723 RALLYDEBUG rally.task.utils [-] Waiting for resource s_rally_1396b5f5_st1pLZqz. Status changed: AVAILABLE => EXTENDING in 0.0574939250946
2019-06-16 19:39:06.764 4725 RALLYDEBUG rally.task.utils [-] Waiting for resource s_rally_1396b5f5_alpb78UM. Status changed: AVAILABLE => DELETING in 0.27342915535
2019-06-16 19:39:06.916 4724 RALLYDEBUG rally.task.utils [-] Waiting for resource s_rally_1396b5f5_SIxDktrH. Status changed: AVAILABLE => DELETING in 0.345278978348
2019-06-16 19:39:08.171 4727 RALLYDEBUG rally.task.utils [-] Waiting for resource s_rally_1396b5f5_qzN0rmPI. Status changed: EXTENDING => AVAILABLE in 2.33232688904
2019-06-16 19:39:08.189 4723 RALLYDEBUG rally.task.utils [-] Waiting for resource s_rally_1396b5f5_st1pLZqz. Status changed: EXTENDING => AVAILABLE in 2.33018922806
2019-06-16 19:39:08.597 4723 RALLYDEBUG rally.task.utils [-] Waiting for resource s_rally_1396b5f5_st1pLZqz. Status changed: AVAILABLE => DELETING in 0.0537478923798
2019-06-16 19:39:08.755 4727 INFO rally.task.runner [-] Task 09a99569-eec3-4a39-b4ce-97611f981562 | ITER: 3 END: OK
2019-06-16 19:39:08.759 4727 INFO rally.task.runner [-] Task 09a99569-eec3-4a39-b4ce-97611f981562 | ITER: 5 START
2019-06-16 19:39:08.959 4724 INFO rally.task.runner [-] Task 09a99569-eec3-4a39-b4ce-97611f981562 | ITER: 2 END: OK
2019-06-16 19:39:08.962 4724 INFO rally.task.runner [-] Task 09a99569-eec3-4a39-b4ce-97611f981562 | ITER: 6 START
2019-06-16 19:39:09.002 4725 INFO rally.task.runner [-] Task 09a99569-eec3-4a39-b4ce-97611f981562 | ITER: 4 END: OK
2019-06-16 19:39:09.007 4725 INFO rally.task.runner [-] Task 09a99569-eec3-4a39-b4ce-97611f981562 | ITER: 7 START
2019-06-16 19:39:10.831 4723 INFO rally.task.runner [-] Task 09a99569-eec3-4a39-b4ce-97611f981562 | ITER: 1 END: OK
2019-06-16 19:39:10.836 4723 INFO rally.task.runner [-] Task 09a99569-eec3-4a39-b4ce-97611f981562 | ITER: 8 START
2019-06-16 19:39:13.936 4727 RALLYDEBUG rally.task.utils [-] Waiting for resource s_rally_1396b5f5_bxkHVAnA. Status changed: AVAILABLE => DELETING in 0.267590045929
2019-06-16 19:39:14.010 4724 INFO rally.task.runner [-] Task 09a99569-eec3-4a39-b4ce-97611f981562 | ITER: 6 END: OK
2019-06-16 19:39:14.015 4724 INFO rally.task.runner [-] Task 09a99569-eec3-4a39-b4ce-97611f981562 | ITER: 9 START
2019-06-16 19:39:14.285 4725 RALLYDEBUG rally.task.utils [-] Waiting for resource s_rally_1396b5f5_PWYfrpLg. Status changed: AVAILABLE => DELETING in 0.341034889221
2019-06-16 19:39:15.691 4723 INFO rally.task.runner [-] Task 09a99569-eec3-4a39-b4ce-97611f981562 | ITER: 8 END: OK
2019-06-16 19:39:15.696 4723 INFO rally.task.runner [-] Task 09a99569-eec3-4a39-b4ce-97611f981562 | ITER: 10 START
2019-06-16 19:39:16.248 4727 INFO rally.task.runner [-] Task 09a99569-eec3-4a39-b4ce-97611f981562 | ITER: 5 END: OK
2019-06-16 19:39:16.519 4725 INFO rally.task.runner [-] Task 09a99569-eec3-4a39-b4ce-97611f981562 | ITER: 7 END: OK
2019-06-16 19:39:18.707 4724 RALLYDEBUG rally.task.utils [-] Waiting for resource s_rally_1396b5f5_zqCcni2P. Status changed: AVAILABLE => DELETING in 0.0557718276978
2019-06-16 19:39:20.424 4723 INFO rally.task.runner [-] Task 09a99569-eec3-4a39-b4ce-97611f981562 | ITER: 10 END: OK
2019-06-16 19:39:20.943 4724 INFO rally.task.runner [-] Task 09a99569-eec3-4a39-b4ce-97611f981562 | ITER: 9 END: OK
2019-06-16 19:39:20.967 1843 INFO rally.task.context [-] Task 09a99569-eec3-4a39-b4ce-97611f981562 | Context cleanup@openstack cleanup() started
2019-06-16 19:39:20.969 1843 RALLYDEBUG rally_openstack.cleanup.manager [-] Cleaning up cinder backups objects
2019-06-16 19:39:23.109 1843 RALLYDEBUG rally_openstack.cleanup.manager [-] Cleaning up cinder volume_snapshots objects
2019-06-16 19:39:25.223 1843 RALLYDEBUG rally_openstack.cleanup.manager [-] Cleaning up cinder transfers objects
2019-06-16 19:39:27.259 1843 RALLYDEBUG rally_openstack.cleanup.manager [-] Cleaning up cinder volumes objects
2019-06-16 19:39:29.503 1843 INFO rally.task.context [-] Task 09a99569-eec3-4a39-b4ce-97611f981562 | Context cleanup@openstack cleanup() finished in 8.54 sec
2019-06-16 19:39:29.503 1843 INFO rally.task.context [-] Task 09a99569-eec3-4a39-b4ce-97611f981562 | Context quotas@openstack cleanup() started
2019-06-16 19:39:30.456 1843 INFO rally.task.context [-] Task 09a99569-eec3-4a39-b4ce-97611f981562 | Context quotas@openstack cleanup() finished in 0.95 sec
2019-06-16 19:39:30.456 1843 INFO rally.task.context [-] Task 09a99569-eec3-4a39-b4ce-97611f981562 | Context api_versions@openstack cleanup() started
2019-06-16 19:39:30.457 1843 INFO rally.task.context [-] Task 09a99569-eec3-4a39-b4ce-97611f981562 | Context api_versions@openstack cleanup() finished in 0.33 msec
2019-06-16 19:39:30.457 1843 INFO rally.task.context [-] Task 09a99569-eec3-4a39-b4ce-97611f981562 | Context users@openstack cleanup() started
2019-06-16 19:39:38.541 1843 INFO rally.task.context [-] Task 09a99569-eec3-4a39-b4ce-97611f981562 | Context users@openstack cleanup() finished in 8.08 sec
2019-06-16 19:39:38.830 1843 INFO rally.task.engine [-] Load duration is: 19.438231
2019-06-16 19:39:38.831 1843 INFO rally.task.engine [-] Full runner duration is: 19.483312
2019-06-16 19:39:38.831 1843 INFO rally.task.engine [-] Full duration is: 43.89524
2019-06-16 19:39:39.094 1843 INFO rally.task.engine [-] Running workload: position = 0 config = { "version": 2, "title": "A cropped version of a bigger task.", "description": "Auto-generated task from a single workload (uuid=5fcf92dc-21e1-49ef-9a31-1b69deb5f36b)", "subtasks": [ { "title": "CinderVolumes.create_from_volume_and_delete_volume", "description": "Create volume from volume and then delete it.", "scenario": { "CinderVolumes.create_from_volume_and_delete_volume": { "size": 1 } }, "contexts": { "users": { "tenants": 3, "users_per_tenant": 2 }, "quotas": { "cinder": { "gigabytes": -1, "snapshots": -1, "volumes": -1 } }, "api_versions": { "cinder": { "version": 3, "service_type": "volumev3" } }, "volumes": { "size": 1, "volumes_per_tenant": 1 } }, "runner": { "constant": { "concurrency": 4, "times": 10 } }, "hooks": [], "sla": { "failure_rate": { "max": 0 } } } ] }
2019-06-16 19:39:39.119 1843 RALLYDEBUG rally_openstack.contexts.keystone.users [-] Creating 3 tenants using 20 threads
2019-06-16 19:39:40.889 1843 RALLYDEBUG rally_openstack.contexts.keystone.users [-] Creating 6 users using 20 threads
2019-06-16 19:39:43.689 1843 INFO rally.task.context [-] Task 09a99569-eec3-4a39-b4ce-97611f981562 | Context users@openstack setup() finished in 4.57 sec
2019-06-16 19:39:44.110 1843 INFO rally.task.context [-] Task 09a99569-eec3-4a39-b4ce-97611f981562 | Context api_versions@openstack setup() finished in 0.42 sec
2019-06-16 19:39:45.764 1843 INFO rally.task.context [-] Task 09a99569-eec3-4a39-b4ce-97611f981562 | Context quotas@openstack setup() finished in 1.65 sec
2019-06-16 19:39:56.831 1843 INFO rally.task.context [-] Task 09a99569-eec3-4a39-b4ce-97611f981562 | Context volumes@openstack setup() finished in 11.07 sec
2019-06-16 19:39:56.832 1843 INFO rally.task.context [-] Task 09a99569-eec3-4a39-b4ce-97611f981562 | Context cleanup@openstack setup() finished in 0.00 msec
2019-06-16 19:39:56.839 1843 RALLYDEBUG rally.task.runner [-] Starting the constant runner (task UUID: 09a99569-eec3-4a39-b4ce-97611f981562). timeout: 0 concurrency: 4 concurrency_per_worker: 1 times: 10 concurrency_overhead: 0 processes_to_start: 4 max_cpu_used: 16
2019-06-16 19:39:56.851 4907 RALLYDEBUG rally.task.runner [-] Starting a worker. concurrency: 1 args: {"size": 1} times: 10 method_name: run timeout: 0 duration: None cls:
2019-06-16 19:39:56.854 4908 RALLYDEBUG rally.task.runner [-] Starting a worker. concurrency: 1 args: {"size": 1} times: 10 method_name: run timeout: 0 duration: None cls:
2019-06-16 19:39:56.856 4909 RALLYDEBUG rally.task.runner [-] Starting a worker. concurrency: 1 args: {"size": 1} times: 10 method_name: run timeout: 0 duration: None cls:
2019-06-16 19:39:56.863 4907 INFO rally.task.runner [-] Task 09a99569-eec3-4a39-b4ce-97611f981562 | ITER: 1 START
2019-06-16 19:39:56.865 4909 INFO rally.task.runner [-] Task 09a99569-eec3-4a39-b4ce-97611f981562 | ITER: 3 START
2019-06-16 19:39:56.866 4908 INFO rally.task.runner [-] Task 09a99569-eec3-4a39-b4ce-97611f981562 | ITER: 2 START
2019-06-16 19:39:56.862 4910 RALLYDEBUG rally.task.runner [-] Starting a worker. concurrency: 1 args: {"size": 1} times: 10 method_name: run timeout: 0 duration: None cls:
2019-06-16 19:39:56.874 4910 INFO rally.task.runner [-] Task 09a99569-eec3-4a39-b4ce-97611f981562 | ITER: 4 START
2019-06-16 19:40:00.652 4909 RALLYDEBUG rally.task.utils [-] Waiting for resource s_rally_5fcf92dc_TdxQwZKp. Status changed: CREATING => AVAILABLE in 0.676208972931
2019-06-16 19:40:01.083 4909 RALLYDEBUG rally.task.utils [-] Waiting for resource s_rally_5fcf92dc_TdxQwZKp. Status changed: AVAILABLE => DELETING in 0.0602300167084
2019-06-16 19:40:01.315 4910 RALLYDEBUG rally.task.utils [-] Waiting for resource s_rally_5fcf92dc_AaU4rLOf. Status changed: AVAILABLE => DELETING in 0.333594799042
2019-06-16 19:40:02.791 4907 RALLYDEBUG rally.task.utils [-] Waiting for resource s_rally_5fcf92dc_ZF7ZlpKt. Status changed: CREATING => AVAILABLE in 2.83921599388
2019-06-16 19:40:02.815 4908 RALLYDEBUG rally.task.utils [-] Waiting for resource s_rally_5fcf92dc_6S1kPug9. Status changed: CREATING => AVAILABLE in 2.73073983192
2019-06-16 19:40:03.447 4907 RALLYDEBUG rally.task.utils [-] Waiting for resource s_rally_5fcf92dc_ZF7ZlpKt. Status changed: AVAILABLE => DELETING in 0.351917028427
2019-06-16 19:40:03.533 4908 RALLYDEBUG rally.task.utils [-] Waiting for resource s_rally_5fcf92dc_6S1kPug9. Status changed: AVAILABLE => DELETING in 0.342284917831
2019-06-16 19:40:07.889 4909 INFO rally.task.runner [-] Task 09a99569-eec3-4a39-b4ce-97611f981562 | ITER: 3 END: OK
2019-06-16 19:40:07.894 4909 INFO rally.task.runner [-] Task 09a99569-eec3-4a39-b4ce-97611f981562 | ITER: 5 START
2019-06-16 19:40:08.010 4907 INFO rally.task.runner [-] Task 09a99569-eec3-4a39-b4ce-97611f981562 | ITER: 1 END: OK
2019-06-16 19:40:08.014 4907 INFO rally.task.runner [-] Task 09a99569-eec3-4a39-b4ce-97611f981562 | ITER: 6 START
2019-06-16 19:40:08.213 4908 INFO rally.task.runner [-] Task 09a99569-eec3-4a39-b4ce-97611f981562 | ITER: 2 END: OK
2019-06-16 19:40:08.219 4908 INFO rally.task.runner [-] Task 09a99569-eec3-4a39-b4ce-97611f981562 | ITER: 7 START
2019-06-16 19:40:08.237 4910 INFO rally.task.runner [-] Task 09a99569-eec3-4a39-b4ce-97611f981562 | ITER: 4 END: OK
2019-06-16 19:40:08.242 4910 INFO rally.task.runner [-] Task 09a99569-eec3-4a39-b4ce-97611f981562 | ITER: 8 START
2019-06-16 19:40:12.053 4908 RALLYDEBUG rally.task.utils [-] Waiting for resource s_rally_5fcf92dc_Cfh1ZWpV. Status changed: CREATING => AVAILABLE in 0.623365163803
2019-06-16 19:40:12.206 4909 RALLYDEBUG rally.task.utils [-] Waiting for resource s_rally_5fcf92dc_OoPTTyQ7. Status changed: AVAILABLE => DELETING in 0.338546991348
2019-06-16 19:40:12.637 4908 RALLYDEBUG rally.task.utils [-] Waiting for resource s_rally_5fcf92dc_Cfh1ZWpV. Status changed: AVAILABLE => DELETING in 0.32722902298
2019-06-16 19:40:13.996 4907 RALLYDEBUG rally.task.utils [-] Waiting for resource s_rally_5fcf92dc_BR8wMEpI. Status changed: CREATING => AVAILABLE in 2.86054086685
2019-06-16 19:40:14.600 4907 RALLYDEBUG rally.task.utils [-] Waiting for resource s_rally_5fcf92dc_BR8wMEpI. Status changed: AVAILABLE => DELETING in 0.332232952118
2019-06-16 19:40:16.361 4910 RALLYDEBUG rally.task.utils [-] Waiting for resource s_rally_5fcf92dc_uuaPqHYr. Status changed: CREATING => AVAILABLE in 5.01311516762
2019-06-16 19:40:16.637 4907 INFO rally.task.runner [-] Task 09a99569-eec3-4a39-b4ce-97611f981562 | ITER: 6 END: OK
2019-06-16 19:40:16.643 4907 INFO rally.task.runner [-] Task 09a99569-eec3-4a39-b4ce-97611f981562 | ITER: 9 START
2019-06-16 19:40:16.718 4910 RALLYDEBUG rally.task.utils [-] Waiting for resource s_rally_5fcf92dc_uuaPqHYr. Status changed: AVAILABLE => DELETING in 0.257849931717
2019-06-16 19:40:16.750 4908 INFO rally.task.runner [-] Task 09a99569-eec3-4a39-b4ce-97611f981562 | ITER: 7 END: OK
2019-06-16 19:40:16.759 4908 INFO rally.task.runner [-] Task 09a99569-eec3-4a39-b4ce-97611f981562 | ITER: 10 START
2019-06-16 19:40:16.798 4909 INFO rally.task.runner [-] Task 09a99569-eec3-4a39-b4ce-97611f981562 | ITER: 5 END: OK
2019-06-16 19:40:19.043 4910 INFO rally.task.runner [-] Task 09a99569-eec3-4a39-b4ce-97611f981562 | ITER: 8 END: OK
2019-06-16 19:40:21.127 4907 RALLYDEBUG rally.task.utils [-] Waiting for resource s_rally_5fcf92dc_DJLVUxtm. Status changed: AVAILABLE => DELETING in 0.343535900116
2019-06-16 19:40:21.202 4908 RALLYDEBUG rally.task.utils [-] Waiting for resource s_rally_5fcf92dc_PJLwHHX9. Status changed: AVAILABLE => DELETING in 0.335695981979
2019-06-16 19:40:23.429 4908 INFO rally.task.runner [-] Task 09a99569-eec3-4a39-b4ce-97611f981562 | ITER: 10 END: OK
2019-06-16 19:40:23.442 4907 INFO rally.task.runner [-] Task 09a99569-eec3-4a39-b4ce-97611f981562 | ITER: 9 END: OK
2019-06-16 19:40:23.467 1843 INFO rally.task.context [-] Task 09a99569-eec3-4a39-b4ce-97611f981562 | Context cleanup@openstack cleanup() started
2019-06-16 19:40:23.469 1843 RALLYDEBUG rally_openstack.cleanup.manager [-] Cleaning up cinder backups objects
2019-06-16 19:40:25.640 1843 RALLYDEBUG rally_openstack.cleanup.manager [-] Cleaning up cinder volume_snapshots objects
2019-06-16 19:40:27.777 1843 RALLYDEBUG rally_openstack.cleanup.manager [-] Cleaning up cinder transfers objects
2019-06-16 19:40:30.117 1843 RALLYDEBUG rally_openstack.cleanup.manager [-] Cleaning up cinder volumes objects
2019-06-16 19:40:32.374 1843 INFO rally.task.context [-] Task 09a99569-eec3-4a39-b4ce-97611f981562 | Context cleanup@openstack cleanup() finished in 8.91 sec
2019-06-16 19:40:32.375 1843 INFO rally.task.context [-] Task 09a99569-eec3-4a39-b4ce-97611f981562 | Context volumes@openstack cleanup() started
2019-06-16 19:40:32.376 1843 RALLYDEBUG rally_openstack.cleanup.manager [-] Cleaning up cinder volumes objects
2019-06-16 19:40:34.594 1843 RALLYDEBUG rally_openstack.cleanup.manager [-] Deleting cinder.volumes object c_rally_5fcf92dc_rBnoc50H (3e991a4a-ca7f-4204-93ef-eb3ac49d3b6e)
2019-06-16 19:40:34.595 1843 RALLYDEBUG rally_openstack.cleanup.manager [-] Deleting cinder.volumes object c_rally_5fcf92dc_1oRUyyFb (26a7d874-91df-40f6-800a-44df491ade9b)
2019-06-16 19:40:34.606 1843 RALLYDEBUG rally_openstack.cleanup.manager [-] Deleting cinder.volumes object c_rally_5fcf92dc_mgYPcvMf (69b64f06-cd55-4d48-8d1c-ef01d2aac638)
2019-06-16 19:40:38.122 1843 INFO rally.task.context [-] Task 09a99569-eec3-4a39-b4ce-97611f981562 | Context volumes@openstack cleanup() finished in 5.75 sec
2019-06-16 19:40:38.123 1843 INFO rally.task.context [-] Task 09a99569-eec3-4a39-b4ce-97611f981562 | Context quotas@openstack cleanup() started
2019-06-16 19:40:38.798 1843 INFO rally.task.context [-] Task 09a99569-eec3-4a39-b4ce-97611f981562 | Context quotas@openstack cleanup() finished in 0.67 sec
2019-06-16 19:40:38.798 1843 INFO rally.task.context [-] Task 09a99569-eec3-4a39-b4ce-97611f981562 | Context api_versions@openstack cleanup() started
2019-06-16 19:40:38.798 1843 INFO rally.task.context [-] Task 09a99569-eec3-4a39-b4ce-97611f981562 | Context api_versions@openstack cleanup() finished in 0.32 msec
2019-06-16 19:40:38.799 1843 INFO rally.task.context [-] Task 09a99569-eec3-4a39-b4ce-97611f981562 | Context users@openstack cleanup() started
2019-06-16 19:40:47.452 1843 INFO rally.task.context [-] Task 09a99569-eec3-4a39-b4ce-97611f981562 | Context users@openstack cleanup() finished in 8.65 sec
2019-06-16 19:40:49.411 1843 INFO rally.task.engine [-] Load duration is: 26.57555
2019-06-16 19:40:49.411 1843 INFO rally.task.engine [-] Full runner duration is: 26.628629
2019-06-16 19:40:49.412 1843 INFO rally.task.engine [-] Full duration is: 68.338559
2019-06-16 19:40:49.663 1843 INFO rally.task.engine [-] Running workload: position = 0 config = { "version": 2, "title": "A cropped version of a bigger task.", "description": "Auto-generated task from a single workload (uuid=4c263fa5-9e21-471e-9f9c-121a9a4ceb55)", "subtasks": [ { "title": "CinderQos.create_and_get_qos", "description": "Create a qos, then get details of the qos.", "scenario": { "CinderQos.create_and_get_qos": { "consumer": "both", "write_iops_sec": "10", "read_iops_sec": "1000" } }, "contexts": { "users": { "tenants": 3, "users_per_tenant": 2 }, "api_versions": { "cinder": { "version": 3, "service_type": "volumev3" } } }, "runner": { "constant": { "concurrency": 4, "times": 10 } }, "hooks": [], "sla": { "failure_rate": { "max": 0 } } } ] }
2019-06-16 19:40:49.687 1843 RALLYDEBUG rally_openstack.contexts.keystone.users [-] Creating 3 tenants using 20 threads
2019-06-16 19:40:51.573 1843 RALLYDEBUG rally_openstack.contexts.keystone.users [-] Creating 6 users using 20 threads
2019-06-16 19:40:54.422 1843 INFO rally.task.context [-] Task 09a99569-eec3-4a39-b4ce-97611f981562 | Context users@openstack setup() finished in 4.74 sec
2019-06-16 19:40:54.852 1843 INFO rally.task.context [-] Task 09a99569-eec3-4a39-b4ce-97611f981562 | Context api_versions@openstack setup() finished in 0.43 sec
2019-06-16 19:40:54.853 1843 INFO rally.task.context [-] Task 09a99569-eec3-4a39-b4ce-97611f981562 | Context admin_cleanup@openstack setup() finished in 0.00 msec
2019-06-16 19:40:54.859 1843 RALLYDEBUG rally.task.runner [-] Starting the constant runner (task UUID: 09a99569-eec3-4a39-b4ce-97611f981562). timeout: 0 concurrency: 4 concurrency_per_worker: 1 times: 10 concurrency_overhead: 0 processes_to_start: 4 max_cpu_used: 16
2019-06-16 19:40:54.872 5111 RALLYDEBUG rally.task.runner [-] Starting a worker. concurrency: 1 args: {"consumer": "both", "write_iops_sec": "10", "read_iops_sec": "1000"} times: 10 method_name: run timeout: 0 duration: None cls:
2019-06-16 19:40:54.874 5112 RALLYDEBUG rally.task.runner [-] Starting a worker. concurrency: 1 args: {"consumer": "both", "write_iops_sec": "10", "read_iops_sec": "1000"} times: 10 method_name: run timeout: 0 duration: None cls:
2019-06-16 19:40:54.878 5113 RALLYDEBUG rally.task.runner [-] Starting a worker. concurrency: 1 args: {"consumer": "both", "write_iops_sec": "10", "read_iops_sec": "1000"} times: 10 method_name: run timeout: 0 duration: None cls:
2019-06-16 19:40:54.881 5111 INFO rally.task.runner [-] Task 09a99569-eec3-4a39-b4ce-97611f981562 | ITER: 1 START
2019-06-16 19:40:54.881 5112 INFO rally.task.runner [-] Task 09a99569-eec3-4a39-b4ce-97611f981562 | ITER: 2 START
2019-06-16 19:40:54.881 5114 RALLYDEBUG rally.task.runner [-] Starting a worker. concurrency: 1 args: {"consumer": "both", "write_iops_sec": "10", "read_iops_sec": "1000"} times: 10 method_name: run timeout: 0 duration: None cls:
2019-06-16 19:40:54.887 5113 INFO rally.task.runner [-] Task 09a99569-eec3-4a39-b4ce-97611f981562 | ITER: 3 START
2019-06-16 19:40:54.888 5114 INFO rally.task.runner [-] Task 09a99569-eec3-4a39-b4ce-97611f981562 | ITER: 4 START
2019-06-16 19:40:55.957 5111 INFO rally.task.runner [-] Task 09a99569-eec3-4a39-b4ce-97611f981562 | ITER: 1 END: OK
2019-06-16 19:40:55.963 5111 INFO rally.task.runner [-] Task 09a99569-eec3-4a39-b4ce-97611f981562 | ITER: 5 START
2019-06-16 19:40:55.965 5112 INFO rally.task.runner [-] Task 09a99569-eec3-4a39-b4ce-97611f981562 | ITER: 2 END: OK
2019-06-16 19:40:55.970 5112 INFO rally.task.runner [-] Task 09a99569-eec3-4a39-b4ce-97611f981562 | ITER: 6 START
2019-06-16 19:40:56.016 5113 INFO rally.task.runner [-] Task 09a99569-eec3-4a39-b4ce-97611f981562 | ITER: 3 END: OK
2019-06-16 19:40:56.021 5113 INFO rally.task.runner [-] Task 09a99569-eec3-4a39-b4ce-97611f981562 | ITER: 7 START
2019-06-16 19:40:56.036 5114 INFO rally.task.runner [-] Task 09a99569-eec3-4a39-b4ce-97611f981562 | ITER: 4 END: OK
2019-06-16 19:40:56.041 5114 INFO rally.task.runner [-] Task 09a99569-eec3-4a39-b4ce-97611f981562 | ITER: 8 START
2019-06-16 19:40:57.003 5112 INFO rally.task.runner [-] Task 09a99569-eec3-4a39-b4ce-97611f981562 | ITER: 6 END: OK
2019-06-16 19:40:57.008 5112 INFO rally.task.runner [-] Task 09a99569-eec3-4a39-b4ce-97611f981562 | ITER: 9 START
2019-06-16 19:40:57.037 5111 INFO rally.task.runner [-] Task 09a99569-eec3-4a39-b4ce-97611f981562 | ITER: 5 END: OK
2019-06-16 19:40:57.041 5111 INFO rally.task.runner [-] Task 09a99569-eec3-4a39-b4ce-97611f981562 | ITER: 10 START
2019-06-16 19:40:57.119 5114 INFO rally.task.runner [-] Task 09a99569-eec3-4a39-b4ce-97611f981562 | ITER: 8 END: OK
2019-06-16 19:40:57.125 5113 INFO rally.task.runner [-] Task 09a99569-eec3-4a39-b4ce-97611f981562 | ITER: 7 END: OK
2019-06-16 19:40:58.036 5112 INFO rally.task.runner [-] Task 09a99569-eec3-4a39-b4ce-97611f981562 | ITER: 9 END: OK
2019-06-16 19:40:58.164 5111 INFO rally.task.runner [-] Task 09a99569-eec3-4a39-b4ce-97611f981562 | ITER: 10 END: OK
2019-06-16 19:40:58.188 1843 INFO rally.task.context [-] Task 09a99569-eec3-4a39-b4ce-97611f981562 | Context admin_cleanup@openstack cleanup() started
2019-06-16 19:40:58.190 1843 RALLYDEBUG rally_openstack.cleanup.manager [-] Cleaning up cinder volume_types objects
2019-06-16 19:40:58.973 1843 RALLYDEBUG rally_openstack.cleanup.manager [-] Cleaning up cinder image_volumes_cache objects
2019-06-16 19:41:00.414 1843 RALLYDEBUG rally_openstack.cleanup.manager [-] Cleaning up cinder quotas objects
2019-06-16 19:41:02.038 1843 RALLYDEBUG rally_openstack.cleanup.manager [-] Cleaning up cinder qos_specs objects
2019-06-16 19:41:02.755 1843 RALLYDEBUG rally_openstack.cleanup.manager [-] Deleting cinder.qos_specs object s_rally_4c263fa5_KRSvBO1K (b8fa448b-14af-43fc-8900-e6a00b39d27c)
2019-06-16 19:41:02.758 1843 RALLYDEBUG rally_openstack.cleanup.manager [-] Deleting cinder.qos_specs object s_rally_4c263fa5_dCp9gmEE (b624ac10-23e2-4a6f-a5a2-7d27d84aa588)
2019-06-16 19:41:02.765 1843 RALLYDEBUG rally_openstack.cleanup.manager [-] Deleting cinder.qos_specs object s_rally_4c263fa5_qbGtFIC1 (e096db00-729b-4adf-af45-43e835823df7)
2019-06-16 19:41:02.777 1843 RALLYDEBUG rally_openstack.cleanup.manager [-] Deleting cinder.qos_specs object s_rally_4c263fa5_AhTa6qqy (d7779922-9bf5-4bd5-b15f-1784b7e23f71)
2019-06-16 19:41:02.784 1843 RALLYDEBUG rally_openstack.cleanup.manager [-] Deleting cinder.qos_specs object s_rally_4c263fa5_lKeIE9dz (a25418be-4858-486b-aeae-5840baa899f0)
2019-06-16 19:41:02.793 1843 RALLYDEBUG rally_openstack.cleanup.manager [-] Deleting cinder.qos_specs object s_rally_4c263fa5_vS8O1eZU (6dfbb5a0-4d3b-4589-9936-5f6bed0d3bfa)
2019-06-16 19:41:02.800 1843 RALLYDEBUG rally_openstack.cleanup.manager [-] Deleting cinder.qos_specs object s_rally_4c263fa5_Rs0QjF31 (ffc9e8a0-7009-43fb-9d0e-584153fb8c4f)
2019-06-16 19:41:02.817 1843 RALLYDEBUG rally_openstack.cleanup.manager [-] Deleting cinder.qos_specs object s_rally_4c263fa5_AIj9IhT2 (e7374b49-df6b-40a8-8804-77e8d06ed57c)
2019-06-16 19:41:02.825 1843 RALLYDEBUG rally_openstack.cleanup.manager [-] Deleting cinder.qos_specs object s_rally_4c263fa5_Sq2QpwKU (350c5aad-af0a-4a6b-8acd-3f005d334faa)
2019-06-16 19:41:02.851 1843 RALLYDEBUG rally_openstack.cleanup.manager [-] Deleting cinder.qos_specs object s_rally_4c263fa5_yCllYQeM (18882720-6a61-4073-baf6-7cf259944ea6)
2019-06-16 19:41:05.205 1843 INFO rally.task.context [-] Task 09a99569-eec3-4a39-b4ce-97611f981562 | Context admin_cleanup@openstack cleanup() finished in 7.02 sec
2019-06-16 19:41:05.205 1843 INFO rally.task.context [-] Task 09a99569-eec3-4a39-b4ce-97611f981562 | Context api_versions@openstack cleanup() started
2019-06-16 19:41:05.205 1843 INFO rally.task.context [-] Task 09a99569-eec3-4a39-b4ce-97611f981562 | Context api_versions@openstack cleanup() finished in 0.26 msec
2019-06-16 19:41:05.206 1843 INFO rally.task.context [-] Task 09a99569-eec3-4a39-b4ce-97611f981562 | Context users@openstack cleanup() started
2019-06-16 19:41:13.026 1843 INFO rally.task.context [-] Task 09a99569-eec3-4a39-b4ce-97611f981562 | Context users@openstack cleanup() finished in 7.82 sec
2019-06-16 19:41:13.790 1843 INFO rally.task.engine [-] Load duration is: 3.278785
2019-06-16 19:41:13.790 1843 INFO rally.task.engine [-] Full runner duration is: 3.328553
2019-06-16 19:41:13.791 1843 INFO rally.task.engine [-] Full duration is: 23.343787
2019-06-16 19:41:14.130 1843 INFO rally.task.engine [-] Running workload: position = 0 config = { "version": 2, "title": "A cropped version of a bigger task.", "description": "Auto-generated task from a single workload (uuid=3f610451-e735-4e5b-bb74-e080d44c1910)", "subtasks": [ { "title": "CinderQos.create_and_list_qos", "description": "Create a qos, then list all qos.", "scenario": { "CinderQos.create_and_list_qos": { "consumer": "both", "write_iops_sec": "10", "read_iops_sec": "1000" } }, "contexts": { "users": { "tenants": 3, "users_per_tenant": 2 }, "api_versions": { "cinder": { "version": 3, "service_type": "volumev3" } } }, "runner": { "constant": { "concurrency": 4, "times": 10 } }, "hooks": [], "sla": { "failure_rate": { "max": 0 } } } ] }
2019-06-16 19:41:14.154 1843 RALLYDEBUG rally_openstack.contexts.keystone.users [-] Creating 3 tenants using 20 threads
2019-06-16 19:41:16.075 1843 RALLYDEBUG rally_openstack.contexts.keystone.users [-] Creating 6 users using 20 threads
2019-06-16 19:41:18.968 1843 INFO rally.task.context [-] Task 09a99569-eec3-4a39-b4ce-97611f981562 | Context users@openstack setup() finished in 4.81 sec
2019-06-16 19:41:19.413 1843 INFO rally.task.context [-] Task 09a99569-eec3-4a39-b4ce-97611f981562 | Context api_versions@openstack setup() finished in 0.44 sec
2019-06-16 19:41:19.413 1843 INFO rally.task.context [-] Task 09a99569-eec3-4a39-b4ce-97611f981562 | Context admin_cleanup@openstack setup() finished in 0.00 msec
2019-06-16 19:41:19.420 1843 RALLYDEBUG rally.task.runner [-] Starting the constant runner (task UUID: 09a99569-eec3-4a39-b4ce-97611f981562). timeout: 0 concurrency: 4 concurrency_per_worker: 1 times: 10 concurrency_overhead: 0 processes_to_start: 4 max_cpu_used: 16
2019-06-16 19:41:19.433 5295 RALLYDEBUG rally.task.runner [-] Starting a worker. concurrency: 1 args: {"consumer": "both", "write_iops_sec": "10", "read_iops_sec": "1000"} times: 10 method_name: run timeout: 0 duration: None cls:
2019-06-16 19:41:19.436 5296 RALLYDEBUG rally.task.runner [-] Starting a worker. concurrency: 1 args: {"consumer": "both", "write_iops_sec": "10", "read_iops_sec": "1000"} times: 10 method_name: run timeout: 0 duration: None cls:
2019-06-16 19:41:19.438 5297 RALLYDEBUG rally.task.runner [-] Starting a worker. concurrency: 1 args: {"consumer": "both", "write_iops_sec": "10", "read_iops_sec": "1000"} times: 10 method_name: run timeout: 0 duration: None cls:
2019-06-16 19:41:19.441 5295 INFO rally.task.runner [-] Task 09a99569-eec3-4a39-b4ce-97611f981562 | ITER: 1 START
2019-06-16 19:41:19.443 5298 RALLYDEBUG rally.task.runner [-] Starting a worker. concurrency: 1 args: {"consumer": "both", "write_iops_sec": "10", "read_iops_sec": "1000"} times: 10 method_name: run timeout: 0 duration: None cls:
2019-06-16 19:41:19.444 5297 INFO rally.task.runner [-] Task 09a99569-eec3-4a39-b4ce-97611f981562 | ITER: 3 START
2019-06-16 19:41:19.445 5296 INFO rally.task.runner [-] Task 09a99569-eec3-4a39-b4ce-97611f981562 | ITER: 2 START
2019-06-16 19:41:19.450 5298 INFO rally.task.runner [-] Task 09a99569-eec3-4a39-b4ce-97611f981562 | ITER: 4 START
2019-06-16 19:41:20.503 5296 INFO rally.task.runner [-] Task 09a99569-eec3-4a39-b4ce-97611f981562 | ITER: 2 END: OK
2019-06-16 19:41:20.503 5298 INFO rally.task.runner [-] Task 09a99569-eec3-4a39-b4ce-97611f981562 | ITER: 4 END: OK
2019-06-16 19:41:20.508 5298 INFO rally.task.runner [-] Task 09a99569-eec3-4a39-b4ce-97611f981562 | ITER: 6 START
2019-06-16 19:41:20.508 5296 INFO rally.task.runner [-] Task 09a99569-eec3-4a39-b4ce-97611f981562 | ITER: 5 START
2019-06-16 19:41:20.540 5297 INFO rally.task.runner [-] Task 09a99569-eec3-4a39-b4ce-97611f981562 | ITER: 3 END: OK
2019-06-16 19:41:20.545 5297 INFO rally.task.runner [-] Task 09a99569-eec3-4a39-b4ce-97611f981562 | ITER: 7 START
2019-06-16 19:41:20.564 5295 INFO rally.task.runner [-] Task 09a99569-eec3-4a39-b4ce-97611f981562 | ITER: 1 END: OK
2019-06-16 19:41:20.568 5295 INFO rally.task.runner [-] Task 09a99569-eec3-4a39-b4ce-97611f981562 | ITER: 8 START
2019-06-16 19:41:21.518 5296 INFO rally.task.runner [-] Task 09a99569-eec3-4a39-b4ce-97611f981562 | ITER: 5 END: OK
2019-06-16 19:41:21.519 5298 INFO rally.task.runner [-] Task 09a99569-eec3-4a39-b4ce-97611f981562 | ITER: 6 END: OK
2019-06-16 19:41:21.524 5296 INFO rally.task.runner [-] Task 09a99569-eec3-4a39-b4ce-97611f981562 | ITER: 9 START
2019-06-16 19:41:21.524 5298 INFO rally.task.runner [-] Task 09a99569-eec3-4a39-b4ce-97611f981562 | ITER: 10 START
2019-06-16 19:41:21.530 5297 INFO rally.task.runner [-] Task 09a99569-eec3-4a39-b4ce-97611f981562 | ITER: 7 END: OK
2019-06-16 19:41:21.553 5295 INFO rally.task.runner [-] Task 09a99569-eec3-4a39-b4ce-97611f981562 | ITER: 8 END: OK
2019-06-16 19:41:22.528 5298 INFO rally.task.runner [-] Task 09a99569-eec3-4a39-b4ce-97611f981562 | ITER: 10 END: OK
2019-06-16 19:41:22.530 5296 INFO rally.task.runner [-] Task 09a99569-eec3-4a39-b4ce-97611f981562 | ITER: 9 END: OK
2019-06-16 19:41:22.557 1843 INFO rally.task.context [-] Task 09a99569-eec3-4a39-b4ce-97611f981562 | Context admin_cleanup@openstack cleanup() started
2019-06-16 19:41:22.559 1843 RALLYDEBUG rally_openstack.cleanup.manager [-] Cleaning up cinder volume_types objects
2019-06-16 19:41:23.228 1843 RALLYDEBUG rally_openstack.cleanup.manager [-] Cleaning up cinder image_volumes_cache objects
2019-06-16 19:41:24.523 1843 RALLYDEBUG rally_openstack.cleanup.manager [-] Cleaning up cinder quotas objects
2019-06-16 19:41:26.591 1843 RALLYDEBUG rally_openstack.cleanup.manager [-] Cleaning up cinder qos_specs objects
2019-06-16 19:41:27.340 1843 RALLYDEBUG rally_openstack.cleanup.manager [-] Deleting cinder.qos_specs object s_rally_3f610451_LO3oVRsC (dfecd2b8-f133-4ae3-9944-b3554d1c6c4b)
2019-06-16 19:41:27.352 1843 RALLYDEBUG rally_openstack.cleanup.manager [-] Deleting cinder.qos_specs object s_rally_3f610451_zkWbEPZU (4364b516-1ce6-4f66-83f6-d602921c2d00)
2019-06-16 19:41:27.360 1843 RALLYDEBUG rally_openstack.cleanup.manager [-] Deleting cinder.qos_specs object s_rally_3f610451_LVXOfUJP (fa0f01c3-9724-4196-8f54-8e17f5026118)
2019-06-16 19:41:27.362 1843 RALLYDEBUG rally_openstack.cleanup.manager [-] Deleting cinder.qos_specs object s_rally_3f610451_d0TPzLYT (784db20d-cb0b-4250-b190-88e1e4acee78)
2019-06-16 19:41:27.374 1843 RALLYDEBUG rally_openstack.cleanup.manager [-] Deleting cinder.qos_specs object s_rally_3f610451_0aGgPsiS (68ac8e7d-d2b5-46cf-ad45-292d62e3927d)
2019-06-16 19:41:27.382 1843 RALLYDEBUG rally_openstack.cleanup.manager [-] Deleting cinder.qos_specs object s_rally_3f610451_jqHsGYPn (0b722bc5-5dc4-410c-bc23-c6be26d84e2e)
2019-06-16 19:41:27.388 1843 RALLYDEBUG rally_openstack.cleanup.manager [-] Deleting cinder.qos_specs object s_rally_3f610451_yCJq4yQ6 (f80d7684-186b-4cab-a838-db1831e243bb)
2019-06-16 19:41:27.400 1843 RALLYDEBUG rally_openstack.cleanup.manager [-] Deleting cinder.qos_specs object s_rally_3f610451_Z3DjagGk (d8a9e9d1-7d18-4995-9e78-3842648df13c)
2019-06-16 19:41:27.413 1843 RALLYDEBUG rally_openstack.cleanup.manager [-] Deleting cinder.qos_specs object s_rally_3f610451_B7FOtKu4 (cea54658-9ebd-42b7-a1a2-e1b9bf4c976a)
2019-06-16 19:41:27.423 1843 RALLYDEBUG rally_openstack.cleanup.manager [-] Deleting cinder.qos_specs object s_rally_3f610451_Zm7FQmyg (bb11ce82-573e-4d15-af41-cf98867806fc)
2019-06-16 19:41:29.772 1843 INFO rally.task.context [-] Task 09a99569-eec3-4a39-b4ce-97611f981562 | Context admin_cleanup@openstack cleanup() finished in 7.22 sec
2019-06-16 19:41:29.772 1843 INFO rally.task.context [-] Task 09a99569-eec3-4a39-b4ce-97611f981562 | Context api_versions@openstack cleanup() started
2019-06-16 19:41:29.773 1843 INFO rally.task.context [-] Task 09a99569-eec3-4a39-b4ce-97611f981562 | Context api_versions@openstack cleanup() finished in 0.33 msec
2019-06-16 19:41:29.773 1843 INFO rally.task.context [-] Task 09a99569-eec3-4a39-b4ce-97611f981562 | Context users@openstack cleanup() started
2019-06-16 19:41:38.139 1843 INFO rally.task.context [-] Task 09a99569-eec3-4a39-b4ce-97611f981562 | Context users@openstack cleanup() finished in 8.37 sec
2019-06-16 19:41:38.269 1843 INFO rally.task.engine [-] Load duration is: 3.085408
2019-06-16 19:41:38.269 1843 INFO rally.task.engine [-] Full runner duration is: 3.137105
2019-06-16 19:41:38.269 1843 INFO rally.task.engine [-] Full duration is: 23.988003
2019-06-16 19:41:38.549 1843 INFO rally.task.engine [-] Running workload: position = 0 config = { "version": 2, "title": "A cropped version of a bigger task.", "description": "Auto-generated task from a single workload (uuid=656580ef-852d-4759-92bf-052ef164d73b)", "subtasks": [ { "title": "CinderQos.create_and_set_qos", "description": "Create a qos, then Add/Update keys in qos specs.", "scenario": { "CinderQos.create_and_set_qos": { "consumer": "back-end", "write_iops_sec": "10", "read_iops_sec": "1000", "set_consumer": "both", "set_write_iops_sec": "11", "set_read_iops_sec": "1001" } }, "contexts": { "users": { "tenants": 3, "users_per_tenant": 2 }, "api_versions": { "cinder": { "version": 3, "service_type": "volumev3" } } }, "runner": { "constant": { "concurrency": 4, "times": 10 } }, "hooks": [], "sla": { "failure_rate": { "max": 0 } } } ] }
2019-06-16 19:41:38.569 1843 RALLYDEBUG rally_openstack.contexts.keystone.users [-] Creating 3 tenants using 20 threads
2019-06-16 19:41:40.615 1843 RALLYDEBUG rally_openstack.contexts.keystone.users [-] Creating 6 users using 20 threads
2019-06-16 19:41:43.309 1843 INFO rally.task.context [-] Task 09a99569-eec3-4a39-b4ce-97611f981562 | Context users@openstack setup() finished in 4.74 sec
2019-06-16 19:41:43.744 1843 INFO rally.task.context [-] Task 09a99569-eec3-4a39-b4ce-97611f981562 | Context api_versions@openstack setup() finished in 0.43 sec
2019-06-16 19:41:43.744 1843 INFO rally.task.context [-] Task 09a99569-eec3-4a39-b4ce-97611f981562 | Context admin_cleanup@openstack setup() finished in 0.00 msec
2019-06-16 19:41:43.752 1843 RALLYDEBUG rally.task.runner [-] Starting the constant runner (task UUID: 09a99569-eec3-4a39-b4ce-97611f981562). timeout: 0 concurrency: 4 concurrency_per_worker: 1 times: 10 concurrency_overhead: 0 processes_to_start: 4 max_cpu_used: 16
2019-06-16 19:41:43.764 5479 RALLYDEBUG rally.task.runner [-] Starting a worker. concurrency: 1 args: {"consumer": "back-end", "write_iops_sec": "10", "read_iops_sec": "1000", "set_consumer": "both", "set_write_iops_sec": "11", "set_read_iops_sec": "1001"} times: 10 method_name: run timeout: 0 duration: None cls:
2019-06-16 19:41:43.766 5480 RALLYDEBUG rally.task.runner [-] Starting a worker. concurrency: 1 args: {"consumer": "back-end", "write_iops_sec": "10", "read_iops_sec": "1000", "set_consumer": "both", "set_write_iops_sec": "11", "set_read_iops_sec": "1001"} times: 10 method_name: run timeout: 0 duration: None cls:
2019-06-16 19:41:43.769 5481 RALLYDEBUG rally.task.runner [-] Starting a worker. concurrency: 1 args: {"consumer": "back-end", "write_iops_sec": "10", "read_iops_sec": "1000", "set_consumer": "both", "set_write_iops_sec": "11", "set_read_iops_sec": "1001"} times: 10 method_name: run timeout: 0 duration: None cls:
2019-06-16 19:41:43.772 5479 INFO rally.task.runner [-] Task 09a99569-eec3-4a39-b4ce-97611f981562 | ITER: 1 START
2019-06-16 19:41:43.772 5482 RALLYDEBUG rally.task.runner [-] Starting a worker. concurrency: 1 args: {"consumer": "back-end", "write_iops_sec": "10", "read_iops_sec": "1000", "set_consumer": "both", "set_write_iops_sec": "11", "set_read_iops_sec": "1001"} times: 10 method_name: run timeout: 0 duration: None cls:
2019-06-16 19:41:43.773 5480 INFO rally.task.runner [-] Task 09a99569-eec3-4a39-b4ce-97611f981562 | ITER: 2 START
2019-06-16 19:41:43.776 5481 INFO rally.task.runner [-] Task 09a99569-eec3-4a39-b4ce-97611f981562 | ITER: 3 START
2019-06-16 19:41:43.779 5482 INFO rally.task.runner [-] Task 09a99569-eec3-4a39-b4ce-97611f981562 | ITER: 4 START
2019-06-16 19:41:44.893 5479 INFO rally.task.runner [-] Task 09a99569-eec3-4a39-b4ce-97611f981562 | ITER: 1 END: OK
2019-06-16 19:41:44.896 5482 INFO rally.task.runner [-] Task 09a99569-eec3-4a39-b4ce-97611f981562 | ITER: 4 END: OK
2019-06-16 19:41:44.898 5479 INFO rally.task.runner [-] Task 09a99569-eec3-4a39-b4ce-97611f981562 | ITER: 5 START
2019-06-16 19:41:44.904 5482 INFO rally.task.runner [-] Task 09a99569-eec3-4a39-b4ce-97611f981562 | ITER: 6 START
2019-06-16 19:41:44.916 5481 INFO rally.task.runner [-] Task 09a99569-eec3-4a39-b4ce-97611f981562 | ITER: 3 END: OK
2019-06-16 19:41:44.921 5481 INFO rally.task.runner [-] Task 09a99569-eec3-4a39-b4ce-97611f981562 | ITER: 7 START
2019-06-16 19:41:44.993 5480 INFO rally.task.runner [-] Task 09a99569-eec3-4a39-b4ce-97611f981562 | ITER: 2 END: OK
2019-06-16 19:41:44.998 5480 INFO rally.task.runner [-] Task 09a99569-eec3-4a39-b4ce-97611f981562 | ITER: 8 START
