2019-06-16 19:16:06.279 726 DEBUG glanceclient.common.http [-] Request returned failure status 404. _handle_response /usr/lib/python2.7/site-packages/glanceclient/common/http.py:125
2019-06-16 19:16:06.292 726 DEBUG glanceclient.common.http [-] Request returned failure status 404. _handle_response /usr/lib/python2.7/site-packages/glanceclient/common/http.py:125
2019-06-16 19:16:06.377 726 DEBUG glanceclient.common.http [-] Request returned failure status 404. _handle_response /usr/lib/python2.7/site-packages/glanceclient/common/http.py:125
2019-06-16 19:16:06.799 726 DEBUG glanceclient.common.http [-] Request returned failure status 404. _handle_response /usr/lib/python2.7/site-packages/glanceclient/common/http.py:125
2019-06-16 19:16:06.810 726 DEBUG glanceclient.common.http [-] Request returned failure status 404. _handle_response /usr/lib/python2.7/site-packages/glanceclient/common/http.py:125
2019-06-16 19:16:06.828 726 DEBUG glanceclient.common.http [-] Request returned failure status 404. _handle_response /usr/lib/python2.7/site-packages/glanceclient/common/http.py:125
2019-06-16 19:16:07.004 726 DEBUG glanceclient.common.http [-] Request returned failure status 404. _handle_response /usr/lib/python2.7/site-packages/glanceclient/common/http.py:125
2019-06-16 19:16:07.011 726 DEBUG glanceclient.common.http [-] Request returned failure status 404. _handle_response /usr/lib/python2.7/site-packages/glanceclient/common/http.py:125
2019-06-16 19:16:07.019 726 DEBUG glanceclient.common.http [-] Request returned failure status 404. _handle_response /usr/lib/python2.7/site-packages/glanceclient/common/http.py:125
2019-06-16 19:16:07.024 726 DEBUG glanceclient.common.http [-] Request returned failure status 404. _handle_response /usr/lib/python2.7/site-packages/glanceclient/common/http.py:125
2019-06-16 19:16:07.232 726 DEBUG glanceclient.common.http [-] Request returned failure status 404. _handle_response /usr/lib/python2.7/site-packages/glanceclient/common/http.py:125
2019-06-16 19:16:08.235 726 INFO rally.task.context [-] Task cbe7365b-99a8-473c-847d-16c8395d9cfb | Context cleanup@openstack cleanup() finished in 8.50 sec
2019-06-16 19:16:08.235 726 INFO rally.task.context [-] Task cbe7365b-99a8-473c-847d-16c8395d9cfb | Context users@openstack cleanup() started
2019-06-16 19:16:16.276 726 INFO rally.task.context [-] Task cbe7365b-99a8-473c-847d-16c8395d9cfb | Context users@openstack cleanup() finished in 8.04 sec
2019-06-16 19:16:17.380 726 INFO rally.task.engine [-] Load duration is: 16.738771
2019-06-16 19:16:17.380 726 INFO rally.task.engine [-] Full runner duration is: 17.656611
2019-06-16 19:16:17.381 726 INFO rally.task.engine [-] Full duration is: 39.067514
2019-06-16 19:16:17.627 726 INFO rally.task.engine [-] Running workload: position = 0 config = { "version": 2, "title": "A cropped version of a bigger task.", "description": "Auto-generated task from a single workload (uuid=545a8637-2bd8-4e70-857b-3306fdfee677)", "subtasks": [ { "title": "GlanceImages.create_and_download_image", "description": "Create an image, then download data of the image.", "scenario": { "GlanceImages.create_and_download_image": { "container_format": "bare", "disk_format": "qcow2", "image_location": "/home/opnfv/functest/images/cirros-0.4.0-x86_64-disk.img" } }, "contexts": { "users": { "tenants": 3, "users_per_tenant": 2 } }, "runner": { "constant": { "concurrency": 4, "times": 10 } }, "hooks": [], "sla": { "failure_rate": { "max": 0 } } } ] }
2019-06-16 19:16:17.650 726 RALLYDEBUG rally_openstack.contexts.keystone.users [-] Creating 3 tenants using 20 threads
2019-06-16 19:16:19.703 726 RALLYDEBUG rally_openstack.contexts.keystone.users [-] Creating 6 users using 20 threads
2019-06-16 19:16:22.477 726 INFO rally.task.context [-] Task cbe7365b-99a8-473c-847d-16c8395d9cfb | Context users@openstack setup() finished in 4.83 sec
2019-06-16 19:16:22.477 726 INFO rally.task.context [-] Task cbe7365b-99a8-473c-847d-16c8395d9cfb | Context cleanup@openstack setup() finished in 0.06 msec
2019-06-16 19:16:22.486 726 RALLYDEBUG rally.task.runner [-] Starting the constant runner (task UUID: cbe7365b-99a8-473c-847d-16c8395d9cfb). timeout: 0 concurrency: 4 concurrency_per_worker: 1 times: 10 concurrency_overhead: 0 processes_to_start: 4 max_cpu_used: 16
2019-06-16 19:16:22.500 1510 RALLYDEBUG rally.task.runner [-] Starting a worker. concurrency: 1 args: {"container_format": "bare", "disk_format": "qcow2", "image_location": "/home/opnfv/functest/images/cirros-0.4.0-x86_64-disk.img"} times: 10 method_name: run timeout: 0 duration: None cls:
2019-06-16 19:16:22.502 1511 RALLYDEBUG rally.task.runner [-] Starting a worker. concurrency: 1 args: {"container_format": "bare", "disk_format": "qcow2", "image_location": "/home/opnfv/functest/images/cirros-0.4.0-x86_64-disk.img"} times: 10 method_name: run timeout: 0 duration: None cls:
2019-06-16 19:16:22.505 1512 RALLYDEBUG rally.task.runner [-] Starting a worker. concurrency: 1 args: {"container_format": "bare", "disk_format": "qcow2", "image_location": "/home/opnfv/functest/images/cirros-0.4.0-x86_64-disk.img"} times: 10 method_name: run timeout: 0 duration: None cls:
2019-06-16 19:16:22.507 1510 INFO rally.task.runner [-] Task cbe7365b-99a8-473c-847d-16c8395d9cfb | ITER: 1 START
2019-06-16 19:16:22.509 1511 INFO rally.task.runner [-] Task cbe7365b-99a8-473c-847d-16c8395d9cfb | ITER: 2 START
2019-06-16 19:16:22.509 1513 RALLYDEBUG rally.task.runner [-] Starting a worker. concurrency: 1 args: {"container_format": "bare", "disk_format": "qcow2", "image_location": "/home/opnfv/functest/images/cirros-0.4.0-x86_64-disk.img"} times: 10 method_name: run timeout: 0 duration: None cls:
2019-06-16 19:16:22.511 1512 INFO rally.task.runner [-] Task cbe7365b-99a8-473c-847d-16c8395d9cfb | ITER: 3 START
2019-06-16 19:16:22.516 1513 INFO rally.task.runner [-] Task cbe7365b-99a8-473c-847d-16c8395d9cfb | ITER: 4 START
2019-06-16 19:16:26.112 1512 RALLYDEBUG rally.task.utils [-] Waiting for resource u'b18f567e-c906-4ca6-8d38-a4eb2601c8ab'. Status changed: NONE => QUEUED in 0.0296268463135
2019-06-16 19:16:26.350 1511 RALLYDEBUG rally.task.utils [-] Waiting for resource u'b228e5f1-d4b5-4dad-bbb8-5a9346da18ae'. Status changed: NONE => QUEUED in 0.318468093872
2019-06-16 19:16:26.374 1510 RALLYDEBUG rally.task.utils [-] Waiting for resource u'fc0809dd-452d-4d30-ba23-e184ec8ef0f3'. Status changed: NONE => QUEUED in 0.314511060715
2019-06-16 19:16:26.420 1513 RALLYDEBUG rally.task.utils [-] Waiting for resource u'a024622a-de08-431d-867c-8bfdc19f9fe2'. Status changed: NONE => QUEUED in 0.323848009109
2019-06-16 19:16:26.601 1512 RALLYDEBUG rally.task.utils [-] Waiting for resource s_rally_545a8637_Vsfu4M4X. Status changed: QUEUED => ACTIVE in 0.0185930728912
2019-06-16 19:16:27.324 1512 INFO rally.task.runner [-] Task cbe7365b-99a8-473c-847d-16c8395d9cfb | ITER: 3 END: OK
2019-06-16 19:16:27.328 1512 INFO rally.task.runner [-] Task cbe7365b-99a8-473c-847d-16c8395d9cfb | ITER: 5 START
2019-06-16 19:16:27.715 1510 RALLYDEBUG rally.task.utils [-] Waiting for resource s_rally_545a8637_AqZk2ZeI. Status changed: QUEUED => ACTIVE in 0.0197069644928
2019-06-16 19:16:27.954 1513 RALLYDEBUG rally.task.utils [-] Waiting for resource s_rally_545a8637_2YCZyKc8. Status changed: QUEUED => ACTIVE in 0.230618000031
2019-06-16 19:16:28.021 1511 RALLYDEBUG rally.task.utils [-] Waiting for resource s_rally_545a8637_yJOG1oaR. Status changed: QUEUED => ACTIVE in 0.311989068985
2019-06-16 19:16:28.552 1510 INFO rally.task.runner [-] Task cbe7365b-99a8-473c-847d-16c8395d9cfb | ITER: 1 END: OK
2019-06-16 19:16:28.553 1511 INFO rally.task.runner [-] Task cbe7365b-99a8-473c-847d-16c8395d9cfb | ITER: 2 END: OK
2019-06-16 19:16:28.556 1510 INFO rally.task.runner [-] Task cbe7365b-99a8-473c-847d-16c8395d9cfb | ITER: 6 START
2019-06-16 19:16:28.557 1511 INFO rally.task.runner [-] Task cbe7365b-99a8-473c-847d-16c8395d9cfb | ITER: 7 START
2019-06-16 19:16:28.589 1513 INFO rally.task.runner [-] Task cbe7365b-99a8-473c-847d-16c8395d9cfb | ITER: 4 END: OK
2019-06-16 19:16:28.593 1513 INFO rally.task.runner [-] Task cbe7365b-99a8-473c-847d-16c8395d9cfb | ITER: 8 START
2019-06-16 19:16:31.256 1512 RALLYDEBUG rally.task.utils [-] Waiting for resource u'70b8ffff-c601-4c41-81a8-bac1b72024eb'. Status changed: NONE => QUEUED in 0.62079000473
2019-06-16 19:16:32.048 1511 RALLYDEBUG rally.task.utils [-] Waiting for resource u'c21b801f-1e08-44d2-aa95-8f9f14672530'. Status changed: NONE => QUEUED in 0.318639993668
2019-06-16 19:16:32.357 1513 RALLYDEBUG rally.task.utils [-] Waiting for resource u'aaa50fa2-5a49-405c-8101-11800a3e916d'. Status changed: NONE => QUEUED in 0.511410951614
2019-06-16 19:16:32.396 1512 RALLYDEBUG rally.task.utils [-] Waiting for resource s_rally_545a8637_BEfLXyHu. Status changed: QUEUED => ACTIVE in 0.0177698135376
2019-06-16 19:16:32.398 1510 RALLYDEBUG rally.task.utils [-] Waiting for resource u'0d23df61-39b5-46c8-ad65-5604012b96b2'. Status changed: NONE => QUEUED in 0.582785844803
2019-06-16 19:16:33.197 1512 INFO rally.task.runner [-] Task cbe7365b-99a8-473c-847d-16c8395d9cfb | ITER: 5 END: OK
2019-06-16 19:16:33.201 1512 INFO rally.task.runner [-] Task cbe7365b-99a8-473c-847d-16c8395d9cfb | ITER: 9 START
2019-06-16 19:16:33.813 1513 RALLYDEBUG rally.task.utils [-] Waiting for resource s_rally_545a8637_wlAaxqrN. Status changed: QUEUED => ACTIVE in 0.021831035614
2019-06-16 19:16:33.856 1511 RALLYDEBUG rally.task.utils [-] Waiting for resource s_rally_545a8637_hfr88FdH. Status changed: QUEUED => ACTIVE in 0.0166628360748
2019-06-16 19:16:34.196 1513 INFO rally.task.runner [-] Task cbe7365b-99a8-473c-847d-16c8395d9cfb | ITER: 8 END: OK
2019-06-16 19:16:34.200 1513 INFO rally.task.runner [-] Task cbe7365b-99a8-473c-847d-16c8395d9cfb | ITER: 10 START
2019-06-16 19:16:34.222 1510 RALLYDEBUG rally.task.utils [-] Waiting for resource s_rally_545a8637_Z63Xaj5x. Status changed: QUEUED => ACTIVE in 0.454253911972
2019-06-16 19:16:34.421 1511 INFO rally.task.runner [-] Task cbe7365b-99a8-473c-847d-16c8395d9cfb | ITER: 7 END: OK
2019-06-16 19:16:34.878 1510 INFO rally.task.runner [-] Task cbe7365b-99a8-473c-847d-16c8395d9cfb | ITER: 6 END: OK
2019-06-16 19:16:37.183 1512 RALLYDEBUG rally.task.utils [-] Waiting for resource u'd2da7b6f-c9fe-4741-b23a-5a4d4901ac5b'. Status changed: NONE => QUEUED in 0.524107933044
2019-06-16 19:16:38.173 1513 RALLYDEBUG rally.task.utils [-] Waiting for resource u'4d12cf3f-8920-4549-b40b-84848cd7bde2'. Status changed: NONE => QUEUED in 0.519402980804
2019-06-16 19:16:38.379 1512 RALLYDEBUG rally.task.utils [-] Waiting for resource s_rally_545a8637_MYhedvZ4. Status changed: QUEUED => ACTIVE in 0.018138885498
2019-06-16 19:16:39.018 1512 INFO rally.task.runner [-] Task cbe7365b-99a8-473c-847d-16c8395d9cfb | ITER: 9 END: OK
2019-06-16 19:16:39.735 1513 RALLYDEBUG rally.task.utils [-] Waiting for resource s_rally_545a8637_KFDIOI7f. Status changed: QUEUED => ACTIVE in 0.307543039322
2019-06-16 19:16:40.181 1513 INFO rally.task.runner [-] Task cbe7365b-99a8-473c-847d-16c8395d9cfb | ITER: 10 END: OK
2019-06-16 19:16:40.211 726 INFO rally.task.context [-] Task cbe7365b-99a8-473c-847d-16c8395d9cfb | Context cleanup@openstack cleanup() started
2019-06-16 19:16:40.214 726 RALLYDEBUG rally_openstack.cleanup.manager [-] Cleaning up glance images objects
2019-06-16 19:16:44.218 726 RALLYDEBUG rally_openstack.cleanup.manager [-] Deleting glance.images object s_rally_545a8637_KFDIOI7f (4d12cf3f-8920-4549-b40b-84848cd7bde2)
2019-06-16 19:16:44.227 726 RALLYDEBUG rally_openstack.cleanup.manager [-] Deleting glance.images object s_rally_545a8637_wlAaxqrN (aaa50fa2-5a49-405c-8101-11800a3e916d)
2019-06-16 19:16:44.227 726 RALLYDEBUG rally_openstack.cleanup.manager [-] Deleting glance.images object s_rally_545a8637_MYhedvZ4 (d2da7b6f-c9fe-4741-b23a-5a4d4901ac5b)
2019-06-16 19:16:44.229 726 RALLYDEBUG rally_openstack.cleanup.manager [-] Deleting glance.images object s_rally_545a8637_yJOG1oaR (b228e5f1-d4b5-4dad-bbb8-5a9346da18ae)
2019-06-16 19:16:44.230 726 RALLYDEBUG rally_openstack.cleanup.manager [-] Deleting glance.images object s_rally_545a8637_AqZk2ZeI (fc0809dd-452d-4d30-ba23-e184ec8ef0f3)
2019-06-16 19:16:44.234 726 RALLYDEBUG rally_openstack.cleanup.manager [-] Deleting glance.images object s_rally_545a8637_2YCZyKc8 (a024622a-de08-431d-867c-8bfdc19f9fe2)
2019-06-16 19:16:44.233 726 RALLYDEBUG rally_openstack.cleanup.manager [-] Deleting glance.images object s_rally_545a8637_Z63Xaj5x (0d23df61-39b5-46c8-ad65-5604012b96b2)
2019-06-16 19:16:44.236 726 RALLYDEBUG rally_openstack.cleanup.manager [-] Deleting glance.images object s_rally_545a8637_hfr88FdH (c21b801f-1e08-44d2-aa95-8f9f14672530)
2019-06-16 19:16:44.237 726 RALLYDEBUG rally_openstack.cleanup.manager [-] Deleting glance.images object s_rally_545a8637_Vsfu4M4X (b18f567e-c906-4ca6-8d38-a4eb2601c8ab)
2019-06-16 19:16:44.264 726 RALLYDEBUG rally_openstack.cleanup.manager [-] Deleting glance.images object s_rally_545a8637_BEfLXyHu (70b8ffff-c601-4c41-81a8-bac1b72024eb)
2019-06-16 19:16:45.567 726 DEBUG glanceclient.common.http [-] Request returned failure status 404. _handle_response /usr/lib/python2.7/site-packages/glanceclient/common/http.py:125
2019-06-16 19:16:45.580 726 DEBUG glanceclient.common.http [-] Request returned failure status 404. _handle_response /usr/lib/python2.7/site-packages/glanceclient/common/http.py:125
2019-06-16 19:16:45.658 726 DEBUG glanceclient.common.http [-] Request returned failure status 404. _handle_response /usr/lib/python2.7/site-packages/glanceclient/common/http.py:125
2019-06-16 19:16:45.668 726 DEBUG glanceclient.common.http [-] Request returned failure status 404. _handle_response /usr/lib/python2.7/site-packages/glanceclient/common/http.py:125
2019-06-16 19:16:45.671 726 DEBUG glanceclient.common.http [-] Request returned failure status 404. _handle_response /usr/lib/python2.7/site-packages/glanceclient/common/http.py:125
2019-06-16 19:16:45.682 726 DEBUG glanceclient.common.http [-] Request returned failure status 404. _handle_response /usr/lib/python2.7/site-packages/glanceclient/common/http.py:125
2019-06-16 19:16:46.557 726 DEBUG glanceclient.common.http [-] Request returned failure status 404. _handle_response /usr/lib/python2.7/site-packages/glanceclient/common/http.py:125
2019-06-16 19:16:46.582 726 DEBUG glanceclient.common.http [-] Request returned failure status 404. _handle_response /usr/lib/python2.7/site-packages/glanceclient/common/http.py:125
2019-06-16 19:16:46.598 726 DEBUG glanceclient.common.http [-] Request returned failure status 404. _handle_response /usr/lib/python2.7/site-packages/glanceclient/common/http.py:125
2019-06-16 19:16:46.616 726 DEBUG glanceclient.common.http [-] Request returned failure status 404. _handle_response /usr/lib/python2.7/site-packages/glanceclient/common/http.py:125
2019-06-16 19:16:46.618 726 DEBUG glanceclient.common.http [-] Request returned failure status 404. _handle_response /usr/lib/python2.7/site-packages/glanceclient/common/http.py:125
2019-06-16 19:16:46.622 726 DEBUG glanceclient.common.http [-] Request returned failure status 404. _handle_response /usr/lib/python2.7/site-packages/glanceclient/common/http.py:125
2019-06-16 19:16:46.633 726 DEBUG glanceclient.common.http [-] Request returned failure status 404. _handle_response /usr/lib/python2.7/site-packages/glanceclient/common/http.py:125
2019-06-16 19:16:46.827 726 DEBUG glanceclient.common.http [-] Request returned failure status 404. _handle_response /usr/lib/python2.7/site-packages/glanceclient/common/http.py:125
2019-06-16 19:16:46.840 726 DEBUG glanceclient.common.http [-] Request returned failure status 404. _handle_response /usr/lib/python2.7/site-packages/glanceclient/common/http.py:125
2019-06-16 19:16:46.856 726 DEBUG glanceclient.common.http [-] Request returned failure status 404. _handle_response /usr/lib/python2.7/site-packages/glanceclient/common/http.py:125
2019-06-16 19:16:46.877 726 DEBUG glanceclient.common.http [-] Request returned failure status 404. _handle_response /usr/lib/python2.7/site-packages/glanceclient/common/http.py:125
2019-06-16 19:16:46.888 726 DEBUG glanceclient.common.http [-] Request returned failure status 404. _handle_response /usr/lib/python2.7/site-packages/glanceclient/common/http.py:125
2019-06-16 19:16:46.994 726 DEBUG glanceclient.common.http [-] Request returned failure status 404. _handle_response /usr/lib/python2.7/site-packages/glanceclient/common/http.py:125
2019-06-16 19:16:47.210 726 DEBUG glanceclient.common.http [-] Request returned failure status 404. _handle_response /usr/lib/python2.7/site-packages/glanceclient/common/http.py:125
2019-06-16 19:16:48.213 726 INFO rally.task.context [-] Task cbe7365b-99a8-473c-847d-16c8395d9cfb | Context cleanup@openstack cleanup() finished in 8.00 sec
2019-06-16 19:16:48.213 726 INFO rally.task.context [-] Task cbe7365b-99a8-473c-847d-16c8395d9cfb | Context users@openstack cleanup() started
2019-06-16 19:16:56.456 726 INFO rally.task.context [-] Task cbe7365b-99a8-473c-847d-16c8395d9cfb | Context users@openstack cleanup() finished in 8.24 sec
2019-06-16 19:16:57.809 726 INFO rally.task.engine [-] Load duration is: 16.796294
2019-06-16 19:16:57.810 726 INFO rally.task.engine [-] Full runner duration is: 17.725829
2019-06-16 19:16:57.810 726 INFO rally.task.engine [-] Full duration is: 38.809828
2019-06-16 19:16:58.065 726 INFO rally.task.engine [-] Running workload: position = 0 config = { "version": 2, "title": "A cropped version of a bigger task.", "description": "Auto-generated task from a single workload (uuid=695562b1-c1b7-4a45-96c4-1eff3aae7bd0)", "subtasks": [ { "title": "GlanceImages.create_and_get_image", "description": "Create and get detailed information of an image.", "scenario": { "GlanceImages.create_and_get_image": { "container_format": "bare", "disk_format": "qcow2", "image_location": "/home/opnfv/functest/images/cirros-0.4.0-x86_64-disk.img" } }, "contexts": { "users": { "tenants": 3, "users_per_tenant": 2 } }, "runner": { "constant": { "concurrency": 4, "times": 10 } }, "hooks": [], "sla": { "failure_rate": { "max": 0 } } } ] }
2019-06-16 19:16:58.089 726 RALLYDEBUG rally_openstack.contexts.keystone.users [-] Creating 3 tenants using 20 threads
2019-06-16 19:17:00.081 726 RALLYDEBUG rally_openstack.contexts.keystone.users [-] Creating 6 users using 20 threads
2019-06-16 19:17:02.993 726 INFO rally.task.context [-] Task cbe7365b-99a8-473c-847d-16c8395d9cfb | Context users@openstack setup() finished in 4.90 sec
2019-06-16 19:17:02.993 726 INFO rally.task.context [-] Task cbe7365b-99a8-473c-847d-16c8395d9cfb | Context cleanup@openstack setup() finished in 0.01 msec
2019-06-16 19:17:03.001 726 RALLYDEBUG rally.task.runner [-] Starting the constant runner (task UUID: cbe7365b-99a8-473c-847d-16c8395d9cfb). timeout: 0 concurrency: 4 concurrency_per_worker: 1 times: 10 concurrency_overhead: 0 processes_to_start: 4 max_cpu_used: 16
2019-06-16 19:17:03.010 1634 RALLYDEBUG rally.task.runner [-] Starting a worker. concurrency: 1 args: {"container_format": "bare", "disk_format": "qcow2", "image_location": "/home/opnfv/functest/images/cirros-0.4.0-x86_64-disk.img"} times: 10 method_name: run timeout: 0 duration: None cls:
2019-06-16 19:17:03.014 1634 INFO rally.task.runner [-] Task cbe7365b-99a8-473c-847d-16c8395d9cfb | ITER: 1 START
2019-06-16 19:17:03.016 1635 RALLYDEBUG rally.task.runner [-] Starting a worker. concurrency: 1 args: {"container_format": "bare", "disk_format": "qcow2", "image_location": "/home/opnfv/functest/images/cirros-0.4.0-x86_64-disk.img"} times: 10 method_name: run timeout: 0 duration: None cls:
2019-06-16 19:17:03.019 1639 RALLYDEBUG rally.task.runner [-] Starting a worker. concurrency: 1 args: {"container_format": "bare", "disk_format": "qcow2", "image_location": "/home/opnfv/functest/images/cirros-0.4.0-x86_64-disk.img"} times: 10 method_name: run timeout: 0 duration: None cls:
2019-06-16 19:17:03.019 1636 RALLYDEBUG rally.task.runner [-] Starting a worker. concurrency: 1 args: {"container_format": "bare", "disk_format": "qcow2", "image_location": "/home/opnfv/functest/images/cirros-0.4.0-x86_64-disk.img"} times: 10 method_name: run timeout: 0 duration: None cls:
2019-06-16 19:17:03.022 1635 INFO rally.task.runner [-] Task cbe7365b-99a8-473c-847d-16c8395d9cfb | ITER: 2 START
2019-06-16 19:17:03.022 1639 INFO rally.task.runner [-] Task cbe7365b-99a8-473c-847d-16c8395d9cfb | ITER: 3 START
2019-06-16 19:17:03.025 1636 INFO rally.task.runner [-] Task cbe7365b-99a8-473c-847d-16c8395d9cfb | ITER: 4 START
2019-06-16 19:17:06.597 1635 RALLYDEBUG rally.task.utils [-] Waiting for resource u'46c9b3bc-d8ab-46aa-bb1f-da16253aaab9'. Status changed: NONE => QUEUED in 0.0279808044434
2019-06-16 19:17:06.601 1636 RALLYDEBUG rally.task.utils [-] Waiting for resource u'bbabeadb-6cb0-4539-b7d0-e6a10c762d11'. Status changed: NONE => QUEUED in 0.310866832733
2019-06-16 19:17:06.838 1634 RALLYDEBUG rally.task.utils [-] Waiting for resource u'3c0c67e1-1a56-4dfe-8aa2-5eea66378fda'. Status changed: NONE => QUEUED in 0.304789066315
2019-06-16 19:17:06.961 1639 RALLYDEBUG rally.task.utils [-] Waiting for resource u'78a08001-8239-4fd9-b17a-4073838f177a'. Status changed: NONE => QUEUED in 0.30762386322
2019-06-16 19:17:07.395 1636 RALLYDEBUG rally.task.utils [-] Waiting for resource s_rally_695562b1_OyWKlQnc. Status changed: QUEUED => ACTIVE in 0.319971084595
2019-06-16 19:17:07.708 1636 INFO rally.task.runner [-] Task cbe7365b-99a8-473c-847d-16c8395d9cfb | ITER: 4 END: OK
2019-06-16 19:17:07.711 1636 INFO rally.task.runner [-] Task cbe7365b-99a8-473c-847d-16c8395d9cfb | ITER: 5 START
2019-06-16 19:17:08.562 1634 RALLYDEBUG rally.task.utils [-] Waiting for resource s_rally_695562b1_QZkYcQEt. Status changed: QUEUED => ACTIVE in 0.302170038223
2019-06-16 19:17:08.578 1634 INFO rally.task.runner [-] Task cbe7365b-99a8-473c-847d-16c8395d9cfb | ITER: 1 END: OK
2019-06-16 19:17:08.582 1634 INFO rally.task.runner [-] Task cbe7365b-99a8-473c-847d-16c8395d9cfb | ITER: 6 START
2019-06-16 19:17:08.591 1639 RALLYDEBUG rally.task.utils [-] Waiting for resource s_rally_695562b1_YozV3TBb. Status changed: QUEUED => ACTIVE in 0.318237066269
2019-06-16 19:17:08.615 1635 RALLYDEBUG rally.task.utils [-] Waiting for resource s_rally_695562b1_Kvegp6Ev. Status changed: QUEUED => ACTIVE in 0.311453104019
2019-06-16 19:17:08.803 1639 INFO rally.task.runner [-] Task cbe7365b-99a8-473c-847d-16c8395d9cfb | ITER: 3 END: OK
2019-06-16 19:17:08.807 1639 INFO rally.task.runner [-] Task cbe7365b-99a8-473c-847d-16c8395d9cfb | ITER: 7 START
2019-06-16 19:17:08.911 1635 INFO rally.task.runner [-] Task cbe7365b-99a8-473c-847d-16c8395d9cfb | ITER: 2 END: OK
2019-06-16 19:17:08.914 1635 INFO rally.task.runner [-] Task cbe7365b-99a8-473c-847d-16c8395d9cfb | ITER: 8 START
2019-06-16 19:17:11.374 1636 RALLYDEBUG rally.task.utils [-] Waiting for resource u'b76fbf81-79dd-498a-9d65-39ec86125e6e'. Status changed: NONE => QUEUED in 0.501363039017
2019-06-16 19:17:12.549 1634 RALLYDEBUG rally.task.utils [-] Waiting for resource u'3d8b6fdf-4ad9-4ffb-b3b8-ab2b57356f4f'. Status changed: NONE => QUEUED in 0.508970022202
2019-06-16 19:17:12.791 1636 RALLYDEBUG rally.task.utils [-] Waiting for resource s_rally_695562b1_TJig9Y17. Status changed: QUEUED => ACTIVE in 0.322546005249
2019-06-16 19:17:12.936 1639 RALLYDEBUG rally.task.utils [-] Waiting for resource u'9f615604-b10c-4b42-9203-6e29217cedba'. Status changed: NONE => QUEUED in 0.783584117889
2019-06-16 19:17:13.013 1636 INFO rally.task.runner [-] Task cbe7365b-99a8-473c-847d-16c8395d9cfb | ITER: 5 END: OK
2019-06-16 19:17:13.017 1636 INFO rally.task.runner [-] Task cbe7365b-99a8-473c-847d-16c8395d9cfb | ITER: 9 START
2019-06-16 19:17:13.125 1635 RALLYDEBUG rally.task.utils [-] Waiting for resource u'6dc71102-5b02-4f85-a4ad-ac28907961f4'. Status changed: NONE => QUEUED in 0.531705141068
2019-06-16 19:17:13.849 1634 RALLYDEBUG rally.task.utils [-] Waiting for resource s_rally_695562b1_CScVtXby. Status changed: QUEUED => ACTIVE in 0.0184218883514
2019-06-16 19:17:13.867 1634 INFO rally.task.runner [-] Task cbe7365b-99a8-473c-847d-16c8395d9cfb | ITER: 6 END: OK
2019-06-16 19:17:13.870 1634 INFO rally.task.runner [-] Task cbe7365b-99a8-473c-847d-16c8395d9cfb | ITER: 10 START
2019-06-16 19:17:15.062 1639 RALLYDEBUG rally.task.utils [-] Waiting for resource s_rally_695562b1_lhJBZCMa. Status changed: QUEUED => ACTIVE in 0.215389966965
2019-06-16 19:17:15.193 1635 RALLYDEBUG rally.task.utils [-] Waiting for resource s_rally_695562b1_8kQp7KR3. Status changed: QUEUED => ACTIVE in 0.310513973236
2019-06-16 19:17:15.212 1635 INFO rally.task.runner [-] Task cbe7365b-99a8-473c-847d-16c8395d9cfb | ITER: 8 END: OK
2019-06-16 19:17:15.365 1639 INFO rally.task.runner [-] Task cbe7365b-99a8-473c-847d-16c8395d9cfb | ITER: 7 END: OK
2019-06-16 19:17:17.002 1636 RALLYDEBUG rally.task.utils [-] Waiting for resource u'f0e2b6ec-67c7-4b74-853a-a0c8884b917e'. Status changed: NONE => QUEUED in 0.512552976608
2019-06-16 19:17:18.103 1634 RALLYDEBUG rally.task.utils [-] Waiting for resource u'73dbc8d1-2159-4b23-840c-99ba51fc0202'. Status changed: NONE => QUEUED in 0.623579978943
2019-06-16 19:17:18.708 1636 RALLYDEBUG rally.task.utils [-] Waiting for resource s_rally_695562b1_HZ09sIUk. Status changed: QUEUED => ACTIVE in 0.297200918198
2019-06-16 19:17:18.930 1636 INFO rally.task.runner [-] Task cbe7365b-99a8-473c-847d-16c8395d9cfb | ITER: 9 END: OK
2019-06-16 19:17:19.475 1634 RALLYDEBUG rally.task.utils [-] Waiting for resource s_rally_695562b1_ZVULpt1J. Status changed: QUEUED => ACTIVE in 0.0180280208588
2019-06-16 19:17:19.697 1634 INFO rally.task.runner [-] Task cbe7365b-99a8-473c-847d-16c8395d9cfb | ITER: 10 END: OK
2019-06-16 19:17:19.716 726 INFO rally.task.context [-] Task cbe7365b-99a8-473c-847d-16c8395d9cfb | Context cleanup@openstack cleanup() started
2019-06-16 19:17:19.719 726 RALLYDEBUG rally_openstack.cleanup.manager [-] Cleaning up glance images objects
2019-06-16 19:17:23.781 726 RALLYDEBUG rally_openstack.cleanup.manager [-] Deleting glance.images object s_rally_695562b1_HZ09sIUk (f0e2b6ec-67c7-4b74-853a-a0c8884b917e)
2019-06-16 19:17:23.782 726 RALLYDEBUG rally_openstack.cleanup.manager [-] Deleting glance.images object s_rally_695562b1_QZkYcQEt (3c0c67e1-1a56-4dfe-8aa2-5eea66378fda)
2019-06-16 19:17:23.783 726 RALLYDEBUG rally_openstack.cleanup.manager [-] Deleting glance.images object s_rally_695562b1_YozV3TBb (78a08001-8239-4fd9-b17a-4073838f177a)
2019-06-16 19:17:23.783 726 RALLYDEBUG rally_openstack.cleanup.manager [-] Deleting glance.images object s_rally_695562b1_8kQp7KR3 (6dc71102-5b02-4f85-a4ad-ac28907961f4)
2019-06-16 19:17:23.788 726 RALLYDEBUG rally_openstack.cleanup.manager [-] Deleting glance.images object s_rally_695562b1_OyWKlQnc (bbabeadb-6cb0-4539-b7d0-e6a10c762d11)
2019-06-16 19:17:23.795 726 RALLYDEBUG rally_openstack.cleanup.manager [-] Deleting glance.images object s_rally_695562b1_ZVULpt1J (73dbc8d1-2159-4b23-840c-99ba51fc0202)
2019-06-16 19:17:23.797 726 RALLYDEBUG rally_openstack.cleanup.manager [-] Deleting glance.images object s_rally_695562b1_TJig9Y17 (b76fbf81-79dd-498a-9d65-39ec86125e6e)
2019-06-16 19:17:23.803 726 RALLYDEBUG rally_openstack.cleanup.manager [-] Deleting glance.images object s_rally_695562b1_Kvegp6Ev (46c9b3bc-d8ab-46aa-bb1f-da16253aaab9)
2019-06-16 19:17:23.810 726 RALLYDEBUG rally_openstack.cleanup.manager [-] Deleting glance.images object s_rally_695562b1_CScVtXby (3d8b6fdf-4ad9-4ffb-b3b8-ab2b57356f4f)
2019-06-16 19:17:23.821 726 RALLYDEBUG rally_openstack.cleanup.manager [-] Deleting glance.images object s_rally_695562b1_lhJBZCMa (9f615604-b10c-4b42-9203-6e29217cedba)
2019-06-16 19:17:25.124 726 DEBUG glanceclient.common.http [-] Request returned failure status 404. _handle_response /usr/lib/python2.7/site-packages/glanceclient/common/http.py:125
2019-06-16 19:17:25.435 726 DEBUG glanceclient.common.http [-] Request returned failure status 404. _handle_response /usr/lib/python2.7/site-packages/glanceclient/common/http.py:125
2019-06-16 19:17:26.233 726 DEBUG glanceclient.common.http [-] Request returned failure status 404. _handle_response /usr/lib/python2.7/site-packages/glanceclient/common/http.py:125
2019-06-16 19:17:26.308 726 DEBUG glanceclient.common.http [-] Request returned failure status 404. _handle_response /usr/lib/python2.7/site-packages/glanceclient/common/http.py:125
2019-06-16 19:17:26.317 726 DEBUG glanceclient.common.http [-] Request returned failure status 404. _handle_response /usr/lib/python2.7/site-packages/glanceclient/common/http.py:125
2019-06-16 19:17:26.481 726 DEBUG glanceclient.common.http [-] Request returned failure status 404. _handle_response /usr/lib/python2.7/site-packages/glanceclient/common/http.py:125
2019-06-16 19:17:26.509 726 DEBUG glanceclient.common.http [-] Request returned failure status 404. _handle_response /usr/lib/python2.7/site-packages/glanceclient/common/http.py:125
2019-06-16 19:17:26.524 726 DEBUG glanceclient.common.http [-] Request returned failure status 404. _handle_response /usr/lib/python2.7/site-packages/glanceclient/common/http.py:125
2019-06-16 19:17:26.530 726 DEBUG glanceclient.common.http [-] Request returned failure status 404. _handle_response /usr/lib/python2.7/site-packages/glanceclient/common/http.py:125
2019-06-16 19:17:26.543 726 DEBUG glanceclient.common.http [-] Request returned failure status 404. _handle_response /usr/lib/python2.7/site-packages/glanceclient/common/http.py:125
2019-06-16 19:17:26.560 726 DEBUG glanceclient.common.http [-] Request returned failure status 404. _handle_response /usr/lib/python2.7/site-packages/glanceclient/common/http.py:125
2019-06-16 19:17:26.560 726 DEBUG glanceclient.common.http [-] Request returned failure status 404. _handle_response /usr/lib/python2.7/site-packages/glanceclient/common/http.py:125
2019-06-16 19:17:26.605 726 DEBUG glanceclient.common.http [-] Request returned failure status 404. _handle_response /usr/lib/python2.7/site-packages/glanceclient/common/http.py:125
2019-06-16 19:17:26.613 726 DEBUG glanceclient.common.http [-] Request returned failure status 404. _handle_response /usr/lib/python2.7/site-packages/glanceclient/common/http.py:125
2019-06-16 19:17:26.629 726 DEBUG glanceclient.common.http [-] Request returned failure status 404. _handle_response /usr/lib/python2.7/site-packages/glanceclient/common/http.py:125
2019-06-16 19:17:26.643 726 DEBUG glanceclient.common.http [-] Request returned failure status 404. _handle_response /usr/lib/python2.7/site-packages/glanceclient/common/http.py:125
2019-06-16 19:17:26.657 726 DEBUG glanceclient.common.http [-] Request returned failure status 404. _handle_response /usr/lib/python2.7/site-packages/glanceclient/common/http.py:125
2019-06-16 19:17:26.747 726 DEBUG glanceclient.common.http [-] Request returned failure status 404. _handle_response /usr/lib/python2.7/site-packages/glanceclient/common/http.py:125
2019-06-16 19:17:26.819 726 DEBUG glanceclient.common.http [-] Request returned failure status 404. _handle_response /usr/lib/python2.7/site-packages/glanceclient/common/http.py:125
2019-06-16 19:17:26.870 726 DEBUG glanceclient.common.http [-] Request returned failure status 404. _handle_response /usr/lib/python2.7/site-packages/glanceclient/common/http.py:125
2019-06-16 19:17:27.872 726 INFO rally.task.context [-] Task cbe7365b-99a8-473c-847d-16c8395d9cfb | Context cleanup@openstack cleanup() finished in 8.16 sec
2019-06-16 19:17:27.873 726 INFO rally.task.context [-] Task cbe7365b-99a8-473c-847d-16c8395d9cfb | Context users@openstack cleanup() started
2019-06-16 19:17:35.725 726 INFO rally.task.context [-] Task cbe7365b-99a8-473c-847d-16c8395d9cfb | Context users@openstack cleanup() finished in 7.85 sec
2019-06-16 19:17:36.480 726 INFO rally.task.engine [-] Load duration is: 15.808445
2019-06-16 19:17:36.480 726 INFO rally.task.engine [-] Full runner duration is: 16.715948
2019-06-16 19:17:36.481 726 INFO rally.task.engine [-] Full duration is: 37.639071
2019-06-16 19:17:36.723 726 INFO rally.task.engine [-] Running workload: position = 0 config = { "version": 2, "title": "A cropped version of a bigger task.", "description": "Auto-generated task from a single workload (uuid=dbe3913c-98be-4860-b552-9192f6de9e23)", "subtasks": [ { "title": "GlanceImages.create_and_update_image", "description": "Create an image then update it.", "scenario": { "GlanceImages.create_and_update_image": { "container_format": "bare", "disk_format": "qcow2", "image_location": "/home/opnfv/functest/images/cirros-0.4.0-x86_64-disk.img" } }, "contexts": { "users": { "tenants": 3, "users_per_tenant": 2 } }, "runner": { "constant": { "concurrency": 4, "times": 10 } }, "hooks": [], "sla": { "failure_rate": { "max": 0 } } } ] }
2019-06-16 19:17:36.743 726 RALLYDEBUG rally_openstack.contexts.keystone.users [-] Creating 3 tenants using 20 threads
2019-06-16 19:17:38.692 726 RALLYDEBUG rally_openstack.contexts.keystone.users [-] Creating 6 users using 20 threads
2019-06-16 19:17:41.474 726 INFO rally.task.context [-] Task cbe7365b-99a8-473c-847d-16c8395d9cfb | Context users@openstack setup() finished in 4.73 sec
2019-06-16 19:17:41.474 726 INFO rally.task.context [-] Task cbe7365b-99a8-473c-847d-16c8395d9cfb | Context cleanup@openstack setup() finished in 0.00 msec
2019-06-16 19:17:41.483 726 RALLYDEBUG rally.task.runner [-] Starting the constant runner (task UUID: cbe7365b-99a8-473c-847d-16c8395d9cfb). timeout: 0 concurrency: 4 concurrency_per_worker: 1 times: 10 concurrency_overhead: 0 processes_to_start: 4 max_cpu_used: 16
2019-06-16 19:17:41.495 1759 RALLYDEBUG rally.task.runner [-] Starting a worker. concurrency: 1 args: {"container_format": "bare", "disk_format": "qcow2", "image_location": "/home/opnfv/functest/images/cirros-0.4.0-x86_64-disk.img"} times: 10 method_name: run timeout: 0 duration: None cls:
2019-06-16 19:17:41.495 1758 RALLYDEBUG rally.task.runner [-] Starting a worker. concurrency: 1 args: {"container_format": "bare", "disk_format": "qcow2", "image_location": "/home/opnfv/functest/images/cirros-0.4.0-x86_64-disk.img"} times: 10 method_name: run timeout: 0 duration: None cls:
2019-06-16 19:17:41.498 1759 INFO rally.task.runner [-] Task cbe7365b-99a8-473c-847d-16c8395d9cfb | ITER: 1 START
2019-06-16 19:17:41.498 1760 RALLYDEBUG rally.task.runner [-] Starting a worker. concurrency: 1 args: {"container_format": "bare", "disk_format": "qcow2", "image_location": "/home/opnfv/functest/images/cirros-0.4.0-x86_64-disk.img"} times: 10 method_name: run timeout: 0 duration: None cls:
2019-06-16 19:17:41.500 1760 INFO rally.task.runner [-] Task cbe7365b-99a8-473c-847d-16c8395d9cfb | ITER: 3 START
2019-06-16 19:17:41.501 1763 RALLYDEBUG rally.task.runner [-] Starting a worker. concurrency: 1 args: {"container_format": "bare", "disk_format": "qcow2", "image_location": "/home/opnfv/functest/images/cirros-0.4.0-x86_64-disk.img"} times: 10 method_name: run timeout: 0 duration: None cls:
2019-06-16 19:17:41.502 1758 INFO rally.task.runner [-] Task cbe7365b-99a8-473c-847d-16c8395d9cfb | ITER: 2 START
2019-06-16 19:17:41.503 1763 INFO rally.task.runner [-] Task cbe7365b-99a8-473c-847d-16c8395d9cfb | ITER: 4 START
2019-06-16 19:17:45.550 1763 RALLYDEBUG rally.task.utils [-] Waiting for resource u'4e125ea5-f2d5-40be-bbb7-0430f6a41e28'. Status changed: NONE => QUEUED in 0.511291027069
2019-06-16 19:17:45.576 1760 RALLYDEBUG rally.task.utils [-] Waiting for resource u'293f027a-c621-4142-98dd-da28ee2ce4ea'. Status changed: NONE => QUEUED in 0.573926925659
2019-06-16 19:17:45.588 1758 RALLYDEBUG rally.task.utils [-] Waiting for resource u'8833e405-6485-4044-a8d6-cb82b741e534'. Status changed: NONE => QUEUED in 0.575815916061
2019-06-16 19:17:45.670 1759 RALLYDEBUG rally.task.utils [-] Waiting for resource u'd7ffa8d3-ff99-4f32-a5b8-6524326c0ddb'. Status changed: NONE => QUEUED in 0.596764087677
2019-06-16 19:17:46.618 1760 RALLYDEBUG rally.task.utils [-] Waiting for resource s_rally_dbe3913c_Rs89JGo2. Status changed: QUEUED => ACTIVE in 0.0178618431091
2019-06-16 19:17:46.937 1763 RALLYDEBUG rally.task.utils [-] Waiting for resource s_rally_dbe3913c_KH9z3zHs. Status changed: QUEUED => ACTIVE in 0.324023962021
2019-06-16 19:17:47.036 1759 RALLYDEBUG rally.task.utils [-] Waiting for resource s_rally_dbe3913c_HvlzyWXl. Status changed: QUEUED => ACTIVE in 0.326095104218
2019-06-16 19:17:47.302 1763 INFO rally.task.runner [-] Task cbe7365b-99a8-473c-847d-16c8395d9cfb | ITER: 4 END: OK
2019-06-16 19:17:47.306 1763 INFO rally.task.runner [-] Task cbe7365b-99a8-473c-847d-16c8395d9cfb | ITER: 5 START
2019-06-16 19:17:47.361 1760 INFO rally.task.runner [-] Task cbe7365b-99a8-473c-847d-16c8395d9cfb | ITER: 3 END: OK
2019-06-16 19:17:47.364 1760 INFO rally.task.runner [-] Task cbe7365b-99a8-473c-847d-16c8395d9cfb | ITER: 6 START
2019-06-16 19:17:47.461 1759 INFO rally.task.runner [-] Task cbe7365b-99a8-473c-847d-16c8395d9cfb | ITER: 1 END: OK
2019-06-16 19:17:47.465 1759 INFO rally.task.runner [-] Task cbe7365b-99a8-473c-847d-16c8395d9cfb | ITER: 7 START
2019-06-16 19:17:47.888 1758 RALLYDEBUG rally.task.utils [-] Waiting for resource s_rally_dbe3913c_sG80Z7Ku. Status changed: QUEUED => ACTIVE in 0.291342020035
2019-06-16 19:17:48.776 1758 INFO rally.task.runner [-] Task cbe7365b-99a8-473c-847d-16c8395d9cfb | ITER: 2 END: OK
2019-06-16 19:17:48.780 1758 INFO rally.task.runner [-] Task cbe7365b-99a8-473c-847d-16c8395d9cfb | ITER: 8 START
2019-06-16 19:17:50.692 1763 RALLYDEBUG rally.task.utils [-] Waiting for resource u'4066bdc5-e1a8-4902-9229-f0fe50878922'. Status changed: NONE => QUEUED in 0.222082138062
2019-06-16 19:17:51.405 1760 RALLYDEBUG rally.task.utils [-] Waiting for resource u'afe0f43f-5243-49c5-98a7-86c40063fa8b'. Status changed: NONE => QUEUED in 0.577661991119
2019-06-16 19:17:51.410 1759 RALLYDEBUG rally.task.utils [-] Waiting for resource u'13eae60e-1666-4886-95f9-4a9f71431d58'. Status changed: NONE => QUEUED in 0.414378881454
2019-06-16 19:17:51.623 1763 RALLYDEBUG rally.task.utils [-] Waiting for resource s_rally_dbe3913c_zUK1TWku. Status changed: QUEUED => ACTIVE in 0.292248010635
2019-06-16 19:17:52.206 1763 INFO rally.task.runner [-] Task cbe7365b-99a8-473c-847d-16c8395d9cfb | ITER: 5 END: OK
2019-06-16 19:17:52.209 1763 INFO rally.task.runner [-] Task cbe7365b-99a8-473c-847d-16c8395d9cfb | ITER: 9 START
2019-06-16 19:17:52.651 1759 RALLYDEBUG rally.task.utils [-] Waiting for resource s_rally_dbe3913c_fwxMi3qZ. Status changed: QUEUED => ACTIVE in 0.217058897018
2019-06-16 19:17:52.837 1760 RALLYDEBUG rally.task.utils [-] Waiting for resource s_rally_dbe3913c_FujHGp90. Status changed: QUEUED => ACTIVE in 0.301576137543
2019-06-16 19:17:52.940 1758 RALLYDEBUG rally.task.utils [-] Waiting for resource u'1fa2871f-9b85-452f-9851-9c661b997c1e'. Status changed: NONE => QUEUED in 0.520848989487
2019-06-16 19:17:53.197 1759 INFO rally.task.runner [-] Task cbe7365b-99a8-473c-847d-16c8395d9cfb | ITER: 7 END: OK
2019-06-16 19:17:53.201 1759 INFO rally.task.runner [-] Task cbe7365b-99a8-473c-847d-16c8395d9cfb | ITER: 10 START
2019-06-16 19:17:53.344 1760 INFO rally.task.runner [-] Task cbe7365b-99a8-473c-847d-16c8395d9cfb | ITER: 6 END: OK
2019-06-16 19:17:54.883 1758 RALLYDEBUG rally.task.utils [-] Waiting for resource s_rally_dbe3913c_BiSLxlqT. Status changed: QUEUED => ACTIVE in 0.31768989563
2019-06-16 19:17:55.406 1758 INFO rally.task.runner [-] Task cbe7365b-99a8-473c-847d-16c8395d9cfb | ITER: 8 END: OK
2019-06-16 19:17:55.979 1763 RALLYDEBUG rally.task.utils [-] Waiting for resource u'f4ff04f2-5e80-494a-8d91-6a9223697eea'. Status changed: NONE => QUEUED in 0.506938934326
2019-06-16 19:17:56.932 1763 RALLYDEBUG rally.task.utils [-] Waiting for resource s_rally_dbe3913c_hvgUPMav. Status changed: QUEUED => ACTIVE in 0.205132961273
2019-06-16 19:17:57.072 1759 RALLYDEBUG rally.task.utils [-] Waiting for resource u'392bc523-ca42-4324-9794-32658161541e'. Status changed: NONE => QUEUED in 0.485173940659
2019-06-16 19:17:57.806 1759 RALLYDEBUG rally.task.utils [-] Waiting for resource s_rally_dbe3913c_FHg8Rp8o. Status changed: QUEUED => ACTIVE in 0.0193068981171
2019-06-16 19:17:57.937 1763 INFO rally.task.runner [-] Task cbe7365b-99a8-473c-847d-16c8395d9cfb | ITER: 9 END: OK
2019-06-16 19:17:58.528 1759 INFO rally.task.runner [-] Task cbe7365b-99a8-473c-847d-16c8395d9cfb | ITER: 10 END: OK
2019-06-16 19:17:58.555 726 INFO rally.task.context [-] Task cbe7365b-99a8-473c-847d-16c8395d9cfb | Context cleanup@openstack cleanup() started
2019-06-16 19:17:58.558 726 RALLYDEBUG rally_openstack.cleanup.manager [-] Cleaning up glance images objects
2019-06-16 19:18:02.445 726 RALLYDEBUG rally_openstack.cleanup.manager [-] Deleting glance.images object s_rally_dbe3913c_axP7L8Xu (afe0f43f-5243-49c5-98a7-86c40063fa8b)
2019-06-16 19:18:02.448 726 RALLYDEBUG rally_openstack.cleanup.manager [-] Deleting glance.images object s_rally_dbe3913c_pcHWWz3I (4066bdc5-e1a8-4902-9229-f0fe50878922)
2019-06-16 19:18:02.448 726 RALLYDEBUG rally_openstack.cleanup.manager [-] Deleting glance.images object s_rally_dbe3913c_qikRAVb6 (13eae60e-1666-4886-95f9-4a9f71431d58)
2019-06-16 19:18:02.453 726 RALLYDEBUG rally_openstack.cleanup.manager [-] Deleting glance.images object s_rally_dbe3913c_J8O7xDKe (293f027a-c621-4142-98dd-da28ee2ce4ea)
2019-06-16 19:18:02.454 726 RALLYDEBUG rally_openstack.cleanup.manager [-] Deleting glance.images object s_rally_dbe3913c_rc7lHaaA (1fa2871f-9b85-452f-9851-9c661b997c1e)
2019-06-16 19:18:02.454 726 RALLYDEBUG rally_openstack.cleanup.manager [-] Deleting glance.images object s_rally_dbe3913c_V3KplGcH (d7ffa8d3-ff99-4f32-a5b8-6524326c0ddb)
2019-06-16 19:18:02.458 726 RALLYDEBUG rally_openstack.cleanup.manager [-] Deleting glance.images object s_rally_dbe3913c_XkdytSPs (f4ff04f2-5e80-494a-8d91-6a9223697eea)
2019-06-16 19:18:02.460 726 RALLYDEBUG rally_openstack.cleanup.manager [-] Deleting glance.images object s_rally_dbe3913c_X35PSAZs (4e125ea5-f2d5-40be-bbb7-0430f6a41e28)
2019-06-16 19:18:02.462 726 RALLYDEBUG rally_openstack.cleanup.manager [-] Deleting glance.images object s_rally_dbe3913c_8rEELOYw (8833e405-6485-4044-a8d6-cb82b741e534)
2019-06-16 19:18:02.464 726 RALLYDEBUG rally_openstack.cleanup.manager [-] Deleting glance.images object s_rally_dbe3913c_n5dht9Ca (392bc523-ca42-4324-9794-32658161541e)
2019-06-16 19:18:04.686 726 DEBUG glanceclient.common.http [-] Request returned failure status 404. _handle_response /usr/lib/python2.7/site-packages/glanceclient/common/http.py:125
2019-06-16 19:18:04.693 726 DEBUG glanceclient.common.http [-] Request returned failure status 404. _handle_response /usr/lib/python2.7/site-packages/glanceclient/common/http.py:125
2019-06-16 19:18:04.857 726 DEBUG glanceclient.common.http [-] Request returned failure status 404. _handle_response /usr/lib/python2.7/site-packages/glanceclient/common/http.py:125
2019-06-16 19:18:04.873 726 DEBUG glanceclient.common.http [-] Request returned failure status 404. _handle_response /usr/lib/python2.7/site-packages/glanceclient/common/http.py:125
2019-06-16 19:18:04.910 726 DEBUG glanceclient.common.http [-] Request returned failure status 404. _handle_response /usr/lib/python2.7/site-packages/glanceclient/common/http.py:125
2019-06-16 19:18:04.913 726 DEBUG glanceclient.common.http [-] Request returned failure status 404. _handle_response /usr/lib/python2.7/site-packages/glanceclient/common/http.py:125
2019-06-16 19:18:05.015 726 DEBUG glanceclient.common.http [-] Request returned failure status 404. _handle_response /usr/lib/python2.7/site-packages/glanceclient/common/http.py:125
2019-06-16 19:18:05.386 726 DEBUG glanceclient.common.http [-] Request returned failure status 404. _handle_response /usr/lib/python2.7/site-packages/glanceclient/common/http.py:125
2019-06-16 19:18:05.757 726 DEBUG glanceclient.common.http [-] Request returned failure status 404. _handle_response /usr/lib/python2.7/site-packages/glanceclient/common/http.py:125
2019-06-16 19:18:05.966 726 DEBUG glanceclient.common.http [-] Request returned failure status 404. _handle_response /usr/lib/python2.7/site-packages/glanceclient/common/http.py:125
2019-06-16 19:18:05.969 726 DEBUG glanceclient.common.http [-] Request returned failure status 404. _handle_response /usr/lib/python2.7/site-packages/glanceclient/common/http.py:125
2019-06-16 19:18:05.977 726 DEBUG glanceclient.common.http [-] Request returned failure status 404. _handle_response /usr/lib/python2.7/site-packages/glanceclient/common/http.py:125
2019-06-16 19:18:05.991 726 DEBUG glanceclient.common.http [-] Request returned failure status 404. _handle_response /usr/lib/python2.7/site-packages/glanceclient/common/http.py:125
2019-06-16 19:18:05.992 726 DEBUG glanceclient.common.http [-] Request returned failure status 404. _handle_response /usr/lib/python2.7/site-packages/glanceclient/common/http.py:125
2019-06-16 19:18:05.997 726 DEBUG glanceclient.common.http [-] Request returned failure status 404. _handle_response /usr/lib/python2.7/site-packages/glanceclient/common/http.py:125
2019-06-16 19:18:06.012 726 DEBUG glanceclient.common.http [-] Request returned failure status 404. _handle_response /usr/lib/python2.7/site-packages/glanceclient/common/http.py:125
2019-06-16 19:18:06.047 726 DEBUG glanceclient.common.http [-] Request returned failure status 404. _handle_response /usr/lib/python2.7/site-packages/glanceclient/common/http.py:125
2019-06-16 19:18:06.059 726 DEBUG glanceclient.common.http [-] Request returned failure status 404. _handle_response /usr/lib/python2.7/site-packages/glanceclient/common/http.py:125
2019-06-16 19:18:06.077 726 DEBUG glanceclient.common.http [-] Request returned failure status 404. _handle_response /usr/lib/python2.7/site-packages/glanceclient/common/http.py:125
2019-06-16 19:18:06.259 726 DEBUG glanceclient.common.http [-] Request returned failure status 404. _handle_response /usr/lib/python2.7/site-packages/glanceclient/common/http.py:125
2019-06-16 19:18:07.262 726 INFO rally.task.context [-] Task cbe7365b-99a8-473c-847d-16c8395d9cfb | Context cleanup@openstack cleanup() finished in 8.71 sec
2019-06-16 19:18:07.262 726 INFO rally.task.context [-] Task cbe7365b-99a8-473c-847d-16c8395d9cfb | Context users@openstack cleanup() started
2019-06-16 19:18:15.548 726 INFO rally.task.context [-] Task cbe7365b-99a8-473c-847d-16c8395d9cfb | Context users@openstack cleanup() finished in 8.29 sec
2019-06-16 19:18:16.926 726 INFO rally.task.engine [-] Load duration is: 16.17042
2019-06-16 19:18:16.926 726 INFO rally.task.engine [-] Full runner duration is: 17.073578
2019-06-16 19:18:16.927 726 INFO rally.task.engine [-] Full duration is: 38.806714
2019-06-16 19:18:17.151 726 INFO rally.task.engine [-] Task cbe7365b-99a8-473c-847d-16c8395d9cfb | Completed: Running task.
2019-06-16 19:18:18.101 1840 RALLYDEBUG rally.api [-] INFO logs from urllib3 and requests module are hide.
2019-06-16 19:18:18.101 1840 RALLYDEBUG rally.api [-] urllib3 insecure warnings are hidden.
2019-06-16 19:18:18.101 1840 RALLYDEBUG rally.api [-] ERROR log from boto module is hide.
2019-06-16 19:18:18.832 1841 RALLYDEBUG rally.api [-] INFO logs from urllib3 and requests module are hide.
2019-06-16 19:18:18.832 1841 RALLYDEBUG rally.api [-] urllib3 insecure warnings are hidden.
2019-06-16 19:18:18.832 1841 RALLYDEBUG rally.api [-] ERROR log from boto module is hide.
2019-06-16 19:18:20.138 1841 INFO rally.api [-] Building 'json' report for the following task(s): 'cbe7365b-99a8-473c-847d-16c8395d9cfb'.
2019-06-16 19:18:20.155 1841 INFO rally.api [-] The report has been successfully built.
2019-06-16 19:18:20.949 1843 RALLYDEBUG rally.api [-] INFO logs from urllib3 and requests module are hide.
2019-06-16 19:18:20.949 1843 RALLYDEBUG rally.api [-] urllib3 insecure warnings are hidden.
2019-06-16 19:18:20.949 1843 RALLYDEBUG rally.api [-] ERROR log from boto module is hide.
2019-06-16 19:18:22.456 1843 INFO rally.task.engine [-] Task 09a99569-eec3-4a39-b4ce-97611f981562 | Starting: Task validation.
2019-06-16 19:18:22.495 1843 INFO rally.task.engine [-] Task 09a99569-eec3-4a39-b4ce-97611f981562 | Starting: Task validation of syntax.
2019-06-16 19:18:22.836 1843 INFO rally.task.engine [-] Task 09a99569-eec3-4a39-b4ce-97611f981562 | Completed: Task validation of syntax.
2019-06-16 19:18:22.836 1843 INFO rally.task.engine [-] Task 09a99569-eec3-4a39-b4ce-97611f981562 | Starting: Task validation of required platforms.
2019-06-16 19:18:22.938 1843 INFO rally.task.engine [-] Task 09a99569-eec3-4a39-b4ce-97611f981562 | Completed: Task validation of required platforms.
2019-06-16 19:18:22.938 1843 INFO rally.task.engine [-] Task 09a99569-eec3-4a39-b4ce-97611f981562 | Starting: Task validation of semantic.
2019-06-16 19:18:22.939 1843 INFO rally.task.engine [-] Check health of the environment 'e6bccec7-bf49-4795-923e-7bbf5c0f8b85'.
2019-06-16 19:18:23.748 1843 INFO rally.task.engine [-] Platform existing@openstack (available: True): OK!
2019-06-16 19:18:23.766 1843 RALLYDEBUG rally_openstack.contexts.keystone.users [-] Creating 1 tenants using 20 threads
2019-06-16 19:18:25.752 1843 RALLYDEBUG rally_openstack.contexts.keystone.users [-] Creating 1 users using 20 threads
2019-06-16 19:18:28.650 1843 INFO rally.task.context [-] Task 09a99569-eec3-4a39-b4ce-97611f981562 | Context users@openstack setup() finished in 4.88 sec
2019-06-16 19:18:29.656 1843 DEBUG novaclient.v2.client [-] REQ: curl -g -i -X GET http://172.30.9.23:8774/v2.1/flavors/detail -H "Accept: application/json" -H "User-Agent: python-novaclient" -H "X-Auth-Token: {SHA1}47d1a0ab6bf45c7500bcc0aa9233ee5db01b6819" _http_log_request /usr/lib/python2.7/site-packages/keystoneauth1/session.py:448
