2019-06-16 09:40:19.258 22703 RALLYDEBUG rally_openstack.cleanup.manager [-] Deleting neutron.port object s_rally_ba4cbece_0RWa3hhn (dd7e6d77-51f3-41d3-b27e-3a6f932ccf9c)
2019-06-16 09:40:19.285 22703 RALLYDEBUG rally_openstack.cleanup.manager [-] Deleting neutron.port object s_rally_ba4cbece_FfvmHXo8 (de31d4e1-fe93-40f4-a93d-afee5243757f)
2019-06-16 09:40:19.312 22703 RALLYDEBUG rally_openstack.cleanup.manager [-] Deleting neutron.port object s_rally_ba4cbece_cLcc4ee2 (df3de5e4-6288-462e-bf00-6cbbc9f50a9b)
2019-06-16 09:40:19.385 22703 RALLYDEBUG rally_openstack.cleanup.manager [-] Deleting neutron.port object s_rally_ba4cbece_smDC6JPm (df4f92e4-14d1-41d5-91ee-9b0eebb8e1d3)
2019-06-16 09:40:19.467 22703 RALLYDEBUG rally_openstack.cleanup.manager [-] Deleting neutron.port object s_rally_ba4cbece_I4pmFzWI (dfdecc62-0deb-4206-89d2-287b4ad6c61b)
2019-06-16 09:40:19.604 22703 RALLYDEBUG rally_openstack.cleanup.manager [-] Deleting neutron.port object s_rally_ba4cbece_PV7OG79y (dff9a421-902f-4e2a-b464-51f451f1d1fa)
2019-06-16 09:40:19.608 22703 RALLYDEBUG rally_openstack.cleanup.manager [-] Deleting neutron.port object s_rally_ba4cbece_9zJC6mg4 (dffd5cfa-c3d3-44a8-8eac-4da6eb110fb8)
2019-06-16 09:40:19.723 22703 RALLYDEBUG rally_openstack.cleanup.manager [-] Deleting neutron.port object s_rally_ba4cbece_B0Bqz3f1 (e024a7b6-82e2-4e61-91b3-ddfb97260a00)
2019-06-16 09:40:19.756 22703 RALLYDEBUG rally_openstack.cleanup.manager [-] Deleting neutron.port object s_rally_ba4cbece_4M19AKzR (e0753784-3f6c-42b9-b0a1-f87958aaf2a9)
2019-06-16 09:40:19.762 22703 RALLYDEBUG rally_openstack.cleanup.manager [-] Deleting neutron.port object s_rally_ba4cbece_IukvNWOv (e1735eb5-f78a-489d-8f7a-c038cd41f022)
2019-06-16 09:40:20.077 22703 RALLYDEBUG rally_openstack.cleanup.manager [-] Deleting neutron.port object s_rally_ba4cbece_842lQulf (e1f95dcf-235b-441a-8b73-81eb7335c3f7)
2019-06-16 09:40:20.152 22703 RALLYDEBUG rally_openstack.cleanup.manager [-] Deleting neutron.port object s_rally_ba4cbece_lLeR0UO7 (e47c8fe4-4319-4973-9df4-f1967297957b)
2019-06-16 09:40:20.298 22703 RALLYDEBUG rally_openstack.cleanup.manager [-] Deleting neutron.port object s_rally_ba4cbece_0AIP3Eo6 (e489361e-f2c9-42f7-8b62-18d09d5ac9fd)
2019-06-16 09:40:20.602 22703 RALLYDEBUG rally_openstack.cleanup.manager [-] Deleting neutron.port object s_rally_ba4cbece_6HaHa3HR (e6aec092-7a19-4791-b34e-ca2daa9f0d61)
2019-06-16 09:40:20.622 22703 RALLYDEBUG rally_openstack.cleanup.manager [-] Deleting neutron.port object s_rally_ba4cbece_tJhz0Grk (e6f48e6d-13d6-4c58-8294-7c1c80e63929)
2019-06-16 09:40:20.660 22703 RALLYDEBUG rally_openstack.cleanup.manager [-] Deleting neutron.port object s_rally_ba4cbece_R4Y6VTAS (e71efbed-7142-4bdd-87a3-4861017bd3cf)
2019-06-16 09:40:21.649 22703 RALLYDEBUG rally_openstack.cleanup.manager [-] Deleting neutron.port object s_rally_ba4cbece_ESDMGQ7o (e9465088-a186-4aa2-ad41-f96981946807)
2019-06-16 09:40:21.934 22703 RALLYDEBUG rally_openstack.cleanup.manager [-] Deleting neutron.port object s_rally_ba4cbece_K7TtOQDT (e9f85a1e-0c0c-48a7-a2ac-5df7f5732d76)
2019-06-16 09:40:22.064 22703 RALLYDEBUG rally_openstack.cleanup.manager [-] Deleting neutron.port object s_rally_ba4cbece_jQxYx0Ee (ea5a6b36-9a73-41f9-98ea-c0cc7cc87e51)
2019-06-16 09:40:22.240 22703 RALLYDEBUG rally_openstack.cleanup.manager [-] Deleting neutron.port object s_rally_ba4cbece_5PDYXDg4 (ec631b34-4133-4c0f-a2da-ad30b94dc417)
2019-06-16 09:40:22.385 22703 RALLYDEBUG rally_openstack.cleanup.manager [-] Deleting neutron.port object s_rally_ba4cbece_qZiTzexr (ecd12a87-4a82-45c7-b3b1-07eefe7b77d8)
2019-06-16 09:40:22.391 22703 RALLYDEBUG rally_openstack.cleanup.manager [-] Deleting neutron.port object s_rally_ba4cbece_Je5SXxtm (ece2300d-44f9-4d94-84e3-8b623d526b99)
2019-06-16 09:40:22.510 22703 RALLYDEBUG rally_openstack.cleanup.manager [-] Deleting neutron.port object s_rally_ba4cbece_frt92FU9 (ed07cfea-d48d-4c43-bedc-6b831d8cad10)
2019-06-16 09:40:22.598 22703 RALLYDEBUG rally_openstack.cleanup.manager [-] Deleting neutron.port object s_rally_ba4cbece_1QIL4oE2 (ed19fd70-7852-4ffc-b2c5-0ef12a1369b7)
2019-06-16 09:40:22.704 22703 RALLYDEBUG rally_openstack.cleanup.manager [-] Deleting neutron.port object s_rally_ba4cbece_5WRNdtjV (edc2a343-ab97-4a45-b503-46a9842cd81f)
2019-06-16 09:40:22.710 22703 RALLYDEBUG rally_openstack.cleanup.manager [-] Deleting neutron.port object s_rally_ba4cbece_UWV2Y9jH (efd2af27-1796-488d-a3b1-4d395c085382)
2019-06-16 09:40:22.791 22703 RALLYDEBUG rally_openstack.cleanup.manager [-] Deleting neutron.port object s_rally_ba4cbece_2AKaIlrH (effa7b78-ea57-4762-9e58-1f8b5d23edfd)
2019-06-16 09:40:22.837 22703 RALLYDEBUG rally_openstack.cleanup.manager [-] Deleting neutron.port object s_rally_ba4cbece_TKp3b5NG (f0bf4a68-a02b-4a23-9117-27260ee5a83b)
2019-06-16 09:40:23.048 22703 RALLYDEBUG rally_openstack.cleanup.manager [-] Deleting neutron.port object s_rally_ba4cbece_JrFY3aZC (f14e152e-32bc-4be7-821a-20f92c402d46)
2019-06-16 09:40:23.326 22703 RALLYDEBUG rally_openstack.cleanup.manager [-] Deleting neutron.port object s_rally_ba4cbece_QVNiuQEr (f185e3d5-bc38-4378-8d69-03828f6a2ba0)
2019-06-16 09:40:23.327 22703 RALLYDEBUG rally_openstack.cleanup.manager [-] Deleting neutron.port object s_rally_ba4cbece_7nqzNVlz (f20820b4-98fe-454b-8b96-e72a3f6c86fe)
2019-06-16 09:40:23.453 22703 RALLYDEBUG rally_openstack.cleanup.manager [-] Deleting neutron.port object s_rally_ba4cbece_J67tOG5c (f2812a16-b46e-4903-988c-334ab3a07c85)
2019-06-16 09:40:23.608 22703 RALLYDEBUG rally_openstack.cleanup.manager [-] Deleting neutron.port object s_rally_ba4cbece_OpRwgsGl (f2927f47-bc9b-400a-abb6-300c6a817a38)
2019-06-16 09:40:23.681 22703 RALLYDEBUG rally_openstack.cleanup.manager [-] Deleting neutron.port object s_rally_ba4cbece_2CuaNMEv (f2bf2e9a-caf3-48d3-ab2a-de5c0dfbdce6)
2019-06-16 09:40:23.870 22703 RALLYDEBUG rally_openstack.cleanup.manager [-] Deleting neutron.port object s_rally_ba4cbece_bIC9LhfM (f31707e7-b7fe-4274-966f-f0412d9ffbd3)
2019-06-16 09:40:23.968 22703 RALLYDEBUG rally_openstack.cleanup.manager [-] Deleting neutron.port object s_rally_ba4cbece_7Ksjkk5n (f3963f8f-c833-4f0c-9a19-65f9dcd5187f)
2019-06-16 09:40:23.971 22703 RALLYDEBUG rally_openstack.cleanup.manager [-] Deleting neutron.port object s_rally_ba4cbece_JxroOOC0 (f3ffa8d9-51bd-4dde-947f-b72a7cd65179)
2019-06-16 09:40:24.211 22703 RALLYDEBUG rally_openstack.cleanup.manager [-] Deleting neutron.port object s_rally_ba4cbece_GLiifY4I (f4a14a08-3765-4d52-bc9d-abb3e7043b27)
2019-06-16 09:40:24.905 22703 RALLYDEBUG rally_openstack.cleanup.manager [-] Deleting neutron.port object s_rally_ba4cbece_3UHYkki4 (f52105bd-8ba0-4fca-9d98-4a0a0b4ea0c3)
2019-06-16 09:40:25.177 22703 RALLYDEBUG rally_openstack.cleanup.manager [-] Deleting neutron.port object s_rally_ba4cbece_JKaFlxpk (f55640a2-4a7e-4225-87eb-3f87c8ef5cb5)
2019-06-16 09:40:25.409 22703 RALLYDEBUG rally_openstack.cleanup.manager [-] Deleting neutron.port object s_rally_ba4cbece_n08A93DT (f5925e21-6d5c-48dd-ab4a-94fc9baae15c)
2019-06-16 09:40:25.456 22703 RALLYDEBUG rally_openstack.cleanup.manager [-] Deleting neutron.port object s_rally_ba4cbece_XwWNNsyh (f5f02a83-6a6a-4f86-b6e6-ac821c1c74cd)
2019-06-16 09:40:25.480 22703 RALLYDEBUG rally_openstack.cleanup.manager [-] Deleting neutron.port object s_rally_ba4cbece_y6aP89eV (f5fe505e-c127-4736-a52c-578f7f284a8a)
2019-06-16 09:40:25.503 22703 RALLYDEBUG rally_openstack.cleanup.manager [-] Deleting neutron.port object s_rally_ba4cbece_yqM1HtYH (f64d05a3-f5b8-4512-b9d9-2edb3e589172)
2019-06-16 09:40:25.655 22703 RALLYDEBUG rally_openstack.cleanup.manager [-] Deleting neutron.port object s_rally_ba4cbece_8OSziiTV (f736415c-52f0-4414-a3bb-60ea4013174e)
2019-06-16 09:40:25.718 22703 RALLYDEBUG rally_openstack.cleanup.manager [-] Deleting neutron.port object s_rally_ba4cbece_Qh1QWyhy (f8e429c6-f3e1-4c3f-8ac5-a697e058e441)
2019-06-16 09:40:25.755 22703 RALLYDEBUG rally_openstack.cleanup.manager [-] Deleting neutron.port object s_rally_ba4cbece_9k4s8NlC (f9c0c462-3829-4ecc-934d-881c12ec2e8b)
2019-06-16 09:40:25.795 22703 RALLYDEBUG rally_openstack.cleanup.manager [-] Deleting neutron.port object s_rally_ba4cbece_SmlWtFEm (fa325ee6-8904-4e82-9a2d-a40a42b97510)
2019-06-16 09:40:25.810 22703 RALLYDEBUG rally_openstack.cleanup.manager [-] Deleting neutron.port object s_rally_ba4cbece_qix1KZ9w (fa5d2a2a-60fe-4135-b497-0853f34aa947)
2019-06-16 09:40:26.269 22703 RALLYDEBUG rally_openstack.cleanup.manager [-] Deleting neutron.port object s_rally_ba4cbece_QeTHgYoz (fa62e842-f881-4e77-a376-841870637c12)
2019-06-16 09:40:26.597 22703 RALLYDEBUG rally_openstack.cleanup.manager [-] Deleting neutron.port object s_rally_ba4cbece_LODeTk2O (fa8911f5-0a88-4330-9d1e-00de11694c8f)
2019-06-16 09:40:26.749 22703 RALLYDEBUG rally_openstack.cleanup.manager [-] Deleting neutron.port object s_rally_ba4cbece_EQApZruN (fb739207-4c3d-4a01-a16c-f2a0647613f3)
2019-06-16 09:40:26.761 22703 RALLYDEBUG rally_openstack.cleanup.manager [-] Deleting neutron.port object s_rally_ba4cbece_xTrz6HEW (fc10bd37-0e29-48d4-8812-693bed87caa5)
2019-06-16 09:40:26.872 22703 RALLYDEBUG rally_openstack.cleanup.manager [-] Deleting neutron.port object s_rally_ba4cbece_psD4qf5U (fc2657ae-bbba-43af-99cb-1d158aa4f0fd)
2019-06-16 09:40:26.976 22703 RALLYDEBUG rally_openstack.cleanup.manager [-] Deleting neutron.port object s_rally_ba4cbece_MCYbKyQr (fd5cbadc-bc8d-4dbc-b110-6d4cd7293aa1)
2019-06-16 09:40:27.006 22703 RALLYDEBUG rally_openstack.cleanup.manager [-] Deleting neutron.port object s_rally_ba4cbece_trnQ8tnI (fe0fdd2b-79b2-4b82-8438-3689fde2309b)
2019-06-16 09:40:27.112 22703 RALLYDEBUG rally_openstack.cleanup.manager [-] Deleting neutron.port object s_rally_ba4cbece_wZCgTbd0 (fe71a7ec-2dd9-4a8d-a0ef-13e6ede4b298)
2019-06-16 09:40:27.186 22703 RALLYDEBUG rally_openstack.cleanup.manager [-] Deleting neutron.port object s_rally_ba4cbece_J9cGAEUx (fecb748b-d5d6-45ba-8005-97d8df2beb14)
2019-06-16 09:40:27.322 22703 RALLYDEBUG rally_openstack.cleanup.manager [-] Deleting neutron.port object s_rally_ba4cbece_SSicuQEc (ff770326-0237-4943-baa1-3f9b26367470)
2019-06-16 09:40:27.951 22703 RALLYDEBUG rally_openstack.cleanup.manager [-] Deleting neutron.port object s_rally_ba4cbece_z9Jo4qPp (ff8deda3-14f0-479c-bc0d-8f840a5885b3)
2019-06-16 09:40:30.415 22703 RALLYDEBUG rally_openstack.cleanup.manager [-] Cleaning up neutron subnet objects
2019-06-16 09:40:31.101 22703 RALLYDEBUG rally_openstack.cleanup.manager [-] Cleaning up neutron network objects
2019-06-16 09:40:31.877 22703 RALLYDEBUG rally_openstack.cleanup.manager [-] Deleting neutron.network object s_rally_ba4cbece_398QN1SF (5fa189e7-f09b-4492-b24e-f1a9ff8a6e00)
2019-06-16 09:40:31.884 22703 RALLYDEBUG rally_openstack.cleanup.manager [-] Deleting neutron.network object s_rally_ba4cbece_wuBpg1iR (75569348-57fd-4815-9163-8db4b4cde0e7)
2019-06-16 09:40:31.891 22703 RALLYDEBUG rally_openstack.cleanup.manager [-] Deleting neutron.network object s_rally_ba4cbece_DJePjlqh (7dc4fea7-236b-4bef-bc92-b93cfb1fbe84)
2019-06-16 09:40:31.900 22703 RALLYDEBUG rally_openstack.cleanup.manager [-] Deleting neutron.network object s_rally_ba4cbece_RhtmbWRO (aa49a9d6-208d-49f8-8d08-d1311dce7ca0)
2019-06-16 09:40:31.913 22703 RALLYDEBUG rally_openstack.cleanup.manager [-] Deleting neutron.network object s_rally_ba4cbece_zFYXV1r5 (c4c2597f-933e-4225-a4fd-b075de249aee)
2019-06-16 09:40:31.925 22703 RALLYDEBUG rally_openstack.cleanup.manager [-] Deleting neutron.network object s_rally_ba4cbece_tyg6t1Vl (d02dc373-c9ac-42da-ad8b-35225e96f6aa)
2019-06-16 09:40:31.943 22703 RALLYDEBUG rally_openstack.cleanup.manager [-] Deleting neutron.network object s_rally_ba4cbece_bUGh3pwV (e08e2a50-d80b-422a-8133-f895bf99a14c)
2019-06-16 09:40:31.960 22703 RALLYDEBUG rally_openstack.cleanup.manager [-] Deleting neutron.network object s_rally_ba4cbece_VRXELxle (f54875df-044e-45c8-aeea-0b4a0945e7d8)
2019-06-16 09:40:35.267 22703 RALLYDEBUG rally_openstack.cleanup.manager [-] Cleaning up neutron router objects
2019-06-16 09:40:35.951 22703 RALLYDEBUG rally_openstack.cleanup.manager [-] Cleaning up neutron security_group objects
2019-06-16 09:40:36.618 22703 INFO rally.task.context [-] Task 0138da97-8ca3-4161-86dd-ceb6f72cf033 | Context cleanup@openstack cleanup() finished in 1.27 min
2019-06-16 09:40:36.619 22703 INFO rally.task.context [-] Task 0138da97-8ca3-4161-86dd-ceb6f72cf033 | Context quotas@openstack cleanup() started
2019-06-16 09:40:36.854 22703 INFO rally.task.context [-] Task 0138da97-8ca3-4161-86dd-ceb6f72cf033 | Context quotas@openstack cleanup() finished in 0.23 sec
2019-06-16 09:40:36.854 22703 INFO rally.task.context [-] Task 0138da97-8ca3-4161-86dd-ceb6f72cf033 | Context users@openstack cleanup() started
2019-06-16 09:40:41.203 22703 INFO rally.task.context [-] Task 0138da97-8ca3-4161-86dd-ceb6f72cf033 | Context users@openstack cleanup() finished in 4.35 sec
2019-06-16 09:40:42.076 22703 INFO rally.task.engine [-] Load duration is: 105.785725
2019-06-16 09:40:42.076 22703 INFO rally.task.engine [-] Full runner duration is: 105.828892
2019-06-16 09:40:42.077 22703 INFO rally.task.engine [-] Full duration is: 191.854035
2019-06-16 09:40:42.284 22703 INFO rally.task.engine [-] Running workload: position = 1 config = { "version": 2, "title": "A cropped version of a bigger task.", "description": "Auto-generated task from a single workload (uuid=858252a4-4aa5-4b85-bfba-be74df11014d)", "subtasks": [ { "title": "NeutronNetworks.create_and_update_ports", "description": "Create and update a given number of ports.", "scenario": { "NeutronNetworks.create_and_update_ports": { "network_create_args": {}, "port_create_args": {}, "ports_per_network": 5, "port_update_args": { "admin_state_up": false, "device_id": "dummy_id", "device_owner": "dummy_owner", "name": "_port_updated" } } }, "contexts": { "users": { "tenants": 1, "users_per_tenant": 1 }, "quotas": { "neutron": { "network": -1, "port": -1 } } }, "runner": { "constant": { "times": 40, "concurrency": 20 } }, "hooks": [], "sla": { "failure_rate": { "max": 0 } } } ] }
2019-06-16 09:40:42.307 22703 RALLYDEBUG rally_openstack.contexts.keystone.users [-] Creating 1 tenants using 20 threads
2019-06-16 09:40:44.050 22703 RALLYDEBUG rally_openstack.contexts.keystone.users [-] Creating 1 users using 20 threads
2019-06-16 09:40:46.586 22703 INFO rally.task.context [-] Task 0138da97-8ca3-4161-86dd-ceb6f72cf033 | Context users@openstack setup() finished in 4.28 sec
2019-06-16 09:40:47.406 22703 INFO rally.task.context [-] Task 0138da97-8ca3-4161-86dd-ceb6f72cf033 | Context quotas@openstack setup() finished in 0.82 sec
2019-06-16 09:40:47.407 22703 INFO rally.task.context [-] Task 0138da97-8ca3-4161-86dd-ceb6f72cf033 | Context cleanup@openstack setup() finished in 0.01 msec
2019-06-16 09:40:47.415 22703 RALLYDEBUG rally.task.runner [-] Starting the constant runner (task UUID: 0138da97-8ca3-4161-86dd-ceb6f72cf033). timeout: 0 concurrency: 20 concurrency_per_worker: 1 times: 40 concurrency_overhead: 4 processes_to_start: 16 max_cpu_used: 16
2019-06-16 09:40:47.428 26579 RALLYDEBUG rally.task.runner [-] Starting a worker. concurrency: 2 args: {"network_create_args": {}, "port_create_args": {}, "ports_per_network": 5, "port_update_args": {"admin_state_up": false, "device_id": "dummy_id", "device_owner": "dummy_owner", "name": "_port_updated"}} times: 40 method_name: run timeout: 0 duration: None cls:
2019-06-16 09:40:47.430 26580 RALLYDEBUG rally.task.runner [-] Starting a worker. concurrency: 2 args: {"network_create_args": {}, "port_create_args": {}, "ports_per_network": 5, "port_update_args": {"admin_state_up": false, "device_id": "dummy_id", "device_owner": "dummy_owner", "name": "_port_updated"}} times: 40 method_name: run timeout: 0 duration: None cls:
2019-06-16 09:40:47.432 26581 RALLYDEBUG rally.task.runner [-] Starting a worker. concurrency: 2 args: {"network_create_args": {}, "port_create_args": {}, "ports_per_network": 5, "port_update_args": {"admin_state_up": false, "device_id": "dummy_id", "device_owner": "dummy_owner", "name": "_port_updated"}} times: 40 method_name: run timeout: 0 duration: None cls:
2019-06-16 09:40:47.437 26579 INFO rally.task.runner [-] Task 0138da97-8ca3-4161-86dd-ceb6f72cf033 | ITER: 3 START
2019-06-16 09:40:47.437 26582 RALLYDEBUG rally.task.runner [-] Starting a worker. concurrency: 2 args: {"network_create_args": {}, "port_create_args": {}, "ports_per_network": 5, "port_update_args": {"admin_state_up": false, "device_id": "dummy_id", "device_owner": "dummy_owner", "name": "_port_updated"}} times: 40 method_name: run timeout: 0 duration: None cls:
2019-06-16 09:40:47.438 26580 INFO rally.task.runner [-] Task 0138da97-8ca3-4161-86dd-ceb6f72cf033 | ITER: 2 START
2019-06-16 09:40:47.438 26579 WARNING rally_openstack.scenarios.neutron.utils [-] Running this scenario without either the 'network' or 'existing_network' context is deprecated
2019-06-16 09:40:47.440 26581 INFO rally.task.runner [-] Task 0138da97-8ca3-4161-86dd-ceb6f72cf033 | ITER: 4 START
2019-06-16 09:40:47.439 26580 WARNING rally_openstack.scenarios.neutron.utils [-] Running this scenario without either the 'network' or 'existing_network' context is deprecated
2019-06-16 09:40:47.441 26581 WARNING rally_openstack.scenarios.neutron.utils [-] Running this scenario without either the 'network' or 'existing_network' context is deprecated
2019-06-16 09:40:47.441 26584 RALLYDEBUG rally.task.runner [-] Starting a worker. concurrency: 1 args: {"network_create_args": {}, "port_create_args": {}, "ports_per_network": 5, "port_update_args": {"admin_state_up": false, "device_id": "dummy_id", "device_owner": "dummy_owner", "name": "_port_updated"}} times: 40 method_name: run timeout: 0 duration: None cls:
2019-06-16 09:40:47.440 26580 INFO rally.task.runner [-] Task 0138da97-8ca3-4161-86dd-ceb6f72cf033 | ITER: 5 START
2019-06-16 09:40:47.445 26579 INFO rally.task.runner [-] Task 0138da97-8ca3-4161-86dd-ceb6f72cf033 | ITER: 1 START
2019-06-16 09:40:47.446 26579 WARNING rally_openstack.scenarios.neutron.utils [-] Running this scenario without either the 'network' or 'existing_network' context is deprecated
2019-06-16 09:40:47.447 26580 WARNING rally_openstack.scenarios.neutron.utils [-] Running this scenario without either the 'network' or 'existing_network' context is deprecated
2019-06-16 09:40:47.447 26581 INFO rally.task.runner [-] Task 0138da97-8ca3-4161-86dd-ceb6f72cf033 | ITER: 6 START
2019-06-16 09:40:47.447 26593 RALLYDEBUG rally.task.runner [-] Starting a worker. concurrency: 1 args: {"network_create_args": {}, "port_create_args": {}, "ports_per_network": 5, "port_update_args": {"admin_state_up": false, "device_id": "dummy_id", "device_owner": "dummy_owner", "name": "_port_updated"}} times: 40 method_name: run timeout: 0 duration: None cls:
2019-06-16 09:40:47.444 26582 INFO rally.task.runner [-] Task 0138da97-8ca3-4161-86dd-ceb6f72cf033 | ITER: 7 START
2019-06-16 09:40:47.448 26581 WARNING rally_openstack.scenarios.neutron.utils [-] Running this scenario without either the 'network' or 'existing_network' context is deprecated
2019-06-16 09:40:47.448 26584 INFO rally.task.runner [-] Task 0138da97-8ca3-4161-86dd-ceb6f72cf033 | ITER: 9 START
2019-06-16 09:40:47.449 26582 WARNING rally_openstack.scenarios.neutron.utils [-] Running this scenario without either the 'network' or 'existing_network' context is deprecated
2019-06-16 09:40:47.450 26584 WARNING rally_openstack.scenarios.neutron.utils [-] Running this scenario without either the 'network' or 'existing_network' context is deprecated
2019-06-16 09:40:47.452 26593 INFO rally.task.runner [-] Task 0138da97-8ca3-4161-86dd-ceb6f72cf033 | ITER: 10 START
2019-06-16 09:40:47.451 26582 INFO rally.task.runner [-] Task 0138da97-8ca3-4161-86dd-ceb6f72cf033 | ITER: 8 START
2019-06-16 09:40:47.453 26582 WARNING rally_openstack.scenarios.neutron.utils [-] Running this scenario without either the 'network' or 'existing_network' context is deprecated
2019-06-16 09:40:47.453 26593 WARNING rally_openstack.scenarios.neutron.utils [-] Running this scenario without either the 'network' or 'existing_network' context is deprecated
2019-06-16 09:40:47.455 26599 RALLYDEBUG rally.task.runner [-] Starting a worker. concurrency: 1 args: {"network_create_args": {}, "port_create_args": {}, "ports_per_network": 5, "port_update_args": {"admin_state_up": false, "device_id": "dummy_id", "device_owner": "dummy_owner", "name": "_port_updated"}} times: 40 method_name: run timeout: 0 duration: None cls:
2019-06-16 09:40:47.461 26599 INFO rally.task.runner [-] Task 0138da97-8ca3-4161-86dd-ceb6f72cf033 | ITER: 11 START
2019-06-16 09:40:47.461 26602 RALLYDEBUG rally.task.runner [-] Starting a worker. concurrency: 1 args: {"network_create_args": {}, "port_create_args": {}, "ports_per_network": 5, "port_update_args": {"admin_state_up": false, "device_id": "dummy_id", "device_owner": "dummy_owner", "name": "_port_updated"}} times: 40 method_name: run timeout: 0 duration: None cls:
2019-06-16 09:40:47.462 26599 WARNING rally_openstack.scenarios.neutron.utils [-] Running this scenario without either the 'network' or 'existing_network' context is deprecated
2019-06-16 09:40:47.468 26602 INFO rally.task.runner [-] Task 0138da97-8ca3-4161-86dd-ceb6f72cf033 | ITER: 12 START
2019-06-16 09:40:47.470 26602 WARNING rally_openstack.scenarios.neutron.utils [-] Running this scenario without either the 'network' or 'existing_network' context is deprecated
2019-06-16 09:40:47.474 26605 RALLYDEBUG rally.task.runner [-] Starting a worker. concurrency: 1 args: {"network_create_args": {}, "port_create_args": {}, "ports_per_network": 5, "port_update_args": {"admin_state_up": false, "device_id": "dummy_id", "device_owner": "dummy_owner", "name": "_port_updated"}} times: 40 method_name: run timeout: 0 duration: None cls:
2019-06-16 09:40:47.475 26607 RALLYDEBUG rally.task.runner [-] Starting a worker. concurrency: 1 args: {"network_create_args": {}, "port_create_args": {}, "ports_per_network": 5, "port_update_args": {"admin_state_up": false, "device_id": "dummy_id", "device_owner": "dummy_owner", "name": "_port_updated"}} times: 40 method_name: run timeout: 0 duration: None cls:
2019-06-16 09:40:47.481 26607 INFO rally.task.runner [-] Task 0138da97-8ca3-4161-86dd-ceb6f72cf033 | ITER: 14 START
2019-06-16 09:40:47.481 26610 RALLYDEBUG rally.task.runner [-] Starting a worker. concurrency: 1 args: {"network_create_args": {}, "port_create_args": {}, "ports_per_network": 5, "port_update_args": {"admin_state_up": false, "device_id": "dummy_id", "device_owner": "dummy_owner", "name": "_port_updated"}} times: 40 method_name: run timeout: 0 duration: None cls:
2019-06-16 09:40:47.482 26607 WARNING rally_openstack.scenarios.neutron.utils [-] Running this scenario without either the 'network' or 'existing_network' context is deprecated
2019-06-16 09:40:47.482 26605 INFO rally.task.runner [-] Task 0138da97-8ca3-4161-86dd-ceb6f72cf033 | ITER: 13 START
2019-06-16 09:40:47.484 26605 WARNING rally_openstack.scenarios.neutron.utils [-] Running this scenario without either the 'network' or 'existing_network' context is deprecated
2019-06-16 09:40:47.485 26609 RALLYDEBUG rally.task.runner [-] Starting a worker. concurrency: 1 args: {"network_create_args": {}, "port_create_args": {}, "ports_per_network": 5, "port_update_args": {"admin_state_up": false, "device_id": "dummy_id", "device_owner": "dummy_owner", "name": "_port_updated"}} times: 40 method_name: run timeout: 0 duration: None cls:
2019-06-16 09:40:47.489 26615 RALLYDEBUG rally.task.runner [-] Starting a worker. concurrency: 1 args: {"network_create_args": {}, "port_create_args": {}, "ports_per_network": 5, "port_update_args": {"admin_state_up": false, "device_id": "dummy_id", "device_owner": "dummy_owner", "name": "_port_updated"}} times: 40 method_name: run timeout: 0 duration: None cls:
2019-06-16 09:40:47.490 26610 INFO rally.task.runner [-] Task 0138da97-8ca3-4161-86dd-ceb6f72cf033 | ITER: 15 START
2019-06-16 09:40:47.491 26609 INFO rally.task.runner [-] Task 0138da97-8ca3-4161-86dd-ceb6f72cf033 | ITER: 16 START
2019-06-16 09:40:47.491 26610 WARNING rally_openstack.scenarios.neutron.utils [-] Running this scenario without either the 'network' or 'existing_network' context is deprecated
2019-06-16 09:40:47.492 26609 WARNING rally_openstack.scenarios.neutron.utils [-] Running this scenario without either the 'network' or 'existing_network' context is deprecated
2019-06-16 09:40:47.492 26617 RALLYDEBUG rally.task.runner [-] Starting a worker. concurrency: 1 args: {"network_create_args": {}, "port_create_args": {}, "ports_per_network": 5, "port_update_args": {"admin_state_up": false, "device_id": "dummy_id", "device_owner": "dummy_owner", "name": "_port_updated"}} times: 40 method_name: run timeout: 0 duration: None cls:
2019-06-16 09:40:47.493 26615 INFO rally.task.runner [-] Task 0138da97-8ca3-4161-86dd-ceb6f72cf033 | ITER: 17 START
2019-06-16 09:40:47.494 26615 WARNING rally_openstack.scenarios.neutron.utils [-] Running this scenario without either the 'network' or 'existing_network' context is deprecated
2019-06-16 09:40:47.496 26621 RALLYDEBUG rally.task.runner [-] Starting a worker. concurrency: 1 args: {"network_create_args": {}, "port_create_args": {}, "ports_per_network": 5, "port_update_args": {"admin_state_up": false, "device_id": "dummy_id", "device_owner": "dummy_owner", "name": "_port_updated"}} times: 40 method_name: run timeout: 0 duration: None cls:
2019-06-16 09:40:47.497 26617 INFO rally.task.runner [-] Task 0138da97-8ca3-4161-86dd-ceb6f72cf033 | ITER: 18 START
2019-06-16 09:40:47.498 26617 WARNING rally_openstack.scenarios.neutron.utils [-] Running this scenario without either the 'network' or 'existing_network' context is deprecated
2019-06-16 09:40:47.500 26621 INFO rally.task.runner [-] Task 0138da97-8ca3-4161-86dd-ceb6f72cf033 | ITER: 19 START
2019-06-16 09:40:47.502 26621 WARNING rally_openstack.scenarios.neutron.utils [-] Running this scenario without either the 'network' or 'existing_network' context is deprecated
2019-06-16 09:40:47.502 26624 RALLYDEBUG rally.task.runner [-] Starting a worker. concurrency: 1 args: {"network_create_args": {}, "port_create_args": {}, "ports_per_network": 5, "port_update_args": {"admin_state_up": false, "device_id": "dummy_id", "device_owner": "dummy_owner", "name": "_port_updated"}} times: 40 method_name: run timeout: 0 duration: None cls:
2019-06-16 09:40:47.505 26624 INFO rally.task.runner [-] Task 0138da97-8ca3-4161-86dd-ceb6f72cf033 | ITER: 20 START
2019-06-16 09:40:47.506 26624 WARNING rally_openstack.scenarios.neutron.utils [-] Running this scenario without either the 'network' or 'existing_network' context is deprecated
2019-06-16 09:40:57.636 26593 INFO rally.task.runner [-] Task 0138da97-8ca3-4161-86dd-ceb6f72cf033 | ITER: 10 END: OK
2019-06-16 09:40:57.640 26593 INFO rally.task.runner [-] Task 0138da97-8ca3-4161-86dd-ceb6f72cf033 | ITER: 21 START
2019-06-16 09:40:57.641 26593 WARNING rally_openstack.scenarios.neutron.utils [-] Running this scenario without either the 'network' or 'existing_network' context is deprecated
2019-06-16 09:40:57.817 26605 INFO rally.task.runner [-] Task 0138da97-8ca3-4161-86dd-ceb6f72cf033 | ITER: 13 END: OK
2019-06-16 09:40:57.822 26605 INFO rally.task.runner [-] Task 0138da97-8ca3-4161-86dd-ceb6f72cf033 | ITER: 22 START
2019-06-16 09:40:57.823 26605 WARNING rally_openstack.scenarios.neutron.utils [-] Running this scenario without either the 'network' or 'existing_network' context is deprecated
2019-06-16 09:40:57.853 26582 INFO rally.task.runner [-] Task 0138da97-8ca3-4161-86dd-ceb6f72cf033 | ITER: 8 END: OK
2019-06-16 09:40:57.856 26582 INFO rally.task.runner [-] Task 0138da97-8ca3-4161-86dd-ceb6f72cf033 | ITER: 23 START
2019-06-16 09:40:57.856 26582 WARNING rally_openstack.scenarios.neutron.utils [-] Running this scenario without either the 'network' or 'existing_network' context is deprecated
2019-06-16 09:41:03.815 26579 INFO rally.task.runner [-] Task 0138da97-8ca3-4161-86dd-ceb6f72cf033 | ITER: 3 END: OK
2019-06-16 09:41:03.819 26579 INFO rally.task.runner [-] Task 0138da97-8ca3-4161-86dd-ceb6f72cf033 | ITER: 24 START
2019-06-16 09:41:03.820 26579 WARNING rally_openstack.scenarios.neutron.utils [-] Running this scenario without either the 'network' or 'existing_network' context is deprecated
2019-06-16 09:41:04.398 26615 INFO rally.task.runner [-] Task 0138da97-8ca3-4161-86dd-ceb6f72cf033 | ITER: 17 END: OK
2019-06-16 09:41:04.401 26615 INFO rally.task.runner [-] Task 0138da97-8ca3-4161-86dd-ceb6f72cf033 | ITER: 25 START
2019-06-16 09:41:04.402 26615 WARNING rally_openstack.scenarios.neutron.utils [-] Running this scenario without either the 'network' or 'existing_network' context is deprecated
2019-06-16 09:41:04.505 26599 INFO rally.task.runner [-] Task 0138da97-8ca3-4161-86dd-ceb6f72cf033 | ITER: 11 END: OK
2019-06-16 09:41:04.510 26599 INFO rally.task.runner [-] Task 0138da97-8ca3-4161-86dd-ceb6f72cf033 | ITER: 26 START
2019-06-16 09:41:04.510 26599 WARNING rally_openstack.scenarios.neutron.utils [-] Running this scenario without either the 'network' or 'existing_network' context is deprecated
2019-06-16 09:41:04.532 26581 INFO rally.task.runner [-] Task 0138da97-8ca3-4161-86dd-ceb6f72cf033 | ITER: 4 END: OK
2019-06-16 09:41:04.535 26581 INFO rally.task.runner [-] Task 0138da97-8ca3-4161-86dd-ceb6f72cf033 | ITER: 27 START
2019-06-16 09:41:04.536 26581 WARNING rally_openstack.scenarios.neutron.utils [-] Running this scenario without either the 'network' or 'existing_network' context is deprecated
2019-06-16 09:41:04.822 26605 INFO rally.task.runner [-] Task 0138da97-8ca3-4161-86dd-ceb6f72cf033 | ITER: 22 END: OK
2019-06-16 09:41:04.826 26605 INFO rally.task.runner [-] Task 0138da97-8ca3-4161-86dd-ceb6f72cf033 | ITER: 28 START
2019-06-16 09:41:04.827 26605 WARNING rally_openstack.scenarios.neutron.utils [-] Running this scenario without either the 'network' or 'existing_network' context is deprecated
2019-06-16 09:41:06.482 26582 INFO rally.task.runner [-] Task 0138da97-8ca3-4161-86dd-ceb6f72cf033 | ITER: 23 END: OK
2019-06-16 09:41:06.486 26582 INFO rally.task.runner [-] Task 0138da97-8ca3-4161-86dd-ceb6f72cf033 | ITER: 29 START
2019-06-16 09:41:06.487 26582 WARNING rally_openstack.scenarios.neutron.utils [-] Running this scenario without either the 'network' or 'existing_network' context is deprecated
2019-06-16 09:41:06.537 26593 INFO rally.task.runner [-] Task 0138da97-8ca3-4161-86dd-ceb6f72cf033 | ITER: 21 END: OK
2019-06-16 09:41:06.540 26593 INFO rally.task.runner [-] Task 0138da97-8ca3-4161-86dd-ceb6f72cf033 | ITER: 30 START
2019-06-16 09:41:06.541 26593 WARNING rally_openstack.scenarios.neutron.utils [-] Running this scenario without either the 'network' or 'existing_network' context is deprecated
2019-06-16 09:41:12.274 26617 INFO rally.task.runner [-] Task 0138da97-8ca3-4161-86dd-ceb6f72cf033 | ITER: 18 END: OK
2019-06-16 09:41:12.277 26617 INFO rally.task.runner [-] Task 0138da97-8ca3-4161-86dd-ceb6f72cf033 | ITER: 31 START
2019-06-16 09:41:12.278 26617 WARNING rally_openstack.scenarios.neutron.utils [-] Running this scenario without either the 'network' or 'existing_network' context is deprecated
2019-06-16 09:41:12.414 26621 INFO rally.task.runner [-] Task 0138da97-8ca3-4161-86dd-ceb6f72cf033 | ITER: 19 END: OK
2019-06-16 09:41:12.418 26621 INFO rally.task.runner [-] Task 0138da97-8ca3-4161-86dd-ceb6f72cf033 | ITER: 32 START
2019-06-16 09:41:12.418 26621 WARNING rally_openstack.scenarios.neutron.utils [-] Running this scenario without either the 'network' or 'existing_network' context is deprecated
2019-06-16 09:41:12.461 26599 INFO rally.task.runner [-] Task 0138da97-8ca3-4161-86dd-ceb6f72cf033 | ITER: 26 END: OK
2019-06-16 09:41:12.464 26599 INFO rally.task.runner [-] Task 0138da97-8ca3-4161-86dd-ceb6f72cf033 | ITER: 33 START
2019-06-16 09:41:12.465 26599 WARNING rally_openstack.scenarios.neutron.utils [-] Running this scenario without either the 'network' or 'existing_network' context is deprecated
2019-06-16 09:41:12.737 26579 INFO rally.task.runner [-] Task 0138da97-8ca3-4161-86dd-ceb6f72cf033 | ITER: 24 END: OK
2019-06-16 09:41:12.741 26579 INFO rally.task.runner [-] Task 0138da97-8ca3-4161-86dd-ceb6f72cf033 | ITER: 34 START
2019-06-16 09:41:12.742 26579 WARNING rally_openstack.scenarios.neutron.utils [-] Running this scenario without either the 'network' or 'existing_network' context is deprecated
2019-06-16 09:41:13.181 26624 INFO rally.task.runner [-] Task 0138da97-8ca3-4161-86dd-ceb6f72cf033 | ITER: 20 END: OK
2019-06-16 09:41:13.185 26624 INFO rally.task.runner [-] Task 0138da97-8ca3-4161-86dd-ceb6f72cf033 | ITER: 35 START
2019-06-16 09:41:13.186 26624 WARNING rally_openstack.scenarios.neutron.utils [-] Running this scenario without either the 'network' or 'existing_network' context is deprecated
2019-06-16 09:41:13.689 26615 INFO rally.task.runner [-] Task 0138da97-8ca3-4161-86dd-ceb6f72cf033 | ITER: 25 END: OK
2019-06-16 09:41:13.692 26615 INFO rally.task.runner [-] Task 0138da97-8ca3-4161-86dd-ceb6f72cf033 | ITER: 36 START
2019-06-16 09:41:13.693 26615 WARNING rally_openstack.scenarios.neutron.utils [-] Running this scenario without either the 'network' or 'existing_network' context is deprecated
2019-06-16 09:41:13.843 26581 INFO rally.task.runner [-] Task 0138da97-8ca3-4161-86dd-ceb6f72cf033 | ITER: 27 END: OK
2019-06-16 09:41:13.847 26581 INFO rally.task.runner [-] Task 0138da97-8ca3-4161-86dd-ceb6f72cf033 | ITER: 37 START
2019-06-16 09:41:13.847 26581 WARNING rally_openstack.scenarios.neutron.utils [-] Running this scenario without either the 'network' or 'existing_network' context is deprecated
2019-06-16 09:41:15.212 26605 INFO rally.task.runner [-] Task 0138da97-8ca3-4161-86dd-ceb6f72cf033 | ITER: 28 END: OK
2019-06-16 09:41:15.215 26605 INFO rally.task.runner [-] Task 0138da97-8ca3-4161-86dd-ceb6f72cf033 | ITER: 38 START
2019-06-16 09:41:15.216 26605 WARNING rally_openstack.scenarios.neutron.utils [-] Running this scenario without either the 'network' or 'existing_network' context is deprecated
2019-06-16 09:41:15.660 26582 INFO rally.task.runner [-] Task 0138da97-8ca3-4161-86dd-ceb6f72cf033 | ITER: 29 END: OK
2019-06-16 09:41:15.664 26582 INFO rally.task.runner [-] Task 0138da97-8ca3-4161-86dd-ceb6f72cf033 | ITER: 39 START
2019-06-16 09:41:15.665 26582 WARNING rally_openstack.scenarios.neutron.utils [-] Running this scenario without either the 'network' or 'existing_network' context is deprecated
2019-06-16 09:41:20.705 26593 INFO rally.task.runner [-] Task 0138da97-8ca3-4161-86dd-ceb6f72cf033 | ITER: 30 END: OK
2019-06-16 09:41:20.709 26593 INFO rally.task.runner [-] Task 0138da97-8ca3-4161-86dd-ceb6f72cf033 | ITER: 40 START
2019-06-16 09:41:20.710 26593 WARNING rally_openstack.scenarios.neutron.utils [-] Running this scenario without either the 'network' or 'existing_network' context is deprecated
2019-06-16 09:41:21.681 26602 INFO rally.task.runner [-] Task 0138da97-8ca3-4161-86dd-ceb6f72cf033 | ITER: 12 END: OK
2019-06-16 09:41:21.765 26609 INFO rally.task.runner [-] Task 0138da97-8ca3-4161-86dd-ceb6f72cf033 | ITER: 16 END: OK
2019-06-16 09:41:21.775 26580 INFO rally.task.runner [-] Task 0138da97-8ca3-4161-86dd-ceb6f72cf033 | ITER: 5 END: OK
2019-06-16 09:41:21.859 26582 INFO rally.task.runner [-] Task 0138da97-8ca3-4161-86dd-ceb6f72cf033 | ITER: 7 END: OK
2019-06-16 09:41:21.936 26579 INFO rally.task.runner [-] Task 0138da97-8ca3-4161-86dd-ceb6f72cf033 | ITER: 34 END: OK
2019-06-16 09:41:22.130 26617 INFO rally.task.runner [-] Task 0138da97-8ca3-4161-86dd-ceb6f72cf033 | ITER: 31 END: OK
2019-06-16 09:41:22.615 26624 INFO rally.task.runner [-] Task 0138da97-8ca3-4161-86dd-ceb6f72cf033 | ITER: 35 END: OK
2019-06-16 09:41:23.517 26582 INFO rally.task.runner [-] Task 0138da97-8ca3-4161-86dd-ceb6f72cf033 | ITER: 39 END: OK
2019-06-16 09:41:23.915 26605 INFO rally.task.runner [-] Task 0138da97-8ca3-4161-86dd-ceb6f72cf033 | ITER: 38 END: OK
2019-06-16 09:41:28.399 26593 INFO rally.task.runner [-] Task 0138da97-8ca3-4161-86dd-ceb6f72cf033 | ITER: 40 END: OK
2019-06-16 09:41:28.923 26615 INFO rally.task.runner [-] Task 0138da97-8ca3-4161-86dd-ceb6f72cf033 | ITER: 36 END: OK
2019-06-16 09:41:28.927 26581 INFO rally.task.runner [-] Task 0138da97-8ca3-4161-86dd-ceb6f72cf033 | ITER: 37 END: OK
2019-06-16 09:41:29.868 26621 INFO rally.task.runner [-] Task 0138da97-8ca3-4161-86dd-ceb6f72cf033 | ITER: 32 END: OK
2019-06-16 09:41:29.868 26599 INFO rally.task.runner [-] Task 0138da97-8ca3-4161-86dd-ceb6f72cf033 | ITER: 33 END: OK
2019-06-16 09:41:30.204 26581 INFO rally.task.runner [-] Task 0138da97-8ca3-4161-86dd-ceb6f72cf033 | ITER: 6 END: OK
2019-06-16 09:41:32.350 26584 INFO rally.task.runner [-] Task 0138da97-8ca3-4161-86dd-ceb6f72cf033 | ITER: 9 END: OK
2019-06-16 09:41:33.674 26580 INFO rally.task.runner [-] Task 0138da97-8ca3-4161-86dd-ceb6f72cf033 | ITER: 2 END: OK
2019-06-16 09:41:34.260 26610 INFO rally.task.runner [-] Task 0138da97-8ca3-4161-86dd-ceb6f72cf033 | ITER: 15 END: OK
2019-06-16 09:41:34.757 26579 INFO rally.task.runner [-] Task 0138da97-8ca3-4161-86dd-ceb6f72cf033 | ITER: 1 END: OK
2019-06-16 09:41:34.771 26607 INFO rally.task.runner [-] Task 0138da97-8ca3-4161-86dd-ceb6f72cf033 | ITER: 14 END: OK
2019-06-16 09:41:34.792 22703 INFO rally.task.context [-] Task 0138da97-8ca3-4161-86dd-ceb6f72cf033 | Context cleanup@openstack cleanup() started
2019-06-16 09:41:34.794 22703 RALLYDEBUG rally_openstack.cleanup.manager [-] Cleaning up neutron vip objects
2019-06-16 09:41:35.416 22703 RALLYDEBUG rally_openstack.cleanup.manager [-] Cleaning up neutron health_monitor objects
2019-06-16 09:41:36.062 22703 RALLYDEBUG rally_openstack.cleanup.manager [-] Cleaning up neutron pool objects
2019-06-16 09:41:36.764 22703 RALLYDEBUG rally_openstack.cleanup.manager [-] Cleaning up neutron loadbalancer objects
2019-06-16 09:41:37.494 22703 RALLYDEBUG rally_openstack.cleanup.manager [-] Cleaning up neutron floatingip objects
2019-06-16 09:41:38.151 22703 RALLYDEBUG rally_openstack.cleanup.manager [-] Cleaning up neutron port objects
2019-06-16 09:41:39.345 22703 RALLYDEBUG rally_openstack.cleanup.manager [-] Deleting neutron.port object s_rally_858252a4_YLXzAotH (0cd4b9a6-c5f7-40d0-9cab-acea33508eb8)
2019-06-16 09:41:39.348 22703 RALLYDEBUG rally_openstack.cleanup.manager [-] Deleting neutron.port object s_rally_858252a4_Y1m7fBVO (05903cc5-7c2c-4409-b364-b032f3d00c91)
2019-06-16 09:41:39.353 22703 RALLYDEBUG rally_openstack.cleanup.manager [-] Deleting neutron.port object s_rally_858252a4_Y8ZfeTXg (0550c54b-e603-43df-8441-7fc62f886405)
2019-06-16 09:41:39.354 22703 RALLYDEBUG rally_openstack.cleanup.manager [-] Deleting neutron.port object s_rally_858252a4_uKDEtdUY (029c8acf-f6ad-432a-82a9-f4304d8d0caf)
2019-06-16 09:41:39.358 22703 RALLYDEBUG rally_openstack.cleanup.manager [-] Deleting neutron.port object s_rally_858252a4_xA9Q7vvA (0c130d84-3532-4c0d-8bb1-f0e205fb3429)
2019-06-16 09:41:39.359 22703 RALLYDEBUG rally_openstack.cleanup.manager [-] Deleting neutron.port object s_rally_858252a4_YlP1kG4y (141e65b6-7e59-41c7-be12-f1d4d25f9958)
2019-06-16 09:41:39.364 22703 RALLYDEBUG rally_openstack.cleanup.manager [-] Deleting neutron.port object s_rally_858252a4_twBR4loH (15c655ff-63d5-4ee7-b521-e8caeeb24b9a)
2019-06-16 09:41:39.366 22703 RALLYDEBUG rally_openstack.cleanup.manager [-] Deleting neutron.port object s_rally_858252a4_ZLW0tGGB (13988ab4-3997-4f27-af38-212a3196a684)
2019-06-16 09:41:39.369 22703 RALLYDEBUG rally_openstack.cleanup.manager [-] Deleting neutron.port object s_rally_858252a4_MdbLI3mC (16ead7fa-c7e6-43d9-8cee-e7ba46a847be)
2019-06-16 09:41:39.370 22703 RALLYDEBUG rally_openstack.cleanup.manager [-] Deleting neutron.port object s_rally_858252a4_GmmQAib1 (1088bc4f-e0e4-45ab-a2e8-f6d1f25c7374)
2019-06-16 09:41:39.373 22703 RALLYDEBUG rally_openstack.cleanup.manager [-] Deleting neutron.port object s_rally_858252a4_d0oaQoW1 (0ebd81c4-8029-43f8-949e-a31db215e5fb)
2019-06-16 09:41:39.380 22703 RALLYDEBUG rally_openstack.cleanup.manager [-] Deleting neutron.port object s_rally_858252a4_r3HOZq0E (0d4974e0-0d29-44a1-80a4-5bd35db0b187)
2019-06-16 09:41:39.381 22703 RALLYDEBUG rally_openstack.cleanup.manager [-] Deleting neutron.port object s_rally_858252a4_SDCIGzev (0f028dda-251e-4342-b48b-58af2af1fcfb)
2019-06-16 09:41:39.381 22703 RALLYDEBUG rally_openstack.cleanup.manager [-] Deleting neutron.port object s_rally_858252a4_aruKNZ06 (19615e08-3366-4be0-a4ef-897f5983e870)
2019-06-16 09:41:39.386 22703 RALLYDEBUG rally_openstack.cleanup.manager [-] Deleting neutron.port object s_rally_858252a4_oTSpzfXj (19f68d2c-6bba-4f3a-a5bd-8e4901d6dfa8)
2019-06-16 09:41:39.389 22703 RALLYDEBUG rally_openstack.cleanup.manager [-] Deleting neutron.port object s_rally_858252a4_bxW4fTma (087499b8-6388-40ba-9de4-fdad5d6659fe)
2019-06-16 09:41:39.395 22703 RALLYDEBUG rally_openstack.cleanup.manager [-] Deleting neutron.port object s_rally_858252a4_EU27aAud (0d7a0d27-68b0-40e2-bcb3-2beb81af6607)
2019-06-16 09:41:39.406 22703 RALLYDEBUG rally_openstack.cleanup.manager [-] Deleting neutron.port object s_rally_858252a4_lC516kS9 (1a39b9da-01f4-4e64-8030-342cc84174de)
2019-06-16 09:41:39.414 22703 RALLYDEBUG rally_openstack.cleanup.manager [-] Deleting neutron.port object s_rally_858252a4_H7U3bsjr (1eea6915-225c-46e7-8837-16a8e0f67e0b)
2019-06-16 09:41:39.426 22703 RALLYDEBUG rally_openstack.cleanup.manager [-] Deleting neutron.port object s_rally_858252a4_7C0zAkI7 (1f120116-a5b2-4796-b726-a3174ccf9fbf)
2019-06-16 09:41:41.854 22703 RALLYDEBUG rally_openstack.cleanup.manager [-] Deleting neutron.port object s_rally_858252a4_3AqLn8x5 (1fb4b03d-6cfc-4bde-aa0e-1dcca228a6ca)
2019-06-16 09:41:41.986 22703 RALLYDEBUG rally_openstack.cleanup.manager [-] Deleting neutron.port object s_rally_858252a4_FEaCGfzS (224bb716-414d-49b6-9769-8c29f868583a)
2019-06-16 09:41:42.029 22703 RALLYDEBUG rally_openstack.cleanup.manager [-] Deleting neutron.port object s_rally_858252a4_0xQSALoF (231fb264-3a72-405c-a3cb-baec3210b1a5)
2019-06-16 09:41:42.170 22703 RALLYDEBUG rally_openstack.cleanup.manager [-] Deleting neutron.port object s_rally_858252a4_wq2ldMnY (234dae47-3a4f-443c-b874-a571e76fe717)
2019-06-16 09:41:42.305 22703 RALLYDEBUG rally_openstack.cleanup.manager [-] Deleting neutron.port object s_rally_858252a4_grvP1iFV (23f97654-f519-4fe5-971c-777f44dc3d59)
2019-06-16 09:41:43.219 22703 RALLYDEBUG rally_openstack.cleanup.manager [-] Deleting neutron.port object s_rally_858252a4_OwrB6z0w (25620ae4-8ad8-4277-bec6-85eaa4186bc0)
2019-06-16 09:41:43.488 22703 RALLYDEBUG rally_openstack.cleanup.manager [-] Deleting neutron.port object s_rally_858252a4_O5FcFtMt (2583fba3-11e0-4d26-9e08-ae2c9c523db6)
2019-06-16 09:41:44.056 22703 RALLYDEBUG rally_openstack.cleanup.manager [-] Deleting neutron.port object s_rally_858252a4_tp5C1QbV (28b3bfe8-af30-45ef-bc1a-9864d9af2e45)
2019-06-16 09:41:44.430 22703 RALLYDEBUG rally_openstack.cleanup.manager [-] Deleting neutron.port object s_rally_858252a4_ZK0v4Xfg (28efc5af-e0dc-468d-9ab3-fe86cf55e732)
2019-06-16 09:41:44.577 22703 RALLYDEBUG rally_openstack.cleanup.manager [-] Deleting neutron.port object s_rally_858252a4_gnFqyI77 (2973d28b-4c51-4264-ad96-ff78d5ef03c5)
2019-06-16 09:41:44.665 22703 RALLYDEBUG rally_openstack.cleanup.manager [-] Deleting neutron.port object s_rally_858252a4_I3yBGJz5 (2bd376f9-5ed8-44d0-bd6b-853f54084557)
2019-06-16 09:41:44.809 22703 RALLYDEBUG rally_openstack.cleanup.manager [-] Deleting neutron.port object s_rally_858252a4_PPPzab59 (2c7f12ad-0770-4af8-9d53-987406a236ee)
2019-06-16 09:41:44.826 22703 RALLYDEBUG rally_openstack.cleanup.manager [-] Deleting neutron.port object s_rally_858252a4_vuZxYajA (2d141741-6cdd-4c01-bfdb-cefb6a7deb32)
2019-06-16 09:41:45.051 22703 RALLYDEBUG rally_openstack.cleanup.manager [-] Deleting neutron.port object s_rally_858252a4_13RJcZ3d (2db2ee95-8e67-471c-9278-d616465ed683)
2019-06-16 09:41:45.051 22703 RALLYDEBUG rally_openstack.cleanup.manager [-] Deleting neutron.port object s_rally_858252a4_JyMGsI74 (2feae9f7-2c48-4e1c-90e6-573858bd9e21)
2019-06-16 09:41:45.113 22703 RALLYDEBUG rally_openstack.cleanup.manager [-] Deleting neutron.port object s_rally_858252a4_BNB72xyB (30272513-8fb1-4f14-8ca6-cb7c0a801802)
2019-06-16 09:41:45.272 22703 RALLYDEBUG rally_openstack.cleanup.manager [-] Deleting neutron.port object s_rally_858252a4_KJnKIc92 (3130ddd6-e868-4ddb-aeea-e3c21ca5bbf5)
2019-06-16 09:41:45.308 22703 RALLYDEBUG rally_openstack.cleanup.manager [-] Deleting neutron.port object s_rally_858252a4_2pjYV2R2 (33d77e07-ef0e-4fc9-bdc5-6f09494ae364)
2019-06-16 09:41:45.309 22703 RALLYDEBUG rally_openstack.cleanup.manager [-] Deleting neutron.port object s_rally_858252a4_UlIVe3Fa (36044ff7-2562-4337-82fc-3ebe506f7ea6)
2019-06-16 09:41:45.459 22703 RALLYDEBUG rally_openstack.cleanup.manager [-] Deleting neutron.port object s_rally_858252a4_PwsylDNF (368c8855-49e7-43a7-b937-2e01983855d6)
2019-06-16 09:41:45.790 22703 RALLYDEBUG rally_openstack.cleanup.manager [-] Deleting neutron.port object s_rally_858252a4_0Prdqb4S (36e25de4-c724-4981-b861-84d2a1dfc856)
2019-06-16 09:41:45.959 22703 RALLYDEBUG rally_openstack.cleanup.manager [-] Deleting neutron.port object s_rally_858252a4_I9U5bIIM (39674fac-fff2-4205-83ec-b241d086a426)
2019-06-16 09:41:46.240 22703 RALLYDEBUG rally_openstack.cleanup.manager [-] Deleting neutron.port object s_rally_858252a4_NvpIhcgw (3a8fd980-fd02-4bf1-a2d7-cb35dd26e5b8)
2019-06-16 09:41:46.380 22703 RALLYDEBUG rally_openstack.cleanup.manager [-] Deleting neutron.port object s_rally_858252a4_wCWVvWAq (3d71c7d9-aaf3-4b35-b0ae-312d941fcde3)
2019-06-16 09:41:46.826 22703 RALLYDEBUG rally_openstack.cleanup.manager [-] Deleting neutron.port object s_rally_858252a4_6wC7tIZR (3d832205-3888-40c5-9d0b-2c0f1a6f6115)
2019-06-16 09:41:46.835 22703 RALLYDEBUG rally_openstack.cleanup.manager [-] Deleting neutron.port object s_rally_858252a4_Y8vcha1i (3e9bc734-9ca7-4e03-8997-07aff77170ef)
2019-06-16 09:41:46.919 22703 RALLYDEBUG rally_openstack.cleanup.manager [-] Deleting neutron.port object s_rally_858252a4_U3mDa3Zw (415744c6-3a64-4b50-bdb1-a4493022a22d)
2019-06-16 09:41:46.940 22703 RALLYDEBUG rally_openstack.cleanup.manager [-] Deleting neutron.port object s_rally_858252a4_O22p7fER (43911e89-60bf-41c0-83e5-3d6c0b142c0e)
2019-06-16 09:41:47.181 22703 RALLYDEBUG rally_openstack.cleanup.manager [-] Deleting neutron.port object s_rally_858252a4_y3msP31L (43f1cc6d-8847-4983-94c2-5173625df095)
2019-06-16 09:41:47.181 22703 RALLYDEBUG rally_openstack.cleanup.manager [-] Deleting neutron.port object s_rally_858252a4_5AQ9espf (43ffbb27-12a5-4f5e-9e1f-976112626e4a)
2019-06-16 09:41:47.518 22703 RALLYDEBUG rally_openstack.cleanup.manager [-] Deleting neutron.port object s_rally_858252a4_yXAwXUX5 (4543aec4-78f9-455a-96b1-bbc504d7dff6)
2019-06-16 09:41:48.057 22703 RALLYDEBUG rally_openstack.cleanup.manager [-] Deleting neutron.port object s_rally_858252a4_62IBIYWt (472b0717-d85a-446a-93e2-56b381bd17c8)
2019-06-16 09:41:48.070 22703 RALLYDEBUG rally_openstack.cleanup.manager [-] Deleting neutron.port object s_rally_858252a4_vfFKajDz (473c7e7e-1400-41fb-9c23-8fa1d0a2e157)
2019-06-16 09:41:48.211 22703 RALLYDEBUG rally_openstack.cleanup.manager [-] Deleting neutron.port object s_rally_858252a4_38qOC7gz (47922a04-ddd3-4434-a3b8-4ef945e39d97)
2019-06-16 09:41:48.411 22703 RALLYDEBUG rally_openstack.cleanup.manager [-] Deleting neutron.port object s_rally_858252a4_PwnxxAbu (4a591f00-019d-45f4-b4f8-41edb37c2493)
2019-06-16 09:41:48.441 22703 RALLYDEBUG rally_openstack.cleanup.manager [-] Deleting neutron.port object s_rally_858252a4_H3oIhM5f (4ac3a3d5-bcba-4964-8204-60f320708835)
2019-06-16 09:41:48.856 22703 RALLYDEBUG rally_openstack.cleanup.manager [-] Deleting neutron.port object s_rally_858252a4_GbvXXDcF (4be83096-5f88-4508-8f98-38dfa79c7c6c)
2019-06-16 09:41:48.934 22703 RALLYDEBUG rally_openstack.cleanup.manager [-] Deleting neutron.port object s_rally_858252a4_1qSJOXm7 (4c198a0f-f69e-4821-9e56-c0b12b96ee16)
2019-06-16 09:41:48.947 22703 RALLYDEBUG rally_openstack.cleanup.manager [-] Deleting neutron.port object s_rally_858252a4_XXctphPd (4d13bc28-b8bc-4e41-b979-d19eb9752532)
2019-06-16 09:41:49.212 22703 RALLYDEBUG rally_openstack.cleanup.manager [-] Deleting neutron.port object s_rally_858252a4_byNL3AxI (50022c1f-a4de-4d62-9007-dcaaf851d1e0)
2019-06-16 09:41:49.307 22703 RALLYDEBUG rally_openstack.cleanup.manager [-] Deleting neutron.port object s_rally_858252a4_bwAOswD1 (516b6cd3-e1e6-45d1-8eb2-2a6eeee06f27)
2019-06-16 09:41:49.468 22703 RALLYDEBUG rally_openstack.cleanup.manager [-] Deleting neutron.port object s_rally_858252a4_L9hoKE04 (51c1cfd9-75f0-428d-ba35-5bcc9a6b8e82)
2019-06-16 09:41:49.478 22703 RALLYDEBUG rally_openstack.cleanup.manager [-] Deleting neutron.port object s_rally_858252a4_rOMVTo28 (54101d2a-e681-4263-bb48-27adc1df7995)
2019-06-16 09:41:49.576 22703 RALLYDEBUG rally_openstack.cleanup.manager [-] Deleting neutron.port object s_rally_858252a4_RLb0W95r (56259683-648a-4cc1-bf59-3fe86a6087a0)
2019-06-16 09:41:50.027 22703 RALLYDEBUG rally_openstack.cleanup.manager [-] Deleting neutron.port object s_rally_858252a4_BJsoormy (577ab666-8da9-488b-8a08-4c2efe5342dc)
2019-06-16 09:41:50.033 22703 RALLYDEBUG rally_openstack.cleanup.manager [-] Deleting neutron.port object s_rally_858252a4_LCBa29GM (584f6ebe-f5d2-4977-833f-cb052e2c94e0)
2019-06-16 09:41:50.199 22703 RALLYDEBUG rally_openstack.cleanup.manager [-] Deleting neutron.port object s_rally_858252a4_OErL1huw (5854e76c-4ce3-4c68-9d0b-aa63b761e683)
2019-06-16 09:41:50.206 22703 RALLYDEBUG rally_openstack.cleanup.manager [-] Deleting neutron.port object s_rally_858252a4_8Q8LmfWE (5903bcd9-8b41-4a55-9d81-38cb44015e8d)
2019-06-16 09:41:50.632 22703 RALLYDEBUG rally_openstack.cleanup.manager [-] Deleting neutron.port object s_rally_858252a4_L7jSCfKG (5a258cca-83d6-44bd-95f2-12ca6d245492)
