2019-06-16 09:41:50.918 22703 RALLYDEBUG rally_openstack.cleanup.manager [-] Deleting neutron.port object s_rally_858252a4_lA7ANoBR (5b2cd399-0d69-4a31-8c4c-705b42b08907)
2019-06-16 09:41:50.925 22703 RALLYDEBUG rally_openstack.cleanup.manager [-] Deleting neutron.port object s_rally_858252a4_ECMALt2z (5c4e5528-b903-40ac-af87-c6a4e410c38f)
2019-06-16 09:41:50.943 22703 RALLYDEBUG rally_openstack.cleanup.manager [-] Deleting neutron.port object s_rally_858252a4_WKhFKBcY (5e368de5-9eaa-4525-8246-f789a58ee098)
2019-06-16 09:41:50.955 22703 RALLYDEBUG rally_openstack.cleanup.manager [-] Deleting neutron.port object s_rally_858252a4_rAdNnPuW (5e82b725-1962-47b9-ab11-e7084f1af3a2)
2019-06-16 09:41:51.131 22703 RALLYDEBUG rally_openstack.cleanup.manager [-] Deleting neutron.port object s_rally_858252a4_n1vYg4J8 (5efe4d26-4c3b-4e75-8458-373adc99e6fa)
2019-06-16 09:41:51.275 22703 RALLYDEBUG rally_openstack.cleanup.manager [-] Deleting neutron.port object s_rally_858252a4_vKqhagD2 (5f91bc03-5a87-4f22-a50f-a947a5dc4ff8)
2019-06-16 09:41:51.613 22703 RALLYDEBUG rally_openstack.cleanup.manager [-] Deleting neutron.port object s_rally_858252a4_ARn42TJO (60d799ae-5272-4c73-9f69-e25c33746922)
2019-06-16 09:41:51.624 22703 RALLYDEBUG rally_openstack.cleanup.manager [-] Deleting neutron.port object s_rally_858252a4_3ESqcAUK (615b727c-cb29-4ce1-8a4c-1a2ff8c33c39)
2019-06-16 09:41:51.639 22703 RALLYDEBUG rally_openstack.cleanup.manager [-] Deleting neutron.port object s_rally_858252a4_AcJfRVb6 (62380d6d-fcbc-4231-8a81-55b56c934302)
2019-06-16 09:41:51.832 22703 RALLYDEBUG rally_openstack.cleanup.manager [-] Deleting neutron.port object s_rally_858252a4_Teh5ZjLX (64b3a58f-ee71-4518-83ed-b508706eef10)
2019-06-16 09:41:52.045 22703 RALLYDEBUG rally_openstack.cleanup.manager [-] Deleting neutron.port object s_rally_858252a4_Oa8ZwdGb (67ac1c63-b37b-46ce-a320-cce54bf21907)
2019-06-16 09:41:52.089 22703 RALLYDEBUG rally_openstack.cleanup.manager [-] Deleting neutron.port object s_rally_858252a4_oufZHRBn (6adfa4a0-c89e-402a-957f-f342601de4a6)
2019-06-16 09:41:52.528 22703 RALLYDEBUG rally_openstack.cleanup.manager [-] Deleting neutron.port object s_rally_858252a4_XgLGVdi4 (6cc9c1e5-ae12-4692-8c21-90eebe74637f)
2019-06-16 09:41:52.710 22703 RALLYDEBUG rally_openstack.cleanup.manager [-] Deleting neutron.port object s_rally_858252a4_Vvu1bHWl (6d8eb83d-780f-498a-8d4d-fbb87d8dde72)
2019-06-16 09:41:52.786 22703 RALLYDEBUG rally_openstack.cleanup.manager [-] Deleting neutron.port object s_rally_858252a4_9dsoOPhG (6df238fe-d3f6-48cb-b07a-a00f6db4f500)
2019-06-16 09:41:52.786 22703 RALLYDEBUG rally_openstack.cleanup.manager [-] Deleting neutron.port object s_rally_858252a4_e1K3Q4iJ (6df8ac52-886c-4793-bb96-92e4d70ae465)
2019-06-16 09:41:52.951 22703 RALLYDEBUG rally_openstack.cleanup.manager [-] Deleting neutron.port object s_rally_858252a4_xugq0Jhk (6f113c6a-7921-436b-a9e4-3d43e6accdde)
2019-06-16 09:41:53.102 22703 RALLYDEBUG rally_openstack.cleanup.manager [-] Deleting neutron.port object s_rally_858252a4_drTIFJpq (710a5cb2-68d7-46b4-84f4-41b733571b0b)
2019-06-16 09:41:53.290 22703 RALLYDEBUG rally_openstack.cleanup.manager [-] Deleting neutron.port object s_rally_858252a4_rsB7peEB (716d118f-396a-4fe6-a21c-cc42fd2bf088)
2019-06-16 09:41:53.476 22703 RALLYDEBUG rally_openstack.cleanup.manager [-] Deleting neutron.port object s_rally_858252a4_azlpwXqV (756183df-c1c2-4bdb-ba23-8211b4ffceae)
2019-06-16 09:41:53.496 22703 RALLYDEBUG rally_openstack.cleanup.manager [-] Deleting neutron.port object s_rally_858252a4_Q5UoSvj2 (763af2b9-ee4e-47a6-8831-237c7a81e0a7)
2019-06-16 09:41:53.699 22703 RALLYDEBUG rally_openstack.cleanup.manager [-] Deleting neutron.port object s_rally_858252a4_m1eBll23 (767feb82-ec24-47e0-94b6-3a3dd5ba9596)
2019-06-16 09:41:53.759 22703 RALLYDEBUG rally_openstack.cleanup.manager [-] Deleting neutron.port object s_rally_858252a4_sK7fM6re (7690c447-0544-473b-8149-efa85a4e4a43)
2019-06-16 09:41:53.969 22703 RALLYDEBUG rally_openstack.cleanup.manager [-] Deleting neutron.port object s_rally_858252a4_iB8KRrt5 (76b8b32a-3999-4aca-b914-2220b722f959)
2019-06-16 09:41:54.025 22703 RALLYDEBUG rally_openstack.cleanup.manager [-] Deleting neutron.port object s_rally_858252a4_xVUZ8G1k (76d70967-bc10-4c46-a774-aed26b1d20af)
2019-06-16 09:41:54.133 22703 RALLYDEBUG rally_openstack.cleanup.manager [-] Deleting neutron.port object s_rally_858252a4_xRg5kDyG (77e5639d-347a-4431-a43e-05a76c18e72d)
2019-06-16 09:41:54.187 22703 RALLYDEBUG rally_openstack.cleanup.manager [-] Deleting neutron.port object s_rally_858252a4_BFlcky7f (7818c26d-ffbf-4fa3-a836-7c176dc6817e)
2019-06-16 09:41:54.190 22703 RALLYDEBUG rally_openstack.cleanup.manager [-] Deleting neutron.port object s_rally_858252a4_kyyunWv8 (79f50726-9791-4ecf-87b1-12f9ffff9e42)
2019-06-16 09:41:54.194 22703 RALLYDEBUG rally_openstack.cleanup.manager [-] Deleting neutron.port object s_rally_858252a4_j86uzmEr (7c0b91e0-12f4-402c-a154-223e4e3bf97e)
2019-06-16 09:41:54.321 22703 RALLYDEBUG rally_openstack.cleanup.manager [-] Deleting neutron.port object s_rally_858252a4_0ZABmt9Q (7c60619f-ec26-4a4f-94fa-c67de69bfb28)
2019-06-16 09:41:54.381 22703 RALLYDEBUG rally_openstack.cleanup.manager [-] Deleting neutron.port object s_rally_858252a4_MYgEB4cB (7c9bf79e-717d-4b15-8282-640f77497bf3)
2019-06-16 09:41:54.449 22703 RALLYDEBUG rally_openstack.cleanup.manager [-] Deleting neutron.port object s_rally_858252a4_tWe7yovI (7dbf3d3a-fbb1-4963-ac11-099690751a65)
2019-06-16 09:41:54.798 22703 RALLYDEBUG rally_openstack.cleanup.manager [-] Deleting neutron.port object s_rally_858252a4_eklwPIFp (7e3dbcc2-4c56-4816-a5e4-f86dedf22cf3)
2019-06-16 09:41:55.167 22703 RALLYDEBUG rally_openstack.cleanup.manager [-] Deleting neutron.port object s_rally_858252a4_2kNp0QhL (7ee38693-3a4e-4ec3-b82f-6e288f7b98ac)
2019-06-16 09:41:55.585 22703 RALLYDEBUG rally_openstack.cleanup.manager [-] Deleting neutron.port object s_rally_858252a4_gL4YTXwq (7f555485-5ff9-40ae-95bd-9601f889c551)
2019-06-16 09:41:55.731 22703 RALLYDEBUG rally_openstack.cleanup.manager [-] Deleting neutron.port object s_rally_858252a4_amT7mSA7 (7fdd48cc-ce8d-4a0b-8cff-a71f6ce4e66c)
2019-06-16 09:41:55.779 22703 RALLYDEBUG rally_openstack.cleanup.manager [-] Deleting neutron.port object s_rally_858252a4_ERlfl2bQ (80d60175-9228-4a7a-a17a-28d5c0974a7e)
2019-06-16 09:41:55.797 22703 RALLYDEBUG rally_openstack.cleanup.manager [-] Deleting neutron.port object s_rally_858252a4_vFxfcICR (814bbedd-dfa1-4503-977d-d2e6008f13b3)
2019-06-16 09:41:56.004 22703 RALLYDEBUG rally_openstack.cleanup.manager [-] Deleting neutron.port object s_rally_858252a4_bUonmlHj (81a2dbb8-857c-4e05-8a89-d1a7b1a8887a)
2019-06-16 09:41:56.944 22703 RALLYDEBUG rally_openstack.cleanup.manager [-] Deleting neutron.port object s_rally_858252a4_duAIChSe (82fa5947-66c8-4deb-9b71-7b9de1be1457)
2019-06-16 09:41:56.954 22703 RALLYDEBUG rally_openstack.cleanup.manager [-] Deleting neutron.port object s_rally_858252a4_Awq6uTN6 (84810963-4dab-463b-98ad-73edf155dc11)
2019-06-16 09:41:57.047 22703 RALLYDEBUG rally_openstack.cleanup.manager [-] Deleting neutron.port object s_rally_858252a4_AviVN9hx (84a27dad-ca3c-4d90-91bd-e30e33735de1)
2019-06-16 09:41:57.190 22703 RALLYDEBUG rally_openstack.cleanup.manager [-] Deleting neutron.port object s_rally_858252a4_8nvCQmBo (85066b02-f70c-4909-9fe9-33e9fbd9cbdf)
2019-06-16 09:41:57.354 22703 RALLYDEBUG rally_openstack.cleanup.manager [-] Deleting neutron.port object s_rally_858252a4_RaP0elqd (8513621e-a4aa-4acb-8153-e19b4388574d)
2019-06-16 09:41:57.452 22703 RALLYDEBUG rally_openstack.cleanup.manager [-] Deleting neutron.port object s_rally_858252a4_gvTaWlfd (8527ac4b-fa3e-40dc-8d72-a35de23f7568)
2019-06-16 09:41:57.536 22703 RALLYDEBUG rally_openstack.cleanup.manager [-] Deleting neutron.port object s_rally_858252a4_UPiQ8kwM (86a2adcf-ca36-496c-afda-20fb8f608bc6)
2019-06-16 09:41:57.674 22703 RALLYDEBUG rally_openstack.cleanup.manager [-] Deleting neutron.port object s_rally_858252a4_7lsbLfNN (88f0b5a5-9264-4a80-b062-15c5bc82e2cf)
2019-06-16 09:41:57.722 22703 RALLYDEBUG rally_openstack.cleanup.manager [-] Deleting neutron.port object s_rally_858252a4_vsIzCdbs (8cfa831d-b030-41ea-a92e-d29a9c17f91a)
2019-06-16 09:41:57.812 22703 RALLYDEBUG rally_openstack.cleanup.manager [-] Deleting neutron.port object s_rally_858252a4_yFrfO1jT (923b0af1-22bc-4fdb-9dc0-d1128abdf093)
2019-06-16 09:41:57.984 22703 RALLYDEBUG rally_openstack.cleanup.manager [-] Deleting neutron.port object s_rally_858252a4_oiJU3OL1 (93f1cb9e-8d39-468b-9065-8d12ad443b31)
2019-06-16 09:41:58.106 22703 RALLYDEBUG rally_openstack.cleanup.manager [-] Deleting neutron.port object s_rally_858252a4_HHS4Wa46 (953be402-67d0-4f53-a4e7-86aaa61c6b58)
2019-06-16 09:41:58.189 22703 RALLYDEBUG rally_openstack.cleanup.manager [-] Deleting neutron.port object s_rally_858252a4_a0V88keE (97e817e4-1223-44f8-9c47-e89a2d3065d4)
2019-06-16 09:41:58.318 22703 RALLYDEBUG rally_openstack.cleanup.manager [-] Deleting neutron.port object s_rally_858252a4_xrWkPraS (989df430-df67-414d-aa9f-d3f69ba4547e)
2019-06-16 09:41:58.594 22703 RALLYDEBUG rally_openstack.cleanup.manager [-] Deleting neutron.port object s_rally_858252a4_6WdFoqvw (9a76abf6-b3c7-4b52-818d-65133d66c8a1)
2019-06-16 09:41:58.773 22703 RALLYDEBUG rally_openstack.cleanup.manager [-] Deleting neutron.port object s_rally_858252a4_3FQHC030 (9a989f19-2eb4-4d5e-9eee-6011720fdfa6)
2019-06-16 09:41:59.046 22703 RALLYDEBUG rally_openstack.cleanup.manager [-] Deleting neutron.port object s_rally_858252a4_8AILR0d7 (9b19f489-920c-445a-a066-5343241ca949)
2019-06-16 09:41:59.059 22703 RALLYDEBUG rally_openstack.cleanup.manager [-] Deleting neutron.port object s_rally_858252a4_lSjfHXnq (9b6f66ea-4752-4614-b012-f41e1c652256)
2019-06-16 09:41:59.063 22703 RALLYDEBUG rally_openstack.cleanup.manager [-] Deleting neutron.port object s_rally_858252a4_lGG3peRz (9c379a2a-0564-4b73-ac85-292c5a543f6b)
2019-06-16 09:41:59.088 22703 RALLYDEBUG rally_openstack.cleanup.manager [-] Deleting neutron.port object s_rally_858252a4_gs7oAM8P (9d0803cd-de6b-4e37-8fb5-8ca3531d3505)
2019-06-16 09:41:59.472 22703 RALLYDEBUG rally_openstack.cleanup.manager [-] Deleting neutron.port object s_rally_858252a4_t7PKAAT9 (a03c34ca-d7bd-4f53-bca5-d99b73557b47)
2019-06-16 09:41:59.512 22703 RALLYDEBUG rally_openstack.cleanup.manager [-] Deleting neutron.port object s_rally_858252a4_J62usiU2 (a03cdbee-1613-4d11-a0f3-2c51f3c49f85)
2019-06-16 09:41:59.778 22703 RALLYDEBUG rally_openstack.cleanup.manager [-] Deleting neutron.port object s_rally_858252a4_KIDq3SDT (a123535f-1d66-4d45-8ba0-2800c73bbecb)
2019-06-16 09:41:59.786 22703 RALLYDEBUG rally_openstack.cleanup.manager [-] Deleting neutron.port object s_rally_858252a4_nsXTyMWp (a1c81e03-3ea2-491a-831f-67459d2325d4)
2019-06-16 09:41:59.826 22703 RALLYDEBUG rally_openstack.cleanup.manager [-] Deleting neutron.port object s_rally_858252a4_lPLDpLL6 (a247b3e7-948d-42da-8549-a00aa9605561)
2019-06-16 09:41:59.933 22703 RALLYDEBUG rally_openstack.cleanup.manager [-] Deleting neutron.port object s_rally_858252a4_b4JTPRGd (a2ad7f0f-6996-40c1-b942-db2d190ef413)
2019-06-16 09:42:00.232 22703 RALLYDEBUG rally_openstack.cleanup.manager [-] Deleting neutron.port object s_rally_858252a4_sDdF0RwA (a2d7f558-7db9-49ec-812d-cf3354c05467)
2019-06-16 09:42:00.439 22703 RALLYDEBUG rally_openstack.cleanup.manager [-] Deleting neutron.port object s_rally_858252a4_IcLzi4ug (a8a4073c-2132-4253-a35b-a3f6e0e80049)
2019-06-16 09:42:00.471 22703 RALLYDEBUG rally_openstack.cleanup.manager [-] Deleting neutron.port object s_rally_858252a4_As4dq9R0 (a8fe5a31-0f7f-4a32-b97c-85fd037a1dd3)
2019-06-16 09:42:00.530 22703 RALLYDEBUG rally_openstack.cleanup.manager [-] Deleting neutron.port object s_rally_858252a4_nEHTZtQC (aa36ec2d-0d3e-403b-9c05-b9ee6ada8516)
2019-06-16 09:42:00.583 22703 RALLYDEBUG rally_openstack.cleanup.manager [-] Deleting neutron.port object s_rally_858252a4_Z9uxm58p (acdb4be9-fcf7-4127-b48e-fe3c96933fa8)
2019-06-16 09:42:00.604 22703 RALLYDEBUG rally_openstack.cleanup.manager [-] Deleting neutron.port object s_rally_858252a4_Hesv3lKr (ad77714c-85ff-4f20-89d7-43f5f0095aac)
2019-06-16 09:42:00.700 22703 RALLYDEBUG rally_openstack.cleanup.manager [-] Deleting neutron.port object s_rally_858252a4_yhXxzS1J (aee3511c-cc16-4158-bb81-212311ad6ba9)
2019-06-16 09:42:00.993 22703 RALLYDEBUG rally_openstack.cleanup.manager [-] Deleting neutron.port object s_rally_858252a4_bFwC1yrL (afb4c530-7ad2-4d54-b27f-3e03bbb0fd56)
2019-06-16 09:42:01.898 22703 RALLYDEBUG rally_openstack.cleanup.manager [-] Deleting neutron.port object s_rally_858252a4_d41ZbtnD (aff30521-eae6-4c25-bcb7-691f8c81476a)
2019-06-16 09:42:01.926 22703 RALLYDEBUG rally_openstack.cleanup.manager [-] Deleting neutron.port object s_rally_858252a4_ufTTkOUM (b1bd2cdb-ce26-4437-af49-e404d42cba17)
2019-06-16 09:42:02.024 22703 RALLYDEBUG rally_openstack.cleanup.manager [-] Deleting neutron.port object s_rally_858252a4_XviTguCZ (b242920b-8bc4-41c3-a33b-0f5d91d04928)
2019-06-16 09:42:02.402 22703 RALLYDEBUG rally_openstack.cleanup.manager [-] Deleting neutron.port object s_rally_858252a4_TZusWu4d (b25d9b52-ccd3-49a5-9dfe-c643683ca399)
2019-06-16 09:42:02.411 22703 RALLYDEBUG rally_openstack.cleanup.manager [-] Deleting neutron.port object s_rally_858252a4_D52XcLDa (b5855fbb-37d9-4ff5-83b9-d241dc66c02f)
2019-06-16 09:42:02.469 22703 RALLYDEBUG rally_openstack.cleanup.manager [-] Deleting neutron.port object s_rally_858252a4_unvkHYQj (b5b0d0ea-39e2-4d37-9f07-d199dd19c2a8)
2019-06-16 09:42:02.472 22703 RALLYDEBUG rally_openstack.cleanup.manager [-] Deleting neutron.port object s_rally_858252a4_ePIdFVMd (b715ed6b-15d3-469b-993c-5d5613fba472)
2019-06-16 09:42:02.574 22703 RALLYDEBUG rally_openstack.cleanup.manager [-] Deleting neutron.port object s_rally_858252a4_Aw51EWKt (b7756f0f-f11a-49a5-b934-d11b593d44ab)
2019-06-16 09:42:02.739 22703 RALLYDEBUG rally_openstack.cleanup.manager [-] Deleting neutron.port object s_rally_858252a4_SEgbcXxE (b8b1beac-5d12-4349-93ae-7b10bed79892)
2019-06-16 09:42:03.249 22703 RALLYDEBUG rally_openstack.cleanup.manager [-] Deleting neutron.port object s_rally_858252a4_f0dh7I6i (bdc0fa47-1a51-432f-a6ab-00d8108d7577)
2019-06-16 09:42:03.250 22703 RALLYDEBUG rally_openstack.cleanup.manager [-] Deleting neutron.port object s_rally_858252a4_Z54lrzg6 (bdbc9198-0403-4fa9-a08e-e9591dac36e0)
2019-06-16 09:42:03.664 22703 RALLYDEBUG rally_openstack.cleanup.manager [-] Deleting neutron.port object s_rally_858252a4_fWE20woD (be0620b9-ab1b-44b6-848a-e9d19f891af6)
2019-06-16 09:42:03.670 22703 RALLYDEBUG rally_openstack.cleanup.manager [-] Deleting neutron.port object s_rally_858252a4_XsloQwUO (bedae5bf-7bf7-48f2-938a-c09776b5cb90)
2019-06-16 09:42:03.677 22703 RALLYDEBUG rally_openstack.cleanup.manager [-] Deleting neutron.port object s_rally_858252a4_EpvnSaoc (bef5b660-0d8b-4de7-9f8a-e437560d6832)
2019-06-16 09:42:03.723 22703 RALLYDEBUG rally_openstack.cleanup.manager [-] Deleting neutron.port object s_rally_858252a4_aqGdaGFq (bf277f5c-0915-48d5-9ce3-2965e0302171)
2019-06-16 09:42:03.892 22703 RALLYDEBUG rally_openstack.cleanup.manager [-] Deleting neutron.port object s_rally_858252a4_RqTNflL4 (bf71e6db-eecb-4a5b-8720-2920c0263c25)
2019-06-16 09:42:04.427 22703 RALLYDEBUG rally_openstack.cleanup.manager [-] Deleting neutron.port object s_rally_858252a4_cRioN9PF (c17cee8a-cfb5-4676-a4ce-aa5028833fab)
2019-06-16 09:42:04.551 22703 RALLYDEBUG rally_openstack.cleanup.manager [-] Deleting neutron.port object s_rally_858252a4_aqLzt2FN (c4cd9672-3c00-429d-a434-7b4331074d37)
2019-06-16 09:42:04.821 22703 RALLYDEBUG rally_openstack.cleanup.manager [-] Deleting neutron.port object s_rally_858252a4_cyvmP6kf (c5c8f358-3b53-4744-86f4-ad11dd8159b6)
2019-06-16 09:42:04.871 22703 RALLYDEBUG rally_openstack.cleanup.manager [-] Deleting neutron.port object s_rally_858252a4_6XjU0lrV (c615ed1c-7f73-4f2a-b51a-dd7f9c5bd472)
2019-06-16 09:42:04.877 22703 RALLYDEBUG rally_openstack.cleanup.manager [-] Deleting neutron.port object s_rally_858252a4_gC1IHCI7 (c880c210-4373-47ca-b698-713bbd5bc246)
2019-06-16 09:42:04.901 22703 RALLYDEBUG rally_openstack.cleanup.manager [-] Deleting neutron.port object s_rally_858252a4_YSBsC9zV (c95a604a-f43f-4eb3-9418-035a2832aac8)
2019-06-16 09:42:04.919 22703 RALLYDEBUG rally_openstack.cleanup.manager [-] Deleting neutron.port object s_rally_858252a4_J7VFFlXi (c9a5f41e-d440-43e8-90ff-97667ecf0788)
2019-06-16 09:42:04.926 22703 RALLYDEBUG rally_openstack.cleanup.manager [-] Deleting neutron.port object s_rally_858252a4_YMhYIki3 (cd88e3a5-6751-4e4c-b485-5ab78961e317)
2019-06-16 09:42:05.089 22703 RALLYDEBUG rally_openstack.cleanup.manager [-] Deleting neutron.port object s_rally_858252a4_uXHLrMND (cdbcf07b-c79f-4c89-a4e2-246c93fc245b)
2019-06-16 09:42:05.176 22703 RALLYDEBUG rally_openstack.cleanup.manager [-] Deleting neutron.port object s_rally_858252a4_iPoMmjdN (ce5ab411-8a07-46f7-b331-f5d37aed47b9)
2019-06-16 09:42:05.547 22703 RALLYDEBUG rally_openstack.cleanup.manager [-] Deleting neutron.port object s_rally_858252a4_dZM6Nvwp (d108fd0f-c91b-4032-877b-057af61667a0)
2019-06-16 09:42:05.570 22703 RALLYDEBUG rally_openstack.cleanup.manager [-] Deleting neutron.port object s_rally_858252a4_y5tqMfE9 (d2710644-1c36-4926-805e-5768452335ee)
2019-06-16 09:42:05.749 22703 RALLYDEBUG rally_openstack.cleanup.manager [-] Deleting neutron.port object s_rally_858252a4_8knU3CSJ (d47147a9-610d-4d3e-869b-23b3421e97d8)
2019-06-16 09:42:05.752 22703 RALLYDEBUG rally_openstack.cleanup.manager [-] Deleting neutron.port object s_rally_858252a4_etnSA3qA (d4963a44-e53f-40d5-8a74-ac5dd12d8aac)
2019-06-16 09:42:05.877 22703 RALLYDEBUG rally_openstack.cleanup.manager [-] Deleting neutron.port object s_rally_858252a4_Kmz68HBh (d4eed22a-b90d-450d-8e64-8ac3d75f0891)
2019-06-16 09:42:06.105 22703 RALLYDEBUG rally_openstack.cleanup.manager [-] Deleting neutron.port object s_rally_858252a4_D5CO7nK5 (d73992b7-e931-4b5e-adb6-a8cdf24f10d3)
2019-06-16 09:42:06.611 22703 RALLYDEBUG rally_openstack.cleanup.manager [-] Deleting neutron.port object s_rally_858252a4_2ewNn0Pd (d7e4671e-e58b-496a-a03e-0fb44e575cc6)
2019-06-16 09:42:06.786 22703 RALLYDEBUG rally_openstack.cleanup.manager [-] Deleting neutron.port object s_rally_858252a4_h5tLiA2P (df40f7b3-9cef-423f-95b2-4b2d9c217c84)
2019-06-16 09:42:06.842 22703 RALLYDEBUG rally_openstack.cleanup.manager [-] Deleting neutron.port object s_rally_858252a4_Nw8q1kxI (e51bfd02-a4ed-4106-a6b0-3013b2c32337)
2019-06-16 09:42:06.864 22703 RALLYDEBUG rally_openstack.cleanup.manager [-] Deleting neutron.port object s_rally_858252a4_zXC3qmMC (e5573098-b1f8-4c9e-b534-1addd0e3eadd)
2019-06-16 09:42:06.897 22703 RALLYDEBUG rally_openstack.cleanup.manager [-] Deleting neutron.port object s_rally_858252a4_cikNcckm (e5cec181-7ef8-4b1b-aa70-da1b40073f7f)
2019-06-16 09:42:07.024 22703 RALLYDEBUG rally_openstack.cleanup.manager [-] Deleting neutron.port object s_rally_858252a4_BxXBi6WT (e7385758-97f9-4040-a6be-cb9e51b80363)
2019-06-16 09:42:07.405 22703 RALLYDEBUG rally_openstack.cleanup.manager [-] Deleting neutron.port object s_rally_858252a4_Cx3WK000 (e81a16dc-59ae-428f-a976-3c0d8ebc87cc)
2019-06-16 09:42:07.461 22703 RALLYDEBUG rally_openstack.cleanup.manager [-] Deleting neutron.port object s_rally_858252a4_guaB9OCa (e95e2ef4-f867-49df-bd48-f77b1bda5a31)
2019-06-16 09:42:07.711 22703 RALLYDEBUG rally_openstack.cleanup.manager [-] Deleting neutron.port object s_rally_858252a4_CgELZcTg (e9d04f40-1a67-4a03-bec2-eb4a7549aa91)
2019-06-16 09:42:07.774 22703 RALLYDEBUG rally_openstack.cleanup.manager [-] Deleting neutron.port object s_rally_858252a4_dGPv7Ezq (e9f537d4-5ea3-4680-a646-ebaf6c1f363b)
2019-06-16 09:42:07.887 22703 RALLYDEBUG rally_openstack.cleanup.manager [-] Deleting neutron.port object s_rally_858252a4_y2SPptAy (ea48645e-910a-495a-acb6-edc7bec6a2da)
2019-06-16 09:42:08.826 22703 RALLYDEBUG rally_openstack.cleanup.manager [-] Deleting neutron.port object s_rally_858252a4_XROUdnA6 (ea5a1a16-5962-41f3-9e09-2dd887441223)
2019-06-16 09:42:08.952 22703 RALLYDEBUG rally_openstack.cleanup.manager [-] Deleting neutron.port object s_rally_858252a4_AjiXDrgD (eb9ea86a-5703-4696-b983-9e68ea504201)
2019-06-16 09:42:09.079 22703 RALLYDEBUG rally_openstack.cleanup.manager [-] Deleting neutron.port object s_rally_858252a4_eKvurtOX (ed17bd50-91d4-42ad-833e-00bc4521e49a)
2019-06-16 09:42:09.266 22703 RALLYDEBUG rally_openstack.cleanup.manager [-] Deleting neutron.port object s_rally_858252a4_cysdpbiW (ef8bda9a-28f6-4686-8fdd-c996c48cc0f6)
2019-06-16 09:42:09.330 22703 RALLYDEBUG rally_openstack.cleanup.manager [-] Deleting neutron.port object s_rally_858252a4_N93mdZNy (f37e4819-9095-4b04-8c24-f78993dd45a8)
2019-06-16 09:42:09.336 22703 RALLYDEBUG rally_openstack.cleanup.manager [-] Deleting neutron.port object s_rally_858252a4_3d5k4WgK (f5296609-144f-4057-a4d7-1b682bf5ddcb)
2019-06-16 09:42:09.364 22703 RALLYDEBUG rally_openstack.cleanup.manager [-] Deleting neutron.port object s_rally_858252a4_dmqQ6r8G (f5355f47-7b3c-4591-819e-06923632d345)
2019-06-16 09:42:09.374 22703 RALLYDEBUG rally_openstack.cleanup.manager [-] Deleting neutron.port object s_rally_858252a4_clkfaU7g (f5bda9fe-daf0-4e11-a028-7be1d3cf1085)
2019-06-16 09:42:09.595 22703 RALLYDEBUG rally_openstack.cleanup.manager [-] Deleting neutron.port object s_rally_858252a4_6pFjOZB5 (f6353f8f-adf6-4eee-9ab4-822433e706af)
2019-06-16 09:42:09.705 22703 RALLYDEBUG rally_openstack.cleanup.manager [-] Deleting neutron.port object s_rally_858252a4_Z6wz8zMJ (f6a3bb32-bead-4dd0-9202-438c8e7dac7d)
2019-06-16 09:42:09.708 22703 RALLYDEBUG rally_openstack.cleanup.manager [-] Deleting neutron.port object s_rally_858252a4_xzLKALwQ (f6e18f1a-2681-4050-a94e-4dcf2fab038f)
2019-06-16 09:42:09.792 22703 RALLYDEBUG rally_openstack.cleanup.manager [-] Deleting neutron.port object s_rally_858252a4_wsvNvIys (f8d49358-3569-4bbd-bcfd-53979b6072a0)
2019-06-16 09:42:09.807 22703 RALLYDEBUG rally_openstack.cleanup.manager [-] Deleting neutron.port object s_rally_858252a4_6stqYsBr (fa1d01dd-91c1-45dc-bcdd-bc9aa4779440)
2019-06-16 09:42:10.023 22703 RALLYDEBUG rally_openstack.cleanup.manager [-] Deleting neutron.port object s_rally_858252a4_XXagQdXq (fb23d827-ea1e-48ba-8925-deff7faa47e0)
2019-06-16 09:42:10.029 22703 RALLYDEBUG rally_openstack.cleanup.manager [-] Deleting neutron.port object s_rally_858252a4_T9jXuR67 (fd752344-2376-4c0f-a80e-adbb7c27f286)
2019-06-16 09:42:13.362 22703 RALLYDEBUG rally_openstack.cleanup.manager [-] Cleaning up neutron subnet objects
2019-06-16 09:42:14.105 22703 RALLYDEBUG rally_openstack.cleanup.manager [-] Cleaning up neutron network objects
2019-06-16 09:42:14.944 22703 RALLYDEBUG rally_openstack.cleanup.manager [-] Deleting neutron.network object s_rally_858252a4_pTLg6U45 (05b1a324-dcec-40a9-abf1-9e9241880c76)
2019-06-16 09:42:14.950 22703 RALLYDEBUG rally_openstack.cleanup.manager [-] Deleting neutron.network object s_rally_858252a4_8A0FpADT (0c8dea5f-52e4-46a1-8174-ac89099ccd9a)
2019-06-16 09:42:14.959 22703 RALLYDEBUG rally_openstack.cleanup.manager [-] Deleting neutron.network object s_rally_858252a4_cx7SXepB (1331a6b8-cdd2-45e5-9d57-4e2c15066f6a)
2019-06-16 09:42:14.967 22703 RALLYDEBUG rally_openstack.cleanup.manager [-] Deleting neutron.network object s_rally_858252a4_mLjrNUbC (17da9b85-8c4e-4ff0-89fb-0a269fb64d2d)
2019-06-16 09:42:14.975 22703 RALLYDEBUG rally_openstack.cleanup.manager [-] Deleting neutron.network object s_rally_858252a4_Kfok1CIM (18d6ee2c-deb6-4001-8b07-8a96b0b9ae2e)
2019-06-16 09:42:14.988 22703 RALLYDEBUG rally_openstack.cleanup.manager [-] Deleting neutron.network object s_rally_858252a4_Qh86fuS6 (1d033770-b80c-4ef3-acae-133012b08aa2)
2019-06-16 09:42:14.994 22703 RALLYDEBUG rally_openstack.cleanup.manager [-] Deleting neutron.network object s_rally_858252a4_p2KLjTBX (262138be-1551-4253-948b-111b0e087ecd)
2019-06-16 09:42:15.001 22703 RALLYDEBUG rally_openstack.cleanup.manager [-] Deleting neutron.network object s_rally_858252a4_bh83PnTb (2c4fbc57-3a88-41d6-a2b4-0c4c1e15fa16)
2019-06-16 09:42:15.011 22703 RALLYDEBUG rally_openstack.cleanup.manager [-] Deleting neutron.network object s_rally_858252a4_zbpIU6IB (2d9d237c-aa4d-4132-b8ad-cf84a6bba4d7)
2019-06-16 09:42:15.032 22703 RALLYDEBUG rally_openstack.cleanup.manager [-] Deleting neutron.network object s_rally_858252a4_z6fpZvRL (33d2bd28-02b8-4f32-a421-42c1619d5356)
2019-06-16 09:42:15.056 22703 RALLYDEBUG rally_openstack.cleanup.manager [-] Deleting neutron.network object s_rally_858252a4_CNj5oR14 (35924071-d9c6-4c62-bd3e-971b0b13065e)
2019-06-16 09:42:15.058 22703 RALLYDEBUG rally_openstack.cleanup.manager [-] Deleting neutron.network object s_rally_858252a4_4yUJ5Sd6 (46bdcdd5-7450-4e37-8ddd-5a73c14b1922)
2019-06-16 09:42:15.064 22703 RALLYDEBUG rally_openstack.cleanup.manager [-] Deleting neutron.network object s_rally_858252a4_QRtmIwf9 (576d54f6-1417-4929-bc3a-0be86cc52f86)
2019-06-16 09:42:15.083 22703 RALLYDEBUG rally_openstack.cleanup.manager [-] Deleting neutron.network object s_rally_858252a4_hFLB4AGS (5ba05629-0e80-48cd-b28d-30c863305ddf)
2019-06-16 09:42:15.103 22703 RALLYDEBUG rally_openstack.cleanup.manager [-] Deleting neutron.network object s_rally_858252a4_WPgTwCGY (615617b2-c948-49b8-92f1-26f43743a8c4)
2019-06-16 09:42:15.113 22703 RALLYDEBUG rally_openstack.cleanup.manager [-] Deleting neutron.network object s_rally_858252a4_dPFYxDpc (606a4a11-ae45-4842-a383-176bf0ca988f)
2019-06-16 09:42:15.123 22703 RALLYDEBUG rally_openstack.cleanup.manager [-] Deleting neutron.network object s_rally_858252a4_8speYQaY (602510c2-74b6-4e62-b1a9-c787c6f5e96f)
2019-06-16 09:42:15.130 22703 RALLYDEBUG rally_openstack.cleanup.manager [-] Deleting neutron.network object s_rally_858252a4_HnsaUqYC (6ca89ffe-1f11-494b-93b0-2570c019e6ed)
2019-06-16 09:42:15.164 22703 RALLYDEBUG rally_openstack.cleanup.manager [-] Deleting neutron.network object s_rally_858252a4_nePXPHNo (7eb76aef-719e-4cee-9e93-f84d12de11b9)
2019-06-16 09:42:15.166 22703 RALLYDEBUG rally_openstack.cleanup.manager [-] Deleting neutron.network object s_rally_858252a4_ZIX8X4rl (7dc2573e-11a0-4132-9639-2bc5bd28d882)
2019-06-16 09:42:18.302 22703 RALLYDEBUG rally_openstack.cleanup.manager [-] Deleting neutron.network object s_rally_858252a4_WNtUNxRA (83cc1702-7d88-4c5f-bbf1-a038406451dd)
2019-06-16 09:42:18.307 22703 RALLYDEBUG rally_openstack.cleanup.manager [-] Deleting neutron.network object s_rally_858252a4_PXGDTxpR (89527463-e0c0-4730-9f76-438d6244f16d)
2019-06-16 09:42:18.842 22703 RALLYDEBUG rally_openstack.cleanup.manager [-] Deleting neutron.network object s_rally_858252a4_t4OzdsrZ (8e4daa99-994b-465d-a5c2-e5c10502b92e)
2019-06-16 09:42:19.167 22703 RALLYDEBUG rally_openstack.cleanup.manager [-] Deleting neutron.network object s_rally_858252a4_zOPuQai8 (969feff3-a658-4eaf-81e1-eac48a90d082)
2019-06-16 09:42:19.197 22703 RALLYDEBUG rally_openstack.cleanup.manager [-] Deleting neutron.network object s_rally_858252a4_7Av7FavJ (990acf4f-3153-4d69-9ad1-7d488c172012)
2019-06-16 09:42:19.554 22703 RALLYDEBUG rally_openstack.cleanup.manager [-] Deleting neutron.network object s_rally_858252a4_5ezMyJWQ (adf6f272-0fd2-4f79-8d43-f1e3a5590758)
2019-06-16 09:42:19.565 22703 RALLYDEBUG rally_openstack.cleanup.manager [-] Deleting neutron.network object s_rally_858252a4_O1EtZ3qI (c87ff894-7588-49c3-9aff-8f058741c0ef)
2019-06-16 09:42:19.594 22703 RALLYDEBUG rally_openstack.cleanup.manager [-] Deleting neutron.network object s_rally_858252a4_9kAN1vCU (c9a31df4-47dd-4667-9bf7-39e5799d50ec)
2019-06-16 09:42:19.597 22703 RALLYDEBUG rally_openstack.cleanup.manager [-] Deleting neutron.network object s_rally_858252a4_I7Xk67gV (cb8924f7-8717-45eb-a676-64142571c35e)
2019-06-16 09:42:19.922 22703 RALLYDEBUG rally_openstack.cleanup.manager [-] Deleting neutron.network object s_rally_858252a4_420vQaeg (cc051486-eaca-4040-a587-f9197eda4569)
2019-06-16 09:42:19.931 22703 RALLYDEBUG rally_openstack.cleanup.manager [-] Deleting neutron.network object s_rally_858252a4_FMDP5rA5 (d1b7c1b0-98a0-43a8-8080-76a2b502dad3)
2019-06-16 09:42:19.937 22703 RALLYDEBUG rally_openstack.cleanup.manager [-] Deleting neutron.network object s_rally_858252a4_bOEysFDZ (d4935a09-2b56-42a4-b128-695a598a3834)
2019-06-16 09:42:19.998 22703 RALLYDEBUG rally_openstack.cleanup.manager [-] Deleting neutron.network object s_rally_858252a4_SrAcoIpB (dd9d8981-c5b9-47e1-a599-be21b9cb7bfc)
2019-06-16 09:42:20.167 22703 RALLYDEBUG rally_openstack.cleanup.manager [-] Deleting neutron.network object s_rally_858252a4_dRFXW0Iz (df1a21f2-76a4-4d31-8de0-ca50cc7a4da1)
2019-06-16 09:42:20.167 22703 RALLYDEBUG rally_openstack.cleanup.manager [-] Deleting neutron.network object s_rally_858252a4_XqFoh1QL (e6894c0a-6d70-45ea-8712-0fc82e3306b7)
2019-06-16 09:42:20.311 22703 RALLYDEBUG rally_openstack.cleanup.manager [-] Deleting neutron.network object s_rally_858252a4_FwIzw8tj (e85cc73c-2553-4d3c-89c5-b359d82ea4a5)
2019-06-16 09:42:20.356 22703 RALLYDEBUG rally_openstack.cleanup.manager [-] Deleting neutron.network object s_rally_858252a4_mzbXQXzB (eac7afe7-ffbb-4090-8451-24c8765198f3)
2019-06-16 09:42:20.499 22703 RALLYDEBUG rally_openstack.cleanup.manager [-] Deleting neutron.network object s_rally_858252a4_ciUc5pur (ee4bc249-8538-4e98-a1e2-c485db7bb6ea)
2019-06-16 09:42:20.503 22703 RALLYDEBUG rally_openstack.cleanup.manager [-] Deleting neutron.network object s_rally_858252a4_dem0jgUc (f91b73c5-0ab7-410c-a6a9-4b36536fbef7)
2019-06-16 09:42:20.542 22703 RALLYDEBUG rally_openstack.cleanup.manager [-] Deleting neutron.network object s_rally_858252a4_l0Hg2ZCB (f937ed81-80e3-4cb5-9bdf-d0c987f57d82)
2019-06-16 09:42:24.705 22703 RALLYDEBUG rally_openstack.cleanup.manager [-] Cleaning up neutron router objects
2019-06-16 09:42:25.376 22703 RALLYDEBUG rally_openstack.cleanup.manager [-] Cleaning up neutron security_group objects
2019-06-16 09:42:26.029 22703 INFO rally.task.context [-] Task 0138da97-8ca3-4161-86dd-ceb6f72cf033 | Context cleanup@openstack cleanup() finished in 51.24 sec
2019-06-16 09:42:26.030 22703 INFO rally.task.context [-] Task 0138da97-8ca3-4161-86dd-ceb6f72cf033 | Context quotas@openstack cleanup() started
2019-06-16 09:42:26.249 22703 INFO rally.task.context [-] Task 0138da97-8ca3-4161-86dd-ceb6f72cf033 | Context quotas@openstack cleanup() finished in 0.22 sec
2019-06-16 09:42:26.249 22703 INFO rally.task.context [-] Task 0138da97-8ca3-4161-86dd-ceb6f72cf033 | Context users@openstack cleanup() started
2019-06-16 09:42:30.453 22703 INFO rally.task.context [-] Task 0138da97-8ca3-4161-86dd-ceb6f72cf033 | Context users@openstack cleanup() finished in 4.20 sec
2019-06-16 09:42:30.706 22703 INFO rally.task.engine [-] Load duration is: 47.3326
2019-06-16 09:42:30.706 22703 INFO rally.task.engine [-] Full runner duration is: 47.377499
2019-06-16 09:42:30.707 22703 INFO rally.task.engine [-] Full duration is: 108.148928
2019-06-16 09:42:30.886 22703 INFO rally.task.engine [-] Running workload: position = 2 config = { "version": 2, "title": "A cropped version of a bigger task.", "description": "Auto-generated task from a single workload (uuid=041bd583-f2fd-4d72-aa56-45ca3bc2c42b)", "subtasks": [ { "title": "NeutronNetworks.create_and_delete_ports", "description": "Create and delete a port.", "scenario": { "NeutronNetworks.create_and_delete_ports": { "network_create_args": {}, "port_create_args": {}, "ports_per_network": 5 } }, "contexts": { "users": { "tenants": 1, "users_per_tenant": 1 }, "quotas": { "neutron": { "network": -1, "port": -1 } } }, "runner": { "constant": { "times": 40, "concurrency": 20 } }, "hooks": [], "sla": { "failure_rate": { "max": 0 } } } ] }
2019-06-16 09:42:30.905 22703 RALLYDEBUG rally_openstack.contexts.keystone.users [-] Creating 1 tenants using 20 threads
2019-06-16 09:42:32.622 22703 RALLYDEBUG rally_openstack.contexts.keystone.users [-] Creating 1 users using 20 threads
2019-06-16 09:42:35.550 22703 INFO rally.task.context [-] Task 0138da97-8ca3-4161-86dd-ceb6f72cf033 | Context users@openstack setup() finished in 4.64 sec
2019-06-16 09:42:36.724 22703 INFO rally.task.context [-] Task 0138da97-8ca3-4161-86dd-ceb6f72cf033 | Context quotas@openstack setup() finished in 1.17 sec
2019-06-16 09:42:36.725 22703 INFO rally.task.context [-] Task 0138da97-8ca3-4161-86dd-ceb6f72cf033 | Context cleanup@openstack setup() finished in 0.01 msec
2019-06-16 09:42:36.732 22703 RALLYDEBUG rally.task.runner [-] Starting the constant runner (task UUID: 0138da97-8ca3-4161-86dd-ceb6f72cf033). timeout: 0 concurrency: 20 concurrency_per_worker: 1 times: 40 concurrency_overhead: 4 processes_to_start: 16 max_cpu_used: 16
2019-06-16 09:42:36.745 26949 RALLYDEBUG rally.task.runner [-] Starting a worker. concurrency: 2 args: {"network_create_args": {}, "port_create_args": {}, "ports_per_network": 5} times: 40 method_name: run timeout: 0 duration: None cls:
2019-06-16 09:42:36.748 26950 RALLYDEBUG rally.task.runner [-] Starting a worker. concurrency: 2 args: {"network_create_args": {}, "port_create_args": {}, "ports_per_network": 5} times: 40 method_name: run timeout: 0 duration: None cls:
2019-06-16 09:42:36.751 26951 RALLYDEBUG rally.task.runner [-] Starting a worker. concurrency: 2 args: {"network_create_args": {}, "port_create_args": {}, "ports_per_network": 5} times: 40 method_name: run timeout: 0 duration: None cls:
2019-06-16 09:42:36.754 26952 RALLYDEBUG rally.task.runner [-] Starting a worker. concurrency: 2 args: {"network_create_args": {}, "port_create_args": {}, "ports_per_network": 5} times: 40 method_name: run timeout: 0 duration: None cls:
2019-06-16 09:42:36.754 26949 INFO rally.task.runner [-] Task 0138da97-8ca3-4161-86dd-ceb6f72cf033 | ITER: 1 START
2019-06-16 09:42:36.756 26950 INFO rally.task.runner [-] Task 0138da97-8ca3-4161-86dd-ceb6f72cf033 | ITER: 2 START
2019-06-16 09:42:36.756 26953 RALLYDEBUG rally.task.runner [-] Starting a worker. concurrency: 1 args: {"network_create_args": {}, "port_create_args": {}, "ports_per_network": 5} times: 40 method_name: run timeout: 0 duration: None cls:
2019-06-16 09:42:36.756 26949 INFO rally.task.runner [-] Task 0138da97-8ca3-4161-86dd-ceb6f72cf033 | ITER: 3 START
2019-06-16 09:42:36.757 26949 WARNING rally_openstack.scenarios.neutron.utils [-] Running this scenario without either the 'network' or 'existing_network' context is deprecated
2019-06-16 09:42:36.757 26950 INFO rally.task.runner [-] Task 0138da97-8ca3-4161-86dd-ceb6f72cf033 | ITER: 4 START
2019-06-16 09:42:36.758 26950 WARNING rally_openstack.scenarios.neutron.utils [-] Running this scenario without either the 'network' or 'existing_network' context is deprecated
2019-06-16 09:42:36.759 26951 INFO rally.task.runner [-] Task 0138da97-8ca3-4161-86dd-ceb6f72cf033 | ITER: 5 START
2019-06-16 09:42:36.761 26951 WARNING rally_openstack.scenarios.neutron.utils [-] Running this scenario without either the 'network' or 'existing_network' context is deprecated
2019-06-16 09:42:36.761 26956 RALLYDEBUG rally.task.runner [-] Starting a worker. concurrency: 1 args: {"network_create_args": {}, "port_create_args": {}, "ports_per_network": 5} times: 40 method_name: run timeout: 0 duration: None cls:
2019-06-16 09:42:36.762 26952 INFO rally.task.runner [-] Task 0138da97-8ca3-4161-86dd-ceb6f72cf033 | ITER: 6 START
2019-06-16 09:42:36.763 26953 INFO rally.task.runner [-] Task 0138da97-8ca3-4161-86dd-ceb6f72cf033 | ITER: 8 START
2019-06-16 09:42:36.764 26952 WARNING rally_openstack.scenarios.neutron.utils [-] Running this scenario without either the 'network' or 'existing_network' context is deprecated
2019-06-16 09:42:36.765 26953 WARNING rally_openstack.scenarios.neutron.utils [-] Running this scenario without either the 'network' or 'existing_network' context is deprecated
2019-06-16 09:42:36.758 26949 WARNING rally_openstack.scenarios.neutron.utils [-] Running this scenario without either the 'network' or 'existing_network' context is deprecated
2019-06-16 09:42:36.764 26963 RALLYDEBUG rally.task.runner [-] Starting a worker. concurrency: 1 args: {"network_create_args": {}, "port_create_args": {}, "ports_per_network": 5} times: 40 method_name: run timeout: 0 duration: None cls:
2019-06-16 09:42:36.759 26950 WARNING rally_openstack.scenarios.neutron.utils [-] Running this scenario without either the 'network' or 'existing_network' context is deprecated
2019-06-16 09:42:36.769 26963 INFO rally.task.runner [-] Task 0138da97-8ca3-4161-86dd-ceb6f72cf033 | ITER: 11 START
2019-06-16 09:42:36.769 26956 INFO rally.task.runner [-] Task 0138da97-8ca3-4161-86dd-ceb6f72cf033 | ITER: 10 START
2019-06-16 09:42:36.771 26963 WARNING rally_openstack.scenarios.neutron.utils [-] Running this scenario without either the 'network' or 'existing_network' context is deprecated
2019-06-16 09:42:36.771 26969 RALLYDEBUG rally.task.runner [-] Starting a worker. concurrency: 1 args: {"network_create_args": {}, "port_create_args": {}, "ports_per_network": 5} times: 40 method_name: run timeout: 0 duration: None cls:
2019-06-16 09:42:36.772 26956 WARNING rally_openstack.scenarios.neutron.utils [-] Running this scenario without either the 'network' or 'existing_network' context is deprecated
2019-06-16 09:42:36.770 26952 INFO rally.task.runner [-] Task 0138da97-8ca3-4161-86dd-ceb6f72cf033 | ITER: 9 START
2019-06-16 09:42:36.773 26952 WARNING rally_openstack.scenarios.neutron.utils [-] Running this scenario without either the 'network' or 'existing_network' context is deprecated
2019-06-16 09:42:36.774 26951 INFO rally.task.runner [-] Task 0138da97-8ca3-4161-86dd-ceb6f72cf033 | ITER: 7 START
2019-06-16 09:42:36.775 26951 WARNING rally_openstack.scenarios.neutron.utils [-] Running this scenario without either the 'network' or 'existing_network' context is deprecated
2019-06-16 09:42:36.777 26969 INFO rally.task.runner [-] Task 0138da97-8ca3-4161-86dd-ceb6f72cf033 | ITER: 12 START
2019-06-16 09:42:36.777 26973 RALLYDEBUG rally.task.runner [-] Starting a worker. concurrency: 1 args: {"network_create_args": {}, "port_create_args": {}, "ports_per_network": 5} times: 40 method_name: run timeout: 0 duration: None cls:
2019-06-16 09:42:36.779 26969 WARNING rally_openstack.scenarios.neutron.utils [-] Running this scenario without either the 'network' or 'existing_network' context is deprecated
2019-06-16 09:42:36.782 26976 RALLYDEBUG rally.task.runner [-] Starting a worker. concurrency: 1 args: {"network_create_args": {}, "port_create_args": {}, "ports_per_network": 5} times: 40 method_name: run timeout: 0 duration: None cls:
2019-06-16 09:42:36.788 26976 INFO rally.task.runner [-] Task 0138da97-8ca3-4161-86dd-ceb6f72cf033 | ITER: 14 START
2019-06-16 09:42:36.789 26976 WARNING rally_openstack.scenarios.neutron.utils [-] Running this scenario without either the 'network' or 'existing_network' context is deprecated
2019-06-16 09:42:36.791 26979 RALLYDEBUG rally.task.runner [-] Starting a worker. concurrency: 1 args: {"network_create_args": {}, "port_create_args": {}, "ports_per_network": 5} times: 40 method_name: run timeout: 0 duration: None cls:
2019-06-16 09:42:36.793 26973 INFO rally.task.runner [-] Task 0138da97-8ca3-4161-86dd-ceb6f72cf033 | ITER: 13 START
2019-06-16 09:42:36.795 26973 WARNING rally_openstack.scenarios.neutron.utils [-] Running this scenario without either the 'network' or 'existing_network' context is deprecated
2019-06-16 09:42:36.796 26982 RALLYDEBUG rally.task.runner [-] Starting a worker. concurrency: 1 args: {"network_create_args": {}, "port_create_args": {}, "ports_per_network": 5} times: 40 method_name: run timeout: 0 duration: None cls:
2019-06-16 09:42:36.798 26979 INFO rally.task.runner [-] Task 0138da97-8ca3-4161-86dd-ceb6f72cf033 | ITER: 15 START
2019-06-16 09:42:36.801 26979 WARNING rally_openstack.scenarios.neutron.utils [-] Running this scenario without either the 'network' or 'existing_network' context is deprecated
2019-06-16 09:42:36.801 26985 RALLYDEBUG rally.task.runner [-] Starting a worker. concurrency: 1 args: {"network_create_args": {}, "port_create_args": {}, "ports_per_network": 5} times: 40 method_name: run timeout: 0 duration: None cls:
2019-06-16 09:42:36.807 26986 RALLYDEBUG rally.task.runner [-] Starting a worker. concurrency: 1 args: {"network_create_args": {}, "port_create_args": {}, "ports_per_network": 5} times: 40 method_name: run timeout: 0 duration: None cls:
2019-06-16 09:42:36.809 26982 INFO rally.task.runner [-] Task 0138da97-8ca3-4161-86dd-ceb6f72cf033 | ITER: 16 START
2019-06-16 09:42:36.809 26985 INFO rally.task.runner [-] Task 0138da97-8ca3-4161-86dd-ceb6f72cf033 | ITER: 17 START
2019-06-16 09:42:36.811 26989 RALLYDEBUG rally.task.runner [-] Starting a worker. concurrency: 1 args: {"network_create_args": {}, "port_create_args": {}, "ports_per_network": 5} times: 40 method_name: run timeout: 0 duration: None cls:
2019-06-16 09:42:36.812 26985 WARNING rally_openstack.scenarios.neutron.utils [-] Running this scenario without either the 'network' or 'existing_network' context is deprecated
2019-06-16 09:42:36.812 26982 WARNING rally_openstack.scenarios.neutron.utils [-] Running this scenario without either the 'network' or 'existing_network' context is deprecated
2019-06-16 09:42:36.813 26986 INFO rally.task.runner [-] Task 0138da97-8ca3-4161-86dd-ceb6f72cf033 | ITER: 18 START
2019-06-16 09:42:36.814 26986 WARNING rally_openstack.scenarios.neutron.utils [-] Running this scenario without either the 'network' or 'existing_network' context is deprecated
2019-06-16 09:42:36.813 26992 RALLYDEBUG rally.task.runner [-] Starting a worker. concurrency: 1 args: {"network_create_args": {}, "port_create_args": {}, "ports_per_network": 5} times: 40 method_name: run timeout: 0 duration: None cls:
2019-06-16 09:42:36.815 26989 INFO rally.task.runner [-] Task 0138da97-8ca3-4161-86dd-ceb6f72cf033 | ITER: 19 START
2019-06-16 09:42:36.816 26989 WARNING rally_openstack.scenarios.neutron.utils [-] Running this scenario without either the 'network' or 'existing_network' context is deprecated
2019-06-16 09:42:36.819 26992 INFO rally.task.runner [-] Task 0138da97-8ca3-4161-86dd-ceb6f72cf033 | ITER: 20 START
2019-06-16 09:42:36.820 26992 WARNING rally_openstack.scenarios.neutron.utils [-] Running this scenario without either the 'network' or 'existing_network' context is deprecated
2019-06-16 09:42:46.425 26949 INFO rally.task.runner [-] Task 0138da97-8ca3-4161-86dd-ceb6f72cf033 | ITER: 3 END: OK
2019-06-16 09:42:46.430 26949 INFO rally.task.runner [-] Task 0138da97-8ca3-4161-86dd-ceb6f72cf033 | ITER: 21 START
2019-06-16 09:42:46.431 26949 WARNING rally_openstack.scenarios.neutron.utils [-] Running this scenario without either the 'network' or 'existing_network' context is deprecated
2019-06-16 09:42:46.895 26949 INFO rally.task.runner [-] Task 0138da97-8ca3-4161-86dd-ceb6f72cf033 | ITER: 1 END: OK
2019-06-16 09:42:46.899 26949 INFO rally.task.runner [-] Task 0138da97-8ca3-4161-86dd-ceb6f72cf033 | ITER: 22 START
2019-06-16 09:42:46.899 26949 WARNING rally_openstack.scenarios.neutron.utils [-] Running this scenario without either the 'network' or 'existing_network' context is deprecated
2019-06-16 09:42:53.213 26953 INFO rally.task.runner [-] Task 0138da97-8ca3-4161-86dd-ceb6f72cf033 | ITER: 8 END: OK
2019-06-16 09:42:53.218 26953 INFO rally.task.runner [-] Task 0138da97-8ca3-4161-86dd-ceb6f72cf033 | ITER: 23 START
2019-06-16 09:42:53.218 26953 WARNING rally_openstack.scenarios.neutron.utils [-] Running this scenario without either the 'network' or 'existing_network' context is deprecated
2019-06-16 09:42:53.403 26982 INFO rally.task.runner [-] Task 0138da97-8ca3-4161-86dd-ceb6f72cf033 | ITER: 16 END: OK
2019-06-16 09:42:53.408 26982 INFO rally.task.runner [-] Task 0138da97-8ca3-4161-86dd-ceb6f72cf033 | ITER: 24 START
2019-06-16 09:42:53.408 26982 WARNING rally_openstack.scenarios.neutron.utils [-] Running this scenario without either the 'network' or 'existing_network' context is deprecated
2019-06-16 09:42:54.179 26992 INFO rally.task.runner [-] Task 0138da97-8ca3-4161-86dd-ceb6f72cf033 | ITER: 20 END: OK
2019-06-16 09:42:54.184 26992 INFO rally.task.runner [-] Task 0138da97-8ca3-4161-86dd-ceb6f72cf033 | ITER: 25 START
2019-06-16 09:42:54.185 26992 WARNING rally_openstack.scenarios.neutron.utils [-] Running this scenario without either the 'network' or 'existing_network' context is deprecated
2019-06-16 09:42:54.498 26973 INFO rally.task.runner [-] Task 0138da97-8ca3-4161-86dd-ceb6f72cf033 | ITER: 13 END: OK
2019-06-16 09:42:54.503 26973 INFO rally.task.runner [-] Task 0138da97-8ca3-4161-86dd-ceb6f72cf033 | ITER: 26 START
2019-06-16 09:42:54.504 26973 WARNING rally_openstack.scenarios.neutron.utils [-] Running this scenario without either the 'network' or 'existing_network' context is deprecated
2019-06-16 09:42:55.254 26949 INFO rally.task.runner [-] Task 0138da97-8ca3-4161-86dd-ceb6f72cf033 | ITER: 21 END: OK
2019-06-16 09:42:55.257 26949 INFO rally.task.runner [-] Task 0138da97-8ca3-4161-86dd-ceb6f72cf033 | ITER: 27 START
2019-06-16 09:42:55.258 26949 WARNING rally_openstack.scenarios.neutron.utils [-] Running this scenario without either the 'network' or 'existing_network' context is deprecated
2019-06-16 09:42:56.175 26949 INFO rally.task.runner [-] Task 0138da97-8ca3-4161-86dd-ceb6f72cf033 | ITER: 22 END: OK
2019-06-16 09:42:56.180 26949 INFO rally.task.runner [-] Task 0138da97-8ca3-4161-86dd-ceb6f72cf033 | ITER: 28 START
2019-06-16 09:42:56.180 26949 WARNING rally_openstack.scenarios.neutron.utils [-] Running this scenario without either the 'network' or 'existing_network' context is deprecated
2019-06-16 09:43:02.429 26950 INFO rally.task.runner [-] Task 0138da97-8ca3-4161-86dd-ceb6f72cf033 | ITER: 2 END: OK
2019-06-16 09:43:02.433 26950 INFO rally.task.runner [-] Task 0138da97-8ca3-4161-86dd-ceb6f72cf033 | ITER: 29 START
2019-06-16 09:43:02.434 26950 WARNING rally_openstack.scenarios.neutron.utils [-] Running this scenario without either the 'network' or 'existing_network' context is deprecated
2019-06-16 09:43:02.864 26982 INFO rally.task.runner [-] Task 0138da97-8ca3-4161-86dd-ceb6f72cf033 | ITER: 24 END: OK
2019-06-16 09:43:02.868 26982 INFO rally.task.runner [-] Task 0138da97-8ca3-4161-86dd-ceb6f72cf033 | ITER: 30 START
2019-06-16 09:43:02.869 26982 WARNING rally_openstack.scenarios.neutron.utils [-] Running this scenario without either the 'network' or 'existing_network' context is deprecated
2019-06-16 09:43:03.001 26963 INFO rally.task.runner [-] Task 0138da97-8ca3-4161-86dd-ceb6f72cf033 | ITER: 11 END: OK
2019-06-16 09:43:03.005 26963 INFO rally.task.runner [-] Task 0138da97-8ca3-4161-86dd-ceb6f72cf033 | ITER: 31 START
2019-06-16 09:43:03.006 26963 WARNING rally_openstack.scenarios.neutron.utils [-] Running this scenario without either the 'network' or 'existing_network' context is deprecated
2019-06-16 09:43:03.363 26979 INFO rally.task.runner [-] Task 0138da97-8ca3-4161-86dd-ceb6f72cf033 | ITER: 15 END: OK
2019-06-16 09:43:03.367 26979 INFO rally.task.runner [-] Task 0138da97-8ca3-4161-86dd-ceb6f72cf033 | ITER: 32 START
2019-06-16 09:43:03.368 26979 WARNING rally_openstack.scenarios.neutron.utils [-] Running this scenario without either the 'network' or 'existing_network' context is deprecated
2019-06-16 09:43:03.486 26953 INFO rally.task.runner [-] Task 0138da97-8ca3-4161-86dd-ceb6f72cf033 | ITER: 23 END: OK
2019-06-16 09:43:03.491 26953 INFO rally.task.runner [-] Task 0138da97-8ca3-4161-86dd-ceb6f72cf033 | ITER: 33 START
2019-06-16 09:43:03.492 26953 WARNING rally_openstack.scenarios.neutron.utils [-] Running this scenario without either the 'network' or 'existing_network' context is deprecated
2019-06-16 09:43:03.599 26992 INFO rally.task.runner [-] Task 0138da97-8ca3-4161-86dd-ceb6f72cf033 | ITER: 25 END: OK
2019-06-16 09:43:03.603 26992 INFO rally.task.runner [-] Task 0138da97-8ca3-4161-86dd-ceb6f72cf033 | ITER: 34 START
2019-06-16 09:43:03.604 26992 WARNING rally_openstack.scenarios.neutron.utils [-] Running this scenario without either the 'network' or 'existing_network' context is deprecated
2019-06-16 09:43:04.273 26973 INFO rally.task.runner [-] Task 0138da97-8ca3-4161-86dd-ceb6f72cf033 | ITER: 26 END: OK
2019-06-16 09:43:04.276 26973 INFO rally.task.runner [-] Task 0138da97-8ca3-4161-86dd-ceb6f72cf033 | ITER: 35 START
2019-06-16 09:43:04.277 26973 WARNING rally_openstack.scenarios.neutron.utils [-] Running this scenario without either the 'network' or 'existing_network' context is deprecated
2019-06-16 09:43:04.752 26949 INFO rally.task.runner [-] Task 0138da97-8ca3-4161-86dd-ceb6f72cf033 | ITER: 27 END: OK
2019-06-16 09:43:04.755 26949 INFO rally.task.runner [-] Task 0138da97-8ca3-4161-86dd-ceb6f72cf033 | ITER: 36 START
2019-06-16 09:43:04.756 26949 WARNING rally_openstack.scenarios.neutron.utils [-] Running this scenario without either the 'network' or 'existing_network' context is deprecated
2019-06-16 09:43:05.548 26949 INFO rally.task.runner [-] Task 0138da97-8ca3-4161-86dd-ceb6f72cf033 | ITER: 28 END: OK
2019-06-16 09:43:05.552 26949 INFO rally.task.runner [-] Task 0138da97-8ca3-4161-86dd-ceb6f72cf033 | ITER: 37 START
2019-06-16 09:43:05.553 26949 WARNING rally_openstack.scenarios.neutron.utils [-] Running this scenario without either the 'network' or 'existing_network' context is deprecated
2019-06-16 09:43:10.203 26952 INFO rally.task.runner [-] Task 0138da97-8ca3-4161-86dd-ceb6f72cf033 | ITER: 6 END: OK
2019-06-16 09:43:10.210 26952 INFO rally.task.runner [-] Task 0138da97-8ca3-4161-86dd-ceb6f72cf033 | ITER: 38 START
2019-06-16 09:43:10.210 26952 WARNING rally_openstack.scenarios.neutron.utils [-] Running this scenario without either the 'network' or 'existing_network' context is deprecated
2019-06-16 09:43:11.538 26989 INFO rally.task.runner [-] Task 0138da97-8ca3-4161-86dd-ceb6f72cf033 | ITER: 19 END: OK
2019-06-16 09:43:11.546 26989 INFO rally.task.runner [-] Task 0138da97-8ca3-4161-86dd-ceb6f72cf033 | ITER: 39 START
