2019-06-16 09:27:35.206 24804 WARNING rally_openstack.scenarios.neutron.utils [-] Running this scenario without either the 'network' or 'existing_network' context is deprecated
2019-06-16 09:27:35.207 24806 WARNING rally_openstack.scenarios.neutron.utils [-] Running this scenario without either the 'network' or 'existing_network' context is deprecated
2019-06-16 09:27:35.206 24812 RALLYDEBUG rally.task.runner [-] Starting a worker. concurrency: 1 args: {"network_create_args": {}, "subnet_create_args": {}, "subnet_cidr_start": "1.1.0.0/30", "subnets_per_network": 2} times: 40 method_name: run timeout: 0 duration: None cls:
2019-06-16 09:27:35.202 24799 INFO rally.task.runner [-] Task 0138da97-8ca3-4161-86dd-ceb6f72cf033 | ITER: 7 START
2019-06-16 09:27:35.205 24801 INFO rally.task.runner [-] Task 0138da97-8ca3-4161-86dd-ceb6f72cf033 | ITER: 8 START
2019-06-16 09:27:35.209 24798 INFO rally.task.runner [-] Task 0138da97-8ca3-4161-86dd-ceb6f72cf033 | ITER: 6 START
2019-06-16 09:27:35.209 24816 RALLYDEBUG rally.task.runner [-] Starting a worker. concurrency: 1 args: {"network_create_args": {}, "subnet_create_args": {}, "subnet_cidr_start": "1.1.0.0/30", "subnets_per_network": 2} times: 40 method_name: run timeout: 0 duration: None cls:
2019-06-16 09:27:35.209 24799 WARNING rally_openstack.scenarios.neutron.utils [-] Running this scenario without either the 'network' or 'existing_network' context is deprecated
2019-06-16 09:27:35.210 24801 WARNING rally_openstack.scenarios.neutron.utils [-] Running this scenario without either the 'network' or 'existing_network' context is deprecated
2019-06-16 09:27:35.213 24812 INFO rally.task.runner [-] Task 0138da97-8ca3-4161-86dd-ceb6f72cf033 | ITER: 11 START
2019-06-16 09:27:35.214 24812 WARNING rally_openstack.scenarios.neutron.utils [-] Running this scenario without either the 'network' or 'existing_network' context is deprecated
2019-06-16 09:27:35.216 24816 INFO rally.task.runner [-] Task 0138da97-8ca3-4161-86dd-ceb6f72cf033 | ITER: 12 START
2019-06-16 09:27:35.216 24821 RALLYDEBUG rally.task.runner [-] Starting a worker. concurrency: 1 args: {"network_create_args": {}, "subnet_create_args": {}, "subnet_cidr_start": "1.1.0.0/30", "subnets_per_network": 2} times: 40 method_name: run timeout: 0 duration: None cls:
2019-06-16 09:27:35.217 24816 WARNING rally_openstack.scenarios.neutron.utils [-] Running this scenario without either the 'network' or 'existing_network' context is deprecated
2019-06-16 09:27:35.220 24821 INFO rally.task.runner [-] Task 0138da97-8ca3-4161-86dd-ceb6f72cf033 | ITER: 13 START
2019-06-16 09:27:35.220 24826 RALLYDEBUG rally.task.runner [-] Starting a worker. concurrency: 1 args: {"network_create_args": {}, "subnet_create_args": {}, "subnet_cidr_start": "1.1.0.0/30", "subnets_per_network": 2} times: 40 method_name: run timeout: 0 duration: None cls:
2019-06-16 09:27:35.221 24821 WARNING rally_openstack.scenarios.neutron.utils [-] Running this scenario without either the 'network' or 'existing_network' context is deprecated
2019-06-16 09:27:35.222 24827 RALLYDEBUG rally.task.runner [-] Starting a worker. concurrency: 1 args: {"network_create_args": {}, "subnet_create_args": {}, "subnet_cidr_start": "1.1.0.0/30", "subnets_per_network": 2} times: 40 method_name: run timeout: 0 duration: None cls:
2019-06-16 09:27:35.220 24798 WARNING rally_openstack.scenarios.neutron.utils [-] Running this scenario without either the 'network' or 'existing_network' context is deprecated
2019-06-16 09:27:35.226 24826 INFO rally.task.runner [-] Task 0138da97-8ca3-4161-86dd-ceb6f72cf033 | ITER: 14 START
2019-06-16 09:27:35.227 24827 INFO rally.task.runner [-] Task 0138da97-8ca3-4161-86dd-ceb6f72cf033 | ITER: 15 START
2019-06-16 09:27:35.228 24826 WARNING rally_openstack.scenarios.neutron.utils [-] Running this scenario without either the 'network' or 'existing_network' context is deprecated
2019-06-16 09:27:35.229 24827 WARNING rally_openstack.scenarios.neutron.utils [-] Running this scenario without either the 'network' or 'existing_network' context is deprecated
2019-06-16 09:27:35.229 24830 RALLYDEBUG rally.task.runner [-] Starting a worker. concurrency: 1 args: {"network_create_args": {}, "subnet_create_args": {}, "subnet_cidr_start": "1.1.0.0/30", "subnets_per_network": 2} times: 40 method_name: run timeout: 0 duration: None cls:
2019-06-16 09:27:35.233 24835 RALLYDEBUG rally.task.runner [-] Starting a worker. concurrency: 1 args: {"network_create_args": {}, "subnet_create_args": {}, "subnet_cidr_start": "1.1.0.0/30", "subnets_per_network": 2} times: 40 method_name: run timeout: 0 duration: None cls:
2019-06-16 09:27:35.237 24835 INFO rally.task.runner [-] Task 0138da97-8ca3-4161-86dd-ceb6f72cf033 | ITER: 17 START
2019-06-16 09:27:35.238 24835 WARNING rally_openstack.scenarios.neutron.utils [-] Running this scenario without either the 'network' or 'existing_network' context is deprecated
2019-06-16 09:27:35.239 24830 INFO rally.task.runner [-] Task 0138da97-8ca3-4161-86dd-ceb6f72cf033 | ITER: 16 START
2019-06-16 09:27:35.240 24830 WARNING rally_openstack.scenarios.neutron.utils [-] Running this scenario without either the 'network' or 'existing_network' context is deprecated
2019-06-16 09:27:35.240 24837 RALLYDEBUG rally.task.runner [-] Starting a worker. concurrency: 1 args: {"network_create_args": {}, "subnet_create_args": {}, "subnet_cidr_start": "1.1.0.0/30", "subnets_per_network": 2} times: 40 method_name: run timeout: 0 duration: None cls:
2019-06-16 09:27:35.243 24837 INFO rally.task.runner [-] Task 0138da97-8ca3-4161-86dd-ceb6f72cf033 | ITER: 18 START
2019-06-16 09:27:35.244 24837 WARNING rally_openstack.scenarios.neutron.utils [-] Running this scenario without either the 'network' or 'existing_network' context is deprecated
2019-06-16 09:27:35.246 24841 RALLYDEBUG rally.task.runner [-] Starting a worker. concurrency: 1 args: {"network_create_args": {}, "subnet_create_args": {}, "subnet_cidr_start": "1.1.0.0/30", "subnets_per_network": 2} times: 40 method_name: run timeout: 0 duration: None cls:
2019-06-16 09:27:35.249 24841 INFO rally.task.runner [-] Task 0138da97-8ca3-4161-86dd-ceb6f72cf033 | ITER: 19 START
2019-06-16 09:27:35.250 24844 RALLYDEBUG rally.task.runner [-] Starting a worker. concurrency: 1 args: {"network_create_args": {}, "subnet_create_args": {}, "subnet_cidr_start": "1.1.0.0/30", "subnets_per_network": 2} times: 40 method_name: run timeout: 0 duration: None cls:
2019-06-16 09:27:35.251 24841 WARNING rally_openstack.scenarios.neutron.utils [-] Running this scenario without either the 'network' or 'existing_network' context is deprecated
2019-06-16 09:27:35.253 24844 INFO rally.task.runner [-] Task 0138da97-8ca3-4161-86dd-ceb6f72cf033 | ITER: 20 START
2019-06-16 09:27:35.254 24844 WARNING rally_openstack.scenarios.neutron.utils [-] Running this scenario without either the 'network' or 'existing_network' context is deprecated
2019-06-16 09:27:37.025 24801 RALLYDEBUG rally_openstack.wrappers.network [-] CIDR generated: 1.1.4.96/30
2019-06-16 09:27:37.090 24816 RALLYDEBUG rally_openstack.wrappers.network [-] CIDR generated: 1.1.4.100/30
2019-06-16 09:27:37.144 24801 RALLYDEBUG rally_openstack.wrappers.network [-] CIDR generated: 1.1.4.104/30
2019-06-16 09:27:37.242 24821 RALLYDEBUG rally_openstack.wrappers.network [-] CIDR generated: 1.1.4.108/30
2019-06-16 09:27:37.247 24797 RALLYDEBUG rally_openstack.wrappers.network [-] CIDR generated: 1.1.4.112/30
2019-06-16 09:27:37.293 24799 RALLYDEBUG rally_openstack.wrappers.network [-] CIDR generated: 1.1.4.116/30
2019-06-16 09:27:37.297 24804 RALLYDEBUG rally_openstack.wrappers.network [-] CIDR generated: 1.1.4.120/30
2019-06-16 09:27:37.416 24835 RALLYDEBUG rally_openstack.wrappers.network [-] CIDR generated: 1.1.4.124/30
2019-06-16 09:27:37.464 24798 RALLYDEBUG rally_openstack.wrappers.network [-] CIDR generated: 1.1.4.128/30
2019-06-16 09:27:37.471 24830 RALLYDEBUG rally_openstack.wrappers.network [-] CIDR generated: 1.1.4.132/30
2019-06-16 09:27:37.565 24806 RALLYDEBUG rally_openstack.wrappers.network [-] CIDR generated: 1.1.4.136/30
2019-06-16 09:27:37.673 24826 RALLYDEBUG rally_openstack.wrappers.network [-] CIDR generated: 1.1.4.140/30
2019-06-16 09:27:37.736 24798 RALLYDEBUG rally_openstack.wrappers.network [-] CIDR generated: 1.1.4.144/30
2019-06-16 09:27:37.785 24844 RALLYDEBUG rally_openstack.wrappers.network [-] CIDR generated: 1.1.4.148/30
2019-06-16 09:27:37.791 24841 RALLYDEBUG rally_openstack.wrappers.network [-] CIDR generated: 1.1.4.152/30
2019-06-16 09:27:38.448 24799 RALLYDEBUG rally_openstack.wrappers.network [-] CIDR generated: 1.1.4.156/30
2019-06-16 09:27:38.449 24797 RALLYDEBUG rally_openstack.wrappers.network [-] CIDR generated: 1.1.4.160/30
2019-06-16 09:27:38.516 24816 RALLYDEBUG rally_openstack.wrappers.network [-] CIDR generated: 1.1.4.164/30
2019-06-16 09:27:38.534 24801 RALLYDEBUG rally_openstack.wrappers.network [-] CIDR generated: 1.1.4.168/30
2019-06-16 09:27:38.570 24835 RALLYDEBUG rally_openstack.wrappers.network [-] CIDR generated: 1.1.4.172/30
2019-06-16 09:27:38.591 24827 RALLYDEBUG rally_openstack.wrappers.network [-] CIDR generated: 1.1.4.176/30
2019-06-16 09:27:38.764 24806 RALLYDEBUG rally_openstack.wrappers.network [-] CIDR generated: 1.1.4.180/30
2019-06-16 09:27:39.133 24812 RALLYDEBUG rally_openstack.wrappers.network [-] CIDR generated: 1.1.4.184/30
2019-06-16 09:27:39.701 24801 RALLYDEBUG rally_openstack.wrappers.network [-] CIDR generated: 1.1.4.188/30
2019-06-16 09:27:40.011 24826 RALLYDEBUG rally_openstack.wrappers.network [-] CIDR generated: 1.1.4.192/30
2019-06-16 09:27:40.088 24837 RALLYDEBUG rally_openstack.wrappers.network [-] CIDR generated: 1.1.4.196/30
2019-06-16 09:27:41.224 24797 RALLYDEBUG rally_openstack.wrappers.network [-] CIDR generated: 1.1.4.200/30
2019-06-16 09:27:41.423 24821 RALLYDEBUG rally_openstack.wrappers.network [-] CIDR generated: 1.1.4.204/30
2019-06-16 09:27:41.575 24830 RALLYDEBUG rally_openstack.wrappers.network [-] CIDR generated: 1.1.4.208/30
2019-06-16 09:27:41.638 24798 RALLYDEBUG rally_openstack.wrappers.network [-] CIDR generated: 1.1.4.212/30
2019-06-16 09:27:41.767 24841 RALLYDEBUG rally_openstack.wrappers.network [-] CIDR generated: 1.1.4.216/30
2019-06-16 09:27:42.102 24827 RALLYDEBUG rally_openstack.wrappers.network [-] CIDR generated: 1.1.4.220/30
2019-06-16 09:27:42.838 24799 RALLYDEBUG rally_openstack.wrappers.network [-] CIDR generated: 1.1.4.224/30
2019-06-16 09:27:42.881 24798 RALLYDEBUG rally_openstack.wrappers.network [-] CIDR generated: 1.1.4.228/30
2019-06-16 09:27:43.214 24816 INFO rally.task.runner [-] Task 0138da97-8ca3-4161-86dd-ceb6f72cf033 | ITER: 12 END: OK
2019-06-16 09:27:43.218 24816 INFO rally.task.runner [-] Task 0138da97-8ca3-4161-86dd-ceb6f72cf033 | ITER: 21 START
2019-06-16 09:27:43.219 24816 WARNING rally_openstack.scenarios.neutron.utils [-] Running this scenario without either the 'network' or 'existing_network' context is deprecated
2019-06-16 09:27:43.348 24804 RALLYDEBUG rally_openstack.wrappers.network [-] CIDR generated: 1.1.4.232/30
2019-06-16 09:27:43.480 24799 RALLYDEBUG rally_openstack.wrappers.network [-] CIDR generated: 1.1.4.236/30
2019-06-16 09:27:43.574 24806 INFO rally.task.runner [-] Task 0138da97-8ca3-4161-86dd-ceb6f72cf033 | ITER: 10 END: OK
2019-06-16 09:27:43.577 24806 INFO rally.task.runner [-] Task 0138da97-8ca3-4161-86dd-ceb6f72cf033 | ITER: 22 START
2019-06-16 09:27:43.577 24806 WARNING rally_openstack.scenarios.neutron.utils [-] Running this scenario without either the 'network' or 'existing_network' context is deprecated
2019-06-16 09:27:43.668 24801 INFO rally.task.runner [-] Task 0138da97-8ca3-4161-86dd-ceb6f72cf033 | ITER: 5 END: OK
2019-06-16 09:27:43.671 24797 RALLYDEBUG rally_openstack.wrappers.network [-] CIDR generated: 1.1.4.240/30
2019-06-16 09:27:43.671 24801 INFO rally.task.runner [-] Task 0138da97-8ca3-4161-86dd-ceb6f72cf033 | ITER: 23 START
2019-06-16 09:27:43.672 24801 WARNING rally_openstack.scenarios.neutron.utils [-] Running this scenario without either the 'network' or 'existing_network' context is deprecated
2019-06-16 09:27:43.731 24835 INFO rally.task.runner [-] Task 0138da97-8ca3-4161-86dd-ceb6f72cf033 | ITER: 17 END: OK
2019-06-16 09:27:43.734 24835 INFO rally.task.runner [-] Task 0138da97-8ca3-4161-86dd-ceb6f72cf033 | ITER: 24 START
2019-06-16 09:27:43.735 24835 WARNING rally_openstack.scenarios.neutron.utils [-] Running this scenario without either the 'network' or 'existing_network' context is deprecated
2019-06-16 09:27:43.850 24844 RALLYDEBUG rally_openstack.wrappers.network [-] CIDR generated: 1.1.4.244/30
2019-06-16 09:27:44.441 24816 RALLYDEBUG rally_openstack.wrappers.network [-] CIDR generated: 1.1.4.248/30
2019-06-16 09:27:44.533 24812 RALLYDEBUG rally_openstack.wrappers.network [-] CIDR generated: 1.1.4.252/30
2019-06-16 09:27:44.800 24835 RALLYDEBUG rally_openstack.wrappers.network [-] CIDR generated: 1.1.5.0/30
2019-06-16 09:27:45.425 24801 RALLYDEBUG rally_openstack.wrappers.network [-] CIDR generated: 1.1.5.4/30
2019-06-16 09:27:45.635 24806 RALLYDEBUG rally_openstack.wrappers.network [-] CIDR generated: 1.1.5.8/30
2019-06-16 09:27:45.651 24837 RALLYDEBUG rally_openstack.wrappers.network [-] CIDR generated: 1.1.5.12/30
2019-06-16 09:27:46.010 24835 RALLYDEBUG rally_openstack.wrappers.network [-] CIDR generated: 1.1.5.16/30
2019-06-16 09:27:46.199 24801 INFO rally.task.runner [-] Task 0138da97-8ca3-4161-86dd-ceb6f72cf033 | ITER: 8 END: OK
2019-06-16 09:27:46.203 24801 INFO rally.task.runner [-] Task 0138da97-8ca3-4161-86dd-ceb6f72cf033 | ITER: 25 START
2019-06-16 09:27:46.204 24801 WARNING rally_openstack.scenarios.neutron.utils [-] Running this scenario without either the 'network' or 'existing_network' context is deprecated
2019-06-16 09:27:46.602 24826 INFO rally.task.runner [-] Task 0138da97-8ca3-4161-86dd-ceb6f72cf033 | ITER: 14 END: OK
2019-06-16 09:27:46.607 24826 INFO rally.task.runner [-] Task 0138da97-8ca3-4161-86dd-ceb6f72cf033 | ITER: 26 START
2019-06-16 09:27:46.607 24826 WARNING rally_openstack.scenarios.neutron.utils [-] Running this scenario without either the 'network' or 'existing_network' context is deprecated
2019-06-16 09:27:47.394 24801 RALLYDEBUG rally_openstack.wrappers.network [-] CIDR generated: 1.1.5.20/30
2019-06-16 09:27:47.580 24826 RALLYDEBUG rally_openstack.wrappers.network [-] CIDR generated: 1.1.5.24/30
2019-06-16 09:27:47.997 24835 INFO rally.task.runner [-] Task 0138da97-8ca3-4161-86dd-ceb6f72cf033 | ITER: 24 END: OK
2019-06-16 09:27:48.001 24835 INFO rally.task.runner [-] Task 0138da97-8ca3-4161-86dd-ceb6f72cf033 | ITER: 27 START
2019-06-16 09:27:48.001 24835 WARNING rally_openstack.scenarios.neutron.utils [-] Running this scenario without either the 'network' or 'existing_network' context is deprecated
2019-06-16 09:27:48.260 24816 RALLYDEBUG rally_openstack.wrappers.network [-] CIDR generated: 1.1.5.28/30
2019-06-16 09:27:48.646 24826 RALLYDEBUG rally_openstack.wrappers.network [-] CIDR generated: 1.1.5.32/30
2019-06-16 09:27:48.809 24806 RALLYDEBUG rally_openstack.wrappers.network [-] CIDR generated: 1.1.5.36/30
2019-06-16 09:27:48.810 24801 RALLYDEBUG rally_openstack.wrappers.network [-] CIDR generated: 1.1.5.40/30
2019-06-16 09:27:48.947 24801 RALLYDEBUG rally_openstack.wrappers.network [-] CIDR generated: 1.1.5.44/30
2019-06-16 09:27:49.347 24835 RALLYDEBUG rally_openstack.wrappers.network [-] CIDR generated: 1.1.5.48/30
2019-06-16 09:27:49.356 24830 INFO rally.task.runner [-] Task 0138da97-8ca3-4161-86dd-ceb6f72cf033 | ITER: 16 END: OK
2019-06-16 09:27:49.360 24830 INFO rally.task.runner [-] Task 0138da97-8ca3-4161-86dd-ceb6f72cf033 | ITER: 28 START
2019-06-16 09:27:49.360 24830 WARNING rally_openstack.scenarios.neutron.utils [-] Running this scenario without either the 'network' or 'existing_network' context is deprecated
2019-06-16 09:27:49.714 24827 INFO rally.task.runner [-] Task 0138da97-8ca3-4161-86dd-ceb6f72cf033 | ITER: 15 END: OK
2019-06-16 09:27:49.714 24841 INFO rally.task.runner [-] Task 0138da97-8ca3-4161-86dd-ceb6f72cf033 | ITER: 19 END: OK
2019-06-16 09:27:49.717 24841 INFO rally.task.runner [-] Task 0138da97-8ca3-4161-86dd-ceb6f72cf033 | ITER: 29 START
2019-06-16 09:27:49.718 24841 WARNING rally_openstack.scenarios.neutron.utils [-] Running this scenario without either the 'network' or 'existing_network' context is deprecated
2019-06-16 09:27:49.718 24827 INFO rally.task.runner [-] Task 0138da97-8ca3-4161-86dd-ceb6f72cf033 | ITER: 30 START
2019-06-16 09:27:49.718 24827 WARNING rally_openstack.scenarios.neutron.utils [-] Running this scenario without either the 'network' or 'existing_network' context is deprecated
2019-06-16 09:27:50.264 24798 INFO rally.task.runner [-] Task 0138da97-8ca3-4161-86dd-ceb6f72cf033 | ITER: 6 END: OK
2019-06-16 09:27:50.268 24798 INFO rally.task.runner [-] Task 0138da97-8ca3-4161-86dd-ceb6f72cf033 | ITER: 31 START
2019-06-16 09:27:50.269 24798 WARNING rally_openstack.scenarios.neutron.utils [-] Running this scenario without either the 'network' or 'existing_network' context is deprecated
2019-06-16 09:27:50.926 24830 RALLYDEBUG rally_openstack.wrappers.network [-] CIDR generated: 1.1.5.52/30
2019-06-16 09:27:51.408 24835 RALLYDEBUG rally_openstack.wrappers.network [-] CIDR generated: 1.1.5.56/30
2019-06-16 09:27:51.640 24797 INFO rally.task.runner [-] Task 0138da97-8ca3-4161-86dd-ceb6f72cf033 | ITER: 1 END: OK
2019-06-16 09:27:51.644 24797 INFO rally.task.runner [-] Task 0138da97-8ca3-4161-86dd-ceb6f72cf033 | ITER: 32 START
2019-06-16 09:27:51.644 24797 WARNING rally_openstack.scenarios.neutron.utils [-] Running this scenario without either the 'network' or 'existing_network' context is deprecated
2019-06-16 09:27:51.748 24821 INFO rally.task.runner [-] Task 0138da97-8ca3-4161-86dd-ceb6f72cf033 | ITER: 13 END: OK
2019-06-16 09:27:51.752 24821 INFO rally.task.runner [-] Task 0138da97-8ca3-4161-86dd-ceb6f72cf033 | ITER: 33 START
2019-06-16 09:27:51.753 24821 WARNING rally_openstack.scenarios.neutron.utils [-] Running this scenario without either the 'network' or 'existing_network' context is deprecated
2019-06-16 09:27:51.816 24827 RALLYDEBUG rally_openstack.wrappers.network [-] CIDR generated: 1.1.5.60/30
2019-06-16 09:27:51.880 24841 RALLYDEBUG rally_openstack.wrappers.network [-] CIDR generated: 1.1.5.64/30
2019-06-16 09:27:52.413 24798 RALLYDEBUG rally_openstack.wrappers.network [-] CIDR generated: 1.1.5.68/30
2019-06-16 09:27:52.868 24801 INFO rally.task.runner [-] Task 0138da97-8ca3-4161-86dd-ceb6f72cf033 | ITER: 25 END: OK
2019-06-16 09:27:52.873 24801 INFO rally.task.runner [-] Task 0138da97-8ca3-4161-86dd-ceb6f72cf033 | ITER: 34 START
2019-06-16 09:27:52.873 24801 WARNING rally_openstack.scenarios.neutron.utils [-] Running this scenario without either the 'network' or 'existing_network' context is deprecated
2019-06-16 09:27:53.541 24821 RALLYDEBUG rally_openstack.wrappers.network [-] CIDR generated: 1.1.5.72/30
2019-06-16 09:27:53.670 24830 RALLYDEBUG rally_openstack.wrappers.network [-] CIDR generated: 1.1.5.76/30
2019-06-16 09:27:53.713 24797 RALLYDEBUG rally_openstack.wrappers.network [-] CIDR generated: 1.1.5.80/30
2019-06-16 09:27:53.804 24826 INFO rally.task.runner [-] Task 0138da97-8ca3-4161-86dd-ceb6f72cf033 | ITER: 26 END: OK
2019-06-16 09:27:53.808 24826 INFO rally.task.runner [-] Task 0138da97-8ca3-4161-86dd-ceb6f72cf033 | ITER: 35 START
2019-06-16 09:27:53.809 24826 WARNING rally_openstack.scenarios.neutron.utils [-] Running this scenario without either the 'network' or 'existing_network' context is deprecated
2019-06-16 09:27:53.977 24799 INFO rally.task.runner [-] Task 0138da97-8ca3-4161-86dd-ceb6f72cf033 | ITER: 7 END: OK
2019-06-16 09:27:53.982 24799 INFO rally.task.runner [-] Task 0138da97-8ca3-4161-86dd-ceb6f72cf033 | ITER: 36 START
2019-06-16 09:27:53.982 24799 WARNING rally_openstack.scenarios.neutron.utils [-] Running this scenario without either the 'network' or 'existing_network' context is deprecated
2019-06-16 09:27:54.189 24798 INFO rally.task.runner [-] Task 0138da97-8ca3-4161-86dd-ceb6f72cf033 | ITER: 3 END: OK
2019-06-16 09:27:54.193 24798 INFO rally.task.runner [-] Task 0138da97-8ca3-4161-86dd-ceb6f72cf033 | ITER: 37 START
2019-06-16 09:27:54.194 24798 WARNING rally_openstack.scenarios.neutron.utils [-] Running this scenario without either the 'network' or 'existing_network' context is deprecated
2019-06-16 09:27:54.298 24797 INFO rally.task.runner [-] Task 0138da97-8ca3-4161-86dd-ceb6f72cf033 | ITER: 2 END: OK
2019-06-16 09:27:54.301 24797 INFO rally.task.runner [-] Task 0138da97-8ca3-4161-86dd-ceb6f72cf033 | ITER: 38 START
2019-06-16 09:27:54.302 24797 WARNING rally_openstack.scenarios.neutron.utils [-] Running this scenario without either the 'network' or 'existing_network' context is deprecated
2019-06-16 09:27:54.459 24841 RALLYDEBUG rally_openstack.wrappers.network [-] CIDR generated: 1.1.5.84/30
2019-06-16 09:27:54.745 24827 RALLYDEBUG rally_openstack.wrappers.network [-] CIDR generated: 1.1.5.88/30
2019-06-16 09:27:54.816 24801 RALLYDEBUG rally_openstack.wrappers.network [-] CIDR generated: 1.1.5.92/30
2019-06-16 09:27:55.203 24799 INFO rally.task.runner [-] Task 0138da97-8ca3-4161-86dd-ceb6f72cf033 | ITER: 4 END: OK
2019-06-16 09:27:55.207 24799 INFO rally.task.runner [-] Task 0138da97-8ca3-4161-86dd-ceb6f72cf033 | ITER: 39 START
2019-06-16 09:27:55.207 24799 WARNING rally_openstack.scenarios.neutron.utils [-] Running this scenario without either the 'network' or 'existing_network' context is deprecated
2019-06-16 09:27:55.849 24798 RALLYDEBUG rally_openstack.wrappers.network [-] CIDR generated: 1.1.5.96/30
2019-06-16 09:27:55.999 24826 RALLYDEBUG rally_openstack.wrappers.network [-] CIDR generated: 1.1.5.100/30
2019-06-16 09:27:56.023 24821 RALLYDEBUG rally_openstack.wrappers.network [-] CIDR generated: 1.1.5.104/30
2019-06-16 09:27:56.133 24797 RALLYDEBUG rally_openstack.wrappers.network [-] CIDR generated: 1.1.5.108/30
2019-06-16 09:27:56.200 24835 INFO rally.task.runner [-] Task 0138da97-8ca3-4161-86dd-ceb6f72cf033 | ITER: 27 END: OK
2019-06-16 09:27:56.204 24835 INFO rally.task.runner [-] Task 0138da97-8ca3-4161-86dd-ceb6f72cf033 | ITER: 40 START
2019-06-16 09:27:56.205 24835 WARNING rally_openstack.scenarios.neutron.utils [-] Running this scenario without either the 'network' or 'existing_network' context is deprecated
2019-06-16 09:27:56.484 24844 INFO rally.task.runner [-] Task 0138da97-8ca3-4161-86dd-ceb6f72cf033 | ITER: 20 END: OK
2019-06-16 09:27:56.747 24799 RALLYDEBUG rally_openstack.wrappers.network [-] CIDR generated: 1.1.5.112/30
2019-06-16 09:27:57.059 24798 RALLYDEBUG rally_openstack.wrappers.network [-] CIDR generated: 1.1.5.116/30
2019-06-16 09:27:57.236 24797 RALLYDEBUG rally_openstack.wrappers.network [-] CIDR generated: 1.1.5.120/30
2019-06-16 09:27:57.663 24799 RALLYDEBUG rally_openstack.wrappers.network [-] CIDR generated: 1.1.5.124/30
2019-06-16 09:27:57.738 24812 INFO rally.task.runner [-] Task 0138da97-8ca3-4161-86dd-ceb6f72cf033 | ITER: 11 END: OK
2019-06-16 09:27:57.857 24837 INFO rally.task.runner [-] Task 0138da97-8ca3-4161-86dd-ceb6f72cf033 | ITER: 18 END: OK
2019-06-16 09:27:58.073 24816 INFO rally.task.runner [-] Task 0138da97-8ca3-4161-86dd-ceb6f72cf033 | ITER: 21 END: OK
2019-06-16 09:27:58.238 24835 RALLYDEBUG rally_openstack.wrappers.network [-] CIDR generated: 1.1.5.128/30
2019-06-16 09:27:58.299 24804 INFO rally.task.runner [-] Task 0138da97-8ca3-4161-86dd-ceb6f72cf033 | ITER: 9 END: OK
2019-06-16 09:27:58.476 24806 INFO rally.task.runner [-] Task 0138da97-8ca3-4161-86dd-ceb6f72cf033 | ITER: 22 END: OK
2019-06-16 09:27:58.509 24801 INFO rally.task.runner [-] Task 0138da97-8ca3-4161-86dd-ceb6f72cf033 | ITER: 23 END: OK
2019-06-16 09:27:59.044 24801 RALLYDEBUG rally_openstack.wrappers.network [-] CIDR generated: 1.1.5.132/30
2019-06-16 09:27:59.252 24827 INFO rally.task.runner [-] Task 0138da97-8ca3-4161-86dd-ceb6f72cf033 | ITER: 30 END: OK
2019-06-16 09:27:59.590 24826 RALLYDEBUG rally_openstack.wrappers.network [-] CIDR generated: 1.1.5.136/30
2019-06-16 09:27:59.717 24841 INFO rally.task.runner [-] Task 0138da97-8ca3-4161-86dd-ceb6f72cf033 | ITER: 29 END: OK
2019-06-16 09:28:00.658 24797 INFO rally.task.runner [-] Task 0138da97-8ca3-4161-86dd-ceb6f72cf033 | ITER: 32 END: OK
2019-06-16 09:28:00.676 24821 INFO rally.task.runner [-] Task 0138da97-8ca3-4161-86dd-ceb6f72cf033 | ITER: 33 END: OK
2019-06-16 09:28:00.689 24799 RALLYDEBUG rally_openstack.wrappers.network [-] CIDR generated: 1.1.5.140/30
2019-06-16 09:28:00.752 24798 RALLYDEBUG rally_openstack.wrappers.network [-] CIDR generated: 1.1.5.144/30
2019-06-16 09:28:00.755 24799 RALLYDEBUG rally_openstack.wrappers.network [-] CIDR generated: 1.1.5.148/30
2019-06-16 09:28:00.770 24835 RALLYDEBUG rally_openstack.wrappers.network [-] CIDR generated: 1.1.5.152/30
2019-06-16 09:28:00.788 24797 RALLYDEBUG rally_openstack.wrappers.network [-] CIDR generated: 1.1.5.156/30
2019-06-16 09:28:01.120 24830 INFO rally.task.runner [-] Task 0138da97-8ca3-4161-86dd-ceb6f72cf033 | ITER: 28 END: OK
2019-06-16 09:28:02.818 24798 INFO rally.task.runner [-] Task 0138da97-8ca3-4161-86dd-ceb6f72cf033 | ITER: 31 END: OK
2019-06-16 09:28:05.632 24826 INFO rally.task.runner [-] Task 0138da97-8ca3-4161-86dd-ceb6f72cf033 | ITER: 35 END: OK
2019-06-16 09:28:06.376 24835 INFO rally.task.runner [-] Task 0138da97-8ca3-4161-86dd-ceb6f72cf033 | ITER: 40 END: OK
2019-06-16 09:28:06.388 24799 INFO rally.task.runner [-] Task 0138da97-8ca3-4161-86dd-ceb6f72cf033 | ITER: 39 END: OK
2019-06-16 09:28:06.816 24797 INFO rally.task.runner [-] Task 0138da97-8ca3-4161-86dd-ceb6f72cf033 | ITER: 38 END: OK
2019-06-16 09:28:07.553 24801 INFO rally.task.runner [-] Task 0138da97-8ca3-4161-86dd-ceb6f72cf033 | ITER: 34 END: OK
2019-06-16 09:28:08.358 24798 INFO rally.task.runner [-] Task 0138da97-8ca3-4161-86dd-ceb6f72cf033 | ITER: 37 END: OK
2019-06-16 09:28:08.396 24799 INFO rally.task.runner [-] Task 0138da97-8ca3-4161-86dd-ceb6f72cf033 | ITER: 36 END: OK
2019-06-16 09:28:08.417 22703 INFO rally.task.context [-] Task 0138da97-8ca3-4161-86dd-ceb6f72cf033 | Context cleanup@openstack cleanup() started
2019-06-16 09:28:08.420 22703 RALLYDEBUG rally_openstack.cleanup.manager [-] Cleaning up neutron vip objects
2019-06-16 09:28:09.143 22703 RALLYDEBUG rally_openstack.cleanup.manager [-] Cleaning up neutron health_monitor objects
2019-06-16 09:28:09.921 22703 RALLYDEBUG rally_openstack.cleanup.manager [-] Cleaning up neutron pool objects
2019-06-16 09:28:10.564 22703 RALLYDEBUG rally_openstack.cleanup.manager [-] Cleaning up neutron loadbalancer objects
2019-06-16 09:28:11.201 22703 RALLYDEBUG rally_openstack.cleanup.manager [-] Cleaning up neutron floatingip objects
2019-06-16 09:28:11.957 22703 RALLYDEBUG rally_openstack.cleanup.manager [-] Cleaning up neutron port objects
2019-06-16 09:28:13.065 22703 RALLYDEBUG rally_openstack.cleanup.manager [-] Cleaning up neutron subnet objects
2019-06-16 09:28:13.807 22703 RALLYDEBUG rally_openstack.cleanup.manager [-] Cleaning up neutron network objects
2019-06-16 09:28:14.593 22703 RALLYDEBUG rally_openstack.cleanup.manager [-] Deleting neutron.network object s_rally_dde352b9_KN1xC4Rg (0162ae0c-fa0d-4e20-a5a8-011e16a7184c)
2019-06-16 09:28:14.601 22703 RALLYDEBUG rally_openstack.cleanup.manager [-] Deleting neutron.network object s_rally_dde352b9_36pODJ6p (0ced2b1d-4da5-4168-b387-4adf10aa7ada)
2019-06-16 09:28:14.605 22703 RALLYDEBUG rally_openstack.cleanup.manager [-] Deleting neutron.network object s_rally_dde352b9_vD9ISa0u (0cf5d64a-675a-4eb8-9ea1-60fbef806b7c)
2019-06-16 09:28:14.616 22703 RALLYDEBUG rally_openstack.cleanup.manager [-] Deleting neutron.network object s_rally_dde352b9_ze2e9JPy (05455467-3db0-485a-9637-db56fca694ba)
2019-06-16 09:28:14.634 22703 RALLYDEBUG rally_openstack.cleanup.manager [-] Deleting neutron.network object s_rally_dde352b9_zhw8JFf4 (0dfd53a1-597a-4117-ad7c-2eb320de645f)
2019-06-16 09:28:14.638 22703 RALLYDEBUG rally_openstack.cleanup.manager [-] Deleting neutron.network object s_rally_dde352b9_paQDe7Io (10fea9d4-f751-40fb-b532-ec685ef71782)
2019-06-16 09:28:14.638 22703 RALLYDEBUG rally_openstack.cleanup.manager [-] Deleting neutron.network object s_rally_dde352b9_lDhYhnbW (1889a323-5e98-4436-af27-900b5951bb4c)
2019-06-16 09:28:14.647 22703 RALLYDEBUG rally_openstack.cleanup.manager [-] Deleting neutron.network object s_rally_dde352b9_ki0eCvUO (193e1150-120a-4191-9623-10a2eec1dc1e)
2019-06-16 09:28:14.658 22703 RALLYDEBUG rally_openstack.cleanup.manager [-] Deleting neutron.network object s_rally_dde352b9_jEm8PLet (1d66cb0f-6952-444f-bc72-aabbb0b0604d)
2019-06-16 09:28:14.665 22703 RALLYDEBUG rally_openstack.cleanup.manager [-] Deleting neutron.network object s_rally_dde352b9_1f9c8uxy (1dadaa27-31ae-4689-8eb4-60e2c3a02dda)
2019-06-16 09:28:14.674 22703 RALLYDEBUG rally_openstack.cleanup.manager [-] Deleting neutron.network object s_rally_dde352b9_QKN4w5LH (36c75274-c0d8-499b-be01-9bee4b5d40c7)
2019-06-16 09:28:14.710 22703 RALLYDEBUG rally_openstack.cleanup.manager [-] Deleting neutron.network object s_rally_dde352b9_pYCXViJ7 (66ce065f-a690-45a0-8ad7-63823c6106ff)
2019-06-16 09:28:14.711 22703 RALLYDEBUG rally_openstack.cleanup.manager [-] Deleting neutron.network object s_rally_dde352b9_QLGPC7CW (53c2c48d-39f4-4e84-b488-0c32812cfb96)
2019-06-16 09:28:14.712 22703 RALLYDEBUG rally_openstack.cleanup.manager [-] Deleting neutron.network object s_rally_dde352b9_iIynxQ6c (3982df64-9784-4357-b0e1-ef9ded9a1c92)
2019-06-16 09:28:14.719 22703 RALLYDEBUG rally_openstack.cleanup.manager [-] Deleting neutron.network object s_rally_dde352b9_hbYRj2ch (6a307615-75ec-4278-861d-8868d7409d67)
2019-06-16 09:28:14.733 22703 RALLYDEBUG rally_openstack.cleanup.manager [-] Deleting neutron.network object s_rally_dde352b9_VtV6YTEz (6a923367-3b3c-4872-8e57-b2e564aea3e9)
2019-06-16 09:28:14.758 22703 RALLYDEBUG rally_openstack.cleanup.manager [-] Deleting neutron.network object s_rally_dde352b9_13BOCp7D (6edaa23a-cee6-4a90-98bb-ff275ef4cc64)
2019-06-16 09:28:14.772 22703 RALLYDEBUG rally_openstack.cleanup.manager [-] Deleting neutron.network object s_rally_dde352b9_X9RsZTMD (7d66ddcc-abe0-4ee9-bb97-d64a9e5fe5e1)
2019-06-16 09:28:14.803 22703 RALLYDEBUG rally_openstack.cleanup.manager [-] Deleting neutron.network object s_rally_dde352b9_U19j2kia (82558c6c-e80d-4749-b4ab-d3ee7135b807)
2019-06-16 09:28:14.803 22703 RALLYDEBUG rally_openstack.cleanup.manager [-] Deleting neutron.network object s_rally_dde352b9_ZIVGzUYa (813b5561-2e8f-4cd7-ac35-7c4e13d5c45f)
2019-06-16 09:28:17.670 22703 RALLYDEBUG rally_openstack.cleanup.manager [-] Deleting neutron.network object s_rally_dde352b9_IblUThzh (84abfcb4-77b0-490d-abf0-83ba57b2a3b0)
2019-06-16 09:28:17.850 22703 RALLYDEBUG rally_openstack.cleanup.manager [-] Deleting neutron.network object s_rally_dde352b9_J7HQBdgd (8d9b7b95-4d6a-4e2d-89dd-6241f66a0ddc)
2019-06-16 09:28:18.133 22703 RALLYDEBUG rally_openstack.cleanup.manager [-] Deleting neutron.network object s_rally_dde352b9_UYqNXBik (91330e20-a435-431c-a0f7-36dfcfb71315)
2019-06-16 09:28:18.236 22703 RALLYDEBUG rally_openstack.cleanup.manager [-] Deleting neutron.network object s_rally_dde352b9_43cjUrt4 (a31cfa7b-158c-4d99-9d27-5e5237960f48)
2019-06-16 09:28:18.284 22703 RALLYDEBUG rally_openstack.cleanup.manager [-] Deleting neutron.network object s_rally_dde352b9_SN4ohSi2 (aa0e628a-4a08-4498-aa1e-3a8116fc78b8)
2019-06-16 09:28:18.321 22703 RALLYDEBUG rally_openstack.cleanup.manager [-] Deleting neutron.network object s_rally_dde352b9_yIAy9FUU (abe58544-29d4-48b3-997c-77acaeac4cd0)
2019-06-16 09:28:18.348 22703 RALLYDEBUG rally_openstack.cleanup.manager [-] Deleting neutron.network object s_rally_dde352b9_FihVqbSh (ad000eb9-24b8-4e33-9020-bd0cfa598b3e)
2019-06-16 09:28:18.367 22703 RALLYDEBUG rally_openstack.cleanup.manager [-] Deleting neutron.network object s_rally_dde352b9_KQaPTvkD (b836c64d-232b-43fe-9603-26cf08cc0966)
2019-06-16 09:28:18.824 22703 RALLYDEBUG rally_openstack.cleanup.manager [-] Deleting neutron.network object s_rally_dde352b9_TVr9Ldb5 (b91e914f-554b-4876-a8f4-f7042d777bbe)
2019-06-16 09:28:19.451 22703 RALLYDEBUG rally_openstack.cleanup.manager [-] Deleting neutron.network object s_rally_dde352b9_Zq7U5pYk (b9842de4-1bdc-4855-b808-24dfcafa1f16)
2019-06-16 09:28:20.145 22703 RALLYDEBUG rally_openstack.cleanup.manager [-] Deleting neutron.network object s_rally_dde352b9_1UIOTLOU (bacbb075-6831-49c3-9646-c79c591e6363)
2019-06-16 09:28:20.504 22703 RALLYDEBUG rally_openstack.cleanup.manager [-] Deleting neutron.network object s_rally_dde352b9_Vppo5t8H (bdc28fc0-a264-4431-ad06-4bef0f7c60c4)
2019-06-16 09:28:20.571 22703 RALLYDEBUG rally_openstack.cleanup.manager [-] Deleting neutron.network object s_rally_dde352b9_6hsqSeOo (c0673e57-b365-45f2-a8d2-a5a077a50b87)
2019-06-16 09:28:21.401 22703 RALLYDEBUG rally_openstack.cleanup.manager [-] Deleting neutron.network object s_rally_dde352b9_tGV57dAv (c5494c43-7fc0-4d33-a255-5bd2862ab3e7)
2019-06-16 09:28:21.433 22703 RALLYDEBUG rally_openstack.cleanup.manager [-] Deleting neutron.network object s_rally_dde352b9_BuYkvvyS (c63c46b7-1b26-4c70-aadb-3efe16f0791f)
2019-06-16 09:28:21.672 22703 RALLYDEBUG rally_openstack.cleanup.manager [-] Deleting neutron.network object s_rally_dde352b9_RbBvNPBP (e1c13a30-40ff-4845-a96e-50faac0825e7)
2019-06-16 09:28:21.948 22703 RALLYDEBUG rally_openstack.cleanup.manager [-] Deleting neutron.network object s_rally_dde352b9_pIU0gaju (e88e348d-3659-4560-80d8-e1eddcfa385e)
2019-06-16 09:28:21.952 22703 RALLYDEBUG rally_openstack.cleanup.manager [-] Deleting neutron.network object s_rally_dde352b9_bXn8rvaz (f26dff4c-9821-4df0-a43a-fc9fface8ed3)
2019-06-16 09:28:22.036 22703 RALLYDEBUG rally_openstack.cleanup.manager [-] Deleting neutron.network object s_rally_dde352b9_khiW7OiL (f47d9775-7d59-49e8-a07d-7b14701ffcb3)
2019-06-16 09:28:22.217 22703 RALLYDEBUG rally_openstack.cleanup.manager [-] Deleting neutron.network object s_rally_dde352b9_gWUWUXyf (f8ba4c37-96da-479b-bfa5-220865342a1a)
2019-06-16 09:28:25.204 22703 RALLYDEBUG rally_openstack.cleanup.manager [-] Cleaning up neutron router objects
2019-06-16 09:28:25.870 22703 RALLYDEBUG rally_openstack.cleanup.manager [-] Cleaning up neutron security_group objects
2019-06-16 09:28:26.649 22703 INFO rally.task.context [-] Task 0138da97-8ca3-4161-86dd-ceb6f72cf033 | Context cleanup@openstack cleanup() finished in 18.23 sec
2019-06-16 09:28:26.650 22703 INFO rally.task.context [-] Task 0138da97-8ca3-4161-86dd-ceb6f72cf033 | Context quotas@openstack cleanup() started
2019-06-16 09:28:26.942 22703 INFO rally.task.context [-] Task 0138da97-8ca3-4161-86dd-ceb6f72cf033 | Context quotas@openstack cleanup() finished in 0.29 sec
2019-06-16 09:28:26.942 22703 INFO rally.task.context [-] Task 0138da97-8ca3-4161-86dd-ceb6f72cf033 | Context users@openstack cleanup() started
2019-06-16 09:28:32.200 22703 INFO rally.task.context [-] Task 0138da97-8ca3-4161-86dd-ceb6f72cf033 | Context users@openstack cleanup() finished in 5.26 sec
2019-06-16 09:28:32.239 22703 INFO rally.task.engine [-] Load duration is: 33.201553
2019-06-16 09:28:32.240 22703 INFO rally.task.engine [-] Full runner duration is: 33.2422
2019-06-16 09:28:32.240 22703 INFO rally.task.engine [-] Full duration is: 62.201048
2019-06-16 09:28:32.496 22703 INFO rally.task.engine [-] Running workload: position = 0 config = { "version": 2, "title": "A cropped version of a bigger task.", "description": "Auto-generated task from a single workload (uuid=d761b999-149f-4821-b35f-c602566ea4bf)", "subtasks": [ { "title": "NeutronNetworks.create_and_list_routers", "description": "Create and a given number of routers and list all routers.", "scenario": { "NeutronNetworks.create_and_list_routers": { "network_create_args": null, "subnet_create_args": null, "subnet_cidr_start": "1.1.0.0/30", "subnets_per_network": 2, "router_create_args": null } }, "contexts": { "users": { "tenants": 1, "users_per_tenant": 1 }, "quotas": { "neutron": { "network": -1, "subnet": -1, "router": -1 } } }, "runner": { "constant": { "times": 40, "concurrency": 20 } }, "hooks": [], "sla": { "failure_rate": { "max": 0 } } } ] }
2019-06-16 09:28:32.518 22703 RALLYDEBUG rally_openstack.contexts.keystone.users [-] Creating 1 tenants using 20 threads
2019-06-16 09:28:34.220 22703 RALLYDEBUG rally_openstack.contexts.keystone.users [-] Creating 1 users using 20 threads
2019-06-16 09:28:36.685 22703 INFO rally.task.context [-] Task 0138da97-8ca3-4161-86dd-ceb6f72cf033 | Context users@openstack setup() finished in 4.17 sec
2019-06-16 09:28:37.477 22703 INFO rally.task.context [-] Task 0138da97-8ca3-4161-86dd-ceb6f72cf033 | Context quotas@openstack setup() finished in 0.79 sec
2019-06-16 09:28:37.478 22703 INFO rally.task.context [-] Task 0138da97-8ca3-4161-86dd-ceb6f72cf033 | Context cleanup@openstack setup() finished in 0.00 msec
2019-06-16 09:28:37.485 22703 RALLYDEBUG rally.task.runner [-] Starting the constant runner (task UUID: 0138da97-8ca3-4161-86dd-ceb6f72cf033). timeout: 0 concurrency: 20 concurrency_per_worker: 1 times: 40 concurrency_overhead: 4 processes_to_start: 16 max_cpu_used: 16
2019-06-16 09:28:37.498 25167 RALLYDEBUG rally.task.runner [-] Starting a worker. concurrency: 2 args: {"network_create_args": null, "subnet_create_args": null, "subnet_cidr_start": "1.1.0.0/30", "subnets_per_network": 2, "router_create_args": null} times: 40 method_name: run timeout: 0 duration: None cls:
2019-06-16 09:28:37.501 25168 RALLYDEBUG rally.task.runner [-] Starting a worker. concurrency: 2 args: {"network_create_args": null, "subnet_create_args": null, "subnet_cidr_start": "1.1.0.0/30", "subnets_per_network": 2, "router_create_args": null} times: 40 method_name: run timeout: 0 duration: None cls:
2019-06-16 09:28:37.503 25169 RALLYDEBUG rally.task.runner [-] Starting a worker. concurrency: 2 args: {"network_create_args": null, "subnet_create_args": null, "subnet_cidr_start": "1.1.0.0/30", "subnets_per_network": 2, "router_create_args": null} times: 40 method_name: run timeout: 0 duration: None cls:
2019-06-16 09:28:37.506 25167 INFO rally.task.runner [-] Task 0138da97-8ca3-4161-86dd-ceb6f72cf033 | ITER: 1 START
2019-06-16 09:28:37.506 25170 RALLYDEBUG rally.task.runner [-] Starting a worker. concurrency: 2 args: {"network_create_args": null, "subnet_create_args": null, "subnet_cidr_start": "1.1.0.0/30", "subnets_per_network": 2, "router_create_args": null} times: 40 method_name: run timeout: 0 duration: None cls:
2019-06-16 09:28:37.510 25168 INFO rally.task.runner [-] Task 0138da97-8ca3-4161-86dd-ceb6f72cf033 | ITER: 2 START
2019-06-16 09:28:37.510 25169 INFO rally.task.runner [-] Task 0138da97-8ca3-4161-86dd-ceb6f72cf033 | ITER: 4 START
2019-06-16 09:28:37.511 25172 RALLYDEBUG rally.task.runner [-] Starting a worker. concurrency: 1 args: {"network_create_args": null, "subnet_create_args": null, "subnet_cidr_start": "1.1.0.0/30", "subnets_per_network": 2, "router_create_args": null} times: 40 method_name: run timeout: 0 duration: None cls:
2019-06-16 09:28:37.514 25176 RALLYDEBUG rally.task.runner [-] Starting a worker. concurrency: 1 args: {"network_create_args": null, "subnet_create_args": null, "subnet_cidr_start": "1.1.0.0/30", "subnets_per_network": 2, "router_create_args": null} times: 40 method_name: run timeout: 0 duration: None cls:
2019-06-16 09:28:37.514 25170 INFO rally.task.runner [-] Task 0138da97-8ca3-4161-86dd-ceb6f72cf033 | ITER: 6 START
2019-06-16 09:28:37.510 25168 INFO rally.task.runner [-] Task 0138da97-8ca3-4161-86dd-ceb6f72cf033 | ITER: 5 START
2019-06-16 09:28:37.515 25169 INFO rally.task.runner [-] Task 0138da97-8ca3-4161-86dd-ceb6f72cf033 | ITER: 7 START
2019-06-16 09:28:37.517 25181 RALLYDEBUG rally.task.runner [-] Starting a worker. concurrency: 1 args: {"network_create_args": null, "subnet_create_args": null, "subnet_cidr_start": "1.1.0.0/30", "subnets_per_network": 2, "router_create_args": null} times: 40 method_name: run timeout: 0 duration: None cls:
2019-06-16 09:28:37.510 25167 INFO rally.task.runner [-] Task 0138da97-8ca3-4161-86dd-ceb6f72cf033 | ITER: 3 START
2019-06-16 09:28:37.518 25172 INFO rally.task.runner [-] Task 0138da97-8ca3-4161-86dd-ceb6f72cf033 | ITER: 9 START
2019-06-16 09:28:37.519 25176 INFO rally.task.runner [-] Task 0138da97-8ca3-4161-86dd-ceb6f72cf033 | ITER: 10 START
2019-06-16 09:28:37.522 25185 RALLYDEBUG rally.task.runner [-] Starting a worker. concurrency: 1 args: {"network_create_args": null, "subnet_create_args": null, "subnet_cidr_start": "1.1.0.0/30", "subnets_per_network": 2, "router_create_args": null} times: 40 method_name: run timeout: 0 duration: None cls:
2019-06-16 09:28:37.524 25181 INFO rally.task.runner [-] Task 0138da97-8ca3-4161-86dd-ceb6f72cf033 | ITER: 11 START
2019-06-16 09:28:37.529 25170 INFO rally.task.runner [-] Task 0138da97-8ca3-4161-86dd-ceb6f72cf033 | ITER: 8 START
2019-06-16 09:28:37.529 25190 RALLYDEBUG rally.task.runner [-] Starting a worker. concurrency: 1 args: {"network_create_args": null, "subnet_create_args": null, "subnet_cidr_start": "1.1.0.0/30", "subnets_per_network": 2, "router_create_args": null} times: 40 method_name: run timeout: 0 duration: None cls:
2019-06-16 09:28:37.530 25185 INFO rally.task.runner [-] Task 0138da97-8ca3-4161-86dd-ceb6f72cf033 | ITER: 12 START
2019-06-16 09:28:37.534 25194 RALLYDEBUG rally.task.runner [-] Starting a worker. concurrency: 1 args: {"network_create_args": null, "subnet_create_args": null, "subnet_cidr_start": "1.1.0.0/30", "subnets_per_network": 2, "router_create_args": null} times: 40 method_name: run timeout: 0 duration: None cls:
2019-06-16 09:28:37.537 25190 INFO rally.task.runner [-] Task 0138da97-8ca3-4161-86dd-ceb6f72cf033 | ITER: 13 START
2019-06-16 09:28:37.538 25197 RALLYDEBUG rally.task.runner [-] Starting a worker. concurrency: 1 args: {"network_create_args": null, "subnet_create_args": null, "subnet_cidr_start": "1.1.0.0/30", "subnets_per_network": 2, "router_create_args": null} times: 40 method_name: run timeout: 0 duration: None cls:
2019-06-16 09:28:37.540 25194 INFO rally.task.runner [-] Task 0138da97-8ca3-4161-86dd-ceb6f72cf033 | ITER: 14 START
2019-06-16 09:28:37.543 25200 RALLYDEBUG rally.task.runner [-] Starting a worker. concurrency: 1 args: {"network_create_args": null, "subnet_create_args": null, "subnet_cidr_start": "1.1.0.0/30", "subnets_per_network": 2, "router_create_args": null} times: 40 method_name: run timeout: 0 duration: None cls:
2019-06-16 09:28:37.547 25197 INFO rally.task.runner [-] Task 0138da97-8ca3-4161-86dd-ceb6f72cf033 | ITER: 15 START
2019-06-16 09:28:37.548 25200 INFO rally.task.runner [-] Task 0138da97-8ca3-4161-86dd-ceb6f72cf033 | ITER: 16 START
2019-06-16 09:28:37.559 25207 RALLYDEBUG rally.task.runner [-] Starting a worker. concurrency: 1 args: {"network_create_args": null, "subnet_create_args": null, "subnet_cidr_start": "1.1.0.0/30", "subnets_per_network": 2, "router_create_args": null} times: 40 method_name: run timeout: 0 duration: None cls:
2019-06-16 09:28:37.565 25207 INFO rally.task.runner [-] Task 0138da97-8ca3-4161-86dd-ceb6f72cf033 | ITER: 17 START
2019-06-16 09:28:37.568 25208 RALLYDEBUG rally.task.runner [-] Starting a worker. concurrency: 1 args: {"network_create_args": null, "subnet_create_args": null, "subnet_cidr_start": "1.1.0.0/30", "subnets_per_network": 2, "router_create_args": null} times: 40 method_name: run timeout: 0 duration: None cls:
2019-06-16 09:28:37.573 25211 RALLYDEBUG rally.task.runner [-] Starting a worker. concurrency: 1 args: {"network_create_args": null, "subnet_create_args": null, "subnet_cidr_start": "1.1.0.0/30", "subnets_per_network": 2, "router_create_args": null} times: 40 method_name: run timeout: 0 duration: None cls:
2019-06-16 09:28:37.574 25208 INFO rally.task.runner [-] Task 0138da97-8ca3-4161-86dd-ceb6f72cf033 | ITER: 18 START
2019-06-16 09:28:37.577 25212 RALLYDEBUG rally.task.runner [-] Starting a worker. concurrency: 1 args: {"network_create_args": null, "subnet_create_args": null, "subnet_cidr_start": "1.1.0.0/30", "subnets_per_network": 2, "router_create_args": null} times: 40 method_name: run timeout: 0 duration: None cls:
2019-06-16 09:28:37.577 25211 INFO rally.task.runner [-] Task 0138da97-8ca3-4161-86dd-ceb6f72cf033 | ITER: 19 START
2019-06-16 09:28:37.581 25212 INFO rally.task.runner [-] Task 0138da97-8ca3-4161-86dd-ceb6f72cf033 | ITER: 20 START
2019-06-16 09:28:39.316 25169 RALLYDEBUG rally_openstack.wrappers.network [-] CIDR generated: 1.1.5.160/30
2019-06-16 09:28:39.348 25176 RALLYDEBUG rally_openstack.wrappers.network [-] CIDR generated: 1.1.5.164/30
2019-06-16 09:28:39.351 25170 RALLYDEBUG rally_openstack.wrappers.network [-] CIDR generated: 1.1.5.168/30
2019-06-16 09:28:39.393 25170 RALLYDEBUG rally_openstack.wrappers.network [-] CIDR generated: 1.1.5.172/30
2019-06-16 09:28:39.479 25167 RALLYDEBUG rally_openstack.wrappers.network [-] CIDR generated: 1.1.5.176/30
2019-06-16 09:28:39.543 25168 RALLYDEBUG rally_openstack.wrappers.network [-] CIDR generated: 1.1.5.180/30
2019-06-16 09:28:39.600 25194 RALLYDEBUG rally_openstack.wrappers.network [-] CIDR generated: 1.1.5.184/30
2019-06-16 09:28:39.691 25181 RALLYDEBUG rally_openstack.wrappers.network [-] CIDR generated: 1.1.5.188/30
2019-06-16 09:28:39.696 25172 RALLYDEBUG rally_openstack.wrappers.network [-] CIDR generated: 1.1.5.192/30
2019-06-16 09:28:39.731 25169 RALLYDEBUG rally_openstack.wrappers.network [-] CIDR generated: 1.1.5.196/30
2019-06-16 09:28:39.741 25168 RALLYDEBUG rally_openstack.wrappers.network [-] CIDR generated: 1.1.5.200/30
2019-06-16 09:28:39.760 25212 RALLYDEBUG rally_openstack.wrappers.network [-] CIDR generated: 1.1.5.204/30
2019-06-16 09:28:39.937 25167 RALLYDEBUG rally_openstack.wrappers.network [-] CIDR generated: 1.1.5.208/30
2019-06-16 09:28:40.055 25185 RALLYDEBUG rally_openstack.wrappers.network [-] CIDR generated: 1.1.5.212/30
2019-06-16 09:28:40.426 25211 RALLYDEBUG rally_openstack.wrappers.network [-] CIDR generated: 1.1.5.216/30
2019-06-16 09:28:40.506 25200 RALLYDEBUG rally_openstack.wrappers.network [-] CIDR generated: 1.1.5.220/30
2019-06-16 09:28:40.537 25207 RALLYDEBUG rally_openstack.wrappers.network [-] CIDR generated: 1.1.5.224/30
2019-06-16 09:28:40.544 25169 RALLYDEBUG rally_openstack.wrappers.network [-] CIDR generated: 1.1.5.228/30
2019-06-16 09:28:40.782 25167 RALLYDEBUG rally_openstack.wrappers.network [-] CIDR generated: 1.1.5.232/30
2019-06-16 09:28:40.797 25194 RALLYDEBUG rally_openstack.wrappers.network [-] CIDR generated: 1.1.5.236/30
2019-06-16 09:28:41.034 25168 RALLYDEBUG rally_openstack.wrappers.network [-] CIDR generated: 1.1.5.240/30
2019-06-16 09:28:41.129 25170 RALLYDEBUG rally_openstack.wrappers.network [-] CIDR generated: 1.1.5.244/30
2019-06-16 09:28:41.300 25197 RALLYDEBUG rally_openstack.wrappers.network [-] CIDR generated: 1.1.5.248/30
2019-06-16 09:28:41.305 25170 RALLYDEBUG rally_openstack.wrappers.network [-] CIDR generated: 1.1.5.252/30
2019-06-16 09:28:41.651 25190 RALLYDEBUG rally_openstack.wrappers.network [-] CIDR generated: 1.1.6.0/30
2019-06-16 09:28:41.872 25208 RALLYDEBUG rally_openstack.wrappers.network [-] CIDR generated: 1.1.6.4/30
2019-06-16 09:28:42.648 25172 RALLYDEBUG rally_openstack.wrappers.network [-] CIDR generated: 1.1.6.8/30
2019-06-16 09:28:42.707 25167 RALLYDEBUG rally_openstack.wrappers.network [-] CIDR generated: 1.1.6.12/30
2019-06-16 09:28:44.213 25212 RALLYDEBUG rally_openstack.wrappers.network [-] CIDR generated: 1.1.6.16/30
2019-06-16 09:28:44.457 25176 RALLYDEBUG rally_openstack.wrappers.network [-] CIDR generated: 1.1.6.20/30
2019-06-16 09:28:44.778 25211 RALLYDEBUG rally_openstack.wrappers.network [-] CIDR generated: 1.1.6.24/30
2019-06-16 09:28:44.884 25185 RALLYDEBUG rally_openstack.wrappers.network [-] CIDR generated: 1.1.6.28/30
2019-06-16 09:28:44.947 25200 RALLYDEBUG rally_openstack.wrappers.network [-] CIDR generated: 1.1.6.32/30
2019-06-16 09:28:45.543 25207 RALLYDEBUG rally_openstack.wrappers.network [-] CIDR generated: 1.1.6.36/30
2019-06-16 09:28:46.254 25190 RALLYDEBUG rally_openstack.wrappers.network [-] CIDR generated: 1.1.6.40/30
2019-06-16 09:28:46.970 25168 RALLYDEBUG rally_openstack.wrappers.network [-] CIDR generated: 1.1.6.44/30
2019-06-16 09:28:46.973 25169 RALLYDEBUG rally_openstack.wrappers.network [-] CIDR generated: 1.1.6.48/30
2019-06-16 09:28:47.040 25181 RALLYDEBUG rally_openstack.wrappers.network [-] CIDR generated: 1.1.6.52/30
2019-06-16 09:28:47.411 25197 RALLYDEBUG rally_openstack.wrappers.network [-] CIDR generated: 1.1.6.56/30
2019-06-16 09:28:47.595 25208 RALLYDEBUG rally_openstack.wrappers.network [-] CIDR generated: 1.1.6.60/30
2019-06-16 09:28:53.302 25170 INFO rally.task.runner [-] Task 0138da97-8ca3-4161-86dd-ceb6f72cf033 | ITER: 8 END: OK
2019-06-16 09:28:53.307 25170 INFO rally.task.runner [-] Task 0138da97-8ca3-4161-86dd-ceb6f72cf033 | ITER: 21 START
2019-06-16 09:28:53.457 25194 INFO rally.task.runner [-] Task 0138da97-8ca3-4161-86dd-ceb6f72cf033 | ITER: 14 END: OK
2019-06-16 09:28:53.461 25194 INFO rally.task.runner [-] Task 0138da97-8ca3-4161-86dd-ceb6f72cf033 | ITER: 22 START
2019-06-16 09:28:53.481 25169 INFO rally.task.runner [-] Task 0138da97-8ca3-4161-86dd-ceb6f72cf033 | ITER: 4 END: OK
2019-06-16 09:28:53.485 25169 INFO rally.task.runner [-] Task 0138da97-8ca3-4161-86dd-ceb6f72cf033 | ITER: 23 START
2019-06-16 09:28:53.490 25167 INFO rally.task.runner [-] Task 0138da97-8ca3-4161-86dd-ceb6f72cf033 | ITER: 3 END: OK
2019-06-16 09:28:53.494 25167 INFO rally.task.runner [-] Task 0138da97-8ca3-4161-86dd-ceb6f72cf033 | ITER: 24 START
2019-06-16 09:28:53.683 25170 INFO rally.task.runner [-] Task 0138da97-8ca3-4161-86dd-ceb6f72cf033 | ITER: 6 END: OK
2019-06-16 09:28:53.686 25170 INFO rally.task.runner [-] Task 0138da97-8ca3-4161-86dd-ceb6f72cf033 | ITER: 25 START
2019-06-16 09:28:53.817 25168 INFO rally.task.runner [-] Task 0138da97-8ca3-4161-86dd-ceb6f72cf033 | ITER: 2 END: OK
