2019-06-16 09:43:11.546 26989 WARNING rally_openstack.scenarios.neutron.utils [-] Running this scenario without either the 'network' or 'existing_network' context is deprecated
2019-06-16 09:43:11.911 26986 INFO rally.task.runner [-] Task 0138da97-8ca3-4161-86dd-ceb6f72cf033 | ITER: 18 END: OK
2019-06-16 09:43:11.919 26986 INFO rally.task.runner [-] Task 0138da97-8ca3-4161-86dd-ceb6f72cf033 | ITER: 40 START
2019-06-16 09:43:11.920 26986 WARNING rally_openstack.scenarios.neutron.utils [-] Running this scenario without either the 'network' or 'existing_network' context is deprecated
2019-06-16 09:43:11.971 26976 INFO rally.task.runner [-] Task 0138da97-8ca3-4161-86dd-ceb6f72cf033 | ITER: 14 END: OK
2019-06-16 09:43:11.980 26985 INFO rally.task.runner [-] Task 0138da97-8ca3-4161-86dd-ceb6f72cf033 | ITER: 17 END: OK
2019-06-16 09:43:12.242 26950 INFO rally.task.runner [-] Task 0138da97-8ca3-4161-86dd-ceb6f72cf033 | ITER: 29 END: OK
2019-06-16 09:43:13.038 26982 INFO rally.task.runner [-] Task 0138da97-8ca3-4161-86dd-ceb6f72cf033 | ITER: 30 END: OK
2019-06-16 09:43:13.903 26949 INFO rally.task.runner [-] Task 0138da97-8ca3-4161-86dd-ceb6f72cf033 | ITER: 36 END: OK
2019-06-16 09:43:18.493 26992 INFO rally.task.runner [-] Task 0138da97-8ca3-4161-86dd-ceb6f72cf033 | ITER: 34 END: OK
2019-06-16 09:43:19.039 26952 INFO rally.task.runner [-] Task 0138da97-8ca3-4161-86dd-ceb6f72cf033 | ITER: 38 END: OK
2019-06-16 09:43:19.588 26963 INFO rally.task.runner [-] Task 0138da97-8ca3-4161-86dd-ceb6f72cf033 | ITER: 31 END: OK
2019-06-16 09:43:19.756 26979 INFO rally.task.runner [-] Task 0138da97-8ca3-4161-86dd-ceb6f72cf033 | ITER: 32 END: OK
2019-06-16 09:43:20.035 26989 INFO rally.task.runner [-] Task 0138da97-8ca3-4161-86dd-ceb6f72cf033 | ITER: 39 END: OK
2019-06-16 09:43:20.201 26953 INFO rally.task.runner [-] Task 0138da97-8ca3-4161-86dd-ceb6f72cf033 | ITER: 33 END: OK
2019-06-16 09:43:20.702 26973 INFO rally.task.runner [-] Task 0138da97-8ca3-4161-86dd-ceb6f72cf033 | ITER: 35 END: OK
2019-06-16 09:43:20.737 26949 INFO rally.task.runner [-] Task 0138da97-8ca3-4161-86dd-ceb6f72cf033 | ITER: 37 END: OK
2019-06-16 09:43:20.809 26986 INFO rally.task.runner [-] Task 0138da97-8ca3-4161-86dd-ceb6f72cf033 | ITER: 40 END: OK
2019-06-16 09:43:25.966 26950 INFO rally.task.runner [-] Task 0138da97-8ca3-4161-86dd-ceb6f72cf033 | ITER: 4 END: OK
2019-06-16 09:43:25.985 26951 INFO rally.task.runner [-] Task 0138da97-8ca3-4161-86dd-ceb6f72cf033 | ITER: 7 END: OK
2019-06-16 09:43:26.032 26969 INFO rally.task.runner [-] Task 0138da97-8ca3-4161-86dd-ceb6f72cf033 | ITER: 12 END: OK
2019-06-16 09:43:26.068 26951 INFO rally.task.runner [-] Task 0138da97-8ca3-4161-86dd-ceb6f72cf033 | ITER: 5 END: OK
2019-06-16 09:43:26.186 26952 INFO rally.task.runner [-] Task 0138da97-8ca3-4161-86dd-ceb6f72cf033 | ITER: 9 END: OK
2019-06-16 09:43:26.188 26956 INFO rally.task.runner [-] Task 0138da97-8ca3-4161-86dd-ceb6f72cf033 | ITER: 10 END: OK
2019-06-16 09:43:26.220 22703 INFO rally.task.context [-] Task 0138da97-8ca3-4161-86dd-ceb6f72cf033 | Context cleanup@openstack cleanup() started
2019-06-16 09:43:26.224 22703 RALLYDEBUG rally_openstack.cleanup.manager [-] Cleaning up neutron vip objects
2019-06-16 09:43:26.848 22703 RALLYDEBUG rally_openstack.cleanup.manager [-] Cleaning up neutron health_monitor objects
2019-06-16 09:43:27.574 22703 RALLYDEBUG rally_openstack.cleanup.manager [-] Cleaning up neutron pool objects
2019-06-16 09:43:28.288 22703 RALLYDEBUG rally_openstack.cleanup.manager [-] Cleaning up neutron loadbalancer objects
2019-06-16 09:43:29.007 22703 RALLYDEBUG rally_openstack.cleanup.manager [-] Cleaning up neutron floatingip objects
2019-06-16 09:43:29.955 22703 RALLYDEBUG rally_openstack.cleanup.manager [-] Cleaning up neutron port objects
2019-06-16 09:43:30.699 22703 RALLYDEBUG rally_openstack.cleanup.manager [-] Cleaning up neutron subnet objects
2019-06-16 09:43:31.423 22703 RALLYDEBUG rally_openstack.cleanup.manager [-] Cleaning up neutron network objects
2019-06-16 09:43:32.623 22703 RALLYDEBUG rally_openstack.cleanup.manager [-] Deleting neutron.network object s_rally_041bd583_qZwwzltT (115b407e-6ef3-4f7e-b4fe-6c077d695453)
2019-06-16 09:43:32.624 22703 RALLYDEBUG rally_openstack.cleanup.manager [-] Deleting neutron.network object s_rally_041bd583_hjgvfBWX (29b259c7-4313-411c-8550-e899cdaebf2f)
2019-06-16 09:43:32.624 22703 RALLYDEBUG rally_openstack.cleanup.manager [-] Deleting neutron.network object s_rally_041bd583_iq21b4tA (1efdf46d-5fb2-402a-8574-41c87d09c740)
2019-06-16 09:43:32.635 22703 RALLYDEBUG rally_openstack.cleanup.manager [-] Deleting neutron.network object s_rally_041bd583_5m7FD3S4 (2a2a13fc-4909-4b94-9a31-f295ff9cc90f)
2019-06-16 09:43:32.635 22703 RALLYDEBUG rally_openstack.cleanup.manager [-] Deleting neutron.network object s_rally_041bd583_1uOJg5WG (176e539d-df8e-49ac-95be-63e8c582ccd6)
2019-06-16 09:43:32.636 22703 RALLYDEBUG rally_openstack.cleanup.manager [-] Deleting neutron.network object s_rally_041bd583_WoEC69Ia (1e70142a-4a44-4ba3-b0f5-3aaa21759521)
2019-06-16 09:43:32.647 22703 RALLYDEBUG rally_openstack.cleanup.manager [-] Deleting neutron.network object s_rally_041bd583_L5DApuSa (27306acc-51c6-4dae-84c9-759719cde6c0)
2019-06-16 09:43:32.648 22703 RALLYDEBUG rally_openstack.cleanup.manager [-] Deleting neutron.network object s_rally_041bd583_25YIs4A2 (2c120a83-b0cc-4fdf-ab1c-b2355748dc6a)
2019-06-16 09:43:32.656 22703 RALLYDEBUG rally_openstack.cleanup.manager [-] Deleting neutron.network object s_rally_041bd583_Co6jlCa4 (0c7456bf-cec5-4074-a08c-bc6e34c61699)
2019-06-16 09:43:32.657 22703 RALLYDEBUG rally_openstack.cleanup.manager [-] Deleting neutron.network object s_rally_041bd583_tj8TifOY (15afb65d-6620-4274-b5b6-0b3949ba7e34)
2019-06-16 09:43:32.659 22703 RALLYDEBUG rally_openstack.cleanup.manager [-] Deleting neutron.network object s_rally_041bd583_rYrADqG8 (309e4049-ee1e-4177-ad2f-f903736c428f)
2019-06-16 09:43:32.660 22703 RALLYDEBUG rally_openstack.cleanup.manager [-] Deleting neutron.network object s_rally_041bd583_92lHfrj3 (1c3abf91-03c8-4a12-ad13-2aad0a152f54)
2019-06-16 09:43:32.667 22703 RALLYDEBUG rally_openstack.cleanup.manager [-] Deleting neutron.network object s_rally_041bd583_9osT5J8j (3359abb6-7706-433a-9e66-762e8e8e392c)
2019-06-16 09:43:32.684 22703 RALLYDEBUG rally_openstack.cleanup.manager [-] Deleting neutron.network object s_rally_041bd583_z6sKuX9E (377cf731-f12f-4aba-a1c2-4ded87be6811)
2019-06-16 09:43:32.707 22703 RALLYDEBUG rally_openstack.cleanup.manager [-] Deleting neutron.network object s_rally_041bd583_AeAtoXVT (495c367b-9a63-4ebf-a1a3-d5def984900d)
2019-06-16 09:43:32.711 22703 RALLYDEBUG rally_openstack.cleanup.manager [-] Deleting neutron.network object s_rally_041bd583_VgN1pUrn (6d10747f-0e7d-4ce2-92a5-ba7ef420d672)
2019-06-16 09:43:32.719 22703 RALLYDEBUG rally_openstack.cleanup.manager [-] Deleting neutron.network object s_rally_041bd583_9PY1xRoq (761acf99-2ac5-497d-a214-588794225bde)
2019-06-16 09:43:32.720 22703 RALLYDEBUG rally_openstack.cleanup.manager [-] Deleting neutron.network object s_rally_041bd583_A2CI7c5c (6250991b-b4d9-4da0-9c5c-5256b30deb71)
2019-06-16 09:43:32.727 22703 RALLYDEBUG rally_openstack.cleanup.manager [-] Deleting neutron.network object s_rally_041bd583_xX4yvYmY (765c86c2-db88-4933-b55a-f8fedd137156)
2019-06-16 09:43:32.745 22703 RALLYDEBUG rally_openstack.cleanup.manager [-] Deleting neutron.network object s_rally_041bd583_agA2ufXo (78101ab1-bfbb-4042-bc86-c2413f77d0b6)
2019-06-16 09:43:35.315 22703 RALLYDEBUG rally_openstack.cleanup.manager [-] Deleting neutron.network object s_rally_041bd583_p9C4ezkp (86664b4e-bff8-4564-ad0a-2a9114f18d2c)
2019-06-16 09:43:35.432 22703 RALLYDEBUG rally_openstack.cleanup.manager [-] Deleting neutron.network object s_rally_041bd583_6zaTJyaD (8f7d90c1-99d6-4396-b75b-3e10d3bf19c5)
2019-06-16 09:43:35.676 22703 RALLYDEBUG rally_openstack.cleanup.manager [-] Deleting neutron.network object s_rally_041bd583_DIO2tvsm (94bc0afd-eae8-431c-b1d0-31259d11e544)
2019-06-16 09:43:37.535 22703 RALLYDEBUG rally_openstack.cleanup.manager [-] Deleting neutron.network object s_rally_041bd583_Bz4YPL45 (99b830d2-e7f5-4222-ae04-06bb8bd8e89b)
2019-06-16 09:43:37.659 22703 RALLYDEBUG rally_openstack.cleanup.manager [-] Deleting neutron.network object s_rally_041bd583_hnqNnodL (9aafab1b-9bf0-48bb-a0c2-b6a2e69e5bdf)
2019-06-16 09:43:37.906 22703 RALLYDEBUG rally_openstack.cleanup.manager [-] Deleting neutron.network object s_rally_041bd583_lPRnGlHD (9ced6718-9bd4-4ae2-97a3-892c4d4f8828)
2019-06-16 09:43:38.115 22703 RALLYDEBUG rally_openstack.cleanup.manager [-] Deleting neutron.network object s_rally_041bd583_FngfeUll (9ee27d2b-386b-4e28-b0df-6a305d212110)
2019-06-16 09:43:38.131 22703 RALLYDEBUG rally_openstack.cleanup.manager [-] Deleting neutron.network object s_rally_041bd583_pumTMOIa (a216d981-bc74-4e29-9d32-c05d3c51b2df)
2019-06-16 09:43:38.166 22703 RALLYDEBUG rally_openstack.cleanup.manager [-] Deleting neutron.network object s_rally_041bd583_LQu9vsVX (a54a3fd8-5a85-4cc6-a72e-ce70508ea24c)
2019-06-16 09:43:38.299 22703 RALLYDEBUG rally_openstack.cleanup.manager [-] Deleting neutron.network object s_rally_041bd583_XwgJs7mt (a7e3f80c-40dc-4ce6-99d9-2584b59ff501)
2019-06-16 09:43:38.974 22703 RALLYDEBUG rally_openstack.cleanup.manager [-] Deleting neutron.network object s_rally_041bd583_Ggsjemy5 (ab6dc9aa-2dfa-4a9f-9dc4-30ac29fd849e)
2019-06-16 09:43:38.998 22703 RALLYDEBUG rally_openstack.cleanup.manager [-] Deleting neutron.network object s_rally_041bd583_Yecz6bQJ (b9d38c6a-16fb-4f52-b4e1-0e039d5129ba)
2019-06-16 09:43:39.061 22703 RALLYDEBUG rally_openstack.cleanup.manager [-] Deleting neutron.network object s_rally_041bd583_6QgG0EEG (c0db98ad-0361-4b91-a394-3c34b8f5b48f)
2019-06-16 09:43:39.602 22703 RALLYDEBUG rally_openstack.cleanup.manager [-] Deleting neutron.network object s_rally_041bd583_xNP4tSYR (d4c784b1-268c-4dfe-b72c-329eade6f073)
2019-06-16 09:43:39.609 22703 RALLYDEBUG rally_openstack.cleanup.manager [-] Deleting neutron.network object s_rally_041bd583_C87KL9cn (d9dd64f5-cff1-4bba-957a-7d6a4735d4ea)
2019-06-16 09:43:39.650 22703 RALLYDEBUG rally_openstack.cleanup.manager [-] Deleting neutron.network object s_rally_041bd583_3kwXKDhL (dc4e11e7-b514-4812-bcb0-242d3701aceb)
2019-06-16 09:43:39.728 22703 RALLYDEBUG rally_openstack.cleanup.manager [-] Deleting neutron.network object s_rally_041bd583_h13Qt29p (eb2e386f-318e-44ff-8d40-086da8cacc0a)
2019-06-16 09:43:40.154 22703 RALLYDEBUG rally_openstack.cleanup.manager [-] Deleting neutron.network object s_rally_041bd583_3C3WCzbi (fd23f0d0-1c5d-458b-bd82-8e2c42e45016)
2019-06-16 09:43:40.237 22703 RALLYDEBUG rally_openstack.cleanup.manager [-] Deleting neutron.network object s_rally_041bd583_933FTlMU (fd383edd-118f-4a02-a350-36f5afb7d564)
2019-06-16 09:43:40.271 22703 RALLYDEBUG rally_openstack.cleanup.manager [-] Deleting neutron.network object s_rally_041bd583_QDMPkOhe (fdc0c5a5-6692-4e96-a465-298fee79bef6)
2019-06-16 09:43:44.572 22703 RALLYDEBUG rally_openstack.cleanup.manager [-] Cleaning up neutron router objects
2019-06-16 09:43:45.255 22703 RALLYDEBUG rally_openstack.cleanup.manager [-] Cleaning up neutron security_group objects
2019-06-16 09:43:45.923 22703 INFO rally.task.context [-] Task 0138da97-8ca3-4161-86dd-ceb6f72cf033 | Context cleanup@openstack cleanup() finished in 19.70 sec
2019-06-16 09:43:45.924 22703 INFO rally.task.context [-] Task 0138da97-8ca3-4161-86dd-ceb6f72cf033 | Context quotas@openstack cleanup() started
2019-06-16 09:43:46.157 22703 INFO rally.task.context [-] Task 0138da97-8ca3-4161-86dd-ceb6f72cf033 | Context quotas@openstack cleanup() finished in 0.23 sec
2019-06-16 09:43:46.157 22703 INFO rally.task.context [-] Task 0138da97-8ca3-4161-86dd-ceb6f72cf033 | Context users@openstack cleanup() started
2019-06-16 09:43:50.808 22703 INFO rally.task.context [-] Task 0138da97-8ca3-4161-86dd-ceb6f72cf033 | Context users@openstack cleanup() finished in 4.65 sec
2019-06-16 09:43:51.195 22703 INFO rally.task.engine [-] Load duration is: 49.430371
2019-06-16 09:43:51.195 22703 INFO rally.task.engine [-] Full runner duration is: 49.487284
2019-06-16 09:43:51.195 22703 INFO rally.task.engine [-] Full duration is: 79.905587
2019-06-16 09:43:51.461 22703 INFO rally.task.engine [-] Running workload: position = 0 config = { "version": 2, "title": "A cropped version of a bigger task.", "description": "Auto-generated task from a single workload (uuid=f31d6e43-3dc3-4613-bb86-2cec43057d74)", "subtasks": [ { "title": "Quotas.neutron_update", "description": "Update quotas for neutron.", "scenario": { "Quotas.neutron_update": { "max_quota": 1024 } }, "contexts": { "users": { "tenants": 20, "users_per_tenant": 1 } }, "runner": { "constant": { "times": 40, "concurrency": 20 } }, "hooks": [], "sla": { "failure_rate": { "max": 0 } } } ] }
2019-06-16 09:43:51.484 22703 RALLYDEBUG rally_openstack.contexts.keystone.users [-] Creating 20 tenants using 20 threads
2019-06-16 09:43:56.154 22703 RALLYDEBUG rally_openstack.contexts.keystone.users [-] Creating 20 users using 20 threads
2019-06-16 09:44:01.605 22703 INFO rally.task.context [-] Task 0138da97-8ca3-4161-86dd-ceb6f72cf033 | Context users@openstack setup() finished in 10.12 sec
2019-06-16 09:44:01.605 22703 INFO rally.task.context [-] Task 0138da97-8ca3-4161-86dd-ceb6f72cf033 | Context admin_cleanup@openstack setup() finished in 0.01 msec
2019-06-16 09:44:01.612 22703 RALLYDEBUG rally.task.runner [-] Starting the constant runner (task UUID: 0138da97-8ca3-4161-86dd-ceb6f72cf033). timeout: 0 concurrency: 20 concurrency_per_worker: 1 times: 40 concurrency_overhead: 4 processes_to_start: 16 max_cpu_used: 16
2019-06-16 09:44:01.626 27319 RALLYDEBUG rally.task.runner [-] Starting a worker. concurrency: 2 args: {"max_quota": 1024} times: 40 method_name: run timeout: 0 duration: None cls:
2019-06-16 09:44:01.628 27320 RALLYDEBUG rally.task.runner [-] Starting a worker. concurrency: 2 args: {"max_quota": 1024} times: 40 method_name: run timeout: 0 duration: None cls:
2019-06-16 09:44:01.633 27321 RALLYDEBUG rally.task.runner [-] Starting a worker. concurrency: 2 args: {"max_quota": 1024} times: 40 method_name: run timeout: 0 duration: None cls:
2019-06-16 09:44:01.634 27322 RALLYDEBUG rally.task.runner [-] Starting a worker. concurrency: 2 args: {"max_quota": 1024} times: 40 method_name: run timeout: 0 duration: None cls:
2019-06-16 09:44:01.638 27323 RALLYDEBUG rally.task.runner [-] Starting a worker. concurrency: 1 args: {"max_quota": 1024} times: 40 method_name: run timeout: 0 duration: None cls:
2019-06-16 09:44:01.643 27319 INFO rally.task.runner [-] Task 0138da97-8ca3-4161-86dd-ceb6f72cf033 | ITER: 1 START
2019-06-16 09:44:01.643 27324 RALLYDEBUG rally.task.runner [-] Starting a worker. concurrency: 1 args: {"max_quota": 1024} times: 40 method_name: run timeout: 0 duration: None cls:
2019-06-16 09:44:01.644 27320 INFO rally.task.runner [-] Task 0138da97-8ca3-4161-86dd-ceb6f72cf033 | ITER: 2 START
2019-06-16 09:44:01.645 27322 INFO rally.task.runner [-] Task 0138da97-8ca3-4161-86dd-ceb6f72cf033 | ITER: 5 START
2019-06-16 09:44:01.649 27323 INFO rally.task.runner [-] Task 0138da97-8ca3-4161-86dd-ceb6f72cf033 | ITER: 7 START
2019-06-16 09:44:01.648 27329 RALLYDEBUG rally.task.runner [-] Starting a worker. concurrency: 1 args: {"max_quota": 1024} times: 40 method_name: run timeout: 0 duration: None cls:
2019-06-16 09:44:01.650 27321 INFO rally.task.runner [-] Task 0138da97-8ca3-4161-86dd-ceb6f72cf033 | ITER: 3 START
2019-06-16 09:44:01.649 27330 RALLYDEBUG rally.task.runner [-] Starting a worker. concurrency: 1 args: {"max_quota": 1024} times: 40 method_name: run timeout: 0 duration: None cls:
2019-06-16 09:44:01.645 27320 INFO rally.task.runner [-] Task 0138da97-8ca3-4161-86dd-ceb6f72cf033 | ITER: 6 START
2019-06-16 09:44:01.652 27334 RALLYDEBUG rally.task.runner [-] Starting a worker. concurrency: 1 args: {"max_quota": 1024} times: 40 method_name: run timeout: 0 duration: None cls:
2019-06-16 09:44:01.656 27324 INFO rally.task.runner [-] Task 0138da97-8ca3-4161-86dd-ceb6f72cf033 | ITER: 10 START
2019-06-16 09:44:01.659 27319 INFO rally.task.runner [-] Task 0138da97-8ca3-4161-86dd-ceb6f72cf033 | ITER: 4 START
2019-06-16 09:44:01.660 27322 INFO rally.task.runner [-] Task 0138da97-8ca3-4161-86dd-ceb6f72cf033 | ITER: 8 START
2019-06-16 09:44:01.660 27329 INFO rally.task.runner [-] Task 0138da97-8ca3-4161-86dd-ceb6f72cf033 | ITER: 11 START
2019-06-16 09:44:01.660 27339 RALLYDEBUG rally.task.runner [-] Starting a worker. concurrency: 1 args: {"max_quota": 1024} times: 40 method_name: run timeout: 0 duration: None cls:
2019-06-16 09:44:01.662 27330 INFO rally.task.runner [-] Task 0138da97-8ca3-4161-86dd-ceb6f72cf033 | ITER: 12 START
2019-06-16 09:44:01.663 27321 INFO rally.task.runner [-] Task 0138da97-8ca3-4161-86dd-ceb6f72cf033 | ITER: 9 START
2019-06-16 09:44:01.663 27341 RALLYDEBUG rally.task.runner [-] Starting a worker. concurrency: 1 args: {"max_quota": 1024} times: 40 method_name: run timeout: 0 duration: None cls:
2019-06-16 09:44:01.665 27334 INFO rally.task.runner [-] Task 0138da97-8ca3-4161-86dd-ceb6f72cf033 | ITER: 13 START
2019-06-16 09:44:01.668 27344 RALLYDEBUG rally.task.runner [-] Starting a worker. concurrency: 1 args: {"max_quota": 1024} times: 40 method_name: run timeout: 0 duration: None cls:
2019-06-16 09:44:01.670 27339 INFO rally.task.runner [-] Task 0138da97-8ca3-4161-86dd-ceb6f72cf033 | ITER: 14 START
2019-06-16 09:44:01.673 27349 RALLYDEBUG rally.task.runner [-] Starting a worker. concurrency: 1 args: {"max_quota": 1024} times: 40 method_name: run timeout: 0 duration: None cls:
2019-06-16 09:44:01.676 27354 RALLYDEBUG rally.task.runner [-] Starting a worker. concurrency: 1 args: {"max_quota": 1024} times: 40 method_name: run timeout: 0 duration: None cls:
2019-06-16 09:44:01.679 27341 INFO rally.task.runner [-] Task 0138da97-8ca3-4161-86dd-ceb6f72cf033 | ITER: 15 START
2019-06-16 09:44:01.686 27354 INFO rally.task.runner [-] Task 0138da97-8ca3-4161-86dd-ceb6f72cf033 | ITER: 18 START
2019-06-16 09:44:01.688 27344 INFO rally.task.runner [-] Task 0138da97-8ca3-4161-86dd-ceb6f72cf033 | ITER: 16 START
2019-06-16 09:44:01.689 27362 RALLYDEBUG rally.task.runner [-] Starting a worker. concurrency: 1 args: {"max_quota": 1024} times: 40 method_name: run timeout: 0 duration: None cls:
2019-06-16 09:44:01.690 27349 INFO rally.task.runner [-] Task 0138da97-8ca3-4161-86dd-ceb6f72cf033 | ITER: 17 START
2019-06-16 09:44:01.691 27359 RALLYDEBUG rally.task.runner [-] Starting a worker. concurrency: 1 args: {"max_quota": 1024} times: 40 method_name: run timeout: 0 duration: None cls:
2019-06-16 09:44:01.700 27362 INFO rally.task.runner [-] Task 0138da97-8ca3-4161-86dd-ceb6f72cf033 | ITER: 19 START
2019-06-16 09:44:01.700 27359 INFO rally.task.runner [-] Task 0138da97-8ca3-4161-86dd-ceb6f72cf033 | ITER: 20 START
2019-06-16 09:44:03.259 27324 INFO rally.task.runner [-] Task 0138da97-8ca3-4161-86dd-ceb6f72cf033 | ITER: 10 END: OK
2019-06-16 09:44:03.266 27324 INFO rally.task.runner [-] Task 0138da97-8ca3-4161-86dd-ceb6f72cf033 | ITER: 21 START
2019-06-16 09:44:03.310 27321 INFO rally.task.runner [-] Task 0138da97-8ca3-4161-86dd-ceb6f72cf033 | ITER: 9 END: OK
2019-06-16 09:44:03.312 27321 INFO rally.task.runner [-] Task 0138da97-8ca3-4161-86dd-ceb6f72cf033 | ITER: 3 END: OK
2019-06-16 09:44:03.323 27319 INFO rally.task.runner [-] Task 0138da97-8ca3-4161-86dd-ceb6f72cf033 | ITER: 1 END: OK
2019-06-16 09:44:03.322 27321 INFO rally.task.runner [-] Task 0138da97-8ca3-4161-86dd-ceb6f72cf033 | ITER: 22 START
2019-06-16 09:44:03.324 27330 INFO rally.task.runner [-] Task 0138da97-8ca3-4161-86dd-ceb6f72cf033 | ITER: 12 END: OK
2019-06-16 09:44:03.330 27330 INFO rally.task.runner [-] Task 0138da97-8ca3-4161-86dd-ceb6f72cf033 | ITER: 25 START
2019-06-16 09:44:03.331 27319 INFO rally.task.runner [-] Task 0138da97-8ca3-4161-86dd-ceb6f72cf033 | ITER: 24 START
2019-06-16 09:44:03.331 27321 INFO rally.task.runner [-] Task 0138da97-8ca3-4161-86dd-ceb6f72cf033 | ITER: 23 START
2019-06-16 09:44:03.387 27322 INFO rally.task.runner [-] Task 0138da97-8ca3-4161-86dd-ceb6f72cf033 | ITER: 5 END: OK
2019-06-16 09:44:03.392 27322 INFO rally.task.runner [-] Task 0138da97-8ca3-4161-86dd-ceb6f72cf033 | ITER: 26 START
2019-06-16 09:44:03.398 27322 INFO rally.task.runner [-] Task 0138da97-8ca3-4161-86dd-ceb6f72cf033 | ITER: 8 END: OK
2019-06-16 09:44:03.406 27322 INFO rally.task.runner [-] Task 0138da97-8ca3-4161-86dd-ceb6f72cf033 | ITER: 27 START
2019-06-16 09:44:03.437 27320 INFO rally.task.runner [-] Task 0138da97-8ca3-4161-86dd-ceb6f72cf033 | ITER: 6 END: OK
2019-06-16 09:44:03.444 27320 INFO rally.task.runner [-] Task 0138da97-8ca3-4161-86dd-ceb6f72cf033 | ITER: 28 START
2019-06-16 09:44:03.464 27320 INFO rally.task.runner [-] Task 0138da97-8ca3-4161-86dd-ceb6f72cf033 | ITER: 2 END: OK
2019-06-16 09:44:03.471 27320 INFO rally.task.runner [-] Task 0138da97-8ca3-4161-86dd-ceb6f72cf033 | ITER: 29 START
2019-06-16 09:44:03.483 27323 INFO rally.task.runner [-] Task 0138da97-8ca3-4161-86dd-ceb6f72cf033 | ITER: 7 END: OK
2019-06-16 09:44:03.487 27323 INFO rally.task.runner [-] Task 0138da97-8ca3-4161-86dd-ceb6f72cf033 | ITER: 30 START
2019-06-16 09:44:03.535 27319 INFO rally.task.runner [-] Task 0138da97-8ca3-4161-86dd-ceb6f72cf033 | ITER: 4 END: OK
2019-06-16 09:44:03.543 27319 INFO rally.task.runner [-] Task 0138da97-8ca3-4161-86dd-ceb6f72cf033 | ITER: 31 START
2019-06-16 09:44:03.625 27339 INFO rally.task.runner [-] Task 0138da97-8ca3-4161-86dd-ceb6f72cf033 | ITER: 14 END: OK
2019-06-16 09:44:03.632 27339 INFO rally.task.runner [-] Task 0138da97-8ca3-4161-86dd-ceb6f72cf033 | ITER: 32 START
2019-06-16 09:44:03.770 27341 INFO rally.task.runner [-] Task 0138da97-8ca3-4161-86dd-ceb6f72cf033 | ITER: 15 END: OK
2019-06-16 09:44:03.777 27341 INFO rally.task.runner [-] Task 0138da97-8ca3-4161-86dd-ceb6f72cf033 | ITER: 33 START
2019-06-16 09:44:03.802 27362 INFO rally.task.runner [-] Task 0138da97-8ca3-4161-86dd-ceb6f72cf033 | ITER: 19 END: OK
2019-06-16 09:44:03.809 27334 INFO rally.task.runner [-] Task 0138da97-8ca3-4161-86dd-ceb6f72cf033 | ITER: 13 END: OK
2019-06-16 09:44:03.809 27362 INFO rally.task.runner [-] Task 0138da97-8ca3-4161-86dd-ceb6f72cf033 | ITER: 34 START
2019-06-16 09:44:03.816 27334 INFO rally.task.runner [-] Task 0138da97-8ca3-4161-86dd-ceb6f72cf033 | ITER: 35 START
2019-06-16 09:44:03.848 27359 INFO rally.task.runner [-] Task 0138da97-8ca3-4161-86dd-ceb6f72cf033 | ITER: 20 END: OK
2019-06-16 09:44:03.856 27359 INFO rally.task.runner [-] Task 0138da97-8ca3-4161-86dd-ceb6f72cf033 | ITER: 36 START
2019-06-16 09:44:03.862 27329 INFO rally.task.runner [-] Task 0138da97-8ca3-4161-86dd-ceb6f72cf033 | ITER: 11 END: OK
2019-06-16 09:44:03.868 27329 INFO rally.task.runner [-] Task 0138da97-8ca3-4161-86dd-ceb6f72cf033 | ITER: 37 START
2019-06-16 09:44:03.883 27344 INFO rally.task.runner [-] Task 0138da97-8ca3-4161-86dd-ceb6f72cf033 | ITER: 16 END: OK
2019-06-16 09:44:03.889 27344 INFO rally.task.runner [-] Task 0138da97-8ca3-4161-86dd-ceb6f72cf033 | ITER: 38 START
2019-06-16 09:44:03.925 27349 INFO rally.task.runner [-] Task 0138da97-8ca3-4161-86dd-ceb6f72cf033 | ITER: 17 END: OK
2019-06-16 09:44:03.931 27349 INFO rally.task.runner [-] Task 0138da97-8ca3-4161-86dd-ceb6f72cf033 | ITER: 39 START
2019-06-16 09:44:03.941 27354 INFO rally.task.runner [-] Task 0138da97-8ca3-4161-86dd-ceb6f72cf033 | ITER: 18 END: OK
2019-06-16 09:44:03.949 27354 INFO rally.task.runner [-] Task 0138da97-8ca3-4161-86dd-ceb6f72cf033 | ITER: 40 START
2019-06-16 09:44:04.898 27330 INFO rally.task.runner [-] Task 0138da97-8ca3-4161-86dd-ceb6f72cf033 | ITER: 25 END: OK
2019-06-16 09:44:04.902 27321 INFO rally.task.runner [-] Task 0138da97-8ca3-4161-86dd-ceb6f72cf033 | ITER: 22 END: OK
2019-06-16 09:44:04.955 27323 INFO rally.task.runner [-] Task 0138da97-8ca3-4161-86dd-ceb6f72cf033 | ITER: 30 END: OK
2019-06-16 09:44:04.972 27319 INFO rally.task.runner [-] Task 0138da97-8ca3-4161-86dd-ceb6f72cf033 | ITER: 31 END: OK
2019-06-16 09:44:05.021 27322 INFO rally.task.runner [-] Task 0138da97-8ca3-4161-86dd-ceb6f72cf033 | ITER: 26 END: OK
2019-06-16 09:44:05.039 27320 INFO rally.task.runner [-] Task 0138da97-8ca3-4161-86dd-ceb6f72cf033 | ITER: 28 END: OK
2019-06-16 09:44:05.073 27339 INFO rally.task.runner [-] Task 0138da97-8ca3-4161-86dd-ceb6f72cf033 | ITER: 32 END: OK
2019-06-16 09:44:05.098 27322 INFO rally.task.runner [-] Task 0138da97-8ca3-4161-86dd-ceb6f72cf033 | ITER: 27 END: OK
2019-06-16 09:44:05.135 27324 INFO rally.task.runner [-] Task 0138da97-8ca3-4161-86dd-ceb6f72cf033 | ITER: 21 END: OK
2019-06-16 09:44:05.138 27321 INFO rally.task.runner [-] Task 0138da97-8ca3-4161-86dd-ceb6f72cf033 | ITER: 23 END: OK
2019-06-16 09:44:05.190 27349 INFO rally.task.runner [-] Task 0138da97-8ca3-4161-86dd-ceb6f72cf033 | ITER: 39 END: OK
2019-06-16 09:44:05.209 27319 INFO rally.task.runner [-] Task 0138da97-8ca3-4161-86dd-ceb6f72cf033 | ITER: 24 END: OK
2019-06-16 09:44:05.210 27320 INFO rally.task.runner [-] Task 0138da97-8ca3-4161-86dd-ceb6f72cf033 | ITER: 29 END: OK
2019-06-16 09:44:05.224 27341 INFO rally.task.runner [-] Task 0138da97-8ca3-4161-86dd-ceb6f72cf033 | ITER: 33 END: OK
2019-06-16 09:44:05.238 27329 INFO rally.task.runner [-] Task 0138da97-8ca3-4161-86dd-ceb6f72cf033 | ITER: 37 END: OK
2019-06-16 09:44:05.240 27359 INFO rally.task.runner [-] Task 0138da97-8ca3-4161-86dd-ceb6f72cf033 | ITER: 36 END: OK
2019-06-16 09:44:05.270 27362 INFO rally.task.runner [-] Task 0138da97-8ca3-4161-86dd-ceb6f72cf033 | ITER: 34 END: OK
2019-06-16 09:44:05.344 27344 INFO rally.task.runner [-] Task 0138da97-8ca3-4161-86dd-ceb6f72cf033 | ITER: 38 END: OK
2019-06-16 09:44:05.374 27334 INFO rally.task.runner [-] Task 0138da97-8ca3-4161-86dd-ceb6f72cf033 | ITER: 35 END: OK
2019-06-16 09:44:05.385 27354 INFO rally.task.runner [-] Task 0138da97-8ca3-4161-86dd-ceb6f72cf033 | ITER: 40 END: OK
2019-06-16 09:44:05.403 22703 INFO rally.task.context [-] Task 0138da97-8ca3-4161-86dd-ceb6f72cf033 | Context admin_cleanup@openstack cleanup() started
2019-06-16 09:44:05.405 22703 RALLYDEBUG rally_openstack.cleanup.manager [-] Cleaning up neutron quota objects
2019-06-16 09:44:09.345 22703 INFO rally.task.context [-] Task 0138da97-8ca3-4161-86dd-ceb6f72cf033 | Context admin_cleanup@openstack cleanup() finished in 3.94 sec
2019-06-16 09:44:09.346 22703 INFO rally.task.context [-] Task 0138da97-8ca3-4161-86dd-ceb6f72cf033 | Context users@openstack cleanup() started
2019-06-16 09:44:36.587 22703 INFO rally.task.context [-] Task 0138da97-8ca3-4161-86dd-ceb6f72cf033 | Context users@openstack cleanup() finished in 27.24 sec
2019-06-16 09:44:37.802 22703 INFO rally.task.engine [-] Load duration is: 3.739143
2019-06-16 09:44:37.802 22703 INFO rally.task.engine [-] Full runner duration is: 3.791107
2019-06-16 09:44:37.802 22703 INFO rally.task.engine [-] Full duration is: 45.105087
2019-06-16 09:44:38.025 22703 INFO rally.task.engine [-] Running workload: position = 0 config = { "version": 2, "title": "A cropped version of a bigger task.", "description": "Auto-generated task from a single workload (uuid=c0fd7046-9720-4b47-a9a5-71d268bc3276)", "subtasks": [ { "title": "NeutronTrunks.create_and_list_trunk_subports", "description": "", "scenario": { "NeutronTrunks.create_and_list_trunk_subports": { "subport_count": 125 } }, "contexts": { "users": { "tenants": 1, "users_per_tenant": 1 }, "quotas": { "neutron": { "network": -1, "port": 1000 } } }, "runner": { "constant": { "times": 4, "concurrency": 4 } }, "hooks": [], "sla": { "failure_rate": { "max": 0 } } } ] }
2019-06-16 09:44:38.047 22703 RALLYDEBUG rally_openstack.contexts.keystone.users [-] Creating 1 tenants using 20 threads
2019-06-16 09:44:39.584 22703 RALLYDEBUG rally_openstack.contexts.keystone.users [-] Creating 1 users using 20 threads
2019-06-16 09:44:42.030 22703 INFO rally.task.context [-] Task 0138da97-8ca3-4161-86dd-ceb6f72cf033 | Context users@openstack setup() finished in 3.98 sec
2019-06-16 09:44:42.832 22703 INFO rally.task.context [-] Task 0138da97-8ca3-4161-86dd-ceb6f72cf033 | Context quotas@openstack setup() finished in 0.80 sec
2019-06-16 09:44:42.833 22703 INFO rally.task.context [-] Task 0138da97-8ca3-4161-86dd-ceb6f72cf033 | Context cleanup@openstack setup() finished in 0.00 msec
2019-06-16 09:44:42.840 22703 RALLYDEBUG rally.task.runner [-] Starting the constant runner (task UUID: 0138da97-8ca3-4161-86dd-ceb6f72cf033). timeout: 0 concurrency: 4 concurrency_per_worker: 1 times: 4 concurrency_overhead: 0 processes_to_start: 4 max_cpu_used: 16
2019-06-16 09:44:42.851 27509 RALLYDEBUG rally.task.runner [-] Starting a worker. concurrency: 1 args: {"subport_count": 125} times: 4 method_name: run timeout: 0 duration: None cls:
2019-06-16 09:44:42.854 27509 INFO rally.task.runner [-] Task 0138da97-8ca3-4161-86dd-ceb6f72cf033 | ITER: 1 START
2019-06-16 09:44:42.856 27510 RALLYDEBUG rally.task.runner [-] Starting a worker. concurrency: 1 args: {"subport_count": 125} times: 4 method_name: run timeout: 0 duration: None cls:
2019-06-16 09:44:42.859 27511 RALLYDEBUG rally.task.runner [-] Starting a worker. concurrency: 1 args: {"subport_count": 125} times: 4 method_name: run timeout: 0 duration: None cls:
2019-06-16 09:44:42.860 27514 RALLYDEBUG rally.task.runner [-] Starting a worker. concurrency: 1 args: {"subport_count": 125} times: 4 method_name: run timeout: 0 duration: None cls:
2019-06-16 09:44:42.860 27510 INFO rally.task.runner [-] Task 0138da97-8ca3-4161-86dd-ceb6f72cf033 | ITER: 2 START
2019-06-16 09:44:42.863 27514 INFO rally.task.runner [-] Task 0138da97-8ca3-4161-86dd-ceb6f72cf033 | ITER: 4 START
2019-06-16 09:44:42.863 27511 INFO rally.task.runner [-] Task 0138da97-8ca3-4161-86dd-ceb6f72cf033 | ITER: 3 START
2019-06-16 09:46:56.184 27511 WARNING rally.task.atomic [-] 'optional_action_timer' is deprecated since rally v0.10.0.Please use action_timer instead, we have improved atomic actions, now do not need to explicitly close original action.
2019-06-16 09:46:56.221 27511 WARNING rally.task.atomic [-] 'optional_action_timer' is deprecated since rally v0.10.0.Please use action_timer instead, we have improved atomic actions, now do not need to explicitly close original action.
2019-06-16 09:46:57.064 27511 INFO rally.task.runner [-] Task 0138da97-8ca3-4161-86dd-ceb6f72cf033 | ITER: 3 END: OK
2019-06-16 09:46:58.454 27514 WARNING rally.task.atomic [-] 'optional_action_timer' is deprecated since rally v0.10.0.Please use action_timer instead, we have improved atomic actions, now do not need to explicitly close original action.
2019-06-16 09:46:58.492 27514 WARNING rally.task.atomic [-] 'optional_action_timer' is deprecated since rally v0.10.0.Please use action_timer instead, we have improved atomic actions, now do not need to explicitly close original action.
2019-06-16 09:46:59.371 27514 INFO rally.task.runner [-] Task 0138da97-8ca3-4161-86dd-ceb6f72cf033 | ITER: 4 END: OK
2019-06-16 09:48:49.938 27509 WARNING rally.task.atomic [-] 'optional_action_timer' is deprecated since rally v0.10.0.Please use action_timer instead, we have improved atomic actions, now do not need to explicitly close original action.
2019-06-16 09:48:49.948 27510 WARNING rally.task.atomic [-] 'optional_action_timer' is deprecated since rally v0.10.0.Please use action_timer instead, we have improved atomic actions, now do not need to explicitly close original action.
2019-06-16 09:48:50.003 27510 WARNING rally.task.atomic [-] 'optional_action_timer' is deprecated since rally v0.10.0.Please use action_timer instead, we have improved atomic actions, now do not need to explicitly close original action.
2019-06-16 09:48:50.007 27509 WARNING rally.task.atomic [-] 'optional_action_timer' is deprecated since rally v0.10.0.Please use action_timer instead, we have improved atomic actions, now do not need to explicitly close original action.
2019-06-16 09:48:51.777 27510 INFO rally.task.runner [-] Task 0138da97-8ca3-4161-86dd-ceb6f72cf033 | ITER: 2 END: OK
2019-06-16 09:48:51.789 27509 INFO rally.task.runner [-] Task 0138da97-8ca3-4161-86dd-ceb6f72cf033 | ITER: 1 END: OK
2019-06-16 09:48:51.816 22703 INFO rally.task.context [-] Task 0138da97-8ca3-4161-86dd-ceb6f72cf033 | Context cleanup@openstack cleanup() started
2019-06-16 09:48:51.818 22703 RALLYDEBUG rally_openstack.cleanup.manager [-] Cleaning up neutron vip objects
2019-06-16 09:48:52.537 22703 RALLYDEBUG rally_openstack.cleanup.manager [-] Cleaning up neutron health_monitor objects
2019-06-16 09:48:53.658 22703 RALLYDEBUG rally_openstack.cleanup.manager [-] Cleaning up neutron pool objects
2019-06-16 09:48:54.363 22703 RALLYDEBUG rally_openstack.cleanup.manager [-] Cleaning up neutron loadbalancer objects
2019-06-16 09:48:55.077 22703 RALLYDEBUG rally_openstack.cleanup.manager [-] Cleaning up neutron floatingip objects
2019-06-16 09:48:55.844 22703 RALLYDEBUG rally_openstack.cleanup.manager [-] Cleaning up neutron port objects
2019-06-16 09:48:57.785 22703 RALLYDEBUG rally_openstack.cleanup.manager [-] Deleting neutron.port object s_rally_c0fd7046_hJHbGtre (015f28d7-966f-4c22-9676-871df28da182)
2019-06-16 09:48:57.785 22703 RALLYDEBUG rally_openstack.cleanup.manager [-] Deleting neutron.port object s_rally_c0fd7046_IiTrPe2R (01827122-4fff-44e9-96a7-8433cb46bba1)
2019-06-16 09:48:57.791 22703 RALLYDEBUG rally_openstack.cleanup.manager [-] Deleting neutron.port object s_rally_c0fd7046_CoE1ERct (020c5cb0-f3a8-4aa7-a52a-231ec72c1e2b)
2019-06-16 09:48:57.792 22703 RALLYDEBUG rally_openstack.cleanup.manager [-] Deleting neutron.port object s_rally_c0fd7046_ZOsknqd2 (03766eb9-16fb-4e41-9c0e-43749a35b607)
2019-06-16 09:48:57.797 22703 RALLYDEBUG rally_openstack.cleanup.manager [-] Deleting neutron.port object s_rally_c0fd7046_uL3DmYkp (0384596e-fd40-4841-b19c-3f4953201e8b)
2019-06-16 09:48:57.805 22703 RALLYDEBUG rally_openstack.cleanup.manager [-] Deleting neutron.port object s_rally_c0fd7046_XrzMJc7G (039e7e79-802f-421e-8e50-ae642b03f74e)
2019-06-16 09:48:57.810 22703 RALLYDEBUG rally_openstack.cleanup.manager [-] Deleting neutron.port object s_rally_c0fd7046_LM1QehtC (023c516d-a702-4c14-b87a-8b4699d48717)
2019-06-16 09:48:57.826 22703 RALLYDEBUG rally_openstack.cleanup.manager [-] Deleting neutron.port object s_rally_c0fd7046_EAabYtBV (045194c6-50cd-498a-9949-344c844af822)
2019-06-16 09:48:57.834 22703 RALLYDEBUG rally_openstack.cleanup.manager [-] Deleting neutron.port object s_rally_c0fd7046_0ChlC5Ft (042e9725-f90c-49fa-aed9-68809b9003a2)
2019-06-16 09:48:57.842 22703 RALLYDEBUG rally_openstack.cleanup.manager [-] Deleting neutron.port object s_rally_c0fd7046_2pPD3rey (04803935-45e6-439a-ada9-c2196bf97a56)
2019-06-16 09:48:57.848 22703 RALLYDEBUG rally_openstack.cleanup.manager [-] Deleting neutron.port object s_rally_c0fd7046_OmDMcnAw (048576ad-470a-4e3a-b1fe-7ea996bd169e)
2019-06-16 09:48:57.879 22703 RALLYDEBUG rally_openstack.cleanup.manager [-] Deleting neutron.port object s_rally_c0fd7046_bSy7pzMb (066ea6e0-f0e0-446c-a03c-e5eec3fd0f14)
2019-06-16 09:48:57.902 22703 RALLYDEBUG rally_openstack.cleanup.manager [-] Deleting neutron.port object s_rally_c0fd7046_ZdemqUM2 (069265fa-812f-43c6-8fce-35e46d543452)
2019-06-16 09:48:57.923 22703 RALLYDEBUG rally_openstack.cleanup.manager [-] Deleting neutron.port object s_rally_c0fd7046_ZXcxprL7 (0945fbb1-b530-41f2-ae52-a4f5fbbbf298)
2019-06-16 09:48:57.941 22703 RALLYDEBUG rally_openstack.cleanup.manager [-] Deleting neutron.port object s_rally_c0fd7046_128ZbAbn (0a92cfc0-69dd-480c-9690-af3cf31ec69a)
2019-06-16 09:48:57.943 22703 RALLYDEBUG rally_openstack.cleanup.manager [-] Deleting neutron.port object s_rally_c0fd7046_tdyBA8F5 (0b4cbb93-9ea3-4fc2-a70a-6f84aefe39e2)
2019-06-16 09:48:57.945 22703 RALLYDEBUG rally_openstack.cleanup.manager [-] Deleting neutron.port object s_rally_c0fd7046_TM2jPrbN (0a891338-a821-4d62-98a6-18c647b3067e)
2019-06-16 09:48:57.957 22703 RALLYDEBUG rally_openstack.cleanup.manager [-] Deleting neutron.port object s_rally_c0fd7046_2VnfA2vF (0c17b690-a6e8-452b-a376-8a7412bcf728)
2019-06-16 09:48:57.966 22703 RALLYDEBUG rally_openstack.cleanup.manager [-] Deleting neutron.port object s_rally_c0fd7046_t0ap8LRq (0c6c6c97-f273-4e50-b6f6-81609515cf47)
2019-06-16 09:48:57.987 22703 RALLYDEBUG rally_openstack.cleanup.manager [-] Deleting neutron.port object s_rally_c0fd7046_5TX64DZd (0d6c0cd3-6f5b-42f6-89b7-8bb3fcf2da39)
2019-06-16 09:49:00.479 22703 RALLYDEBUG rally_openstack.cleanup.manager [-] Deleting neutron.port object s_rally_c0fd7046_pWG7qZRU (0d9c136b-6003-4072-85b9-4bd2c0b4ad39)
2019-06-16 09:49:00.486 22703 RALLYDEBUG rally_openstack.cleanup.manager [-] Deleting neutron.port object s_rally_c0fd7046_spibQssa (0df72bef-2dcf-42ee-b76c-dad655be7e0b)
2019-06-16 09:49:00.589 22703 RALLYDEBUG rally_openstack.cleanup.manager [-] Deleting neutron.port object s_rally_c0fd7046_Ty15IJip (0e192e35-36ab-495c-b217-0d83961e2632)
2019-06-16 09:49:01.118 22703 RALLYDEBUG rally_openstack.cleanup.manager [-] Deleting neutron.port object s_rally_c0fd7046_3kg4OhOM (0e3f4e4b-d03a-4412-83ee-090fa150b624)
2019-06-16 09:49:01.358 22703 RALLYDEBUG rally_openstack.cleanup.manager [-] Deleting neutron.port object s_rally_c0fd7046_h9ZMHI9h (0f3028f5-1ec4-4db6-93d4-92f6ba2fe302)
2019-06-16 09:49:01.924 22703 RALLYDEBUG rally_openstack.cleanup.manager [-] Deleting neutron.port object s_rally_c0fd7046_wGCP7rak (0f833561-9e21-44c3-a314-20a2246aff56)
2019-06-16 09:49:02.517 22703 RALLYDEBUG rally_openstack.cleanup.manager [-] Deleting neutron.port object s_rally_c0fd7046_O8IK8Rz9 (0f8a8d80-ec4d-45d8-8acb-6ddfed34ef91)
2019-06-16 09:49:02.561 22703 RALLYDEBUG rally_openstack.cleanup.manager [-] Deleting neutron.port object s_rally_c0fd7046_fOA2nhAa (0fb6ce04-3742-4564-ac43-065cb2058bc3)
2019-06-16 09:49:02.744 22703 RALLYDEBUG rally_openstack.cleanup.manager [-] Deleting neutron.port object s_rally_c0fd7046_Sa6D7vng (0fceed98-ddf8-440b-aff7-1474ae61d944)
2019-06-16 09:49:03.321 22703 RALLYDEBUG rally_openstack.cleanup.manager [-] Deleting neutron.port object s_rally_c0fd7046_3Rej1kzu (106f5708-b0a1-4629-ac68-f828313ad87a)
2019-06-16 09:49:03.433 22703 RALLYDEBUG rally_openstack.cleanup.manager [-] Deleting neutron.port object s_rally_c0fd7046_E7wXmbWn (10c64b35-cfa2-40fb-bc3f-e62a66e4d6ad)
2019-06-16 09:49:03.850 22703 RALLYDEBUG rally_openstack.cleanup.manager [-] Deleting neutron.port object s_rally_c0fd7046_A0jFnqAU (111df988-3288-4065-bd32-dc2ed6643718)
2019-06-16 09:49:04.297 22703 RALLYDEBUG rally_openstack.cleanup.manager [-] Deleting neutron.port object s_rally_c0fd7046_tn40OMoS (1136cdf3-6a53-4243-8e7e-53b189641b1e)
2019-06-16 09:49:04.526 22703 RALLYDEBUG rally_openstack.cleanup.manager [-] Deleting neutron.port object s_rally_c0fd7046_BiftGUsO (114c9a67-2028-41f1-9d36-69e56f55af79)
2019-06-16 09:49:04.556 22703 RALLYDEBUG rally_openstack.cleanup.manager [-] Deleting neutron.port object s_rally_c0fd7046_sPaglkgV (117bf44c-4580-44d2-bc3a-75d09a5c646d)
2019-06-16 09:49:04.661 22703 RALLYDEBUG rally_openstack.cleanup.manager [-] Deleting neutron.port object s_rally_c0fd7046_eU964uqM (126171ef-e9f1-44db-a76c-9f85e6e23423)
2019-06-16 09:49:05.392 22703 RALLYDEBUG rally_openstack.cleanup.manager [-] Deleting neutron.port object s_rally_c0fd7046_2qiADdq0 (128cb17b-cbf9-478d-ac42-7c7f79f2f20a)
2019-06-16 09:49:05.647 22703 RALLYDEBUG rally_openstack.cleanup.manager [-] Deleting neutron.port object s_rally_c0fd7046_UWANf910 (12944dfc-eb89-4c83-a1bb-ce55a87d82d0)
2019-06-16 09:49:05.654 22703 RALLYDEBUG rally_openstack.cleanup.manager [-] Deleting neutron.port object s_rally_c0fd7046_Nf9GddJM (13e792bd-92b2-44c0-be34-e2b2450e74c5)
2019-06-16 09:49:05.833 22703 RALLYDEBUG rally_openstack.cleanup.manager [-] Deleting neutron.port object s_rally_c0fd7046_lFos7xFa (14fd70b7-9f76-445e-866d-c31fcfa29d25)
2019-06-16 09:49:05.952 22703 RALLYDEBUG rally_openstack.cleanup.manager [-] Deleting neutron.port object s_rally_c0fd7046_4y7An63I (154151b0-9a89-4f72-9e2c-1975f7a8713d)
2019-06-16 09:49:06.262 22703 RALLYDEBUG rally_openstack.cleanup.manager [-] Deleting neutron.port object s_rally_c0fd7046_1jjkQkW9 (15c78262-2ed1-49dd-aa0f-f8aa35db53b3)
2019-06-16 09:49:06.278 22703 RALLYDEBUG rally_openstack.cleanup.manager [-] Deleting neutron.port object s_rally_c0fd7046_pbuhl6S3 (1621db6f-c1f5-49da-97ee-a28002db01af)
2019-06-16 09:49:06.322 22703 RALLYDEBUG rally_openstack.cleanup.manager [-] Deleting neutron.port object s_rally_c0fd7046_fireNHuR (1647ecfa-1d4f-4770-b848-c312261775d2)
2019-06-16 09:49:06.413 22703 RALLYDEBUG rally_openstack.cleanup.manager [-] Deleting neutron.port object s_rally_c0fd7046_oeZ1F1JH (170db3bf-4b65-4805-a839-3f9ef6d4bc73)
2019-06-16 09:49:06.757 22703 RALLYDEBUG rally_openstack.cleanup.manager [-] Deleting neutron.port object s_rally_c0fd7046_VoGXOONt (17199bc4-0d13-40f2-ab6c-1b3ba3e888b0)
2019-06-16 09:49:06.794 22703 RALLYDEBUG rally_openstack.cleanup.manager [-] Deleting neutron.port object s_rally_c0fd7046_LP8qIOoc (1747499c-dee4-41f1-b228-4109d250325f)
2019-06-16 09:49:07.287 22703 RALLYDEBUG rally_openstack.cleanup.manager [-] Deleting neutron.port object s_rally_c0fd7046_2tO3So2P (175ee339-0f87-42f4-98ba-baeb63aa5268)
2019-06-16 09:49:07.798 22703 RALLYDEBUG rally_openstack.cleanup.manager [-] Deleting neutron.port object s_rally_c0fd7046_w5YYugRp (177f49b7-a5e5-4b98-aed9-1a0257bc3a54)
2019-06-16 09:49:08.032 22703 RALLYDEBUG rally_openstack.cleanup.manager [-] Deleting neutron.port object s_rally_c0fd7046_jvONuYI1 (17932209-f6eb-45ee-b061-6bceada336e5)
2019-06-16 09:49:08.057 22703 RALLYDEBUG rally_openstack.cleanup.manager [-] Deleting neutron.port object s_rally_c0fd7046_RIpAKg4O (189e9d34-f8a9-4826-8fe2-d427966d8596)
2019-06-16 09:49:08.557 22703 RALLYDEBUG rally_openstack.cleanup.manager [-] Deleting neutron.port object s_rally_c0fd7046_voCIXP2y (1a8dc234-0bd0-4ffe-9f99-fb62210e52d6)
2019-06-16 09:49:08.635 22703 RALLYDEBUG rally_openstack.cleanup.manager [-] Deleting neutron.port object s_rally_c0fd7046_JfFnSNdo (1b4668f2-6aa9-4cff-9a1a-5cf860578b3b)
2019-06-16 09:49:08.698 22703 RALLYDEBUG rally_openstack.cleanup.manager [-] Deleting neutron.port object s_rally_c0fd7046_CCYBUW3A (1ca26c79-12b9-4a7d-8046-c17fb3e12c53)
2019-06-16 09:49:08.762 22703 RALLYDEBUG rally_openstack.cleanup.manager [-] Deleting neutron.port object s_rally_c0fd7046_S7Bs9lxQ (1cf02eeb-8615-4408-b40d-2a9045e37e35)
2019-06-16 09:49:09.076 22703 RALLYDEBUG rally_openstack.cleanup.manager [-] Deleting neutron.port object s_rally_c0fd7046_k7IXgZ15 (1da4cc37-71fa-4f8a-9fd0-8028ee386eeb)
2019-06-16 09:49:09.088 22703 RALLYDEBUG rally_openstack.cleanup.manager [-] Deleting neutron.port object s_rally_c0fd7046_a278CQFl (1dde621c-acbc-497a-a877-e18b0ce339e4)
2019-06-16 09:49:09.116 22703 RALLYDEBUG rally_openstack.cleanup.manager [-] Deleting neutron.port object s_rally_c0fd7046_9bKB07gZ (1de44a46-8830-42e6-93dc-769ef9a7f1c4)
2019-06-16 09:49:09.116 22703 RALLYDEBUG rally_openstack.cleanup.manager [-] Deleting neutron.port object s_rally_c0fd7046_kE2CzJ1l (1e206433-f04f-442f-8cc9-8bb95708ab4a)
2019-06-16 09:49:09.128 22703 RALLYDEBUG rally_openstack.cleanup.manager [-] Deleting neutron.port object s_rally_c0fd7046_v9J0Yfid (1f58ba68-8929-436b-9913-b829b7556a51)
2019-06-16 09:49:09.153 22703 RALLYDEBUG rally_openstack.cleanup.manager [-] Deleting neutron.port object s_rally_c0fd7046_d8XjaVQh (1f8a803a-79f8-4ea7-b35c-ad24d9b49c94)
2019-06-16 09:49:09.171 22703 RALLYDEBUG rally_openstack.cleanup.manager [-] Deleting neutron.port object s_rally_c0fd7046_yPw6ID2s (1f9fd60c-b4c0-46ab-8a66-731b0945a5c0)
2019-06-16 09:49:09.778 22703 RALLYDEBUG rally_openstack.cleanup.manager [-] Deleting neutron.port object s_rally_c0fd7046_NpI3bcMQ (1fcaf43f-81ac-4ffa-9faf-e395feca0df7)
2019-06-16 09:49:09.949 22703 RALLYDEBUG rally_openstack.cleanup.manager [-] Deleting neutron.port object s_rally_c0fd7046_wkc9pa8T (2097cb4e-3ca2-4393-803e-7467cb72e629)
2019-06-16 09:49:09.990 22703 RALLYDEBUG rally_openstack.cleanup.manager [-] Deleting neutron.port object s_rally_c0fd7046_6hFAjMmo (209d2f4e-c1e6-4e10-ba11-70ec49129a37)
2019-06-16 09:49:10.684 22703 RALLYDEBUG rally_openstack.cleanup.manager [-] Deleting neutron.port object s_rally_c0fd7046_5wzolO3D (20ba8c32-d688-4bda-95cc-e4dbf90caf35)
2019-06-16 09:49:10.769 22703 RALLYDEBUG rally_openstack.cleanup.manager [-] Deleting neutron.port object s_rally_c0fd7046_O7N8oBeT (213b8e57-a2c4-4f8e-b8a7-2f7097f2a437)
2019-06-16 09:49:10.789 22703 RALLYDEBUG rally_openstack.cleanup.manager [-] Deleting neutron.port object s_rally_c0fd7046_OUukqbPw (21812ef0-1995-4258-b1ad-a470e10993ce)
2019-06-16 09:49:10.798 22703 RALLYDEBUG rally_openstack.cleanup.manager [-] Deleting neutron.port object s_rally_c0fd7046_NxsgBcwf (21b22a99-c1f3-4f17-8031-b7456355ed66)
2019-06-16 09:49:11.451 22703 RALLYDEBUG rally_openstack.cleanup.manager [-] Deleting neutron.port object s_rally_c0fd7046_UKEeroEV (224b43c7-f1ed-4fce-9a5b-f83c5180144d)
2019-06-16 09:49:11.493 22703 RALLYDEBUG rally_openstack.cleanup.manager [-] Deleting neutron.port object s_rally_c0fd7046_Jxomooy6 (231a7dc6-d0a0-4223-ba88-5a4cf1e3d243)
2019-06-16 09:49:11.869 22703 RALLYDEBUG rally_openstack.cleanup.manager [-] Deleting neutron.port object s_rally_c0fd7046_CTabwCjk (23eba738-ae8e-4bec-8351-73b20175b8c7)
2019-06-16 09:49:11.869 22703 RALLYDEBUG rally_openstack.cleanup.manager [-] Deleting neutron.port object s_rally_c0fd7046_mt6jJ6NI (23cf192d-3506-4d5b-819c-4a46428796fc)
2019-06-16 09:49:12.013 22703 RALLYDEBUG rally_openstack.cleanup.manager [-] Deleting neutron.port object s_rally_c0fd7046_46Qq3l6r (24096d82-1c1a-4dc0-b87d-4bd3362234cd)
2019-06-16 09:49:12.361 22703 RALLYDEBUG rally_openstack.cleanup.manager [-] Deleting neutron.port object s_rally_c0fd7046_tc0TxhaL (25f0002e-ba24-429f-b00a-4906d23b9e4d)
2019-06-16 09:49:12.441 22703 RALLYDEBUG rally_openstack.cleanup.manager [-] Deleting neutron.port object s_rally_c0fd7046_ziwg1wzc (26ebd546-1fcb-41fb-b9d8-d4c002131a64)
2019-06-16 09:49:12.774 22703 RALLYDEBUG rally_openstack.cleanup.manager [-] Deleting neutron.port object s_rally_c0fd7046_5Wn1SXmP (271cbca6-2023-471d-8aee-36cfbda52df9)
2019-06-16 09:49:12.988 22703 RALLYDEBUG rally_openstack.cleanup.manager [-] Deleting neutron.port object s_rally_c0fd7046_znqehwmu (277d2a70-90d9-414d-b975-496e3124a497)
2019-06-16 09:49:12.995 22703 RALLYDEBUG rally_openstack.cleanup.manager [-] Deleting neutron.port object s_rally_c0fd7046_nBdS8q6Y (27a1df1f-3c8f-42a7-9209-d4a63da09ac4)
2019-06-16 09:49:13.253 22703 RALLYDEBUG rally_openstack.cleanup.manager [-] Deleting neutron.port object s_rally_c0fd7046_YxdUMnDH (27ef920d-e5e8-4d75-9020-1183617ccbed)
2019-06-16 09:49:13.288 22703 RALLYDEBUG rally_openstack.cleanup.manager [-] Deleting neutron.port object s_rally_c0fd7046_saJOxTXa (292fab10-c88c-473a-a5da-c535ed1e637b)
2019-06-16 09:49:13.322 22703 RALLYDEBUG rally_openstack.cleanup.manager [-] Deleting neutron.port object s_rally_c0fd7046_udrDvgVJ (295457ed-3c76-4687-864c-28ca630afbca)
2019-06-16 09:49:13.347 22703 RALLYDEBUG rally_openstack.cleanup.manager [-] Deleting neutron.port object s_rally_c0fd7046_9WEEyAK5 (2981e9d3-4e8e-40a5-b11c-75e3e8990d50)
2019-06-16 09:49:14.062 22703 RALLYDEBUG rally_openstack.cleanup.manager [-] Deleting neutron.port object s_rally_c0fd7046_0Qciqvil (2a2c713d-40ef-415e-b95b-8d2dbcfabeb3)
2019-06-16 09:49:14.265 22703 RALLYDEBUG rally_openstack.cleanup.manager [-] Deleting neutron.port object s_rally_c0fd7046_iiJbbeyL (2a5d5a12-6287-4980-885d-8149de3d0e63)
2019-06-16 09:49:14.284 22703 RALLYDEBUG rally_openstack.cleanup.manager [-] Deleting neutron.port object s_rally_c0fd7046_qRzpAC24 (2a681f72-ce55-42bd-a061-b07a00cfc4d4)
2019-06-16 09:49:14.486 22703 RALLYDEBUG rally_openstack.cleanup.manager [-] Deleting neutron.port object s_rally_c0fd7046_htCHu5ub (2ad775cb-7467-45bc-8632-24a907741d4e)
2019-06-16 09:49:15.164 22703 RALLYDEBUG rally_openstack.cleanup.manager [-] Deleting neutron.port object s_rally_c0fd7046_KvRScKIx (2b080ca5-84ca-4819-8f57-0397beedebff)
2019-06-16 09:49:15.174 22703 RALLYDEBUG rally_openstack.cleanup.manager [-] Deleting neutron.port object s_rally_c0fd7046_zkYFUd9y (2d9e5436-5916-4a8e-bbc1-06c87eb44dc4)
2019-06-16 09:49:15.245 22703 RALLYDEBUG rally_openstack.cleanup.manager [-] Deleting neutron.port object s_rally_c0fd7046_XxgzlMba (2dbcb206-b2c9-4c94-931d-09ad8ef984f2)
2019-06-16 09:49:15.258 22703 RALLYDEBUG rally_openstack.cleanup.manager [-] Deleting neutron.port object s_rally_c0fd7046_hiHJxoz3 (2eaf643f-a6a9-4fe0-b659-836f73308686)
2019-06-16 09:49:15.549 22703 RALLYDEBUG rally_openstack.cleanup.manager [-] Deleting neutron.port object s_rally_c0fd7046_gKzjifwQ (2ed523e4-88a4-47b5-b12f-3a968b4d56a0)
2019-06-16 09:49:16.084 22703 RALLYDEBUG rally_openstack.cleanup.manager [-] Deleting neutron.port object s_rally_c0fd7046_8Y44DdKc (2f5b9254-15a7-41e7-979e-f07aa515b2fd)
2019-06-16 09:49:16.116 22703 RALLYDEBUG rally_openstack.cleanup.manager [-] Deleting neutron.port object s_rally_c0fd7046_0OBncb57 (2fb4f9b4-2dde-461d-9103-11a453b4b3a2)
2019-06-16 09:49:16.117 22703 RALLYDEBUG rally_openstack.cleanup.manager [-] Deleting neutron.port object s_rally_c0fd7046_aUVrgTBJ (2f92936a-62f3-43fc-9d0f-74734bcb127f)
2019-06-16 09:49:16.150 22703 RALLYDEBUG rally_openstack.cleanup.manager [-] Deleting neutron.port object s_rally_c0fd7046_LxAblxVr (2fbdd8cb-54dd-4056-b3af-75801e3aa0c3)
2019-06-16 09:49:16.635 22703 RALLYDEBUG rally_openstack.cleanup.manager [-] Deleting neutron.port object s_rally_c0fd7046_Vx20MRpG (31efae31-9820-4023-b5f4-0ba4fe971c5e)
2019-06-16 09:49:16.640 22703 RALLYDEBUG rally_openstack.cleanup.manager [-] Deleting neutron.port object s_rally_c0fd7046_nSt50HkR (3239f7ca-dd7e-4234-ae1a-17904350e0f1)
2019-06-16 09:49:16.660 22703 RALLYDEBUG rally_openstack.cleanup.manager [-] Deleting neutron.port object s_rally_c0fd7046_Gs0B4jDm (3264dfca-9cd7-4741-a60d-443ad114668e)
