2019-06-16 09:21:04.341 22694 RALLYDEBUG rally.api [-] INFO logs from urllib3 and requests module are hide.
2019-06-16 09:21:04.341 22694 RALLYDEBUG rally.api [-] urllib3 insecure warnings are hidden.
2019-06-16 09:21:04.341 22694 RALLYDEBUG rally.api [-] ERROR log from boto module is hide.
2019-06-16 09:21:06.638 22696 RALLYDEBUG rally.api [-] INFO logs from urllib3 and requests module are hide.
2019-06-16 09:21:06.638 22696 RALLYDEBUG rally.api [-] urllib3 insecure warnings are hidden.
2019-06-16 09:21:06.638 22696 RALLYDEBUG rally.api [-] ERROR log from boto module is hide.
2019-06-16 09:21:07.890 22696 WARNING rally_openstack.platforms.existing [-] endpoint is deprecated and not used.
2019-06-16 09:21:08.766 22698 RALLYDEBUG rally.api [-] INFO logs from urllib3 and requests module are hide.
2019-06-16 09:21:08.766 22698 RALLYDEBUG rally.api [-] urllib3 insecure warnings are hidden.
2019-06-16 09:21:08.766 22698 RALLYDEBUG rally.api [-] ERROR log from boto module is hide.
2019-06-16 09:21:11.815 22701 RALLYDEBUG rally.api [-] INFO logs from urllib3 and requests module are hide.
2019-06-16 09:21:11.815 22701 RALLYDEBUG rally.api [-] urllib3 insecure warnings are hidden.
2019-06-16 09:21:11.815 22701 RALLYDEBUG rally.api [-] ERROR log from boto module is hide.
2019-06-16 09:21:13.471 22703 RALLYDEBUG rally.api [-] INFO logs from urllib3 and requests module are hide.
2019-06-16 09:21:13.471 22703 RALLYDEBUG rally.api [-] urllib3 insecure warnings are hidden.
2019-06-16 09:21:13.471 22703 RALLYDEBUG rally.api [-] ERROR log from boto module is hide.
2019-06-16 09:21:14.633 22703 INFO rally.common.plugin.discover [-] Loading plugins from directories /root/.rally/plugins/*
2019-06-16 09:21:14.633 22703 INFO rally.common.plugin.discover [-] Loaded module with plugins: /root/.rally/plugins/__init__.py
2019-06-16 09:21:14.635 22703 INFO rally.common.plugin.discover [-] Loaded module with plugins: /root/.rally/plugins/trunk_scenario.py
2019-06-16 09:21:14.895 22703 INFO rally.task.engine [-] Task 0138da97-8ca3-4161-86dd-ceb6f72cf033 | Starting: Task validation.
2019-06-16 09:21:14.934 22703 INFO rally.task.engine [-] Task 0138da97-8ca3-4161-86dd-ceb6f72cf033 | Starting: Task validation of syntax.
2019-06-16 09:21:15.147 22703 INFO rally.task.engine [-] Task 0138da97-8ca3-4161-86dd-ceb6f72cf033 | Completed: Task validation of syntax.
2019-06-16 09:21:15.147 22703 INFO rally.task.engine [-] Task 0138da97-8ca3-4161-86dd-ceb6f72cf033 | Starting: Task validation of required platforms.
2019-06-16 09:21:15.205 22703 INFO rally.task.engine [-] Task 0138da97-8ca3-4161-86dd-ceb6f72cf033 | Completed: Task validation of required platforms.
2019-06-16 09:21:15.205 22703 INFO rally.task.engine [-] Task 0138da97-8ca3-4161-86dd-ceb6f72cf033 | Starting: Task validation of semantic.
2019-06-16 09:21:15.205 22703 INFO rally.task.engine [-] Check health of the environment '121c9933-bc5b-4905-b454-d2a050cbb20b'.
2019-06-16 09:21:16.038 22703 INFO rally.task.engine [-] Platform existing@openstack (available: True): OK!
2019-06-16 09:21:16.056 22703 RALLYDEBUG rally_openstack.contexts.keystone.users [-] Creating 1 tenants using 20 threads
2019-06-16 09:21:17.736 22703 RALLYDEBUG rally_openstack.contexts.keystone.users [-] Creating 1 users using 20 threads
2019-06-16 09:21:20.437 22703 INFO rally.task.context [-] Task 0138da97-8ca3-4161-86dd-ceb6f72cf033 | Context users@openstack setup() finished in 4.38 sec
2019-06-16 09:21:26.520 22703 INFO rally.task.context [-] Task 0138da97-8ca3-4161-86dd-ceb6f72cf033 | Context users@openstack cleanup() started
2019-06-16 09:21:31.100 22703 INFO rally.task.context [-] Task 0138da97-8ca3-4161-86dd-ceb6f72cf033 | Context users@openstack cleanup() finished in 4.58 sec
2019-06-16 09:21:31.100 22703 INFO rally.task.engine [-] Task 0138da97-8ca3-4161-86dd-ceb6f72cf033 | Completed: Task validation of semantic.
2019-06-16 09:21:31.100 22703 INFO rally.task.engine [-] Task 0138da97-8ca3-4161-86dd-ceb6f72cf033 | Completed: Task validation.
2019-06-16 09:21:31.101 22703 INFO rally.api [-] Task 0138da97-8ca3-4161-86dd-ceb6f72cf033 input file is valid.
2019-06-16 09:21:31.101 22703 INFO rally.api [-] Run Task 0138da97-8ca3-4161-86dd-ceb6f72cf033 against Deployment 121c9933-bc5b-4905-b454-d2a050cbb20b
2019-06-16 09:21:31.101 22703 INFO rally.task.engine [-] Task 0138da97-8ca3-4161-86dd-ceb6f72cf033 | Starting: Running task.
2019-06-16 09:21:31.231 22703 INFO rally.task.engine [-] Running workload: position = 0 config = { "version": 2, "title": "A cropped version of a bigger task.", "description": "Auto-generated task from a single workload (uuid=4aacde0b-2bdd-4f71-9fd1-75fee41d5a7b)", "subtasks": [ { "title": "NeutronNetworks.create_and_list_networks", "description": "Check performance of list_networks action and ensure > network quotas are not exceeded", "scenario": { "NeutronNetworks.create_and_list_networks": {} }, "contexts": { "users": { "tenants": 1, "users_per_tenant": 1 }, "quotas": { "neutron": { "network": 119 } } }, "runner": { "constant": { "times": 100, "concurrency": 20 } }, "hooks": [], "sla": { "max_avg_duration_per_atomic": { "neutron.list_networks": 15 }, "failure_rate": { "max": 0 } } } ] }
2019-06-16 09:21:31.253 22703 RALLYDEBUG rally_openstack.contexts.keystone.users [-] Creating 1 tenants using 20 threads
2019-06-16 09:21:32.904 22703 RALLYDEBUG rally_openstack.contexts.keystone.users [-] Creating 1 users using 20 threads
2019-06-16 09:21:35.490 22703 INFO rally.task.context [-] Task 0138da97-8ca3-4161-86dd-ceb6f72cf033 | Context users@openstack setup() finished in 4.24 sec
2019-06-16 09:21:36.231 22703 INFO rally.task.context [-] Task 0138da97-8ca3-4161-86dd-ceb6f72cf033 | Context quotas@openstack setup() finished in 0.74 sec
2019-06-16 09:21:36.232 22703 INFO rally.task.context [-] Task 0138da97-8ca3-4161-86dd-ceb6f72cf033 | Context cleanup@openstack setup() finished in 0.01 msec
2019-06-16 09:21:36.239 22703 RALLYDEBUG rally.task.runner [-] Starting the constant runner (task UUID: 0138da97-8ca3-4161-86dd-ceb6f72cf033). timeout: 0 concurrency: 20 concurrency_per_worker: 1 times: 100 concurrency_overhead: 4 processes_to_start: 16 max_cpu_used: 16
2019-06-16 09:21:36.252 22827 RALLYDEBUG rally.task.runner [-] Starting a worker. concurrency: 2 args: {} times: 100 method_name: run timeout: 0 duration: None cls:
2019-06-16 09:21:36.254 22828 RALLYDEBUG rally.task.runner [-] Starting a worker. concurrency: 2 args: {} times: 100 method_name: run timeout: 0 duration: None cls:
2019-06-16 09:21:36.256 22829 RALLYDEBUG rally.task.runner [-] Starting a worker. concurrency: 2 args: {} times: 100 method_name: run timeout: 0 duration: None cls:
2019-06-16 09:21:36.257 22827 INFO rally.task.runner [-] Task 0138da97-8ca3-4161-86dd-ceb6f72cf033 | ITER: 1 START
2019-06-16 09:21:36.260 22830 RALLYDEBUG rally.task.runner [-] Starting a worker. concurrency: 2 args: {} times: 100 method_name: run timeout: 0 duration: None cls:
2019-06-16 09:21:36.264 22828 INFO rally.task.runner [-] Task 0138da97-8ca3-4161-86dd-ceb6f72cf033 | ITER: 2 START
2019-06-16 09:21:36.265 22834 RALLYDEBUG rally.task.runner [-] Starting a worker. concurrency: 1 args: {} times: 100 method_name: run timeout: 0 duration: None cls:
2019-06-16 09:21:36.265 22828 INFO rally.task.runner [-] Task 0138da97-8ca3-4161-86dd-ceb6f72cf033 | ITER: 5 START
2019-06-16 09:21:36.267 22829 INFO rally.task.runner [-] Task 0138da97-8ca3-4161-86dd-ceb6f72cf033 | ITER: 4 START
2019-06-16 09:21:36.268 22836 RALLYDEBUG rally.task.runner [-] Starting a worker. concurrency: 1 args: {} times: 100 method_name: run timeout: 0 duration: None cls:
2019-06-16 09:21:36.272 22827 INFO rally.task.runner [-] Task 0138da97-8ca3-4161-86dd-ceb6f72cf033 | ITER: 3 START
2019-06-16 09:21:36.272 22830 INFO rally.task.runner [-] Task 0138da97-8ca3-4161-86dd-ceb6f72cf033 | ITER: 7 START
2019-06-16 09:21:36.272 22842 RALLYDEBUG rally.task.runner [-] Starting a worker. concurrency: 1 args: {} times: 100 method_name: run timeout: 0 duration: None cls:
2019-06-16 09:21:36.271 22834 INFO rally.task.runner [-] Task 0138da97-8ca3-4161-86dd-ceb6f72cf033 | ITER: 9 START
2019-06-16 09:21:36.274 22829 INFO rally.task.runner [-] Task 0138da97-8ca3-4161-86dd-ceb6f72cf033 | ITER: 6 START
2019-06-16 09:21:36.278 22830 INFO rally.task.runner [-] Task 0138da97-8ca3-4161-86dd-ceb6f72cf033 | ITER: 8 START
2019-06-16 09:21:36.278 22845 RALLYDEBUG rally.task.runner [-] Starting a worker. concurrency: 1 args: {} times: 100 method_name: run timeout: 0 duration: None cls:
2019-06-16 09:21:36.280 22842 INFO rally.task.runner [-] Task 0138da97-8ca3-4161-86dd-ceb6f72cf033 | ITER: 11 START
2019-06-16 09:21:36.280 22849 RALLYDEBUG rally.task.runner [-] Starting a worker. concurrency: 1 args: {} times: 100 method_name: run timeout: 0 duration: None cls:
2019-06-16 09:21:36.282 22854 RALLYDEBUG rally.task.runner [-] Starting a worker. concurrency: 1 args: {} times: 100 method_name: run timeout: 0 duration: None cls:
2019-06-16 09:21:36.283 22836 INFO rally.task.runner [-] Task 0138da97-8ca3-4161-86dd-ceb6f72cf033 | ITER: 10 START
2019-06-16 09:21:36.283 22852 RALLYDEBUG rally.task.runner [-] Starting a worker. concurrency: 1 args: {} times: 100 method_name: run timeout: 0 duration: None cls:
2019-06-16 09:21:36.289 22849 INFO rally.task.runner [-] Task 0138da97-8ca3-4161-86dd-ceb6f72cf033 | ITER: 13 START
2019-06-16 09:21:36.290 22854 INFO rally.task.runner [-] Task 0138da97-8ca3-4161-86dd-ceb6f72cf033 | ITER: 14 START
2019-06-16 09:21:36.291 22856 RALLYDEBUG rally.task.runner [-] Starting a worker. concurrency: 1 args: {} times: 100 method_name: run timeout: 0 duration: None cls:
2019-06-16 09:21:36.292 22852 INFO rally.task.runner [-] Task 0138da97-8ca3-4161-86dd-ceb6f72cf033 | ITER: 15 START
2019-06-16 09:21:36.299 22845 INFO rally.task.runner [-] Task 0138da97-8ca3-4161-86dd-ceb6f72cf033 | ITER: 12 START
2019-06-16 09:21:36.298 22865 RALLYDEBUG rally.task.runner [-] Starting a worker. concurrency: 1 args: {} times: 100 method_name: run timeout: 0 duration: None cls:
2019-06-16 09:21:36.305 22856 INFO rally.task.runner [-] Task 0138da97-8ca3-4161-86dd-ceb6f72cf033 | ITER: 16 START
2019-06-16 09:21:36.306 22865 INFO rally.task.runner [-] Task 0138da97-8ca3-4161-86dd-ceb6f72cf033 | ITER: 17 START
2019-06-16 09:21:36.311 22867 RALLYDEBUG rally.task.runner [-] Starting a worker. concurrency: 1 args: {} times: 100 method_name: run timeout: 0 duration: None cls:
2019-06-16 09:21:36.315 22871 RALLYDEBUG rally.task.runner [-] Starting a worker. concurrency: 1 args: {} times: 100 method_name: run timeout: 0 duration: None cls:
2019-06-16 09:21:36.318 22872 RALLYDEBUG rally.task.runner [-] Starting a worker. concurrency: 1 args: {} times: 100 method_name: run timeout: 0 duration: None cls:
2019-06-16 09:21:36.321 22867 INFO rally.task.runner [-] Task 0138da97-8ca3-4161-86dd-ceb6f72cf033 | ITER: 18 START
2019-06-16 09:21:36.322 22871 INFO rally.task.runner [-] Task 0138da97-8ca3-4161-86dd-ceb6f72cf033 | ITER: 19 START
2019-06-16 09:21:36.323 22872 INFO rally.task.runner [-] Task 0138da97-8ca3-4161-86dd-ceb6f72cf033 | ITER: 20 START
2019-06-16 09:21:38.120 22854 INFO rally.task.runner [-] Task 0138da97-8ca3-4161-86dd-ceb6f72cf033 | ITER: 14 END: OK
2019-06-16 09:21:38.124 22854 INFO rally.task.runner [-] Task 0138da97-8ca3-4161-86dd-ceb6f72cf033 | ITER: 21 START
2019-06-16 09:21:38.356 22829 INFO rally.task.runner [-] Task 0138da97-8ca3-4161-86dd-ceb6f72cf033 | ITER: 4 END: OK
2019-06-16 09:21:38.359 22829 INFO rally.task.runner [-] Task 0138da97-8ca3-4161-86dd-ceb6f72cf033 | ITER: 22 START
2019-06-16 09:21:38.701 22834 INFO rally.task.runner [-] Task 0138da97-8ca3-4161-86dd-ceb6f72cf033 | ITER: 9 END: OK
2019-06-16 09:21:38.704 22834 INFO rally.task.runner [-] Task 0138da97-8ca3-4161-86dd-ceb6f72cf033 | ITER: 23 START
2019-06-16 09:21:38.718 22849 INFO rally.task.runner [-] Task 0138da97-8ca3-4161-86dd-ceb6f72cf033 | ITER: 13 END: OK
2019-06-16 09:21:38.721 22849 INFO rally.task.runner [-] Task 0138da97-8ca3-4161-86dd-ceb6f72cf033 | ITER: 24 START
2019-06-16 09:21:38.725 22827 INFO rally.task.runner [-] Task 0138da97-8ca3-4161-86dd-ceb6f72cf033 | ITER: 3 END: OK
2019-06-16 09:21:38.728 22827 INFO rally.task.runner [-] Task 0138da97-8ca3-4161-86dd-ceb6f72cf033 | ITER: 25 START
2019-06-16 09:21:39.065 22830 INFO rally.task.runner [-] Task 0138da97-8ca3-4161-86dd-ceb6f72cf033 | ITER: 8 END: OK
2019-06-16 09:21:39.069 22830 INFO rally.task.runner [-] Task 0138da97-8ca3-4161-86dd-ceb6f72cf033 | ITER: 26 START
2019-06-16 09:21:39.733 22830 INFO rally.task.runner [-] Task 0138da97-8ca3-4161-86dd-ceb6f72cf033 | ITER: 7 END: OK
2019-06-16 09:21:39.735 22827 INFO rally.task.runner [-] Task 0138da97-8ca3-4161-86dd-ceb6f72cf033 | ITER: 1 END: OK
2019-06-16 09:21:39.736 22830 INFO rally.task.runner [-] Task 0138da97-8ca3-4161-86dd-ceb6f72cf033 | ITER: 27 START
2019-06-16 09:21:39.739 22827 INFO rally.task.runner [-] Task 0138da97-8ca3-4161-86dd-ceb6f72cf033 | ITER: 28 START
2019-06-16 09:21:39.858 22852 INFO rally.task.runner [-] Task 0138da97-8ca3-4161-86dd-ceb6f72cf033 | ITER: 15 END: OK
2019-06-16 09:21:39.862 22852 INFO rally.task.runner [-] Task 0138da97-8ca3-4161-86dd-ceb6f72cf033 | ITER: 29 START
2019-06-16 09:21:39.966 22828 INFO rally.task.runner [-] Task 0138da97-8ca3-4161-86dd-ceb6f72cf033 | ITER: 5 END: OK
2019-06-16 09:21:39.969 22828 INFO rally.task.runner [-] Task 0138da97-8ca3-4161-86dd-ceb6f72cf033 | ITER: 30 START
2019-06-16 09:21:40.835 22836 INFO rally.task.runner [-] Task 0138da97-8ca3-4161-86dd-ceb6f72cf033 | ITER: 10 END: OK
2019-06-16 09:21:40.840 22836 INFO rally.task.runner [-] Task 0138da97-8ca3-4161-86dd-ceb6f72cf033 | ITER: 31 START
2019-06-16 09:21:40.908 22871 INFO rally.task.runner [-] Task 0138da97-8ca3-4161-86dd-ceb6f72cf033 | ITER: 19 END: OK
2019-06-16 09:21:40.912 22871 INFO rally.task.runner [-] Task 0138da97-8ca3-4161-86dd-ceb6f72cf033 | ITER: 32 START
2019-06-16 09:21:41.086 22829 INFO rally.task.runner [-] Task 0138da97-8ca3-4161-86dd-ceb6f72cf033 | ITER: 6 END: OK
2019-06-16 09:21:41.089 22829 INFO rally.task.runner [-] Task 0138da97-8ca3-4161-86dd-ceb6f72cf033 | ITER: 33 START
2019-06-16 09:21:41.098 22867 INFO rally.task.runner [-] Task 0138da97-8ca3-4161-86dd-ceb6f72cf033 | ITER: 18 END: OK
2019-06-16 09:21:41.101 22867 INFO rally.task.runner [-] Task 0138da97-8ca3-4161-86dd-ceb6f72cf033 | ITER: 34 START
2019-06-16 09:21:41.138 22872 INFO rally.task.runner [-] Task 0138da97-8ca3-4161-86dd-ceb6f72cf033 | ITER: 20 END: OK
2019-06-16 09:21:41.141 22872 INFO rally.task.runner [-] Task 0138da97-8ca3-4161-86dd-ceb6f72cf033 | ITER: 35 START
2019-06-16 09:21:41.481 22828 INFO rally.task.runner [-] Task 0138da97-8ca3-4161-86dd-ceb6f72cf033 | ITER: 2 END: OK
2019-06-16 09:21:41.485 22828 INFO rally.task.runner [-] Task 0138da97-8ca3-4161-86dd-ceb6f72cf033 | ITER: 36 START
2019-06-16 09:21:41.562 22865 INFO rally.task.runner [-] Task 0138da97-8ca3-4161-86dd-ceb6f72cf033 | ITER: 17 END: OK
2019-06-16 09:21:41.565 22865 INFO rally.task.runner [-] Task 0138da97-8ca3-4161-86dd-ceb6f72cf033 | ITER: 37 START
2019-06-16 09:21:41.748 22854 INFO rally.task.runner [-] Task 0138da97-8ca3-4161-86dd-ceb6f72cf033 | ITER: 21 END: OK
2019-06-16 09:21:41.751 22854 INFO rally.task.runner [-] Task 0138da97-8ca3-4161-86dd-ceb6f72cf033 | ITER: 38 START
2019-06-16 09:21:41.766 22842 INFO rally.task.runner [-] Task 0138da97-8ca3-4161-86dd-ceb6f72cf033 | ITER: 11 END: OK
2019-06-16 09:21:41.769 22842 INFO rally.task.runner [-] Task 0138da97-8ca3-4161-86dd-ceb6f72cf033 | ITER: 39 START
2019-06-16 09:21:42.028 22828 INFO rally.task.runner [-] Task 0138da97-8ca3-4161-86dd-ceb6f72cf033 | ITER: 30 END: OK
2019-06-16 09:21:42.031 22828 INFO rally.task.runner [-] Task 0138da97-8ca3-4161-86dd-ceb6f72cf033 | ITER: 40 START
2019-06-16 09:21:42.220 22829 INFO rally.task.runner [-] Task 0138da97-8ca3-4161-86dd-ceb6f72cf033 | ITER: 22 END: OK
2019-06-16 09:21:42.224 22829 INFO rally.task.runner [-] Task 0138da97-8ca3-4161-86dd-ceb6f72cf033 | ITER: 41 START
2019-06-16 09:21:42.255 22827 INFO rally.task.runner [-] Task 0138da97-8ca3-4161-86dd-ceb6f72cf033 | ITER: 25 END: OK
2019-06-16 09:21:42.259 22827 INFO rally.task.runner [-] Task 0138da97-8ca3-4161-86dd-ceb6f72cf033 | ITER: 42 START
2019-06-16 09:21:42.460 22834 INFO rally.task.runner [-] Task 0138da97-8ca3-4161-86dd-ceb6f72cf033 | ITER: 23 END: OK
2019-06-16 09:21:42.464 22834 INFO rally.task.runner [-] Task 0138da97-8ca3-4161-86dd-ceb6f72cf033 | ITER: 43 START
2019-06-16 09:21:42.595 22845 INFO rally.task.runner [-] Task 0138da97-8ca3-4161-86dd-ceb6f72cf033 | ITER: 12 END: OK
2019-06-16 09:21:42.598 22845 INFO rally.task.runner [-] Task 0138da97-8ca3-4161-86dd-ceb6f72cf033 | ITER: 44 START
2019-06-16 09:21:42.603 22856 INFO rally.task.runner [-] Task 0138da97-8ca3-4161-86dd-ceb6f72cf033 | ITER: 16 END: OK
2019-06-16 09:21:42.606 22856 INFO rally.task.runner [-] Task 0138da97-8ca3-4161-86dd-ceb6f72cf033 | ITER: 45 START
2019-06-16 09:21:42.609 22849 INFO rally.task.runner [-] Task 0138da97-8ca3-4161-86dd-ceb6f72cf033 | ITER: 24 END: OK
2019-06-16 09:21:42.612 22849 INFO rally.task.runner [-] Task 0138da97-8ca3-4161-86dd-ceb6f72cf033 | ITER: 46 START
2019-06-16 09:21:42.677 22836 INFO rally.task.runner [-] Task 0138da97-8ca3-4161-86dd-ceb6f72cf033 | ITER: 31 END: OK
2019-06-16 09:21:42.681 22836 INFO rally.task.runner [-] Task 0138da97-8ca3-4161-86dd-ceb6f72cf033 | ITER: 47 START
2019-06-16 09:21:42.869 22867 INFO rally.task.runner [-] Task 0138da97-8ca3-4161-86dd-ceb6f72cf033 | ITER: 34 END: OK
2019-06-16 09:21:42.872 22867 INFO rally.task.runner [-] Task 0138da97-8ca3-4161-86dd-ceb6f72cf033 | ITER: 48 START
2019-06-16 09:21:43.159 22852 INFO rally.task.runner [-] Task 0138da97-8ca3-4161-86dd-ceb6f72cf033 | ITER: 29 END: OK
2019-06-16 09:21:43.162 22852 INFO rally.task.runner [-] Task 0138da97-8ca3-4161-86dd-ceb6f72cf033 | ITER: 49 START
2019-06-16 09:21:43.318 22830 INFO rally.task.runner [-] Task 0138da97-8ca3-4161-86dd-ceb6f72cf033 | ITER: 27 END: OK
2019-06-16 09:21:43.321 22830 INFO rally.task.runner [-] Task 0138da97-8ca3-4161-86dd-ceb6f72cf033 | ITER: 50 START
2019-06-16 09:21:43.322 22828 INFO rally.task.runner [-] Task 0138da97-8ca3-4161-86dd-ceb6f72cf033 | ITER: 36 END: OK
2019-06-16 09:21:43.322 22827 INFO rally.task.runner [-] Task 0138da97-8ca3-4161-86dd-ceb6f72cf033 | ITER: 28 END: OK
2019-06-16 09:21:43.325 22828 INFO rally.task.runner [-] Task 0138da97-8ca3-4161-86dd-ceb6f72cf033 | ITER: 51 START
2019-06-16 09:21:43.325 22827 INFO rally.task.runner [-] Task 0138da97-8ca3-4161-86dd-ceb6f72cf033 | ITER: 52 START
2019-06-16 09:21:43.329 22830 INFO rally.task.runner [-] Task 0138da97-8ca3-4161-86dd-ceb6f72cf033 | ITER: 26 END: OK
2019-06-16 09:21:43.333 22830 INFO rally.task.runner [-] Task 0138da97-8ca3-4161-86dd-ceb6f72cf033 | ITER: 53 START
2019-06-16 09:21:43.541 22829 INFO rally.task.runner [-] Task 0138da97-8ca3-4161-86dd-ceb6f72cf033 | ITER: 33 END: OK
2019-06-16 09:21:43.544 22829 INFO rally.task.runner [-] Task 0138da97-8ca3-4161-86dd-ceb6f72cf033 | ITER: 54 START
2019-06-16 09:21:43.618 22871 INFO rally.task.runner [-] Task 0138da97-8ca3-4161-86dd-ceb6f72cf033 | ITER: 32 END: OK
2019-06-16 09:21:43.621 22871 INFO rally.task.runner [-] Task 0138da97-8ca3-4161-86dd-ceb6f72cf033 | ITER: 55 START
2019-06-16 09:21:43.699 22854 INFO rally.task.runner [-] Task 0138da97-8ca3-4161-86dd-ceb6f72cf033 | ITER: 38 END: OK
2019-06-16 09:21:43.702 22854 INFO rally.task.runner [-] Task 0138da97-8ca3-4161-86dd-ceb6f72cf033 | ITER: 56 START
2019-06-16 09:21:43.788 22872 INFO rally.task.runner [-] Task 0138da97-8ca3-4161-86dd-ceb6f72cf033 | ITER: 35 END: OK
2019-06-16 09:21:43.791 22872 INFO rally.task.runner [-] Task 0138da97-8ca3-4161-86dd-ceb6f72cf033 | ITER: 57 START
2019-06-16 09:21:43.822 22842 INFO rally.task.runner [-] Task 0138da97-8ca3-4161-86dd-ceb6f72cf033 | ITER: 39 END: OK
2019-06-16 09:21:43.825 22842 INFO rally.task.runner [-] Task 0138da97-8ca3-4161-86dd-ceb6f72cf033 | ITER: 58 START
2019-06-16 09:21:44.342 22865 INFO rally.task.runner [-] Task 0138da97-8ca3-4161-86dd-ceb6f72cf033 | ITER: 37 END: OK
2019-06-16 09:21:44.345 22865 INFO rally.task.runner [-] Task 0138da97-8ca3-4161-86dd-ceb6f72cf033 | ITER: 59 START
2019-06-16 09:21:44.396 22827 INFO rally.task.runner [-] Task 0138da97-8ca3-4161-86dd-ceb6f72cf033 | ITER: 42 END: OK
2019-06-16 09:21:44.399 22827 INFO rally.task.runner [-] Task 0138da97-8ca3-4161-86dd-ceb6f72cf033 | ITER: 60 START
2019-06-16 09:21:44.435 22829 INFO rally.task.runner [-] Task 0138da97-8ca3-4161-86dd-ceb6f72cf033 | ITER: 41 END: OK
2019-06-16 09:21:44.439 22829 INFO rally.task.runner [-] Task 0138da97-8ca3-4161-86dd-ceb6f72cf033 | ITER: 61 START
2019-06-16 09:21:44.565 22845 INFO rally.task.runner [-] Task 0138da97-8ca3-4161-86dd-ceb6f72cf033 | ITER: 44 END: OK
2019-06-16 09:21:44.569 22845 INFO rally.task.runner [-] Task 0138da97-8ca3-4161-86dd-ceb6f72cf033 | ITER: 62 START
2019-06-16 09:21:44.597 22828 INFO rally.task.runner [-] Task 0138da97-8ca3-4161-86dd-ceb6f72cf033 | ITER: 40 END: OK
2019-06-16 09:21:44.600 22828 INFO rally.task.runner [-] Task 0138da97-8ca3-4161-86dd-ceb6f72cf033 | ITER: 63 START
2019-06-16 09:21:44.807 22834 INFO rally.task.runner [-] Task 0138da97-8ca3-4161-86dd-ceb6f72cf033 | ITER: 43 END: OK
2019-06-16 09:21:44.810 22834 INFO rally.task.runner [-] Task 0138da97-8ca3-4161-86dd-ceb6f72cf033 | ITER: 64 START
2019-06-16 09:21:45.195 22856 INFO rally.task.runner [-] Task 0138da97-8ca3-4161-86dd-ceb6f72cf033 | ITER: 45 END: OK
2019-06-16 09:21:45.198 22856 INFO rally.task.runner [-] Task 0138da97-8ca3-4161-86dd-ceb6f72cf033 | ITER: 65 START
2019-06-16 09:21:45.250 22827 INFO rally.task.runner [-] Task 0138da97-8ca3-4161-86dd-ceb6f72cf033 | ITER: 52 END: OK
2019-06-16 09:21:45.253 22827 INFO rally.task.runner [-] Task 0138da97-8ca3-4161-86dd-ceb6f72cf033 | ITER: 66 START
2019-06-16 09:21:45.310 22849 INFO rally.task.runner [-] Task 0138da97-8ca3-4161-86dd-ceb6f72cf033 | ITER: 46 END: OK
2019-06-16 09:21:45.313 22849 INFO rally.task.runner [-] Task 0138da97-8ca3-4161-86dd-ceb6f72cf033 | ITER: 67 START
2019-06-16 09:21:45.437 22852 INFO rally.task.runner [-] Task 0138da97-8ca3-4161-86dd-ceb6f72cf033 | ITER: 49 END: OK
2019-06-16 09:21:45.441 22852 INFO rally.task.runner [-] Task 0138da97-8ca3-4161-86dd-ceb6f72cf033 | ITER: 68 START
2019-06-16 09:21:45.582 22836 INFO rally.task.runner [-] Task 0138da97-8ca3-4161-86dd-ceb6f72cf033 | ITER: 47 END: OK
2019-06-16 09:21:45.585 22836 INFO rally.task.runner [-] Task 0138da97-8ca3-4161-86dd-ceb6f72cf033 | ITER: 69 START
2019-06-16 09:21:45.632 22867 INFO rally.task.runner [-] Task 0138da97-8ca3-4161-86dd-ceb6f72cf033 | ITER: 48 END: OK
2019-06-16 09:21:45.636 22867 INFO rally.task.runner [-] Task 0138da97-8ca3-4161-86dd-ceb6f72cf033 | ITER: 70 START
2019-06-16 09:21:45.808 22854 INFO rally.task.runner [-] Task 0138da97-8ca3-4161-86dd-ceb6f72cf033 | ITER: 56 END: OK
2019-06-16 09:21:45.811 22854 INFO rally.task.runner [-] Task 0138da97-8ca3-4161-86dd-ceb6f72cf033 | ITER: 71 START
2019-06-16 09:21:45.818 22842 INFO rally.task.runner [-] Task 0138da97-8ca3-4161-86dd-ceb6f72cf033 | ITER: 58 END: OK
2019-06-16 09:21:45.822 22842 INFO rally.task.runner [-] Task 0138da97-8ca3-4161-86dd-ceb6f72cf033 | ITER: 72 START
2019-06-16 09:21:45.874 22829 INFO rally.task.runner [-] Task 0138da97-8ca3-4161-86dd-ceb6f72cf033 | ITER: 54 END: OK
2019-06-16 09:21:45.875 22828 INFO rally.task.runner [-] Task 0138da97-8ca3-4161-86dd-ceb6f72cf033 | ITER: 51 END: OK
2019-06-16 09:21:45.877 22829 INFO rally.task.runner [-] Task 0138da97-8ca3-4161-86dd-ceb6f72cf033 | ITER: 73 START
2019-06-16 09:21:45.879 22828 INFO rally.task.runner [-] Task 0138da97-8ca3-4161-86dd-ceb6f72cf033 | ITER: 74 START
2019-06-16 09:21:45.891 22830 INFO rally.task.runner [-] Task 0138da97-8ca3-4161-86dd-ceb6f72cf033 | ITER: 53 END: OK
2019-06-16 09:21:45.894 22830 INFO rally.task.runner [-] Task 0138da97-8ca3-4161-86dd-ceb6f72cf033 | ITER: 75 START
2019-06-16 09:21:45.999 22872 INFO rally.task.runner [-] Task 0138da97-8ca3-4161-86dd-ceb6f72cf033 | ITER: 57 END: OK
2019-06-16 09:21:46.002 22872 INFO rally.task.runner [-] Task 0138da97-8ca3-4161-86dd-ceb6f72cf033 | ITER: 76 START
2019-06-16 09:21:46.130 22871 INFO rally.task.runner [-] Task 0138da97-8ca3-4161-86dd-ceb6f72cf033 | ITER: 55 END: OK
2019-06-16 09:21:46.134 22871 INFO rally.task.runner [-] Task 0138da97-8ca3-4161-86dd-ceb6f72cf033 | ITER: 77 START
2019-06-16 09:21:46.354 22865 INFO rally.task.runner [-] Task 0138da97-8ca3-4161-86dd-ceb6f72cf033 | ITER: 59 END: OK
2019-06-16 09:21:46.357 22865 INFO rally.task.runner [-] Task 0138da97-8ca3-4161-86dd-ceb6f72cf033 | ITER: 78 START
2019-06-16 09:21:46.739 22830 INFO rally.task.runner [-] Task 0138da97-8ca3-4161-86dd-ceb6f72cf033 | ITER: 50 END: OK
2019-06-16 09:21:46.743 22830 INFO rally.task.runner [-] Task 0138da97-8ca3-4161-86dd-ceb6f72cf033 | ITER: 79 START
2019-06-16 09:21:46.878 22827 INFO rally.task.runner [-] Task 0138da97-8ca3-4161-86dd-ceb6f72cf033 | ITER: 60 END: OK
2019-06-16 09:21:46.880 22827 INFO rally.task.runner [-] Task 0138da97-8ca3-4161-86dd-ceb6f72cf033 | ITER: 80 START
2019-06-16 09:21:47.294 22827 INFO rally.task.runner [-] Task 0138da97-8ca3-4161-86dd-ceb6f72cf033 | ITER: 66 END: OK
2019-06-16 09:21:47.297 22827 INFO rally.task.runner [-] Task 0138da97-8ca3-4161-86dd-ceb6f72cf033 | ITER: 81 START
2019-06-16 09:21:47.732 22829 INFO rally.task.runner [-] Task 0138da97-8ca3-4161-86dd-ceb6f72cf033 | ITER: 61 END: OK
2019-06-16 09:21:47.736 22829 INFO rally.task.runner [-] Task 0138da97-8ca3-4161-86dd-ceb6f72cf033 | ITER: 82 START
2019-06-16 09:21:47.742 22845 INFO rally.task.runner [-] Task 0138da97-8ca3-4161-86dd-ceb6f72cf033 | ITER: 62 END: OK
2019-06-16 09:21:47.746 22845 INFO rally.task.runner [-] Task 0138da97-8ca3-4161-86dd-ceb6f72cf033 | ITER: 83 START
2019-06-16 09:21:47.813 22828 INFO rally.task.runner [-] Task 0138da97-8ca3-4161-86dd-ceb6f72cf033 | ITER: 63 END: OK
2019-06-16 09:21:47.816 22828 INFO rally.task.runner [-] Task 0138da97-8ca3-4161-86dd-ceb6f72cf033 | ITER: 84 START
2019-06-16 09:21:48.031 22834 INFO rally.task.runner [-] Task 0138da97-8ca3-4161-86dd-ceb6f72cf033 | ITER: 64 END: OK
2019-06-16 09:21:48.034 22852 INFO rally.task.runner [-] Task 0138da97-8ca3-4161-86dd-ceb6f72cf033 | ITER: 68 END: OK
2019-06-16 09:21:48.034 22834 INFO rally.task.runner [-] Task 0138da97-8ca3-4161-86dd-ceb6f72cf033 | ITER: 85 START
2019-06-16 09:21:48.036 22852 INFO rally.task.runner [-] Task 0138da97-8ca3-4161-86dd-ceb6f72cf033 | ITER: 86 START
2019-06-16 09:21:48.138 22854 INFO rally.task.runner [-] Task 0138da97-8ca3-4161-86dd-ceb6f72cf033 | ITER: 71 END: OK
2019-06-16 09:21:48.141 22854 INFO rally.task.runner [-] Task 0138da97-8ca3-4161-86dd-ceb6f72cf033 | ITER: 87 START
2019-06-16 09:21:48.157 22867 INFO rally.task.runner [-] Task 0138da97-8ca3-4161-86dd-ceb6f72cf033 | ITER: 70 END: OK
2019-06-16 09:21:48.160 22867 INFO rally.task.runner [-] Task 0138da97-8ca3-4161-86dd-ceb6f72cf033 | ITER: 88 START
2019-06-16 09:21:48.164 22836 INFO rally.task.runner [-] Task 0138da97-8ca3-4161-86dd-ceb6f72cf033 | ITER: 69 END: OK
2019-06-16 09:21:48.167 22836 INFO rally.task.runner [-] Task 0138da97-8ca3-4161-86dd-ceb6f72cf033 | ITER: 89 START
2019-06-16 09:21:48.200 22842 INFO rally.task.runner [-] Task 0138da97-8ca3-4161-86dd-ceb6f72cf033 | ITER: 72 END: OK
2019-06-16 09:21:48.203 22842 INFO rally.task.runner [-] Task 0138da97-8ca3-4161-86dd-ceb6f72cf033 | ITER: 90 START
2019-06-16 09:21:48.217 22856 INFO rally.task.runner [-] Task 0138da97-8ca3-4161-86dd-ceb6f72cf033 | ITER: 65 END: OK
2019-06-16 09:21:48.220 22856 INFO rally.task.runner [-] Task 0138da97-8ca3-4161-86dd-ceb6f72cf033 | ITER: 91 START
2019-06-16 09:21:48.474 22849 INFO rally.task.runner [-] Task 0138da97-8ca3-4161-86dd-ceb6f72cf033 | ITER: 67 END: OK
2019-06-16 09:21:48.477 22849 INFO rally.task.runner [-] Task 0138da97-8ca3-4161-86dd-ceb6f72cf033 | ITER: 92 START
2019-06-16 09:21:48.648 22828 INFO rally.task.runner [-] Task 0138da97-8ca3-4161-86dd-ceb6f72cf033 | ITER: 74 END: OK
2019-06-16 09:21:48.651 22828 INFO rally.task.runner [-] Task 0138da97-8ca3-4161-86dd-ceb6f72cf033 | ITER: 93 START
2019-06-16 09:21:48.759 22872 INFO rally.task.runner [-] Task 0138da97-8ca3-4161-86dd-ceb6f72cf033 | ITER: 76 END: OK
2019-06-16 09:21:48.762 22872 INFO rally.task.runner [-] Task 0138da97-8ca3-4161-86dd-ceb6f72cf033 | ITER: 94 START
2019-06-16 09:21:48.775 22827 INFO rally.task.runner [-] Task 0138da97-8ca3-4161-86dd-ceb6f72cf033 | ITER: 80 END: OK
2019-06-16 09:21:48.778 22827 INFO rally.task.runner [-] Task 0138da97-8ca3-4161-86dd-ceb6f72cf033 | ITER: 95 START
2019-06-16 09:21:49.246 22829 INFO rally.task.runner [-] Task 0138da97-8ca3-4161-86dd-ceb6f72cf033 | ITER: 73 END: OK
2019-06-16 09:21:49.250 22829 INFO rally.task.runner [-] Task 0138da97-8ca3-4161-86dd-ceb6f72cf033 | ITER: 96 START
2019-06-16 09:21:49.383 22827 INFO rally.task.runner [-] Task 0138da97-8ca3-4161-86dd-ceb6f72cf033 | ITER: 81 END: OK
2019-06-16 09:21:49.386 22827 INFO rally.task.runner [-] Task 0138da97-8ca3-4161-86dd-ceb6f72cf033 | ITER: 97 START
2019-06-16 09:21:49.408 22830 INFO rally.task.runner [-] Task 0138da97-8ca3-4161-86dd-ceb6f72cf033 | ITER: 75 END: OK
2019-06-16 09:21:49.411 22830 INFO rally.task.runner [-] Task 0138da97-8ca3-4161-86dd-ceb6f72cf033 | ITER: 98 START
2019-06-16 09:21:49.667 22865 INFO rally.task.runner [-] Task 0138da97-8ca3-4161-86dd-ceb6f72cf033 | ITER: 78 END: OK
2019-06-16 09:21:49.670 22865 INFO rally.task.runner [-] Task 0138da97-8ca3-4161-86dd-ceb6f72cf033 | ITER: 99 START
2019-06-16 09:21:49.703 22830 INFO rally.task.runner [-] Task 0138da97-8ca3-4161-86dd-ceb6f72cf033 | ITER: 79 END: OK
2019-06-16 09:21:49.706 22830 INFO rally.task.runner [-] Task 0138da97-8ca3-4161-86dd-ceb6f72cf033 | ITER: 100 START
2019-06-16 09:21:49.707 22871 INFO rally.task.runner [-] Task 0138da97-8ca3-4161-86dd-ceb6f72cf033 | ITER: 77 END: OK
2019-06-16 09:21:50.524 22829 INFO rally.task.runner [-] Task 0138da97-8ca3-4161-86dd-ceb6f72cf033 | ITER: 82 END: OK
2019-06-16 09:21:50.566 22849 INFO rally.task.runner [-] Task 0138da97-8ca3-4161-86dd-ceb6f72cf033 | ITER: 92 END: OK
2019-06-16 09:21:50.566 22836 INFO rally.task.runner [-] Task 0138da97-8ca3-4161-86dd-ceb6f72cf033 | ITER: 89 END: OK
2019-06-16 09:21:50.730 22856 INFO rally.task.runner [-] Task 0138da97-8ca3-4161-86dd-ceb6f72cf033 | ITER: 91 END: OK
2019-06-16 09:21:50.736 22854 INFO rally.task.runner [-] Task 0138da97-8ca3-4161-86dd-ceb6f72cf033 | ITER: 87 END: OK
2019-06-16 09:21:50.739 22828 INFO rally.task.runner [-] Task 0138da97-8ca3-4161-86dd-ceb6f72cf033 | ITER: 93 END: OK
2019-06-16 09:21:50.778 22842 INFO rally.task.runner [-] Task 0138da97-8ca3-4161-86dd-ceb6f72cf033 | ITER: 90 END: OK
2019-06-16 09:21:50.853 22872 INFO rally.task.runner [-] Task 0138da97-8ca3-4161-86dd-ceb6f72cf033 | ITER: 94 END: OK
2019-06-16 09:21:50.877 22845 INFO rally.task.runner [-] Task 0138da97-8ca3-4161-86dd-ceb6f72cf033 | ITER: 83 END: OK
2019-06-16 09:21:50.917 22867 INFO rally.task.runner [-] Task 0138da97-8ca3-4161-86dd-ceb6f72cf033 | ITER: 88 END: OK
2019-06-16 09:21:51.019 22828 INFO rally.task.runner [-] Task 0138da97-8ca3-4161-86dd-ceb6f72cf033 | ITER: 84 END: OK
2019-06-16 09:21:51.031 22830 INFO rally.task.runner [-] Task 0138da97-8ca3-4161-86dd-ceb6f72cf033 | ITER: 100 END: OK
2019-06-16 09:21:51.138 22852 INFO rally.task.runner [-] Task 0138da97-8ca3-4161-86dd-ceb6f72cf033 | ITER: 86 END: OK
2019-06-16 09:21:51.464 22834 INFO rally.task.runner [-] Task 0138da97-8ca3-4161-86dd-ceb6f72cf033 | ITER: 85 END: OK
2019-06-16 09:21:51.548 22827 INFO rally.task.runner [-] Task 0138da97-8ca3-4161-86dd-ceb6f72cf033 | ITER: 95 END: OK
2019-06-16 09:21:51.667 22827 INFO rally.task.runner [-] Task 0138da97-8ca3-4161-86dd-ceb6f72cf033 | ITER: 97 END: OK
2019-06-16 09:21:51.826 22829 INFO rally.task.runner [-] Task 0138da97-8ca3-4161-86dd-ceb6f72cf033 | ITER: 96 END: OK
2019-06-16 09:21:51.828 22830 INFO rally.task.runner [-] Task 0138da97-8ca3-4161-86dd-ceb6f72cf033 | ITER: 98 END: OK
2019-06-16 09:21:51.877 22865 INFO rally.task.runner [-] Task 0138da97-8ca3-4161-86dd-ceb6f72cf033 | ITER: 99 END: OK
2019-06-16 09:21:51.905 22703 INFO rally.task.context [-] Task 0138da97-8ca3-4161-86dd-ceb6f72cf033 | Context cleanup@openstack cleanup() started
2019-06-16 09:21:51.910 22703 RALLYDEBUG rally_openstack.cleanup.manager [-] Cleaning up neutron vip objects
2019-06-16 09:21:52.534 22703 RALLYDEBUG rally_openstack.cleanup.manager [-] Cleaning up neutron health_monitor objects
2019-06-16 09:21:53.149 22703 RALLYDEBUG rally_openstack.cleanup.manager [-] Cleaning up neutron pool objects
2019-06-16 09:21:53.773 22703 RALLYDEBUG rally_openstack.cleanup.manager [-] Cleaning up neutron loadbalancer objects
2019-06-16 09:21:54.391 22703 RALLYDEBUG rally_openstack.cleanup.manager [-] Cleaning up neutron floatingip objects
2019-06-16 09:21:55.055 22703 RALLYDEBUG rally_openstack.cleanup.manager [-] Cleaning up neutron port objects
2019-06-16 09:21:55.765 22703 RALLYDEBUG rally_openstack.cleanup.manager [-] Cleaning up neutron subnet objects
2019-06-16 09:21:56.396 22703 RALLYDEBUG rally_openstack.cleanup.manager [-] Cleaning up neutron network objects
2019-06-16 09:21:57.353 22703 RALLYDEBUG rally_openstack.cleanup.manager [-] Deleting neutron.network object s_rally_4aacde0b_DaIkV1Qt (13afa6df-f56f-4cad-96f3-5b2c636d4815)
2019-06-16 09:21:57.354 22703 RALLYDEBUG rally_openstack.cleanup.manager [-] Deleting neutron.network object s_rally_4aacde0b_aFmLti3d (2b4e4b9c-cdea-4288-a884-330b92c83b62)
2019-06-16 09:21:57.361 22703 RALLYDEBUG rally_openstack.cleanup.manager [-] Deleting neutron.network object s_rally_4aacde0b_2wPjkTTH (0abfa72e-4b7f-495f-9eb1-2554c281e24d)
2019-06-16 09:21:57.370 22703 RALLYDEBUG rally_openstack.cleanup.manager [-] Deleting neutron.network object s_rally_4aacde0b_cs8A7b9p (25e479d8-c313-4199-b803-1c8efcdc6697)
2019-06-16 09:21:57.370 22703 RALLYDEBUG rally_openstack.cleanup.manager [-] Deleting neutron.network object s_rally_4aacde0b_P3tPQ234 (1e4a6fcb-ffae-4128-af55-a2547735f104)
2019-06-16 09:21:57.371 22703 RALLYDEBUG rally_openstack.cleanup.manager [-] Deleting neutron.network object s_rally_4aacde0b_eQwUPJ3P (32e74aad-ba9c-40dd-8160-7c2e59fec50a)
2019-06-16 09:21:57.371 22703 RALLYDEBUG rally_openstack.cleanup.manager [-] Deleting neutron.network object s_rally_4aacde0b_7JO8ModT (18702e42-68fd-4f55-9592-8d24cf05b041)
2019-06-16 09:21:57.372 22703 RALLYDEBUG rally_openstack.cleanup.manager [-] Deleting neutron.network object s_rally_4aacde0b_0Adf5x9w (1df4a623-0eb7-4228-8b61-324ce12cf360)
2019-06-16 09:21:57.376 22703 RALLYDEBUG rally_openstack.cleanup.manager [-] Deleting neutron.network object s_rally_4aacde0b_YfIkGjsV (1d60936e-875e-4559-b304-f1c7e55cb86d)
2019-06-16 09:21:57.377 22703 RALLYDEBUG rally_openstack.cleanup.manager [-] Deleting neutron.network object s_rally_4aacde0b_cWk1BgZz (21a56a4d-09ab-4f4f-92bf-80126e1285e4)
2019-06-16 09:21:57.380 22703 RALLYDEBUG rally_openstack.cleanup.manager [-] Deleting neutron.network object s_rally_4aacde0b_oRESqXSx (28ea6ca7-2884-4ab2-aeb7-ccf86db3b518)
2019-06-16 09:21:57.383 22703 RALLYDEBUG rally_openstack.cleanup.manager [-] Deleting neutron.network object s_rally_4aacde0b_vRsolHrZ (33f0e1e8-a871-410b-b40e-6be147f2de2f)
2019-06-16 09:21:57.383 22703 RALLYDEBUG rally_openstack.cleanup.manager [-] Deleting neutron.network object s_rally_4aacde0b_BdpVXM4y (17dd9a1c-1b4b-4980-8896-55ff0a6a2a43)
2019-06-16 09:21:57.384 22703 RALLYDEBUG rally_openstack.cleanup.manager [-] Deleting neutron.network object s_rally_4aacde0b_gDWyRYiB (28053b97-72a2-4c8f-8370-1a51b7ad42f2)
2019-06-16 09:21:57.385 22703 RALLYDEBUG rally_openstack.cleanup.manager [-] Deleting neutron.network object s_rally_4aacde0b_Dg9caDsH (002e19f3-11c1-4d05-b564-51e0971b66a0)
2019-06-16 09:21:57.389 22703 RALLYDEBUG rally_openstack.cleanup.manager [-] Deleting neutron.network object s_rally_4aacde0b_eLH6vhXK (2ecfc0b3-40bd-4d7c-a26b-7f60dffcf609)
2019-06-16 09:21:57.391 22703 RALLYDEBUG rally_openstack.cleanup.manager [-] Deleting neutron.network object s_rally_4aacde0b_CSsJa1Df (23993185-991c-498b-8ce9-300898eebe51)
2019-06-16 09:21:57.394 22703 RALLYDEBUG rally_openstack.cleanup.manager [-] Deleting neutron.network object s_rally_4aacde0b_lFdduhh9 (373e3447-65ee-401c-9e4c-2b047adcbcf4)
2019-06-16 09:21:57.401 22703 RALLYDEBUG rally_openstack.cleanup.manager [-] Deleting neutron.network object s_rally_4aacde0b_FDwSikY4 (1d032025-a518-4dd2-b15d-084734e21ace)
2019-06-16 09:21:57.414 22703 RALLYDEBUG rally_openstack.cleanup.manager [-] Deleting neutron.network object s_rally_4aacde0b_nf86gZEa (30d45900-b68d-41a5-a5cd-76d328940f61)
2019-06-16 09:22:00.922 22703 RALLYDEBUG rally_openstack.cleanup.manager [-] Deleting neutron.network object s_rally_4aacde0b_alimWkv1 (395f97b2-2206-433c-ad0d-96df5f2bd6e3)
2019-06-16 09:22:01.001 22703 RALLYDEBUG rally_openstack.cleanup.manager [-] Deleting neutron.network object s_rally_4aacde0b_TrMc0r7b (3baaa5bc-4216-4637-9498-c856e6016b50)
2019-06-16 09:22:01.110 22703 RALLYDEBUG rally_openstack.cleanup.manager [-] Deleting neutron.network object s_rally_4aacde0b_eJPUOeWg (3d11e036-119a-4818-b33f-36142976f1f3)
2019-06-16 09:22:01.357 22703 RALLYDEBUG rally_openstack.cleanup.manager [-] Deleting neutron.network object s_rally_4aacde0b_S3JPLoQY (3d45ff42-2faf-421e-84be-eb15352aa025)
2019-06-16 09:22:01.438 22703 RALLYDEBUG rally_openstack.cleanup.manager [-] Deleting neutron.network object s_rally_4aacde0b_DfGOPlVX (464835ce-9588-4c0a-9d7c-c5c543375558)
2019-06-16 09:22:01.460 22703 RALLYDEBUG rally_openstack.cleanup.manager [-] Deleting neutron.network object s_rally_4aacde0b_HDNueWqz (46a0b9c4-e84e-47e0-912c-30f0ba6b6ade)
2019-06-16 09:22:01.853 22703 RALLYDEBUG rally_openstack.cleanup.manager [-] Deleting neutron.network object s_rally_4aacde0b_WK9dEKC6 (4cd8c223-567b-4648-8dea-cc66362ff8da)
2019-06-16 09:22:02.377 22703 RALLYDEBUG rally_openstack.cleanup.manager [-] Deleting neutron.network object s_rally_4aacde0b_LP4qDquY (56885ff0-ed6a-42de-9ac1-e8f0b583f01f)
2019-06-16 09:22:02.378 22703 RALLYDEBUG rally_openstack.cleanup.manager [-] Deleting neutron.network object s_rally_4aacde0b_rxOFXnn0 (59b64d17-23d6-4bef-a80e-5bb663fea6d7)
2019-06-16 09:22:02.673 22703 RALLYDEBUG rally_openstack.cleanup.manager [-] Deleting neutron.network object s_rally_4aacde0b_Gxyogi7R (5a83cb77-35f7-4e9d-9892-bc794e5cdad8)
2019-06-16 09:22:02.783 22703 RALLYDEBUG rally_openstack.cleanup.manager [-] Deleting neutron.network object s_rally_4aacde0b_XDUdU6YM (60cf88b3-2c2a-4f66-9a50-d18d35044061)
2019-06-16 09:22:02.783 22703 RALLYDEBUG rally_openstack.cleanup.manager [-] Deleting neutron.network object s_rally_4aacde0b_UM2IfA0X (5d76e3e1-cef9-4328-93cd-2da801c4f224)
2019-06-16 09:22:03.035 22703 RALLYDEBUG rally_openstack.cleanup.manager [-] Deleting neutron.network object s_rally_4aacde0b_7PeZF2DO (67149fd2-fbe6-441b-957c-fb31fbe13644)
2019-06-16 09:22:03.129 22703 RALLYDEBUG rally_openstack.cleanup.manager [-] Deleting neutron.network object s_rally_4aacde0b_FXlijCPS (72e76d73-09ec-4f23-8b69-c3c8e5be7e5e)
2019-06-16 09:22:03.205 22703 RALLYDEBUG rally_openstack.cleanup.manager [-] Deleting neutron.network object s_rally_4aacde0b_VK0tu1aJ (746691d6-b36e-4e3a-bf03-2cf8c2386773)
2019-06-16 09:22:03.508 22703 RALLYDEBUG rally_openstack.cleanup.manager [-] Deleting neutron.network object s_rally_4aacde0b_P9PChpK9 (7517cf5e-edc2-42e2-ba98-dbd06f8c609f)
2019-06-16 09:22:03.658 22703 RALLYDEBUG rally_openstack.cleanup.manager [-] Deleting neutron.network object s_rally_4aacde0b_Ro6BPY39 (77c5d14d-ad45-4f17-a917-8b978cedb487)
2019-06-16 09:22:03.817 22703 RALLYDEBUG rally_openstack.cleanup.manager [-] Deleting neutron.network object s_rally_4aacde0b_H0U6ytbm (7e19ccab-85e3-4934-8179-d468edf1380e)
2019-06-16 09:22:04.332 22703 RALLYDEBUG rally_openstack.cleanup.manager [-] Deleting neutron.network object s_rally_4aacde0b_226R4MTi (7f76d0e6-6015-4ec2-b359-0227a0c48f1b)
2019-06-16 09:22:04.486 22703 RALLYDEBUG rally_openstack.cleanup.manager [-] Deleting neutron.network object s_rally_4aacde0b_ROk5Gg70 (80b2eb45-2788-48b3-8297-2f938aaaacb8)
2019-06-16 09:22:04.497 22703 RALLYDEBUG rally_openstack.cleanup.manager [-] Deleting neutron.network object s_rally_4aacde0b_gHKrbRyC (83753fd4-cc3e-44f9-920d-bed23c79ecac)
2019-06-16 09:22:04.553 22703 RALLYDEBUG rally_openstack.cleanup.manager [-] Deleting neutron.network object s_rally_4aacde0b_S6nQCuQw (87aad1f9-ca3b-439e-bf6c-bb2438f66d34)
2019-06-16 09:22:04.650 22703 RALLYDEBUG rally_openstack.cleanup.manager [-] Deleting neutron.network object s_rally_4aacde0b_Y4UmS2gU (87ade02c-ecde-4f80-990a-20449a543740)
2019-06-16 09:22:04.676 22703 RALLYDEBUG rally_openstack.cleanup.manager [-] Deleting neutron.network object s_rally_4aacde0b_K3vHVW0T (8ae0f77c-ab38-4d29-9103-67902d45b4c6)
2019-06-16 09:22:04.836 22703 RALLYDEBUG rally_openstack.cleanup.manager [-] Deleting neutron.network object s_rally_4aacde0b_WLBAkSLA (8ff377d2-a584-454b-bb03-72bff0407c9e)
2019-06-16 09:22:04.894 22703 RALLYDEBUG rally_openstack.cleanup.manager [-] Deleting neutron.network object s_rally_4aacde0b_eQ0J8Xbr (919a7ce8-06ce-4584-a796-d6e11d58a4b1)
2019-06-16 09:22:05.331 22703 RALLYDEBUG rally_openstack.cleanup.manager [-] Deleting neutron.network object s_rally_4aacde0b_lIGpSfZ5 (9cc3deae-5299-4d48-bdc2-c1fc9370765c)
2019-06-16 09:22:05.350 22703 RALLYDEBUG rally_openstack.cleanup.manager [-] Deleting neutron.network object s_rally_4aacde0b_RfyiC61Z (9da7404b-2e2b-4202-941f-aec3dfc1da54)
2019-06-16 09:22:05.438 22703 RALLYDEBUG rally_openstack.cleanup.manager [-] Deleting neutron.network object s_rally_4aacde0b_1EX1TxvS (a7db5aaa-9819-45b1-bb78-fa86b40ab8ac)
2019-06-16 09:22:05.554 22703 RALLYDEBUG rally_openstack.cleanup.manager [-] Deleting neutron.network object s_rally_4aacde0b_KOxeJA2w (a86ee045-d338-41f7-9362-ed95e2ddf2f0)
2019-06-16 09:22:05.757 22703 RALLYDEBUG rally_openstack.cleanup.manager [-] Deleting neutron.network object s_rally_4aacde0b_zogtGwh1 (ad41a7d8-ad11-40a5-b672-e8d41a3c7a1e)
2019-06-16 09:22:05.793 22703 RALLYDEBUG rally_openstack.cleanup.manager [-] Deleting neutron.network object s_rally_4aacde0b_hxaq72jC (afa03421-fd75-423d-9ce3-035f3b255b6d)
2019-06-16 09:22:05.912 22703 RALLYDEBUG rally_openstack.cleanup.manager [-] Deleting neutron.network object s_rally_4aacde0b_1DG9hWKd (b12ef411-bb7b-4ed6-ab04-a67105625329)
2019-06-16 09:22:06.726 22703 RALLYDEBUG rally_openstack.cleanup.manager [-] Deleting neutron.network object s_rally_4aacde0b_le3vDM4a (b45bed0c-6757-4d7f-b34b-655bea062cfe)
2019-06-16 09:22:07.170 22703 RALLYDEBUG rally_openstack.cleanup.manager [-] Deleting neutron.network object s_rally_4aacde0b_E17Z0k0i (b47b5705-03ab-4ecf-99dd-8069e330a25d)
2019-06-16 09:22:07.199 22703 RALLYDEBUG rally_openstack.cleanup.manager [-] Deleting neutron.network object s_rally_4aacde0b_OZvrDR1Q (b4fd4072-7a35-474d-be95-b2e19394a7ad)
2019-06-16 09:22:07.469 22703 RALLYDEBUG rally_openstack.cleanup.manager [-] Deleting neutron.network object s_rally_4aacde0b_hnb0Vma2 (b5249f99-301d-49e4-8b11-44866ecda2e3)
2019-06-16 09:22:07.476 22703 RALLYDEBUG rally_openstack.cleanup.manager [-] Deleting neutron.network object s_rally_4aacde0b_jiYidbmW (b6a33340-92d3-46be-9b7f-beb724e861b7)
2019-06-16 09:22:07.526 22703 RALLYDEBUG rally_openstack.cleanup.manager [-] Deleting neutron.network object s_rally_4aacde0b_5heBXQjL (b7e79f8d-431b-4e27-bd92-9f488772e49a)
2019-06-16 09:22:08.383 22703 RALLYDEBUG rally_openstack.cleanup.manager [-] Deleting neutron.network object s_rally_4aacde0b_tIciqGQE (b86f4b13-f428-40e7-9d56-4db0c1ae10b8)
2019-06-16 09:22:08.392 22703 RALLYDEBUG rally_openstack.cleanup.manager [-] Deleting neutron.network object s_rally_4aacde0b_lrPr1kwe (b9133aff-7f58-4148-bddf-3d70256764e2)
2019-06-16 09:22:09.108 22703 RALLYDEBUG rally_openstack.cleanup.manager [-] Deleting neutron.network object s_rally_4aacde0b_WYhSnra9 (ba5af751-5e58-4a06-9909-9fecaed78d52)
2019-06-16 09:22:09.109 22703 RALLYDEBUG rally_openstack.cleanup.manager [-] Deleting neutron.network object s_rally_4aacde0b_pG9qHPbj (ba5335eb-f060-495e-b7ad-6490bb85587a)
2019-06-16 09:22:09.160 22703 RALLYDEBUG rally_openstack.cleanup.manager [-] Deleting neutron.network object s_rally_4aacde0b_WayH6c1e (bb90b666-82df-418b-9405-15588638dfe9)
2019-06-16 09:22:09.301 22703 RALLYDEBUG rally_openstack.cleanup.manager [-] Deleting neutron.network object s_rally_4aacde0b_qzzDcdEn (bedbaf42-d666-4c5a-85bf-a304bb41bffd)
2019-06-16 09:22:09.403 22703 RALLYDEBUG rally_openstack.cleanup.manager [-] Deleting neutron.network object s_rally_4aacde0b_5YnQcPsz (c468845a-dd69-4778-baa5-5096b50d1e59)
2019-06-16 09:22:09.404 22703 RALLYDEBUG rally_openstack.cleanup.manager [-] Deleting neutron.network object s_rally_4aacde0b_JPku5LSi (c662e398-9110-4846-993e-dddb6d9642d1)
2019-06-16 09:22:09.779 22703 RALLYDEBUG rally_openstack.cleanup.manager [-] Deleting neutron.network object s_rally_4aacde0b_JpdpVWWv (c6fb5af3-2e56-433e-bf16-c1a0bf0348a7)
2019-06-16 09:22:09.949 22703 RALLYDEBUG rally_openstack.cleanup.manager [-] Deleting neutron.network object s_rally_4aacde0b_IouIm0rl (c88a80b4-8c17-48bc-94c9-97ad0529dab4)
2019-06-16 09:22:09.949 22703 RALLYDEBUG rally_openstack.cleanup.manager [-] Deleting neutron.network object s_rally_4aacde0b_g7xgYg6T (c7c5107c-2e16-41d8-8201-edd92b9eece5)
2019-06-16 09:22:10.221 22703 RALLYDEBUG rally_openstack.cleanup.manager [-] Deleting neutron.network object s_rally_4aacde0b_IOS9hUWS (c9749036-0868-4e7a-9a1d-32baf02060e8)
2019-06-16 09:22:10.240 22703 RALLYDEBUG rally_openstack.cleanup.manager [-] Deleting neutron.network object s_rally_4aacde0b_dkYoxi7o (ca6ff8cd-a9f2-477c-a3fe-e8beac63587c)
2019-06-16 09:22:10.297 22703 RALLYDEBUG rally_openstack.cleanup.manager [-] Deleting neutron.network object s_rally_4aacde0b_ydxSf5hG (cc2a93ab-d505-486e-a19a-2fd0b4b033a4)
2019-06-16 09:22:10.297 22703 RALLYDEBUG rally_openstack.cleanup.manager [-] Deleting neutron.network object s_rally_4aacde0b_5vRp14eT (cc6d3f41-af5d-4b37-9c24-8c01ad4bce93)
2019-06-16 09:22:10.318 22703 RALLYDEBUG rally_openstack.cleanup.manager [-] Deleting neutron.network object s_rally_4aacde0b_J27Q2CVx (ce7c1425-d0e0-4594-a032-67b45c9cec75)
2019-06-16 09:22:10.637 22703 RALLYDEBUG rally_openstack.cleanup.manager [-] Deleting neutron.network object s_rally_4aacde0b_lnJpOuTs (d05b28b5-138b-43a1-af10-c1ede96453c7)
2019-06-16 09:22:10.804 22703 RALLYDEBUG rally_openstack.cleanup.manager [-] Deleting neutron.network object s_rally_4aacde0b_kNvYTzlp (d108e0f9-a364-4a9d-82dd-00e738758b8f)
2019-06-16 09:22:10.992 22703 RALLYDEBUG rally_openstack.cleanup.manager [-] Deleting neutron.network object s_rally_4aacde0b_miYXg16f (d89b5145-ac87-44e4-bea0-ee9e80a5a754)
2019-06-16 09:22:11.024 22703 RALLYDEBUG rally_openstack.cleanup.manager [-] Deleting neutron.network object s_rally_4aacde0b_ikSzSWPl (de4d4a26-bcda-4a3e-8e4a-e65a14e4518b)
2019-06-16 09:22:12.000 22703 RALLYDEBUG rally_openstack.cleanup.manager [-] Deleting neutron.network object s_rally_4aacde0b_rUhXMWF4 (de644a1b-62d1-46f1-8cb8-623c2a3d5cf5)
2019-06-16 09:22:12.002 22703 RALLYDEBUG rally_openstack.cleanup.manager [-] Deleting neutron.network object s_rally_4aacde0b_LA3qLTdQ (de50bec9-45af-4bf5-9aed-e17418642597)
2019-06-16 09:22:12.105 22703 RALLYDEBUG rally_openstack.cleanup.manager [-] Deleting neutron.network object s_rally_4aacde0b_lyPVkv2H (dfee8668-66b3-43aa-9ab1-db93cd82345a)
2019-06-16 09:22:12.631 22703 RALLYDEBUG rally_openstack.cleanup.manager [-] Deleting neutron.network object s_rally_4aacde0b_tOzrfXSX (e0b03c39-484a-4e1f-8bc4-08199f3cf308)
2019-06-16 09:22:12.763 22703 RALLYDEBUG rally_openstack.cleanup.manager [-] Deleting neutron.network object s_rally_4aacde0b_NyNDOOh3 (e16c354d-1baa-4b16-81b8-575a2706fc26)
2019-06-16 09:22:13.019 22703 RALLYDEBUG rally_openstack.cleanup.manager [-] Deleting neutron.network object s_rally_4aacde0b_iC9Kbdpo (e1d64abf-edc8-4780-93b2-cf07a16f2ee8)
2019-06-16 09:22:13.151 22703 RALLYDEBUG rally_openstack.cleanup.manager [-] Deleting neutron.network object s_rally_4aacde0b_47Dcz5ra (e31d9edd-ad08-43bf-9114-f0a60e347627)
2019-06-16 09:22:13.387 22703 RALLYDEBUG rally_openstack.cleanup.manager [-] Deleting neutron.network object s_rally_4aacde0b_04iIgJGf (e3fc7e9c-0caf-43e6-9e11-9c83162b9884)
2019-06-16 09:22:13.392 22703 RALLYDEBUG rally_openstack.cleanup.manager [-] Deleting neutron.network object s_rally_4aacde0b_Id9UkExw (e4268046-2727-412b-a5e8-f43bc579056b)
2019-06-16 09:22:13.461 22703 RALLYDEBUG rally_openstack.cleanup.manager [-] Deleting neutron.network object s_rally_4aacde0b_Bd4izrkN (e4c00483-bf71-4771-86d8-2f11dbb6a992)
2019-06-16 09:22:13.681 22703 RALLYDEBUG rally_openstack.cleanup.manager [-] Deleting neutron.network object s_rally_4aacde0b_65jZLiNa (e5a48393-498b-44bc-82f0-10c783413001)
2019-06-16 09:22:13.703 22703 RALLYDEBUG rally_openstack.cleanup.manager [-] Deleting neutron.network object s_rally_4aacde0b_QYqaqLuI (e6e8c770-58e6-4571-9174-4fdb3040cda9)
2019-06-16 09:22:13.972 22703 RALLYDEBUG rally_openstack.cleanup.manager [-] Deleting neutron.network object s_rally_4aacde0b_lwVsMABa (e83cf630-0c4a-47e6-ac8d-4fb576045886)
2019-06-16 09:22:14.065 22703 RALLYDEBUG rally_openstack.cleanup.manager [-] Deleting neutron.network object s_rally_4aacde0b_o2pDR7OU (f0b8a08d-a28e-4524-8b12-0d9ab806f1f3)
2019-06-16 09:22:14.291 22703 RALLYDEBUG rally_openstack.cleanup.manager [-] Deleting neutron.network object s_rally_4aacde0b_g2lbQz7j (f13990a2-de5d-4697-a9a1-698179916351)
2019-06-16 09:22:14.950 22703 RALLYDEBUG rally_openstack.cleanup.manager [-] Deleting neutron.network object s_rally_4aacde0b_MK7uQ4lL (f4865a7e-b7c9-4ab3-8a13-557e8869c430)
2019-06-16 09:22:14.959 22703 RALLYDEBUG rally_openstack.cleanup.manager [-] Deleting neutron.network object s_rally_4aacde0b_1QO4KXIc (f5098da0-0cff-4698-a3b9-50c7180c4fe9)
