2019-06-16 07:34:13.705 7 RALLYDEBUG rally.api [-] INFO logs from urllib3 and requests module are hide.
2019-06-16 07:34:13.706 7 RALLYDEBUG rally.api [-] urllib3 insecure warnings are hidden.
2019-06-16 07:34:13.706 7 RALLYDEBUG rally.api [-] ERROR log from boto module is hide.
2019-06-16 07:34:14.878 7 ERROR rally.cli.cliutils [-] Unexpected exception in CLI: DBRecordNotFound: Record for uuid or name is opnfv-rally not found in table envs
2019-06-16 07:34:14.878 7 ERROR rally.cli.cliutils
Traceback (most recent call last):
2019-06-16 07:34:14.878 7 ERROR rally.cli.cliutils
File "/usr/lib/python2.7/site-packages/rally/cli/cliutils.py", line 674, in run
2019-06-16 07:34:14.878 7 ERROR rally.cli.cliutils ret = fn(*fn_args, **fn_kwargs)
2019-06-16 07:34:14.878 7 ERROR rally.cli.cliutils File "", line 2, in destroy
2019-06-16 07:34:14.878 7 ERROR rally.cli.cliutils
File "/usr/lib/python2.7/site-packages/rally/cli/envutils.py", line 69, in default_from_global
2019-06-16 07:34:14.878 7 ERROR rally.cli.cliutils return f(*args, **kwargs)
2019-06-16 07:34:14.878 7 ERROR rally.cli.cliutils File "", line 2, in destroy
2019-06-16 07:34:14.878 7 ERROR rally.cli.cliutils
File "/usr/lib/python2.7/site-packages/rally/plugins/__init__.py", line 51, in ensure_plugins_are_loaded
2019-06-16 07:34:14.878 7 ERROR rally.cli.cliutils return f(*args, **kwargs)
2019-06-16 07:34:14.878 7 ERROR rally.cli.cliutils
File "/usr/lib/python2.7/site-packages/rally/cli/commands/deployment.py", line 140, in destroy
2019-06-16 07:34:14.878 7 ERROR rally.cli.cliutils api.deployment.destroy(deployment=deployment)
2019-06-16 07:34:14.878 7 ERROR rally.cli.cliutils
File "/usr/lib/python2.7/site-packages/rally/api.py", line 115, in destroy
2019-06-16 07:34:14.878 7 ERROR rally.cli.cliutils deploy = objects.Deployment.get(deployment)
2019-06-16 07:34:14.878 7 ERROR rally.cli.cliutils
File "/usr/lib/python2.7/site-packages/rally/common/objects/deploy.py", line 124, in get
2019-06-16 07:34:14.878 7 ERROR rally.cli.cliutils return Deployment(env_mgr.EnvManager.get(deploy))
2019-06-16 07:34:14.878 7 ERROR rally.cli.cliutils
File "/usr/lib/python2.7/site-packages/rally/env/env_mgr.py", line 212, in get
2019-06-16 07:34:14.878 7 ERROR rally.cli.cliutils return cls(db.env_get(uuid_or_name))
2019-06-16 07:34:14.878 7 ERROR rally.cli.cliutils
File "/usr/lib/python2.7/site-packages/rally/common/db/api.py", line 135, in wrapper
2019-06-16 07:34:14.878 7 ERROR rally.cli.cliutils result = f(session, *args, **kwargs)
2019-06-16 07:34:14.878 7 ERROR rally.cli.cliutils
File "/usr/lib/python2.7/site-packages/rally/common/db/api.py", line 521, in env_get
2019-06-16 07:34:14.878 7 ERROR rally.cli.cliutils criteria="uuid or name is %s" % uuid_or_name, table="envs")
2019-06-16 07:34:14.878 7 ERROR rally.cli.cliutils DBRecordNotFound: Record for uuid or name is opnfv-rally not found in table envs
2019-06-16 07:34:14.878 7 ERROR rally.cli.cliutils
2019-06-16 07:34:15.620 9 RALLYDEBUG rally.api [-] INFO logs from urllib3 and requests module are hide.
2019-06-16 07:34:15.620 9 RALLYDEBUG rally.api [-] urllib3 insecure warnings are hidden.
2019-06-16 07:34:15.620 9 RALLYDEBUG rally.api [-] ERROR log from boto module is hide.
2019-06-16 07:34:16.908 9 WARNING rally_openstack.platforms.existing [-] endpoint is deprecated and not used.
2019-06-16 07:34:17.713 11 RALLYDEBUG rally.api [-] INFO logs from urllib3 and requests module are hide.
2019-06-16 07:34:17.713 11 RALLYDEBUG rally.api [-] urllib3 insecure warnings are hidden.
2019-06-16 07:34:17.713 11 RALLYDEBUG rally.api [-] ERROR log from boto module is hide.
2019-06-16 07:34:21.095 14 RALLYDEBUG rally.api [-] INFO logs from urllib3 and requests module are hide.
2019-06-16 07:34:21.095 14 RALLYDEBUG rally.api [-] urllib3 insecure warnings are hidden.
2019-06-16 07:34:21.095 14 RALLYDEBUG rally.api [-] ERROR log from boto module is hide.
2019-06-16 07:34:22.495 16 RALLYDEBUG rally.api [-] INFO logs from urllib3 and requests module are hide.
2019-06-16 07:34:22.495 16 RALLYDEBUG rally.api [-] urllib3 insecure warnings are hidden.
2019-06-16 07:34:22.495 16 RALLYDEBUG rally.api [-] ERROR log from boto module is hide.
2019-06-16 07:34:23.850 16 INFO rally.task.engine [-] Task 9ed9ddeb-6ec4-4188-82ff-7c11cfda6d4a | Starting: Task validation.
2019-06-16 07:34:23.892 16 INFO rally.task.engine [-] Task 9ed9ddeb-6ec4-4188-82ff-7c11cfda6d4a | Starting: Task validation of syntax.
2019-06-16 07:34:23.952 16 INFO rally.task.engine [-] Task 9ed9ddeb-6ec4-4188-82ff-7c11cfda6d4a | Completed: Task validation of syntax.
2019-06-16 07:34:23.952 16 INFO rally.task.engine [-] Task 9ed9ddeb-6ec4-4188-82ff-7c11cfda6d4a | Starting: Task validation of required platforms.
2019-06-16 07:34:23.983 16 INFO rally.task.engine [-] Task 9ed9ddeb-6ec4-4188-82ff-7c11cfda6d4a | Completed: Task validation of required platforms.
2019-06-16 07:34:23.983 16 INFO rally.task.engine [-] Task 9ed9ddeb-6ec4-4188-82ff-7c11cfda6d4a | Starting: Task validation of semantic.
2019-06-16 07:34:23.983 16 INFO rally.task.engine [-] Check health of the environment '42297427-7b2b-4272-bd43-f6cdc0cdee3c'.
2019-06-16 07:34:24.862 16 INFO rally.task.engine [-] Platform existing@openstack (available: True): OK!
2019-06-16 07:34:24.880 16 RALLYDEBUG rally_openstack.contexts.keystone.users [-] Creating 1 tenants using 20 threads
2019-06-16 07:34:26.576 16 RALLYDEBUG rally_openstack.contexts.keystone.users [-] Creating 1 users using 20 threads
2019-06-16 07:34:28.937 16 INFO rally.task.context [-] Task 9ed9ddeb-6ec4-4188-82ff-7c11cfda6d4a | Context users@openstack setup() finished in 4.06 sec
2019-06-16 07:34:28.983 16 INFO rally.task.context [-] Task 9ed9ddeb-6ec4-4188-82ff-7c11cfda6d4a | Context users@openstack cleanup() started
2019-06-16 07:34:33.508 16 INFO rally.task.context [-] Task 9ed9ddeb-6ec4-4188-82ff-7c11cfda6d4a | Context users@openstack cleanup() finished in 4.52 sec
2019-06-16 07:34:33.508 16 INFO rally.task.engine [-] Task 9ed9ddeb-6ec4-4188-82ff-7c11cfda6d4a | Completed: Task validation of semantic.
2019-06-16 07:34:33.509 16 INFO rally.task.engine [-] Task 9ed9ddeb-6ec4-4188-82ff-7c11cfda6d4a | Completed: Task validation.
2019-06-16 07:34:33.509 16 INFO rally.api [-] Task 9ed9ddeb-6ec4-4188-82ff-7c11cfda6d4a input file is valid.
2019-06-16 07:34:33.509 16 INFO rally.api [-] Run Task 9ed9ddeb-6ec4-4188-82ff-7c11cfda6d4a against Deployment 42297427-7b2b-4272-bd43-f6cdc0cdee3c
2019-06-16 07:34:33.509 16 INFO rally.task.engine [-] Task 9ed9ddeb-6ec4-4188-82ff-7c11cfda6d4a | Starting: Running task.
2019-06-16 07:34:33.642 16 INFO rally.task.engine [-] Running workload: position = 0 config = { "version": 2, "title": "A cropped version of a bigger task.", "description": "Auto-generated task from a single workload (uuid=d2a025f7-faaa-4d43-b4b4-1a6ae2910f5b)", "subtasks": [ { "title": "Authenticate.keystone", "description": "Check Keystone Client.", "scenario": { "Authenticate.keystone": {} }, "contexts": { "users": { "tenants": 3, "users_per_tenant": 2 } }, "runner": { "constant": { "concurrency": 4, "times": 10 } }, "hooks": [], "sla": { "failure_rate": { "max": 0 } } } ] }
2019-06-16 07:34:33.661 16 RALLYDEBUG rally_openstack.contexts.keystone.users [-] Creating 3 tenants using 20 threads
2019-06-16 07:34:35.642 16 RALLYDEBUG rally_openstack.contexts.keystone.users [-] Creating 6 users using 20 threads
2019-06-16 07:34:38.255 16 INFO rally.task.context [-] Task 9ed9ddeb-6ec4-4188-82ff-7c11cfda6d4a | Context users@openstack setup() finished in 4.59 sec
2019-06-16 07:34:38.261 16 RALLYDEBUG rally.task.runner [-] Starting the constant runner (task UUID: 9ed9ddeb-6ec4-4188-82ff-7c11cfda6d4a). timeout: 0 concurrency: 4 concurrency_per_worker: 1 times: 10 concurrency_overhead: 0 processes_to_start: 4 max_cpu_used: 16
2019-06-16 07:34:38.275 140 RALLYDEBUG rally.task.runner [-] Starting a worker. concurrency: 1 args: {} times: 10 method_name: run timeout: 0 duration: None cls:
2019-06-16 07:34:38.277 141 RALLYDEBUG rally.task.runner [-] Starting a worker. concurrency: 1 args: {} times: 10 method_name: run timeout: 0 duration: None cls:
2019-06-16 07:34:38.279 142 RALLYDEBUG rally.task.runner [-] Starting a worker. concurrency: 1 args: {} times: 10 method_name: run timeout: 0 duration: None cls:
2019-06-16 07:34:38.281 140 INFO rally.task.runner [-] Task 9ed9ddeb-6ec4-4188-82ff-7c11cfda6d4a | ITER: 1 START
2019-06-16 07:34:38.283 141 INFO rally.task.runner [-] Task 9ed9ddeb-6ec4-4188-82ff-7c11cfda6d4a | ITER: 2 START
2019-06-16 07:34:38.282 143 RALLYDEBUG rally.task.runner [-] Starting a worker. concurrency: 1 args: {} times: 10 method_name: run timeout: 0 duration: None cls:
2019-06-16 07:34:38.285 142 INFO rally.task.runner [-] Task 9ed9ddeb-6ec4-4188-82ff-7c11cfda6d4a | ITER: 3 START
2019-06-16 07:34:38.288 143 INFO rally.task.runner [-] Task 9ed9ddeb-6ec4-4188-82ff-7c11cfda6d4a | ITER: 4 START
2019-06-16 07:34:38.884 141 INFO rally.task.runner [-] Task 9ed9ddeb-6ec4-4188-82ff-7c11cfda6d4a | ITER: 2 END: OK
2019-06-16 07:34:38.889 141 INFO rally.task.runner [-] Task 9ed9ddeb-6ec4-4188-82ff-7c11cfda6d4a | ITER: 5 START
2019-06-16 07:34:38.900 140 INFO rally.task.runner [-] Task 9ed9ddeb-6ec4-4188-82ff-7c11cfda6d4a | ITER: 1 END: OK
2019-06-16 07:34:38.903 142 INFO rally.task.runner [-] Task 9ed9ddeb-6ec4-4188-82ff-7c11cfda6d4a | ITER: 3 END: OK
2019-06-16 07:34:38.904 140 INFO rally.task.runner [-] Task 9ed9ddeb-6ec4-4188-82ff-7c11cfda6d4a | ITER: 6 START
2019-06-16 07:34:38.906 142 INFO rally.task.runner [-] Task 9ed9ddeb-6ec4-4188-82ff-7c11cfda6d4a | ITER: 7 START
2019-06-16 07:34:38.910 143 INFO rally.task.runner [-] Task 9ed9ddeb-6ec4-4188-82ff-7c11cfda6d4a | ITER: 4 END: OK
2019-06-16 07:34:38.914 143 INFO rally.task.runner [-] Task 9ed9ddeb-6ec4-4188-82ff-7c11cfda6d4a | ITER: 8 START
2019-06-16 07:34:39.488 141 INFO rally.task.runner [-] Task 9ed9ddeb-6ec4-4188-82ff-7c11cfda6d4a | ITER: 5 END: OK
2019-06-16 07:34:39.492 141 INFO rally.task.runner [-] Task 9ed9ddeb-6ec4-4188-82ff-7c11cfda6d4a | ITER: 9 START
2019-06-16 07:34:39.504 140 INFO rally.task.runner [-] Task 9ed9ddeb-6ec4-4188-82ff-7c11cfda6d4a | ITER: 6 END: OK
2019-06-16 07:34:39.508 140 INFO rally.task.runner [-] Task 9ed9ddeb-6ec4-4188-82ff-7c11cfda6d4a | ITER: 10 START
2019-06-16 07:34:39.569 143 INFO rally.task.runner [-] Task 9ed9ddeb-6ec4-4188-82ff-7c11cfda6d4a | ITER: 8 END: OK
2019-06-16 07:34:39.593 142 INFO rally.task.runner [-] Task 9ed9ddeb-6ec4-4188-82ff-7c11cfda6d4a | ITER: 7 END: OK
2019-06-16 07:34:40.076 141 INFO rally.task.runner [-] Task 9ed9ddeb-6ec4-4188-82ff-7c11cfda6d4a | ITER: 9 END: OK
2019-06-16 07:34:40.111 140 INFO rally.task.runner [-] Task 9ed9ddeb-6ec4-4188-82ff-7c11cfda6d4a | ITER: 10 END: OK
2019-06-16 07:34:40.138 16 INFO rally.task.context [-] Task 9ed9ddeb-6ec4-4188-82ff-7c11cfda6d4a | Context users@openstack cleanup() started
2019-06-16 07:34:46.958 16 INFO rally.task.context [-] Task 9ed9ddeb-6ec4-4188-82ff-7c11cfda6d4a | Context users@openstack cleanup() finished in 6.82 sec
2019-06-16 07:34:47.754 16 INFO rally.task.engine [-] Load duration is: 1.828849
2019-06-16 07:34:47.755 16 INFO rally.task.engine [-] Full runner duration is: 1.877473
2019-06-16 07:34:47.755 16 INFO rally.task.engine [-] Full duration is: 13.300871
2019-06-16 07:34:47.947 16 INFO rally.task.engine [-] Running workload: position = 0 config = { "version": 2, "title": "A cropped version of a bigger task.", "description": "Auto-generated task from a single workload (uuid=60874db8-785e-4d9b-9802-2959f9097d99)", "subtasks": [ { "title": "Authenticate.validate_cinder", "description": "Check Cinder Client to ensure validation of token.", "scenario": { "Authenticate.validate_cinder": { "repetitions": 2 } }, "contexts": { "users": { "tenants": 3, "users_per_tenant": 2 } }, "runner": { "constant": { "concurrency": 4, "times": 10 } }, "hooks": [], "sla": { "failure_rate": { "max": 0 } } } ] }
2019-06-16 07:34:47.969 16 RALLYDEBUG rally_openstack.contexts.keystone.users [-] Creating 3 tenants using 20 threads
2019-06-16 07:34:49.685 16 RALLYDEBUG rally_openstack.contexts.keystone.users [-] Creating 6 users using 20 threads
2019-06-16 07:34:52.354 16 INFO rally.task.context [-] Task 9ed9ddeb-6ec4-4188-82ff-7c11cfda6d4a | Context users@openstack setup() finished in 4.38 sec
2019-06-16 07:34:52.361 16 RALLYDEBUG rally.task.runner [-] Starting the constant runner (task UUID: 9ed9ddeb-6ec4-4188-82ff-7c11cfda6d4a). timeout: 0 concurrency: 4 concurrency_per_worker: 1 times: 10 concurrency_overhead: 0 processes_to_start: 4 max_cpu_used: 16
2019-06-16 07:34:52.374 244 RALLYDEBUG rally.task.runner [-] Starting a worker. concurrency: 1 args: {"repetitions": 2} times: 10 method_name: run timeout: 0 duration: None cls:
2019-06-16 07:34:52.376 245 RALLYDEBUG rally.task.runner [-] Starting a worker. concurrency: 1 args: {"repetitions": 2} times: 10 method_name: run timeout: 0 duration: None cls:
2019-06-16 07:34:52.379 246 RALLYDEBUG rally.task.runner [-] Starting a worker. concurrency: 1 args: {"repetitions": 2} times: 10 method_name: run timeout: 0 duration: None cls:
2019-06-16 07:34:52.380 244 INFO rally.task.runner [-] Task 9ed9ddeb-6ec4-4188-82ff-7c11cfda6d4a | ITER: 1 START
2019-06-16 07:34:52.382 245 INFO rally.task.runner [-] Task 9ed9ddeb-6ec4-4188-82ff-7c11cfda6d4a | ITER: 2 START
2019-06-16 07:34:52.382 247 RALLYDEBUG rally.task.runner [-] Starting a worker. concurrency: 1 args: {"repetitions": 2} times: 10 method_name: run timeout: 0 duration: None cls:
2019-06-16 07:34:52.385 246 INFO rally.task.runner [-] Task 9ed9ddeb-6ec4-4188-82ff-7c11cfda6d4a | ITER: 3 START
2019-06-16 07:34:52.388 247 INFO rally.task.runner [-] Task 9ed9ddeb-6ec4-4188-82ff-7c11cfda6d4a | ITER: 4 START
2019-06-16 07:34:54.216 246 INFO rally.task.runner [-] Task 9ed9ddeb-6ec4-4188-82ff-7c11cfda6d4a | ITER: 3 END: OK
2019-06-16 07:34:54.220 246 INFO rally.task.runner [-] Task 9ed9ddeb-6ec4-4188-82ff-7c11cfda6d4a | ITER: 5 START
2019-06-16 07:34:54.246 247 INFO rally.task.runner [-] Task 9ed9ddeb-6ec4-4188-82ff-7c11cfda6d4a | ITER: 4 END: OK
2019-06-16 07:34:54.249 247 INFO rally.task.runner [-] Task 9ed9ddeb-6ec4-4188-82ff-7c11cfda6d4a | ITER: 6 START
2019-06-16 07:34:54.264 245 INFO rally.task.runner [-] Task 9ed9ddeb-6ec4-4188-82ff-7c11cfda6d4a | ITER: 2 END: OK
2019-06-16 07:34:54.269 245 INFO rally.task.runner [-] Task 9ed9ddeb-6ec4-4188-82ff-7c11cfda6d4a | ITER: 7 START
2019-06-16 07:34:54.270 244 INFO rally.task.runner [-] Task 9ed9ddeb-6ec4-4188-82ff-7c11cfda6d4a | ITER: 1 END: OK
2019-06-16 07:34:54.273 244 INFO rally.task.runner [-] Task 9ed9ddeb-6ec4-4188-82ff-7c11cfda6d4a | ITER: 8 START
2019-06-16 07:34:55.364 245 INFO rally.task.runner [-] Task 9ed9ddeb-6ec4-4188-82ff-7c11cfda6d4a | ITER: 7 END: OK
2019-06-16 07:34:55.369 245 INFO rally.task.runner [-] Task 9ed9ddeb-6ec4-4188-82ff-7c11cfda6d4a | ITER: 9 START
2019-06-16 07:34:56.352 244 INFO rally.task.runner [-] Task 9ed9ddeb-6ec4-4188-82ff-7c11cfda6d4a | ITER: 8 END: OK
2019-06-16 07:34:56.356 244 INFO rally.task.runner [-] Task 9ed9ddeb-6ec4-4188-82ff-7c11cfda6d4a | ITER: 10 START
2019-06-16 07:34:56.820 246 INFO rally.task.runner [-] Task 9ed9ddeb-6ec4-4188-82ff-7c11cfda6d4a | ITER: 5 END: OK
2019-06-16 07:34:57.254 247 INFO rally.task.runner [-] Task 9ed9ddeb-6ec4-4188-82ff-7c11cfda6d4a | ITER: 6 END: OK
2019-06-16 07:34:57.269 245 INFO rally.task.runner [-] Task 9ed9ddeb-6ec4-4188-82ff-7c11cfda6d4a | ITER: 9 END: OK
2019-06-16 07:34:57.374 244 INFO rally.task.runner [-] Task 9ed9ddeb-6ec4-4188-82ff-7c11cfda6d4a | ITER: 10 END: OK
2019-06-16 07:34:57.401 16 INFO rally.task.context [-] Task 9ed9ddeb-6ec4-4188-82ff-7c11cfda6d4a | Context users@openstack cleanup() started
2019-06-16 07:35:05.725 16 INFO rally.task.context [-] Task 9ed9ddeb-6ec4-4188-82ff-7c11cfda6d4a | Context users@openstack cleanup() finished in 8.32 sec
2019-06-16 07:35:06.051 16 INFO rally.task.engine [-] Load duration is: 4.993061
2019-06-16 07:35:06.052 16 INFO rally.task.engine [-] Full runner duration is: 5.040128
2019-06-16 07:35:06.052 16 INFO rally.task.engine [-] Full duration is: 17.75835
2019-06-16 07:35:06.245 16 INFO rally.task.engine [-] Running workload: position = 0 config = { "version": 2, "title": "A cropped version of a bigger task.", "description": "Auto-generated task from a single workload (uuid=52fde2e8-ec47-4324-bfca-b312e0492e7b)", "subtasks": [ { "title": "Authenticate.validate_glance", "description": "Check Glance Client to ensure validation of token.", "scenario": { "Authenticate.validate_glance": { "repetitions": 2 } }, "contexts": { "users": { "tenants": 3, "users_per_tenant": 2 } }, "runner": { "constant": { "concurrency": 4, "times": 10 } }, "hooks": [], "sla": { "failure_rate": { "max": 0 } } } ] }
2019-06-16 07:35:06.268 16 RALLYDEBUG rally_openstack.contexts.keystone.users [-] Creating 3 tenants using 20 threads
2019-06-16 07:35:08.137 16 RALLYDEBUG rally_openstack.contexts.keystone.users [-] Creating 6 users using 20 threads
2019-06-16 07:35:10.878 16 INFO rally.task.context [-] Task 9ed9ddeb-6ec4-4188-82ff-7c11cfda6d4a | Context users@openstack setup() finished in 4.61 sec
2019-06-16 07:35:10.886 16 RALLYDEBUG rally.task.runner [-] Starting the constant runner (task UUID: 9ed9ddeb-6ec4-4188-82ff-7c11cfda6d4a). timeout: 0 concurrency: 4 concurrency_per_worker: 1 times: 10 concurrency_overhead: 0 processes_to_start: 4 max_cpu_used: 16
2019-06-16 07:35:10.897 348 RALLYDEBUG rally.task.runner [-] Starting a worker. concurrency: 1 args: {"repetitions": 2} times: 10 method_name: run timeout: 0 duration: None cls:
2019-06-16 07:35:10.901 349 RALLYDEBUG rally.task.runner [-] Starting a worker. concurrency: 1 args: {"repetitions": 2} times: 10 method_name: run timeout: 0 duration: None cls:
2019-06-16 07:35:10.903 348 INFO rally.task.runner [-] Task 9ed9ddeb-6ec4-4188-82ff-7c11cfda6d4a | ITER: 1 START
2019-06-16 07:35:10.903 350 RALLYDEBUG rally.task.runner [-] Starting a worker. concurrency: 1 args: {"repetitions": 2} times: 10 method_name: run timeout: 0 duration: None cls:
2019-06-16 07:35:10.905 351 RALLYDEBUG rally.task.runner [-] Starting a worker. concurrency: 1 args: {"repetitions": 2} times: 10 method_name: run timeout: 0 duration: None cls:
2019-06-16 07:35:10.907 349 INFO rally.task.runner [-] Task 9ed9ddeb-6ec4-4188-82ff-7c11cfda6d4a | ITER: 2 START
2019-06-16 07:35:10.908 350 INFO rally.task.runner [-] Task 9ed9ddeb-6ec4-4188-82ff-7c11cfda6d4a | ITER: 3 START
2019-06-16 07:35:10.910 351 INFO rally.task.runner [-] Task 9ed9ddeb-6ec4-4188-82ff-7c11cfda6d4a | ITER: 4 START
2019-06-16 07:35:11.724 348 INFO rally.task.runner [-] Task 9ed9ddeb-6ec4-4188-82ff-7c11cfda6d4a | ITER: 1 END: OK
2019-06-16 07:35:11.728 348 INFO rally.task.runner [-] Task 9ed9ddeb-6ec4-4188-82ff-7c11cfda6d4a | ITER: 5 START
2019-06-16 07:35:11.732 350 INFO rally.task.runner [-] Task 9ed9ddeb-6ec4-4188-82ff-7c11cfda6d4a | ITER: 3 END: OK
2019-06-16 07:35:11.734 349 INFO rally.task.runner [-] Task 9ed9ddeb-6ec4-4188-82ff-7c11cfda6d4a | ITER: 2 END: OK
2019-06-16 07:35:11.737 350 INFO rally.task.runner [-] Task 9ed9ddeb-6ec4-4188-82ff-7c11cfda6d4a | ITER: 6 START
2019-06-16 07:35:11.738 349 INFO rally.task.runner [-] Task 9ed9ddeb-6ec4-4188-82ff-7c11cfda6d4a | ITER: 7 START
2019-06-16 07:35:11.818 351 INFO rally.task.runner [-] Task 9ed9ddeb-6ec4-4188-82ff-7c11cfda6d4a | ITER: 4 END: OK
2019-06-16 07:35:11.822 351 INFO rally.task.runner [-] Task 9ed9ddeb-6ec4-4188-82ff-7c11cfda6d4a | ITER: 8 START
2019-06-16 07:35:12.551 348 INFO rally.task.runner [-] Task 9ed9ddeb-6ec4-4188-82ff-7c11cfda6d4a | ITER: 5 END: OK
2019-06-16 07:35:12.556 348 INFO rally.task.runner [-] Task 9ed9ddeb-6ec4-4188-82ff-7c11cfda6d4a | ITER: 9 START
2019-06-16 07:35:12.568 350 INFO rally.task.runner [-] Task 9ed9ddeb-6ec4-4188-82ff-7c11cfda6d4a | ITER: 6 END: OK
2019-06-16 07:35:12.571 350 INFO rally.task.runner [-] Task 9ed9ddeb-6ec4-4188-82ff-7c11cfda6d4a | ITER: 10 START
2019-06-16 07:35:12.605 349 INFO rally.task.runner [-] Task 9ed9ddeb-6ec4-4188-82ff-7c11cfda6d4a | ITER: 7 END: OK
2019-06-16 07:35:12.606 351 INFO rally.task.runner [-] Task 9ed9ddeb-6ec4-4188-82ff-7c11cfda6d4a | ITER: 8 END: OK
2019-06-16 07:35:13.337 350 INFO rally.task.runner [-] Task 9ed9ddeb-6ec4-4188-82ff-7c11cfda6d4a | ITER: 10 END: OK
2019-06-16 07:35:13.414 348 INFO rally.task.runner [-] Task 9ed9ddeb-6ec4-4188-82ff-7c11cfda6d4a | ITER: 9 END: OK
2019-06-16 07:35:13.434 16 INFO rally.task.context [-] Task 9ed9ddeb-6ec4-4188-82ff-7c11cfda6d4a | Context users@openstack cleanup() started
2019-06-16 07:35:20.286 16 INFO rally.task.context [-] Task 9ed9ddeb-6ec4-4188-82ff-7c11cfda6d4a | Context users@openstack cleanup() finished in 6.85 sec
2019-06-16 07:35:20.344 16 INFO rally.task.engine [-] Load duration is: 2.509343
2019-06-16 07:35:20.344 16 INFO rally.task.engine [-] Full runner duration is: 2.548571
2019-06-16 07:35:20.345 16 INFO rally.task.engine [-] Full duration is: 14.01889
2019-06-16 07:35:20.559 16 INFO rally.task.engine [-] Running workload: position = 0 config = { "version": 2, "title": "A cropped version of a bigger task.", "description": "Auto-generated task from a single workload (uuid=012245ba-a6c5-4915-8a5c-1f1dc52b421f)", "subtasks": [ { "title": "Authenticate.validate_heat", "description": "Check Heat Client to ensure validation of token.", "scenario": { "Authenticate.validate_heat": { "repetitions": 2 } }, "contexts": { "users": { "tenants": 3, "users_per_tenant": 2 } }, "runner": { "constant": { "concurrency": 4, "times": 10 } }, "hooks": [], "sla": { "failure_rate": { "max": 0 } } } ] }
2019-06-16 07:35:20.580 16 RALLYDEBUG rally_openstack.contexts.keystone.users [-] Creating 3 tenants using 20 threads
2019-06-16 07:35:22.457 16 RALLYDEBUG rally_openstack.contexts.keystone.users [-] Creating 6 users using 20 threads
2019-06-16 07:35:25.210 16 INFO rally.task.context [-] Task 9ed9ddeb-6ec4-4188-82ff-7c11cfda6d4a | Context users@openstack setup() finished in 4.63 sec
2019-06-16 07:35:25.218 16 RALLYDEBUG rally.task.runner [-] Starting the constant runner (task UUID: 9ed9ddeb-6ec4-4188-82ff-7c11cfda6d4a). timeout: 0 concurrency: 4 concurrency_per_worker: 1 times: 10 concurrency_overhead: 0 processes_to_start: 4 max_cpu_used: 16
2019-06-16 07:35:25.231 452 RALLYDEBUG rally.task.runner [-] Starting a worker. concurrency: 1 args: {"repetitions": 2} times: 10 method_name: run timeout: 0 duration: None cls:
2019-06-16 07:35:25.234 453 RALLYDEBUG rally.task.runner [-] Starting a worker. concurrency: 1 args: {"repetitions": 2} times: 10 method_name: run timeout: 0 duration: None cls:
2019-06-16 07:35:25.236 454 RALLYDEBUG rally.task.runner [-] Starting a worker. concurrency: 1 args: {"repetitions": 2} times: 10 method_name: run timeout: 0 duration: None cls:
2019-06-16 07:35:25.237 452 INFO rally.task.runner [-] Task 9ed9ddeb-6ec4-4188-82ff-7c11cfda6d4a | ITER: 1 START
2019-06-16 07:35:25.240 453 INFO rally.task.runner [-] Task 9ed9ddeb-6ec4-4188-82ff-7c11cfda6d4a | ITER: 2 START
2019-06-16 07:35:25.241 454 INFO rally.task.runner [-] Task 9ed9ddeb-6ec4-4188-82ff-7c11cfda6d4a | ITER: 3 START
2019-06-16 07:35:25.240 455 RALLYDEBUG rally.task.runner [-] Starting a worker. concurrency: 1 args: {"repetitions": 2} times: 10 method_name: run timeout: 0 duration: None cls:
2019-06-16 07:35:25.247 455 INFO rally.task.runner [-] Task 9ed9ddeb-6ec4-4188-82ff-7c11cfda6d4a | ITER: 4 START
2019-06-16 07:35:27.108 453 INFO rally.task.runner [-] Task 9ed9ddeb-6ec4-4188-82ff-7c11cfda6d4a | ITER: 2 END: OK
2019-06-16 07:35:27.112 453 INFO rally.task.runner [-] Task 9ed9ddeb-6ec4-4188-82ff-7c11cfda6d4a | ITER: 5 START
2019-06-16 07:35:27.145 455 INFO rally.task.runner [-] Task 9ed9ddeb-6ec4-4188-82ff-7c11cfda6d4a | ITER: 4 END: OK
2019-06-16 07:35:27.150 455 INFO rally.task.runner [-] Task 9ed9ddeb-6ec4-4188-82ff-7c11cfda6d4a | ITER: 6 START
2019-06-16 07:35:27.161 454 INFO rally.task.runner [-] Task 9ed9ddeb-6ec4-4188-82ff-7c11cfda6d4a | ITER: 3 END: OK
2019-06-16 07:35:27.166 454 INFO rally.task.runner [-] Task 9ed9ddeb-6ec4-4188-82ff-7c11cfda6d4a | ITER: 7 START
2019-06-16 07:35:27.253 452 INFO rally.task.runner [-] Task 9ed9ddeb-6ec4-4188-82ff-7c11cfda6d4a | ITER: 1 END: OK
2019-06-16 07:35:27.257 452 INFO rally.task.runner [-] Task 9ed9ddeb-6ec4-4188-82ff-7c11cfda6d4a | ITER: 8 START
2019-06-16 07:35:28.092 452 INFO rally.task.runner [-] Task 9ed9ddeb-6ec4-4188-82ff-7c11cfda6d4a | ITER: 8 END: OK
2019-06-16 07:35:28.096 452 INFO rally.task.runner [-] Task 9ed9ddeb-6ec4-4188-82ff-7c11cfda6d4a | ITER: 9 START
2019-06-16 07:35:28.378 453 INFO rally.task.runner [-] Task 9ed9ddeb-6ec4-4188-82ff-7c11cfda6d4a | ITER: 5 END: OK
2019-06-16 07:35:28.382 453 INFO rally.task.runner [-] Task 9ed9ddeb-6ec4-4188-82ff-7c11cfda6d4a | ITER: 10 START
2019-06-16 07:35:28.500 454 INFO rally.task.runner [-] Task 9ed9ddeb-6ec4-4188-82ff-7c11cfda6d4a | ITER: 7 END: OK
2019-06-16 07:35:28.609 455 INFO rally.task.runner [-] Task 9ed9ddeb-6ec4-4188-82ff-7c11cfda6d4a | ITER: 6 END: OK
2019-06-16 07:35:28.960 452 INFO rally.task.runner [-] Task 9ed9ddeb-6ec4-4188-82ff-7c11cfda6d4a | ITER: 9 END: OK
2019-06-16 07:35:29.422 453 INFO rally.task.runner [-] Task 9ed9ddeb-6ec4-4188-82ff-7c11cfda6d4a | ITER: 10 END: OK
2019-06-16 07:35:29.447 16 INFO rally.task.context [-] Task 9ed9ddeb-6ec4-4188-82ff-7c11cfda6d4a | Context users@openstack cleanup() started
2019-06-16 07:35:37.324 16 INFO rally.task.context [-] Task 9ed9ddeb-6ec4-4188-82ff-7c11cfda6d4a | Context users@openstack cleanup() finished in 7.88 sec
2019-06-16 07:35:38.664 16 INFO rally.task.engine [-] Load duration is: 4.183191
2019-06-16 07:35:38.665 16 INFO rally.task.engine [-] Full runner duration is: 4.230612
2019-06-16 07:35:38.665 16 INFO rally.task.engine [-] Full duration is: 16.746022
2019-06-16 07:35:38.868 16 INFO rally.task.engine [-] Running workload: position = 0 config = { "version": 2, "title": "A cropped version of a bigger task.", "description": "Auto-generated task from a single workload (uuid=9f03312c-fb21-4ab8-961e-fe55a4580332)", "subtasks": [ { "title": "Authenticate.validate_neutron", "description": "Check Neutron Client to ensure validation of token.", "scenario": { "Authenticate.validate_neutron": { "repetitions": 2 } }, "contexts": { "users": { "tenants": 3, "users_per_tenant": 2 } }, "runner": { "constant": { "concurrency": 4, "times": 10 } }, "hooks": [], "sla": { "failure_rate": { "max": 0 } } } ] }
2019-06-16 07:35:38.891 16 RALLYDEBUG rally_openstack.contexts.keystone.users [-] Creating 3 tenants using 20 threads
2019-06-16 07:35:40.760 16 RALLYDEBUG rally_openstack.contexts.keystone.users [-] Creating 6 users using 20 threads
2019-06-16 07:35:43.391 16 INFO rally.task.context [-] Task 9ed9ddeb-6ec4-4188-82ff-7c11cfda6d4a | Context users@openstack setup() finished in 4.50 sec
2019-06-16 07:35:43.401 16 RALLYDEBUG rally.task.runner [-] Starting the constant runner (task UUID: 9ed9ddeb-6ec4-4188-82ff-7c11cfda6d4a). timeout: 0 concurrency: 4 concurrency_per_worker: 1 times: 10 concurrency_overhead: 0 processes_to_start: 4 max_cpu_used: 16
2019-06-16 07:35:43.413 556 RALLYDEBUG rally.task.runner [-] Starting a worker. concurrency: 1 args: {"repetitions": 2} times: 10 method_name: run timeout: 0 duration: None cls:
2019-06-16 07:35:43.415 557 RALLYDEBUG rally.task.runner [-] Starting a worker. concurrency: 1 args: {"repetitions": 2} times: 10 method_name: run timeout: 0 duration: None cls:
2019-06-16 07:35:43.419 556 INFO rally.task.runner [-] Task 9ed9ddeb-6ec4-4188-82ff-7c11cfda6d4a | ITER: 1 START
2019-06-16 07:35:43.419 558 RALLYDEBUG rally.task.runner [-] Starting a worker. concurrency: 1 args: {"repetitions": 2} times: 10 method_name: run timeout: 0 duration: None cls:
2019-06-16 07:35:43.421 557 INFO rally.task.runner [-] Task 9ed9ddeb-6ec4-4188-82ff-7c11cfda6d4a | ITER: 2 START
2019-06-16 07:35:43.422 559 RALLYDEBUG rally.task.runner [-] Starting a worker. concurrency: 1 args: {"repetitions": 2} times: 10 method_name: run timeout: 0 duration: None cls:
2019-06-16 07:35:43.425 558 INFO rally.task.runner [-] Task 9ed9ddeb-6ec4-4188-82ff-7c11cfda6d4a | ITER: 3 START
2019-06-16 07:35:43.428 559 INFO rally.task.runner [-] Task 9ed9ddeb-6ec4-4188-82ff-7c11cfda6d4a | ITER: 4 START
2019-06-16 07:35:44.815 557 INFO rally.task.runner [-] Task 9ed9ddeb-6ec4-4188-82ff-7c11cfda6d4a | ITER: 2 END: OK
2019-06-16 07:35:44.818 556 INFO rally.task.runner [-] Task 9ed9ddeb-6ec4-4188-82ff-7c11cfda6d4a | ITER: 1 END: OK
2019-06-16 07:35:44.820 557 INFO rally.task.runner [-] Task 9ed9ddeb-6ec4-4188-82ff-7c11cfda6d4a | ITER: 5 START
2019-06-16 07:35:44.822 556 INFO rally.task.runner [-] Task 9ed9ddeb-6ec4-4188-82ff-7c11cfda6d4a | ITER: 6 START
2019-06-16 07:35:44.950 559 INFO rally.task.runner [-] Task 9ed9ddeb-6ec4-4188-82ff-7c11cfda6d4a | ITER: 4 END: OK
2019-06-16 07:35:44.954 558 INFO rally.task.runner [-] Task 9ed9ddeb-6ec4-4188-82ff-7c11cfda6d4a | ITER: 3 END: OK
2019-06-16 07:35:44.954 559 INFO rally.task.runner [-] Task 9ed9ddeb-6ec4-4188-82ff-7c11cfda6d4a | ITER: 7 START
2019-06-16 07:35:44.958 558 INFO rally.task.runner [-] Task 9ed9ddeb-6ec4-4188-82ff-7c11cfda6d4a | ITER: 8 START
2019-06-16 07:35:45.750 556 INFO rally.task.runner [-] Task 9ed9ddeb-6ec4-4188-82ff-7c11cfda6d4a | ITER: 6 END: OK
2019-06-16 07:35:45.755 556 INFO rally.task.runner [-] Task 9ed9ddeb-6ec4-4188-82ff-7c11cfda6d4a | ITER: 9 START
2019-06-16 07:35:45.866 558 INFO rally.task.runner [-] Task 9ed9ddeb-6ec4-4188-82ff-7c11cfda6d4a | ITER: 8 END: OK
2019-06-16 07:35:45.870 558 INFO rally.task.runner [-] Task 9ed9ddeb-6ec4-4188-82ff-7c11cfda6d4a | ITER: 10 START
2019-06-16 07:35:45.970 557 INFO rally.task.runner [-] Task 9ed9ddeb-6ec4-4188-82ff-7c11cfda6d4a | ITER: 5 END: OK
2019-06-16 07:35:46.124 559 INFO rally.task.runner [-] Task 9ed9ddeb-6ec4-4188-82ff-7c11cfda6d4a | ITER: 7 END: OK
2019-06-16 07:35:46.636 556 INFO rally.task.runner [-] Task 9ed9ddeb-6ec4-4188-82ff-7c11cfda6d4a | ITER: 9 END: OK
2019-06-16 07:35:46.767 558 INFO rally.task.runner [-] Task 9ed9ddeb-6ec4-4188-82ff-7c11cfda6d4a | ITER: 10 END: OK
2019-06-16 07:35:46.795 16 INFO rally.task.context [-] Task 9ed9ddeb-6ec4-4188-82ff-7c11cfda6d4a | Context users@openstack cleanup() started
2019-06-16 07:35:53.463 16 INFO rally.task.context [-] Task 9ed9ddeb-6ec4-4188-82ff-7c11cfda6d4a | Context users@openstack cleanup() finished in 6.67 sec
2019-06-16 07:35:54.974 16 INFO rally.task.engine [-] Load duration is: 3.346943
2019-06-16 07:35:54.974 16 INFO rally.task.engine [-] Full runner duration is: 3.395828
2019-06-16 07:35:54.974 16 INFO rally.task.engine [-] Full duration is: 14.573866
2019-06-16 07:35:55.170 16 INFO rally.task.engine [-] Running workload: position = 0 config = { "version": 2, "title": "A cropped version of a bigger task.", "description": "Auto-generated task from a single workload (uuid=8c5823aa-cf6d-4601-b74b-9a1b95a5ca77)", "subtasks": [ { "title": "Authenticate.validate_nova", "description": "Check Nova Client to ensure validation of token.", "scenario": { "Authenticate.validate_nova": { "repetitions": 2 } }, "contexts": { "users": { "tenants": 3, "users_per_tenant": 2 } }, "runner": { "constant": { "concurrency": 4, "times": 10 } }, "hooks": [], "sla": { "failure_rate": { "max": 0 } } } ] }
2019-06-16 07:35:55.191 16 RALLYDEBUG rally_openstack.contexts.keystone.users [-] Creating 3 tenants using 20 threads
2019-06-16 07:35:57.039 16 RALLYDEBUG rally_openstack.contexts.keystone.users [-] Creating 6 users using 20 threads
2019-06-16 07:35:59.734 16 INFO rally.task.context [-] Task 9ed9ddeb-6ec4-4188-82ff-7c11cfda6d4a | Context users@openstack setup() finished in 4.54 sec
2019-06-16 07:35:59.741 16 RALLYDEBUG rally.task.runner [-] Starting the constant runner (task UUID: 9ed9ddeb-6ec4-4188-82ff-7c11cfda6d4a). timeout: 0 concurrency: 4 concurrency_per_worker: 1 times: 10 concurrency_overhead: 0 processes_to_start: 4 max_cpu_used: 16
2019-06-16 07:35:59.753 660 RALLYDEBUG rally.task.runner [-] Starting a worker. concurrency: 1 args: {"repetitions": 2} times: 10 method_name: run timeout: 0 duration: None cls:
2019-06-16 07:35:59.756 661 RALLYDEBUG rally.task.runner [-] Starting a worker. concurrency: 1 args: {"repetitions": 2} times: 10 method_name: run timeout: 0 duration: None cls:
2019-06-16 07:35:59.759 660 INFO rally.task.runner [-] Task 9ed9ddeb-6ec4-4188-82ff-7c11cfda6d4a | ITER: 1 START
2019-06-16 07:35:59.758 662 RALLYDEBUG rally.task.runner [-] Starting a worker. concurrency: 1 args: {"repetitions": 2} times: 10 method_name: run timeout: 0 duration: None cls:
2019-06-16 07:35:59.761 663 RALLYDEBUG rally.task.runner [-] Starting a worker. concurrency: 1 args: {"repetitions": 2} times: 10 method_name: run timeout: 0 duration: None cls:
2019-06-16 07:35:59.762 661 INFO rally.task.runner [-] Task 9ed9ddeb-6ec4-4188-82ff-7c11cfda6d4a | ITER: 2 START
2019-06-16 07:35:59.764 662 INFO rally.task.runner [-] Task 9ed9ddeb-6ec4-4188-82ff-7c11cfda6d4a | ITER: 3 START
2019-06-16 07:35:59.767 663 INFO rally.task.runner [-] Task 9ed9ddeb-6ec4-4188-82ff-7c11cfda6d4a | ITER: 4 START
2019-06-16 07:36:00.248 663 DEBUG novaclient.v2.client [-] REQ: curl -g -i -X GET http://172.30.9.37:8774/v2.1/flavors/detail -H "Accept: application/json" -H "User-Agent: python-novaclient" -H "X-Auth-Token: {SHA1}f8046f325b83fe6d3c4c2390eb934f5ce9018104" _http_log_request /usr/lib/python2.7/site-packages/keystoneauth1/session.py:448
2019-06-16 07:36:00.248 661 DEBUG novaclient.v2.client [-] REQ: curl -g -i -X GET http://172.30.9.37:8774/v2.1/flavors/detail -H "Accept: application/json" -H "User-Agent: python-novaclient" -H "X-Auth-Token: {SHA1}e20a6bc75a9233df8dc663a53efb411c3f391140" _http_log_request /usr/lib/python2.7/site-packages/keystoneauth1/session.py:448
2019-06-16 07:36:00.249 660 DEBUG novaclient.v2.client [-] REQ: curl -g -i -X GET http://172.30.9.37:8774/v2.1/flavors/detail -H "Accept: application/json" -H "User-Agent: python-novaclient" -H "X-Auth-Token: {SHA1}ac2db64239585e964a98af6e29007d71797346d6" _http_log_request /usr/lib/python2.7/site-packages/keystoneauth1/session.py:448
2019-06-16 07:36:00.251 662 DEBUG novaclient.v2.client [-] REQ: curl -g -i -X GET http://172.30.9.37:8774/v2.1/flavors/detail -H "Accept: application/json" -H "User-Agent: python-novaclient" -H "X-Auth-Token: {SHA1}9723d1492d496da76e12f75cd6a27dc0ed42fb11" _http_log_request /usr/lib/python2.7/site-packages/keystoneauth1/session.py:448
2019-06-16 07:36:00.529 663 DEBUG novaclient.v2.client [-] RESP: [200] Content-Encoding: gzip Content-Length: 363 Content-Type: application/json Date: Sun, 16 Jun 2019 07:36:00 GMT OpenStack-API-Version: compute 2.1 Server: Apache Vary: OpenStack-API-Version,X-OpenStack-Nova-API-Version,Accept-Encoding X-OpenStack-Nova-API-Version: 2.1 x-compute-request-id: req-dc4d43b6-e9ea-4280-9ab3-83a2be827404 x-openstack-request-id: req-dc4d43b6-e9ea-4280-9ab3-83a2be827404 _http_log_response /usr/lib/python2.7/site-packages/keystoneauth1/session.py:479
2019-06-16 07:36:00.530 663 DEBUG novaclient.v2.client [-] RESP BODY: {"flavors": [{"name": "rally_full-flavor_alt_6a56f1ff-92ca-42e7-8070-0eb4a0ad65f5", "links": [{"href": "http://172.30.9.37:8774/v2.1/flavors/8724146a-36ee-4415-982e-cdc6aa87a21e", "rel": "self"}, {"href": "http://172.30.9.37:8774/flavors/8724146a-36ee-4415-982e-cdc6aa87a21e", "rel": "bookmark"}], "ram": 1024, "OS-FLV-DISABLED:disabled": false, "vcpus": 1, "swap": "", "os-flavor-access:is_public": true, "rxtx_factor": 1.0, "OS-FLV-EXT-DATA:ephemeral": 0, "disk": 1, "id": "8724146a-36ee-4415-982e-cdc6aa87a21e"}, {"name": "rally_full-flavor_6a56f1ff-92ca-42e7-8070-0eb4a0ad65f5", "links": [{"href": "http://172.30.9.37:8774/v2.1/flavors/f7a28be8-f652-4cd0-944f-2edb9e1c2c71", "rel": "self"}, {"href": "http://172.30.9.37:8774/flavors/f7a28be8-f652-4cd0-944f-2edb9e1c2c71", "rel": "bookmark"}], "ram": 512, "OS-FLV-DISABLED:disabled": false, "vcpus": 1, "swap": "", "os-flavor-access:is_public": true, "rxtx_factor": 1.0, "OS-FLV-EXT-DATA:ephemeral": 0, "disk": 1, "id": "f7a28be8-f652-4cd0-944f-2edb9e1c2c71"}]} _http_log_response /usr/lib/python2.7/site-packages/keystoneauth1/session.py:511
2019-06-16 07:36:00.530 663 DEBUG novaclient.v2.client [-] GET call to compute for http://172.30.9.37:8774/v2.1/flavors/detail used request id req-dc4d43b6-e9ea-4280-9ab3-83a2be827404 request /usr/lib/python2.7/site-packages/keystoneauth1/session.py:844
2019-06-16 07:36:00.532 660 DEBUG novaclient.v2.client [-] RESP: [200] Content-Encoding: gzip Content-Length: 363 Content-Type: application/json Date: Sun, 16 Jun 2019 07:36:00 GMT OpenStack-API-Version: compute 2.1 Server: Apache Vary: OpenStack-API-Version,X-OpenStack-Nova-API-Version,Accept-Encoding X-OpenStack-Nova-API-Version: 2.1 x-compute-request-id: req-31c4bfc0-3465-4624-85f8-5be8f6940ccf x-openstack-request-id: req-31c4bfc0-3465-4624-85f8-5be8f6940ccf _http_log_response /usr/lib/python2.7/site-packages/keystoneauth1/session.py:479
2019-06-16 07:36:00.532 663 DEBUG novaclient.v2.client [-] REQ: curl -g -i -X GET http://172.30.9.37:8774/v2.1/flavors/detail -H "Accept: application/json" -H "User-Agent: python-novaclient" -H "X-Auth-Token: {SHA1}f8046f325b83fe6d3c4c2390eb934f5ce9018104" _http_log_request /usr/lib/python2.7/site-packages/keystoneauth1/session.py:448
2019-06-16 07:36:00.532 660 DEBUG novaclient.v2.client [-] RESP BODY: {"flavors": [{"name": "rally_full-flavor_alt_6a56f1ff-92ca-42e7-8070-0eb4a0ad65f5", "links": [{"href": "http://172.30.9.37:8774/v2.1/flavors/8724146a-36ee-4415-982e-cdc6aa87a21e", "rel": "self"}, {"href": "http://172.30.9.37:8774/flavors/8724146a-36ee-4415-982e-cdc6aa87a21e", "rel": "bookmark"}], "ram": 1024, "OS-FLV-DISABLED:disabled": false, "vcpus": 1, "swap": "", "os-flavor-access:is_public": true, "rxtx_factor": 1.0, "OS-FLV-EXT-DATA:ephemeral": 0, "disk": 1, "id": "8724146a-36ee-4415-982e-cdc6aa87a21e"}, {"name": "rally_full-flavor_6a56f1ff-92ca-42e7-8070-0eb4a0ad65f5", "links": [{"href": "http://172.30.9.37:8774/v2.1/flavors/f7a28be8-f652-4cd0-944f-2edb9e1c2c71", "rel": "self"}, {"href": "http://172.30.9.37:8774/flavors/f7a28be8-f652-4cd0-944f-2edb9e1c2c71", "rel": "bookmark"}], "ram": 512, "OS-FLV-DISABLED:disabled": false, "vcpus": 1, "swap": "", "os-flavor-access:is_public": true, "rxtx_factor": 1.0, "OS-FLV-EXT-DATA:ephemeral": 0, "disk": 1, "id": "f7a28be8-f652-4cd0-944f-2edb9e1c2c71"}]} _http_log_response /usr/lib/python2.7/site-packages/keystoneauth1/session.py:511
2019-06-16 07:36:00.533 660 DEBUG novaclient.v2.client [-] GET call to compute for http://172.30.9.37:8774/v2.1/flavors/detail used request id req-31c4bfc0-3465-4624-85f8-5be8f6940ccf request /usr/lib/python2.7/site-packages/keystoneauth1/session.py:844
2019-06-16 07:36:00.534 660 DEBUG novaclient.v2.client [-] REQ: curl -g -i -X GET http://172.30.9.37:8774/v2.1/flavors/detail -H "Accept: application/json" -H "User-Agent: python-novaclient" -H "X-Auth-Token: {SHA1}ac2db64239585e964a98af6e29007d71797346d6" _http_log_request /usr/lib/python2.7/site-packages/keystoneauth1/session.py:448
2019-06-16 07:36:00.558 660 DEBUG novaclient.v2.client [-] RESP: [200] Content-Encoding: gzip Content-Length: 363 Content-Type: application/json Date: Sun, 16 Jun 2019 07:36:00 GMT OpenStack-API-Version: compute 2.1 Server: Apache Vary: OpenStack-API-Version,X-OpenStack-Nova-API-Version,Accept-Encoding X-OpenStack-Nova-API-Version: 2.1 x-compute-request-id: req-159041dc-f994-4e94-8b17-1991be477a33 x-openstack-request-id: req-159041dc-f994-4e94-8b17-1991be477a33 _http_log_response /usr/lib/python2.7/site-packages/keystoneauth1/session.py:479
2019-06-16 07:36:00.558 663 DEBUG novaclient.v2.client [-] RESP: [200] Content-Encoding: gzip Content-Length: 363 Content-Type: application/json Date: Sun, 16 Jun 2019 07:36:00 GMT OpenStack-API-Version: compute 2.1 Server: Apache Vary: OpenStack-API-Version,X-OpenStack-Nova-API-Version,Accept-Encoding X-OpenStack-Nova-API-Version: 2.1 x-compute-request-id: req-fc6d91df-211e-4214-a430-d0f4e775fb54 x-openstack-request-id: req-fc6d91df-211e-4214-a430-d0f4e775fb54 _http_log_response /usr/lib/python2.7/site-packages/keystoneauth1/session.py:479
2019-06-16 07:36:00.559 660 DEBUG novaclient.v2.client [-] RESP BODY: {"flavors": [{"name": "rally_full-flavor_alt_6a56f1ff-92ca-42e7-8070-0eb4a0ad65f5", "links": [{"href": "http://172.30.9.37:8774/v2.1/flavors/8724146a-36ee-4415-982e-cdc6aa87a21e", "rel": "self"}, {"href": "http://172.30.9.37:8774/flavors/8724146a-36ee-4415-982e-cdc6aa87a21e", "rel": "bookmark"}], "ram": 1024, "OS-FLV-DISABLED:disabled": false, "vcpus": 1, "swap": "", "os-flavor-access:is_public": true, "rxtx_factor": 1.0, "OS-FLV-EXT-DATA:ephemeral": 0, "disk": 1, "id": "8724146a-36ee-4415-982e-cdc6aa87a21e"}, {"name": "rally_full-flavor_6a56f1ff-92ca-42e7-8070-0eb4a0ad65f5", "links": [{"href": "http://172.30.9.37:8774/v2.1/flavors/f7a28be8-f652-4cd0-944f-2edb9e1c2c71", "rel": "self"}, {"href": "http://172.30.9.37:8774/flavors/f7a28be8-f652-4cd0-944f-2edb9e1c2c71", "rel": "bookmark"}], "ram": 512, "OS-FLV-DISABLED:disabled": false, "vcpus": 1, "swap": "", "os-flavor-access:is_public": true, "rxtx_factor": 1.0, "OS-FLV-EXT-DATA:ephemeral": 0, "disk": 1, "id": "f7a28be8-f652-4cd0-944f-2edb9e1c2c71"}]} _http_log_response /usr/lib/python2.7/site-packages/keystoneauth1/session.py:511
2019-06-16 07:36:00.559 663 DEBUG novaclient.v2.client [-] RESP BODY: {"flavors": [{"name": "rally_full-flavor_alt_6a56f1ff-92ca-42e7-8070-0eb4a0ad65f5", "links": [{"href": "http://172.30.9.37:8774/v2.1/flavors/8724146a-36ee-4415-982e-cdc6aa87a21e", "rel": "self"}, {"href": "http://172.30.9.37:8774/flavors/8724146a-36ee-4415-982e-cdc6aa87a21e", "rel": "bookmark"}], "ram": 1024, "OS-FLV-DISABLED:disabled": false, "vcpus": 1, "swap": "", "os-flavor-access:is_public": true, "rxtx_factor": 1.0, "OS-FLV-EXT-DATA:ephemeral": 0, "disk": 1, "id": "8724146a-36ee-4415-982e-cdc6aa87a21e"}, {"name": "rally_full-flavor_6a56f1ff-92ca-42e7-8070-0eb4a0ad65f5", "links": [{"href": "http://172.30.9.37:8774/v2.1/flavors/f7a28be8-f652-4cd0-944f-2edb9e1c2c71", "rel": "self"}, {"href": "http://172.30.9.37:8774/flavors/f7a28be8-f652-4cd0-944f-2edb9e1c2c71", "rel": "bookmark"}], "ram": 512, "OS-FLV-DISABLED:disabled": false, "vcpus": 1, "swap": "", "os-flavor-access:is_public": true, "rxtx_factor": 1.0, "OS-FLV-EXT-DATA:ephemeral": 0, "disk": 1, "id": "f7a28be8-f652-4cd0-944f-2edb9e1c2c71"}]} _http_log_response /usr/lib/python2.7/site-packages/keystoneauth1/session.py:511
2019-06-16 07:36:00.559 660 DEBUG novaclient.v2.client [-] GET call to compute for http://172.30.9.37:8774/v2.1/flavors/detail used request id req-159041dc-f994-4e94-8b17-1991be477a33 request /usr/lib/python2.7/site-packages/keystoneauth1/session.py:844
2019-06-16 07:36:00.559 663 DEBUG novaclient.v2.client [-] GET call to compute for http://172.30.9.37:8774/v2.1/flavors/detail used request id req-fc6d91df-211e-4214-a430-d0f4e775fb54 request /usr/lib/python2.7/site-packages/keystoneauth1/session.py:844
2019-06-16 07:36:00.560 660 INFO rally.task.runner [-] Task 9ed9ddeb-6ec4-4188-82ff-7c11cfda6d4a | ITER: 1 END: OK
2019-06-16 07:36:00.560 663 INFO rally.task.runner [-] Task 9ed9ddeb-6ec4-4188-82ff-7c11cfda6d4a | ITER: 4 END: OK
2019-06-16 07:36:00.563 660 INFO rally.task.runner [-] Task 9ed9ddeb-6ec4-4188-82ff-7c11cfda6d4a | ITER: 5 START
2019-06-16 07:36:00.564 663 INFO rally.task.runner [-] Task 9ed9ddeb-6ec4-4188-82ff-7c11cfda6d4a | ITER: 6 START
2019-06-16 07:36:00.569 662 DEBUG novaclient.v2.client [-] RESP: [200] Content-Encoding: gzip Content-Length: 363 Content-Type: application/json Date: Sun, 16 Jun 2019 07:36:00 GMT OpenStack-API-Version: compute 2.1 Server: Apache Vary: OpenStack-API-Version,X-OpenStack-Nova-API-Version,Accept-Encoding X-OpenStack-Nova-API-Version: 2.1 x-compute-request-id: req-7ad331df-b846-4885-b721-f57cf09a7b26 x-openstack-request-id: req-7ad331df-b846-4885-b721-f57cf09a7b26 _http_log_response /usr/lib/python2.7/site-packages/keystoneauth1/session.py:479
2019-06-16 07:36:00.570 662 DEBUG novaclient.v2.client [-] RESP BODY: {"flavors": [{"name": "rally_full-flavor_alt_6a56f1ff-92ca-42e7-8070-0eb4a0ad65f5", "links": [{"href": "http://172.30.9.37:8774/v2.1/flavors/8724146a-36ee-4415-982e-cdc6aa87a21e", "rel": "self"}, {"href": "http://172.30.9.37:8774/flavors/8724146a-36ee-4415-982e-cdc6aa87a21e", "rel": "bookmark"}], "ram": 1024, "OS-FLV-DISABLED:disabled": false, "vcpus": 1, "swap": "", "os-flavor-access:is_public": true, "rxtx_factor": 1.0, "OS-FLV-EXT-DATA:ephemeral": 0, "disk": 1, "id": "8724146a-36ee-4415-982e-cdc6aa87a21e"}, {"name": "rally_full-flavor_6a56f1ff-92ca-42e7-8070-0eb4a0ad65f5", "links": [{"href": "http://172.30.9.37:8774/v2.1/flavors/f7a28be8-f652-4cd0-944f-2edb9e1c2c71", "rel": "self"}, {"href": "http://172.30.9.37:8774/flavors/f7a28be8-f652-4cd0-944f-2edb9e1c2c71", "rel": "bookmark"}], "ram": 512, "OS-FLV-DISABLED:disabled": false, "vcpus": 1, "swap": "", "os-flavor-access:is_public": true, "rxtx_factor": 1.0, "OS-FLV-EXT-DATA:ephemeral": 0, "disk": 1, "id": "f7a28be8-f652-4cd0-944f-2edb9e1c2c71"}]} _http_log_response /usr/lib/python2.7/site-packages/keystoneauth1/session.py:511
2019-06-16 07:36:00.570 662 DEBUG novaclient.v2.client [-] GET call to compute for http://172.30.9.37:8774/v2.1/flavors/detail used request id req-7ad331df-b846-4885-b721-f57cf09a7b26 request /usr/lib/python2.7/site-packages/keystoneauth1/session.py:844
2019-06-16 07:36:00.572 662 DEBUG novaclient.v2.client [-] REQ: curl -g -i -X GET http://172.30.9.37:8774/v2.1/flavors/detail -H "Accept: application/json" -H "User-Agent: python-novaclient" -H "X-Auth-Token: {SHA1}9723d1492d496da76e12f75cd6a27dc0ed42fb11" _http_log_request /usr/lib/python2.7/site-packages/keystoneauth1/session.py:448
2019-06-16 07:36:00.580 661 DEBUG novaclient.v2.client [-] RESP: [200] Content-Encoding: gzip Content-Length: 363 Content-Type: application/json Date: Sun, 16 Jun 2019 07:36:00 GMT OpenStack-API-Version: compute 2.1 Server: Apache Vary: OpenStack-API-Version,X-OpenStack-Nova-API-Version,Accept-Encoding X-OpenStack-Nova-API-Version: 2.1 x-compute-request-id: req-7c3d79cd-5ba2-4ea2-8233-b6e950a1290d x-openstack-request-id: req-7c3d79cd-5ba2-4ea2-8233-b6e950a1290d _http_log_response /usr/lib/python2.7/site-packages/keystoneauth1/session.py:479
2019-06-16 07:36:00.580 661 DEBUG novaclient.v2.client [-] RESP BODY: {"flavors": [{"name": "rally_full-flavor_alt_6a56f1ff-92ca-42e7-8070-0eb4a0ad65f5", "links": [{"href": "http://172.30.9.37:8774/v2.1/flavors/8724146a-36ee-4415-982e-cdc6aa87a21e", "rel": "self"}, {"href": "http://172.30.9.37:8774/flavors/8724146a-36ee-4415-982e-cdc6aa87a21e", "rel": "bookmark"}], "ram": 1024, "OS-FLV-DISABLED:disabled": false, "vcpus": 1, "swap": "", "os-flavor-access:is_public": true, "rxtx_factor": 1.0, "OS-FLV-EXT-DATA:ephemeral": 0, "disk": 1, "id": "8724146a-36ee-4415-982e-cdc6aa87a21e"}, {"name": "rally_full-flavor_6a56f1ff-92ca-42e7-8070-0eb4a0ad65f5", "links": [{"href": "http://172.30.9.37:8774/v2.1/flavors/f7a28be8-f652-4cd0-944f-2edb9e1c2c71", "rel": "self"}, {"href": "http://172.30.9.37:8774/flavors/f7a28be8-f652-4cd0-944f-2edb9e1c2c71", "rel": "bookmark"}], "ram": 512, "OS-FLV-DISABLED:disabled": false, "vcpus": 1, "swap": "", "os-flavor-access:is_public": true, "rxtx_factor": 1.0, "OS-FLV-EXT-DATA:ephemeral": 0, "disk": 1, "id": "f7a28be8-f652-4cd0-944f-2edb9e1c2c71"}]} _http_log_response /usr/lib/python2.7/site-packages/keystoneauth1/session.py:511
2019-06-16 07:36:00.581 661 DEBUG novaclient.v2.client [-] GET call to compute for http://172.30.9.37:8774/v2.1/flavors/detail used request id req-7c3d79cd-5ba2-4ea2-8233-b6e950a1290d request /usr/lib/python2.7/site-packages/keystoneauth1/session.py:844
2019-06-16 07:36:00.582 661 DEBUG novaclient.v2.client [-] REQ: curl -g -i -X GET http://172.30.9.37:8774/v2.1/flavors/detail -H "Accept: application/json" -H "User-Agent: python-novaclient" -H "X-Auth-Token: {SHA1}e20a6bc75a9233df8dc663a53efb411c3f391140" _http_log_request /usr/lib/python2.7/site-packages/keystoneauth1/session.py:448
2019-06-16 07:36:00.598 662 DEBUG novaclient.v2.client [-] RESP: [200] Content-Encoding: gzip Content-Length: 363 Content-Type: application/json Date: Sun, 16 Jun 2019 07:36:00 GMT OpenStack-API-Version: compute 2.1 Server: Apache Vary: OpenStack-API-Version,X-OpenStack-Nova-API-Version,Accept-Encoding X-OpenStack-Nova-API-Version: 2.1 x-compute-request-id: req-a2609dfa-98c3-4442-b72f-90d11b2431af x-openstack-request-id: req-a2609dfa-98c3-4442-b72f-90d11b2431af _http_log_response /usr/lib/python2.7/site-packages/keystoneauth1/session.py:479
2019-06-16 07:36:00.599 662 DEBUG novaclient.v2.client [-] RESP BODY: {"flavors": [{"name": "rally_full-flavor_alt_6a56f1ff-92ca-42e7-8070-0eb4a0ad65f5", "links": [{"href": "http://172.30.9.37:8774/v2.1/flavors/8724146a-36ee-4415-982e-cdc6aa87a21e", "rel": "self"}, {"href": "http://172.30.9.37:8774/flavors/8724146a-36ee-4415-982e-cdc6aa87a21e", "rel": "bookmark"}], "ram": 1024, "OS-FLV-DISABLED:disabled": false, "vcpus": 1, "swap": "", "os-flavor-access:is_public": true, "rxtx_factor": 1.0, "OS-FLV-EXT-DATA:ephemeral": 0, "disk": 1, "id": "8724146a-36ee-4415-982e-cdc6aa87a21e"}, {"name": "rally_full-flavor_6a56f1ff-92ca-42e7-8070-0eb4a0ad65f5", "links": [{"href": "http://172.30.9.37:8774/v2.1/flavors/f7a28be8-f652-4cd0-944f-2edb9e1c2c71", "rel": "self"}, {"href": "http://172.30.9.37:8774/flavors/f7a28be8-f652-4cd0-944f-2edb9e1c2c71", "rel": "bookmark"}], "ram": 512, "OS-FLV-DISABLED:disabled": false, "vcpus": 1, "swap": "", "os-flavor-access:is_public": true, "rxtx_factor": 1.0, "OS-FLV-EXT-DATA:ephemeral": 0, "disk": 1, "id": "f7a28be8-f652-4cd0-944f-2edb9e1c2c71"}]} _http_log_response /usr/lib/python2.7/site-packages/keystoneauth1/session.py:511
2019-06-16 07:36:00.599 662 DEBUG novaclient.v2.client [-] GET call to compute for http://172.30.9.37:8774/v2.1/flavors/detail used request id req-a2609dfa-98c3-4442-b72f-90d11b2431af request /usr/lib/python2.7/site-packages/keystoneauth1/session.py:844
