2019-06-16 07:44:29.809 1842 DEBUG novaclient.v2.client [-] GET call to compute for http://172.30.9.37:8774/v2.1/os-server-groups used request id req-cde8bb68-7c24-45dd-aa8f-0ed8e7e4de0e request /usr/lib/python2.7/site-packages/keystoneauth1/session.py:844
2019-06-16 07:44:30.223 1842 DEBUG novaclient.v2.client [-] REQ: curl -g -i -X GET http://172.30.9.37:8774/v2.1/os-server-groups -H "Accept: application/json" -H "User-Agent: python-novaclient" -H "X-Auth-Token: {SHA1}2467bffe7f0b49d7f0e2684430fe862fd1c295ee" _http_log_request /usr/lib/python2.7/site-packages/keystoneauth1/session.py:448
2019-06-16 07:44:30.509 1842 DEBUG novaclient.v2.client [-] RESP: [200] Content-Length: 21 Content-Type: application/json Date: Sun, 16 Jun 2019 07:44:30 GMT OpenStack-API-Version: compute 2.1 Server: Apache Vary: OpenStack-API-Version,X-OpenStack-Nova-API-Version X-OpenStack-Nova-API-Version: 2.1 x-compute-request-id: req-7ac6c6d2-d1b4-4d03-a294-d2543b5d2757 x-openstack-request-id: req-7ac6c6d2-d1b4-4d03-a294-d2543b5d2757 _http_log_response /usr/lib/python2.7/site-packages/keystoneauth1/session.py:479
2019-06-16 07:44:30.510 1842 DEBUG novaclient.v2.client [-] RESP BODY: {"server_groups": []} _http_log_response /usr/lib/python2.7/site-packages/keystoneauth1/session.py:511
2019-06-16 07:44:30.510 1842 DEBUG novaclient.v2.client [-] GET call to compute for http://172.30.9.37:8774/v2.1/os-server-groups used request id req-7ac6c6d2-d1b4-4d03-a294-d2543b5d2757 request /usr/lib/python2.7/site-packages/keystoneauth1/session.py:844
2019-06-16 07:44:30.518 1842 RALLYDEBUG rally_openstack.cleanup.manager [-] Cleaning up nova keypairs objects
2019-06-16 07:44:30.935 1842 DEBUG novaclient.v2.client [-] REQ: curl -g -i -X GET http://172.30.9.37:8774/v2.1/os-keypairs -H "Accept: application/json" -H "User-Agent: python-novaclient" -H "X-Auth-Token: {SHA1}edc7a46a7b4275498342cc71c1b53782bd7980d8" _http_log_request /usr/lib/python2.7/site-packages/keystoneauth1/session.py:448
2019-06-16 07:44:31.140 1842 DEBUG novaclient.v2.client [-] RESP: [200] Content-Length: 16 Content-Type: application/json Date: Sun, 16 Jun 2019 07:44:30 GMT OpenStack-API-Version: compute 2.1 Server: Apache Vary: OpenStack-API-Version,X-OpenStack-Nova-API-Version X-OpenStack-Nova-API-Version: 2.1 x-compute-request-id: req-a93e25a1-e41e-4371-8202-4e1b23b13773 x-openstack-request-id: req-a93e25a1-e41e-4371-8202-4e1b23b13773 _http_log_response /usr/lib/python2.7/site-packages/keystoneauth1/session.py:479
2019-06-16 07:44:31.141 1842 DEBUG novaclient.v2.client [-] RESP BODY: {"keypairs": []} _http_log_response /usr/lib/python2.7/site-packages/keystoneauth1/session.py:511
2019-06-16 07:44:31.141 1842 DEBUG novaclient.v2.client [-] GET call to compute for http://172.30.9.37:8774/v2.1/os-keypairs used request id req-a93e25a1-e41e-4371-8202-4e1b23b13773 request /usr/lib/python2.7/site-packages/keystoneauth1/session.py:844
2019-06-16 07:44:31.559 1842 DEBUG novaclient.v2.client [-] REQ: curl -g -i -X GET http://172.30.9.37:8774/v2.1/os-keypairs -H "Accept: application/json" -H "User-Agent: python-novaclient" -H "X-Auth-Token: {SHA1}f476b714f3ff1ae292383c27a794137a58a1f2d3" _http_log_request /usr/lib/python2.7/site-packages/keystoneauth1/session.py:448
2019-06-16 07:44:31.836 1842 DEBUG novaclient.v2.client [-] RESP: [200] Content-Length: 16 Content-Type: application/json Date: Sun, 16 Jun 2019 07:44:31 GMT OpenStack-API-Version: compute 2.1 Server: Apache Vary: OpenStack-API-Version,X-OpenStack-Nova-API-Version X-OpenStack-Nova-API-Version: 2.1 x-compute-request-id: req-a49553ce-51b1-44d0-85c2-c6c927631b62 x-openstack-request-id: req-a49553ce-51b1-44d0-85c2-c6c927631b62 _http_log_response /usr/lib/python2.7/site-packages/keystoneauth1/session.py:479
2019-06-16 07:44:31.837 1842 DEBUG novaclient.v2.client [-] RESP BODY: {"keypairs": []} _http_log_response /usr/lib/python2.7/site-packages/keystoneauth1/session.py:511
2019-06-16 07:44:31.837 1842 DEBUG novaclient.v2.client [-] GET call to compute for http://172.30.9.37:8774/v2.1/os-keypairs used request id req-a49553ce-51b1-44d0-85c2-c6c927631b62 request /usr/lib/python2.7/site-packages/keystoneauth1/session.py:844
2019-06-16 07:44:32.251 1842 DEBUG novaclient.v2.client [-] REQ: curl -g -i -X GET http://172.30.9.37:8774/v2.1/os-keypairs -H "Accept: application/json" -H "User-Agent: python-novaclient" -H "X-Auth-Token: {SHA1}1f8ba0b70b509ac52b2f46ebb0a16b38de4af2cf" _http_log_request /usr/lib/python2.7/site-packages/keystoneauth1/session.py:448
2019-06-16 07:44:32.655 1842 DEBUG novaclient.v2.client [-] RESP: [200] Content-Length: 16 Content-Type: application/json Date: Sun, 16 Jun 2019 07:44:32 GMT OpenStack-API-Version: compute 2.1 Server: Apache Vary: OpenStack-API-Version,X-OpenStack-Nova-API-Version X-OpenStack-Nova-API-Version: 2.1 x-compute-request-id: req-b7e4d51b-5d48-480c-b95c-4596b46aac77 x-openstack-request-id: req-b7e4d51b-5d48-480c-b95c-4596b46aac77 _http_log_response /usr/lib/python2.7/site-packages/keystoneauth1/session.py:479
2019-06-16 07:44:32.656 1842 DEBUG novaclient.v2.client [-] RESP BODY: {"keypairs": []} _http_log_response /usr/lib/python2.7/site-packages/keystoneauth1/session.py:511
2019-06-16 07:44:32.656 1842 DEBUG novaclient.v2.client [-] GET call to compute for http://172.30.9.37:8774/v2.1/os-keypairs used request id req-b7e4d51b-5d48-480c-b95c-4596b46aac77 request /usr/lib/python2.7/site-packages/keystoneauth1/session.py:844
2019-06-16 07:44:33.077 1842 DEBUG novaclient.v2.client [-] REQ: curl -g -i -X GET http://172.30.9.37:8774/v2.1/os-keypairs -H "Accept: application/json" -H "User-Agent: python-novaclient" -H "X-Auth-Token: {SHA1}e93b6c50fc07ea66c596f570044dd9e6336025bf" _http_log_request /usr/lib/python2.7/site-packages/keystoneauth1/session.py:448
2019-06-16 07:44:33.283 1842 DEBUG novaclient.v2.client [-] RESP: [200] Content-Length: 16 Content-Type: application/json Date: Sun, 16 Jun 2019 07:44:32 GMT OpenStack-API-Version: compute 2.1 Server: Apache Vary: OpenStack-API-Version,X-OpenStack-Nova-API-Version X-OpenStack-Nova-API-Version: 2.1 x-compute-request-id: req-509aba6e-83dc-4da1-a1d1-2f77134ee3a0 x-openstack-request-id: req-509aba6e-83dc-4da1-a1d1-2f77134ee3a0 _http_log_response /usr/lib/python2.7/site-packages/keystoneauth1/session.py:479
2019-06-16 07:44:33.284 1842 DEBUG novaclient.v2.client [-] RESP BODY: {"keypairs": []} _http_log_response /usr/lib/python2.7/site-packages/keystoneauth1/session.py:511
2019-06-16 07:44:33.284 1842 DEBUG novaclient.v2.client [-] GET call to compute for http://172.30.9.37:8774/v2.1/os-keypairs used request id req-509aba6e-83dc-4da1-a1d1-2f77134ee3a0 request /usr/lib/python2.7/site-packages/keystoneauth1/session.py:844
2019-06-16 07:44:33.706 1842 DEBUG novaclient.v2.client [-] REQ: curl -g -i -X GET http://172.30.9.37:8774/v2.1/os-keypairs -H "Accept: application/json" -H "User-Agent: python-novaclient" -H "X-Auth-Token: {SHA1}bdd5dc2a56e15c64950d2ad8202075b3cfb8857b" _http_log_request /usr/lib/python2.7/site-packages/keystoneauth1/session.py:448
2019-06-16 07:44:33.903 1842 DEBUG novaclient.v2.client [-] RESP: [200] Content-Length: 16 Content-Type: application/json Date: Sun, 16 Jun 2019 07:44:33 GMT OpenStack-API-Version: compute 2.1 Server: Apache Vary: OpenStack-API-Version,X-OpenStack-Nova-API-Version X-OpenStack-Nova-API-Version: 2.1 x-compute-request-id: req-ca909273-eb80-41f1-b4fe-9f574ee3225b x-openstack-request-id: req-ca909273-eb80-41f1-b4fe-9f574ee3225b _http_log_response /usr/lib/python2.7/site-packages/keystoneauth1/session.py:479
2019-06-16 07:44:33.904 1842 DEBUG novaclient.v2.client [-] RESP BODY: {"keypairs": []} _http_log_response /usr/lib/python2.7/site-packages/keystoneauth1/session.py:511
2019-06-16 07:44:33.904 1842 DEBUG novaclient.v2.client [-] GET call to compute for http://172.30.9.37:8774/v2.1/os-keypairs used request id req-ca909273-eb80-41f1-b4fe-9f574ee3225b request /usr/lib/python2.7/site-packages/keystoneauth1/session.py:844
2019-06-16 07:44:34.312 1842 DEBUG novaclient.v2.client [-] REQ: curl -g -i -X GET http://172.30.9.37:8774/v2.1/os-keypairs -H "Accept: application/json" -H "User-Agent: python-novaclient" -H "X-Auth-Token: {SHA1}474dd5d4dcad12bbb2d5b3a5f97aca9f94c84216" _http_log_request /usr/lib/python2.7/site-packages/keystoneauth1/session.py:448
2019-06-16 07:44:34.519 1842 DEBUG novaclient.v2.client [-] RESP: [200] Content-Length: 16 Content-Type: application/json Date: Sun, 16 Jun 2019 07:44:34 GMT OpenStack-API-Version: compute 2.1 Server: Apache Vary: OpenStack-API-Version,X-OpenStack-Nova-API-Version X-OpenStack-Nova-API-Version: 2.1 x-compute-request-id: req-faa61135-6c33-48a7-9bd6-242206d584ee x-openstack-request-id: req-faa61135-6c33-48a7-9bd6-242206d584ee _http_log_response /usr/lib/python2.7/site-packages/keystoneauth1/session.py:479
2019-06-16 07:44:34.520 1842 DEBUG novaclient.v2.client [-] RESP BODY: {"keypairs": []} _http_log_response /usr/lib/python2.7/site-packages/keystoneauth1/session.py:511
2019-06-16 07:44:34.520 1842 DEBUG novaclient.v2.client [-] GET call to compute for http://172.30.9.37:8774/v2.1/os-keypairs used request id req-faa61135-6c33-48a7-9bd6-242206d584ee request /usr/lib/python2.7/site-packages/keystoneauth1/session.py:844
2019-06-16 07:44:34.526 1842 RALLYDEBUG rally_openstack.cleanup.manager [-] Cleaning up cinder backups objects
2019-06-16 07:44:36.575 1842 RALLYDEBUG rally_openstack.cleanup.manager [-] Cleaning up cinder volume_snapshots objects
2019-06-16 07:44:38.689 1842 RALLYDEBUG rally_openstack.cleanup.manager [-] Cleaning up cinder transfers objects
2019-06-16 07:44:40.624 1842 RALLYDEBUG rally_openstack.cleanup.manager [-] Cleaning up cinder volumes objects
2019-06-16 07:44:42.970 1842 INFO rally.task.context [-] Task 1043b75f-8488-4cde-922b-d302cfa54aa4 | Context cleanup@openstack cleanup() finished in 16.76 sec
2019-06-16 07:44:42.970 1842 INFO rally.task.context [-] Task 1043b75f-8488-4cde-922b-d302cfa54aa4 | Context quotas@openstack cleanup() started
2019-06-16 07:44:43.703 1842 INFO rally.task.context [-] Task 1043b75f-8488-4cde-922b-d302cfa54aa4 | Context quotas@openstack cleanup() finished in 0.73 sec
2019-06-16 07:44:43.703 1842 INFO rally.task.context [-] Task 1043b75f-8488-4cde-922b-d302cfa54aa4 | Context api_versions@openstack cleanup() started
2019-06-16 07:44:43.704 1842 INFO rally.task.context [-] Task 1043b75f-8488-4cde-922b-d302cfa54aa4 | Context api_versions@openstack cleanup() finished in 0.31 msec
2019-06-16 07:44:43.704 1842 INFO rally.task.context [-] Task 1043b75f-8488-4cde-922b-d302cfa54aa4 | Context users@openstack cleanup() started
2019-06-16 07:44:50.405 1842 INFO rally.task.context [-] Task 1043b75f-8488-4cde-922b-d302cfa54aa4 | Context users@openstack cleanup() finished in 6.70 sec
2019-06-16 07:44:50.827 1842 INFO rally.task.engine [-] Load duration is: 84.810268
2019-06-16 07:44:50.828 1842 INFO rally.task.engine [-] Full runner duration is: 85.868192
2019-06-16 07:44:50.828 1842 INFO rally.task.engine [-] Full duration is: 118.211604
2019-06-16 07:44:51.023 1842 INFO rally.task.engine [-] Running workload: position = 0 config = { "version": 2, "title": "A cropped version of a bigger task.", "description": "Auto-generated task from a single workload (uuid=ca54de33-13ac-4ece-b5cf-f1fe60b36e13)", "subtasks": [ { "title": "CinderVolumes.create_and_list_snapshots", "description": "Create and then list a volume-snapshot.", "scenario": { "CinderVolumes.create_and_list_snapshots": { "detailed": true, "force": false } }, "contexts": { "users": { "tenants": 3, "users_per_tenant": 2 }, "quotas": { "cinder": { "gigabytes": -1, "snapshots": -1, "volumes": -1 } }, "api_versions": { "cinder": { "version": 3, "service_type": "volumev3" } }, "volumes": { "size": 1, "volumes_per_tenant": 1 } }, "runner": { "constant": { "concurrency": 4, "times": 10 } }, "hooks": [], "sla": { "failure_rate": { "max": 0 } } } ] }
2019-06-16 07:44:51.048 1842 RALLYDEBUG rally_openstack.contexts.keystone.users [-] Creating 3 tenants using 20 threads
2019-06-16 07:44:52.886 1842 RALLYDEBUG rally_openstack.contexts.keystone.users [-] Creating 6 users using 20 threads
2019-06-16 07:44:55.636 1842 INFO rally.task.context [-] Task 1043b75f-8488-4cde-922b-d302cfa54aa4 | Context users@openstack setup() finished in 4.59 sec
2019-06-16 07:44:56.060 1842 INFO rally.task.context [-] Task 1043b75f-8488-4cde-922b-d302cfa54aa4 | Context api_versions@openstack setup() finished in 0.42 sec
2019-06-16 07:44:57.626 1842 INFO rally.task.context [-] Task 1043b75f-8488-4cde-922b-d302cfa54aa4 | Context quotas@openstack setup() finished in 1.56 sec
2019-06-16 07:45:08.608 1842 INFO rally.task.context [-] Task 1043b75f-8488-4cde-922b-d302cfa54aa4 | Context volumes@openstack setup() finished in 10.98 sec
2019-06-16 07:45:08.608 1842 INFO rally.task.context [-] Task 1043b75f-8488-4cde-922b-d302cfa54aa4 | Context cleanup@openstack setup() finished in 0.01 msec
2019-06-16 07:45:08.618 1842 RALLYDEBUG rally.task.runner [-] Starting the constant runner (task UUID: 1043b75f-8488-4cde-922b-d302cfa54aa4). timeout: 0 concurrency: 4 concurrency_per_worker: 1 times: 10 concurrency_overhead: 0 processes_to_start: 4 max_cpu_used: 16
2019-06-16 07:45:08.630 2210 RALLYDEBUG rally.task.runner [-] Starting a worker. concurrency: 1 args: {"detailed": true, "force": false} times: 10 method_name: run timeout: 0 duration: None cls:
2019-06-16 07:45:08.632 2211 RALLYDEBUG rally.task.runner [-] Starting a worker. concurrency: 1 args: {"detailed": true, "force": false} times: 10 method_name: run timeout: 0 duration: None cls:
2019-06-16 07:45:08.635 2212 RALLYDEBUG rally.task.runner [-] Starting a worker. concurrency: 1 args: {"detailed": true, "force": false} times: 10 method_name: run timeout: 0 duration: None cls:
2019-06-16 07:45:08.637 2213 RALLYDEBUG rally.task.runner [-] Starting a worker. concurrency: 1 args: {"detailed": true, "force": false} times: 10 method_name: run timeout: 0 duration: None cls:
2019-06-16 07:45:08.642 2210 INFO rally.task.runner [-] Task 1043b75f-8488-4cde-922b-d302cfa54aa4 | ITER: 1 START
2019-06-16 07:45:08.643 2211 INFO rally.task.runner [-] Task 1043b75f-8488-4cde-922b-d302cfa54aa4 | ITER: 2 START
2019-06-16 07:45:08.644 2213 INFO rally.task.runner [-] Task 1043b75f-8488-4cde-922b-d302cfa54aa4 | ITER: 4 START
2019-06-16 07:45:08.646 2212 INFO rally.task.runner [-] Task 1043b75f-8488-4cde-922b-d302cfa54aa4 | ITER: 3 START
2019-06-16 07:45:12.022 2210 INFO rally.task.runner [-] Task 1043b75f-8488-4cde-922b-d302cfa54aa4 | ITER: 1 END: OK
2019-06-16 07:45:12.028 2210 INFO rally.task.runner [-] Task 1043b75f-8488-4cde-922b-d302cfa54aa4 | ITER: 5 START
2019-06-16 07:45:12.093 2211 INFO rally.task.runner [-] Task 1043b75f-8488-4cde-922b-d302cfa54aa4 | ITER: 2 END: OK
2019-06-16 07:45:12.098 2211 INFO rally.task.runner [-] Task 1043b75f-8488-4cde-922b-d302cfa54aa4 | ITER: 6 START
2019-06-16 07:45:12.381 2213 INFO rally.task.runner [-] Task 1043b75f-8488-4cde-922b-d302cfa54aa4 | ITER: 4 END: OK
2019-06-16 07:45:12.386 2213 INFO rally.task.runner [-] Task 1043b75f-8488-4cde-922b-d302cfa54aa4 | ITER: 7 START
2019-06-16 07:45:12.411 2212 INFO rally.task.runner [-] Task 1043b75f-8488-4cde-922b-d302cfa54aa4 | ITER: 3 END: OK
2019-06-16 07:45:12.417 2212 INFO rally.task.runner [-] Task 1043b75f-8488-4cde-922b-d302cfa54aa4 | ITER: 8 START
2019-06-16 07:45:15.355 2210 INFO rally.task.runner [-] Task 1043b75f-8488-4cde-922b-d302cfa54aa4 | ITER: 5 END: OK
2019-06-16 07:45:15.360 2210 INFO rally.task.runner [-] Task 1043b75f-8488-4cde-922b-d302cfa54aa4 | ITER: 9 START
2019-06-16 07:45:15.633 2211 INFO rally.task.runner [-] Task 1043b75f-8488-4cde-922b-d302cfa54aa4 | ITER: 6 END: OK
2019-06-16 07:45:15.638 2211 INFO rally.task.runner [-] Task 1043b75f-8488-4cde-922b-d302cfa54aa4 | ITER: 10 START
2019-06-16 07:45:16.026 2212 INFO rally.task.runner [-] Task 1043b75f-8488-4cde-922b-d302cfa54aa4 | ITER: 8 END: OK
2019-06-16 07:45:16.038 2213 INFO rally.task.runner [-] Task 1043b75f-8488-4cde-922b-d302cfa54aa4 | ITER: 7 END: OK
2019-06-16 07:45:18.871 2210 INFO rally.task.runner [-] Task 1043b75f-8488-4cde-922b-d302cfa54aa4 | ITER: 9 END: OK
2019-06-16 07:45:19.140 2211 INFO rally.task.runner [-] Task 1043b75f-8488-4cde-922b-d302cfa54aa4 | ITER: 10 END: OK
2019-06-16 07:45:19.167 1842 INFO rally.task.context [-] Task 1043b75f-8488-4cde-922b-d302cfa54aa4 | Context cleanup@openstack cleanup() started
2019-06-16 07:45:19.170 1842 RALLYDEBUG rally_openstack.cleanup.manager [-] Cleaning up cinder backups objects
2019-06-16 07:45:21.058 1842 RALLYDEBUG rally_openstack.cleanup.manager [-] Cleaning up cinder volume_snapshots objects
2019-06-16 07:45:23.056 1842 RALLYDEBUG rally_openstack.cleanup.manager [-] Deleting cinder.volume_snapshots object s_rally_ca54de33_CXdksNC2 (3dfee229-a95b-483a-b719-2cbcd590032d)
2019-06-16 07:45:23.057 1842 RALLYDEBUG rally_openstack.cleanup.manager [-] Deleting cinder.volume_snapshots object s_rally_ca54de33_UIY0DcDd (c2334054-c2ac-4766-83cf-a4895f2412c4)
2019-06-16 07:45:23.061 1842 RALLYDEBUG rally_openstack.cleanup.manager [-] Deleting cinder.volume_snapshots object s_rally_ca54de33_qLQnw0BF (3555bd86-d29a-4f7b-87ad-c99c8337b26e)
2019-06-16 07:45:23.063 1842 RALLYDEBUG rally_openstack.cleanup.manager [-] Deleting cinder.volume_snapshots object s_rally_ca54de33_195NV5LZ (dd8ff82a-869a-4752-80fb-9f0eb20d11ae)
2019-06-16 07:45:23.066 1842 RALLYDEBUG rally_openstack.cleanup.manager [-] Deleting cinder.volume_snapshots object s_rally_ca54de33_mnCKwbBY (3509b461-a2d7-4ab2-9c71-1496ea9d9774)
2019-06-16 07:45:23.079 1842 RALLYDEBUG rally_openstack.cleanup.manager [-] Deleting cinder.volume_snapshots object s_rally_ca54de33_Rf2EBe7I (97c6d262-6eb9-4f47-bcff-e8b417d9e674)
2019-06-16 07:45:23.085 1842 RALLYDEBUG rally_openstack.cleanup.manager [-] Deleting cinder.volume_snapshots object s_rally_ca54de33_gNXvD8wI (b57ff348-2e9b-4ce1-8f09-c9d369db2790)
2019-06-16 07:45:23.087 1842 RALLYDEBUG rally_openstack.cleanup.manager [-] Deleting cinder.volume_snapshots object s_rally_ca54de33_hiYn9C73 (5ea10cea-2fa6-483d-9b16-bfb245313238)
2019-06-16 07:45:23.094 1842 RALLYDEBUG rally_openstack.cleanup.manager [-] Deleting cinder.volume_snapshots object s_rally_ca54de33_STCPytpd (82402c83-4cca-429b-a221-17640eaa9949)
2019-06-16 07:45:23.106 1842 RALLYDEBUG rally_openstack.cleanup.manager [-] Deleting cinder.volume_snapshots object s_rally_ca54de33_p6nHSryh (93cad236-31ff-499e-b364-07ca45a7f574)
2019-06-16 07:45:28.070 1842 RALLYDEBUG rally_openstack.cleanup.manager [-] Cleaning up cinder transfers objects
2019-06-16 07:45:29.906 1842 RALLYDEBUG rally_openstack.cleanup.manager [-] Cleaning up cinder volumes objects
2019-06-16 07:45:32.036 1842 INFO rally.task.context [-] Task 1043b75f-8488-4cde-922b-d302cfa54aa4 | Context cleanup@openstack cleanup() finished in 12.87 sec
2019-06-16 07:45:32.036 1842 INFO rally.task.context [-] Task 1043b75f-8488-4cde-922b-d302cfa54aa4 | Context volumes@openstack cleanup() started
2019-06-16 07:45:32.037 1842 RALLYDEBUG rally_openstack.cleanup.manager [-] Cleaning up cinder volumes objects
2019-06-16 07:45:34.065 1842 RALLYDEBUG rally_openstack.cleanup.manager [-] Deleting cinder.volumes object c_rally_ca54de33_wokCCCh6 (a42cc8a5-5714-4494-a106-9af778f98995)
2019-06-16 07:45:34.066 1842 RALLYDEBUG rally_openstack.cleanup.manager [-] Deleting cinder.volumes object c_rally_ca54de33_gstGdrXc (89006373-23dc-48c6-beb1-85af8b72b89c)
2019-06-16 07:45:34.073 1842 RALLYDEBUG rally_openstack.cleanup.manager [-] Deleting cinder.volumes object c_rally_ca54de33_giK7WFOG (6e3e287b-1f96-4045-8d68-5baf6769e1a8)
2019-06-16 07:45:37.424 1842 INFO rally.task.context [-] Task 1043b75f-8488-4cde-922b-d302cfa54aa4 | Context volumes@openstack cleanup() finished in 5.39 sec
2019-06-16 07:45:37.425 1842 INFO rally.task.context [-] Task 1043b75f-8488-4cde-922b-d302cfa54aa4 | Context quotas@openstack cleanup() started
2019-06-16 07:45:37.698 1842 INFO rally.task.context [-] Task 1043b75f-8488-4cde-922b-d302cfa54aa4 | Context quotas@openstack cleanup() finished in 0.27 sec
2019-06-16 07:45:37.698 1842 INFO rally.task.context [-] Task 1043b75f-8488-4cde-922b-d302cfa54aa4 | Context api_versions@openstack cleanup() started
2019-06-16 07:45:37.698 1842 INFO rally.task.context [-] Task 1043b75f-8488-4cde-922b-d302cfa54aa4 | Context api_versions@openstack cleanup() finished in 0.26 msec
2019-06-16 07:45:37.699 1842 INFO rally.task.context [-] Task 1043b75f-8488-4cde-922b-d302cfa54aa4 | Context users@openstack cleanup() started
2019-06-16 07:45:44.700 1842 INFO rally.task.context [-] Task 1043b75f-8488-4cde-922b-d302cfa54aa4 | Context users@openstack cleanup() finished in 7.00 sec
2019-06-16 07:45:45.273 1842 INFO rally.task.engine [-] Load duration is: 10.493407
2019-06-16 07:45:45.274 1842 INFO rally.task.engine [-] Full runner duration is: 10.551931
2019-06-16 07:45:45.274 1842 INFO rally.task.engine [-] Full duration is: 53.656129
2019-06-16 07:45:45.486 1842 INFO rally.task.engine [-] Running workload: position = 0 config = { "version": 2, "title": "A cropped version of a bigger task.", "description": "Auto-generated task from a single workload (uuid=aa8cb955-d46c-47ef-bb5b-655c98fb1d97)", "subtasks": [ { "title": "CinderVolumes.create_and_list_volume", "description": "Create a volume and list all volumes.", "scenario": { "CinderVolumes.create_and_list_volume": { "detailed": true, "image": { "name": "rally_full-img_6a56f1ff-92ca-42e7-8070-0eb4a0ad65f5" }, "size": 1 } }, "contexts": { "users": { "tenants": 3, "users_per_tenant": 2 }, "quotas": { "cinder": { "gigabytes": -1, "snapshots": -1, "volumes": -1 } }, "api_versions": { "cinder": { "version": 3, "service_type": "volumev3" } } }, "runner": { "constant": { "concurrency": 4, "times": 10 } }, "hooks": [], "sla": { "failure_rate": { "max": 0 } } } ] }
2019-06-16 07:45:45.509 1842 RALLYDEBUG rally_openstack.contexts.keystone.users [-] Creating 3 tenants using 20 threads
2019-06-16 07:45:47.390 1842 RALLYDEBUG rally_openstack.contexts.keystone.users [-] Creating 6 users using 20 threads
2019-06-16 07:45:50.118 1842 INFO rally.task.context [-] Task 1043b75f-8488-4cde-922b-d302cfa54aa4 | Context users@openstack setup() finished in 4.61 sec
2019-06-16 07:45:50.535 1842 INFO rally.task.context [-] Task 1043b75f-8488-4cde-922b-d302cfa54aa4 | Context api_versions@openstack setup() finished in 0.42 sec
2019-06-16 07:45:52.125 1842 INFO rally.task.context [-] Task 1043b75f-8488-4cde-922b-d302cfa54aa4 | Context quotas@openstack setup() finished in 1.59 sec
2019-06-16 07:45:52.125 1842 INFO rally.task.context [-] Task 1043b75f-8488-4cde-922b-d302cfa54aa4 | Context cleanup@openstack setup() finished in 0.01 msec
2019-06-16 07:45:52.822 1842 RALLYDEBUG rally.task.runner [-] Starting the constant runner (task UUID: 1043b75f-8488-4cde-922b-d302cfa54aa4). timeout: 0 concurrency: 4 concurrency_per_worker: 1 times: 10 concurrency_overhead: 0 processes_to_start: 4 max_cpu_used: 16
2019-06-16 07:45:52.834 2414 RALLYDEBUG rally.task.runner [-] Starting a worker. concurrency: 1 args: {"detailed": true, "image": "8e71ceb5-0d8d-4325-967e-cb6a7ce63321", "size": 1} times: 10 method_name: run timeout: 0 duration: None cls:
2019-06-16 07:45:52.837 2415 RALLYDEBUG rally.task.runner [-] Starting a worker. concurrency: 1 args: {"detailed": true, "image": "8e71ceb5-0d8d-4325-967e-cb6a7ce63321", "size": 1} times: 10 method_name: run timeout: 0 duration: None cls:
2019-06-16 07:45:52.840 2416 RALLYDEBUG rally.task.runner [-] Starting a worker. concurrency: 1 args: {"detailed": true, "image": "8e71ceb5-0d8d-4325-967e-cb6a7ce63321", "size": 1} times: 10 method_name: run timeout: 0 duration: None cls:
2019-06-16 07:45:52.842 2417 RALLYDEBUG rally.task.runner [-] Starting a worker. concurrency: 1 args: {"detailed": true, "image": "8e71ceb5-0d8d-4325-967e-cb6a7ce63321", "size": 1} times: 10 method_name: run timeout: 0 duration: None cls:
2019-06-16 07:45:52.843 2414 INFO rally.task.runner [-] Task 1043b75f-8488-4cde-922b-d302cfa54aa4 | ITER: 1 START
2019-06-16 07:45:52.846 2415 INFO rally.task.runner [-] Task 1043b75f-8488-4cde-922b-d302cfa54aa4 | ITER: 2 START
2019-06-16 07:45:52.848 2416 INFO rally.task.runner [-] Task 1043b75f-8488-4cde-922b-d302cfa54aa4 | ITER: 3 START
2019-06-16 07:45:52.850 2417 INFO rally.task.runner [-] Task 1043b75f-8488-4cde-922b-d302cfa54aa4 | ITER: 4 START
2019-06-16 07:45:56.924 2415 RALLYDEBUG rally.task.utils [-] Waiting for resource s_rally_aa8cb955_0glCgXiO. Status changed: CREATING => DOWNLOADING in 0.52641582489
2019-06-16 07:45:57.158 2416 RALLYDEBUG rally.task.utils [-] Waiting for resource s_rally_aa8cb955_HpKalPTU. Status changed: CREATING => DOWNLOADING in 0.709891080856
2019-06-16 07:45:59.277 2417 RALLYDEBUG rally.task.utils [-] Waiting for resource s_rally_aa8cb955_ThxTDuoZ. Status changed: DOWNLOADING => AVAILABLE in 2.93982386589
2019-06-16 07:45:59.408 2416 RALLYDEBUG rally.task.utils [-] Waiting for resource s_rally_aa8cb955_HpKalPTU. Status changed: DOWNLOADING => AVAILABLE in 2.25000095367
2019-06-16 07:45:59.536 2417 INFO rally.task.runner [-] Task 1043b75f-8488-4cde-922b-d302cfa54aa4 | ITER: 4 END: OK
2019-06-16 07:45:59.540 2417 INFO rally.task.runner [-] Task 1043b75f-8488-4cde-922b-d302cfa54aa4 | ITER: 5 START
2019-06-16 07:45:59.673 2416 INFO rally.task.runner [-] Task 1043b75f-8488-4cde-922b-d302cfa54aa4 | ITER: 3 END: OK
2019-06-16 07:45:59.676 2416 INFO rally.task.runner [-] Task 1043b75f-8488-4cde-922b-d302cfa54aa4 | ITER: 6 START
2019-06-16 07:46:01.157 2414 RALLYDEBUG rally.task.utils [-] Waiting for resource s_rally_aa8cb955_H9P157Q4. Status changed: DOWNLOADING => AVAILABLE in 4.90146803856
2019-06-16 07:46:01.530 2414 INFO rally.task.runner [-] Task 1043b75f-8488-4cde-922b-d302cfa54aa4 | ITER: 1 END: OK
2019-06-16 07:46:01.535 2414 INFO rally.task.runner [-] Task 1043b75f-8488-4cde-922b-d302cfa54aa4 | ITER: 7 START
2019-06-16 07:46:01.650 2415 RALLYDEBUG rally.task.utils [-] Waiting for resource s_rally_aa8cb955_0glCgXiO. Status changed: DOWNLOADING => AVAILABLE in 4.72688817978
2019-06-16 07:46:01.896 2415 INFO rally.task.runner [-] Task 1043b75f-8488-4cde-922b-d302cfa54aa4 | ITER: 2 END: OK
2019-06-16 07:46:01.900 2415 INFO rally.task.runner [-] Task 1043b75f-8488-4cde-922b-d302cfa54aa4 | ITER: 8 START
2019-06-16 07:46:03.452 2417 RALLYDEBUG rally.task.utils [-] Waiting for resource s_rally_aa8cb955_7bDceBij. Status changed: CREATING => DOWNLOADING in 0.506880998611
2019-06-16 07:46:03.610 2416 RALLYDEBUG rally.task.utils [-] Waiting for resource s_rally_aa8cb955_FjIbGAxR. Status changed: CREATING => DOWNLOADING in 0.647009134293
2019-06-16 07:46:05.709 2417 RALLYDEBUG rally.task.utils [-] Waiting for resource s_rally_aa8cb955_7bDceBij. Status changed: DOWNLOADING => AVAILABLE in 2.25672292709
2019-06-16 07:46:05.781 2417 INFO rally.task.runner [-] Task 1043b75f-8488-4cde-922b-d302cfa54aa4 | ITER: 5 END: OK
2019-06-16 07:46:05.785 2417 INFO rally.task.runner [-] Task 1043b75f-8488-4cde-922b-d302cfa54aa4 | ITER: 9 START
2019-06-16 07:46:05.970 2416 RALLYDEBUG rally.task.utils [-] Waiting for resource s_rally_aa8cb955_FjIbGAxR. Status changed: DOWNLOADING => AVAILABLE in 2.35919499397
2019-06-16 07:46:06.059 2416 INFO rally.task.runner [-] Task 1043b75f-8488-4cde-922b-d302cfa54aa4 | ITER: 6 END: OK
2019-06-16 07:46:06.064 2416 INFO rally.task.runner [-] Task 1043b75f-8488-4cde-922b-d302cfa54aa4 | ITER: 10 START
2019-06-16 07:46:07.684 2414 RALLYDEBUG rally.task.utils [-] Waiting for resource s_rally_aa8cb955_xwXqPLoF. Status changed: DOWNLOADING => AVAILABLE in 2.85662102699
2019-06-16 07:46:08.019 2414 INFO rally.task.runner [-] Task 1043b75f-8488-4cde-922b-d302cfa54aa4 | ITER: 7 END: OK
2019-06-16 07:46:08.120 2415 RALLYDEBUG rally.task.utils [-] Waiting for resource s_rally_aa8cb955_oOwrP9Fl. Status changed: DOWNLOADING => AVAILABLE in 2.96079587936
2019-06-16 07:46:08.491 2415 INFO rally.task.runner [-] Task 1043b75f-8488-4cde-922b-d302cfa54aa4 | ITER: 8 END: OK
2019-06-16 07:46:11.969 2416 RALLYDEBUG rally.task.utils [-] Waiting for resource s_rally_aa8cb955_xz2BeCEc. Status changed: DOWNLOADING => AVAILABLE in 2.66936898232
2019-06-16 07:46:12.055 2417 RALLYDEBUG rally.task.utils [-] Waiting for resource s_rally_aa8cb955_UMrSdlsJ. Status changed: DOWNLOADING => AVAILABLE in 3.0515191555
2019-06-16 07:46:12.235 2416 INFO rally.task.runner [-] Task 1043b75f-8488-4cde-922b-d302cfa54aa4 | ITER: 10 END: OK
2019-06-16 07:46:12.309 2417 INFO rally.task.runner [-] Task 1043b75f-8488-4cde-922b-d302cfa54aa4 | ITER: 9 END: OK
2019-06-16 07:46:12.332 1842 INFO rally.task.context [-] Task 1043b75f-8488-4cde-922b-d302cfa54aa4 | Context cleanup@openstack cleanup() started
2019-06-16 07:46:12.335 1842 RALLYDEBUG rally_openstack.cleanup.manager [-] Cleaning up cinder backups objects
2019-06-16 07:46:14.400 1842 RALLYDEBUG rally_openstack.cleanup.manager [-] Cleaning up cinder volume_snapshots objects
2019-06-16 07:46:16.260 1842 RALLYDEBUG rally_openstack.cleanup.manager [-] Cleaning up cinder transfers objects
2019-06-16 07:46:18.201 1842 RALLYDEBUG rally_openstack.cleanup.manager [-] Cleaning up cinder volumes objects
2019-06-16 07:46:20.344 1842 RALLYDEBUG rally_openstack.cleanup.manager [-] Deleting cinder.volumes object s_rally_aa8cb955_oOwrP9Fl (a431a574-c1b5-401f-8d26-a483bbbb5a04)
2019-06-16 07:46:20.347 1842 RALLYDEBUG rally_openstack.cleanup.manager [-] Deleting cinder.volumes object s_rally_aa8cb955_0glCgXiO (783d172b-a11b-45e6-9c54-eb32f8a80168)
2019-06-16 07:46:20.359 1842 RALLYDEBUG rally_openstack.cleanup.manager [-] Deleting cinder.volumes object s_rally_aa8cb955_UMrSdlsJ (c7fac0bd-33f9-4223-b51f-c522849d51cc)
2019-06-16 07:46:20.360 1842 RALLYDEBUG rally_openstack.cleanup.manager [-] Deleting cinder.volumes object s_rally_aa8cb955_H9P157Q4 (5f5a0acd-74ad-43c2-8381-4e7857a10351)
2019-06-16 07:46:20.362 1842 RALLYDEBUG rally_openstack.cleanup.manager [-] Deleting cinder.volumes object s_rally_aa8cb955_FjIbGAxR (7c0db299-80de-4ddd-9c09-ce5e4a22257c)
2019-06-16 07:46:20.363 1842 RALLYDEBUG rally_openstack.cleanup.manager [-] Deleting cinder.volumes object s_rally_aa8cb955_7bDceBij (b6915386-e7a1-48d5-ad10-fa28b67d6491)
2019-06-16 07:46:20.363 1842 RALLYDEBUG rally_openstack.cleanup.manager [-] Deleting cinder.volumes object s_rally_aa8cb955_xz2BeCEc (2c3a993c-fe96-4f7e-9817-2aa728833d38)
2019-06-16 07:46:20.364 1842 RALLYDEBUG rally_openstack.cleanup.manager [-] Deleting cinder.volumes object s_rally_aa8cb955_ThxTDuoZ (d82258d4-06bb-40a7-8526-70764defc031)
2019-06-16 07:46:20.364 1842 RALLYDEBUG rally_openstack.cleanup.manager [-] Deleting cinder.volumes object s_rally_aa8cb955_HpKalPTU (a66a340e-9421-4b1d-b928-80a804dea7a1)
2019-06-16 07:46:20.370 1842 RALLYDEBUG rally_openstack.cleanup.manager [-] Deleting cinder.volumes object s_rally_aa8cb955_xwXqPLoF (aef789a0-02be-4496-bb57-faecdf094992)
2019-06-16 07:46:24.464 1842 INFO rally.task.context [-] Task 1043b75f-8488-4cde-922b-d302cfa54aa4 | Context cleanup@openstack cleanup() finished in 12.13 sec
2019-06-16 07:46:24.464 1842 INFO rally.task.context [-] Task 1043b75f-8488-4cde-922b-d302cfa54aa4 | Context quotas@openstack cleanup() started
2019-06-16 07:46:24.916 1842 INFO rally.task.context [-] Task 1043b75f-8488-4cde-922b-d302cfa54aa4 | Context quotas@openstack cleanup() finished in 0.45 sec
2019-06-16 07:46:24.917 1842 INFO rally.task.context [-] Task 1043b75f-8488-4cde-922b-d302cfa54aa4 | Context api_versions@openstack cleanup() started
2019-06-16 07:46:24.917 1842 INFO rally.task.context [-] Task 1043b75f-8488-4cde-922b-d302cfa54aa4 | Context api_versions@openstack cleanup() finished in 0.31 msec
2019-06-16 07:46:24.917 1842 INFO rally.task.context [-] Task 1043b75f-8488-4cde-922b-d302cfa54aa4 | Context users@openstack cleanup() started
2019-06-16 07:46:32.373 1842 INFO rally.task.context [-] Task 1043b75f-8488-4cde-922b-d302cfa54aa4 | Context users@openstack cleanup() finished in 7.46 sec
2019-06-16 07:46:33.713 1842 INFO rally.task.engine [-] Load duration is: 19.461013
2019-06-16 07:46:33.713 1842 INFO rally.task.engine [-] Full runner duration is: 19.510709
2019-06-16 07:46:33.713 1842 INFO rally.task.engine [-] Full duration is: 46.866177
2019-06-16 07:46:33.850 1842 INFO rally.task.engine [-] Running workload: position = 1 config = { "version": 2, "title": "A cropped version of a bigger task.", "description": "Auto-generated task from a single workload (uuid=653d6244-4842-408f-a43e-91cd18d8e544)", "subtasks": [ { "title": "CinderVolumes.create_and_list_volume", "description": "Create a volume and list all volumes.", "scenario": { "CinderVolumes.create_and_list_volume": { "detailed": true, "size": 1 } }, "contexts": { "users": { "tenants": 3, "users_per_tenant": 2 }, "quotas": { "cinder": { "gigabytes": -1, "snapshots": -1, "volumes": -1 } }, "api_versions": { "cinder": { "version": 3, "service_type": "volumev3" } } }, "runner": { "constant": { "concurrency": 4, "times": 10 } }, "hooks": [], "sla": { "failure_rate": { "max": 0 } } } ] }
2019-06-16 07:46:33.873 1842 RALLYDEBUG rally_openstack.contexts.keystone.users [-] Creating 3 tenants using 20 threads
2019-06-16 07:46:35.683 1842 RALLYDEBUG rally_openstack.contexts.keystone.users [-] Creating 6 users using 20 threads
2019-06-16 07:46:38.431 1842 INFO rally.task.context [-] Task 1043b75f-8488-4cde-922b-d302cfa54aa4 | Context users@openstack setup() finished in 4.56 sec
2019-06-16 07:46:38.856 1842 INFO rally.task.context [-] Task 1043b75f-8488-4cde-922b-d302cfa54aa4 | Context api_versions@openstack setup() finished in 0.42 sec
2019-06-16 07:46:40.393 1842 INFO rally.task.context [-] Task 1043b75f-8488-4cde-922b-d302cfa54aa4 | Context quotas@openstack setup() finished in 1.54 sec
2019-06-16 07:46:40.393 1842 INFO rally.task.context [-] Task 1043b75f-8488-4cde-922b-d302cfa54aa4 | Context cleanup@openstack setup() finished in 0.01 msec
2019-06-16 07:46:40.401 1842 RALLYDEBUG rally.task.runner [-] Starting the constant runner (task UUID: 1043b75f-8488-4cde-922b-d302cfa54aa4). timeout: 0 concurrency: 4 concurrency_per_worker: 1 times: 10 concurrency_overhead: 0 processes_to_start: 4 max_cpu_used: 16
2019-06-16 07:46:40.411 2598 RALLYDEBUG rally.task.runner [-] Starting a worker. concurrency: 1 args: {"detailed": true, "size": 1} times: 10 method_name: run timeout: 0 duration: None cls:
2019-06-16 07:46:40.417 2598 INFO rally.task.runner [-] Task 1043b75f-8488-4cde-922b-d302cfa54aa4 | ITER: 1 START
2019-06-16 07:46:40.417 2599 RALLYDEBUG rally.task.runner [-] Starting a worker. concurrency: 1 args: {"detailed": true, "size": 1} times: 10 method_name: run timeout: 0 duration: None cls:
2019-06-16 07:46:40.421 2600 RALLYDEBUG rally.task.runner [-] Starting a worker. concurrency: 1 args: {"detailed": true, "size": 1} times: 10 method_name: run timeout: 0 duration: None cls:
2019-06-16 07:46:40.422 2603 RALLYDEBUG rally.task.runner [-] Starting a worker. concurrency: 1 args: {"detailed": true, "size": 1} times: 10 method_name: run timeout: 0 duration: None cls:
2019-06-16 07:46:40.425 2599 INFO rally.task.runner [-] Task 1043b75f-8488-4cde-922b-d302cfa54aa4 | ITER: 2 START
2019-06-16 07:46:40.427 2603 INFO rally.task.runner [-] Task 1043b75f-8488-4cde-922b-d302cfa54aa4 | ITER: 4 START
2019-06-16 07:46:40.429 2600 INFO rally.task.runner [-] Task 1043b75f-8488-4cde-922b-d302cfa54aa4 | ITER: 3 START
2019-06-16 07:46:44.206 2603 INFO rally.task.runner [-] Task 1043b75f-8488-4cde-922b-d302cfa54aa4 | ITER: 4 END: OK
2019-06-16 07:46:44.211 2603 INFO rally.task.runner [-] Task 1043b75f-8488-4cde-922b-d302cfa54aa4 | ITER: 5 START
2019-06-16 07:46:44.319 2599 INFO rally.task.runner [-] Task 1043b75f-8488-4cde-922b-d302cfa54aa4 | ITER: 2 END: OK
2019-06-16 07:46:44.325 2599 INFO rally.task.runner [-] Task 1043b75f-8488-4cde-922b-d302cfa54aa4 | ITER: 6 START
2019-06-16 07:46:44.352 2598 INFO rally.task.runner [-] Task 1043b75f-8488-4cde-922b-d302cfa54aa4 | ITER: 1 END: OK
2019-06-16 07:46:44.357 2598 INFO rally.task.runner [-] Task 1043b75f-8488-4cde-922b-d302cfa54aa4 | ITER: 7 START
2019-06-16 07:46:44.417 2600 INFO rally.task.runner [-] Task 1043b75f-8488-4cde-922b-d302cfa54aa4 | ITER: 3 END: OK
2019-06-16 07:46:44.423 2600 INFO rally.task.runner [-] Task 1043b75f-8488-4cde-922b-d302cfa54aa4 | ITER: 8 START
2019-06-16 07:46:47.802 2603 INFO rally.task.runner [-] Task 1043b75f-8488-4cde-922b-d302cfa54aa4 | ITER: 5 END: OK
2019-06-16 07:46:47.805 2599 INFO rally.task.runner [-] Task 1043b75f-8488-4cde-922b-d302cfa54aa4 | ITER: 6 END: OK
2019-06-16 07:46:47.807 2603 INFO rally.task.runner [-] Task 1043b75f-8488-4cde-922b-d302cfa54aa4 | ITER: 9 START
2019-06-16 07:46:47.810 2599 INFO rally.task.runner [-] Task 1043b75f-8488-4cde-922b-d302cfa54aa4 | ITER: 10 START
2019-06-16 07:46:48.124 2600 INFO rally.task.runner [-] Task 1043b75f-8488-4cde-922b-d302cfa54aa4 | ITER: 8 END: OK
2019-06-16 07:46:48.146 2598 INFO rally.task.runner [-] Task 1043b75f-8488-4cde-922b-d302cfa54aa4 | ITER: 7 END: OK
2019-06-16 07:46:51.248 2603 INFO rally.task.runner [-] Task 1043b75f-8488-4cde-922b-d302cfa54aa4 | ITER: 9 END: OK
2019-06-16 07:46:51.385 2599 INFO rally.task.runner [-] Task 1043b75f-8488-4cde-922b-d302cfa54aa4 | ITER: 10 END: OK
2019-06-16 07:46:51.407 1842 INFO rally.task.context [-] Task 1043b75f-8488-4cde-922b-d302cfa54aa4 | Context cleanup@openstack cleanup() started
2019-06-16 07:46:51.409 1842 RALLYDEBUG rally_openstack.cleanup.manager [-] Cleaning up cinder backups objects
2019-06-16 07:46:53.358 1842 RALLYDEBUG rally_openstack.cleanup.manager [-] Cleaning up cinder volume_snapshots objects
2019-06-16 07:46:55.264 1842 RALLYDEBUG rally_openstack.cleanup.manager [-] Cleaning up cinder transfers objects
2019-06-16 07:46:57.423 1842 RALLYDEBUG rally_openstack.cleanup.manager [-] Cleaning up cinder volumes objects
2019-06-16 07:46:59.540 1842 RALLYDEBUG rally_openstack.cleanup.manager [-] Deleting cinder.volumes object s_rally_653d6244_4Qf7iEl4 (21ca76cf-0c87-4574-9d25-b7875b1d375b)
2019-06-16 07:46:59.543 1842 RALLYDEBUG rally_openstack.cleanup.manager [-] Deleting cinder.volumes object s_rally_653d6244_Acg4hPZe (82331fa2-0468-41fe-9918-43dd86cbed8c)
2019-06-16 07:46:59.547 1842 RALLYDEBUG rally_openstack.cleanup.manager [-] Deleting cinder.volumes object s_rally_653d6244_ePvYy1uO (84f6e581-89e7-4c38-9553-daddad7d7433)
2019-06-16 07:46:59.547 1842 RALLYDEBUG rally_openstack.cleanup.manager [-] Deleting cinder.volumes object s_rally_653d6244_3BNpuXBm (93771a5b-929f-4e70-b0a1-33cf4ee650e9)
2019-06-16 07:46:59.548 1842 RALLYDEBUG rally_openstack.cleanup.manager [-] Deleting cinder.volumes object s_rally_653d6244_Vd1OMIk5 (d1b2783b-32f7-4fd4-8f6a-2d3ec1e7ff42)
2019-06-16 07:46:59.550 1842 RALLYDEBUG rally_openstack.cleanup.manager [-] Deleting cinder.volumes object s_rally_653d6244_AaK7C0g9 (84e83c5d-d57b-460f-8c90-6be3e7ea1139)
2019-06-16 07:46:59.553 1842 RALLYDEBUG rally_openstack.cleanup.manager [-] Deleting cinder.volumes object s_rally_653d6244_6t7ov8zn (be8dd20d-750f-497e-9b58-6b6fdbc78ddf)
2019-06-16 07:46:59.554 1842 RALLYDEBUG rally_openstack.cleanup.manager [-] Deleting cinder.volumes object s_rally_653d6244_vsZx85KY (86f8df09-1413-4b7b-a937-b58332643305)
2019-06-16 07:46:59.558 1842 RALLYDEBUG rally_openstack.cleanup.manager [-] Deleting cinder.volumes object s_rally_653d6244_7MHYc1bx (0305752a-b7c8-4202-94d3-89344cc18ec2)
2019-06-16 07:46:59.571 1842 RALLYDEBUG rally_openstack.cleanup.manager [-] Deleting cinder.volumes object s_rally_653d6244_4825jTaR (4b8df4c8-4b7c-4f4f-b0b5-bbcfbf9a325e)
2019-06-16 07:47:03.433 1842 INFO rally.task.context [-] Task 1043b75f-8488-4cde-922b-d302cfa54aa4 | Context cleanup@openstack cleanup() finished in 12.03 sec
2019-06-16 07:47:03.435 1842 INFO rally.task.context [-] Task 1043b75f-8488-4cde-922b-d302cfa54aa4 | Context quotas@openstack cleanup() started
2019-06-16 07:47:03.915 1842 INFO rally.task.context [-] Task 1043b75f-8488-4cde-922b-d302cfa54aa4 | Context quotas@openstack cleanup() finished in 0.48 sec
2019-06-16 07:47:03.916 1842 INFO rally.task.context [-] Task 1043b75f-8488-4cde-922b-d302cfa54aa4 | Context api_versions@openstack cleanup() started
2019-06-16 07:47:03.916 1842 INFO rally.task.context [-] Task 1043b75f-8488-4cde-922b-d302cfa54aa4 | Context api_versions@openstack cleanup() finished in 0.54 msec
2019-06-16 07:47:03.917 1842 INFO rally.task.context [-] Task 1043b75f-8488-4cde-922b-d302cfa54aa4 | Context users@openstack cleanup() started
2019-06-16 07:47:11.111 1842 INFO rally.task.context [-] Task 1043b75f-8488-4cde-922b-d302cfa54aa4 | Context users@openstack cleanup() finished in 7.19 sec
2019-06-16 07:47:12.048 1842 INFO rally.task.engine [-] Load duration is: 10.963633
2019-06-16 07:47:12.049 1842 INFO rally.task.engine [-] Full runner duration is: 11.00617
2019-06-16 07:47:12.049 1842 INFO rally.task.engine [-] Full duration is: 37.241197
2019-06-16 07:47:12.217 1842 INFO rally.task.engine [-] Running workload: position = 0 config = { "version": 2, "title": "A cropped version of a bigger task.", "description": "Auto-generated task from a single workload (uuid=be590607-64b5-45bd-a129-12b97c106a53)", "subtasks": [ { "title": "CinderVolumes.create_and_upload_volume_to_image", "description": "Create and upload a volume to image.", "scenario": { "CinderVolumes.create_and_upload_volume_to_image": { "container_format": "bare", "disk_format": "raw", "do_delete": true, "force": false, "size": 1 } }, "contexts": { "users": { "tenants": 3, "users_per_tenant": 2 }, "quotas": { "cinder": { "gigabytes": -1, "snapshots": -1, "volumes": -1 } }, "api_versions": { "cinder": { "version": 3, "service_type": "volumev3" } } }, "runner": { "constant": { "concurrency": 4, "times": 10 } }, "hooks": [], "sla": { "failure_rate": { "max": 0 } } } ] }
2019-06-16 07:47:12.242 1842 RALLYDEBUG rally_openstack.contexts.keystone.users [-] Creating 3 tenants using 20 threads
2019-06-16 07:47:14.025 1842 RALLYDEBUG rally_openstack.contexts.keystone.users [-] Creating 6 users using 20 threads
2019-06-16 07:47:16.802 1842 INFO rally.task.context [-] Task 1043b75f-8488-4cde-922b-d302cfa54aa4 | Context users@openstack setup() finished in 4.56 sec
2019-06-16 07:47:17.218 1842 INFO rally.task.context [-] Task 1043b75f-8488-4cde-922b-d302cfa54aa4 | Context api_versions@openstack setup() finished in 0.42 sec
2019-06-16 07:47:18.788 1842 INFO rally.task.context [-] Task 1043b75f-8488-4cde-922b-d302cfa54aa4 | Context quotas@openstack setup() finished in 1.57 sec
2019-06-16 07:47:18.788 1842 INFO rally.task.context [-] Task 1043b75f-8488-4cde-922b-d302cfa54aa4 | Context cleanup@openstack setup() finished in 0.01 msec
2019-06-16 07:47:18.796 1842 RALLYDEBUG rally.task.runner [-] Starting the constant runner (task UUID: 1043b75f-8488-4cde-922b-d302cfa54aa4). timeout: 0 concurrency: 4 concurrency_per_worker: 1 times: 10 concurrency_overhead: 0 processes_to_start: 4 max_cpu_used: 16
2019-06-16 07:47:18.809 2782 RALLYDEBUG rally.task.runner [-] Starting a worker. concurrency: 1 args: {"container_format": "bare", "disk_format": "raw", "do_delete": true, "force": false, "size": 1} times: 10 method_name: run timeout: 0 duration: None cls:
2019-06-16 07:47:18.811 2783 RALLYDEBUG rally.task.runner [-] Starting a worker. concurrency: 1 args: {"container_format": "bare", "disk_format": "raw", "do_delete": true, "force": false, "size": 1} times: 10 method_name: run timeout: 0 duration: None cls:
2019-06-16 07:47:18.814 2784 RALLYDEBUG rally.task.runner [-] Starting a worker. concurrency: 1 args: {"container_format": "bare", "disk_format": "raw", "do_delete": true, "force": false, "size": 1} times: 10 method_name: run timeout: 0 duration: None cls:
2019-06-16 07:47:18.816 2785 RALLYDEBUG rally.task.runner [-] Starting a worker. concurrency: 1 args: {"container_format": "bare", "disk_format": "raw", "do_delete": true, "force": false, "size": 1} times: 10 method_name: run timeout: 0 duration: None cls:
2019-06-16 07:47:18.817 2782 INFO rally.task.runner [-] Task 1043b75f-8488-4cde-922b-d302cfa54aa4 | ITER: 1 START
2019-06-16 07:47:18.819 2783 INFO rally.task.runner [-] Task 1043b75f-8488-4cde-922b-d302cfa54aa4 | ITER: 2 START
2019-06-16 07:47:18.822 2784 INFO rally.task.runner [-] Task 1043b75f-8488-4cde-922b-d302cfa54aa4 | ITER: 3 START
2019-06-16 07:47:18.823 2785 INFO rally.task.runner [-] Task 1043b75f-8488-4cde-922b-d302cfa54aa4 | ITER: 4 START
2019-06-16 07:47:23.443 2783 RALLYDEBUG rally.task.utils [-] Waiting for resource s_rally_be590607_fcticUsd. Status changed: AVAILABLE => UPLOADING in 0.0557570457458
2019-06-16 07:47:23.628 2784 RALLYDEBUG rally.task.utils [-] Waiting for resource s_rally_be590607_jjAe2cUA. Status changed: AVAILABLE => UPLOADING in 0.332041978836
2019-06-16 07:47:23.673 2782 RALLYDEBUG rally.task.utils [-] Waiting for resource s_rally_be590607_8MR2Bi1c. Status changed: AVAILABLE => UPLOADING in 0.0651640892029
2019-06-16 07:47:24.091 2785 RALLYDEBUG rally.task.utils [-] Waiting for resource s_rally_be590607_nsYXAs0g. Status changed: AVAILABLE => UPLOADING in 0.304522037506
2019-06-16 07:48:06.629 2782 RALLYDEBUG rally.task.utils [-] Waiting for resource s_rally_be590607_8MR2Bi1c. Status changed: UPLOADING => AVAILABLE in 42.9554209709
2019-06-16 07:48:06.819 2782 RALLYDEBUG rally.task.utils [-] Waiting for resource s_rally_be590607_8MR2Bi1c. Status changed: AVAILABLE => DELETING in 0.0568130016327
2019-06-16 07:48:07.198 2785 RALLYDEBUG rally.task.utils [-] Waiting for resource s_rally_be590607_nsYXAs0g. Status changed: UPLOADING => AVAILABLE in 43.1063430309
2019-06-16 07:48:07.683 2785 RALLYDEBUG rally.task.utils [-] Waiting for resource s_rally_be590607_nsYXAs0g. Status changed: AVAILABLE => DELETING in 0.0577290058136
2019-06-16 07:48:09.947 2782 INFO rally.task.runner [-] Task 1043b75f-8488-4cde-922b-d302cfa54aa4 | ITER: 1 END: OK
2019-06-16 07:48:09.954 2782 INFO rally.task.runner [-] Task 1043b75f-8488-4cde-922b-d302cfa54aa4 | ITER: 5 START
2019-06-16 07:48:10.942 2785 INFO rally.task.runner [-] Task 1043b75f-8488-4cde-922b-d302cfa54aa4 | ITER: 4 END: OK
2019-06-16 07:48:10.946 2785 INFO rally.task.runner [-] Task 1043b75f-8488-4cde-922b-d302cfa54aa4 | ITER: 6 START
2019-06-16 07:48:15.464 2782 RALLYDEBUG rally.task.utils [-] Waiting for resource s_rally_be590607_7belW3wQ. Status changed: AVAILABLE => UPLOADING in 0.359480857849
2019-06-16 07:48:16.090 2785 RALLYDEBUG rally.task.utils [-] Waiting for resource s_rally_be590607_bUgpb9xd. Status changed: AVAILABLE => UPLOADING in 0.260374069214
2019-06-16 07:48:29.580 2784 RALLYDEBUG rally.task.utils [-] Waiting for resource s_rally_be590607_jjAe2cUA. Status changed: UPLOADING => AVAILABLE in 65.9523611069
2019-06-16 07:48:29.787 2784 RALLYDEBUG rally.task.utils [-] Waiting for resource s_rally_be590607_jjAe2cUA. Status changed: AVAILABLE => DELETING in 0.0564150810242
2019-06-16 07:48:31.582 2783 RALLYDEBUG rally.task.utils [-] Waiting for resource s_rally_be590607_fcticUsd. Status changed: UPLOADING => AVAILABLE in 68.1383090019
2019-06-16 07:48:32.065 2783 RALLYDEBUG rally.task.utils [-] Waiting for resource s_rally_be590607_fcticUsd. Status changed: AVAILABLE => DELETING in 0.0534749031067
2019-06-16 07:48:33.927 2784 INFO rally.task.runner [-] Task 1043b75f-8488-4cde-922b-d302cfa54aa4 | ITER: 3 END: OK
2019-06-16 07:48:33.935 2784 INFO rally.task.runner [-] Task 1043b75f-8488-4cde-922b-d302cfa54aa4 | ITER: 7 START
2019-06-16 07:48:35.717 2783 INFO rally.task.runner [-] Task 1043b75f-8488-4cde-922b-d302cfa54aa4 | ITER: 2 END: OK
2019-06-16 07:48:35.726 2783 INFO rally.task.runner [-] Task 1043b75f-8488-4cde-922b-d302cfa54aa4 | ITER: 8 START
2019-06-16 07:48:38.865 2784 RALLYDEBUG rally.task.utils [-] Waiting for resource s_rally_be590607_ObqjBSJX. Status changed: AVAILABLE => UPLOADING in 0.33734703064
2019-06-16 07:48:41.228 2783 RALLYDEBUG rally.task.utils [-] Waiting for resource s_rally_be590607_PDPhuJjb. Status changed: AVAILABLE => UPLOADING in 0.286709070206
2019-06-16 07:48:55.576 2782 RALLYDEBUG rally.task.utils [-] Waiting for resource s_rally_be590607_7belW3wQ. Status changed: UPLOADING => AVAILABLE in 40.1113920212
2019-06-16 07:48:55.950 2782 RALLYDEBUG rally.task.utils [-] Waiting for resource s_rally_be590607_7belW3wQ. Status changed: AVAILABLE => DELETING in 0.0515820980072
2019-06-16 07:48:56.468 2785 RALLYDEBUG rally.task.utils [-] Waiting for resource s_rally_be590607_bUgpb9xd. Status changed: UPLOADING => AVAILABLE in 40.3780388832
2019-06-16 07:48:56.923 2785 RALLYDEBUG rally.task.utils [-] Waiting for resource s_rally_be590607_bUgpb9xd. Status changed: AVAILABLE => DELETING in 0.053013086319
2019-06-16 07:49:02.011 2782 INFO rally.task.runner [-] Task 1043b75f-8488-4cde-922b-d302cfa54aa4 | ITER: 5 END: OK
2019-06-16 07:49:02.018 2782 INFO rally.task.runner [-] Task 1043b75f-8488-4cde-922b-d302cfa54aa4 | ITER: 9 START
2019-06-16 07:49:02.031 2785 INFO rally.task.runner [-] Task 1043b75f-8488-4cde-922b-d302cfa54aa4 | ITER: 6 END: OK
2019-06-16 07:49:02.036 2785 INFO rally.task.runner [-] Task 1043b75f-8488-4cde-922b-d302cfa54aa4 | ITER: 10 START
2019-06-16 07:49:06.995 2785 RALLYDEBUG rally.task.utils [-] Waiting for resource s_rally_be590607_GbeQtVda. Status changed: AVAILABLE => UPLOADING in 0.294239997864
2019-06-16 07:49:07.146 2782 RALLYDEBUG rally.task.utils [-] Waiting for resource s_rally_be590607_ZhRriLEk. Status changed: AVAILABLE => UPLOADING in 0.281924962997
2019-06-16 07:49:21.656 2784 RALLYDEBUG rally.task.utils [-] Waiting for resource s_rally_be590607_ObqjBSJX. Status changed: UPLOADING => AVAILABLE in 42.7907950878
2019-06-16 07:49:22.132 2784 RALLYDEBUG rally.task.utils [-] Waiting for resource s_rally_be590607_ObqjBSJX. Status changed: AVAILABLE => DELETING in 0.0547080039978
2019-06-16 07:49:23.932 2783 RALLYDEBUG rally.task.utils [-] Waiting for resource s_rally_be590607_PDPhuJjb. Status changed: UPLOADING => AVAILABLE in 42.7034070492
