2019-06-16 08:01:41.546 5112 INFO rally.task.runner [-] Task 1043b75f-8488-4cde-922b-d302cfa54aa4 | ITER: 3 START
2019-06-16 08:01:41.550 5113 INFO rally.task.runner [-] Task 1043b75f-8488-4cde-922b-d302cfa54aa4 | ITER: 4 START
2019-06-16 08:01:42.596 5110 INFO rally.task.runner [-] Task 1043b75f-8488-4cde-922b-d302cfa54aa4 | ITER: 1 END: OK
2019-06-16 08:01:42.601 5110 INFO rally.task.runner [-] Task 1043b75f-8488-4cde-922b-d302cfa54aa4 | ITER: 5 START
2019-06-16 08:01:42.610 5112 INFO rally.task.runner [-] Task 1043b75f-8488-4cde-922b-d302cfa54aa4 | ITER: 3 END: OK
2019-06-16 08:01:42.613 5113 INFO rally.task.runner [-] Task 1043b75f-8488-4cde-922b-d302cfa54aa4 | ITER: 4 END: OK
2019-06-16 08:01:42.615 5112 INFO rally.task.runner [-] Task 1043b75f-8488-4cde-922b-d302cfa54aa4 | ITER: 6 START
2019-06-16 08:01:42.622 5113 INFO rally.task.runner [-] Task 1043b75f-8488-4cde-922b-d302cfa54aa4 | ITER: 7 START
2019-06-16 08:01:42.680 5111 INFO rally.task.runner [-] Task 1043b75f-8488-4cde-922b-d302cfa54aa4 | ITER: 2 END: OK
2019-06-16 08:01:42.684 5111 INFO rally.task.runner [-] Task 1043b75f-8488-4cde-922b-d302cfa54aa4 | ITER: 8 START
2019-06-16 08:01:43.777 5112 INFO rally.task.runner [-] Task 1043b75f-8488-4cde-922b-d302cfa54aa4 | ITER: 6 END: OK
2019-06-16 08:01:43.781 5112 INFO rally.task.runner [-] Task 1043b75f-8488-4cde-922b-d302cfa54aa4 | ITER: 9 START
2019-06-16 08:01:43.805 5110 INFO rally.task.runner [-] Task 1043b75f-8488-4cde-922b-d302cfa54aa4 | ITER: 5 END: OK
2019-06-16 08:01:43.809 5110 INFO rally.task.runner [-] Task 1043b75f-8488-4cde-922b-d302cfa54aa4 | ITER: 10 START
2019-06-16 08:01:43.818 5113 INFO rally.task.runner [-] Task 1043b75f-8488-4cde-922b-d302cfa54aa4 | ITER: 7 END: OK
2019-06-16 08:01:43.875 5111 INFO rally.task.runner [-] Task 1043b75f-8488-4cde-922b-d302cfa54aa4 | ITER: 8 END: OK
2019-06-16 08:01:44.713 5110 INFO rally.task.runner [-] Task 1043b75f-8488-4cde-922b-d302cfa54aa4 | ITER: 10 END: OK
2019-06-16 08:01:44.730 5112 INFO rally.task.runner [-] Task 1043b75f-8488-4cde-922b-d302cfa54aa4 | ITER: 9 END: OK
2019-06-16 08:01:44.755 1842 INFO rally.task.context [-] Task 1043b75f-8488-4cde-922b-d302cfa54aa4 | Context admin_cleanup@openstack cleanup() started
2019-06-16 08:01:44.758 1842 RALLYDEBUG rally_openstack.cleanup.manager [-] Cleaning up cinder volume_types objects
2019-06-16 08:01:45.413 1842 RALLYDEBUG rally_openstack.cleanup.manager [-] Cleaning up cinder image_volumes_cache objects
2019-06-16 08:01:46.617 1842 RALLYDEBUG rally_openstack.cleanup.manager [-] Cleaning up cinder quotas objects
2019-06-16 08:01:48.180 1842 RALLYDEBUG rally_openstack.cleanup.manager [-] Cleaning up cinder qos_specs objects
2019-06-16 08:01:48.876 1842 RALLYDEBUG rally_openstack.cleanup.manager [-] Deleting cinder.qos_specs object s_rally_18467ecb_li91FuRO (f7215781-d36b-4041-a340-2417c229e9ae)
2019-06-16 08:01:48.881 1842 RALLYDEBUG rally_openstack.cleanup.manager [-] Deleting cinder.qos_specs object s_rally_18467ecb_6V0iEiwA (ba5205e5-16b7-4003-9c59-117182489487)
2019-06-16 08:01:48.886 1842 RALLYDEBUG rally_openstack.cleanup.manager [-] Deleting cinder.qos_specs object s_rally_18467ecb_JKAnFsz5 (71d268b0-7466-4113-ad49-e74b00101e6c)
2019-06-16 08:01:48.898 1842 RALLYDEBUG rally_openstack.cleanup.manager [-] Deleting cinder.qos_specs object s_rally_18467ecb_radocZPJ (1d9bb242-0363-4903-add7-99af05e0b455)
2019-06-16 08:01:48.902 1842 RALLYDEBUG rally_openstack.cleanup.manager [-] Deleting cinder.qos_specs object s_rally_18467ecb_easSn349 (32e78935-b177-45fd-9dd8-c2d7d5bcf7c3)
2019-06-16 08:01:48.911 1842 RALLYDEBUG rally_openstack.cleanup.manager [-] Deleting cinder.qos_specs object s_rally_18467ecb_fSo0yZ9D (0d65109f-4d7d-46a8-8c02-fa7d4fb68052)
2019-06-16 08:01:48.926 1842 RALLYDEBUG rally_openstack.cleanup.manager [-] Deleting cinder.qos_specs object s_rally_18467ecb_qW8GE6ga (57f7fcb3-a577-431a-a50e-833d811165fe)
2019-06-16 08:01:48.928 1842 RALLYDEBUG rally_openstack.cleanup.manager [-] Deleting cinder.qos_specs object s_rally_18467ecb_xn92Ftpw (a4d64257-92e7-4693-8d3f-6686718e7d04)
2019-06-16 08:01:48.962 1842 RALLYDEBUG rally_openstack.cleanup.manager [-] Deleting cinder.qos_specs object s_rally_18467ecb_eDYF3h1K (47a6b2c6-50c0-4381-bb0d-2662b9ef5b2c)
2019-06-16 08:01:48.964 1842 RALLYDEBUG rally_openstack.cleanup.manager [-] Deleting cinder.qos_specs object s_rally_18467ecb_utomGemk (4cb14074-40f7-4e2f-a778-a309f8970bee)
2019-06-16 08:01:51.260 1842 INFO rally.task.context [-] Task 1043b75f-8488-4cde-922b-d302cfa54aa4 | Context admin_cleanup@openstack cleanup() finished in 6.50 sec
2019-06-16 08:01:51.261 1842 INFO rally.task.context [-] Task 1043b75f-8488-4cde-922b-d302cfa54aa4 | Context api_versions@openstack cleanup() started
2019-06-16 08:01:51.261 1842 INFO rally.task.context [-] Task 1043b75f-8488-4cde-922b-d302cfa54aa4 | Context api_versions@openstack cleanup() finished in 0.34 msec
2019-06-16 08:01:51.261 1842 INFO rally.task.context [-] Task 1043b75f-8488-4cde-922b-d302cfa54aa4 | Context users@openstack cleanup() started
2019-06-16 08:01:58.143 1842 INFO rally.task.context [-] Task 1043b75f-8488-4cde-922b-d302cfa54aa4 | Context users@openstack cleanup() finished in 6.88 sec
2019-06-16 08:01:58.581 1842 INFO rally.task.engine [-] Load duration is: 3.187981
2019-06-16 08:01:58.582 1842 INFO rally.task.engine [-] Full runner duration is: 3.234836
2019-06-16 08:01:58.582 1842 INFO rally.task.engine [-] Full duration is: 21.660942
2019-06-16 08:01:58.767 1842 INFO rally.task.engine [-] Running workload: position = 0 config = { "version": 2, "title": "A cropped version of a bigger task.", "description": "Auto-generated task from a single workload (uuid=bdef57c8-514b-44bb-b71c-37c6bf62b351)", "subtasks": [ { "title": "CinderQos.create_and_list_qos", "description": "Create a qos, then list all qos.", "scenario": { "CinderQos.create_and_list_qos": { "consumer": "both", "write_iops_sec": "10", "read_iops_sec": "1000" } }, "contexts": { "users": { "tenants": 3, "users_per_tenant": 2 }, "api_versions": { "cinder": { "version": 3, "service_type": "volumev3" } } }, "runner": { "constant": { "concurrency": 4, "times": 10 } }, "hooks": [], "sla": { "failure_rate": { "max": 0 } } } ] }
2019-06-16 08:01:58.781 1842 RALLYDEBUG rally_openstack.contexts.keystone.users [-] Creating 3 tenants using 20 threads
2019-06-16 08:02:00.572 1842 RALLYDEBUG rally_openstack.contexts.keystone.users [-] Creating 6 users using 20 threads
2019-06-16 08:02:03.057 1842 INFO rally.task.context [-] Task 1043b75f-8488-4cde-922b-d302cfa54aa4 | Context users@openstack setup() finished in 4.28 sec
2019-06-16 08:02:03.480 1842 INFO rally.task.context [-] Task 1043b75f-8488-4cde-922b-d302cfa54aa4 | Context api_versions@openstack setup() finished in 0.42 sec
2019-06-16 08:02:03.480 1842 INFO rally.task.context [-] Task 1043b75f-8488-4cde-922b-d302cfa54aa4 | Context admin_cleanup@openstack setup() finished in 0.01 msec
2019-06-16 08:02:03.488 1842 RALLYDEBUG rally.task.runner [-] Starting the constant runner (task UUID: 1043b75f-8488-4cde-922b-d302cfa54aa4). timeout: 0 concurrency: 4 concurrency_per_worker: 1 times: 10 concurrency_overhead: 0 processes_to_start: 4 max_cpu_used: 16
2019-06-16 08:02:03.500 5294 RALLYDEBUG rally.task.runner [-] Starting a worker. concurrency: 1 args: {"consumer": "both", "write_iops_sec": "10", "read_iops_sec": "1000"} times: 10 method_name: run timeout: 0 duration: None cls:
2019-06-16 08:02:03.503 5295 RALLYDEBUG rally.task.runner [-] Starting a worker. concurrency: 1 args: {"consumer": "both", "write_iops_sec": "10", "read_iops_sec": "1000"} times: 10 method_name: run timeout: 0 duration: None cls:
2019-06-16 08:02:03.506 5296 RALLYDEBUG rally.task.runner [-] Starting a worker. concurrency: 1 args: {"consumer": "both", "write_iops_sec": "10", "read_iops_sec": "1000"} times: 10 method_name: run timeout: 0 duration: None cls:
2019-06-16 08:02:03.508 5294 INFO rally.task.runner [-] Task 1043b75f-8488-4cde-922b-d302cfa54aa4 | ITER: 1 START
2019-06-16 08:02:03.509 5297 RALLYDEBUG rally.task.runner [-] Starting a worker. concurrency: 1 args: {"consumer": "both", "write_iops_sec": "10", "read_iops_sec": "1000"} times: 10 method_name: run timeout: 0 duration: None cls:
2019-06-16 08:02:03.511 5295 INFO rally.task.runner [-] Task 1043b75f-8488-4cde-922b-d302cfa54aa4 | ITER: 2 START
2019-06-16 08:02:03.513 5296 INFO rally.task.runner [-] Task 1043b75f-8488-4cde-922b-d302cfa54aa4 | ITER: 3 START
2019-06-16 08:02:03.516 5297 INFO rally.task.runner [-] Task 1043b75f-8488-4cde-922b-d302cfa54aa4 | ITER: 4 START
2019-06-16 08:02:04.532 5296 INFO rally.task.runner [-] Task 1043b75f-8488-4cde-922b-d302cfa54aa4 | ITER: 3 END: OK
2019-06-16 08:02:04.537 5296 INFO rally.task.runner [-] Task 1043b75f-8488-4cde-922b-d302cfa54aa4 | ITER: 5 START
2019-06-16 08:02:04.574 5294 INFO rally.task.runner [-] Task 1043b75f-8488-4cde-922b-d302cfa54aa4 | ITER: 1 END: OK
2019-06-16 08:02:04.579 5297 INFO rally.task.runner [-] Task 1043b75f-8488-4cde-922b-d302cfa54aa4 | ITER: 4 END: OK
2019-06-16 08:02:04.579 5294 INFO rally.task.runner [-] Task 1043b75f-8488-4cde-922b-d302cfa54aa4 | ITER: 6 START
2019-06-16 08:02:04.584 5295 INFO rally.task.runner [-] Task 1043b75f-8488-4cde-922b-d302cfa54aa4 | ITER: 2 END: OK
2019-06-16 08:02:04.586 5297 INFO rally.task.runner [-] Task 1043b75f-8488-4cde-922b-d302cfa54aa4 | ITER: 7 START
2019-06-16 08:02:04.589 5295 INFO rally.task.runner [-] Task 1043b75f-8488-4cde-922b-d302cfa54aa4 | ITER: 8 START
2019-06-16 08:02:05.447 5296 INFO rally.task.runner [-] Task 1043b75f-8488-4cde-922b-d302cfa54aa4 | ITER: 5 END: OK
2019-06-16 08:02:05.452 5296 INFO rally.task.runner [-] Task 1043b75f-8488-4cde-922b-d302cfa54aa4 | ITER: 9 START
2019-06-16 08:02:05.461 5295 INFO rally.task.runner [-] Task 1043b75f-8488-4cde-922b-d302cfa54aa4 | ITER: 8 END: OK
2019-06-16 08:02:05.465 5295 INFO rally.task.runner [-] Task 1043b75f-8488-4cde-922b-d302cfa54aa4 | ITER: 10 START
2019-06-16 08:02:05.585 5294 INFO rally.task.runner [-] Task 1043b75f-8488-4cde-922b-d302cfa54aa4 | ITER: 6 END: OK
2019-06-16 08:02:05.638 5297 INFO rally.task.runner [-] Task 1043b75f-8488-4cde-922b-d302cfa54aa4 | ITER: 7 END: OK
2019-06-16 08:02:06.309 5296 INFO rally.task.runner [-] Task 1043b75f-8488-4cde-922b-d302cfa54aa4 | ITER: 9 END: OK
2019-06-16 08:02:06.334 5295 INFO rally.task.runner [-] Task 1043b75f-8488-4cde-922b-d302cfa54aa4 | ITER: 10 END: OK
2019-06-16 08:02:06.360 1842 INFO rally.task.context [-] Task 1043b75f-8488-4cde-922b-d302cfa54aa4 | Context admin_cleanup@openstack cleanup() started
2019-06-16 08:02:06.362 1842 RALLYDEBUG rally_openstack.cleanup.manager [-] Cleaning up cinder volume_types objects
2019-06-16 08:02:07.122 1842 RALLYDEBUG rally_openstack.cleanup.manager [-] Cleaning up cinder image_volumes_cache objects
2019-06-16 08:02:08.611 1842 RALLYDEBUG rally_openstack.cleanup.manager [-] Cleaning up cinder quotas objects
2019-06-16 08:02:09.981 1842 RALLYDEBUG rally_openstack.cleanup.manager [-] Cleaning up cinder qos_specs objects
2019-06-16 08:02:10.718 1842 RALLYDEBUG rally_openstack.cleanup.manager [-] Deleting cinder.qos_specs object s_rally_bdef57c8_QtYEFGwP (9f9971fc-3a3a-45c6-bc85-3eaf26793f65)
2019-06-16 08:02:10.723 1842 RALLYDEBUG rally_openstack.cleanup.manager [-] Deleting cinder.qos_specs object s_rally_bdef57c8_fj2O3eWX (180d4b06-8fb8-4f3d-a3ff-eb36d4deb820)
2019-06-16 08:02:10.739 1842 RALLYDEBUG rally_openstack.cleanup.manager [-] Deleting cinder.qos_specs object s_rally_bdef57c8_hoaoEQHU (fdfd8c8d-2007-4883-a2b9-1681a1dd1c09)
2019-06-16 08:02:10.742 1842 RALLYDEBUG rally_openstack.cleanup.manager [-] Deleting cinder.qos_specs object s_rally_bdef57c8_DLU6CiRN (7feb2fae-032b-4bcc-827d-754ec6ea0ca2)
2019-06-16 08:02:10.743 1842 RALLYDEBUG rally_openstack.cleanup.manager [-] Deleting cinder.qos_specs object s_rally_bdef57c8_oosEeASM (7ca5791c-7ea8-4bb3-bd5e-830c1faa7979)
2019-06-16 08:02:10.757 1842 RALLYDEBUG rally_openstack.cleanup.manager [-] Deleting cinder.qos_specs object s_rally_bdef57c8_cID8RZLL (345dec2b-22f3-4972-be78-0084e62e67cc)
2019-06-16 08:02:10.758 1842 RALLYDEBUG rally_openstack.cleanup.manager [-] Deleting cinder.qos_specs object s_rally_bdef57c8_a90EezST (d665f548-4036-43d5-82c9-b0c8002e573c)
2019-06-16 08:02:10.767 1842 RALLYDEBUG rally_openstack.cleanup.manager [-] Deleting cinder.qos_specs object s_rally_bdef57c8_2zWayeNG (9b072432-2f45-42f0-84cf-8c775e19b399)
2019-06-16 08:02:10.800 1842 RALLYDEBUG rally_openstack.cleanup.manager [-] Deleting cinder.qos_specs object s_rally_bdef57c8_Ijj1G7ts (7a906630-5d43-4a48-9e16-3e47fa31c8fd)
2019-06-16 08:02:10.812 1842 RALLYDEBUG rally_openstack.cleanup.manager [-] Deleting cinder.qos_specs object s_rally_bdef57c8_9O6upVkQ (4be5060e-ae7c-4b53-b4d9-920fb972cf79)
2019-06-16 08:02:13.152 1842 INFO rally.task.context [-] Task 1043b75f-8488-4cde-922b-d302cfa54aa4 | Context admin_cleanup@openstack cleanup() finished in 6.79 sec
2019-06-16 08:02:13.152 1842 INFO rally.task.context [-] Task 1043b75f-8488-4cde-922b-d302cfa54aa4 | Context api_versions@openstack cleanup() started
2019-06-16 08:02:13.153 1842 INFO rally.task.context [-] Task 1043b75f-8488-4cde-922b-d302cfa54aa4 | Context api_versions@openstack cleanup() finished in 0.32 msec
2019-06-16 08:02:13.153 1842 INFO rally.task.context [-] Task 1043b75f-8488-4cde-922b-d302cfa54aa4 | Context users@openstack cleanup() started
2019-06-16 08:02:20.332 1842 INFO rally.task.context [-] Task 1043b75f-8488-4cde-922b-d302cfa54aa4 | Context users@openstack cleanup() finished in 7.18 sec
2019-06-16 08:02:20.916 1842 INFO rally.task.engine [-] Load duration is: 2.821038
2019-06-16 08:02:20.917 1842 INFO rally.task.engine [-] Full runner duration is: 2.872302
2019-06-16 08:02:20.917 1842 INFO rally.task.engine [-] Full duration is: 21.554236
2019-06-16 08:02:21.158 1842 INFO rally.task.engine [-] Running workload: position = 0 config = { "version": 2, "title": "A cropped version of a bigger task.", "description": "Auto-generated task from a single workload (uuid=b6ced12a-ad60-4e19-84d8-51b5c1d01b94)", "subtasks": [ { "title": "CinderQos.create_and_set_qos", "description": "Create a qos, then Add/Update keys in qos specs.", "scenario": { "CinderQos.create_and_set_qos": { "consumer": "back-end", "write_iops_sec": "10", "read_iops_sec": "1000", "set_consumer": "both", "set_write_iops_sec": "11", "set_read_iops_sec": "1001" } }, "contexts": { "users": { "tenants": 3, "users_per_tenant": 2 }, "api_versions": { "cinder": { "version": 3, "service_type": "volumev3" } } }, "runner": { "constant": { "concurrency": 4, "times": 10 } }, "hooks": [], "sla": { "failure_rate": { "max": 0 } } } ] }
2019-06-16 08:02:21.181 1842 RALLYDEBUG rally_openstack.contexts.keystone.users [-] Creating 3 tenants using 20 threads
2019-06-16 08:02:22.977 1842 RALLYDEBUG rally_openstack.contexts.keystone.users [-] Creating 6 users using 20 threads
2019-06-16 08:02:25.718 1842 INFO rally.task.context [-] Task 1043b75f-8488-4cde-922b-d302cfa54aa4 | Context users@openstack setup() finished in 4.54 sec
2019-06-16 08:02:26.137 1842 INFO rally.task.context [-] Task 1043b75f-8488-4cde-922b-d302cfa54aa4 | Context api_versions@openstack setup() finished in 0.42 sec
2019-06-16 08:02:26.137 1842 INFO rally.task.context [-] Task 1043b75f-8488-4cde-922b-d302cfa54aa4 | Context admin_cleanup@openstack setup() finished in 0.00 msec
2019-06-16 08:02:26.144 1842 RALLYDEBUG rally.task.runner [-] Starting the constant runner (task UUID: 1043b75f-8488-4cde-922b-d302cfa54aa4). timeout: 0 concurrency: 4 concurrency_per_worker: 1 times: 10 concurrency_overhead: 0 processes_to_start: 4 max_cpu_used: 16
2019-06-16 08:02:26.157 5478 RALLYDEBUG rally.task.runner [-] Starting a worker. concurrency: 1 args: {"consumer": "back-end", "write_iops_sec": "10", "read_iops_sec": "1000", "set_consumer": "both", "set_write_iops_sec": "11", "set_read_iops_sec": "1001"} times: 10 method_name: run timeout: 0 duration: None cls:
2019-06-16 08:02:26.159 5479 RALLYDEBUG rally.task.runner [-] Starting a worker. concurrency: 1 args: {"consumer": "back-end", "write_iops_sec": "10", "read_iops_sec": "1000", "set_consumer": "both", "set_write_iops_sec": "11", "set_read_iops_sec": "1001"} times: 10 method_name: run timeout: 0 duration: None cls:
2019-06-16 08:02:26.162 5480 RALLYDEBUG rally.task.runner [-] Starting a worker. concurrency: 1 args: {"consumer": "back-end", "write_iops_sec": "10", "read_iops_sec": "1000", "set_consumer": "both", "set_write_iops_sec": "11", "set_read_iops_sec": "1001"} times: 10 method_name: run timeout: 0 duration: None cls:
2019-06-16 08:02:26.164 5478 INFO rally.task.runner [-] Task 1043b75f-8488-4cde-922b-d302cfa54aa4 | ITER: 1 START
2019-06-16 08:02:26.165 5481 RALLYDEBUG rally.task.runner [-] Starting a worker. concurrency: 1 args: {"consumer": "back-end", "write_iops_sec": "10", "read_iops_sec": "1000", "set_consumer": "both", "set_write_iops_sec": "11", "set_read_iops_sec": "1001"} times: 10 method_name: run timeout: 0 duration: None cls:
2019-06-16 08:02:26.166 5479 INFO rally.task.runner [-] Task 1043b75f-8488-4cde-922b-d302cfa54aa4 | ITER: 2 START
2019-06-16 08:02:26.170 5480 INFO rally.task.runner [-] Task 1043b75f-8488-4cde-922b-d302cfa54aa4 | ITER: 3 START
2019-06-16 08:02:26.171 5481 INFO rally.task.runner [-] Task 1043b75f-8488-4cde-922b-d302cfa54aa4 | ITER: 4 START
2019-06-16 08:02:27.235 5478 INFO rally.task.runner [-] Task 1043b75f-8488-4cde-922b-d302cfa54aa4 | ITER: 1 END: OK
2019-06-16 08:02:27.240 5478 INFO rally.task.runner [-] Task 1043b75f-8488-4cde-922b-d302cfa54aa4 | ITER: 5 START
2019-06-16 08:02:27.253 5479 INFO rally.task.runner [-] Task 1043b75f-8488-4cde-922b-d302cfa54aa4 | ITER: 2 END: OK
2019-06-16 08:02:27.258 5479 INFO rally.task.runner [-] Task 1043b75f-8488-4cde-922b-d302cfa54aa4 | ITER: 6 START
2019-06-16 08:02:27.301 5480 INFO rally.task.runner [-] Task 1043b75f-8488-4cde-922b-d302cfa54aa4 | ITER: 3 END: OK
2019-06-16 08:02:27.301 5481 INFO rally.task.runner [-] Task 1043b75f-8488-4cde-922b-d302cfa54aa4 | ITER: 4 END: OK
2019-06-16 08:02:27.306 5480 INFO rally.task.runner [-] Task 1043b75f-8488-4cde-922b-d302cfa54aa4 | ITER: 7 START
2019-06-16 08:02:27.306 5481 INFO rally.task.runner [-] Task 1043b75f-8488-4cde-922b-d302cfa54aa4 | ITER: 8 START
2019-06-16 08:02:28.145 5478 INFO rally.task.runner [-] Task 1043b75f-8488-4cde-922b-d302cfa54aa4 | ITER: 5 END: OK
2019-06-16 08:02:28.149 5478 INFO rally.task.runner [-] Task 1043b75f-8488-4cde-922b-d302cfa54aa4 | ITER: 9 START
2019-06-16 08:02:28.241 5479 INFO rally.task.runner [-] Task 1043b75f-8488-4cde-922b-d302cfa54aa4 | ITER: 6 END: OK
2019-06-16 08:02:28.245 5479 INFO rally.task.runner [-] Task 1043b75f-8488-4cde-922b-d302cfa54aa4 | ITER: 10 START
2019-06-16 08:02:28.324 5480 INFO rally.task.runner [-] Task 1043b75f-8488-4cde-922b-d302cfa54aa4 | ITER: 7 END: OK
2019-06-16 08:02:28.403 5481 INFO rally.task.runner [-] Task 1043b75f-8488-4cde-922b-d302cfa54aa4 | ITER: 8 END: OK
2019-06-16 08:02:29.026 5478 INFO rally.task.runner [-] Task 1043b75f-8488-4cde-922b-d302cfa54aa4 | ITER: 9 END: OK
2019-06-16 08:02:29.127 5479 INFO rally.task.runner [-] Task 1043b75f-8488-4cde-922b-d302cfa54aa4 | ITER: 10 END: OK
2019-06-16 08:02:29.151 1842 INFO rally.task.context [-] Task 1043b75f-8488-4cde-922b-d302cfa54aa4 | Context admin_cleanup@openstack cleanup() started
2019-06-16 08:02:29.153 1842 RALLYDEBUG rally_openstack.cleanup.manager [-] Cleaning up cinder volume_types objects
2019-06-16 08:02:29.864 1842 RALLYDEBUG rally_openstack.cleanup.manager [-] Cleaning up cinder image_volumes_cache objects
2019-06-16 08:02:30.833 1842 RALLYDEBUG rally_openstack.cleanup.manager [-] Cleaning up cinder quotas objects
2019-06-16 08:02:32.288 1842 RALLYDEBUG rally_openstack.cleanup.manager [-] Cleaning up cinder qos_specs objects
2019-06-16 08:02:32.978 1842 RALLYDEBUG rally_openstack.cleanup.manager [-] Deleting cinder.qos_specs object s_rally_b6ced12a_QSzWannF (a472db90-8c89-4345-b9a7-114cd1c1d9b0)
2019-06-16 08:02:32.989 1842 RALLYDEBUG rally_openstack.cleanup.manager [-] Deleting cinder.qos_specs object s_rally_b6ced12a_2LvsTQTN (41d3e9dc-021c-427d-a88f-2eeca0839274)
2019-06-16 08:02:32.990 1842 RALLYDEBUG rally_openstack.cleanup.manager [-] Deleting cinder.qos_specs object s_rally_b6ced12a_3FWfmkAl (d171d28d-0c87-4120-bb33-707fc7fb1e04)
2019-06-16 08:02:32.999 1842 RALLYDEBUG rally_openstack.cleanup.manager [-] Deleting cinder.qos_specs object s_rally_b6ced12a_vbd56k6R (65ccc857-6092-436e-b899-8d78b1c1bdfd)
2019-06-16 08:02:33.012 1842 RALLYDEBUG rally_openstack.cleanup.manager [-] Deleting cinder.qos_specs object s_rally_b6ced12a_JFV22jpt (5b9c8ea7-9562-4a7d-b51f-5d05ed4b3ac1)
2019-06-16 08:02:33.014 1842 RALLYDEBUG rally_openstack.cleanup.manager [-] Deleting cinder.qos_specs object s_rally_b6ced12a_NThAQzbq (63999b37-9a10-4541-8b46-f0702a474279)
2019-06-16 08:02:33.034 1842 RALLYDEBUG rally_openstack.cleanup.manager [-] Deleting cinder.qos_specs object s_rally_b6ced12a_SYl975Px (91698117-9423-4f39-ab54-bc53ae66e67e)
2019-06-16 08:02:33.040 1842 RALLYDEBUG rally_openstack.cleanup.manager [-] Deleting cinder.qos_specs object s_rally_b6ced12a_CsbB81zo (6cb98e0c-2686-4a1e-b7f5-e3c48cd3113b)
2019-06-16 08:02:33.044 1842 RALLYDEBUG rally_openstack.cleanup.manager [-] Deleting cinder.qos_specs object s_rally_b6ced12a_uIwX3sQK (5a267c53-7989-48ad-81f7-4f9b73b81ef1)
2019-06-16 08:02:33.062 1842 RALLYDEBUG rally_openstack.cleanup.manager [-] Deleting cinder.qos_specs object s_rally_b6ced12a_77mZRixQ (4e25e4ea-2503-471a-9bc8-594d83080a8b)
2019-06-16 08:02:35.406 1842 INFO rally.task.context [-] Task 1043b75f-8488-4cde-922b-d302cfa54aa4 | Context admin_cleanup@openstack cleanup() finished in 6.25 sec
2019-06-16 08:02:35.406 1842 INFO rally.task.context [-] Task 1043b75f-8488-4cde-922b-d302cfa54aa4 | Context api_versions@openstack cleanup() started
2019-06-16 08:02:35.407 1842 INFO rally.task.context [-] Task 1043b75f-8488-4cde-922b-d302cfa54aa4 | Context api_versions@openstack cleanup() finished in 0.33 msec
2019-06-16 08:02:35.407 1842 INFO rally.task.context [-] Task 1043b75f-8488-4cde-922b-d302cfa54aa4 | Context users@openstack cleanup() started
2019-06-16 08:02:42.267 1842 INFO rally.task.context [-] Task 1043b75f-8488-4cde-922b-d302cfa54aa4 | Context users@openstack cleanup() finished in 6.86 sec
2019-06-16 08:02:43.297 1842 INFO rally.task.engine [-] Load duration is: 2.958875
2019-06-16 08:02:43.298 1842 INFO rally.task.engine [-] Full runner duration is: 3.007116
2019-06-16 08:02:43.298 1842 INFO rally.task.engine [-] Full duration is: 21.090217
2019-06-16 08:02:43.493 1842 INFO rally.task.engine [-] Running workload: position = 0 config = { "version": 2, "title": "A cropped version of a bigger task.", "description": "Auto-generated task from a single workload (uuid=1dd38f80-1a2b-4247-905f-48da3565f403)", "subtasks": [ { "title": "CinderVolumeTypes.create_and_get_volume_type", "description": "Create a volume Type, then get the details of the type.", "scenario": { "CinderVolumeTypes.create_and_get_volume_type": { "description": "rally tests creating types" } }, "contexts": { "users": { "tenants": 3, "users_per_tenant": 2 }, "api_versions": { "cinder": { "version": 3, "service_type": "volumev3" } } }, "runner": { "constant": { "concurrency": 4, "times": 10 } }, "hooks": [], "sla": { "failure_rate": { "max": 0 } } } ] }
2019-06-16 08:02:43.517 1842 RALLYDEBUG rally_openstack.contexts.keystone.users [-] Creating 3 tenants using 20 threads
2019-06-16 08:02:45.331 1842 RALLYDEBUG rally_openstack.contexts.keystone.users [-] Creating 6 users using 20 threads
2019-06-16 08:02:47.986 1842 INFO rally.task.context [-] Task 1043b75f-8488-4cde-922b-d302cfa54aa4 | Context users@openstack setup() finished in 4.47 sec
2019-06-16 08:02:48.410 1842 INFO rally.task.context [-] Task 1043b75f-8488-4cde-922b-d302cfa54aa4 | Context api_versions@openstack setup() finished in 0.42 sec
2019-06-16 08:02:48.411 1842 INFO rally.task.context [-] Task 1043b75f-8488-4cde-922b-d302cfa54aa4 | Context admin_cleanup@openstack setup() finished in 0.00 msec
2019-06-16 08:02:48.418 1842 RALLYDEBUG rally.task.runner [-] Starting the constant runner (task UUID: 1043b75f-8488-4cde-922b-d302cfa54aa4). timeout: 0 concurrency: 4 concurrency_per_worker: 1 times: 10 concurrency_overhead: 0 processes_to_start: 4 max_cpu_used: 16
2019-06-16 08:02:48.428 5662 RALLYDEBUG rally.task.runner [-] Starting a worker. concurrency: 1 args: {"description": "rally tests creating types"} times: 10 method_name: run timeout: 0 duration: None cls:
2019-06-16 08:02:48.432 5664 RALLYDEBUG rally.task.runner [-] Starting a worker. concurrency: 1 args: {"description": "rally tests creating types"} times: 10 method_name: run timeout: 0 duration: None cls:
2019-06-16 08:02:48.433 5663 RALLYDEBUG rally.task.runner [-] Starting a worker. concurrency: 1 args: {"description": "rally tests creating types"} times: 10 method_name: run timeout: 0 duration: None cls:
2019-06-16 08:02:48.435 5662 INFO rally.task.runner [-] Task 1043b75f-8488-4cde-922b-d302cfa54aa4 | ITER: 1 START
2019-06-16 08:02:48.436 5664 INFO rally.task.runner [-] Task 1043b75f-8488-4cde-922b-d302cfa54aa4 | ITER: 2 START
2019-06-16 08:02:48.439 5665 RALLYDEBUG rally.task.runner [-] Starting a worker. concurrency: 1 args: {"description": "rally tests creating types"} times: 10 method_name: run timeout: 0 duration: None cls:
2019-06-16 08:02:48.440 5663 INFO rally.task.runner [-] Task 1043b75f-8488-4cde-922b-d302cfa54aa4 | ITER: 3 START
2019-06-16 08:02:48.446 5665 INFO rally.task.runner [-] Task 1043b75f-8488-4cde-922b-d302cfa54aa4 | ITER: 4 START
2019-06-16 08:02:49.498 5663 INFO rally.task.runner [-] Task 1043b75f-8488-4cde-922b-d302cfa54aa4 | ITER: 3 END: OK
2019-06-16 08:02:49.499 5664 INFO rally.task.runner [-] Task 1043b75f-8488-4cde-922b-d302cfa54aa4 | ITER: 2 END: OK
2019-06-16 08:02:49.503 5663 INFO rally.task.runner [-] Task 1043b75f-8488-4cde-922b-d302cfa54aa4 | ITER: 5 START
2019-06-16 08:02:49.505 5664 INFO rally.task.runner [-] Task 1043b75f-8488-4cde-922b-d302cfa54aa4 | ITER: 6 START
2019-06-16 08:02:49.507 5665 INFO rally.task.runner [-] Task 1043b75f-8488-4cde-922b-d302cfa54aa4 | ITER: 4 END: OK
2019-06-16 08:02:49.511 5662 INFO rally.task.runner [-] Task 1043b75f-8488-4cde-922b-d302cfa54aa4 | ITER: 1 END: OK
2019-06-16 08:02:49.514 5665 INFO rally.task.runner [-] Task 1043b75f-8488-4cde-922b-d302cfa54aa4 | ITER: 7 START
2019-06-16 08:02:49.516 5662 INFO rally.task.runner [-] Task 1043b75f-8488-4cde-922b-d302cfa54aa4 | ITER: 8 START
2019-06-16 08:02:50.442 5664 INFO rally.task.runner [-] Task 1043b75f-8488-4cde-922b-d302cfa54aa4 | ITER: 6 END: OK
2019-06-16 08:02:50.447 5664 INFO rally.task.runner [-] Task 1043b75f-8488-4cde-922b-d302cfa54aa4 | ITER: 9 START
2019-06-16 08:02:50.483 5663 INFO rally.task.runner [-] Task 1043b75f-8488-4cde-922b-d302cfa54aa4 | ITER: 5 END: OK
2019-06-16 08:02:50.488 5663 INFO rally.task.runner [-] Task 1043b75f-8488-4cde-922b-d302cfa54aa4 | ITER: 10 START
2019-06-16 08:02:50.507 5662 INFO rally.task.runner [-] Task 1043b75f-8488-4cde-922b-d302cfa54aa4 | ITER: 8 END: OK
2019-06-16 08:02:50.552 5665 INFO rally.task.runner [-] Task 1043b75f-8488-4cde-922b-d302cfa54aa4 | ITER: 7 END: OK
2019-06-16 08:02:51.335 5663 INFO rally.task.runner [-] Task 1043b75f-8488-4cde-922b-d302cfa54aa4 | ITER: 10 END: OK
2019-06-16 08:02:51.352 5664 INFO rally.task.runner [-] Task 1043b75f-8488-4cde-922b-d302cfa54aa4 | ITER: 9 END: OK
2019-06-16 08:02:51.382 1842 INFO rally.task.context [-] Task 1043b75f-8488-4cde-922b-d302cfa54aa4 | Context admin_cleanup@openstack cleanup() started
2019-06-16 08:02:51.384 1842 RALLYDEBUG rally_openstack.cleanup.manager [-] Cleaning up cinder volume_types objects
2019-06-16 08:02:52.075 1842 RALLYDEBUG rally_openstack.cleanup.manager [-] Deleting cinder.volume_types object s_rally_1dd38f80_Ig8IIl7r (687ced09-67d4-4d1f-9e5c-57073a036bd0)
2019-06-16 08:02:52.082 1842 RALLYDEBUG rally_openstack.cleanup.manager [-] Deleting cinder.volume_types object s_rally_1dd38f80_v9YdkGBo (b7f4ea30-3259-4b4c-92f6-533757ae6002)
2019-06-16 08:02:52.086 1842 RALLYDEBUG rally_openstack.cleanup.manager [-] Deleting cinder.volume_types object s_rally_1dd38f80_nvWVNUeR (6b34a983-9796-4fa2-a2ff-061097ff804a)
2019-06-16 08:02:52.094 1842 RALLYDEBUG rally_openstack.cleanup.manager [-] Deleting cinder.volume_types object s_rally_1dd38f80_jJeZeZsE (1d35636b-ed37-4b37-9031-d2f377c3db83)
2019-06-16 08:02:52.097 1842 RALLYDEBUG rally_openstack.cleanup.manager [-] Deleting cinder.volume_types object s_rally_1dd38f80_mf5yVTGj (125287ac-b8e3-4253-be9e-ee1daaf11439)
2019-06-16 08:02:52.102 1842 RALLYDEBUG rally_openstack.cleanup.manager [-] Deleting cinder.volume_types object s_rally_1dd38f80_QtaJr85W (4bea89df-eed1-4d0f-b446-73552fea4967)
2019-06-16 08:02:52.108 1842 RALLYDEBUG rally_openstack.cleanup.manager [-] Deleting cinder.volume_types object s_rally_1dd38f80_bQ0rYyIJ (d1ca33fd-a40e-44ce-bcc4-2bd5491d6121)
2019-06-16 08:02:52.110 1842 RALLYDEBUG rally_openstack.cleanup.manager [-] Deleting cinder.volume_types object s_rally_1dd38f80_8xboVd8V (116d6113-b05c-4c50-83a2-deef846677e0)
2019-06-16 08:02:52.111 1842 RALLYDEBUG rally_openstack.cleanup.manager [-] Deleting cinder.volume_types object s_rally_1dd38f80_xXnrvX7u (6ee61bb2-0181-44e5-8d65-fb86d4759985)
2019-06-16 08:02:52.115 1842 RALLYDEBUG rally_openstack.cleanup.manager [-] Deleting cinder.volume_types object s_rally_1dd38f80_KRrv29eU (63870c10-d7c5-4eb2-95e1-061846c4957c)
2019-06-16 08:02:54.435 1842 RALLYDEBUG rally_openstack.cleanup.manager [-] Cleaning up cinder image_volumes_cache objects
2019-06-16 08:02:55.390 1842 RALLYDEBUG rally_openstack.cleanup.manager [-] Cleaning up cinder quotas objects
2019-06-16 08:02:56.919 1842 RALLYDEBUG rally_openstack.cleanup.manager [-] Cleaning up cinder qos_specs objects
2019-06-16 08:02:57.557 1842 INFO rally.task.context [-] Task 1043b75f-8488-4cde-922b-d302cfa54aa4 | Context admin_cleanup@openstack cleanup() finished in 6.17 sec
2019-06-16 08:02:57.557 1842 INFO rally.task.context [-] Task 1043b75f-8488-4cde-922b-d302cfa54aa4 | Context api_versions@openstack cleanup() started
2019-06-16 08:02:57.557 1842 INFO rally.task.context [-] Task 1043b75f-8488-4cde-922b-d302cfa54aa4 | Context api_versions@openstack cleanup() finished in 0.32 msec
2019-06-16 08:02:57.558 1842 INFO rally.task.context [-] Task 1043b75f-8488-4cde-922b-d302cfa54aa4 | Context users@openstack cleanup() started
2019-06-16 08:03:04.532 1842 INFO rally.task.context [-] Task 1043b75f-8488-4cde-922b-d302cfa54aa4 | Context users@openstack cleanup() finished in 6.97 sec
2019-06-16 08:03:05.613 1842 INFO rally.task.engine [-] Load duration is: 2.915356
2019-06-16 08:03:05.613 1842 INFO rally.task.engine [-] Full runner duration is: 2.964762
2019-06-16 08:03:05.614 1842 INFO rally.task.engine [-] Full duration is: 21.019593
2019-06-16 08:03:05.793 1842 INFO rally.task.engine [-] Running workload: position = 0 config = { "version": 2, "title": "A cropped version of a bigger task.", "description": "Auto-generated task from a single workload (uuid=b3f7c649-396b-4f7b-ac8a-700e5cc14082)", "subtasks": [ { "title": "CinderVolumeTypes.create_and_list_volume_types", "description": "Create a volume Type, then list all types.", "scenario": { "CinderVolumeTypes.create_and_list_volume_types": { "description": "rally tests creating types" } }, "contexts": { "users": { "tenants": 3, "users_per_tenant": 2 }, "api_versions": { "cinder": { "version": 3, "service_type": "volumev3" } } }, "runner": { "constant": { "concurrency": 4, "times": 10 } }, "hooks": [], "sla": { "failure_rate": { "max": 0 } } } ] }
2019-06-16 08:03:05.818 1842 RALLYDEBUG rally_openstack.contexts.keystone.users [-] Creating 3 tenants using 20 threads
2019-06-16 08:03:07.685 1842 RALLYDEBUG rally_openstack.contexts.keystone.users [-] Creating 6 users using 20 threads
2019-06-16 08:03:10.498 1842 INFO rally.task.context [-] Task 1043b75f-8488-4cde-922b-d302cfa54aa4 | Context users@openstack setup() finished in 4.68 sec
2019-06-16 08:03:10.917 1842 INFO rally.task.context [-] Task 1043b75f-8488-4cde-922b-d302cfa54aa4 | Context api_versions@openstack setup() finished in 0.42 sec
2019-06-16 08:03:10.917 1842 INFO rally.task.context [-] Task 1043b75f-8488-4cde-922b-d302cfa54aa4 | Context admin_cleanup@openstack setup() finished in 0.00 msec
2019-06-16 08:03:10.924 1842 RALLYDEBUG rally.task.runner [-] Starting the constant runner (task UUID: 1043b75f-8488-4cde-922b-d302cfa54aa4). timeout: 0 concurrency: 4 concurrency_per_worker: 1 times: 10 concurrency_overhead: 0 processes_to_start: 4 max_cpu_used: 16
2019-06-16 08:03:10.937 5846 RALLYDEBUG rally.task.runner [-] Starting a worker. concurrency: 1 args: {"description": "rally tests creating types"} times: 10 method_name: run timeout: 0 duration: None cls:
2019-06-16 08:03:10.939 5847 RALLYDEBUG rally.task.runner [-] Starting a worker. concurrency: 1 args: {"description": "rally tests creating types"} times: 10 method_name: run timeout: 0 duration: None cls:
2019-06-16 08:03:10.943 5848 RALLYDEBUG rally.task.runner [-] Starting a worker. concurrency: 1 args: {"description": "rally tests creating types"} times: 10 method_name: run timeout: 0 duration: None cls:
2019-06-16 08:03:10.945 5846 INFO rally.task.runner [-] Task 1043b75f-8488-4cde-922b-d302cfa54aa4 | ITER: 1 START
2019-06-16 08:03:10.947 5847 INFO rally.task.runner [-] Task 1043b75f-8488-4cde-922b-d302cfa54aa4 | ITER: 2 START
2019-06-16 08:03:10.946 5849 RALLYDEBUG rally.task.runner [-] Starting a worker. concurrency: 1 args: {"description": "rally tests creating types"} times: 10 method_name: run timeout: 0 duration: None cls:
2019-06-16 08:03:10.950 5848 INFO rally.task.runner [-] Task 1043b75f-8488-4cde-922b-d302cfa54aa4 | ITER: 3 START
2019-06-16 08:03:10.954 5849 INFO rally.task.runner [-] Task 1043b75f-8488-4cde-922b-d302cfa54aa4 | ITER: 4 START
2019-06-16 08:03:12.042 5846 INFO rally.task.runner [-] Task 1043b75f-8488-4cde-922b-d302cfa54aa4 | ITER: 1 END: OK
2019-06-16 08:03:12.047 5846 INFO rally.task.runner [-] Task 1043b75f-8488-4cde-922b-d302cfa54aa4 | ITER: 5 START
2019-06-16 08:03:12.055 5849 INFO rally.task.runner [-] Task 1043b75f-8488-4cde-922b-d302cfa54aa4 | ITER: 4 END: OK
2019-06-16 08:03:12.060 5849 INFO rally.task.runner [-] Task 1043b75f-8488-4cde-922b-d302cfa54aa4 | ITER: 6 START
2019-06-16 08:03:12.066 5848 INFO rally.task.runner [-] Task 1043b75f-8488-4cde-922b-d302cfa54aa4 | ITER: 3 END: OK
2019-06-16 08:03:12.071 5848 INFO rally.task.runner [-] Task 1043b75f-8488-4cde-922b-d302cfa54aa4 | ITER: 7 START
2019-06-16 08:03:12.078 5847 INFO rally.task.runner [-] Task 1043b75f-8488-4cde-922b-d302cfa54aa4 | ITER: 2 END: OK
2019-06-16 08:03:12.083 5847 INFO rally.task.runner [-] Task 1043b75f-8488-4cde-922b-d302cfa54aa4 | ITER: 8 START
2019-06-16 08:03:13.095 5848 INFO rally.task.runner [-] Task 1043b75f-8488-4cde-922b-d302cfa54aa4 | ITER: 7 END: OK
2019-06-16 08:03:13.100 5848 INFO rally.task.runner [-] Task 1043b75f-8488-4cde-922b-d302cfa54aa4 | ITER: 9 START
2019-06-16 08:03:13.127 5847 INFO rally.task.runner [-] Task 1043b75f-8488-4cde-922b-d302cfa54aa4 | ITER: 8 END: OK
2019-06-16 08:03:13.132 5847 INFO rally.task.runner [-] Task 1043b75f-8488-4cde-922b-d302cfa54aa4 | ITER: 10 START
2019-06-16 08:03:13.146 5846 INFO rally.task.runner [-] Task 1043b75f-8488-4cde-922b-d302cfa54aa4 | ITER: 5 END: OK
2019-06-16 08:03:13.152 5849 INFO rally.task.runner [-] Task 1043b75f-8488-4cde-922b-d302cfa54aa4 | ITER: 6 END: OK
2019-06-16 08:03:13.978 5848 INFO rally.task.runner [-] Task 1043b75f-8488-4cde-922b-d302cfa54aa4 | ITER: 9 END: OK
2019-06-16 08:03:14.096 5847 INFO rally.task.runner [-] Task 1043b75f-8488-4cde-922b-d302cfa54aa4 | ITER: 10 END: OK
2019-06-16 08:03:14.122 1842 INFO rally.task.context [-] Task 1043b75f-8488-4cde-922b-d302cfa54aa4 | Context admin_cleanup@openstack cleanup() started
2019-06-16 08:03:14.124 1842 RALLYDEBUG rally_openstack.cleanup.manager [-] Cleaning up cinder volume_types objects
2019-06-16 08:03:14.786 1842 RALLYDEBUG rally_openstack.cleanup.manager [-] Deleting cinder.volume_types object s_rally_b3f7c649_BRfjDMQq (70377021-aa8b-4750-9981-2498a42c5712)
2019-06-16 08:03:14.787 1842 RALLYDEBUG rally_openstack.cleanup.manager [-] Deleting cinder.volume_types object s_rally_b3f7c649_zCaFMJDa (a6211e23-5767-40b9-a335-40325ee85d69)
2019-06-16 08:03:14.799 1842 RALLYDEBUG rally_openstack.cleanup.manager [-] Deleting cinder.volume_types object s_rally_b3f7c649_6v07D9aq (aa8af830-c918-4daf-80da-6c3f3acd6c68)
2019-06-16 08:03:14.800 1842 RALLYDEBUG rally_openstack.cleanup.manager [-] Deleting cinder.volume_types object s_rally_b3f7c649_sPD3XBP7 (48bcf020-eaec-4c1f-9a7b-7ead6b910151)
2019-06-16 08:03:14.801 1842 RALLYDEBUG rally_openstack.cleanup.manager [-] Deleting cinder.volume_types object s_rally_b3f7c649_1NzmM8aa (5328df41-2164-44c1-a797-109abb7994a0)
2019-06-16 08:03:14.805 1842 RALLYDEBUG rally_openstack.cleanup.manager [-] Deleting cinder.volume_types object s_rally_b3f7c649_WJvxW5Od (59cbbc9b-1410-4c16-a29c-c59d2bdab70c)
2019-06-16 08:03:14.824 1842 RALLYDEBUG rally_openstack.cleanup.manager [-] Deleting cinder.volume_types object s_rally_b3f7c649_GEpOxBlF (aa19eef8-5c39-4e80-b4d8-add97deadeb9)
2019-06-16 08:03:14.829 1842 RALLYDEBUG rally_openstack.cleanup.manager [-] Deleting cinder.volume_types object s_rally_b3f7c649_PMMJiWwt (45741beb-e5c1-4a12-b904-f14ac3fe822d)
2019-06-16 08:03:14.845 1842 RALLYDEBUG rally_openstack.cleanup.manager [-] Deleting cinder.volume_types object s_rally_b3f7c649_DwsTub7V (2eb196cb-497f-4d90-8a7c-31459d46efa1)
2019-06-16 08:03:14.849 1842 RALLYDEBUG rally_openstack.cleanup.manager [-] Deleting cinder.volume_types object s_rally_b3f7c649_OzLZFEdR (1c2123af-1f2a-4ff9-b67d-43252cb48417)
2019-06-16 08:03:17.225 1842 RALLYDEBUG rally_openstack.cleanup.manager [-] Cleaning up cinder image_volumes_cache objects
2019-06-16 08:03:18.160 1842 RALLYDEBUG rally_openstack.cleanup.manager [-] Cleaning up cinder quotas objects
2019-06-16 08:03:19.608 1842 RALLYDEBUG rally_openstack.cleanup.manager [-] Cleaning up cinder qos_specs objects
2019-06-16 08:03:20.224 1842 INFO rally.task.context [-] Task 1043b75f-8488-4cde-922b-d302cfa54aa4 | Context admin_cleanup@openstack cleanup() finished in 6.10 sec
2019-06-16 08:03:20.224 1842 INFO rally.task.context [-] Task 1043b75f-8488-4cde-922b-d302cfa54aa4 | Context api_versions@openstack cleanup() started
2019-06-16 08:03:20.225 1842 INFO rally.task.context [-] Task 1043b75f-8488-4cde-922b-d302cfa54aa4 | Context api_versions@openstack cleanup() finished in 0.32 msec
2019-06-16 08:03:20.225 1842 INFO rally.task.context [-] Task 1043b75f-8488-4cde-922b-d302cfa54aa4 | Context users@openstack cleanup() started
2019-06-16 08:03:27.584 1842 INFO rally.task.context [-] Task 1043b75f-8488-4cde-922b-d302cfa54aa4 | Context users@openstack cleanup() finished in 7.36 sec
2019-06-16 08:03:27.917 1842 INFO rally.task.engine [-] Load duration is: 3.146044
2019-06-16 08:03:27.917 1842 INFO rally.task.engine [-] Full runner duration is: 3.19811
2019-06-16 08:03:27.918 1842 INFO rally.task.engine [-] Full duration is: 21.771517
2019-06-16 08:03:28.140 1842 INFO rally.task.engine [-] Running workload: position = 0 config = { "version": 2, "title": "A cropped version of a bigger task.", "description": "Auto-generated task from a single workload (uuid=5b61159b-3c26-461e-84f9-00d63d96f7e9)", "subtasks": [ { "title": "CinderVolumeTypes.create_and_update_volume_type", "description": "create a volume type, then update the type.", "scenario": { "CinderVolumeTypes.create_and_update_volume_type": { "description": "test", "update_description": "test update" } }, "contexts": { "users": { "tenants": 3, "users_per_tenant": 2 }, "api_versions": { "cinder": { "version": 3, "service_type": "volumev3" } } }, "runner": { "constant": { "concurrency": 4, "times": 10 } }, "hooks": [], "sla": { "failure_rate": { "max": 0 } } } ] }
2019-06-16 08:03:28.163 1842 RALLYDEBUG rally_openstack.contexts.keystone.users [-] Creating 3 tenants using 20 threads
2019-06-16 08:03:30.042 1842 RALLYDEBUG rally_openstack.contexts.keystone.users [-] Creating 6 users using 20 threads
2019-06-16 08:03:32.754 1842 INFO rally.task.context [-] Task 1043b75f-8488-4cde-922b-d302cfa54aa4 | Context users@openstack setup() finished in 4.59 sec
2019-06-16 08:03:33.187 1842 INFO rally.task.context [-] Task 1043b75f-8488-4cde-922b-d302cfa54aa4 | Context api_versions@openstack setup() finished in 0.43 sec
2019-06-16 08:03:33.187 1842 INFO rally.task.context [-] Task 1043b75f-8488-4cde-922b-d302cfa54aa4 | Context admin_cleanup@openstack setup() finished in 0.01 msec
2019-06-16 08:03:33.194 1842 RALLYDEBUG rally.task.runner [-] Starting the constant runner (task UUID: 1043b75f-8488-4cde-922b-d302cfa54aa4). timeout: 0 concurrency: 4 concurrency_per_worker: 1 times: 10 concurrency_overhead: 0 processes_to_start: 4 max_cpu_used: 16
2019-06-16 08:03:33.207 6030 RALLYDEBUG rally.task.runner [-] Starting a worker. concurrency: 1 args: {"description": "test", "update_description": "test update"} times: 10 method_name: run timeout: 0 duration: None cls:
2019-06-16 08:03:33.210 6031 RALLYDEBUG rally.task.runner [-] Starting a worker. concurrency: 1 args: {"description": "test", "update_description": "test update"} times: 10 method_name: run timeout: 0 duration: None cls:
2019-06-16 08:03:33.215 6030 INFO rally.task.runner [-] Task 1043b75f-8488-4cde-922b-d302cfa54aa4 | ITER: 1 START
2019-06-16 08:03:33.215 6032 RALLYDEBUG rally.task.runner [-] Starting a worker. concurrency: 1 args: {"description": "test", "update_description": "test update"} times: 10 method_name: run timeout: 0 duration: None cls:
2019-06-16 08:03:33.217 6031 INFO rally.task.runner [-] Task 1043b75f-8488-4cde-922b-d302cfa54aa4 | ITER: 2 START
2019-06-16 08:03:33.218 6033 RALLYDEBUG rally.task.runner [-] Starting a worker. concurrency: 1 args: {"description": "test", "update_description": "test update"} times: 10 method_name: run timeout: 0 duration: None cls:
2019-06-16 08:03:33.222 6032 INFO rally.task.runner [-] Task 1043b75f-8488-4cde-922b-d302cfa54aa4 | ITER: 3 START
2019-06-16 08:03:33.226 6033 INFO rally.task.runner [-] Task 1043b75f-8488-4cde-922b-d302cfa54aa4 | ITER: 4 START
2019-06-16 08:03:33.664 6033 DEBUG cinderclient.v2.client [-] REQ: curl -g -i -X POST http://172.30.9.37:8776/v3/f7398cf58a9c410983e6ca42c5cce1d7/types -H "Accept: application/json" -H "Content-Type: application/json" -H "User-Agent: python-cinderclient" -H "X-Auth-Token: {SHA1}e1fe6fba7accc762c739df8e0848b0199f677c18" -d '{"volume_type": {"os-volume-type-access:is_public": true, "name": "s_rally_5b61159b_LEHSkhwN", "description": "test"}}' _http_log_request /usr/lib/python2.7/site-packages/keystoneauth1/session.py:448
2019-06-16 08:03:33.665 6032 DEBUG cinderclient.v2.client [-] REQ: curl -g -i -X POST http://172.30.9.37:8776/v3/f7398cf58a9c410983e6ca42c5cce1d7/types -H "Accept: application/json" -H "Content-Type: application/json" -H "User-Agent: python-cinderclient" -H "X-Auth-Token: {SHA1}f203fd13c6b82388688031250a42be16bd7bee33" -d '{"volume_type": {"os-volume-type-access:is_public": true, "name": "s_rally_5b61159b_bsUAakw0", "description": "test"}}' _http_log_request /usr/lib/python2.7/site-packages/keystoneauth1/session.py:448
2019-06-16 08:03:33.665 6031 DEBUG cinderclient.v2.client [-] REQ: curl -g -i -X POST http://172.30.9.37:8776/v3/f7398cf58a9c410983e6ca42c5cce1d7/types -H "Accept: application/json" -H "Content-Type: application/json" -H "User-Agent: python-cinderclient" -H "X-Auth-Token: {SHA1}fae5015cd41701b8e093a886f64b320eb2e4d011" -d '{"volume_type": {"os-volume-type-access:is_public": true, "name": "s_rally_5b61159b_aAm12E0N", "description": "test"}}' _http_log_request /usr/lib/python2.7/site-packages/keystoneauth1/session.py:448
2019-06-16 08:03:33.668 6030 DEBUG cinderclient.v2.client [-] REQ: curl -g -i -X POST http://172.30.9.37:8776/v3/f7398cf58a9c410983e6ca42c5cce1d7/types -H "Accept: application/json" -H "Content-Type: application/json" -H "User-Agent: python-cinderclient" -H "X-Auth-Token: {SHA1}aa24e03d27bde2af8c224ed5f7227b866af13aee" -d '{"volume_type": {"os-volume-type-access:is_public": true, "name": "s_rally_5b61159b_hEf7xt08", "description": "test"}}' _http_log_request /usr/lib/python2.7/site-packages/keystoneauth1/session.py:448
2019-06-16 08:03:33.972 6033 DEBUG cinderclient.v2.client [-] RESP: [200] Content-Encoding: gzip Content-Length: 172 Content-Type: application/json Date: Sun, 16 Jun 2019 08:03:33 GMT OpenStack-API-Version: volume 3.0 Server: Apache Vary: OpenStack-API-Version,Accept-Encoding x-compute-request-id: req-1c6e125e-1892-4f69-9c51-47f6a13c3a05 x-openstack-request-id: req-1c6e125e-1892-4f69-9c51-47f6a13c3a05 _http_log_response /usr/lib/python2.7/site-packages/keystoneauth1/session.py:479
2019-06-16 08:03:33.973 6033 DEBUG cinderclient.v2.client [-] RESP BODY: {"volume_type": {"name": "s_rally_5b61159b_LEHSkhwN", "extra_specs": {}, "os-volume-type-access:is_public": true, "is_public": true, "id": "32804577-b1ee-4955-aa81-90e9b73a5709", "description": "test"}} _http_log_response /usr/lib/python2.7/site-packages/keystoneauth1/session.py:511
2019-06-16 08:03:33.974 6033 DEBUG cinderclient.v2.client [-] POST call to volumev2 for http://172.30.9.37:8776/v3/f7398cf58a9c410983e6ca42c5cce1d7/types used request id req-1c6e125e-1892-4f69-9c51-47f6a13c3a05 request /usr/lib/python2.7/site-packages/keystoneauth1/session.py:844
2019-06-16 08:03:33.976 6033 DEBUG cinderclient.v2.client [-] REQ: curl -g -i -X PUT http://172.30.9.37:8776/v3/f7398cf58a9c410983e6ca42c5cce1d7/types/32804577-b1ee-4955-aa81-90e9b73a5709 -H "Accept: application/json" -H "Content-Type: application/json" -H "User-Agent: python-cinderclient" -H "X-Auth-Token: {SHA1}e1fe6fba7accc762c739df8e0848b0199f677c18" -H "X-OpenStack-Request-ID: req-1c6e125e-1892-4f69-9c51-47f6a13c3a05" -d '{"volume_type": {"name": "s_rally_5b61159b_LEHSkhwN", "description": "test update"}}' _http_log_request /usr/lib/python2.7/site-packages/keystoneauth1/session.py:448
2019-06-16 08:03:34.009 6030 DEBUG cinderclient.v2.client [-] RESP: [200] Content-Encoding: gzip Content-Length: 166 Content-Type: application/json Date: Sun, 16 Jun 2019 08:03:33 GMT OpenStack-API-Version: volume 3.0 Server: Apache Vary: OpenStack-API-Version,Accept-Encoding x-compute-request-id: req-1e378602-68ed-4b74-b343-be7a61604957 x-openstack-request-id: req-1e378602-68ed-4b74-b343-be7a61604957 _http_log_response /usr/lib/python2.7/site-packages/keystoneauth1/session.py:479
2019-06-16 08:03:34.010 6030 DEBUG cinderclient.v2.client [-] RESP BODY: {"volume_type": {"name": "s_rally_5b61159b_hEf7xt08", "extra_specs": {}, "os-volume-type-access:is_public": true, "is_public": true, "id": "5010030a-47c9-41ff-a6a4-229a01baeda3", "description": "test"}} _http_log_response /usr/lib/python2.7/site-packages/keystoneauth1/session.py:511
2019-06-16 08:03:34.011 6030 DEBUG cinderclient.v2.client [-] POST call to volumev2 for http://172.30.9.37:8776/v3/f7398cf58a9c410983e6ca42c5cce1d7/types used request id req-1e378602-68ed-4b74-b343-be7a61604957 request /usr/lib/python2.7/site-packages/keystoneauth1/session.py:844
2019-06-16 08:03:34.013 6030 DEBUG cinderclient.v2.client [-] REQ: curl -g -i -X PUT http://172.30.9.37:8776/v3/f7398cf58a9c410983e6ca42c5cce1d7/types/5010030a-47c9-41ff-a6a4-229a01baeda3 -H "Accept: application/json" -H "Content-Type: application/json" -H "User-Agent: python-cinderclient" -H "X-Auth-Token: {SHA1}aa24e03d27bde2af8c224ed5f7227b866af13aee" -H "X-OpenStack-Request-ID: req-1e378602-68ed-4b74-b343-be7a61604957" -d '{"volume_type": {"name": "s_rally_5b61159b_hEf7xt08", "description": "test update"}}' _http_log_request /usr/lib/python2.7/site-packages/keystoneauth1/session.py:448
2019-06-16 08:03:34.013 6032 DEBUG cinderclient.v2.client [-] RESP: [200] Content-Encoding: gzip Content-Length: 168 Content-Type: application/json Date: Sun, 16 Jun 2019 08:03:33 GMT OpenStack-API-Version: volume 3.0 Server: Apache Vary: OpenStack-API-Version,Accept-Encoding x-compute-request-id: req-ee2614bb-4f86-4df5-9708-72e4a3fe72fc x-openstack-request-id: req-ee2614bb-4f86-4df5-9708-72e4a3fe72fc _http_log_response /usr/lib/python2.7/site-packages/keystoneauth1/session.py:479
2019-06-16 08:03:34.013 6031 DEBUG cinderclient.v2.client [-] RESP: [200] Content-Encoding: gzip Content-Length: 170 Content-Type: application/json Date: Sun, 16 Jun 2019 08:03:33 GMT OpenStack-API-Version: volume 3.0 Server: Apache Vary: OpenStack-API-Version,Accept-Encoding x-compute-request-id: req-a66cf607-4dd2-46fd-97f6-3f22420424c3 x-openstack-request-id: req-a66cf607-4dd2-46fd-97f6-3f22420424c3 _http_log_response /usr/lib/python2.7/site-packages/keystoneauth1/session.py:479
2019-06-16 08:03:34.014 6032 DEBUG cinderclient.v2.client [-] RESP BODY: {"volume_type": {"name": "s_rally_5b61159b_bsUAakw0", "extra_specs": {}, "os-volume-type-access:is_public": true, "is_public": true, "id": "a8cffc9f-038b-428f-95a3-83e52afbfd80", "description": "test"}} _http_log_response /usr/lib/python2.7/site-packages/keystoneauth1/session.py:511
2019-06-16 08:03:34.014 6031 DEBUG cinderclient.v2.client [-] RESP BODY: {"volume_type": {"name": "s_rally_5b61159b_aAm12E0N", "extra_specs": {}, "os-volume-type-access:is_public": true, "is_public": true, "id": "b202f918-88b4-416f-a90d-10f7dd3865e7", "description": "test"}} _http_log_response /usr/lib/python2.7/site-packages/keystoneauth1/session.py:511
2019-06-16 08:03:34.014 6032 DEBUG cinderclient.v2.client [-] POST call to volumev2 for http://172.30.9.37:8776/v3/f7398cf58a9c410983e6ca42c5cce1d7/types used request id req-ee2614bb-4f86-4df5-9708-72e4a3fe72fc request /usr/lib/python2.7/site-packages/keystoneauth1/session.py:844
