2019-06-16 07:57:27.514 1842 RALLYDEBUG rally_openstack.cleanup.manager [-] Cleaning up cinder volume_snapshots objects
2019-06-16 07:57:29.668 1842 RALLYDEBUG rally_openstack.cleanup.manager [-] Cleaning up cinder transfers objects
2019-06-16 07:57:31.681 1842 RALLYDEBUG rally_openstack.cleanup.manager [-] Cleaning up cinder volumes objects
2019-06-16 07:57:33.639 1842 INFO rally.task.context [-] Task 1043b75f-8488-4cde-922b-d302cfa54aa4 | Context cleanup@openstack cleanup() finished in 8.02 sec
2019-06-16 07:57:33.640 1842 INFO rally.task.context [-] Task 1043b75f-8488-4cde-922b-d302cfa54aa4 | Context volumes@openstack cleanup() started
2019-06-16 07:57:33.640 1842 RALLYDEBUG rally_openstack.cleanup.manager [-] Cleaning up cinder volumes objects
2019-06-16 07:57:35.593 1842 RALLYDEBUG rally_openstack.cleanup.manager [-] Deleting cinder.volumes object c_rally_bf698a2c_V8KJftOg (0cecab59-e8a5-4bef-840e-e8c15b77da42)
2019-06-16 07:57:35.596 1842 RALLYDEBUG rally_openstack.cleanup.manager [-] Deleting cinder.volumes object c_rally_bf698a2c_3Wcbdbfd (d30a549b-5f73-4f61-9cfb-f19095db27a8)
2019-06-16 07:57:35.602 1842 RALLYDEBUG rally_openstack.cleanup.manager [-] Deleting cinder.volumes object c_rally_bf698a2c_AwAkRUCC (312a7f5e-d968-476c-8ab4-54c3735422a3)
2019-06-16 07:57:38.845 1842 INFO rally.task.context [-] Task 1043b75f-8488-4cde-922b-d302cfa54aa4 | Context volumes@openstack cleanup() finished in 5.21 sec
2019-06-16 07:57:38.846 1842 INFO rally.task.context [-] Task 1043b75f-8488-4cde-922b-d302cfa54aa4 | Context quotas@openstack cleanup() started
2019-06-16 07:57:39.276 1842 INFO rally.task.context [-] Task 1043b75f-8488-4cde-922b-d302cfa54aa4 | Context quotas@openstack cleanup() finished in 0.43 sec
2019-06-16 07:57:39.277 1842 INFO rally.task.context [-] Task 1043b75f-8488-4cde-922b-d302cfa54aa4 | Context api_versions@openstack cleanup() started
2019-06-16 07:57:39.277 1842 INFO rally.task.context [-] Task 1043b75f-8488-4cde-922b-d302cfa54aa4 | Context api_versions@openstack cleanup() finished in 0.34 msec
2019-06-16 07:57:39.278 1842 INFO rally.task.context [-] Task 1043b75f-8488-4cde-922b-d302cfa54aa4 | Context users@openstack cleanup() started
2019-06-16 07:57:45.966 1842 INFO rally.task.context [-] Task 1043b75f-8488-4cde-922b-d302cfa54aa4 | Context users@openstack cleanup() finished in 6.69 sec
2019-06-16 07:57:46.195 1842 INFO rally.task.engine [-] Load duration is: 18.120525
2019-06-16 07:57:46.196 1842 INFO rally.task.engine [-] Full runner duration is: 18.177079
2019-06-16 07:57:46.196 1842 INFO rally.task.engine [-] Full duration is: 56.201071
2019-06-16 07:57:46.419 1842 INFO rally.task.engine [-] Running workload: position = 0 config = { "version": 2, "title": "A cropped version of a bigger task.", "description": "Auto-generated task from a single workload (uuid=3f633a63-cf64-4825-b02e-57be0e27ebfb)", "subtasks": [ { "title": "CinderVolumes.create_and_delete_volume", "description": "Create and then delete a volume.", "scenario": { "CinderVolumes.create_and_delete_volume": { "size": { "max": 1, "min": 1 } } }, "contexts": { "users": { "tenants": 3, "users_per_tenant": 2 }, "quotas": { "cinder": { "gigabytes": -1, "snapshots": -1, "volumes": -1 } }, "api_versions": { "cinder": { "version": 3, "service_type": "volumev3" } } }, "runner": { "constant": { "concurrency": 4, "times": 10 } }, "hooks": [], "sla": { "failure_rate": { "max": 0 } } } ] }
2019-06-16 07:57:46.442 1842 RALLYDEBUG rally_openstack.contexts.keystone.users [-] Creating 3 tenants using 20 threads
2019-06-16 07:57:48.190 1842 RALLYDEBUG rally_openstack.contexts.keystone.users [-] Creating 6 users using 20 threads
2019-06-16 07:57:50.828 1842 INFO rally.task.context [-] Task 1043b75f-8488-4cde-922b-d302cfa54aa4 | Context users@openstack setup() finished in 4.39 sec
2019-06-16 07:57:51.272 1842 INFO rally.task.context [-] Task 1043b75f-8488-4cde-922b-d302cfa54aa4 | Context api_versions@openstack setup() finished in 0.44 sec
2019-06-16 07:57:52.774 1842 INFO rally.task.context [-] Task 1043b75f-8488-4cde-922b-d302cfa54aa4 | Context quotas@openstack setup() finished in 1.50 sec
2019-06-16 07:57:52.774 1842 INFO rally.task.context [-] Task 1043b75f-8488-4cde-922b-d302cfa54aa4 | Context cleanup@openstack setup() finished in 0.01 msec
2019-06-16 07:57:52.782 1842 RALLYDEBUG rally.task.runner [-] Starting the constant runner (task UUID: 1043b75f-8488-4cde-922b-d302cfa54aa4). timeout: 0 concurrency: 4 concurrency_per_worker: 1 times: 10 concurrency_overhead: 0 processes_to_start: 4 max_cpu_used: 16
2019-06-16 07:57:52.796 4170 RALLYDEBUG rally.task.runner [-] Starting a worker. concurrency: 1 args: {"size": {"max": 1, "min": 1}} times: 10 method_name: run timeout: 0 duration: None cls:
2019-06-16 07:57:52.799 4171 RALLYDEBUG rally.task.runner [-] Starting a worker. concurrency: 1 args: {"size": {"max": 1, "min": 1}} times: 10 method_name: run timeout: 0 duration: None cls:
2019-06-16 07:57:52.803 4172 RALLYDEBUG rally.task.runner [-] Starting a worker. concurrency: 1 args: {"size": {"max": 1, "min": 1}} times: 10 method_name: run timeout: 0 duration: None cls:
2019-06-16 07:57:52.804 4170 INFO rally.task.runner [-] Task 1043b75f-8488-4cde-922b-d302cfa54aa4 | ITER: 1 START
2019-06-16 07:57:52.808 4171 INFO rally.task.runner [-] Task 1043b75f-8488-4cde-922b-d302cfa54aa4 | ITER: 2 START
2019-06-16 07:57:52.808 4173 RALLYDEBUG rally.task.runner [-] Starting a worker. concurrency: 1 args: {"size": {"max": 1, "min": 1}} times: 10 method_name: run timeout: 0 duration: None cls:
2019-06-16 07:57:52.811 4172 INFO rally.task.runner [-] Task 1043b75f-8488-4cde-922b-d302cfa54aa4 | ITER: 3 START
2019-06-16 07:57:52.817 4173 INFO rally.task.runner [-] Task 1043b75f-8488-4cde-922b-d302cfa54aa4 | ITER: 4 START
2019-06-16 07:57:56.920 4173 RALLYDEBUG rally.task.utils [-] Waiting for resource s_rally_3f633a63_NjolZsoh. Status changed: AVAILABLE => DELETING in 0.306515216827
2019-06-16 07:57:56.949 4172 RALLYDEBUG rally.task.utils [-] Waiting for resource s_rally_3f633a63_9nrGnkBH. Status changed: AVAILABLE => DELETING in 0.39662194252
2019-06-16 07:57:56.979 4170 RALLYDEBUG rally.task.utils [-] Waiting for resource s_rally_3f633a63_HPbqmw0B. Status changed: AVAILABLE => DELETING in 0.340256929398
2019-06-16 07:57:57.133 4171 RALLYDEBUG rally.task.utils [-] Waiting for resource s_rally_3f633a63_6f7WUH64. Status changed: AVAILABLE => DELETING in 0.257887840271
2019-06-16 07:57:58.962 4173 INFO rally.task.runner [-] Task 1043b75f-8488-4cde-922b-d302cfa54aa4 | ITER: 4 END: OK
2019-06-16 07:57:58.967 4173 INFO rally.task.runner [-] Task 1043b75f-8488-4cde-922b-d302cfa54aa4 | ITER: 5 START
2019-06-16 07:57:58.991 4172 INFO rally.task.runner [-] Task 1043b75f-8488-4cde-922b-d302cfa54aa4 | ITER: 3 END: OK
2019-06-16 07:57:58.995 4172 INFO rally.task.runner [-] Task 1043b75f-8488-4cde-922b-d302cfa54aa4 | ITER: 6 START
2019-06-16 07:57:59.202 4170 INFO rally.task.runner [-] Task 1043b75f-8488-4cde-922b-d302cfa54aa4 | ITER: 1 END: OK
2019-06-16 07:57:59.208 4170 INFO rally.task.runner [-] Task 1043b75f-8488-4cde-922b-d302cfa54aa4 | ITER: 7 START
2019-06-16 07:57:59.370 4171 INFO rally.task.runner [-] Task 1043b75f-8488-4cde-922b-d302cfa54aa4 | ITER: 2 END: OK
2019-06-16 07:57:59.375 4171 INFO rally.task.runner [-] Task 1043b75f-8488-4cde-922b-d302cfa54aa4 | ITER: 8 START
2019-06-16 07:58:02.875 4172 INFO rally.task.runner [-] Task 1043b75f-8488-4cde-922b-d302cfa54aa4 | ITER: 6 END: OK
2019-06-16 07:58:02.881 4172 INFO rally.task.runner [-] Task 1043b75f-8488-4cde-922b-d302cfa54aa4 | ITER: 9 START
2019-06-16 07:58:03.174 4171 RALLYDEBUG rally.task.utils [-] Waiting for resource s_rally_3f633a63_Iu1rT8Mu. Status changed: AVAILABLE => DELETING in 0.265333175659
2019-06-16 07:58:03.300 4173 INFO rally.task.runner [-] Task 1043b75f-8488-4cde-922b-d302cfa54aa4 | ITER: 5 END: OK
2019-06-16 07:58:03.306 4173 INFO rally.task.runner [-] Task 1043b75f-8488-4cde-922b-d302cfa54aa4 | ITER: 10 START
2019-06-16 07:58:03.314 4170 RALLYDEBUG rally.task.utils [-] Waiting for resource s_rally_3f633a63_KEz3QLHd. Status changed: AVAILABLE => DELETING in 0.285800933838
2019-06-16 07:58:05.410 4171 INFO rally.task.runner [-] Task 1043b75f-8488-4cde-922b-d302cfa54aa4 | ITER: 8 END: OK
2019-06-16 07:58:05.534 4170 INFO rally.task.runner [-] Task 1043b75f-8488-4cde-922b-d302cfa54aa4 | ITER: 7 END: OK
2019-06-16 07:58:06.739 4172 INFO rally.task.runner [-] Task 1043b75f-8488-4cde-922b-d302cfa54aa4 | ITER: 9 END: OK
2019-06-16 07:58:07.128 4173 INFO rally.task.runner [-] Task 1043b75f-8488-4cde-922b-d302cfa54aa4 | ITER: 10 END: OK
2019-06-16 07:58:07.158 1842 INFO rally.task.context [-] Task 1043b75f-8488-4cde-922b-d302cfa54aa4 | Context cleanup@openstack cleanup() started
2019-06-16 07:58:07.161 1842 RALLYDEBUG rally_openstack.cleanup.manager [-] Cleaning up cinder backups objects
2019-06-16 07:58:09.111 1842 RALLYDEBUG rally_openstack.cleanup.manager [-] Cleaning up cinder volume_snapshots objects
2019-06-16 07:58:10.968 1842 RALLYDEBUG rally_openstack.cleanup.manager [-] Cleaning up cinder transfers objects
2019-06-16 07:58:12.895 1842 RALLYDEBUG rally_openstack.cleanup.manager [-] Cleaning up cinder volumes objects
2019-06-16 07:58:14.809 1842 INFO rally.task.context [-] Task 1043b75f-8488-4cde-922b-d302cfa54aa4 | Context cleanup@openstack cleanup() finished in 7.65 sec
2019-06-16 07:58:14.810 1842 INFO rally.task.context [-] Task 1043b75f-8488-4cde-922b-d302cfa54aa4 | Context quotas@openstack cleanup() started
2019-06-16 07:58:15.343 1842 INFO rally.task.context [-] Task 1043b75f-8488-4cde-922b-d302cfa54aa4 | Context quotas@openstack cleanup() finished in 0.53 sec
2019-06-16 07:58:15.344 1842 INFO rally.task.context [-] Task 1043b75f-8488-4cde-922b-d302cfa54aa4 | Context api_versions@openstack cleanup() started
2019-06-16 07:58:15.344 1842 INFO rally.task.context [-] Task 1043b75f-8488-4cde-922b-d302cfa54aa4 | Context api_versions@openstack cleanup() finished in 0.32 msec
2019-06-16 07:58:15.344 1842 INFO rally.task.context [-] Task 1043b75f-8488-4cde-922b-d302cfa54aa4 | Context users@openstack cleanup() started
2019-06-16 07:58:22.439 1842 INFO rally.task.context [-] Task 1043b75f-8488-4cde-922b-d302cfa54aa4 | Context users@openstack cleanup() finished in 7.09 sec
2019-06-16 07:58:22.591 1842 INFO rally.task.engine [-] Load duration is: 14.318836
2019-06-16 07:58:22.592 1842 INFO rally.task.engine [-] Full runner duration is: 14.375787
2019-06-16 07:58:22.592 1842 INFO rally.task.engine [-] Full duration is: 36.001307
2019-06-16 07:58:22.746 1842 INFO rally.task.engine [-] Running workload: position = 1 config = { "version": 2, "title": "A cropped version of a bigger task.", "description": "Auto-generated task from a single workload (uuid=47ec2e82-4ff3-401f-9dda-7857496ec439)", "subtasks": [ { "title": "CinderVolumes.create_and_delete_volume", "description": "Create and then delete a volume.", "scenario": { "CinderVolumes.create_and_delete_volume": { "image": { "name": "rally_full-img_6a56f1ff-92ca-42e7-8070-0eb4a0ad65f5" }, "size": 1 } }, "contexts": { "users": { "tenants": 3, "users_per_tenant": 2 }, "quotas": { "cinder": { "gigabytes": -1, "snapshots": -1, "volumes": -1 } }, "api_versions": { "cinder": { "version": 3, "service_type": "volumev3" } } }, "runner": { "constant": { "concurrency": 4, "times": 10 } }, "hooks": [], "sla": { "failure_rate": { "max": 0 } } } ] }
2019-06-16 07:58:22.769 1842 RALLYDEBUG rally_openstack.contexts.keystone.users [-] Creating 3 tenants using 20 threads
2019-06-16 07:58:24.616 1842 RALLYDEBUG rally_openstack.contexts.keystone.users [-] Creating 6 users using 20 threads
2019-06-16 07:58:27.351 1842 INFO rally.task.context [-] Task 1043b75f-8488-4cde-922b-d302cfa54aa4 | Context users@openstack setup() finished in 4.58 sec
2019-06-16 07:58:27.797 1842 INFO rally.task.context [-] Task 1043b75f-8488-4cde-922b-d302cfa54aa4 | Context api_versions@openstack setup() finished in 0.45 sec
2019-06-16 07:58:29.419 1842 INFO rally.task.context [-] Task 1043b75f-8488-4cde-922b-d302cfa54aa4 | Context quotas@openstack setup() finished in 1.62 sec
2019-06-16 07:58:29.420 1842 INFO rally.task.context [-] Task 1043b75f-8488-4cde-922b-d302cfa54aa4 | Context cleanup@openstack setup() finished in 0.01 msec
2019-06-16 07:58:30.153 1842 RALLYDEBUG rally.task.runner [-] Starting the constant runner (task UUID: 1043b75f-8488-4cde-922b-d302cfa54aa4). timeout: 0 concurrency: 4 concurrency_per_worker: 1 times: 10 concurrency_overhead: 0 processes_to_start: 4 max_cpu_used: 16
2019-06-16 07:58:30.166 4354 RALLYDEBUG rally.task.runner [-] Starting a worker. concurrency: 1 args: {"image": "8e71ceb5-0d8d-4325-967e-cb6a7ce63321", "size": 1} times: 10 method_name: run timeout: 0 duration: None cls:
2019-06-16 07:58:30.169 4355 RALLYDEBUG rally.task.runner [-] Starting a worker. concurrency: 1 args: {"image": "8e71ceb5-0d8d-4325-967e-cb6a7ce63321", "size": 1} times: 10 method_name: run timeout: 0 duration: None cls:
2019-06-16 07:58:30.173 4356 RALLYDEBUG rally.task.runner [-] Starting a worker. concurrency: 1 args: {"image": "8e71ceb5-0d8d-4325-967e-cb6a7ce63321", "size": 1} times: 10 method_name: run timeout: 0 duration: None cls:
2019-06-16 07:58:30.175 4354 INFO rally.task.runner [-] Task 1043b75f-8488-4cde-922b-d302cfa54aa4 | ITER: 1 START
2019-06-16 07:58:30.175 4357 RALLYDEBUG rally.task.runner [-] Starting a worker. concurrency: 1 args: {"image": "8e71ceb5-0d8d-4325-967e-cb6a7ce63321", "size": 1} times: 10 method_name: run timeout: 0 duration: None cls:
2019-06-16 07:58:30.178 4355 INFO rally.task.runner [-] Task 1043b75f-8488-4cde-922b-d302cfa54aa4 | ITER: 2 START
2019-06-16 07:58:30.181 4356 INFO rally.task.runner [-] Task 1043b75f-8488-4cde-922b-d302cfa54aa4 | ITER: 3 START
2019-06-16 07:58:30.183 4357 INFO rally.task.runner [-] Task 1043b75f-8488-4cde-922b-d302cfa54aa4 | ITER: 4 START
2019-06-16 07:58:34.212 4356 RALLYDEBUG rally.task.utils [-] Waiting for resource s_rally_47ec2e82_9nR2yTh5. Status changed: CREATING => DOWNLOADING in 0.717004060745
2019-06-16 07:58:36.277 4356 RALLYDEBUG rally.task.utils [-] Waiting for resource s_rally_47ec2e82_9nR2yTh5. Status changed: DOWNLOADING => AVAILABLE in 2.06542110443
2019-06-16 07:58:36.454 4355 RALLYDEBUG rally.task.utils [-] Waiting for resource s_rally_47ec2e82_Kb0T4Nft. Status changed: CREATING => DOWNLOADING in 2.95676398277
2019-06-16 07:58:36.651 4354 RALLYDEBUG rally.task.utils [-] Waiting for resource s_rally_47ec2e82_PTAwZ3YX. Status changed: DOWNLOADING => AVAILABLE in 2.69714188576
2019-06-16 07:58:36.881 4356 INFO rally.task.runner [-] Task 1043b75f-8488-4cde-922b-d302cfa54aa4 | ITER: 3 END: OK
2019-06-16 07:58:36.885 4356 INFO rally.task.runner [-] Task 1043b75f-8488-4cde-922b-d302cfa54aa4 | ITER: 5 START
2019-06-16 07:58:36.968 4354 RALLYDEBUG rally.task.utils [-] Waiting for resource s_rally_47ec2e82_PTAwZ3YX. Status changed: AVAILABLE => DELETING in 0.0551810264587
2019-06-16 07:58:38.296 4357 RALLYDEBUG rally.task.utils [-] Waiting for resource s_rally_47ec2e82_3WmorVYW. Status changed: DOWNLOADING => AVAILABLE in 4.71614193916
2019-06-16 07:58:38.801 4355 RALLYDEBUG rally.task.utils [-] Waiting for resource s_rally_47ec2e82_Kb0T4Nft. Status changed: DOWNLOADING => AVAILABLE in 2.34778404236
2019-06-16 07:58:38.872 4357 RALLYDEBUG rally.task.utils [-] Waiting for resource s_rally_47ec2e82_3WmorVYW. Status changed: AVAILABLE => DELETING in 0.330387115479
2019-06-16 07:58:39.129 4355 RALLYDEBUG rally.task.utils [-] Waiting for resource s_rally_47ec2e82_Kb0T4Nft. Status changed: AVAILABLE => DELETING in 0.059427022934
2019-06-16 07:58:39.215 4354 INFO rally.task.runner [-] Task 1043b75f-8488-4cde-922b-d302cfa54aa4 | ITER: 1 END: OK
2019-06-16 07:58:39.221 4354 INFO rally.task.runner [-] Task 1043b75f-8488-4cde-922b-d302cfa54aa4 | ITER: 6 START
2019-06-16 07:58:41.182 4357 INFO rally.task.runner [-] Task 1043b75f-8488-4cde-922b-d302cfa54aa4 | ITER: 4 END: OK
2019-06-16 07:58:41.187 4357 INFO rally.task.runner [-] Task 1043b75f-8488-4cde-922b-d302cfa54aa4 | ITER: 7 START
2019-06-16 07:58:41.427 4355 INFO rally.task.runner [-] Task 1043b75f-8488-4cde-922b-d302cfa54aa4 | ITER: 2 END: OK
2019-06-16 07:58:41.433 4355 INFO rally.task.runner [-] Task 1043b75f-8488-4cde-922b-d302cfa54aa4 | ITER: 8 START
2019-06-16 07:58:42.935 4356 RALLYDEBUG rally.task.utils [-] Waiting for resource s_rally_47ec2e82_Bmx4Z20z. Status changed: DOWNLOADING => AVAILABLE in 2.75643110275
2019-06-16 07:58:43.524 4356 RALLYDEBUG rally.task.utils [-] Waiting for resource s_rally_47ec2e82_Bmx4Z20z. Status changed: AVAILABLE => DELETING in 0.267329216003
2019-06-16 07:58:45.506 4354 RALLYDEBUG rally.task.utils [-] Waiting for resource s_rally_47ec2e82_BoEDpagC. Status changed: DOWNLOADING => AVAILABLE in 3.08336186409
2019-06-16 07:58:45.749 4356 INFO rally.task.runner [-] Task 1043b75f-8488-4cde-922b-d302cfa54aa4 | ITER: 5 END: OK
2019-06-16 07:58:45.753 4356 INFO rally.task.runner [-] Task 1043b75f-8488-4cde-922b-d302cfa54aa4 | ITER: 9 START
2019-06-16 07:58:45.897 4354 RALLYDEBUG rally.task.utils [-] Waiting for resource s_rally_47ec2e82_BoEDpagC. Status changed: AVAILABLE => DELETING in 0.0533480644226
2019-06-16 07:58:46.784 4357 RALLYDEBUG rally.task.utils [-] Waiting for resource s_rally_47ec2e82_GU5Qp6YB. Status changed: DOWNLOADING => AVAILABLE in 2.39237809181
2019-06-16 07:58:47.312 4357 RALLYDEBUG rally.task.utils [-] Waiting for resource s_rally_47ec2e82_GU5Qp6YB. Status changed: AVAILABLE => DELETING in 0.27028799057
2019-06-16 07:58:47.424 4355 RALLYDEBUG rally.task.utils [-] Waiting for resource s_rally_47ec2e82_n4tLphUw. Status changed: DOWNLOADING => AVAILABLE in 2.77395296097
2019-06-16 07:58:47.938 4354 INFO rally.task.runner [-] Task 1043b75f-8488-4cde-922b-d302cfa54aa4 | ITER: 6 END: OK
2019-06-16 07:58:47.944 4354 INFO rally.task.runner [-] Task 1043b75f-8488-4cde-922b-d302cfa54aa4 | ITER: 10 START
2019-06-16 07:58:47.969 4355 RALLYDEBUG rally.task.utils [-] Waiting for resource s_rally_47ec2e82_n4tLphUw. Status changed: AVAILABLE => DELETING in 0.0533590316772
2019-06-16 07:58:49.642 4357 INFO rally.task.runner [-] Task 1043b75f-8488-4cde-922b-d302cfa54aa4 | ITER: 7 END: OK
2019-06-16 07:58:50.012 4355 INFO rally.task.runner [-] Task 1043b75f-8488-4cde-922b-d302cfa54aa4 | ITER: 8 END: OK
2019-06-16 07:58:51.752 4356 RALLYDEBUG rally.task.utils [-] Waiting for resource s_rally_47ec2e82_mLtyovzv. Status changed: DOWNLOADING => AVAILABLE in 2.69518494606
2019-06-16 07:58:52.446 4356 INFO rally.task.runner [-] Task 1043b75f-8488-4cde-922b-d302cfa54aa4 | ITER: 9 END: OK
2019-06-16 07:58:53.817 4354 RALLYDEBUG rally.task.utils [-] Waiting for resource s_rally_47ec2e82_gj016ihQ. Status changed: DOWNLOADING => AVAILABLE in 2.64638614655
2019-06-16 07:58:54.138 4354 INFO rally.task.runner [-] Task 1043b75f-8488-4cde-922b-d302cfa54aa4 | ITER: 10 END: OK
2019-06-16 07:58:54.168 1842 INFO rally.task.context [-] Task 1043b75f-8488-4cde-922b-d302cfa54aa4 | Context cleanup@openstack cleanup() started
2019-06-16 07:58:54.171 1842 RALLYDEBUG rally_openstack.cleanup.manager [-] Cleaning up cinder backups objects
2019-06-16 07:58:56.046 1842 RALLYDEBUG rally_openstack.cleanup.manager [-] Cleaning up cinder volume_snapshots objects
2019-06-16 07:58:58.230 1842 RALLYDEBUG rally_openstack.cleanup.manager [-] Cleaning up cinder transfers objects
2019-06-16 07:59:00.243 1842 RALLYDEBUG rally_openstack.cleanup.manager [-] Cleaning up cinder volumes objects
2019-06-16 07:59:02.156 1842 INFO rally.task.context [-] Task 1043b75f-8488-4cde-922b-d302cfa54aa4 | Context cleanup@openstack cleanup() finished in 7.99 sec
2019-06-16 07:59:02.157 1842 INFO rally.task.context [-] Task 1043b75f-8488-4cde-922b-d302cfa54aa4 | Context quotas@openstack cleanup() started
2019-06-16 07:59:02.807 1842 INFO rally.task.context [-] Task 1043b75f-8488-4cde-922b-d302cfa54aa4 | Context quotas@openstack cleanup() finished in 0.65 sec
2019-06-16 07:59:02.808 1842 INFO rally.task.context [-] Task 1043b75f-8488-4cde-922b-d302cfa54aa4 | Context api_versions@openstack cleanup() started
2019-06-16 07:59:02.808 1842 INFO rally.task.context [-] Task 1043b75f-8488-4cde-922b-d302cfa54aa4 | Context api_versions@openstack cleanup() finished in 0.35 msec
2019-06-16 07:59:02.809 1842 INFO rally.task.context [-] Task 1043b75f-8488-4cde-922b-d302cfa54aa4 | Context users@openstack cleanup() started
2019-06-16 07:59:09.910 1842 INFO rally.task.context [-] Task 1043b75f-8488-4cde-922b-d302cfa54aa4 | Context users@openstack cleanup() finished in 7.10 sec
2019-06-16 07:59:10.974 1842 INFO rally.task.engine [-] Load duration is: 23.958891
2019-06-16 07:59:10.975 1842 INFO rally.task.engine [-] Full runner duration is: 24.015899
2019-06-16 07:59:10.975 1842 INFO rally.task.engine [-] Full duration is: 47.14528
2019-06-16 07:59:11.096 1842 INFO rally.task.engine [-] Running workload: position = 2 config = { "version": 2, "title": "A cropped version of a bigger task.", "description": "Auto-generated task from a single workload (uuid=461bcdec-1366-4aa3-8bd2-9dbf75650568)", "subtasks": [ { "title": "CinderVolumes.create_and_delete_volume", "description": "Create and then delete a volume.", "scenario": { "CinderVolumes.create_and_delete_volume": { "size": 1 } }, "contexts": { "users": { "tenants": 3, "users_per_tenant": 2 }, "quotas": { "cinder": { "gigabytes": -1, "snapshots": -1, "volumes": -1 } }, "api_versions": { "cinder": { "version": 3, "service_type": "volumev3" } } }, "runner": { "constant": { "concurrency": 4, "times": 10 } }, "hooks": [], "sla": { "failure_rate": { "max": 0 } } } ] }
2019-06-16 07:59:11.117 1842 RALLYDEBUG rally_openstack.contexts.keystone.users [-] Creating 3 tenants using 20 threads
2019-06-16 07:59:12.865 1842 RALLYDEBUG rally_openstack.contexts.keystone.users [-] Creating 6 users using 20 threads
2019-06-16 07:59:15.512 1842 INFO rally.task.context [-] Task 1043b75f-8488-4cde-922b-d302cfa54aa4 | Context users@openstack setup() finished in 4.40 sec
2019-06-16 07:59:16.062 1842 INFO rally.task.context [-] Task 1043b75f-8488-4cde-922b-d302cfa54aa4 | Context api_versions@openstack setup() finished in 0.55 sec
2019-06-16 07:59:17.845 1842 INFO rally.task.context [-] Task 1043b75f-8488-4cde-922b-d302cfa54aa4 | Context quotas@openstack setup() finished in 1.78 sec
2019-06-16 07:59:17.845 1842 INFO rally.task.context [-] Task 1043b75f-8488-4cde-922b-d302cfa54aa4 | Context cleanup@openstack setup() finished in 0.00 msec
2019-06-16 07:59:17.853 1842 RALLYDEBUG rally.task.runner [-] Starting the constant runner (task UUID: 1043b75f-8488-4cde-922b-d302cfa54aa4). timeout: 0 concurrency: 4 concurrency_per_worker: 1 times: 10 concurrency_overhead: 0 processes_to_start: 4 max_cpu_used: 16
2019-06-16 07:59:17.867 4538 RALLYDEBUG rally.task.runner [-] Starting a worker. concurrency: 1 args: {"size": 1} times: 10 method_name: run timeout: 0 duration: None cls:
2019-06-16 07:59:17.869 4539 RALLYDEBUG rally.task.runner [-] Starting a worker. concurrency: 1 args: {"size": 1} times: 10 method_name: run timeout: 0 duration: None cls:
2019-06-16 07:59:17.872 4540 RALLYDEBUG rally.task.runner [-] Starting a worker. concurrency: 1 args: {"size": 1} times: 10 method_name: run timeout: 0 duration: None cls:
2019-06-16 07:59:17.875 4538 INFO rally.task.runner [-] Task 1043b75f-8488-4cde-922b-d302cfa54aa4 | ITER: 1 START
2019-06-16 07:59:17.875 4541 RALLYDEBUG rally.task.runner [-] Starting a worker. concurrency: 1 args: {"size": 1} times: 10 method_name: run timeout: 0 duration: None cls:
2019-06-16 07:59:17.878 4539 INFO rally.task.runner [-] Task 1043b75f-8488-4cde-922b-d302cfa54aa4 | ITER: 2 START
2019-06-16 07:59:17.878 4540 INFO rally.task.runner [-] Task 1043b75f-8488-4cde-922b-d302cfa54aa4 | ITER: 3 START
2019-06-16 07:59:17.883 4541 INFO rally.task.runner [-] Task 1043b75f-8488-4cde-922b-d302cfa54aa4 | ITER: 4 START
2019-06-16 07:59:21.957 4540 INFO rally.task.runner [-] Task 1043b75f-8488-4cde-922b-d302cfa54aa4 | ITER: 3 END: OK
2019-06-16 07:59:21.962 4540 INFO rally.task.runner [-] Task 1043b75f-8488-4cde-922b-d302cfa54aa4 | ITER: 5 START
2019-06-16 07:59:21.990 4541 RALLYDEBUG rally.task.utils [-] Waiting for resource s_rally_461bcdec_Wvl01aST. Status changed: AVAILABLE => DELETING in 0.0570311546326
2019-06-16 07:59:22.075 4539 RALLYDEBUG rally.task.utils [-] Waiting for resource s_rally_461bcdec_b3cBGasE. Status changed: AVAILABLE => DELETING in 0.063362121582
2019-06-16 07:59:22.228 4538 RALLYDEBUG rally.task.utils [-] Waiting for resource s_rally_461bcdec_PzZQDNrH. Status changed: AVAILABLE => DELETING in 0.251415014267
2019-06-16 07:59:24.034 4541 INFO rally.task.runner [-] Task 1043b75f-8488-4cde-922b-d302cfa54aa4 | ITER: 4 END: OK
2019-06-16 07:59:24.039 4541 INFO rally.task.runner [-] Task 1043b75f-8488-4cde-922b-d302cfa54aa4 | ITER: 6 START
2019-06-16 07:59:24.123 4539 INFO rally.task.runner [-] Task 1043b75f-8488-4cde-922b-d302cfa54aa4 | ITER: 2 END: OK
2019-06-16 07:59:24.128 4539 INFO rally.task.runner [-] Task 1043b75f-8488-4cde-922b-d302cfa54aa4 | ITER: 7 START
2019-06-16 07:59:24.452 4538 INFO rally.task.runner [-] Task 1043b75f-8488-4cde-922b-d302cfa54aa4 | ITER: 1 END: OK
2019-06-16 07:59:24.457 4538 INFO rally.task.runner [-] Task 1043b75f-8488-4cde-922b-d302cfa54aa4 | ITER: 8 START
2019-06-16 07:59:25.711 4540 RALLYDEBUG rally.task.utils [-] Waiting for resource s_rally_461bcdec_mD1XkOn0. Status changed: AVAILABLE => DELETING in 0.0521388053894
2019-06-16 07:59:27.844 4541 RALLYDEBUG rally.task.utils [-] Waiting for resource s_rally_461bcdec_CSlWmNb4. Status changed: AVAILABLE => DELETING in 0.0654711723328
2019-06-16 07:59:27.967 4540 INFO rally.task.runner [-] Task 1043b75f-8488-4cde-922b-d302cfa54aa4 | ITER: 5 END: OK
2019-06-16 07:59:27.972 4540 INFO rally.task.runner [-] Task 1043b75f-8488-4cde-922b-d302cfa54aa4 | ITER: 9 START
2019-06-16 07:59:28.035 4539 RALLYDEBUG rally.task.utils [-] Waiting for resource s_rally_461bcdec_PaxLh39H. Status changed: AVAILABLE => DELETING in 0.0701971054077
2019-06-16 07:59:28.598 4538 RALLYDEBUG rally.task.utils [-] Waiting for resource s_rally_461bcdec_7Ekoiqdn. Status changed: AVAILABLE => DELETING in 0.25502705574
2019-06-16 07:59:30.084 4541 INFO rally.task.runner [-] Task 1043b75f-8488-4cde-922b-d302cfa54aa4 | ITER: 6 END: OK
2019-06-16 07:59:30.090 4541 INFO rally.task.runner [-] Task 1043b75f-8488-4cde-922b-d302cfa54aa4 | ITER: 10 START
2019-06-16 07:59:30.268 4539 INFO rally.task.runner [-] Task 1043b75f-8488-4cde-922b-d302cfa54aa4 | ITER: 7 END: OK
2019-06-16 07:59:30.633 4538 INFO rally.task.runner [-] Task 1043b75f-8488-4cde-922b-d302cfa54aa4 | ITER: 8 END: OK
2019-06-16 07:59:31.734 4540 INFO rally.task.runner [-] Task 1043b75f-8488-4cde-922b-d302cfa54aa4 | ITER: 9 END: OK
2019-06-16 07:59:33.710 4541 INFO rally.task.runner [-] Task 1043b75f-8488-4cde-922b-d302cfa54aa4 | ITER: 10 END: OK
2019-06-16 07:59:33.740 1842 INFO rally.task.context [-] Task 1043b75f-8488-4cde-922b-d302cfa54aa4 | Context cleanup@openstack cleanup() started
2019-06-16 07:59:33.742 1842 RALLYDEBUG rally_openstack.cleanup.manager [-] Cleaning up cinder backups objects
2019-06-16 07:59:35.889 1842 RALLYDEBUG rally_openstack.cleanup.manager [-] Cleaning up cinder volume_snapshots objects
2019-06-16 07:59:37.741 1842 RALLYDEBUG rally_openstack.cleanup.manager [-] Cleaning up cinder transfers objects
2019-06-16 07:59:39.680 1842 RALLYDEBUG rally_openstack.cleanup.manager [-] Cleaning up cinder volumes objects
2019-06-16 07:59:41.697 1842 INFO rally.task.context [-] Task 1043b75f-8488-4cde-922b-d302cfa54aa4 | Context cleanup@openstack cleanup() finished in 7.96 sec
2019-06-16 07:59:41.698 1842 INFO rally.task.context [-] Task 1043b75f-8488-4cde-922b-d302cfa54aa4 | Context quotas@openstack cleanup() started
2019-06-16 07:59:42.439 1842 INFO rally.task.context [-] Task 1043b75f-8488-4cde-922b-d302cfa54aa4 | Context quotas@openstack cleanup() finished in 0.74 sec
2019-06-16 07:59:42.439 1842 INFO rally.task.context [-] Task 1043b75f-8488-4cde-922b-d302cfa54aa4 | Context api_versions@openstack cleanup() started
2019-06-16 07:59:42.440 1842 INFO rally.task.context [-] Task 1043b75f-8488-4cde-922b-d302cfa54aa4 | Context api_versions@openstack cleanup() finished in 0.31 msec
2019-06-16 07:59:42.440 1842 INFO rally.task.context [-] Task 1043b75f-8488-4cde-922b-d302cfa54aa4 | Context users@openstack cleanup() started
2019-06-16 07:59:49.433 1842 INFO rally.task.context [-] Task 1043b75f-8488-4cde-922b-d302cfa54aa4 | Context users@openstack cleanup() finished in 6.99 sec
2019-06-16 07:59:51.282 1842 INFO rally.task.engine [-] Load duration is: 15.829553
2019-06-16 07:59:51.282 1842 INFO rally.task.engine [-] Full runner duration is: 15.886957
2019-06-16 07:59:51.283 1842 INFO rally.task.engine [-] Full duration is: 38.318511
2019-06-16 07:59:51.480 1842 INFO rally.task.engine [-] Running workload: position = 0 config = { "version": 2, "title": "A cropped version of a bigger task.", "description": "Auto-generated task from a single workload (uuid=7be6a563-428e-4dff-9dbe-0811b57a7940)", "subtasks": [ { "title": "CinderVolumes.create_and_extend_volume", "description": "Create and extend a volume and then delete it.", "scenario": { "CinderVolumes.create_and_extend_volume": { "new_size": 2, "size": 1 } }, "contexts": { "users": { "tenants": 3, "users_per_tenant": 2 }, "quotas": { "cinder": { "gigabytes": -1, "snapshots": -1, "volumes": -1 } }, "api_versions": { "cinder": { "version": 3, "service_type": "volumev3" } } }, "runner": { "constant": { "concurrency": 4, "times": 10 } }, "hooks": [], "sla": { "failure_rate": { "max": 0 } } } ] }
2019-06-16 07:59:51.505 1842 RALLYDEBUG rally_openstack.contexts.keystone.users [-] Creating 3 tenants using 20 threads
2019-06-16 07:59:53.329 1842 RALLYDEBUG rally_openstack.contexts.keystone.users [-] Creating 6 users using 20 threads
2019-06-16 07:59:55.945 1842 INFO rally.task.context [-] Task 1043b75f-8488-4cde-922b-d302cfa54aa4 | Context users@openstack setup() finished in 4.44 sec
2019-06-16 07:59:56.368 1842 INFO rally.task.context [-] Task 1043b75f-8488-4cde-922b-d302cfa54aa4 | Context api_versions@openstack setup() finished in 0.42 sec
2019-06-16 07:59:57.919 1842 INFO rally.task.context [-] Task 1043b75f-8488-4cde-922b-d302cfa54aa4 | Context quotas@openstack setup() finished in 1.55 sec
2019-06-16 07:59:57.919 1842 INFO rally.task.context [-] Task 1043b75f-8488-4cde-922b-d302cfa54aa4 | Context cleanup@openstack setup() finished in 0.00 msec
2019-06-16 07:59:57.927 1842 RALLYDEBUG rally.task.runner [-] Starting the constant runner (task UUID: 1043b75f-8488-4cde-922b-d302cfa54aa4). timeout: 0 concurrency: 4 concurrency_per_worker: 1 times: 10 concurrency_overhead: 0 processes_to_start: 4 max_cpu_used: 16
2019-06-16 07:59:57.940 4722 RALLYDEBUG rally.task.runner [-] Starting a worker. concurrency: 1 args: {"new_size": 2, "size": 1} times: 10 method_name: run timeout: 0 duration: None cls:
2019-06-16 07:59:57.943 4723 RALLYDEBUG rally.task.runner [-] Starting a worker. concurrency: 1 args: {"new_size": 2, "size": 1} times: 10 method_name: run timeout: 0 duration: None cls:
2019-06-16 07:59:57.946 4724 RALLYDEBUG rally.task.runner [-] Starting a worker. concurrency: 1 args: {"new_size": 2, "size": 1} times: 10 method_name: run timeout: 0 duration: None cls:
2019-06-16 07:59:57.948 4722 INFO rally.task.runner [-] Task 1043b75f-8488-4cde-922b-d302cfa54aa4 | ITER: 1 START
2019-06-16 07:59:57.949 4725 RALLYDEBUG rally.task.runner [-] Starting a worker. concurrency: 1 args: {"new_size": 2, "size": 1} times: 10 method_name: run timeout: 0 duration: None cls:
2019-06-16 07:59:57.951 4723 INFO rally.task.runner [-] Task 1043b75f-8488-4cde-922b-d302cfa54aa4 | ITER: 2 START
2019-06-16 07:59:57.953 4724 INFO rally.task.runner [-] Task 1043b75f-8488-4cde-922b-d302cfa54aa4 | ITER: 3 START
2019-06-16 07:59:57.956 4725 INFO rally.task.runner [-] Task 1043b75f-8488-4cde-922b-d302cfa54aa4 | ITER: 4 START
2019-06-16 08:00:02.501 4722 RALLYDEBUG rally.task.utils [-] Waiting for resource s_rally_7be6a563_ScufXjmZ. Status changed: AVAILABLE => DELETING in 0.0599000453949
2019-06-16 08:00:02.642 4725 RALLYDEBUG rally.task.utils [-] Waiting for resource s_rally_7be6a563_vSYRMfuB. Status changed: AVAILABLE => DELETING in 0.255449056625
2019-06-16 08:00:02.730 4724 RALLYDEBUG rally.task.utils [-] Waiting for resource s_rally_7be6a563_2gnxheU6. Status changed: AVAILABLE => DELETING in 0.25834107399
2019-06-16 08:00:02.992 4723 RALLYDEBUG rally.task.utils [-] Waiting for resource s_rally_7be6a563_j8P1W04R. Status changed: AVAILABLE => DELETING in 0.252048015594
2019-06-16 08:00:04.542 4722 INFO rally.task.runner [-] Task 1043b75f-8488-4cde-922b-d302cfa54aa4 | ITER: 1 END: OK
2019-06-16 08:00:04.547 4722 INFO rally.task.runner [-] Task 1043b75f-8488-4cde-922b-d302cfa54aa4 | ITER: 5 START
2019-06-16 08:00:04.769 4724 INFO rally.task.runner [-] Task 1043b75f-8488-4cde-922b-d302cfa54aa4 | ITER: 3 END: OK
2019-06-16 08:00:04.774 4724 INFO rally.task.runner [-] Task 1043b75f-8488-4cde-922b-d302cfa54aa4 | ITER: 6 START
2019-06-16 08:00:04.871 4725 INFO rally.task.runner [-] Task 1043b75f-8488-4cde-922b-d302cfa54aa4 | ITER: 4 END: OK
2019-06-16 08:00:04.876 4725 INFO rally.task.runner [-] Task 1043b75f-8488-4cde-922b-d302cfa54aa4 | ITER: 7 START
2019-06-16 08:00:05.271 4723 INFO rally.task.runner [-] Task 1043b75f-8488-4cde-922b-d302cfa54aa4 | ITER: 2 END: OK
2019-06-16 08:00:05.276 4723 INFO rally.task.runner [-] Task 1043b75f-8488-4cde-922b-d302cfa54aa4 | ITER: 8 START
2019-06-16 08:00:09.180 4722 RALLYDEBUG rally.task.utils [-] Waiting for resource s_rally_7be6a563_j8HOFFw0. Status changed: AVAILABLE => DELETING in 0.0887241363525
2019-06-16 08:00:09.261 4724 INFO rally.task.runner [-] Task 1043b75f-8488-4cde-922b-d302cfa54aa4 | ITER: 6 END: OK
2019-06-16 08:00:09.266 4724 INFO rally.task.runner [-] Task 1043b75f-8488-4cde-922b-d302cfa54aa4 | ITER: 9 START
2019-06-16 08:00:09.511 4725 RALLYDEBUG rally.task.utils [-] Waiting for resource s_rally_7be6a563_kLLUnfOA. Status changed: AVAILABLE => DELETING in 0.2531208992
2019-06-16 08:00:09.663 4723 RALLYDEBUG rally.task.utils [-] Waiting for resource s_rally_7be6a563_S9FwdHQB. Status changed: AVAILABLE => DELETING in 0.245288133621
2019-06-16 08:00:11.412 4722 INFO rally.task.runner [-] Task 1043b75f-8488-4cde-922b-d302cfa54aa4 | ITER: 5 END: OK
2019-06-16 08:00:11.417 4722 INFO rally.task.runner [-] Task 1043b75f-8488-4cde-922b-d302cfa54aa4 | ITER: 10 START
2019-06-16 08:00:11.549 4725 INFO rally.task.runner [-] Task 1043b75f-8488-4cde-922b-d302cfa54aa4 | ITER: 7 END: OK
2019-06-16 08:00:11.704 4723 INFO rally.task.runner [-] Task 1043b75f-8488-4cde-922b-d302cfa54aa4 | ITER: 8 END: OK
2019-06-16 08:00:13.780 4724 INFO rally.task.runner [-] Task 1043b75f-8488-4cde-922b-d302cfa54aa4 | ITER: 9 END: OK
2019-06-16 08:00:15.903 4722 INFO rally.task.runner [-] Task 1043b75f-8488-4cde-922b-d302cfa54aa4 | ITER: 10 END: OK
2019-06-16 08:00:15.925 1842 INFO rally.task.context [-] Task 1043b75f-8488-4cde-922b-d302cfa54aa4 | Context cleanup@openstack cleanup() started
2019-06-16 08:00:15.928 1842 RALLYDEBUG rally_openstack.cleanup.manager [-] Cleaning up cinder backups objects
2019-06-16 08:00:17.970 1842 RALLYDEBUG rally_openstack.cleanup.manager [-] Cleaning up cinder volume_snapshots objects
2019-06-16 08:00:20.168 1842 RALLYDEBUG rally_openstack.cleanup.manager [-] Cleaning up cinder transfers objects
2019-06-16 08:00:22.185 1842 RALLYDEBUG rally_openstack.cleanup.manager [-] Cleaning up cinder volumes objects
2019-06-16 08:00:24.204 1842 INFO rally.task.context [-] Task 1043b75f-8488-4cde-922b-d302cfa54aa4 | Context cleanup@openstack cleanup() finished in 8.28 sec
2019-06-16 08:00:24.205 1842 INFO rally.task.context [-] Task 1043b75f-8488-4cde-922b-d302cfa54aa4 | Context quotas@openstack cleanup() started
2019-06-16 08:00:24.747 1842 INFO rally.task.context [-] Task 1043b75f-8488-4cde-922b-d302cfa54aa4 | Context quotas@openstack cleanup() finished in 0.54 sec
2019-06-16 08:00:24.747 1842 INFO rally.task.context [-] Task 1043b75f-8488-4cde-922b-d302cfa54aa4 | Context api_versions@openstack cleanup() started
2019-06-16 08:00:24.748 1842 INFO rally.task.context [-] Task 1043b75f-8488-4cde-922b-d302cfa54aa4 | Context api_versions@openstack cleanup() finished in 0.30 msec
2019-06-16 08:00:24.748 1842 INFO rally.task.context [-] Task 1043b75f-8488-4cde-922b-d302cfa54aa4 | Context users@openstack cleanup() started
2019-06-16 08:00:31.646 1842 INFO rally.task.context [-] Task 1043b75f-8488-4cde-922b-d302cfa54aa4 | Context users@openstack cleanup() finished in 6.90 sec
2019-06-16 08:00:31.679 1842 INFO rally.task.engine [-] Load duration is: 17.950044
2019-06-16 08:00:31.679 1842 INFO rally.task.engine [-] Full runner duration is: 17.998701
2019-06-16 08:00:31.679 1842 INFO rally.task.engine [-] Full duration is: 40.14501
2019-06-16 08:00:31.981 1842 INFO rally.task.engine [-] Running workload: position = 0 config = { "version": 2, "title": "A cropped version of a bigger task.", "description": "Auto-generated task from a single workload (uuid=cd68ef5a-9528-45e7-aa38-6bb12ae969a8)", "subtasks": [ { "title": "CinderVolumes.create_from_volume_and_delete_volume", "description": "Create volume from volume and then delete it.", "scenario": { "CinderVolumes.create_from_volume_and_delete_volume": { "size": 1 } }, "contexts": { "users": { "tenants": 3, "users_per_tenant": 2 }, "quotas": { "cinder": { "gigabytes": -1, "snapshots": -1, "volumes": -1 } }, "api_versions": { "cinder": { "version": 3, "service_type": "volumev3" } }, "volumes": { "size": 1, "volumes_per_tenant": 1 } }, "runner": { "constant": { "concurrency": 4, "times": 10 } }, "hooks": [], "sla": { "failure_rate": { "max": 0 } } } ] }
2019-06-16 08:00:32.007 1842 RALLYDEBUG rally_openstack.contexts.keystone.users [-] Creating 3 tenants using 20 threads
2019-06-16 08:00:34.020 1842 RALLYDEBUG rally_openstack.contexts.keystone.users [-] Creating 6 users using 20 threads
2019-06-16 08:00:36.804 1842 INFO rally.task.context [-] Task 1043b75f-8488-4cde-922b-d302cfa54aa4 | Context users@openstack setup() finished in 4.80 sec
2019-06-16 08:00:37.233 1842 INFO rally.task.context [-] Task 1043b75f-8488-4cde-922b-d302cfa54aa4 | Context api_versions@openstack setup() finished in 0.43 sec
2019-06-16 08:00:38.999 1842 INFO rally.task.context [-] Task 1043b75f-8488-4cde-922b-d302cfa54aa4 | Context quotas@openstack setup() finished in 1.77 sec
2019-06-16 08:00:49.510 1842 INFO rally.task.context [-] Task 1043b75f-8488-4cde-922b-d302cfa54aa4 | Context volumes@openstack setup() finished in 10.51 sec
2019-06-16 08:00:49.511 1842 INFO rally.task.context [-] Task 1043b75f-8488-4cde-922b-d302cfa54aa4 | Context cleanup@openstack setup() finished in 0.01 msec
2019-06-16 08:00:49.518 1842 RALLYDEBUG rally.task.runner [-] Starting the constant runner (task UUID: 1043b75f-8488-4cde-922b-d302cfa54aa4). timeout: 0 concurrency: 4 concurrency_per_worker: 1 times: 10 concurrency_overhead: 0 processes_to_start: 4 max_cpu_used: 16
2019-06-16 08:00:49.531 4906 RALLYDEBUG rally.task.runner [-] Starting a worker. concurrency: 1 args: {"size": 1} times: 10 method_name: run timeout: 0 duration: None cls:
2019-06-16 08:00:49.533 4907 RALLYDEBUG rally.task.runner [-] Starting a worker. concurrency: 1 args: {"size": 1} times: 10 method_name: run timeout: 0 duration: None cls:
2019-06-16 08:00:49.536 4908 RALLYDEBUG rally.task.runner [-] Starting a worker. concurrency: 1 args: {"size": 1} times: 10 method_name: run timeout: 0 duration: None cls:
2019-06-16 08:00:49.539 4906 INFO rally.task.runner [-] Task 1043b75f-8488-4cde-922b-d302cfa54aa4 | ITER: 1 START
2019-06-16 08:00:49.539 4909 RALLYDEBUG rally.task.runner [-] Starting a worker. concurrency: 1 args: {"size": 1} times: 10 method_name: run timeout: 0 duration: None cls:
2019-06-16 08:00:49.541 4907 INFO rally.task.runner [-] Task 1043b75f-8488-4cde-922b-d302cfa54aa4 | ITER: 2 START
2019-06-16 08:00:49.544 4908 INFO rally.task.runner [-] Task 1043b75f-8488-4cde-922b-d302cfa54aa4 | ITER: 3 START
2019-06-16 08:00:49.546 4909 INFO rally.task.runner [-] Task 1043b75f-8488-4cde-922b-d302cfa54aa4 | ITER: 4 START
2019-06-16 08:00:53.607 4906 RALLYDEBUG rally.task.utils [-] Waiting for resource s_rally_cd68ef5a_PwMXTuNc. Status changed: AVAILABLE => DELETING in 0.318773031235
2019-06-16 08:00:53.869 4908 RALLYDEBUG rally.task.utils [-] Waiting for resource s_rally_cd68ef5a_kt3tRSQy. Status changed: AVAILABLE => DELETING in 0.316776990891
2019-06-16 08:00:55.300 4907 RALLYDEBUG rally.task.utils [-] Waiting for resource s_rally_cd68ef5a_sDGynn5s. Status changed: CREATING => AVAILABLE in 2.58667898178
2019-06-16 08:00:55.449 4909 RALLYDEBUG rally.task.utils [-] Waiting for resource s_rally_cd68ef5a_HkuKbYmP. Status changed: CREATING => AVAILABLE in 2.68395996094
2019-06-16 08:00:55.648 4907 RALLYDEBUG rally.task.utils [-] Waiting for resource s_rally_cd68ef5a_sDGynn5s. Status changed: AVAILABLE => DELETING in 0.0609440803528
2019-06-16 08:00:55.763 4909 RALLYDEBUG rally.task.utils [-] Waiting for resource s_rally_cd68ef5a_HkuKbYmP. Status changed: AVAILABLE => DELETING in 0.0502610206604
2019-06-16 08:00:58.147 4908 INFO rally.task.runner [-] Task 1043b75f-8488-4cde-922b-d302cfa54aa4 | ITER: 3 END: OK
2019-06-16 08:00:58.152 4908 INFO rally.task.runner [-] Task 1043b75f-8488-4cde-922b-d302cfa54aa4 | ITER: 5 START
2019-06-16 08:01:00.054 4909 INFO rally.task.runner [-] Task 1043b75f-8488-4cde-922b-d302cfa54aa4 | ITER: 4 END: OK
2019-06-16 08:01:00.059 4909 INFO rally.task.runner [-] Task 1043b75f-8488-4cde-922b-d302cfa54aa4 | ITER: 6 START
2019-06-16 08:01:00.178 4906 INFO rally.task.runner [-] Task 1043b75f-8488-4cde-922b-d302cfa54aa4 | ITER: 1 END: OK
2019-06-16 08:01:00.183 4906 INFO rally.task.runner [-] Task 1043b75f-8488-4cde-922b-d302cfa54aa4 | ITER: 7 START
2019-06-16 08:01:00.243 4907 INFO rally.task.runner [-] Task 1043b75f-8488-4cde-922b-d302cfa54aa4 | ITER: 2 END: OK
2019-06-16 08:01:00.248 4907 INFO rally.task.runner [-] Task 1043b75f-8488-4cde-922b-d302cfa54aa4 | ITER: 8 START
2019-06-16 08:01:02.110 4908 RALLYDEBUG rally.task.utils [-] Waiting for resource s_rally_cd68ef5a_aXLgZ4HV. Status changed: AVAILABLE => DELETING in 0.347840070724
2019-06-16 08:01:04.016 4909 RALLYDEBUG rally.task.utils [-] Waiting for resource s_rally_cd68ef5a_3PEY75IX. Status changed: AVAILABLE => DELETING in 0.254070997238
2019-06-16 08:01:04.224 4906 RALLYDEBUG rally.task.utils [-] Waiting for resource s_rally_cd68ef5a_jlQixTAw. Status changed: AVAILABLE => DELETING in 0.234218120575
2019-06-16 08:01:06.144 4907 RALLYDEBUG rally.task.utils [-] Waiting for resource s_rally_cd68ef5a_NwDmOfF1. Status changed: CREATING => AVAILABLE in 2.89921998978
2019-06-16 08:01:06.405 4908 INFO rally.task.runner [-] Task 1043b75f-8488-4cde-922b-d302cfa54aa4 | ITER: 5 END: OK
2019-06-16 08:01:06.410 4908 INFO rally.task.runner [-] Task 1043b75f-8488-4cde-922b-d302cfa54aa4 | ITER: 9 START
2019-06-16 08:01:07.208 4907 RALLYDEBUG rally.task.utils [-] Waiting for resource s_rally_cd68ef5a_NwDmOfF1. Status changed: AVAILABLE => DELETING in 0.245459794998
2019-06-16 08:01:08.321 4906 INFO rally.task.runner [-] Task 1043b75f-8488-4cde-922b-d302cfa54aa4 | ITER: 7 END: OK
2019-06-16 08:01:08.325 4906 INFO rally.task.runner [-] Task 1043b75f-8488-4cde-922b-d302cfa54aa4 | ITER: 10 START
2019-06-16 08:01:08.667 4909 INFO rally.task.runner [-] Task 1043b75f-8488-4cde-922b-d302cfa54aa4 | ITER: 6 END: OK
2019-06-16 08:01:09.280 4907 INFO rally.task.runner [-] Task 1043b75f-8488-4cde-922b-d302cfa54aa4 | ITER: 8 END: OK
2019-06-16 08:01:10.375 4908 RALLYDEBUG rally.task.utils [-] Waiting for resource s_rally_cd68ef5a_WNYY5ymn. Status changed: AVAILABLE => DELETING in 0.240458965302
2019-06-16 08:01:12.100 4906 RALLYDEBUG rally.task.utils [-] Waiting for resource s_rally_cd68ef5a_B76KoTjL. Status changed: AVAILABLE => DELETING in 0.239212989807
2019-06-16 08:01:12.414 4908 INFO rally.task.runner [-] Task 1043b75f-8488-4cde-922b-d302cfa54aa4 | ITER: 9 END: OK
2019-06-16 08:01:14.338 4906 INFO rally.task.runner [-] Task 1043b75f-8488-4cde-922b-d302cfa54aa4 | ITER: 10 END: OK
2019-06-16 08:01:14.366 1842 INFO rally.task.context [-] Task 1043b75f-8488-4cde-922b-d302cfa54aa4 | Context cleanup@openstack cleanup() started
2019-06-16 08:01:14.369 1842 RALLYDEBUG rally_openstack.cleanup.manager [-] Cleaning up cinder backups objects
2019-06-16 08:01:16.259 1842 RALLYDEBUG rally_openstack.cleanup.manager [-] Cleaning up cinder volume_snapshots objects
2019-06-16 08:01:18.139 1842 RALLYDEBUG rally_openstack.cleanup.manager [-] Cleaning up cinder transfers objects
2019-06-16 08:01:20.103 1842 RALLYDEBUG rally_openstack.cleanup.manager [-] Cleaning up cinder volumes objects
2019-06-16 08:01:22.477 1842 INFO rally.task.context [-] Task 1043b75f-8488-4cde-922b-d302cfa54aa4 | Context cleanup@openstack cleanup() finished in 8.11 sec
2019-06-16 08:01:22.478 1842 INFO rally.task.context [-] Task 1043b75f-8488-4cde-922b-d302cfa54aa4 | Context volumes@openstack cleanup() started
2019-06-16 08:01:22.478 1842 RALLYDEBUG rally_openstack.cleanup.manager [-] Cleaning up cinder volumes objects
2019-06-16 08:01:24.672 1842 RALLYDEBUG rally_openstack.cleanup.manager [-] Deleting cinder.volumes object c_rally_cd68ef5a_2jus88a6 (5ae397e5-e56a-48cd-8ed5-9686d63ad9bf)
2019-06-16 08:01:24.676 1842 RALLYDEBUG rally_openstack.cleanup.manager [-] Deleting cinder.volumes object c_rally_cd68ef5a_qSsQOSiR (c4dc1fc9-fdc0-4131-8d59-0e0d8ee2dc2f)
2019-06-16 08:01:24.684 1842 RALLYDEBUG rally_openstack.cleanup.manager [-] Deleting cinder.volumes object c_rally_cd68ef5a_uq21tZKm (26e3d172-983d-41e4-a9b5-21639cd1382d)
2019-06-16 08:01:28.033 1842 INFO rally.task.context [-] Task 1043b75f-8488-4cde-922b-d302cfa54aa4 | Context volumes@openstack cleanup() finished in 5.56 sec
2019-06-16 08:01:28.034 1842 INFO rally.task.context [-] Task 1043b75f-8488-4cde-922b-d302cfa54aa4 | Context quotas@openstack cleanup() started
2019-06-16 08:01:28.524 1842 INFO rally.task.context [-] Task 1043b75f-8488-4cde-922b-d302cfa54aa4 | Context quotas@openstack cleanup() finished in 0.49 sec
2019-06-16 08:01:28.524 1842 INFO rally.task.context [-] Task 1043b75f-8488-4cde-922b-d302cfa54aa4 | Context api_versions@openstack cleanup() started
2019-06-16 08:01:28.524 1842 INFO rally.task.context [-] Task 1043b75f-8488-4cde-922b-d302cfa54aa4 | Context api_versions@openstack cleanup() finished in 0.32 msec
2019-06-16 08:01:28.525 1842 INFO rally.task.context [-] Task 1043b75f-8488-4cde-922b-d302cfa54aa4 | Context users@openstack cleanup() started
2019-06-16 08:01:35.375 1842 INFO rally.task.context [-] Task 1043b75f-8488-4cde-922b-d302cfa54aa4 | Context users@openstack cleanup() finished in 6.85 sec
2019-06-16 08:01:36.285 1842 INFO rally.task.engine [-] Load duration is: 24.794063
2019-06-16 08:01:36.286 1842 INFO rally.task.engine [-] Full runner duration is: 24.848968
2019-06-16 08:01:36.286 1842 INFO rally.task.engine [-] Full duration is: 63.373555
2019-06-16 08:01:36.463 1842 INFO rally.task.engine [-] Running workload: position = 0 config = { "version": 2, "title": "A cropped version of a bigger task.", "description": "Auto-generated task from a single workload (uuid=18467ecb-f814-499a-97ae-16f28f6e4367)", "subtasks": [ { "title": "CinderQos.create_and_get_qos", "description": "Create a qos, then get details of the qos.", "scenario": { "CinderQos.create_and_get_qos": { "consumer": "both", "write_iops_sec": "10", "read_iops_sec": "1000" } }, "contexts": { "users": { "tenants": 3, "users_per_tenant": 2 }, "api_versions": { "cinder": { "version": 3, "service_type": "volumev3" } } }, "runner": { "constant": { "concurrency": 4, "times": 10 } }, "hooks": [], "sla": { "failure_rate": { "max": 0 } } } ] }
2019-06-16 08:01:36.487 1842 RALLYDEBUG rally_openstack.contexts.keystone.users [-] Creating 3 tenants using 20 threads
2019-06-16 08:01:38.288 1842 RALLYDEBUG rally_openstack.contexts.keystone.users [-] Creating 6 users using 20 threads
2019-06-16 08:01:41.068 1842 INFO rally.task.context [-] Task 1043b75f-8488-4cde-922b-d302cfa54aa4 | Context users@openstack setup() finished in 4.58 sec
2019-06-16 08:01:41.513 1842 INFO rally.task.context [-] Task 1043b75f-8488-4cde-922b-d302cfa54aa4 | Context api_versions@openstack setup() finished in 0.44 sec
2019-06-16 08:01:41.514 1842 INFO rally.task.context [-] Task 1043b75f-8488-4cde-922b-d302cfa54aa4 | Context admin_cleanup@openstack setup() finished in 0.00 msec
2019-06-16 08:01:41.521 1842 RALLYDEBUG rally.task.runner [-] Starting the constant runner (task UUID: 1043b75f-8488-4cde-922b-d302cfa54aa4). timeout: 0 concurrency: 4 concurrency_per_worker: 1 times: 10 concurrency_overhead: 0 processes_to_start: 4 max_cpu_used: 16
2019-06-16 08:01:41.533 5110 RALLYDEBUG rally.task.runner [-] Starting a worker. concurrency: 1 args: {"consumer": "both", "write_iops_sec": "10", "read_iops_sec": "1000"} times: 10 method_name: run timeout: 0 duration: None cls:
2019-06-16 08:01:41.536 5111 RALLYDEBUG rally.task.runner [-] Starting a worker. concurrency: 1 args: {"consumer": "both", "write_iops_sec": "10", "read_iops_sec": "1000"} times: 10 method_name: run timeout: 0 duration: None cls:
2019-06-16 08:01:41.539 5112 RALLYDEBUG rally.task.runner [-] Starting a worker. concurrency: 1 args: {"consumer": "both", "write_iops_sec": "10", "read_iops_sec": "1000"} times: 10 method_name: run timeout: 0 duration: None cls:
2019-06-16 08:01:41.540 5110 INFO rally.task.runner [-] Task 1043b75f-8488-4cde-922b-d302cfa54aa4 | ITER: 1 START
2019-06-16 08:01:41.543 5113 RALLYDEBUG rally.task.runner [-] Starting a worker. concurrency: 1 args: {"consumer": "both", "write_iops_sec": "10", "read_iops_sec": "1000"} times: 10 method_name: run timeout: 0 duration: None cls:
2019-06-16 08:01:41.544 5111 INFO rally.task.runner [-] Task 1043b75f-8488-4cde-922b-d302cfa54aa4 | ITER: 2 START
