2019-06-16 07:54:12.108 3232 INFO rally.task.runner [-] Task 1043b75f-8488-4cde-922b-d302cfa54aa4 | ITER: 10 END: OK
2019-06-16 07:54:12.137 1842 INFO rally.task.context [-] Task 1043b75f-8488-4cde-922b-d302cfa54aa4 | Context cleanup@openstack cleanup() started
2019-06-16 07:54:12.139 1842 RALLYDEBUG rally_openstack.cleanup.manager [-] Cleaning up nova servers objects
2019-06-16 07:54:12.557 1842 DEBUG novaclient.v2.client [-] REQ: curl -g -i -X GET http://172.30.9.37:8774/v2.1/servers/detail -H "Accept: application/json" -H "User-Agent: python-novaclient" -H "X-Auth-Token: {SHA1}d506bcad57b8ba732f5debfa853e514de39992d2" _http_log_request /usr/lib/python2.7/site-packages/keystoneauth1/session.py:448
2019-06-16 07:54:12.881 1842 DEBUG novaclient.v2.client [-] RESP: [200] Content-Length: 15 Content-Type: application/json Date: Sun, 16 Jun 2019 07:54:12 GMT OpenStack-API-Version: compute 2.1 Server: Apache Vary: OpenStack-API-Version,X-OpenStack-Nova-API-Version X-OpenStack-Nova-API-Version: 2.1 x-compute-request-id: req-a64f6216-864c-4f7d-89ff-6b2b975bf663 x-openstack-request-id: req-a64f6216-864c-4f7d-89ff-6b2b975bf663 _http_log_response /usr/lib/python2.7/site-packages/keystoneauth1/session.py:479
2019-06-16 07:54:12.882 1842 DEBUG novaclient.v2.client [-] RESP BODY: {"servers": []} _http_log_response /usr/lib/python2.7/site-packages/keystoneauth1/session.py:511
2019-06-16 07:54:12.882 1842 DEBUG novaclient.v2.client [-] GET call to compute for http://172.30.9.37:8774/v2.1/servers/detail used request id req-a64f6216-864c-4f7d-89ff-6b2b975bf663 request /usr/lib/python2.7/site-packages/keystoneauth1/session.py:844
2019-06-16 07:54:13.289 1842 DEBUG novaclient.v2.client [-] REQ: curl -g -i -X GET http://172.30.9.37:8774/v2.1/servers/detail -H "Accept: application/json" -H "User-Agent: python-novaclient" -H "X-Auth-Token: {SHA1}6d78f30bf1222a5c9c6167365c647ec2015e7165" _http_log_request /usr/lib/python2.7/site-packages/keystoneauth1/session.py:448
2019-06-16 07:54:13.600 1842 DEBUG novaclient.v2.client [-] RESP: [200] Content-Length: 15 Content-Type: application/json Date: Sun, 16 Jun 2019 07:54:13 GMT OpenStack-API-Version: compute 2.1 Server: Apache Vary: OpenStack-API-Version,X-OpenStack-Nova-API-Version X-OpenStack-Nova-API-Version: 2.1 x-compute-request-id: req-c065adae-5664-421c-a623-dfa4590bb33e x-openstack-request-id: req-c065adae-5664-421c-a623-dfa4590bb33e _http_log_response /usr/lib/python2.7/site-packages/keystoneauth1/session.py:479
2019-06-16 07:54:13.601 1842 DEBUG novaclient.v2.client [-] RESP BODY: {"servers": []} _http_log_response /usr/lib/python2.7/site-packages/keystoneauth1/session.py:511
2019-06-16 07:54:13.601 1842 DEBUG novaclient.v2.client [-] GET call to compute for http://172.30.9.37:8774/v2.1/servers/detail used request id req-c065adae-5664-421c-a623-dfa4590bb33e request /usr/lib/python2.7/site-packages/keystoneauth1/session.py:844
2019-06-16 07:54:14.020 1842 DEBUG novaclient.v2.client [-] REQ: curl -g -i -X GET http://172.30.9.37:8774/v2.1/servers/detail -H "Accept: application/json" -H "User-Agent: python-novaclient" -H "X-Auth-Token: {SHA1}8b7fb7e9fbf0cc6ecebee4cffe1350472a22dd84" _http_log_request /usr/lib/python2.7/site-packages/keystoneauth1/session.py:448
2019-06-16 07:54:14.324 1842 DEBUG novaclient.v2.client [-] RESP: [200] Content-Length: 15 Content-Type: application/json Date: Sun, 16 Jun 2019 07:54:13 GMT OpenStack-API-Version: compute 2.1 Server: Apache Vary: OpenStack-API-Version,X-OpenStack-Nova-API-Version X-OpenStack-Nova-API-Version: 2.1 x-compute-request-id: req-9042887f-8ffe-417e-bb06-8beb7f32def5 x-openstack-request-id: req-9042887f-8ffe-417e-bb06-8beb7f32def5 _http_log_response /usr/lib/python2.7/site-packages/keystoneauth1/session.py:479
2019-06-16 07:54:14.325 1842 DEBUG novaclient.v2.client [-] RESP BODY: {"servers": []} _http_log_response /usr/lib/python2.7/site-packages/keystoneauth1/session.py:511
2019-06-16 07:54:14.325 1842 DEBUG novaclient.v2.client [-] GET call to compute for http://172.30.9.37:8774/v2.1/servers/detail used request id req-9042887f-8ffe-417e-bb06-8beb7f32def5 request /usr/lib/python2.7/site-packages/keystoneauth1/session.py:844
2019-06-16 07:54:14.333 1842 RALLYDEBUG rally_openstack.cleanup.manager [-] Cleaning up nova server_groups objects
2019-06-16 07:54:14.838 1842 DEBUG novaclient.v2.client [-] REQ: curl -g -i -X GET http://172.30.9.37:8774/v2.1/os-server-groups -H "Accept: application/json" -H "User-Agent: python-novaclient" -H "X-Auth-Token: {SHA1}505099e02cafcd769d105306d60c7c4d513b5ca2" _http_log_request /usr/lib/python2.7/site-packages/keystoneauth1/session.py:448
2019-06-16 07:54:15.123 1842 DEBUG novaclient.v2.client [-] RESP: [200] Content-Length: 21 Content-Type: application/json Date: Sun, 16 Jun 2019 07:54:14 GMT OpenStack-API-Version: compute 2.1 Server: Apache Vary: OpenStack-API-Version,X-OpenStack-Nova-API-Version X-OpenStack-Nova-API-Version: 2.1 x-compute-request-id: req-27d64175-ce79-495a-9f8a-f71bd12ad553 x-openstack-request-id: req-27d64175-ce79-495a-9f8a-f71bd12ad553 _http_log_response /usr/lib/python2.7/site-packages/keystoneauth1/session.py:479
2019-06-16 07:54:15.124 1842 DEBUG novaclient.v2.client [-] RESP BODY: {"server_groups": []} _http_log_response /usr/lib/python2.7/site-packages/keystoneauth1/session.py:511
2019-06-16 07:54:15.124 1842 DEBUG novaclient.v2.client [-] GET call to compute for http://172.30.9.37:8774/v2.1/os-server-groups used request id req-27d64175-ce79-495a-9f8a-f71bd12ad553 request /usr/lib/python2.7/site-packages/keystoneauth1/session.py:844
2019-06-16 07:54:15.553 1842 DEBUG novaclient.v2.client [-] REQ: curl -g -i -X GET http://172.30.9.37:8774/v2.1/os-server-groups -H "Accept: application/json" -H "User-Agent: python-novaclient" -H "X-Auth-Token: {SHA1}1bea08fb6da53b05b8a384e97d932be51257a5eb" _http_log_request /usr/lib/python2.7/site-packages/keystoneauth1/session.py:448
2019-06-16 07:54:15.826 1842 DEBUG novaclient.v2.client [-] RESP: [200] Content-Length: 21 Content-Type: application/json Date: Sun, 16 Jun 2019 07:54:15 GMT OpenStack-API-Version: compute 2.1 Server: Apache Vary: OpenStack-API-Version,X-OpenStack-Nova-API-Version X-OpenStack-Nova-API-Version: 2.1 x-compute-request-id: req-242f201b-1be8-4469-8d65-213d6ce42c52 x-openstack-request-id: req-242f201b-1be8-4469-8d65-213d6ce42c52 _http_log_response /usr/lib/python2.7/site-packages/keystoneauth1/session.py:479
2019-06-16 07:54:15.827 1842 DEBUG novaclient.v2.client [-] RESP BODY: {"server_groups": []} _http_log_response /usr/lib/python2.7/site-packages/keystoneauth1/session.py:511
2019-06-16 07:54:15.827 1842 DEBUG novaclient.v2.client [-] GET call to compute for http://172.30.9.37:8774/v2.1/os-server-groups used request id req-242f201b-1be8-4469-8d65-213d6ce42c52 request /usr/lib/python2.7/site-packages/keystoneauth1/session.py:844
2019-06-16 07:54:16.239 1842 DEBUG novaclient.v2.client [-] REQ: curl -g -i -X GET http://172.30.9.37:8774/v2.1/os-server-groups -H "Accept: application/json" -H "User-Agent: python-novaclient" -H "X-Auth-Token: {SHA1}aaa755ab5c34be63a81affe85152de73fec8652c" _http_log_request /usr/lib/python2.7/site-packages/keystoneauth1/session.py:448
2019-06-16 07:54:16.521 1842 DEBUG novaclient.v2.client [-] RESP: [200] Content-Length: 21 Content-Type: application/json Date: Sun, 16 Jun 2019 07:54:16 GMT OpenStack-API-Version: compute 2.1 Server: Apache Vary: OpenStack-API-Version,X-OpenStack-Nova-API-Version X-OpenStack-Nova-API-Version: 2.1 x-compute-request-id: req-fcb51d24-9095-4422-b529-14f87f97fb6c x-openstack-request-id: req-fcb51d24-9095-4422-b529-14f87f97fb6c _http_log_response /usr/lib/python2.7/site-packages/keystoneauth1/session.py:479
2019-06-16 07:54:16.522 1842 DEBUG novaclient.v2.client [-] RESP BODY: {"server_groups": []} _http_log_response /usr/lib/python2.7/site-packages/keystoneauth1/session.py:511
2019-06-16 07:54:16.522 1842 DEBUG novaclient.v2.client [-] GET call to compute for http://172.30.9.37:8774/v2.1/os-server-groups used request id req-fcb51d24-9095-4422-b529-14f87f97fb6c request /usr/lib/python2.7/site-packages/keystoneauth1/session.py:844
2019-06-16 07:54:16.529 1842 RALLYDEBUG rally_openstack.cleanup.manager [-] Cleaning up nova keypairs objects
2019-06-16 07:54:16.957 1842 DEBUG novaclient.v2.client [-] REQ: curl -g -i -X GET http://172.30.9.37:8774/v2.1/os-keypairs -H "Accept: application/json" -H "User-Agent: python-novaclient" -H "X-Auth-Token: {SHA1}9808bcc27cbf557f435a24d8655e63422ecc9076" _http_log_request /usr/lib/python2.7/site-packages/keystoneauth1/session.py:448
2019-06-16 07:54:17.223 1842 DEBUG novaclient.v2.client [-] RESP: [200] Content-Length: 16 Content-Type: application/json Date: Sun, 16 Jun 2019 07:54:16 GMT OpenStack-API-Version: compute 2.1 Server: Apache Vary: OpenStack-API-Version,X-OpenStack-Nova-API-Version X-OpenStack-Nova-API-Version: 2.1 x-compute-request-id: req-7c737f76-7edd-4d3b-b349-8b8ba3ed6fe4 x-openstack-request-id: req-7c737f76-7edd-4d3b-b349-8b8ba3ed6fe4 _http_log_response /usr/lib/python2.7/site-packages/keystoneauth1/session.py:479
2019-06-16 07:54:17.224 1842 DEBUG novaclient.v2.client [-] RESP BODY: {"keypairs": []} _http_log_response /usr/lib/python2.7/site-packages/keystoneauth1/session.py:511
2019-06-16 07:54:17.224 1842 DEBUG novaclient.v2.client [-] GET call to compute for http://172.30.9.37:8774/v2.1/os-keypairs used request id req-7c737f76-7edd-4d3b-b349-8b8ba3ed6fe4 request /usr/lib/python2.7/site-packages/keystoneauth1/session.py:844
2019-06-16 07:54:17.634 1842 DEBUG novaclient.v2.client [-] REQ: curl -g -i -X GET http://172.30.9.37:8774/v2.1/os-keypairs -H "Accept: application/json" -H "User-Agent: python-novaclient" -H "X-Auth-Token: {SHA1}277c9c1dd8ddff334e57dec3822a552c0e703fd4" _http_log_request /usr/lib/python2.7/site-packages/keystoneauth1/session.py:448
2019-06-16 07:54:17.918 1842 DEBUG novaclient.v2.client [-] RESP: [200] Content-Length: 16 Content-Type: application/json Date: Sun, 16 Jun 2019 07:54:17 GMT OpenStack-API-Version: compute 2.1 Server: Apache Vary: OpenStack-API-Version,X-OpenStack-Nova-API-Version X-OpenStack-Nova-API-Version: 2.1 x-compute-request-id: req-f3ffeb79-3a04-46fd-85c9-3a94fd11da00 x-openstack-request-id: req-f3ffeb79-3a04-46fd-85c9-3a94fd11da00 _http_log_response /usr/lib/python2.7/site-packages/keystoneauth1/session.py:479
2019-06-16 07:54:17.918 1842 DEBUG novaclient.v2.client [-] RESP BODY: {"keypairs": []} _http_log_response /usr/lib/python2.7/site-packages/keystoneauth1/session.py:511
2019-06-16 07:54:17.919 1842 DEBUG novaclient.v2.client [-] GET call to compute for http://172.30.9.37:8774/v2.1/os-keypairs used request id req-f3ffeb79-3a04-46fd-85c9-3a94fd11da00 request /usr/lib/python2.7/site-packages/keystoneauth1/session.py:844
2019-06-16 07:54:18.346 1842 DEBUG novaclient.v2.client [-] REQ: curl -g -i -X GET http://172.30.9.37:8774/v2.1/os-keypairs -H "Accept: application/json" -H "User-Agent: python-novaclient" -H "X-Auth-Token: {SHA1}06695ad292b3a0401fc541b38ed291573aa1639f" _http_log_request /usr/lib/python2.7/site-packages/keystoneauth1/session.py:448
2019-06-16 07:54:18.543 1842 DEBUG novaclient.v2.client [-] RESP: [200] Content-Length: 16 Content-Type: application/json Date: Sun, 16 Jun 2019 07:54:18 GMT OpenStack-API-Version: compute 2.1 Server: Apache Vary: OpenStack-API-Version,X-OpenStack-Nova-API-Version X-OpenStack-Nova-API-Version: 2.1 x-compute-request-id: req-bf6bafad-b143-4cca-9a71-b63409cbda88 x-openstack-request-id: req-bf6bafad-b143-4cca-9a71-b63409cbda88 _http_log_response /usr/lib/python2.7/site-packages/keystoneauth1/session.py:479
2019-06-16 07:54:18.544 1842 DEBUG novaclient.v2.client [-] RESP BODY: {"keypairs": []} _http_log_response /usr/lib/python2.7/site-packages/keystoneauth1/session.py:511
2019-06-16 07:54:18.544 1842 DEBUG novaclient.v2.client [-] GET call to compute for http://172.30.9.37:8774/v2.1/os-keypairs used request id req-bf6bafad-b143-4cca-9a71-b63409cbda88 request /usr/lib/python2.7/site-packages/keystoneauth1/session.py:844
2019-06-16 07:54:18.955 1842 DEBUG novaclient.v2.client [-] REQ: curl -g -i -X GET http://172.30.9.37:8774/v2.1/os-keypairs -H "Accept: application/json" -H "User-Agent: python-novaclient" -H "X-Auth-Token: {SHA1}b20a0ffe40d6c7cdb37fac09799807c298ceb7d7" _http_log_request /usr/lib/python2.7/site-packages/keystoneauth1/session.py:448
2019-06-16 07:54:19.238 1842 DEBUG novaclient.v2.client [-] RESP: [200] Content-Length: 16 Content-Type: application/json Date: Sun, 16 Jun 2019 07:54:18 GMT OpenStack-API-Version: compute 2.1 Server: Apache Vary: OpenStack-API-Version,X-OpenStack-Nova-API-Version X-OpenStack-Nova-API-Version: 2.1 x-compute-request-id: req-569f3c49-ba0a-4ceb-be4c-b93a95d8d225 x-openstack-request-id: req-569f3c49-ba0a-4ceb-be4c-b93a95d8d225 _http_log_response /usr/lib/python2.7/site-packages/keystoneauth1/session.py:479
2019-06-16 07:54:19.238 1842 DEBUG novaclient.v2.client [-] RESP BODY: {"keypairs": []} _http_log_response /usr/lib/python2.7/site-packages/keystoneauth1/session.py:511
2019-06-16 07:54:19.239 1842 DEBUG novaclient.v2.client [-] GET call to compute for http://172.30.9.37:8774/v2.1/os-keypairs used request id req-569f3c49-ba0a-4ceb-be4c-b93a95d8d225 request /usr/lib/python2.7/site-packages/keystoneauth1/session.py:844
2019-06-16 07:54:19.657 1842 DEBUG novaclient.v2.client [-] REQ: curl -g -i -X GET http://172.30.9.37:8774/v2.1/os-keypairs -H "Accept: application/json" -H "User-Agent: python-novaclient" -H "X-Auth-Token: {SHA1}efe1f75fb9896d436d208d2d9b8efd518597ba90" _http_log_request /usr/lib/python2.7/site-packages/keystoneauth1/session.py:448
2019-06-16 07:54:19.856 1842 DEBUG novaclient.v2.client [-] RESP: [200] Content-Length: 16 Content-Type: application/json Date: Sun, 16 Jun 2019 07:54:19 GMT OpenStack-API-Version: compute 2.1 Server: Apache Vary: OpenStack-API-Version,X-OpenStack-Nova-API-Version X-OpenStack-Nova-API-Version: 2.1 x-compute-request-id: req-65df2697-b287-454c-a472-bd33390b8ede x-openstack-request-id: req-65df2697-b287-454c-a472-bd33390b8ede _http_log_response /usr/lib/python2.7/site-packages/keystoneauth1/session.py:479
2019-06-16 07:54:19.856 1842 DEBUG novaclient.v2.client [-] RESP BODY: {"keypairs": []} _http_log_response /usr/lib/python2.7/site-packages/keystoneauth1/session.py:511
2019-06-16 07:54:19.856 1842 DEBUG novaclient.v2.client [-] GET call to compute for http://172.30.9.37:8774/v2.1/os-keypairs used request id req-65df2697-b287-454c-a472-bd33390b8ede request /usr/lib/python2.7/site-packages/keystoneauth1/session.py:844
2019-06-16 07:54:20.268 1842 DEBUG novaclient.v2.client [-] REQ: curl -g -i -X GET http://172.30.9.37:8774/v2.1/os-keypairs -H "Accept: application/json" -H "User-Agent: python-novaclient" -H "X-Auth-Token: {SHA1}d30a92c85abddfc8d80d5deea95ccd50233d1bcd" _http_log_request /usr/lib/python2.7/site-packages/keystoneauth1/session.py:448
2019-06-16 07:54:20.531 1842 DEBUG novaclient.v2.client [-] RESP: [200] Content-Length: 16 Content-Type: application/json Date: Sun, 16 Jun 2019 07:54:20 GMT OpenStack-API-Version: compute 2.1 Server: Apache Vary: OpenStack-API-Version,X-OpenStack-Nova-API-Version X-OpenStack-Nova-API-Version: 2.1 x-compute-request-id: req-30ba5449-10f7-4d81-a85a-a2d456fcd6bf x-openstack-request-id: req-30ba5449-10f7-4d81-a85a-a2d456fcd6bf _http_log_response /usr/lib/python2.7/site-packages/keystoneauth1/session.py:479
2019-06-16 07:54:20.532 1842 DEBUG novaclient.v2.client [-] RESP BODY: {"keypairs": []} _http_log_response /usr/lib/python2.7/site-packages/keystoneauth1/session.py:511
2019-06-16 07:54:20.532 1842 DEBUG novaclient.v2.client [-] GET call to compute for http://172.30.9.37:8774/v2.1/os-keypairs used request id req-30ba5449-10f7-4d81-a85a-a2d456fcd6bf request /usr/lib/python2.7/site-packages/keystoneauth1/session.py:844
2019-06-16 07:54:20.540 1842 RALLYDEBUG rally_openstack.cleanup.manager [-] Cleaning up cinder backups objects
2019-06-16 07:54:22.623 1842 RALLYDEBUG rally_openstack.cleanup.manager [-] Cleaning up cinder volume_snapshots objects
2019-06-16 07:54:24.632 1842 RALLYDEBUG rally_openstack.cleanup.manager [-] Cleaning up cinder transfers objects
2019-06-16 07:54:26.539 1842 RALLYDEBUG rally_openstack.cleanup.manager [-] Cleaning up cinder volumes objects
2019-06-16 07:54:28.558 1842 INFO rally.task.context [-] Task 1043b75f-8488-4cde-922b-d302cfa54aa4 | Context cleanup@openstack cleanup() finished in 16.42 sec
2019-06-16 07:54:28.558 1842 INFO rally.task.context [-] Task 1043b75f-8488-4cde-922b-d302cfa54aa4 | Context quotas@openstack cleanup() started
2019-06-16 07:54:29.084 1842 INFO rally.task.context [-] Task 1043b75f-8488-4cde-922b-d302cfa54aa4 | Context quotas@openstack cleanup() finished in 0.53 sec
2019-06-16 07:54:29.084 1842 INFO rally.task.context [-] Task 1043b75f-8488-4cde-922b-d302cfa54aa4 | Context api_versions@openstack cleanup() started
2019-06-16 07:54:29.085 1842 INFO rally.task.context [-] Task 1043b75f-8488-4cde-922b-d302cfa54aa4 | Context api_versions@openstack cleanup() finished in 0.29 msec
2019-06-16 07:54:29.085 1842 INFO rally.task.context [-] Task 1043b75f-8488-4cde-922b-d302cfa54aa4 | Context users@openstack cleanup() started
2019-06-16 07:54:35.737 1842 INFO rally.task.context [-] Task 1043b75f-8488-4cde-922b-d302cfa54aa4 | Context users@openstack cleanup() finished in 6.65 sec
2019-06-16 07:54:36.336 1842 INFO rally.task.engine [-] Load duration is: 95.171977
2019-06-16 07:54:36.337 1842 INFO rally.task.engine [-] Full runner duration is: 96.228075
2019-06-16 07:54:36.337 1842 INFO rally.task.engine [-] Full duration is: 127.897098
2019-06-16 07:54:36.532 1842 INFO rally.task.engine [-] Running workload: position = 0 config = { "version": 2, "title": "A cropped version of a bigger task.", "description": "Auto-generated task from a single workload (uuid=a93e061e-ea2e-4d68-94cf-39781233c433)", "subtasks": [ { "title": "CinderVolumes.create_volume", "description": "Create a volume.", "scenario": { "CinderVolumes.create_volume": { "size": 1 } }, "contexts": { "users": { "tenants": 3, "users_per_tenant": 2 }, "api_versions": { "cinder": { "version": 3, "service_type": "volumev3" } } }, "runner": { "constant": { "concurrency": 4, "times": 10 } }, "hooks": [], "sla": { "failure_rate": { "max": 0 } } } ] }
2019-06-16 07:54:36.554 1842 RALLYDEBUG rally_openstack.contexts.keystone.users [-] Creating 3 tenants using 20 threads
2019-06-16 07:54:38.278 1842 RALLYDEBUG rally_openstack.contexts.keystone.users [-] Creating 6 users using 20 threads
2019-06-16 07:54:40.996 1842 INFO rally.task.context [-] Task 1043b75f-8488-4cde-922b-d302cfa54aa4 | Context users@openstack setup() finished in 4.44 sec
2019-06-16 07:54:41.418 1842 INFO rally.task.context [-] Task 1043b75f-8488-4cde-922b-d302cfa54aa4 | Context api_versions@openstack setup() finished in 0.42 sec
2019-06-16 07:54:41.419 1842 INFO rally.task.context [-] Task 1043b75f-8488-4cde-922b-d302cfa54aa4 | Context cleanup@openstack setup() finished in 0.02 msec
2019-06-16 07:54:41.430 1842 RALLYDEBUG rally.task.runner [-] Starting the constant runner (task UUID: 1043b75f-8488-4cde-922b-d302cfa54aa4). timeout: 0 concurrency: 4 concurrency_per_worker: 1 times: 10 concurrency_overhead: 0 processes_to_start: 4 max_cpu_used: 16
2019-06-16 07:54:41.444 3474 RALLYDEBUG rally.task.runner [-] Starting a worker. concurrency: 1 args: {"size": 1} times: 10 method_name: run timeout: 0 duration: None cls:
2019-06-16 07:54:41.445 3475 RALLYDEBUG rally.task.runner [-] Starting a worker. concurrency: 1 args: {"size": 1} times: 10 method_name: run timeout: 0 duration: None cls:
2019-06-16 07:54:41.447 3476 RALLYDEBUG rally.task.runner [-] Starting a worker. concurrency: 1 args: {"size": 1} times: 10 method_name: run timeout: 0 duration: None cls:
2019-06-16 07:54:41.451 3477 RALLYDEBUG rally.task.runner [-] Starting a worker. concurrency: 1 args: {"size": 1} times: 10 method_name: run timeout: 0 duration: None cls:
2019-06-16 07:54:41.453 3474 INFO rally.task.runner [-] Task 1043b75f-8488-4cde-922b-d302cfa54aa4 | ITER: 1 START
2019-06-16 07:54:41.453 3475 INFO rally.task.runner [-] Task 1043b75f-8488-4cde-922b-d302cfa54aa4 | ITER: 2 START
2019-06-16 07:54:41.455 3476 INFO rally.task.runner [-] Task 1043b75f-8488-4cde-922b-d302cfa54aa4 | ITER: 3 START
2019-06-16 07:54:41.459 3477 INFO rally.task.runner [-] Task 1043b75f-8488-4cde-922b-d302cfa54aa4 | ITER: 4 START
2019-06-16 07:54:44.891 3474 INFO rally.task.runner [-] Task 1043b75f-8488-4cde-922b-d302cfa54aa4 | ITER: 1 END: OK
2019-06-16 07:54:44.897 3474 INFO rally.task.runner [-] Task 1043b75f-8488-4cde-922b-d302cfa54aa4 | ITER: 5 START
2019-06-16 07:54:45.196 3476 INFO rally.task.runner [-] Task 1043b75f-8488-4cde-922b-d302cfa54aa4 | ITER: 3 END: OK
2019-06-16 07:54:45.201 3476 INFO rally.task.runner [-] Task 1043b75f-8488-4cde-922b-d302cfa54aa4 | ITER: 6 START
2019-06-16 07:54:45.204 3475 INFO rally.task.runner [-] Task 1043b75f-8488-4cde-922b-d302cfa54aa4 | ITER: 2 END: OK
2019-06-16 07:54:45.213 3475 INFO rally.task.runner [-] Task 1043b75f-8488-4cde-922b-d302cfa54aa4 | ITER: 7 START
2019-06-16 07:54:45.324 3477 INFO rally.task.runner [-] Task 1043b75f-8488-4cde-922b-d302cfa54aa4 | ITER: 4 END: OK
2019-06-16 07:54:45.328 3477 INFO rally.task.runner [-] Task 1043b75f-8488-4cde-922b-d302cfa54aa4 | ITER: 8 START
2019-06-16 07:54:48.548 3474 INFO rally.task.runner [-] Task 1043b75f-8488-4cde-922b-d302cfa54aa4 | ITER: 5 END: OK
2019-06-16 07:54:48.553 3474 INFO rally.task.runner [-] Task 1043b75f-8488-4cde-922b-d302cfa54aa4 | ITER: 9 START
2019-06-16 07:54:48.674 3476 INFO rally.task.runner [-] Task 1043b75f-8488-4cde-922b-d302cfa54aa4 | ITER: 6 END: OK
2019-06-16 07:54:48.679 3476 INFO rally.task.runner [-] Task 1043b75f-8488-4cde-922b-d302cfa54aa4 | ITER: 10 START
2019-06-16 07:54:48.767 3475 INFO rally.task.runner [-] Task 1043b75f-8488-4cde-922b-d302cfa54aa4 | ITER: 7 END: OK
2019-06-16 07:54:48.890 3477 INFO rally.task.runner [-] Task 1043b75f-8488-4cde-922b-d302cfa54aa4 | ITER: 8 END: OK
2019-06-16 07:54:51.912 3474 INFO rally.task.runner [-] Task 1043b75f-8488-4cde-922b-d302cfa54aa4 | ITER: 9 END: OK
2019-06-16 07:54:51.979 3476 INFO rally.task.runner [-] Task 1043b75f-8488-4cde-922b-d302cfa54aa4 | ITER: 10 END: OK
2019-06-16 07:54:52.006 1842 INFO rally.task.context [-] Task 1043b75f-8488-4cde-922b-d302cfa54aa4 | Context cleanup@openstack cleanup() started
2019-06-16 07:54:52.009 1842 RALLYDEBUG rally_openstack.cleanup.manager [-] Cleaning up cinder backups objects
2019-06-16 07:54:53.979 1842 RALLYDEBUG rally_openstack.cleanup.manager [-] Cleaning up cinder volume_snapshots objects
2019-06-16 07:54:55.835 1842 RALLYDEBUG rally_openstack.cleanup.manager [-] Cleaning up cinder transfers objects
2019-06-16 07:54:57.833 1842 RALLYDEBUG rally_openstack.cleanup.manager [-] Cleaning up cinder volumes objects
2019-06-16 07:55:00.126 1842 RALLYDEBUG rally_openstack.cleanup.manager [-] Deleting cinder.volumes object s_rally_a93e061e_dNtcKq82 (eb5ee226-9f95-44aa-83f7-5c8308b46225)
2019-06-16 07:55:00.130 1842 RALLYDEBUG rally_openstack.cleanup.manager [-] Deleting cinder.volumes object s_rally_a93e061e_fFkGy4wo (fe2ed90a-281b-47ad-af81-f9d1395fb866)
2019-06-16 07:55:00.131 1842 RALLYDEBUG rally_openstack.cleanup.manager [-] Deleting cinder.volumes object s_rally_a93e061e_Ljj04dvU (f9027c47-53d1-4e54-ae61-0cfb91c76185)
2019-06-16 07:55:00.131 1842 RALLYDEBUG rally_openstack.cleanup.manager [-] Deleting cinder.volumes object s_rally_a93e061e_xjQyljjA (2717f895-41e5-4c92-9b19-e15694bcdeeb)
2019-06-16 07:55:00.136 1842 RALLYDEBUG rally_openstack.cleanup.manager [-] Deleting cinder.volumes object s_rally_a93e061e_hDQHP6Vg (f16ecb0e-4f39-423c-b80e-c1ce25b861b2)
2019-06-16 07:55:00.145 1842 RALLYDEBUG rally_openstack.cleanup.manager [-] Deleting cinder.volumes object s_rally_a93e061e_F0voWYmr (84585748-b2f1-4ede-9b47-127d6ef03d4f)
2019-06-16 07:55:00.146 1842 RALLYDEBUG rally_openstack.cleanup.manager [-] Deleting cinder.volumes object s_rally_a93e061e_iAx8paKA (0f6e91af-a249-46a0-9557-8adf3717f51b)
2019-06-16 07:55:00.154 1842 RALLYDEBUG rally_openstack.cleanup.manager [-] Deleting cinder.volumes object s_rally_a93e061e_6dy7DEWV (fcdff5da-39fc-497d-b762-f6a6058c7ba4)
2019-06-16 07:55:00.161 1842 RALLYDEBUG rally_openstack.cleanup.manager [-] Deleting cinder.volumes object s_rally_a93e061e_Pl3Asfbk (01e154a6-8934-4111-a934-30d368780485)
2019-06-16 07:55:00.169 1842 RALLYDEBUG rally_openstack.cleanup.manager [-] Deleting cinder.volumes object s_rally_a93e061e_FKOROtI7 (3bf6314d-69db-4969-a112-0aab191f0130)
2019-06-16 07:55:04.147 1842 INFO rally.task.context [-] Task 1043b75f-8488-4cde-922b-d302cfa54aa4 | Context cleanup@openstack cleanup() finished in 12.14 sec
2019-06-16 07:55:04.147 1842 INFO rally.task.context [-] Task 1043b75f-8488-4cde-922b-d302cfa54aa4 | Context api_versions@openstack cleanup() started
2019-06-16 07:55:04.147 1842 INFO rally.task.context [-] Task 1043b75f-8488-4cde-922b-d302cfa54aa4 | Context api_versions@openstack cleanup() finished in 0.29 msec
2019-06-16 07:55:04.148 1842 INFO rally.task.context [-] Task 1043b75f-8488-4cde-922b-d302cfa54aa4 | Context users@openstack cleanup() started
2019-06-16 07:55:11.617 1842 INFO rally.task.context [-] Task 1043b75f-8488-4cde-922b-d302cfa54aa4 | Context users@openstack cleanup() finished in 7.47 sec
2019-06-16 07:55:12.718 1842 INFO rally.task.engine [-] Load duration is: 10.519768
2019-06-16 07:55:12.719 1842 INFO rally.task.engine [-] Full runner duration is: 10.577212
2019-06-16 07:55:12.719 1842 INFO rally.task.engine [-] Full duration is: 35.066432
2019-06-16 07:55:12.873 1842 INFO rally.task.engine [-] Running workload: position = 1 config = { "version": 2, "title": "A cropped version of a bigger task.", "description": "Auto-generated task from a single workload (uuid=1e50fc17-9415-4c73-b1ff-5499368d86c4)", "subtasks": [ { "title": "CinderVolumes.create_volume", "description": "Create a volume.", "scenario": { "CinderVolumes.create_volume": { "size": { "min": 1, "max": 1 } } }, "contexts": { "users": { "tenants": 3, "users_per_tenant": 2 }, "quotas": { "cinder": { "gigabytes": -1, "snapshots": -1, "volumes": -1 } }, "api_versions": { "cinder": { "version": 3, "service_type": "volumev3" } } }, "runner": { "constant": { "concurrency": 4, "times": 10 } }, "hooks": [], "sla": { "failure_rate": { "max": 0 } } } ] }
2019-06-16 07:55:12.896 1842 RALLYDEBUG rally_openstack.contexts.keystone.users [-] Creating 3 tenants using 20 threads
2019-06-16 07:55:14.692 1842 RALLYDEBUG rally_openstack.contexts.keystone.users [-] Creating 6 users using 20 threads
2019-06-16 07:55:17.349 1842 INFO rally.task.context [-] Task 1043b75f-8488-4cde-922b-d302cfa54aa4 | Context users@openstack setup() finished in 4.45 sec
2019-06-16 07:55:17.771 1842 INFO rally.task.context [-] Task 1043b75f-8488-4cde-922b-d302cfa54aa4 | Context api_versions@openstack setup() finished in 0.42 sec
2019-06-16 07:55:19.318 1842 INFO rally.task.context [-] Task 1043b75f-8488-4cde-922b-d302cfa54aa4 | Context quotas@openstack setup() finished in 1.55 sec
2019-06-16 07:55:19.318 1842 INFO rally.task.context [-] Task 1043b75f-8488-4cde-922b-d302cfa54aa4 | Context cleanup@openstack setup() finished in 0.01 msec
2019-06-16 07:55:19.326 1842 RALLYDEBUG rally.task.runner [-] Starting the constant runner (task UUID: 1043b75f-8488-4cde-922b-d302cfa54aa4). timeout: 0 concurrency: 4 concurrency_per_worker: 1 times: 10 concurrency_overhead: 0 processes_to_start: 4 max_cpu_used: 16
2019-06-16 07:55:19.339 3658 RALLYDEBUG rally.task.runner [-] Starting a worker. concurrency: 1 args: {"size": {"min": 1, "max": 1}} times: 10 method_name: run timeout: 0 duration: None cls:
2019-06-16 07:55:19.342 3659 RALLYDEBUG rally.task.runner [-] Starting a worker. concurrency: 1 args: {"size": {"min": 1, "max": 1}} times: 10 method_name: run timeout: 0 duration: None cls:
2019-06-16 07:55:19.345 3660 RALLYDEBUG rally.task.runner [-] Starting a worker. concurrency: 1 args: {"size": {"min": 1, "max": 1}} times: 10 method_name: run timeout: 0 duration: None cls:
2019-06-16 07:55:19.347 3658 INFO rally.task.runner [-] Task 1043b75f-8488-4cde-922b-d302cfa54aa4 | ITER: 1 START
2019-06-16 07:55:19.347 3661 RALLYDEBUG rally.task.runner [-] Starting a worker. concurrency: 1 args: {"size": {"min": 1, "max": 1}} times: 10 method_name: run timeout: 0 duration: None cls:
2019-06-16 07:55:19.350 3659 INFO rally.task.runner [-] Task 1043b75f-8488-4cde-922b-d302cfa54aa4 | ITER: 2 START
2019-06-16 07:55:19.353 3660 INFO rally.task.runner [-] Task 1043b75f-8488-4cde-922b-d302cfa54aa4 | ITER: 3 START
2019-06-16 07:55:19.355 3661 INFO rally.task.runner [-] Task 1043b75f-8488-4cde-922b-d302cfa54aa4 | ITER: 4 START
2019-06-16 07:55:22.764 3658 INFO rally.task.runner [-] Task 1043b75f-8488-4cde-922b-d302cfa54aa4 | ITER: 1 END: OK
2019-06-16 07:55:22.770 3658 INFO rally.task.runner [-] Task 1043b75f-8488-4cde-922b-d302cfa54aa4 | ITER: 5 START
2019-06-16 07:55:22.967 3660 INFO rally.task.runner [-] Task 1043b75f-8488-4cde-922b-d302cfa54aa4 | ITER: 3 END: OK
2019-06-16 07:55:22.974 3660 INFO rally.task.runner [-] Task 1043b75f-8488-4cde-922b-d302cfa54aa4 | ITER: 6 START
2019-06-16 07:55:22.998 3661 INFO rally.task.runner [-] Task 1043b75f-8488-4cde-922b-d302cfa54aa4 | ITER: 4 END: OK
2019-06-16 07:55:23.003 3661 INFO rally.task.runner [-] Task 1043b75f-8488-4cde-922b-d302cfa54aa4 | ITER: 7 START
2019-06-16 07:55:23.053 3659 INFO rally.task.runner [-] Task 1043b75f-8488-4cde-922b-d302cfa54aa4 | ITER: 2 END: OK
2019-06-16 07:55:23.058 3659 INFO rally.task.runner [-] Task 1043b75f-8488-4cde-922b-d302cfa54aa4 | ITER: 8 START
2019-06-16 07:55:26.164 3658 INFO rally.task.runner [-] Task 1043b75f-8488-4cde-922b-d302cfa54aa4 | ITER: 5 END: OK
2019-06-16 07:55:26.169 3658 INFO rally.task.runner [-] Task 1043b75f-8488-4cde-922b-d302cfa54aa4 | ITER: 9 START
2019-06-16 07:55:26.463 3661 INFO rally.task.runner [-] Task 1043b75f-8488-4cde-922b-d302cfa54aa4 | ITER: 7 END: OK
2019-06-16 07:55:26.468 3661 INFO rally.task.runner [-] Task 1043b75f-8488-4cde-922b-d302cfa54aa4 | ITER: 10 START
2019-06-16 07:55:26.514 3659 INFO rally.task.runner [-] Task 1043b75f-8488-4cde-922b-d302cfa54aa4 | ITER: 8 END: OK
2019-06-16 07:55:26.516 3660 INFO rally.task.runner [-] Task 1043b75f-8488-4cde-922b-d302cfa54aa4 | ITER: 6 END: OK
2019-06-16 07:55:29.547 3658 INFO rally.task.runner [-] Task 1043b75f-8488-4cde-922b-d302cfa54aa4 | ITER: 9 END: OK
2019-06-16 07:55:29.694 3661 INFO rally.task.runner [-] Task 1043b75f-8488-4cde-922b-d302cfa54aa4 | ITER: 10 END: OK
2019-06-16 07:55:29.720 1842 INFO rally.task.context [-] Task 1043b75f-8488-4cde-922b-d302cfa54aa4 | Context cleanup@openstack cleanup() started
2019-06-16 07:55:29.723 1842 RALLYDEBUG rally_openstack.cleanup.manager [-] Cleaning up cinder backups objects
2019-06-16 07:55:31.762 1842 RALLYDEBUG rally_openstack.cleanup.manager [-] Cleaning up cinder volume_snapshots objects
2019-06-16 07:55:33.660 1842 RALLYDEBUG rally_openstack.cleanup.manager [-] Cleaning up cinder transfers objects
2019-06-16 07:55:35.623 1842 RALLYDEBUG rally_openstack.cleanup.manager [-] Cleaning up cinder volumes objects
2019-06-16 07:55:37.683 1842 RALLYDEBUG rally_openstack.cleanup.manager [-] Deleting cinder.volumes object s_rally_1e50fc17_6WEKfpck (2d8d0f49-0046-4673-aa0a-f54d4fe68163)
2019-06-16 07:55:37.686 1842 RALLYDEBUG rally_openstack.cleanup.manager [-] Deleting cinder.volumes object s_rally_1e50fc17_OIptHHoN (d1e20160-e1e4-4871-9548-4392a2d8fbf1)
2019-06-16 07:55:37.687 1842 RALLYDEBUG rally_openstack.cleanup.manager [-] Deleting cinder.volumes object s_rally_1e50fc17_no6mv03C (03e4fd09-ce66-49c0-98b9-0b9460d6b18b)
2019-06-16 07:55:37.688 1842 RALLYDEBUG rally_openstack.cleanup.manager [-] Deleting cinder.volumes object s_rally_1e50fc17_u9OjwxkU (ee7126db-f25b-4d22-8180-2ccd008c8163)
2019-06-16 07:55:37.690 1842 RALLYDEBUG rally_openstack.cleanup.manager [-] Deleting cinder.volumes object s_rally_1e50fc17_TKEN8r6C (bdf5602e-0f29-41d0-bf56-19e2667675e1)
2019-06-16 07:55:37.691 1842 RALLYDEBUG rally_openstack.cleanup.manager [-] Deleting cinder.volumes object s_rally_1e50fc17_xgncr1km (fd1a2bd8-5419-4482-aa21-708b540949fe)
2019-06-16 07:55:37.703 1842 RALLYDEBUG rally_openstack.cleanup.manager [-] Deleting cinder.volumes object s_rally_1e50fc17_mGNBgg1P (f99e9b79-0c1a-4212-b754-417f2dfd94b4)
2019-06-16 07:55:37.704 1842 RALLYDEBUG rally_openstack.cleanup.manager [-] Deleting cinder.volumes object s_rally_1e50fc17_PV8upBNp (4c8a3dcd-16c0-4c77-acde-d9bcfe8e3289)
2019-06-16 07:55:37.706 1842 RALLYDEBUG rally_openstack.cleanup.manager [-] Deleting cinder.volumes object s_rally_1e50fc17_HYiH0G1i (abcff43b-ec5f-4b06-8779-3fe6193b17d9)
2019-06-16 07:55:37.717 1842 RALLYDEBUG rally_openstack.cleanup.manager [-] Deleting cinder.volumes object s_rally_1e50fc17_uOSLjDdT (df548cb3-5768-4857-aaa7-ddb0d8ed250a)
2019-06-16 07:55:41.440 1842 INFO rally.task.context [-] Task 1043b75f-8488-4cde-922b-d302cfa54aa4 | Context cleanup@openstack cleanup() finished in 11.72 sec
2019-06-16 07:55:41.440 1842 INFO rally.task.context [-] Task 1043b75f-8488-4cde-922b-d302cfa54aa4 | Context quotas@openstack cleanup() started
2019-06-16 07:55:42.006 1842 INFO rally.task.context [-] Task 1043b75f-8488-4cde-922b-d302cfa54aa4 | Context quotas@openstack cleanup() finished in 0.57 sec
2019-06-16 07:55:42.006 1842 INFO rally.task.context [-] Task 1043b75f-8488-4cde-922b-d302cfa54aa4 | Context api_versions@openstack cleanup() started
2019-06-16 07:55:42.006 1842 INFO rally.task.context [-] Task 1043b75f-8488-4cde-922b-d302cfa54aa4 | Context api_versions@openstack cleanup() finished in 0.32 msec
2019-06-16 07:55:42.007 1842 INFO rally.task.context [-] Task 1043b75f-8488-4cde-922b-d302cfa54aa4 | Context users@openstack cleanup() started
2019-06-16 07:55:48.781 1842 INFO rally.task.context [-] Task 1043b75f-8488-4cde-922b-d302cfa54aa4 | Context users@openstack cleanup() finished in 6.77 sec
2019-06-16 07:55:49.043 1842 INFO rally.task.engine [-] Load duration is: 10.342667
2019-06-16 07:55:49.044 1842 INFO rally.task.engine [-] Full runner duration is: 10.395133
2019-06-16 07:55:49.044 1842 INFO rally.task.engine [-] Full duration is: 35.887697
2019-06-16 07:55:49.269 1842 INFO rally.task.engine [-] Running workload: position = 0 config = { "version": 2, "title": "A cropped version of a bigger task.", "description": "Auto-generated task from a single workload (uuid=1025404e-71f4-448e-b91d-19c895749788)", "subtasks": [ { "title": "CinderVolumes.list_volumes", "description": "List all volumes.", "scenario": { "CinderVolumes.list_volumes": { "detailed": true } }, "contexts": { "users": { "tenants": 3, "users_per_tenant": 2 }, "quotas": { "cinder": { "gigabytes": -1, "snapshots": -1, "volumes": -1 } }, "api_versions": { "cinder": { "version": 3, "service_type": "volumev3" } }, "volumes": { "size": 1, "volumes_per_tenant": 4 } }, "runner": { "constant": { "concurrency": 4, "times": 10 } }, "hooks": [], "sla": { "failure_rate": { "max": 0 } } } ] }
2019-06-16 07:55:49.295 1842 RALLYDEBUG rally_openstack.contexts.keystone.users [-] Creating 3 tenants using 20 threads
2019-06-16 07:55:51.032 1842 RALLYDEBUG rally_openstack.contexts.keystone.users [-] Creating 6 users using 20 threads
2019-06-16 07:55:53.765 1842 INFO rally.task.context [-] Task 1043b75f-8488-4cde-922b-d302cfa54aa4 | Context users@openstack setup() finished in 4.47 sec
2019-06-16 07:55:54.175 1842 INFO rally.task.context [-] Task 1043b75f-8488-4cde-922b-d302cfa54aa4 | Context api_versions@openstack setup() finished in 0.41 sec
2019-06-16 07:55:55.755 1842 INFO rally.task.context [-] Task 1043b75f-8488-4cde-922b-d302cfa54aa4 | Context quotas@openstack setup() finished in 1.58 sec
2019-06-16 07:56:31.610 1842 INFO rally.task.context [-] Task 1043b75f-8488-4cde-922b-d302cfa54aa4 | Context volumes@openstack setup() finished in 35.86 sec
2019-06-16 07:56:31.618 1842 RALLYDEBUG rally.task.runner [-] Starting the constant runner (task UUID: 1043b75f-8488-4cde-922b-d302cfa54aa4). timeout: 0 concurrency: 4 concurrency_per_worker: 1 times: 10 concurrency_overhead: 0 processes_to_start: 4 max_cpu_used: 16
2019-06-16 07:56:31.629 3842 RALLYDEBUG rally.task.runner [-] Starting a worker. concurrency: 1 args: {"detailed": true} times: 10 method_name: run timeout: 0 duration: None cls:
2019-06-16 07:56:31.632 3843 RALLYDEBUG rally.task.runner [-] Starting a worker. concurrency: 1 args: {"detailed": true} times: 10 method_name: run timeout: 0 duration: None cls:
2019-06-16 07:56:31.633 3844 RALLYDEBUG rally.task.runner [-] Starting a worker. concurrency: 1 args: {"detailed": true} times: 10 method_name: run timeout: 0 duration: None cls:
2019-06-16 07:56:31.635 3842 INFO rally.task.runner [-] Task 1043b75f-8488-4cde-922b-d302cfa54aa4 | ITER: 1 START
2019-06-16 07:56:31.638 3844 INFO rally.task.runner [-] Task 1043b75f-8488-4cde-922b-d302cfa54aa4 | ITER: 3 START
2019-06-16 07:56:31.638 3845 RALLYDEBUG rally.task.runner [-] Starting a worker. concurrency: 1 args: {"detailed": true} times: 10 method_name: run timeout: 0 duration: None cls:
2019-06-16 07:56:31.643 3843 INFO rally.task.runner [-] Task 1043b75f-8488-4cde-922b-d302cfa54aa4 | ITER: 2 START
2019-06-16 07:56:31.643 3845 INFO rally.task.runner [-] Task 1043b75f-8488-4cde-922b-d302cfa54aa4 | ITER: 4 START
2019-06-16 07:56:32.438 3843 INFO rally.task.runner [-] Task 1043b75f-8488-4cde-922b-d302cfa54aa4 | ITER: 2 END: OK
2019-06-16 07:56:32.444 3843 INFO rally.task.runner [-] Task 1043b75f-8488-4cde-922b-d302cfa54aa4 | ITER: 5 START
2019-06-16 07:56:32.510 3844 INFO rally.task.runner [-] Task 1043b75f-8488-4cde-922b-d302cfa54aa4 | ITER: 3 END: OK
2019-06-16 07:56:32.514 3842 INFO rally.task.runner [-] Task 1043b75f-8488-4cde-922b-d302cfa54aa4 | ITER: 1 END: OK
2019-06-16 07:56:32.515 3844 INFO rally.task.runner [-] Task 1043b75f-8488-4cde-922b-d302cfa54aa4 | ITER: 6 START
2019-06-16 07:56:32.520 3842 INFO rally.task.runner [-] Task 1043b75f-8488-4cde-922b-d302cfa54aa4 | ITER: 7 START
2019-06-16 07:56:32.560 3845 INFO rally.task.runner [-] Task 1043b75f-8488-4cde-922b-d302cfa54aa4 | ITER: 4 END: OK
2019-06-16 07:56:32.566 3845 INFO rally.task.runner [-] Task 1043b75f-8488-4cde-922b-d302cfa54aa4 | ITER: 8 START
2019-06-16 07:56:33.147 3843 INFO rally.task.runner [-] Task 1043b75f-8488-4cde-922b-d302cfa54aa4 | ITER: 5 END: OK
2019-06-16 07:56:33.152 3843 INFO rally.task.runner [-] Task 1043b75f-8488-4cde-922b-d302cfa54aa4 | ITER: 9 START
2019-06-16 07:56:33.283 3845 INFO rally.task.runner [-] Task 1043b75f-8488-4cde-922b-d302cfa54aa4 | ITER: 8 END: OK
2019-06-16 07:56:33.288 3845 INFO rally.task.runner [-] Task 1043b75f-8488-4cde-922b-d302cfa54aa4 | ITER: 10 START
2019-06-16 07:56:33.329 3844 INFO rally.task.runner [-] Task 1043b75f-8488-4cde-922b-d302cfa54aa4 | ITER: 6 END: OK
2019-06-16 07:56:33.440 3842 INFO rally.task.runner [-] Task 1043b75f-8488-4cde-922b-d302cfa54aa4 | ITER: 7 END: OK
2019-06-16 07:56:33.856 3843 INFO rally.task.runner [-] Task 1043b75f-8488-4cde-922b-d302cfa54aa4 | ITER: 9 END: OK
2019-06-16 07:56:33.984 3845 INFO rally.task.runner [-] Task 1043b75f-8488-4cde-922b-d302cfa54aa4 | ITER: 10 END: OK
2019-06-16 07:56:34.010 1842 INFO rally.task.context [-] Task 1043b75f-8488-4cde-922b-d302cfa54aa4 | Context volumes@openstack cleanup() started
2019-06-16 07:56:34.011 1842 RALLYDEBUG rally_openstack.cleanup.manager [-] Cleaning up cinder volumes objects
2019-06-16 07:56:36.051 1842 RALLYDEBUG rally_openstack.cleanup.manager [-] Deleting cinder.volumes object c_rally_1025404e_F0jTu5Tg (035aa3c4-aeed-4764-85df-83b89f37f457)
2019-06-16 07:56:36.055 1842 RALLYDEBUG rally_openstack.cleanup.manager [-] Deleting cinder.volumes object c_rally_1025404e_1qynwv4r (6fd0c29c-cefd-46de-a553-06fbd0059463)
2019-06-16 07:56:36.062 1842 RALLYDEBUG rally_openstack.cleanup.manager [-] Deleting cinder.volumes object c_rally_1025404e_ZEFAVXXR (8f02439b-4c9c-4320-bc0c-afa776349569)
2019-06-16 07:56:36.066 1842 RALLYDEBUG rally_openstack.cleanup.manager [-] Deleting cinder.volumes object c_rally_1025404e_8eN6JTMK (483a7826-ef18-42e2-b564-197d101b4952)
2019-06-16 07:56:36.068 1842 RALLYDEBUG rally_openstack.cleanup.manager [-] Deleting cinder.volumes object c_rally_1025404e_hGoCmg2Z (ec475e3f-5939-4112-bfc2-74f2ad44f34a)
2019-06-16 07:56:36.076 1842 RALLYDEBUG rally_openstack.cleanup.manager [-] Deleting cinder.volumes object c_rally_1025404e_MsE38qG7 (8637c348-056c-424e-a94a-fa67cf6865f3)
2019-06-16 07:56:36.077 1842 RALLYDEBUG rally_openstack.cleanup.manager [-] Deleting cinder.volumes object c_rally_1025404e_ruu0nxpf (b34d945e-c587-4fbb-80cf-fad36b5a6c6b)
2019-06-16 07:56:36.085 1842 RALLYDEBUG rally_openstack.cleanup.manager [-] Deleting cinder.volumes object c_rally_1025404e_3qDurte2 (d9ca8c57-eb4a-4980-90f0-3ae1eee8dbfa)
2019-06-16 07:56:36.095 1842 RALLYDEBUG rally_openstack.cleanup.manager [-] Deleting cinder.volumes object c_rally_1025404e_OWxOuVaZ (14226c2b-fb57-4656-bc26-de1868cc7b45)
2019-06-16 07:56:36.104 1842 RALLYDEBUG rally_openstack.cleanup.manager [-] Deleting cinder.volumes object c_rally_1025404e_8CP3adwF (dd408c29-c1a6-49f8-bf59-4bd9770b4a3f)
2019-06-16 07:56:36.114 1842 RALLYDEBUG rally_openstack.cleanup.manager [-] Deleting cinder.volumes object c_rally_1025404e_Li5BRrUH (80e0a18b-ee66-4c62-9794-5671c35ce6f8)
2019-06-16 07:56:36.137 1842 RALLYDEBUG rally_openstack.cleanup.manager [-] Deleting cinder.volumes object c_rally_1025404e_6jAQGMVM (5a245e6f-d901-4f46-809d-edaf4b028655)
2019-06-16 07:56:40.933 1842 INFO rally.task.context [-] Task 1043b75f-8488-4cde-922b-d302cfa54aa4 | Context volumes@openstack cleanup() finished in 6.92 sec
2019-06-16 07:56:40.934 1842 INFO rally.task.context [-] Task 1043b75f-8488-4cde-922b-d302cfa54aa4 | Context quotas@openstack cleanup() started
2019-06-16 07:56:41.709 1842 INFO rally.task.context [-] Task 1043b75f-8488-4cde-922b-d302cfa54aa4 | Context quotas@openstack cleanup() finished in 0.78 sec
2019-06-16 07:56:41.710 1842 INFO rally.task.context [-] Task 1043b75f-8488-4cde-922b-d302cfa54aa4 | Context api_versions@openstack cleanup() started
2019-06-16 07:56:41.710 1842 INFO rally.task.context [-] Task 1043b75f-8488-4cde-922b-d302cfa54aa4 | Context api_versions@openstack cleanup() finished in 0.34 msec
2019-06-16 07:56:41.710 1842 INFO rally.task.context [-] Task 1043b75f-8488-4cde-922b-d302cfa54aa4 | Context users@openstack cleanup() started
2019-06-16 07:56:48.480 1842 INFO rally.task.context [-] Task 1043b75f-8488-4cde-922b-d302cfa54aa4 | Context users@openstack cleanup() finished in 6.77 sec
2019-06-16 07:56:49.548 1842 INFO rally.task.engine [-] Load duration is: 2.344908
2019-06-16 07:56:49.549 1842 INFO rally.task.engine [-] Full runner duration is: 2.392763
2019-06-16 07:56:49.549 1842 INFO rally.task.engine [-] Full duration is: 59.189959
2019-06-16 07:56:49.746 1842 INFO rally.task.engine [-] Running workload: position = 0 config = { "version": 2, "title": "A cropped version of a bigger task.", "description": "Auto-generated task from a single workload (uuid=bf698a2c-c99e-4eb2-9d06-2900b5092b1b)", "subtasks": [ { "title": "CinderVolumes.create_and_delete_snapshot", "description": "Create and then delete a volume-snapshot.", "scenario": { "CinderVolumes.create_and_delete_snapshot": { "force": false } }, "contexts": { "users": { "tenants": 3, "users_per_tenant": 2 }, "quotas": { "cinder": { "gigabytes": -1, "snapshots": -1, "volumes": -1 } }, "api_versions": { "cinder": { "version": 3, "service_type": "volumev3" } }, "volumes": { "size": 1, "volumes_per_tenant": 1 } }, "runner": { "constant": { "concurrency": 4, "times": 10 } }, "hooks": [], "sla": { "failure_rate": { "max": 0 } } } ] }
2019-06-16 07:56:49.770 1842 RALLYDEBUG rally_openstack.contexts.keystone.users [-] Creating 3 tenants using 20 threads
2019-06-16 07:56:51.525 1842 RALLYDEBUG rally_openstack.contexts.keystone.users [-] Creating 6 users using 20 threads
2019-06-16 07:56:54.491 1842 INFO rally.task.context [-] Task 1043b75f-8488-4cde-922b-d302cfa54aa4 | Context users@openstack setup() finished in 4.72 sec
2019-06-16 07:56:54.901 1842 INFO rally.task.context [-] Task 1043b75f-8488-4cde-922b-d302cfa54aa4 | Context api_versions@openstack setup() finished in 0.41 sec
2019-06-16 07:56:56.717 1842 INFO rally.task.context [-] Task 1043b75f-8488-4cde-922b-d302cfa54aa4 | Context quotas@openstack setup() finished in 1.82 sec
2019-06-16 07:57:07.433 1842 INFO rally.task.context [-] Task 1043b75f-8488-4cde-922b-d302cfa54aa4 | Context volumes@openstack setup() finished in 10.72 sec
2019-06-16 07:57:07.434 1842 INFO rally.task.context [-] Task 1043b75f-8488-4cde-922b-d302cfa54aa4 | Context cleanup@openstack setup() finished in 0.01 msec
2019-06-16 07:57:07.442 1842 RALLYDEBUG rally.task.runner [-] Starting the constant runner (task UUID: 1043b75f-8488-4cde-922b-d302cfa54aa4). timeout: 0 concurrency: 4 concurrency_per_worker: 1 times: 10 concurrency_overhead: 0 processes_to_start: 4 max_cpu_used: 16
2019-06-16 07:57:07.456 3966 RALLYDEBUG rally.task.runner [-] Starting a worker. concurrency: 1 args: {"force": false} times: 10 method_name: run timeout: 0 duration: None cls:
2019-06-16 07:57:07.458 3967 RALLYDEBUG rally.task.runner [-] Starting a worker. concurrency: 1 args: {"force": false} times: 10 method_name: run timeout: 0 duration: None cls:
2019-06-16 07:57:07.461 3968 RALLYDEBUG rally.task.runner [-] Starting a worker. concurrency: 1 args: {"force": false} times: 10 method_name: run timeout: 0 duration: None cls:
2019-06-16 07:57:07.464 3969 RALLYDEBUG rally.task.runner [-] Starting a worker. concurrency: 1 args: {"force": false} times: 10 method_name: run timeout: 0 duration: None cls:
2019-06-16 07:57:07.468 3966 INFO rally.task.runner [-] Task 1043b75f-8488-4cde-922b-d302cfa54aa4 | ITER: 1 START
2019-06-16 07:57:07.469 3967 INFO rally.task.runner [-] Task 1043b75f-8488-4cde-922b-d302cfa54aa4 | ITER: 2 START
2019-06-16 07:57:07.473 3968 INFO rally.task.runner [-] Task 1043b75f-8488-4cde-922b-d302cfa54aa4 | ITER: 3 START
2019-06-16 07:57:07.474 3969 INFO rally.task.runner [-] Task 1043b75f-8488-4cde-922b-d302cfa54aa4 | ITER: 4 START
2019-06-16 07:57:11.377 3968 RALLYDEBUG rally.task.utils [-] Waiting for resource s_rally_bf698a2c_tcBzfgRq. Status changed: AVAILABLE => DELETING in 0.248534917831
2019-06-16 07:57:11.467 3966 RALLYDEBUG rally.task.utils [-] Waiting for resource s_rally_bf698a2c_I5stpgqN. Status changed: AVAILABLE => DELETING in 0.235320091248
2019-06-16 07:57:11.524 3967 RALLYDEBUG rally.task.utils [-] Waiting for resource s_rally_bf698a2c_4YlQxaci. Status changed: AVAILABLE => DELETING in 0.250905036926
2019-06-16 07:57:11.581 3969 RALLYDEBUG rally.task.utils [-] Waiting for resource s_rally_bf698a2c_4rpK8iwJ. Status changed: AVAILABLE => DELETING in 0.223037004471
2019-06-16 07:57:13.502 3966 INFO rally.task.runner [-] Task 1043b75f-8488-4cde-922b-d302cfa54aa4 | ITER: 1 END: OK
2019-06-16 07:57:13.507 3966 INFO rally.task.runner [-] Task 1043b75f-8488-4cde-922b-d302cfa54aa4 | ITER: 5 START
2019-06-16 07:57:13.548 3967 INFO rally.task.runner [-] Task 1043b75f-8488-4cde-922b-d302cfa54aa4 | ITER: 2 END: OK
2019-06-16 07:57:13.553 3967 INFO rally.task.runner [-] Task 1043b75f-8488-4cde-922b-d302cfa54aa4 | ITER: 6 START
2019-06-16 07:57:13.606 3969 INFO rally.task.runner [-] Task 1043b75f-8488-4cde-922b-d302cfa54aa4 | ITER: 4 END: OK
2019-06-16 07:57:13.610 3969 INFO rally.task.runner [-] Task 1043b75f-8488-4cde-922b-d302cfa54aa4 | ITER: 7 START
2019-06-16 07:57:13.617 3968 INFO rally.task.runner [-] Task 1043b75f-8488-4cde-922b-d302cfa54aa4 | ITER: 3 END: OK
2019-06-16 07:57:13.622 3968 INFO rally.task.runner [-] Task 1043b75f-8488-4cde-922b-d302cfa54aa4 | ITER: 8 START
2019-06-16 07:57:17.276 3968 RALLYDEBUG rally.task.utils [-] Waiting for resource s_rally_bf698a2c_OX8HQlrd. Status changed: AVAILABLE => DELETING in 0.0280349254608
2019-06-16 07:57:17.372 3967 RALLYDEBUG rally.task.utils [-] Waiting for resource s_rally_bf698a2c_PmviErJz. Status changed: AVAILABLE => DELETING in 0.239739894867
2019-06-16 07:57:17.463 3966 RALLYDEBUG rally.task.utils [-] Waiting for resource s_rally_bf698a2c_kQQccZ6o. Status changed: AVAILABLE => DELETING in 0.225524902344
2019-06-16 07:57:17.656 3969 RALLYDEBUG rally.task.utils [-] Waiting for resource s_rally_bf698a2c_T5XF1P2Z. Status changed: AVAILABLE => DELETING in 0.204550027847
2019-06-16 07:57:19.306 3968 INFO rally.task.runner [-] Task 1043b75f-8488-4cde-922b-d302cfa54aa4 | ITER: 8 END: OK
2019-06-16 07:57:19.311 3968 INFO rally.task.runner [-] Task 1043b75f-8488-4cde-922b-d302cfa54aa4 | ITER: 9 START
2019-06-16 07:57:19.398 3967 INFO rally.task.runner [-] Task 1043b75f-8488-4cde-922b-d302cfa54aa4 | ITER: 6 END: OK
2019-06-16 07:57:19.403 3967 INFO rally.task.runner [-] Task 1043b75f-8488-4cde-922b-d302cfa54aa4 | ITER: 10 START
2019-06-16 07:57:19.667 3966 INFO rally.task.runner [-] Task 1043b75f-8488-4cde-922b-d302cfa54aa4 | ITER: 5 END: OK
2019-06-16 07:57:19.873 3969 INFO rally.task.runner [-] Task 1043b75f-8488-4cde-922b-d302cfa54aa4 | ITER: 7 END: OK
2019-06-16 07:57:22.818 3968 RALLYDEBUG rally.task.utils [-] Waiting for resource s_rally_bf698a2c_6aOkqk7d. Status changed: AVAILABLE => DELETING in 0.0301899909973
2019-06-16 07:57:23.369 3967 RALLYDEBUG rally.task.utils [-] Waiting for resource s_rally_bf698a2c_2VCuU6wf. Status changed: AVAILABLE => DELETING in 0.221988916397
2019-06-16 07:57:24.846 3968 INFO rally.task.runner [-] Task 1043b75f-8488-4cde-922b-d302cfa54aa4 | ITER: 9 END: OK
2019-06-16 07:57:25.593 3967 INFO rally.task.runner [-] Task 1043b75f-8488-4cde-922b-d302cfa54aa4 | ITER: 10 END: OK
2019-06-16 07:57:25.618 1842 INFO rally.task.context [-] Task 1043b75f-8488-4cde-922b-d302cfa54aa4 | Context cleanup@openstack cleanup() started
2019-06-16 07:57:25.620 1842 RALLYDEBUG rally_openstack.cleanup.manager [-] Cleaning up cinder backups objects
