2019-06-15 01:52:35.677 22705 RALLYDEBUG rally_openstack.cleanup.manager [-] Deleting neutron.port object s_rally_e450748e_arjNYfps (596f4a7b-49fa-4de7-b5c5-aab9011194b8)
2019-06-15 01:52:35.765 22705 RALLYDEBUG rally_openstack.cleanup.manager [-] Deleting neutron.port object s_rally_e450748e_O46jJqJn (5a2ee863-c026-4bca-83f3-ca18647027f2)
2019-06-15 01:52:35.854 22705 RALLYDEBUG rally_openstack.cleanup.manager [-] Deleting neutron.port object s_rally_e450748e_ZLlcmxDR (5b5d6e2e-6a14-40e6-a47f-3c57bb8d9542)
2019-06-15 01:52:36.048 22705 RALLYDEBUG rally_openstack.cleanup.manager [-] Deleting neutron.port object s_rally_e450748e_rEDDcm6k (5b8732ae-0a27-4875-a98b-55ef7073ffbf)
2019-06-15 01:52:36.263 22705 RALLYDEBUG rally_openstack.cleanup.manager [-] Deleting neutron.port object s_rally_e450748e_um6TY6xg (5cb50b69-259c-477b-ad56-42eb11d18e56)
2019-06-15 01:52:36.270 22705 RALLYDEBUG rally_openstack.cleanup.manager [-] Deleting neutron.port object s_rally_e450748e_Ec2mVgw6 (5fde1a77-d512-4874-91f8-0d60fa302c69)
2019-06-15 01:52:36.371 22705 RALLYDEBUG rally_openstack.cleanup.manager [-] Deleting neutron.port object s_rally_e450748e_vLdBmuQy (61a64f6c-d832-4ef9-a1ef-304824734d5c)
2019-06-15 01:52:36.511 22705 RALLYDEBUG rally_openstack.cleanup.manager [-] Deleting neutron.port object s_rally_e450748e_CttdeK4W (630a9479-c366-4590-8b12-cd0a5f72e3d1)
2019-06-15 01:52:36.569 22705 RALLYDEBUG rally_openstack.cleanup.manager [-] Deleting neutron.port object s_rally_e450748e_9FLQIW3M (63885af4-6a76-41a0-a9d4-2df5e75ad0a2)
2019-06-15 01:52:36.622 22705 RALLYDEBUG rally_openstack.cleanup.manager [-] Deleting neutron.port object s_rally_e450748e_wSy7otUt (65332dad-2609-4639-86da-13ea6cd1cf3b)
2019-06-15 01:52:36.692 22705 RALLYDEBUG rally_openstack.cleanup.manager [-] Deleting neutron.port object s_rally_e450748e_f1GRfjEt (6587a81a-5d4b-4a0e-9483-71d7aa444e1d)
2019-06-15 01:52:36.806 22705 RALLYDEBUG rally_openstack.cleanup.manager [-] Deleting neutron.port object s_rally_e450748e_ebnWc4pA (6795d117-71d8-452c-8e57-bf8130c5853f)
2019-06-15 01:52:37.099 22705 RALLYDEBUG rally_openstack.cleanup.manager [-] Deleting neutron.port object s_rally_e450748e_QcejZ59o (67b90d47-72f5-43cc-ba3c-2fc5c5b75703)
2019-06-15 01:52:37.163 22705 RALLYDEBUG rally_openstack.cleanup.manager [-] Deleting neutron.port object s_rally_e450748e_RMq5NsUT (67e77b38-7bee-4d8c-ae32-09f9a3b2cfee)
2019-06-15 01:52:37.534 22705 RALLYDEBUG rally_openstack.cleanup.manager [-] Deleting neutron.port object s_rally_e450748e_eYhfwgDk (682c4e9c-6af6-41fa-99e4-bade892ff783)
2019-06-15 01:52:37.687 22705 RALLYDEBUG rally_openstack.cleanup.manager [-] Deleting neutron.port object s_rally_e450748e_D36VBvyr (69babc99-73a7-4d8b-bc50-02a0e803038a)
2019-06-15 01:52:37.811 22705 RALLYDEBUG rally_openstack.cleanup.manager [-] Deleting neutron.port object s_rally_e450748e_qKK3FNXu (6a5256e3-698d-467f-be66-a3f334e1e5da)
2019-06-15 01:52:38.029 22705 RALLYDEBUG rally_openstack.cleanup.manager [-] Deleting neutron.port object s_rally_e450748e_vkYA9fgP (6b6f3f2e-96e5-49da-8dfe-fee3114bed5e)
2019-06-15 01:52:38.040 22705 RALLYDEBUG rally_openstack.cleanup.manager [-] Deleting neutron.port object s_rally_e450748e_XXy4VbSh (6ba7bb0e-2dd6-4bb4-93ea-d4d989345cef)
2019-06-15 01:52:38.115 22705 RALLYDEBUG rally_openstack.cleanup.manager [-] Deleting neutron.port object s_rally_e450748e_h4490uFj (6be26119-5a77-44e5-8893-18b8634cca14)
2019-06-15 01:52:38.243 22705 RALLYDEBUG rally_openstack.cleanup.manager [-] Deleting neutron.port object s_rally_e450748e_g31NSpvu (6c194b1f-23a0-408c-a988-5bcca8078c52)
2019-06-15 01:52:38.301 22705 RALLYDEBUG rally_openstack.cleanup.manager [-] Deleting neutron.port object s_rally_e450748e_zk3U0inR (6caeaf21-6815-43a3-bad4-9ff2388b3d1f)
2019-06-15 01:52:38.351 22705 RALLYDEBUG rally_openstack.cleanup.manager [-] Deleting neutron.port object s_rally_e450748e_2pF7lpn6 (70151c9b-921b-41b6-87cd-1298b4db733f)
2019-06-15 01:52:38.544 22705 RALLYDEBUG rally_openstack.cleanup.manager [-] Deleting neutron.port object s_rally_e450748e_MQkkcmbZ (703f71d9-8eba-4feb-ab6e-ba6698f7e05d)
2019-06-15 01:52:38.845 22705 RALLYDEBUG rally_openstack.cleanup.manager [-] Deleting neutron.port object s_rally_e450748e_OtvNMJ5N (707eceb1-e983-47b1-b1ef-902b3284e1bf)
2019-06-15 01:52:38.877 22705 RALLYDEBUG rally_openstack.cleanup.manager [-] Deleting neutron.port object s_rally_e450748e_V2C56THP (7408b5c7-769a-424c-943c-4e1d0f7b63d4)
2019-06-15 01:52:38.919 22705 RALLYDEBUG rally_openstack.cleanup.manager [-] Deleting neutron.port object s_rally_e450748e_Y4c6Ukrh (7472b236-9313-44b6-92d9-1aa3fd2f2f4a)
2019-06-15 01:52:39.069 22705 RALLYDEBUG rally_openstack.cleanup.manager [-] Deleting neutron.port object s_rally_e450748e_N5MR5iOX (777c3729-d659-4a91-9754-73a5f94a98a6)
2019-06-15 01:52:39.148 22705 RALLYDEBUG rally_openstack.cleanup.manager [-] Deleting neutron.port object s_rally_e450748e_3xYWpji1 (782ccdb0-c1a0-47bc-b563-29304aa2e83e)
2019-06-15 01:52:39.169 22705 RALLYDEBUG rally_openstack.cleanup.manager [-] Deleting neutron.port object s_rally_e450748e_3NdJZ8hK (79dc1d6e-150d-47fb-ba49-9b4ee2259c63)
2019-06-15 01:52:39.431 22705 RALLYDEBUG rally_openstack.cleanup.manager [-] Deleting neutron.port object s_rally_e450748e_7Zsqjqod (7dc9be1f-3292-47de-ac75-705af9c4221c)
2019-06-15 01:52:39.611 22705 RALLYDEBUG rally_openstack.cleanup.manager [-] Deleting neutron.port object s_rally_e450748e_2Eqks2dO (7df76aac-f59c-4214-a674-9846eb3b7ef0)
2019-06-15 01:52:39.651 22705 RALLYDEBUG rally_openstack.cleanup.manager [-] Deleting neutron.port object s_rally_e450748e_KVIIqobS (7f4495fe-436c-49cc-8118-fe7b828a0ac4)
2019-06-15 01:52:39.777 22705 RALLYDEBUG rally_openstack.cleanup.manager [-] Deleting neutron.port object s_rally_e450748e_RuBZJB8x (7fc5bedd-6ade-4c14-ad7b-47660de4ace3)
2019-06-15 01:52:39.939 22705 RALLYDEBUG rally_openstack.cleanup.manager [-] Deleting neutron.port object s_rally_e450748e_Jjas41tQ (81d855dc-d3c9-4da9-baa7-647d6cffecd8)
2019-06-15 01:52:40.340 22705 RALLYDEBUG rally_openstack.cleanup.manager [-] Deleting neutron.port object s_rally_e450748e_OD6I1D1K (81daa8a6-7ad6-4dc6-afa2-8e6fb2ff7428)
2019-06-15 01:52:40.398 22705 RALLYDEBUG rally_openstack.cleanup.manager [-] Deleting neutron.port object s_rally_e450748e_XKtwQ9Dt (845cb1c7-0529-4d19-b400-f53bca385305)
2019-06-15 01:52:40.419 22705 RALLYDEBUG rally_openstack.cleanup.manager [-] Deleting neutron.port object s_rally_e450748e_Fa9fS59c (859b8fac-2888-45e7-948b-1eca71ef6c16)
2019-06-15 01:52:40.516 22705 RALLYDEBUG rally_openstack.cleanup.manager [-] Deleting neutron.port object s_rally_e450748e_vSs3tT43 (85a31a06-280c-45e3-9744-3aa94b62f301)
2019-06-15 01:52:40.611 22705 RALLYDEBUG rally_openstack.cleanup.manager [-] Deleting neutron.port object s_rally_e450748e_GMlciyUc (871825dd-fef5-447f-a0c7-ca1f34c2a921)
2019-06-15 01:52:40.716 22705 RALLYDEBUG rally_openstack.cleanup.manager [-] Deleting neutron.port object s_rally_e450748e_dzFROQAf (874c122a-8288-4efc-92a5-7741c025acdd)
2019-06-15 01:52:40.756 22705 RALLYDEBUG rally_openstack.cleanup.manager [-] Deleting neutron.port object s_rally_e450748e_5ayG4jgO (88086020-8229-415b-a379-b9aa591fd5fd)
2019-06-15 01:52:41.089 22705 RALLYDEBUG rally_openstack.cleanup.manager [-] Deleting neutron.port object s_rally_e450748e_dXRfQwSU (8d9f913d-28b9-4af1-bc2f-9f72c03b02fe)
2019-06-15 01:52:41.217 22705 RALLYDEBUG rally_openstack.cleanup.manager [-] Deleting neutron.port object s_rally_e450748e_QItRoavV (8df8d620-74a1-4f2a-8ce3-b8eb899837b4)
2019-06-15 01:52:41.234 22705 RALLYDEBUG rally_openstack.cleanup.manager [-] Deleting neutron.port object s_rally_e450748e_oiMRjbOz (8ebdcf68-99a8-4d33-b503-08d0c3d18b27)
2019-06-15 01:52:41.441 22705 RALLYDEBUG rally_openstack.cleanup.manager [-] Deleting neutron.port object s_rally_e450748e_ryao8hkp (900af4a0-252b-42a8-9dc6-9fc6d3d8c542)
2019-06-15 01:52:41.471 22705 RALLYDEBUG rally_openstack.cleanup.manager [-] Deleting neutron.port object s_rally_e450748e_vxE041Ew (9169b900-0cb2-406d-97cc-97748beb9691)
2019-06-15 01:52:41.690 22705 RALLYDEBUG rally_openstack.cleanup.manager [-] Deleting neutron.port object s_rally_e450748e_Ce3LFJMN (91860086-a03c-4438-a88a-7b1734858d8d)
2019-06-15 01:52:41.751 22705 RALLYDEBUG rally_openstack.cleanup.manager [-] Deleting neutron.port object s_rally_e450748e_kKoOHN0h (92558c98-812b-4c5d-83a3-aec4b10a5638)
2019-06-15 01:52:41.857 22705 RALLYDEBUG rally_openstack.cleanup.manager [-] Deleting neutron.port object s_rally_e450748e_4YFDDz24 (928c1b2e-5ba9-4a26-8ea9-bd06a03af860)
2019-06-15 01:52:41.885 22705 RALLYDEBUG rally_openstack.cleanup.manager [-] Deleting neutron.port object s_rally_e450748e_BG9djkPN (92bc25da-b954-43e3-a430-08e1825a54e2)
2019-06-15 01:52:42.062 22705 RALLYDEBUG rally_openstack.cleanup.manager [-] Deleting neutron.port object s_rally_e450748e_E9AdxeK9 (984c4551-1a13-450f-a554-ac75dc53a35e)
2019-06-15 01:52:42.080 22705 RALLYDEBUG rally_openstack.cleanup.manager [-] Deleting neutron.port object s_rally_e450748e_fBaN1A2C (9caa483b-c4f2-45bb-af25-359533ddabec)
2019-06-15 01:52:42.377 22705 RALLYDEBUG rally_openstack.cleanup.manager [-] Deleting neutron.port object s_rally_e450748e_HUNnhphg (9cd7afbf-1273-407a-b8ca-7da729ed7088)
2019-06-15 01:52:42.386 22705 RALLYDEBUG rally_openstack.cleanup.manager [-] Deleting neutron.port object s_rally_e450748e_H3ox5vfs (9d64131d-cca7-4f52-8d8b-e739402f8b8d)
2019-06-15 01:52:42.589 22705 RALLYDEBUG rally_openstack.cleanup.manager [-] Deleting neutron.port object s_rally_e450748e_cInSKuuE (9da28a88-0109-4c69-a349-9a8b1709b57e)
2019-06-15 01:52:42.991 22705 RALLYDEBUG rally_openstack.cleanup.manager [-] Deleting neutron.port object s_rally_e450748e_MBAMoZBA (9e22b86b-d168-4c41-8104-256efeab4aec)
2019-06-15 01:52:43.060 22705 RALLYDEBUG rally_openstack.cleanup.manager [-] Deleting neutron.port object s_rally_e450748e_ratoZwHy (9e3eddd0-6b00-42c6-a6fa-b8802dd290e2)
2019-06-15 01:52:43.099 22705 RALLYDEBUG rally_openstack.cleanup.manager [-] Deleting neutron.port object s_rally_e450748e_hvC3KNxU (9f2356fd-faa3-4b4c-898c-eac137586c27)
2019-06-15 01:52:43.227 22705 RALLYDEBUG rally_openstack.cleanup.manager [-] Deleting neutron.port object s_rally_e450748e_oBTCwD4D (a058bee3-4c35-45f3-85c7-429e46c44f99)
2019-06-15 01:52:43.411 22705 RALLYDEBUG rally_openstack.cleanup.manager [-] Deleting neutron.port object s_rally_e450748e_DI6weizb (a06d3e50-5c17-47a0-a85f-dcf9ad7adf00)
2019-06-15 01:52:43.420 22705 RALLYDEBUG rally_openstack.cleanup.manager [-] Deleting neutron.port object s_rally_e450748e_Srmb9pSV (a1105a42-6bca-4fc4-bc7b-36d5d2cdebf7)
2019-06-15 01:52:43.524 22705 RALLYDEBUG rally_openstack.cleanup.manager [-] Deleting neutron.port object s_rally_e450748e_rG8LDOBO (a242fc91-e186-4cad-8d37-e220e3a6b5f2)
2019-06-15 01:52:43.708 22705 RALLYDEBUG rally_openstack.cleanup.manager [-] Deleting neutron.port object s_rally_e450748e_1Jsen2EV (a2b1c5b8-1554-4e4f-a9a8-2eaf94b74941)
2019-06-15 01:52:43.747 22705 RALLYDEBUG rally_openstack.cleanup.manager [-] Deleting neutron.port object s_rally_e450748e_B2mERN03 (a50fde3d-2734-4ecb-a2da-7f9256a9ac82)
2019-06-15 01:52:43.753 22705 RALLYDEBUG rally_openstack.cleanup.manager [-] Deleting neutron.port object s_rally_e450748e_Gx5LOLIv (a544b72e-cb7e-47a7-ac47-3dd86de92008)
2019-06-15 01:52:43.835 22705 RALLYDEBUG rally_openstack.cleanup.manager [-] Deleting neutron.port object s_rally_e450748e_4nJigXKA (a58573f9-e991-48fb-93bb-be34ec32ee19)
2019-06-15 01:52:44.123 22705 RALLYDEBUG rally_openstack.cleanup.manager [-] Deleting neutron.port object s_rally_e450748e_xFe4bQiv (a8c2f7ab-ce2c-4a69-a560-6dc26ffb2a38)
2019-06-15 01:52:44.190 22705 RALLYDEBUG rally_openstack.cleanup.manager [-] Deleting neutron.port object s_rally_e450748e_oPds0IiT (a9c8382a-c6eb-476f-926c-42960f467099)
2019-06-15 01:52:44.388 22705 RALLYDEBUG rally_openstack.cleanup.manager [-] Deleting neutron.port object s_rally_e450748e_AkxIa8f7 (ab65f5d2-f797-49f2-bbd7-0b71ad76596c)
2019-06-15 01:52:44.390 22705 RALLYDEBUG rally_openstack.cleanup.manager [-] Deleting neutron.port object s_rally_e450748e_sB5wvaop (aa0ae8f7-0a92-42b0-bc51-2e9b5d8c8378)
2019-06-15 01:52:44.480 22705 RALLYDEBUG rally_openstack.cleanup.manager [-] Deleting neutron.port object s_rally_e450748e_oxa6wcP1 (ac29034a-9086-430e-80b0-6701ba035e30)
2019-06-15 01:52:44.662 22705 RALLYDEBUG rally_openstack.cleanup.manager [-] Deleting neutron.port object s_rally_e450748e_FowfujYr (ae50b094-4f1a-4719-9bcd-29115107c77c)
2019-06-15 01:52:44.685 22705 RALLYDEBUG rally_openstack.cleanup.manager [-] Deleting neutron.port object s_rally_e450748e_0HTYNy5C (af7a5c65-0120-4f8a-b9e5-6f02cde97610)
2019-06-15 01:52:44.762 22705 RALLYDEBUG rally_openstack.cleanup.manager [-] Deleting neutron.port object s_rally_e450748e_eihZVQqs (b00b9e5a-3a72-4b0e-9303-f6f05bb49d05)
2019-06-15 01:52:44.848 22705 RALLYDEBUG rally_openstack.cleanup.manager [-] Deleting neutron.port object s_rally_e450748e_xByXfd7K (b0480cff-1cd4-488d-a024-a1c986ceaa9b)
2019-06-15 01:52:45.504 22705 RALLYDEBUG rally_openstack.cleanup.manager [-] Deleting neutron.port object s_rally_e450748e_TiZ4dw7N (b0e08819-8397-4448-ba80-1174f31043c7)
2019-06-15 01:52:45.620 22705 RALLYDEBUG rally_openstack.cleanup.manager [-] Deleting neutron.port object s_rally_e450748e_SWE5qYDT (b14054cd-3ac7-4822-9d0e-68133b3ffff1)
2019-06-15 01:52:45.715 22705 RALLYDEBUG rally_openstack.cleanup.manager [-] Deleting neutron.port object s_rally_e450748e_FO9Hv0di (b222b344-19f7-4c75-a64d-3a654c756824)
2019-06-15 01:52:45.755 22705 RALLYDEBUG rally_openstack.cleanup.manager [-] Deleting neutron.port object s_rally_e450748e_yobcwe51 (b226b40c-2eaf-4dbd-869d-dd67b48de946)
2019-06-15 01:52:45.937 22705 RALLYDEBUG rally_openstack.cleanup.manager [-] Deleting neutron.port object s_rally_e450748e_gWRsY6XI (b61b2753-dda9-4d68-9b1c-a20bd09fa95f)
2019-06-15 01:52:46.009 22705 RALLYDEBUG rally_openstack.cleanup.manager [-] Deleting neutron.port object s_rally_e450748e_zgaZlY9m (b6e87528-b624-4758-a184-f519283e8837)
2019-06-15 01:52:46.183 22705 RALLYDEBUG rally_openstack.cleanup.manager [-] Deleting neutron.port object s_rally_e450748e_8NogHVJk (b7950279-eb20-479d-9fa5-85c1297390c8)
2019-06-15 01:52:46.286 22705 RALLYDEBUG rally_openstack.cleanup.manager [-] Deleting neutron.port object s_rally_e450748e_gKSXZqCY (bb63af7a-9621-42ef-b940-c4d60483d1f7)
2019-06-15 01:52:46.363 22705 RALLYDEBUG rally_openstack.cleanup.manager [-] Deleting neutron.port object s_rally_e450748e_oJpmFxW3 (bd8113ce-112c-428f-948f-7b2d414a7305)
2019-06-15 01:52:46.588 22705 RALLYDEBUG rally_openstack.cleanup.manager [-] Deleting neutron.port object s_rally_e450748e_Bwb1sVyX (bff827c9-7936-401d-a133-f45044aa3adc)
2019-06-15 01:52:46.627 22705 RALLYDEBUG rally_openstack.cleanup.manager [-] Deleting neutron.port object s_rally_e450748e_SEOJzM7P (c12f2f79-cd45-4ab5-be06-ccb3d35a0b0d)
2019-06-15 01:52:46.708 22705 RALLYDEBUG rally_openstack.cleanup.manager [-] Deleting neutron.port object s_rally_e450748e_6txX8Ry4 (c204641c-a0c6-40a5-9d4e-e9f4501e4b57)
2019-06-15 01:52:46.798 22705 RALLYDEBUG rally_openstack.cleanup.manager [-] Deleting neutron.port object s_rally_e450748e_HPpVhe4c (c621cda0-33ea-4a11-8ab6-9c2062350d2a)
2019-06-15 01:52:46.831 22705 RALLYDEBUG rally_openstack.cleanup.manager [-] Deleting neutron.port object s_rally_e450748e_QVjsJwdM (c6397587-79d8-41c3-abf2-34e131e4a485)
2019-06-15 01:52:46.862 22705 RALLYDEBUG rally_openstack.cleanup.manager [-] Deleting neutron.port object s_rally_e450748e_CJzdmwNm (c64ba708-8183-43a7-bb98-8e087052c83a)
2019-06-15 01:52:46.967 22705 RALLYDEBUG rally_openstack.cleanup.manager [-] Deleting neutron.port object s_rally_e450748e_EJRfgKqe (c6de3af1-9a64-4036-ada2-dba3aa0f4eff)
2019-06-15 01:52:46.993 22705 RALLYDEBUG rally_openstack.cleanup.manager [-] Deleting neutron.port object s_rally_e450748e_TiDbVbZB (c86961a5-bedc-453a-895b-295af6aa239c)
2019-06-15 01:52:47.078 22705 RALLYDEBUG rally_openstack.cleanup.manager [-] Deleting neutron.port object s_rally_e450748e_rqcdzvm0 (caaa6574-31c3-42b1-ad21-ee680960166e)
2019-06-15 01:52:47.106 22705 RALLYDEBUG rally_openstack.cleanup.manager [-] Deleting neutron.port object s_rally_e450748e_uF9uxIp7 (cc326747-aa7b-4c55-80e8-778d02eaac49)
2019-06-15 01:52:47.421 22705 RALLYDEBUG rally_openstack.cleanup.manager [-] Deleting neutron.port object s_rally_e450748e_PYRLsREI (cc391f36-b575-4c9b-8110-ab6408345613)
2019-06-15 01:52:47.684 22705 RALLYDEBUG rally_openstack.cleanup.manager [-] Deleting neutron.port object s_rally_e450748e_1pbP2A2M (ccf02742-9604-4c68-9e66-7e4594deeafd)
2019-06-15 01:52:47.876 22705 RALLYDEBUG rally_openstack.cleanup.manager [-] Deleting neutron.port object s_rally_e450748e_BBHyDypO (ccfe6569-3437-4a7e-a20c-e1c4bc0858e0)
2019-06-15 01:52:48.069 22705 RALLYDEBUG rally_openstack.cleanup.manager [-] Deleting neutron.port object s_rally_e450748e_I6xW2DDJ (cd7026eb-c51c-4678-88eb-156ced533735)
2019-06-15 01:52:48.246 22705 RALLYDEBUG rally_openstack.cleanup.manager [-] Deleting neutron.port object s_rally_e450748e_s8SbemVW (cdb14edd-c169-46f7-bbb6-d99f81f661bc)
2019-06-15 01:52:48.466 22705 RALLYDEBUG rally_openstack.cleanup.manager [-] Deleting neutron.port object s_rally_e450748e_nREZuaSe (cf31310f-49f8-451a-b651-8e790d815d19)
2019-06-15 01:52:48.501 22705 RALLYDEBUG rally_openstack.cleanup.manager [-] Deleting neutron.port object s_rally_e450748e_Jex1BXzQ (cf68a6be-f636-4e5f-bb6a-5739d3679e45)
2019-06-15 01:52:48.622 22705 RALLYDEBUG rally_openstack.cleanup.manager [-] Deleting neutron.port object s_rally_e450748e_oAiXufKI (d1d5a1f8-072f-469d-8605-7172150414a1)
2019-06-15 01:52:48.772 22705 RALLYDEBUG rally_openstack.cleanup.manager [-] Deleting neutron.port object s_rally_e450748e_7fraMKMg (d38b2765-6e42-4d36-a2c8-1416383f8451)
2019-06-15 01:52:48.970 22705 RALLYDEBUG rally_openstack.cleanup.manager [-] Deleting neutron.port object s_rally_e450748e_tQSgc14c (d4ae5318-78b3-42da-8289-957fbba1449a)
2019-06-15 01:52:49.009 22705 RALLYDEBUG rally_openstack.cleanup.manager [-] Deleting neutron.port object s_rally_e450748e_elWuciHc (d811f912-baa7-4f1c-abf3-02e217ca02e5)
2019-06-15 01:52:49.086 22705 RALLYDEBUG rally_openstack.cleanup.manager [-] Deleting neutron.port object s_rally_e450748e_oHsDGeP9 (d87b4222-259b-43e6-b414-096d5a6c15e3)
2019-06-15 01:52:49.338 22705 RALLYDEBUG rally_openstack.cleanup.manager [-] Deleting neutron.port object s_rally_e450748e_gvwDclem (dde22e18-4998-44c5-a3d7-dc4ae1442a20)
2019-06-15 01:52:49.584 22705 RALLYDEBUG rally_openstack.cleanup.manager [-] Deleting neutron.port object s_rally_e450748e_7VH8T57W (de080959-0ecc-4c25-a629-ff4d381592a1)
2019-06-15 01:52:49.594 22705 RALLYDEBUG rally_openstack.cleanup.manager [-] Deleting neutron.port object s_rally_e450748e_p79ALEAt (dec8e9f7-08f1-431c-90a1-8a5d7cbe4eb9)
2019-06-15 01:52:49.658 22705 RALLYDEBUG rally_openstack.cleanup.manager [-] Deleting neutron.port object s_rally_e450748e_2RAVmFzW (e0072576-25da-4189-a8a4-2ff597e85b9d)
2019-06-15 01:52:49.755 22705 RALLYDEBUG rally_openstack.cleanup.manager [-] Deleting neutron.port object s_rally_e450748e_noMAdD7c (e0c23015-8d70-4498-97fe-628099299966)
2019-06-15 01:52:49.819 22705 RALLYDEBUG rally_openstack.cleanup.manager [-] Deleting neutron.port object s_rally_e450748e_HbN3M9UK (e6d78550-7077-450b-9474-f115eb31bac6)
2019-06-15 01:52:49.917 22705 RALLYDEBUG rally_openstack.cleanup.manager [-] Deleting neutron.port object s_rally_e450748e_HyjZTRC1 (e844b409-40cc-4b5a-b22c-7b1b379ccb8c)
2019-06-15 01:52:49.957 22705 RALLYDEBUG rally_openstack.cleanup.manager [-] Deleting neutron.port object s_rally_e450748e_dDGdkEHa (e95df45e-925a-4484-b0a4-8c08c3b82590)
2019-06-15 01:52:50.039 22705 RALLYDEBUG rally_openstack.cleanup.manager [-] Deleting neutron.port object s_rally_e450748e_niNrbhOQ (e99b5968-dfd1-4cd1-9334-2fda8e88de84)
2019-06-15 01:52:50.045 22705 RALLYDEBUG rally_openstack.cleanup.manager [-] Deleting neutron.port object s_rally_e450748e_7qQZHach (ec2b7fb3-0c15-4b2a-8aa2-b43322b89e8a)
2019-06-15 01:52:50.321 22705 RALLYDEBUG rally_openstack.cleanup.manager [-] Deleting neutron.port object s_rally_e450748e_BL2YWS55 (ec5eb5d2-bf9f-463c-949e-73c3dfb83684)
2019-06-15 01:52:50.845 22705 RALLYDEBUG rally_openstack.cleanup.manager [-] Deleting neutron.port object s_rally_e450748e_7iYLHDyu (ed090de1-7b4b-4e41-bb2c-d4f80fbdefe1)
2019-06-15 01:52:50.912 22705 RALLYDEBUG rally_openstack.cleanup.manager [-] Deleting neutron.port object s_rally_e450748e_2v2lZtKv (ef55f6ce-36a2-4232-bab5-07898e8e6147)
2019-06-15 01:52:51.203 22705 RALLYDEBUG rally_openstack.cleanup.manager [-] Deleting neutron.port object s_rally_e450748e_3RlBalu0 (f1811bc7-f137-49bf-acb6-0d759b6d907d)
2019-06-15 01:52:51.213 22705 RALLYDEBUG rally_openstack.cleanup.manager [-] Deleting neutron.port object s_rally_e450748e_abype3xC (f22fc498-d977-47ca-ad96-c797f111a8fd)
2019-06-15 01:52:51.301 22705 RALLYDEBUG rally_openstack.cleanup.manager [-] Deleting neutron.port object s_rally_e450748e_R23WoFV1 (f3214706-f817-47d8-b4be-b6e3130c7955)
2019-06-15 01:52:51.320 22705 RALLYDEBUG rally_openstack.cleanup.manager [-] Deleting neutron.port object s_rally_e450748e_Z3M6BXzP (f3e64111-2001-489e-8700-cc9772e18dbf)
2019-06-15 01:52:51.377 22705 RALLYDEBUG rally_openstack.cleanup.manager [-] Deleting neutron.port object s_rally_e450748e_UPUUTzLD (f668d594-c871-403e-87b9-789629a804a0)
2019-06-15 01:52:51.429 22705 RALLYDEBUG rally_openstack.cleanup.manager [-] Deleting neutron.port object s_rally_e450748e_h0ksLe6j (f89c5e31-683e-4420-bb5c-e1ad216644c0)
2019-06-15 01:52:51.717 22705 RALLYDEBUG rally_openstack.cleanup.manager [-] Deleting neutron.port object s_rally_e450748e_1pdbICCR (fadbb995-304f-4b8a-a973-48ac34f379f0)
2019-06-15 01:52:51.837 22705 RALLYDEBUG rally_openstack.cleanup.manager [-] Deleting neutron.port object s_rally_e450748e_JfMIdiSc (fb079d1a-c7e1-4783-862b-c38601a3c2c7)
2019-06-15 01:52:51.855 22705 RALLYDEBUG rally_openstack.cleanup.manager [-] Deleting neutron.port object s_rally_e450748e_VhsHW6v7 (fbbe7827-178c-417f-a5d3-20503419bd20)
2019-06-15 01:52:52.069 22705 RALLYDEBUG rally_openstack.cleanup.manager [-] Deleting neutron.port object s_rally_e450748e_3FjhqL7l (fce29656-aa56-4372-9b7d-b25386222cf1)
2019-06-15 01:52:52.165 22705 RALLYDEBUG rally_openstack.cleanup.manager [-] Deleting neutron.port object s_rally_e450748e_6ag1lnUw (ff497957-7168-45db-8f6f-7df8b9890706)
2019-06-15 01:52:54.730 22705 RALLYDEBUG rally_openstack.cleanup.manager [-] Cleaning up neutron subnet objects
2019-06-15 01:52:55.389 22705 RALLYDEBUG rally_openstack.cleanup.manager [-] Cleaning up neutron network objects
2019-06-15 01:52:56.302 22705 RALLYDEBUG rally_openstack.cleanup.manager [-] Deleting neutron.network object s_rally_e450748e_ASPjPYXy (0f262fdf-5478-4f0f-8b31-18c5639067a3)
2019-06-15 01:52:56.313 22705 RALLYDEBUG rally_openstack.cleanup.manager [-] Deleting neutron.network object s_rally_e450748e_ZTYAGV5J (22b00ffd-cee9-4d90-b683-6c700a1d6abc)
2019-06-15 01:52:56.315 22705 RALLYDEBUG rally_openstack.cleanup.manager [-] Deleting neutron.network object s_rally_e450748e_HCeAg0mq (21e3e138-1245-4733-bac9-60dc378e3705)
2019-06-15 01:52:56.322 22705 RALLYDEBUG rally_openstack.cleanup.manager [-] Deleting neutron.network object s_rally_e450748e_zhBo2bKh (26b87607-aaf7-4006-ad3f-c7e67be66ce2)
2019-06-15 01:52:56.333 22705 RALLYDEBUG rally_openstack.cleanup.manager [-] Deleting neutron.network object s_rally_e450748e_Y1BWkTnB (326a80c9-8b77-49ef-be15-cadbf8da6242)
2019-06-15 01:52:56.342 22705 RALLYDEBUG rally_openstack.cleanup.manager [-] Deleting neutron.network object s_rally_e450748e_ycotfNW8 (334bf16f-33f5-4df3-bf08-8e51199ae0ad)
2019-06-15 01:52:56.345 22705 RALLYDEBUG rally_openstack.cleanup.manager [-] Deleting neutron.network object s_rally_e450748e_hbTk6E5q (37158474-7c2b-4823-8065-ad5d6f531600)
2019-06-15 01:52:56.350 22705 RALLYDEBUG rally_openstack.cleanup.manager [-] Deleting neutron.network object s_rally_e450748e_U14LSpIe (3b713cda-71df-475d-b83f-49c3c03b6aae)
2019-06-15 01:52:56.361 22705 RALLYDEBUG rally_openstack.cleanup.manager [-] Deleting neutron.network object s_rally_e450748e_B4BmkzMJ (3f27ee92-d27d-4e81-b53d-3a630fd08b7f)
2019-06-15 01:52:56.376 22705 RALLYDEBUG rally_openstack.cleanup.manager [-] Deleting neutron.network object s_rally_e450748e_zqRfNJyD (448747ab-8cae-440e-b800-b91e7331152c)
2019-06-15 01:52:56.400 22705 RALLYDEBUG rally_openstack.cleanup.manager [-] Deleting neutron.network object s_rally_e450748e_FEgEwPf0 (4a87df86-7cb5-4dbb-9e3c-83718aa8a7cd)
2019-06-15 01:52:56.409 22705 RALLYDEBUG rally_openstack.cleanup.manager [-] Deleting neutron.network object s_rally_e450748e_qluFE0O2 (450c544e-2310-4ef0-a0df-a2d308b6b6bc)
2019-06-15 01:52:56.425 22705 RALLYDEBUG rally_openstack.cleanup.manager [-] Deleting neutron.network object s_rally_e450748e_J454QDmk (4a95bddd-7f54-437e-9f65-2265a894a029)
2019-06-15 01:52:56.443 22705 RALLYDEBUG rally_openstack.cleanup.manager [-] Deleting neutron.network object s_rally_e450748e_CSdxouz3 (52d7d8c1-a400-4da7-a4b1-9c30dcced333)
2019-06-15 01:52:56.457 22705 RALLYDEBUG rally_openstack.cleanup.manager [-] Deleting neutron.network object s_rally_e450748e_x5JBtX3y (5788708e-5ba3-46f5-866c-20fec0e95462)
2019-06-15 01:52:56.474 22705 RALLYDEBUG rally_openstack.cleanup.manager [-] Deleting neutron.network object s_rally_e450748e_N9XjHKNT (55e33bf1-71bf-496e-99da-6936f2b2e5ca)
2019-06-15 01:52:56.480 22705 RALLYDEBUG rally_openstack.cleanup.manager [-] Deleting neutron.network object s_rally_e450748e_Sd1iOlYE (5a1ba380-3609-4239-8291-998c66bd200d)
2019-06-15 01:52:56.484 22705 RALLYDEBUG rally_openstack.cleanup.manager [-] Deleting neutron.network object s_rally_e450748e_P7I27kwY (5a2219a5-cc1b-4c79-a2c0-2a3513348e57)
2019-06-15 01:52:56.490 22705 RALLYDEBUG rally_openstack.cleanup.manager [-] Deleting neutron.network object s_rally_e450748e_J8JijNTK (5b4d323c-084f-41a5-8644-db92a123ede8)
2019-06-15 01:52:56.503 22705 RALLYDEBUG rally_openstack.cleanup.manager [-] Deleting neutron.network object s_rally_e450748e_15Tmd1bM (6304aee5-5280-4327-addb-4b70da5b4658)
2019-06-15 01:52:59.803 22705 RALLYDEBUG rally_openstack.cleanup.manager [-] Deleting neutron.network object s_rally_e450748e_6hCN9lNB (63612bc7-3907-44cb-8ffd-48cfe3fefb40)
2019-06-15 01:52:59.959 22705 RALLYDEBUG rally_openstack.cleanup.manager [-] Deleting neutron.network object s_rally_e450748e_7sP5s1le (6b4e7d8e-624c-4b7d-805d-eb2eb9218cf8)
2019-06-15 01:53:00.090 22705 RALLYDEBUG rally_openstack.cleanup.manager [-] Deleting neutron.network object s_rally_e450748e_bkAL4Ndr (74c65366-0abd-4056-bf0b-6b90dce660c7)
2019-06-15 01:53:00.097 22705 RALLYDEBUG rally_openstack.cleanup.manager [-] Deleting neutron.network object s_rally_e450748e_iv0kk68X (983cfd0f-4e2b-4fbc-b0dc-5a10e74cb53e)
2019-06-15 01:53:00.152 22705 RALLYDEBUG rally_openstack.cleanup.manager [-] Deleting neutron.network object s_rally_e450748e_j8Vz1WI0 (99a946dc-933d-4b65-a0ae-0acd4ddee0a3)
2019-06-15 01:53:00.295 22705 RALLYDEBUG rally_openstack.cleanup.manager [-] Deleting neutron.network object s_rally_e450748e_ZEOh8GNf (9b089a6a-b3f3-4a0d-9728-bf3351f8161c)
2019-06-15 01:53:00.327 22705 RALLYDEBUG rally_openstack.cleanup.manager [-] Deleting neutron.network object s_rally_e450748e_x6m7duKn (9d83c599-9720-42ec-acfb-d0086bec8eaf)
2019-06-15 01:53:00.342 22705 RALLYDEBUG rally_openstack.cleanup.manager [-] Deleting neutron.network object s_rally_e450748e_89uVNSdc (a18e40c2-fa41-4336-b13a-1d307655f3f0)
2019-06-15 01:53:00.381 22705 RALLYDEBUG rally_openstack.cleanup.manager [-] Deleting neutron.network object s_rally_e450748e_pI0PdiNF (a7aab3a0-64d7-403a-b7c6-d07d6ba2f8ec)
2019-06-15 01:53:00.482 22705 RALLYDEBUG rally_openstack.cleanup.manager [-] Deleting neutron.network object s_rally_e450748e_7iaUmKRW (af59332a-e726-48a8-802c-d2b50800fbb5)
2019-06-15 01:53:00.538 22705 RALLYDEBUG rally_openstack.cleanup.manager [-] Deleting neutron.network object s_rally_e450748e_QVtoZRdJ (b5f51442-7758-440d-b17e-4398bdc598f8)
2019-06-15 01:53:00.625 22705 RALLYDEBUG rally_openstack.cleanup.manager [-] Deleting neutron.network object s_rally_e450748e_a2ApoxxY (ba90f53a-e16e-4ee4-aa17-c6c0a868d2b6)
2019-06-15 01:53:00.699 22705 RALLYDEBUG rally_openstack.cleanup.manager [-] Deleting neutron.network object s_rally_e450748e_S06IicPA (bae00ee8-f07d-4ca0-8f2d-7f1fb08e9036)
2019-06-15 01:53:01.056 22705 RALLYDEBUG rally_openstack.cleanup.manager [-] Deleting neutron.network object s_rally_e450748e_nBlfzMQ0 (c1bfac30-9079-4dea-9813-3eeab2f5027e)
2019-06-15 01:53:01.070 22705 RALLYDEBUG rally_openstack.cleanup.manager [-] Deleting neutron.network object s_rally_e450748e_Q9aWqzQY (d1ca1287-4f07-4407-987d-550d2463b011)
2019-06-15 01:53:01.082 22705 RALLYDEBUG rally_openstack.cleanup.manager [-] Deleting neutron.network object s_rally_e450748e_H3WZiFJV (d9162f4d-e30d-4e10-8bdf-58d18994aa2c)
2019-06-15 01:53:01.183 22705 RALLYDEBUG rally_openstack.cleanup.manager [-] Deleting neutron.network object s_rally_e450748e_iFJALaM5 (dd0256f9-df6e-4622-b2ec-95fc0e92a73e)
2019-06-15 01:53:01.264 22705 RALLYDEBUG rally_openstack.cleanup.manager [-] Deleting neutron.network object s_rally_e450748e_Cj3jLl5D (dfc4a1a2-f4d1-4986-af17-a509f9f4ea03)
2019-06-15 01:53:01.270 22705 RALLYDEBUG rally_openstack.cleanup.manager [-] Deleting neutron.network object s_rally_e450748e_w5MY7ew3 (e4ebe5f8-138d-47e5-a608-c06c518e22ca)
2019-06-15 01:53:01.406 22705 RALLYDEBUG rally_openstack.cleanup.manager [-] Deleting neutron.network object s_rally_e450748e_MceKzmrv (f43e9dfe-7e95-4760-962f-327fefb85366)
2019-06-15 01:53:05.738 22705 RALLYDEBUG rally_openstack.cleanup.manager [-] Cleaning up neutron router objects
2019-06-15 01:53:06.462 22705 RALLYDEBUG rally_openstack.cleanup.manager [-] Cleaning up neutron security_group objects
2019-06-15 01:53:07.162 22705 INFO rally.task.context [-] Task c4812d49-5ffa-40fa-af74-4844ed6d63fc | Context cleanup@openstack cleanup() finished in 44.77 sec
2019-06-15 01:53:07.163 22705 INFO rally.task.context [-] Task c4812d49-5ffa-40fa-af74-4844ed6d63fc | Context quotas@openstack cleanup() started
2019-06-15 01:53:07.395 22705 INFO rally.task.context [-] Task c4812d49-5ffa-40fa-af74-4844ed6d63fc | Context quotas@openstack cleanup() finished in 0.23 sec
2019-06-15 01:53:07.395 22705 INFO rally.task.context [-] Task c4812d49-5ffa-40fa-af74-4844ed6d63fc | Context users@openstack cleanup() started
2019-06-15 01:53:12.725 22705 INFO rally.task.context [-] Task c4812d49-5ffa-40fa-af74-4844ed6d63fc | Context users@openstack cleanup() finished in 5.33 sec
2019-06-15 01:53:14.600 22705 INFO rally.task.engine [-] Load duration is: 38.598636
2019-06-15 01:53:14.600 22705 INFO rally.task.engine [-] Full runner duration is: 38.657097
2019-06-15 01:53:14.600 22705 INFO rally.task.engine [-] Full duration is: 94.511197
2019-06-15 01:53:14.808 22705 INFO rally.task.engine [-] Running workload: position = 2 config = { "version": 2, "title": "A cropped version of a bigger task.", "description": "Auto-generated task from a single workload (uuid=a08ff345-caf1-441a-8e3f-84e431433967)", "subtasks": [ { "title": "NeutronNetworks.create_and_delete_ports", "description": "Create and delete a port.", "scenario": { "NeutronNetworks.create_and_delete_ports": { "network_create_args": {}, "port_create_args": {}, "ports_per_network": 5 } }, "contexts": { "users": { "tenants": 1, "users_per_tenant": 1 }, "quotas": { "neutron": { "network": -1, "port": -1 } } }, "runner": { "constant": { "times": 40, "concurrency": 20 } }, "hooks": [], "sla": { "failure_rate": { "max": 0 } } } ] }
2019-06-15 01:53:14.833 22705 RALLYDEBUG rally_openstack.contexts.keystone.users [-] Creating 1 tenants using 20 threads
2019-06-15 01:53:16.775 22705 RALLYDEBUG rally_openstack.contexts.keystone.users [-] Creating 1 users using 20 threads
2019-06-15 01:53:19.803 22705 INFO rally.task.context [-] Task c4812d49-5ffa-40fa-af74-4844ed6d63fc | Context users@openstack setup() finished in 4.97 sec
2019-06-15 01:53:20.604 22705 INFO rally.task.context [-] Task c4812d49-5ffa-40fa-af74-4844ed6d63fc | Context quotas@openstack setup() finished in 0.80 sec
2019-06-15 01:53:20.605 22705 INFO rally.task.context [-] Task c4812d49-5ffa-40fa-af74-4844ed6d63fc | Context cleanup@openstack setup() finished in 0.01 msec
2019-06-15 01:53:20.612 22705 RALLYDEBUG rally.task.runner [-] Starting the constant runner (task UUID: c4812d49-5ffa-40fa-af74-4844ed6d63fc). timeout: 0 concurrency: 20 concurrency_per_worker: 1 times: 40 concurrency_overhead: 4 processes_to_start: 16 max_cpu_used: 16
2019-06-15 01:53:20.626 26951 RALLYDEBUG rally.task.runner [-] Starting a worker. concurrency: 2 args: {"network_create_args": {}, "port_create_args": {}, "ports_per_network": 5} times: 40 method_name: run timeout: 0 duration: None cls:
2019-06-15 01:53:20.628 26952 RALLYDEBUG rally.task.runner [-] Starting a worker. concurrency: 2 args: {"network_create_args": {}, "port_create_args": {}, "ports_per_network": 5} times: 40 method_name: run timeout: 0 duration: None cls:
2019-06-15 01:53:20.630 26953 RALLYDEBUG rally.task.runner [-] Starting a worker. concurrency: 2 args: {"network_create_args": {}, "port_create_args": {}, "ports_per_network": 5} times: 40 method_name: run timeout: 0 duration: None cls:
2019-06-15 01:53:20.634 26951 INFO rally.task.runner [-] Task c4812d49-5ffa-40fa-af74-4844ed6d63fc | ITER: 1 START
2019-06-15 01:53:20.637 26952 INFO rally.task.runner [-] Task c4812d49-5ffa-40fa-af74-4844ed6d63fc | ITER: 2 START
2019-06-15 01:53:20.636 26954 RALLYDEBUG rally.task.runner [-] Starting a worker. concurrency: 2 args: {"network_create_args": {}, "port_create_args": {}, "ports_per_network": 5} times: 40 method_name: run timeout: 0 duration: None cls:
2019-06-15 01:53:20.635 26951 INFO rally.task.runner [-] Task c4812d49-5ffa-40fa-af74-4844ed6d63fc | ITER: 3 START
2019-06-15 01:53:20.638 26951 WARNING rally_openstack.scenarios.neutron.utils [-] Running this scenario without either the 'network' or 'existing_network' context is deprecated
2019-06-15 01:53:20.639 26953 INFO rally.task.runner [-] Task c4812d49-5ffa-40fa-af74-4844ed6d63fc | ITER: 4 START
2019-06-15 01:53:20.639 26952 WARNING rally_openstack.scenarios.neutron.utils [-] Running this scenario without either the 'network' or 'existing_network' context is deprecated
2019-06-15 01:53:20.640 26952 INFO rally.task.runner [-] Task c4812d49-5ffa-40fa-af74-4844ed6d63fc | ITER: 5 START
2019-06-15 01:53:20.641 26953 INFO rally.task.runner [-] Task c4812d49-5ffa-40fa-af74-4844ed6d63fc | ITER: 6 START
2019-06-15 01:53:20.640 26953 WARNING rally_openstack.scenarios.neutron.utils [-] Running this scenario without either the 'network' or 'existing_network' context is deprecated
2019-06-15 01:53:20.642 26963 RALLYDEBUG rally.task.runner [-] Starting a worker. concurrency: 1 args: {"network_create_args": {}, "port_create_args": {}, "ports_per_network": 5} times: 40 method_name: run timeout: 0 duration: None cls:
2019-06-15 01:53:20.641 26957 RALLYDEBUG rally.task.runner [-] Starting a worker. concurrency: 1 args: {"network_create_args": {}, "port_create_args": {}, "ports_per_network": 5} times: 40 method_name: run timeout: 0 duration: None cls:
2019-06-15 01:53:20.637 26951 WARNING rally_openstack.scenarios.neutron.utils [-] Running this scenario without either the 'network' or 'existing_network' context is deprecated
2019-06-15 01:53:20.646 26954 INFO rally.task.runner [-] Task c4812d49-5ffa-40fa-af74-4844ed6d63fc | ITER: 7 START
2019-06-15 01:53:20.648 26963 INFO rally.task.runner [-] Task c4812d49-5ffa-40fa-af74-4844ed6d63fc | ITER: 9 START
2019-06-15 01:53:20.648 26952 WARNING rally_openstack.scenarios.neutron.utils [-] Running this scenario without either the 'network' or 'existing_network' context is deprecated
2019-06-15 01:53:20.648 26954 WARNING rally_openstack.scenarios.neutron.utils [-] Running this scenario without either the 'network' or 'existing_network' context is deprecated
2019-06-15 01:53:20.642 26953 WARNING rally_openstack.scenarios.neutron.utils [-] Running this scenario without either the 'network' or 'existing_network' context is deprecated
2019-06-15 01:53:20.648 26966 RALLYDEBUG rally.task.runner [-] Starting a worker. concurrency: 1 args: {"network_create_args": {}, "port_create_args": {}, "ports_per_network": 5} times: 40 method_name: run timeout: 0 duration: None cls:
2019-06-15 01:53:20.649 26963 WARNING rally_openstack.scenarios.neutron.utils [-] Running this scenario without either the 'network' or 'existing_network' context is deprecated
2019-06-15 01:53:20.649 26957 INFO rally.task.runner [-] Task c4812d49-5ffa-40fa-af74-4844ed6d63fc | ITER: 10 START
2019-06-15 01:53:20.651 26957 WARNING rally_openstack.scenarios.neutron.utils [-] Running this scenario without either the 'network' or 'existing_network' context is deprecated
2019-06-15 01:53:20.652 26968 RALLYDEBUG rally.task.runner [-] Starting a worker. concurrency: 1 args: {"network_create_args": {}, "port_create_args": {}, "ports_per_network": 5} times: 40 method_name: run timeout: 0 duration: None cls:
2019-06-15 01:53:20.655 26966 INFO rally.task.runner [-] Task c4812d49-5ffa-40fa-af74-4844ed6d63fc | ITER: 11 START
2019-06-15 01:53:20.656 26966 WARNING rally_openstack.scenarios.neutron.utils [-] Running this scenario without either the 'network' or 'existing_network' context is deprecated
2019-06-15 01:53:20.660 26954 INFO rally.task.runner [-] Task c4812d49-5ffa-40fa-af74-4844ed6d63fc | ITER: 8 START
2019-06-15 01:53:20.659 26975 RALLYDEBUG rally.task.runner [-] Starting a worker. concurrency: 1 args: {"network_create_args": {}, "port_create_args": {}, "ports_per_network": 5} times: 40 method_name: run timeout: 0 duration: None cls:
2019-06-15 01:53:20.661 26954 WARNING rally_openstack.scenarios.neutron.utils [-] Running this scenario without either the 'network' or 'existing_network' context is deprecated
2019-06-15 01:53:20.661 26968 INFO rally.task.runner [-] Task c4812d49-5ffa-40fa-af74-4844ed6d63fc | ITER: 12 START
2019-06-15 01:53:20.663 26968 WARNING rally_openstack.scenarios.neutron.utils [-] Running this scenario without either the 'network' or 'existing_network' context is deprecated
2019-06-15 01:53:20.665 26975 INFO rally.task.runner [-] Task c4812d49-5ffa-40fa-af74-4844ed6d63fc | ITER: 13 START
2019-06-15 01:53:20.666 26975 WARNING rally_openstack.scenarios.neutron.utils [-] Running this scenario without either the 'network' or 'existing_network' context is deprecated
2019-06-15 01:53:20.666 26978 RALLYDEBUG rally.task.runner [-] Starting a worker. concurrency: 1 args: {"network_create_args": {}, "port_create_args": {}, "ports_per_network": 5} times: 40 method_name: run timeout: 0 duration: None cls:
2019-06-15 01:53:20.672 26978 INFO rally.task.runner [-] Task c4812d49-5ffa-40fa-af74-4844ed6d63fc | ITER: 14 START
2019-06-15 01:53:20.672 26983 RALLYDEBUG rally.task.runner [-] Starting a worker. concurrency: 1 args: {"network_create_args": {}, "port_create_args": {}, "ports_per_network": 5} times: 40 method_name: run timeout: 0 duration: None cls:
2019-06-15 01:53:20.677 26978 WARNING rally_openstack.scenarios.neutron.utils [-] Running this scenario without either the 'network' or 'existing_network' context is deprecated
2019-06-15 01:53:20.681 26987 RALLYDEBUG rally.task.runner [-] Starting a worker. concurrency: 1 args: {"network_create_args": {}, "port_create_args": {}, "ports_per_network": 5} times: 40 method_name: run timeout: 0 duration: None cls:
2019-06-15 01:53:20.685 26983 INFO rally.task.runner [-] Task c4812d49-5ffa-40fa-af74-4844ed6d63fc | ITER: 15 START
2019-06-15 01:53:20.685 26987 INFO rally.task.runner [-] Task c4812d49-5ffa-40fa-af74-4844ed6d63fc | ITER: 16 START
2019-06-15 01:53:20.686 26983 WARNING rally_openstack.scenarios.neutron.utils [-] Running this scenario without either the 'network' or 'existing_network' context is deprecated
2019-06-15 01:53:20.686 26987 WARNING rally_openstack.scenarios.neutron.utils [-] Running this scenario without either the 'network' or 'existing_network' context is deprecated
2019-06-15 01:53:20.687 26988 RALLYDEBUG rally.task.runner [-] Starting a worker. concurrency: 1 args: {"network_create_args": {}, "port_create_args": {}, "ports_per_network": 5} times: 40 method_name: run timeout: 0 duration: None cls:
2019-06-15 01:53:20.691 26988 INFO rally.task.runner [-] Task c4812d49-5ffa-40fa-af74-4844ed6d63fc | ITER: 17 START
2019-06-15 01:53:20.691 26992 RALLYDEBUG rally.task.runner [-] Starting a worker. concurrency: 1 args: {"network_create_args": {}, "port_create_args": {}, "ports_per_network": 5} times: 40 method_name: run timeout: 0 duration: None cls:
2019-06-15 01:53:20.692 26988 WARNING rally_openstack.scenarios.neutron.utils [-] Running this scenario without either the 'network' or 'existing_network' context is deprecated
2019-06-15 01:53:20.695 26992 INFO rally.task.runner [-] Task c4812d49-5ffa-40fa-af74-4844ed6d63fc | ITER: 18 START
2019-06-15 01:53:20.695 26992 WARNING rally_openstack.scenarios.neutron.utils [-] Running this scenario without either the 'network' or 'existing_network' context is deprecated
2019-06-15 01:53:20.699 26996 RALLYDEBUG rally.task.runner [-] Starting a worker. concurrency: 1 args: {"network_create_args": {}, "port_create_args": {}, "ports_per_network": 5} times: 40 method_name: run timeout: 0 duration: None cls:
2019-06-15 01:53:20.703 26996 INFO rally.task.runner [-] Task c4812d49-5ffa-40fa-af74-4844ed6d63fc | ITER: 19 START
2019-06-15 01:53:20.703 26998 RALLYDEBUG rally.task.runner [-] Starting a worker. concurrency: 1 args: {"network_create_args": {}, "port_create_args": {}, "ports_per_network": 5} times: 40 method_name: run timeout: 0 duration: None cls:
2019-06-15 01:53:20.704 26996 WARNING rally_openstack.scenarios.neutron.utils [-] Running this scenario without either the 'network' or 'existing_network' context is deprecated
2019-06-15 01:53:20.707 26998 INFO rally.task.runner [-] Task c4812d49-5ffa-40fa-af74-4844ed6d63fc | ITER: 20 START
2019-06-15 01:53:20.707 26998 WARNING rally_openstack.scenarios.neutron.utils [-] Running this scenario without either the 'network' or 'existing_network' context is deprecated
2019-06-15 01:53:37.335 26951 INFO rally.task.runner [-] Task c4812d49-5ffa-40fa-af74-4844ed6d63fc | ITER: 1 END: OK
2019-06-15 01:53:37.340 26951 INFO rally.task.runner [-] Task c4812d49-5ffa-40fa-af74-4844ed6d63fc | ITER: 21 START
2019-06-15 01:53:37.340 26951 WARNING rally_openstack.scenarios.neutron.utils [-] Running this scenario without either the 'network' or 'existing_network' context is deprecated
2019-06-15 01:53:38.061 26963 INFO rally.task.runner [-] Task c4812d49-5ffa-40fa-af74-4844ed6d63fc | ITER: 9 END: OK
2019-06-15 01:53:38.065 26963 INFO rally.task.runner [-] Task c4812d49-5ffa-40fa-af74-4844ed6d63fc | ITER: 22 START
2019-06-15 01:53:38.066 26963 WARNING rally_openstack.scenarios.neutron.utils [-] Running this scenario without either the 'network' or 'existing_network' context is deprecated
2019-06-15 01:53:38.169 26998 INFO rally.task.runner [-] Task c4812d49-5ffa-40fa-af74-4844ed6d63fc | ITER: 20 END: OK
2019-06-15 01:53:38.174 26998 INFO rally.task.runner [-] Task c4812d49-5ffa-40fa-af74-4844ed6d63fc | ITER: 23 START
2019-06-15 01:53:38.174 26998 WARNING rally_openstack.scenarios.neutron.utils [-] Running this scenario without either the 'network' or 'existing_network' context is deprecated
2019-06-15 01:53:38.206 26952 INFO rally.task.runner [-] Task c4812d49-5ffa-40fa-af74-4844ed6d63fc | ITER: 5 END: OK
2019-06-15 01:53:38.211 26952 INFO rally.task.runner [-] Task c4812d49-5ffa-40fa-af74-4844ed6d63fc | ITER: 24 START
2019-06-15 01:53:38.212 26952 WARNING rally_openstack.scenarios.neutron.utils [-] Running this scenario without either the 'network' or 'existing_network' context is deprecated
2019-06-15 01:53:38.375 26954 INFO rally.task.runner [-] Task c4812d49-5ffa-40fa-af74-4844ed6d63fc | ITER: 8 END: OK
2019-06-15 01:53:38.380 26954 INFO rally.task.runner [-] Task c4812d49-5ffa-40fa-af74-4844ed6d63fc | ITER: 25 START
2019-06-15 01:53:38.381 26954 WARNING rally_openstack.scenarios.neutron.utils [-] Running this scenario without either the 'network' or 'existing_network' context is deprecated
2019-06-15 01:53:38.984 26951 INFO rally.task.runner [-] Task c4812d49-5ffa-40fa-af74-4844ed6d63fc | ITER: 3 END: OK
2019-06-15 01:53:38.988 26951 INFO rally.task.runner [-] Task c4812d49-5ffa-40fa-af74-4844ed6d63fc | ITER: 26 START
2019-06-15 01:53:38.989 26951 WARNING rally_openstack.scenarios.neutron.utils [-] Running this scenario without either the 'network' or 'existing_network' context is deprecated
2019-06-15 01:53:39.021 26978 INFO rally.task.runner [-] Task c4812d49-5ffa-40fa-af74-4844ed6d63fc | ITER: 14 END: OK
2019-06-15 01:53:39.025 26978 INFO rally.task.runner [-] Task c4812d49-5ffa-40fa-af74-4844ed6d63fc | ITER: 27 START
2019-06-15 01:53:39.025 26978 WARNING rally_openstack.scenarios.neutron.utils [-] Running this scenario without either the 'network' or 'existing_network' context is deprecated
2019-06-15 01:53:39.292 26975 INFO rally.task.runner [-] Task c4812d49-5ffa-40fa-af74-4844ed6d63fc | ITER: 13 END: OK
2019-06-15 01:53:39.297 26975 INFO rally.task.runner [-] Task c4812d49-5ffa-40fa-af74-4844ed6d63fc | ITER: 28 START
2019-06-15 01:53:39.297 26975 WARNING rally_openstack.scenarios.neutron.utils [-] Running this scenario without either the 'network' or 'existing_network' context is deprecated
2019-06-15 01:53:39.297 26957 INFO rally.task.runner [-] Task c4812d49-5ffa-40fa-af74-4844ed6d63fc | ITER: 10 END: OK
2019-06-15 01:53:39.302 26957 INFO rally.task.runner [-] Task c4812d49-5ffa-40fa-af74-4844ed6d63fc | ITER: 29 START
2019-06-15 01:53:39.303 26957 WARNING rally_openstack.scenarios.neutron.utils [-] Running this scenario without either the 'network' or 'existing_network' context is deprecated
2019-06-15 01:53:39.887 26987 INFO rally.task.runner [-] Task c4812d49-5ffa-40fa-af74-4844ed6d63fc | ITER: 16 END: OK
2019-06-15 01:53:39.891 26987 INFO rally.task.runner [-] Task c4812d49-5ffa-40fa-af74-4844ed6d63fc | ITER: 30 START
2019-06-15 01:53:39.891 26987 WARNING rally_openstack.scenarios.neutron.utils [-] Running this scenario without either the 'network' or 'existing_network' context is deprecated
2019-06-15 01:53:39.956 26954 INFO rally.task.runner [-] Task c4812d49-5ffa-40fa-af74-4844ed6d63fc | ITER: 7 END: OK
2019-06-15 01:53:39.959 26954 INFO rally.task.runner [-] Task c4812d49-5ffa-40fa-af74-4844ed6d63fc | ITER: 31 START
2019-06-15 01:53:39.960 26954 WARNING rally_openstack.scenarios.neutron.utils [-] Running this scenario without either the 'network' or 'existing_network' context is deprecated
2019-06-15 01:53:40.009 26968 INFO rally.task.runner [-] Task c4812d49-5ffa-40fa-af74-4844ed6d63fc | ITER: 12 END: OK
2019-06-15 01:53:40.012 26968 INFO rally.task.runner [-] Task c4812d49-5ffa-40fa-af74-4844ed6d63fc | ITER: 32 START
2019-06-15 01:53:40.012 26968 WARNING rally_openstack.scenarios.neutron.utils [-] Running this scenario without either the 'network' or 'existing_network' context is deprecated
2019-06-15 01:53:40.178 26953 INFO rally.task.runner [-] Task c4812d49-5ffa-40fa-af74-4844ed6d63fc | ITER: 4 END: OK
2019-06-15 01:53:40.182 26953 INFO rally.task.runner [-] Task c4812d49-5ffa-40fa-af74-4844ed6d63fc | ITER: 33 START
2019-06-15 01:53:40.182 26953 WARNING rally_openstack.scenarios.neutron.utils [-] Running this scenario without either the 'network' or 'existing_network' context is deprecated
2019-06-15 01:53:40.247 26988 INFO rally.task.runner [-] Task c4812d49-5ffa-40fa-af74-4844ed6d63fc | ITER: 17 END: OK
2019-06-15 01:53:40.251 26988 INFO rally.task.runner [-] Task c4812d49-5ffa-40fa-af74-4844ed6d63fc | ITER: 34 START
2019-06-15 01:53:40.251 26988 WARNING rally_openstack.scenarios.neutron.utils [-] Running this scenario without either the 'network' or 'existing_network' context is deprecated
2019-06-15 01:53:40.406 26953 INFO rally.task.runner [-] Task c4812d49-5ffa-40fa-af74-4844ed6d63fc | ITER: 6 END: OK
2019-06-15 01:53:40.409 26953 INFO rally.task.runner [-] Task c4812d49-5ffa-40fa-af74-4844ed6d63fc | ITER: 35 START
2019-06-15 01:53:40.409 26953 WARNING rally_openstack.scenarios.neutron.utils [-] Running this scenario without either the 'network' or 'existing_network' context is deprecated
2019-06-15 01:53:40.643 26996 INFO rally.task.runner [-] Task c4812d49-5ffa-40fa-af74-4844ed6d63fc | ITER: 19 END: OK
2019-06-15 01:53:40.646 26996 INFO rally.task.runner [-] Task c4812d49-5ffa-40fa-af74-4844ed6d63fc | ITER: 36 START
2019-06-15 01:53:40.647 26996 WARNING rally_openstack.scenarios.neutron.utils [-] Running this scenario without either the 'network' or 'existing_network' context is deprecated
2019-06-15 01:53:41.458 26952 INFO rally.task.runner [-] Task c4812d49-5ffa-40fa-af74-4844ed6d63fc | ITER: 2 END: OK
2019-06-15 01:53:41.463 26952 INFO rally.task.runner [-] Task c4812d49-5ffa-40fa-af74-4844ed6d63fc | ITER: 37 START
2019-06-15 01:53:41.463 26952 WARNING rally_openstack.scenarios.neutron.utils [-] Running this scenario without either the 'network' or 'existing_network' context is deprecated
2019-06-15 01:53:41.817 26983 INFO rally.task.runner [-] Task c4812d49-5ffa-40fa-af74-4844ed6d63fc | ITER: 15 END: OK
2019-06-15 01:53:41.822 26983 INFO rally.task.runner [-] Task c4812d49-5ffa-40fa-af74-4844ed6d63fc | ITER: 38 START
2019-06-15 01:53:41.823 26983 WARNING rally_openstack.scenarios.neutron.utils [-] Running this scenario without either the 'network' or 'existing_network' context is deprecated
2019-06-15 01:53:41.883 26992 INFO rally.task.runner [-] Task c4812d49-5ffa-40fa-af74-4844ed6d63fc | ITER: 18 END: OK
2019-06-15 01:53:41.888 26992 INFO rally.task.runner [-] Task c4812d49-5ffa-40fa-af74-4844ed6d63fc | ITER: 39 START
