2019-06-15 01:51:12.775 22705 RALLYDEBUG rally_openstack.cleanup.manager [-] Deleting neutron.port object s_rally_0fd803e0_MVGkRSjp (e04b0bc0-0e90-474d-96f1-6c450d33a039)
2019-06-15 01:51:12.808 22705 RALLYDEBUG rally_openstack.cleanup.manager [-] Deleting neutron.port object s_rally_0fd803e0_gHUjt7n9 (e1901f1e-d7d1-474e-b504-34afac22e7dc)
2019-06-15 01:51:12.904 22705 RALLYDEBUG rally_openstack.cleanup.manager [-] Deleting neutron.port object s_rally_0fd803e0_Kkn7ZQE6 (e1a827be-9d7d-4902-ac05-c8a6d4055a29)
2019-06-15 01:51:12.991 22705 RALLYDEBUG rally_openstack.cleanup.manager [-] Deleting neutron.port object s_rally_0fd803e0_sjzWQ6Yf (e32a8dde-aa30-4d73-8478-fac11b167503)
2019-06-15 01:51:13.041 22705 RALLYDEBUG rally_openstack.cleanup.manager [-] Deleting neutron.port object s_rally_0fd803e0_ygERtL4c (e3663107-fc64-4627-97a8-9e1462650977)
2019-06-15 01:51:13.179 22705 RALLYDEBUG rally_openstack.cleanup.manager [-] Deleting neutron.port object s_rally_0fd803e0_0ZV0kgfO (e3b612e0-a0cb-4134-9788-8ab869021690)
2019-06-15 01:51:13.402 22705 RALLYDEBUG rally_openstack.cleanup.manager [-] Deleting neutron.port object s_rally_0fd803e0_7pzuoB5T (e3d1be37-cd60-4cee-afdb-a6d933f63493)
2019-06-15 01:51:13.447 22705 RALLYDEBUG rally_openstack.cleanup.manager [-] Deleting neutron.port object s_rally_0fd803e0_Rw7LwX8I (e454887d-4d81-4700-95eb-b094523d4daa)
2019-06-15 01:51:13.534 22705 RALLYDEBUG rally_openstack.cleanup.manager [-] Deleting neutron.port object s_rally_0fd803e0_3dDlhsaJ (e48d692c-dbe2-43bf-9c6c-58e638a5b622)
2019-06-15 01:51:13.831 22705 RALLYDEBUG rally_openstack.cleanup.manager [-] Deleting neutron.port object s_rally_0fd803e0_Y75lIUar (e5069a62-c855-48db-8de3-e8ef91ec3ee7)
2019-06-15 01:51:13.946 22705 RALLYDEBUG rally_openstack.cleanup.manager [-] Deleting neutron.port object s_rally_0fd803e0_iW8OcFt6 (e564d7c8-e1f5-4f8c-825c-4e62187b09a5)
2019-06-15 01:51:14.013 22705 RALLYDEBUG rally_openstack.cleanup.manager [-] Deleting neutron.port object s_rally_0fd803e0_tPv78MrZ (e57afc5f-3012-4f73-a96f-bfb49f3f1e1e)
2019-06-15 01:51:14.050 22705 RALLYDEBUG rally_openstack.cleanup.manager [-] Deleting neutron.port object s_rally_0fd803e0_0RwG3Pr6 (e6218d4f-9b96-4214-bdac-730a89eeeca7)
2019-06-15 01:51:14.194 22705 RALLYDEBUG rally_openstack.cleanup.manager [-] Deleting neutron.port object s_rally_0fd803e0_a7dUow50 (e639f43e-6bd1-44c9-8832-650b4bd0941c)
2019-06-15 01:51:14.211 22705 RALLYDEBUG rally_openstack.cleanup.manager [-] Deleting neutron.port object s_rally_0fd803e0_NfFln35s (e6e84814-1425-4e25-8066-92f23c5a4772)
2019-06-15 01:51:14.373 22705 RALLYDEBUG rally_openstack.cleanup.manager [-] Deleting neutron.port object s_rally_0fd803e0_UgXC2W55 (e7091030-e6f2-445c-89d7-ba563cb96d07)
2019-06-15 01:51:14.547 22705 RALLYDEBUG rally_openstack.cleanup.manager [-] Deleting neutron.port object s_rally_0fd803e0_8sXq4PZJ (e77ed591-9bae-439d-93b9-2130a21fbae7)
2019-06-15 01:51:14.894 22705 RALLYDEBUG rally_openstack.cleanup.manager [-] Deleting neutron.port object s_rally_0fd803e0_3cpPnJPy (e7ac1de6-4487-476b-a657-b1c4a46d1c84)
2019-06-15 01:51:15.017 22705 RALLYDEBUG rally_openstack.cleanup.manager [-] Deleting neutron.port object s_rally_0fd803e0_NPcoL66x (e8fd960a-3e9c-484c-a64a-1b912a259199)
2019-06-15 01:51:15.254 22705 RALLYDEBUG rally_openstack.cleanup.manager [-] Deleting neutron.port object s_rally_0fd803e0_qsp0Tf21 (e9904a26-d0fa-4d89-adb9-aa69f16a966b)
2019-06-15 01:51:15.440 22705 RALLYDEBUG rally_openstack.cleanup.manager [-] Deleting neutron.port object s_rally_0fd803e0_5EywPppi (eb082a47-305e-4ffd-bd25-7fe0f69392b2)
2019-06-15 01:51:15.465 22705 RALLYDEBUG rally_openstack.cleanup.manager [-] Deleting neutron.port object s_rally_0fd803e0_wHjmWKKl (eb30122e-a599-4362-abca-b25aca3a3a20)
2019-06-15 01:51:15.477 22705 RALLYDEBUG rally_openstack.cleanup.manager [-] Deleting neutron.port object s_rally_0fd803e0_JxgORg8b (eb80de75-0ff7-4bfc-b4ba-8c6fc18a0171)
2019-06-15 01:51:15.588 22705 RALLYDEBUG rally_openstack.cleanup.manager [-] Deleting neutron.port object s_rally_0fd803e0_f3AHe6TS (eb951fda-4b66-4d0a-b4c2-c8cd5a501bba)
2019-06-15 01:51:15.604 22705 RALLYDEBUG rally_openstack.cleanup.manager [-] Deleting neutron.port object s_rally_0fd803e0_PijrtAtu (ee24735a-2dbd-4d90-a5e1-1f8f6eef65e3)
2019-06-15 01:51:15.680 22705 RALLYDEBUG rally_openstack.cleanup.manager [-] Deleting neutron.port object s_rally_0fd803e0_ZKnUHLhY (ef7e1fae-bac8-413e-846d-667add7e3e4c)
2019-06-15 01:51:15.746 22705 RALLYDEBUG rally_openstack.cleanup.manager [-] Deleting neutron.port object s_rally_0fd803e0_x9YldIlk (eff3c379-f935-4c21-ae80-955a438210bb)
2019-06-15 01:51:15.962 22705 RALLYDEBUG rally_openstack.cleanup.manager [-] Deleting neutron.port object s_rally_0fd803e0_XVJIeOJG (f0a03d98-3468-4656-a208-071d99ae466f)
2019-06-15 01:51:16.027 22705 RALLYDEBUG rally_openstack.cleanup.manager [-] Deleting neutron.port object s_rally_0fd803e0_P5NMkjUu (f0d30ae7-3831-437d-bb51-f11a2987a98c)
2019-06-15 01:51:16.236 22705 RALLYDEBUG rally_openstack.cleanup.manager [-] Deleting neutron.port object s_rally_0fd803e0_wd0bkodF (f1c18941-bcac-4ae4-881f-39794a1e5fec)
2019-06-15 01:51:16.639 22705 RALLYDEBUG rally_openstack.cleanup.manager [-] Deleting neutron.port object s_rally_0fd803e0_dUV7fEwn (f2482b0e-b185-43b3-81eb-ea2baa99903e)
2019-06-15 01:51:16.775 22705 RALLYDEBUG rally_openstack.cleanup.manager [-] Deleting neutron.port object s_rally_0fd803e0_COuItKgH (f2685860-7737-468a-895c-1c0adcbc3e20)
2019-06-15 01:51:16.895 22705 RALLYDEBUG rally_openstack.cleanup.manager [-] Deleting neutron.port object s_rally_0fd803e0_yI82CNIA (f2e886ae-90e0-4ae2-b2d4-0c0efb103a57)
2019-06-15 01:51:16.911 22705 RALLYDEBUG rally_openstack.cleanup.manager [-] Deleting neutron.port object s_rally_0fd803e0_HZqRqGsq (f354b0d1-410d-43f3-9c5b-b348414428df)
2019-06-15 01:51:16.966 22705 RALLYDEBUG rally_openstack.cleanup.manager [-] Deleting neutron.port object s_rally_0fd803e0_ZfTq0qPO (f359c3ba-bd3b-4fcc-8635-1f90842e3d1e)
2019-06-15 01:51:17.014 22705 RALLYDEBUG rally_openstack.cleanup.manager [-] Deleting neutron.port object s_rally_0fd803e0_Bei8a5mL (f3730471-d65b-4bc0-90d4-a273dfbb6314)
2019-06-15 01:51:17.124 22705 RALLYDEBUG rally_openstack.cleanup.manager [-] Deleting neutron.port object s_rally_0fd803e0_9mAcesRl (f3c11dec-96c3-4fea-a88e-8cdaa161475f)
2019-06-15 01:51:17.433 22705 RALLYDEBUG rally_openstack.cleanup.manager [-] Deleting neutron.port object s_rally_0fd803e0_ee8eyeCD (f3c6b309-3720-43a9-8571-4b40c95d9246)
2019-06-15 01:51:17.611 22705 RALLYDEBUG rally_openstack.cleanup.manager [-] Deleting neutron.port object s_rally_0fd803e0_qhP9bv24 (f48508df-ed38-4aff-8b2e-0b951069f54a)
2019-06-15 01:51:17.634 22705 RALLYDEBUG rally_openstack.cleanup.manager [-] Deleting neutron.port object s_rally_0fd803e0_q7fRjQ8A (f4fb0175-dc6a-48be-9e54-ce5496711744)
2019-06-15 01:51:17.773 22705 RALLYDEBUG rally_openstack.cleanup.manager [-] Deleting neutron.port object s_rally_0fd803e0_KhX7oH3P (f5fb7d8e-05de-4029-964d-be16547b99e8)
2019-06-15 01:51:17.876 22705 RALLYDEBUG rally_openstack.cleanup.manager [-] Deleting neutron.port object s_rally_0fd803e0_TIq2k0Kd (f6f4e481-983b-40bb-bb83-17805890bdd0)
2019-06-15 01:51:18.057 22705 RALLYDEBUG rally_openstack.cleanup.manager [-] Deleting neutron.port object s_rally_0fd803e0_rnGd96qc (f73a320e-0af6-4a6c-9a98-adfc53857fd4)
2019-06-15 01:51:18.284 22705 RALLYDEBUG rally_openstack.cleanup.manager [-] Deleting neutron.port object s_rally_0fd803e0_atSoAAYF (f7aaafa1-8347-45d9-9c55-5a51357025b7)
2019-06-15 01:51:18.476 22705 RALLYDEBUG rally_openstack.cleanup.manager [-] Deleting neutron.port object s_rally_0fd803e0_zkrfx27y (f7d9d18f-4bf4-44bf-ae89-a1f4108dca02)
2019-06-15 01:51:18.478 22705 RALLYDEBUG rally_openstack.cleanup.manager [-] Deleting neutron.port object s_rally_0fd803e0_r8zji9kY (f80c9b1b-08b9-443f-902f-b2c7584ea011)
2019-06-15 01:51:18.574 22705 RALLYDEBUG rally_openstack.cleanup.manager [-] Deleting neutron.port object s_rally_0fd803e0_2Paqq5Z0 (f82a2bfa-5175-4438-a276-46ed0ef7403e)
2019-06-15 01:51:18.790 22705 RALLYDEBUG rally_openstack.cleanup.manager [-] Deleting neutron.port object s_rally_0fd803e0_NmCv0EsA (f8cd7dec-cc80-40e4-9a6f-d7f10e3827e5)
2019-06-15 01:51:18.877 22705 RALLYDEBUG rally_openstack.cleanup.manager [-] Deleting neutron.port object s_rally_0fd803e0_C0pIvC33 (f9d0ba4b-0443-476a-93c8-8cd8ec491e3b)
2019-06-15 01:51:18.978 22705 RALLYDEBUG rally_openstack.cleanup.manager [-] Deleting neutron.port object s_rally_0fd803e0_6jQb0OkQ (fb0bc46b-2d1c-4c80-99af-c833be1199a0)
2019-06-15 01:51:19.178 22705 RALLYDEBUG rally_openstack.cleanup.manager [-] Deleting neutron.port object s_rally_0fd803e0_YVSiSMU6 (fb348f31-21f0-4593-aac7-21148cd26027)
2019-06-15 01:51:19.484 22705 RALLYDEBUG rally_openstack.cleanup.manager [-] Deleting neutron.port object s_rally_0fd803e0_OM2wCcUW (fc341771-bdf5-42ce-98bc-ba6c4ee089a8)
2019-06-15 01:51:19.531 22705 RALLYDEBUG rally_openstack.cleanup.manager [-] Deleting neutron.port object s_rally_0fd803e0_oR83dH9D (fc8839f9-91bd-4df6-b5fb-f8001941b996)
2019-06-15 01:51:19.560 22705 RALLYDEBUG rally_openstack.cleanup.manager [-] Deleting neutron.port object s_rally_0fd803e0_ZbXJ7SQD (fdd9d709-a8b9-4b47-94ae-675f8a9572b9)
2019-06-15 01:51:20.088 22705 RALLYDEBUG rally_openstack.cleanup.manager [-] Deleting neutron.port object s_rally_0fd803e0_KV46O2iT (fe88a132-a8d1-4f78-bdbc-5f037fcd8a14)
2019-06-15 01:51:20.092 22705 RALLYDEBUG rally_openstack.cleanup.manager [-] Deleting neutron.port object s_rally_0fd803e0_72cGVCVQ (fe2ee68a-d2ee-4d5a-8b51-65ac3891dc7b)
2019-06-15 01:51:20.097 22705 RALLYDEBUG rally_openstack.cleanup.manager [-] Deleting neutron.port object s_rally_0fd803e0_TYtXVsdV (fea2ce39-4762-4e93-82c0-70828580d72b)
2019-06-15 01:51:20.131 22705 RALLYDEBUG rally_openstack.cleanup.manager [-] Deleting neutron.port object s_rally_0fd803e0_MyVSgtGb (ff30e2a4-c797-47ca-a369-ffce3d4ea780)
2019-06-15 01:51:20.223 22705 RALLYDEBUG rally_openstack.cleanup.manager [-] Deleting neutron.port object s_rally_0fd803e0_mB6d5H6e (ffdb2d16-5d93-4bae-944b-49a03370c2a8)
2019-06-15 01:51:20.309 22705 RALLYDEBUG rally_openstack.cleanup.manager [-] Deleting neutron.port object s_rally_0fd803e0_GQCpY2zF (fff369de-5636-4c5f-a93b-0f24d3d2175f)
2019-06-15 01:51:23.178 22705 RALLYDEBUG rally_openstack.cleanup.manager [-] Cleaning up neutron subnet objects
2019-06-15 01:51:23.858 22705 RALLYDEBUG rally_openstack.cleanup.manager [-] Cleaning up neutron network objects
2019-06-15 01:51:24.588 22705 RALLYDEBUG rally_openstack.cleanup.manager [-] Deleting neutron.network object s_rally_0fd803e0_0GNlFdO9 (0c05c4bd-6052-4866-91cd-28841038ee19)
2019-06-15 01:51:24.595 22705 RALLYDEBUG rally_openstack.cleanup.manager [-] Deleting neutron.network object s_rally_0fd803e0_2a6W7X5J (1b359889-2916-4584-9ba6-a034d4947ab9)
2019-06-15 01:51:24.597 22705 RALLYDEBUG rally_openstack.cleanup.manager [-] Deleting neutron.network object s_rally_0fd803e0_DInAinRd (2ae744b1-a744-4f20-ace5-b6d8c25ead2e)
2019-06-15 01:51:24.609 22705 RALLYDEBUG rally_openstack.cleanup.manager [-] Deleting neutron.network object s_rally_0fd803e0_F0Ytet53 (3e011e3c-5219-4452-a1bd-4b8cf57ba03b)
2019-06-15 01:51:24.613 22705 RALLYDEBUG rally_openstack.cleanup.manager [-] Deleting neutron.network object s_rally_0fd803e0_LKIr76bd (9135cca0-4717-4245-b3b6-ecf61926f45e)
2019-06-15 01:51:24.623 22705 RALLYDEBUG rally_openstack.cleanup.manager [-] Deleting neutron.network object s_rally_0fd803e0_Gf6gRK5z (94644b76-e445-4b0c-9f3b-0be938dfe661)
2019-06-15 01:51:24.628 22705 RALLYDEBUG rally_openstack.cleanup.manager [-] Deleting neutron.network object s_rally_0fd803e0_e94U3kVC (dc2a2cbf-bd5e-4b24-852f-e6d55ffc0feb)
2019-06-15 01:51:24.639 22705 RALLYDEBUG rally_openstack.cleanup.manager [-] Deleting neutron.network object s_rally_0fd803e0_1SMfeNto (551bdc2d-7d87-46a9-b0a9-3fdb097ee6f7)
2019-06-15 01:51:28.980 22705 RALLYDEBUG rally_openstack.cleanup.manager [-] Cleaning up neutron router objects
2019-06-15 01:51:29.755 22705 RALLYDEBUG rally_openstack.cleanup.manager [-] Cleaning up neutron security_group objects
2019-06-15 01:51:30.522 22705 INFO rally.task.context [-] Task c4812d49-5ffa-40fa-af74-4844ed6d63fc | Context cleanup@openstack cleanup() finished in 1.14 min
2019-06-15 01:51:30.522 22705 INFO rally.task.context [-] Task c4812d49-5ffa-40fa-af74-4844ed6d63fc | Context quotas@openstack cleanup() started
2019-06-15 01:51:30.867 22705 INFO rally.task.context [-] Task c4812d49-5ffa-40fa-af74-4844ed6d63fc | Context quotas@openstack cleanup() finished in 0.34 sec
2019-06-15 01:51:30.868 22705 INFO rally.task.context [-] Task c4812d49-5ffa-40fa-af74-4844ed6d63fc | Context users@openstack cleanup() started
2019-06-15 01:51:36.149 22705 INFO rally.task.context [-] Task c4812d49-5ffa-40fa-af74-4844ed6d63fc | Context users@openstack cleanup() finished in 5.28 sec
2019-06-15 01:51:37.990 22705 INFO rally.task.engine [-] Load duration is: 112.92377
2019-06-15 01:51:37.990 22705 INFO rally.task.engine [-] Full runner duration is: 112.969922
2019-06-15 01:51:37.991 22705 INFO rally.task.engine [-] Full duration is: 192.938549
2019-06-15 01:51:38.196 22705 INFO rally.task.engine [-] Running workload: position = 1 config = { "version": 2, "title": "A cropped version of a bigger task.", "description": "Auto-generated task from a single workload (uuid=e450748e-614f-476f-86f9-536632dd0806)", "subtasks": [ { "title": "NeutronNetworks.create_and_update_ports", "description": "Create and update a given number of ports.", "scenario": { "NeutronNetworks.create_and_update_ports": { "network_create_args": {}, "port_create_args": {}, "ports_per_network": 5, "port_update_args": { "admin_state_up": false, "device_id": "dummy_id", "device_owner": "dummy_owner", "name": "_port_updated" } } }, "contexts": { "users": { "tenants": 1, "users_per_tenant": 1 }, "quotas": { "neutron": { "network": -1, "port": -1 } } }, "runner": { "constant": { "times": 40, "concurrency": 20 } }, "hooks": [], "sla": { "failure_rate": { "max": 0 } } } ] }
2019-06-15 01:51:38.218 22705 RALLYDEBUG rally_openstack.contexts.keystone.users [-] Creating 1 tenants using 20 threads
2019-06-15 01:51:40.176 22705 RALLYDEBUG rally_openstack.contexts.keystone.users [-] Creating 1 users using 20 threads
2019-06-15 01:51:42.947 22705 INFO rally.task.context [-] Task c4812d49-5ffa-40fa-af74-4844ed6d63fc | Context users@openstack setup() finished in 4.73 sec
2019-06-15 01:51:43.723 22705 INFO rally.task.context [-] Task c4812d49-5ffa-40fa-af74-4844ed6d63fc | Context quotas@openstack setup() finished in 0.78 sec
2019-06-15 01:51:43.724 22705 INFO rally.task.context [-] Task c4812d49-5ffa-40fa-af74-4844ed6d63fc | Context cleanup@openstack setup() finished in 0.01 msec
2019-06-15 01:51:43.732 22705 RALLYDEBUG rally.task.runner [-] Starting the constant runner (task UUID: c4812d49-5ffa-40fa-af74-4844ed6d63fc). timeout: 0 concurrency: 20 concurrency_per_worker: 1 times: 40 concurrency_overhead: 4 processes_to_start: 16 max_cpu_used: 16
2019-06-15 01:51:43.746 26581 RALLYDEBUG rally.task.runner [-] Starting a worker. concurrency: 2 args: {"network_create_args": {}, "port_create_args": {}, "ports_per_network": 5, "port_update_args": {"admin_state_up": false, "device_id": "dummy_id", "device_owner": "dummy_owner", "name": "_port_updated"}} times: 40 method_name: run timeout: 0 duration: None cls:
2019-06-15 01:51:43.749 26582 RALLYDEBUG rally.task.runner [-] Starting a worker. concurrency: 2 args: {"network_create_args": {}, "port_create_args": {}, "ports_per_network": 5, "port_update_args": {"admin_state_up": false, "device_id": "dummy_id", "device_owner": "dummy_owner", "name": "_port_updated"}} times: 40 method_name: run timeout: 0 duration: None cls:
2019-06-15 01:51:43.751 26583 RALLYDEBUG rally.task.runner [-] Starting a worker. concurrency: 2 args: {"network_create_args": {}, "port_create_args": {}, "ports_per_network": 5, "port_update_args": {"admin_state_up": false, "device_id": "dummy_id", "device_owner": "dummy_owner", "name": "_port_updated"}} times: 40 method_name: run timeout: 0 duration: None cls:
2019-06-15 01:51:43.753 26584 RALLYDEBUG rally.task.runner [-] Starting a worker. concurrency: 2 args: {"network_create_args": {}, "port_create_args": {}, "ports_per_network": 5, "port_update_args": {"admin_state_up": false, "device_id": "dummy_id", "device_owner": "dummy_owner", "name": "_port_updated"}} times: 40 method_name: run timeout: 0 duration: None cls:
2019-06-15 01:51:43.757 26582 INFO rally.task.runner [-] Task c4812d49-5ffa-40fa-af74-4844ed6d63fc | ITER: 2 START
2019-06-15 01:51:43.758 26585 RALLYDEBUG rally.task.runner [-] Starting a worker. concurrency: 1 args: {"network_create_args": {}, "port_create_args": {}, "ports_per_network": 5, "port_update_args": {"admin_state_up": false, "device_id": "dummy_id", "device_owner": "dummy_owner", "name": "_port_updated"}} times: 40 method_name: run timeout: 0 duration: None cls:
2019-06-15 01:51:43.759 26582 WARNING rally_openstack.scenarios.neutron.utils [-] Running this scenario without either the 'network' or 'existing_network' context is deprecated
2019-06-15 01:51:43.759 26581 INFO rally.task.runner [-] Task c4812d49-5ffa-40fa-af74-4844ed6d63fc | ITER: 3 START
2019-06-15 01:51:43.759 26581 INFO rally.task.runner [-] Task c4812d49-5ffa-40fa-af74-4844ed6d63fc | ITER: 1 START
2019-06-15 01:51:43.762 26588 RALLYDEBUG rally.task.runner [-] Starting a worker. concurrency: 1 args: {"network_create_args": {}, "port_create_args": {}, "ports_per_network": 5, "port_update_args": {"admin_state_up": false, "device_id": "dummy_id", "device_owner": "dummy_owner", "name": "_port_updated"}} times: 40 method_name: run timeout: 0 duration: None cls:
2019-06-15 01:51:43.761 26581 WARNING rally_openstack.scenarios.neutron.utils [-] Running this scenario without either the 'network' or 'existing_network' context is deprecated
2019-06-15 01:51:43.763 26584 INFO rally.task.runner [-] Task c4812d49-5ffa-40fa-af74-4844ed6d63fc | ITER: 6 START
2019-06-15 01:51:43.761 26583 INFO rally.task.runner [-] Task c4812d49-5ffa-40fa-af74-4844ed6d63fc | ITER: 4 START
2019-06-15 01:51:43.762 26584 INFO rally.task.runner [-] Task c4812d49-5ffa-40fa-af74-4844ed6d63fc | ITER: 8 START
2019-06-15 01:51:43.765 26585 INFO rally.task.runner [-] Task c4812d49-5ffa-40fa-af74-4844ed6d63fc | ITER: 9 START
2019-06-15 01:51:43.765 26584 WARNING rally_openstack.scenarios.neutron.utils [-] Running this scenario without either the 'network' or 'existing_network' context is deprecated
2019-06-15 01:51:43.765 26594 RALLYDEBUG rally.task.runner [-] Starting a worker. concurrency: 1 args: {"network_create_args": {}, "port_create_args": {}, "ports_per_network": 5, "port_update_args": {"admin_state_up": false, "device_id": "dummy_id", "device_owner": "dummy_owner", "name": "_port_updated"}} times: 40 method_name: run timeout: 0 duration: None cls:
2019-06-15 01:51:43.763 26583 INFO rally.task.runner [-] Task c4812d49-5ffa-40fa-af74-4844ed6d63fc | ITER: 7 START
2019-06-15 01:51:43.765 26583 WARNING rally_openstack.scenarios.neutron.utils [-] Running this scenario without either the 'network' or 'existing_network' context is deprecated
2019-06-15 01:51:43.767 26585 WARNING rally_openstack.scenarios.neutron.utils [-] Running this scenario without either the 'network' or 'existing_network' context is deprecated
2019-06-15 01:51:43.766 26583 WARNING rally_openstack.scenarios.neutron.utils [-] Running this scenario without either the 'network' or 'existing_network' context is deprecated
2019-06-15 01:51:43.763 26581 WARNING rally_openstack.scenarios.neutron.utils [-] Running this scenario without either the 'network' or 'existing_network' context is deprecated
2019-06-15 01:51:43.768 26588 INFO rally.task.runner [-] Task c4812d49-5ffa-40fa-af74-4844ed6d63fc | ITER: 10 START
2019-06-15 01:51:43.769 26588 WARNING rally_openstack.scenarios.neutron.utils [-] Running this scenario without either the 'network' or 'existing_network' context is deprecated
2019-06-15 01:51:43.769 26599 RALLYDEBUG rally.task.runner [-] Starting a worker. concurrency: 1 args: {"network_create_args": {}, "port_create_args": {}, "ports_per_network": 5, "port_update_args": {"admin_state_up": false, "device_id": "dummy_id", "device_owner": "dummy_owner", "name": "_port_updated"}} times: 40 method_name: run timeout: 0 duration: None cls:
2019-06-15 01:51:43.771 26594 INFO rally.task.runner [-] Task c4812d49-5ffa-40fa-af74-4844ed6d63fc | ITER: 11 START
2019-06-15 01:51:43.768 26584 WARNING rally_openstack.scenarios.neutron.utils [-] Running this scenario without either the 'network' or 'existing_network' context is deprecated
2019-06-15 01:51:43.772 26594 WARNING rally_openstack.scenarios.neutron.utils [-] Running this scenario without either the 'network' or 'existing_network' context is deprecated
2019-06-15 01:51:43.775 26582 INFO rally.task.runner [-] Task c4812d49-5ffa-40fa-af74-4844ed6d63fc | ITER: 5 START
2019-06-15 01:51:43.775 26582 WARNING rally_openstack.scenarios.neutron.utils [-] Running this scenario without either the 'network' or 'existing_network' context is deprecated
2019-06-15 01:51:43.776 26599 INFO rally.task.runner [-] Task c4812d49-5ffa-40fa-af74-4844ed6d63fc | ITER: 12 START
2019-06-15 01:51:43.777 26599 WARNING rally_openstack.scenarios.neutron.utils [-] Running this scenario without either the 'network' or 'existing_network' context is deprecated
2019-06-15 01:51:43.781 26605 RALLYDEBUG rally.task.runner [-] Starting a worker. concurrency: 1 args: {"network_create_args": {}, "port_create_args": {}, "ports_per_network": 5, "port_update_args": {"admin_state_up": false, "device_id": "dummy_id", "device_owner": "dummy_owner", "name": "_port_updated"}} times: 40 method_name: run timeout: 0 duration: None cls:
2019-06-15 01:51:43.783 26610 RALLYDEBUG rally.task.runner [-] Starting a worker. concurrency: 1 args: {"network_create_args": {}, "port_create_args": {}, "ports_per_network": 5, "port_update_args": {"admin_state_up": false, "device_id": "dummy_id", "device_owner": "dummy_owner", "name": "_port_updated"}} times: 40 method_name: run timeout: 0 duration: None cls:
2019-06-15 01:51:43.787 26605 INFO rally.task.runner [-] Task c4812d49-5ffa-40fa-af74-4844ed6d63fc | ITER: 13 START
2019-06-15 01:51:43.789 26605 WARNING rally_openstack.scenarios.neutron.utils [-] Running this scenario without either the 'network' or 'existing_network' context is deprecated
2019-06-15 01:51:43.790 26610 INFO rally.task.runner [-] Task c4812d49-5ffa-40fa-af74-4844ed6d63fc | ITER: 14 START
2019-06-15 01:51:43.790 26611 RALLYDEBUG rally.task.runner [-] Starting a worker. concurrency: 1 args: {"network_create_args": {}, "port_create_args": {}, "ports_per_network": 5, "port_update_args": {"admin_state_up": false, "device_id": "dummy_id", "device_owner": "dummy_owner", "name": "_port_updated"}} times: 40 method_name: run timeout: 0 duration: None cls:
2019-06-15 01:51:43.791 26610 WARNING rally_openstack.scenarios.neutron.utils [-] Running this scenario without either the 'network' or 'existing_network' context is deprecated
2019-06-15 01:51:43.798 26616 RALLYDEBUG rally.task.runner [-] Starting a worker. concurrency: 1 args: {"network_create_args": {}, "port_create_args": {}, "ports_per_network": 5, "port_update_args": {"admin_state_up": false, "device_id": "dummy_id", "device_owner": "dummy_owner", "name": "_port_updated"}} times: 40 method_name: run timeout: 0 duration: None cls:
2019-06-15 01:51:43.800 26611 INFO rally.task.runner [-] Task c4812d49-5ffa-40fa-af74-4844ed6d63fc | ITER: 15 START
2019-06-15 01:51:43.801 26611 WARNING rally_openstack.scenarios.neutron.utils [-] Running this scenario without either the 'network' or 'existing_network' context is deprecated
2019-06-15 01:51:43.804 26616 INFO rally.task.runner [-] Task c4812d49-5ffa-40fa-af74-4844ed6d63fc | ITER: 16 START
2019-06-15 01:51:43.806 26616 WARNING rally_openstack.scenarios.neutron.utils [-] Running this scenario without either the 'network' or 'existing_network' context is deprecated
2019-06-15 01:51:43.807 26619 RALLYDEBUG rally.task.runner [-] Starting a worker. concurrency: 1 args: {"network_create_args": {}, "port_create_args": {}, "ports_per_network": 5, "port_update_args": {"admin_state_up": false, "device_id": "dummy_id", "device_owner": "dummy_owner", "name": "_port_updated"}} times: 40 method_name: run timeout: 0 duration: None cls:
2019-06-15 01:51:43.811 26622 RALLYDEBUG rally.task.runner [-] Starting a worker. concurrency: 1 args: {"network_create_args": {}, "port_create_args": {}, "ports_per_network": 5, "port_update_args": {"admin_state_up": false, "device_id": "dummy_id", "device_owner": "dummy_owner", "name": "_port_updated"}} times: 40 method_name: run timeout: 0 duration: None cls:
2019-06-15 01:51:43.812 26619 INFO rally.task.runner [-] Task c4812d49-5ffa-40fa-af74-4844ed6d63fc | ITER: 17 START
2019-06-15 01:51:43.813 26619 WARNING rally_openstack.scenarios.neutron.utils [-] Running this scenario without either the 'network' or 'existing_network' context is deprecated
2019-06-15 01:51:43.817 26622 INFO rally.task.runner [-] Task c4812d49-5ffa-40fa-af74-4844ed6d63fc | ITER: 18 START
2019-06-15 01:51:43.818 26622 WARNING rally_openstack.scenarios.neutron.utils [-] Running this scenario without either the 'network' or 'existing_network' context is deprecated
2019-06-15 01:51:43.823 26625 RALLYDEBUG rally.task.runner [-] Starting a worker. concurrency: 1 args: {"network_create_args": {}, "port_create_args": {}, "ports_per_network": 5, "port_update_args": {"admin_state_up": false, "device_id": "dummy_id", "device_owner": "dummy_owner", "name": "_port_updated"}} times: 40 method_name: run timeout: 0 duration: None cls:
2019-06-15 01:51:43.824 26628 RALLYDEBUG rally.task.runner [-] Starting a worker. concurrency: 1 args: {"network_create_args": {}, "port_create_args": {}, "ports_per_network": 5, "port_update_args": {"admin_state_up": false, "device_id": "dummy_id", "device_owner": "dummy_owner", "name": "_port_updated"}} times: 40 method_name: run timeout: 0 duration: None cls:
2019-06-15 01:51:43.828 26625 INFO rally.task.runner [-] Task c4812d49-5ffa-40fa-af74-4844ed6d63fc | ITER: 19 START
2019-06-15 01:51:43.828 26628 INFO rally.task.runner [-] Task c4812d49-5ffa-40fa-af74-4844ed6d63fc | ITER: 20 START
2019-06-15 01:51:43.829 26625 WARNING rally_openstack.scenarios.neutron.utils [-] Running this scenario without either the 'network' or 'existing_network' context is deprecated
2019-06-15 01:51:43.829 26628 WARNING rally_openstack.scenarios.neutron.utils [-] Running this scenario without either the 'network' or 'existing_network' context is deprecated
2019-06-15 01:52:00.299 26610 INFO rally.task.runner [-] Task c4812d49-5ffa-40fa-af74-4844ed6d63fc | ITER: 14 END: OK
2019-06-15 01:52:00.303 26610 INFO rally.task.runner [-] Task c4812d49-5ffa-40fa-af74-4844ed6d63fc | ITER: 21 START
2019-06-15 01:52:00.304 26610 WARNING rally_openstack.scenarios.neutron.utils [-] Running this scenario without either the 'network' or 'existing_network' context is deprecated
2019-06-15 01:52:00.338 26616 INFO rally.task.runner [-] Task c4812d49-5ffa-40fa-af74-4844ed6d63fc | ITER: 16 END: OK
2019-06-15 01:52:00.341 26616 INFO rally.task.runner [-] Task c4812d49-5ffa-40fa-af74-4844ed6d63fc | ITER: 22 START
2019-06-15 01:52:00.342 26616 WARNING rally_openstack.scenarios.neutron.utils [-] Running this scenario without either the 'network' or 'existing_network' context is deprecated
2019-06-15 01:52:00.668 26583 INFO rally.task.runner [-] Task c4812d49-5ffa-40fa-af74-4844ed6d63fc | ITER: 4 END: OK
2019-06-15 01:52:00.672 26583 INFO rally.task.runner [-] Task c4812d49-5ffa-40fa-af74-4844ed6d63fc | ITER: 23 START
2019-06-15 01:52:00.673 26583 WARNING rally_openstack.scenarios.neutron.utils [-] Running this scenario without either the 'network' or 'existing_network' context is deprecated
2019-06-15 01:52:00.751 26584 INFO rally.task.runner [-] Task c4812d49-5ffa-40fa-af74-4844ed6d63fc | ITER: 6 END: OK
2019-06-15 01:52:00.755 26584 INFO rally.task.runner [-] Task c4812d49-5ffa-40fa-af74-4844ed6d63fc | ITER: 24 START
2019-06-15 01:52:00.756 26584 WARNING rally_openstack.scenarios.neutron.utils [-] Running this scenario without either the 'network' or 'existing_network' context is deprecated
2019-06-15 01:52:01.061 26628 INFO rally.task.runner [-] Task c4812d49-5ffa-40fa-af74-4844ed6d63fc | ITER: 20 END: OK
2019-06-15 01:52:01.066 26628 INFO rally.task.runner [-] Task c4812d49-5ffa-40fa-af74-4844ed6d63fc | ITER: 25 START
2019-06-15 01:52:01.066 26628 WARNING rally_openstack.scenarios.neutron.utils [-] Running this scenario without either the 'network' or 'existing_network' context is deprecated
2019-06-15 01:52:01.338 26581 INFO rally.task.runner [-] Task c4812d49-5ffa-40fa-af74-4844ed6d63fc | ITER: 3 END: OK
2019-06-15 01:52:01.343 26581 INFO rally.task.runner [-] Task c4812d49-5ffa-40fa-af74-4844ed6d63fc | ITER: 26 START
2019-06-15 01:52:01.343 26581 WARNING rally_openstack.scenarios.neutron.utils [-] Running this scenario without either the 'network' or 'existing_network' context is deprecated
2019-06-15 01:52:01.614 26582 INFO rally.task.runner [-] Task c4812d49-5ffa-40fa-af74-4844ed6d63fc | ITER: 2 END: OK
2019-06-15 01:52:01.619 26582 INFO rally.task.runner [-] Task c4812d49-5ffa-40fa-af74-4844ed6d63fc | ITER: 27 START
2019-06-15 01:52:01.620 26582 WARNING rally_openstack.scenarios.neutron.utils [-] Running this scenario without either the 'network' or 'existing_network' context is deprecated
2019-06-15 01:52:01.720 26619 INFO rally.task.runner [-] Task c4812d49-5ffa-40fa-af74-4844ed6d63fc | ITER: 17 END: OK
2019-06-15 01:52:01.724 26619 INFO rally.task.runner [-] Task c4812d49-5ffa-40fa-af74-4844ed6d63fc | ITER: 28 START
2019-06-15 01:52:01.724 26619 WARNING rally_openstack.scenarios.neutron.utils [-] Running this scenario without either the 'network' or 'existing_network' context is deprecated
2019-06-15 01:52:01.744 26583 INFO rally.task.runner [-] Task c4812d49-5ffa-40fa-af74-4844ed6d63fc | ITER: 7 END: OK
2019-06-15 01:52:01.748 26583 INFO rally.task.runner [-] Task c4812d49-5ffa-40fa-af74-4844ed6d63fc | ITER: 29 START
2019-06-15 01:52:01.749 26583 WARNING rally_openstack.scenarios.neutron.utils [-] Running this scenario without either the 'network' or 'existing_network' context is deprecated
2019-06-15 01:52:01.764 26584 INFO rally.task.runner [-] Task c4812d49-5ffa-40fa-af74-4844ed6d63fc | ITER: 8 END: OK
2019-06-15 01:52:01.768 26584 INFO rally.task.runner [-] Task c4812d49-5ffa-40fa-af74-4844ed6d63fc | ITER: 30 START
2019-06-15 01:52:01.769 26584 WARNING rally_openstack.scenarios.neutron.utils [-] Running this scenario without either the 'network' or 'existing_network' context is deprecated
2019-06-15 01:52:02.702 26625 INFO rally.task.runner [-] Task c4812d49-5ffa-40fa-af74-4844ed6d63fc | ITER: 19 END: OK
2019-06-15 01:52:02.707 26625 INFO rally.task.runner [-] Task c4812d49-5ffa-40fa-af74-4844ed6d63fc | ITER: 31 START
2019-06-15 01:52:02.708 26625 WARNING rally_openstack.scenarios.neutron.utils [-] Running this scenario without either the 'network' or 'existing_network' context is deprecated
2019-06-15 01:52:02.793 26605 INFO rally.task.runner [-] Task c4812d49-5ffa-40fa-af74-4844ed6d63fc | ITER: 13 END: OK
2019-06-15 01:52:02.797 26605 INFO rally.task.runner [-] Task c4812d49-5ffa-40fa-af74-4844ed6d63fc | ITER: 32 START
2019-06-15 01:52:02.798 26605 WARNING rally_openstack.scenarios.neutron.utils [-] Running this scenario without either the 'network' or 'existing_network' context is deprecated
2019-06-15 01:52:03.007 26611 INFO rally.task.runner [-] Task c4812d49-5ffa-40fa-af74-4844ed6d63fc | ITER: 15 END: OK
2019-06-15 01:52:03.011 26611 INFO rally.task.runner [-] Task c4812d49-5ffa-40fa-af74-4844ed6d63fc | ITER: 33 START
2019-06-15 01:52:03.012 26611 WARNING rally_openstack.scenarios.neutron.utils [-] Running this scenario without either the 'network' or 'existing_network' context is deprecated
2019-06-15 01:52:03.159 26581 INFO rally.task.runner [-] Task c4812d49-5ffa-40fa-af74-4844ed6d63fc | ITER: 1 END: OK
2019-06-15 01:52:03.163 26581 INFO rally.task.runner [-] Task c4812d49-5ffa-40fa-af74-4844ed6d63fc | ITER: 34 START
2019-06-15 01:52:03.163 26581 WARNING rally_openstack.scenarios.neutron.utils [-] Running this scenario without either the 'network' or 'existing_network' context is deprecated
2019-06-15 01:52:03.178 26622 INFO rally.task.runner [-] Task c4812d49-5ffa-40fa-af74-4844ed6d63fc | ITER: 18 END: OK
2019-06-15 01:52:03.183 26622 INFO rally.task.runner [-] Task c4812d49-5ffa-40fa-af74-4844ed6d63fc | ITER: 35 START
2019-06-15 01:52:03.184 26622 WARNING rally_openstack.scenarios.neutron.utils [-] Running this scenario without either the 'network' or 'existing_network' context is deprecated
2019-06-15 01:52:04.104 26588 INFO rally.task.runner [-] Task c4812d49-5ffa-40fa-af74-4844ed6d63fc | ITER: 10 END: OK
2019-06-15 01:52:04.109 26588 INFO rally.task.runner [-] Task c4812d49-5ffa-40fa-af74-4844ed6d63fc | ITER: 36 START
2019-06-15 01:52:04.109 26588 WARNING rally_openstack.scenarios.neutron.utils [-] Running this scenario without either the 'network' or 'existing_network' context is deprecated
2019-06-15 01:52:04.435 26585 INFO rally.task.runner [-] Task c4812d49-5ffa-40fa-af74-4844ed6d63fc | ITER: 9 END: OK
2019-06-15 01:52:04.440 26585 INFO rally.task.runner [-] Task c4812d49-5ffa-40fa-af74-4844ed6d63fc | ITER: 37 START
2019-06-15 01:52:04.441 26585 WARNING rally_openstack.scenarios.neutron.utils [-] Running this scenario without either the 'network' or 'existing_network' context is deprecated
2019-06-15 01:52:04.483 26599 INFO rally.task.runner [-] Task c4812d49-5ffa-40fa-af74-4844ed6d63fc | ITER: 12 END: OK
2019-06-15 01:52:04.488 26599 INFO rally.task.runner [-] Task c4812d49-5ffa-40fa-af74-4844ed6d63fc | ITER: 38 START
2019-06-15 01:52:04.488 26599 WARNING rally_openstack.scenarios.neutron.utils [-] Running this scenario without either the 'network' or 'existing_network' context is deprecated
2019-06-15 01:52:04.801 26582 INFO rally.task.runner [-] Task c4812d49-5ffa-40fa-af74-4844ed6d63fc | ITER: 5 END: OK
2019-06-15 01:52:04.805 26582 INFO rally.task.runner [-] Task c4812d49-5ffa-40fa-af74-4844ed6d63fc | ITER: 39 START
2019-06-15 01:52:04.806 26582 WARNING rally_openstack.scenarios.neutron.utils [-] Running this scenario without either the 'network' or 'existing_network' context is deprecated
2019-06-15 01:52:05.148 26594 INFO rally.task.runner [-] Task c4812d49-5ffa-40fa-af74-4844ed6d63fc | ITER: 11 END: OK
2019-06-15 01:52:05.152 26594 INFO rally.task.runner [-] Task c4812d49-5ffa-40fa-af74-4844ed6d63fc | ITER: 40 START
2019-06-15 01:52:05.153 26594 WARNING rally_openstack.scenarios.neutron.utils [-] Running this scenario without either the 'network' or 'existing_network' context is deprecated
2019-06-15 01:52:16.407 26610 INFO rally.task.runner [-] Task c4812d49-5ffa-40fa-af74-4844ed6d63fc | ITER: 21 END: OK
2019-06-15 01:52:16.994 26583 INFO rally.task.runner [-] Task c4812d49-5ffa-40fa-af74-4844ed6d63fc | ITER: 23 END: OK
2019-06-15 01:52:18.031 26616 INFO rally.task.runner [-] Task c4812d49-5ffa-40fa-af74-4844ed6d63fc | ITER: 22 END: OK
2019-06-15 01:52:18.615 26584 INFO rally.task.runner [-] Task c4812d49-5ffa-40fa-af74-4844ed6d63fc | ITER: 24 END: OK
2019-06-15 01:52:19.205 26584 INFO rally.task.runner [-] Task c4812d49-5ffa-40fa-af74-4844ed6d63fc | ITER: 30 END: OK
2019-06-15 01:52:19.432 26625 INFO rally.task.runner [-] Task c4812d49-5ffa-40fa-af74-4844ed6d63fc | ITER: 31 END: OK
2019-06-15 01:52:19.704 26582 INFO rally.task.runner [-] Task c4812d49-5ffa-40fa-af74-4844ed6d63fc | ITER: 27 END: OK
2019-06-15 01:52:19.722 26583 INFO rally.task.runner [-] Task c4812d49-5ffa-40fa-af74-4844ed6d63fc | ITER: 29 END: OK
2019-06-15 01:52:19.765 26619 INFO rally.task.runner [-] Task c4812d49-5ffa-40fa-af74-4844ed6d63fc | ITER: 28 END: OK
2019-06-15 01:52:19.861 26581 INFO rally.task.runner [-] Task c4812d49-5ffa-40fa-af74-4844ed6d63fc | ITER: 26 END: OK
2019-06-15 01:52:20.341 26628 INFO rally.task.runner [-] Task c4812d49-5ffa-40fa-af74-4844ed6d63fc | ITER: 25 END: OK
2019-06-15 01:52:20.425 26605 INFO rally.task.runner [-] Task c4812d49-5ffa-40fa-af74-4844ed6d63fc | ITER: 32 END: OK
2019-06-15 01:52:20.954 26611 INFO rally.task.runner [-] Task c4812d49-5ffa-40fa-af74-4844ed6d63fc | ITER: 33 END: OK
2019-06-15 01:52:21.016 26581 INFO rally.task.runner [-] Task c4812d49-5ffa-40fa-af74-4844ed6d63fc | ITER: 34 END: OK
2019-06-15 01:52:21.416 26622 INFO rally.task.runner [-] Task c4812d49-5ffa-40fa-af74-4844ed6d63fc | ITER: 35 END: OK
2019-06-15 01:52:21.590 26585 INFO rally.task.runner [-] Task c4812d49-5ffa-40fa-af74-4844ed6d63fc | ITER: 37 END: OK
2019-06-15 01:52:21.656 26588 INFO rally.task.runner [-] Task c4812d49-5ffa-40fa-af74-4844ed6d63fc | ITER: 36 END: OK
2019-06-15 01:52:21.821 26599 INFO rally.task.runner [-] Task c4812d49-5ffa-40fa-af74-4844ed6d63fc | ITER: 38 END: OK
2019-06-15 01:52:22.077 26594 INFO rally.task.runner [-] Task c4812d49-5ffa-40fa-af74-4844ed6d63fc | ITER: 40 END: OK
2019-06-15 01:52:22.358 26582 INFO rally.task.runner [-] Task c4812d49-5ffa-40fa-af74-4844ed6d63fc | ITER: 39 END: OK
2019-06-15 01:52:22.388 22705 INFO rally.task.context [-] Task c4812d49-5ffa-40fa-af74-4844ed6d63fc | Context cleanup@openstack cleanup() started
2019-06-15 01:52:22.391 22705 RALLYDEBUG rally_openstack.cleanup.manager [-] Cleaning up neutron vip objects
2019-06-15 01:52:23.035 22705 RALLYDEBUG rally_openstack.cleanup.manager [-] Cleaning up neutron health_monitor objects
2019-06-15 01:52:23.761 22705 RALLYDEBUG rally_openstack.cleanup.manager [-] Cleaning up neutron pool objects
2019-06-15 01:52:24.426 22705 RALLYDEBUG rally_openstack.cleanup.manager [-] Cleaning up neutron loadbalancer objects
2019-06-15 01:52:25.176 22705 RALLYDEBUG rally_openstack.cleanup.manager [-] Cleaning up neutron floatingip objects
2019-06-15 01:52:25.857 22705 RALLYDEBUG rally_openstack.cleanup.manager [-] Cleaning up neutron port objects
2019-06-15 01:52:27.041 22705 RALLYDEBUG rally_openstack.cleanup.manager [-] Deleting neutron.port object s_rally_e450748e_TVeJkL3n (097e8939-bcbb-4089-b1a8-e329325881e4)
2019-06-15 01:52:27.047 22705 RALLYDEBUG rally_openstack.cleanup.manager [-] Deleting neutron.port object s_rally_e450748e_fwXIQ3en (0fc19a97-0ca4-47df-9124-21a246eef98b)
2019-06-15 01:52:27.051 22705 RALLYDEBUG rally_openstack.cleanup.manager [-] Deleting neutron.port object s_rally_e450748e_MZqHhLw0 (02661811-02b7-4135-a52f-398c1b4cb7b3)
2019-06-15 01:52:27.053 22705 RALLYDEBUG rally_openstack.cleanup.manager [-] Deleting neutron.port object s_rally_e450748e_19GhP1Qc (10a8dcf6-e1d2-4ff2-9e93-b40701aa9856)
2019-06-15 01:52:27.054 22705 RALLYDEBUG rally_openstack.cleanup.manager [-] Deleting neutron.port object s_rally_e450748e_m5YFwyf9 (008fea6f-5b91-435a-a101-019bb85a4033)
2019-06-15 01:52:27.054 22705 RALLYDEBUG rally_openstack.cleanup.manager [-] Deleting neutron.port object s_rally_e450748e_xuifT78b (091457c0-05d0-4a2a-adba-68bc2e7984db)
2019-06-15 01:52:27.056 22705 RALLYDEBUG rally_openstack.cleanup.manager [-] Deleting neutron.port object s_rally_e450748e_s9Xh90ha (08b19b12-e7ef-4db8-8f23-ad23f6c767c0)
2019-06-15 01:52:27.059 22705 RALLYDEBUG rally_openstack.cleanup.manager [-] Deleting neutron.port object s_rally_e450748e_UlewOPqv (0315e237-00bc-415d-b9a7-fecf0e53fd1a)
2019-06-15 01:52:27.060 22705 RALLYDEBUG rally_openstack.cleanup.manager [-] Deleting neutron.port object s_rally_e450748e_Fj97CRpb (0274e261-dee5-49eb-b47f-d76cee329a6c)
2019-06-15 01:52:27.060 22705 RALLYDEBUG rally_openstack.cleanup.manager [-] Deleting neutron.port object s_rally_e450748e_mOwNX49y (12c3d8d3-87a3-44d9-8aa6-286e3b903f63)
2019-06-15 01:52:27.091 22705 RALLYDEBUG rally_openstack.cleanup.manager [-] Deleting neutron.port object s_rally_e450748e_Wv7aF6ph (1ea6a03a-4d19-491f-bcc0-f409ae77e2ed)
2019-06-15 01:52:27.091 22705 RALLYDEBUG rally_openstack.cleanup.manager [-] Deleting neutron.port object s_rally_e450748e_jtgYRXKj (17158e5e-dd81-43b0-96cf-6269301fcf10)
2019-06-15 01:52:27.093 22705 RALLYDEBUG rally_openstack.cleanup.manager [-] Deleting neutron.port object s_rally_e450748e_pJnqsKv1 (17e49f07-bb23-4b90-9bb9-bdf91dfe4a60)
2019-06-15 01:52:27.098 22705 RALLYDEBUG rally_openstack.cleanup.manager [-] Deleting neutron.port object s_rally_e450748e_OvK8YzMl (1adacce8-944e-42fd-a958-d2b4fd878bb5)
2019-06-15 01:52:27.101 22705 RALLYDEBUG rally_openstack.cleanup.manager [-] Deleting neutron.port object s_rally_e450748e_D077y7FP (0cedc11d-197c-4ba5-815a-205aa5a7bfe8)
2019-06-15 01:52:27.109 22705 RALLYDEBUG rally_openstack.cleanup.manager [-] Deleting neutron.port object s_rally_e450748e_Pw2DXkRV (1eb28821-46ab-451d-8889-235a258afbd6)
2019-06-15 01:52:27.125 22705 RALLYDEBUG rally_openstack.cleanup.manager [-] Deleting neutron.port object s_rally_e450748e_6B3Hz53H (202dd5ff-1b56-40dd-a99b-ac908aa9e191)
2019-06-15 01:52:27.131 22705 RALLYDEBUG rally_openstack.cleanup.manager [-] Deleting neutron.port object s_rally_e450748e_Gktnf5UX (20d8a280-483d-46eb-bd80-0246d643dd37)
2019-06-15 01:52:27.135 22705 RALLYDEBUG rally_openstack.cleanup.manager [-] Deleting neutron.port object s_rally_e450748e_kabb2xvI (213079e5-fe0a-4dfc-8f9f-e36fb539cefb)
2019-06-15 01:52:27.154 22705 RALLYDEBUG rally_openstack.cleanup.manager [-] Deleting neutron.port object s_rally_e450748e_wNLPbDzd (21646dcc-05ee-40ec-a5fb-50f2e2a419a9)
2019-06-15 01:52:29.784 22705 RALLYDEBUG rally_openstack.cleanup.manager [-] Deleting neutron.port object s_rally_e450748e_EhfDRVPq (22a9e0b5-4d7e-419e-8bf6-51d0d915e9e4)
2019-06-15 01:52:29.787 22705 RALLYDEBUG rally_openstack.cleanup.manager [-] Deleting neutron.port object s_rally_e450748e_7AARnVcc (224c959c-e1e2-459d-b135-a2f671c90ae9)
2019-06-15 01:52:29.820 22705 RALLYDEBUG rally_openstack.cleanup.manager [-] Deleting neutron.port object s_rally_e450748e_5T9wXTt6 (234cf2f5-1726-492b-b3c0-4a368d69df67)
2019-06-15 01:52:29.863 22705 RALLYDEBUG rally_openstack.cleanup.manager [-] Deleting neutron.port object s_rally_e450748e_E2zSYYEl (24278911-6778-44a3-af8e-72eca44550d6)
2019-06-15 01:52:29.869 22705 RALLYDEBUG rally_openstack.cleanup.manager [-] Deleting neutron.port object s_rally_e450748e_BRkjmU2E (248c80d2-0409-4b1f-930d-d059eb3fdbfb)
2019-06-15 01:52:29.898 22705 RALLYDEBUG rally_openstack.cleanup.manager [-] Deleting neutron.port object s_rally_e450748e_xtJ6nXXK (2640b048-62e3-4f0d-a242-93cef10d5a5d)
2019-06-15 01:52:29.941 22705 RALLYDEBUG rally_openstack.cleanup.manager [-] Deleting neutron.port object s_rally_e450748e_Rhmk0ieO (26c15ce9-fa72-4457-89b0-73671d129bcd)
2019-06-15 01:52:29.979 22705 RALLYDEBUG rally_openstack.cleanup.manager [-] Deleting neutron.port object s_rally_e450748e_4Ajw99Pj (282514b5-1acf-4736-bdea-75e2b8e4bd9e)
2019-06-15 01:52:30.059 22705 RALLYDEBUG rally_openstack.cleanup.manager [-] Deleting neutron.port object s_rally_e450748e_fSNHFYsX (298d1728-d66c-474e-ac7c-f55517d9d540)
2019-06-15 01:52:30.186 22705 RALLYDEBUG rally_openstack.cleanup.manager [-] Deleting neutron.port object s_rally_e450748e_YRYepEU0 (2e1e0398-5ace-43ba-8156-235270fc76b3)
2019-06-15 01:52:30.253 22705 RALLYDEBUG rally_openstack.cleanup.manager [-] Deleting neutron.port object s_rally_e450748e_kRGdGw09 (308f6330-1266-48ff-a486-cbf230f81bbc)
2019-06-15 01:52:30.255 22705 RALLYDEBUG rally_openstack.cleanup.manager [-] Deleting neutron.port object s_rally_e450748e_6KezHwqz (314b0d22-087f-4c00-8aae-35b97ebb67ae)
2019-06-15 01:52:30.284 22705 RALLYDEBUG rally_openstack.cleanup.manager [-] Deleting neutron.port object s_rally_e450748e_iajQCK9Z (3306c099-ce8d-4945-9515-86a7ade5a1d0)
2019-06-15 01:52:30.291 22705 RALLYDEBUG rally_openstack.cleanup.manager [-] Deleting neutron.port object s_rally_e450748e_rrfQw8Rk (33a992e7-ccf5-4141-8fa5-cc862e1e5a62)
2019-06-15 01:52:30.381 22705 RALLYDEBUG rally_openstack.cleanup.manager [-] Deleting neutron.port object s_rally_e450748e_ASbks6kl (3512b282-50b2-43c5-bdaf-7007bf1a1cbe)
2019-06-15 01:52:30.658 22705 RALLYDEBUG rally_openstack.cleanup.manager [-] Deleting neutron.port object s_rally_e450748e_nXnSdVRQ (3605ab5c-e1fa-4b44-9c79-082b7b3edc7c)
2019-06-15 01:52:30.663 22705 RALLYDEBUG rally_openstack.cleanup.manager [-] Deleting neutron.port object s_rally_e450748e_O7t3iTAm (36fb338e-74a3-4aa5-8636-c55c92cdf896)
2019-06-15 01:52:31.122 22705 RALLYDEBUG rally_openstack.cleanup.manager [-] Deleting neutron.port object s_rally_e450748e_qTvmHL8h (374fe2d9-ef71-451c-8c2d-aed7cb469ce4)
2019-06-15 01:52:31.129 22705 RALLYDEBUG rally_openstack.cleanup.manager [-] Deleting neutron.port object s_rally_e450748e_1HTwdoT1 (37519c94-d638-4a27-8bc8-8fe8055cfdc5)
2019-06-15 01:52:31.136 22705 RALLYDEBUG rally_openstack.cleanup.manager [-] Deleting neutron.port object s_rally_e450748e_bU4GQlKw (37c6ca7a-42a2-4c97-a88d-64694c71664d)
2019-06-15 01:52:32.114 22705 RALLYDEBUG rally_openstack.cleanup.manager [-] Deleting neutron.port object s_rally_e450748e_H8wEwZJ1 (39f84aa6-621f-4652-83f6-10e4b25f6c5f)
2019-06-15 01:52:32.181 22705 RALLYDEBUG rally_openstack.cleanup.manager [-] Deleting neutron.port object s_rally_e450748e_304nKYBL (3a48af72-3512-4e1f-9196-baa863401228)
2019-06-15 01:52:32.487 22705 RALLYDEBUG rally_openstack.cleanup.manager [-] Deleting neutron.port object s_rally_e450748e_v6nOZZXc (3a648b89-460f-431f-86b1-3a3c6971ce57)
2019-06-15 01:52:32.703 22705 RALLYDEBUG rally_openstack.cleanup.manager [-] Deleting neutron.port object s_rally_e450748e_ILsRpCZr (3bbaf2c1-35f2-4d3f-98f6-e1795d2d1050)
2019-06-15 01:52:32.710 22705 RALLYDEBUG rally_openstack.cleanup.manager [-] Deleting neutron.port object s_rally_e450748e_mNl5wF0i (3f805bd3-0455-4109-9a12-60b8f8acad24)
2019-06-15 01:52:32.794 22705 RALLYDEBUG rally_openstack.cleanup.manager [-] Deleting neutron.port object s_rally_e450748e_MTq5AfTo (404b6db9-07ac-49be-96b3-cc6163879a8d)
2019-06-15 01:52:32.814 22705 RALLYDEBUG rally_openstack.cleanup.manager [-] Deleting neutron.port object s_rally_e450748e_qrahsZ24 (4071b1da-e2c7-42b2-9263-ad3ae0975122)
2019-06-15 01:52:32.950 22705 RALLYDEBUG rally_openstack.cleanup.manager [-] Deleting neutron.port object s_rally_e450748e_Jh10ObQ3 (40f2d8f4-d795-4122-91c2-bf2221c2aca5)
2019-06-15 01:52:32.962 22705 RALLYDEBUG rally_openstack.cleanup.manager [-] Deleting neutron.port object s_rally_e450748e_wxpJcHeN (44255127-f3fb-4d9c-9660-1ae70af904cd)
2019-06-15 01:52:32.985 22705 RALLYDEBUG rally_openstack.cleanup.manager [-] Deleting neutron.port object s_rally_e450748e_KJKoikSL (444f97e2-ad1b-4d90-87f7-d11416f70628)
2019-06-15 01:52:33.106 22705 RALLYDEBUG rally_openstack.cleanup.manager [-] Deleting neutron.port object s_rally_e450748e_ObHAnRXl (45337d8a-fb8f-45a8-837a-78780f485967)
2019-06-15 01:52:33.253 22705 RALLYDEBUG rally_openstack.cleanup.manager [-] Deleting neutron.port object s_rally_e450748e_5nLCZ1U2 (4577a22d-29ac-488d-ae34-cccfcbb1f4f6)
2019-06-15 01:52:33.274 22705 RALLYDEBUG rally_openstack.cleanup.manager [-] Deleting neutron.port object s_rally_e450748e_6d1E38hh (465fe233-1a4d-444b-8ae5-eb5e4a89ad93)
2019-06-15 01:52:33.282 22705 RALLYDEBUG rally_openstack.cleanup.manager [-] Deleting neutron.port object s_rally_e450748e_CeNRq3iU (472b2bd1-dcbf-4cb5-8ea1-3407c630ff88)
2019-06-15 01:52:33.319 22705 RALLYDEBUG rally_openstack.cleanup.manager [-] Deleting neutron.port object s_rally_e450748e_EIt1eQWH (4762b52b-b19c-426c-89a6-5c84535fec45)
2019-06-15 01:52:33.428 22705 RALLYDEBUG rally_openstack.cleanup.manager [-] Deleting neutron.port object s_rally_e450748e_hGKCj2Bx (47ee6a34-9394-446b-b78b-574a54a40958)
2019-06-15 01:52:33.439 22705 RALLYDEBUG rally_openstack.cleanup.manager [-] Deleting neutron.port object s_rally_e450748e_WKquFPvo (4a80ca99-1988-4dfe-b066-34e96979ec68)
2019-06-15 01:52:33.513 22705 RALLYDEBUG rally_openstack.cleanup.manager [-] Deleting neutron.port object s_rally_e450748e_z5Uf4xXn (4b2451c1-1742-49ce-a928-9c48f5976acb)
2019-06-15 01:52:33.595 22705 RALLYDEBUG rally_openstack.cleanup.manager [-] Deleting neutron.port object s_rally_e450748e_wmMYmgH3 (4d210059-06db-474a-8172-68d749063fb8)
2019-06-15 01:52:33.807 22705 RALLYDEBUG rally_openstack.cleanup.manager [-] Deleting neutron.port object s_rally_e450748e_8RkIDUOS (4e27eaf6-47b6-4ad8-88f4-22a4c7284ace)
2019-06-15 01:52:34.328 22705 RALLYDEBUG rally_openstack.cleanup.manager [-] Deleting neutron.port object s_rally_e450748e_zZTqKsLd (515fe4ec-5141-4548-aaa8-1516f09147e1)
2019-06-15 01:52:34.699 22705 RALLYDEBUG rally_openstack.cleanup.manager [-] Deleting neutron.port object s_rally_e450748e_WYIYMsm0 (517c7324-c448-43af-874d-ed690b15f762)
2019-06-15 01:52:34.818 22705 RALLYDEBUG rally_openstack.cleanup.manager [-] Deleting neutron.port object s_rally_e450748e_TuMmafmS (532043c8-5e2d-4632-a5e7-5bd1f89dca41)
2019-06-15 01:52:35.154 22705 RALLYDEBUG rally_openstack.cleanup.manager [-] Deleting neutron.port object s_rally_e450748e_thMk7l5k (53f9c9d8-6342-42f4-9ef5-187f7251b0db)
2019-06-15 01:52:35.250 22705 RALLYDEBUG rally_openstack.cleanup.manager [-] Deleting neutron.port object s_rally_e450748e_KL6GUKLC (53ffc1e6-4c46-4ee3-a119-b90579f4c654)
2019-06-15 01:52:35.376 22705 RALLYDEBUG rally_openstack.cleanup.manager [-] Deleting neutron.port object s_rally_e450748e_w38C5dF4 (54bf3b43-0f53-4324-97f7-0b2455b3f8d8)
2019-06-15 01:52:35.400 22705 RALLYDEBUG rally_openstack.cleanup.manager [-] Deleting neutron.port object s_rally_e450748e_eR28zb3H (564ab239-62e4-4aae-ac21-bad591a9979c)
2019-06-15 01:52:35.554 22705 RALLYDEBUG rally_openstack.cleanup.manager [-] Deleting neutron.port object s_rally_e450748e_qxDuTPFS (56541547-ba1c-4a8f-8e29-3f1db4b3c6a0)
2019-06-15 01:52:35.650 22705 RALLYDEBUG rally_openstack.cleanup.manager [-] Deleting neutron.port object s_rally_e450748e_rlCbIP6m (56997e22-175b-4957-8a93-559ce90f4d57)
