2019-06-15 01:53:41.888 26992 WARNING rally_openstack.scenarios.neutron.utils [-] Running this scenario without either the 'network' or 'existing_network' context is deprecated
2019-06-15 01:53:42.020 26966 INFO rally.task.runner [-] Task c4812d49-5ffa-40fa-af74-4844ed6d63fc | ITER: 11 END: OK
2019-06-15 01:53:42.024 26966 INFO rally.task.runner [-] Task c4812d49-5ffa-40fa-af74-4844ed6d63fc | ITER: 40 START
2019-06-15 01:53:42.025 26966 WARNING rally_openstack.scenarios.neutron.utils [-] Running this scenario without either the 'network' or 'existing_network' context is deprecated
2019-06-15 01:53:54.464 26954 INFO rally.task.runner [-] Task c4812d49-5ffa-40fa-af74-4844ed6d63fc | ITER: 25 END: OK
2019-06-15 01:53:54.657 26963 INFO rally.task.runner [-] Task c4812d49-5ffa-40fa-af74-4844ed6d63fc | ITER: 22 END: OK
2019-06-15 01:53:55.741 26957 INFO rally.task.runner [-] Task c4812d49-5ffa-40fa-af74-4844ed6d63fc | ITER: 29 END: OK
2019-06-15 01:53:55.968 26975 INFO rally.task.runner [-] Task c4812d49-5ffa-40fa-af74-4844ed6d63fc | ITER: 28 END: OK
2019-06-15 01:53:56.196 26951 INFO rally.task.runner [-] Task c4812d49-5ffa-40fa-af74-4844ed6d63fc | ITER: 26 END: OK
2019-06-15 01:53:56.385 26987 INFO rally.task.runner [-] Task c4812d49-5ffa-40fa-af74-4844ed6d63fc | ITER: 30 END: OK
2019-06-15 01:53:56.441 26951 INFO rally.task.runner [-] Task c4812d49-5ffa-40fa-af74-4844ed6d63fc | ITER: 21 END: OK
2019-06-15 01:53:56.664 26953 INFO rally.task.runner [-] Task c4812d49-5ffa-40fa-af74-4844ed6d63fc | ITER: 35 END: OK
2019-06-15 01:53:56.710 26998 INFO rally.task.runner [-] Task c4812d49-5ffa-40fa-af74-4844ed6d63fc | ITER: 23 END: OK
2019-06-15 01:53:57.199 26968 INFO rally.task.runner [-] Task c4812d49-5ffa-40fa-af74-4844ed6d63fc | ITER: 32 END: OK
2019-06-15 01:53:57.254 26953 INFO rally.task.runner [-] Task c4812d49-5ffa-40fa-af74-4844ed6d63fc | ITER: 33 END: OK
2019-06-15 01:53:57.350 26978 INFO rally.task.runner [-] Task c4812d49-5ffa-40fa-af74-4844ed6d63fc | ITER: 27 END: OK
2019-06-15 01:53:57.808 26983 INFO rally.task.runner [-] Task c4812d49-5ffa-40fa-af74-4844ed6d63fc | ITER: 38 END: OK
2019-06-15 01:53:57.810 26952 INFO rally.task.runner [-] Task c4812d49-5ffa-40fa-af74-4844ed6d63fc | ITER: 24 END: OK
2019-06-15 01:53:57.874 26952 INFO rally.task.runner [-] Task c4812d49-5ffa-40fa-af74-4844ed6d63fc | ITER: 37 END: OK
2019-06-15 01:53:58.039 26966 INFO rally.task.runner [-] Task c4812d49-5ffa-40fa-af74-4844ed6d63fc | ITER: 40 END: OK
2019-06-15 01:53:58.047 26988 INFO rally.task.runner [-] Task c4812d49-5ffa-40fa-af74-4844ed6d63fc | ITER: 34 END: OK
2019-06-15 01:53:58.080 26954 INFO rally.task.runner [-] Task c4812d49-5ffa-40fa-af74-4844ed6d63fc | ITER: 31 END: OK
2019-06-15 01:53:58.512 26996 INFO rally.task.runner [-] Task c4812d49-5ffa-40fa-af74-4844ed6d63fc | ITER: 36 END: OK
2019-06-15 01:53:59.080 26992 INFO rally.task.runner [-] Task c4812d49-5ffa-40fa-af74-4844ed6d63fc | ITER: 39 END: OK
2019-06-15 01:53:59.111 22705 INFO rally.task.context [-] Task c4812d49-5ffa-40fa-af74-4844ed6d63fc | Context cleanup@openstack cleanup() started
2019-06-15 01:53:59.114 22705 RALLYDEBUG rally_openstack.cleanup.manager [-] Cleaning up neutron vip objects
2019-06-15 01:53:59.745 22705 RALLYDEBUG rally_openstack.cleanup.manager [-] Cleaning up neutron health_monitor objects
2019-06-15 01:54:00.479 22705 RALLYDEBUG rally_openstack.cleanup.manager [-] Cleaning up neutron pool objects
2019-06-15 01:54:01.202 22705 RALLYDEBUG rally_openstack.cleanup.manager [-] Cleaning up neutron loadbalancer objects
2019-06-15 01:54:01.832 22705 RALLYDEBUG rally_openstack.cleanup.manager [-] Cleaning up neutron floatingip objects
2019-06-15 01:54:02.599 22705 RALLYDEBUG rally_openstack.cleanup.manager [-] Cleaning up neutron port objects
2019-06-15 01:54:03.521 22705 RALLYDEBUG rally_openstack.cleanup.manager [-] Cleaning up neutron subnet objects
2019-06-15 01:54:04.176 22705 RALLYDEBUG rally_openstack.cleanup.manager [-] Cleaning up neutron network objects
2019-06-15 01:54:04.992 22705 RALLYDEBUG rally_openstack.cleanup.manager [-] Deleting neutron.network object s_rally_a08ff345_iwUO9mtt (06ef11d5-ca5f-4705-921d-5556fd7834e3)
2019-06-15 01:54:05.002 22705 RALLYDEBUG rally_openstack.cleanup.manager [-] Deleting neutron.network object s_rally_a08ff345_UWNKpphh (0ce73ec6-f9cb-4f12-91b5-1d7a5f9893c6)
2019-06-15 01:54:05.009 22705 RALLYDEBUG rally_openstack.cleanup.manager [-] Deleting neutron.network object s_rally_a08ff345_fAhIcP6r (0e426a43-1657-4c44-b6b5-831ef8018a30)
2019-06-15 01:54:05.005 22705 RALLYDEBUG rally_openstack.cleanup.manager [-] Deleting neutron.network object s_rally_a08ff345_rV12Agpg (0e1091c1-751e-4ea4-9383-5e45884859e7)
2019-06-15 01:54:05.031 22705 RALLYDEBUG rally_openstack.cleanup.manager [-] Deleting neutron.network object s_rally_a08ff345_FM6LL7vY (0ee33d7b-c124-49ac-a215-818b19484072)
2019-06-15 01:54:05.031 22705 RALLYDEBUG rally_openstack.cleanup.manager [-] Deleting neutron.network object s_rally_a08ff345_99nW5Qup (192f5e99-8715-4310-8ee3-326d3b259d45)
2019-06-15 01:54:05.054 22705 RALLYDEBUG rally_openstack.cleanup.manager [-] Deleting neutron.network object s_rally_a08ff345_sVyz4zi7 (233a5154-ee86-4aed-bf1b-d7d1af82976a)
2019-06-15 01:54:05.059 22705 RALLYDEBUG rally_openstack.cleanup.manager [-] Deleting neutron.network object s_rally_a08ff345_gXGiQDua (2471247c-ddd0-4a5d-bc6b-9078fbc4a439)
2019-06-15 01:54:05.065 22705 RALLYDEBUG rally_openstack.cleanup.manager [-] Deleting neutron.network object s_rally_a08ff345_OqNxhz6S (28024280-2502-40d8-bdb2-a171cb2ad428)
2019-06-15 01:54:05.240 22705 RALLYDEBUG rally_openstack.cleanup.manager [-] Deleting neutron.network object s_rally_a08ff345_r8ZeRjJi (2852de7d-6667-4f48-b10e-ae137b3d98d7)
2019-06-15 01:54:05.257 22705 RALLYDEBUG rally_openstack.cleanup.manager [-] Deleting neutron.network object s_rally_a08ff345_rwbo4R3v (28b57e0a-55c2-4658-bfbd-4edd079f5ae0)
2019-06-15 01:54:05.272 22705 RALLYDEBUG rally_openstack.cleanup.manager [-] Deleting neutron.network object s_rally_a08ff345_qEMz2JVb (62a17cbd-364e-4ef2-a607-8c6aa31f8f7c)
2019-06-15 01:54:05.276 22705 RALLYDEBUG rally_openstack.cleanup.manager [-] Deleting neutron.network object s_rally_a08ff345_UwtSfRyw (4fd8584f-4792-44f1-9f10-8cfe3c29fbb4)
2019-06-15 01:54:05.276 22705 RALLYDEBUG rally_openstack.cleanup.manager [-] Deleting neutron.network object s_rally_a08ff345_nxG9wGWs (28892681-e3b5-4069-ae26-0e9a5690b2a5)
2019-06-15 01:54:05.307 22705 RALLYDEBUG rally_openstack.cleanup.manager [-] Deleting neutron.network object s_rally_a08ff345_6it4c195 (4595f58e-61e1-4549-a1ff-2d35840e8a2e)
2019-06-15 01:54:05.311 22705 RALLYDEBUG rally_openstack.cleanup.manager [-] Deleting neutron.network object s_rally_a08ff345_e4T5BpEe (8e3105bb-0c10-4b23-b0f7-62583c6ab6a4)
2019-06-15 01:54:05.317 22705 RALLYDEBUG rally_openstack.cleanup.manager [-] Deleting neutron.network object s_rally_a08ff345_4KHlxums (84b26b33-7734-4aaa-bf0e-5352b6ce0bd0)
2019-06-15 01:54:05.317 22705 RALLYDEBUG rally_openstack.cleanup.manager [-] Deleting neutron.network object s_rally_a08ff345_6Fuof9v2 (7d19e274-fbcc-4129-bd9b-b258ac94fb76)
2019-06-15 01:54:05.318 22705 RALLYDEBUG rally_openstack.cleanup.manager [-] Deleting neutron.network object s_rally_a08ff345_kjykWuSc (88692a96-ce15-4b6c-957a-7526d8961558)
2019-06-15 01:54:05.336 22705 RALLYDEBUG rally_openstack.cleanup.manager [-] Deleting neutron.network object s_rally_a08ff345_Pg8FnTAg (91a32004-d397-411b-ada1-45941fb1930c)
2019-06-15 01:54:08.677 22705 RALLYDEBUG rally_openstack.cleanup.manager [-] Deleting neutron.network object s_rally_a08ff345_GMe45rd4 (94f01faa-d756-4817-bc02-1659b21befd3)
2019-06-15 01:54:08.719 22705 RALLYDEBUG rally_openstack.cleanup.manager [-] Deleting neutron.network object s_rally_a08ff345_WhmkEGqq (96392639-ec70-4741-93fd-f5144a8bd919)
2019-06-15 01:54:08.766 22705 RALLYDEBUG rally_openstack.cleanup.manager [-] Deleting neutron.network object s_rally_a08ff345_tacEqgUl (9db800b6-fef2-4811-9fce-b1729e8733c7)
2019-06-15 01:54:08.886 22705 RALLYDEBUG rally_openstack.cleanup.manager [-] Deleting neutron.network object s_rally_a08ff345_bbmry03F (9ecfe5e1-a567-42f2-9bf8-eb7a5a42812b)
2019-06-15 01:54:09.297 22705 RALLYDEBUG rally_openstack.cleanup.manager [-] Deleting neutron.network object s_rally_a08ff345_jnip8VQx (af90a2ad-1e9b-4cd9-a525-cf9da4a3d4e1)
2019-06-15 01:54:09.306 22705 RALLYDEBUG rally_openstack.cleanup.manager [-] Deleting neutron.network object s_rally_a08ff345_WlH40OZc (b4577021-e198-4b60-9fa2-fa09f16427e4)
2019-06-15 01:54:09.326 22705 RALLYDEBUG rally_openstack.cleanup.manager [-] Deleting neutron.network object s_rally_a08ff345_fQWPfjrB (ba4af18f-4fcc-4596-8c6e-3c16a1b0c9ca)
2019-06-15 01:54:09.842 22705 RALLYDEBUG rally_openstack.cleanup.manager [-] Deleting neutron.network object s_rally_a08ff345_09vSsxmF (ba61af77-8df8-46de-997f-33f828f7df07)
2019-06-15 01:54:09.844 22705 RALLYDEBUG rally_openstack.cleanup.manager [-] Deleting neutron.network object s_rally_a08ff345_JTnTMMhl (bcb36eb6-a328-4d29-a887-96126fed91f2)
2019-06-15 01:54:10.005 22705 RALLYDEBUG rally_openstack.cleanup.manager [-] Deleting neutron.network object s_rally_a08ff345_kWXF8o4l (bfcff636-5876-4373-82f3-f7e18efde5cb)
2019-06-15 01:54:10.021 22705 RALLYDEBUG rally_openstack.cleanup.manager [-] Deleting neutron.network object s_rally_a08ff345_v6h8ZcPt (c83a1865-8a04-4e23-b57d-b32d51efbd56)
2019-06-15 01:54:10.141 22705 RALLYDEBUG rally_openstack.cleanup.manager [-] Deleting neutron.network object s_rally_a08ff345_VT3uo4uK (cd09c176-3708-45c9-a48b-0568c768cbf2)
2019-06-15 01:54:10.147 22705 RALLYDEBUG rally_openstack.cleanup.manager [-] Deleting neutron.network object s_rally_a08ff345_CQc11SzI (d236fdb8-d6c0-40be-9c9b-8cfd385a8944)
2019-06-15 01:54:10.149 22705 RALLYDEBUG rally_openstack.cleanup.manager [-] Deleting neutron.network object s_rally_a08ff345_ZhkRuq9t (cd675ec9-56b8-4feb-a0e1-7ac832ced402)
2019-06-15 01:54:10.151 22705 RALLYDEBUG rally_openstack.cleanup.manager [-] Deleting neutron.network object s_rally_a08ff345_2JpysMvG (d67306dc-3452-4728-8a18-9079d8698a5e)
2019-06-15 01:54:10.536 22705 RALLYDEBUG rally_openstack.cleanup.manager [-] Deleting neutron.network object s_rally_a08ff345_3PC4jthf (e2232953-7b76-467c-b39d-d31c533ae931)
2019-06-15 01:54:10.540 22705 RALLYDEBUG rally_openstack.cleanup.manager [-] Deleting neutron.network object s_rally_a08ff345_IWw6C3Bq (e881ed5a-4dfc-4dfb-a6a2-a3ef510ca75f)
2019-06-15 01:54:11.600 22705 RALLYDEBUG rally_openstack.cleanup.manager [-] Deleting neutron.network object s_rally_a08ff345_q5J45ItU (f495f0b6-be20-41dc-90f6-6f8c5628420d)
2019-06-15 01:54:11.600 22705 RALLYDEBUG rally_openstack.cleanup.manager [-] Deleting neutron.network object s_rally_a08ff345_JuL9tOhh (ea282441-4e51-409d-a99a-5c1fd9d9cdac)
2019-06-15 01:54:11.636 22705 RALLYDEBUG rally_openstack.cleanup.manager [-] Deleting neutron.network object s_rally_a08ff345_BlvvgkOF (fb3c505e-ccc8-44d5-9f3a-829351669ed8)
2019-06-15 01:54:14.829 22705 RALLYDEBUG rally_openstack.cleanup.manager [-] Cleaning up neutron router objects
2019-06-15 01:54:15.598 22705 RALLYDEBUG rally_openstack.cleanup.manager [-] Cleaning up neutron security_group objects
2019-06-15 01:54:16.498 22705 INFO rally.task.context [-] Task c4812d49-5ffa-40fa-af74-4844ed6d63fc | Context cleanup@openstack cleanup() finished in 17.39 sec
2019-06-15 01:54:16.499 22705 INFO rally.task.context [-] Task c4812d49-5ffa-40fa-af74-4844ed6d63fc | Context quotas@openstack cleanup() started
2019-06-15 01:54:16.743 22705 INFO rally.task.context [-] Task c4812d49-5ffa-40fa-af74-4844ed6d63fc | Context quotas@openstack cleanup() finished in 0.24 sec
2019-06-15 01:54:16.743 22705 INFO rally.task.context [-] Task c4812d49-5ffa-40fa-af74-4844ed6d63fc | Context users@openstack cleanup() started
2019-06-15 01:54:21.954 22705 INFO rally.task.context [-] Task c4812d49-5ffa-40fa-af74-4844ed6d63fc | Context users@openstack cleanup() finished in 5.21 sec
2019-06-15 01:54:23.113 22705 INFO rally.task.engine [-] Load duration is: 38.442839
2019-06-15 01:54:23.114 22705 INFO rally.task.engine [-] Full runner duration is: 38.499593
2019-06-15 01:54:23.114 22705 INFO rally.task.engine [-] Full duration is: 67.1253
2019-06-15 01:54:23.411 22705 INFO rally.task.engine [-] Running workload: position = 0 config = { "version": 2, "title": "A cropped version of a bigger task.", "description": "Auto-generated task from a single workload (uuid=de91aad4-f13e-4235-9a03-715add7bdcbe)", "subtasks": [ { "title": "Quotas.neutron_update", "description": "Update quotas for neutron.", "scenario": { "Quotas.neutron_update": { "max_quota": 1024 } }, "contexts": { "users": { "tenants": 20, "users_per_tenant": 1 } }, "runner": { "constant": { "times": 40, "concurrency": 20 } }, "hooks": [], "sla": { "failure_rate": { "max": 0 } } } ] }
2019-06-15 01:54:23.434 22705 RALLYDEBUG rally_openstack.contexts.keystone.users [-] Creating 20 tenants using 20 threads
2019-06-15 01:54:26.255 22705 RALLYDEBUG rally_openstack.contexts.keystone.users [-] Creating 20 users using 20 threads
2019-06-15 01:54:30.037 22705 INFO rally.task.context [-] Task c4812d49-5ffa-40fa-af74-4844ed6d63fc | Context users@openstack setup() finished in 6.60 sec
2019-06-15 01:54:30.038 22705 INFO rally.task.context [-] Task c4812d49-5ffa-40fa-af74-4844ed6d63fc | Context admin_cleanup@openstack setup() finished in 0.01 msec
2019-06-15 01:54:30.044 22705 RALLYDEBUG rally.task.runner [-] Starting the constant runner (task UUID: c4812d49-5ffa-40fa-af74-4844ed6d63fc). timeout: 0 concurrency: 20 concurrency_per_worker: 1 times: 40 concurrency_overhead: 4 processes_to_start: 16 max_cpu_used: 16
2019-06-15 01:54:30.058 27321 RALLYDEBUG rally.task.runner [-] Starting a worker. concurrency: 2 args: {"max_quota": 1024} times: 40 method_name: run timeout: 0 duration: None cls:
2019-06-15 01:54:30.061 27322 RALLYDEBUG rally.task.runner [-] Starting a worker. concurrency: 2 args: {"max_quota": 1024} times: 40 method_name: run timeout: 0 duration: None cls:
2019-06-15 01:54:30.063 27323 RALLYDEBUG rally.task.runner [-] Starting a worker. concurrency: 2 args: {"max_quota": 1024} times: 40 method_name: run timeout: 0 duration: None cls:
2019-06-15 01:54:30.066 27324 RALLYDEBUG rally.task.runner [-] Starting a worker. concurrency: 2 args: {"max_quota": 1024} times: 40 method_name: run timeout: 0 duration: None cls:
2019-06-15 01:54:30.069 27325 RALLYDEBUG rally.task.runner [-] Starting a worker. concurrency: 1 args: {"max_quota": 1024} times: 40 method_name: run timeout: 0 duration: None cls:
2019-06-15 01:54:30.075 27321 INFO rally.task.runner [-] Task c4812d49-5ffa-40fa-af74-4844ed6d63fc | ITER: 1 START
2019-06-15 01:54:30.076 27325 INFO rally.task.runner [-] Task c4812d49-5ffa-40fa-af74-4844ed6d63fc | ITER: 7 START
2019-06-15 01:54:30.076 27324 INFO rally.task.runner [-] Task c4812d49-5ffa-40fa-af74-4844ed6d63fc | ITER: 5 START
2019-06-15 01:54:30.076 27327 RALLYDEBUG rally.task.runner [-] Starting a worker. concurrency: 1 args: {"max_quota": 1024} times: 40 method_name: run timeout: 0 duration: None cls:
2019-06-15 01:54:30.077 27323 INFO rally.task.runner [-] Task c4812d49-5ffa-40fa-af74-4844ed6d63fc | ITER: 3 START
2019-06-15 01:54:30.081 27322 INFO rally.task.runner [-] Task c4812d49-5ffa-40fa-af74-4844ed6d63fc | ITER: 2 START
2019-06-15 01:54:30.075 27321 INFO rally.task.runner [-] Task c4812d49-5ffa-40fa-af74-4844ed6d63fc | ITER: 4 START
2019-06-15 01:54:30.085 27333 RALLYDEBUG rally.task.runner [-] Starting a worker. concurrency: 1 args: {"max_quota": 1024} times: 40 method_name: run timeout: 0 duration: None cls:
2019-06-15 01:54:30.083 27322 INFO rally.task.runner [-] Task c4812d49-5ffa-40fa-af74-4844ed6d63fc | ITER: 6 START
2019-06-15 01:54:30.089 27323 INFO rally.task.runner [-] Task c4812d49-5ffa-40fa-af74-4844ed6d63fc | ITER: 8 START
2019-06-15 01:54:30.089 27341 RALLYDEBUG rally.task.runner [-] Starting a worker. concurrency: 1 args: {"max_quota": 1024} times: 40 method_name: run timeout: 0 duration: None cls:
2019-06-15 01:54:30.089 27342 RALLYDEBUG rally.task.runner [-] Starting a worker. concurrency: 1 args: {"max_quota": 1024} times: 40 method_name: run timeout: 0 duration: None cls:
2019-06-15 01:54:30.090 27327 INFO rally.task.runner [-] Task c4812d49-5ffa-40fa-af74-4844ed6d63fc | ITER: 10 START
2019-06-15 01:54:30.090 27339 RALLYDEBUG rally.task.runner [-] Starting a worker. concurrency: 1 args: {"max_quota": 1024} times: 40 method_name: run timeout: 0 duration: None cls:
2019-06-15 01:54:30.095 27333 INFO rally.task.runner [-] Task c4812d49-5ffa-40fa-af74-4844ed6d63fc | ITER: 11 START
2019-06-15 01:54:30.095 27324 INFO rally.task.runner [-] Task c4812d49-5ffa-40fa-af74-4844ed6d63fc | ITER: 9 START
2019-06-15 01:54:30.095 27344 RALLYDEBUG rally.task.runner [-] Starting a worker. concurrency: 1 args: {"max_quota": 1024} times: 40 method_name: run timeout: 0 duration: None cls:
2019-06-15 01:54:30.098 27342 INFO rally.task.runner [-] Task c4812d49-5ffa-40fa-af74-4844ed6d63fc | ITER: 12 START
2019-06-15 01:54:30.100 27341 INFO rally.task.runner [-] Task c4812d49-5ffa-40fa-af74-4844ed6d63fc | ITER: 13 START
2019-06-15 01:54:30.101 27344 INFO rally.task.runner [-] Task c4812d49-5ffa-40fa-af74-4844ed6d63fc | ITER: 15 START
2019-06-15 01:54:30.102 27339 INFO rally.task.runner [-] Task c4812d49-5ffa-40fa-af74-4844ed6d63fc | ITER: 14 START
2019-06-15 01:54:30.101 27349 RALLYDEBUG rally.task.runner [-] Starting a worker. concurrency: 1 args: {"max_quota": 1024} times: 40 method_name: run timeout: 0 duration: None cls:
2019-06-15 01:54:30.109 27359 RALLYDEBUG rally.task.runner [-] Starting a worker. concurrency: 1 args: {"max_quota": 1024} times: 40 method_name: run timeout: 0 duration: None cls:
2019-06-15 01:54:30.114 27349 INFO rally.task.runner [-] Task c4812d49-5ffa-40fa-af74-4844ed6d63fc | ITER: 16 START
2019-06-15 01:54:30.117 27360 RALLYDEBUG rally.task.runner [-] Starting a worker. concurrency: 1 args: {"max_quota": 1024} times: 40 method_name: run timeout: 0 duration: None cls:
2019-06-15 01:54:30.119 27359 INFO rally.task.runner [-] Task c4812d49-5ffa-40fa-af74-4844ed6d63fc | ITER: 17 START
2019-06-15 01:54:30.123 27363 RALLYDEBUG rally.task.runner [-] Starting a worker. concurrency: 1 args: {"max_quota": 1024} times: 40 method_name: run timeout: 0 duration: None cls:
2019-06-15 01:54:30.126 27366 RALLYDEBUG rally.task.runner [-] Starting a worker. concurrency: 1 args: {"max_quota": 1024} times: 40 method_name: run timeout: 0 duration: None cls:
2019-06-15 01:54:30.128 27360 INFO rally.task.runner [-] Task c4812d49-5ffa-40fa-af74-4844ed6d63fc | ITER: 18 START
2019-06-15 01:54:30.132 27366 INFO rally.task.runner [-] Task c4812d49-5ffa-40fa-af74-4844ed6d63fc | ITER: 20 START
2019-06-15 01:54:30.133 27363 INFO rally.task.runner [-] Task c4812d49-5ffa-40fa-af74-4844ed6d63fc | ITER: 19 START
2019-06-15 01:54:31.881 27324 INFO rally.task.runner [-] Task c4812d49-5ffa-40fa-af74-4844ed6d63fc | ITER: 9 END: OK
2019-06-15 01:54:31.888 27324 INFO rally.task.runner [-] Task c4812d49-5ffa-40fa-af74-4844ed6d63fc | ITER: 21 START
2019-06-15 01:54:32.084 27342 INFO rally.task.runner [-] Task c4812d49-5ffa-40fa-af74-4844ed6d63fc | ITER: 12 END: OK
2019-06-15 01:54:32.091 27342 INFO rally.task.runner [-] Task c4812d49-5ffa-40fa-af74-4844ed6d63fc | ITER: 22 START
2019-06-15 01:54:32.224 27344 INFO rally.task.runner [-] Task c4812d49-5ffa-40fa-af74-4844ed6d63fc | ITER: 15 END: OK
2019-06-15 01:54:32.230 27344 INFO rally.task.runner [-] Task c4812d49-5ffa-40fa-af74-4844ed6d63fc | ITER: 23 START
2019-06-15 01:54:32.474 27321 INFO rally.task.runner [-] Task c4812d49-5ffa-40fa-af74-4844ed6d63fc | ITER: 4 END: OK
2019-06-15 01:54:32.481 27321 INFO rally.task.runner [-] Task c4812d49-5ffa-40fa-af74-4844ed6d63fc | ITER: 24 START
2019-06-15 01:54:32.606 27363 INFO rally.task.runner [-] Task c4812d49-5ffa-40fa-af74-4844ed6d63fc | ITER: 19 END: OK
2019-06-15 01:54:32.612 27363 INFO rally.task.runner [-] Task c4812d49-5ffa-40fa-af74-4844ed6d63fc | ITER: 25 START
2019-06-15 01:54:32.634 27327 INFO rally.task.runner [-] Task c4812d49-5ffa-40fa-af74-4844ed6d63fc | ITER: 10 END: OK
2019-06-15 01:54:32.640 27327 INFO rally.task.runner [-] Task c4812d49-5ffa-40fa-af74-4844ed6d63fc | ITER: 26 START
2019-06-15 01:54:32.719 27359 INFO rally.task.runner [-] Task c4812d49-5ffa-40fa-af74-4844ed6d63fc | ITER: 17 END: OK
2019-06-15 01:54:32.727 27359 INFO rally.task.runner [-] Task c4812d49-5ffa-40fa-af74-4844ed6d63fc | ITER: 27 START
2019-06-15 01:54:32.743 27325 INFO rally.task.runner [-] Task c4812d49-5ffa-40fa-af74-4844ed6d63fc | ITER: 7 END: OK
2019-06-15 01:54:32.747 27325 INFO rally.task.runner [-] Task c4812d49-5ffa-40fa-af74-4844ed6d63fc | ITER: 28 START
2019-06-15 01:54:32.777 27333 INFO rally.task.runner [-] Task c4812d49-5ffa-40fa-af74-4844ed6d63fc | ITER: 11 END: OK
2019-06-15 01:54:32.782 27333 INFO rally.task.runner [-] Task c4812d49-5ffa-40fa-af74-4844ed6d63fc | ITER: 29 START
2019-06-15 01:54:32.820 27339 INFO rally.task.runner [-] Task c4812d49-5ffa-40fa-af74-4844ed6d63fc | ITER: 14 END: OK
2019-06-15 01:54:32.828 27339 INFO rally.task.runner [-] Task c4812d49-5ffa-40fa-af74-4844ed6d63fc | ITER: 30 START
2019-06-15 01:54:32.879 27322 INFO rally.task.runner [-] Task c4812d49-5ffa-40fa-af74-4844ed6d63fc | ITER: 6 END: OK
2019-06-15 01:54:32.884 27322 INFO rally.task.runner [-] Task c4812d49-5ffa-40fa-af74-4844ed6d63fc | ITER: 31 START
2019-06-15 01:54:32.893 27323 INFO rally.task.runner [-] Task c4812d49-5ffa-40fa-af74-4844ed6d63fc | ITER: 3 END: OK
2019-06-15 01:54:32.899 27323 INFO rally.task.runner [-] Task c4812d49-5ffa-40fa-af74-4844ed6d63fc | ITER: 32 START
2019-06-15 01:54:32.948 27366 INFO rally.task.runner [-] Task c4812d49-5ffa-40fa-af74-4844ed6d63fc | ITER: 20 END: OK
2019-06-15 01:54:32.952 27366 INFO rally.task.runner [-] Task c4812d49-5ffa-40fa-af74-4844ed6d63fc | ITER: 33 START
2019-06-15 01:54:32.985 27349 INFO rally.task.runner [-] Task c4812d49-5ffa-40fa-af74-4844ed6d63fc | ITER: 16 END: OK
2019-06-15 01:54:32.991 27349 INFO rally.task.runner [-] Task c4812d49-5ffa-40fa-af74-4844ed6d63fc | ITER: 34 START
2019-06-15 01:54:33.000 27360 INFO rally.task.runner [-] Task c4812d49-5ffa-40fa-af74-4844ed6d63fc | ITER: 18 END: OK
2019-06-15 01:54:33.004 27360 INFO rally.task.runner [-] Task c4812d49-5ffa-40fa-af74-4844ed6d63fc | ITER: 35 START
2019-06-15 01:54:33.016 27324 INFO rally.task.runner [-] Task c4812d49-5ffa-40fa-af74-4844ed6d63fc | ITER: 5 END: OK
2019-06-15 01:54:33.021 27324 INFO rally.task.runner [-] Task c4812d49-5ffa-40fa-af74-4844ed6d63fc | ITER: 36 START
2019-06-15 01:54:33.039 27341 INFO rally.task.runner [-] Task c4812d49-5ffa-40fa-af74-4844ed6d63fc | ITER: 13 END: OK
2019-06-15 01:54:33.044 27341 INFO rally.task.runner [-] Task c4812d49-5ffa-40fa-af74-4844ed6d63fc | ITER: 37 START
2019-06-15 01:54:33.051 27322 INFO rally.task.runner [-] Task c4812d49-5ffa-40fa-af74-4844ed6d63fc | ITER: 2 END: OK
2019-06-15 01:54:33.057 27322 INFO rally.task.runner [-] Task c4812d49-5ffa-40fa-af74-4844ed6d63fc | ITER: 38 START
2019-06-15 01:54:33.083 27321 INFO rally.task.runner [-] Task c4812d49-5ffa-40fa-af74-4844ed6d63fc | ITER: 1 END: OK
2019-06-15 01:54:33.087 27321 INFO rally.task.runner [-] Task c4812d49-5ffa-40fa-af74-4844ed6d63fc | ITER: 39 START
2019-06-15 01:54:33.121 27323 INFO rally.task.runner [-] Task c4812d49-5ffa-40fa-af74-4844ed6d63fc | ITER: 8 END: OK
2019-06-15 01:54:33.127 27323 INFO rally.task.runner [-] Task c4812d49-5ffa-40fa-af74-4844ed6d63fc | ITER: 40 START
2019-06-15 01:54:33.323 27324 INFO rally.task.runner [-] Task c4812d49-5ffa-40fa-af74-4844ed6d63fc | ITER: 21 END: OK
2019-06-15 01:54:33.333 27342 INFO rally.task.runner [-] Task c4812d49-5ffa-40fa-af74-4844ed6d63fc | ITER: 22 END: OK
2019-06-15 01:54:33.390 27344 INFO rally.task.runner [-] Task c4812d49-5ffa-40fa-af74-4844ed6d63fc | ITER: 23 END: OK
2019-06-15 01:54:33.574 27321 INFO rally.task.runner [-] Task c4812d49-5ffa-40fa-af74-4844ed6d63fc | ITER: 24 END: OK
2019-06-15 01:54:33.971 27363 INFO rally.task.runner [-] Task c4812d49-5ffa-40fa-af74-4844ed6d63fc | ITER: 25 END: OK
2019-06-15 01:54:34.732 27359 INFO rally.task.runner [-] Task c4812d49-5ffa-40fa-af74-4844ed6d63fc | ITER: 27 END: OK
2019-06-15 01:54:34.768 27327 INFO rally.task.runner [-] Task c4812d49-5ffa-40fa-af74-4844ed6d63fc | ITER: 26 END: OK
2019-06-15 01:54:34.838 27333 INFO rally.task.runner [-] Task c4812d49-5ffa-40fa-af74-4844ed6d63fc | ITER: 29 END: OK
2019-06-15 01:54:35.001 27339 INFO rally.task.runner [-] Task c4812d49-5ffa-40fa-af74-4844ed6d63fc | ITER: 30 END: OK
2019-06-15 01:54:35.048 27325 INFO rally.task.runner [-] Task c4812d49-5ffa-40fa-af74-4844ed6d63fc | ITER: 28 END: OK
2019-06-15 01:54:35.078 27323 INFO rally.task.runner [-] Task c4812d49-5ffa-40fa-af74-4844ed6d63fc | ITER: 32 END: OK
2019-06-15 01:54:35.102 27322 INFO rally.task.runner [-] Task c4812d49-5ffa-40fa-af74-4844ed6d63fc | ITER: 31 END: OK
2019-06-15 01:54:35.198 27360 INFO rally.task.runner [-] Task c4812d49-5ffa-40fa-af74-4844ed6d63fc | ITER: 35 END: OK
2019-06-15 01:54:35.217 27324 INFO rally.task.runner [-] Task c4812d49-5ffa-40fa-af74-4844ed6d63fc | ITER: 36 END: OK
2019-06-15 01:54:35.313 27349 INFO rally.task.runner [-] Task c4812d49-5ffa-40fa-af74-4844ed6d63fc | ITER: 34 END: OK
2019-06-15 01:54:35.372 27366 INFO rally.task.runner [-] Task c4812d49-5ffa-40fa-af74-4844ed6d63fc | ITER: 33 END: OK
2019-06-15 01:54:35.378 27321 INFO rally.task.runner [-] Task c4812d49-5ffa-40fa-af74-4844ed6d63fc | ITER: 39 END: OK
2019-06-15 01:54:35.401 27322 INFO rally.task.runner [-] Task c4812d49-5ffa-40fa-af74-4844ed6d63fc | ITER: 38 END: OK
2019-06-15 01:54:35.420 27341 INFO rally.task.runner [-] Task c4812d49-5ffa-40fa-af74-4844ed6d63fc | ITER: 37 END: OK
2019-06-15 01:54:35.431 27323 INFO rally.task.runner [-] Task c4812d49-5ffa-40fa-af74-4844ed6d63fc | ITER: 40 END: OK
2019-06-15 01:54:35.453 22705 INFO rally.task.context [-] Task c4812d49-5ffa-40fa-af74-4844ed6d63fc | Context admin_cleanup@openstack cleanup() started
2019-06-15 01:54:35.455 22705 RALLYDEBUG rally_openstack.cleanup.manager [-] Cleaning up neutron quota objects
2019-06-15 01:54:40.330 22705 INFO rally.task.context [-] Task c4812d49-5ffa-40fa-af74-4844ed6d63fc | Context admin_cleanup@openstack cleanup() finished in 4.88 sec
2019-06-15 01:54:40.331 22705 INFO rally.task.context [-] Task c4812d49-5ffa-40fa-af74-4844ed6d63fc | Context users@openstack cleanup() started
2019-06-15 01:55:13.307 22705 INFO rally.task.context [-] Task c4812d49-5ffa-40fa-af74-4844ed6d63fc | Context users@openstack cleanup() finished in 32.98 sec
2019-06-15 01:55:13.658 22705 INFO rally.task.engine [-] Load duration is: 5.353827
2019-06-15 01:55:13.659 22705 INFO rally.task.engine [-] Full runner duration is: 5.408358
2019-06-15 01:55:13.659 22705 INFO rally.task.engine [-] Full duration is: 49.876429
2019-06-15 01:55:13.950 22705 INFO rally.task.engine [-] Running workload: position = 0 config = { "version": 2, "title": "A cropped version of a bigger task.", "description": "Auto-generated task from a single workload (uuid=8e7e9f11-f9f5-41db-857b-5fbe4d17b95b)", "subtasks": [ { "title": "NeutronTrunks.create_and_list_trunk_subports", "description": "", "scenario": { "NeutronTrunks.create_and_list_trunk_subports": { "subport_count": 125 } }, "contexts": { "users": { "tenants": 1, "users_per_tenant": 1 }, "quotas": { "neutron": { "network": -1, "port": 1000 } } }, "runner": { "constant": { "times": 4, "concurrency": 4 } }, "hooks": [], "sla": { "failure_rate": { "max": 0 } } } ] }
2019-06-15 01:55:13.970 22705 RALLYDEBUG rally_openstack.contexts.keystone.users [-] Creating 1 tenants using 20 threads
2019-06-15 01:55:15.842 22705 RALLYDEBUG rally_openstack.contexts.keystone.users [-] Creating 1 users using 20 threads
2019-06-15 01:55:18.475 22705 INFO rally.task.context [-] Task c4812d49-5ffa-40fa-af74-4844ed6d63fc | Context users@openstack setup() finished in 4.50 sec
2019-06-15 01:55:19.257 22705 INFO rally.task.context [-] Task c4812d49-5ffa-40fa-af74-4844ed6d63fc | Context quotas@openstack setup() finished in 0.78 sec
2019-06-15 01:55:19.257 22705 INFO rally.task.context [-] Task c4812d49-5ffa-40fa-af74-4844ed6d63fc | Context cleanup@openstack setup() finished in 0.01 msec
2019-06-15 01:55:19.264 22705 RALLYDEBUG rally.task.runner [-] Starting the constant runner (task UUID: c4812d49-5ffa-40fa-af74-4844ed6d63fc). timeout: 0 concurrency: 4 concurrency_per_worker: 1 times: 4 concurrency_overhead: 0 processes_to_start: 4 max_cpu_used: 16
2019-06-15 01:55:19.277 27511 RALLYDEBUG rally.task.runner [-] Starting a worker. concurrency: 1 args: {"subport_count": 125} times: 4 method_name: run timeout: 0 duration: None cls:
2019-06-15 01:55:19.280 27512 RALLYDEBUG rally.task.runner [-] Starting a worker. concurrency: 1 args: {"subport_count": 125} times: 4 method_name: run timeout: 0 duration: None cls:
2019-06-15 01:55:19.283 27511 INFO rally.task.runner [-] Task c4812d49-5ffa-40fa-af74-4844ed6d63fc | ITER: 1 START
2019-06-15 01:55:19.283 27513 RALLYDEBUG rally.task.runner [-] Starting a worker. concurrency: 1 args: {"subport_count": 125} times: 4 method_name: run timeout: 0 duration: None cls:
2019-06-15 01:55:19.285 27512 INFO rally.task.runner [-] Task c4812d49-5ffa-40fa-af74-4844ed6d63fc | ITER: 2 START
2019-06-15 01:55:19.285 27514 RALLYDEBUG rally.task.runner [-] Starting a worker. concurrency: 1 args: {"subport_count": 125} times: 4 method_name: run timeout: 0 duration: None cls:
2019-06-15 01:55:19.288 27513 INFO rally.task.runner [-] Task c4812d49-5ffa-40fa-af74-4844ed6d63fc | ITER: 3 START
2019-06-15 01:55:19.289 27514 INFO rally.task.runner [-] Task c4812d49-5ffa-40fa-af74-4844ed6d63fc | ITER: 4 START
2019-06-15 02:00:02.885 27512 DEBUG neutronclient.v2_0.client [-] Error message:

504 Gateway Time-out

The server didn't respond in time. _handle_fault_response /usr/lib/python2.7/site-packages/neutronclient/v2_0/client.py:259
2019-06-15 02:00:02.895 27512 ERROR rally.task.runner [-] Iteration 2 raised Exception: NeutronClientException:

504 Gateway Time-out

The server didn't respond in time.
2019-06-15 02:00:02.895 27512 ERROR rally.task.runner
Traceback (most recent call last):
2019-06-15 02:00:02.895 27512 ERROR rally.task.runner
File "/usr/lib/python2.7/site-packages/rally/task/runner.py", line 71, in _run_scenario_once
2019-06-15 02:00:02.895 27512 ERROR rally.task.runner getattr(scenario_inst, method_name)(**scenario_kwargs)
2019-06-15 02:00:02.895 27512 ERROR rally.task.runner
File "/root/.rally/plugins/trunk_scenario.py", line 41, in run
2019-06-15 02:00:02.895 27512 ERROR rally.task.runner trunk = self._create_trunk(trunk_payload)
2019-06-15 02:00:02.895 27512 ERROR rally.task.runner
File "/usr/lib/python2.7/site-packages/rally/task/atomic.py", line 91, in func_atomic_actions
2019-06-15 02:00:02.895 27512 ERROR rally.task.runner f = func(self, *args, **kwargs)
2019-06-15 02:00:02.895 27512 ERROR rally.task.runner
File "/root/.rally/plugins/trunk_scenario.py", line 53, in _create_trunk
2019-06-15 02:00:02.895 27512 ERROR rally.task.runner return self.clients("neutron").create_trunk({'trunk': trunk_payload})
2019-06-15 02:00:02.895 27512 ERROR rally.task.runner
File "/usr/lib/python2.7/site-packages/neutronclient/v2_0/client.py", line 2091, in create_trunk
2019-06-15 02:00:02.895 27512 ERROR rally.task.runner return self.post(self.trunks_path, body=body)
2019-06-15 02:00:02.895 27512 ERROR rally.task.runner
File "/usr/lib/python2.7/site-packages/neutronclient/v2_0/client.py", line 359, in post
2019-06-15 02:00:02.895 27512 ERROR rally.task.runner headers=headers, params=params)
2019-06-15 02:00:02.895 27512 ERROR rally.task.runner
File "/usr/lib/python2.7/site-packages/neutronclient/v2_0/client.py", line 294, in do_request
2019-06-15 02:00:02.895 27512 ERROR rally.task.runner self._handle_fault_response(status_code, replybody, resp)
2019-06-15 02:00:02.895 27512 ERROR rally.task.runner
File "/usr/lib/python2.7/site-packages/neutronclient/v2_0/client.py", line 269, in _handle_fault_response
2019-06-15 02:00:02.895 27512 ERROR rally.task.runner exception_handler_v20(status_code, error_body)
2019-06-15 02:00:02.895 27512 ERROR rally.task.runner
File "/usr/lib/python2.7/site-packages/neutronclient/v2_0/client.py", line 93, in exception_handler_v20
2019-06-15 02:00:02.895 27512 ERROR rally.task.runner request_ids=request_ids)
2019-06-15 02:00:02.895 27512 ERROR rally.task.runner NeutronClientException:

504 Gateway Time-out

2019-06-15 02:00:02.895 27512 ERROR rally.task.runner The server didn't respond in time.
2019-06-15 02:00:02.895 27512 ERROR rally.task.runner
2019-06-15 02:00:02.895 27512 ERROR rally.task.runner
2019-06-15 02:00:02.895 27512 ERROR rally.task.runner
2019-06-15 02:00:02.896 27512 INFO rally.task.runner [-] Task c4812d49-5ffa-40fa-af74-4844ed6d63fc | ITER: 2 END: Error NeutronClientException:

504 Gateway Time-out

The server didn't respond in time.
2019-06-15 02:00:03.629 27511 DEBUG neutronclient.v2_0.client [-] Error message:

504 Gateway Time-out

The server didn't respond in time. _handle_fault_response /usr/lib/python2.7/site-packages/neutronclient/v2_0/client.py:259
2019-06-15 02:00:03.636 27511 ERROR rally.task.runner [-] Iteration 1 raised Exception: NeutronClientException:

504 Gateway Time-out

The server didn't respond in time.
2019-06-15 02:00:03.636 27511 ERROR rally.task.runner
Traceback (most recent call last):
2019-06-15 02:00:03.636 27511 ERROR rally.task.runner
File "/usr/lib/python2.7/site-packages/rally/task/runner.py", line 71, in _run_scenario_once
2019-06-15 02:00:03.636 27511 ERROR rally.task.runner getattr(scenario_inst, method_name)(**scenario_kwargs)
2019-06-15 02:00:03.636 27511 ERROR rally.task.runner
File "/root/.rally/plugins/trunk_scenario.py", line 41, in run
2019-06-15 02:00:03.636 27511 ERROR rally.task.runner trunk = self._create_trunk(trunk_payload)
2019-06-15 02:00:03.636 27511 ERROR rally.task.runner
File "/usr/lib/python2.7/site-packages/rally/task/atomic.py", line 91, in func_atomic_actions
2019-06-15 02:00:03.636 27511 ERROR rally.task.runner f = func(self, *args, **kwargs)
2019-06-15 02:00:03.636 27511 ERROR rally.task.runner
File "/root/.rally/plugins/trunk_scenario.py", line 53, in _create_trunk
2019-06-15 02:00:03.636 27511 ERROR rally.task.runner return self.clients("neutron").create_trunk({'trunk': trunk_payload})
2019-06-15 02:00:03.636 27511 ERROR rally.task.runner
File "/usr/lib/python2.7/site-packages/neutronclient/v2_0/client.py", line 2091, in create_trunk
2019-06-15 02:00:03.636 27511 ERROR rally.task.runner return self.post(self.trunks_path, body=body)
2019-06-15 02:00:03.636 27511 ERROR rally.task.runner
File "/usr/lib/python2.7/site-packages/neutronclient/v2_0/client.py", line 359, in post
2019-06-15 02:00:03.636 27511 ERROR rally.task.runner headers=headers, params=params)
2019-06-15 02:00:03.636 27511 ERROR rally.task.runner
File "/usr/lib/python2.7/site-packages/neutronclient/v2_0/client.py", line 294, in do_request
2019-06-15 02:00:03.636 27511 ERROR rally.task.runner self._handle_fault_response(status_code, replybody, resp)
2019-06-15 02:00:03.636 27511 ERROR rally.task.runner
File "/usr/lib/python2.7/site-packages/neutronclient/v2_0/client.py", line 269, in _handle_fault_response
2019-06-15 02:00:03.636 27511 ERROR rally.task.runner exception_handler_v20(status_code, error_body)
2019-06-15 02:00:03.636 27511 ERROR rally.task.runner
File "/usr/lib/python2.7/site-packages/neutronclient/v2_0/client.py", line 93, in exception_handler_v20
2019-06-15 02:00:03.636 27511 ERROR rally.task.runner request_ids=request_ids)
2019-06-15 02:00:03.636 27511 ERROR rally.task.runner NeutronClientException:

504 Gateway Time-out

2019-06-15 02:00:03.636 27511 ERROR rally.task.runner The server didn't respond in time.
2019-06-15 02:00:03.636 27511 ERROR rally.task.runner
2019-06-15 02:00:03.636 27511 ERROR rally.task.runner
2019-06-15 02:00:03.636 27511 ERROR rally.task.runner
2019-06-15 02:00:03.638 27511 INFO rally.task.runner [-] Task c4812d49-5ffa-40fa-af74-4844ed6d63fc | ITER: 1 END: Error NeutronClientException:

504 Gateway Time-out

The server didn't respond in time.
2019-06-15 02:00:08.755 27514 DEBUG neutronclient.v2_0.client [-] Error message:

504 Gateway Time-out

The server didn't respond in time. _handle_fault_response /usr/lib/python2.7/site-packages/neutronclient/v2_0/client.py:259
2019-06-15 02:00:08.763 27514 ERROR rally.task.runner [-] Iteration 4 raised Exception: NeutronClientException:

504 Gateway Time-out

The server didn't respond in time.
2019-06-15 02:00:08.763 27514 ERROR rally.task.runner
Traceback (most recent call last):
2019-06-15 02:00:08.763 27514 ERROR rally.task.runner
File "/usr/lib/python2.7/site-packages/rally/task/runner.py", line 71, in _run_scenario_once
2019-06-15 02:00:08.763 27514 ERROR rally.task.runner getattr(scenario_inst, method_name)(**scenario_kwargs)
2019-06-15 02:00:08.763 27514 ERROR rally.task.runner
File "/root/.rally/plugins/trunk_scenario.py", line 41, in run
2019-06-15 02:00:08.763 27514 ERROR rally.task.runner trunk = self._create_trunk(trunk_payload)
2019-06-15 02:00:08.763 27514 ERROR rally.task.runner
File "/usr/lib/python2.7/site-packages/rally/task/atomic.py", line 91, in func_atomic_actions
2019-06-15 02:00:08.763 27514 ERROR rally.task.runner f = func(self, *args, **kwargs)
2019-06-15 02:00:08.763 27514 ERROR rally.task.runner
File "/root/.rally/plugins/trunk_scenario.py", line 53, in _create_trunk
2019-06-15 02:00:08.763 27514 ERROR rally.task.runner return self.clients("neutron").create_trunk({'trunk': trunk_payload})
2019-06-15 02:00:08.763 27514 ERROR rally.task.runner
File "/usr/lib/python2.7/site-packages/neutronclient/v2_0/client.py", line 2091, in create_trunk
2019-06-15 02:00:08.763 27514 ERROR rally.task.runner return self.post(self.trunks_path, body=body)
2019-06-15 02:00:08.763 27514 ERROR rally.task.runner
File "/usr/lib/python2.7/site-packages/neutronclient/v2_0/client.py", line 359, in post
2019-06-15 02:00:08.763 27514 ERROR rally.task.runner headers=headers, params=params)
2019-06-15 02:00:08.763 27514 ERROR rally.task.runner
File "/usr/lib/python2.7/site-packages/neutronclient/v2_0/client.py", line 294, in do_request
2019-06-15 02:00:08.763 27514 ERROR rally.task.runner self._handle_fault_response(status_code, replybody, resp)
2019-06-15 02:00:08.763 27514 ERROR rally.task.runner
File "/usr/lib/python2.7/site-packages/neutronclient/v2_0/client.py", line 269, in _handle_fault_response
2019-06-15 02:00:08.763 27514 ERROR rally.task.runner exception_handler_v20(status_code, error_body)
2019-06-15 02:00:08.763 27514 ERROR rally.task.runner
File "/usr/lib/python2.7/site-packages/neutronclient/v2_0/client.py", line 93, in exception_handler_v20
2019-06-15 02:00:08.763 27514 ERROR rally.task.runner request_ids=request_ids)
2019-06-15 02:00:08.763 27514 ERROR rally.task.runner NeutronClientException:

504 Gateway Time-out

2019-06-15 02:00:08.763 27514 ERROR rally.task.runner The server didn't respond in time.
2019-06-15 02:00:08.763 27514 ERROR rally.task.runner
2019-06-15 02:00:08.763 27514 ERROR rally.task.runner
2019-06-15 02:00:08.763 27514 ERROR rally.task.runner
2019-06-15 02:00:08.765 27514 INFO rally.task.runner [-] Task c4812d49-5ffa-40fa-af74-4844ed6d63fc | ITER: 4 END: Error NeutronClientException:

504 Gateway Time-out

The server didn't respond in time.
2019-06-15 02:00:09.528 27513 DEBUG neutronclient.v2_0.client [-] Error message:

504 Gateway Time-out

The server didn't respond in time. _handle_fault_response /usr/lib/python2.7/site-packages/neutronclient/v2_0/client.py:259
2019-06-15 02:00:09.535 27513 ERROR rally.task.runner [-] Iteration 3 raised Exception: NeutronClientException:

504 Gateway Time-out

The server didn't respond in time.
2019-06-15 02:00:09.535 27513 ERROR rally.task.runner
Traceback (most recent call last):
2019-06-15 02:00:09.535 27513 ERROR rally.task.runner
File "/usr/lib/python2.7/site-packages/rally/task/runner.py", line 71, in _run_scenario_once
2019-06-15 02:00:09.535 27513 ERROR rally.task.runner getattr(scenario_inst, method_name)(**scenario_kwargs)
2019-06-15 02:00:09.535 27513 ERROR rally.task.runner
File "/root/.rally/plugins/trunk_scenario.py", line 41, in run
2019-06-15 02:00:09.535 27513 ERROR rally.task.runner trunk = self._create_trunk(trunk_payload)
2019-06-15 02:00:09.535 27513 ERROR rally.task.runner
File "/usr/lib/python2.7/site-packages/rally/task/atomic.py", line 91, in func_atomic_actions
2019-06-15 02:00:09.535 27513 ERROR rally.task.runner f = func(self, *args, **kwargs)
2019-06-15 02:00:09.535 27513 ERROR rally.task.runner
File "/root/.rally/plugins/trunk_scenario.py", line 53, in _create_trunk
2019-06-15 02:00:09.535 27513 ERROR rally.task.runner return self.clients("neutron").create_trunk({'trunk': trunk_payload})
2019-06-15 02:00:09.535 27513 ERROR rally.task.runner
File "/usr/lib/python2.7/site-packages/neutronclient/v2_0/client.py", line 2091, in create_trunk
2019-06-15 02:00:09.535 27513 ERROR rally.task.runner return self.post(self.trunks_path, body=body)
2019-06-15 02:00:09.535 27513 ERROR rally.task.runner
File "/usr/lib/python2.7/site-packages/neutronclient/v2_0/client.py", line 359, in post
2019-06-15 02:00:09.535 27513 ERROR rally.task.runner headers=headers, params=params)
2019-06-15 02:00:09.535 27513 ERROR rally.task.runner
File "/usr/lib/python2.7/site-packages/neutronclient/v2_0/client.py", line 294, in do_request
2019-06-15 02:00:09.535 27513 ERROR rally.task.runner self._handle_fault_response(status_code, replybody, resp)
2019-06-15 02:00:09.535 27513 ERROR rally.task.runner
File "/usr/lib/python2.7/site-packages/neutronclient/v2_0/client.py", line 269, in _handle_fault_response
2019-06-15 02:00:09.535 27513 ERROR rally.task.runner exception_handler_v20(status_code, error_body)
2019-06-15 02:00:09.535 27513 ERROR rally.task.runner
File "/usr/lib/python2.7/site-packages/neutronclient/v2_0/client.py", line 93, in exception_handler_v20
2019-06-15 02:00:09.535 27513 ERROR rally.task.runner request_ids=request_ids)
2019-06-15 02:00:09.535 27513 ERROR rally.task.runner NeutronClientException:

504 Gateway Time-out

2019-06-15 02:00:09.535 27513 ERROR rally.task.runner The server didn't respond in time.
2019-06-15 02:00:09.535 27513 ERROR rally.task.runner
2019-06-15 02:00:09.535 27513 ERROR rally.task.runner
2019-06-15 02:00:09.535 27513 ERROR rally.task.runner
2019-06-15 02:00:09.536 27513 INFO rally.task.runner [-] Task c4812d49-5ffa-40fa-af74-4844ed6d63fc | ITER: 3 END: Error NeutronClientException:

504 Gateway Time-out

The server didn't respond in time.
2019-06-15 02:00:09.568 22705 INFO rally.task.context [-] Task c4812d49-5ffa-40fa-af74-4844ed6d63fc | Context cleanup@openstack cleanup() started
2019-06-15 02:00:09.570 22705 RALLYDEBUG rally_openstack.cleanup.manager [-] Cleaning up neutron vip objects
2019-06-15 02:00:10.312 22705 RALLYDEBUG rally_openstack.cleanup.manager [-] Cleaning up neutron health_monitor objects
2019-06-15 02:00:11.633 22705 RALLYDEBUG rally_openstack.cleanup.manager [-] Cleaning up neutron pool objects
2019-06-15 02:00:12.538 22705 RALLYDEBUG rally_openstack.cleanup.manager [-] Cleaning up neutron loadbalancer objects
2019-06-15 02:00:13.250 22705 RALLYDEBUG rally_openstack.cleanup.manager [-] Cleaning up neutron floatingip objects
2019-06-15 02:00:14.033 22705 RALLYDEBUG rally_openstack.cleanup.manager [-] Cleaning up neutron port objects
2019-06-15 02:00:17.127 22705 RALLYDEBUG rally_openstack.cleanup.manager [-] Deleting neutron.port object s_rally_8e7e9f11_UTk2Vdie (01e4b80e-2db9-4b5f-b47a-1418c5cd8a43)
2019-06-15 02:00:17.129 22705 RALLYDEBUG rally_openstack.cleanup.manager [-] Deleting neutron.port object s_rally_8e7e9f11_JMRueDsC (00818fd4-7418-42f9-ba77-0d8de731d7f8)
2019-06-15 02:00:17.135 22705 RALLYDEBUG rally_openstack.cleanup.manager [-] Deleting neutron.port object s_rally_8e7e9f11_mS7lsFpU (01203464-7ed1-4c0c-bf1c-9735c2f447c9)
2019-06-15 02:00:17.142 22705 RALLYDEBUG rally_openstack.cleanup.manager [-] Deleting neutron.port object s_rally_8e7e9f11_a6TSLUSY (00c2a5b8-1cd3-4e5c-84fd-58d2d07275bb)
2019-06-15 02:00:17.148 22705 RALLYDEBUG rally_openstack.cleanup.manager [-] Deleting neutron.port object s_rally_8e7e9f11_8f4rjIuI (036a95f2-1228-4bdf-8da0-328346957792)
2019-06-15 02:00:17.150 22705 RALLYDEBUG rally_openstack.cleanup.manager [-] Deleting neutron.port object s_rally_8e7e9f11_6NyURX7p (021336a7-d97e-4617-9043-1a1431f2c5dc)
2019-06-15 02:00:17.152 22705 RALLYDEBUG rally_openstack.cleanup.manager [-] Deleting neutron.port object s_rally_8e7e9f11_A7E00NmK (03d6fb83-5d75-4ace-9e46-1b05ab3aec47)
2019-06-15 02:00:17.152 22705 RALLYDEBUG rally_openstack.cleanup.manager [-] Deleting neutron.port object s_rally_8e7e9f11_aXi5JDpF (01d0fe4c-e669-4917-8c04-21759530f4e0)
2019-06-15 02:00:17.158 22705 RALLYDEBUG rally_openstack.cleanup.manager [-] Deleting neutron.port object s_rally_8e7e9f11_onfk6gFr (05300a7d-e975-49c4-a4f9-f6e614822fe6)
2019-06-15 02:00:17.160 22705 RALLYDEBUG rally_openstack.cleanup.manager [-] Deleting neutron.port object s_rally_8e7e9f11_ueZGqFSY (03d2fba7-a5f9-4330-9ae6-0f216af6093c)
2019-06-15 02:00:17.167 22705 RALLYDEBUG rally_openstack.cleanup.manager [-] Deleting neutron.port object s_rally_8e7e9f11_3EbtdpVL (00674dc6-7536-4dd9-8a02-880389bcd92a)
2019-06-15 02:00:17.169 22705 RALLYDEBUG rally_openstack.cleanup.manager [-] Deleting neutron.port object s_rally_8e7e9f11_w2FkRCxp (05d4d1fc-1a41-4ed3-a4a3-e7e2c680f6d6)
2019-06-15 02:00:17.188 22705 RALLYDEBUG rally_openstack.cleanup.manager [-] Deleting neutron.port object s_rally_8e7e9f11_ZFtI7dWs (069e38af-3c15-4c6e-8654-d5037a49cc9d)
2019-06-15 02:00:17.194 22705 RALLYDEBUG rally_openstack.cleanup.manager [-] Deleting neutron.port object s_rally_8e7e9f11_kw9X5naJ (041e704b-7b7f-47b3-8350-e6dca81fd97e)
2019-06-15 02:00:17.205 22705 RALLYDEBUG rally_openstack.cleanup.manager [-] Deleting neutron.port object s_rally_8e7e9f11_azJfQQeH (01322be2-4fb7-4fc4-adc2-1347fa063c31)
2019-06-15 02:00:17.208 22705 RALLYDEBUG rally_openstack.cleanup.manager [-] Deleting neutron.port object s_rally_8e7e9f11_IGcH9kJN (0701ee5b-5c00-4265-9da2-6e6b5c2513de)
2019-06-15 02:00:17.216 22705 RALLYDEBUG rally_openstack.cleanup.manager [-] Deleting neutron.port object s_rally_8e7e9f11_OwGmMkHg (06f75be2-4ac6-437f-8a72-c05cfb808505)
2019-06-15 02:00:17.223 22705 RALLYDEBUG rally_openstack.cleanup.manager [-] Deleting neutron.port object s_rally_8e7e9f11_uDqWkbOo (097e9f48-7662-44a7-a2a2-7d6ac5ddf657)
2019-06-15 02:00:17.268 22705 RALLYDEBUG rally_openstack.cleanup.manager [-] Deleting neutron.port object s_rally_8e7e9f11_SXVjtSRy (0a5e802e-8eea-4cb0-bc79-413e25e21e76)
2019-06-15 02:00:17.269 22705 RALLYDEBUG rally_openstack.cleanup.manager [-] Deleting neutron.port object s_rally_8e7e9f11_usLrakmd (0a9c81f6-bd7c-43ff-baf5-fd92bb05f821)
2019-06-15 02:00:18.167 22705 DEBUG neutronclient.v2_0.client [-] Error message: {"NeutronError": {"message": "Port 01e4b80e-2db9-4b5f-b47a-1418c5cd8a43 is currently a subport for trunk dd250db5-40f8-40f4-a7e3-24d300b1af33.", "type": "PortInUseAsSubPort", "detail": ""}} _handle_fault_response /usr/lib/python2.7/site-packages/neutronclient/v2_0/client.py:259
2019-06-15 02:00:18.287 22705 DEBUG neutronclient.v2_0.client [-] Error message: {"NeutronError": {"message": "Port 00818fd4-7418-42f9-ba77-0d8de731d7f8 is currently a subport for trunk 3aacf0c4-a5f1-4976-b891-2bce1ff85e93.", "type": "PortInUseAsSubPort", "detail": ""}} _handle_fault_response /usr/lib/python2.7/site-packages/neutronclient/v2_0/client.py:259
2019-06-15 02:00:18.332 22705 DEBUG neutronclient.v2_0.client [-] Error message: {"NeutronError": {"message": "Port 021336a7-d97e-4617-9043-1a1431f2c5dc is currently a subport for trunk f3937947-6be8-425b-98f1-94c4d2b9a501.", "type": "PortInUseAsSubPort", "detail": ""}} _handle_fault_response /usr/lib/python2.7/site-packages/neutronclient/v2_0/client.py:259
2019-06-15 02:00:18.345 22705 DEBUG neutronclient.v2_0.client [-] Error message: {"NeutronError": {"message": "Port 03d6fb83-5d75-4ace-9e46-1b05ab3aec47 is currently a subport for trunk f3937947-6be8-425b-98f1-94c4d2b9a501.", "type": "PortInUseAsSubPort", "detail": ""}} _handle_fault_response /usr/lib/python2.7/site-packages/neutronclient/v2_0/client.py:259
2019-06-15 02:00:18.359 22705 DEBUG neutronclient.v2_0.client [-] Error message: {"NeutronError": {"message": "Port 041e704b-7b7f-47b3-8350-e6dca81fd97e is currently a subport for trunk 3aacf0c4-a5f1-4976-b891-2bce1ff85e93.", "type": "PortInUseAsSubPort", "detail": ""}} _handle_fault_response /usr/lib/python2.7/site-packages/neutronclient/v2_0/client.py:259
2019-06-15 02:00:18.377 22705 DEBUG neutronclient.v2_0.client [-] Error message: {"NeutronError": {"message": "Port 00818fd4-7418-42f9-ba77-0d8de731d7f8 is currently a subport for trunk 3aacf0c4-a5f1-4976-b891-2bce1ff85e93.", "type": "PortInUseAsSubPort", "detail": ""}} _handle_fault_response /usr/lib/python2.7/site-packages/neutronclient/v2_0/client.py:259
2019-06-15 02:00:18.401 22705 DEBUG neutronclient.v2_0.client [-] Error message: {"NeutronError": {"message": "Port 01d0fe4c-e669-4917-8c04-21759530f4e0 is currently a subport for trunk 3aacf0c4-a5f1-4976-b891-2bce1ff85e93.", "type": "PortInUseAsSubPort", "detail": ""}} _handle_fault_response /usr/lib/python2.7/site-packages/neutronclient/v2_0/client.py:259
2019-06-15 02:00:18.403 22705 DEBUG neutronclient.v2_0.client [-] Error message: {"NeutronError": {"message": "Port 00674dc6-7536-4dd9-8a02-880389bcd92a is currently a subport for trunk 9f960383-9959-478f-8ce8-91ca2b136ecf.", "type": "PortInUseAsSubPort", "detail": ""}} _handle_fault_response /usr/lib/python2.7/site-packages/neutronclient/v2_0/client.py:259
