2019-06-15 01:34:52.076 22696 RALLYDEBUG rally.api [-] INFO logs from urllib3 and requests module are hide.
2019-06-15 01:34:52.077 22696 RALLYDEBUG rally.api [-] urllib3 insecure warnings are hidden.
2019-06-15 01:34:52.077 22696 RALLYDEBUG rally.api [-] ERROR log from boto module is hide.
2019-06-15 01:34:54.337 22698 RALLYDEBUG rally.api [-] INFO logs from urllib3 and requests module are hide.
2019-06-15 01:34:54.337 22698 RALLYDEBUG rally.api [-] urllib3 insecure warnings are hidden.
2019-06-15 01:34:54.338 22698 RALLYDEBUG rally.api [-] ERROR log from boto module is hide.
2019-06-15 01:34:55.642 22698 WARNING rally_openstack.platforms.existing [-] endpoint is deprecated and not used.
2019-06-15 01:34:56.628 22700 RALLYDEBUG rally.api [-] INFO logs from urllib3 and requests module are hide.
2019-06-15 01:34:56.628 22700 RALLYDEBUG rally.api [-] urllib3 insecure warnings are hidden.
2019-06-15 01:34:56.628 22700 RALLYDEBUG rally.api [-] ERROR log from boto module is hide.
2019-06-15 01:34:59.979 22703 RALLYDEBUG rally.api [-] INFO logs from urllib3 and requests module are hide.
2019-06-15 01:34:59.979 22703 RALLYDEBUG rally.api [-] urllib3 insecure warnings are hidden.
2019-06-15 01:34:59.979 22703 RALLYDEBUG rally.api [-] ERROR log from boto module is hide.
2019-06-15 01:35:02.324 22705 RALLYDEBUG rally.api [-] INFO logs from urllib3 and requests module are hide.
2019-06-15 01:35:02.324 22705 RALLYDEBUG rally.api [-] urllib3 insecure warnings are hidden.
2019-06-15 01:35:02.324 22705 RALLYDEBUG rally.api [-] ERROR log from boto module is hide.
2019-06-15 01:35:03.476 22705 INFO rally.common.plugin.discover [-] Loading plugins from directories /root/.rally/plugins/*
2019-06-15 01:35:03.477 22705 INFO rally.common.plugin.discover [-] Loaded module with plugins: /root/.rally/plugins/__init__.py
2019-06-15 01:35:03.479 22705 INFO rally.common.plugin.discover [-] Loaded module with plugins: /root/.rally/plugins/trunk_scenario.py
2019-06-15 01:35:03.696 22705 INFO rally.task.engine [-] Task c4812d49-5ffa-40fa-af74-4844ed6d63fc | Starting: Task validation.
2019-06-15 01:35:03.749 22705 INFO rally.task.engine [-] Task c4812d49-5ffa-40fa-af74-4844ed6d63fc | Starting: Task validation of syntax.
2019-06-15 01:35:03.963 22705 INFO rally.task.engine [-] Task c4812d49-5ffa-40fa-af74-4844ed6d63fc | Completed: Task validation of syntax.
2019-06-15 01:35:03.964 22705 INFO rally.task.engine [-] Task c4812d49-5ffa-40fa-af74-4844ed6d63fc | Starting: Task validation of required platforms.
2019-06-15 01:35:04.022 22705 INFO rally.task.engine [-] Task c4812d49-5ffa-40fa-af74-4844ed6d63fc | Completed: Task validation of required platforms.
2019-06-15 01:35:04.022 22705 INFO rally.task.engine [-] Task c4812d49-5ffa-40fa-af74-4844ed6d63fc | Starting: Task validation of semantic.
2019-06-15 01:35:04.022 22705 INFO rally.task.engine [-] Check health of the environment '4960fd91-9388-4512-a92d-e6bf8647b834'.
2019-06-15 01:35:04.823 22705 INFO rally.task.engine [-] Platform existing@openstack (available: True): OK!
2019-06-15 01:35:04.838 22705 RALLYDEBUG rally_openstack.contexts.keystone.users [-] Creating 1 tenants using 20 threads
2019-06-15 01:35:06.745 22705 RALLYDEBUG rally_openstack.contexts.keystone.users [-] Creating 1 users using 20 threads
2019-06-15 01:35:09.545 22705 INFO rally.task.context [-] Task c4812d49-5ffa-40fa-af74-4844ed6d63fc | Context users@openstack setup() finished in 4.71 sec
2019-06-15 01:35:15.880 22705 INFO rally.task.context [-] Task c4812d49-5ffa-40fa-af74-4844ed6d63fc | Context users@openstack cleanup() started
2019-06-15 01:35:21.450 22705 INFO rally.task.context [-] Task c4812d49-5ffa-40fa-af74-4844ed6d63fc | Context users@openstack cleanup() finished in 5.57 sec
2019-06-15 01:35:21.450 22705 INFO rally.task.engine [-] Task c4812d49-5ffa-40fa-af74-4844ed6d63fc | Completed: Task validation of semantic.
2019-06-15 01:35:21.450 22705 INFO rally.task.engine [-] Task c4812d49-5ffa-40fa-af74-4844ed6d63fc | Completed: Task validation.
2019-06-15 01:35:21.451 22705 INFO rally.api [-] Task c4812d49-5ffa-40fa-af74-4844ed6d63fc input file is valid.
2019-06-15 01:35:21.451 22705 INFO rally.api [-] Run Task c4812d49-5ffa-40fa-af74-4844ed6d63fc against Deployment 4960fd91-9388-4512-a92d-e6bf8647b834
2019-06-15 01:35:21.451 22705 INFO rally.task.engine [-] Task c4812d49-5ffa-40fa-af74-4844ed6d63fc | Starting: Running task.
2019-06-15 01:35:21.603 22705 INFO rally.task.engine [-] Running workload: position = 0 config = { "version": 2, "title": "A cropped version of a bigger task.", "description": "Auto-generated task from a single workload (uuid=bf01bc6d-ed4b-4792-bd54-ae207b38fe84)", "subtasks": [ { "title": "NeutronNetworks.create_and_list_networks", "description": "Check performance of list_networks action and ensure > network quotas are not exceeded", "scenario": { "NeutronNetworks.create_and_list_networks": {} }, "contexts": { "users": { "tenants": 1, "users_per_tenant": 1 }, "quotas": { "neutron": { "network": 119 } } }, "runner": { "constant": { "times": 100, "concurrency": 20 } }, "hooks": [], "sla": { "max_avg_duration_per_atomic": { "neutron.list_networks": 15 }, "failure_rate": { "max": 0 } } } ] }
2019-06-15 01:35:21.622 22705 RALLYDEBUG rally_openstack.contexts.keystone.users [-] Creating 1 tenants using 20 threads
2019-06-15 01:35:23.560 22705 RALLYDEBUG rally_openstack.contexts.keystone.users [-] Creating 1 users using 20 threads
2019-06-15 01:35:26.343 22705 INFO rally.task.context [-] Task c4812d49-5ffa-40fa-af74-4844ed6d63fc | Context users@openstack setup() finished in 4.72 sec
2019-06-15 01:35:27.147 22705 INFO rally.task.context [-] Task c4812d49-5ffa-40fa-af74-4844ed6d63fc | Context quotas@openstack setup() finished in 0.80 sec
2019-06-15 01:35:27.147 22705 INFO rally.task.context [-] Task c4812d49-5ffa-40fa-af74-4844ed6d63fc | Context cleanup@openstack setup() finished in 0.01 msec
2019-06-15 01:35:27.155 22705 RALLYDEBUG rally.task.runner [-] Starting the constant runner (task UUID: c4812d49-5ffa-40fa-af74-4844ed6d63fc). timeout: 0 concurrency: 20 concurrency_per_worker: 1 times: 100 concurrency_overhead: 4 processes_to_start: 16 max_cpu_used: 16
2019-06-15 01:35:27.168 22829 RALLYDEBUG rally.task.runner [-] Starting a worker. concurrency: 2 args: {} times: 100 method_name: run timeout: 0 duration: None cls:
2019-06-15 01:35:27.170 22830 RALLYDEBUG rally.task.runner [-] Starting a worker. concurrency: 2 args: {} times: 100 method_name: run timeout: 0 duration: None cls:
2019-06-15 01:35:27.172 22831 RALLYDEBUG rally.task.runner [-] Starting a worker. concurrency: 2 args: {} times: 100 method_name: run timeout: 0 duration: None cls:
2019-06-15 01:35:27.175 22832 RALLYDEBUG rally.task.runner [-] Starting a worker. concurrency: 2 args: {} times: 100 method_name: run timeout: 0 duration: None cls:
2019-06-15 01:35:27.177 22836 RALLYDEBUG rally.task.runner [-] Starting a worker. concurrency: 1 args: {} times: 100 method_name: run timeout: 0 duration: None cls:
2019-06-15 01:35:27.178 22829 INFO rally.task.runner [-] Task c4812d49-5ffa-40fa-af74-4844ed6d63fc | ITER: 3 START
2019-06-15 01:35:27.179 22830 INFO rally.task.runner [-] Task c4812d49-5ffa-40fa-af74-4844ed6d63fc | ITER: 2 START
2019-06-15 01:35:27.181 22831 INFO rally.task.runner [-] Task c4812d49-5ffa-40fa-af74-4844ed6d63fc | ITER: 4 START
2019-06-15 01:35:27.180 22836 INFO rally.task.runner [-] Task c4812d49-5ffa-40fa-af74-4844ed6d63fc | ITER: 8 START
2019-06-15 01:35:27.180 22830 INFO rally.task.runner [-] Task c4812d49-5ffa-40fa-af74-4844ed6d63fc | ITER: 5 START
2019-06-15 01:35:27.178 22829 INFO rally.task.runner [-] Task c4812d49-5ffa-40fa-af74-4844ed6d63fc | ITER: 1 START
2019-06-15 01:35:27.183 22832 INFO rally.task.runner [-] Task c4812d49-5ffa-40fa-af74-4844ed6d63fc | ITER: 6 START
2019-06-15 01:35:27.184 22842 RALLYDEBUG rally.task.runner [-] Starting a worker. concurrency: 1 args: {} times: 100 method_name: run timeout: 0 duration: None cls:
2019-06-15 01:35:27.189 22848 RALLYDEBUG rally.task.runner [-] Starting a worker. concurrency: 1 args: {} times: 100 method_name: run timeout: 0 duration: None cls:
2019-06-15 01:35:27.191 22832 INFO rally.task.runner [-] Task c4812d49-5ffa-40fa-af74-4844ed6d63fc | ITER: 9 START
2019-06-15 01:35:27.191 22850 RALLYDEBUG rally.task.runner [-] Starting a worker. concurrency: 1 args: {} times: 100 method_name: run timeout: 0 duration: None cls:
2019-06-15 01:35:27.182 22831 INFO rally.task.runner [-] Task c4812d49-5ffa-40fa-af74-4844ed6d63fc | ITER: 7 START
2019-06-15 01:35:27.190 22842 INFO rally.task.runner [-] Task c4812d49-5ffa-40fa-af74-4844ed6d63fc | ITER: 10 START
2019-06-15 01:35:27.195 22853 RALLYDEBUG rally.task.runner [-] Starting a worker. concurrency: 1 args: {} times: 100 method_name: run timeout: 0 duration: None cls:
2019-06-15 01:35:27.196 22850 INFO rally.task.runner [-] Task c4812d49-5ffa-40fa-af74-4844ed6d63fc | ITER: 12 START
2019-06-15 01:35:27.200 22857 RALLYDEBUG rally.task.runner [-] Starting a worker. concurrency: 1 args: {} times: 100 method_name: run timeout: 0 duration: None cls:
2019-06-15 01:35:27.202 22853 INFO rally.task.runner [-] Task c4812d49-5ffa-40fa-af74-4844ed6d63fc | ITER: 13 START
2019-06-15 01:35:27.203 22848 INFO rally.task.runner [-] Task c4812d49-5ffa-40fa-af74-4844ed6d63fc | ITER: 11 START
2019-06-15 01:35:27.205 22857 INFO rally.task.runner [-] Task c4812d49-5ffa-40fa-af74-4844ed6d63fc | ITER: 14 START
2019-06-15 01:35:27.206 22861 RALLYDEBUG rally.task.runner [-] Starting a worker. concurrency: 1 args: {} times: 100 method_name: run timeout: 0 duration: None cls:
2019-06-15 01:35:27.212 22861 INFO rally.task.runner [-] Task c4812d49-5ffa-40fa-af74-4844ed6d63fc | ITER: 15 START
2019-06-15 01:35:27.214 22864 RALLYDEBUG rally.task.runner [-] Starting a worker. concurrency: 1 args: {} times: 100 method_name: run timeout: 0 duration: None cls:
2019-06-15 01:35:27.217 22867 RALLYDEBUG rally.task.runner [-] Starting a worker. concurrency: 1 args: {} times: 100 method_name: run timeout: 0 duration: None cls:
2019-06-15 01:35:27.220 22864 INFO rally.task.runner [-] Task c4812d49-5ffa-40fa-af74-4844ed6d63fc | ITER: 16 START
2019-06-15 01:35:27.222 22867 INFO rally.task.runner [-] Task c4812d49-5ffa-40fa-af74-4844ed6d63fc | ITER: 17 START
2019-06-15 01:35:27.225 22872 RALLYDEBUG rally.task.runner [-] Starting a worker. concurrency: 1 args: {} times: 100 method_name: run timeout: 0 duration: None cls:
2019-06-15 01:35:27.231 22872 INFO rally.task.runner [-] Task c4812d49-5ffa-40fa-af74-4844ed6d63fc | ITER: 18 START
2019-06-15 01:35:27.232 22873 RALLYDEBUG rally.task.runner [-] Starting a worker. concurrency: 1 args: {} times: 100 method_name: run timeout: 0 duration: None cls:
2019-06-15 01:35:27.238 22873 INFO rally.task.runner [-] Task c4812d49-5ffa-40fa-af74-4844ed6d63fc | ITER: 19 START
2019-06-15 01:35:27.240 22876 RALLYDEBUG rally.task.runner [-] Starting a worker. concurrency: 1 args: {} times: 100 method_name: run timeout: 0 duration: None cls:
2019-06-15 01:35:27.246 22876 INFO rally.task.runner [-] Task c4812d49-5ffa-40fa-af74-4844ed6d63fc | ITER: 20 START
2019-06-15 01:35:30.176 22867 INFO rally.task.runner [-] Task c4812d49-5ffa-40fa-af74-4844ed6d63fc | ITER: 17 END: OK
2019-06-15 01:35:30.179 22867 INFO rally.task.runner [-] Task c4812d49-5ffa-40fa-af74-4844ed6d63fc | ITER: 21 START
2019-06-15 01:35:30.514 22876 INFO rally.task.runner [-] Task c4812d49-5ffa-40fa-af74-4844ed6d63fc | ITER: 20 END: OK
2019-06-15 01:35:30.518 22876 INFO rally.task.runner [-] Task c4812d49-5ffa-40fa-af74-4844ed6d63fc | ITER: 22 START
2019-06-15 01:35:30.559 22861 INFO rally.task.runner [-] Task c4812d49-5ffa-40fa-af74-4844ed6d63fc | ITER: 15 END: OK
2019-06-15 01:35:30.563 22861 INFO rally.task.runner [-] Task c4812d49-5ffa-40fa-af74-4844ed6d63fc | ITER: 23 START
2019-06-15 01:35:30.679 22829 INFO rally.task.runner [-] Task c4812d49-5ffa-40fa-af74-4844ed6d63fc | ITER: 1 END: OK
2019-06-15 01:35:30.683 22850 INFO rally.task.runner [-] Task c4812d49-5ffa-40fa-af74-4844ed6d63fc | ITER: 12 END: OK
2019-06-15 01:35:30.684 22829 INFO rally.task.runner [-] Task c4812d49-5ffa-40fa-af74-4844ed6d63fc | ITER: 24 START
2019-06-15 01:35:30.687 22850 INFO rally.task.runner [-] Task c4812d49-5ffa-40fa-af74-4844ed6d63fc | ITER: 25 START
2019-06-15 01:35:30.693 22832 INFO rally.task.runner [-] Task c4812d49-5ffa-40fa-af74-4844ed6d63fc | ITER: 6 END: OK
2019-06-15 01:35:30.698 22832 INFO rally.task.runner [-] Task c4812d49-5ffa-40fa-af74-4844ed6d63fc | ITER: 26 START
2019-06-15 01:35:30.847 22830 INFO rally.task.runner [-] Task c4812d49-5ffa-40fa-af74-4844ed6d63fc | ITER: 5 END: OK
2019-06-15 01:35:30.850 22830 INFO rally.task.runner [-] Task c4812d49-5ffa-40fa-af74-4844ed6d63fc | ITER: 27 START
2019-06-15 01:35:31.242 22830 INFO rally.task.runner [-] Task c4812d49-5ffa-40fa-af74-4844ed6d63fc | ITER: 2 END: OK
2019-06-15 01:35:31.245 22830 INFO rally.task.runner [-] Task c4812d49-5ffa-40fa-af74-4844ed6d63fc | ITER: 28 START
2019-06-15 01:35:31.300 22872 INFO rally.task.runner [-] Task c4812d49-5ffa-40fa-af74-4844ed6d63fc | ITER: 18 END: OK
2019-06-15 01:35:31.303 22872 INFO rally.task.runner [-] Task c4812d49-5ffa-40fa-af74-4844ed6d63fc | ITER: 29 START
2019-06-15 01:35:31.358 22842 INFO rally.task.runner [-] Task c4812d49-5ffa-40fa-af74-4844ed6d63fc | ITER: 10 END: OK
2019-06-15 01:35:31.362 22842 INFO rally.task.runner [-] Task c4812d49-5ffa-40fa-af74-4844ed6d63fc | ITER: 30 START
2019-06-15 01:35:31.631 22836 INFO rally.task.runner [-] Task c4812d49-5ffa-40fa-af74-4844ed6d63fc | ITER: 8 END: OK
2019-06-15 01:35:31.636 22836 INFO rally.task.runner [-] Task c4812d49-5ffa-40fa-af74-4844ed6d63fc | ITER: 31 START
2019-06-15 01:35:31.717 22831 INFO rally.task.runner [-] Task c4812d49-5ffa-40fa-af74-4844ed6d63fc | ITER: 7 END: OK
2019-06-15 01:35:31.721 22831 INFO rally.task.runner [-] Task c4812d49-5ffa-40fa-af74-4844ed6d63fc | ITER: 32 START
2019-06-15 01:35:32.178 22857 INFO rally.task.runner [-] Task c4812d49-5ffa-40fa-af74-4844ed6d63fc | ITER: 14 END: OK
2019-06-15 01:35:32.182 22857 INFO rally.task.runner [-] Task c4812d49-5ffa-40fa-af74-4844ed6d63fc | ITER: 33 START
2019-06-15 01:35:32.252 22832 INFO rally.task.runner [-] Task c4812d49-5ffa-40fa-af74-4844ed6d63fc | ITER: 9 END: OK
2019-06-15 01:35:32.256 22832 INFO rally.task.runner [-] Task c4812d49-5ffa-40fa-af74-4844ed6d63fc | ITER: 34 START
2019-06-15 01:35:32.286 22867 INFO rally.task.runner [-] Task c4812d49-5ffa-40fa-af74-4844ed6d63fc | ITER: 21 END: OK
2019-06-15 01:35:32.289 22867 INFO rally.task.runner [-] Task c4812d49-5ffa-40fa-af74-4844ed6d63fc | ITER: 35 START
2019-06-15 01:35:32.428 22853 INFO rally.task.runner [-] Task c4812d49-5ffa-40fa-af74-4844ed6d63fc | ITER: 13 END: OK
2019-06-15 01:35:32.431 22853 INFO rally.task.runner [-] Task c4812d49-5ffa-40fa-af74-4844ed6d63fc | ITER: 36 START
2019-06-15 01:35:34.267 22830 INFO rally.task.runner [-] Task c4812d49-5ffa-40fa-af74-4844ed6d63fc | ITER: 28 END: OK
2019-06-15 01:35:34.271 22830 INFO rally.task.runner [-] Task c4812d49-5ffa-40fa-af74-4844ed6d63fc | ITER: 37 START
2019-06-15 01:35:34.272 22829 INFO rally.task.runner [-] Task c4812d49-5ffa-40fa-af74-4844ed6d63fc | ITER: 24 END: OK
2019-06-15 01:35:34.275 22829 INFO rally.task.runner [-] Task c4812d49-5ffa-40fa-af74-4844ed6d63fc | ITER: 38 START
2019-06-15 01:35:34.353 22832 INFO rally.task.runner [-] Task c4812d49-5ffa-40fa-af74-4844ed6d63fc | ITER: 26 END: OK
2019-06-15 01:35:34.356 22832 INFO rally.task.runner [-] Task c4812d49-5ffa-40fa-af74-4844ed6d63fc | ITER: 39 START
2019-06-15 01:35:34.440 22850 INFO rally.task.runner [-] Task c4812d49-5ffa-40fa-af74-4844ed6d63fc | ITER: 25 END: OK
2019-06-15 01:35:34.444 22861 INFO rally.task.runner [-] Task c4812d49-5ffa-40fa-af74-4844ed6d63fc | ITER: 23 END: OK
2019-06-15 01:35:34.444 22850 INFO rally.task.runner [-] Task c4812d49-5ffa-40fa-af74-4844ed6d63fc | ITER: 40 START
2019-06-15 01:35:34.447 22861 INFO rally.task.runner [-] Task c4812d49-5ffa-40fa-af74-4844ed6d63fc | ITER: 41 START
2019-06-15 01:35:34.785 22876 INFO rally.task.runner [-] Task c4812d49-5ffa-40fa-af74-4844ed6d63fc | ITER: 22 END: OK
2019-06-15 01:35:34.789 22876 INFO rally.task.runner [-] Task c4812d49-5ffa-40fa-af74-4844ed6d63fc | ITER: 42 START
2019-06-15 01:35:34.898 22864 INFO rally.task.runner [-] Task c4812d49-5ffa-40fa-af74-4844ed6d63fc | ITER: 16 END: OK
2019-06-15 01:35:34.901 22864 INFO rally.task.runner [-] Task c4812d49-5ffa-40fa-af74-4844ed6d63fc | ITER: 43 START
2019-06-15 01:35:34.923 22848 INFO rally.task.runner [-] Task c4812d49-5ffa-40fa-af74-4844ed6d63fc | ITER: 11 END: OK
2019-06-15 01:35:34.926 22848 INFO rally.task.runner [-] Task c4812d49-5ffa-40fa-af74-4844ed6d63fc | ITER: 44 START
2019-06-15 01:35:34.937 22829 INFO rally.task.runner [-] Task c4812d49-5ffa-40fa-af74-4844ed6d63fc | ITER: 3 END: OK
2019-06-15 01:35:34.940 22829 INFO rally.task.runner [-] Task c4812d49-5ffa-40fa-af74-4844ed6d63fc | ITER: 45 START
2019-06-15 01:35:35.317 22831 INFO rally.task.runner [-] Task c4812d49-5ffa-40fa-af74-4844ed6d63fc | ITER: 4 END: OK
2019-06-15 01:35:35.321 22831 INFO rally.task.runner [-] Task c4812d49-5ffa-40fa-af74-4844ed6d63fc | ITER: 46 START
2019-06-15 01:35:35.370 22872 INFO rally.task.runner [-] Task c4812d49-5ffa-40fa-af74-4844ed6d63fc | ITER: 29 END: OK
2019-06-15 01:35:35.373 22872 INFO rally.task.runner [-] Task c4812d49-5ffa-40fa-af74-4844ed6d63fc | ITER: 47 START
2019-06-15 01:35:35.568 22842 INFO rally.task.runner [-] Task c4812d49-5ffa-40fa-af74-4844ed6d63fc | ITER: 30 END: OK
2019-06-15 01:35:35.571 22842 INFO rally.task.runner [-] Task c4812d49-5ffa-40fa-af74-4844ed6d63fc | ITER: 48 START
2019-06-15 01:35:35.589 22830 INFO rally.task.runner [-] Task c4812d49-5ffa-40fa-af74-4844ed6d63fc | ITER: 27 END: OK
2019-06-15 01:35:35.592 22830 INFO rally.task.runner [-] Task c4812d49-5ffa-40fa-af74-4844ed6d63fc | ITER: 49 START
2019-06-15 01:35:35.705 22873 INFO rally.task.runner [-] Task c4812d49-5ffa-40fa-af74-4844ed6d63fc | ITER: 19 END: OK
2019-06-15 01:35:35.708 22873 INFO rally.task.runner [-] Task c4812d49-5ffa-40fa-af74-4844ed6d63fc | ITER: 50 START
2019-06-15 01:35:36.155 22832 INFO rally.task.runner [-] Task c4812d49-5ffa-40fa-af74-4844ed6d63fc | ITER: 34 END: OK
2019-06-15 01:35:36.159 22832 INFO rally.task.runner [-] Task c4812d49-5ffa-40fa-af74-4844ed6d63fc | ITER: 51 START
2019-06-15 01:35:36.325 22831 INFO rally.task.runner [-] Task c4812d49-5ffa-40fa-af74-4844ed6d63fc | ITER: 32 END: OK
2019-06-15 01:35:36.328 22831 INFO rally.task.runner [-] Task c4812d49-5ffa-40fa-af74-4844ed6d63fc | ITER: 52 START
2019-06-15 01:35:36.670 22836 INFO rally.task.runner [-] Task c4812d49-5ffa-40fa-af74-4844ed6d63fc | ITER: 31 END: OK
2019-06-15 01:35:36.674 22836 INFO rally.task.runner [-] Task c4812d49-5ffa-40fa-af74-4844ed6d63fc | ITER: 53 START
2019-06-15 01:35:36.953 22857 INFO rally.task.runner [-] Task c4812d49-5ffa-40fa-af74-4844ed6d63fc | ITER: 33 END: OK
2019-06-15 01:35:36.956 22857 INFO rally.task.runner [-] Task c4812d49-5ffa-40fa-af74-4844ed6d63fc | ITER: 54 START
2019-06-15 01:35:37.190 22867 INFO rally.task.runner [-] Task c4812d49-5ffa-40fa-af74-4844ed6d63fc | ITER: 35 END: OK
2019-06-15 01:35:37.190 22850 INFO rally.task.runner [-] Task c4812d49-5ffa-40fa-af74-4844ed6d63fc | ITER: 40 END: OK
2019-06-15 01:35:37.193 22850 INFO rally.task.runner [-] Task c4812d49-5ffa-40fa-af74-4844ed6d63fc | ITER: 56 START
2019-06-15 01:35:37.193 22867 INFO rally.task.runner [-] Task c4812d49-5ffa-40fa-af74-4844ed6d63fc | ITER: 55 START
2019-06-15 01:35:37.212 22853 INFO rally.task.runner [-] Task c4812d49-5ffa-40fa-af74-4844ed6d63fc | ITER: 36 END: OK
2019-06-15 01:35:37.214 22853 INFO rally.task.runner [-] Task c4812d49-5ffa-40fa-af74-4844ed6d63fc | ITER: 57 START
2019-06-15 01:35:37.880 22864 INFO rally.task.runner [-] Task c4812d49-5ffa-40fa-af74-4844ed6d63fc | ITER: 43 END: OK
2019-06-15 01:35:37.884 22864 INFO rally.task.runner [-] Task c4812d49-5ffa-40fa-af74-4844ed6d63fc | ITER: 58 START
2019-06-15 01:35:38.146 22829 INFO rally.task.runner [-] Task c4812d49-5ffa-40fa-af74-4844ed6d63fc | ITER: 45 END: OK
2019-06-15 01:35:38.149 22829 INFO rally.task.runner [-] Task c4812d49-5ffa-40fa-af74-4844ed6d63fc | ITER: 59 START
2019-06-15 01:35:38.322 22861 INFO rally.task.runner [-] Task c4812d49-5ffa-40fa-af74-4844ed6d63fc | ITER: 41 END: OK
2019-06-15 01:35:38.325 22861 INFO rally.task.runner [-] Task c4812d49-5ffa-40fa-af74-4844ed6d63fc | ITER: 60 START
2019-06-15 01:35:38.605 22842 INFO rally.task.runner [-] Task c4812d49-5ffa-40fa-af74-4844ed6d63fc | ITER: 48 END: OK
2019-06-15 01:35:38.608 22842 INFO rally.task.runner [-] Task c4812d49-5ffa-40fa-af74-4844ed6d63fc | ITER: 61 START
2019-06-15 01:35:38.638 22872 INFO rally.task.runner [-] Task c4812d49-5ffa-40fa-af74-4844ed6d63fc | ITER: 47 END: OK
2019-06-15 01:35:38.641 22872 INFO rally.task.runner [-] Task c4812d49-5ffa-40fa-af74-4844ed6d63fc | ITER: 62 START
2019-06-15 01:35:38.724 22831 INFO rally.task.runner [-] Task c4812d49-5ffa-40fa-af74-4844ed6d63fc | ITER: 46 END: OK
2019-06-15 01:35:38.727 22831 INFO rally.task.runner [-] Task c4812d49-5ffa-40fa-af74-4844ed6d63fc | ITER: 63 START
2019-06-15 01:35:38.762 22848 INFO rally.task.runner [-] Task c4812d49-5ffa-40fa-af74-4844ed6d63fc | ITER: 44 END: OK
2019-06-15 01:35:38.765 22848 INFO rally.task.runner [-] Task c4812d49-5ffa-40fa-af74-4844ed6d63fc | ITER: 64 START
2019-06-15 01:35:38.820 22831 INFO rally.task.runner [-] Task c4812d49-5ffa-40fa-af74-4844ed6d63fc | ITER: 52 END: OK
2019-06-15 01:35:38.823 22831 INFO rally.task.runner [-] Task c4812d49-5ffa-40fa-af74-4844ed6d63fc | ITER: 65 START
2019-06-15 01:35:38.848 22876 INFO rally.task.runner [-] Task c4812d49-5ffa-40fa-af74-4844ed6d63fc | ITER: 42 END: OK
2019-06-15 01:35:38.851 22876 INFO rally.task.runner [-] Task c4812d49-5ffa-40fa-af74-4844ed6d63fc | ITER: 66 START
2019-06-15 01:35:38.861 22873 INFO rally.task.runner [-] Task c4812d49-5ffa-40fa-af74-4844ed6d63fc | ITER: 50 END: OK
2019-06-15 01:35:38.864 22873 INFO rally.task.runner [-] Task c4812d49-5ffa-40fa-af74-4844ed6d63fc | ITER: 67 START
2019-06-15 01:35:38.936 22829 INFO rally.task.runner [-] Task c4812d49-5ffa-40fa-af74-4844ed6d63fc | ITER: 38 END: OK
2019-06-15 01:35:38.939 22829 INFO rally.task.runner [-] Task c4812d49-5ffa-40fa-af74-4844ed6d63fc | ITER: 68 START
2019-06-15 01:35:39.575 22830 INFO rally.task.runner [-] Task c4812d49-5ffa-40fa-af74-4844ed6d63fc | ITER: 37 END: OK
2019-06-15 01:35:39.578 22830 INFO rally.task.runner [-] Task c4812d49-5ffa-40fa-af74-4844ed6d63fc | ITER: 69 START
2019-06-15 01:35:39.641 22857 INFO rally.task.runner [-] Task c4812d49-5ffa-40fa-af74-4844ed6d63fc | ITER: 54 END: OK
2019-06-15 01:35:39.645 22857 INFO rally.task.runner [-] Task c4812d49-5ffa-40fa-af74-4844ed6d63fc | ITER: 70 START
2019-06-15 01:35:40.023 22832 INFO rally.task.runner [-] Task c4812d49-5ffa-40fa-af74-4844ed6d63fc | ITER: 39 END: OK
2019-06-15 01:35:40.026 22832 INFO rally.task.runner [-] Task c4812d49-5ffa-40fa-af74-4844ed6d63fc | ITER: 71 START
2019-06-15 01:35:40.080 22832 INFO rally.task.runner [-] Task c4812d49-5ffa-40fa-af74-4844ed6d63fc | ITER: 51 END: OK
2019-06-15 01:35:40.084 22832 INFO rally.task.runner [-] Task c4812d49-5ffa-40fa-af74-4844ed6d63fc | ITER: 72 START
2019-06-15 01:35:40.411 22836 INFO rally.task.runner [-] Task c4812d49-5ffa-40fa-af74-4844ed6d63fc | ITER: 53 END: OK
2019-06-15 01:35:40.415 22836 INFO rally.task.runner [-] Task c4812d49-5ffa-40fa-af74-4844ed6d63fc | ITER: 73 START
2019-06-15 01:35:40.426 22850 INFO rally.task.runner [-] Task c4812d49-5ffa-40fa-af74-4844ed6d63fc | ITER: 56 END: OK
2019-06-15 01:35:40.429 22867 INFO rally.task.runner [-] Task c4812d49-5ffa-40fa-af74-4844ed6d63fc | ITER: 55 END: OK
2019-06-15 01:35:40.430 22850 INFO rally.task.runner [-] Task c4812d49-5ffa-40fa-af74-4844ed6d63fc | ITER: 74 START
2019-06-15 01:35:40.430 22830 INFO rally.task.runner [-] Task c4812d49-5ffa-40fa-af74-4844ed6d63fc | ITER: 49 END: OK
2019-06-15 01:35:40.430 22853 INFO rally.task.runner [-] Task c4812d49-5ffa-40fa-af74-4844ed6d63fc | ITER: 57 END: OK
2019-06-15 01:35:40.433 22853 INFO rally.task.runner [-] Task c4812d49-5ffa-40fa-af74-4844ed6d63fc | ITER: 77 START
2019-06-15 01:35:40.433 22867 INFO rally.task.runner [-] Task c4812d49-5ffa-40fa-af74-4844ed6d63fc | ITER: 75 START
2019-06-15 01:35:40.433 22830 INFO rally.task.runner [-] Task c4812d49-5ffa-40fa-af74-4844ed6d63fc | ITER: 76 START
2019-06-15 01:35:40.947 22829 INFO rally.task.runner [-] Task c4812d49-5ffa-40fa-af74-4844ed6d63fc | ITER: 59 END: OK
2019-06-15 01:35:40.951 22829 INFO rally.task.runner [-] Task c4812d49-5ffa-40fa-af74-4844ed6d63fc | ITER: 78 START
2019-06-15 01:35:41.169 22861 INFO rally.task.runner [-] Task c4812d49-5ffa-40fa-af74-4844ed6d63fc | ITER: 60 END: OK
2019-06-15 01:35:41.172 22861 INFO rally.task.runner [-] Task c4812d49-5ffa-40fa-af74-4844ed6d63fc | ITER: 79 START
2019-06-15 01:35:41.202 22842 INFO rally.task.runner [-] Task c4812d49-5ffa-40fa-af74-4844ed6d63fc | ITER: 61 END: OK
2019-06-15 01:35:41.205 22842 INFO rally.task.runner [-] Task c4812d49-5ffa-40fa-af74-4844ed6d63fc | ITER: 80 START
2019-06-15 01:35:41.460 22864 INFO rally.task.runner [-] Task c4812d49-5ffa-40fa-af74-4844ed6d63fc | ITER: 58 END: OK
2019-06-15 01:35:41.463 22864 INFO rally.task.runner [-] Task c4812d49-5ffa-40fa-af74-4844ed6d63fc | ITER: 81 START
2019-06-15 01:35:41.823 22872 INFO rally.task.runner [-] Task c4812d49-5ffa-40fa-af74-4844ed6d63fc | ITER: 62 END: OK
2019-06-15 01:35:41.827 22872 INFO rally.task.runner [-] Task c4812d49-5ffa-40fa-af74-4844ed6d63fc | ITER: 82 START
2019-06-15 01:35:42.362 22830 INFO rally.task.runner [-] Task c4812d49-5ffa-40fa-af74-4844ed6d63fc | ITER: 69 END: OK
2019-06-15 01:35:42.366 22830 INFO rally.task.runner [-] Task c4812d49-5ffa-40fa-af74-4844ed6d63fc | ITER: 83 START
2019-06-15 01:35:42.553 22873 INFO rally.task.runner [-] Task c4812d49-5ffa-40fa-af74-4844ed6d63fc | ITER: 67 END: OK
2019-06-15 01:35:42.556 22873 INFO rally.task.runner [-] Task c4812d49-5ffa-40fa-af74-4844ed6d63fc | ITER: 84 START
2019-06-15 01:35:42.678 22832 INFO rally.task.runner [-] Task c4812d49-5ffa-40fa-af74-4844ed6d63fc | ITER: 72 END: OK
2019-06-15 01:35:42.681 22832 INFO rally.task.runner [-] Task c4812d49-5ffa-40fa-af74-4844ed6d63fc | ITER: 85 START
2019-06-15 01:35:42.713 22857 INFO rally.task.runner [-] Task c4812d49-5ffa-40fa-af74-4844ed6d63fc | ITER: 70 END: OK
2019-06-15 01:35:42.715 22857 INFO rally.task.runner [-] Task c4812d49-5ffa-40fa-af74-4844ed6d63fc | ITER: 86 START
2019-06-15 01:35:42.847 22876 INFO rally.task.runner [-] Task c4812d49-5ffa-40fa-af74-4844ed6d63fc | ITER: 66 END: OK
2019-06-15 01:35:42.850 22876 INFO rally.task.runner [-] Task c4812d49-5ffa-40fa-af74-4844ed6d63fc | ITER: 87 START
2019-06-15 01:35:42.958 22848 INFO rally.task.runner [-] Task c4812d49-5ffa-40fa-af74-4844ed6d63fc | ITER: 64 END: OK
2019-06-15 01:35:42.961 22848 INFO rally.task.runner [-] Task c4812d49-5ffa-40fa-af74-4844ed6d63fc | ITER: 88 START
2019-06-15 01:35:42.986 22831 INFO rally.task.runner [-] Task c4812d49-5ffa-40fa-af74-4844ed6d63fc | ITER: 63 END: OK
2019-06-15 01:35:42.994 22831 INFO rally.task.runner [-] Task c4812d49-5ffa-40fa-af74-4844ed6d63fc | ITER: 65 END: OK
2019-06-15 01:35:42.997 22831 INFO rally.task.runner [-] Task c4812d49-5ffa-40fa-af74-4844ed6d63fc | ITER: 89 START
2019-06-15 01:35:43.003 22831 INFO rally.task.runner [-] Task c4812d49-5ffa-40fa-af74-4844ed6d63fc | ITER: 90 START
2019-06-15 01:35:43.049 22829 INFO rally.task.runner [-] Task c4812d49-5ffa-40fa-af74-4844ed6d63fc | ITER: 68 END: OK
2019-06-15 01:35:43.052 22829 INFO rally.task.runner [-] Task c4812d49-5ffa-40fa-af74-4844ed6d63fc | ITER: 91 START
2019-06-15 01:35:43.291 22836 INFO rally.task.runner [-] Task c4812d49-5ffa-40fa-af74-4844ed6d63fc | ITER: 73 END: OK
2019-06-15 01:35:43.295 22836 INFO rally.task.runner [-] Task c4812d49-5ffa-40fa-af74-4844ed6d63fc | ITER: 92 START
2019-06-15 01:35:43.302 22850 INFO rally.task.runner [-] Task c4812d49-5ffa-40fa-af74-4844ed6d63fc | ITER: 74 END: OK
2019-06-15 01:35:43.305 22850 INFO rally.task.runner [-] Task c4812d49-5ffa-40fa-af74-4844ed6d63fc | ITER: 93 START
2019-06-15 01:35:43.618 22832 INFO rally.task.runner [-] Task c4812d49-5ffa-40fa-af74-4844ed6d63fc | ITER: 71 END: OK
2019-06-15 01:35:43.621 22832 INFO rally.task.runner [-] Task c4812d49-5ffa-40fa-af74-4844ed6d63fc | ITER: 94 START
2019-06-15 01:35:43.837 22830 INFO rally.task.runner [-] Task c4812d49-5ffa-40fa-af74-4844ed6d63fc | ITER: 76 END: OK
2019-06-15 01:35:43.840 22830 INFO rally.task.runner [-] Task c4812d49-5ffa-40fa-af74-4844ed6d63fc | ITER: 95 START
2019-06-15 01:35:43.899 22861 INFO rally.task.runner [-] Task c4812d49-5ffa-40fa-af74-4844ed6d63fc | ITER: 79 END: OK
2019-06-15 01:35:43.902 22861 INFO rally.task.runner [-] Task c4812d49-5ffa-40fa-af74-4844ed6d63fc | ITER: 96 START
2019-06-15 01:35:44.205 22829 INFO rally.task.runner [-] Task c4812d49-5ffa-40fa-af74-4844ed6d63fc | ITER: 78 END: OK
2019-06-15 01:35:44.209 22829 INFO rally.task.runner [-] Task c4812d49-5ffa-40fa-af74-4844ed6d63fc | ITER: 97 START
2019-06-15 01:35:44.299 22853 INFO rally.task.runner [-] Task c4812d49-5ffa-40fa-af74-4844ed6d63fc | ITER: 77 END: OK
2019-06-15 01:35:44.302 22853 INFO rally.task.runner [-] Task c4812d49-5ffa-40fa-af74-4844ed6d63fc | ITER: 98 START
2019-06-15 01:35:44.498 22864 INFO rally.task.runner [-] Task c4812d49-5ffa-40fa-af74-4844ed6d63fc | ITER: 81 END: OK
2019-06-15 01:35:44.502 22864 INFO rally.task.runner [-] Task c4812d49-5ffa-40fa-af74-4844ed6d63fc | ITER: 99 START
2019-06-15 01:35:44.594 22842 INFO rally.task.runner [-] Task c4812d49-5ffa-40fa-af74-4844ed6d63fc | ITER: 80 END: OK
2019-06-15 01:35:44.597 22842 INFO rally.task.runner [-] Task c4812d49-5ffa-40fa-af74-4844ed6d63fc | ITER: 100 START
2019-06-15 01:35:44.614 22872 INFO rally.task.runner [-] Task c4812d49-5ffa-40fa-af74-4844ed6d63fc | ITER: 82 END: OK
2019-06-15 01:35:44.931 22867 INFO rally.task.runner [-] Task c4812d49-5ffa-40fa-af74-4844ed6d63fc | ITER: 75 END: OK
2019-06-15 01:35:45.197 22830 INFO rally.task.runner [-] Task c4812d49-5ffa-40fa-af74-4844ed6d63fc | ITER: 83 END: OK
2019-06-15 01:35:45.895 22848 INFO rally.task.runner [-] Task c4812d49-5ffa-40fa-af74-4844ed6d63fc | ITER: 88 END: OK
2019-06-15 01:35:45.976 22876 INFO rally.task.runner [-] Task c4812d49-5ffa-40fa-af74-4844ed6d63fc | ITER: 87 END: OK
2019-06-15 01:35:46.026 22831 INFO rally.task.runner [-] Task c4812d49-5ffa-40fa-af74-4844ed6d63fc | ITER: 89 END: OK
2019-06-15 01:35:46.142 22830 INFO rally.task.runner [-] Task c4812d49-5ffa-40fa-af74-4844ed6d63fc | ITER: 95 END: OK
2019-06-15 01:35:46.150 22857 INFO rally.task.runner [-] Task c4812d49-5ffa-40fa-af74-4844ed6d63fc | ITER: 86 END: OK
2019-06-15 01:35:46.301 22836 INFO rally.task.runner [-] Task c4812d49-5ffa-40fa-af74-4844ed6d63fc | ITER: 92 END: OK
2019-06-15 01:35:46.453 22850 INFO rally.task.runner [-] Task c4812d49-5ffa-40fa-af74-4844ed6d63fc | ITER: 93 END: OK
2019-06-15 01:35:46.733 22861 INFO rally.task.runner [-] Task c4812d49-5ffa-40fa-af74-4844ed6d63fc | ITER: 96 END: OK
2019-06-15 01:35:46.784 22829 INFO rally.task.runner [-] Task c4812d49-5ffa-40fa-af74-4844ed6d63fc | ITER: 91 END: OK
2019-06-15 01:35:46.819 22832 INFO rally.task.runner [-] Task c4812d49-5ffa-40fa-af74-4844ed6d63fc | ITER: 94 END: OK
2019-06-15 01:35:46.903 22864 INFO rally.task.runner [-] Task c4812d49-5ffa-40fa-af74-4844ed6d63fc | ITER: 99 END: OK
2019-06-15 01:35:46.906 22829 INFO rally.task.runner [-] Task c4812d49-5ffa-40fa-af74-4844ed6d63fc | ITER: 97 END: OK
2019-06-15 01:35:47.164 22831 INFO rally.task.runner [-] Task c4812d49-5ffa-40fa-af74-4844ed6d63fc | ITER: 90 END: OK
2019-06-15 01:35:47.215 22832 INFO rally.task.runner [-] Task c4812d49-5ffa-40fa-af74-4844ed6d63fc | ITER: 85 END: OK
2019-06-15 01:35:47.390 22873 INFO rally.task.runner [-] Task c4812d49-5ffa-40fa-af74-4844ed6d63fc | ITER: 84 END: OK
2019-06-15 01:35:47.475 22853 INFO rally.task.runner [-] Task c4812d49-5ffa-40fa-af74-4844ed6d63fc | ITER: 98 END: OK
2019-06-15 01:35:48.291 22842 INFO rally.task.runner [-] Task c4812d49-5ffa-40fa-af74-4844ed6d63fc | ITER: 100 END: OK
2019-06-15 01:35:48.319 22705 INFO rally.task.context [-] Task c4812d49-5ffa-40fa-af74-4844ed6d63fc | Context cleanup@openstack cleanup() started
2019-06-15 01:35:48.322 22705 RALLYDEBUG rally_openstack.cleanup.manager [-] Cleaning up neutron vip objects
2019-06-15 01:35:48.993 22705 RALLYDEBUG rally_openstack.cleanup.manager [-] Cleaning up neutron health_monitor objects
2019-06-15 01:35:49.634 22705 RALLYDEBUG rally_openstack.cleanup.manager [-] Cleaning up neutron pool objects
2019-06-15 01:35:50.371 22705 RALLYDEBUG rally_openstack.cleanup.manager [-] Cleaning up neutron loadbalancer objects
2019-06-15 01:35:51.093 22705 RALLYDEBUG rally_openstack.cleanup.manager [-] Cleaning up neutron floatingip objects
2019-06-15 01:35:51.871 22705 RALLYDEBUG rally_openstack.cleanup.manager [-] Cleaning up neutron port objects
2019-06-15 01:35:52.972 22705 RALLYDEBUG rally_openstack.cleanup.manager [-] Cleaning up neutron subnet objects
2019-06-15 01:35:53.720 22705 RALLYDEBUG rally_openstack.cleanup.manager [-] Cleaning up neutron network objects
2019-06-15 01:35:54.646 22705 RALLYDEBUG rally_openstack.cleanup.manager [-] Deleting neutron.network object s_rally_bf01bc6d_UN9P0Ehq (00023f62-eb37-4f33-97c5-ebd34baca7d9)
2019-06-15 01:35:54.654 22705 RALLYDEBUG rally_openstack.cleanup.manager [-] Deleting neutron.network object s_rally_bf01bc6d_zGIdqin2 (06fa7c1d-9d0d-4c02-8a2b-0a389d43953a)
2019-06-15 01:35:54.655 22705 RALLYDEBUG rally_openstack.cleanup.manager [-] Deleting neutron.network object s_rally_bf01bc6d_3B91dot3 (02c8cad8-d728-4b64-a912-9e973d111e3b)
2019-06-15 01:35:54.667 22705 RALLYDEBUG rally_openstack.cleanup.manager [-] Deleting neutron.network object s_rally_bf01bc6d_DFFRsHVR (0f1f468d-60a0-443a-8f17-564259f6198b)
2019-06-15 01:35:54.680 22705 RALLYDEBUG rally_openstack.cleanup.manager [-] Deleting neutron.network object s_rally_bf01bc6d_YSKClb2z (14d2aba8-68a1-4004-9ac7-3c045be35b4e)
2019-06-15 01:35:54.682 22705 RALLYDEBUG rally_openstack.cleanup.manager [-] Deleting neutron.network object s_rally_bf01bc6d_0iIHS2St (10e8579a-4f52-49ee-bef9-f368183f1c34)
2019-06-15 01:35:54.697 22705 RALLYDEBUG rally_openstack.cleanup.manager [-] Deleting neutron.network object s_rally_bf01bc6d_XRSZkDc6 (159f84fb-41ac-4137-beac-c3c6e50041b4)
2019-06-15 01:35:54.713 22705 RALLYDEBUG rally_openstack.cleanup.manager [-] Deleting neutron.network object s_rally_bf01bc6d_yaeTSUx5 (182115e0-49cd-4d8f-ab6b-3d4d4073842d)
2019-06-15 01:35:54.736 22705 RALLYDEBUG rally_openstack.cleanup.manager [-] Deleting neutron.network object s_rally_bf01bc6d_RYWjVe0H (27072332-b394-4532-a9e8-1fdf0f45572d)
2019-06-15 01:35:54.736 22705 RALLYDEBUG rally_openstack.cleanup.manager [-] Deleting neutron.network object s_rally_bf01bc6d_zDXurXnP (266f0d8e-be43-4829-8279-5e264b303662)
2019-06-15 01:35:54.745 22705 RALLYDEBUG rally_openstack.cleanup.manager [-] Deleting neutron.network object s_rally_bf01bc6d_V1tfkODW (362afa65-4fc3-4167-b6d5-84ac9311aa21)
2019-06-15 01:35:54.774 22705 RALLYDEBUG rally_openstack.cleanup.manager [-] Deleting neutron.network object s_rally_bf01bc6d_7Eu9p2nZ (3633716d-2ca9-4fea-ba14-4a315541c0f4)
2019-06-15 01:35:54.783 22705 RALLYDEBUG rally_openstack.cleanup.manager [-] Deleting neutron.network object s_rally_bf01bc6d_53LS3pJM (3a62d0eb-bb61-4138-a117-a157c9beea96)
2019-06-15 01:35:54.801 22705 RALLYDEBUG rally_openstack.cleanup.manager [-] Deleting neutron.network object s_rally_bf01bc6d_IDNTBllS (3a927a36-6adb-4a8b-8366-10fee5319133)
2019-06-15 01:35:54.812 22705 RALLYDEBUG rally_openstack.cleanup.manager [-] Deleting neutron.network object s_rally_bf01bc6d_3pmEvU7q (3c6971f7-4045-448f-b01b-30fb84348273)
2019-06-15 01:35:54.833 22705 RALLYDEBUG rally_openstack.cleanup.manager [-] Deleting neutron.network object s_rally_bf01bc6d_BjZAx4Ea (3dd46273-58ff-419c-a283-44e9f7225717)
2019-06-15 01:35:54.844 22705 RALLYDEBUG rally_openstack.cleanup.manager [-] Deleting neutron.network object s_rally_bf01bc6d_7QlRQKeg (3f66519a-541c-4f5d-a08e-933538b3e615)
2019-06-15 01:35:54.847 22705 RALLYDEBUG rally_openstack.cleanup.manager [-] Deleting neutron.network object s_rally_bf01bc6d_Wi48iOv3 (41947ca0-bc4c-460b-89ed-5e1ce75f4246)
2019-06-15 01:35:54.873 22705 RALLYDEBUG rally_openstack.cleanup.manager [-] Deleting neutron.network object s_rally_bf01bc6d_ztg3p7SV (4512f829-fc84-48a5-861e-950266342536)
2019-06-15 01:35:54.875 22705 RALLYDEBUG rally_openstack.cleanup.manager [-] Deleting neutron.network object s_rally_bf01bc6d_sAHq1fV1 (449e3907-6f52-47ca-93d6-96a67d578131)
2019-06-15 01:35:57.784 22705 RALLYDEBUG rally_openstack.cleanup.manager [-] Deleting neutron.network object s_rally_bf01bc6d_UawcW2rU (476ab3aa-b8d0-4c0a-8064-e8cc29b4903b)
2019-06-15 01:35:58.122 22705 RALLYDEBUG rally_openstack.cleanup.manager [-] Deleting neutron.network object s_rally_bf01bc6d_2EsLShal (4ebc7532-54ea-415a-b671-88834960efa7)
2019-06-15 01:35:58.146 22705 RALLYDEBUG rally_openstack.cleanup.manager [-] Deleting neutron.network object s_rally_bf01bc6d_DTnLv72R (50c0a9e1-51c7-437e-85e8-8be94f181b08)
2019-06-15 01:35:58.317 22705 RALLYDEBUG rally_openstack.cleanup.manager [-] Deleting neutron.network object s_rally_bf01bc6d_TBTZbyhg (5718b003-38e2-47c4-b09a-ec927fa85372)
2019-06-15 01:35:58.430 22705 RALLYDEBUG rally_openstack.cleanup.manager [-] Deleting neutron.network object s_rally_bf01bc6d_lvVOnA2D (58c23e22-3f8a-431b-a898-ac2c99bba649)
2019-06-15 01:35:58.591 22705 RALLYDEBUG rally_openstack.cleanup.manager [-] Deleting neutron.network object s_rally_bf01bc6d_Ay459ayA (5906967b-15fb-4183-9855-84b374a4e5b4)
2019-06-15 01:35:58.673 22705 RALLYDEBUG rally_openstack.cleanup.manager [-] Deleting neutron.network object s_rally_bf01bc6d_iMXQ1CJC (5b237481-0e7c-4e1b-a237-a99047d65b3b)
2019-06-15 01:35:59.079 22705 RALLYDEBUG rally_openstack.cleanup.manager [-] Deleting neutron.network object s_rally_bf01bc6d_bFYzH5I2 (5be97c40-1536-4907-9131-8f5b83169b72)
2019-06-15 01:35:59.266 22705 RALLYDEBUG rally_openstack.cleanup.manager [-] Deleting neutron.network object s_rally_bf01bc6d_mPjX9VuS (5d87a6f6-fd24-4795-90ad-f96286141d0f)
2019-06-15 01:35:59.298 22705 RALLYDEBUG rally_openstack.cleanup.manager [-] Deleting neutron.network object s_rally_bf01bc6d_mZZq8YZA (5f3ab596-5e97-4ce0-9b97-10e531a0d0b8)
2019-06-15 01:35:59.377 22705 RALLYDEBUG rally_openstack.cleanup.manager [-] Deleting neutron.network object s_rally_bf01bc6d_NTaVg4uW (63419513-3bed-44c7-aad9-2fed058e9f2d)
2019-06-15 01:35:59.583 22705 RALLYDEBUG rally_openstack.cleanup.manager [-] Deleting neutron.network object s_rally_bf01bc6d_uUQzasbN (6bdd0a9d-a50f-4805-bb3f-7cae4455106d)
2019-06-15 01:35:59.642 22705 RALLYDEBUG rally_openstack.cleanup.manager [-] Deleting neutron.network object s_rally_bf01bc6d_s8cMoNu5 (6e858371-534a-46bc-8ba3-47dd9d6b9b2f)
2019-06-15 01:35:59.645 22705 RALLYDEBUG rally_openstack.cleanup.manager [-] Deleting neutron.network object s_rally_bf01bc6d_JSrfrr9L (7051d3fb-1f1b-4266-bc53-613ff23b57b0)
2019-06-15 01:35:59.797 22705 RALLYDEBUG rally_openstack.cleanup.manager [-] Deleting neutron.network object s_rally_bf01bc6d_rweoDMat (712c8612-17e3-4a58-8e4d-db4d874ae03c)
2019-06-15 01:35:59.869 22705 RALLYDEBUG rally_openstack.cleanup.manager [-] Deleting neutron.network object s_rally_bf01bc6d_KoJMX0nE (731e6773-edd7-42a3-b7d1-45f9ec8b7538)
2019-06-15 01:35:59.931 22705 RALLYDEBUG rally_openstack.cleanup.manager [-] Deleting neutron.network object s_rally_bf01bc6d_TF60jE2r (7438124f-1dcc-443d-8d16-a8054c5a496a)
2019-06-15 01:36:00.036 22705 RALLYDEBUG rally_openstack.cleanup.manager [-] Deleting neutron.network object s_rally_bf01bc6d_9RLiVotg (7c1a50e7-3010-4157-96f2-83f5c69d121f)
2019-06-15 01:36:00.116 22705 RALLYDEBUG rally_openstack.cleanup.manager [-] Deleting neutron.network object s_rally_bf01bc6d_hslNvdE4 (7cedbe38-091c-45bd-ad89-719cb65c0614)
2019-06-15 01:36:00.255 22705 RALLYDEBUG rally_openstack.cleanup.manager [-] Deleting neutron.network object s_rally_bf01bc6d_BG3BvY1u (7da60413-e7b0-4b9b-b38e-ef5a337bc5cb)
2019-06-15 01:36:00.956 22705 RALLYDEBUG rally_openstack.cleanup.manager [-] Deleting neutron.network object s_rally_bf01bc6d_dWQ532Yx (7dce1838-4c8c-4456-8748-c74e217d06da)
2019-06-15 01:36:01.583 22705 RALLYDEBUG rally_openstack.cleanup.manager [-] Deleting neutron.network object s_rally_bf01bc6d_klbRKUPY (7fbfd79b-b613-4bec-a2d3-459448bec49b)
2019-06-15 01:36:01.585 22705 RALLYDEBUG rally_openstack.cleanup.manager [-] Deleting neutron.network object s_rally_bf01bc6d_SJyH8vWD (7ed1abac-ee04-431d-aed1-dd8d704f3e7b)
2019-06-15 01:36:01.801 22705 RALLYDEBUG rally_openstack.cleanup.manager [-] Deleting neutron.network object s_rally_bf01bc6d_LPnlWdfU (80be20b9-a448-4c1c-8911-c75403cdabc9)
2019-06-15 01:36:02.273 22705 RALLYDEBUG rally_openstack.cleanup.manager [-] Deleting neutron.network object s_rally_bf01bc6d_E3t1O3zx (858a3742-c815-45dc-916c-c1035e49953d)
2019-06-15 01:36:02.276 22705 RALLYDEBUG rally_openstack.cleanup.manager [-] Deleting neutron.network object s_rally_bf01bc6d_63YV55LF (875389d8-f202-475a-a4e3-7540e798b3c4)
2019-06-15 01:36:02.323 22705 RALLYDEBUG rally_openstack.cleanup.manager [-] Deleting neutron.network object s_rally_bf01bc6d_wB467M2F (881a6095-e34c-49dd-be95-4f121a35b579)
2019-06-15 01:36:02.510 22705 RALLYDEBUG rally_openstack.cleanup.manager [-] Deleting neutron.network object s_rally_bf01bc6d_Il5Q0jrt (8c6223b9-013d-4a26-a348-ecad4d931bb3)
2019-06-15 01:36:03.013 22705 RALLYDEBUG rally_openstack.cleanup.manager [-] Deleting neutron.network object s_rally_bf01bc6d_lgMwTM7j (8c6f024a-ef4d-4dda-94b7-c875c1404038)
2019-06-15 01:36:03.116 22705 RALLYDEBUG rally_openstack.cleanup.manager [-] Deleting neutron.network object s_rally_bf01bc6d_UQaIBVda (8d099226-6028-41cf-978f-f73b0b4ed066)
2019-06-15 01:36:03.184 22705 RALLYDEBUG rally_openstack.cleanup.manager [-] Deleting neutron.network object s_rally_bf01bc6d_ntPbxdRH (90ed7fb2-eaf4-46b4-8053-fddf07d2a600)
2019-06-15 01:36:03.265 22705 RALLYDEBUG rally_openstack.cleanup.manager [-] Deleting neutron.network object s_rally_bf01bc6d_IOXqgd2b (90f25ba5-4989-48ed-acf4-3c4780dda773)
2019-06-15 01:36:03.425 22705 RALLYDEBUG rally_openstack.cleanup.manager [-] Deleting neutron.network object s_rally_bf01bc6d_LRAvc6pe (914b27a7-e523-4a08-b848-4457db90081f)
2019-06-15 01:36:03.633 22705 RALLYDEBUG rally_openstack.cleanup.manager [-] Deleting neutron.network object s_rally_bf01bc6d_MuHRjlTn (93d8e095-16e8-4147-b0d9-0edf58dacde8)
2019-06-15 01:36:03.635 22705 RALLYDEBUG rally_openstack.cleanup.manager [-] Deleting neutron.network object s_rally_bf01bc6d_lNgOBBYl (91cdfde6-221c-499a-bf35-7ac94835bc12)
2019-06-15 01:36:03.673 22705 RALLYDEBUG rally_openstack.cleanup.manager [-] Deleting neutron.network object s_rally_bf01bc6d_E7UHbZwU (945e258c-06c2-4cfa-82bc-b7b501927f5d)
2019-06-15 01:36:03.963 22705 RALLYDEBUG rally_openstack.cleanup.manager [-] Deleting neutron.network object s_rally_bf01bc6d_FsCa1PSw (971f56ec-5cd1-439a-a3c5-a43d9c714524)
2019-06-15 01:36:04.084 22705 RALLYDEBUG rally_openstack.cleanup.manager [-] Deleting neutron.network object s_rally_bf01bc6d_z6zglkSc (9a5061a4-9d1e-4d6c-916c-6b1579f71af3)
2019-06-15 01:36:04.346 22705 RALLYDEBUG rally_openstack.cleanup.manager [-] Deleting neutron.network object s_rally_bf01bc6d_FsgdbMne (9c7f881c-09e1-4822-8976-f5d1ba21bc7c)
2019-06-15 01:36:04.445 22705 RALLYDEBUG rally_openstack.cleanup.manager [-] Deleting neutron.network object s_rally_bf01bc6d_PusA56wd (9d2f2520-1cb5-4845-9738-f56387419f42)
2019-06-15 01:36:04.469 22705 RALLYDEBUG rally_openstack.cleanup.manager [-] Deleting neutron.network object s_rally_bf01bc6d_BLqa7ip5 (9eb2a566-1b67-4f14-9d15-6dce3765ec06)
2019-06-15 01:36:04.538 22705 RALLYDEBUG rally_openstack.cleanup.manager [-] Deleting neutron.network object s_rally_bf01bc6d_IKLtFCVT (a2dcde3d-7ef3-4001-977b-6fc196833fc0)
2019-06-15 01:36:04.723 22705 RALLYDEBUG rally_openstack.cleanup.manager [-] Deleting neutron.network object s_rally_bf01bc6d_aSKclq6P (a2e78a7b-a986-48b7-8a8e-ccb4930970bc)
2019-06-15 01:36:04.873 22705 RALLYDEBUG rally_openstack.cleanup.manager [-] Deleting neutron.network object s_rally_bf01bc6d_i9hxYMhX (a646b3ba-fd2a-433c-911a-5a793f0d7706)
2019-06-15 01:36:05.522 22705 RALLYDEBUG rally_openstack.cleanup.manager [-] Deleting neutron.network object s_rally_bf01bc6d_Yo7i7BdQ (a8f07223-3093-4158-af62-5f308617e766)
2019-06-15 01:36:05.752 22705 RALLYDEBUG rally_openstack.cleanup.manager [-] Deleting neutron.network object s_rally_bf01bc6d_ClmGaY8g (aad24463-fd2a-466f-8784-2a434ff862ba)
2019-06-15 01:36:05.810 22705 RALLYDEBUG rally_openstack.cleanup.manager [-] Deleting neutron.network object s_rally_bf01bc6d_3YPMkcMD (ad137c54-d5c1-4842-9d9a-2bcea5a4e590)
2019-06-15 01:36:06.401 22705 RALLYDEBUG rally_openstack.cleanup.manager [-] Deleting neutron.network object s_rally_bf01bc6d_eZ6BlAR3 (ad9dafb8-d1f9-4810-b7ff-0d35f6f663df)
2019-06-15 01:36:06.488 22705 RALLYDEBUG rally_openstack.cleanup.manager [-] Deleting neutron.network object s_rally_bf01bc6d_Xon2oN5x (b097954d-24d1-4c52-8f45-4f22915abb84)
2019-06-15 01:36:06.554 22705 RALLYDEBUG rally_openstack.cleanup.manager [-] Deleting neutron.network object s_rally_bf01bc6d_0sLZNBrk (b423d7b5-6bb3-4c71-9751-c59aa87215be)
2019-06-15 01:36:06.606 22705 RALLYDEBUG rally_openstack.cleanup.manager [-] Deleting neutron.network object s_rally_bf01bc6d_n1Sl3naA (b46eb16d-ccb6-4dad-bce3-b8c8f51b3aa3)
2019-06-15 01:36:06.714 22705 RALLYDEBUG rally_openstack.cleanup.manager [-] Deleting neutron.network object s_rally_bf01bc6d_JC194mY8 (b52405ac-5164-4378-99c2-d3f5189a3992)
2019-06-15 01:36:06.923 22705 RALLYDEBUG rally_openstack.cleanup.manager [-] Deleting neutron.network object s_rally_bf01bc6d_MVDRApFc (b746a8d7-fa76-4ad9-8599-89db9fc2e499)
2019-06-15 01:36:06.953 22705 RALLYDEBUG rally_openstack.cleanup.manager [-] Deleting neutron.network object s_rally_bf01bc6d_hJKvnPn2 (b7e5b2af-6429-4d08-bcb0-13c65eba7c83)
2019-06-15 01:36:07.264 22705 RALLYDEBUG rally_openstack.cleanup.manager [-] Deleting neutron.network object s_rally_bf01bc6d_V4YS7UR7 (bbc30d41-19a3-49f8-ab1c-a8f6602bd998)
2019-06-15 01:36:07.281 22705 RALLYDEBUG rally_openstack.cleanup.manager [-] Deleting neutron.network object s_rally_bf01bc6d_Eb71NOkx (bcbf9113-f18e-4b22-b72c-9d10ce947fd7)
2019-06-15 01:36:07.617 22705 RALLYDEBUG rally_openstack.cleanup.manager [-] Deleting neutron.network object s_rally_bf01bc6d_V3LCQbwu (c24de058-a97e-4185-a791-ccaf7ab4f0c3)
2019-06-15 01:36:07.779 22705 RALLYDEBUG rally_openstack.cleanup.manager [-] Deleting neutron.network object s_rally_bf01bc6d_i4sFB93j (cb39d1f1-0b14-4f8e-b725-33720a41ba72)
2019-06-15 01:36:07.821 22705 RALLYDEBUG rally_openstack.cleanup.manager [-] Deleting neutron.network object s_rally_bf01bc6d_Qwu5Fz8Z (ceb53def-cebb-4845-99fb-af5a6aa6e11d)
2019-06-15 01:36:07.869 22705 RALLYDEBUG rally_openstack.cleanup.manager [-] Deleting neutron.network object s_rally_bf01bc6d_b6nLPIm7 (d28e8e7e-c191-4c3b-8220-605f0663989a)
2019-06-15 01:36:07.922 22705 RALLYDEBUG rally_openstack.cleanup.manager [-] Deleting neutron.network object s_rally_bf01bc6d_FXJThqC1 (d29a94b8-3be9-454c-9d25-905b12ae3588)
2019-06-15 01:36:08.364 22705 RALLYDEBUG rally_openstack.cleanup.manager [-] Deleting neutron.network object s_rally_bf01bc6d_aSfAVwjC (d7cfa94c-3574-4891-9f19-aa2a37a165ce)
2019-06-15 01:36:08.446 22705 RALLYDEBUG rally_openstack.cleanup.manager [-] Deleting neutron.network object s_rally_bf01bc6d_lXS9CBim (d87d74d4-933f-427d-8b3c-02b29119701d)
2019-06-15 01:36:08.908 22705 RALLYDEBUG rally_openstack.cleanup.manager [-] Deleting neutron.network object s_rally_bf01bc6d_x69tilcK (d8a3533c-95ad-48e3-899d-0a9d6957eca7)
2019-06-15 01:36:09.040 22705 RALLYDEBUG rally_openstack.cleanup.manager [-] Deleting neutron.network object s_rally_bf01bc6d_rLmhlbeS (db60f2ab-a4f2-4405-ba18-9be46514f211)
2019-06-15 01:36:09.130 22705 RALLYDEBUG rally_openstack.cleanup.manager [-] Deleting neutron.network object s_rally_bf01bc6d_es1V8ILy (dd666b23-84d5-4d41-a31b-9abe7aa5ebdf)
2019-06-15 01:36:09.176 22705 RALLYDEBUG rally_openstack.cleanup.manager [-] Deleting neutron.network object s_rally_bf01bc6d_gc4DoWKX (de464e49-05af-4405-b752-8e9b5f3b61a9)
2019-06-15 01:36:09.626 22705 RALLYDEBUG rally_openstack.cleanup.manager [-] Deleting neutron.network object s_rally_bf01bc6d_NmQNRHXW (e0ce8466-614c-4638-b012-c8ca9109a61d)
2019-06-15 01:36:09.739 22705 RALLYDEBUG rally_openstack.cleanup.manager [-] Deleting neutron.network object s_rally_bf01bc6d_roEQgTLu (e32b8c92-2820-47b7-b357-98720dd9e2c4)
2019-06-15 01:36:09.818 22705 RALLYDEBUG rally_openstack.cleanup.manager [-] Deleting neutron.network object s_rally_bf01bc6d_vYL0dPhw (e446f7ff-9e6d-466a-abea-36e18401fd34)
2019-06-15 01:36:09.873 22705 RALLYDEBUG rally_openstack.cleanup.manager [-] Deleting neutron.network object s_rally_bf01bc6d_NgVexPxR (e6d5dd83-1446-468f-8b4d-c5c96f67005d)
2019-06-15 01:36:10.106 22705 RALLYDEBUG rally_openstack.cleanup.manager [-] Deleting neutron.network object s_rally_bf01bc6d_W0QKIOeQ (e7456b52-5ff1-42f3-b4ae-5f27f463edfe)
2019-06-15 01:36:10.250 22705 RALLYDEBUG rally_openstack.cleanup.manager [-] Deleting neutron.network object s_rally_bf01bc6d_DbjeYXuH (e8ddc6d8-1e42-42b9-a3ac-95756a9cf66b)
2019-06-15 01:36:10.335 22705 RALLYDEBUG rally_openstack.cleanup.manager [-] Deleting neutron.network object s_rally_bf01bc6d_B3lCe5cC (e9c4b55d-dad0-420d-95e1-5d9a34df9f49)
2019-06-15 01:36:10.358 22705 RALLYDEBUG rally_openstack.cleanup.manager [-] Deleting neutron.network object s_rally_bf01bc6d_bCipKOJ5 (e9f9e64d-c2c6-4b88-b7b5-0f2e579b935d)
2019-06-15 01:36:10.631 22705 RALLYDEBUG rally_openstack.cleanup.manager [-] Deleting neutron.network object s_rally_bf01bc6d_DbKFhGvs (ea14456e-d347-4fd0-8ace-8c9c0b8da9d1)
