2019-06-15 01:41:21.989 24813 RALLYDEBUG rally.task.runner [-] Starting a worker. concurrency: 1 args: {"network_create_args": {}, "subnet_create_args": {}, "subnet_cidr_start": "1.1.0.0/30", "subnets_per_network": 2} times: 40 method_name: run timeout: 0 duration: None cls:
2019-06-15 01:41:21.989 24808 INFO rally.task.runner [-] Task c4812d49-5ffa-40fa-af74-4844ed6d63fc | ITER: 10 START
2019-06-15 01:41:21.991 24808 WARNING rally_openstack.scenarios.neutron.utils [-] Running this scenario without either the 'network' or 'existing_network' context is deprecated
2019-06-15 01:41:21.980 24799 WARNING rally_openstack.scenarios.neutron.utils [-] Running this scenario without either the 'network' or 'existing_network' context is deprecated
2019-06-15 01:41:21.991 24800 WARNING rally_openstack.scenarios.neutron.utils [-] Running this scenario without either the 'network' or 'existing_network' context is deprecated
2019-06-15 01:41:21.994 24820 RALLYDEBUG rally.task.runner [-] Starting a worker. concurrency: 1 args: {"network_create_args": {}, "subnet_create_args": {}, "subnet_cidr_start": "1.1.0.0/30", "subnets_per_network": 2} times: 40 method_name: run timeout: 0 duration: None cls:
2019-06-15 01:41:21.996 24813 INFO rally.task.runner [-] Task c4812d49-5ffa-40fa-af74-4844ed6d63fc | ITER: 11 START
2019-06-15 01:41:21.988 24802 INFO rally.task.runner [-] Task c4812d49-5ffa-40fa-af74-4844ed6d63fc | ITER: 6 START
2019-06-15 01:41:21.998 24802 WARNING rally_openstack.scenarios.neutron.utils [-] Running this scenario without either the 'network' or 'existing_network' context is deprecated
2019-06-15 01:41:21.987 24801 WARNING rally_openstack.scenarios.neutron.utils [-] Running this scenario without either the 'network' or 'existing_network' context is deprecated
2019-06-15 01:41:21.998 24813 WARNING rally_openstack.scenarios.neutron.utils [-] Running this scenario without either the 'network' or 'existing_network' context is deprecated
2019-06-15 01:41:22.001 24820 INFO rally.task.runner [-] Task c4812d49-5ffa-40fa-af74-4844ed6d63fc | ITER: 12 START
2019-06-15 01:41:22.001 24825 RALLYDEBUG rally.task.runner [-] Starting a worker. concurrency: 1 args: {"network_create_args": {}, "subnet_create_args": {}, "subnet_cidr_start": "1.1.0.0/30", "subnets_per_network": 2} times: 40 method_name: run timeout: 0 duration: None cls:
2019-06-15 01:41:22.002 24820 WARNING rally_openstack.scenarios.neutron.utils [-] Running this scenario without either the 'network' or 'existing_network' context is deprecated
2019-06-15 01:41:22.006 24825 INFO rally.task.runner [-] Task c4812d49-5ffa-40fa-af74-4844ed6d63fc | ITER: 13 START
2019-06-15 01:41:22.008 24825 WARNING rally_openstack.scenarios.neutron.utils [-] Running this scenario without either the 'network' or 'existing_network' context is deprecated
2019-06-15 01:41:22.010 24828 RALLYDEBUG rally.task.runner [-] Starting a worker. concurrency: 1 args: {"network_create_args": {}, "subnet_create_args": {}, "subnet_cidr_start": "1.1.0.0/30", "subnets_per_network": 2} times: 40 method_name: run timeout: 0 duration: None cls:
2019-06-15 01:41:22.016 24831 RALLYDEBUG rally.task.runner [-] Starting a worker. concurrency: 1 args: {"network_create_args": {}, "subnet_create_args": {}, "subnet_cidr_start": "1.1.0.0/30", "subnets_per_network": 2} times: 40 method_name: run timeout: 0 duration: None cls:
2019-06-15 01:41:22.017 24828 INFO rally.task.runner [-] Task c4812d49-5ffa-40fa-af74-4844ed6d63fc | ITER: 14 START
2019-06-15 01:41:22.019 24828 WARNING rally_openstack.scenarios.neutron.utils [-] Running this scenario without either the 'network' or 'existing_network' context is deprecated
2019-06-15 01:41:22.022 24834 RALLYDEBUG rally.task.runner [-] Starting a worker. concurrency: 1 args: {"network_create_args": {}, "subnet_create_args": {}, "subnet_cidr_start": "1.1.0.0/30", "subnets_per_network": 2} times: 40 method_name: run timeout: 0 duration: None cls:
2019-06-15 01:41:22.025 24831 INFO rally.task.runner [-] Task c4812d49-5ffa-40fa-af74-4844ed6d63fc | ITER: 15 START
2019-06-15 01:41:22.027 24834 INFO rally.task.runner [-] Task c4812d49-5ffa-40fa-af74-4844ed6d63fc | ITER: 16 START
2019-06-15 01:41:22.027 24831 WARNING rally_openstack.scenarios.neutron.utils [-] Running this scenario without either the 'network' or 'existing_network' context is deprecated
2019-06-15 01:41:22.027 24837 RALLYDEBUG rally.task.runner [-] Starting a worker. concurrency: 1 args: {"network_create_args": {}, "subnet_create_args": {}, "subnet_cidr_start": "1.1.0.0/30", "subnets_per_network": 2} times: 40 method_name: run timeout: 0 duration: None cls:
2019-06-15 01:41:22.028 24834 WARNING rally_openstack.scenarios.neutron.utils [-] Running this scenario without either the 'network' or 'existing_network' context is deprecated
2019-06-15 01:41:22.030 24838 RALLYDEBUG rally.task.runner [-] Starting a worker. concurrency: 1 args: {"network_create_args": {}, "subnet_create_args": {}, "subnet_cidr_start": "1.1.0.0/30", "subnets_per_network": 2} times: 40 method_name: run timeout: 0 duration: None cls:
2019-06-15 01:41:22.033 24837 INFO rally.task.runner [-] Task c4812d49-5ffa-40fa-af74-4844ed6d63fc | ITER: 17 START
2019-06-15 01:41:22.034 24838 INFO rally.task.runner [-] Task c4812d49-5ffa-40fa-af74-4844ed6d63fc | ITER: 18 START
2019-06-15 01:41:22.034 24837 WARNING rally_openstack.scenarios.neutron.utils [-] Running this scenario without either the 'network' or 'existing_network' context is deprecated
2019-06-15 01:41:22.034 24841 RALLYDEBUG rally.task.runner [-] Starting a worker. concurrency: 1 args: {"network_create_args": {}, "subnet_create_args": {}, "subnet_cidr_start": "1.1.0.0/30", "subnets_per_network": 2} times: 40 method_name: run timeout: 0 duration: None cls:
2019-06-15 01:41:22.035 24838 WARNING rally_openstack.scenarios.neutron.utils [-] Running this scenario without either the 'network' or 'existing_network' context is deprecated
2019-06-15 01:41:22.038 24844 RALLYDEBUG rally.task.runner [-] Starting a worker. concurrency: 1 args: {"network_create_args": {}, "subnet_create_args": {}, "subnet_cidr_start": "1.1.0.0/30", "subnets_per_network": 2} times: 40 method_name: run timeout: 0 duration: None cls:
2019-06-15 01:41:22.039 24841 INFO rally.task.runner [-] Task c4812d49-5ffa-40fa-af74-4844ed6d63fc | ITER: 19 START
2019-06-15 01:41:22.041 24841 WARNING rally_openstack.scenarios.neutron.utils [-] Running this scenario without either the 'network' or 'existing_network' context is deprecated
2019-06-15 01:41:22.042 24844 INFO rally.task.runner [-] Task c4812d49-5ffa-40fa-af74-4844ed6d63fc | ITER: 20 START
2019-06-15 01:41:22.043 24844 WARNING rally_openstack.scenarios.neutron.utils [-] Running this scenario without either the 'network' or 'existing_network' context is deprecated
2019-06-15 01:41:24.374 24813 RALLYDEBUG rally_openstack.wrappers.network [-] CIDR generated: 1.1.4.96/30
2019-06-15 01:41:24.471 24804 RALLYDEBUG rally_openstack.wrappers.network [-] CIDR generated: 1.1.4.100/30
2019-06-15 01:41:24.509 24820 RALLYDEBUG rally_openstack.wrappers.network [-] CIDR generated: 1.1.4.104/30
2019-06-15 01:41:24.837 24825 RALLYDEBUG rally_openstack.wrappers.network [-] CIDR generated: 1.1.4.108/30
2019-06-15 01:41:25.499 24802 RALLYDEBUG rally_openstack.wrappers.network [-] CIDR generated: 1.1.4.112/30
2019-06-15 01:41:25.513 24844 RALLYDEBUG rally_openstack.wrappers.network [-] CIDR generated: 1.1.4.116/30
2019-06-15 01:41:25.593 24799 RALLYDEBUG rally_openstack.wrappers.network [-] CIDR generated: 1.1.4.120/30
2019-06-15 01:41:25.620 24837 RALLYDEBUG rally_openstack.wrappers.network [-] CIDR generated: 1.1.4.124/30
2019-06-15 01:41:25.744 24800 RALLYDEBUG rally_openstack.wrappers.network [-] CIDR generated: 1.1.4.128/30
2019-06-15 01:41:25.860 24799 RALLYDEBUG rally_openstack.wrappers.network [-] CIDR generated: 1.1.4.132/30
2019-06-15 01:41:26.345 24828 RALLYDEBUG rally_openstack.wrappers.network [-] CIDR generated: 1.1.4.136/30
2019-06-15 01:41:26.704 24804 RALLYDEBUG rally_openstack.wrappers.network [-] CIDR generated: 1.1.4.140/30
2019-06-15 01:41:26.842 24813 RALLYDEBUG rally_openstack.wrappers.network [-] CIDR generated: 1.1.4.144/30
2019-06-15 01:41:27.033 24825 RALLYDEBUG rally_openstack.wrappers.network [-] CIDR generated: 1.1.4.148/30
2019-06-15 01:41:27.153 24820 RALLYDEBUG rally_openstack.wrappers.network [-] CIDR generated: 1.1.4.152/30
2019-06-15 01:41:27.536 24844 RALLYDEBUG rally_openstack.wrappers.network [-] CIDR generated: 1.1.4.156/30
2019-06-15 01:41:27.607 24802 RALLYDEBUG rally_openstack.wrappers.network [-] CIDR generated: 1.1.4.160/30
2019-06-15 01:41:27.621 24837 RALLYDEBUG rally_openstack.wrappers.network [-] CIDR generated: 1.1.4.164/30
2019-06-15 01:41:27.920 24800 RALLYDEBUG rally_openstack.wrappers.network [-] CIDR generated: 1.1.4.168/30
2019-06-15 01:41:28.093 24800 RALLYDEBUG rally_openstack.wrappers.network [-] CIDR generated: 1.1.4.172/30
2019-06-15 01:41:28.100 24808 RALLYDEBUG rally_openstack.wrappers.network [-] CIDR generated: 1.1.4.176/30
2019-06-15 01:41:28.140 24801 RALLYDEBUG rally_openstack.wrappers.network [-] CIDR generated: 1.1.4.180/30
2019-06-15 01:41:28.222 24802 RALLYDEBUG rally_openstack.wrappers.network [-] CIDR generated: 1.1.4.184/30
2019-06-15 01:41:28.286 24799 RALLYDEBUG rally_openstack.wrappers.network [-] CIDR generated: 1.1.4.188/30
2019-06-15 01:41:28.418 24799 RALLYDEBUG rally_openstack.wrappers.network [-] CIDR generated: 1.1.4.192/30
2019-06-15 01:41:28.521 24834 RALLYDEBUG rally_openstack.wrappers.network [-] CIDR generated: 1.1.4.196/30
2019-06-15 01:41:28.548 24828 RALLYDEBUG rally_openstack.wrappers.network [-] CIDR generated: 1.1.4.200/30
2019-06-15 01:41:28.632 24841 RALLYDEBUG rally_openstack.wrappers.network [-] CIDR generated: 1.1.4.204/30
2019-06-15 01:41:28.700 24831 RALLYDEBUG rally_openstack.wrappers.network [-] CIDR generated: 1.1.4.208/30
2019-06-15 01:41:28.718 24838 RALLYDEBUG rally_openstack.wrappers.network [-] CIDR generated: 1.1.4.212/30
2019-06-15 01:41:28.733 24801 RALLYDEBUG rally_openstack.wrappers.network [-] CIDR generated: 1.1.4.216/30
2019-06-15 01:41:30.447 24800 RALLYDEBUG rally_openstack.wrappers.network [-] CIDR generated: 1.1.4.220/30
2019-06-15 01:41:30.687 24808 RALLYDEBUG rally_openstack.wrappers.network [-] CIDR generated: 1.1.4.224/30
2019-06-15 01:41:30.811 24802 RALLYDEBUG rally_openstack.wrappers.network [-] CIDR generated: 1.1.4.228/30
2019-06-15 01:41:30.950 24801 RALLYDEBUG rally_openstack.wrappers.network [-] CIDR generated: 1.1.4.232/30
2019-06-15 01:41:31.153 24831 RALLYDEBUG rally_openstack.wrappers.network [-] CIDR generated: 1.1.4.236/30
2019-06-15 01:41:31.165 24834 RALLYDEBUG rally_openstack.wrappers.network [-] CIDR generated: 1.1.4.240/30
2019-06-15 01:41:31.818 24838 RALLYDEBUG rally_openstack.wrappers.network [-] CIDR generated: 1.1.4.244/30
2019-06-15 01:41:32.284 24841 RALLYDEBUG rally_openstack.wrappers.network [-] CIDR generated: 1.1.4.248/30
2019-06-15 01:41:32.315 24801 RALLYDEBUG rally_openstack.wrappers.network [-] CIDR generated: 1.1.4.252/30
2019-06-15 01:41:32.720 24825 INFO rally.task.runner [-] Task c4812d49-5ffa-40fa-af74-4844ed6d63fc | ITER: 13 END: OK
2019-06-15 01:41:32.724 24825 INFO rally.task.runner [-] Task c4812d49-5ffa-40fa-af74-4844ed6d63fc | ITER: 21 START
2019-06-15 01:41:32.725 24825 WARNING rally_openstack.scenarios.neutron.utils [-] Running this scenario without either the 'network' or 'existing_network' context is deprecated
2019-06-15 01:41:33.443 24802 INFO rally.task.runner [-] Task c4812d49-5ffa-40fa-af74-4844ed6d63fc | ITER: 6 END: OK
2019-06-15 01:41:33.448 24802 INFO rally.task.runner [-] Task c4812d49-5ffa-40fa-af74-4844ed6d63fc | ITER: 22 START
2019-06-15 01:41:33.448 24802 WARNING rally_openstack.scenarios.neutron.utils [-] Running this scenario without either the 'network' or 'existing_network' context is deprecated
2019-06-15 01:41:33.792 24804 INFO rally.task.runner [-] Task c4812d49-5ffa-40fa-af74-4844ed6d63fc | ITER: 8 END: OK
2019-06-15 01:41:33.796 24804 INFO rally.task.runner [-] Task c4812d49-5ffa-40fa-af74-4844ed6d63fc | ITER: 23 START
2019-06-15 01:41:33.797 24804 WARNING rally_openstack.scenarios.neutron.utils [-] Running this scenario without either the 'network' or 'existing_network' context is deprecated
2019-06-15 01:41:33.832 24844 INFO rally.task.runner [-] Task c4812d49-5ffa-40fa-af74-4844ed6d63fc | ITER: 20 END: OK
2019-06-15 01:41:33.837 24844 INFO rally.task.runner [-] Task c4812d49-5ffa-40fa-af74-4844ed6d63fc | ITER: 24 START
2019-06-15 01:41:33.838 24844 WARNING rally_openstack.scenarios.neutron.utils [-] Running this scenario without either the 'network' or 'existing_network' context is deprecated
2019-06-15 01:41:34.081 24813 INFO rally.task.runner [-] Task c4812d49-5ffa-40fa-af74-4844ed6d63fc | ITER: 11 END: OK
2019-06-15 01:41:34.086 24813 INFO rally.task.runner [-] Task c4812d49-5ffa-40fa-af74-4844ed6d63fc | ITER: 25 START
2019-06-15 01:41:34.087 24813 WARNING rally_openstack.scenarios.neutron.utils [-] Running this scenario without either the 'network' or 'existing_network' context is deprecated
2019-06-15 01:41:34.603 24799 INFO rally.task.runner [-] Task c4812d49-5ffa-40fa-af74-4844ed6d63fc | ITER: 2 END: OK
2019-06-15 01:41:34.608 24799 INFO rally.task.runner [-] Task c4812d49-5ffa-40fa-af74-4844ed6d63fc | ITER: 26 START
2019-06-15 01:41:34.609 24799 WARNING rally_openstack.scenarios.neutron.utils [-] Running this scenario without either the 'network' or 'existing_network' context is deprecated
2019-06-15 01:41:34.616 24820 INFO rally.task.runner [-] Task c4812d49-5ffa-40fa-af74-4844ed6d63fc | ITER: 12 END: OK
2019-06-15 01:41:34.622 24820 INFO rally.task.runner [-] Task c4812d49-5ffa-40fa-af74-4844ed6d63fc | ITER: 27 START
2019-06-15 01:41:34.623 24820 WARNING rally_openstack.scenarios.neutron.utils [-] Running this scenario without either the 'network' or 'existing_network' context is deprecated
2019-06-15 01:41:34.794 24825 RALLYDEBUG rally_openstack.wrappers.network [-] CIDR generated: 1.1.5.0/30
2019-06-15 01:41:35.701 24837 INFO rally.task.runner [-] Task c4812d49-5ffa-40fa-af74-4844ed6d63fc | ITER: 17 END: OK
2019-06-15 01:41:35.705 24837 INFO rally.task.runner [-] Task c4812d49-5ffa-40fa-af74-4844ed6d63fc | ITER: 28 START
2019-06-15 01:41:35.706 24837 WARNING rally_openstack.scenarios.neutron.utils [-] Running this scenario without either the 'network' or 'existing_network' context is deprecated
2019-06-15 01:41:36.069 24804 RALLYDEBUG rally_openstack.wrappers.network [-] CIDR generated: 1.1.5.4/30
2019-06-15 01:41:36.290 24802 RALLYDEBUG rally_openstack.wrappers.network [-] CIDR generated: 1.1.5.8/30
2019-06-15 01:41:36.371 24802 INFO rally.task.runner [-] Task c4812d49-5ffa-40fa-af74-4844ed6d63fc | ITER: 9 END: OK
2019-06-15 01:41:36.375 24802 INFO rally.task.runner [-] Task c4812d49-5ffa-40fa-af74-4844ed6d63fc | ITER: 29 START
2019-06-15 01:41:36.376 24802 WARNING rally_openstack.scenarios.neutron.utils [-] Running this scenario without either the 'network' or 'existing_network' context is deprecated
2019-06-15 01:41:36.500 24813 RALLYDEBUG rally_openstack.wrappers.network [-] CIDR generated: 1.1.5.12/30
2019-06-15 01:41:36.554 24800 INFO rally.task.runner [-] Task c4812d49-5ffa-40fa-af74-4844ed6d63fc | ITER: 3 END: OK
2019-06-15 01:41:36.559 24800 INFO rally.task.runner [-] Task c4812d49-5ffa-40fa-af74-4844ed6d63fc | ITER: 30 START
2019-06-15 01:41:36.560 24800 WARNING rally_openstack.scenarios.neutron.utils [-] Running this scenario without either the 'network' or 'existing_network' context is deprecated
2019-06-15 01:41:36.673 24820 RALLYDEBUG rally_openstack.wrappers.network [-] CIDR generated: 1.1.5.16/30
2019-06-15 01:41:37.087 24844 RALLYDEBUG rally_openstack.wrappers.network [-] CIDR generated: 1.1.5.20/30
2019-06-15 01:41:37.168 24800 INFO rally.task.runner [-] Task c4812d49-5ffa-40fa-af74-4844ed6d63fc | ITER: 5 END: OK
2019-06-15 01:41:37.173 24800 INFO rally.task.runner [-] Task c4812d49-5ffa-40fa-af74-4844ed6d63fc | ITER: 31 START
2019-06-15 01:41:37.173 24800 WARNING rally_openstack.scenarios.neutron.utils [-] Running this scenario without either the 'network' or 'existing_network' context is deprecated
2019-06-15 01:41:37.361 24799 INFO rally.task.runner [-] Task c4812d49-5ffa-40fa-af74-4844ed6d63fc | ITER: 1 END: OK
2019-06-15 01:41:37.364 24799 INFO rally.task.runner [-] Task c4812d49-5ffa-40fa-af74-4844ed6d63fc | ITER: 32 START
2019-06-15 01:41:37.365 24799 WARNING rally_openstack.scenarios.neutron.utils [-] Running this scenario without either the 'network' or 'existing_network' context is deprecated
2019-06-15 01:41:37.572 24799 RALLYDEBUG rally_openstack.wrappers.network [-] CIDR generated: 1.1.5.24/30
2019-06-15 01:41:37.741 24825 RALLYDEBUG rally_openstack.wrappers.network [-] CIDR generated: 1.1.5.28/30
2019-06-15 01:41:37.771 24828 INFO rally.task.runner [-] Task c4812d49-5ffa-40fa-af74-4844ed6d63fc | ITER: 14 END: OK
2019-06-15 01:41:37.776 24828 INFO rally.task.runner [-] Task c4812d49-5ffa-40fa-af74-4844ed6d63fc | ITER: 33 START
2019-06-15 01:41:37.777 24828 WARNING rally_openstack.scenarios.neutron.utils [-] Running this scenario without either the 'network' or 'existing_network' context is deprecated
2019-06-15 01:41:38.109 24834 INFO rally.task.runner [-] Task c4812d49-5ffa-40fa-af74-4844ed6d63fc | ITER: 16 END: OK
2019-06-15 01:41:38.114 24834 INFO rally.task.runner [-] Task c4812d49-5ffa-40fa-af74-4844ed6d63fc | ITER: 34 START
2019-06-15 01:41:38.115 24834 WARNING rally_openstack.scenarios.neutron.utils [-] Running this scenario without either the 'network' or 'existing_network' context is deprecated
2019-06-15 01:41:38.266 24837 RALLYDEBUG rally_openstack.wrappers.network [-] CIDR generated: 1.1.5.32/30
2019-06-15 01:41:38.439 24801 INFO rally.task.runner [-] Task c4812d49-5ffa-40fa-af74-4844ed6d63fc | ITER: 4 END: OK
2019-06-15 01:41:38.442 24801 INFO rally.task.runner [-] Task c4812d49-5ffa-40fa-af74-4844ed6d63fc | ITER: 35 START
2019-06-15 01:41:38.443 24801 WARNING rally_openstack.scenarios.neutron.utils [-] Running this scenario without either the 'network' or 'existing_network' context is deprecated
2019-06-15 01:41:38.798 24808 INFO rally.task.runner [-] Task c4812d49-5ffa-40fa-af74-4844ed6d63fc | ITER: 10 END: OK
2019-06-15 01:41:38.801 24808 INFO rally.task.runner [-] Task c4812d49-5ffa-40fa-af74-4844ed6d63fc | ITER: 36 START
2019-06-15 01:41:38.802 24808 WARNING rally_openstack.scenarios.neutron.utils [-] Running this scenario without either the 'network' or 'existing_network' context is deprecated
2019-06-15 01:41:38.842 24802 RALLYDEBUG rally_openstack.wrappers.network [-] CIDR generated: 1.1.5.36/30
2019-06-15 01:41:39.004 24804 RALLYDEBUG rally_openstack.wrappers.network [-] CIDR generated: 1.1.5.40/30
2019-06-15 01:41:39.027 24838 INFO rally.task.runner [-] Task c4812d49-5ffa-40fa-af74-4844ed6d63fc | ITER: 18 END: OK
2019-06-15 01:41:39.031 24838 INFO rally.task.runner [-] Task c4812d49-5ffa-40fa-af74-4844ed6d63fc | ITER: 37 START
2019-06-15 01:41:39.032 24838 WARNING rally_openstack.scenarios.neutron.utils [-] Running this scenario without either the 'network' or 'existing_network' context is deprecated
2019-06-15 01:41:39.512 24800 RALLYDEBUG rally_openstack.wrappers.network [-] CIDR generated: 1.1.5.44/30
2019-06-15 01:41:39.634 24801 INFO rally.task.runner [-] Task c4812d49-5ffa-40fa-af74-4844ed6d63fc | ITER: 7 END: OK
2019-06-15 01:41:39.638 24801 INFO rally.task.runner [-] Task c4812d49-5ffa-40fa-af74-4844ed6d63fc | ITER: 38 START
2019-06-15 01:41:39.639 24801 WARNING rally_openstack.scenarios.neutron.utils [-] Running this scenario without either the 'network' or 'existing_network' context is deprecated
2019-06-15 01:41:39.806 24813 RALLYDEBUG rally_openstack.wrappers.network [-] CIDR generated: 1.1.5.48/30
2019-06-15 01:41:39.974 24802 RALLYDEBUG rally_openstack.wrappers.network [-] CIDR generated: 1.1.5.52/30
2019-06-15 01:41:40.015 24800 RALLYDEBUG rally_openstack.wrappers.network [-] CIDR generated: 1.1.5.56/30
2019-06-15 01:41:40.171 24844 RALLYDEBUG rally_openstack.wrappers.network [-] CIDR generated: 1.1.5.60/30
2019-06-15 01:41:40.285 24831 INFO rally.task.runner [-] Task c4812d49-5ffa-40fa-af74-4844ed6d63fc | ITER: 15 END: OK
2019-06-15 01:41:40.290 24831 INFO rally.task.runner [-] Task c4812d49-5ffa-40fa-af74-4844ed6d63fc | ITER: 39 START
2019-06-15 01:41:40.291 24831 WARNING rally_openstack.scenarios.neutron.utils [-] Running this scenario without either the 'network' or 'existing_network' context is deprecated
2019-06-15 01:41:40.369 24799 RALLYDEBUG rally_openstack.wrappers.network [-] CIDR generated: 1.1.5.64/30
2019-06-15 01:41:40.557 24820 RALLYDEBUG rally_openstack.wrappers.network [-] CIDR generated: 1.1.5.68/30
2019-06-15 01:41:40.626 24828 RALLYDEBUG rally_openstack.wrappers.network [-] CIDR generated: 1.1.5.72/30
2019-06-15 01:41:40.674 24799 RALLYDEBUG rally_openstack.wrappers.network [-] CIDR generated: 1.1.5.76/30
2019-06-15 01:41:40.962 24837 RALLYDEBUG rally_openstack.wrappers.network [-] CIDR generated: 1.1.5.80/30
2019-06-15 01:41:41.026 24841 INFO rally.task.runner [-] Task c4812d49-5ffa-40fa-af74-4844ed6d63fc | ITER: 19 END: OK
2019-06-15 01:41:41.030 24841 INFO rally.task.runner [-] Task c4812d49-5ffa-40fa-af74-4844ed6d63fc | ITER: 40 START
2019-06-15 01:41:41.031 24841 WARNING rally_openstack.scenarios.neutron.utils [-] Running this scenario without either the 'network' or 'existing_network' context is deprecated
2019-06-15 01:41:41.213 24801 RALLYDEBUG rally_openstack.wrappers.network [-] CIDR generated: 1.1.5.84/30
2019-06-15 01:41:41.448 24834 RALLYDEBUG rally_openstack.wrappers.network [-] CIDR generated: 1.1.5.88/30
2019-06-15 01:41:41.694 24801 RALLYDEBUG rally_openstack.wrappers.network [-] CIDR generated: 1.1.5.92/30
2019-06-15 01:41:41.871 24808 RALLYDEBUG rally_openstack.wrappers.network [-] CIDR generated: 1.1.5.96/30
2019-06-15 01:41:41.890 24802 RALLYDEBUG rally_openstack.wrappers.network [-] CIDR generated: 1.1.5.100/30
2019-06-15 01:41:42.152 24831 RALLYDEBUG rally_openstack.wrappers.network [-] CIDR generated: 1.1.5.104/30
2019-06-15 01:41:42.208 24838 RALLYDEBUG rally_openstack.wrappers.network [-] CIDR generated: 1.1.5.108/30
2019-06-15 01:41:42.596 24800 RALLYDEBUG rally_openstack.wrappers.network [-] CIDR generated: 1.1.5.112/30
2019-06-15 01:41:43.033 24799 RALLYDEBUG rally_openstack.wrappers.network [-] CIDR generated: 1.1.5.116/30
2019-06-15 01:41:43.204 24800 RALLYDEBUG rally_openstack.wrappers.network [-] CIDR generated: 1.1.5.120/30
2019-06-15 01:41:43.353 24828 RALLYDEBUG rally_openstack.wrappers.network [-] CIDR generated: 1.1.5.124/30
2019-06-15 01:41:43.638 24801 RALLYDEBUG rally_openstack.wrappers.network [-] CIDR generated: 1.1.5.128/30
2019-06-15 01:41:44.050 24841 RALLYDEBUG rally_openstack.wrappers.network [-] CIDR generated: 1.1.5.132/30
2019-06-15 01:41:44.244 24831 RALLYDEBUG rally_openstack.wrappers.network [-] CIDR generated: 1.1.5.136/30
2019-06-15 01:41:44.421 24825 INFO rally.task.runner [-] Task c4812d49-5ffa-40fa-af74-4844ed6d63fc | ITER: 21 END: OK
2019-06-15 01:41:44.705 24808 RALLYDEBUG rally_openstack.wrappers.network [-] CIDR generated: 1.1.5.140/30
2019-06-15 01:41:45.100 24834 RALLYDEBUG rally_openstack.wrappers.network [-] CIDR generated: 1.1.5.144/30
2019-06-15 01:41:45.183 24801 RALLYDEBUG rally_openstack.wrappers.network [-] CIDR generated: 1.1.5.148/30
2019-06-15 01:41:46.120 24838 RALLYDEBUG rally_openstack.wrappers.network [-] CIDR generated: 1.1.5.152/30
2019-06-15 01:41:46.261 24841 RALLYDEBUG rally_openstack.wrappers.network [-] CIDR generated: 1.1.5.156/30
2019-06-15 01:41:47.124 24820 INFO rally.task.runner [-] Task c4812d49-5ffa-40fa-af74-4844ed6d63fc | ITER: 27 END: OK
2019-06-15 01:41:47.206 24844 INFO rally.task.runner [-] Task c4812d49-5ffa-40fa-af74-4844ed6d63fc | ITER: 24 END: OK
2019-06-15 01:41:47.464 24837 INFO rally.task.runner [-] Task c4812d49-5ffa-40fa-af74-4844ed6d63fc | ITER: 28 END: OK
2019-06-15 01:41:47.738 24802 INFO rally.task.runner [-] Task c4812d49-5ffa-40fa-af74-4844ed6d63fc | ITER: 22 END: OK
2019-06-15 01:41:48.116 24800 INFO rally.task.runner [-] Task c4812d49-5ffa-40fa-af74-4844ed6d63fc | ITER: 30 END: OK
2019-06-15 01:41:48.333 24804 INFO rally.task.runner [-] Task c4812d49-5ffa-40fa-af74-4844ed6d63fc | ITER: 23 END: OK
2019-06-15 01:41:48.398 24813 INFO rally.task.runner [-] Task c4812d49-5ffa-40fa-af74-4844ed6d63fc | ITER: 25 END: OK
2019-06-15 01:41:48.465 24802 INFO rally.task.runner [-] Task c4812d49-5ffa-40fa-af74-4844ed6d63fc | ITER: 29 END: OK
2019-06-15 01:41:48.595 24799 INFO rally.task.runner [-] Task c4812d49-5ffa-40fa-af74-4844ed6d63fc | ITER: 26 END: OK
2019-06-15 01:41:48.986 24828 INFO rally.task.runner [-] Task c4812d49-5ffa-40fa-af74-4844ed6d63fc | ITER: 33 END: OK
2019-06-15 01:41:49.441 24800 INFO rally.task.runner [-] Task c4812d49-5ffa-40fa-af74-4844ed6d63fc | ITER: 31 END: OK
2019-06-15 01:41:49.846 24799 INFO rally.task.runner [-] Task c4812d49-5ffa-40fa-af74-4844ed6d63fc | ITER: 32 END: OK
2019-06-15 01:41:50.051 24801 INFO rally.task.runner [-] Task c4812d49-5ffa-40fa-af74-4844ed6d63fc | ITER: 38 END: OK
2019-06-15 01:41:50.639 24801 INFO rally.task.runner [-] Task c4812d49-5ffa-40fa-af74-4844ed6d63fc | ITER: 35 END: OK
2019-06-15 01:41:50.697 24834 INFO rally.task.runner [-] Task c4812d49-5ffa-40fa-af74-4844ed6d63fc | ITER: 34 END: OK
2019-06-15 01:41:51.310 24831 INFO rally.task.runner [-] Task c4812d49-5ffa-40fa-af74-4844ed6d63fc | ITER: 39 END: OK
2019-06-15 01:41:51.656 24838 INFO rally.task.runner [-] Task c4812d49-5ffa-40fa-af74-4844ed6d63fc | ITER: 37 END: OK
2019-06-15 01:41:52.205 24808 INFO rally.task.runner [-] Task c4812d49-5ffa-40fa-af74-4844ed6d63fc | ITER: 36 END: OK
2019-06-15 01:41:52.490 24841 INFO rally.task.runner [-] Task c4812d49-5ffa-40fa-af74-4844ed6d63fc | ITER: 40 END: OK
2019-06-15 01:41:52.519 22705 INFO rally.task.context [-] Task c4812d49-5ffa-40fa-af74-4844ed6d63fc | Context cleanup@openstack cleanup() started
2019-06-15 01:41:52.522 22705 RALLYDEBUG rally_openstack.cleanup.manager [-] Cleaning up neutron vip objects
2019-06-15 01:41:53.237 22705 RALLYDEBUG rally_openstack.cleanup.manager [-] Cleaning up neutron health_monitor objects
2019-06-15 01:41:54.044 22705 RALLYDEBUG rally_openstack.cleanup.manager [-] Cleaning up neutron pool objects
2019-06-15 01:41:54.686 22705 RALLYDEBUG rally_openstack.cleanup.manager [-] Cleaning up neutron loadbalancer objects
2019-06-15 01:41:55.404 22705 RALLYDEBUG rally_openstack.cleanup.manager [-] Cleaning up neutron floatingip objects
2019-06-15 01:41:56.066 22705 RALLYDEBUG rally_openstack.cleanup.manager [-] Cleaning up neutron port objects
2019-06-15 01:41:57.010 22705 RALLYDEBUG rally_openstack.cleanup.manager [-] Cleaning up neutron subnet objects
2019-06-15 01:41:57.806 22705 RALLYDEBUG rally_openstack.cleanup.manager [-] Cleaning up neutron network objects
2019-06-15 01:41:58.949 22705 RALLYDEBUG rally_openstack.cleanup.manager [-] Deleting neutron.network object s_rally_e66ac8d8_hoYSdm4i (10b32619-3a93-408f-9486-55d61ebfb4c7)
2019-06-15 01:41:58.956 22705 RALLYDEBUG rally_openstack.cleanup.manager [-] Deleting neutron.network object s_rally_e66ac8d8_1qEGW5sa (1770516d-54ef-41f4-bf93-ba87cfb20598)
2019-06-15 01:41:58.960 22705 RALLYDEBUG rally_openstack.cleanup.manager [-] Deleting neutron.network object s_rally_e66ac8d8_boHuZkeb (250fd3b5-f110-4748-81d5-c2f5b142c21b)
2019-06-15 01:41:58.967 22705 RALLYDEBUG rally_openstack.cleanup.manager [-] Deleting neutron.network object s_rally_e66ac8d8_FOPocONl (2bb94f3c-0747-4f64-9430-8fd4365752f5)
2019-06-15 01:41:58.975 22705 RALLYDEBUG rally_openstack.cleanup.manager [-] Deleting neutron.network object s_rally_e66ac8d8_01t1opKk (2c56c879-1b27-4a6a-825b-7ef23e18ab5c)
2019-06-15 01:41:58.991 22705 RALLYDEBUG rally_openstack.cleanup.manager [-] Deleting neutron.network object s_rally_e66ac8d8_uaBRQC6W (5a8cc37f-d922-4ad8-9780-f7739fea23ad)
2019-06-15 01:41:58.992 22705 RALLYDEBUG rally_openstack.cleanup.manager [-] Deleting neutron.network object s_rally_e66ac8d8_6btV1Ksm (3bef539f-a480-42f9-94e0-028216ca7d99)
2019-06-15 01:41:59.000 22705 RALLYDEBUG rally_openstack.cleanup.manager [-] Deleting neutron.network object s_rally_e66ac8d8_BUzL03ju (5d60878e-ad02-44ed-9ef8-4e847f674d6c)
2019-06-15 01:41:59.019 22705 RALLYDEBUG rally_openstack.cleanup.manager [-] Deleting neutron.network object s_rally_e66ac8d8_NSuPBy5Y (5f54dea8-7083-4542-bc0e-c90954876672)
2019-06-15 01:41:59.043 22705 RALLYDEBUG rally_openstack.cleanup.manager [-] Deleting neutron.network object s_rally_e66ac8d8_pa5WuMnz (5f58bf70-a866-4dbe-a2df-8360fbc8c95b)
2019-06-15 01:41:59.044 22705 RALLYDEBUG rally_openstack.cleanup.manager [-] Deleting neutron.network object s_rally_e66ac8d8_D78utggH (6905a113-0352-4e97-9989-f33bdf716f42)
2019-06-15 01:41:59.057 22705 RALLYDEBUG rally_openstack.cleanup.manager [-] Deleting neutron.network object s_rally_e66ac8d8_robMA6cP (6914d8fd-c1ca-4e3c-a0f0-d9b6ae4e7509)
2019-06-15 01:41:59.074 22705 RALLYDEBUG rally_openstack.cleanup.manager [-] Deleting neutron.network object s_rally_e66ac8d8_fue5rE59 (696ad6c1-3727-4e20-951c-7636a6daf7c5)
2019-06-15 01:41:59.083 22705 RALLYDEBUG rally_openstack.cleanup.manager [-] Deleting neutron.network object s_rally_e66ac8d8_VTlVnheb (72eb3fb0-dce4-4376-aee9-9d8e6a4596e3)
2019-06-15 01:41:59.108 22705 RALLYDEBUG rally_openstack.cleanup.manager [-] Deleting neutron.network object s_rally_e66ac8d8_zlMrzGJE (7615e638-51d7-40c6-aa71-ccbfe9d1b84e)
2019-06-15 01:41:59.118 22705 RALLYDEBUG rally_openstack.cleanup.manager [-] Deleting neutron.network object s_rally_e66ac8d8_i7hod45m (798999e6-91c6-4a60-87fd-4c8029b80f5c)
2019-06-15 01:41:59.128 22705 RALLYDEBUG rally_openstack.cleanup.manager [-] Deleting neutron.network object s_rally_e66ac8d8_kgpcvTZg (810fbeb3-4ffd-4603-a1bc-15581552f711)
2019-06-15 01:41:59.138 22705 RALLYDEBUG rally_openstack.cleanup.manager [-] Deleting neutron.network object s_rally_e66ac8d8_talsq5oj (8bd16522-68c2-4865-bf30-62897a3948a5)
2019-06-15 01:41:59.155 22705 RALLYDEBUG rally_openstack.cleanup.manager [-] Deleting neutron.network object s_rally_e66ac8d8_8lisoGDb (8f8ddb05-2c17-46e4-9610-fb8f28328644)
2019-06-15 01:41:59.157 22705 RALLYDEBUG rally_openstack.cleanup.manager [-] Deleting neutron.network object s_rally_e66ac8d8_SKzO3KKt (920f4d70-f0da-48c9-bf11-27a9aadfd0c3)
2019-06-15 01:42:02.072 22705 RALLYDEBUG rally_openstack.cleanup.manager [-] Deleting neutron.network object s_rally_e66ac8d8_kHTZUD0p (93f1a5f5-9394-46ad-8f3d-d457c432422f)
2019-06-15 01:42:02.526 22705 RALLYDEBUG rally_openstack.cleanup.manager [-] Deleting neutron.network object s_rally_e66ac8d8_pR4zelAM (99e1dbde-f551-401e-ab63-b70e51392dcb)
2019-06-15 01:42:02.654 22705 RALLYDEBUG rally_openstack.cleanup.manager [-] Deleting neutron.network object s_rally_e66ac8d8_6sPC4B07 (9dfdea8a-ce70-41ab-84be-464f8a6e7884)
2019-06-15 01:42:02.715 22705 RALLYDEBUG rally_openstack.cleanup.manager [-] Deleting neutron.network object s_rally_e66ac8d8_EwhHEVpm (9f8ed4df-e18b-4bb8-a562-f1cbacf0b3ab)
2019-06-15 01:42:02.722 22705 RALLYDEBUG rally_openstack.cleanup.manager [-] Deleting neutron.network object s_rally_e66ac8d8_F7NM3vdp (a0e82f61-c933-44d1-9452-39f6c59be492)
2019-06-15 01:42:02.725 22705 RALLYDEBUG rally_openstack.cleanup.manager [-] Deleting neutron.network object s_rally_e66ac8d8_SohJGyJg (a0a1e344-85a6-4386-8aac-b180e032783f)
2019-06-15 01:42:02.829 22705 RALLYDEBUG rally_openstack.cleanup.manager [-] Deleting neutron.network object s_rally_e66ac8d8_7oqxjvNp (a57ff36f-6ba2-4024-b19e-4cad49168c1e)
2019-06-15 01:42:02.878 22705 RALLYDEBUG rally_openstack.cleanup.manager [-] Deleting neutron.network object s_rally_e66ac8d8_KYYT47oy (bab57411-80a9-43e4-8c8c-e1c3a34a59dc)
2019-06-15 01:42:02.990 22705 RALLYDEBUG rally_openstack.cleanup.manager [-] Deleting neutron.network object s_rally_e66ac8d8_VB58ej3N (c3c53a1f-b595-425b-bf46-6a7fdbf628cd)
2019-06-15 01:42:03.008 22705 RALLYDEBUG rally_openstack.cleanup.manager [-] Deleting neutron.network object s_rally_e66ac8d8_DRPhbny5 (c6367bff-5459-4ebb-8912-91ecd4887490)
2019-06-15 01:42:03.376 22705 RALLYDEBUG rally_openstack.cleanup.manager [-] Deleting neutron.network object s_rally_e66ac8d8_4fIiOB0v (ce19e416-5af0-4d2d-9297-2af09bca67ed)
2019-06-15 01:42:03.432 22705 RALLYDEBUG rally_openstack.cleanup.manager [-] Deleting neutron.network object s_rally_e66ac8d8_qWd7p3y9 (d61923a1-0c01-4228-835f-9f2ff192c493)
2019-06-15 01:42:03.475 22705 RALLYDEBUG rally_openstack.cleanup.manager [-] Deleting neutron.network object s_rally_e66ac8d8_ETPr9Z5X (d8bb0e53-4c81-45cf-9bb3-8976b502dce2)
2019-06-15 01:42:03.555 22705 RALLYDEBUG rally_openstack.cleanup.manager [-] Deleting neutron.network object s_rally_e66ac8d8_4BZIFxtV (dd2195cb-f986-4f52-973d-01bc5237bee5)
2019-06-15 01:42:03.568 22705 RALLYDEBUG rally_openstack.cleanup.manager [-] Deleting neutron.network object s_rally_e66ac8d8_ockX69a0 (e116274a-dde3-440b-8c81-15c9053f710f)
2019-06-15 01:42:03.594 22705 RALLYDEBUG rally_openstack.cleanup.manager [-] Deleting neutron.network object s_rally_e66ac8d8_3rG3Nc3E (e6f06dc4-0f5b-46be-b8eb-f5cb4be5ca8c)
2019-06-15 01:42:03.845 22705 RALLYDEBUG rally_openstack.cleanup.manager [-] Deleting neutron.network object s_rally_e66ac8d8_d4ZEk7IH (f710fb88-9586-40f5-bdd9-7eac752c876f)
2019-06-15 01:42:03.850 22705 RALLYDEBUG rally_openstack.cleanup.manager [-] Deleting neutron.network object s_rally_e66ac8d8_oDSa3BIc (f908b376-38f3-45d9-9882-fc3dbc38021f)
2019-06-15 01:42:04.039 22705 RALLYDEBUG rally_openstack.cleanup.manager [-] Deleting neutron.network object s_rally_e66ac8d8_TX5YbV93 (f96d4300-1bff-4e02-97f8-e5a8564a8ed4)
2019-06-15 01:42:04.070 22705 RALLYDEBUG rally_openstack.cleanup.manager [-] Deleting neutron.network object s_rally_e66ac8d8_d2Fxevt7 (ffa3c845-b13b-4f82-b6b2-e2a8ef47753d)
2019-06-15 01:42:09.257 22705 RALLYDEBUG rally_openstack.cleanup.manager [-] Cleaning up neutron router objects
2019-06-15 01:42:10.050 22705 RALLYDEBUG rally_openstack.cleanup.manager [-] Cleaning up neutron security_group objects
2019-06-15 01:42:10.814 22705 INFO rally.task.context [-] Task c4812d49-5ffa-40fa-af74-4844ed6d63fc | Context cleanup@openstack cleanup() finished in 18.29 sec
2019-06-15 01:42:10.814 22705 INFO rally.task.context [-] Task c4812d49-5ffa-40fa-af74-4844ed6d63fc | Context quotas@openstack cleanup() started
2019-06-15 01:42:11.139 22705 INFO rally.task.context [-] Task c4812d49-5ffa-40fa-af74-4844ed6d63fc | Context quotas@openstack cleanup() finished in 0.33 sec
2019-06-15 01:42:11.140 22705 INFO rally.task.context [-] Task c4812d49-5ffa-40fa-af74-4844ed6d63fc | Context users@openstack cleanup() started
2019-06-15 01:42:16.113 22705 INFO rally.task.context [-] Task c4812d49-5ffa-40fa-af74-4844ed6d63fc | Context users@openstack cleanup() finished in 4.97 sec
2019-06-15 01:42:16.601 22705 INFO rally.task.engine [-] Load duration is: 30.50976
2019-06-15 01:42:16.601 22705 INFO rally.task.engine [-] Full runner duration is: 30.563088
2019-06-15 01:42:16.602 22705 INFO rally.task.engine [-] Full duration is: 59.746915
2019-06-15 01:42:16.906 22705 INFO rally.task.engine [-] Running workload: position = 0 config = { "version": 2, "title": "A cropped version of a bigger task.", "description": "Auto-generated task from a single workload (uuid=3435b64a-aa66-4e3d-904c-f84ce5c1a1bc)", "subtasks": [ { "title": "NeutronNetworks.create_and_list_routers", "description": "Create and a given number of routers and list all routers.", "scenario": { "NeutronNetworks.create_and_list_routers": { "network_create_args": null, "subnet_create_args": null, "subnet_cidr_start": "1.1.0.0/30", "subnets_per_network": 2, "router_create_args": null } }, "contexts": { "users": { "tenants": 1, "users_per_tenant": 1 }, "quotas": { "neutron": { "network": -1, "subnet": -1, "router": -1 } } }, "runner": { "constant": { "times": 40, "concurrency": 20 } }, "hooks": [], "sla": { "failure_rate": { "max": 0 } } } ] }
2019-06-15 01:42:16.928 22705 RALLYDEBUG rally_openstack.contexts.keystone.users [-] Creating 1 tenants using 20 threads
2019-06-15 01:42:18.874 22705 RALLYDEBUG rally_openstack.contexts.keystone.users [-] Creating 1 users using 20 threads
2019-06-15 01:42:21.849 22705 INFO rally.task.context [-] Task c4812d49-5ffa-40fa-af74-4844ed6d63fc | Context users@openstack setup() finished in 4.92 sec
2019-06-15 01:42:22.697 22705 INFO rally.task.context [-] Task c4812d49-5ffa-40fa-af74-4844ed6d63fc | Context quotas@openstack setup() finished in 0.85 sec
2019-06-15 01:42:22.697 22705 INFO rally.task.context [-] Task c4812d49-5ffa-40fa-af74-4844ed6d63fc | Context cleanup@openstack setup() finished in 0.00 msec
2019-06-15 01:42:22.704 22705 RALLYDEBUG rally.task.runner [-] Starting the constant runner (task UUID: c4812d49-5ffa-40fa-af74-4844ed6d63fc). timeout: 0 concurrency: 20 concurrency_per_worker: 1 times: 40 concurrency_overhead: 4 processes_to_start: 16 max_cpu_used: 16
2019-06-15 01:42:22.717 25169 RALLYDEBUG rally.task.runner [-] Starting a worker. concurrency: 2 args: {"network_create_args": null, "subnet_create_args": null, "subnet_cidr_start": "1.1.0.0/30", "subnets_per_network": 2, "router_create_args": null} times: 40 method_name: run timeout: 0 duration: None cls:
2019-06-15 01:42:22.718 25170 RALLYDEBUG rally.task.runner [-] Starting a worker. concurrency: 2 args: {"network_create_args": null, "subnet_create_args": null, "subnet_cidr_start": "1.1.0.0/30", "subnets_per_network": 2, "router_create_args": null} times: 40 method_name: run timeout: 0 duration: None cls:
2019-06-15 01:42:22.722 25171 RALLYDEBUG rally.task.runner [-] Starting a worker. concurrency: 2 args: {"network_create_args": null, "subnet_create_args": null, "subnet_cidr_start": "1.1.0.0/30", "subnets_per_network": 2, "router_create_args": null} times: 40 method_name: run timeout: 0 duration: None cls:
2019-06-15 01:42:22.725 25172 RALLYDEBUG rally.task.runner [-] Starting a worker. concurrency: 2 args: {"network_create_args": null, "subnet_create_args": null, "subnet_cidr_start": "1.1.0.0/30", "subnets_per_network": 2, "router_create_args": null} times: 40 method_name: run timeout: 0 duration: None cls:
2019-06-15 01:42:22.725 25169 INFO rally.task.runner [-] Task c4812d49-5ffa-40fa-af74-4844ed6d63fc | ITER: 1 START
2019-06-15 01:42:22.726 25170 INFO rally.task.runner [-] Task c4812d49-5ffa-40fa-af74-4844ed6d63fc | ITER: 2 START
2019-06-15 01:42:22.727 25173 RALLYDEBUG rally.task.runner [-] Starting a worker. concurrency: 1 args: {"network_create_args": null, "subnet_create_args": null, "subnet_cidr_start": "1.1.0.0/30", "subnets_per_network": 2, "router_create_args": null} times: 40 method_name: run timeout: 0 duration: None cls:
2019-06-15 01:42:22.730 25171 INFO rally.task.runner [-] Task c4812d49-5ffa-40fa-af74-4844ed6d63fc | ITER: 5 START
2019-06-15 01:42:22.726 25170 INFO rally.task.runner [-] Task c4812d49-5ffa-40fa-af74-4844ed6d63fc | ITER: 4 START
2019-06-15 01:42:22.730 25178 RALLYDEBUG rally.task.runner [-] Starting a worker. concurrency: 1 args: {"network_create_args": null, "subnet_create_args": null, "subnet_cidr_start": "1.1.0.0/30", "subnets_per_network": 2, "router_create_args": null} times: 40 method_name: run timeout: 0 duration: None cls:
2019-06-15 01:42:22.732 25172 INFO rally.task.runner [-] Task c4812d49-5ffa-40fa-af74-4844ed6d63fc | ITER: 6 START
2019-06-15 01:42:22.734 25182 RALLYDEBUG rally.task.runner [-] Starting a worker. concurrency: 1 args: {"network_create_args": null, "subnet_create_args": null, "subnet_cidr_start": "1.1.0.0/30", "subnets_per_network": 2, "router_create_args": null} times: 40 method_name: run timeout: 0 duration: None cls:
2019-06-15 01:42:22.726 25169 INFO rally.task.runner [-] Task c4812d49-5ffa-40fa-af74-4844ed6d63fc | ITER: 3 START
2019-06-15 01:42:22.734 25171 INFO rally.task.runner [-] Task c4812d49-5ffa-40fa-af74-4844ed6d63fc | ITER: 7 START
2019-06-15 01:42:22.737 25173 INFO rally.task.runner [-] Task c4812d49-5ffa-40fa-af74-4844ed6d63fc | ITER: 8 START
2019-06-15 01:42:22.736 25178 INFO rally.task.runner [-] Task c4812d49-5ffa-40fa-af74-4844ed6d63fc | ITER: 10 START
2019-06-15 01:42:22.741 25182 INFO rally.task.runner [-] Task c4812d49-5ffa-40fa-af74-4844ed6d63fc | ITER: 11 START
2019-06-15 01:42:22.741 25187 RALLYDEBUG rally.task.runner [-] Starting a worker. concurrency: 1 args: {"network_create_args": null, "subnet_create_args": null, "subnet_cidr_start": "1.1.0.0/30", "subnets_per_network": 2, "router_create_args": null} times: 40 method_name: run timeout: 0 duration: None cls:
2019-06-15 01:42:22.741 25190 RALLYDEBUG rally.task.runner [-] Starting a worker. concurrency: 1 args: {"network_create_args": null, "subnet_create_args": null, "subnet_cidr_start": "1.1.0.0/30", "subnets_per_network": 2, "router_create_args": null} times: 40 method_name: run timeout: 0 duration: None cls:
2019-06-15 01:42:22.743 25172 INFO rally.task.runner [-] Task c4812d49-5ffa-40fa-af74-4844ed6d63fc | ITER: 9 START
2019-06-15 01:42:22.745 25194 RALLYDEBUG rally.task.runner [-] Starting a worker. concurrency: 1 args: {"network_create_args": null, "subnet_create_args": null, "subnet_cidr_start": "1.1.0.0/30", "subnets_per_network": 2, "router_create_args": null} times: 40 method_name: run timeout: 0 duration: None cls:
2019-06-15 01:42:22.748 25187 INFO rally.task.runner [-] Task c4812d49-5ffa-40fa-af74-4844ed6d63fc | ITER: 12 START
2019-06-15 01:42:22.748 25190 INFO rally.task.runner [-] Task c4812d49-5ffa-40fa-af74-4844ed6d63fc | ITER: 13 START
2019-06-15 01:42:22.754 25197 RALLYDEBUG rally.task.runner [-] Starting a worker. concurrency: 1 args: {"network_create_args": null, "subnet_create_args": null, "subnet_cidr_start": "1.1.0.0/30", "subnets_per_network": 2, "router_create_args": null} times: 40 method_name: run timeout: 0 duration: None cls:
2019-06-15 01:42:22.755 25194 INFO rally.task.runner [-] Task c4812d49-5ffa-40fa-af74-4844ed6d63fc | ITER: 14 START
2019-06-15 01:42:22.759 25204 RALLYDEBUG rally.task.runner [-] Starting a worker. concurrency: 1 args: {"network_create_args": null, "subnet_create_args": null, "subnet_cidr_start": "1.1.0.0/30", "subnets_per_network": 2, "router_create_args": null} times: 40 method_name: run timeout: 0 duration: None cls:
2019-06-15 01:42:22.760 25197 INFO rally.task.runner [-] Task c4812d49-5ffa-40fa-af74-4844ed6d63fc | ITER: 15 START
2019-06-15 01:42:22.763 25204 INFO rally.task.runner [-] Task c4812d49-5ffa-40fa-af74-4844ed6d63fc | ITER: 16 START
2019-06-15 01:42:22.764 25205 RALLYDEBUG rally.task.runner [-] Starting a worker. concurrency: 1 args: {"network_create_args": null, "subnet_create_args": null, "subnet_cidr_start": "1.1.0.0/30", "subnets_per_network": 2, "router_create_args": null} times: 40 method_name: run timeout: 0 duration: None cls:
2019-06-15 01:42:22.768 25205 INFO rally.task.runner [-] Task c4812d49-5ffa-40fa-af74-4844ed6d63fc | ITER: 17 START
2019-06-15 01:42:22.774 25208 RALLYDEBUG rally.task.runner [-] Starting a worker. concurrency: 1 args: {"network_create_args": null, "subnet_create_args": null, "subnet_cidr_start": "1.1.0.0/30", "subnets_per_network": 2, "router_create_args": null} times: 40 method_name: run timeout: 0 duration: None cls:
2019-06-15 01:42:22.774 25213 RALLYDEBUG rally.task.runner [-] Starting a worker. concurrency: 1 args: {"network_create_args": null, "subnet_create_args": null, "subnet_cidr_start": "1.1.0.0/30", "subnets_per_network": 2, "router_create_args": null} times: 40 method_name: run timeout: 0 duration: None cls:
2019-06-15 01:42:22.778 25208 INFO rally.task.runner [-] Task c4812d49-5ffa-40fa-af74-4844ed6d63fc | ITER: 18 START
2019-06-15 01:42:22.779 25213 INFO rally.task.runner [-] Task c4812d49-5ffa-40fa-af74-4844ed6d63fc | ITER: 19 START
2019-06-15 01:42:22.779 25214 RALLYDEBUG rally.task.runner [-] Starting a worker. concurrency: 1 args: {"network_create_args": null, "subnet_create_args": null, "subnet_cidr_start": "1.1.0.0/30", "subnets_per_network": 2, "router_create_args": null} times: 40 method_name: run timeout: 0 duration: None cls:
2019-06-15 01:42:22.782 25214 INFO rally.task.runner [-] Task c4812d49-5ffa-40fa-af74-4844ed6d63fc | ITER: 20 START
2019-06-15 01:42:25.214 25190 RALLYDEBUG rally_openstack.wrappers.network [-] CIDR generated: 1.1.5.160/30
2019-06-15 01:42:25.406 25172 RALLYDEBUG rally_openstack.wrappers.network [-] CIDR generated: 1.1.5.164/30
2019-06-15 01:42:25.495 25204 RALLYDEBUG rally_openstack.wrappers.network [-] CIDR generated: 1.1.5.168/30
2019-06-15 01:42:25.509 25214 RALLYDEBUG rally_openstack.wrappers.network [-] CIDR generated: 1.1.5.172/30
2019-06-15 01:42:25.521 25182 RALLYDEBUG rally_openstack.wrappers.network [-] CIDR generated: 1.1.5.176/30
2019-06-15 01:42:25.627 25213 RALLYDEBUG rally_openstack.wrappers.network [-] CIDR generated: 1.1.5.180/30
2019-06-15 01:42:25.663 25172 RALLYDEBUG rally_openstack.wrappers.network [-] CIDR generated: 1.1.5.184/30
2019-06-15 01:42:25.712 25194 RALLYDEBUG rally_openstack.wrappers.network [-] CIDR generated: 1.1.5.188/30
2019-06-15 01:42:26.034 25187 RALLYDEBUG rally_openstack.wrappers.network [-] CIDR generated: 1.1.5.192/30
2019-06-15 01:42:26.417 25178 RALLYDEBUG rally_openstack.wrappers.network [-] CIDR generated: 1.1.5.196/30
2019-06-15 01:42:26.472 25169 RALLYDEBUG rally_openstack.wrappers.network [-] CIDR generated: 1.1.5.200/30
2019-06-15 01:42:26.530 25205 RALLYDEBUG rally_openstack.wrappers.network [-] CIDR generated: 1.1.5.204/30
2019-06-15 01:42:26.532 25170 RALLYDEBUG rally_openstack.wrappers.network [-] CIDR generated: 1.1.5.208/30
2019-06-15 01:42:26.591 25171 RALLYDEBUG rally_openstack.wrappers.network [-] CIDR generated: 1.1.5.212/30
2019-06-15 01:42:26.617 25197 RALLYDEBUG rally_openstack.wrappers.network [-] CIDR generated: 1.1.5.216/30
2019-06-15 01:42:26.650 25169 RALLYDEBUG rally_openstack.wrappers.network [-] CIDR generated: 1.1.5.220/30
2019-06-15 01:42:26.711 25173 RALLYDEBUG rally_openstack.wrappers.network [-] CIDR generated: 1.1.5.224/30
2019-06-15 01:42:27.130 25171 RALLYDEBUG rally_openstack.wrappers.network [-] CIDR generated: 1.1.5.228/30
2019-06-15 01:42:27.162 25170 RALLYDEBUG rally_openstack.wrappers.network [-] CIDR generated: 1.1.5.232/30
2019-06-15 01:42:27.210 25208 RALLYDEBUG rally_openstack.wrappers.network [-] CIDR generated: 1.1.5.236/30
2019-06-15 01:42:27.548 25172 RALLYDEBUG rally_openstack.wrappers.network [-] CIDR generated: 1.1.5.240/30
2019-06-15 01:42:27.632 25190 RALLYDEBUG rally_openstack.wrappers.network [-] CIDR generated: 1.1.5.244/30
2019-06-15 01:42:27.889 25172 RALLYDEBUG rally_openstack.wrappers.network [-] CIDR generated: 1.1.5.248/30
2019-06-15 01:42:28.070 25214 RALLYDEBUG rally_openstack.wrappers.network [-] CIDR generated: 1.1.5.252/30
2019-06-15 01:42:28.261 25178 RALLYDEBUG rally_openstack.wrappers.network [-] CIDR generated: 1.1.6.0/30
2019-06-15 01:42:28.422 25171 RALLYDEBUG rally_openstack.wrappers.network [-] CIDR generated: 1.1.6.4/30
2019-06-15 01:42:29.225 25182 RALLYDEBUG rally_openstack.wrappers.network [-] CIDR generated: 1.1.6.8/30
2019-06-15 01:42:29.291 25171 RALLYDEBUG rally_openstack.wrappers.network [-] CIDR generated: 1.1.6.12/30
2019-06-15 01:42:29.381 25170 RALLYDEBUG rally_openstack.wrappers.network [-] CIDR generated: 1.1.6.16/30
2019-06-15 01:42:29.417 25194 RALLYDEBUG rally_openstack.wrappers.network [-] CIDR generated: 1.1.6.20/30
2019-06-15 01:42:29.459 25208 RALLYDEBUG rally_openstack.wrappers.network [-] CIDR generated: 1.1.6.24/30
2019-06-15 01:42:30.021 25170 RALLYDEBUG rally_openstack.wrappers.network [-] CIDR generated: 1.1.6.28/30
2019-06-15 01:42:30.045 25187 RALLYDEBUG rally_openstack.wrappers.network [-] CIDR generated: 1.1.6.32/30
2019-06-15 01:42:30.087 25169 RALLYDEBUG rally_openstack.wrappers.network [-] CIDR generated: 1.1.6.36/30
2019-06-15 01:42:30.098 25213 RALLYDEBUG rally_openstack.wrappers.network [-] CIDR generated: 1.1.6.40/30
2019-06-15 01:42:30.129 25169 RALLYDEBUG rally_openstack.wrappers.network [-] CIDR generated: 1.1.6.44/30
2019-06-15 01:42:30.308 25173 RALLYDEBUG rally_openstack.wrappers.network [-] CIDR generated: 1.1.6.48/30
2019-06-15 01:42:30.477 25205 RALLYDEBUG rally_openstack.wrappers.network [-] CIDR generated: 1.1.6.52/30
2019-06-15 01:42:30.867 25204 RALLYDEBUG rally_openstack.wrappers.network [-] CIDR generated: 1.1.6.56/30
2019-06-15 01:42:31.544 25197 RALLYDEBUG rally_openstack.wrappers.network [-] CIDR generated: 1.1.6.60/30
2019-06-15 01:42:40.642 25178 INFO rally.task.runner [-] Task c4812d49-5ffa-40fa-af74-4844ed6d63fc | ITER: 10 END: OK
2019-06-15 01:42:40.646 25178 INFO rally.task.runner [-] Task c4812d49-5ffa-40fa-af74-4844ed6d63fc | ITER: 21 START
2019-06-15 01:42:41.008 25190 INFO rally.task.runner [-] Task c4812d49-5ffa-40fa-af74-4844ed6d63fc | ITER: 13 END: OK
2019-06-15 01:42:41.012 25190 INFO rally.task.runner [-] Task c4812d49-5ffa-40fa-af74-4844ed6d63fc | ITER: 22 START
2019-06-15 01:42:41.737 25172 INFO rally.task.runner [-] Task c4812d49-5ffa-40fa-af74-4844ed6d63fc | ITER: 6 END: OK
2019-06-15 01:42:41.741 25172 INFO rally.task.runner [-] Task c4812d49-5ffa-40fa-af74-4844ed6d63fc | ITER: 23 START
2019-06-15 01:42:42.745 25170 INFO rally.task.runner [-] Task c4812d49-5ffa-40fa-af74-4844ed6d63fc | ITER: 2 END: OK
2019-06-15 01:42:42.750 25170 INFO rally.task.runner [-] Task c4812d49-5ffa-40fa-af74-4844ed6d63fc | ITER: 24 START
2019-06-15 01:42:42.932 25178 RALLYDEBUG rally_openstack.wrappers.network [-] CIDR generated: 1.1.6.64/30
2019-06-15 01:42:43.305 25204 INFO rally.task.runner [-] Task c4812d49-5ffa-40fa-af74-4844ed6d63fc | ITER: 16 END: OK
2019-06-15 01:42:43.309 25204 INFO rally.task.runner [-] Task c4812d49-5ffa-40fa-af74-4844ed6d63fc | ITER: 25 START
2019-06-15 01:42:43.564 25169 INFO rally.task.runner [-] Task c4812d49-5ffa-40fa-af74-4844ed6d63fc | ITER: 3 END: OK
