2019-06-14 23:46:57.560 1842 INFO rally.task.context [-] Task 15797f41-d23d-4a4e-a08c-d88912f8c727 | Context users@openstack setup() finished in 4.89 sec
2019-06-14 23:46:57.987 1842 INFO rally.task.context [-] Task 15797f41-d23d-4a4e-a08c-d88912f8c727 | Context api_versions@openstack setup() finished in 0.43 sec
2019-06-14 23:46:59.655 1842 INFO rally.task.context [-] Task 15797f41-d23d-4a4e-a08c-d88912f8c727 | Context quotas@openstack setup() finished in 1.67 sec
2019-06-14 23:47:10.636 1842 INFO rally.task.context [-] Task 15797f41-d23d-4a4e-a08c-d88912f8c727 | Context volumes@openstack setup() finished in 10.98 sec
2019-06-14 23:47:10.637 1842 INFO rally.task.context [-] Task 15797f41-d23d-4a4e-a08c-d88912f8c727 | Context cleanup@openstack setup() finished in 0.00 msec
2019-06-14 23:47:10.644 1842 RALLYDEBUG rally.task.runner [-] Starting the constant runner (task UUID: 15797f41-d23d-4a4e-a08c-d88912f8c727). timeout: 0 concurrency: 4 concurrency_per_worker: 1 times: 10 concurrency_overhead: 0 processes_to_start: 4 max_cpu_used: 16
2019-06-14 23:47:10.655 2210 RALLYDEBUG rally.task.runner [-] Starting a worker. concurrency: 1 args: {"detailed": true, "force": false} times: 10 method_name: run timeout: 0 duration: None cls:
2019-06-14 23:47:10.660 2210 INFO rally.task.runner [-] Task 15797f41-d23d-4a4e-a08c-d88912f8c727 | ITER: 1 START
2019-06-14 23:47:10.659 2211 RALLYDEBUG rally.task.runner [-] Starting a worker. concurrency: 1 args: {"detailed": true, "force": false} times: 10 method_name: run timeout: 0 duration: None cls:
2019-06-14 23:47:10.664 2212 RALLYDEBUG rally.task.runner [-] Starting a worker. concurrency: 1 args: {"detailed": true, "force": false} times: 10 method_name: run timeout: 0 duration: None cls:
2019-06-14 23:47:10.665 2215 RALLYDEBUG rally.task.runner [-] Starting a worker. concurrency: 1 args: {"detailed": true, "force": false} times: 10 method_name: run timeout: 0 duration: None cls:
2019-06-14 23:47:10.667 2211 INFO rally.task.runner [-] Task 15797f41-d23d-4a4e-a08c-d88912f8c727 | ITER: 2 START
2019-06-14 23:47:10.669 2215 INFO rally.task.runner [-] Task 15797f41-d23d-4a4e-a08c-d88912f8c727 | ITER: 4 START
2019-06-14 23:47:10.672 2212 INFO rally.task.runner [-] Task 15797f41-d23d-4a4e-a08c-d88912f8c727 | ITER: 3 START
2019-06-14 23:47:14.435 2211 INFO rally.task.runner [-] Task 15797f41-d23d-4a4e-a08c-d88912f8c727 | ITER: 2 END: OK
2019-06-14 23:47:14.440 2211 INFO rally.task.runner [-] Task 15797f41-d23d-4a4e-a08c-d88912f8c727 | ITER: 5 START
2019-06-14 23:47:14.551 2212 INFO rally.task.runner [-] Task 15797f41-d23d-4a4e-a08c-d88912f8c727 | ITER: 3 END: OK
2019-06-14 23:47:14.556 2212 INFO rally.task.runner [-] Task 15797f41-d23d-4a4e-a08c-d88912f8c727 | ITER: 6 START
2019-06-14 23:47:14.656 2215 INFO rally.task.runner [-] Task 15797f41-d23d-4a4e-a08c-d88912f8c727 | ITER: 4 END: OK
2019-06-14 23:47:14.661 2215 INFO rally.task.runner [-] Task 15797f41-d23d-4a4e-a08c-d88912f8c727 | ITER: 7 START
2019-06-14 23:47:14.760 2210 INFO rally.task.runner [-] Task 15797f41-d23d-4a4e-a08c-d88912f8c727 | ITER: 1 END: OK
2019-06-14 23:47:14.765 2210 INFO rally.task.runner [-] Task 15797f41-d23d-4a4e-a08c-d88912f8c727 | ITER: 8 START
2019-06-14 23:47:18.119 2211 INFO rally.task.runner [-] Task 15797f41-d23d-4a4e-a08c-d88912f8c727 | ITER: 5 END: OK
2019-06-14 23:47:18.125 2211 INFO rally.task.runner [-] Task 15797f41-d23d-4a4e-a08c-d88912f8c727 | ITER: 9 START
2019-06-14 23:47:18.225 2212 INFO rally.task.runner [-] Task 15797f41-d23d-4a4e-a08c-d88912f8c727 | ITER: 6 END: OK
2019-06-14 23:47:18.229 2212 INFO rally.task.runner [-] Task 15797f41-d23d-4a4e-a08c-d88912f8c727 | ITER: 10 START
2019-06-14 23:47:18.425 2210 INFO rally.task.runner [-] Task 15797f41-d23d-4a4e-a08c-d88912f8c727 | ITER: 8 END: OK
2019-06-14 23:47:18.570 2215 INFO rally.task.runner [-] Task 15797f41-d23d-4a4e-a08c-d88912f8c727 | ITER: 7 END: OK
2019-06-14 23:47:21.568 2211 INFO rally.task.runner [-] Task 15797f41-d23d-4a4e-a08c-d88912f8c727 | ITER: 9 END: OK
2019-06-14 23:47:21.937 2212 INFO rally.task.runner [-] Task 15797f41-d23d-4a4e-a08c-d88912f8c727 | ITER: 10 END: OK
2019-06-14 23:47:21.960 1842 INFO rally.task.context [-] Task 15797f41-d23d-4a4e-a08c-d88912f8c727 | Context cleanup@openstack cleanup() started
2019-06-14 23:47:21.962 1842 RALLYDEBUG rally_openstack.cleanup.manager [-] Cleaning up cinder backups objects
2019-06-14 23:47:24.203 1842 RALLYDEBUG rally_openstack.cleanup.manager [-] Cleaning up cinder volume_snapshots objects
2019-06-14 23:47:26.360 1842 RALLYDEBUG rally_openstack.cleanup.manager [-] Deleting cinder.volume_snapshots object s_rally_8fd85130_WzXc1B0S (5aab2574-198b-4f02-9f37-185c442e84f6)
2019-06-14 23:47:26.360 1842 RALLYDEBUG rally_openstack.cleanup.manager [-] Deleting cinder.volume_snapshots object s_rally_8fd85130_oFwJEBDb (3450d9e6-9e7f-460d-90c3-0f2a75c97e93)
2019-06-14 23:47:26.361 1842 RALLYDEBUG rally_openstack.cleanup.manager [-] Deleting cinder.volume_snapshots object s_rally_8fd85130_LUbPQVBl (c2ec0c23-b40a-4004-bfce-97c30d2d2293)
2019-06-14 23:47:26.361 1842 RALLYDEBUG rally_openstack.cleanup.manager [-] Deleting cinder.volume_snapshots object s_rally_8fd85130_u1sAx8Wj (a28d6606-14e7-41c7-a959-86806020e4b1)
2019-06-14 23:47:26.368 1842 RALLYDEBUG rally_openstack.cleanup.manager [-] Deleting cinder.volume_snapshots object s_rally_8fd85130_juRfcITI (ddccd2c7-d64b-4909-a2d0-f77bca369c46)
2019-06-14 23:47:26.370 1842 RALLYDEBUG rally_openstack.cleanup.manager [-] Deleting cinder.volume_snapshots object s_rally_8fd85130_36Zb2E4b (00f5ad60-68b1-4fc2-9836-fe104bb599a9)
2019-06-14 23:47:26.374 1842 RALLYDEBUG rally_openstack.cleanup.manager [-] Deleting cinder.volume_snapshots object s_rally_8fd85130_UOV5asXB (8d49c210-f0da-46da-8ad7-6d8ff34c4b2d)
2019-06-14 23:47:26.376 1842 RALLYDEBUG rally_openstack.cleanup.manager [-] Deleting cinder.volume_snapshots object s_rally_8fd85130_988azdLj (a2e28617-0ace-481f-8b2f-f5efe41f5204)
2019-06-14 23:47:26.378 1842 RALLYDEBUG rally_openstack.cleanup.manager [-] Deleting cinder.volume_snapshots object s_rally_8fd85130_6SocWRsD (8b092ba2-76ad-4e80-881f-0997a9a1d3a7)
2019-06-14 23:47:26.390 1842 RALLYDEBUG rally_openstack.cleanup.manager [-] Deleting cinder.volume_snapshots object s_rally_8fd85130_oW0p2bz7 (43d833ba-dbdf-423b-a24a-df30646cbd57)
2019-06-14 23:47:31.428 1842 RALLYDEBUG rally_openstack.cleanup.manager [-] Cleaning up cinder transfers objects
2019-06-14 23:47:33.539 1842 RALLYDEBUG rally_openstack.cleanup.manager [-] Cleaning up cinder volumes objects
2019-06-14 23:47:35.870 1842 INFO rally.task.context [-] Task 15797f41-d23d-4a4e-a08c-d88912f8c727 | Context cleanup@openstack cleanup() finished in 13.91 sec
2019-06-14 23:47:35.871 1842 INFO rally.task.context [-] Task 15797f41-d23d-4a4e-a08c-d88912f8c727 | Context volumes@openstack cleanup() started
2019-06-14 23:47:35.872 1842 RALLYDEBUG rally_openstack.cleanup.manager [-] Cleaning up cinder volumes objects
2019-06-14 23:47:38.169 1842 RALLYDEBUG rally_openstack.cleanup.manager [-] Deleting cinder.volumes object c_rally_8fd85130_xxC7Dtp6 (dec60282-6efd-4408-b4a4-3d0844a67dbd)
2019-06-14 23:47:38.175 1842 RALLYDEBUG rally_openstack.cleanup.manager [-] Deleting cinder.volumes object c_rally_8fd85130_TopswInl (3deda3e1-1630-4253-930f-a5139ef4d7ee)
2019-06-14 23:47:38.180 1842 RALLYDEBUG rally_openstack.cleanup.manager [-] Deleting cinder.volumes object c_rally_8fd85130_lABIqMVp (d3a82fbd-73c0-43aa-8867-819cf8bd72d8)
2019-06-14 23:47:41.717 1842 INFO rally.task.context [-] Task 15797f41-d23d-4a4e-a08c-d88912f8c727 | Context volumes@openstack cleanup() finished in 5.85 sec
2019-06-14 23:47:41.717 1842 INFO rally.task.context [-] Task 15797f41-d23d-4a4e-a08c-d88912f8c727 | Context quotas@openstack cleanup() started
2019-06-14 23:47:42.414 1842 INFO rally.task.context [-] Task 15797f41-d23d-4a4e-a08c-d88912f8c727 | Context quotas@openstack cleanup() finished in 0.70 sec
2019-06-14 23:47:42.414 1842 INFO rally.task.context [-] Task 15797f41-d23d-4a4e-a08c-d88912f8c727 | Context api_versions@openstack cleanup() started
2019-06-14 23:47:42.415 1842 INFO rally.task.context [-] Task 15797f41-d23d-4a4e-a08c-d88912f8c727 | Context api_versions@openstack cleanup() finished in 0.29 msec
2019-06-14 23:47:42.415 1842 INFO rally.task.context [-] Task 15797f41-d23d-4a4e-a08c-d88912f8c727 | Context users@openstack cleanup() started
2019-06-14 23:47:51.444 1842 INFO rally.task.context [-] Task 15797f41-d23d-4a4e-a08c-d88912f8c727 | Context users@openstack cleanup() finished in 9.03 sec
2019-06-14 23:47:52.906 1842 INFO rally.task.engine [-] Load duration is: 11.274938
2019-06-14 23:47:52.907 1842 INFO rally.task.engine [-] Full runner duration is: 11.315994
2019-06-14 23:47:52.907 1842 INFO rally.task.engine [-] Full duration is: 58.774019
2019-06-14 23:47:53.177 1842 INFO rally.task.engine [-] Running workload: position = 0 config = { "version": 2, "title": "A cropped version of a bigger task.", "description": "Auto-generated task from a single workload (uuid=9e6cf0a6-145a-48a6-a58a-015c9c6a775f)", "subtasks": [ { "title": "CinderVolumes.create_and_list_volume", "description": "Create a volume and list all volumes.", "scenario": { "CinderVolumes.create_and_list_volume": { "detailed": true, "image": { "name": "rally_full-img_84b1c546-6254-432e-8272-09e3c4905402" }, "size": 1 } }, "contexts": { "users": { "tenants": 3, "users_per_tenant": 2 }, "quotas": { "cinder": { "gigabytes": -1, "snapshots": -1, "volumes": -1 } }, "api_versions": { "cinder": { "version": 3, "service_type": "volumev3" } } }, "runner": { "constant": { "concurrency": 4, "times": 10 } }, "hooks": [], "sla": { "failure_rate": { "max": 0 } } } ] }
2019-06-14 23:47:53.200 1842 RALLYDEBUG rally_openstack.contexts.keystone.users [-] Creating 3 tenants using 20 threads
2019-06-14 23:47:55.105 1842 RALLYDEBUG rally_openstack.contexts.keystone.users [-] Creating 6 users using 20 threads
2019-06-14 23:47:57.844 1842 INFO rally.task.context [-] Task 15797f41-d23d-4a4e-a08c-d88912f8c727 | Context users@openstack setup() finished in 4.64 sec
2019-06-14 23:47:58.278 1842 INFO rally.task.context [-] Task 15797f41-d23d-4a4e-a08c-d88912f8c727 | Context api_versions@openstack setup() finished in 0.43 sec
2019-06-14 23:48:00.038 1842 INFO rally.task.context [-] Task 15797f41-d23d-4a4e-a08c-d88912f8c727 | Context quotas@openstack setup() finished in 1.76 sec
2019-06-14 23:48:00.038 1842 INFO rally.task.context [-] Task 15797f41-d23d-4a4e-a08c-d88912f8c727 | Context cleanup@openstack setup() finished in 0.01 msec
2019-06-14 23:48:01.081 1842 RALLYDEBUG rally.task.runner [-] Starting the constant runner (task UUID: 15797f41-d23d-4a4e-a08c-d88912f8c727). timeout: 0 concurrency: 4 concurrency_per_worker: 1 times: 10 concurrency_overhead: 0 processes_to_start: 4 max_cpu_used: 16
2019-06-14 23:48:01.093 2414 RALLYDEBUG rally.task.runner [-] Starting a worker. concurrency: 1 args: {"detailed": true, "image": "9fd78fb6-0d8c-422c-bdfa-b1534882a21c", "size": 1} times: 10 method_name: run timeout: 0 duration: None cls:
2019-06-14 23:48:01.097 2415 RALLYDEBUG rally.task.runner [-] Starting a worker. concurrency: 1 args: {"detailed": true, "image": "9fd78fb6-0d8c-422c-bdfa-b1534882a21c", "size": 1} times: 10 method_name: run timeout: 0 duration: None cls:
2019-06-14 23:48:01.101 2414 INFO rally.task.runner [-] Task 15797f41-d23d-4a4e-a08c-d88912f8c727 | ITER: 1 START
2019-06-14 23:48:01.101 2416 RALLYDEBUG rally.task.runner [-] Starting a worker. concurrency: 1 args: {"detailed": true, "image": "9fd78fb6-0d8c-422c-bdfa-b1534882a21c", "size": 1} times: 10 method_name: run timeout: 0 duration: None cls:
2019-06-14 23:48:01.104 2417 RALLYDEBUG rally.task.runner [-] Starting a worker. concurrency: 1 args: {"detailed": true, "image": "9fd78fb6-0d8c-422c-bdfa-b1534882a21c", "size": 1} times: 10 method_name: run timeout: 0 duration: None cls:
2019-06-14 23:48:01.105 2415 INFO rally.task.runner [-] Task 15797f41-d23d-4a4e-a08c-d88912f8c727 | ITER: 2 START
2019-06-14 23:48:01.109 2416 INFO rally.task.runner [-] Task 15797f41-d23d-4a4e-a08c-d88912f8c727 | ITER: 3 START
2019-06-14 23:48:01.111 2417 INFO rally.task.runner [-] Task 15797f41-d23d-4a4e-a08c-d88912f8c727 | ITER: 4 START
2019-06-14 23:48:08.646 2417 RALLYDEBUG rally.task.utils [-] Waiting for resource s_rally_9e6cf0a6_OZcIyoGk. Status changed: CREATING => DOWNLOADING in 3.00279188156
2019-06-14 23:48:09.282 2415 RALLYDEBUG rally.task.utils [-] Waiting for resource s_rally_9e6cf0a6_KNpuqsHp. Status changed: CREATING => DOWNLOADING in 3.0768969059
2019-06-14 23:48:14.257 2414 RALLYDEBUG rally.task.utils [-] Waiting for resource s_rally_9e6cf0a6_1xMu7T6U. Status changed: CREATING => DOWNLOADING in 7.68414402008
2019-06-14 23:48:15.576 2417 RALLYDEBUG rally.task.utils [-] Waiting for resource s_rally_9e6cf0a6_OZcIyoGk. Status changed: DOWNLOADING => AVAILABLE in 6.92969107628
2019-06-14 23:48:15.852 2417 INFO rally.task.runner [-] Task 15797f41-d23d-4a4e-a08c-d88912f8c727 | ITER: 4 END: OK
2019-06-14 23:48:15.856 2417 INFO rally.task.runner [-] Task 15797f41-d23d-4a4e-a08c-d88912f8c727 | ITER: 5 START
2019-06-14 23:48:16.230 2415 RALLYDEBUG rally.task.utils [-] Waiting for resource s_rally_9e6cf0a6_KNpuqsHp. Status changed: DOWNLOADING => AVAILABLE in 6.94796299934
2019-06-14 23:48:16.477 2415 INFO rally.task.runner [-] Task 15797f41-d23d-4a4e-a08c-d88912f8c727 | ITER: 2 END: OK
2019-06-14 23:48:16.482 2415 INFO rally.task.runner [-] Task 15797f41-d23d-4a4e-a08c-d88912f8c727 | ITER: 6 START
2019-06-14 23:48:18.744 2416 RALLYDEBUG rally.task.utils [-] Waiting for resource s_rally_9e6cf0a6_CbFxDiC9. Status changed: CREATING => DOWNLOADING in 11.929929018
2019-06-14 23:48:23.031 2414 RALLYDEBUG rally.task.utils [-] Waiting for resource s_rally_9e6cf0a6_1xMu7T6U. Status changed: DOWNLOADING => AVAILABLE in 8.77399897575
2019-06-14 23:48:23.142 2416 RALLYDEBUG rally.task.utils [-] Waiting for resource s_rally_9e6cf0a6_CbFxDiC9. Status changed: DOWNLOADING => AVAILABLE in 4.39783596992
2019-06-14 23:48:23.208 2416 INFO rally.task.runner [-] Task 15797f41-d23d-4a4e-a08c-d88912f8c727 | ITER: 3 END: OK
2019-06-14 23:48:23.213 2416 INFO rally.task.runner [-] Task 15797f41-d23d-4a4e-a08c-d88912f8c727 | ITER: 7 START
2019-06-14 23:48:23.354 2414 INFO rally.task.runner [-] Task 15797f41-d23d-4a4e-a08c-d88912f8c727 | ITER: 1 END: OK
2019-06-14 23:48:23.359 2414 INFO rally.task.runner [-] Task 15797f41-d23d-4a4e-a08c-d88912f8c727 | ITER: 8 START
2019-06-14 23:48:25.745 2417 RALLYDEBUG rally.task.utils [-] Waiting for resource s_rally_9e6cf0a6_aiZ5rNwK. Status changed: CREATING => DOWNLOADING in 5.24908518791
2019-06-14 23:48:26.226 2415 RALLYDEBUG rally.task.utils [-] Waiting for resource s_rally_9e6cf0a6_kUTy3suC. Status changed: CREATING => DOWNLOADING in 5.29309391975
2019-06-14 23:48:30.381 2417 RALLYDEBUG rally.task.utils [-] Waiting for resource s_rally_9e6cf0a6_aiZ5rNwK. Status changed: DOWNLOADING => AVAILABLE in 4.63652682304
2019-06-14 23:48:30.764 2417 INFO rally.task.runner [-] Task 15797f41-d23d-4a4e-a08c-d88912f8c727 | ITER: 5 END: OK
2019-06-14 23:48:30.769 2417 INFO rally.task.runner [-] Task 15797f41-d23d-4a4e-a08c-d88912f8c727 | ITER: 9 START
2019-06-14 23:48:30.879 2415 RALLYDEBUG rally.task.utils [-] Waiting for resource s_rally_9e6cf0a6_kUTy3suC. Status changed: DOWNLOADING => AVAILABLE in 4.65277004242
2019-06-14 23:48:31.246 2415 INFO rally.task.runner [-] Task 15797f41-d23d-4a4e-a08c-d88912f8c727 | ITER: 6 END: OK
2019-06-14 23:48:31.251 2415 INFO rally.task.runner [-] Task 15797f41-d23d-4a4e-a08c-d88912f8c727 | ITER: 10 START
2019-06-14 23:48:33.684 2414 RALLYDEBUG rally.task.utils [-] Waiting for resource s_rally_9e6cf0a6_dIeLNdEE. Status changed: CREATING => DOWNLOADING in 5.32794499397
2019-06-14 23:48:37.317 2416 RALLYDEBUG rally.task.utils [-] Waiting for resource s_rally_9e6cf0a6_nYq2yWLa. Status changed: CREATING => DOWNLOADING in 9.68180394173
2019-06-14 23:48:40.761 2414 RALLYDEBUG rally.task.utils [-] Waiting for resource s_rally_9e6cf0a6_dIeLNdEE. Status changed: DOWNLOADING => AVAILABLE in 7.07632899284
2019-06-14 23:48:41.041 2414 INFO rally.task.runner [-] Task 15797f41-d23d-4a4e-a08c-d88912f8c727 | ITER: 8 END: OK
2019-06-14 23:48:41.648 2415 RALLYDEBUG rally.task.utils [-] Waiting for resource s_rally_9e6cf0a6_99x2XsQu. Status changed: CREATING => DOWNLOADING in 5.38008093834
2019-06-14 23:48:41.670 2416 RALLYDEBUG rally.task.utils [-] Waiting for resource s_rally_9e6cf0a6_nYq2yWLa. Status changed: DOWNLOADING => AVAILABLE in 4.35305309296
2019-06-14 23:48:41.742 2416 INFO rally.task.runner [-] Task 15797f41-d23d-4a4e-a08c-d88912f8c727 | ITER: 7 END: OK
2019-06-14 23:48:42.502 2417 RALLYDEBUG rally.task.utils [-] Waiting for resource s_rally_9e6cf0a6_4TxYZZK7. Status changed: CREATING => DOWNLOADING in 7.39878892899
2019-06-14 23:48:47.110 2417 RALLYDEBUG rally.task.utils [-] Waiting for resource s_rally_9e6cf0a6_4TxYZZK7. Status changed: DOWNLOADING => AVAILABLE in 4.60785007477
2019-06-14 23:48:47.474 2417 INFO rally.task.runner [-] Task 15797f41-d23d-4a4e-a08c-d88912f8c727 | ITER: 9 END: OK
2019-06-14 23:48:48.523 2415 RALLYDEBUG rally.task.utils [-] Waiting for resource s_rally_9e6cf0a6_99x2XsQu. Status changed: DOWNLOADING => AVAILABLE in 6.87488007545
2019-06-14 23:48:48.896 2415 INFO rally.task.runner [-] Task 15797f41-d23d-4a4e-a08c-d88912f8c727 | ITER: 10 END: OK
2019-06-14 23:48:48.922 1842 INFO rally.task.context [-] Task 15797f41-d23d-4a4e-a08c-d88912f8c727 | Context cleanup@openstack cleanup() started
2019-06-14 23:48:48.924 1842 RALLYDEBUG rally_openstack.cleanup.manager [-] Cleaning up cinder backups objects
2019-06-14 23:48:50.998 1842 RALLYDEBUG rally_openstack.cleanup.manager [-] Cleaning up cinder volume_snapshots objects
2019-06-14 23:48:53.128 1842 RALLYDEBUG rally_openstack.cleanup.manager [-] Cleaning up cinder transfers objects
2019-06-14 23:48:55.246 1842 RALLYDEBUG rally_openstack.cleanup.manager [-] Cleaning up cinder volumes objects
2019-06-14 23:48:57.647 1842 RALLYDEBUG rally_openstack.cleanup.manager [-] Deleting cinder.volumes object s_rally_9e6cf0a6_99x2XsQu (858485d6-9871-4ba2-ab48-4ce303b4bff1)
2019-06-14 23:48:57.653 1842 RALLYDEBUG rally_openstack.cleanup.manager [-] Deleting cinder.volumes object s_rally_9e6cf0a6_4TxYZZK7 (fe8139dc-04a6-459d-a782-266514cdd074)
2019-06-14 23:48:57.653 1842 RALLYDEBUG rally_openstack.cleanup.manager [-] Deleting cinder.volumes object s_rally_9e6cf0a6_dIeLNdEE (316eadfe-03fe-4b9f-989e-eda451a82525)
2019-06-14 23:48:57.654 1842 RALLYDEBUG rally_openstack.cleanup.manager [-] Deleting cinder.volumes object s_rally_9e6cf0a6_OZcIyoGk (55ed6853-66e5-475a-9dc9-1440ba170487)
2019-06-14 23:48:57.654 1842 RALLYDEBUG rally_openstack.cleanup.manager [-] Deleting cinder.volumes object s_rally_9e6cf0a6_nYq2yWLa (d5e19930-07f9-4149-b295-f92869149624)
2019-06-14 23:48:57.655 1842 RALLYDEBUG rally_openstack.cleanup.manager [-] Deleting cinder.volumes object s_rally_9e6cf0a6_aiZ5rNwK (8e271b86-b93d-4669-99ff-74b5661b0b6c)
2019-06-14 23:48:57.660 1842 RALLYDEBUG rally_openstack.cleanup.manager [-] Deleting cinder.volumes object s_rally_9e6cf0a6_kUTy3suC (289c26f6-240f-405c-8ef5-d689a9a02ecb)
2019-06-14 23:48:57.660 1842 RALLYDEBUG rally_openstack.cleanup.manager [-] Deleting cinder.volumes object s_rally_9e6cf0a6_CbFxDiC9 (44813a41-52fc-47e3-be03-29e5e38368be)
2019-06-14 23:48:57.682 1842 RALLYDEBUG rally_openstack.cleanup.manager [-] Deleting cinder.volumes object s_rally_9e6cf0a6_KNpuqsHp (e5f32092-effe-4727-9849-e0c5e970f435)
2019-06-14 23:48:57.701 1842 RALLYDEBUG rally_openstack.cleanup.manager [-] Deleting cinder.volumes object s_rally_9e6cf0a6_1xMu7T6U (f8fbad17-0594-4003-a770-beb2c498e62c)
2019-06-14 23:49:01.531 1842 INFO rally.task.context [-] Task 15797f41-d23d-4a4e-a08c-d88912f8c727 | Context cleanup@openstack cleanup() finished in 12.61 sec
2019-06-14 23:49:01.531 1842 INFO rally.task.context [-] Task 15797f41-d23d-4a4e-a08c-d88912f8c727 | Context quotas@openstack cleanup() started
2019-06-14 23:49:02.331 1842 INFO rally.task.context [-] Task 15797f41-d23d-4a4e-a08c-d88912f8c727 | Context quotas@openstack cleanup() finished in 0.80 sec
2019-06-14 23:49:02.331 1842 INFO rally.task.context [-] Task 15797f41-d23d-4a4e-a08c-d88912f8c727 | Context api_versions@openstack cleanup() started
2019-06-14 23:49:02.332 1842 INFO rally.task.context [-] Task 15797f41-d23d-4a4e-a08c-d88912f8c727 | Context api_versions@openstack cleanup() finished in 0.29 msec
2019-06-14 23:49:02.332 1842 INFO rally.task.context [-] Task 15797f41-d23d-4a4e-a08c-d88912f8c727 | Context users@openstack cleanup() started
2019-06-14 23:49:10.427 1842 INFO rally.task.context [-] Task 15797f41-d23d-4a4e-a08c-d88912f8c727 | Context users@openstack cleanup() finished in 8.10 sec
2019-06-14 23:49:11.511 1842 INFO rally.task.engine [-] Load duration is: 47.790656
2019-06-14 23:49:11.511 1842 INFO rally.task.engine [-] Full runner duration is: 47.841506
2019-06-14 23:49:11.512 1842 INFO rally.task.engine [-] Full duration is: 77.230485
2019-06-14 23:49:11.691 1842 INFO rally.task.engine [-] Running workload: position = 1 config = { "version": 2, "title": "A cropped version of a bigger task.", "description": "Auto-generated task from a single workload (uuid=19a80f65-9c22-4d05-a41e-3cc9a149a8f6)", "subtasks": [ { "title": "CinderVolumes.create_and_list_volume", "description": "Create a volume and list all volumes.", "scenario": { "CinderVolumes.create_and_list_volume": { "detailed": true, "size": 1 } }, "contexts": { "users": { "tenants": 3, "users_per_tenant": 2 }, "quotas": { "cinder": { "gigabytes": -1, "snapshots": -1, "volumes": -1 } }, "api_versions": { "cinder": { "version": 3, "service_type": "volumev3" } } }, "runner": { "constant": { "concurrency": 4, "times": 10 } }, "hooks": [], "sla": { "failure_rate": { "max": 0 } } } ] }
2019-06-14 23:49:11.715 1842 RALLYDEBUG rally_openstack.contexts.keystone.users [-] Creating 3 tenants using 20 threads
2019-06-14 23:49:13.596 1842 RALLYDEBUG rally_openstack.contexts.keystone.users [-] Creating 6 users using 20 threads
2019-06-14 23:49:16.480 1842 INFO rally.task.context [-] Task 15797f41-d23d-4a4e-a08c-d88912f8c727 | Context users@openstack setup() finished in 4.77 sec
2019-06-14 23:49:16.925 1842 INFO rally.task.context [-] Task 15797f41-d23d-4a4e-a08c-d88912f8c727 | Context api_versions@openstack setup() finished in 0.44 sec
2019-06-14 23:49:18.683 1842 INFO rally.task.context [-] Task 15797f41-d23d-4a4e-a08c-d88912f8c727 | Context quotas@openstack setup() finished in 1.76 sec
2019-06-14 23:49:18.683 1842 INFO rally.task.context [-] Task 15797f41-d23d-4a4e-a08c-d88912f8c727 | Context cleanup@openstack setup() finished in 0.01 msec
2019-06-14 23:49:18.691 1842 RALLYDEBUG rally.task.runner [-] Starting the constant runner (task UUID: 15797f41-d23d-4a4e-a08c-d88912f8c727). timeout: 0 concurrency: 4 concurrency_per_worker: 1 times: 10 concurrency_overhead: 0 processes_to_start: 4 max_cpu_used: 16
2019-06-14 23:49:18.703 2599 RALLYDEBUG rally.task.runner [-] Starting a worker. concurrency: 1 args: {"detailed": true, "size": 1} times: 10 method_name: run timeout: 0 duration: None cls:
2019-06-14 23:49:18.703 2598 RALLYDEBUG rally.task.runner [-] Starting a worker. concurrency: 1 args: {"detailed": true, "size": 1} times: 10 method_name: run timeout: 0 duration: None cls:
2019-06-14 23:49:18.707 2599 INFO rally.task.runner [-] Task 15797f41-d23d-4a4e-a08c-d88912f8c727 | ITER: 1 START
2019-06-14 23:49:18.707 2600 RALLYDEBUG rally.task.runner [-] Starting a worker. concurrency: 1 args: {"detailed": true, "size": 1} times: 10 method_name: run timeout: 0 duration: None cls:
2019-06-14 23:49:18.712 2598 INFO rally.task.runner [-] Task 15797f41-d23d-4a4e-a08c-d88912f8c727 | ITER: 2 START
2019-06-14 23:49:18.712 2600 INFO rally.task.runner [-] Task 15797f41-d23d-4a4e-a08c-d88912f8c727 | ITER: 3 START
2019-06-14 23:49:18.712 2601 RALLYDEBUG rally.task.runner [-] Starting a worker. concurrency: 1 args: {"detailed": true, "size": 1} times: 10 method_name: run timeout: 0 duration: None cls:
2019-06-14 23:49:18.719 2601 INFO rally.task.runner [-] Task 15797f41-d23d-4a4e-a08c-d88912f8c727 | ITER: 4 START
2019-06-14 23:49:22.532 2601 INFO rally.task.runner [-] Task 15797f41-d23d-4a4e-a08c-d88912f8c727 | ITER: 4 END: OK
2019-06-14 23:49:22.536 2601 INFO rally.task.runner [-] Task 15797f41-d23d-4a4e-a08c-d88912f8c727 | ITER: 5 START
2019-06-14 23:49:22.688 2600 INFO rally.task.runner [-] Task 15797f41-d23d-4a4e-a08c-d88912f8c727 | ITER: 3 END: OK
2019-06-14 23:49:22.692 2600 INFO rally.task.runner [-] Task 15797f41-d23d-4a4e-a08c-d88912f8c727 | ITER: 6 START
2019-06-14 23:49:22.915 2598 INFO rally.task.runner [-] Task 15797f41-d23d-4a4e-a08c-d88912f8c727 | ITER: 2 END: OK
2019-06-14 23:49:22.921 2598 INFO rally.task.runner [-] Task 15797f41-d23d-4a4e-a08c-d88912f8c727 | ITER: 7 START
2019-06-14 23:49:22.937 2599 INFO rally.task.runner [-] Task 15797f41-d23d-4a4e-a08c-d88912f8c727 | ITER: 1 END: OK
2019-06-14 23:49:22.943 2599 INFO rally.task.runner [-] Task 15797f41-d23d-4a4e-a08c-d88912f8c727 | ITER: 8 START
2019-06-14 23:49:26.130 2601 INFO rally.task.runner [-] Task 15797f41-d23d-4a4e-a08c-d88912f8c727 | ITER: 5 END: OK
2019-06-14 23:49:26.135 2601 INFO rally.task.runner [-] Task 15797f41-d23d-4a4e-a08c-d88912f8c727 | ITER: 9 START
2019-06-14 23:49:26.790 2600 INFO rally.task.runner [-] Task 15797f41-d23d-4a4e-a08c-d88912f8c727 | ITER: 6 END: OK
2019-06-14 23:49:26.796 2600 INFO rally.task.runner [-] Task 15797f41-d23d-4a4e-a08c-d88912f8c727 | ITER: 10 START
2019-06-14 23:49:26.903 2599 INFO rally.task.runner [-] Task 15797f41-d23d-4a4e-a08c-d88912f8c727 | ITER: 8 END: OK
2019-06-14 23:49:27.048 2598 INFO rally.task.runner [-] Task 15797f41-d23d-4a4e-a08c-d88912f8c727 | ITER: 7 END: OK
2019-06-14 23:49:30.038 2601 INFO rally.task.runner [-] Task 15797f41-d23d-4a4e-a08c-d88912f8c727 | ITER: 9 END: OK
2019-06-14 23:49:30.668 2600 INFO rally.task.runner [-] Task 15797f41-d23d-4a4e-a08c-d88912f8c727 | ITER: 10 END: OK
2019-06-14 23:49:30.690 1842 INFO rally.task.context [-] Task 15797f41-d23d-4a4e-a08c-d88912f8c727 | Context cleanup@openstack cleanup() started
2019-06-14 23:49:30.693 1842 RALLYDEBUG rally_openstack.cleanup.manager [-] Cleaning up cinder backups objects
2019-06-14 23:49:32.832 1842 RALLYDEBUG rally_openstack.cleanup.manager [-] Cleaning up cinder volume_snapshots objects
2019-06-14 23:49:35.100 1842 RALLYDEBUG rally_openstack.cleanup.manager [-] Cleaning up cinder transfers objects
2019-06-14 23:49:37.325 1842 RALLYDEBUG rally_openstack.cleanup.manager [-] Cleaning up cinder volumes objects
2019-06-14 23:49:39.654 1842 RALLYDEBUG rally_openstack.cleanup.manager [-] Deleting cinder.volumes object s_rally_19a80f65_hBY8BOWy (ae43294a-ea0f-48da-9814-f070d8900dd2)
2019-06-14 23:49:39.662 1842 RALLYDEBUG rally_openstack.cleanup.manager [-] Deleting cinder.volumes object s_rally_19a80f65_EL7SrNuQ (6d13f18e-68bd-41ec-be06-422cfac5c971)
2019-06-14 23:49:39.664 1842 RALLYDEBUG rally_openstack.cleanup.manager [-] Deleting cinder.volumes object s_rally_19a80f65_8Htpri1C (88376025-3b67-47c0-9f3f-0f07489f47cf)
2019-06-14 23:49:39.665 1842 RALLYDEBUG rally_openstack.cleanup.manager [-] Deleting cinder.volumes object s_rally_19a80f65_AQPeBNF3 (b48ee440-8de1-433c-8d06-0905fb902622)
2019-06-14 23:49:39.665 1842 RALLYDEBUG rally_openstack.cleanup.manager [-] Deleting cinder.volumes object s_rally_19a80f65_156c89Qh (ae28c466-f3a3-4787-b3ff-ffd2a27d44a7)
2019-06-14 23:49:39.665 1842 RALLYDEBUG rally_openstack.cleanup.manager [-] Deleting cinder.volumes object s_rally_19a80f65_RwllwSg2 (ace70cab-04b6-403c-8883-53fbc79a24b1)
2019-06-14 23:49:39.666 1842 RALLYDEBUG rally_openstack.cleanup.manager [-] Deleting cinder.volumes object s_rally_19a80f65_uRNAtKjY (1a6a3173-5497-4414-9476-1a99566b017b)
2019-06-14 23:49:39.667 1842 RALLYDEBUG rally_openstack.cleanup.manager [-] Deleting cinder.volumes object s_rally_19a80f65_aEji4EZz (3e9ee172-0541-4187-a344-aefa39117c75)
2019-06-14 23:49:39.673 1842 RALLYDEBUG rally_openstack.cleanup.manager [-] Deleting cinder.volumes object s_rally_19a80f65_hzLg4jvt (ffe7ac08-2a6a-4faa-8819-ff8265913bab)
2019-06-14 23:49:39.679 1842 RALLYDEBUG rally_openstack.cleanup.manager [-] Deleting cinder.volumes object s_rally_19a80f65_XxU87s8W (d138f97d-5078-43e5-b20b-0e6081346761)
2019-06-14 23:49:43.490 1842 INFO rally.task.context [-] Task 15797f41-d23d-4a4e-a08c-d88912f8c727 | Context cleanup@openstack cleanup() finished in 12.80 sec
2019-06-14 23:49:43.491 1842 INFO rally.task.context [-] Task 15797f41-d23d-4a4e-a08c-d88912f8c727 | Context quotas@openstack cleanup() started
2019-06-14 23:49:44.110 1842 INFO rally.task.context [-] Task 15797f41-d23d-4a4e-a08c-d88912f8c727 | Context quotas@openstack cleanup() finished in 0.62 sec
2019-06-14 23:49:44.111 1842 INFO rally.task.context [-] Task 15797f41-d23d-4a4e-a08c-d88912f8c727 | Context api_versions@openstack cleanup() started
2019-06-14 23:49:44.111 1842 INFO rally.task.context [-] Task 15797f41-d23d-4a4e-a08c-d88912f8c727 | Context api_versions@openstack cleanup() finished in 0.31 msec
2019-06-14 23:49:44.111 1842 INFO rally.task.context [-] Task 15797f41-d23d-4a4e-a08c-d88912f8c727 | Context users@openstack cleanup() started
2019-06-14 23:49:52.439 1842 INFO rally.task.context [-] Task 15797f41-d23d-4a4e-a08c-d88912f8c727 | Context users@openstack cleanup() finished in 8.33 sec
2019-06-14 23:49:53.899 1842 INFO rally.task.engine [-] Load duration is: 11.959298
2019-06-14 23:49:53.900 1842 INFO rally.task.engine [-] Full runner duration is: 11.999825
2019-06-14 23:49:53.900 1842 INFO rally.task.engine [-] Full duration is: 40.726878
2019-06-14 23:49:54.136 1842 INFO rally.task.engine [-] Running workload: position = 0 config = { "version": 2, "title": "A cropped version of a bigger task.", "description": "Auto-generated task from a single workload (uuid=0dc13c77-91fc-41e7-9234-1cc338d6b876)", "subtasks": [ { "title": "CinderVolumes.create_and_upload_volume_to_image", "description": "Create and upload a volume to image.", "scenario": { "CinderVolumes.create_and_upload_volume_to_image": { "container_format": "bare", "disk_format": "raw", "do_delete": true, "force": false, "size": 1 } }, "contexts": { "users": { "tenants": 3, "users_per_tenant": 2 }, "quotas": { "cinder": { "gigabytes": -1, "snapshots": -1, "volumes": -1 } }, "api_versions": { "cinder": { "version": 3, "service_type": "volumev3" } } }, "runner": { "constant": { "concurrency": 4, "times": 10 } }, "hooks": [], "sla": { "failure_rate": { "max": 0 } } } ] }
2019-06-14 23:49:54.160 1842 RALLYDEBUG rally_openstack.contexts.keystone.users [-] Creating 3 tenants using 20 threads
2019-06-14 23:49:55.914 1842 RALLYDEBUG rally_openstack.contexts.keystone.users [-] Creating 6 users using 20 threads
2019-06-14 23:49:58.757 1842 INFO rally.task.context [-] Task 15797f41-d23d-4a4e-a08c-d88912f8c727 | Context users@openstack setup() finished in 4.60 sec
2019-06-14 23:49:59.187 1842 INFO rally.task.context [-] Task 15797f41-d23d-4a4e-a08c-d88912f8c727 | Context api_versions@openstack setup() finished in 0.43 sec
2019-06-14 23:50:00.879 1842 INFO rally.task.context [-] Task 15797f41-d23d-4a4e-a08c-d88912f8c727 | Context quotas@openstack setup() finished in 1.69 sec
2019-06-14 23:50:00.879 1842 INFO rally.task.context [-] Task 15797f41-d23d-4a4e-a08c-d88912f8c727 | Context cleanup@openstack setup() finished in 0.00 msec
2019-06-14 23:50:00.889 1842 RALLYDEBUG rally.task.runner [-] Starting the constant runner (task UUID: 15797f41-d23d-4a4e-a08c-d88912f8c727). timeout: 0 concurrency: 4 concurrency_per_worker: 1 times: 10 concurrency_overhead: 0 processes_to_start: 4 max_cpu_used: 16
2019-06-14 23:50:00.901 2782 RALLYDEBUG rally.task.runner [-] Starting a worker. concurrency: 1 args: {"container_format": "bare", "disk_format": "raw", "do_delete": true, "force": false, "size": 1} times: 10 method_name: run timeout: 0 duration: None cls:
2019-06-14 23:50:00.903 2783 RALLYDEBUG rally.task.runner [-] Starting a worker. concurrency: 1 args: {"container_format": "bare", "disk_format": "raw", "do_delete": true, "force": false, "size": 1} times: 10 method_name: run timeout: 0 duration: None cls:
2019-06-14 23:50:00.907 2784 RALLYDEBUG rally.task.runner [-] Starting a worker. concurrency: 1 args: {"container_format": "bare", "disk_format": "raw", "do_delete": true, "force": false, "size": 1} times: 10 method_name: run timeout: 0 duration: None cls:
2019-06-14 23:50:00.909 2782 INFO rally.task.runner [-] Task 15797f41-d23d-4a4e-a08c-d88912f8c727 | ITER: 1 START
2019-06-14 23:50:00.910 2783 INFO rally.task.runner [-] Task 15797f41-d23d-4a4e-a08c-d88912f8c727 | ITER: 2 START
2019-06-14 23:50:00.911 2785 RALLYDEBUG rally.task.runner [-] Starting a worker. concurrency: 1 args: {"container_format": "bare", "disk_format": "raw", "do_delete": true, "force": false, "size": 1} times: 10 method_name: run timeout: 0 duration: None cls:
2019-06-14 23:50:00.915 2784 INFO rally.task.runner [-] Task 15797f41-d23d-4a4e-a08c-d88912f8c727 | ITER: 3 START
2019-06-14 23:50:00.919 2785 INFO rally.task.runner [-] Task 15797f41-d23d-4a4e-a08c-d88912f8c727 | ITER: 4 START
2019-06-14 23:50:06.555 2783 RALLYDEBUG rally.task.utils [-] Waiting for resource s_rally_0dc13c77_f9S3bpaV. Status changed: AVAILABLE => UPLOADING in 0.335973978043
2019-06-14 23:50:06.618 2782 RALLYDEBUG rally.task.utils [-] Waiting for resource s_rally_0dc13c77_Esx4zdWi. Status changed: AVAILABLE => UPLOADING in 0.346640110016
2019-06-14 23:50:06.678 2785 RALLYDEBUG rally.task.utils [-] Waiting for resource s_rally_0dc13c77_LCS7jz1c. Status changed: AVAILABLE => UPLOADING in 0.342741012573
2019-06-14 23:50:06.844 2784 RALLYDEBUG rally.task.utils [-] Waiting for resource s_rally_0dc13c77_H6xSutsT. Status changed: AVAILABLE => UPLOADING in 0.331914901733
2019-06-14 23:50:52.870 2782 RALLYDEBUG rally.task.utils [-] Waiting for resource s_rally_0dc13c77_Esx4zdWi. Status changed: UPLOADING => AVAILABLE in 46.2528030872
2019-06-14 23:50:54.425 2782 INFO rally.task.runner [-] Task 15797f41-d23d-4a4e-a08c-d88912f8c727 | ITER: 1 END: OK
2019-06-14 23:50:54.432 2782 INFO rally.task.runner [-] Task 15797f41-d23d-4a4e-a08c-d88912f8c727 | ITER: 5 START
2019-06-14 23:50:54.867 2785 RALLYDEBUG rally.task.utils [-] Waiting for resource s_rally_0dc13c77_LCS7jz1c. Status changed: UPLOADING => AVAILABLE in 48.189150095
2019-06-14 23:50:55.838 2783 RALLYDEBUG rally.task.utils [-] Waiting for resource s_rally_0dc13c77_f9S3bpaV. Status changed: UPLOADING => AVAILABLE in 49.2821860313
2019-06-14 23:50:56.326 2784 RALLYDEBUG rally.task.utils [-] Waiting for resource s_rally_0dc13c77_H6xSutsT. Status changed: UPLOADING => AVAILABLE in 49.4817540646
2019-06-14 23:50:56.586 2785 INFO rally.task.runner [-] Task 15797f41-d23d-4a4e-a08c-d88912f8c727 | ITER: 4 END: OK
2019-06-14 23:50:56.593 2785 INFO rally.task.runner [-] Task 15797f41-d23d-4a4e-a08c-d88912f8c727 | ITER: 6 START
2019-06-14 23:50:57.772 2783 INFO rally.task.runner [-] Task 15797f41-d23d-4a4e-a08c-d88912f8c727 | ITER: 2 END: OK
2019-06-14 23:50:57.779 2783 INFO rally.task.runner [-] Task 15797f41-d23d-4a4e-a08c-d88912f8c727 | ITER: 7 START
2019-06-14 23:50:58.916 2784 INFO rally.task.runner [-] Task 15797f41-d23d-4a4e-a08c-d88912f8c727 | ITER: 3 END: OK
2019-06-14 23:50:58.922 2784 INFO rally.task.runner [-] Task 15797f41-d23d-4a4e-a08c-d88912f8c727 | ITER: 8 START
2019-06-14 23:51:00.045 2782 RALLYDEBUG rally.task.utils [-] Waiting for resource s_rally_0dc13c77_eNKNLWnn. Status changed: AVAILABLE => UPLOADING in 0.241987943649
2019-06-14 23:51:02.231 2785 RALLYDEBUG rally.task.utils [-] Waiting for resource s_rally_0dc13c77_KmFZAali. Status changed: AVAILABLE => UPLOADING in 0.0579409599304
2019-06-14 23:51:03.419 2783 RALLYDEBUG rally.task.utils [-] Waiting for resource s_rally_0dc13c77_Ta1ICAa1. Status changed: AVAILABLE => UPLOADING in 0.243520975113
2019-06-14 23:51:04.438 2784 RALLYDEBUG rally.task.utils [-] Waiting for resource s_rally_0dc13c77_i9shfkSS. Status changed: AVAILABLE => UPLOADING in 0.311295986176
2019-06-14 23:51:44.543 2782 RALLYDEBUG rally.task.utils [-] Waiting for resource s_rally_0dc13c77_eNKNLWnn. Status changed: UPLOADING => AVAILABLE in 44.4980590343
2019-06-14 23:51:45.669 2782 RALLYDEBUG rally.task.utils [-] Waiting for resource s_rally_0dc13c77_eNKNLWnn. Status changed: AVAILABLE => DELETING in 0.0647621154785
2019-06-14 23:51:49.226 2782 INFO rally.task.runner [-] Task 15797f41-d23d-4a4e-a08c-d88912f8c727 | ITER: 5 END: OK
2019-06-14 23:51:49.232 2782 INFO rally.task.runner [-] Task 15797f41-d23d-4a4e-a08c-d88912f8c727 | ITER: 9 START
2019-06-14 23:51:51.402 2783 RALLYDEBUG rally.task.utils [-] Waiting for resource s_rally_0dc13c77_Ta1ICAa1. Status changed: UPLOADING => AVAILABLE in 47.9827110767
2019-06-14 23:51:51.669 2785 RALLYDEBUG rally.task.utils [-] Waiting for resource s_rally_0dc13c77_KmFZAali. Status changed: UPLOADING => AVAILABLE in 49.4384629726
2019-06-14 23:51:52.200 2785 RALLYDEBUG rally.task.utils [-] Waiting for resource s_rally_0dc13c77_KmFZAali. Status changed: AVAILABLE => DELETING in 0.0625369548798
2019-06-14 23:51:52.654 2784 RALLYDEBUG rally.task.utils [-] Waiting for resource s_rally_0dc13c77_i9shfkSS. Status changed: UPLOADING => AVAILABLE in 48.2168121338
2019-06-14 23:51:54.352 2783 INFO rally.task.runner [-] Task 15797f41-d23d-4a4e-a08c-d88912f8c727 | ITER: 7 END: OK
2019-06-14 23:51:54.357 2783 INFO rally.task.runner [-] Task 15797f41-d23d-4a4e-a08c-d88912f8c727 | ITER: 10 START
2019-06-14 23:51:54.537 2782 RALLYDEBUG rally.task.utils [-] Waiting for resource s_rally_0dc13c77_Sq5RqQyg. Status changed: AVAILABLE => UPLOADING in 0.35794210434
2019-06-14 23:51:55.448 2784 INFO rally.task.runner [-] Task 15797f41-d23d-4a4e-a08c-d88912f8c727 | ITER: 8 END: OK
2019-06-14 23:51:55.459 2785 INFO rally.task.runner [-] Task 15797f41-d23d-4a4e-a08c-d88912f8c727 | ITER: 6 END: OK
2019-06-14 23:52:00.326 2783 RALLYDEBUG rally.task.utils [-] Waiting for resource s_rally_0dc13c77_gtWyS9ED. Status changed: AVAILABLE => UPLOADING in 0.349697828293
2019-06-14 23:52:24.359 2782 RALLYDEBUG rally.task.utils [-] Waiting for resource s_rally_0dc13c77_Sq5RqQyg. Status changed: UPLOADING => AVAILABLE in 29.8218379021
2019-06-14 23:52:25.148 2782 RALLYDEBUG rally.task.utils [-] Waiting for resource s_rally_0dc13c77_Sq5RqQyg. Status changed: AVAILABLE => DELETING in 0.351646900177
2019-06-14 23:52:28.765 2782 INFO rally.task.runner [-] Task 15797f41-d23d-4a4e-a08c-d88912f8c727 | ITER: 9 END: OK
2019-06-14 23:52:30.114 2783 RALLYDEBUG rally.task.utils [-] Waiting for resource s_rally_0dc13c77_gtWyS9ED. Status changed: UPLOADING => AVAILABLE in 29.7886531353
2019-06-14 23:52:31.085 2783 RALLYDEBUG rally.task.utils [-] Waiting for resource s_rally_0dc13c77_gtWyS9ED. Status changed: AVAILABLE => DELETING in 0.067360162735
2019-06-14 23:52:34.687 2783 INFO rally.task.runner [-] Task 15797f41-d23d-4a4e-a08c-d88912f8c727 | ITER: 10 END: OK
2019-06-14 23:52:34.711 1842 INFO rally.task.context [-] Task 15797f41-d23d-4a4e-a08c-d88912f8c727 | Context cleanup@openstack cleanup() started
2019-06-14 23:52:34.717 1842 RALLYDEBUG rally_openstack.cleanup.manager [-] Cleaning up cinder backups objects
2019-06-14 23:52:37.018 1842 RALLYDEBUG rally_openstack.cleanup.manager [-] Cleaning up cinder volume_snapshots objects
2019-06-14 23:52:39.225 1842 RALLYDEBUG rally_openstack.cleanup.manager [-] Cleaning up cinder transfers objects
2019-06-14 23:52:41.341 1842 RALLYDEBUG rally_openstack.cleanup.manager [-] Cleaning up cinder volumes objects
2019-06-14 23:52:43.517 1842 RALLYDEBUG rally_openstack.cleanup.manager [-] Cleaning up glance images objects
2019-06-14 23:52:46.888 1842 INFO rally.task.context [-] Task 15797f41-d23d-4a4e-a08c-d88912f8c727 | Context cleanup@openstack cleanup() finished in 12.18 sec
2019-06-14 23:52:46.888 1842 INFO rally.task.context [-] Task 15797f41-d23d-4a4e-a08c-d88912f8c727 | Context quotas@openstack cleanup() started
2019-06-14 23:52:47.560 1842 INFO rally.task.context [-] Task 15797f41-d23d-4a4e-a08c-d88912f8c727 | Context quotas@openstack cleanup() finished in 0.67 sec
2019-06-14 23:52:47.560 1842 INFO rally.task.context [-] Task 15797f41-d23d-4a4e-a08c-d88912f8c727 | Context api_versions@openstack cleanup() started
2019-06-14 23:52:47.560 1842 INFO rally.task.context [-] Task 15797f41-d23d-4a4e-a08c-d88912f8c727 | Context api_versions@openstack cleanup() finished in 0.31 msec
2019-06-14 23:52:47.561 1842 INFO rally.task.context [-] Task 15797f41-d23d-4a4e-a08c-d88912f8c727 | Context users@openstack cleanup() started
2019-06-14 23:52:56.656 1842 INFO rally.task.context [-] Task 15797f41-d23d-4a4e-a08c-d88912f8c727 | Context users@openstack cleanup() finished in 9.09 sec
2019-06-14 23:52:57.043 1842 INFO rally.task.engine [-] Load duration is: 152.901736
2019-06-14 23:52:57.043 1842 INFO rally.task.engine [-] Full runner duration is: 153.82263
2019-06-14 23:52:57.044 1842 INFO rally.task.engine [-] Full duration is: 182.49944
2019-06-14 23:52:57.310 1842 INFO rally.task.engine [-] Running workload: position = 0 config = { "version": 2, "title": "A cropped version of a bigger task.", "description": "Auto-generated task from a single workload (uuid=3834b1c6-01dc-4479-823d-17aa115ab55d)", "subtasks": [ { "title": "CinderVolumes.create_nested_snapshots_and_attach_volume", "description": "Create a volume from snapshot and attach/detach the volume", "scenario": { "CinderVolumes.create_nested_snapshots_and_attach_volume": { "flavor": { "name": "rally_full-flavor_84b1c546-6254-432e-8272-09e3c4905402" }, "image": { "name": "rally_full-img_84b1c546-6254-432e-8272-09e3c4905402" }, "nested_level": 1, "size": { "max": 1, "min": 1 }, "create_vm_params": { "nics": [ { "net-id": "bb230163-3a1d-4112-910c-0b2f1e33d504" } ] } } }, "contexts": { "users": { "tenants": 3, "users_per_tenant": 2 }, "quotas": { "cinder": { "gigabytes": -1, "snapshots": -1, "volumes": -1 } }, "api_versions": { "cinder": { "version": 3, "service_type": "volumev3" } } }, "runner": { "constant": { "concurrency": 4, "times": 10 } }, "hooks": [], "sla": { "failure_rate": { "max": 0 } } } ] }
2019-06-14 23:52:57.337 1842 RALLYDEBUG rally_openstack.contexts.keystone.users [-] Creating 3 tenants using 20 threads
2019-06-14 23:52:59.155 1842 RALLYDEBUG rally_openstack.contexts.keystone.users [-] Creating 6 users using 20 threads
2019-06-14 23:53:01.944 1842 INFO rally.task.context [-] Task 15797f41-d23d-4a4e-a08c-d88912f8c727 | Context users@openstack setup() finished in 4.61 sec
2019-06-14 23:53:02.372 1842 INFO rally.task.context [-] Task 15797f41-d23d-4a4e-a08c-d88912f8c727 | Context api_versions@openstack setup() finished in 0.43 sec
2019-06-14 23:53:04.039 1842 INFO rally.task.context [-] Task 15797f41-d23d-4a4e-a08c-d88912f8c727 | Context quotas@openstack setup() finished in 1.67 sec
2019-06-14 23:53:04.039 1842 INFO rally.task.context [-] Task 15797f41-d23d-4a4e-a08c-d88912f8c727 | Context cleanup@openstack setup() finished in 0.01 msec
2019-06-14 23:53:05.564 1842 DEBUG novaclient.v2.client [-] REQ: curl -g -i -X GET http://172.30.9.22:8774/v2.1/flavors/detail -H "Accept: application/json" -H "User-Agent: python-novaclient" -H "X-Auth-Token: {SHA1}32dfd20ad5617e27edc563d19085ecb645f278d2" _http_log_request /usr/lib/python2.7/site-packages/keystoneauth1/session.py:448
2019-06-14 23:53:05.861 1842 DEBUG novaclient.v2.client [-] RESP: [200] Content-Encoding: gzip Content-Length: 365 Content-Type: application/json Date: Fri, 14 Jun 2019 23:53:05 GMT OpenStack-API-Version: compute 2.1 Server: Apache Vary: OpenStack-API-Version,X-OpenStack-Nova-API-Version,Accept-Encoding X-OpenStack-Nova-API-Version: 2.1 x-compute-request-id: req-a5bab95e-0225-4d51-a056-82b87cae67cb x-openstack-request-id: req-a5bab95e-0225-4d51-a056-82b87cae67cb _http_log_response /usr/lib/python2.7/site-packages/keystoneauth1/session.py:479
2019-06-14 23:53:05.861 1842 DEBUG novaclient.v2.client [-] RESP BODY: {"flavors": [{"name": "rally_full-flavor_84b1c546-6254-432e-8272-09e3c4905402", "links": [{"href": "http://172.30.9.22:8774/v2.1/flavors/2a82f38b-7d2d-4252-871e-f29bc922f14d", "rel": "self"}, {"href": "http://172.30.9.22:8774/flavors/2a82f38b-7d2d-4252-871e-f29bc922f14d", "rel": "bookmark"}], "ram": 512, "OS-FLV-DISABLED:disabled": false, "vcpus": 1, "swap": "", "os-flavor-access:is_public": true, "rxtx_factor": 1.0, "OS-FLV-EXT-DATA:ephemeral": 0, "disk": 1, "id": "2a82f38b-7d2d-4252-871e-f29bc922f14d"}, {"name": "rally_full-flavor_alt_84b1c546-6254-432e-8272-09e3c4905402", "links": [{"href": "http://172.30.9.22:8774/v2.1/flavors/62fedd4f-9186-4969-b5ad-d32110671798", "rel": "self"}, {"href": "http://172.30.9.22:8774/flavors/62fedd4f-9186-4969-b5ad-d32110671798", "rel": "bookmark"}], "ram": 1024, "OS-FLV-DISABLED:disabled": false, "vcpus": 1, "swap": "", "os-flavor-access:is_public": true, "rxtx_factor": 1.0, "OS-FLV-EXT-DATA:ephemeral": 0, "disk": 1, "id": "62fedd4f-9186-4969-b5ad-d32110671798"}]} _http_log_response /usr/lib/python2.7/site-packages/keystoneauth1/session.py:511
2019-06-14 23:53:05.862 1842 DEBUG novaclient.v2.client [-] GET call to compute for http://172.30.9.22:8774/v2.1/flavors/detail used request id req-a5bab95e-0225-4d51-a056-82b87cae67cb request /usr/lib/python2.7/site-packages/keystoneauth1/session.py:844
2019-06-14 23:53:05.864 1842 RALLYDEBUG rally.task.runner [-] Starting the constant runner (task UUID: 15797f41-d23d-4a4e-a08c-d88912f8c727). timeout: 0 concurrency: 4 concurrency_per_worker: 1 times: 10 concurrency_overhead: 0 processes_to_start: 4 max_cpu_used: 16
2019-06-14 23:53:05.873 2986 RALLYDEBUG rally.task.runner [-] Starting a worker. concurrency: 1 args: {"flavor": "2a82f38b-7d2d-4252-871e-f29bc922f14d", "image": "9fd78fb6-0d8c-422c-bdfa-b1534882a21c", "nested_level": 1, "size": {"max": 1, "min": 1}, "create_vm_params": {"nics": [{"net-id": "bb230163-3a1d-4112-910c-0b2f1e33d504"}]}} times: 10 method_name: run timeout: 0 duration: None cls:
2019-06-14 23:53:05.878 2986 INFO rally.task.runner [-] Task 15797f41-d23d-4a4e-a08c-d88912f8c727 | ITER: 1 START
2019-06-14 23:53:05.880 2988 RALLYDEBUG rally.task.runner [-] Starting a worker. concurrency: 1 args: {"flavor": "2a82f38b-7d2d-4252-871e-f29bc922f14d", "image": "9fd78fb6-0d8c-422c-bdfa-b1534882a21c", "nested_level": 1, "size": {"max": 1, "min": 1}, "create_vm_params": {"nics": [{"net-id": "bb230163-3a1d-4112-910c-0b2f1e33d504"}]}} times: 10 method_name: run timeout: 0 duration: None cls:
2019-06-14 23:53:05.880 2987 RALLYDEBUG rally.task.runner [-] Starting a worker. concurrency: 1 args: {"flavor": "2a82f38b-7d2d-4252-871e-f29bc922f14d", "image": "9fd78fb6-0d8c-422c-bdfa-b1534882a21c", "nested_level": 1, "size": {"max": 1, "min": 1}, "create_vm_params": {"nics": [{"net-id": "bb230163-3a1d-4112-910c-0b2f1e33d504"}]}} times: 10 method_name: run timeout: 0 duration: None cls:
2019-06-14 23:53:05.885 2988 INFO rally.task.runner [-] Task 15797f41-d23d-4a4e-a08c-d88912f8c727 | ITER: 2 START
2019-06-14 23:53:05.886 2991 RALLYDEBUG rally.task.runner [-] Starting a worker. concurrency: 1 args: {"flavor": "2a82f38b-7d2d-4252-871e-f29bc922f14d", "image": "9fd78fb6-0d8c-422c-bdfa-b1534882a21c", "nested_level": 1, "size": {"max": 1, "min": 1}, "create_vm_params": {"nics": [{"net-id": "bb230163-3a1d-4112-910c-0b2f1e33d504"}]}} times: 10 method_name: run timeout: 0 duration: None cls:
2019-06-14 23:53:05.888 2987 INFO rally.task.runner [-] Task 15797f41-d23d-4a4e-a08c-d88912f8c727 | ITER: 3 START
2019-06-14 23:53:05.893 2991 INFO rally.task.runner [-] Task 15797f41-d23d-4a4e-a08c-d88912f8c727 | ITER: 4 START
2019-06-14 23:53:06.324 2988 DEBUG novaclient.v2.client [-] REQ: curl -g -i -X POST http://172.30.9.22:8774/v2.1/servers -H "Accept: application/json" -H "Content-Type: application/json" -H "User-Agent: python-novaclient" -H "X-Auth-Token: {SHA1}9e67d4d41d10871d23cda8eddc75dc4f8e084aff" -d '{"server": {"name": "s_rally_3834b1c6_EO5GBdIZ", "imageRef": "9fd78fb6-0d8c-422c-bdfa-b1534882a21c", "flavorRef": "2a82f38b-7d2d-4252-871e-f29bc922f14d", "max_count": 1, "min_count": 1, "networks": [{"uuid": "bb230163-3a1d-4112-910c-0b2f1e33d504"}]}}' _http_log_request /usr/lib/python2.7/site-packages/keystoneauth1/session.py:448
2019-06-14 23:53:06.330 2991 DEBUG novaclient.v2.client [-] REQ: curl -g -i -X POST http://172.30.9.22:8774/v2.1/servers -H "Accept: application/json" -H "Content-Type: application/json" -H "User-Agent: python-novaclient" -H "X-Auth-Token: {SHA1}9eb71e50a29fa0c679d717eb7608b059578df4a2" -d '{"server": {"name": "s_rally_3834b1c6_WKaTgRal", "imageRef": "9fd78fb6-0d8c-422c-bdfa-b1534882a21c", "flavorRef": "2a82f38b-7d2d-4252-871e-f29bc922f14d", "max_count": 1, "min_count": 1, "networks": [{"uuid": "bb230163-3a1d-4112-910c-0b2f1e33d504"}]}}' _http_log_request /usr/lib/python2.7/site-packages/keystoneauth1/session.py:448
2019-06-14 23:53:06.330 2986 DEBUG novaclient.v2.client [-] REQ: curl -g -i -X POST http://172.30.9.22:8774/v2.1/servers -H "Accept: application/json" -H "Content-Type: application/json" -H "User-Agent: python-novaclient" -H "X-Auth-Token: {SHA1}9d2d70a9ceaf7e2f63330d04861c3c200508cd72" -d '{"server": {"name": "s_rally_3834b1c6_x3hUALtz", "imageRef": "9fd78fb6-0d8c-422c-bdfa-b1534882a21c", "flavorRef": "2a82f38b-7d2d-4252-871e-f29bc922f14d", "max_count": 1, "min_count": 1, "networks": [{"uuid": "bb230163-3a1d-4112-910c-0b2f1e33d504"}]}}' _http_log_request /usr/lib/python2.7/site-packages/keystoneauth1/session.py:448
