2019-06-14 23:34:36.397 7 RALLYDEBUG rally.api [-] INFO logs from urllib3 and requests module are hide.
2019-06-14 23:34:36.397 7 RALLYDEBUG rally.api [-] urllib3 insecure warnings are hidden.
2019-06-14 23:34:36.398 7 RALLYDEBUG rally.api [-] ERROR log from boto module is hide.
2019-06-14 23:34:37.450 7 ERROR rally.cli.cliutils [-] Unexpected exception in CLI: DBRecordNotFound: Record for uuid or name is opnfv-rally not found in table envs
2019-06-14 23:34:37.450 7 ERROR rally.cli.cliutils
Traceback (most recent call last):
2019-06-14 23:34:37.450 7 ERROR rally.cli.cliutils
File "/usr/lib/python2.7/site-packages/rally/cli/cliutils.py", line 674, in run
2019-06-14 23:34:37.450 7 ERROR rally.cli.cliutils ret = fn(*fn_args, **fn_kwargs)
2019-06-14 23:34:37.450 7 ERROR rally.cli.cliutils File "", line 2, in destroy
2019-06-14 23:34:37.450 7 ERROR rally.cli.cliutils
File "/usr/lib/python2.7/site-packages/rally/cli/envutils.py", line 69, in default_from_global
2019-06-14 23:34:37.450 7 ERROR rally.cli.cliutils return f(*args, **kwargs)
2019-06-14 23:34:37.450 7 ERROR rally.cli.cliutils File "", line 2, in destroy
2019-06-14 23:34:37.450 7 ERROR rally.cli.cliutils
File "/usr/lib/python2.7/site-packages/rally/plugins/__init__.py", line 51, in ensure_plugins_are_loaded
2019-06-14 23:34:37.450 7 ERROR rally.cli.cliutils return f(*args, **kwargs)
2019-06-14 23:34:37.450 7 ERROR rally.cli.cliutils
File "/usr/lib/python2.7/site-packages/rally/cli/commands/deployment.py", line 140, in destroy
2019-06-14 23:34:37.450 7 ERROR rally.cli.cliutils api.deployment.destroy(deployment=deployment)
2019-06-14 23:34:37.450 7 ERROR rally.cli.cliutils
File "/usr/lib/python2.7/site-packages/rally/api.py", line 115, in destroy
2019-06-14 23:34:37.450 7 ERROR rally.cli.cliutils deploy = objects.Deployment.get(deployment)
2019-06-14 23:34:37.450 7 ERROR rally.cli.cliutils
File "/usr/lib/python2.7/site-packages/rally/common/objects/deploy.py", line 124, in get
2019-06-14 23:34:37.450 7 ERROR rally.cli.cliutils return Deployment(env_mgr.EnvManager.get(deploy))
2019-06-14 23:34:37.450 7 ERROR rally.cli.cliutils
File "/usr/lib/python2.7/site-packages/rally/env/env_mgr.py", line 212, in get
2019-06-14 23:34:37.450 7 ERROR rally.cli.cliutils return cls(db.env_get(uuid_or_name))
2019-06-14 23:34:37.450 7 ERROR rally.cli.cliutils
File "/usr/lib/python2.7/site-packages/rally/common/db/api.py", line 135, in wrapper
2019-06-14 23:34:37.450 7 ERROR rally.cli.cliutils result = f(session, *args, **kwargs)
2019-06-14 23:34:37.450 7 ERROR rally.cli.cliutils
File "/usr/lib/python2.7/site-packages/rally/common/db/api.py", line 521, in env_get
2019-06-14 23:34:37.450 7 ERROR rally.cli.cliutils criteria="uuid or name is %s" % uuid_or_name, table="envs")
2019-06-14 23:34:37.450 7 ERROR rally.cli.cliutils DBRecordNotFound: Record for uuid or name is opnfv-rally not found in table envs
2019-06-14 23:34:37.450 7 ERROR rally.cli.cliutils
2019-06-14 23:34:38.079 9 RALLYDEBUG rally.api [-] INFO logs from urllib3 and requests module are hide.
2019-06-14 23:34:38.079 9 RALLYDEBUG rally.api [-] urllib3 insecure warnings are hidden.
2019-06-14 23:34:38.080 9 RALLYDEBUG rally.api [-] ERROR log from boto module is hide.
2019-06-14 23:34:39.224 9 WARNING rally_openstack.platforms.existing [-] endpoint is deprecated and not used.
2019-06-14 23:34:40.098 11 RALLYDEBUG rally.api [-] INFO logs from urllib3 and requests module are hide.
2019-06-14 23:34:40.098 11 RALLYDEBUG rally.api [-] urllib3 insecure warnings are hidden.
2019-06-14 23:34:40.098 11 RALLYDEBUG rally.api [-] ERROR log from boto module is hide.
2019-06-14 23:34:43.470 14 RALLYDEBUG rally.api [-] INFO logs from urllib3 and requests module are hide.
2019-06-14 23:34:43.470 14 RALLYDEBUG rally.api [-] urllib3 insecure warnings are hidden.
2019-06-14 23:34:43.470 14 RALLYDEBUG rally.api [-] ERROR log from boto module is hide.
2019-06-14 23:34:45.339 16 RALLYDEBUG rally.api [-] INFO logs from urllib3 and requests module are hide.
2019-06-14 23:34:45.340 16 RALLYDEBUG rally.api [-] urllib3 insecure warnings are hidden.
2019-06-14 23:34:45.340 16 RALLYDEBUG rally.api [-] ERROR log from boto module is hide.
2019-06-14 23:34:46.712 16 INFO rally.task.engine [-] Task ec5e1099-4478-40f8-9ba2-a4ea7d293bf1 | Starting: Task validation.
2019-06-14 23:34:46.746 16 INFO rally.task.engine [-] Task ec5e1099-4478-40f8-9ba2-a4ea7d293bf1 | Starting: Task validation of syntax.
2019-06-14 23:34:46.830 16 INFO rally.task.engine [-] Task ec5e1099-4478-40f8-9ba2-a4ea7d293bf1 | Completed: Task validation of syntax.
2019-06-14 23:34:46.831 16 INFO rally.task.engine [-] Task ec5e1099-4478-40f8-9ba2-a4ea7d293bf1 | Starting: Task validation of required platforms.
2019-06-14 23:34:46.874 16 INFO rally.task.engine [-] Task ec5e1099-4478-40f8-9ba2-a4ea7d293bf1 | Completed: Task validation of required platforms.
2019-06-14 23:34:46.875 16 INFO rally.task.engine [-] Task ec5e1099-4478-40f8-9ba2-a4ea7d293bf1 | Starting: Task validation of semantic.
2019-06-14 23:34:46.875 16 INFO rally.task.engine [-] Check health of the environment 'cb7977c0-7a64-48f3-81ca-8fe0248ae6ce'.
2019-06-14 23:34:47.721 16 INFO rally.task.engine [-] Platform existing@openstack (available: True): OK!
2019-06-14 23:34:47.739 16 RALLYDEBUG rally_openstack.contexts.keystone.users [-] Creating 1 tenants using 20 threads
2019-06-14 23:34:49.640 16 RALLYDEBUG rally_openstack.contexts.keystone.users [-] Creating 1 users using 20 threads
2019-06-14 23:34:52.584 16 INFO rally.task.context [-] Task ec5e1099-4478-40f8-9ba2-a4ea7d293bf1 | Context users@openstack setup() finished in 4.84 sec
2019-06-14 23:34:52.631 16 INFO rally.task.context [-] Task ec5e1099-4478-40f8-9ba2-a4ea7d293bf1 | Context users@openstack cleanup() started
2019-06-14 23:34:57.990 16 INFO rally.task.context [-] Task ec5e1099-4478-40f8-9ba2-a4ea7d293bf1 | Context users@openstack cleanup() finished in 5.36 sec
2019-06-14 23:34:57.991 16 INFO rally.task.engine [-] Task ec5e1099-4478-40f8-9ba2-a4ea7d293bf1 | Completed: Task validation of semantic.
2019-06-14 23:34:57.991 16 INFO rally.task.engine [-] Task ec5e1099-4478-40f8-9ba2-a4ea7d293bf1 | Completed: Task validation.
2019-06-14 23:34:57.991 16 INFO rally.api [-] Task ec5e1099-4478-40f8-9ba2-a4ea7d293bf1 input file is valid.
2019-06-14 23:34:57.992 16 INFO rally.api [-] Run Task ec5e1099-4478-40f8-9ba2-a4ea7d293bf1 against Deployment cb7977c0-7a64-48f3-81ca-8fe0248ae6ce
2019-06-14 23:34:57.992 16 INFO rally.task.engine [-] Task ec5e1099-4478-40f8-9ba2-a4ea7d293bf1 | Starting: Running task.
2019-06-14 23:34:58.147 16 INFO rally.task.engine [-] Running workload: position = 0 config = { "version": 2, "title": "A cropped version of a bigger task.", "description": "Auto-generated task from a single workload (uuid=9cb1670f-064c-4317-b2d9-3bb90d8b3f0c)", "subtasks": [ { "title": "Authenticate.keystone", "description": "Check Keystone Client.", "scenario": { "Authenticate.keystone": {} }, "contexts": { "users": { "tenants": 3, "users_per_tenant": 2 } }, "runner": { "constant": { "concurrency": 4, "times": 10 } }, "hooks": [], "sla": { "failure_rate": { "max": 0 } } } ] }
2019-06-14 23:34:58.165 16 RALLYDEBUG rally_openstack.contexts.keystone.users [-] Creating 3 tenants using 20 threads
2019-06-14 23:35:00.041 16 RALLYDEBUG rally_openstack.contexts.keystone.users [-] Creating 6 users using 20 threads
2019-06-14 23:35:03.065 16 INFO rally.task.context [-] Task ec5e1099-4478-40f8-9ba2-a4ea7d293bf1 | Context users@openstack setup() finished in 4.90 sec
2019-06-14 23:35:03.072 16 RALLYDEBUG rally.task.runner [-] Starting the constant runner (task UUID: ec5e1099-4478-40f8-9ba2-a4ea7d293bf1). timeout: 0 concurrency: 4 concurrency_per_worker: 1 times: 10 concurrency_overhead: 0 processes_to_start: 4 max_cpu_used: 16
2019-06-14 23:35:03.084 140 RALLYDEBUG rally.task.runner [-] Starting a worker. concurrency: 1 args: {} times: 10 method_name: run timeout: 0 duration: None cls:
2019-06-14 23:35:03.086 141 RALLYDEBUG rally.task.runner [-] Starting a worker. concurrency: 1 args: {} times: 10 method_name: run timeout: 0 duration: None cls:
2019-06-14 23:35:03.088 142 RALLYDEBUG rally.task.runner [-] Starting a worker. concurrency: 1 args: {} times: 10 method_name: run timeout: 0 duration: None cls:
2019-06-14 23:35:03.090 140 INFO rally.task.runner [-] Task ec5e1099-4478-40f8-9ba2-a4ea7d293bf1 | ITER: 1 START
2019-06-14 23:35:03.091 141 INFO rally.task.runner [-] Task ec5e1099-4478-40f8-9ba2-a4ea7d293bf1 | ITER: 2 START
2019-06-14 23:35:03.091 143 RALLYDEBUG rally.task.runner [-] Starting a worker. concurrency: 1 args: {} times: 10 method_name: run timeout: 0 duration: None cls:
2019-06-14 23:35:03.093 142 INFO rally.task.runner [-] Task ec5e1099-4478-40f8-9ba2-a4ea7d293bf1 | ITER: 3 START
2019-06-14 23:35:03.098 143 INFO rally.task.runner [-] Task ec5e1099-4478-40f8-9ba2-a4ea7d293bf1 | ITER: 4 START
2019-06-14 23:35:03.676 142 INFO rally.task.runner [-] Task ec5e1099-4478-40f8-9ba2-a4ea7d293bf1 | ITER: 3 END: OK
2019-06-14 23:35:03.680 142 INFO rally.task.runner [-] Task ec5e1099-4478-40f8-9ba2-a4ea7d293bf1 | ITER: 5 START
2019-06-14 23:35:03.697 143 INFO rally.task.runner [-] Task ec5e1099-4478-40f8-9ba2-a4ea7d293bf1 | ITER: 4 END: OK
2019-06-14 23:35:03.701 143 INFO rally.task.runner [-] Task ec5e1099-4478-40f8-9ba2-a4ea7d293bf1 | ITER: 6 START
2019-06-14 23:35:03.707 141 INFO rally.task.runner [-] Task ec5e1099-4478-40f8-9ba2-a4ea7d293bf1 | ITER: 2 END: OK
2019-06-14 23:35:03.711 141 INFO rally.task.runner [-] Task ec5e1099-4478-40f8-9ba2-a4ea7d293bf1 | ITER: 7 START
2019-06-14 23:35:03.817 140 INFO rally.task.runner [-] Task ec5e1099-4478-40f8-9ba2-a4ea7d293bf1 | ITER: 1 END: OK
2019-06-14 23:35:03.821 140 INFO rally.task.runner [-] Task ec5e1099-4478-40f8-9ba2-a4ea7d293bf1 | ITER: 8 START
2019-06-14 23:35:04.280 142 INFO rally.task.runner [-] Task ec5e1099-4478-40f8-9ba2-a4ea7d293bf1 | ITER: 5 END: OK
2019-06-14 23:35:04.282 142 INFO rally.task.runner [-] Task ec5e1099-4478-40f8-9ba2-a4ea7d293bf1 | ITER: 9 START
2019-06-14 23:35:04.297 141 INFO rally.task.runner [-] Task ec5e1099-4478-40f8-9ba2-a4ea7d293bf1 | ITER: 7 END: OK
2019-06-14 23:35:04.297 143 INFO rally.task.runner [-] Task ec5e1099-4478-40f8-9ba2-a4ea7d293bf1 | ITER: 6 END: OK
2019-06-14 23:35:04.301 141 INFO rally.task.runner [-] Task ec5e1099-4478-40f8-9ba2-a4ea7d293bf1 | ITER: 10 START
2019-06-14 23:35:04.425 140 INFO rally.task.runner [-] Task ec5e1099-4478-40f8-9ba2-a4ea7d293bf1 | ITER: 8 END: OK
2019-06-14 23:35:04.914 142 INFO rally.task.runner [-] Task ec5e1099-4478-40f8-9ba2-a4ea7d293bf1 | ITER: 9 END: OK
2019-06-14 23:35:05.004 141 INFO rally.task.runner [-] Task ec5e1099-4478-40f8-9ba2-a4ea7d293bf1 | ITER: 10 END: OK
2019-06-14 23:35:05.031 16 INFO rally.task.context [-] Task ec5e1099-4478-40f8-9ba2-a4ea7d293bf1 | Context users@openstack cleanup() started
2019-06-14 23:35:13.470 16 INFO rally.task.context [-] Task ec5e1099-4478-40f8-9ba2-a4ea7d293bf1 | Context users@openstack cleanup() finished in 8.44 sec
2019-06-14 23:35:14.251 16 INFO rally.task.engine [-] Load duration is: 1.912387
2019-06-14 23:35:14.252 16 INFO rally.task.engine [-] Full runner duration is: 1.961093
2019-06-14 23:35:14.252 16 INFO rally.task.engine [-] Full duration is: 15.306352
2019-06-14 23:35:14.512 16 INFO rally.task.engine [-] Running workload: position = 0 config = { "version": 2, "title": "A cropped version of a bigger task.", "description": "Auto-generated task from a single workload (uuid=9ebd3ad0-4a2f-42a9-8259-eb3214aa560a)", "subtasks": [ { "title": "Authenticate.validate_cinder", "description": "Check Cinder Client to ensure validation of token.", "scenario": { "Authenticate.validate_cinder": { "repetitions": 2 } }, "contexts": { "users": { "tenants": 3, "users_per_tenant": 2 } }, "runner": { "constant": { "concurrency": 4, "times": 10 } }, "hooks": [], "sla": { "failure_rate": { "max": 0 } } } ] }
2019-06-14 23:35:14.533 16 RALLYDEBUG rally_openstack.contexts.keystone.users [-] Creating 3 tenants using 20 threads
2019-06-14 23:35:16.395 16 RALLYDEBUG rally_openstack.contexts.keystone.users [-] Creating 6 users using 20 threads
2019-06-14 23:35:19.247 16 INFO rally.task.context [-] Task ec5e1099-4478-40f8-9ba2-a4ea7d293bf1 | Context users@openstack setup() finished in 4.71 sec
2019-06-14 23:35:19.255 16 RALLYDEBUG rally.task.runner [-] Starting the constant runner (task UUID: ec5e1099-4478-40f8-9ba2-a4ea7d293bf1). timeout: 0 concurrency: 4 concurrency_per_worker: 1 times: 10 concurrency_overhead: 0 processes_to_start: 4 max_cpu_used: 16
2019-06-14 23:35:19.267 244 RALLYDEBUG rally.task.runner [-] Starting a worker. concurrency: 1 args: {"repetitions": 2} times: 10 method_name: run timeout: 0 duration: None cls:
2019-06-14 23:35:19.270 245 RALLYDEBUG rally.task.runner [-] Starting a worker. concurrency: 1 args: {"repetitions": 2} times: 10 method_name: run timeout: 0 duration: None cls:
2019-06-14 23:35:19.272 246 RALLYDEBUG rally.task.runner [-] Starting a worker. concurrency: 1 args: {"repetitions": 2} times: 10 method_name: run timeout: 0 duration: None cls:
2019-06-14 23:35:19.273 244 INFO rally.task.runner [-] Task ec5e1099-4478-40f8-9ba2-a4ea7d293bf1 | ITER: 1 START
2019-06-14 23:35:19.276 247 RALLYDEBUG rally.task.runner [-] Starting a worker. concurrency: 1 args: {"repetitions": 2} times: 10 method_name: run timeout: 0 duration: None cls:
2019-06-14 23:35:19.278 245 INFO rally.task.runner [-] Task ec5e1099-4478-40f8-9ba2-a4ea7d293bf1 | ITER: 2 START
2019-06-14 23:35:19.279 246 INFO rally.task.runner [-] Task ec5e1099-4478-40f8-9ba2-a4ea7d293bf1 | ITER: 3 START
2019-06-14 23:35:19.283 247 INFO rally.task.runner [-] Task ec5e1099-4478-40f8-9ba2-a4ea7d293bf1 | ITER: 4 START
2019-06-14 23:35:21.175 246 INFO rally.task.runner [-] Task ec5e1099-4478-40f8-9ba2-a4ea7d293bf1 | ITER: 3 END: OK
2019-06-14 23:35:21.175 247 INFO rally.task.runner [-] Task ec5e1099-4478-40f8-9ba2-a4ea7d293bf1 | ITER: 4 END: OK
2019-06-14 23:35:21.179 246 INFO rally.task.runner [-] Task ec5e1099-4478-40f8-9ba2-a4ea7d293bf1 | ITER: 5 START
2019-06-14 23:35:21.180 247 INFO rally.task.runner [-] Task ec5e1099-4478-40f8-9ba2-a4ea7d293bf1 | ITER: 6 START
2019-06-14 23:35:21.204 245 INFO rally.task.runner [-] Task ec5e1099-4478-40f8-9ba2-a4ea7d293bf1 | ITER: 2 END: OK
2019-06-14 23:35:21.207 245 INFO rally.task.runner [-] Task ec5e1099-4478-40f8-9ba2-a4ea7d293bf1 | ITER: 7 START
2019-06-14 23:35:21.240 244 INFO rally.task.runner [-] Task ec5e1099-4478-40f8-9ba2-a4ea7d293bf1 | ITER: 1 END: OK
2019-06-14 23:35:21.243 244 INFO rally.task.runner [-] Task ec5e1099-4478-40f8-9ba2-a4ea7d293bf1 | ITER: 8 START
2019-06-14 23:35:23.058 246 INFO rally.task.runner [-] Task ec5e1099-4478-40f8-9ba2-a4ea7d293bf1 | ITER: 5 END: OK
2019-06-14 23:35:23.061 246 INFO rally.task.runner [-] Task ec5e1099-4478-40f8-9ba2-a4ea7d293bf1 | ITER: 9 START
2019-06-14 23:35:23.096 245 INFO rally.task.runner [-] Task ec5e1099-4478-40f8-9ba2-a4ea7d293bf1 | ITER: 7 END: OK
2019-06-14 23:35:23.099 245 INFO rally.task.runner [-] Task ec5e1099-4478-40f8-9ba2-a4ea7d293bf1 | ITER: 10 START
2019-06-14 23:35:23.146 244 INFO rally.task.runner [-] Task ec5e1099-4478-40f8-9ba2-a4ea7d293bf1 | ITER: 8 END: OK
2019-06-14 23:35:23.160 247 INFO rally.task.runner [-] Task ec5e1099-4478-40f8-9ba2-a4ea7d293bf1 | ITER: 6 END: OK
2019-06-14 23:35:24.037 245 INFO rally.task.runner [-] Task ec5e1099-4478-40f8-9ba2-a4ea7d293bf1 | ITER: 10 END: OK
2019-06-14 23:35:24.089 246 INFO rally.task.runner [-] Task ec5e1099-4478-40f8-9ba2-a4ea7d293bf1 | ITER: 9 END: OK
2019-06-14 23:35:24.113 16 INFO rally.task.context [-] Task ec5e1099-4478-40f8-9ba2-a4ea7d293bf1 | Context users@openstack cleanup() started
2019-06-14 23:35:32.368 16 INFO rally.task.context [-] Task ec5e1099-4478-40f8-9ba2-a4ea7d293bf1 | Context users@openstack cleanup() finished in 8.25 sec
2019-06-14 23:35:32.618 16 INFO rally.task.engine [-] Load duration is: 4.814211
2019-06-14 23:35:32.619 16 INFO rally.task.engine [-] Full runner duration is: 4.858567
2019-06-14 23:35:32.619 16 INFO rally.task.engine [-] Full duration is: 17.838385
2019-06-14 23:35:32.873 16 INFO rally.task.engine [-] Running workload: position = 0 config = { "version": 2, "title": "A cropped version of a bigger task.", "description": "Auto-generated task from a single workload (uuid=5c919f47-10f4-4e9f-bf50-d9ad288351fc)", "subtasks": [ { "title": "Authenticate.validate_glance", "description": "Check Glance Client to ensure validation of token.", "scenario": { "Authenticate.validate_glance": { "repetitions": 2 } }, "contexts": { "users": { "tenants": 3, "users_per_tenant": 2 } }, "runner": { "constant": { "concurrency": 4, "times": 10 } }, "hooks": [], "sla": { "failure_rate": { "max": 0 } } } ] }
2019-06-14 23:35:32.901 16 RALLYDEBUG rally_openstack.contexts.keystone.users [-] Creating 3 tenants using 20 threads
2019-06-14 23:35:34.825 16 RALLYDEBUG rally_openstack.contexts.keystone.users [-] Creating 6 users using 20 threads
2019-06-14 23:35:37.719 16 INFO rally.task.context [-] Task ec5e1099-4478-40f8-9ba2-a4ea7d293bf1 | Context users@openstack setup() finished in 4.82 sec
2019-06-14 23:35:37.727 16 RALLYDEBUG rally.task.runner [-] Starting the constant runner (task UUID: ec5e1099-4478-40f8-9ba2-a4ea7d293bf1). timeout: 0 concurrency: 4 concurrency_per_worker: 1 times: 10 concurrency_overhead: 0 processes_to_start: 4 max_cpu_used: 16
2019-06-14 23:35:37.739 348 RALLYDEBUG rally.task.runner [-] Starting a worker. concurrency: 1 args: {"repetitions": 2} times: 10 method_name: run timeout: 0 duration: None cls:
2019-06-14 23:35:37.742 349 RALLYDEBUG rally.task.runner [-] Starting a worker. concurrency: 1 args: {"repetitions": 2} times: 10 method_name: run timeout: 0 duration: None cls:
2019-06-14 23:35:37.745 348 INFO rally.task.runner [-] Task ec5e1099-4478-40f8-9ba2-a4ea7d293bf1 | ITER: 1 START
2019-06-14 23:35:37.745 350 RALLYDEBUG rally.task.runner [-] Starting a worker. concurrency: 1 args: {"repetitions": 2} times: 10 method_name: run timeout: 0 duration: None cls:
2019-06-14 23:35:37.747 349 INFO rally.task.runner [-] Task ec5e1099-4478-40f8-9ba2-a4ea7d293bf1 | ITER: 2 START
2019-06-14 23:35:37.749 351 RALLYDEBUG rally.task.runner [-] Starting a worker. concurrency: 1 args: {"repetitions": 2} times: 10 method_name: run timeout: 0 duration: None cls:
2019-06-14 23:35:37.751 350 INFO rally.task.runner [-] Task ec5e1099-4478-40f8-9ba2-a4ea7d293bf1 | ITER: 3 START
2019-06-14 23:35:37.754 351 INFO rally.task.runner [-] Task ec5e1099-4478-40f8-9ba2-a4ea7d293bf1 | ITER: 4 START
2019-06-14 23:35:38.570 350 INFO rally.task.runner [-] Task ec5e1099-4478-40f8-9ba2-a4ea7d293bf1 | ITER: 3 END: OK
2019-06-14 23:35:38.575 351 INFO rally.task.runner [-] Task ec5e1099-4478-40f8-9ba2-a4ea7d293bf1 | ITER: 4 END: OK
2019-06-14 23:35:38.575 350 INFO rally.task.runner [-] Task ec5e1099-4478-40f8-9ba2-a4ea7d293bf1 | ITER: 5 START
2019-06-14 23:35:38.576 349 INFO rally.task.runner [-] Task ec5e1099-4478-40f8-9ba2-a4ea7d293bf1 | ITER: 2 END: OK
2019-06-14 23:35:38.580 351 INFO rally.task.runner [-] Task ec5e1099-4478-40f8-9ba2-a4ea7d293bf1 | ITER: 6 START
2019-06-14 23:35:38.581 349 INFO rally.task.runner [-] Task ec5e1099-4478-40f8-9ba2-a4ea7d293bf1 | ITER: 7 START
2019-06-14 23:35:39.551 349 INFO rally.task.runner [-] Task ec5e1099-4478-40f8-9ba2-a4ea7d293bf1 | ITER: 7 END: OK
2019-06-14 23:35:39.554 349 INFO rally.task.runner [-] Task ec5e1099-4478-40f8-9ba2-a4ea7d293bf1 | ITER: 8 START
2019-06-14 23:35:39.737 348 INFO rally.task.runner [-] Task ec5e1099-4478-40f8-9ba2-a4ea7d293bf1 | ITER: 1 END: OK
2019-06-14 23:35:39.741 348 INFO rally.task.runner [-] Task ec5e1099-4478-40f8-9ba2-a4ea7d293bf1 | ITER: 9 START
2019-06-14 23:35:39.754 351 INFO rally.task.runner [-] Task ec5e1099-4478-40f8-9ba2-a4ea7d293bf1 | ITER: 6 END: OK
2019-06-14 23:35:39.757 351 INFO rally.task.runner [-] Task ec5e1099-4478-40f8-9ba2-a4ea7d293bf1 | ITER: 10 START
2019-06-14 23:35:39.952 350 INFO rally.task.runner [-] Task ec5e1099-4478-40f8-9ba2-a4ea7d293bf1 | ITER: 5 END: OK
2019-06-14 23:35:40.827 348 INFO rally.task.runner [-] Task ec5e1099-4478-40f8-9ba2-a4ea7d293bf1 | ITER: 9 END: OK
2019-06-14 23:35:41.472 349 INFO rally.task.runner [-] Task ec5e1099-4478-40f8-9ba2-a4ea7d293bf1 | ITER: 8 END: OK
2019-06-14 23:35:41.474 351 INFO rally.task.runner [-] Task ec5e1099-4478-40f8-9ba2-a4ea7d293bf1 | ITER: 10 END: OK
2019-06-14 23:35:41.496 16 INFO rally.task.context [-] Task ec5e1099-4478-40f8-9ba2-a4ea7d293bf1 | Context users@openstack cleanup() started
2019-06-14 23:35:49.853 16 INFO rally.task.context [-] Task ec5e1099-4478-40f8-9ba2-a4ea7d293bf1 | Context users@openstack cleanup() finished in 8.36 sec
2019-06-14 23:35:51.138 16 INFO rally.task.engine [-] Load duration is: 3.726516
2019-06-14 23:35:51.138 16 INFO rally.task.engine [-] Full runner duration is: 3.769683
2019-06-14 23:35:51.139 16 INFO rally.task.engine [-] Full duration is: 16.955146
2019-06-14 23:35:51.392 16 INFO rally.task.engine [-] Running workload: position = 0 config = { "version": 2, "title": "A cropped version of a bigger task.", "description": "Auto-generated task from a single workload (uuid=7206594e-b946-436d-85d9-84ab1f090fb2)", "subtasks": [ { "title": "Authenticate.validate_heat", "description": "Check Heat Client to ensure validation of token.", "scenario": { "Authenticate.validate_heat": { "repetitions": 2 } }, "contexts": { "users": { "tenants": 3, "users_per_tenant": 2 } }, "runner": { "constant": { "concurrency": 4, "times": 10 } }, "hooks": [], "sla": { "failure_rate": { "max": 0 } } } ] }
2019-06-14 23:35:51.414 16 RALLYDEBUG rally_openstack.contexts.keystone.users [-] Creating 3 tenants using 20 threads
2019-06-14 23:35:53.508 16 RALLYDEBUG rally_openstack.contexts.keystone.users [-] Creating 6 users using 20 threads
2019-06-14 23:35:56.324 16 INFO rally.task.context [-] Task ec5e1099-4478-40f8-9ba2-a4ea7d293bf1 | Context users@openstack setup() finished in 4.91 sec
2019-06-14 23:35:56.332 16 RALLYDEBUG rally.task.runner [-] Starting the constant runner (task UUID: ec5e1099-4478-40f8-9ba2-a4ea7d293bf1). timeout: 0 concurrency: 4 concurrency_per_worker: 1 times: 10 concurrency_overhead: 0 processes_to_start: 4 max_cpu_used: 16
2019-06-14 23:35:56.343 452 RALLYDEBUG rally.task.runner [-] Starting a worker. concurrency: 1 args: {"repetitions": 2} times: 10 method_name: run timeout: 0 duration: None cls:
2019-06-14 23:35:56.346 453 RALLYDEBUG rally.task.runner [-] Starting a worker. concurrency: 1 args: {"repetitions": 2} times: 10 method_name: run timeout: 0 duration: None cls:
2019-06-14 23:35:56.348 454 RALLYDEBUG rally.task.runner [-] Starting a worker. concurrency: 1 args: {"repetitions": 2} times: 10 method_name: run timeout: 0 duration: None cls:
2019-06-14 23:35:56.349 452 INFO rally.task.runner [-] Task ec5e1099-4478-40f8-9ba2-a4ea7d293bf1 | ITER: 1 START
2019-06-14 23:35:56.351 455 RALLYDEBUG rally.task.runner [-] Starting a worker. concurrency: 1 args: {"repetitions": 2} times: 10 method_name: run timeout: 0 duration: None cls:
2019-06-14 23:35:56.351 453 INFO rally.task.runner [-] Task ec5e1099-4478-40f8-9ba2-a4ea7d293bf1 | ITER: 2 START
2019-06-14 23:35:56.352 454 INFO rally.task.runner [-] Task ec5e1099-4478-40f8-9ba2-a4ea7d293bf1 | ITER: 3 START
2019-06-14 23:35:56.356 455 INFO rally.task.runner [-] Task ec5e1099-4478-40f8-9ba2-a4ea7d293bf1 | ITER: 4 START
2019-06-14 23:35:58.236 452 INFO rally.task.runner [-] Task ec5e1099-4478-40f8-9ba2-a4ea7d293bf1 | ITER: 1 END: OK
2019-06-14 23:35:58.241 454 INFO rally.task.runner [-] Task ec5e1099-4478-40f8-9ba2-a4ea7d293bf1 | ITER: 3 END: OK
2019-06-14 23:35:58.242 452 INFO rally.task.runner [-] Task ec5e1099-4478-40f8-9ba2-a4ea7d293bf1 | ITER: 5 START
2019-06-14 23:35:58.245 454 INFO rally.task.runner [-] Task ec5e1099-4478-40f8-9ba2-a4ea7d293bf1 | ITER: 6 START
2019-06-14 23:35:58.260 455 INFO rally.task.runner [-] Task ec5e1099-4478-40f8-9ba2-a4ea7d293bf1 | ITER: 4 END: OK
2019-06-14 23:35:58.264 455 INFO rally.task.runner [-] Task ec5e1099-4478-40f8-9ba2-a4ea7d293bf1 | ITER: 7 START
2019-06-14 23:35:58.310 453 INFO rally.task.runner [-] Task ec5e1099-4478-40f8-9ba2-a4ea7d293bf1 | ITER: 2 END: OK
2019-06-14 23:35:58.314 453 INFO rally.task.runner [-] Task ec5e1099-4478-40f8-9ba2-a4ea7d293bf1 | ITER: 8 START
2019-06-14 23:36:00.057 454 INFO rally.task.runner [-] Task ec5e1099-4478-40f8-9ba2-a4ea7d293bf1 | ITER: 6 END: OK
2019-06-14 23:36:00.061 454 INFO rally.task.runner [-] Task ec5e1099-4478-40f8-9ba2-a4ea7d293bf1 | ITER: 9 START
2019-06-14 23:36:00.201 453 INFO rally.task.runner [-] Task ec5e1099-4478-40f8-9ba2-a4ea7d293bf1 | ITER: 8 END: OK
2019-06-14 23:36:00.201 452 INFO rally.task.runner [-] Task ec5e1099-4478-40f8-9ba2-a4ea7d293bf1 | ITER: 5 END: OK
2019-06-14 23:36:00.205 453 INFO rally.task.runner [-] Task ec5e1099-4478-40f8-9ba2-a4ea7d293bf1 | ITER: 10 START
2019-06-14 23:36:00.214 455 INFO rally.task.runner [-] Task ec5e1099-4478-40f8-9ba2-a4ea7d293bf1 | ITER: 7 END: OK
2019-06-14 23:36:01.035 454 INFO rally.task.runner [-] Task ec5e1099-4478-40f8-9ba2-a4ea7d293bf1 | ITER: 9 END: OK
2019-06-14 23:36:02.266 453 INFO rally.task.runner [-] Task ec5e1099-4478-40f8-9ba2-a4ea7d293bf1 | ITER: 10 END: OK
2019-06-14 23:36:02.293 16 INFO rally.task.context [-] Task ec5e1099-4478-40f8-9ba2-a4ea7d293bf1 | Context users@openstack cleanup() started
2019-06-14 23:36:10.350 16 INFO rally.task.context [-] Task ec5e1099-4478-40f8-9ba2-a4ea7d293bf1 | Context users@openstack cleanup() finished in 8.06 sec
2019-06-14 23:36:11.501 16 INFO rally.task.engine [-] Load duration is: 5.915221
2019-06-14 23:36:11.502 16 INFO rally.task.engine [-] Full runner duration is: 5.962164
2019-06-14 23:36:11.502 16 INFO rally.task.engine [-] Full duration is: 18.938107
2019-06-14 23:36:11.777 16 INFO rally.task.engine [-] Running workload: position = 0 config = { "version": 2, "title": "A cropped version of a bigger task.", "description": "Auto-generated task from a single workload (uuid=1fc3eb98-3bbf-4ff9-9c73-ff8aecd2ca87)", "subtasks": [ { "title": "Authenticate.validate_neutron", "description": "Check Neutron Client to ensure validation of token.", "scenario": { "Authenticate.validate_neutron": { "repetitions": 2 } }, "contexts": { "users": { "tenants": 3, "users_per_tenant": 2 } }, "runner": { "constant": { "concurrency": 4, "times": 10 } }, "hooks": [], "sla": { "failure_rate": { "max": 0 } } } ] }
2019-06-14 23:36:11.794 16 RALLYDEBUG rally_openstack.contexts.keystone.users [-] Creating 3 tenants using 20 threads
2019-06-14 23:36:13.700 16 RALLYDEBUG rally_openstack.contexts.keystone.users [-] Creating 6 users using 20 threads
2019-06-14 23:36:16.457 16 INFO rally.task.context [-] Task ec5e1099-4478-40f8-9ba2-a4ea7d293bf1 | Context users@openstack setup() finished in 4.66 sec
2019-06-14 23:36:16.464 16 RALLYDEBUG rally.task.runner [-] Starting the constant runner (task UUID: ec5e1099-4478-40f8-9ba2-a4ea7d293bf1). timeout: 0 concurrency: 4 concurrency_per_worker: 1 times: 10 concurrency_overhead: 0 processes_to_start: 4 max_cpu_used: 16
2019-06-14 23:36:16.477 556 RALLYDEBUG rally.task.runner [-] Starting a worker. concurrency: 1 args: {"repetitions": 2} times: 10 method_name: run timeout: 0 duration: None cls:
2019-06-14 23:36:16.479 557 RALLYDEBUG rally.task.runner [-] Starting a worker. concurrency: 1 args: {"repetitions": 2} times: 10 method_name: run timeout: 0 duration: None cls:
2019-06-14 23:36:16.484 556 INFO rally.task.runner [-] Task ec5e1099-4478-40f8-9ba2-a4ea7d293bf1 | ITER: 1 START
2019-06-14 23:36:16.484 557 INFO rally.task.runner [-] Task ec5e1099-4478-40f8-9ba2-a4ea7d293bf1 | ITER: 2 START
2019-06-14 23:36:16.484 558 RALLYDEBUG rally.task.runner [-] Starting a worker. concurrency: 1 args: {"repetitions": 2} times: 10 method_name: run timeout: 0 duration: None cls:
2019-06-14 23:36:16.487 559 RALLYDEBUG rally.task.runner [-] Starting a worker. concurrency: 1 args: {"repetitions": 2} times: 10 method_name: run timeout: 0 duration: None cls:
2019-06-14 23:36:16.490 558 INFO rally.task.runner [-] Task ec5e1099-4478-40f8-9ba2-a4ea7d293bf1 | ITER: 3 START
2019-06-14 23:36:16.493 559 INFO rally.task.runner [-] Task ec5e1099-4478-40f8-9ba2-a4ea7d293bf1 | ITER: 4 START
2019-06-14 23:36:17.690 556 INFO rally.task.runner [-] Task ec5e1099-4478-40f8-9ba2-a4ea7d293bf1 | ITER: 1 END: OK
2019-06-14 23:36:17.695 556 INFO rally.task.runner [-] Task ec5e1099-4478-40f8-9ba2-a4ea7d293bf1 | ITER: 5 START
2019-06-14 23:36:17.700 559 INFO rally.task.runner [-] Task ec5e1099-4478-40f8-9ba2-a4ea7d293bf1 | ITER: 4 END: OK
2019-06-14 23:36:17.704 559 INFO rally.task.runner [-] Task ec5e1099-4478-40f8-9ba2-a4ea7d293bf1 | ITER: 6 START
2019-06-14 23:36:17.749 557 INFO rally.task.runner [-] Task ec5e1099-4478-40f8-9ba2-a4ea7d293bf1 | ITER: 2 END: OK
2019-06-14 23:36:17.752 557 INFO rally.task.runner [-] Task ec5e1099-4478-40f8-9ba2-a4ea7d293bf1 | ITER: 7 START
2019-06-14 23:36:17.757 558 INFO rally.task.runner [-] Task ec5e1099-4478-40f8-9ba2-a4ea7d293bf1 | ITER: 3 END: OK
2019-06-14 23:36:17.761 558 INFO rally.task.runner [-] Task ec5e1099-4478-40f8-9ba2-a4ea7d293bf1 | ITER: 8 START
2019-06-14 23:36:18.517 556 INFO rally.task.runner [-] Task ec5e1099-4478-40f8-9ba2-a4ea7d293bf1 | ITER: 5 END: OK
2019-06-14 23:36:18.521 556 INFO rally.task.runner [-] Task ec5e1099-4478-40f8-9ba2-a4ea7d293bf1 | ITER: 9 START
2019-06-14 23:36:18.646 557 INFO rally.task.runner [-] Task ec5e1099-4478-40f8-9ba2-a4ea7d293bf1 | ITER: 7 END: OK
2019-06-14 23:36:18.650 557 INFO rally.task.runner [-] Task ec5e1099-4478-40f8-9ba2-a4ea7d293bf1 | ITER: 10 START
2019-06-14 23:36:18.685 559 INFO rally.task.runner [-] Task ec5e1099-4478-40f8-9ba2-a4ea7d293bf1 | ITER: 6 END: OK
2019-06-14 23:36:19.051 558 INFO rally.task.runner [-] Task ec5e1099-4478-40f8-9ba2-a4ea7d293bf1 | ITER: 8 END: OK
2019-06-14 23:36:19.753 556 INFO rally.task.runner [-] Task ec5e1099-4478-40f8-9ba2-a4ea7d293bf1 | ITER: 9 END: OK
2019-06-14 23:36:20.145 557 INFO rally.task.runner [-] Task ec5e1099-4478-40f8-9ba2-a4ea7d293bf1 | ITER: 10 END: OK
2019-06-14 23:36:20.171 16 INFO rally.task.context [-] Task ec5e1099-4478-40f8-9ba2-a4ea7d293bf1 | Context users@openstack cleanup() started
2019-06-14 23:36:27.871 16 INFO rally.task.context [-] Task ec5e1099-4478-40f8-9ba2-a4ea7d293bf1 | Context users@openstack cleanup() finished in 7.70 sec
2019-06-14 23:36:27.923 16 INFO rally.task.engine [-] Load duration is: 3.659671
2019-06-14 23:36:27.924 16 INFO rally.task.engine [-] Full runner duration is: 3.707313
2019-06-14 23:36:27.924 16 INFO rally.task.engine [-] Full duration is: 16.079158
2019-06-14 23:36:28.183 16 INFO rally.task.engine [-] Running workload: position = 0 config = { "version": 2, "title": "A cropped version of a bigger task.", "description": "Auto-generated task from a single workload (uuid=b692dbf3-4f39-4d97-aff5-39b072e6d5dd)", "subtasks": [ { "title": "Authenticate.validate_nova", "description": "Check Nova Client to ensure validation of token.", "scenario": { "Authenticate.validate_nova": { "repetitions": 2 } }, "contexts": { "users": { "tenants": 3, "users_per_tenant": 2 } }, "runner": { "constant": { "concurrency": 4, "times": 10 } }, "hooks": [], "sla": { "failure_rate": { "max": 0 } } } ] }
2019-06-14 23:36:28.203 16 RALLYDEBUG rally_openstack.contexts.keystone.users [-] Creating 3 tenants using 20 threads
2019-06-14 23:36:29.951 16 RALLYDEBUG rally_openstack.contexts.keystone.users [-] Creating 6 users using 20 threads
2019-06-14 23:36:32.713 16 INFO rally.task.context [-] Task ec5e1099-4478-40f8-9ba2-a4ea7d293bf1 | Context users@openstack setup() finished in 4.51 sec
2019-06-14 23:36:32.721 16 RALLYDEBUG rally.task.runner [-] Starting the constant runner (task UUID: ec5e1099-4478-40f8-9ba2-a4ea7d293bf1). timeout: 0 concurrency: 4 concurrency_per_worker: 1 times: 10 concurrency_overhead: 0 processes_to_start: 4 max_cpu_used: 16
2019-06-14 23:36:32.734 660 RALLYDEBUG rally.task.runner [-] Starting a worker. concurrency: 1 args: {"repetitions": 2} times: 10 method_name: run timeout: 0 duration: None cls:
2019-06-14 23:36:32.737 661 RALLYDEBUG rally.task.runner [-] Starting a worker. concurrency: 1 args: {"repetitions": 2} times: 10 method_name: run timeout: 0 duration: None cls:
2019-06-14 23:36:32.740 660 INFO rally.task.runner [-] Task ec5e1099-4478-40f8-9ba2-a4ea7d293bf1 | ITER: 1 START
2019-06-14 23:36:32.739 662 RALLYDEBUG rally.task.runner [-] Starting a worker. concurrency: 1 args: {"repetitions": 2} times: 10 method_name: run timeout: 0 duration: None cls:
2019-06-14 23:36:32.742 661 INFO rally.task.runner [-] Task ec5e1099-4478-40f8-9ba2-a4ea7d293bf1 | ITER: 2 START
2019-06-14 23:36:32.743 663 RALLYDEBUG rally.task.runner [-] Starting a worker. concurrency: 1 args: {"repetitions": 2} times: 10 method_name: run timeout: 0 duration: None cls:
2019-06-14 23:36:32.745 662 INFO rally.task.runner [-] Task ec5e1099-4478-40f8-9ba2-a4ea7d293bf1 | ITER: 3 START
2019-06-14 23:36:32.749 663 INFO rally.task.runner [-] Task ec5e1099-4478-40f8-9ba2-a4ea7d293bf1 | ITER: 4 START
2019-06-14 23:36:33.235 661 DEBUG novaclient.v2.client [-] REQ: curl -g -i -X GET http://172.30.9.22:8774/v2.1/flavors/detail -H "Accept: application/json" -H "User-Agent: python-novaclient" -H "X-Auth-Token: {SHA1}70d43ea3356573b2eb195754f11b5efff0f92969" _http_log_request /usr/lib/python2.7/site-packages/keystoneauth1/session.py:448
2019-06-14 23:36:33.235 662 DEBUG novaclient.v2.client [-] REQ: curl -g -i -X GET http://172.30.9.22:8774/v2.1/flavors/detail -H "Accept: application/json" -H "User-Agent: python-novaclient" -H "X-Auth-Token: {SHA1}a92fd18cfb2c224b2966c35d5d110d3e11d3ba1f" _http_log_request /usr/lib/python2.7/site-packages/keystoneauth1/session.py:448
2019-06-14 23:36:33.236 663 DEBUG novaclient.v2.client [-] REQ: curl -g -i -X GET http://172.30.9.22:8774/v2.1/flavors/detail -H "Accept: application/json" -H "User-Agent: python-novaclient" -H "X-Auth-Token: {SHA1}0fb10ffc779aea839a7ee795b564238c11619832" _http_log_request /usr/lib/python2.7/site-packages/keystoneauth1/session.py:448
2019-06-14 23:36:33.241 660 DEBUG novaclient.v2.client [-] REQ: curl -g -i -X GET http://172.30.9.22:8774/v2.1/flavors/detail -H "Accept: application/json" -H "User-Agent: python-novaclient" -H "X-Auth-Token: {SHA1}97bb3fa1a16f8e3a70a2c1941488dcf2455934bf" _http_log_request /usr/lib/python2.7/site-packages/keystoneauth1/session.py:448
2019-06-14 23:36:33.522 662 DEBUG novaclient.v2.client [-] RESP: [200] Content-Encoding: gzip Content-Length: 365 Content-Type: application/json Date: Fri, 14 Jun 2019 23:36:33 GMT OpenStack-API-Version: compute 2.1 Server: Apache Vary: OpenStack-API-Version,X-OpenStack-Nova-API-Version,Accept-Encoding X-OpenStack-Nova-API-Version: 2.1 x-compute-request-id: req-08e68c5b-dfb9-4081-8beb-e6f35d8420ce x-openstack-request-id: req-08e68c5b-dfb9-4081-8beb-e6f35d8420ce _http_log_response /usr/lib/python2.7/site-packages/keystoneauth1/session.py:479
2019-06-14 23:36:33.523 662 DEBUG novaclient.v2.client [-] RESP BODY: {"flavors": [{"name": "rally_full-flavor_84b1c546-6254-432e-8272-09e3c4905402", "links": [{"href": "http://172.30.9.22:8774/v2.1/flavors/2a82f38b-7d2d-4252-871e-f29bc922f14d", "rel": "self"}, {"href": "http://172.30.9.22:8774/flavors/2a82f38b-7d2d-4252-871e-f29bc922f14d", "rel": "bookmark"}], "ram": 512, "OS-FLV-DISABLED:disabled": false, "vcpus": 1, "swap": "", "os-flavor-access:is_public": true, "rxtx_factor": 1.0, "OS-FLV-EXT-DATA:ephemeral": 0, "disk": 1, "id": "2a82f38b-7d2d-4252-871e-f29bc922f14d"}, {"name": "rally_full-flavor_alt_84b1c546-6254-432e-8272-09e3c4905402", "links": [{"href": "http://172.30.9.22:8774/v2.1/flavors/62fedd4f-9186-4969-b5ad-d32110671798", "rel": "self"}, {"href": "http://172.30.9.22:8774/flavors/62fedd4f-9186-4969-b5ad-d32110671798", "rel": "bookmark"}], "ram": 1024, "OS-FLV-DISABLED:disabled": false, "vcpus": 1, "swap": "", "os-flavor-access:is_public": true, "rxtx_factor": 1.0, "OS-FLV-EXT-DATA:ephemeral": 0, "disk": 1, "id": "62fedd4f-9186-4969-b5ad-d32110671798"}]} _http_log_response /usr/lib/python2.7/site-packages/keystoneauth1/session.py:511
2019-06-14 23:36:33.524 662 DEBUG novaclient.v2.client [-] GET call to compute for http://172.30.9.22:8774/v2.1/flavors/detail used request id req-08e68c5b-dfb9-4081-8beb-e6f35d8420ce request /usr/lib/python2.7/site-packages/keystoneauth1/session.py:844
2019-06-14 23:36:33.524 660 DEBUG novaclient.v2.client [-] RESP: [200] Content-Encoding: gzip Content-Length: 365 Content-Type: application/json Date: Fri, 14 Jun 2019 23:36:33 GMT OpenStack-API-Version: compute 2.1 Server: Apache Vary: OpenStack-API-Version,X-OpenStack-Nova-API-Version,Accept-Encoding X-OpenStack-Nova-API-Version: 2.1 x-compute-request-id: req-a3d0a09f-abf8-4c8b-859b-c3b8919a41b6 x-openstack-request-id: req-a3d0a09f-abf8-4c8b-859b-c3b8919a41b6 _http_log_response /usr/lib/python2.7/site-packages/keystoneauth1/session.py:479
2019-06-14 23:36:33.524 660 DEBUG novaclient.v2.client [-] RESP BODY: {"flavors": [{"name": "rally_full-flavor_84b1c546-6254-432e-8272-09e3c4905402", "links": [{"href": "http://172.30.9.22:8774/v2.1/flavors/2a82f38b-7d2d-4252-871e-f29bc922f14d", "rel": "self"}, {"href": "http://172.30.9.22:8774/flavors/2a82f38b-7d2d-4252-871e-f29bc922f14d", "rel": "bookmark"}], "ram": 512, "OS-FLV-DISABLED:disabled": false, "vcpus": 1, "swap": "", "os-flavor-access:is_public": true, "rxtx_factor": 1.0, "OS-FLV-EXT-DATA:ephemeral": 0, "disk": 1, "id": "2a82f38b-7d2d-4252-871e-f29bc922f14d"}, {"name": "rally_full-flavor_alt_84b1c546-6254-432e-8272-09e3c4905402", "links": [{"href": "http://172.30.9.22:8774/v2.1/flavors/62fedd4f-9186-4969-b5ad-d32110671798", "rel": "self"}, {"href": "http://172.30.9.22:8774/flavors/62fedd4f-9186-4969-b5ad-d32110671798", "rel": "bookmark"}], "ram": 1024, "OS-FLV-DISABLED:disabled": false, "vcpus": 1, "swap": "", "os-flavor-access:is_public": true, "rxtx_factor": 1.0, "OS-FLV-EXT-DATA:ephemeral": 0, "disk": 1, "id": "62fedd4f-9186-4969-b5ad-d32110671798"}]} _http_log_response /usr/lib/python2.7/site-packages/keystoneauth1/session.py:511
2019-06-14 23:36:33.525 660 DEBUG novaclient.v2.client [-] GET call to compute for http://172.30.9.22:8774/v2.1/flavors/detail used request id req-a3d0a09f-abf8-4c8b-859b-c3b8919a41b6 request /usr/lib/python2.7/site-packages/keystoneauth1/session.py:844
2019-06-14 23:36:33.525 662 DEBUG novaclient.v2.client [-] REQ: curl -g -i -X GET http://172.30.9.22:8774/v2.1/flavors/detail -H "Accept: application/json" -H "User-Agent: python-novaclient" -H "X-Auth-Token: {SHA1}a92fd18cfb2c224b2966c35d5d110d3e11d3ba1f" _http_log_request /usr/lib/python2.7/site-packages/keystoneauth1/session.py:448
2019-06-14 23:36:33.526 660 DEBUG novaclient.v2.client [-] REQ: curl -g -i -X GET http://172.30.9.22:8774/v2.1/flavors/detail -H "Accept: application/json" -H "User-Agent: python-novaclient" -H "X-Auth-Token: {SHA1}97bb3fa1a16f8e3a70a2c1941488dcf2455934bf" _http_log_request /usr/lib/python2.7/site-packages/keystoneauth1/session.py:448
2019-06-14 23:36:33.535 663 DEBUG novaclient.v2.client [-] RESP: [200] Content-Encoding: gzip Content-Length: 365 Content-Type: application/json Date: Fri, 14 Jun 2019 23:36:33 GMT OpenStack-API-Version: compute 2.1 Server: Apache Vary: OpenStack-API-Version,X-OpenStack-Nova-API-Version,Accept-Encoding X-OpenStack-Nova-API-Version: 2.1 x-compute-request-id: req-27ced5d1-4593-4567-814b-c60ca6bd6988 x-openstack-request-id: req-27ced5d1-4593-4567-814b-c60ca6bd6988 _http_log_response /usr/lib/python2.7/site-packages/keystoneauth1/session.py:479
2019-06-14 23:36:33.536 663 DEBUG novaclient.v2.client [-] RESP BODY: {"flavors": [{"name": "rally_full-flavor_84b1c546-6254-432e-8272-09e3c4905402", "links": [{"href": "http://172.30.9.22:8774/v2.1/flavors/2a82f38b-7d2d-4252-871e-f29bc922f14d", "rel": "self"}, {"href": "http://172.30.9.22:8774/flavors/2a82f38b-7d2d-4252-871e-f29bc922f14d", "rel": "bookmark"}], "ram": 512, "OS-FLV-DISABLED:disabled": false, "vcpus": 1, "swap": "", "os-flavor-access:is_public": true, "rxtx_factor": 1.0, "OS-FLV-EXT-DATA:ephemeral": 0, "disk": 1, "id": "2a82f38b-7d2d-4252-871e-f29bc922f14d"}, {"name": "rally_full-flavor_alt_84b1c546-6254-432e-8272-09e3c4905402", "links": [{"href": "http://172.30.9.22:8774/v2.1/flavors/62fedd4f-9186-4969-b5ad-d32110671798", "rel": "self"}, {"href": "http://172.30.9.22:8774/flavors/62fedd4f-9186-4969-b5ad-d32110671798", "rel": "bookmark"}], "ram": 1024, "OS-FLV-DISABLED:disabled": false, "vcpus": 1, "swap": "", "os-flavor-access:is_public": true, "rxtx_factor": 1.0, "OS-FLV-EXT-DATA:ephemeral": 0, "disk": 1, "id": "62fedd4f-9186-4969-b5ad-d32110671798"}]} _http_log_response /usr/lib/python2.7/site-packages/keystoneauth1/session.py:511
2019-06-14 23:36:33.537 663 DEBUG novaclient.v2.client [-] GET call to compute for http://172.30.9.22:8774/v2.1/flavors/detail used request id req-27ced5d1-4593-4567-814b-c60ca6bd6988 request /usr/lib/python2.7/site-packages/keystoneauth1/session.py:844
2019-06-14 23:36:33.539 663 DEBUG novaclient.v2.client [-] REQ: curl -g -i -X GET http://172.30.9.22:8774/v2.1/flavors/detail -H "Accept: application/json" -H "User-Agent: python-novaclient" -H "X-Auth-Token: {SHA1}0fb10ffc779aea839a7ee795b564238c11619832" _http_log_request /usr/lib/python2.7/site-packages/keystoneauth1/session.py:448
2019-06-14 23:36:33.550 660 DEBUG novaclient.v2.client [-] RESP: [200] Content-Encoding: gzip Content-Length: 365 Content-Type: application/json Date: Fri, 14 Jun 2019 23:36:33 GMT OpenStack-API-Version: compute 2.1 Server: Apache Vary: OpenStack-API-Version,X-OpenStack-Nova-API-Version,Accept-Encoding X-OpenStack-Nova-API-Version: 2.1 x-compute-request-id: req-492a95cd-b900-4e35-87e5-08998240d404 x-openstack-request-id: req-492a95cd-b900-4e35-87e5-08998240d404 _http_log_response /usr/lib/python2.7/site-packages/keystoneauth1/session.py:479
2019-06-14 23:36:33.551 660 DEBUG novaclient.v2.client [-] RESP BODY: {"flavors": [{"name": "rally_full-flavor_84b1c546-6254-432e-8272-09e3c4905402", "links": [{"href": "http://172.30.9.22:8774/v2.1/flavors/2a82f38b-7d2d-4252-871e-f29bc922f14d", "rel": "self"}, {"href": "http://172.30.9.22:8774/flavors/2a82f38b-7d2d-4252-871e-f29bc922f14d", "rel": "bookmark"}], "ram": 512, "OS-FLV-DISABLED:disabled": false, "vcpus": 1, "swap": "", "os-flavor-access:is_public": true, "rxtx_factor": 1.0, "OS-FLV-EXT-DATA:ephemeral": 0, "disk": 1, "id": "2a82f38b-7d2d-4252-871e-f29bc922f14d"}, {"name": "rally_full-flavor_alt_84b1c546-6254-432e-8272-09e3c4905402", "links": [{"href": "http://172.30.9.22:8774/v2.1/flavors/62fedd4f-9186-4969-b5ad-d32110671798", "rel": "self"}, {"href": "http://172.30.9.22:8774/flavors/62fedd4f-9186-4969-b5ad-d32110671798", "rel": "bookmark"}], "ram": 1024, "OS-FLV-DISABLED:disabled": false, "vcpus": 1, "swap": "", "os-flavor-access:is_public": true, "rxtx_factor": 1.0, "OS-FLV-EXT-DATA:ephemeral": 0, "disk": 1, "id": "62fedd4f-9186-4969-b5ad-d32110671798"}]} _http_log_response /usr/lib/python2.7/site-packages/keystoneauth1/session.py:511
2019-06-14 23:36:33.551 660 DEBUG novaclient.v2.client [-] GET call to compute for http://172.30.9.22:8774/v2.1/flavors/detail used request id req-492a95cd-b900-4e35-87e5-08998240d404 request /usr/lib/python2.7/site-packages/keystoneauth1/session.py:844
2019-06-14 23:36:33.552 660 INFO rally.task.runner [-] Task ec5e1099-4478-40f8-9ba2-a4ea7d293bf1 | ITER: 1 END: OK
2019-06-14 23:36:33.554 662 DEBUG novaclient.v2.client [-] RESP: [200] Content-Encoding: gzip Content-Length: 365 Content-Type: application/json Date: Fri, 14 Jun 2019 23:36:33 GMT OpenStack-API-Version: compute 2.1 Server: Apache Vary: OpenStack-API-Version,X-OpenStack-Nova-API-Version,Accept-Encoding X-OpenStack-Nova-API-Version: 2.1 x-compute-request-id: req-26989f47-96bf-4d2e-a167-3211bbf191e1 x-openstack-request-id: req-26989f47-96bf-4d2e-a167-3211bbf191e1 _http_log_response /usr/lib/python2.7/site-packages/keystoneauth1/session.py:479
2019-06-14 23:36:33.555 662 DEBUG novaclient.v2.client [-] RESP BODY: {"flavors": [{"name": "rally_full-flavor_84b1c546-6254-432e-8272-09e3c4905402", "links": [{"href": "http://172.30.9.22:8774/v2.1/flavors/2a82f38b-7d2d-4252-871e-f29bc922f14d", "rel": "self"}, {"href": "http://172.30.9.22:8774/flavors/2a82f38b-7d2d-4252-871e-f29bc922f14d", "rel": "bookmark"}], "ram": 512, "OS-FLV-DISABLED:disabled": false, "vcpus": 1, "swap": "", "os-flavor-access:is_public": true, "rxtx_factor": 1.0, "OS-FLV-EXT-DATA:ephemeral": 0, "disk": 1, "id": "2a82f38b-7d2d-4252-871e-f29bc922f14d"}, {"name": "rally_full-flavor_alt_84b1c546-6254-432e-8272-09e3c4905402", "links": [{"href": "http://172.30.9.22:8774/v2.1/flavors/62fedd4f-9186-4969-b5ad-d32110671798", "rel": "self"}, {"href": "http://172.30.9.22:8774/flavors/62fedd4f-9186-4969-b5ad-d32110671798", "rel": "bookmark"}], "ram": 1024, "OS-FLV-DISABLED:disabled": false, "vcpus": 1, "swap": "", "os-flavor-access:is_public": true, "rxtx_factor": 1.0, "OS-FLV-EXT-DATA:ephemeral": 0, "disk": 1, "id": "62fedd4f-9186-4969-b5ad-d32110671798"}]} _http_log_response /usr/lib/python2.7/site-packages/keystoneauth1/session.py:511
2019-06-14 23:36:33.555 662 DEBUG novaclient.v2.client [-] GET call to compute for http://172.30.9.22:8774/v2.1/flavors/detail used request id req-26989f47-96bf-4d2e-a167-3211bbf191e1 request /usr/lib/python2.7/site-packages/keystoneauth1/session.py:844
2019-06-14 23:36:33.556 662 INFO rally.task.runner [-] Task ec5e1099-4478-40f8-9ba2-a4ea7d293bf1 | ITER: 3 END: OK
2019-06-14 23:36:33.557 660 INFO rally.task.runner [-] Task ec5e1099-4478-40f8-9ba2-a4ea7d293bf1 | ITER: 5 START
2019-06-14 23:36:33.560 662 INFO rally.task.runner [-] Task ec5e1099-4478-40f8-9ba2-a4ea7d293bf1 | ITER: 6 START
2019-06-14 23:36:33.562 663 DEBUG novaclient.v2.client [-] RESP: [200] Content-Encoding: gzip Content-Length: 365 Content-Type: application/json Date: Fri, 14 Jun 2019 23:36:33 GMT OpenStack-API-Version: compute 2.1 Server: Apache Vary: OpenStack-API-Version,X-OpenStack-Nova-API-Version,Accept-Encoding X-OpenStack-Nova-API-Version: 2.1 x-compute-request-id: req-1dac7385-2266-40ae-a9de-7cf4469e5b4f x-openstack-request-id: req-1dac7385-2266-40ae-a9de-7cf4469e5b4f _http_log_response /usr/lib/python2.7/site-packages/keystoneauth1/session.py:479
2019-06-14 23:36:33.562 663 DEBUG novaclient.v2.client [-] RESP BODY: {"flavors": [{"name": "rally_full-flavor_84b1c546-6254-432e-8272-09e3c4905402", "links": [{"href": "http://172.30.9.22:8774/v2.1/flavors/2a82f38b-7d2d-4252-871e-f29bc922f14d", "rel": "self"}, {"href": "http://172.30.9.22:8774/flavors/2a82f38b-7d2d-4252-871e-f29bc922f14d", "rel": "bookmark"}], "ram": 512, "OS-FLV-DISABLED:disabled": false, "vcpus": 1, "swap": "", "os-flavor-access:is_public": true, "rxtx_factor": 1.0, "OS-FLV-EXT-DATA:ephemeral": 0, "disk": 1, "id": "2a82f38b-7d2d-4252-871e-f29bc922f14d"}, {"name": "rally_full-flavor_alt_84b1c546-6254-432e-8272-09e3c4905402", "links": [{"href": "http://172.30.9.22:8774/v2.1/flavors/62fedd4f-9186-4969-b5ad-d32110671798", "rel": "self"}, {"href": "http://172.30.9.22:8774/flavors/62fedd4f-9186-4969-b5ad-d32110671798", "rel": "bookmark"}], "ram": 1024, "OS-FLV-DISABLED:disabled": false, "vcpus": 1, "swap": "", "os-flavor-access:is_public": true, "rxtx_factor": 1.0, "OS-FLV-EXT-DATA:ephemeral": 0, "disk": 1, "id": "62fedd4f-9186-4969-b5ad-d32110671798"}]} _http_log_response /usr/lib/python2.7/site-packages/keystoneauth1/session.py:511
2019-06-14 23:36:33.562 663 DEBUG novaclient.v2.client [-] GET call to compute for http://172.30.9.22:8774/v2.1/flavors/detail used request id req-1dac7385-2266-40ae-a9de-7cf4469e5b4f request /usr/lib/python2.7/site-packages/keystoneauth1/session.py:844
2019-06-14 23:36:33.564 663 INFO rally.task.runner [-] Task ec5e1099-4478-40f8-9ba2-a4ea7d293bf1 | ITER: 4 END: OK
2019-06-14 23:36:33.567 663 INFO rally.task.runner [-] Task ec5e1099-4478-40f8-9ba2-a4ea7d293bf1 | ITER: 7 START
2019-06-14 23:36:33.948 661 DEBUG novaclient.v2.client [-] RESP: [200] Content-Encoding: gzip Content-Length: 365 Content-Type: application/json Date: Fri, 14 Jun 2019 23:36:33 GMT OpenStack-API-Version: compute 2.1 Server: Apache Vary: OpenStack-API-Version,X-OpenStack-Nova-API-Version,Accept-Encoding X-OpenStack-Nova-API-Version: 2.1 x-compute-request-id: req-8ecdd318-fea6-4df7-b856-302231dc287f x-openstack-request-id: req-8ecdd318-fea6-4df7-b856-302231dc287f _http_log_response /usr/lib/python2.7/site-packages/keystoneauth1/session.py:479
2019-06-14 23:36:33.949 661 DEBUG novaclient.v2.client [-] RESP BODY: {"flavors": [{"name": "rally_full-flavor_84b1c546-6254-432e-8272-09e3c4905402", "links": [{"href": "http://172.30.9.22:8774/v2.1/flavors/2a82f38b-7d2d-4252-871e-f29bc922f14d", "rel": "self"}, {"href": "http://172.30.9.22:8774/flavors/2a82f38b-7d2d-4252-871e-f29bc922f14d", "rel": "bookmark"}], "ram": 512, "OS-FLV-DISABLED:disabled": false, "vcpus": 1, "swap": "", "os-flavor-access:is_public": true, "rxtx_factor": 1.0, "OS-FLV-EXT-DATA:ephemeral": 0, "disk": 1, "id": "2a82f38b-7d2d-4252-871e-f29bc922f14d"}, {"name": "rally_full-flavor_alt_84b1c546-6254-432e-8272-09e3c4905402", "links": [{"href": "http://172.30.9.22:8774/v2.1/flavors/62fedd4f-9186-4969-b5ad-d32110671798", "rel": "self"}, {"href": "http://172.30.9.22:8774/flavors/62fedd4f-9186-4969-b5ad-d32110671798", "rel": "bookmark"}], "ram": 1024, "OS-FLV-DISABLED:disabled": false, "vcpus": 1, "swap": "", "os-flavor-access:is_public": true, "rxtx_factor": 1.0, "OS-FLV-EXT-DATA:ephemeral": 0, "disk": 1, "id": "62fedd4f-9186-4969-b5ad-d32110671798"}]} _http_log_response /usr/lib/python2.7/site-packages/keystoneauth1/session.py:511
2019-06-14 23:36:33.950 661 DEBUG novaclient.v2.client [-] GET call to compute for http://172.30.9.22:8774/v2.1/flavors/detail used request id req-8ecdd318-fea6-4df7-b856-302231dc287f request /usr/lib/python2.7/site-packages/keystoneauth1/session.py:844
