2019-06-14 23:57:52.754 1842 DEBUG novaclient.v2.client [-] REQ: curl -g -i -X GET http://172.30.9.22:8774/v2.1/os-keypairs -H "Accept: application/json" -H "User-Agent: python-novaclient" -H "X-Auth-Token: {SHA1}de605d0572b1e4551b1ea5be4c803285d9ab6ae2" _http_log_request /usr/lib/python2.7/site-packages/keystoneauth1/session.py:448
2019-06-14 23:57:52.963 1842 DEBUG novaclient.v2.client [-] RESP: [200] Content-Length: 16 Content-Type: application/json Date: Fri, 14 Jun 2019 23:57:52 GMT OpenStack-API-Version: compute 2.1 Server: Apache Vary: OpenStack-API-Version,X-OpenStack-Nova-API-Version X-OpenStack-Nova-API-Version: 2.1 x-compute-request-id: req-49af5bca-2a40-4fba-b204-5103865076b0 x-openstack-request-id: req-49af5bca-2a40-4fba-b204-5103865076b0 _http_log_response /usr/lib/python2.7/site-packages/keystoneauth1/session.py:479
2019-06-14 23:57:52.964 1842 DEBUG novaclient.v2.client [-] RESP BODY: {"keypairs": []} _http_log_response /usr/lib/python2.7/site-packages/keystoneauth1/session.py:511
2019-06-14 23:57:52.964 1842 DEBUG novaclient.v2.client [-] GET call to compute for http://172.30.9.22:8774/v2.1/os-keypairs used request id req-49af5bca-2a40-4fba-b204-5103865076b0 request /usr/lib/python2.7/site-packages/keystoneauth1/session.py:844
2019-06-14 23:57:53.387 1842 DEBUG novaclient.v2.client [-] REQ: curl -g -i -X GET http://172.30.9.22:8774/v2.1/os-keypairs -H "Accept: application/json" -H "User-Agent: python-novaclient" -H "X-Auth-Token: {SHA1}c703a826847cd88b13b2c109a5debd398aad0910" _http_log_request /usr/lib/python2.7/site-packages/keystoneauth1/session.py:448
2019-06-14 23:57:53.682 1842 DEBUG novaclient.v2.client [-] RESP: [200] Content-Length: 16 Content-Type: application/json Date: Fri, 14 Jun 2019 23:57:53 GMT OpenStack-API-Version: compute 2.1 Server: Apache Vary: OpenStack-API-Version,X-OpenStack-Nova-API-Version X-OpenStack-Nova-API-Version: 2.1 x-compute-request-id: req-6693d01d-eedb-4938-9025-d7508932c600 x-openstack-request-id: req-6693d01d-eedb-4938-9025-d7508932c600 _http_log_response /usr/lib/python2.7/site-packages/keystoneauth1/session.py:479
2019-06-14 23:57:53.682 1842 DEBUG novaclient.v2.client [-] RESP BODY: {"keypairs": []} _http_log_response /usr/lib/python2.7/site-packages/keystoneauth1/session.py:511
2019-06-14 23:57:53.683 1842 DEBUG novaclient.v2.client [-] GET call to compute for http://172.30.9.22:8774/v2.1/os-keypairs used request id req-6693d01d-eedb-4938-9025-d7508932c600 request /usr/lib/python2.7/site-packages/keystoneauth1/session.py:844
2019-06-14 23:57:54.107 1842 DEBUG novaclient.v2.client [-] REQ: curl -g -i -X GET http://172.30.9.22:8774/v2.1/os-keypairs -H "Accept: application/json" -H "User-Agent: python-novaclient" -H "X-Auth-Token: {SHA1}9125eeb7e28b1cf7b60c006b982ecde1c9de6eb5" _http_log_request /usr/lib/python2.7/site-packages/keystoneauth1/session.py:448
2019-06-14 23:57:54.416 1842 DEBUG novaclient.v2.client [-] RESP: [200] Content-Length: 16 Content-Type: application/json Date: Fri, 14 Jun 2019 23:57:54 GMT OpenStack-API-Version: compute 2.1 Server: Apache Vary: OpenStack-API-Version,X-OpenStack-Nova-API-Version X-OpenStack-Nova-API-Version: 2.1 x-compute-request-id: req-d07c4540-351b-4878-9830-c0ca1457a345 x-openstack-request-id: req-d07c4540-351b-4878-9830-c0ca1457a345 _http_log_response /usr/lib/python2.7/site-packages/keystoneauth1/session.py:479
2019-06-14 23:57:54.417 1842 DEBUG novaclient.v2.client [-] RESP BODY: {"keypairs": []} _http_log_response /usr/lib/python2.7/site-packages/keystoneauth1/session.py:511
2019-06-14 23:57:54.417 1842 DEBUG novaclient.v2.client [-] GET call to compute for http://172.30.9.22:8774/v2.1/os-keypairs used request id req-d07c4540-351b-4878-9830-c0ca1457a345 request /usr/lib/python2.7/site-packages/keystoneauth1/session.py:844
2019-06-14 23:57:54.424 1842 RALLYDEBUG rally_openstack.cleanup.manager [-] Cleaning up cinder backups objects
2019-06-14 23:57:56.765 1842 RALLYDEBUG rally_openstack.cleanup.manager [-] Cleaning up cinder volume_snapshots objects
2019-06-14 23:57:58.974 1842 RALLYDEBUG rally_openstack.cleanup.manager [-] Cleaning up cinder transfers objects
2019-06-14 23:58:01.004 1842 RALLYDEBUG rally_openstack.cleanup.manager [-] Cleaning up cinder volumes objects
2019-06-14 23:58:03.426 1842 INFO rally.task.context [-] Task 15797f41-d23d-4a4e-a08c-d88912f8c727 | Context cleanup@openstack cleanup() finished in 17.87 sec
2019-06-14 23:58:03.426 1842 INFO rally.task.context [-] Task 15797f41-d23d-4a4e-a08c-d88912f8c727 | Context quotas@openstack cleanup() started
2019-06-14 23:58:04.494 1842 INFO rally.task.context [-] Task 15797f41-d23d-4a4e-a08c-d88912f8c727 | Context quotas@openstack cleanup() finished in 1.07 sec
2019-06-14 23:58:04.494 1842 INFO rally.task.context [-] Task 15797f41-d23d-4a4e-a08c-d88912f8c727 | Context api_versions@openstack cleanup() started
2019-06-14 23:58:04.495 1842 INFO rally.task.context [-] Task 15797f41-d23d-4a4e-a08c-d88912f8c727 | Context api_versions@openstack cleanup() finished in 0.31 msec
2019-06-14 23:58:04.495 1842 INFO rally.task.context [-] Task 15797f41-d23d-4a4e-a08c-d88912f8c727 | Context users@openstack cleanup() started
2019-06-14 23:58:12.113 1842 INFO rally.task.context [-] Task 15797f41-d23d-4a4e-a08c-d88912f8c727 | Context users@openstack cleanup() finished in 7.62 sec
2019-06-14 23:58:12.800 1842 INFO rally.task.engine [-] Load duration is: 123.372448
2019-06-14 23:58:12.801 1842 INFO rally.task.engine [-] Full runner duration is: 124.422
2019-06-14 23:58:12.801 1842 INFO rally.task.engine [-] Full duration is: 159.881029
2019-06-14 23:58:13.055 1842 INFO rally.task.engine [-] Running workload: position = 0 config = { "version": 2, "title": "A cropped version of a bigger task.", "description": "Auto-generated task from a single workload (uuid=a61f3b41-c28e-485f-bf1b-447a9480fa90)", "subtasks": [ { "title": "CinderVolumes.create_volume", "description": "Create a volume.", "scenario": { "CinderVolumes.create_volume": { "size": 1 } }, "contexts": { "users": { "tenants": 3, "users_per_tenant": 2 }, "api_versions": { "cinder": { "version": 3, "service_type": "volumev3" } } }, "runner": { "constant": { "concurrency": 4, "times": 10 } }, "hooks": [], "sla": { "failure_rate": { "max": 0 } } } ] }
2019-06-14 23:58:13.073 1842 RALLYDEBUG rally_openstack.contexts.keystone.users [-] Creating 3 tenants using 20 threads
2019-06-14 23:58:14.990 1842 RALLYDEBUG rally_openstack.contexts.keystone.users [-] Creating 6 users using 20 threads
2019-06-14 23:58:17.766 1842 INFO rally.task.context [-] Task 15797f41-d23d-4a4e-a08c-d88912f8c727 | Context users@openstack setup() finished in 4.69 sec
2019-06-14 23:58:18.194 1842 INFO rally.task.context [-] Task 15797f41-d23d-4a4e-a08c-d88912f8c727 | Context api_versions@openstack setup() finished in 0.43 sec
2019-06-14 23:58:18.195 1842 INFO rally.task.context [-] Task 15797f41-d23d-4a4e-a08c-d88912f8c727 | Context cleanup@openstack setup() finished in 0.00 msec
2019-06-14 23:58:18.202 1842 RALLYDEBUG rally.task.runner [-] Starting the constant runner (task UUID: 15797f41-d23d-4a4e-a08c-d88912f8c727). timeout: 0 concurrency: 4 concurrency_per_worker: 1 times: 10 concurrency_overhead: 0 processes_to_start: 4 max_cpu_used: 16
2019-06-14 23:58:18.216 3474 RALLYDEBUG rally.task.runner [-] Starting a worker. concurrency: 1 args: {"size": 1} times: 10 method_name: run timeout: 0 duration: None cls:
2019-06-14 23:58:18.218 3475 RALLYDEBUG rally.task.runner [-] Starting a worker. concurrency: 1 args: {"size": 1} times: 10 method_name: run timeout: 0 duration: None cls:
2019-06-14 23:58:18.219 3476 RALLYDEBUG rally.task.runner [-] Starting a worker. concurrency: 1 args: {"size": 1} times: 10 method_name: run timeout: 0 duration: None cls:
2019-06-14 23:58:18.225 3474 INFO rally.task.runner [-] Task 15797f41-d23d-4a4e-a08c-d88912f8c727 | ITER: 1 START
2019-06-14 23:58:18.225 3475 INFO rally.task.runner [-] Task 15797f41-d23d-4a4e-a08c-d88912f8c727 | ITER: 2 START
2019-06-14 23:58:18.226 3476 INFO rally.task.runner [-] Task 15797f41-d23d-4a4e-a08c-d88912f8c727 | ITER: 3 START
2019-06-14 23:58:18.225 3477 RALLYDEBUG rally.task.runner [-] Starting a worker. concurrency: 1 args: {"size": 1} times: 10 method_name: run timeout: 0 duration: None cls:
2019-06-14 23:58:18.232 3477 INFO rally.task.runner [-] Task 15797f41-d23d-4a4e-a08c-d88912f8c727 | ITER: 4 START
2019-06-14 23:58:21.648 3475 INFO rally.task.runner [-] Task 15797f41-d23d-4a4e-a08c-d88912f8c727 | ITER: 2 END: OK
2019-06-14 23:58:21.653 3475 INFO rally.task.runner [-] Task 15797f41-d23d-4a4e-a08c-d88912f8c727 | ITER: 5 START
2019-06-14 23:58:21.901 3474 INFO rally.task.runner [-] Task 15797f41-d23d-4a4e-a08c-d88912f8c727 | ITER: 1 END: OK
2019-06-14 23:58:21.905 3474 INFO rally.task.runner [-] Task 15797f41-d23d-4a4e-a08c-d88912f8c727 | ITER: 6 START
2019-06-14 23:58:21.998 3477 INFO rally.task.runner [-] Task 15797f41-d23d-4a4e-a08c-d88912f8c727 | ITER: 4 END: OK
2019-06-14 23:58:22.003 3477 INFO rally.task.runner [-] Task 15797f41-d23d-4a4e-a08c-d88912f8c727 | ITER: 7 START
2019-06-14 23:58:22.128 3476 INFO rally.task.runner [-] Task 15797f41-d23d-4a4e-a08c-d88912f8c727 | ITER: 3 END: OK
2019-06-14 23:58:22.134 3476 INFO rally.task.runner [-] Task 15797f41-d23d-4a4e-a08c-d88912f8c727 | ITER: 8 START
2019-06-14 23:58:25.270 3475 INFO rally.task.runner [-] Task 15797f41-d23d-4a4e-a08c-d88912f8c727 | ITER: 5 END: OK
2019-06-14 23:58:25.275 3475 INFO rally.task.runner [-] Task 15797f41-d23d-4a4e-a08c-d88912f8c727 | ITER: 9 START
2019-06-14 23:58:25.500 3474 INFO rally.task.runner [-] Task 15797f41-d23d-4a4e-a08c-d88912f8c727 | ITER: 6 END: OK
2019-06-14 23:58:25.505 3474 INFO rally.task.runner [-] Task 15797f41-d23d-4a4e-a08c-d88912f8c727 | ITER: 10 START
2019-06-14 23:58:25.692 3477 INFO rally.task.runner [-] Task 15797f41-d23d-4a4e-a08c-d88912f8c727 | ITER: 7 END: OK
2019-06-14 23:58:25.770 3476 INFO rally.task.runner [-] Task 15797f41-d23d-4a4e-a08c-d88912f8c727 | ITER: 8 END: OK
2019-06-14 23:58:28.923 3475 INFO rally.task.runner [-] Task 15797f41-d23d-4a4e-a08c-d88912f8c727 | ITER: 9 END: OK
2019-06-14 23:58:29.150 3474 INFO rally.task.runner [-] Task 15797f41-d23d-4a4e-a08c-d88912f8c727 | ITER: 10 END: OK
2019-06-14 23:58:29.172 1842 INFO rally.task.context [-] Task 15797f41-d23d-4a4e-a08c-d88912f8c727 | Context cleanup@openstack cleanup() started
2019-06-14 23:58:29.174 1842 RALLYDEBUG rally_openstack.cleanup.manager [-] Cleaning up cinder backups objects
2019-06-14 23:58:31.325 1842 RALLYDEBUG rally_openstack.cleanup.manager [-] Cleaning up cinder volume_snapshots objects
2019-06-14 23:58:33.562 1842 RALLYDEBUG rally_openstack.cleanup.manager [-] Cleaning up cinder transfers objects
2019-06-14 23:58:35.698 1842 RALLYDEBUG rally_openstack.cleanup.manager [-] Cleaning up cinder volumes objects
2019-06-14 23:58:38.158 1842 RALLYDEBUG rally_openstack.cleanup.manager [-] Deleting cinder.volumes object s_rally_a61f3b41_aErwjb6i (4fe1ee10-38e7-4314-8fcb-9768daef98f4)
2019-06-14 23:58:38.159 1842 RALLYDEBUG rally_openstack.cleanup.manager [-] Deleting cinder.volumes object s_rally_a61f3b41_U9z2um7f (76a7e2cd-ff68-4141-a7a3-5e766ee09476)
2019-06-14 23:58:38.167 1842 RALLYDEBUG rally_openstack.cleanup.manager [-] Deleting cinder.volumes object s_rally_a61f3b41_ZCOZkXbc (969de0f9-c261-44e0-a9a3-740a5229ce8f)
2019-06-14 23:58:38.169 1842 RALLYDEBUG rally_openstack.cleanup.manager [-] Deleting cinder.volumes object s_rally_a61f3b41_2bpNuqRd (b5168761-30ec-4ac3-957e-c4225fd2fad3)
2019-06-14 23:58:38.171 1842 RALLYDEBUG rally_openstack.cleanup.manager [-] Deleting cinder.volumes object s_rally_a61f3b41_ZkDAOIpY (3af5388f-7dd9-48bd-8bef-91ae658e2e90)
2019-06-14 23:58:38.173 1842 RALLYDEBUG rally_openstack.cleanup.manager [-] Deleting cinder.volumes object s_rally_a61f3b41_l36hfS8N (b7d90c6f-3be8-4119-a515-636701f4bac1)
2019-06-14 23:58:38.174 1842 RALLYDEBUG rally_openstack.cleanup.manager [-] Deleting cinder.volumes object s_rally_a61f3b41_BMk4MAtT (140e3c82-6ba3-4e06-a342-0e431143f21e)
2019-06-14 23:58:38.187 1842 RALLYDEBUG rally_openstack.cleanup.manager [-] Deleting cinder.volumes object s_rally_a61f3b41_IJmgNLso (7e406260-cb50-4c04-9de5-9eaedd7f08f2)
2019-06-14 23:58:38.189 1842 RALLYDEBUG rally_openstack.cleanup.manager [-] Deleting cinder.volumes object s_rally_a61f3b41_XInFJ3Xl (67676310-7dc3-4ed7-9c3b-4b5f836a6bb3)
2019-06-14 23:58:38.197 1842 RALLYDEBUG rally_openstack.cleanup.manager [-] Deleting cinder.volumes object s_rally_a61f3b41_LKSG43FP (9c888003-69d0-4682-8888-df5564e0f42e)
2019-06-14 23:58:43.255 1842 INFO rally.task.context [-] Task 15797f41-d23d-4a4e-a08c-d88912f8c727 | Context cleanup@openstack cleanup() finished in 14.08 sec
2019-06-14 23:58:43.255 1842 INFO rally.task.context [-] Task 15797f41-d23d-4a4e-a08c-d88912f8c727 | Context api_versions@openstack cleanup() started
2019-06-14 23:58:43.256 1842 INFO rally.task.context [-] Task 15797f41-d23d-4a4e-a08c-d88912f8c727 | Context api_versions@openstack cleanup() finished in 0.33 msec
2019-06-14 23:58:43.256 1842 INFO rally.task.context [-] Task 15797f41-d23d-4a4e-a08c-d88912f8c727 | Context users@openstack cleanup() started
2019-06-14 23:58:51.801 1842 INFO rally.task.context [-] Task 15797f41-d23d-4a4e-a08c-d88912f8c727 | Context users@openstack cleanup() finished in 8.54 sec
2019-06-14 23:58:53.242 1842 INFO rally.task.engine [-] Load duration is: 10.92116
2019-06-14 23:58:53.242 1842 INFO rally.task.engine [-] Full runner duration is: 10.969954
2019-06-14 23:58:53.243 1842 INFO rally.task.engine [-] Full duration is: 38.729616
2019-06-14 23:58:53.415 1842 INFO rally.task.engine [-] Running workload: position = 1 config = { "version": 2, "title": "A cropped version of a bigger task.", "description": "Auto-generated task from a single workload (uuid=86f6ef15-77d7-4abf-a275-1ba50602607c)", "subtasks": [ { "title": "CinderVolumes.create_volume", "description": "Create a volume.", "scenario": { "CinderVolumes.create_volume": { "size": { "min": 1, "max": 1 } } }, "contexts": { "users": { "tenants": 3, "users_per_tenant": 2 }, "quotas": { "cinder": { "gigabytes": -1, "snapshots": -1, "volumes": -1 } }, "api_versions": { "cinder": { "version": 3, "service_type": "volumev3" } } }, "runner": { "constant": { "concurrency": 4, "times": 10 } }, "hooks": [], "sla": { "failure_rate": { "max": 0 } } } ] }
2019-06-14 23:58:53.441 1842 RALLYDEBUG rally_openstack.contexts.keystone.users [-] Creating 3 tenants using 20 threads
2019-06-14 23:58:55.403 1842 RALLYDEBUG rally_openstack.contexts.keystone.users [-] Creating 6 users using 20 threads
2019-06-14 23:58:58.178 1842 INFO rally.task.context [-] Task 15797f41-d23d-4a4e-a08c-d88912f8c727 | Context users@openstack setup() finished in 4.74 sec
2019-06-14 23:58:58.606 1842 INFO rally.task.context [-] Task 15797f41-d23d-4a4e-a08c-d88912f8c727 | Context api_versions@openstack setup() finished in 0.43 sec
2019-06-14 23:59:00.348 1842 INFO rally.task.context [-] Task 15797f41-d23d-4a4e-a08c-d88912f8c727 | Context quotas@openstack setup() finished in 1.74 sec
2019-06-14 23:59:00.349 1842 INFO rally.task.context [-] Task 15797f41-d23d-4a4e-a08c-d88912f8c727 | Context cleanup@openstack setup() finished in 0.01 msec
2019-06-14 23:59:00.355 1842 RALLYDEBUG rally.task.runner [-] Starting the constant runner (task UUID: 15797f41-d23d-4a4e-a08c-d88912f8c727). timeout: 0 concurrency: 4 concurrency_per_worker: 1 times: 10 concurrency_overhead: 0 processes_to_start: 4 max_cpu_used: 16
2019-06-14 23:59:00.368 3658 RALLYDEBUG rally.task.runner [-] Starting a worker. concurrency: 1 args: {"size": {"min": 1, "max": 1}} times: 10 method_name: run timeout: 0 duration: None cls:
2019-06-14 23:59:00.369 3659 RALLYDEBUG rally.task.runner [-] Starting a worker. concurrency: 1 args: {"size": {"min": 1, "max": 1}} times: 10 method_name: run timeout: 0 duration: None cls:
2019-06-14 23:59:00.371 3661 RALLYDEBUG rally.task.runner [-] Starting a worker. concurrency: 1 args: {"size": {"min": 1, "max": 1}} times: 10 method_name: run timeout: 0 duration: None cls:
2019-06-14 23:59:00.371 3660 RALLYDEBUG rally.task.runner [-] Starting a worker. concurrency: 1 args: {"size": {"min": 1, "max": 1}} times: 10 method_name: run timeout: 0 duration: None cls:
2019-06-14 23:59:00.376 3658 INFO rally.task.runner [-] Task 15797f41-d23d-4a4e-a08c-d88912f8c727 | ITER: 1 START
2019-06-14 23:59:00.376 3661 INFO rally.task.runner [-] Task 15797f41-d23d-4a4e-a08c-d88912f8c727 | ITER: 3 START
2019-06-14 23:59:00.377 3659 INFO rally.task.runner [-] Task 15797f41-d23d-4a4e-a08c-d88912f8c727 | ITER: 2 START
2019-06-14 23:59:00.377 3660 INFO rally.task.runner [-] Task 15797f41-d23d-4a4e-a08c-d88912f8c727 | ITER: 4 START
2019-06-14 23:59:03.834 3658 INFO rally.task.runner [-] Task 15797f41-d23d-4a4e-a08c-d88912f8c727 | ITER: 1 END: OK
2019-06-14 23:59:03.840 3658 INFO rally.task.runner [-] Task 15797f41-d23d-4a4e-a08c-d88912f8c727 | ITER: 5 START
2019-06-14 23:59:03.963 3660 INFO rally.task.runner [-] Task 15797f41-d23d-4a4e-a08c-d88912f8c727 | ITER: 4 END: OK
2019-06-14 23:59:03.969 3660 INFO rally.task.runner [-] Task 15797f41-d23d-4a4e-a08c-d88912f8c727 | ITER: 6 START
2019-06-14 23:59:04.022 3659 INFO rally.task.runner [-] Task 15797f41-d23d-4a4e-a08c-d88912f8c727 | ITER: 2 END: OK
2019-06-14 23:59:04.028 3659 INFO rally.task.runner [-] Task 15797f41-d23d-4a4e-a08c-d88912f8c727 | ITER: 7 START
2019-06-14 23:59:04.117 3661 INFO rally.task.runner [-] Task 15797f41-d23d-4a4e-a08c-d88912f8c727 | ITER: 3 END: OK
2019-06-14 23:59:04.123 3661 INFO rally.task.runner [-] Task 15797f41-d23d-4a4e-a08c-d88912f8c727 | ITER: 8 START
2019-06-14 23:59:07.423 3658 INFO rally.task.runner [-] Task 15797f41-d23d-4a4e-a08c-d88912f8c727 | ITER: 5 END: OK
2019-06-14 23:59:07.428 3658 INFO rally.task.runner [-] Task 15797f41-d23d-4a4e-a08c-d88912f8c727 | ITER: 9 START
2019-06-14 23:59:07.609 3660 INFO rally.task.runner [-] Task 15797f41-d23d-4a4e-a08c-d88912f8c727 | ITER: 6 END: OK
2019-06-14 23:59:07.614 3660 INFO rally.task.runner [-] Task 15797f41-d23d-4a4e-a08c-d88912f8c727 | ITER: 10 START
2019-06-14 23:59:07.643 3659 INFO rally.task.runner [-] Task 15797f41-d23d-4a4e-a08c-d88912f8c727 | ITER: 7 END: OK
2019-06-14 23:59:07.704 3661 INFO rally.task.runner [-] Task 15797f41-d23d-4a4e-a08c-d88912f8c727 | ITER: 8 END: OK
2019-06-14 23:59:11.002 3658 INFO rally.task.runner [-] Task 15797f41-d23d-4a4e-a08c-d88912f8c727 | ITER: 9 END: OK
2019-06-14 23:59:11.201 3660 INFO rally.task.runner [-] Task 15797f41-d23d-4a4e-a08c-d88912f8c727 | ITER: 10 END: OK
2019-06-14 23:59:11.225 1842 INFO rally.task.context [-] Task 15797f41-d23d-4a4e-a08c-d88912f8c727 | Context cleanup@openstack cleanup() started
2019-06-14 23:59:11.228 1842 RALLYDEBUG rally_openstack.cleanup.manager [-] Cleaning up cinder backups objects
2019-06-14 23:59:13.288 1842 RALLYDEBUG rally_openstack.cleanup.manager [-] Cleaning up cinder volume_snapshots objects
2019-06-14 23:59:15.483 1842 RALLYDEBUG rally_openstack.cleanup.manager [-] Cleaning up cinder transfers objects
2019-06-14 23:59:17.668 1842 RALLYDEBUG rally_openstack.cleanup.manager [-] Cleaning up cinder volumes objects
2019-06-14 23:59:20.088 1842 RALLYDEBUG rally_openstack.cleanup.manager [-] Deleting cinder.volumes object s_rally_86f6ef15_2shZ02SI (9af90a06-6bad-4431-b7a3-a9b5a9983e18)
2019-06-14 23:59:20.088 1842 RALLYDEBUG rally_openstack.cleanup.manager [-] Deleting cinder.volumes object s_rally_86f6ef15_d0Ytz6LB (b17bcd83-738c-4cb2-b579-76b92da396ca)
2019-06-14 23:59:20.094 1842 RALLYDEBUG rally_openstack.cleanup.manager [-] Deleting cinder.volumes object s_rally_86f6ef15_XWFjyJqf (357e16a5-1134-47b9-b872-91321c674570)
2019-06-14 23:59:20.096 1842 RALLYDEBUG rally_openstack.cleanup.manager [-] Deleting cinder.volumes object s_rally_86f6ef15_Qdbfrdle (2be5d8b8-c756-4199-9bcd-11a7eaad7e26)
2019-06-14 23:59:20.097 1842 RALLYDEBUG rally_openstack.cleanup.manager [-] Deleting cinder.volumes object s_rally_86f6ef15_C76UCiZ7 (c51de34f-546b-4571-9889-b22e646ec46d)
2019-06-14 23:59:20.108 1842 RALLYDEBUG rally_openstack.cleanup.manager [-] Deleting cinder.volumes object s_rally_86f6ef15_l7WMlGoN (1cc87838-93c8-4bf4-84a2-fb34393b2ee8)
2019-06-14 23:59:20.110 1842 RALLYDEBUG rally_openstack.cleanup.manager [-] Deleting cinder.volumes object s_rally_86f6ef15_c7fLCQ2s (f3cd1be5-1ebf-4d5d-871c-38f2f4a2a940)
2019-06-14 23:59:20.117 1842 RALLYDEBUG rally_openstack.cleanup.manager [-] Deleting cinder.volumes object s_rally_86f6ef15_j38Poojh (6c2e1a11-5545-4a2a-8016-789f1646679d)
2019-06-14 23:59:20.119 1842 RALLYDEBUG rally_openstack.cleanup.manager [-] Deleting cinder.volumes object s_rally_86f6ef15_UTkHq6Pl (eb44ed4f-de4d-48a5-9b77-6023fe3c1728)
2019-06-14 23:59:20.120 1842 RALLYDEBUG rally_openstack.cleanup.manager [-] Deleting cinder.volumes object s_rally_86f6ef15_hszirL3y (953f3260-3406-4a3a-a8bd-d3989c3ac63f)
2019-06-14 23:59:25.186 1842 INFO rally.task.context [-] Task 15797f41-d23d-4a4e-a08c-d88912f8c727 | Context cleanup@openstack cleanup() finished in 13.96 sec
2019-06-14 23:59:25.187 1842 INFO rally.task.context [-] Task 15797f41-d23d-4a4e-a08c-d88912f8c727 | Context quotas@openstack cleanup() started
2019-06-14 23:59:25.753 1842 INFO rally.task.context [-] Task 15797f41-d23d-4a4e-a08c-d88912f8c727 | Context quotas@openstack cleanup() finished in 0.57 sec
2019-06-14 23:59:25.754 1842 INFO rally.task.context [-] Task 15797f41-d23d-4a4e-a08c-d88912f8c727 | Context api_versions@openstack cleanup() started
2019-06-14 23:59:25.754 1842 INFO rally.task.context [-] Task 15797f41-d23d-4a4e-a08c-d88912f8c727 | Context api_versions@openstack cleanup() finished in 0.32 msec
2019-06-14 23:59:25.754 1842 INFO rally.task.context [-] Task 15797f41-d23d-4a4e-a08c-d88912f8c727 | Context users@openstack cleanup() started
2019-06-14 23:59:34.508 1842 INFO rally.task.context [-] Task 15797f41-d23d-4a4e-a08c-d88912f8c727 | Context users@openstack cleanup() finished in 8.75 sec
2019-06-14 23:59:35.638 1842 INFO rally.task.engine [-] Load duration is: 10.822355
2019-06-14 23:59:35.638 1842 INFO rally.task.engine [-] Full runner duration is: 10.870685
2019-06-14 23:59:35.639 1842 INFO rally.task.engine [-] Full duration is: 41.07288
2019-06-14 23:59:35.901 1842 INFO rally.task.engine [-] Running workload: position = 0 config = { "version": 2, "title": "A cropped version of a bigger task.", "description": "Auto-generated task from a single workload (uuid=dd2bfb77-2d55-4458-b480-83c5895d9b8e)", "subtasks": [ { "title": "CinderVolumes.list_volumes", "description": "List all volumes.", "scenario": { "CinderVolumes.list_volumes": { "detailed": true } }, "contexts": { "users": { "tenants": 3, "users_per_tenant": 2 }, "quotas": { "cinder": { "gigabytes": -1, "snapshots": -1, "volumes": -1 } }, "api_versions": { "cinder": { "version": 3, "service_type": "volumev3" } }, "volumes": { "size": 1, "volumes_per_tenant": 4 } }, "runner": { "constant": { "concurrency": 4, "times": 10 } }, "hooks": [], "sla": { "failure_rate": { "max": 0 } } } ] }
2019-06-14 23:59:35.925 1842 RALLYDEBUG rally_openstack.contexts.keystone.users [-] Creating 3 tenants using 20 threads
2019-06-14 23:59:37.786 1842 RALLYDEBUG rally_openstack.contexts.keystone.users [-] Creating 6 users using 20 threads
2019-06-14 23:59:40.803 1842 INFO rally.task.context [-] Task 15797f41-d23d-4a4e-a08c-d88912f8c727 | Context users@openstack setup() finished in 4.88 sec
2019-06-14 23:59:41.231 1842 INFO rally.task.context [-] Task 15797f41-d23d-4a4e-a08c-d88912f8c727 | Context api_versions@openstack setup() finished in 0.43 sec
2019-06-14 23:59:43.012 1842 INFO rally.task.context [-] Task 15797f41-d23d-4a4e-a08c-d88912f8c727 | Context quotas@openstack setup() finished in 1.78 sec
2019-06-15 00:00:21.185 1842 INFO rally.task.context [-] Task 15797f41-d23d-4a4e-a08c-d88912f8c727 | Context volumes@openstack setup() finished in 38.17 sec
2019-06-15 00:00:21.194 1842 RALLYDEBUG rally.task.runner [-] Starting the constant runner (task UUID: 15797f41-d23d-4a4e-a08c-d88912f8c727). timeout: 0 concurrency: 4 concurrency_per_worker: 1 times: 10 concurrency_overhead: 0 processes_to_start: 4 max_cpu_used: 16
2019-06-15 00:00:21.207 3842 RALLYDEBUG rally.task.runner [-] Starting a worker. concurrency: 1 args: {"detailed": true} times: 10 method_name: run timeout: 0 duration: None cls:
2019-06-15 00:00:21.209 3843 RALLYDEBUG rally.task.runner [-] Starting a worker. concurrency: 1 args: {"detailed": true} times: 10 method_name: run timeout: 0 duration: None cls:
2019-06-15 00:00:21.212 3844 RALLYDEBUG rally.task.runner [-] Starting a worker. concurrency: 1 args: {"detailed": true} times: 10 method_name: run timeout: 0 duration: None cls:
2019-06-15 00:00:21.215 3845 RALLYDEBUG rally.task.runner [-] Starting a worker. concurrency: 1 args: {"detailed": true} times: 10 method_name: run timeout: 0 duration: None cls:
2019-06-15 00:00:21.219 3842 INFO rally.task.runner [-] Task 15797f41-d23d-4a4e-a08c-d88912f8c727 | ITER: 1 START
2019-06-15 00:00:21.220 3843 INFO rally.task.runner [-] Task 15797f41-d23d-4a4e-a08c-d88912f8c727 | ITER: 2 START
2019-06-15 00:00:21.223 3844 INFO rally.task.runner [-] Task 15797f41-d23d-4a4e-a08c-d88912f8c727 | ITER: 3 START
2019-06-15 00:00:21.225 3845 INFO rally.task.runner [-] Task 15797f41-d23d-4a4e-a08c-d88912f8c727 | ITER: 4 START
2019-06-15 00:00:22.003 3842 INFO rally.task.runner [-] Task 15797f41-d23d-4a4e-a08c-d88912f8c727 | ITER: 1 END: OK
2019-06-15 00:00:22.009 3842 INFO rally.task.runner [-] Task 15797f41-d23d-4a4e-a08c-d88912f8c727 | ITER: 5 START
2019-06-15 00:00:22.012 3843 INFO rally.task.runner [-] Task 15797f41-d23d-4a4e-a08c-d88912f8c727 | ITER: 2 END: OK
2019-06-15 00:00:22.018 3843 INFO rally.task.runner [-] Task 15797f41-d23d-4a4e-a08c-d88912f8c727 | ITER: 6 START
2019-06-15 00:00:22.024 3844 INFO rally.task.runner [-] Task 15797f41-d23d-4a4e-a08c-d88912f8c727 | ITER: 3 END: OK
2019-06-15 00:00:22.031 3844 INFO rally.task.runner [-] Task 15797f41-d23d-4a4e-a08c-d88912f8c727 | ITER: 7 START
2019-06-15 00:00:22.102 3845 INFO rally.task.runner [-] Task 15797f41-d23d-4a4e-a08c-d88912f8c727 | ITER: 4 END: OK
2019-06-15 00:00:22.107 3845 INFO rally.task.runner [-] Task 15797f41-d23d-4a4e-a08c-d88912f8c727 | ITER: 8 START
2019-06-15 00:00:22.800 3843 INFO rally.task.runner [-] Task 15797f41-d23d-4a4e-a08c-d88912f8c727 | ITER: 6 END: OK
2019-06-15 00:00:22.804 3843 INFO rally.task.runner [-] Task 15797f41-d23d-4a4e-a08c-d88912f8c727 | ITER: 9 START
2019-06-15 00:00:22.806 3844 INFO rally.task.runner [-] Task 15797f41-d23d-4a4e-a08c-d88912f8c727 | ITER: 7 END: OK
2019-06-15 00:00:22.807 3842 INFO rally.task.runner [-] Task 15797f41-d23d-4a4e-a08c-d88912f8c727 | ITER: 5 END: OK
2019-06-15 00:00:22.811 3844 INFO rally.task.runner [-] Task 15797f41-d23d-4a4e-a08c-d88912f8c727 | ITER: 10 START
2019-06-15 00:00:22.904 3845 INFO rally.task.runner [-] Task 15797f41-d23d-4a4e-a08c-d88912f8c727 | ITER: 8 END: OK
2019-06-15 00:00:23.586 3844 INFO rally.task.runner [-] Task 15797f41-d23d-4a4e-a08c-d88912f8c727 | ITER: 10 END: OK
2019-06-15 00:00:23.685 3843 INFO rally.task.runner [-] Task 15797f41-d23d-4a4e-a08c-d88912f8c727 | ITER: 9 END: OK
2019-06-15 00:00:23.704 1842 INFO rally.task.context [-] Task 15797f41-d23d-4a4e-a08c-d88912f8c727 | Context volumes@openstack cleanup() started
2019-06-15 00:00:23.705 1842 RALLYDEBUG rally_openstack.cleanup.manager [-] Cleaning up cinder volumes objects
2019-06-15 00:00:26.050 1842 RALLYDEBUG rally_openstack.cleanup.manager [-] Deleting cinder.volumes object c_rally_dd2bfb77_gyyIOPQI (6208c8f8-1ec0-4f64-9eda-a065be625d98)
2019-06-15 00:00:26.051 1842 RALLYDEBUG rally_openstack.cleanup.manager [-] Deleting cinder.volumes object c_rally_dd2bfb77_Udclr9Ir (7d84a7b1-9cd8-4171-8fb7-5edb46c30479)
2019-06-15 00:00:26.051 1842 RALLYDEBUG rally_openstack.cleanup.manager [-] Deleting cinder.volumes object c_rally_dd2bfb77_ZwZ7kGfi (ae73a70a-fc33-46fd-a57f-0ca5ad4384d7)
2019-06-15 00:00:26.060 1842 RALLYDEBUG rally_openstack.cleanup.manager [-] Deleting cinder.volumes object c_rally_dd2bfb77_JtCYhGeO (0a2a75c0-3eae-4b83-b5d9-aa56fab3ac22)
2019-06-15 00:00:26.068 1842 RALLYDEBUG rally_openstack.cleanup.manager [-] Deleting cinder.volumes object c_rally_dd2bfb77_NClKEzRT (2f65d4f4-9a33-4994-8495-7059b11372e9)
2019-06-15 00:00:26.066 1842 RALLYDEBUG rally_openstack.cleanup.manager [-] Deleting cinder.volumes object c_rally_dd2bfb77_hT0Y11it (92091425-858f-4445-9164-5f837c8de122)
2019-06-15 00:00:26.070 1842 RALLYDEBUG rally_openstack.cleanup.manager [-] Deleting cinder.volumes object c_rally_dd2bfb77_aAGRWW2Q (dde5e955-d55f-4bbf-8587-dcb194747965)
2019-06-15 00:00:26.069 1842 RALLYDEBUG rally_openstack.cleanup.manager [-] Deleting cinder.volumes object c_rally_dd2bfb77_W1yQeUvl (584d03e1-f576-4d9e-8995-1c4929461b60)
2019-06-15 00:00:26.079 1842 RALLYDEBUG rally_openstack.cleanup.manager [-] Deleting cinder.volumes object c_rally_dd2bfb77_zCgHzm07 (bce5293c-e622-4b24-b687-8cb428441d73)
2019-06-15 00:00:26.088 1842 RALLYDEBUG rally_openstack.cleanup.manager [-] Deleting cinder.volumes object c_rally_dd2bfb77_Uqy8GxoQ (552945eb-d99c-42da-8578-4839dcb61ca8)
2019-06-15 00:00:26.102 1842 RALLYDEBUG rally_openstack.cleanup.manager [-] Deleting cinder.volumes object c_rally_dd2bfb77_8u8qQhIv (f89fe13b-2ef2-40c5-96e6-7d51137319db)
2019-06-15 00:00:26.110 1842 RALLYDEBUG rally_openstack.cleanup.manager [-] Deleting cinder.volumes object c_rally_dd2bfb77_2vCHQ1cG (b89ff9a5-8258-4edf-8d71-928d9b8052aa)
2019-06-15 00:00:31.280 1842 INFO rally.task.context [-] Task 15797f41-d23d-4a4e-a08c-d88912f8c727 | Context volumes@openstack cleanup() finished in 7.58 sec
2019-06-15 00:00:31.281 1842 INFO rally.task.context [-] Task 15797f41-d23d-4a4e-a08c-d88912f8c727 | Context quotas@openstack cleanup() started
2019-06-15 00:00:32.053 1842 INFO rally.task.context [-] Task 15797f41-d23d-4a4e-a08c-d88912f8c727 | Context quotas@openstack cleanup() finished in 0.77 sec
2019-06-15 00:00:32.054 1842 INFO rally.task.context [-] Task 15797f41-d23d-4a4e-a08c-d88912f8c727 | Context api_versions@openstack cleanup() started
2019-06-15 00:00:32.054 1842 INFO rally.task.context [-] Task 15797f41-d23d-4a4e-a08c-d88912f8c727 | Context api_versions@openstack cleanup() finished in 0.33 msec
2019-06-15 00:00:32.054 1842 INFO rally.task.context [-] Task 15797f41-d23d-4a4e-a08c-d88912f8c727 | Context users@openstack cleanup() started
2019-06-15 00:00:41.226 1842 INFO rally.task.context [-] Task 15797f41-d23d-4a4e-a08c-d88912f8c727 | Context users@openstack cleanup() finished in 9.17 sec
2019-06-15 00:00:42.219 1842 INFO rally.task.engine [-] Load duration is: 2.460586
2019-06-15 00:00:42.219 1842 INFO rally.task.engine [-] Full runner duration is: 2.511585
2019-06-15 00:00:42.219 1842 INFO rally.task.engine [-] Full duration is: 65.304734
2019-06-15 00:00:42.500 1842 INFO rally.task.engine [-] Running workload: position = 0 config = { "version": 2, "title": "A cropped version of a bigger task.", "description": "Auto-generated task from a single workload (uuid=d6689bd4-03cc-46a3-b0c1-13ebdbe58835)", "subtasks": [ { "title": "CinderVolumes.create_and_delete_snapshot", "description": "Create and then delete a volume-snapshot.", "scenario": { "CinderVolumes.create_and_delete_snapshot": { "force": false } }, "contexts": { "users": { "tenants": 3, "users_per_tenant": 2 }, "quotas": { "cinder": { "gigabytes": -1, "snapshots": -1, "volumes": -1 } }, "api_versions": { "cinder": { "version": 3, "service_type": "volumev3" } }, "volumes": { "size": 1, "volumes_per_tenant": 1 } }, "runner": { "constant": { "concurrency": 4, "times": 10 } }, "hooks": [], "sla": { "failure_rate": { "max": 0 } } } ] }
2019-06-15 00:00:42.524 1842 RALLYDEBUG rally_openstack.contexts.keystone.users [-] Creating 3 tenants using 20 threads
2019-06-15 00:00:44.439 1842 RALLYDEBUG rally_openstack.contexts.keystone.users [-] Creating 6 users using 20 threads
2019-06-15 00:00:47.226 1842 INFO rally.task.context [-] Task 15797f41-d23d-4a4e-a08c-d88912f8c727 | Context users@openstack setup() finished in 4.70 sec
2019-06-15 00:00:47.655 1842 INFO rally.task.context [-] Task 15797f41-d23d-4a4e-a08c-d88912f8c727 | Context api_versions@openstack setup() finished in 0.43 sec
2019-06-15 00:00:49.317 1842 INFO rally.task.context [-] Task 15797f41-d23d-4a4e-a08c-d88912f8c727 | Context quotas@openstack setup() finished in 1.66 sec
2019-06-15 00:01:00.466 1842 INFO rally.task.context [-] Task 15797f41-d23d-4a4e-a08c-d88912f8c727 | Context volumes@openstack setup() finished in 11.15 sec
2019-06-15 00:01:00.467 1842 INFO rally.task.context [-] Task 15797f41-d23d-4a4e-a08c-d88912f8c727 | Context cleanup@openstack setup() finished in 0.01 msec
2019-06-15 00:01:00.475 1842 RALLYDEBUG rally.task.runner [-] Starting the constant runner (task UUID: 15797f41-d23d-4a4e-a08c-d88912f8c727). timeout: 0 concurrency: 4 concurrency_per_worker: 1 times: 10 concurrency_overhead: 0 processes_to_start: 4 max_cpu_used: 16
2019-06-15 00:01:00.488 3966 RALLYDEBUG rally.task.runner [-] Starting a worker. concurrency: 1 args: {"force": false} times: 10 method_name: run timeout: 0 duration: None cls:
2019-06-15 00:01:00.491 3967 RALLYDEBUG rally.task.runner [-] Starting a worker. concurrency: 1 args: {"force": false} times: 10 method_name: run timeout: 0 duration: None cls:
2019-06-15 00:01:00.494 3968 RALLYDEBUG rally.task.runner [-] Starting a worker. concurrency: 1 args: {"force": false} times: 10 method_name: run timeout: 0 duration: None cls:
2019-06-15 00:01:00.500 3966 INFO rally.task.runner [-] Task 15797f41-d23d-4a4e-a08c-d88912f8c727 | ITER: 1 START
2019-06-15 00:01:00.499 3969 RALLYDEBUG rally.task.runner [-] Starting a worker. concurrency: 1 args: {"force": false} times: 10 method_name: run timeout: 0 duration: None cls:
2019-06-15 00:01:00.502 3967 INFO rally.task.runner [-] Task 15797f41-d23d-4a4e-a08c-d88912f8c727 | ITER: 2 START
2019-06-15 00:01:00.505 3968 INFO rally.task.runner [-] Task 15797f41-d23d-4a4e-a08c-d88912f8c727 | ITER: 3 START
2019-06-15 00:01:00.505 3969 INFO rally.task.runner [-] Task 15797f41-d23d-4a4e-a08c-d88912f8c727 | ITER: 4 START
2019-06-15 00:01:04.460 3966 RALLYDEBUG rally.task.utils [-] Waiting for resource s_rally_d6689bd4_V06b6UOK. Status changed: AVAILABLE => DELETING in 0.0260710716248
2019-06-15 00:01:04.729 3969 RALLYDEBUG rally.task.utils [-] Waiting for resource s_rally_d6689bd4_hABNEaOw. Status changed: AVAILABLE => DELETING in 0.329723834991
2019-06-15 00:01:04.733 3968 RALLYDEBUG rally.task.utils [-] Waiting for resource s_rally_d6689bd4_ZG6fAGqT. Status changed: AVAILABLE => DELETING in 0.31542301178
2019-06-15 00:01:04.748 3967 RALLYDEBUG rally.task.utils [-] Waiting for resource s_rally_d6689bd4_gZHUJbIM. Status changed: AVAILABLE => DELETING in 0.22403216362
2019-06-15 00:01:06.782 3966 INFO rally.task.runner [-] Task 15797f41-d23d-4a4e-a08c-d88912f8c727 | ITER: 1 END: OK
2019-06-15 00:01:06.788 3966 INFO rally.task.runner [-] Task 15797f41-d23d-4a4e-a08c-d88912f8c727 | ITER: 5 START
2019-06-15 00:01:06.939 3969 INFO rally.task.runner [-] Task 15797f41-d23d-4a4e-a08c-d88912f8c727 | ITER: 4 END: OK
2019-06-15 00:01:06.945 3969 INFO rally.task.runner [-] Task 15797f41-d23d-4a4e-a08c-d88912f8c727 | ITER: 6 START
2019-06-15 00:01:06.958 3968 INFO rally.task.runner [-] Task 15797f41-d23d-4a4e-a08c-d88912f8c727 | ITER: 3 END: OK
2019-06-15 00:01:06.964 3968 INFO rally.task.runner [-] Task 15797f41-d23d-4a4e-a08c-d88912f8c727 | ITER: 7 START
2019-06-15 00:01:07.047 3967 INFO rally.task.runner [-] Task 15797f41-d23d-4a4e-a08c-d88912f8c727 | ITER: 2 END: OK
2019-06-15 00:01:07.052 3967 INFO rally.task.runner [-] Task 15797f41-d23d-4a4e-a08c-d88912f8c727 | ITER: 8 START
2019-06-15 00:01:10.948 3968 RALLYDEBUG rally.task.utils [-] Waiting for resource s_rally_d6689bd4_wNJnFwHq. Status changed: AVAILABLE => DELETING in 0.243671894073
2019-06-15 00:01:11.025 3966 RALLYDEBUG rally.task.utils [-] Waiting for resource s_rally_d6689bd4_ZOqFZJCn. Status changed: AVAILABLE => DELETING in 0.308123111725
2019-06-15 00:01:11.104 3967 RALLYDEBUG rally.task.utils [-] Waiting for resource s_rally_d6689bd4_W211eAS6. Status changed: AVAILABLE => DELETING in 0.304666996002
2019-06-15 00:01:11.114 3969 RALLYDEBUG rally.task.utils [-] Waiting for resource s_rally_d6689bd4_3gDf34Zi. Status changed: AVAILABLE => DELETING in 0.229262113571
2019-06-15 00:01:13.131 3967 INFO rally.task.runner [-] Task 15797f41-d23d-4a4e-a08c-d88912f8c727 | ITER: 8 END: OK
2019-06-15 00:01:13.137 3967 INFO rally.task.runner [-] Task 15797f41-d23d-4a4e-a08c-d88912f8c727 | ITER: 9 START
2019-06-15 00:01:13.144 3969 INFO rally.task.runner [-] Task 15797f41-d23d-4a4e-a08c-d88912f8c727 | ITER: 6 END: OK
2019-06-15 00:01:13.149 3969 INFO rally.task.runner [-] Task 15797f41-d23d-4a4e-a08c-d88912f8c727 | ITER: 10 START
2019-06-15 00:01:13.247 3966 INFO rally.task.runner [-] Task 15797f41-d23d-4a4e-a08c-d88912f8c727 | ITER: 5 END: OK
2019-06-15 00:01:13.255 3968 INFO rally.task.runner [-] Task 15797f41-d23d-4a4e-a08c-d88912f8c727 | ITER: 7 END: OK
2019-06-15 00:01:16.841 3969 RALLYDEBUG rally.task.utils [-] Waiting for resource s_rally_d6689bd4_1W2gxaIE. Status changed: AVAILABLE => DELETING in 0.298638105392
2019-06-15 00:01:17.284 3967 RALLYDEBUG rally.task.utils [-] Waiting for resource s_rally_d6689bd4_p5WlAqYu. Status changed: AVAILABLE => DELETING in 0.31472492218
2019-06-15 00:01:18.868 3969 INFO rally.task.runner [-] Task 15797f41-d23d-4a4e-a08c-d88912f8c727 | ITER: 10 END: OK
2019-06-15 00:01:19.631 3967 INFO rally.task.runner [-] Task 15797f41-d23d-4a4e-a08c-d88912f8c727 | ITER: 9 END: OK
2019-06-15 00:01:19.656 1842 INFO rally.task.context [-] Task 15797f41-d23d-4a4e-a08c-d88912f8c727 | Context cleanup@openstack cleanup() started
2019-06-15 00:01:19.658 1842 RALLYDEBUG rally_openstack.cleanup.manager [-] Cleaning up cinder backups objects
2019-06-15 00:01:21.750 1842 RALLYDEBUG rally_openstack.cleanup.manager [-] Cleaning up cinder volume_snapshots objects
2019-06-15 00:01:23.866 1842 RALLYDEBUG rally_openstack.cleanup.manager [-] Cleaning up cinder transfers objects
2019-06-15 00:01:25.982 1842 RALLYDEBUG rally_openstack.cleanup.manager [-] Cleaning up cinder volumes objects
2019-06-15 00:01:28.237 1842 INFO rally.task.context [-] Task 15797f41-d23d-4a4e-a08c-d88912f8c727 | Context cleanup@openstack cleanup() finished in 8.58 sec
2019-06-15 00:01:28.237 1842 INFO rally.task.context [-] Task 15797f41-d23d-4a4e-a08c-d88912f8c727 | Context volumes@openstack cleanup() started
2019-06-15 00:01:28.238 1842 RALLYDEBUG rally_openstack.cleanup.manager [-] Cleaning up cinder volumes objects
2019-06-15 00:01:30.473 1842 RALLYDEBUG rally_openstack.cleanup.manager [-] Deleting cinder.volumes object c_rally_d6689bd4_xnRpumBt (163cfd7d-e7b6-4c8a-b1cb-dd2bdcccc288)
2019-06-15 00:01:30.474 1842 RALLYDEBUG rally_openstack.cleanup.manager [-] Deleting cinder.volumes object c_rally_d6689bd4_iywRwhkn (120dde62-5879-4119-85b4-c9aa7f43a7d0)
2019-06-15 00:01:30.474 1842 RALLYDEBUG rally_openstack.cleanup.manager [-] Deleting cinder.volumes object c_rally_d6689bd4_i2pEdIE9 (18a80aeb-ec32-41f4-aea6-98d887481913)
2019-06-15 00:01:34.062 1842 INFO rally.task.context [-] Task 15797f41-d23d-4a4e-a08c-d88912f8c727 | Context volumes@openstack cleanup() finished in 5.82 sec
2019-06-15 00:01:34.063 1842 INFO rally.task.context [-] Task 15797f41-d23d-4a4e-a08c-d88912f8c727 | Context quotas@openstack cleanup() started
2019-06-15 00:01:34.970 1842 INFO rally.task.context [-] Task 15797f41-d23d-4a4e-a08c-d88912f8c727 | Context quotas@openstack cleanup() finished in 0.91 sec
2019-06-15 00:01:34.970 1842 INFO rally.task.context [-] Task 15797f41-d23d-4a4e-a08c-d88912f8c727 | Context api_versions@openstack cleanup() started
2019-06-15 00:01:34.971 1842 INFO rally.task.context [-] Task 15797f41-d23d-4a4e-a08c-d88912f8c727 | Context api_versions@openstack cleanup() finished in 0.32 msec
2019-06-15 00:01:34.971 1842 INFO rally.task.context [-] Task 15797f41-d23d-4a4e-a08c-d88912f8c727 | Context users@openstack cleanup() started
2019-06-15 00:01:43.401 1842 INFO rally.task.context [-] Task 15797f41-d23d-4a4e-a08c-d88912f8c727 | Context users@openstack cleanup() finished in 8.43 sec
2019-06-15 00:01:44.760 1842 INFO rally.task.engine [-] Load duration is: 19.127478
2019-06-15 00:01:44.760 1842 INFO rally.task.engine [-] Full runner duration is: 19.18222
2019-06-15 00:01:44.761 1842 INFO rally.task.engine [-] Full duration is: 60.88215
2019-06-15 00:01:45.027 1842 INFO rally.task.engine [-] Running workload: position = 0 config = { "version": 2, "title": "A cropped version of a bigger task.", "description": "Auto-generated task from a single workload (uuid=acfd7cdb-2246-4d1b-b8a8-e1d37f9c9e8c)", "subtasks": [ { "title": "CinderVolumes.create_and_delete_volume", "description": "Create and then delete a volume.", "scenario": { "CinderVolumes.create_and_delete_volume": { "size": { "max": 1, "min": 1 } } }, "contexts": { "users": { "tenants": 3, "users_per_tenant": 2 }, "quotas": { "cinder": { "gigabytes": -1, "snapshots": -1, "volumes": -1 } }, "api_versions": { "cinder": { "version": 3, "service_type": "volumev3" } } }, "runner": { "constant": { "concurrency": 4, "times": 10 } }, "hooks": [], "sla": { "failure_rate": { "max": 0 } } } ] }
2019-06-15 00:01:45.053 1842 RALLYDEBUG rally_openstack.contexts.keystone.users [-] Creating 3 tenants using 20 threads
2019-06-15 00:01:47.002 1842 RALLYDEBUG rally_openstack.contexts.keystone.users [-] Creating 6 users using 20 threads
2019-06-15 00:01:49.987 1842 INFO rally.task.context [-] Task 15797f41-d23d-4a4e-a08c-d88912f8c727 | Context users@openstack setup() finished in 4.93 sec
2019-06-15 00:01:50.411 1842 INFO rally.task.context [-] Task 15797f41-d23d-4a4e-a08c-d88912f8c727 | Context api_versions@openstack setup() finished in 0.42 sec
2019-06-15 00:01:52.128 1842 INFO rally.task.context [-] Task 15797f41-d23d-4a4e-a08c-d88912f8c727 | Context quotas@openstack setup() finished in 1.72 sec
2019-06-15 00:01:52.129 1842 INFO rally.task.context [-] Task 15797f41-d23d-4a4e-a08c-d88912f8c727 | Context cleanup@openstack setup() finished in 0.01 msec
2019-06-15 00:01:52.136 1842 RALLYDEBUG rally.task.runner [-] Starting the constant runner (task UUID: 15797f41-d23d-4a4e-a08c-d88912f8c727). timeout: 0 concurrency: 4 concurrency_per_worker: 1 times: 10 concurrency_overhead: 0 processes_to_start: 4 max_cpu_used: 16
2019-06-15 00:01:52.151 4170 RALLYDEBUG rally.task.runner [-] Starting a worker. concurrency: 1 args: {"size": {"max": 1, "min": 1}} times: 10 method_name: run timeout: 0 duration: None cls:
2019-06-15 00:01:52.153 4171 RALLYDEBUG rally.task.runner [-] Starting a worker. concurrency: 1 args: {"size": {"max": 1, "min": 1}} times: 10 method_name: run timeout: 0 duration: None cls:
2019-06-15 00:01:52.156 4172 RALLYDEBUG rally.task.runner [-] Starting a worker. concurrency: 1 args: {"size": {"max": 1, "min": 1}} times: 10 method_name: run timeout: 0 duration: None cls:
2019-06-15 00:01:52.159 4173 RALLYDEBUG rally.task.runner [-] Starting a worker. concurrency: 1 args: {"size": {"max": 1, "min": 1}} times: 10 method_name: run timeout: 0 duration: None cls:
2019-06-15 00:01:52.160 4170 INFO rally.task.runner [-] Task 15797f41-d23d-4a4e-a08c-d88912f8c727 | ITER: 1 START
2019-06-15 00:01:52.161 4171 INFO rally.task.runner [-] Task 15797f41-d23d-4a4e-a08c-d88912f8c727 | ITER: 2 START
2019-06-15 00:01:52.164 4172 INFO rally.task.runner [-] Task 15797f41-d23d-4a4e-a08c-d88912f8c727 | ITER: 3 START
2019-06-15 00:01:52.166 4173 INFO rally.task.runner [-] Task 15797f41-d23d-4a4e-a08c-d88912f8c727 | ITER: 4 START
2019-06-15 00:01:56.703 4172 RALLYDEBUG rally.task.utils [-] Waiting for resource s_rally_acfd7cdb_OIU0rxj1. Status changed: AVAILABLE => DELETING in 0.249583959579
2019-06-15 00:01:56.705 4170 RALLYDEBUG rally.task.utils [-] Waiting for resource s_rally_acfd7cdb_ys64bIYX. Status changed: AVAILABLE => DELETING in 0.341376066208
2019-06-15 00:01:56.766 4173 RALLYDEBUG rally.task.utils [-] Waiting for resource s_rally_acfd7cdb_s3jEcTZY. Status changed: AVAILABLE => DELETING in 0.366870880127
2019-06-15 00:01:56.844 4171 RALLYDEBUG rally.task.utils [-] Waiting for resource s_rally_acfd7cdb_Ril1yiKm. Status changed: AVAILABLE => DELETING in 0.355812072754
2019-06-15 00:01:58.742 4170 INFO rally.task.runner [-] Task 15797f41-d23d-4a4e-a08c-d88912f8c727 | ITER: 1 END: OK
2019-06-15 00:01:58.747 4170 INFO rally.task.runner [-] Task 15797f41-d23d-4a4e-a08c-d88912f8c727 | ITER: 5 START
2019-06-15 00:01:58.953 4172 INFO rally.task.runner [-] Task 15797f41-d23d-4a4e-a08c-d88912f8c727 | ITER: 3 END: OK
2019-06-15 00:01:58.960 4172 INFO rally.task.runner [-] Task 15797f41-d23d-4a4e-a08c-d88912f8c727 | ITER: 6 START
2019-06-15 00:01:59.075 4171 INFO rally.task.runner [-] Task 15797f41-d23d-4a4e-a08c-d88912f8c727 | ITER: 2 END: OK
2019-06-15 00:01:59.081 4171 INFO rally.task.runner [-] Task 15797f41-d23d-4a4e-a08c-d88912f8c727 | ITER: 7 START
2019-06-15 00:01:59.094 4173 INFO rally.task.runner [-] Task 15797f41-d23d-4a4e-a08c-d88912f8c727 | ITER: 4 END: OK
2019-06-15 00:01:59.098 4173 INFO rally.task.runner [-] Task 15797f41-d23d-4a4e-a08c-d88912f8c727 | ITER: 8 START
2019-06-15 00:02:03.168 4170 RALLYDEBUG rally.task.utils [-] Waiting for resource s_rally_acfd7cdb_FR3Gq2cN. Status changed: AVAILABLE => DELETING in 0.332826852798
2019-06-15 00:02:03.321 4172 RALLYDEBUG rally.task.utils [-] Waiting for resource s_rally_acfd7cdb_XwpkaIql. Status changed: AVAILABLE => DELETING in 0.334836959839
2019-06-15 00:02:03.432 4173 RALLYDEBUG rally.task.utils [-] Waiting for resource s_rally_acfd7cdb_srkhsr7j. Status changed: AVAILABLE => DELETING in 0.349385976791
2019-06-15 00:02:03.622 4171 RALLYDEBUG rally.task.utils [-] Waiting for resource s_rally_acfd7cdb_24xElzur. Status changed: AVAILABLE => DELETING in 0.336205005646
2019-06-15 00:02:05.209 4170 INFO rally.task.runner [-] Task 15797f41-d23d-4a4e-a08c-d88912f8c727 | ITER: 5 END: OK
2019-06-15 00:02:05.214 4170 INFO rally.task.runner [-] Task 15797f41-d23d-4a4e-a08c-d88912f8c727 | ITER: 9 START
2019-06-15 00:02:05.471 4173 INFO rally.task.runner [-] Task 15797f41-d23d-4a4e-a08c-d88912f8c727 | ITER: 8 END: OK
2019-06-15 00:02:05.475 4173 INFO rally.task.runner [-] Task 15797f41-d23d-4a4e-a08c-d88912f8c727 | ITER: 10 START
2019-06-15 00:02:05.562 4172 INFO rally.task.runner [-] Task 15797f41-d23d-4a4e-a08c-d88912f8c727 | ITER: 6 END: OK
2019-06-15 00:02:05.852 4171 INFO rally.task.runner [-] Task 15797f41-d23d-4a4e-a08c-d88912f8c727 | ITER: 7 END: OK
2019-06-15 00:02:09.600 4170 INFO rally.task.runner [-] Task 15797f41-d23d-4a4e-a08c-d88912f8c727 | ITER: 9 END: OK
2019-06-15 00:02:09.773 4173 INFO rally.task.runner [-] Task 15797f41-d23d-4a4e-a08c-d88912f8c727 | ITER: 10 END: OK
2019-06-15 00:02:09.795 1842 INFO rally.task.context [-] Task 15797f41-d23d-4a4e-a08c-d88912f8c727 | Context cleanup@openstack cleanup() started
2019-06-15 00:02:09.797 1842 RALLYDEBUG rally_openstack.cleanup.manager [-] Cleaning up cinder backups objects
2019-06-15 00:02:11.873 1842 RALLYDEBUG rally_openstack.cleanup.manager [-] Cleaning up cinder volume_snapshots objects
2019-06-15 00:02:13.993 1842 RALLYDEBUG rally_openstack.cleanup.manager [-] Cleaning up cinder transfers objects
2019-06-15 00:02:16.121 1842 RALLYDEBUG rally_openstack.cleanup.manager [-] Cleaning up cinder volumes objects
2019-06-15 00:02:18.318 1842 INFO rally.task.context [-] Task 15797f41-d23d-4a4e-a08c-d88912f8c727 | Context cleanup@openstack cleanup() finished in 8.52 sec
2019-06-15 00:02:18.318 1842 INFO rally.task.context [-] Task 15797f41-d23d-4a4e-a08c-d88912f8c727 | Context quotas@openstack cleanup() started
2019-06-15 00:02:19.222 1842 INFO rally.task.context [-] Task 15797f41-d23d-4a4e-a08c-d88912f8c727 | Context quotas@openstack cleanup() finished in 0.90 sec
2019-06-15 00:02:19.222 1842 INFO rally.task.context [-] Task 15797f41-d23d-4a4e-a08c-d88912f8c727 | Context api_versions@openstack cleanup() started
2019-06-15 00:02:19.222 1842 INFO rally.task.context [-] Task 15797f41-d23d-4a4e-a08c-d88912f8c727 | Context api_versions@openstack cleanup() finished in 0.32 msec
2019-06-15 00:02:19.223 1842 INFO rally.task.context [-] Task 15797f41-d23d-4a4e-a08c-d88912f8c727 | Context users@openstack cleanup() started
2019-06-15 00:02:27.311 1842 INFO rally.task.context [-] Task 15797f41-d23d-4a4e-a08c-d88912f8c727 | Context users@openstack cleanup() finished in 8.09 sec
2019-06-15 00:02:29.256 1842 INFO rally.task.engine [-] Load duration is: 17.609329
2019-06-15 00:02:29.256 1842 INFO rally.task.engine [-] Full runner duration is: 17.658679
2019-06-15 00:02:29.256 1842 INFO rally.task.engine [-] Full duration is: 42.261286
2019-06-15 00:02:29.438 1842 INFO rally.task.engine [-] Running workload: position = 1 config = { "version": 2, "title": "A cropped version of a bigger task.", "description": "Auto-generated task from a single workload (uuid=70d059e7-7224-4980-9e58-e1ec1d89f752)", "subtasks": [ { "title": "CinderVolumes.create_and_delete_volume", "description": "Create and then delete a volume.", "scenario": { "CinderVolumes.create_and_delete_volume": { "image": { "name": "rally_full-img_84b1c546-6254-432e-8272-09e3c4905402" }, "size": 1 } }, "contexts": { "users": { "tenants": 3, "users_per_tenant": 2 }, "quotas": { "cinder": { "gigabytes": -1, "snapshots": -1, "volumes": -1 } }, "api_versions": { "cinder": { "version": 3, "service_type": "volumev3" } } }, "runner": { "constant": { "concurrency": 4, "times": 10 } }, "hooks": [], "sla": { "failure_rate": { "max": 0 } } } ] }
2019-06-15 00:02:29.460 1842 RALLYDEBUG rally_openstack.contexts.keystone.users [-] Creating 3 tenants using 20 threads
2019-06-15 00:02:31.254 1842 RALLYDEBUG rally_openstack.contexts.keystone.users [-] Creating 6 users using 20 threads
