2019-06-14 23:40:42.766 725 DEBUG novaclient.v2.client [-] RESP: [200] Content-Length: 16 Content-Type: application/json Date: Fri, 14 Jun 2019 23:40:42 GMT OpenStack-API-Version: compute 2.1 Server: Apache Vary: OpenStack-API-Version,X-OpenStack-Nova-API-Version X-OpenStack-Nova-API-Version: 2.1 x-compute-request-id: req-5e0937f7-83a0-4cd7-a970-fcbf1a532443 x-openstack-request-id: req-5e0937f7-83a0-4cd7-a970-fcbf1a532443 _http_log_response /usr/lib/python2.7/site-packages/keystoneauth1/session.py:479
2019-06-14 23:40:42.767 725 DEBUG novaclient.v2.client [-] RESP BODY: {"keypairs": []} _http_log_response /usr/lib/python2.7/site-packages/keystoneauth1/session.py:511
2019-06-14 23:40:42.767 725 DEBUG novaclient.v2.client [-] GET call to compute for http://172.30.9.22:8774/v2.1/os-keypairs used request id req-5e0937f7-83a0-4cd7-a970-fcbf1a532443 request /usr/lib/python2.7/site-packages/keystoneauth1/session.py:844
2019-06-14 23:40:43.238 725 DEBUG novaclient.v2.client [-] REQ: curl -g -i -X GET http://172.30.9.22:8774/v2.1/os-keypairs -H "Accept: application/json" -H "User-Agent: python-novaclient" -H "X-Auth-Token: {SHA1}4797b4ba553dd82bfb910587962020d108b7d1bd" _http_log_request /usr/lib/python2.7/site-packages/keystoneauth1/session.py:448
2019-06-14 23:40:43.450 725 DEBUG novaclient.v2.client [-] RESP: [200] Content-Length: 16 Content-Type: application/json Date: Fri, 14 Jun 2019 23:40:43 GMT OpenStack-API-Version: compute 2.1 Server: Apache Vary: OpenStack-API-Version,X-OpenStack-Nova-API-Version X-OpenStack-Nova-API-Version: 2.1 x-compute-request-id: req-84d165df-5e2a-4d9c-9875-9e0a2834902c x-openstack-request-id: req-84d165df-5e2a-4d9c-9875-9e0a2834902c _http_log_response /usr/lib/python2.7/site-packages/keystoneauth1/session.py:479
2019-06-14 23:40:43.451 725 DEBUG novaclient.v2.client [-] RESP BODY: {"keypairs": []} _http_log_response /usr/lib/python2.7/site-packages/keystoneauth1/session.py:511
2019-06-14 23:40:43.451 725 DEBUG novaclient.v2.client [-] GET call to compute for http://172.30.9.22:8774/v2.1/os-keypairs used request id req-84d165df-5e2a-4d9c-9875-9e0a2834902c request /usr/lib/python2.7/site-packages/keystoneauth1/session.py:844
2019-06-14 23:40:43.881 725 DEBUG novaclient.v2.client [-] REQ: curl -g -i -X GET http://172.30.9.22:8774/v2.1/os-keypairs -H "Accept: application/json" -H "User-Agent: python-novaclient" -H "X-Auth-Token: {SHA1}659a4e7337f33ca3f0f17bc2705daeed65c5bdb9" _http_log_request /usr/lib/python2.7/site-packages/keystoneauth1/session.py:448
2019-06-14 23:40:44.215 725 DEBUG novaclient.v2.client [-] RESP: [200] Content-Length: 16 Content-Type: application/json Date: Fri, 14 Jun 2019 23:40:43 GMT OpenStack-API-Version: compute 2.1 Server: Apache Vary: OpenStack-API-Version,X-OpenStack-Nova-API-Version X-OpenStack-Nova-API-Version: 2.1 x-compute-request-id: req-da57b693-f42f-45fd-bb83-e29c8c4120d8 x-openstack-request-id: req-da57b693-f42f-45fd-bb83-e29c8c4120d8 _http_log_response /usr/lib/python2.7/site-packages/keystoneauth1/session.py:479
2019-06-14 23:40:44.216 725 DEBUG novaclient.v2.client [-] RESP BODY: {"keypairs": []} _http_log_response /usr/lib/python2.7/site-packages/keystoneauth1/session.py:511
2019-06-14 23:40:44.216 725 DEBUG novaclient.v2.client [-] GET call to compute for http://172.30.9.22:8774/v2.1/os-keypairs used request id req-da57b693-f42f-45fd-bb83-e29c8c4120d8 request /usr/lib/python2.7/site-packages/keystoneauth1/session.py:844
2019-06-14 23:40:44.222 725 RALLYDEBUG rally_openstack.cleanup.manager [-] Cleaning up glance images objects
2019-06-14 23:40:48.687 725 RALLYDEBUG rally_openstack.cleanup.manager [-] Deleting glance.images object s_rally_b2bc9feb_QNAAmLgn (b3855f12-49f0-4ebc-a30b-d6a41a9fb648)
2019-06-14 23:40:48.698 725 RALLYDEBUG rally_openstack.cleanup.manager [-] Deleting glance.images object s_rally_b2bc9feb_BLUe3XN6 (26c876af-b68b-4cab-a35b-f539c1ff2a92)
2019-06-14 23:40:48.705 725 RALLYDEBUG rally_openstack.cleanup.manager [-] Deleting glance.images object s_rally_b2bc9feb_ZFd4qyAp (20862d4e-2d75-45d6-9dba-1d790b62787d)
2019-06-14 23:40:48.707 725 RALLYDEBUG rally_openstack.cleanup.manager [-] Deleting glance.images object s_rally_b2bc9feb_AOvAxCN6 (5bd74d4b-bb3f-4103-b8e0-17ab4b9d230a)
2019-06-14 23:40:48.714 725 RALLYDEBUG rally_openstack.cleanup.manager [-] Deleting glance.images object s_rally_b2bc9feb_7F7ZSdNn (e8998bb5-c3fb-418e-9083-94672f2d7bbe)
2019-06-14 23:40:48.723 725 RALLYDEBUG rally_openstack.cleanup.manager [-] Deleting glance.images object s_rally_b2bc9feb_F8fg5Jhm (e26950ea-0211-4b38-b4c1-69176b5d9b38)
2019-06-14 23:40:48.731 725 RALLYDEBUG rally_openstack.cleanup.manager [-] Deleting glance.images object s_rally_b2bc9feb_VGtpYZXD (01756a42-b903-4953-97a8-14741d851991)
2019-06-14 23:40:48.739 725 RALLYDEBUG rally_openstack.cleanup.manager [-] Deleting glance.images object s_rally_b2bc9feb_KVBjALON (18ae9982-7ea0-40d8-832f-18087fad17ee)
2019-06-14 23:40:48.744 725 RALLYDEBUG rally_openstack.cleanup.manager [-] Deleting glance.images object s_rally_b2bc9feb_Obi5ePRp (5063f6af-eb88-46ab-905a-81a402dc4337)
2019-06-14 23:40:48.761 725 RALLYDEBUG rally_openstack.cleanup.manager [-] Deleting glance.images object s_rally_b2bc9feb_c2ZBtnqT (64f47ea2-90e8-436c-9f32-25a7f8da5ef4)
2019-06-14 23:40:50.855 725 DEBUG glanceclient.common.http [-] Request returned failure status 404. _handle_response /usr/lib/python2.7/site-packages/glanceclient/common/http.py:125
2019-06-14 23:40:50.863 725 DEBUG glanceclient.common.http [-] Request returned failure status 404. _handle_response /usr/lib/python2.7/site-packages/glanceclient/common/http.py:125
2019-06-14 23:40:50.868 725 DEBUG glanceclient.common.http [-] Request returned failure status 404. _handle_response /usr/lib/python2.7/site-packages/glanceclient/common/http.py:125
2019-06-14 23:40:50.874 725 DEBUG glanceclient.common.http [-] Request returned failure status 404. _handle_response /usr/lib/python2.7/site-packages/glanceclient/common/http.py:125
2019-06-14 23:40:50.881 725 DEBUG glanceclient.common.http [-] Request returned failure status 404. _handle_response /usr/lib/python2.7/site-packages/glanceclient/common/http.py:125
2019-06-14 23:40:50.891 725 DEBUG glanceclient.common.http [-] Request returned failure status 404. _handle_response /usr/lib/python2.7/site-packages/glanceclient/common/http.py:125
2019-06-14 23:40:50.904 725 DEBUG glanceclient.common.http [-] Request returned failure status 404. _handle_response /usr/lib/python2.7/site-packages/glanceclient/common/http.py:125
2019-06-14 23:40:51.112 725 DEBUG glanceclient.common.http [-] Request returned failure status 404. _handle_response /usr/lib/python2.7/site-packages/glanceclient/common/http.py:125
2019-06-14 23:40:51.835 725 DEBUG glanceclient.common.http [-] Request returned failure status 404. _handle_response /usr/lib/python2.7/site-packages/glanceclient/common/http.py:125
2019-06-14 23:40:51.851 725 DEBUG glanceclient.common.http [-] Request returned failure status 404. _handle_response /usr/lib/python2.7/site-packages/glanceclient/common/http.py:125
2019-06-14 23:40:51.876 725 DEBUG glanceclient.common.http [-] Request returned failure status 404. _handle_response /usr/lib/python2.7/site-packages/glanceclient/common/http.py:125
2019-06-14 23:40:51.880 725 DEBUG glanceclient.common.http [-] Request returned failure status 404. _handle_response /usr/lib/python2.7/site-packages/glanceclient/common/http.py:125
2019-06-14 23:40:51.885 725 DEBUG glanceclient.common.http [-] Request returned failure status 404. _handle_response /usr/lib/python2.7/site-packages/glanceclient/common/http.py:125
2019-06-14 23:40:51.889 725 DEBUG glanceclient.common.http [-] Request returned failure status 404. _handle_response /usr/lib/python2.7/site-packages/glanceclient/common/http.py:125
2019-06-14 23:40:51.939 725 DEBUG glanceclient.common.http [-] Request returned failure status 404. _handle_response /usr/lib/python2.7/site-packages/glanceclient/common/http.py:125
2019-06-14 23:40:52.009 725 DEBUG glanceclient.common.http [-] Request returned failure status 404. _handle_response /usr/lib/python2.7/site-packages/glanceclient/common/http.py:125
2019-06-14 23:40:52.117 725 DEBUG glanceclient.common.http [-] Request returned failure status 404. _handle_response /usr/lib/python2.7/site-packages/glanceclient/common/http.py:125
2019-06-14 23:40:52.170 725 DEBUG glanceclient.common.http [-] Request returned failure status 404. _handle_response /usr/lib/python2.7/site-packages/glanceclient/common/http.py:125
2019-06-14 23:40:52.231 725 DEBUG glanceclient.common.http [-] Request returned failure status 404. _handle_response /usr/lib/python2.7/site-packages/glanceclient/common/http.py:125
2019-06-14 23:40:52.316 725 DEBUG glanceclient.common.http [-] Request returned failure status 404. _handle_response /usr/lib/python2.7/site-packages/glanceclient/common/http.py:125
2019-06-14 23:40:53.319 725 INFO rally.task.context [-] Task 9956a3ae-4361-4cb8-a13a-e2dfd21af5a6 | Context cleanup@openstack cleanup() finished in 36.49 sec
2019-06-14 23:40:53.320 725 INFO rally.task.context [-] Task 9956a3ae-4361-4cb8-a13a-e2dfd21af5a6 | Context quotas@openstack cleanup() started
2019-06-14 23:40:53.321 725 DEBUG novaclient.v2.client [-] REQ: curl -g -i -X DELETE http://172.30.9.22:8774/v2.1/os-quota-sets/3949edbc95f94121abcb2d5cfc4c7be9 -H "Accept: application/json" -H "User-Agent: python-novaclient" -H "X-Auth-Token: {SHA1}14bf7d5c06b31f398d91e6ceb58941da67ca4612" _http_log_request /usr/lib/python2.7/site-packages/keystoneauth1/session.py:448
2019-06-14 23:40:53.364 725 DEBUG novaclient.v2.client [-] RESP: [202] Content-Length: 0 Content-Type: application/json Date: Fri, 14 Jun 2019 23:40:53 GMT OpenStack-API-Version: compute 2.1 Server: Apache Vary: OpenStack-API-Version,X-OpenStack-Nova-API-Version X-OpenStack-Nova-API-Version: 2.1 x-compute-request-id: req-17c818c7-95ab-4c6c-a1e6-b1339249d53c x-openstack-request-id: req-17c818c7-95ab-4c6c-a1e6-b1339249d53c _http_log_response /usr/lib/python2.7/site-packages/keystoneauth1/session.py:479
2019-06-14 23:40:53.364 725 DEBUG novaclient.v2.client [-] DELETE call to compute for http://172.30.9.22:8774/v2.1/os-quota-sets/3949edbc95f94121abcb2d5cfc4c7be9 used request id req-17c818c7-95ab-4c6c-a1e6-b1339249d53c request /usr/lib/python2.7/site-packages/keystoneauth1/session.py:844
2019-06-14 23:40:53.365 725 DEBUG novaclient.v2.client [-] REQ: curl -g -i -X DELETE http://172.30.9.22:8774/v2.1/os-quota-sets/47c29318d1254d1b9638f726f16b6354 -H "Accept: application/json" -H "User-Agent: python-novaclient" -H "X-Auth-Token: {SHA1}14bf7d5c06b31f398d91e6ceb58941da67ca4612" _http_log_request /usr/lib/python2.7/site-packages/keystoneauth1/session.py:448
2019-06-14 23:40:53.394 725 DEBUG novaclient.v2.client [-] RESP: [202] Content-Length: 0 Content-Type: application/json Date: Fri, 14 Jun 2019 23:40:53 GMT OpenStack-API-Version: compute 2.1 Server: Apache Vary: OpenStack-API-Version,X-OpenStack-Nova-API-Version X-OpenStack-Nova-API-Version: 2.1 x-compute-request-id: req-d94047b8-99af-476e-97d7-9657ab46f628 x-openstack-request-id: req-d94047b8-99af-476e-97d7-9657ab46f628 _http_log_response /usr/lib/python2.7/site-packages/keystoneauth1/session.py:479
2019-06-14 23:40:53.394 725 DEBUG novaclient.v2.client [-] DELETE call to compute for http://172.30.9.22:8774/v2.1/os-quota-sets/47c29318d1254d1b9638f726f16b6354 used request id req-d94047b8-99af-476e-97d7-9657ab46f628 request /usr/lib/python2.7/site-packages/keystoneauth1/session.py:844
2019-06-14 23:40:53.395 725 DEBUG novaclient.v2.client [-] REQ: curl -g -i -X DELETE http://172.30.9.22:8774/v2.1/os-quota-sets/37f6878a19d142ffa09acc401cd3d017 -H "Accept: application/json" -H "User-Agent: python-novaclient" -H "X-Auth-Token: {SHA1}14bf7d5c06b31f398d91e6ceb58941da67ca4612" _http_log_request /usr/lib/python2.7/site-packages/keystoneauth1/session.py:448
2019-06-14 23:40:53.436 725 DEBUG novaclient.v2.client [-] RESP: [202] Content-Length: 0 Content-Type: application/json Date: Fri, 14 Jun 2019 23:40:53 GMT OpenStack-API-Version: compute 2.1 Server: Apache Vary: OpenStack-API-Version,X-OpenStack-Nova-API-Version X-OpenStack-Nova-API-Version: 2.1 x-compute-request-id: req-b2931f27-6b13-470e-b147-1ace9da3652e x-openstack-request-id: req-b2931f27-6b13-470e-b147-1ace9da3652e _http_log_response /usr/lib/python2.7/site-packages/keystoneauth1/session.py:479
2019-06-14 23:40:53.436 725 DEBUG novaclient.v2.client [-] DELETE call to compute for http://172.30.9.22:8774/v2.1/os-quota-sets/37f6878a19d142ffa09acc401cd3d017 used request id req-b2931f27-6b13-470e-b147-1ace9da3652e request /usr/lib/python2.7/site-packages/keystoneauth1/session.py:844
2019-06-14 23:40:53.437 725 INFO rally.task.context [-] Task 9956a3ae-4361-4cb8-a13a-e2dfd21af5a6 | Context quotas@openstack cleanup() finished in 0.12 sec
2019-06-14 23:40:53.437 725 INFO rally.task.context [-] Task 9956a3ae-4361-4cb8-a13a-e2dfd21af5a6 | Context users@openstack cleanup() started
2019-06-14 23:41:01.466 725 INFO rally.task.context [-] Task 9956a3ae-4361-4cb8-a13a-e2dfd21af5a6 | Context users@openstack cleanup() finished in 8.03 sec
2019-06-14 23:41:02.506 725 INFO rally.task.engine [-] Load duration is: 84.739176
2019-06-14 23:41:02.506 725 INFO rally.task.engine [-] Full runner duration is: 86.664169
2019-06-14 23:41:02.506 725 INFO rally.task.engine [-] Full duration is: 139.520201
2019-06-14 23:41:02.776 725 INFO rally.task.engine [-] Running workload: position = 0 config = { "version": 2, "title": "A cropped version of a bigger task.", "description": "Auto-generated task from a single workload (uuid=7f260d28-ad11-483e-9a7c-909b5aafc751)", "subtasks": [ { "title": "GlanceImages.create_and_deactivate_image", "description": "Create an image, then deactivate it.", "scenario": { "GlanceImages.create_and_deactivate_image": { "container_format": "bare", "disk_format": "qcow2", "image_location": "/home/opnfv/functest/images/cirros-0.4.0-x86_64-disk.img" } }, "contexts": { "users": { "tenants": 3, "users_per_tenant": 2 } }, "runner": { "constant": { "concurrency": 4, "times": 10 } }, "hooks": [], "sla": { "failure_rate": { "max": 0 } } } ] }
2019-06-14 23:41:02.799 725 RALLYDEBUG rally_openstack.contexts.keystone.users [-] Creating 3 tenants using 20 threads
2019-06-14 23:41:04.732 725 RALLYDEBUG rally_openstack.contexts.keystone.users [-] Creating 6 users using 20 threads
2019-06-14 23:41:07.606 725 INFO rally.task.context [-] Task 9956a3ae-4361-4cb8-a13a-e2dfd21af5a6 | Context users@openstack setup() finished in 4.81 sec
2019-06-14 23:41:07.606 725 INFO rally.task.context [-] Task 9956a3ae-4361-4cb8-a13a-e2dfd21af5a6 | Context cleanup@openstack setup() finished in 0.00 msec
2019-06-14 23:41:07.613 725 RALLYDEBUG rally.task.runner [-] Starting the constant runner (task UUID: 9956a3ae-4361-4cb8-a13a-e2dfd21af5a6). timeout: 0 concurrency: 4 concurrency_per_worker: 1 times: 10 concurrency_overhead: 0 processes_to_start: 4 max_cpu_used: 16
2019-06-14 23:41:07.625 1385 RALLYDEBUG rally.task.runner [-] Starting a worker. concurrency: 1 args: {"container_format": "bare", "disk_format": "qcow2", "image_location": "/home/opnfv/functest/images/cirros-0.4.0-x86_64-disk.img"} times: 10 method_name: run timeout: 0 duration: None cls:
2019-06-14 23:41:07.628 1386 RALLYDEBUG rally.task.runner [-] Starting a worker. concurrency: 1 args: {"container_format": "bare", "disk_format": "qcow2", "image_location": "/home/opnfv/functest/images/cirros-0.4.0-x86_64-disk.img"} times: 10 method_name: run timeout: 0 duration: None cls:
2019-06-14 23:41:07.631 1385 INFO rally.task.runner [-] Task 9956a3ae-4361-4cb8-a13a-e2dfd21af5a6 | ITER: 1 START
2019-06-14 23:41:07.631 1387 RALLYDEBUG rally.task.runner [-] Starting a worker. concurrency: 1 args: {"container_format": "bare", "disk_format": "qcow2", "image_location": "/home/opnfv/functest/images/cirros-0.4.0-x86_64-disk.img"} times: 10 method_name: run timeout: 0 duration: None cls:
2019-06-14 23:41:07.634 1388 RALLYDEBUG rally.task.runner [-] Starting a worker. concurrency: 1 args: {"container_format": "bare", "disk_format": "qcow2", "image_location": "/home/opnfv/functest/images/cirros-0.4.0-x86_64-disk.img"} times: 10 method_name: run timeout: 0 duration: None cls:
2019-06-14 23:41:07.635 1386 INFO rally.task.runner [-] Task 9956a3ae-4361-4cb8-a13a-e2dfd21af5a6 | ITER: 2 START
2019-06-14 23:41:07.637 1387 INFO rally.task.runner [-] Task 9956a3ae-4361-4cb8-a13a-e2dfd21af5a6 | ITER: 3 START
2019-06-14 23:41:07.641 1388 INFO rally.task.runner [-] Task 9956a3ae-4361-4cb8-a13a-e2dfd21af5a6 | ITER: 4 START
2019-06-14 23:41:11.420 1385 RALLYDEBUG rally.task.utils [-] Waiting for resource u'392a3e08-e34d-4887-ae5f-442ad70c4950'. Status changed: NONE => QUEUED in 0.306489944458
2019-06-14 23:41:11.451 1388 RALLYDEBUG rally.task.utils [-] Waiting for resource u'fb62c6e4-3ac5-48bc-a47a-4d78a87907f5'. Status changed: NONE => QUEUED in 0.513832092285
2019-06-14 23:41:11.555 1387 RALLYDEBUG rally.task.utils [-] Waiting for resource u'256fd7bd-7397-4693-a50a-17718ce1b184'. Status changed: NONE => QUEUED in 0.302398920059
2019-06-14 23:41:11.935 1386 RALLYDEBUG rally.task.utils [-] Waiting for resource u'e80f2b37-2311-4cbb-83ab-a3df07689ceb'. Status changed: NONE => QUEUED in 0.747134923935
2019-06-14 23:41:12.779 1385 RALLYDEBUG rally.task.utils [-] Waiting for resource s_rally_7f260d28_MqwthSgG. Status changed: QUEUED => ACTIVE in 0.210242033005
2019-06-14 23:41:12.936 1388 RALLYDEBUG rally.task.utils [-] Waiting for resource s_rally_7f260d28_3MoqiJzC. Status changed: QUEUED => ACTIVE in 0.305902957916
2019-06-14 23:41:13.308 1388 INFO rally.task.runner [-] Task 9956a3ae-4361-4cb8-a13a-e2dfd21af5a6 | ITER: 4 END: OK
2019-06-14 23:41:13.312 1388 INFO rally.task.runner [-] Task 9956a3ae-4361-4cb8-a13a-e2dfd21af5a6 | ITER: 5 START
2019-06-14 23:41:13.546 1386 RALLYDEBUG rally.task.utils [-] Waiting for resource s_rally_7f260d28_4V4rIYsC. Status changed: QUEUED => ACTIVE in 0.0196361541748
2019-06-14 23:41:13.581 1387 RALLYDEBUG rally.task.utils [-] Waiting for resource s_rally_7f260d28_PjjkABTJ. Status changed: QUEUED => ACTIVE in 0.0188021659851
2019-06-14 23:41:13.616 1385 INFO rally.task.runner [-] Task 9956a3ae-4361-4cb8-a13a-e2dfd21af5a6 | ITER: 1 END: OK
2019-06-14 23:41:13.620 1385 INFO rally.task.runner [-] Task 9956a3ae-4361-4cb8-a13a-e2dfd21af5a6 | ITER: 6 START
2019-06-14 23:41:13.684 1386 INFO rally.task.runner [-] Task 9956a3ae-4361-4cb8-a13a-e2dfd21af5a6 | ITER: 2 END: OK
2019-06-14 23:41:13.688 1386 INFO rally.task.runner [-] Task 9956a3ae-4361-4cb8-a13a-e2dfd21af5a6 | ITER: 7 START
2019-06-14 23:41:13.694 1387 INFO rally.task.runner [-] Task 9956a3ae-4361-4cb8-a13a-e2dfd21af5a6 | ITER: 3 END: OK
2019-06-14 23:41:13.698 1387 INFO rally.task.runner [-] Task 9956a3ae-4361-4cb8-a13a-e2dfd21af5a6 | ITER: 8 START
2019-06-14 23:41:17.094 1388 RALLYDEBUG rally.task.utils [-] Waiting for resource u'2383938d-4076-4647-8608-e497cc5e8e29'. Status changed: NONE => QUEUED in 0.227824926376
2019-06-14 23:41:17.226 1387 RALLYDEBUG rally.task.utils [-] Waiting for resource u'0e7b1f55-75d7-41eb-b5e1-e06f0d2c01e2'. Status changed: NONE => QUEUED in 0.223762989044
2019-06-14 23:41:17.301 1386 RALLYDEBUG rally.task.utils [-] Waiting for resource u'e4a0cb25-cd37-47aa-b488-c2c7a21134c5'. Status changed: NONE => QUEUED in 0.319383859634
2019-06-14 23:41:17.750 1385 RALLYDEBUG rally.task.utils [-] Waiting for resource u'6564f98c-42ea-4958-a460-219e24bc769a'. Status changed: NONE => QUEUED in 0.633780002594
2019-06-14 23:41:18.455 1388 RALLYDEBUG rally.task.utils [-] Waiting for resource s_rally_7f260d28_fnVlEZTB. Status changed: QUEUED => ACTIVE in 0.0173709392548
2019-06-14 23:41:18.622 1387 RALLYDEBUG rally.task.utils [-] Waiting for resource s_rally_7f260d28_dh7hud16. Status changed: QUEUED => ACTIVE in 0.214341878891
2019-06-14 23:41:18.709 1387 INFO rally.task.runner [-] Task 9956a3ae-4361-4cb8-a13a-e2dfd21af5a6 | ITER: 8 END: OK
2019-06-14 23:41:18.713 1387 INFO rally.task.runner [-] Task 9956a3ae-4361-4cb8-a13a-e2dfd21af5a6 | ITER: 9 START
2019-06-14 23:41:18.830 1388 INFO rally.task.runner [-] Task 9956a3ae-4361-4cb8-a13a-e2dfd21af5a6 | ITER: 5 END: OK
2019-06-14 23:41:18.833 1388 INFO rally.task.runner [-] Task 9956a3ae-4361-4cb8-a13a-e2dfd21af5a6 | ITER: 10 START
2019-06-14 23:41:19.773 1385 RALLYDEBUG rally.task.utils [-] Waiting for resource s_rally_7f260d28_Yu1SODoj. Status changed: QUEUED => ACTIVE in 0.328783988953
2019-06-14 23:41:19.798 1386 RALLYDEBUG rally.task.utils [-] Waiting for resource s_rally_7f260d28_h9vEtR7M. Status changed: QUEUED => ACTIVE in 0.312461853027
2019-06-14 23:41:20.036 1385 INFO rally.task.runner [-] Task 9956a3ae-4361-4cb8-a13a-e2dfd21af5a6 | ITER: 6 END: OK
2019-06-14 23:41:20.174 1386 INFO rally.task.runner [-] Task 9956a3ae-4361-4cb8-a13a-e2dfd21af5a6 | ITER: 7 END: OK
2019-06-14 23:41:22.828 1388 RALLYDEBUG rally.task.utils [-] Waiting for resource u'2b446f5e-ac71-4799-ba9c-9c70d3ca6ab1'. Status changed: NONE => QUEUED in 0.626909971237
2019-06-14 23:41:23.390 1387 RALLYDEBUG rally.task.utils [-] Waiting for resource u'57f07778-8443-404a-9820-8af787586052'. Status changed: NONE => QUEUED in 0.517861843109
2019-06-14 23:41:24.688 1388 RALLYDEBUG rally.task.utils [-] Waiting for resource s_rally_7f260d28_EAQ9ann4. Status changed: QUEUED => ACTIVE in 0.317476987839
2019-06-14 23:41:24.774 1388 INFO rally.task.runner [-] Task 9956a3ae-4361-4cb8-a13a-e2dfd21af5a6 | ITER: 10 END: OK
2019-06-14 23:41:24.777 1387 RALLYDEBUG rally.task.utils [-] Waiting for resource s_rally_7f260d28_grzGmMyM. Status changed: QUEUED => ACTIVE in 0.411025047302
2019-06-14 23:41:24.852 1387 INFO rally.task.runner [-] Task 9956a3ae-4361-4cb8-a13a-e2dfd21af5a6 | ITER: 9 END: OK
2019-06-14 23:41:24.874 725 INFO rally.task.context [-] Task 9956a3ae-4361-4cb8-a13a-e2dfd21af5a6 | Context cleanup@openstack cleanup() started
2019-06-14 23:41:24.877 725 RALLYDEBUG rally_openstack.cleanup.manager [-] Cleaning up glance images objects
2019-06-14 23:41:29.017 725 RALLYDEBUG rally_openstack.cleanup.manager [-] Deleting glance.images object s_rally_7f260d28_grzGmMyM (57f07778-8443-404a-9820-8af787586052)
2019-06-14 23:41:29.020 725 RALLYDEBUG rally_openstack.cleanup.manager [-] Deleting glance.images object s_rally_7f260d28_3MoqiJzC (fb62c6e4-3ac5-48bc-a47a-4d78a87907f5)
2019-06-14 23:41:29.020 725 RALLYDEBUG rally_openstack.cleanup.manager [-] Deleting glance.images object s_rally_7f260d28_MqwthSgG (392a3e08-e34d-4887-ae5f-442ad70c4950)
2019-06-14 23:41:29.022 725 RALLYDEBUG rally_openstack.cleanup.manager [-] Deleting glance.images object s_rally_7f260d28_EAQ9ann4 (2b446f5e-ac71-4799-ba9c-9c70d3ca6ab1)
2019-06-14 23:41:29.032 725 RALLYDEBUG rally_openstack.cleanup.manager [-] Deleting glance.images object s_rally_7f260d28_Yu1SODoj (6564f98c-42ea-4958-a460-219e24bc769a)
2019-06-14 23:41:29.033 725 RALLYDEBUG rally_openstack.cleanup.manager [-] Deleting glance.images object s_rally_7f260d28_PjjkABTJ (256fd7bd-7397-4693-a50a-17718ce1b184)
2019-06-14 23:41:29.039 725 RALLYDEBUG rally_openstack.cleanup.manager [-] Deleting glance.images object s_rally_7f260d28_h9vEtR7M (e4a0cb25-cd37-47aa-b488-c2c7a21134c5)
2019-06-14 23:41:29.045 725 RALLYDEBUG rally_openstack.cleanup.manager [-] Deleting glance.images object s_rally_7f260d28_fnVlEZTB (2383938d-4076-4647-8608-e497cc5e8e29)
2019-06-14 23:41:29.056 725 RALLYDEBUG rally_openstack.cleanup.manager [-] Deleting glance.images object s_rally_7f260d28_4V4rIYsC (e80f2b37-2311-4cbb-83ab-a3df07689ceb)
2019-06-14 23:41:29.069 725 RALLYDEBUG rally_openstack.cleanup.manager [-] Deleting glance.images object s_rally_7f260d28_dh7hud16 (0e7b1f55-75d7-41eb-b5e1-e06f0d2c01e2)
2019-06-14 23:41:30.507 725 DEBUG glanceclient.common.http [-] Request returned failure status 404. _handle_response /usr/lib/python2.7/site-packages/glanceclient/common/http.py:125
2019-06-14 23:41:30.729 725 DEBUG glanceclient.common.http [-] Request returned failure status 404. _handle_response /usr/lib/python2.7/site-packages/glanceclient/common/http.py:125
2019-06-14 23:41:30.760 725 DEBUG glanceclient.common.http [-] Request returned failure status 404. _handle_response /usr/lib/python2.7/site-packages/glanceclient/common/http.py:125
2019-06-14 23:41:30.799 725 DEBUG glanceclient.common.http [-] Request returned failure status 404. _handle_response /usr/lib/python2.7/site-packages/glanceclient/common/http.py:125
2019-06-14 23:41:30.814 725 DEBUG glanceclient.common.http [-] Request returned failure status 404. _handle_response /usr/lib/python2.7/site-packages/glanceclient/common/http.py:125
2019-06-14 23:41:30.815 725 DEBUG glanceclient.common.http [-] Request returned failure status 404. _handle_response /usr/lib/python2.7/site-packages/glanceclient/common/http.py:125
2019-06-14 23:41:30.838 725 DEBUG glanceclient.common.http [-] Request returned failure status 404. _handle_response /usr/lib/python2.7/site-packages/glanceclient/common/http.py:125
2019-06-14 23:41:30.963 725 DEBUG glanceclient.common.http [-] Request returned failure status 404. _handle_response /usr/lib/python2.7/site-packages/glanceclient/common/http.py:125
2019-06-14 23:41:31.045 725 DEBUG glanceclient.common.http [-] Request returned failure status 404. _handle_response /usr/lib/python2.7/site-packages/glanceclient/common/http.py:125
2019-06-14 23:41:31.106 725 DEBUG glanceclient.common.http [-] Request returned failure status 404. _handle_response /usr/lib/python2.7/site-packages/glanceclient/common/http.py:125
2019-06-14 23:41:31.560 725 DEBUG glanceclient.common.http [-] Request returned failure status 404. _handle_response /usr/lib/python2.7/site-packages/glanceclient/common/http.py:125
2019-06-14 23:41:31.781 725 DEBUG glanceclient.common.http [-] Request returned failure status 404. _handle_response /usr/lib/python2.7/site-packages/glanceclient/common/http.py:125
2019-06-14 23:41:31.783 725 DEBUG glanceclient.common.http [-] Request returned failure status 404. _handle_response /usr/lib/python2.7/site-packages/glanceclient/common/http.py:125
2019-06-14 23:41:31.865 725 DEBUG glanceclient.common.http [-] Request returned failure status 404. _handle_response /usr/lib/python2.7/site-packages/glanceclient/common/http.py:125
2019-06-14 23:41:31.996 725 DEBUG glanceclient.common.http [-] Request returned failure status 404. _handle_response /usr/lib/python2.7/site-packages/glanceclient/common/http.py:125
2019-06-14 23:41:32.079 725 DEBUG glanceclient.common.http [-] Request returned failure status 404. _handle_response /usr/lib/python2.7/site-packages/glanceclient/common/http.py:125
2019-06-14 23:41:32.656 725 DEBUG glanceclient.common.http [-] Request returned failure status 404. _handle_response /usr/lib/python2.7/site-packages/glanceclient/common/http.py:125
2019-06-14 23:41:32.859 725 DEBUG glanceclient.common.http [-] Request returned failure status 404. _handle_response /usr/lib/python2.7/site-packages/glanceclient/common/http.py:125
2019-06-14 23:41:32.922 725 DEBUG glanceclient.common.http [-] Request returned failure status 404. _handle_response /usr/lib/python2.7/site-packages/glanceclient/common/http.py:125
2019-06-14 23:41:32.935 725 DEBUG glanceclient.common.http [-] Request returned failure status 404. _handle_response /usr/lib/python2.7/site-packages/glanceclient/common/http.py:125
2019-06-14 23:41:33.937 725 INFO rally.task.context [-] Task 9956a3ae-4361-4cb8-a13a-e2dfd21af5a6 | Context cleanup@openstack cleanup() finished in 9.06 sec
2019-06-14 23:41:33.938 725 INFO rally.task.context [-] Task 9956a3ae-4361-4cb8-a13a-e2dfd21af5a6 | Context users@openstack cleanup() started
2019-06-14 23:41:42.148 725 INFO rally.task.context [-] Task 9956a3ae-4361-4cb8-a13a-e2dfd21af5a6 | Context users@openstack cleanup() finished in 8.21 sec
2019-06-14 23:41:42.967 725 INFO rally.task.engine [-] Load duration is: 16.33553
2019-06-14 23:41:42.968 725 INFO rally.task.engine [-] Full runner duration is: 17.261502
2019-06-14 23:41:42.968 725 INFO rally.task.engine [-] Full duration is: 39.35399
2019-06-14 23:41:43.227 725 INFO rally.task.engine [-] Running workload: position = 0 config = { "version": 2, "title": "A cropped version of a bigger task.", "description": "Auto-generated task from a single workload (uuid=4341c4e7-bcdb-4c3e-bc6e-ac3515483f7f)", "subtasks": [ { "title": "GlanceImages.create_and_download_image", "description": "Create an image, then download data of the image.", "scenario": { "GlanceImages.create_and_download_image": { "container_format": "bare", "disk_format": "qcow2", "image_location": "/home/opnfv/functest/images/cirros-0.4.0-x86_64-disk.img" } }, "contexts": { "users": { "tenants": 3, "users_per_tenant": 2 } }, "runner": { "constant": { "concurrency": 4, "times": 10 } }, "hooks": [], "sla": { "failure_rate": { "max": 0 } } } ] }
2019-06-14 23:41:43.253 725 RALLYDEBUG rally_openstack.contexts.keystone.users [-] Creating 3 tenants using 20 threads
2019-06-14 23:41:45.038 725 RALLYDEBUG rally_openstack.contexts.keystone.users [-] Creating 6 users using 20 threads
2019-06-14 23:41:47.775 725 INFO rally.task.context [-] Task 9956a3ae-4361-4cb8-a13a-e2dfd21af5a6 | Context users@openstack setup() finished in 4.52 sec
2019-06-14 23:41:47.776 725 INFO rally.task.context [-] Task 9956a3ae-4361-4cb8-a13a-e2dfd21af5a6 | Context cleanup@openstack setup() finished in 0.06 msec
2019-06-14 23:41:47.785 725 RALLYDEBUG rally.task.runner [-] Starting the constant runner (task UUID: 9956a3ae-4361-4cb8-a13a-e2dfd21af5a6). timeout: 0 concurrency: 4 concurrency_per_worker: 1 times: 10 concurrency_overhead: 0 processes_to_start: 4 max_cpu_used: 16
2019-06-14 23:41:47.798 1509 RALLYDEBUG rally.task.runner [-] Starting a worker. concurrency: 1 args: {"container_format": "bare", "disk_format": "qcow2", "image_location": "/home/opnfv/functest/images/cirros-0.4.0-x86_64-disk.img"} times: 10 method_name: run timeout: 0 duration: None cls:
2019-06-14 23:41:47.800 1510 RALLYDEBUG rally.task.runner [-] Starting a worker. concurrency: 1 args: {"container_format": "bare", "disk_format": "qcow2", "image_location": "/home/opnfv/functest/images/cirros-0.4.0-x86_64-disk.img"} times: 10 method_name: run timeout: 0 duration: None cls:
2019-06-14 23:41:47.804 1509 INFO rally.task.runner [-] Task 9956a3ae-4361-4cb8-a13a-e2dfd21af5a6 | ITER: 1 START
2019-06-14 23:41:47.804 1511 RALLYDEBUG rally.task.runner [-] Starting a worker. concurrency: 1 args: {"container_format": "bare", "disk_format": "qcow2", "image_location": "/home/opnfv/functest/images/cirros-0.4.0-x86_64-disk.img"} times: 10 method_name: run timeout: 0 duration: None cls:
2019-06-14 23:41:47.806 1510 INFO rally.task.runner [-] Task 9956a3ae-4361-4cb8-a13a-e2dfd21af5a6 | ITER: 2 START
2019-06-14 23:41:47.808 1512 RALLYDEBUG rally.task.runner [-] Starting a worker. concurrency: 1 args: {"container_format": "bare", "disk_format": "qcow2", "image_location": "/home/opnfv/functest/images/cirros-0.4.0-x86_64-disk.img"} times: 10 method_name: run timeout: 0 duration: None cls:
2019-06-14 23:41:47.811 1511 INFO rally.task.runner [-] Task 9956a3ae-4361-4cb8-a13a-e2dfd21af5a6 | ITER: 3 START
2019-06-14 23:41:47.814 1512 INFO rally.task.runner [-] Task 9956a3ae-4361-4cb8-a13a-e2dfd21af5a6 | ITER: 4 START
2019-06-14 23:41:51.351 1510 RALLYDEBUG rally.task.utils [-] Waiting for resource u'e4953bf4-a9ed-48b5-bd31-a923879b9ce6'. Status changed: NONE => QUEUED in 0.0277459621429
2019-06-14 23:41:51.388 1509 RALLYDEBUG rally.task.utils [-] Waiting for resource u'd34d9c83-5d12-44d9-8cc8-7c6d695a3779'. Status changed: NONE => QUEUED in 0.320588111877
2019-06-14 23:41:51.402 1511 RALLYDEBUG rally.task.utils [-] Waiting for resource u'e4c81818-e31f-4584-9cbe-54d76cedac54'. Status changed: NONE => QUEUED in 0.0268139839172
2019-06-14 23:41:51.631 1512 RALLYDEBUG rally.task.utils [-] Waiting for resource u'116669bf-9bb3-4300-b142-549adf834621'. Status changed: NONE => QUEUED in 0.312756061554
2019-06-14 23:41:52.559 1509 RALLYDEBUG rally.task.utils [-] Waiting for resource s_rally_4341c4e7_Rx5qazUo. Status changed: QUEUED => ACTIVE in 0.0186121463776
2019-06-14 23:41:52.717 1509 INFO rally.task.runner [-] Task 9956a3ae-4361-4cb8-a13a-e2dfd21af5a6 | ITER: 1 END: OK
2019-06-14 23:41:52.721 1509 INFO rally.task.runner [-] Task 9956a3ae-4361-4cb8-a13a-e2dfd21af5a6 | ITER: 5 START
2019-06-14 23:41:52.767 1510 RALLYDEBUG rally.task.utils [-] Waiting for resource s_rally_4341c4e7_jyUoAjo3. Status changed: QUEUED => ACTIVE in 0.239422082901
2019-06-14 23:41:52.857 1511 RALLYDEBUG rally.task.utils [-] Waiting for resource s_rally_4341c4e7_UxZMrbYW. Status changed: QUEUED => ACTIVE in 0.302716016769
2019-06-14 23:41:53.388 1510 INFO rally.task.runner [-] Task 9956a3ae-4361-4cb8-a13a-e2dfd21af5a6 | ITER: 2 END: OK
2019-06-14 23:41:53.392 1510 INFO rally.task.runner [-] Task 9956a3ae-4361-4cb8-a13a-e2dfd21af5a6 | ITER: 6 START
2019-06-14 23:41:53.657 1511 INFO rally.task.runner [-] Task 9956a3ae-4361-4cb8-a13a-e2dfd21af5a6 | ITER: 3 END: OK
2019-06-14 23:41:53.661 1511 INFO rally.task.runner [-] Task 9956a3ae-4361-4cb8-a13a-e2dfd21af5a6 | ITER: 7 START
2019-06-14 23:41:53.965 1512 RALLYDEBUG rally.task.utils [-] Waiting for resource s_rally_4341c4e7_8FsEp0E2. Status changed: QUEUED => ACTIVE in 0.307861089706
2019-06-14 23:41:54.701 1512 INFO rally.task.runner [-] Task 9956a3ae-4361-4cb8-a13a-e2dfd21af5a6 | ITER: 4 END: OK
2019-06-14 23:41:54.705 1512 INFO rally.task.runner [-] Task 9956a3ae-4361-4cb8-a13a-e2dfd21af5a6 | ITER: 8 START
2019-06-14 23:41:56.582 1509 RALLYDEBUG rally.task.utils [-] Waiting for resource u'58cca3b5-f113-49fd-92c6-a4b7e5ce7f72'. Status changed: NONE => QUEUED in 0.284333944321
2019-06-14 23:41:57.171 1510 RALLYDEBUG rally.task.utils [-] Waiting for resource u'27a71ba4-0560-4259-8e76-c65c924a2664'. Status changed: NONE => QUEUED in 0.515205860138
2019-06-14 23:41:57.456 1511 RALLYDEBUG rally.task.utils [-] Waiting for resource u'66bd12e8-17b1-41c6-ae88-d6aa3200dcc0'. Status changed: NONE => QUEUED in 0.325603961945
2019-06-14 23:41:57.490 1509 RALLYDEBUG rally.task.utils [-] Waiting for resource s_rally_4341c4e7_Hkz6xSUP. Status changed: QUEUED => ACTIVE in 0.21456694603
2019-06-14 23:41:57.933 1509 INFO rally.task.runner [-] Task 9956a3ae-4361-4cb8-a13a-e2dfd21af5a6 | ITER: 5 END: OK
2019-06-14 23:41:57.937 1509 INFO rally.task.runner [-] Task 9956a3ae-4361-4cb8-a13a-e2dfd21af5a6 | ITER: 9 START
2019-06-14 23:41:58.615 1511 RALLYDEBUG rally.task.utils [-] Waiting for resource s_rally_4341c4e7_RKDZqxL4. Status changed: QUEUED => ACTIVE in 0.0204520225525
2019-06-14 23:41:58.803 1510 RALLYDEBUG rally.task.utils [-] Waiting for resource s_rally_4341c4e7_Me1uxAcR. Status changed: QUEUED => ACTIVE in 0.220908164978
2019-06-14 23:41:58.847 1512 RALLYDEBUG rally.task.utils [-] Waiting for resource u'46857bf6-9ebf-4287-a1ef-ac7ebbf14ef2'. Status changed: NONE => QUEUED in 0.53498005867
2019-06-14 23:41:59.080 1511 INFO rally.task.runner [-] Task 9956a3ae-4361-4cb8-a13a-e2dfd21af5a6 | ITER: 7 END: OK
2019-06-14 23:41:59.084 1511 INFO rally.task.runner [-] Task 9956a3ae-4361-4cb8-a13a-e2dfd21af5a6 | ITER: 10 START
2019-06-14 23:41:59.446 1510 INFO rally.task.runner [-] Task 9956a3ae-4361-4cb8-a13a-e2dfd21af5a6 | ITER: 6 END: OK
2019-06-14 23:41:59.738 1512 RALLYDEBUG rally.task.utils [-] Waiting for resource s_rally_4341c4e7_FP9oGbrC. Status changed: QUEUED => ACTIVE in 0.300639867783
2019-06-14 23:42:00.184 1512 INFO rally.task.runner [-] Task 9956a3ae-4361-4cb8-a13a-e2dfd21af5a6 | ITER: 8 END: OK
2019-06-14 23:42:01.755 1509 RALLYDEBUG rally.task.utils [-] Waiting for resource u'730424e5-3fa5-4657-a957-20c2327b78e7'. Status changed: NONE => QUEUED in 0.324930906296
2019-06-14 23:42:03.028 1509 RALLYDEBUG rally.task.utils [-] Waiting for resource s_rally_4341c4e7_g5QCec43. Status changed: QUEUED => ACTIVE in 0.292807102203
2019-06-14 23:42:03.056 1511 RALLYDEBUG rally.task.utils [-] Waiting for resource u'ba8143f6-2d04-4100-bb7d-3f4d586b3b63'. Status changed: NONE => QUEUED in 0.502064943314
2019-06-14 23:42:03.699 1509 INFO rally.task.runner [-] Task 9956a3ae-4361-4cb8-a13a-e2dfd21af5a6 | ITER: 9 END: OK
2019-06-14 23:42:04.659 1511 RALLYDEBUG rally.task.utils [-] Waiting for resource s_rally_4341c4e7_w6RON7Jm. Status changed: QUEUED => ACTIVE in 0.72896194458
2019-06-14 23:42:05.472 1511 INFO rally.task.runner [-] Task 9956a3ae-4361-4cb8-a13a-e2dfd21af5a6 | ITER: 10 END: OK
2019-06-14 23:42:05.493 725 INFO rally.task.context [-] Task 9956a3ae-4361-4cb8-a13a-e2dfd21af5a6 | Context cleanup@openstack cleanup() started
2019-06-14 23:42:05.496 725 RALLYDEBUG rally_openstack.cleanup.manager [-] Cleaning up glance images objects
2019-06-14 23:42:09.499 725 RALLYDEBUG rally_openstack.cleanup.manager [-] Deleting glance.images object s_rally_4341c4e7_Me1uxAcR (27a71ba4-0560-4259-8e76-c65c924a2664)
2019-06-14 23:42:09.500 725 RALLYDEBUG rally_openstack.cleanup.manager [-] Deleting glance.images object s_rally_4341c4e7_w6RON7Jm (ba8143f6-2d04-4100-bb7d-3f4d586b3b63)
2019-06-14 23:42:09.508 725 RALLYDEBUG rally_openstack.cleanup.manager [-] Deleting glance.images object s_rally_4341c4e7_Hkz6xSUP (58cca3b5-f113-49fd-92c6-a4b7e5ce7f72)
2019-06-14 23:42:09.511 725 RALLYDEBUG rally_openstack.cleanup.manager [-] Deleting glance.images object s_rally_4341c4e7_g5QCec43 (730424e5-3fa5-4657-a957-20c2327b78e7)
2019-06-14 23:42:09.511 725 RALLYDEBUG rally_openstack.cleanup.manager [-] Deleting glance.images object s_rally_4341c4e7_UxZMrbYW (e4c81818-e31f-4584-9cbe-54d76cedac54)
2019-06-14 23:42:09.517 725 RALLYDEBUG rally_openstack.cleanup.manager [-] Deleting glance.images object s_rally_4341c4e7_RKDZqxL4 (66bd12e8-17b1-41c6-ae88-d6aa3200dcc0)
2019-06-14 23:42:09.523 725 RALLYDEBUG rally_openstack.cleanup.manager [-] Deleting glance.images object s_rally_4341c4e7_FP9oGbrC (46857bf6-9ebf-4287-a1ef-ac7ebbf14ef2)
2019-06-14 23:42:09.524 725 RALLYDEBUG rally_openstack.cleanup.manager [-] Deleting glance.images object s_rally_4341c4e7_Rx5qazUo (d34d9c83-5d12-44d9-8cc8-7c6d695a3779)
2019-06-14 23:42:09.532 725 RALLYDEBUG rally_openstack.cleanup.manager [-] Deleting glance.images object s_rally_4341c4e7_8FsEp0E2 (116669bf-9bb3-4300-b142-549adf834621)
2019-06-14 23:42:09.540 725 RALLYDEBUG rally_openstack.cleanup.manager [-] Deleting glance.images object s_rally_4341c4e7_jyUoAjo3 (e4953bf4-a9ed-48b5-bd31-a923879b9ce6)
2019-06-14 23:42:11.885 725 DEBUG glanceclient.common.http [-] Request returned failure status 404. _handle_response /usr/lib/python2.7/site-packages/glanceclient/common/http.py:125
2019-06-14 23:42:11.960 725 DEBUG glanceclient.common.http [-] Request returned failure status 404. _handle_response /usr/lib/python2.7/site-packages/glanceclient/common/http.py:125
2019-06-14 23:42:11.970 725 DEBUG glanceclient.common.http [-] Request returned failure status 404. _handle_response /usr/lib/python2.7/site-packages/glanceclient/common/http.py:125
2019-06-14 23:42:12.121 725 DEBUG glanceclient.common.http [-] Request returned failure status 404. _handle_response /usr/lib/python2.7/site-packages/glanceclient/common/http.py:125
2019-06-14 23:42:12.128 725 DEBUG glanceclient.common.http [-] Request returned failure status 404. _handle_response /usr/lib/python2.7/site-packages/glanceclient/common/http.py:125
2019-06-14 23:42:12.174 725 DEBUG glanceclient.common.http [-] Request returned failure status 404. _handle_response /usr/lib/python2.7/site-packages/glanceclient/common/http.py:125
2019-06-14 23:42:12.185 725 DEBUG glanceclient.common.http [-] Request returned failure status 404. _handle_response /usr/lib/python2.7/site-packages/glanceclient/common/http.py:125
2019-06-14 23:42:12.190 725 DEBUG glanceclient.common.http [-] Request returned failure status 404. _handle_response /usr/lib/python2.7/site-packages/glanceclient/common/http.py:125
2019-06-14 23:42:12.201 725 DEBUG glanceclient.common.http [-] Request returned failure status 404. _handle_response /usr/lib/python2.7/site-packages/glanceclient/common/http.py:125
2019-06-14 23:42:12.210 725 DEBUG glanceclient.common.http [-] Request returned failure status 404. _handle_response /usr/lib/python2.7/site-packages/glanceclient/common/http.py:125
2019-06-14 23:42:12.213 725 DEBUG glanceclient.common.http [-] Request returned failure status 404. _handle_response /usr/lib/python2.7/site-packages/glanceclient/common/http.py:125
2019-06-14 23:42:12.215 725 DEBUG glanceclient.common.http [-] Request returned failure status 404. _handle_response /usr/lib/python2.7/site-packages/glanceclient/common/http.py:125
2019-06-14 23:42:12.278 725 DEBUG glanceclient.common.http [-] Request returned failure status 404. _handle_response /usr/lib/python2.7/site-packages/glanceclient/common/http.py:125
2019-06-14 23:42:12.282 725 DEBUG glanceclient.common.http [-] Request returned failure status 404. _handle_response /usr/lib/python2.7/site-packages/glanceclient/common/http.py:125
2019-06-14 23:42:12.323 725 DEBUG glanceclient.common.http [-] Request returned failure status 404. _handle_response /usr/lib/python2.7/site-packages/glanceclient/common/http.py:125
2019-06-14 23:42:12.377 725 DEBUG glanceclient.common.http [-] Request returned failure status 404. _handle_response /usr/lib/python2.7/site-packages/glanceclient/common/http.py:125
2019-06-14 23:42:12.433 725 DEBUG glanceclient.common.http [-] Request returned failure status 404. _handle_response /usr/lib/python2.7/site-packages/glanceclient/common/http.py:125
2019-06-14 23:42:12.474 725 DEBUG glanceclient.common.http [-] Request returned failure status 404. _handle_response /usr/lib/python2.7/site-packages/glanceclient/common/http.py:125
2019-06-14 23:42:12.496 725 DEBUG glanceclient.common.http [-] Request returned failure status 404. _handle_response /usr/lib/python2.7/site-packages/glanceclient/common/http.py:125
2019-06-14 23:42:12.532 725 DEBUG glanceclient.common.http [-] Request returned failure status 404. _handle_response /usr/lib/python2.7/site-packages/glanceclient/common/http.py:125
2019-06-14 23:42:13.534 725 INFO rally.task.context [-] Task 9956a3ae-4361-4cb8-a13a-e2dfd21af5a6 | Context cleanup@openstack cleanup() finished in 8.04 sec
2019-06-14 23:42:13.535 725 INFO rally.task.context [-] Task 9956a3ae-4361-4cb8-a13a-e2dfd21af5a6 | Context users@openstack cleanup() started
2019-06-14 23:42:22.035 725 INFO rally.task.context [-] Task 9956a3ae-4361-4cb8-a13a-e2dfd21af5a6 | Context users@openstack cleanup() finished in 8.50 sec
2019-06-14 23:42:23.427 725 INFO rally.task.engine [-] Load duration is: 16.801319
2019-06-14 23:42:23.427 725 INFO rally.task.engine [-] Full runner duration is: 17.708503
2019-06-14 23:42:23.428 725 INFO rally.task.engine [-] Full duration is: 38.785001
2019-06-14 23:42:23.683 725 INFO rally.task.engine [-] Running workload: position = 0 config = { "version": 2, "title": "A cropped version of a bigger task.", "description": "Auto-generated task from a single workload (uuid=c8471252-38d9-405f-9692-c2ffd2032fb1)", "subtasks": [ { "title": "GlanceImages.create_and_get_image", "description": "Create and get detailed information of an image.", "scenario": { "GlanceImages.create_and_get_image": { "container_format": "bare", "disk_format": "qcow2", "image_location": "/home/opnfv/functest/images/cirros-0.4.0-x86_64-disk.img" } }, "contexts": { "users": { "tenants": 3, "users_per_tenant": 2 } }, "runner": { "constant": { "concurrency": 4, "times": 10 } }, "hooks": [], "sla": { "failure_rate": { "max": 0 } } } ] }
2019-06-14 23:42:23.702 725 RALLYDEBUG rally_openstack.contexts.keystone.users [-] Creating 3 tenants using 20 threads
2019-06-14 23:42:25.493 725 RALLYDEBUG rally_openstack.contexts.keystone.users [-] Creating 6 users using 20 threads
2019-06-14 23:42:28.197 725 INFO rally.task.context [-] Task 9956a3ae-4361-4cb8-a13a-e2dfd21af5a6 | Context users@openstack setup() finished in 4.50 sec
2019-06-14 23:42:28.197 725 INFO rally.task.context [-] Task 9956a3ae-4361-4cb8-a13a-e2dfd21af5a6 | Context cleanup@openstack setup() finished in 0.00 msec
2019-06-14 23:42:28.204 725 RALLYDEBUG rally.task.runner [-] Starting the constant runner (task UUID: 9956a3ae-4361-4cb8-a13a-e2dfd21af5a6). timeout: 0 concurrency: 4 concurrency_per_worker: 1 times: 10 concurrency_overhead: 0 processes_to_start: 4 max_cpu_used: 16
2019-06-14 23:42:28.217 1633 RALLYDEBUG rally.task.runner [-] Starting a worker. concurrency: 1 args: {"container_format": "bare", "disk_format": "qcow2", "image_location": "/home/opnfv/functest/images/cirros-0.4.0-x86_64-disk.img"} times: 10 method_name: run timeout: 0 duration: None cls:
2019-06-14 23:42:28.219 1634 RALLYDEBUG rally.task.runner [-] Starting a worker. concurrency: 1 args: {"container_format": "bare", "disk_format": "qcow2", "image_location": "/home/opnfv/functest/images/cirros-0.4.0-x86_64-disk.img"} times: 10 method_name: run timeout: 0 duration: None cls:
2019-06-14 23:42:28.224 1633 INFO rally.task.runner [-] Task 9956a3ae-4361-4cb8-a13a-e2dfd21af5a6 | ITER: 1 START
2019-06-14 23:42:28.223 1635 RALLYDEBUG rally.task.runner [-] Starting a worker. concurrency: 1 args: {"container_format": "bare", "disk_format": "qcow2", "image_location": "/home/opnfv/functest/images/cirros-0.4.0-x86_64-disk.img"} times: 10 method_name: run timeout: 0 duration: None cls:
2019-06-14 23:42:28.225 1634 INFO rally.task.runner [-] Task 9956a3ae-4361-4cb8-a13a-e2dfd21af5a6 | ITER: 2 START
2019-06-14 23:42:28.226 1636 RALLYDEBUG rally.task.runner [-] Starting a worker. concurrency: 1 args: {"container_format": "bare", "disk_format": "qcow2", "image_location": "/home/opnfv/functest/images/cirros-0.4.0-x86_64-disk.img"} times: 10 method_name: run timeout: 0 duration: None cls:
2019-06-14 23:42:28.231 1635 INFO rally.task.runner [-] Task 9956a3ae-4361-4cb8-a13a-e2dfd21af5a6 | ITER: 3 START
2019-06-14 23:42:28.232 1636 INFO rally.task.runner [-] Task 9956a3ae-4361-4cb8-a13a-e2dfd21af5a6 | ITER: 4 START
2019-06-14 23:42:31.780 1635 RALLYDEBUG rally.task.utils [-] Waiting for resource u'ad99cc57-ffd4-4cfc-8471-73aa38c80670'. Status changed: NONE => QUEUED in 0.322143793106
2019-06-14 23:42:32.123 1634 RALLYDEBUG rally.task.utils [-] Waiting for resource u'a652a0dc-0138-48d6-9de9-4815a09faa1a'. Status changed: NONE => QUEUED in 0.631053924561
2019-06-14 23:42:32.157 1633 RALLYDEBUG rally.task.utils [-] Waiting for resource u'79ca14a7-e554-423c-9650-a9cd29fb5cd6'. Status changed: NONE => QUEUED in 0.676592111588
2019-06-14 23:42:32.346 1636 RALLYDEBUG rally.task.utils [-] Waiting for resource u'e5370c56-15ca-422a-a7df-5578fdf6c945'. Status changed: NONE => QUEUED in 0.566309928894
2019-06-14 23:42:32.767 1635 RALLYDEBUG rally.task.utils [-] Waiting for resource s_rally_c8471252_1fbJqHPC. Status changed: QUEUED => ACTIVE in 0.305382013321
2019-06-14 23:42:32.974 1635 INFO rally.task.runner [-] Task 9956a3ae-4361-4cb8-a13a-e2dfd21af5a6 | ITER: 3 END: OK
2019-06-14 23:42:32.978 1635 INFO rally.task.runner [-] Task 9956a3ae-4361-4cb8-a13a-e2dfd21af5a6 | ITER: 5 START
2019-06-14 23:42:33.783 1633 RALLYDEBUG rally.task.utils [-] Waiting for resource s_rally_c8471252_B6ksJm7R. Status changed: QUEUED => ACTIVE in 0.219804048538
2019-06-14 23:42:33.916 1634 RALLYDEBUG rally.task.utils [-] Waiting for resource s_rally_c8471252_JedNAKIR. Status changed: QUEUED => ACTIVE in 0.314314126968
2019-06-14 23:42:33.933 1634 INFO rally.task.runner [-] Task 9956a3ae-4361-4cb8-a13a-e2dfd21af5a6 | ITER: 2 END: OK
2019-06-14 23:42:33.938 1634 INFO rally.task.runner [-] Task 9956a3ae-4361-4cb8-a13a-e2dfd21af5a6 | ITER: 6 START
2019-06-14 23:42:34.209 1633 INFO rally.task.runner [-] Task 9956a3ae-4361-4cb8-a13a-e2dfd21af5a6 | ITER: 1 END: OK
2019-06-14 23:42:34.213 1633 INFO rally.task.runner [-] Task 9956a3ae-4361-4cb8-a13a-e2dfd21af5a6 | ITER: 7 START
2019-06-14 23:42:35.259 1636 RALLYDEBUG rally.task.utils [-] Waiting for resource s_rally_c8471252_F8yq80Pt. Status changed: QUEUED => ACTIVE in 0.299134969711
2019-06-14 23:42:35.276 1636 INFO rally.task.runner [-] Task 9956a3ae-4361-4cb8-a13a-e2dfd21af5a6 | ITER: 4 END: OK
2019-06-14 23:42:35.280 1636 INFO rally.task.runner [-] Task 9956a3ae-4361-4cb8-a13a-e2dfd21af5a6 | ITER: 8 START
2019-06-14 23:42:37.005 1635 RALLYDEBUG rally.task.utils [-] Waiting for resource u'24f10110-13b6-4e4f-b3a4-a3e044f16e2d'. Status changed: NONE => QUEUED in 0.581410169601
2019-06-14 23:42:37.737 1634 RALLYDEBUG rally.task.utils [-] Waiting for resource u'43fb1986-0260-4289-b216-762b72a9bfc7'. Status changed: NONE => QUEUED in 0.509368896484
2019-06-14 23:42:37.988 1633 RALLYDEBUG rally.task.utils [-] Waiting for resource u'b43a6d1f-845d-4679-87d9-992aa11f58ea'. Status changed: NONE => QUEUED in 0.506097078323
2019-06-14 23:42:38.781 1635 RALLYDEBUG rally.task.utils [-] Waiting for resource s_rally_c8471252_OMUFZxbi. Status changed: QUEUED => ACTIVE in 0.294440984726
2019-06-14 23:42:39.072 1635 INFO rally.task.runner [-] Task 9956a3ae-4361-4cb8-a13a-e2dfd21af5a6 | ITER: 5 END: OK
2019-06-14 23:42:39.076 1635 INFO rally.task.runner [-] Task 9956a3ae-4361-4cb8-a13a-e2dfd21af5a6 | ITER: 9 START
2019-06-14 23:42:39.083 1636 RALLYDEBUG rally.task.utils [-] Waiting for resource u'1ecf5414-16a0-4e2a-bf2a-16ee03091a0b'. Status changed: NONE => QUEUED in 0.225466012955
2019-06-14 23:42:39.699 1633 RALLYDEBUG rally.task.utils [-] Waiting for resource s_rally_c8471252_unwPY9C7. Status changed: QUEUED => ACTIVE in 0.0167708396912
2019-06-14 23:42:39.716 1634 RALLYDEBUG rally.task.utils [-] Waiting for resource s_rally_c8471252_jXOJQih7. Status changed: QUEUED => ACTIVE in 0.0206317901611
2019-06-14 23:42:39.733 1634 INFO rally.task.runner [-] Task 9956a3ae-4361-4cb8-a13a-e2dfd21af5a6 | ITER: 6 END: OK
2019-06-14 23:42:39.736 1634 INFO rally.task.runner [-] Task 9956a3ae-4361-4cb8-a13a-e2dfd21af5a6 | ITER: 10 START
2019-06-14 23:42:40.006 1633 INFO rally.task.runner [-] Task 9956a3ae-4361-4cb8-a13a-e2dfd21af5a6 | ITER: 7 END: OK
