2019-06-15 00:02:34.041 1842 INFO rally.task.context [-] Task 15797f41-d23d-4a4e-a08c-d88912f8c727 | Context users@openstack setup() finished in 4.58 sec
2019-06-15 00:02:34.472 1842 INFO rally.task.context [-] Task 15797f41-d23d-4a4e-a08c-d88912f8c727 | Context api_versions@openstack setup() finished in 0.43 sec
2019-06-15 00:02:36.139 1842 INFO rally.task.context [-] Task 15797f41-d23d-4a4e-a08c-d88912f8c727 | Context quotas@openstack setup() finished in 1.67 sec
2019-06-15 00:02:36.140 1842 INFO rally.task.context [-] Task 15797f41-d23d-4a4e-a08c-d88912f8c727 | Context cleanup@openstack setup() finished in 0.01 msec
2019-06-15 00:02:37.172 1842 RALLYDEBUG rally.task.runner [-] Starting the constant runner (task UUID: 15797f41-d23d-4a4e-a08c-d88912f8c727). timeout: 0 concurrency: 4 concurrency_per_worker: 1 times: 10 concurrency_overhead: 0 processes_to_start: 4 max_cpu_used: 16
2019-06-15 00:02:37.185 4354 RALLYDEBUG rally.task.runner [-] Starting a worker. concurrency: 1 args: {"image": "9fd78fb6-0d8c-422c-bdfa-b1534882a21c", "size": 1} times: 10 method_name: run timeout: 0 duration: None cls:
2019-06-15 00:02:37.188 4355 RALLYDEBUG rally.task.runner [-] Starting a worker. concurrency: 1 args: {"image": "9fd78fb6-0d8c-422c-bdfa-b1534882a21c", "size": 1} times: 10 method_name: run timeout: 0 duration: None cls:
2019-06-15 00:02:37.191 4356 RALLYDEBUG rally.task.runner [-] Starting a worker. concurrency: 1 args: {"image": "9fd78fb6-0d8c-422c-bdfa-b1534882a21c", "size": 1} times: 10 method_name: run timeout: 0 duration: None cls:
2019-06-15 00:02:37.194 4354 INFO rally.task.runner [-] Task 15797f41-d23d-4a4e-a08c-d88912f8c727 | ITER: 1 START
2019-06-15 00:02:37.195 4357 RALLYDEBUG rally.task.runner [-] Starting a worker. concurrency: 1 args: {"image": "9fd78fb6-0d8c-422c-bdfa-b1534882a21c", "size": 1} times: 10 method_name: run timeout: 0 duration: None cls:
2019-06-15 00:02:37.198 4355 INFO rally.task.runner [-] Task 15797f41-d23d-4a4e-a08c-d88912f8c727 | ITER: 2 START
2019-06-15 00:02:37.199 4356 INFO rally.task.runner [-] Task 15797f41-d23d-4a4e-a08c-d88912f8c727 | ITER: 3 START
2019-06-15 00:02:37.203 4357 INFO rally.task.runner [-] Task 15797f41-d23d-4a4e-a08c-d88912f8c727 | ITER: 4 START
2019-06-15 00:02:44.868 4355 RALLYDEBUG rally.task.utils [-] Waiting for resource s_rally_70d059e7_a0zaUbZf. Status changed: CREATING => DOWNLOADING in 2.95153784752
2019-06-15 00:02:49.489 4355 RALLYDEBUG rally.task.utils [-] Waiting for resource s_rally_70d059e7_a0zaUbZf. Status changed: DOWNLOADING => AVAILABLE in 4.62084102631
2019-06-15 00:02:49.497 4356 RALLYDEBUG rally.task.utils [-] Waiting for resource s_rally_70d059e7_WN00Ivgo. Status changed: CREATING => DOWNLOADING in 7.82577419281
2019-06-15 00:02:49.870 4354 RALLYDEBUG rally.task.utils [-] Waiting for resource s_rally_70d059e7_qAeVGNBm. Status changed: CREATING => DOWNLOADING in 7.70836901665
2019-06-15 00:02:49.971 4357 RALLYDEBUG rally.task.utils [-] Waiting for resource s_rally_70d059e7_jerfg7wm. Status changed: CREATING => DOWNLOADING in 7.52714300156
2019-06-15 00:02:50.093 4355 RALLYDEBUG rally.task.utils [-] Waiting for resource s_rally_70d059e7_a0zaUbZf. Status changed: AVAILABLE => DELETING in 0.244247913361
2019-06-15 00:02:56.975 4354 RALLYDEBUG rally.task.utils [-] Waiting for resource s_rally_70d059e7_qAeVGNBm. Status changed: DOWNLOADING => AVAILABLE in 7.10475707054
2019-06-15 00:02:56.981 4357 RALLYDEBUG rally.task.utils [-] Waiting for resource s_rally_70d059e7_jerfg7wm. Status changed: DOWNLOADING => AVAILABLE in 7.01043105125
2019-06-15 00:02:57.066 4355 INFO rally.task.runner [-] Task 15797f41-d23d-4a4e-a08c-d88912f8c727 | ITER: 2 END: OK
2019-06-15 00:02:57.071 4355 INFO rally.task.runner [-] Task 15797f41-d23d-4a4e-a08c-d88912f8c727 | ITER: 5 START
2019-06-15 00:02:57.681 4354 RALLYDEBUG rally.task.utils [-] Waiting for resource s_rally_70d059e7_qAeVGNBm. Status changed: AVAILABLE => DELETING in 0.32989192009
2019-06-15 00:02:57.687 4357 RALLYDEBUG rally.task.utils [-] Waiting for resource s_rally_70d059e7_jerfg7wm. Status changed: AVAILABLE => DELETING in 0.348289012909
2019-06-15 00:02:58.050 4356 RALLYDEBUG rally.task.utils [-] Waiting for resource s_rally_70d059e7_WN00Ivgo. Status changed: DOWNLOADING => AVAILABLE in 8.55312085152
2019-06-15 00:02:58.731 4356 INFO rally.task.runner [-] Task 15797f41-d23d-4a4e-a08c-d88912f8c727 | ITER: 3 END: OK
2019-06-15 00:02:58.737 4356 INFO rally.task.runner [-] Task 15797f41-d23d-4a4e-a08c-d88912f8c727 | ITER: 6 START
2019-06-15 00:02:59.917 4354 INFO rally.task.runner [-] Task 15797f41-d23d-4a4e-a08c-d88912f8c727 | ITER: 1 END: OK
2019-06-15 00:02:59.921 4354 INFO rally.task.runner [-] Task 15797f41-d23d-4a4e-a08c-d88912f8c727 | ITER: 7 START
2019-06-15 00:03:00.026 4357 INFO rally.task.runner [-] Task 15797f41-d23d-4a4e-a08c-d88912f8c727 | ITER: 4 END: OK
2019-06-15 00:03:00.031 4357 INFO rally.task.runner [-] Task 15797f41-d23d-4a4e-a08c-d88912f8c727 | ITER: 8 START
2019-06-15 00:03:05.614 4355 RALLYDEBUG rally.task.utils [-] Waiting for resource s_rally_70d059e7_FLpqTaOV. Status changed: CREATING => DOWNLOADING in 3.04204893112
2019-06-15 00:03:08.951 4356 RALLYDEBUG rally.task.utils [-] Waiting for resource s_rally_70d059e7_mFYs3sg5. Status changed: CREATING => DOWNLOADING in 5.37376308441
2019-06-15 00:03:10.345 4355 RALLYDEBUG rally.task.utils [-] Waiting for resource s_rally_70d059e7_FLpqTaOV. Status changed: DOWNLOADING => AVAILABLE in 4.73004889488
2019-06-15 00:03:10.487 4355 RALLYDEBUG rally.task.utils [-] Waiting for resource s_rally_70d059e7_FLpqTaOV. Status changed: AVAILABLE => DELETING in 0.0581200122833
2019-06-15 00:03:13.597 4357 RALLYDEBUG rally.task.utils [-] Waiting for resource s_rally_70d059e7_P2rZNI42. Status changed: CREATING => DOWNLOADING in 9.19183397293
2019-06-15 00:03:14.508 4354 RALLYDEBUG rally.task.utils [-] Waiting for resource s_rally_70d059e7_2E1TCIB7. Status changed: CREATING => DOWNLOADING in 9.86974096298
2019-06-15 00:03:15.064 4355 INFO rally.task.runner [-] Task 15797f41-d23d-4a4e-a08c-d88912f8c727 | ITER: 5 END: OK
2019-06-15 00:03:15.069 4355 INFO rally.task.runner [-] Task 15797f41-d23d-4a4e-a08c-d88912f8c727 | ITER: 9 START
2019-06-15 00:03:18.307 4357 RALLYDEBUG rally.task.utils [-] Waiting for resource s_rally_70d059e7_P2rZNI42. Status changed: DOWNLOADING => AVAILABLE in 4.71034312248
2019-06-15 00:03:18.330 4356 RALLYDEBUG rally.task.utils [-] Waiting for resource s_rally_70d059e7_mFYs3sg5. Status changed: DOWNLOADING => AVAILABLE in 9.37929391861
2019-06-15 00:03:18.973 4357 RALLYDEBUG rally.task.utils [-] Waiting for resource s_rally_70d059e7_P2rZNI42. Status changed: AVAILABLE => DELETING in 0.31671500206
2019-06-15 00:03:19.025 4356 RALLYDEBUG rally.task.utils [-] Waiting for resource s_rally_70d059e7_mFYs3sg5. Status changed: AVAILABLE => DELETING in 0.325299978256
2019-06-15 00:03:19.192 4354 RALLYDEBUG rally.task.utils [-] Waiting for resource s_rally_70d059e7_2E1TCIB7. Status changed: DOWNLOADING => AVAILABLE in 4.68402910233
2019-06-15 00:03:19.617 4354 RALLYDEBUG rally.task.utils [-] Waiting for resource s_rally_70d059e7_2E1TCIB7. Status changed: AVAILABLE => DELETING in 0.338692903519
2019-06-15 00:03:21.063 4356 INFO rally.task.runner [-] Task 15797f41-d23d-4a4e-a08c-d88912f8c727 | ITER: 6 END: OK
2019-06-15 00:03:21.069 4356 INFO rally.task.runner [-] Task 15797f41-d23d-4a4e-a08c-d88912f8c727 | ITER: 10 START
2019-06-15 00:03:21.288 4357 INFO rally.task.runner [-] Task 15797f41-d23d-4a4e-a08c-d88912f8c727 | ITER: 8 END: OK
2019-06-15 00:03:21.848 4354 INFO rally.task.runner [-] Task 15797f41-d23d-4a4e-a08c-d88912f8c727 | ITER: 7 END: OK
2019-06-15 00:03:23.109 4355 RALLYDEBUG rally.task.utils [-] Waiting for resource s_rally_70d059e7_pf70omzu. Status changed: CREATING => DOWNLOADING in 2.94232106209
2019-06-15 00:03:25.354 4355 RALLYDEBUG rally.task.utils [-] Waiting for resource s_rally_70d059e7_pf70omzu. Status changed: DOWNLOADING => AVAILABLE in 2.24576997757
2019-06-15 00:03:26.042 4355 INFO rally.task.runner [-] Task 15797f41-d23d-4a4e-a08c-d88912f8c727 | ITER: 9 END: OK
2019-06-15 00:03:29.326 4356 RALLYDEBUG rally.task.utils [-] Waiting for resource s_rally_70d059e7_E5HRg9M7. Status changed: CREATING => DOWNLOADING in 3.00989580154
2019-06-15 00:03:31.391 4356 RALLYDEBUG rally.task.utils [-] Waiting for resource s_rally_70d059e7_E5HRg9M7. Status changed: DOWNLOADING => AVAILABLE in 2.06527304649
2019-06-15 00:03:32.093 4356 INFO rally.task.runner [-] Task 15797f41-d23d-4a4e-a08c-d88912f8c727 | ITER: 10 END: OK
2019-06-15 00:03:32.122 1842 INFO rally.task.context [-] Task 15797f41-d23d-4a4e-a08c-d88912f8c727 | Context cleanup@openstack cleanup() started
2019-06-15 00:03:32.124 1842 RALLYDEBUG rally_openstack.cleanup.manager [-] Cleaning up cinder backups objects
2019-06-15 00:03:34.399 1842 RALLYDEBUG rally_openstack.cleanup.manager [-] Cleaning up cinder volume_snapshots objects
2019-06-15 00:03:36.618 1842 RALLYDEBUG rally_openstack.cleanup.manager [-] Cleaning up cinder transfers objects
2019-06-15 00:03:38.714 1842 RALLYDEBUG rally_openstack.cleanup.manager [-] Cleaning up cinder volumes objects
2019-06-15 00:03:41.023 1842 INFO rally.task.context [-] Task 15797f41-d23d-4a4e-a08c-d88912f8c727 | Context cleanup@openstack cleanup() finished in 8.90 sec
2019-06-15 00:03:41.023 1842 INFO rally.task.context [-] Task 15797f41-d23d-4a4e-a08c-d88912f8c727 | Context quotas@openstack cleanup() started
2019-06-15 00:03:41.893 1842 INFO rally.task.context [-] Task 15797f41-d23d-4a4e-a08c-d88912f8c727 | Context quotas@openstack cleanup() finished in 0.87 sec
2019-06-15 00:03:41.893 1842 INFO rally.task.context [-] Task 15797f41-d23d-4a4e-a08c-d88912f8c727 | Context api_versions@openstack cleanup() started
2019-06-15 00:03:41.893 1842 INFO rally.task.context [-] Task 15797f41-d23d-4a4e-a08c-d88912f8c727 | Context api_versions@openstack cleanup() finished in 0.33 msec
2019-06-15 00:03:41.894 1842 INFO rally.task.context [-] Task 15797f41-d23d-4a4e-a08c-d88912f8c727 | Context users@openstack cleanup() started
2019-06-15 00:03:50.245 1842 INFO rally.task.context [-] Task 15797f41-d23d-4a4e-a08c-d88912f8c727 | Context users@openstack cleanup() finished in 8.35 sec
2019-06-15 00:03:51.738 1842 INFO rally.task.engine [-] Load duration is: 54.894753
2019-06-15 00:03:51.739 1842 INFO rally.task.engine [-] Full runner duration is: 54.950735
2019-06-15 00:03:51.739 1842 INFO rally.task.engine [-] Full duration is: 80.790739
2019-06-15 00:03:51.914 1842 INFO rally.task.engine [-] Running workload: position = 2 config = { "version": 2, "title": "A cropped version of a bigger task.", "description": "Auto-generated task from a single workload (uuid=96491d74-5c52-4b5d-ac30-180be108f438)", "subtasks": [ { "title": "CinderVolumes.create_and_delete_volume", "description": "Create and then delete a volume.", "scenario": { "CinderVolumes.create_and_delete_volume": { "size": 1 } }, "contexts": { "users": { "tenants": 3, "users_per_tenant": 2 }, "quotas": { "cinder": { "gigabytes": -1, "snapshots": -1, "volumes": -1 } }, "api_versions": { "cinder": { "version": 3, "service_type": "volumev3" } } }, "runner": { "constant": { "concurrency": 4, "times": 10 } }, "hooks": [], "sla": { "failure_rate": { "max": 0 } } } ] }
2019-06-15 00:03:51.933 1842 RALLYDEBUG rally_openstack.contexts.keystone.users [-] Creating 3 tenants using 20 threads
2019-06-15 00:03:54.033 1842 RALLYDEBUG rally_openstack.contexts.keystone.users [-] Creating 6 users using 20 threads
2019-06-15 00:03:56.781 1842 INFO rally.task.context [-] Task 15797f41-d23d-4a4e-a08c-d88912f8c727 | Context users@openstack setup() finished in 4.85 sec
2019-06-15 00:03:57.217 1842 INFO rally.task.context [-] Task 15797f41-d23d-4a4e-a08c-d88912f8c727 | Context api_versions@openstack setup() finished in 0.44 sec
2019-06-15 00:03:59.013 1842 INFO rally.task.context [-] Task 15797f41-d23d-4a4e-a08c-d88912f8c727 | Context quotas@openstack setup() finished in 1.80 sec
2019-06-15 00:03:59.014 1842 INFO rally.task.context [-] Task 15797f41-d23d-4a4e-a08c-d88912f8c727 | Context cleanup@openstack setup() finished in 0.00 msec
2019-06-15 00:03:59.021 1842 RALLYDEBUG rally.task.runner [-] Starting the constant runner (task UUID: 15797f41-d23d-4a4e-a08c-d88912f8c727). timeout: 0 concurrency: 4 concurrency_per_worker: 1 times: 10 concurrency_overhead: 0 processes_to_start: 4 max_cpu_used: 16
2019-06-15 00:03:59.034 4538 RALLYDEBUG rally.task.runner [-] Starting a worker. concurrency: 1 args: {"size": 1} times: 10 method_name: run timeout: 0 duration: None cls:
2019-06-15 00:03:59.037 4539 RALLYDEBUG rally.task.runner [-] Starting a worker. concurrency: 1 args: {"size": 1} times: 10 method_name: run timeout: 0 duration: None cls:
2019-06-15 00:03:59.039 4541 RALLYDEBUG rally.task.runner [-] Starting a worker. concurrency: 1 args: {"size": 1} times: 10 method_name: run timeout: 0 duration: None cls:
2019-06-15 00:03:59.039 4540 RALLYDEBUG rally.task.runner [-] Starting a worker. concurrency: 1 args: {"size": 1} times: 10 method_name: run timeout: 0 duration: None cls:
2019-06-15 00:03:59.043 4541 INFO rally.task.runner [-] Task 15797f41-d23d-4a4e-a08c-d88912f8c727 | ITER: 3 START
2019-06-15 00:03:59.042 4538 INFO rally.task.runner [-] Task 15797f41-d23d-4a4e-a08c-d88912f8c727 | ITER: 1 START
2019-06-15 00:03:59.045 4539 INFO rally.task.runner [-] Task 15797f41-d23d-4a4e-a08c-d88912f8c727 | ITER: 2 START
2019-06-15 00:03:59.045 4540 INFO rally.task.runner [-] Task 15797f41-d23d-4a4e-a08c-d88912f8c727 | ITER: 4 START
2019-06-15 00:04:03.003 4541 RALLYDEBUG rally.task.utils [-] Waiting for resource s_rally_96491d74_FpKAg5OF. Status changed: AVAILABLE => DELETING in 0.052216053009
2019-06-15 00:04:03.445 4538 RALLYDEBUG rally.task.utils [-] Waiting for resource s_rally_96491d74_WsMUYxNC. Status changed: AVAILABLE => DELETING in 0.255064964294
2019-06-15 00:04:03.609 4539 RALLYDEBUG rally.task.utils [-] Waiting for resource s_rally_96491d74_2pHUjfFh. Status changed: AVAILABLE => DELETING in 0.340965986252
2019-06-15 00:04:03.635 4540 RALLYDEBUG rally.task.utils [-] Waiting for resource s_rally_96491d74_VHqYKkpo. Status changed: AVAILABLE => DELETING in 0.354714155197
2019-06-15 00:04:05.040 4541 INFO rally.task.runner [-] Task 15797f41-d23d-4a4e-a08c-d88912f8c727 | ITER: 3 END: OK
2019-06-15 00:04:05.046 4541 INFO rally.task.runner [-] Task 15797f41-d23d-4a4e-a08c-d88912f8c727 | ITER: 5 START
2019-06-15 00:04:05.686 4540 INFO rally.task.runner [-] Task 15797f41-d23d-4a4e-a08c-d88912f8c727 | ITER: 4 END: OK
2019-06-15 00:04:05.691 4540 INFO rally.task.runner [-] Task 15797f41-d23d-4a4e-a08c-d88912f8c727 | ITER: 6 START
2019-06-15 00:04:05.694 4538 INFO rally.task.runner [-] Task 15797f41-d23d-4a4e-a08c-d88912f8c727 | ITER: 1 END: OK
2019-06-15 00:04:05.700 4538 INFO rally.task.runner [-] Task 15797f41-d23d-4a4e-a08c-d88912f8c727 | ITER: 7 START
2019-06-15 00:04:05.902 4539 INFO rally.task.runner [-] Task 15797f41-d23d-4a4e-a08c-d88912f8c727 | ITER: 2 END: OK
2019-06-15 00:04:05.908 4539 INFO rally.task.runner [-] Task 15797f41-d23d-4a4e-a08c-d88912f8c727 | ITER: 8 START
2019-06-15 00:04:08.993 4541 INFO rally.task.runner [-] Task 15797f41-d23d-4a4e-a08c-d88912f8c727 | ITER: 5 END: OK
2019-06-15 00:04:08.997 4541 INFO rally.task.runner [-] Task 15797f41-d23d-4a4e-a08c-d88912f8c727 | ITER: 9 START
2019-06-15 00:04:09.945 4540 INFO rally.task.runner [-] Task 15797f41-d23d-4a4e-a08c-d88912f8c727 | ITER: 6 END: OK
2019-06-15 00:04:09.951 4540 INFO rally.task.runner [-] Task 15797f41-d23d-4a4e-a08c-d88912f8c727 | ITER: 10 START
2019-06-15 00:04:10.026 4538 INFO rally.task.runner [-] Task 15797f41-d23d-4a4e-a08c-d88912f8c727 | ITER: 7 END: OK
2019-06-15 00:04:10.412 4539 RALLYDEBUG rally.task.utils [-] Waiting for resource s_rally_96491d74_MHYZye4Y. Status changed: AVAILABLE => DELETING in 0.348955154419
2019-06-15 00:04:12.450 4539 INFO rally.task.runner [-] Task 15797f41-d23d-4a4e-a08c-d88912f8c727 | ITER: 8 END: OK
2019-06-15 00:04:13.122 4541 INFO rally.task.runner [-] Task 15797f41-d23d-4a4e-a08c-d88912f8c727 | ITER: 9 END: OK
2019-06-15 00:04:14.479 4540 RALLYDEBUG rally.task.utils [-] Waiting for resource s_rally_96491d74_nmysT5vr. Status changed: AVAILABLE => DELETING in 0.390908002853
2019-06-15 00:04:16.827 4540 INFO rally.task.runner [-] Task 15797f41-d23d-4a4e-a08c-d88912f8c727 | ITER: 10 END: OK
2019-06-15 00:04:16.852 1842 INFO rally.task.context [-] Task 15797f41-d23d-4a4e-a08c-d88912f8c727 | Context cleanup@openstack cleanup() started
2019-06-15 00:04:16.855 1842 RALLYDEBUG rally_openstack.cleanup.manager [-] Cleaning up cinder backups objects
2019-06-15 00:04:18.883 1842 RALLYDEBUG rally_openstack.cleanup.manager [-] Cleaning up cinder volume_snapshots objects
2019-06-15 00:04:21.301 1842 RALLYDEBUG rally_openstack.cleanup.manager [-] Cleaning up cinder transfers objects
2019-06-15 00:04:23.407 1842 RALLYDEBUG rally_openstack.cleanup.manager [-] Cleaning up cinder volumes objects
2019-06-15 00:04:25.789 1842 INFO rally.task.context [-] Task 15797f41-d23d-4a4e-a08c-d88912f8c727 | Context cleanup@openstack cleanup() finished in 8.94 sec
2019-06-15 00:04:25.790 1842 INFO rally.task.context [-] Task 15797f41-d23d-4a4e-a08c-d88912f8c727 | Context quotas@openstack cleanup() started
2019-06-15 00:04:26.761 1842 INFO rally.task.context [-] Task 15797f41-d23d-4a4e-a08c-d88912f8c727 | Context quotas@openstack cleanup() finished in 0.97 sec
2019-06-15 00:04:26.762 1842 INFO rally.task.context [-] Task 15797f41-d23d-4a4e-a08c-d88912f8c727 | Context api_versions@openstack cleanup() started
2019-06-15 00:04:26.762 1842 INFO rally.task.context [-] Task 15797f41-d23d-4a4e-a08c-d88912f8c727 | Context api_versions@openstack cleanup() finished in 0.34 msec
2019-06-15 00:04:26.762 1842 INFO rally.task.context [-] Task 15797f41-d23d-4a4e-a08c-d88912f8c727 | Context users@openstack cleanup() started
2019-06-15 00:04:35.169 1842 INFO rally.task.context [-] Task 15797f41-d23d-4a4e-a08c-d88912f8c727 | Context users@openstack cleanup() finished in 8.41 sec
2019-06-15 00:04:36.084 1842 INFO rally.task.engine [-] Load duration is: 17.782217
2019-06-15 00:04:36.084 1842 INFO rally.task.engine [-] Full runner duration is: 17.831545
2019-06-15 00:04:36.084 1842 INFO rally.task.engine [-] Full duration is: 43.243515
2019-06-15 00:04:36.346 1842 INFO rally.task.engine [-] Running workload: position = 0 config = { "version": 2, "title": "A cropped version of a bigger task.", "description": "Auto-generated task from a single workload (uuid=c1cffd49-010a-48df-8645-089ae6ae3540)", "subtasks": [ { "title": "CinderVolumes.create_and_extend_volume", "description": "Create and extend a volume and then delete it.", "scenario": { "CinderVolumes.create_and_extend_volume": { "new_size": 2, "size": 1 } }, "contexts": { "users": { "tenants": 3, "users_per_tenant": 2 }, "quotas": { "cinder": { "gigabytes": -1, "snapshots": -1, "volumes": -1 } }, "api_versions": { "cinder": { "version": 3, "service_type": "volumev3" } } }, "runner": { "constant": { "concurrency": 4, "times": 10 } }, "hooks": [], "sla": { "failure_rate": { "max": 0 } } } ] }
2019-06-15 00:04:36.360 1842 RALLYDEBUG rally_openstack.contexts.keystone.users [-] Creating 3 tenants using 20 threads
2019-06-15 00:04:38.249 1842 RALLYDEBUG rally_openstack.contexts.keystone.users [-] Creating 6 users using 20 threads
2019-06-15 00:04:41.164 1842 INFO rally.task.context [-] Task 15797f41-d23d-4a4e-a08c-d88912f8c727 | Context users@openstack setup() finished in 4.80 sec
2019-06-15 00:04:41.590 1842 INFO rally.task.context [-] Task 15797f41-d23d-4a4e-a08c-d88912f8c727 | Context api_versions@openstack setup() finished in 0.43 sec
2019-06-15 00:04:43.274 1842 INFO rally.task.context [-] Task 15797f41-d23d-4a4e-a08c-d88912f8c727 | Context quotas@openstack setup() finished in 1.68 sec
2019-06-15 00:04:43.275 1842 INFO rally.task.context [-] Task 15797f41-d23d-4a4e-a08c-d88912f8c727 | Context cleanup@openstack setup() finished in 0.00 msec
2019-06-15 00:04:43.283 1842 RALLYDEBUG rally.task.runner [-] Starting the constant runner (task UUID: 15797f41-d23d-4a4e-a08c-d88912f8c727). timeout: 0 concurrency: 4 concurrency_per_worker: 1 times: 10 concurrency_overhead: 0 processes_to_start: 4 max_cpu_used: 16
2019-06-15 00:04:43.296 4722 RALLYDEBUG rally.task.runner [-] Starting a worker. concurrency: 1 args: {"new_size": 2, "size": 1} times: 10 method_name: run timeout: 0 duration: None cls:
2019-06-15 00:04:43.300 4723 RALLYDEBUG rally.task.runner [-] Starting a worker. concurrency: 1 args: {"new_size": 2, "size": 1} times: 10 method_name: run timeout: 0 duration: None cls:
2019-06-15 00:04:43.302 4724 RALLYDEBUG rally.task.runner [-] Starting a worker. concurrency: 1 args: {"new_size": 2, "size": 1} times: 10 method_name: run timeout: 0 duration: None cls:
2019-06-15 00:04:43.303 4722 INFO rally.task.runner [-] Task 15797f41-d23d-4a4e-a08c-d88912f8c727 | ITER: 1 START
2019-06-15 00:04:43.305 4725 RALLYDEBUG rally.task.runner [-] Starting a worker. concurrency: 1 args: {"new_size": 2, "size": 1} times: 10 method_name: run timeout: 0 duration: None cls:
2019-06-15 00:04:43.309 4723 INFO rally.task.runner [-] Task 15797f41-d23d-4a4e-a08c-d88912f8c727 | ITER: 2 START
2019-06-15 00:04:43.309 4724 INFO rally.task.runner [-] Task 15797f41-d23d-4a4e-a08c-d88912f8c727 | ITER: 3 START
2019-06-15 00:04:43.313 4725 INFO rally.task.runner [-] Task 15797f41-d23d-4a4e-a08c-d88912f8c727 | ITER: 4 START
2019-06-15 00:04:48.282 4724 RALLYDEBUG rally.task.utils [-] Waiting for resource s_rally_c1cffd49_quSPgb4m. Status changed: AVAILABLE => DELETING in 0.258708953857
2019-06-15 00:04:48.427 4723 RALLYDEBUG rally.task.utils [-] Waiting for resource s_rally_c1cffd49_BGZtHaGL. Status changed: AVAILABLE => DELETING in 0.338221073151
2019-06-15 00:04:48.505 4722 RALLYDEBUG rally.task.utils [-] Waiting for resource s_rally_c1cffd49_PU6Y3Zkr. Status changed: AVAILABLE => DELETING in 0.344694137573
2019-06-15 00:04:48.596 4725 RALLYDEBUG rally.task.utils [-] Waiting for resource s_rally_c1cffd49_ewkXV7Jv. Status changed: AVAILABLE => DELETING in 0.326663970947
2019-06-15 00:04:50.475 4723 INFO rally.task.runner [-] Task 15797f41-d23d-4a4e-a08c-d88912f8c727 | ITER: 2 END: OK
2019-06-15 00:04:50.480 4723 INFO rally.task.runner [-] Task 15797f41-d23d-4a4e-a08c-d88912f8c727 | ITER: 5 START
2019-06-15 00:04:50.604 4724 INFO rally.task.runner [-] Task 15797f41-d23d-4a4e-a08c-d88912f8c727 | ITER: 3 END: OK
2019-06-15 00:04:50.609 4724 INFO rally.task.runner [-] Task 15797f41-d23d-4a4e-a08c-d88912f8c727 | ITER: 6 START
2019-06-15 00:04:50.758 4722 INFO rally.task.runner [-] Task 15797f41-d23d-4a4e-a08c-d88912f8c727 | ITER: 1 END: OK
2019-06-15 00:04:50.763 4722 INFO rally.task.runner [-] Task 15797f41-d23d-4a4e-a08c-d88912f8c727 | ITER: 7 START
2019-06-15 00:04:50.913 4725 INFO rally.task.runner [-] Task 15797f41-d23d-4a4e-a08c-d88912f8c727 | ITER: 4 END: OK
2019-06-15 00:04:50.918 4725 INFO rally.task.runner [-] Task 15797f41-d23d-4a4e-a08c-d88912f8c727 | ITER: 8 START
2019-06-15 00:04:55.448 4723 RALLYDEBUG rally.task.utils [-] Waiting for resource s_rally_c1cffd49_vlCIdf0y. Status changed: AVAILABLE => DELETING in 0.0551280975342
2019-06-15 00:04:55.709 4725 RALLYDEBUG rally.task.utils [-] Waiting for resource s_rally_c1cffd49_H99gzXgI. Status changed: AVAILABLE => DELETING in 0.340141057968
2019-06-15 00:04:55.795 4724 RALLYDEBUG rally.task.utils [-] Waiting for resource s_rally_c1cffd49_RFWJzoSQ. Status changed: AVAILABLE => DELETING in 0.252264022827
2019-06-15 00:04:55.811 4722 RALLYDEBUG rally.task.utils [-] Waiting for resource s_rally_c1cffd49_pBA0Kqmz. Status changed: AVAILABLE => DELETING in 0.255769014359
2019-06-15 00:04:57.489 4723 INFO rally.task.runner [-] Task 15797f41-d23d-4a4e-a08c-d88912f8c727 | ITER: 5 END: OK
2019-06-15 00:04:57.494 4723 INFO rally.task.runner [-] Task 15797f41-d23d-4a4e-a08c-d88912f8c727 | ITER: 9 START
2019-06-15 00:04:58.009 4725 INFO rally.task.runner [-] Task 15797f41-d23d-4a4e-a08c-d88912f8c727 | ITER: 8 END: OK
2019-06-15 00:04:58.015 4725 INFO rally.task.runner [-] Task 15797f41-d23d-4a4e-a08c-d88912f8c727 | ITER: 10 START
2019-06-15 00:04:58.110 4722 INFO rally.task.runner [-] Task 15797f41-d23d-4a4e-a08c-d88912f8c727 | ITER: 7 END: OK
2019-06-15 00:04:58.114 4724 INFO rally.task.runner [-] Task 15797f41-d23d-4a4e-a08c-d88912f8c727 | ITER: 6 END: OK
2019-06-15 00:05:02.152 4723 INFO rally.task.runner [-] Task 15797f41-d23d-4a4e-a08c-d88912f8c727 | ITER: 9 END: OK
2019-06-15 00:05:02.731 4725 RALLYDEBUG rally.task.utils [-] Waiting for resource s_rally_c1cffd49_S9KtWtLA. Status changed: AVAILABLE => DELETING in 0.0624167919159
2019-06-15 00:05:04.971 4725 INFO rally.task.runner [-] Task 15797f41-d23d-4a4e-a08c-d88912f8c727 | ITER: 10 END: OK
2019-06-15 00:05:04.995 1842 INFO rally.task.context [-] Task 15797f41-d23d-4a4e-a08c-d88912f8c727 | Context cleanup@openstack cleanup() started
2019-06-15 00:05:04.998 1842 RALLYDEBUG rally_openstack.cleanup.manager [-] Cleaning up cinder backups objects
2019-06-15 00:05:07.259 1842 RALLYDEBUG rally_openstack.cleanup.manager [-] Cleaning up cinder volume_snapshots objects
2019-06-15 00:05:09.304 1842 RALLYDEBUG rally_openstack.cleanup.manager [-] Cleaning up cinder transfers objects
2019-06-15 00:05:11.410 1842 RALLYDEBUG rally_openstack.cleanup.manager [-] Cleaning up cinder volumes objects
2019-06-15 00:05:13.681 1842 INFO rally.task.context [-] Task 15797f41-d23d-4a4e-a08c-d88912f8c727 | Context cleanup@openstack cleanup() finished in 8.69 sec
2019-06-15 00:05:13.681 1842 INFO rally.task.context [-] Task 15797f41-d23d-4a4e-a08c-d88912f8c727 | Context quotas@openstack cleanup() started
2019-06-15 00:05:14.684 1842 INFO rally.task.context [-] Task 15797f41-d23d-4a4e-a08c-d88912f8c727 | Context quotas@openstack cleanup() finished in 1.00 sec
2019-06-15 00:05:14.684 1842 INFO rally.task.context [-] Task 15797f41-d23d-4a4e-a08c-d88912f8c727 | Context api_versions@openstack cleanup() started
2019-06-15 00:05:14.685 1842 INFO rally.task.context [-] Task 15797f41-d23d-4a4e-a08c-d88912f8c727 | Context api_versions@openstack cleanup() finished in 0.32 msec
2019-06-15 00:05:14.685 1842 INFO rally.task.context [-] Task 15797f41-d23d-4a4e-a08c-d88912f8c727 | Context users@openstack cleanup() started
2019-06-15 00:05:23.390 1842 INFO rally.task.context [-] Task 15797f41-d23d-4a4e-a08c-d88912f8c727 | Context users@openstack cleanup() finished in 8.70 sec
2019-06-15 00:05:24.573 1842 INFO rally.task.engine [-] Load duration is: 21.664226
2019-06-15 00:05:24.574 1842 INFO rally.task.engine [-] Full runner duration is: 21.712671
2019-06-15 00:05:24.574 1842 INFO rally.task.engine [-] Full duration is: 47.033271
2019-06-15 00:05:24.870 1842 INFO rally.task.engine [-] Running workload: position = 0 config = { "version": 2, "title": "A cropped version of a bigger task.", "description": "Auto-generated task from a single workload (uuid=03681c70-7ea3-47c6-b270-eb49abcc9b10)", "subtasks": [ { "title": "CinderVolumes.create_from_volume_and_delete_volume", "description": "Create volume from volume and then delete it.", "scenario": { "CinderVolumes.create_from_volume_and_delete_volume": { "size": 1 } }, "contexts": { "users": { "tenants": 3, "users_per_tenant": 2 }, "quotas": { "cinder": { "gigabytes": -1, "snapshots": -1, "volumes": -1 } }, "api_versions": { "cinder": { "version": 3, "service_type": "volumev3" } }, "volumes": { "size": 1, "volumes_per_tenant": 1 } }, "runner": { "constant": { "concurrency": 4, "times": 10 } }, "hooks": [], "sla": { "failure_rate": { "max": 0 } } } ] }
2019-06-15 00:05:24.895 1842 RALLYDEBUG rally_openstack.contexts.keystone.users [-] Creating 3 tenants using 20 threads
2019-06-15 00:05:26.901 1842 RALLYDEBUG rally_openstack.contexts.keystone.users [-] Creating 6 users using 20 threads
2019-06-15 00:05:29.680 1842 INFO rally.task.context [-] Task 15797f41-d23d-4a4e-a08c-d88912f8c727 | Context users@openstack setup() finished in 4.78 sec
2019-06-15 00:05:30.115 1842 INFO rally.task.context [-] Task 15797f41-d23d-4a4e-a08c-d88912f8c727 | Context api_versions@openstack setup() finished in 0.43 sec
2019-06-15 00:05:31.785 1842 INFO rally.task.context [-] Task 15797f41-d23d-4a4e-a08c-d88912f8c727 | Context quotas@openstack setup() finished in 1.67 sec
2019-06-15 00:05:42.780 1842 INFO rally.task.context [-] Task 15797f41-d23d-4a4e-a08c-d88912f8c727 | Context volumes@openstack setup() finished in 10.99 sec
2019-06-15 00:05:42.781 1842 INFO rally.task.context [-] Task 15797f41-d23d-4a4e-a08c-d88912f8c727 | Context cleanup@openstack setup() finished in 0.00 msec
2019-06-15 00:05:42.789 1842 RALLYDEBUG rally.task.runner [-] Starting the constant runner (task UUID: 15797f41-d23d-4a4e-a08c-d88912f8c727). timeout: 0 concurrency: 4 concurrency_per_worker: 1 times: 10 concurrency_overhead: 0 processes_to_start: 4 max_cpu_used: 16
2019-06-15 00:05:42.803 4906 RALLYDEBUG rally.task.runner [-] Starting a worker. concurrency: 1 args: {"size": 1} times: 10 method_name: run timeout: 0 duration: None cls:
2019-06-15 00:05:42.806 4907 RALLYDEBUG rally.task.runner [-] Starting a worker. concurrency: 1 args: {"size": 1} times: 10 method_name: run timeout: 0 duration: None cls:
2019-06-15 00:05:42.810 4908 RALLYDEBUG rally.task.runner [-] Starting a worker. concurrency: 1 args: {"size": 1} times: 10 method_name: run timeout: 0 duration: None cls:
2019-06-15 00:05:42.812 4906 INFO rally.task.runner [-] Task 15797f41-d23d-4a4e-a08c-d88912f8c727 | ITER: 1 START
2019-06-15 00:05:42.813 4907 INFO rally.task.runner [-] Task 15797f41-d23d-4a4e-a08c-d88912f8c727 | ITER: 2 START
2019-06-15 00:05:42.814 4909 RALLYDEBUG rally.task.runner [-] Starting a worker. concurrency: 1 args: {"size": 1} times: 10 method_name: run timeout: 0 duration: None cls:
2019-06-15 00:05:42.818 4908 INFO rally.task.runner [-] Task 15797f41-d23d-4a4e-a08c-d88912f8c727 | ITER: 3 START
2019-06-15 00:05:42.825 4909 INFO rally.task.runner [-] Task 15797f41-d23d-4a4e-a08c-d88912f8c727 | ITER: 4 START
2019-06-15 00:05:46.438 4909 RALLYDEBUG rally.task.utils [-] Waiting for resource s_rally_03681c70_6qeFcDl9. Status changed: CREATING => AVAILABLE in 0.557007074356
2019-06-15 00:05:47.196 4909 RALLYDEBUG rally.task.utils [-] Waiting for resource s_rally_03681c70_6qeFcDl9. Status changed: AVAILABLE => DELETING in 0.389492034912
2019-06-15 00:05:48.832 4908 RALLYDEBUG rally.task.utils [-] Waiting for resource s_rally_03681c70_rrSXsMto. Status changed: CREATING => AVAILABLE in 2.91081690788
2019-06-15 00:05:48.870 4907 RALLYDEBUG rally.task.utils [-] Waiting for resource s_rally_03681c70_iCd05EPi. Status changed: CREATING => AVAILABLE in 3.00579714775
2019-06-15 00:05:49.427 4908 RALLYDEBUG rally.task.utils [-] Waiting for resource s_rally_03681c70_rrSXsMto. Status changed: AVAILABLE => DELETING in 0.512089967728
2019-06-15 00:05:49.513 4909 INFO rally.task.runner [-] Task 15797f41-d23d-4a4e-a08c-d88912f8c727 | ITER: 4 END: OK
2019-06-15 00:05:49.518 4909 INFO rally.task.runner [-] Task 15797f41-d23d-4a4e-a08c-d88912f8c727 | ITER: 5 START
2019-06-15 00:05:49.661 4907 RALLYDEBUG rally.task.utils [-] Waiting for resource s_rally_03681c70_iCd05EPi. Status changed: AVAILABLE => DELETING in 0.333249807358
2019-06-15 00:05:50.768 4906 RALLYDEBUG rally.task.utils [-] Waiting for resource s_rally_03681c70_OIXHEKdc. Status changed: CREATING => AVAILABLE in 4.89861392975
2019-06-15 00:05:51.488 4906 RALLYDEBUG rally.task.utils [-] Waiting for resource s_rally_03681c70_OIXHEKdc. Status changed: AVAILABLE => DELETING in 0.344978809357
2019-06-15 00:05:54.042 4907 INFO rally.task.runner [-] Task 15797f41-d23d-4a4e-a08c-d88912f8c727 | ITER: 2 END: OK
2019-06-15 00:05:54.048 4907 INFO rally.task.runner [-] Task 15797f41-d23d-4a4e-a08c-d88912f8c727 | ITER: 6 START
2019-06-15 00:05:54.084 4908 INFO rally.task.runner [-] Task 15797f41-d23d-4a4e-a08c-d88912f8c727 | ITER: 3 END: OK
2019-06-15 00:05:54.089 4908 INFO rally.task.runner [-] Task 15797f41-d23d-4a4e-a08c-d88912f8c727 | ITER: 7 START
2019-06-15 00:05:55.621 4909 RALLYDEBUG rally.task.utils [-] Waiting for resource s_rally_03681c70_RxWBQL7l. Status changed: CREATING => AVAILABLE in 3.10628509521
2019-06-15 00:05:55.866 4906 INFO rally.task.runner [-] Task 15797f41-d23d-4a4e-a08c-d88912f8c727 | ITER: 1 END: OK
2019-06-15 00:05:55.872 4906 INFO rally.task.runner [-] Task 15797f41-d23d-4a4e-a08c-d88912f8c727 | ITER: 8 START
2019-06-15 00:05:56.325 4909 RALLYDEBUG rally.task.utils [-] Waiting for resource s_rally_03681c70_RxWBQL7l. Status changed: AVAILABLE => DELETING in 0.248564958572
2019-06-15 00:05:58.363 4909 INFO rally.task.runner [-] Task 15797f41-d23d-4a4e-a08c-d88912f8c727 | ITER: 5 END: OK
2019-06-15 00:05:58.367 4909 INFO rally.task.runner [-] Task 15797f41-d23d-4a4e-a08c-d88912f8c727 | ITER: 9 START
2019-06-15 00:05:58.477 4908 RALLYDEBUG rally.task.utils [-] Waiting for resource s_rally_03681c70_BgJo2c2m. Status changed: AVAILABLE => DELETING in 0.400772809982
2019-06-15 00:06:00.099 4907 RALLYDEBUG rally.task.utils [-] Waiting for resource s_rally_03681c70_xahj7mT6. Status changed: CREATING => AVAILABLE in 2.86623907089
2019-06-15 00:06:00.458 4907 RALLYDEBUG rally.task.utils [-] Waiting for resource s_rally_03681c70_xahj7mT6. Status changed: AVAILABLE => DELETING in 0.0581707954407
2019-06-15 00:06:01.959 4906 RALLYDEBUG rally.task.utils [-] Waiting for resource s_rally_03681c70_hdUOkPtG. Status changed: CREATING => AVAILABLE in 3.00219416618
2019-06-15 00:06:02.575 4906 RALLYDEBUG rally.task.utils [-] Waiting for resource s_rally_03681c70_hdUOkPtG. Status changed: AVAILABLE => DELETING in 0.247658967972
2019-06-15 00:06:03.044 4909 RALLYDEBUG rally.task.utils [-] Waiting for resource s_rally_03681c70_Ns6mYOjb. Status changed: AVAILABLE => DELETING in 0.446593999863
2019-06-15 00:06:03.059 4908 INFO rally.task.runner [-] Task 15797f41-d23d-4a4e-a08c-d88912f8c727 | ITER: 7 END: OK
2019-06-15 00:06:03.066 4908 INFO rally.task.runner [-] Task 15797f41-d23d-4a4e-a08c-d88912f8c727 | ITER: 10 START
2019-06-15 00:06:05.200 4907 INFO rally.task.runner [-] Task 15797f41-d23d-4a4e-a08c-d88912f8c727 | ITER: 6 END: OK
2019-06-15 00:06:07.419 4906 INFO rally.task.runner [-] Task 15797f41-d23d-4a4e-a08c-d88912f8c727 | ITER: 8 END: OK
2019-06-15 00:06:07.449 4908 RALLYDEBUG rally.task.utils [-] Waiting for resource s_rally_03681c70_QgThpkWl. Status changed: AVAILABLE => DELETING in 0.372515916824
2019-06-15 00:06:07.717 4909 INFO rally.task.runner [-] Task 15797f41-d23d-4a4e-a08c-d88912f8c727 | ITER: 9 END: OK
2019-06-15 00:06:09.767 4908 INFO rally.task.runner [-] Task 15797f41-d23d-4a4e-a08c-d88912f8c727 | ITER: 10 END: OK
2019-06-15 00:06:09.796 1842 INFO rally.task.context [-] Task 15797f41-d23d-4a4e-a08c-d88912f8c727 | Context cleanup@openstack cleanup() started
2019-06-15 00:06:09.799 1842 RALLYDEBUG rally_openstack.cleanup.manager [-] Cleaning up cinder backups objects
2019-06-15 00:06:11.853 1842 RALLYDEBUG rally_openstack.cleanup.manager [-] Cleaning up cinder volume_snapshots objects
2019-06-15 00:06:14.177 1842 RALLYDEBUG rally_openstack.cleanup.manager [-] Cleaning up cinder transfers objects
2019-06-15 00:06:16.302 1842 RALLYDEBUG rally_openstack.cleanup.manager [-] Cleaning up cinder volumes objects
2019-06-15 00:06:18.655 1842 INFO rally.task.context [-] Task 15797f41-d23d-4a4e-a08c-d88912f8c727 | Context cleanup@openstack cleanup() finished in 8.86 sec
2019-06-15 00:06:18.655 1842 INFO rally.task.context [-] Task 15797f41-d23d-4a4e-a08c-d88912f8c727 | Context volumes@openstack cleanup() started
2019-06-15 00:06:18.656 1842 RALLYDEBUG rally_openstack.cleanup.manager [-] Cleaning up cinder volumes objects
2019-06-15 00:06:20.889 1842 RALLYDEBUG rally_openstack.cleanup.manager [-] Deleting cinder.volumes object c_rally_03681c70_hGCvaCnZ (632eb674-3071-43f9-a599-cedfb0c8c16f)
2019-06-15 00:06:20.890 1842 RALLYDEBUG rally_openstack.cleanup.manager [-] Deleting cinder.volumes object c_rally_03681c70_EjnnRpwv (62641aaa-38c0-4003-b76b-642babbaa9d5)
2019-06-15 00:06:20.898 1842 RALLYDEBUG rally_openstack.cleanup.manager [-] Deleting cinder.volumes object c_rally_03681c70_AGsGhqvi (2d2f4c97-6754-4575-a130-97af247c9566)
2019-06-15 00:06:24.449 1842 INFO rally.task.context [-] Task 15797f41-d23d-4a4e-a08c-d88912f8c727 | Context volumes@openstack cleanup() finished in 5.79 sec
2019-06-15 00:06:24.450 1842 INFO rally.task.context [-] Task 15797f41-d23d-4a4e-a08c-d88912f8c727 | Context quotas@openstack cleanup() started
2019-06-15 00:06:25.307 1842 INFO rally.task.context [-] Task 15797f41-d23d-4a4e-a08c-d88912f8c727 | Context quotas@openstack cleanup() finished in 0.86 sec
2019-06-15 00:06:25.307 1842 INFO rally.task.context [-] Task 15797f41-d23d-4a4e-a08c-d88912f8c727 | Context api_versions@openstack cleanup() started
2019-06-15 00:06:25.308 1842 INFO rally.task.context [-] Task 15797f41-d23d-4a4e-a08c-d88912f8c727 | Context api_versions@openstack cleanup() finished in 0.30 msec
2019-06-15 00:06:25.308 1842 INFO rally.task.context [-] Task 15797f41-d23d-4a4e-a08c-d88912f8c727 | Context users@openstack cleanup() started
2019-06-15 00:06:33.606 1842 INFO rally.task.context [-] Task 15797f41-d23d-4a4e-a08c-d88912f8c727 | Context users@openstack cleanup() finished in 8.30 sec
2019-06-15 00:06:35.182 1842 INFO rally.task.engine [-] Load duration is: 26.950768
2019-06-15 00:06:35.183 1842 INFO rally.task.engine [-] Full runner duration is: 27.007042
2019-06-15 00:06:35.183 1842 INFO rally.task.engine [-] Full duration is: 68.71555
2019-06-15 00:06:35.473 1842 INFO rally.task.engine [-] Running workload: position = 0 config = { "version": 2, "title": "A cropped version of a bigger task.", "description": "Auto-generated task from a single workload (uuid=b993032f-f39c-4869-a31e-548be28dcf2b)", "subtasks": [ { "title": "CinderQos.create_and_get_qos", "description": "Create a qos, then get details of the qos.", "scenario": { "CinderQos.create_and_get_qos": { "consumer": "both", "write_iops_sec": "10", "read_iops_sec": "1000" } }, "contexts": { "users": { "tenants": 3, "users_per_tenant": 2 }, "api_versions": { "cinder": { "version": 3, "service_type": "volumev3" } } }, "runner": { "constant": { "concurrency": 4, "times": 10 } }, "hooks": [], "sla": { "failure_rate": { "max": 0 } } } ] }
2019-06-15 00:06:35.494 1842 RALLYDEBUG rally_openstack.contexts.keystone.users [-] Creating 3 tenants using 20 threads
2019-06-15 00:06:37.511 1842 RALLYDEBUG rally_openstack.contexts.keystone.users [-] Creating 6 users using 20 threads
2019-06-15 00:06:40.313 1842 INFO rally.task.context [-] Task 15797f41-d23d-4a4e-a08c-d88912f8c727 | Context users@openstack setup() finished in 4.82 sec
2019-06-15 00:06:40.746 1842 INFO rally.task.context [-] Task 15797f41-d23d-4a4e-a08c-d88912f8c727 | Context api_versions@openstack setup() finished in 0.43 sec
2019-06-15 00:06:40.747 1842 INFO rally.task.context [-] Task 15797f41-d23d-4a4e-a08c-d88912f8c727 | Context admin_cleanup@openstack setup() finished in 0.03 msec
2019-06-15 00:06:40.755 1842 RALLYDEBUG rally.task.runner [-] Starting the constant runner (task UUID: 15797f41-d23d-4a4e-a08c-d88912f8c727). timeout: 0 concurrency: 4 concurrency_per_worker: 1 times: 10 concurrency_overhead: 0 processes_to_start: 4 max_cpu_used: 16
2019-06-15 00:06:40.765 5110 RALLYDEBUG rally.task.runner [-] Starting a worker. concurrency: 1 args: {"consumer": "both", "write_iops_sec": "10", "read_iops_sec": "1000"} times: 10 method_name: run timeout: 0 duration: None cls:
2019-06-15 00:06:40.770 5110 INFO rally.task.runner [-] Task 15797f41-d23d-4a4e-a08c-d88912f8c727 | ITER: 1 START
2019-06-15 00:06:40.770 5111 RALLYDEBUG rally.task.runner [-] Starting a worker. concurrency: 1 args: {"consumer": "both", "write_iops_sec": "10", "read_iops_sec": "1000"} times: 10 method_name: run timeout: 0 duration: None cls:
2019-06-15 00:06:40.773 5113 RALLYDEBUG rally.task.runner [-] Starting a worker. concurrency: 1 args: {"consumer": "both", "write_iops_sec": "10", "read_iops_sec": "1000"} times: 10 method_name: run timeout: 0 duration: None cls:
2019-06-15 00:06:40.773 5112 RALLYDEBUG rally.task.runner [-] Starting a worker. concurrency: 1 args: {"consumer": "both", "write_iops_sec": "10", "read_iops_sec": "1000"} times: 10 method_name: run timeout: 0 duration: None cls:
2019-06-15 00:06:40.776 5111 INFO rally.task.runner [-] Task 15797f41-d23d-4a4e-a08c-d88912f8c727 | ITER: 2 START
2019-06-15 00:06:40.778 5113 INFO rally.task.runner [-] Task 15797f41-d23d-4a4e-a08c-d88912f8c727 | ITER: 3 START
2019-06-15 00:06:40.780 5112 INFO rally.task.runner [-] Task 15797f41-d23d-4a4e-a08c-d88912f8c727 | ITER: 4 START
2019-06-15 00:06:41.844 5113 INFO rally.task.runner [-] Task 15797f41-d23d-4a4e-a08c-d88912f8c727 | ITER: 3 END: OK
2019-06-15 00:06:41.845 5111 INFO rally.task.runner [-] Task 15797f41-d23d-4a4e-a08c-d88912f8c727 | ITER: 2 END: OK
2019-06-15 00:06:41.849 5113 INFO rally.task.runner [-] Task 15797f41-d23d-4a4e-a08c-d88912f8c727 | ITER: 5 START
2019-06-15 00:06:41.849 5111 INFO rally.task.runner [-] Task 15797f41-d23d-4a4e-a08c-d88912f8c727 | ITER: 6 START
2019-06-15 00:06:41.855 5110 INFO rally.task.runner [-] Task 15797f41-d23d-4a4e-a08c-d88912f8c727 | ITER: 1 END: OK
2019-06-15 00:06:41.862 5110 INFO rally.task.runner [-] Task 15797f41-d23d-4a4e-a08c-d88912f8c727 | ITER: 7 START
2019-06-15 00:06:41.864 5112 INFO rally.task.runner [-] Task 15797f41-d23d-4a4e-a08c-d88912f8c727 | ITER: 4 END: OK
2019-06-15 00:06:41.869 5112 INFO rally.task.runner [-] Task 15797f41-d23d-4a4e-a08c-d88912f8c727 | ITER: 8 START
2019-06-15 00:06:42.891 5113 INFO rally.task.runner [-] Task 15797f41-d23d-4a4e-a08c-d88912f8c727 | ITER: 5 END: OK
2019-06-15 00:06:42.895 5113 INFO rally.task.runner [-] Task 15797f41-d23d-4a4e-a08c-d88912f8c727 | ITER: 9 START
2019-06-15 00:06:42.908 5111 INFO rally.task.runner [-] Task 15797f41-d23d-4a4e-a08c-d88912f8c727 | ITER: 6 END: OK
2019-06-15 00:06:42.912 5111 INFO rally.task.runner [-] Task 15797f41-d23d-4a4e-a08c-d88912f8c727 | ITER: 10 START
2019-06-15 00:06:42.926 5110 INFO rally.task.runner [-] Task 15797f41-d23d-4a4e-a08c-d88912f8c727 | ITER: 7 END: OK
2019-06-15 00:06:42.986 5112 INFO rally.task.runner [-] Task 15797f41-d23d-4a4e-a08c-d88912f8c727 | ITER: 8 END: OK
2019-06-15 00:06:43.797 5111 INFO rally.task.runner [-] Task 15797f41-d23d-4a4e-a08c-d88912f8c727 | ITER: 10 END: OK
2019-06-15 00:06:43.880 5113 INFO rally.task.runner [-] Task 15797f41-d23d-4a4e-a08c-d88912f8c727 | ITER: 9 END: OK
2019-06-15 00:06:43.900 1842 INFO rally.task.context [-] Task 15797f41-d23d-4a4e-a08c-d88912f8c727 | Context admin_cleanup@openstack cleanup() started
2019-06-15 00:06:43.903 1842 RALLYDEBUG rally_openstack.cleanup.manager [-] Cleaning up cinder volume_types objects
2019-06-15 00:06:44.657 1842 RALLYDEBUG rally_openstack.cleanup.manager [-] Cleaning up cinder image_volumes_cache objects
2019-06-15 00:06:45.948 1842 RALLYDEBUG rally_openstack.cleanup.manager [-] Cleaning up cinder quotas objects
2019-06-15 00:06:47.752 1842 RALLYDEBUG rally_openstack.cleanup.manager [-] Cleaning up cinder qos_specs objects
2019-06-15 00:06:48.513 1842 RALLYDEBUG rally_openstack.cleanup.manager [-] Deleting cinder.qos_specs object s_rally_b993032f_tKwBOBrp (c9c878ca-b51d-4257-bd24-8c41ca576745)
2019-06-15 00:06:48.521 1842 RALLYDEBUG rally_openstack.cleanup.manager [-] Deleting cinder.qos_specs object s_rally_b993032f_lzvgi6BG (0e6b9036-2dd9-43bf-8d2e-2454a0706821)
2019-06-15 00:06:48.533 1842 RALLYDEBUG rally_openstack.cleanup.manager [-] Deleting cinder.qos_specs object s_rally_b993032f_MYjQEjGy (ff5605f1-2b62-4918-9047-164be8f8294c)
2019-06-15 00:06:48.543 1842 RALLYDEBUG rally_openstack.cleanup.manager [-] Deleting cinder.qos_specs object s_rally_b993032f_vGi0Z1Pp (a0fbb7d0-f550-4f37-bb76-daa3cf65afb3)
2019-06-15 00:06:48.544 1842 RALLYDEBUG rally_openstack.cleanup.manager [-] Deleting cinder.qos_specs object s_rally_b993032f_Q6ycoDxV (5898ed02-2bd6-49b0-a4b6-77acf2281ac1)
2019-06-15 00:06:48.544 1842 RALLYDEBUG rally_openstack.cleanup.manager [-] Deleting cinder.qos_specs object s_rally_b993032f_vrU14Z0s (a5a30453-0b4f-471a-b500-a8b3c1d342e5)
2019-06-15 00:06:48.556 1842 RALLYDEBUG rally_openstack.cleanup.manager [-] Deleting cinder.qos_specs object s_rally_b993032f_wP8vD0Jx (d09845b3-12c5-4d92-a24d-988f0a589617)
2019-06-15 00:06:48.563 1842 RALLYDEBUG rally_openstack.cleanup.manager [-] Deleting cinder.qos_specs object s_rally_b993032f_Y2VnXwnK (4399250c-00b3-43a7-b7aa-d9ff13e57dd7)
2019-06-15 00:06:48.572 1842 RALLYDEBUG rally_openstack.cleanup.manager [-] Deleting cinder.qos_specs object s_rally_b993032f_uo2qrLzJ (15e5a6f7-ea9b-490c-a642-33d5c279c330)
2019-06-15 00:06:48.573 1842 RALLYDEBUG rally_openstack.cleanup.manager [-] Deleting cinder.qos_specs object s_rally_b993032f_2QdDsEzM (0670515c-fdce-437f-8c87-35e9c73fe64b)
2019-06-15 00:06:51.097 1842 INFO rally.task.context [-] Task 15797f41-d23d-4a4e-a08c-d88912f8c727 | Context admin_cleanup@openstack cleanup() finished in 7.20 sec
2019-06-15 00:06:51.097 1842 INFO rally.task.context [-] Task 15797f41-d23d-4a4e-a08c-d88912f8c727 | Context api_versions@openstack cleanup() started
2019-06-15 00:06:51.097 1842 INFO rally.task.context [-] Task 15797f41-d23d-4a4e-a08c-d88912f8c727 | Context api_versions@openstack cleanup() finished in 0.18 msec
2019-06-15 00:06:51.097 1842 INFO rally.task.context [-] Task 15797f41-d23d-4a4e-a08c-d88912f8c727 | Context users@openstack cleanup() started
2019-06-15 00:06:59.390 1842 INFO rally.task.context [-] Task 15797f41-d23d-4a4e-a08c-d88912f8c727 | Context users@openstack cleanup() finished in 8.29 sec
2019-06-15 00:06:59.592 1842 INFO rally.task.engine [-] Load duration is: 3.107361
2019-06-15 00:06:59.593 1842 INFO rally.task.engine [-] Full runner duration is: 3.146603
2019-06-15 00:06:59.593 1842 INFO rally.task.engine [-] Full duration is: 23.899307
2019-06-15 00:06:59.863 1842 INFO rally.task.engine [-] Running workload: position = 0 config = { "version": 2, "title": "A cropped version of a bigger task.", "description": "Auto-generated task from a single workload (uuid=efc9aded-bef5-42d2-b9c1-9114e6109d40)", "subtasks": [ { "title": "CinderQos.create_and_list_qos", "description": "Create a qos, then list all qos.", "scenario": { "CinderQos.create_and_list_qos": { "consumer": "both", "write_iops_sec": "10", "read_iops_sec": "1000" } }, "contexts": { "users": { "tenants": 3, "users_per_tenant": 2 }, "api_versions": { "cinder": { "version": 3, "service_type": "volumev3" } } }, "runner": { "constant": { "concurrency": 4, "times": 10 } }, "hooks": [], "sla": { "failure_rate": { "max": 0 } } } ] }
2019-06-15 00:06:59.886 1842 RALLYDEBUG rally_openstack.contexts.keystone.users [-] Creating 3 tenants using 20 threads
2019-06-15 00:07:01.812 1842 RALLYDEBUG rally_openstack.contexts.keystone.users [-] Creating 6 users using 20 threads
2019-06-15 00:07:04.605 1842 INFO rally.task.context [-] Task 15797f41-d23d-4a4e-a08c-d88912f8c727 | Context users@openstack setup() finished in 4.72 sec
2019-06-15 00:07:05.032 1842 INFO rally.task.context [-] Task 15797f41-d23d-4a4e-a08c-d88912f8c727 | Context api_versions@openstack setup() finished in 0.43 sec
2019-06-15 00:07:05.033 1842 INFO rally.task.context [-] Task 15797f41-d23d-4a4e-a08c-d88912f8c727 | Context admin_cleanup@openstack setup() finished in 0.00 msec
2019-06-15 00:07:05.039 1842 RALLYDEBUG rally.task.runner [-] Starting the constant runner (task UUID: 15797f41-d23d-4a4e-a08c-d88912f8c727). timeout: 0 concurrency: 4 concurrency_per_worker: 1 times: 10 concurrency_overhead: 0 processes_to_start: 4 max_cpu_used: 16
2019-06-15 00:07:05.050 5294 RALLYDEBUG rally.task.runner [-] Starting a worker. concurrency: 1 args: {"consumer": "both", "write_iops_sec": "10", "read_iops_sec": "1000"} times: 10 method_name: run timeout: 0 duration: None cls:
2019-06-15 00:07:05.054 5295 RALLYDEBUG rally.task.runner [-] Starting a worker. concurrency: 1 args: {"consumer": "both", "write_iops_sec": "10", "read_iops_sec": "1000"} times: 10 method_name: run timeout: 0 duration: None cls:
2019-06-15 00:07:05.055 5296 RALLYDEBUG rally.task.runner [-] Starting a worker. concurrency: 1 args: {"consumer": "both", "write_iops_sec": "10", "read_iops_sec": "1000"} times: 10 method_name: run timeout: 0 duration: None cls:
2019-06-15 00:07:05.055 5294 INFO rally.task.runner [-] Task 15797f41-d23d-4a4e-a08c-d88912f8c727 | ITER: 1 START
2019-06-15 00:07:05.060 5296 INFO rally.task.runner [-] Task 15797f41-d23d-4a4e-a08c-d88912f8c727 | ITER: 3 START
2019-06-15 00:07:05.060 5297 RALLYDEBUG rally.task.runner [-] Starting a worker. concurrency: 1 args: {"consumer": "both", "write_iops_sec": "10", "read_iops_sec": "1000"} times: 10 method_name: run timeout: 0 duration: None cls:
2019-06-15 00:07:05.062 5295 INFO rally.task.runner [-] Task 15797f41-d23d-4a4e-a08c-d88912f8c727 | ITER: 2 START
2019-06-15 00:07:05.068 5297 INFO rally.task.runner [-] Task 15797f41-d23d-4a4e-a08c-d88912f8c727 | ITER: 4 START
2019-06-15 00:07:06.124 5295 INFO rally.task.runner [-] Task 15797f41-d23d-4a4e-a08c-d88912f8c727 | ITER: 2 END: OK
2019-06-15 00:07:06.129 5295 INFO rally.task.runner [-] Task 15797f41-d23d-4a4e-a08c-d88912f8c727 | ITER: 5 START
2019-06-15 00:07:06.138 5294 INFO rally.task.runner [-] Task 15797f41-d23d-4a4e-a08c-d88912f8c727 | ITER: 1 END: OK
2019-06-15 00:07:06.141 5296 INFO rally.task.runner [-] Task 15797f41-d23d-4a4e-a08c-d88912f8c727 | ITER: 3 END: OK
2019-06-15 00:07:06.142 5294 INFO rally.task.runner [-] Task 15797f41-d23d-4a4e-a08c-d88912f8c727 | ITER: 6 START
2019-06-15 00:07:06.146 5296 INFO rally.task.runner [-] Task 15797f41-d23d-4a4e-a08c-d88912f8c727 | ITER: 7 START
2019-06-15 00:07:06.277 5297 INFO rally.task.runner [-] Task 15797f41-d23d-4a4e-a08c-d88912f8c727 | ITER: 4 END: OK
2019-06-15 00:07:06.282 5297 INFO rally.task.runner [-] Task 15797f41-d23d-4a4e-a08c-d88912f8c727 | ITER: 8 START
