2019-06-14 09:32:49.583 24802 WARNING rally_openstack.scenarios.neutron.utils [-] Running this scenario without either the 'network' or 'existing_network' context is deprecated
2019-06-14 09:32:49.583 24812 RALLYDEBUG rally.task.runner [-] Starting a worker. concurrency: 1 args: {"network_create_args": {}, "subnet_create_args": {}, "subnet_cidr_start": "1.1.0.0/30", "subnets_per_network": 2} times: 40 method_name: run timeout: 0 duration: None cls:
2019-06-14 09:32:49.579 24801 WARNING rally_openstack.scenarios.neutron.utils [-] Running this scenario without either the 'network' or 'existing_network' context is deprecated
2019-06-14 09:32:49.587 24808 INFO rally.task.runner [-] Task b9b0de74-cb48-4d8f-aa9d-9a84f1760564 | ITER: 10 START
2019-06-14 09:32:49.589 24800 INFO rally.task.runner [-] Task b9b0de74-cb48-4d8f-aa9d-9a84f1760564 | ITER: 5 START
2019-06-14 09:32:49.589 24808 WARNING rally_openstack.scenarios.neutron.utils [-] Running this scenario without either the 'network' or 'existing_network' context is deprecated
2019-06-14 09:32:49.590 24812 INFO rally.task.runner [-] Task b9b0de74-cb48-4d8f-aa9d-9a84f1760564 | ITER: 11 START
2019-06-14 09:32:49.590 24820 RALLYDEBUG rally.task.runner [-] Starting a worker. concurrency: 1 args: {"network_create_args": {}, "subnet_create_args": {}, "subnet_cidr_start": "1.1.0.0/30", "subnets_per_network": 2} times: 40 method_name: run timeout: 0 duration: None cls:
2019-06-14 09:32:49.590 24800 WARNING rally_openstack.scenarios.neutron.utils [-] Running this scenario without either the 'network' or 'existing_network' context is deprecated
2019-06-14 09:32:49.591 24812 WARNING rally_openstack.scenarios.neutron.utils [-] Running this scenario without either the 'network' or 'existing_network' context is deprecated
2019-06-14 09:32:49.591 24802 INFO rally.task.runner [-] Task b9b0de74-cb48-4d8f-aa9d-9a84f1760564 | ITER: 9 START
2019-06-14 09:32:49.592 24802 WARNING rally_openstack.scenarios.neutron.utils [-] Running this scenario without either the 'network' or 'existing_network' context is deprecated
2019-06-14 09:32:49.595 24820 INFO rally.task.runner [-] Task b9b0de74-cb48-4d8f-aa9d-9a84f1760564 | ITER: 12 START
2019-06-14 09:32:49.596 24820 WARNING rally_openstack.scenarios.neutron.utils [-] Running this scenario without either the 'network' or 'existing_network' context is deprecated
2019-06-14 09:32:49.598 24825 RALLYDEBUG rally.task.runner [-] Starting a worker. concurrency: 1 args: {"network_create_args": {}, "subnet_create_args": {}, "subnet_cidr_start": "1.1.0.0/30", "subnets_per_network": 2} times: 40 method_name: run timeout: 0 duration: None cls:
2019-06-14 09:32:49.602 24828 RALLYDEBUG rally.task.runner [-] Starting a worker. concurrency: 1 args: {"network_create_args": {}, "subnet_create_args": {}, "subnet_cidr_start": "1.1.0.0/30", "subnets_per_network": 2} times: 40 method_name: run timeout: 0 duration: None cls:
2019-06-14 09:32:49.604 24825 INFO rally.task.runner [-] Task b9b0de74-cb48-4d8f-aa9d-9a84f1760564 | ITER: 13 START
2019-06-14 09:32:49.606 24825 WARNING rally_openstack.scenarios.neutron.utils [-] Running this scenario without either the 'network' or 'existing_network' context is deprecated
2019-06-14 09:32:49.607 24828 INFO rally.task.runner [-] Task b9b0de74-cb48-4d8f-aa9d-9a84f1760564 | ITER: 14 START
2019-06-14 09:32:49.609 24828 WARNING rally_openstack.scenarios.neutron.utils [-] Running this scenario without either the 'network' or 'existing_network' context is deprecated
2019-06-14 09:32:49.611 24831 RALLYDEBUG rally.task.runner [-] Starting a worker. concurrency: 1 args: {"network_create_args": {}, "subnet_create_args": {}, "subnet_cidr_start": "1.1.0.0/30", "subnets_per_network": 2} times: 40 method_name: run timeout: 0 duration: None cls:
2019-06-14 09:32:49.615 24831 INFO rally.task.runner [-] Task b9b0de74-cb48-4d8f-aa9d-9a84f1760564 | ITER: 15 START
2019-06-14 09:32:49.616 24831 WARNING rally_openstack.scenarios.neutron.utils [-] Running this scenario without either the 'network' or 'existing_network' context is deprecated
2019-06-14 09:32:49.618 24835 RALLYDEBUG rally.task.runner [-] Starting a worker. concurrency: 1 args: {"network_create_args": {}, "subnet_create_args": {}, "subnet_cidr_start": "1.1.0.0/30", "subnets_per_network": 2} times: 40 method_name: run timeout: 0 duration: None cls:
2019-06-14 09:32:49.619 24834 RALLYDEBUG rally.task.runner [-] Starting a worker. concurrency: 1 args: {"network_create_args": {}, "subnet_create_args": {}, "subnet_cidr_start": "1.1.0.0/30", "subnets_per_network": 2} times: 40 method_name: run timeout: 0 duration: None cls:
2019-06-14 09:32:49.623 24835 INFO rally.task.runner [-] Task b9b0de74-cb48-4d8f-aa9d-9a84f1760564 | ITER: 16 START
2019-06-14 09:32:49.624 24835 WARNING rally_openstack.scenarios.neutron.utils [-] Running this scenario without either the 'network' or 'existing_network' context is deprecated
2019-06-14 09:32:49.624 24834 INFO rally.task.runner [-] Task b9b0de74-cb48-4d8f-aa9d-9a84f1760564 | ITER: 17 START
2019-06-14 09:32:49.626 24834 WARNING rally_openstack.scenarios.neutron.utils [-] Running this scenario without either the 'network' or 'existing_network' context is deprecated
2019-06-14 09:32:49.625 24838 RALLYDEBUG rally.task.runner [-] Starting a worker. concurrency: 1 args: {"network_create_args": {}, "subnet_create_args": {}, "subnet_cidr_start": "1.1.0.0/30", "subnets_per_network": 2} times: 40 method_name: run timeout: 0 duration: None cls:
2019-06-14 09:32:49.629 24843 RALLYDEBUG rally.task.runner [-] Starting a worker. concurrency: 1 args: {"network_create_args": {}, "subnet_create_args": {}, "subnet_cidr_start": "1.1.0.0/30", "subnets_per_network": 2} times: 40 method_name: run timeout: 0 duration: None cls:
2019-06-14 09:32:49.630 24838 INFO rally.task.runner [-] Task b9b0de74-cb48-4d8f-aa9d-9a84f1760564 | ITER: 18 START
2019-06-14 09:32:49.631 24838 WARNING rally_openstack.scenarios.neutron.utils [-] Running this scenario without either the 'network' or 'existing_network' context is deprecated
2019-06-14 09:32:49.634 24843 INFO rally.task.runner [-] Task b9b0de74-cb48-4d8f-aa9d-9a84f1760564 | ITER: 19 START
2019-06-14 09:32:49.635 24843 WARNING rally_openstack.scenarios.neutron.utils [-] Running this scenario without either the 'network' or 'existing_network' context is deprecated
2019-06-14 09:32:49.637 24846 RALLYDEBUG rally.task.runner [-] Starting a worker. concurrency: 1 args: {"network_create_args": {}, "subnet_create_args": {}, "subnet_cidr_start": "1.1.0.0/30", "subnets_per_network": 2} times: 40 method_name: run timeout: 0 duration: None cls:
2019-06-14 09:32:49.642 24846 INFO rally.task.runner [-] Task b9b0de74-cb48-4d8f-aa9d-9a84f1760564 | ITER: 20 START
2019-06-14 09:32:49.643 24846 WARNING rally_openstack.scenarios.neutron.utils [-] Running this scenario without either the 'network' or 'existing_network' context is deprecated
2019-06-14 09:32:51.287 24800 RALLYDEBUG rally_openstack.wrappers.network [-] CIDR generated: 1.1.4.96/30
2019-06-14 09:32:51.371 24812 RALLYDEBUG rally_openstack.wrappers.network [-] CIDR generated: 1.1.4.100/30
2019-06-14 09:32:51.400 24805 RALLYDEBUG rally_openstack.wrappers.network [-] CIDR generated: 1.1.4.104/30
2019-06-14 09:32:51.443 24808 RALLYDEBUG rally_openstack.wrappers.network [-] CIDR generated: 1.1.4.108/30
2019-06-14 09:32:51.490 24802 RALLYDEBUG rally_openstack.wrappers.network [-] CIDR generated: 1.1.4.112/30
2019-06-14 09:32:51.512 24799 RALLYDEBUG rally_openstack.wrappers.network [-] CIDR generated: 1.1.4.116/30
2019-06-14 09:32:51.603 24828 RALLYDEBUG rally_openstack.wrappers.network [-] CIDR generated: 1.1.4.120/30
2019-06-14 09:32:51.682 24801 RALLYDEBUG rally_openstack.wrappers.network [-] CIDR generated: 1.1.4.124/30
2019-06-14 09:32:51.689 24800 RALLYDEBUG rally_openstack.wrappers.network [-] CIDR generated: 1.1.4.128/30
2019-06-14 09:32:51.747 24801 RALLYDEBUG rally_openstack.wrappers.network [-] CIDR generated: 1.1.4.132/30
2019-06-14 09:32:52.008 24835 RALLYDEBUG rally_openstack.wrappers.network [-] CIDR generated: 1.1.4.136/30
2019-06-14 09:32:52.013 24802 RALLYDEBUG rally_openstack.wrappers.network [-] CIDR generated: 1.1.4.140/30
2019-06-14 09:32:52.137 24843 RALLYDEBUG rally_openstack.wrappers.network [-] CIDR generated: 1.1.4.144/30
2019-06-14 09:32:52.154 24834 RALLYDEBUG rally_openstack.wrappers.network [-] CIDR generated: 1.1.4.148/30
2019-06-14 09:32:52.196 24820 RALLYDEBUG rally_openstack.wrappers.network [-] CIDR generated: 1.1.4.152/30
2019-06-14 09:32:52.407 24831 RALLYDEBUG rally_openstack.wrappers.network [-] CIDR generated: 1.1.4.156/30
2019-06-14 09:32:52.417 24812 RALLYDEBUG rally_openstack.wrappers.network [-] CIDR generated: 1.1.4.160/30
2019-06-14 09:32:52.499 24800 RALLYDEBUG rally_openstack.wrappers.network [-] CIDR generated: 1.1.4.164/30
2019-06-14 09:32:52.674 24799 RALLYDEBUG rally_openstack.wrappers.network [-] CIDR generated: 1.1.4.168/30
2019-06-14 09:32:52.960 24805 RALLYDEBUG rally_openstack.wrappers.network [-] CIDR generated: 1.1.4.172/30
2019-06-14 09:32:53.217 24838 RALLYDEBUG rally_openstack.wrappers.network [-] CIDR generated: 1.1.4.176/30
2019-06-14 09:32:53.491 24825 RALLYDEBUG rally_openstack.wrappers.network [-] CIDR generated: 1.1.4.180/30
2019-06-14 09:32:53.650 24846 RALLYDEBUG rally_openstack.wrappers.network [-] CIDR generated: 1.1.4.184/30
2019-06-14 09:32:54.258 24801 RALLYDEBUG rally_openstack.wrappers.network [-] CIDR generated: 1.1.4.188/30
2019-06-14 09:32:54.493 24834 RALLYDEBUG rally_openstack.wrappers.network [-] CIDR generated: 1.1.4.192/30
2019-06-14 09:32:54.934 24828 RALLYDEBUG rally_openstack.wrappers.network [-] CIDR generated: 1.1.4.196/30
2019-06-14 09:32:55.123 24799 RALLYDEBUG rally_openstack.wrappers.network [-] CIDR generated: 1.1.4.200/30
2019-06-14 09:32:55.237 24800 RALLYDEBUG rally_openstack.wrappers.network [-] CIDR generated: 1.1.4.204/30
2019-06-14 09:32:55.809 24843 RALLYDEBUG rally_openstack.wrappers.network [-] CIDR generated: 1.1.4.208/30
2019-06-14 09:32:55.981 24835 RALLYDEBUG rally_openstack.wrappers.network [-] CIDR generated: 1.1.4.212/30
2019-06-14 09:32:56.232 24812 INFO rally.task.runner [-] Task b9b0de74-cb48-4d8f-aa9d-9a84f1760564 | ITER: 11 END: OK
2019-06-14 09:32:56.236 24812 INFO rally.task.runner [-] Task b9b0de74-cb48-4d8f-aa9d-9a84f1760564 | ITER: 21 START
2019-06-14 09:32:56.237 24812 WARNING rally_openstack.scenarios.neutron.utils [-] Running this scenario without either the 'network' or 'existing_network' context is deprecated
2019-06-14 09:32:56.701 24802 RALLYDEBUG rally_openstack.wrappers.network [-] CIDR generated: 1.1.4.216/30
2019-06-14 09:32:56.751 24800 INFO rally.task.runner [-] Task b9b0de74-cb48-4d8f-aa9d-9a84f1760564 | ITER: 5 END: OK
2019-06-14 09:32:56.754 24800 INFO rally.task.runner [-] Task b9b0de74-cb48-4d8f-aa9d-9a84f1760564 | ITER: 22 START
2019-06-14 09:32:56.755 24800 WARNING rally_openstack.scenarios.neutron.utils [-] Running this scenario without either the 'network' or 'existing_network' context is deprecated
2019-06-14 09:32:56.826 24838 RALLYDEBUG rally_openstack.wrappers.network [-] CIDR generated: 1.1.4.220/30
2019-06-14 09:32:57.032 24802 RALLYDEBUG rally_openstack.wrappers.network [-] CIDR generated: 1.1.4.224/30
2019-06-14 09:32:57.084 24831 RALLYDEBUG rally_openstack.wrappers.network [-] CIDR generated: 1.1.4.228/30
2019-06-14 09:32:57.386 24812 RALLYDEBUG rally_openstack.wrappers.network [-] CIDR generated: 1.1.4.232/30
2019-06-14 09:32:57.478 24805 INFO rally.task.runner [-] Task b9b0de74-cb48-4d8f-aa9d-9a84f1760564 | ITER: 8 END: OK
2019-06-14 09:32:57.481 24805 INFO rally.task.runner [-] Task b9b0de74-cb48-4d8f-aa9d-9a84f1760564 | ITER: 23 START
2019-06-14 09:32:57.482 24805 WARNING rally_openstack.scenarios.neutron.utils [-] Running this scenario without either the 'network' or 'existing_network' context is deprecated
2019-06-14 09:32:58.015 24808 RALLYDEBUG rally_openstack.wrappers.network [-] CIDR generated: 1.1.4.236/30
2019-06-14 09:32:58.081 24801 RALLYDEBUG rally_openstack.wrappers.network [-] CIDR generated: 1.1.4.240/30
2019-06-14 09:32:58.394 24820 RALLYDEBUG rally_openstack.wrappers.network [-] CIDR generated: 1.1.4.244/30
2019-06-14 09:32:58.570 24799 RALLYDEBUG rally_openstack.wrappers.network [-] CIDR generated: 1.1.4.248/30
2019-06-14 09:32:58.653 24846 RALLYDEBUG rally_openstack.wrappers.network [-] CIDR generated: 1.1.4.252/30
2019-06-14 09:32:58.661 24800 RALLYDEBUG rally_openstack.wrappers.network [-] CIDR generated: 1.1.5.0/30
2019-06-14 09:32:59.048 24805 RALLYDEBUG rally_openstack.wrappers.network [-] CIDR generated: 1.1.5.4/30
2019-06-14 09:32:59.371 24812 RALLYDEBUG rally_openstack.wrappers.network [-] CIDR generated: 1.1.5.8/30
2019-06-14 09:32:59.438 24825 RALLYDEBUG rally_openstack.wrappers.network [-] CIDR generated: 1.1.5.12/30
2019-06-14 09:33:00.677 24805 RALLYDEBUG rally_openstack.wrappers.network [-] CIDR generated: 1.1.5.16/30
2019-06-14 09:33:01.297 24800 RALLYDEBUG rally_openstack.wrappers.network [-] CIDR generated: 1.1.5.20/30
2019-06-14 09:33:01.317 24801 INFO rally.task.runner [-] Task b9b0de74-cb48-4d8f-aa9d-9a84f1760564 | ITER: 4 END: OK
2019-06-14 09:33:01.321 24801 INFO rally.task.runner [-] Task b9b0de74-cb48-4d8f-aa9d-9a84f1760564 | ITER: 24 START
2019-06-14 09:33:01.322 24801 WARNING rally_openstack.scenarios.neutron.utils [-] Running this scenario without either the 'network' or 'existing_network' context is deprecated
2019-06-14 09:33:01.455 24834 INFO rally.task.runner [-] Task b9b0de74-cb48-4d8f-aa9d-9a84f1760564 | ITER: 17 END: OK
2019-06-14 09:33:01.459 24834 INFO rally.task.runner [-] Task b9b0de74-cb48-4d8f-aa9d-9a84f1760564 | ITER: 25 START
2019-06-14 09:33:01.460 24834 WARNING rally_openstack.scenarios.neutron.utils [-] Running this scenario without either the 'network' or 'existing_network' context is deprecated
2019-06-14 09:33:02.630 24801 RALLYDEBUG rally_openstack.wrappers.network [-] CIDR generated: 1.1.5.24/30
2019-06-14 09:33:03.231 24834 RALLYDEBUG rally_openstack.wrappers.network [-] CIDR generated: 1.1.5.28/30
2019-06-14 09:33:03.899 24835 INFO rally.task.runner [-] Task b9b0de74-cb48-4d8f-aa9d-9a84f1760564 | ITER: 16 END: OK
2019-06-14 09:33:03.904 24835 INFO rally.task.runner [-] Task b9b0de74-cb48-4d8f-aa9d-9a84f1760564 | ITER: 26 START
2019-06-14 09:33:03.904 24835 WARNING rally_openstack.scenarios.neutron.utils [-] Running this scenario without either the 'network' or 'existing_network' context is deprecated
2019-06-14 09:33:04.031 24805 INFO rally.task.runner [-] Task b9b0de74-cb48-4d8f-aa9d-9a84f1760564 | ITER: 23 END: OK
2019-06-14 09:33:04.035 24805 INFO rally.task.runner [-] Task b9b0de74-cb48-4d8f-aa9d-9a84f1760564 | ITER: 27 START
2019-06-14 09:33:04.035 24805 WARNING rally_openstack.scenarios.neutron.utils [-] Running this scenario without either the 'network' or 'existing_network' context is deprecated
2019-06-14 09:33:04.603 24812 INFO rally.task.runner [-] Task b9b0de74-cb48-4d8f-aa9d-9a84f1760564 | ITER: 21 END: OK
2019-06-14 09:33:04.607 24812 INFO rally.task.runner [-] Task b9b0de74-cb48-4d8f-aa9d-9a84f1760564 | ITER: 28 START
2019-06-14 09:33:04.608 24812 WARNING rally_openstack.scenarios.neutron.utils [-] Running this scenario without either the 'network' or 'existing_network' context is deprecated
2019-06-14 09:33:05.030 24828 INFO rally.task.runner [-] Task b9b0de74-cb48-4d8f-aa9d-9a84f1760564 | ITER: 14 END: OK
2019-06-14 09:33:05.034 24828 INFO rally.task.runner [-] Task b9b0de74-cb48-4d8f-aa9d-9a84f1760564 | ITER: 29 START
2019-06-14 09:33:05.034 24828 WARNING rally_openstack.scenarios.neutron.utils [-] Running this scenario without either the 'network' or 'existing_network' context is deprecated
2019-06-14 09:33:05.077 24838 INFO rally.task.runner [-] Task b9b0de74-cb48-4d8f-aa9d-9a84f1760564 | ITER: 18 END: OK
2019-06-14 09:33:05.081 24838 INFO rally.task.runner [-] Task b9b0de74-cb48-4d8f-aa9d-9a84f1760564 | ITER: 30 START
2019-06-14 09:33:05.082 24838 WARNING rally_openstack.scenarios.neutron.utils [-] Running this scenario without either the 'network' or 'existing_network' context is deprecated
2019-06-14 09:33:05.106 24801 RALLYDEBUG rally_openstack.wrappers.network [-] CIDR generated: 1.1.5.32/30
2019-06-14 09:33:05.301 24835 RALLYDEBUG rally_openstack.wrappers.network [-] CIDR generated: 1.1.5.36/30
2019-06-14 09:33:06.143 24834 RALLYDEBUG rally_openstack.wrappers.network [-] CIDR generated: 1.1.5.40/30
2019-06-14 09:33:07.547 24805 RALLYDEBUG rally_openstack.wrappers.network [-] CIDR generated: 1.1.5.44/30
2019-06-14 09:33:07.637 24812 RALLYDEBUG rally_openstack.wrappers.network [-] CIDR generated: 1.1.5.48/30
2019-06-14 09:33:07.752 24800 INFO rally.task.runner [-] Task b9b0de74-cb48-4d8f-aa9d-9a84f1760564 | ITER: 22 END: OK
2019-06-14 09:33:07.755 24800 INFO rally.task.runner [-] Task b9b0de74-cb48-4d8f-aa9d-9a84f1760564 | ITER: 31 START
2019-06-14 09:33:07.756 24800 WARNING rally_openstack.scenarios.neutron.utils [-] Running this scenario without either the 'network' or 'existing_network' context is deprecated
2019-06-14 09:33:07.919 24799 INFO rally.task.runner [-] Task b9b0de74-cb48-4d8f-aa9d-9a84f1760564 | ITER: 2 END: OK
2019-06-14 09:33:07.920 24800 INFO rally.task.runner [-] Task b9b0de74-cb48-4d8f-aa9d-9a84f1760564 | ITER: 3 END: OK
2019-06-14 09:33:07.923 24799 INFO rally.task.runner [-] Task b9b0de74-cb48-4d8f-aa9d-9a84f1760564 | ITER: 32 START
2019-06-14 09:33:07.923 24799 WARNING rally_openstack.scenarios.neutron.utils [-] Running this scenario without either the 'network' or 'existing_network' context is deprecated
2019-06-14 09:33:07.923 24800 INFO rally.task.runner [-] Task b9b0de74-cb48-4d8f-aa9d-9a84f1760564 | ITER: 33 START
2019-06-14 09:33:07.924 24800 WARNING rally_openstack.scenarios.neutron.utils [-] Running this scenario without either the 'network' or 'existing_network' context is deprecated
2019-06-14 09:33:08.292 24828 RALLYDEBUG rally_openstack.wrappers.network [-] CIDR generated: 1.1.5.52/30
2019-06-14 09:33:08.805 24802 INFO rally.task.runner [-] Task b9b0de74-cb48-4d8f-aa9d-9a84f1760564 | ITER: 7 END: OK
2019-06-14 09:33:08.810 24802 INFO rally.task.runner [-] Task b9b0de74-cb48-4d8f-aa9d-9a84f1760564 | ITER: 34 START
2019-06-14 09:33:08.811 24802 WARNING rally_openstack.scenarios.neutron.utils [-] Running this scenario without either the 'network' or 'existing_network' context is deprecated
2019-06-14 09:33:08.991 24812 RALLYDEBUG rally_openstack.wrappers.network [-] CIDR generated: 1.1.5.56/30
2019-06-14 09:33:09.251 24843 INFO rally.task.runner [-] Task b9b0de74-cb48-4d8f-aa9d-9a84f1760564 | ITER: 19 END: OK
2019-06-14 09:33:09.256 24843 INFO rally.task.runner [-] Task b9b0de74-cb48-4d8f-aa9d-9a84f1760564 | ITER: 35 START
2019-06-14 09:33:09.256 24843 WARNING rally_openstack.scenarios.neutron.utils [-] Running this scenario without either the 'network' or 'existing_network' context is deprecated
2019-06-14 09:33:09.347 24838 RALLYDEBUG rally_openstack.wrappers.network [-] CIDR generated: 1.1.5.60/30
2019-06-14 09:33:09.355 24799 RALLYDEBUG rally_openstack.wrappers.network [-] CIDR generated: 1.1.5.64/30
2019-06-14 09:33:09.479 24831 INFO rally.task.runner [-] Task b9b0de74-cb48-4d8f-aa9d-9a84f1760564 | ITER: 15 END: OK
2019-06-14 09:33:09.483 24831 INFO rally.task.runner [-] Task b9b0de74-cb48-4d8f-aa9d-9a84f1760564 | ITER: 36 START
2019-06-14 09:33:09.484 24831 WARNING rally_openstack.scenarios.neutron.utils [-] Running this scenario without either the 'network' or 'existing_network' context is deprecated
2019-06-14 09:33:09.575 24800 RALLYDEBUG rally_openstack.wrappers.network [-] CIDR generated: 1.1.5.68/30
2019-06-14 09:33:09.669 24800 RALLYDEBUG rally_openstack.wrappers.network [-] CIDR generated: 1.1.5.72/30
2019-06-14 09:33:09.725 24835 RALLYDEBUG rally_openstack.wrappers.network [-] CIDR generated: 1.1.5.76/30
2019-06-14 09:33:09.789 24828 RALLYDEBUG rally_openstack.wrappers.network [-] CIDR generated: 1.1.5.80/30
2019-06-14 09:33:10.446 24805 RALLYDEBUG rally_openstack.wrappers.network [-] CIDR generated: 1.1.5.84/30
2019-06-14 09:33:10.944 24802 RALLYDEBUG rally_openstack.wrappers.network [-] CIDR generated: 1.1.5.88/30
2019-06-14 09:33:11.234 24799 RALLYDEBUG rally_openstack.wrappers.network [-] CIDR generated: 1.1.5.92/30
2019-06-14 09:33:11.345 24831 RALLYDEBUG rally_openstack.wrappers.network [-] CIDR generated: 1.1.5.96/30
2019-06-14 09:33:11.421 24800 RALLYDEBUG rally_openstack.wrappers.network [-] CIDR generated: 1.1.5.100/30
2019-06-14 09:33:11.436 24846 INFO rally.task.runner [-] Task b9b0de74-cb48-4d8f-aa9d-9a84f1760564 | ITER: 20 END: OK
2019-06-14 09:33:11.439 24846 INFO rally.task.runner [-] Task b9b0de74-cb48-4d8f-aa9d-9a84f1760564 | ITER: 37 START
2019-06-14 09:33:11.439 24846 WARNING rally_openstack.scenarios.neutron.utils [-] Running this scenario without either the 'network' or 'existing_network' context is deprecated
2019-06-14 09:33:11.643 24843 RALLYDEBUG rally_openstack.wrappers.network [-] CIDR generated: 1.1.5.104/30
2019-06-14 09:33:11.787 24802 INFO rally.task.runner [-] Task b9b0de74-cb48-4d8f-aa9d-9a84f1760564 | ITER: 9 END: OK
2019-06-14 09:33:11.790 24802 INFO rally.task.runner [-] Task b9b0de74-cb48-4d8f-aa9d-9a84f1760564 | ITER: 38 START
2019-06-14 09:33:11.791 24802 WARNING rally_openstack.scenarios.neutron.utils [-] Running this scenario without either the 'network' or 'existing_network' context is deprecated
2019-06-14 09:33:12.792 24838 RALLYDEBUG rally_openstack.wrappers.network [-] CIDR generated: 1.1.5.108/30
2019-06-14 09:33:12.913 24800 RALLYDEBUG rally_openstack.wrappers.network [-] CIDR generated: 1.1.5.112/30
2019-06-14 09:33:12.985 24801 INFO rally.task.runner [-] Task b9b0de74-cb48-4d8f-aa9d-9a84f1760564 | ITER: 24 END: OK
2019-06-14 09:33:12.989 24801 INFO rally.task.runner [-] Task b9b0de74-cb48-4d8f-aa9d-9a84f1760564 | ITER: 39 START
2019-06-14 09:33:12.990 24801 WARNING rally_openstack.scenarios.neutron.utils [-] Running this scenario without either the 'network' or 'existing_network' context is deprecated
2019-06-14 09:33:13.303 24846 RALLYDEBUG rally_openstack.wrappers.network [-] CIDR generated: 1.1.5.116/30
2019-06-14 09:33:13.317 24831 RALLYDEBUG rally_openstack.wrappers.network [-] CIDR generated: 1.1.5.120/30
2019-06-14 09:33:13.584 24801 INFO rally.task.runner [-] Task b9b0de74-cb48-4d8f-aa9d-9a84f1760564 | ITER: 6 END: OK
2019-06-14 09:33:13.588 24801 INFO rally.task.runner [-] Task b9b0de74-cb48-4d8f-aa9d-9a84f1760564 | ITER: 40 START
2019-06-14 09:33:13.588 24801 WARNING rally_openstack.scenarios.neutron.utils [-] Running this scenario without either the 'network' or 'existing_network' context is deprecated
2019-06-14 09:33:13.634 24834 INFO rally.task.runner [-] Task b9b0de74-cb48-4d8f-aa9d-9a84f1760564 | ITER: 25 END: OK
2019-06-14 09:33:13.769 24802 RALLYDEBUG rally_openstack.wrappers.network [-] CIDR generated: 1.1.5.124/30
2019-06-14 09:33:14.039 24799 INFO rally.task.runner [-] Task b9b0de74-cb48-4d8f-aa9d-9a84f1760564 | ITER: 1 END: OK
2019-06-14 09:33:14.071 24820 INFO rally.task.runner [-] Task b9b0de74-cb48-4d8f-aa9d-9a84f1760564 | ITER: 12 END: OK
2019-06-14 09:33:14.386 24825 INFO rally.task.runner [-] Task b9b0de74-cb48-4d8f-aa9d-9a84f1760564 | ITER: 13 END: OK
2019-06-14 09:33:14.946 24801 RALLYDEBUG rally_openstack.wrappers.network [-] CIDR generated: 1.1.5.128/30
2019-06-14 09:33:15.324 24808 INFO rally.task.runner [-] Task b9b0de74-cb48-4d8f-aa9d-9a84f1760564 | ITER: 10 END: OK
2019-06-14 09:33:15.339 24802 RALLYDEBUG rally_openstack.wrappers.network [-] CIDR generated: 1.1.5.132/30
2019-06-14 09:33:15.467 24801 RALLYDEBUG rally_openstack.wrappers.network [-] CIDR generated: 1.1.5.136/30
2019-06-14 09:33:15.538 24843 RALLYDEBUG rally_openstack.wrappers.network [-] CIDR generated: 1.1.5.140/30
2019-06-14 09:33:15.630 24846 RALLYDEBUG rally_openstack.wrappers.network [-] CIDR generated: 1.1.5.144/30
2019-06-14 09:33:15.726 24802 RALLYDEBUG rally_openstack.wrappers.network [-] CIDR generated: 1.1.5.148/30
2019-06-14 09:33:15.765 24812 INFO rally.task.runner [-] Task b9b0de74-cb48-4d8f-aa9d-9a84f1760564 | ITER: 28 END: OK
2019-06-14 09:33:15.857 24800 INFO rally.task.runner [-] Task b9b0de74-cb48-4d8f-aa9d-9a84f1760564 | ITER: 33 END: OK
2019-06-14 09:33:16.349 24835 INFO rally.task.runner [-] Task b9b0de74-cb48-4d8f-aa9d-9a84f1760564 | ITER: 26 END: OK
2019-06-14 09:33:16.598 24799 INFO rally.task.runner [-] Task b9b0de74-cb48-4d8f-aa9d-9a84f1760564 | ITER: 32 END: OK
2019-06-14 09:33:16.654 24805 INFO rally.task.runner [-] Task b9b0de74-cb48-4d8f-aa9d-9a84f1760564 | ITER: 27 END: OK
2019-06-14 09:33:16.822 24801 RALLYDEBUG rally_openstack.wrappers.network [-] CIDR generated: 1.1.5.152/30
2019-06-14 09:33:17.099 24831 INFO rally.task.runner [-] Task b9b0de74-cb48-4d8f-aa9d-9a84f1760564 | ITER: 36 END: OK
2019-06-14 09:33:17.356 24800 INFO rally.task.runner [-] Task b9b0de74-cb48-4d8f-aa9d-9a84f1760564 | ITER: 31 END: OK
2019-06-14 09:33:17.423 24801 RALLYDEBUG rally_openstack.wrappers.network [-] CIDR generated: 1.1.5.156/30
2019-06-14 09:33:17.426 24838 INFO rally.task.runner [-] Task b9b0de74-cb48-4d8f-aa9d-9a84f1760564 | ITER: 30 END: OK
2019-06-14 09:33:18.398 24846 INFO rally.task.runner [-] Task b9b0de74-cb48-4d8f-aa9d-9a84f1760564 | ITER: 37 END: OK
2019-06-14 09:33:18.424 24802 INFO rally.task.runner [-] Task b9b0de74-cb48-4d8f-aa9d-9a84f1760564 | ITER: 38 END: OK
2019-06-14 09:33:19.058 24801 INFO rally.task.runner [-] Task b9b0de74-cb48-4d8f-aa9d-9a84f1760564 | ITER: 39 END: OK
2019-06-14 09:33:19.724 24801 INFO rally.task.runner [-] Task b9b0de74-cb48-4d8f-aa9d-9a84f1760564 | ITER: 40 END: OK
2019-06-14 09:33:20.001 24828 INFO rally.task.runner [-] Task b9b0de74-cb48-4d8f-aa9d-9a84f1760564 | ITER: 29 END: OK
2019-06-14 09:33:24.240 24843 INFO rally.task.runner [-] Task b9b0de74-cb48-4d8f-aa9d-9a84f1760564 | ITER: 35 END: OK
2019-06-14 09:33:24.280 24802 INFO rally.task.runner [-] Task b9b0de74-cb48-4d8f-aa9d-9a84f1760564 | ITER: 34 END: OK
2019-06-14 09:33:24.309 22705 INFO rally.task.context [-] Task b9b0de74-cb48-4d8f-aa9d-9a84f1760564 | Context cleanup@openstack cleanup() started
2019-06-14 09:33:24.311 22705 RALLYDEBUG rally_openstack.cleanup.manager [-] Cleaning up neutron vip objects
2019-06-14 09:33:25.052 22705 RALLYDEBUG rally_openstack.cleanup.manager [-] Cleaning up neutron health_monitor objects
2019-06-14 09:33:25.721 22705 RALLYDEBUG rally_openstack.cleanup.manager [-] Cleaning up neutron pool objects
2019-06-14 09:33:26.430 22705 RALLYDEBUG rally_openstack.cleanup.manager [-] Cleaning up neutron loadbalancer objects
2019-06-14 09:33:27.059 22705 RALLYDEBUG rally_openstack.cleanup.manager [-] Cleaning up neutron floatingip objects
2019-06-14 09:33:27.829 22705 RALLYDEBUG rally_openstack.cleanup.manager [-] Cleaning up neutron port objects
2019-06-14 09:33:28.718 22705 RALLYDEBUG rally_openstack.cleanup.manager [-] Cleaning up neutron subnet objects
2019-06-14 09:33:29.696 22705 RALLYDEBUG rally_openstack.cleanup.manager [-] Cleaning up neutron network objects
2019-06-14 09:33:30.495 22705 RALLYDEBUG rally_openstack.cleanup.manager [-] Deleting neutron.network object s_rally_ac26298e_p69xFZxn (01988cc4-f3db-4b51-9e82-10c3f6c091e8)
2019-06-14 09:33:30.504 22705 RALLYDEBUG rally_openstack.cleanup.manager [-] Deleting neutron.network object s_rally_ac26298e_qK9uEo9l (0e899aa4-0594-478a-952c-07bf38b20103)
2019-06-14 09:33:30.513 22705 RALLYDEBUG rally_openstack.cleanup.manager [-] Deleting neutron.network object s_rally_ac26298e_zw7KZimJ (11c2d749-ac59-42d8-9f41-8eb8ea0eef0c)
2019-06-14 09:33:30.514 22705 RALLYDEBUG rally_openstack.cleanup.manager [-] Deleting neutron.network object s_rally_ac26298e_XIhkWvhY (04b75f21-2270-4928-aaf5-fbb9b214edb1)
2019-06-14 09:33:30.532 22705 RALLYDEBUG rally_openstack.cleanup.manager [-] Deleting neutron.network object s_rally_ac26298e_Xi3TJgMi (17eb2d93-282b-4f92-badc-1cd3d6b9cc62)
2019-06-14 09:33:30.542 22705 RALLYDEBUG rally_openstack.cleanup.manager [-] Deleting neutron.network object s_rally_ac26298e_OsTqLPNr (1f8833c1-7d31-43db-9b9b-efcf031dee7f)
2019-06-14 09:33:30.558 22705 RALLYDEBUG rally_openstack.cleanup.manager [-] Deleting neutron.network object s_rally_ac26298e_oe9t7rh2 (1fab546f-a84a-47aa-8c8e-99ae62cd697e)
2019-06-14 09:33:30.564 22705 RALLYDEBUG rally_openstack.cleanup.manager [-] Deleting neutron.network object s_rally_ac26298e_TooFowus (3e21cf70-c994-4c04-955e-7303a28e2835)
2019-06-14 09:33:30.597 22705 RALLYDEBUG rally_openstack.cleanup.manager [-] Deleting neutron.network object s_rally_ac26298e_SepldxBp (66b3d39c-b26a-436c-a734-ab861dec894a)
2019-06-14 09:33:30.601 22705 RALLYDEBUG rally_openstack.cleanup.manager [-] Deleting neutron.network object s_rally_ac26298e_I3TMJpOZ (38149e64-008a-48e9-839e-5a758c69c770)
2019-06-14 09:33:30.606 22705 RALLYDEBUG rally_openstack.cleanup.manager [-] Deleting neutron.network object s_rally_ac26298e_EGX61I6e (523a5754-0d61-4b8a-b182-7c70df0a32c2)
2019-06-14 09:33:30.621 22705 RALLYDEBUG rally_openstack.cleanup.manager [-] Deleting neutron.network object s_rally_ac26298e_soYnSRtz (6248432a-3f6f-4414-8a07-d5c29a547645)
2019-06-14 09:33:30.636 22705 RALLYDEBUG rally_openstack.cleanup.manager [-] Deleting neutron.network object s_rally_ac26298e_UgqU810M (6774c9ba-ed97-45a1-a139-44da6158445b)
2019-06-14 09:33:30.814 22705 RALLYDEBUG rally_openstack.cleanup.manager [-] Deleting neutron.network object s_rally_ac26298e_RGyddkvq (7810beb0-c2c1-42c6-a4ef-f8bfcc9299b8)
2019-06-14 09:33:30.823 22705 RALLYDEBUG rally_openstack.cleanup.manager [-] Deleting neutron.network object s_rally_ac26298e_Ff07Lsu0 (6a5f31ed-e33c-4ee3-9376-d57c66a4d412)
2019-06-14 09:33:30.826 22705 RALLYDEBUG rally_openstack.cleanup.manager [-] Deleting neutron.network object s_rally_ac26298e_rctLiqr0 (7bee45b1-88b7-4177-a5de-f07748da33de)
2019-06-14 09:33:30.841 22705 RALLYDEBUG rally_openstack.cleanup.manager [-] Deleting neutron.network object s_rally_ac26298e_LbYt1qOw (75540907-961f-4d67-b8e4-b4971db04241)
2019-06-14 09:33:30.846 22705 RALLYDEBUG rally_openstack.cleanup.manager [-] Deleting neutron.network object s_rally_ac26298e_DsrC84ML (8187e3b8-83db-446a-9343-56ff17fb08f8)
2019-06-14 09:33:30.860 22705 RALLYDEBUG rally_openstack.cleanup.manager [-] Deleting neutron.network object s_rally_ac26298e_OxTnP4iw (954388de-27d5-44a5-9649-caf36b7e86f2)
2019-06-14 09:33:30.870 22705 RALLYDEBUG rally_openstack.cleanup.manager [-] Deleting neutron.network object s_rally_ac26298e_nIfhcXkW (963e1a99-32da-41f6-bc8a-3a24c2e2f2b8)
2019-06-14 09:33:33.742 22705 RALLYDEBUG rally_openstack.cleanup.manager [-] Deleting neutron.network object s_rally_ac26298e_z8UGkYvl (9963ebc1-558a-4b61-9174-ac32ce102a60)
2019-06-14 09:33:33.749 22705 RALLYDEBUG rally_openstack.cleanup.manager [-] Deleting neutron.network object s_rally_ac26298e_ZiNdrYLu (9b0ddee0-f524-4f87-9bd1-67337eae6c6a)
2019-06-14 09:33:33.774 22705 RALLYDEBUG rally_openstack.cleanup.manager [-] Deleting neutron.network object s_rally_ac26298e_lmxTVRjA (9b762537-8f05-42e3-81b8-10b894cf941d)
2019-06-14 09:33:33.794 22705 RALLYDEBUG rally_openstack.cleanup.manager [-] Deleting neutron.network object s_rally_ac26298e_1gigNQOw (a45a869f-c7a1-4056-b98b-597d489a62b3)
2019-06-14 09:33:33.815 22705 RALLYDEBUG rally_openstack.cleanup.manager [-] Deleting neutron.network object s_rally_ac26298e_6Qg7s4Zu (a685a531-9527-4743-b3fa-87f0e0ef4dc7)
2019-06-14 09:33:33.938 22705 RALLYDEBUG rally_openstack.cleanup.manager [-] Deleting neutron.network object s_rally_ac26298e_XU3nU1g4 (a7269c90-642f-4b37-979f-64f526fc2d91)
2019-06-14 09:33:33.986 22705 RALLYDEBUG rally_openstack.cleanup.manager [-] Deleting neutron.network object s_rally_ac26298e_1MFHl7ge (ab94afb8-d65b-4b7e-a22f-6bc371810173)
2019-06-14 09:33:34.625 22705 RALLYDEBUG rally_openstack.cleanup.manager [-] Deleting neutron.network object s_rally_ac26298e_8P66PhLA (bc6d3137-cb80-421d-a1a6-4d1585ffb495)
2019-06-14 09:33:34.707 22705 RALLYDEBUG rally_openstack.cleanup.manager [-] Deleting neutron.network object s_rally_ac26298e_pRR1ejKj (c317231d-fcbe-4458-bda9-e0e0e5c8f2c3)
2019-06-14 09:33:36.558 22705 RALLYDEBUG rally_openstack.cleanup.manager [-] Deleting neutron.network object s_rally_ac26298e_tALloHeL (cfe6a27c-5c2d-4bc3-b198-2a828e1328df)
2019-06-14 09:33:36.675 22705 RALLYDEBUG rally_openstack.cleanup.manager [-] Deleting neutron.network object s_rally_ac26298e_sCb7ppTN (d3152167-fb13-46c4-bef9-34b1222bec0a)
2019-06-14 09:33:36.734 22705 RALLYDEBUG rally_openstack.cleanup.manager [-] Deleting neutron.network object s_rally_ac26298e_PGesFuyr (d51a1edc-7116-474d-a384-acea3432f3c9)
2019-06-14 09:33:37.866 22705 RALLYDEBUG rally_openstack.cleanup.manager [-] Deleting neutron.network object s_rally_ac26298e_Yp7Gnp1o (d9429ff4-8355-44b2-bddb-5c5353b0644a)
2019-06-14 09:33:37.877 22705 RALLYDEBUG rally_openstack.cleanup.manager [-] Deleting neutron.network object s_rally_ac26298e_IQD8fXwp (deefa32d-daf3-4c1b-87a2-8b70d750ecfd)
2019-06-14 09:33:37.896 22705 RALLYDEBUG rally_openstack.cleanup.manager [-] Deleting neutron.network object s_rally_ac26298e_PoSK5GsU (dff58ef2-abb9-454f-ab8b-e880e1765384)
2019-06-14 09:33:37.906 22705 RALLYDEBUG rally_openstack.cleanup.manager [-] Deleting neutron.network object s_rally_ac26298e_pP1CPdCY (e464eb05-95dd-440a-8d11-def8c030d5cc)
2019-06-14 09:33:38.472 22705 RALLYDEBUG rally_openstack.cleanup.manager [-] Deleting neutron.network object s_rally_ac26298e_sks40FiB (e91a6938-2c9e-4ff8-8db9-6518f00b9047)
2019-06-14 09:33:38.728 22705 RALLYDEBUG rally_openstack.cleanup.manager [-] Deleting neutron.network object s_rally_ac26298e_OA1SOeI2 (ee9d78a3-69a0-4e59-a37d-689c8b007e10)
2019-06-14 09:33:39.128 22705 RALLYDEBUG rally_openstack.cleanup.manager [-] Deleting neutron.network object s_rally_ac26298e_WMp2C1Uv (ef67ede1-459d-4a7d-9570-33b27ecff534)
2019-06-14 09:33:39.166 22705 RALLYDEBUG rally_openstack.cleanup.manager [-] Deleting neutron.network object s_rally_ac26298e_ZeuLNNqM (fd12c4f3-6a69-4aca-912d-8dd377447bf9)
2019-06-14 09:33:42.356 22705 RALLYDEBUG rally_openstack.cleanup.manager [-] Cleaning up neutron router objects
2019-06-14 09:33:43.018 22705 RALLYDEBUG rally_openstack.cleanup.manager [-] Cleaning up neutron security_group objects
2019-06-14 09:33:43.696 22705 INFO rally.task.context [-] Task b9b0de74-cb48-4d8f-aa9d-9a84f1760564 | Context cleanup@openstack cleanup() finished in 19.39 sec
2019-06-14 09:33:43.696 22705 INFO rally.task.context [-] Task b9b0de74-cb48-4d8f-aa9d-9a84f1760564 | Context quotas@openstack cleanup() started
2019-06-14 09:33:43.906 22705 INFO rally.task.context [-] Task b9b0de74-cb48-4d8f-aa9d-9a84f1760564 | Context quotas@openstack cleanup() finished in 0.21 sec
2019-06-14 09:33:43.906 22705 INFO rally.task.context [-] Task b9b0de74-cb48-4d8f-aa9d-9a84f1760564 | Context users@openstack cleanup() started
2019-06-14 09:33:48.271 22705 INFO rally.task.context [-] Task b9b0de74-cb48-4d8f-aa9d-9a84f1760564 | Context users@openstack cleanup() finished in 4.36 sec
2019-06-14 09:33:48.954 22705 INFO rally.task.engine [-] Load duration is: 34.706366
2019-06-14 09:33:48.955 22705 INFO rally.task.engine [-] Full runner duration is: 34.759773
2019-06-14 09:33:48.955 22705 INFO rally.task.engine [-] Full duration is: 63.725555
2019-06-14 09:33:49.212 22705 INFO rally.task.engine [-] Running workload: position = 0 config = { "version": 2, "title": "A cropped version of a bigger task.", "description": "Auto-generated task from a single workload (uuid=63cd966a-12fa-4c8b-9699-ac12ab143e98)", "subtasks": [ { "title": "NeutronNetworks.create_and_list_routers", "description": "Create and a given number of routers and list all routers.", "scenario": { "NeutronNetworks.create_and_list_routers": { "network_create_args": null, "subnet_create_args": null, "subnet_cidr_start": "1.1.0.0/30", "subnets_per_network": 2, "router_create_args": null } }, "contexts": { "users": { "tenants": 1, "users_per_tenant": 1 }, "quotas": { "neutron": { "network": -1, "subnet": -1, "router": -1 } } }, "runner": { "constant": { "times": 40, "concurrency": 20 } }, "hooks": [], "sla": { "failure_rate": { "max": 0 } } } ] }
2019-06-14 09:33:49.232 22705 RALLYDEBUG rally_openstack.contexts.keystone.users [-] Creating 1 tenants using 20 threads
2019-06-14 09:33:50.832 22705 RALLYDEBUG rally_openstack.contexts.keystone.users [-] Creating 1 users using 20 threads
2019-06-14 09:33:53.316 22705 INFO rally.task.context [-] Task b9b0de74-cb48-4d8f-aa9d-9a84f1760564 | Context users@openstack setup() finished in 4.08 sec
2019-06-14 09:33:54.135 22705 INFO rally.task.context [-] Task b9b0de74-cb48-4d8f-aa9d-9a84f1760564 | Context quotas@openstack setup() finished in 0.82 sec
2019-06-14 09:33:54.136 22705 INFO rally.task.context [-] Task b9b0de74-cb48-4d8f-aa9d-9a84f1760564 | Context cleanup@openstack setup() finished in 0.00 msec
2019-06-14 09:33:54.143 22705 RALLYDEBUG rally.task.runner [-] Starting the constant runner (task UUID: b9b0de74-cb48-4d8f-aa9d-9a84f1760564). timeout: 0 concurrency: 20 concurrency_per_worker: 1 times: 40 concurrency_overhead: 4 processes_to_start: 16 max_cpu_used: 16
2019-06-14 09:33:54.154 25169 RALLYDEBUG rally.task.runner [-] Starting a worker. concurrency: 2 args: {"network_create_args": null, "subnet_create_args": null, "subnet_cidr_start": "1.1.0.0/30", "subnets_per_network": 2, "router_create_args": null} times: 40 method_name: run timeout: 0 duration: None cls:
2019-06-14 09:33:54.154 25171 RALLYDEBUG rally.task.runner [-] Starting a worker. concurrency: 2 args: {"network_create_args": null, "subnet_create_args": null, "subnet_cidr_start": "1.1.0.0/30", "subnets_per_network": 2, "router_create_args": null} times: 40 method_name: run timeout: 0 duration: None cls:
2019-06-14 09:33:54.156 25172 RALLYDEBUG rally.task.runner [-] Starting a worker. concurrency: 2 args: {"network_create_args": null, "subnet_create_args": null, "subnet_cidr_start": "1.1.0.0/30", "subnets_per_network": 2, "router_create_args": null} times: 40 method_name: run timeout: 0 duration: None cls:
2019-06-14 09:33:54.156 25170 RALLYDEBUG rally.task.runner [-] Starting a worker. concurrency: 2 args: {"network_create_args": null, "subnet_create_args": null, "subnet_cidr_start": "1.1.0.0/30", "subnets_per_network": 2, "router_create_args": null} times: 40 method_name: run timeout: 0 duration: None cls:
2019-06-14 09:33:54.160 25171 INFO rally.task.runner [-] Task b9b0de74-cb48-4d8f-aa9d-9a84f1760564 | ITER: 2 START
2019-06-14 09:33:54.160 25172 INFO rally.task.runner [-] Task b9b0de74-cb48-4d8f-aa9d-9a84f1760564 | ITER: 3 START
2019-06-14 09:33:54.161 25169 INFO rally.task.runner [-] Task b9b0de74-cb48-4d8f-aa9d-9a84f1760564 | ITER: 1 START
2019-06-14 09:33:54.162 25173 RALLYDEBUG rally.task.runner [-] Starting a worker. concurrency: 1 args: {"network_create_args": null, "subnet_create_args": null, "subnet_cidr_start": "1.1.0.0/30", "subnets_per_network": 2, "router_create_args": null} times: 40 method_name: run timeout: 0 duration: None cls:
2019-06-14 09:33:54.162 25178 RALLYDEBUG rally.task.runner [-] Starting a worker. concurrency: 1 args: {"network_create_args": null, "subnet_create_args": null, "subnet_cidr_start": "1.1.0.0/30", "subnets_per_network": 2, "router_create_args": null} times: 40 method_name: run timeout: 0 duration: None cls:
2019-06-14 09:33:54.163 25170 INFO rally.task.runner [-] Task b9b0de74-cb48-4d8f-aa9d-9a84f1760564 | ITER: 8 START
2019-06-14 09:33:54.165 25178 INFO rally.task.runner [-] Task b9b0de74-cb48-4d8f-aa9d-9a84f1760564 | ITER: 10 START
2019-06-14 09:33:54.166 25171 INFO rally.task.runner [-] Task b9b0de74-cb48-4d8f-aa9d-9a84f1760564 | ITER: 5 START
2019-06-14 09:33:54.167 25172 INFO rally.task.runner [-] Task b9b0de74-cb48-4d8f-aa9d-9a84f1760564 | ITER: 7 START
2019-06-14 09:33:54.168 25170 INFO rally.task.runner [-] Task b9b0de74-cb48-4d8f-aa9d-9a84f1760564 | ITER: 4 START
2019-06-14 09:33:54.168 25173 INFO rally.task.runner [-] Task b9b0de74-cb48-4d8f-aa9d-9a84f1760564 | ITER: 9 START
2019-06-14 09:33:54.171 25169 INFO rally.task.runner [-] Task b9b0de74-cb48-4d8f-aa9d-9a84f1760564 | ITER: 6 START
2019-06-14 09:33:54.172 25187 RALLYDEBUG rally.task.runner [-] Starting a worker. concurrency: 1 args: {"network_create_args": null, "subnet_create_args": null, "subnet_cidr_start": "1.1.0.0/30", "subnets_per_network": 2, "router_create_args": null} times: 40 method_name: run timeout: 0 duration: None cls:
2019-06-14 09:33:54.178 25192 RALLYDEBUG rally.task.runner [-] Starting a worker. concurrency: 1 args: {"network_create_args": null, "subnet_create_args": null, "subnet_cidr_start": "1.1.0.0/30", "subnets_per_network": 2, "router_create_args": null} times: 40 method_name: run timeout: 0 duration: None cls:
2019-06-14 09:33:54.185 25195 RALLYDEBUG rally.task.runner [-] Starting a worker. concurrency: 1 args: {"network_create_args": null, "subnet_create_args": null, "subnet_cidr_start": "1.1.0.0/30", "subnets_per_network": 2, "router_create_args": null} times: 40 method_name: run timeout: 0 duration: None cls:
2019-06-14 09:33:54.185 25187 INFO rally.task.runner [-] Task b9b0de74-cb48-4d8f-aa9d-9a84f1760564 | ITER: 11 START
2019-06-14 09:33:54.188 25192 INFO rally.task.runner [-] Task b9b0de74-cb48-4d8f-aa9d-9a84f1760564 | ITER: 12 START
2019-06-14 09:33:54.189 25195 INFO rally.task.runner [-] Task b9b0de74-cb48-4d8f-aa9d-9a84f1760564 | ITER: 13 START
2019-06-14 09:33:54.190 25198 RALLYDEBUG rally.task.runner [-] Starting a worker. concurrency: 1 args: {"network_create_args": null, "subnet_create_args": null, "subnet_cidr_start": "1.1.0.0/30", "subnets_per_network": 2, "router_create_args": null} times: 40 method_name: run timeout: 0 duration: None cls:
2019-06-14 09:33:54.189 25193 RALLYDEBUG rally.task.runner [-] Starting a worker. concurrency: 1 args: {"network_create_args": null, "subnet_create_args": null, "subnet_cidr_start": "1.1.0.0/30", "subnets_per_network": 2, "router_create_args": null} times: 40 method_name: run timeout: 0 duration: None cls:
2019-06-14 09:33:54.192 25198 INFO rally.task.runner [-] Task b9b0de74-cb48-4d8f-aa9d-9a84f1760564 | ITER: 14 START
2019-06-14 09:33:54.196 25193 INFO rally.task.runner [-] Task b9b0de74-cb48-4d8f-aa9d-9a84f1760564 | ITER: 15 START
2019-06-14 09:33:54.202 25207 RALLYDEBUG rally.task.runner [-] Starting a worker. concurrency: 1 args: {"network_create_args": null, "subnet_create_args": null, "subnet_cidr_start": "1.1.0.0/30", "subnets_per_network": 2, "router_create_args": null} times: 40 method_name: run timeout: 0 duration: None cls:
2019-06-14 09:33:54.205 25207 INFO rally.task.runner [-] Task b9b0de74-cb48-4d8f-aa9d-9a84f1760564 | ITER: 16 START
2019-06-14 09:33:54.205 25204 RALLYDEBUG rally.task.runner [-] Starting a worker. concurrency: 1 args: {"network_create_args": null, "subnet_create_args": null, "subnet_cidr_start": "1.1.0.0/30", "subnets_per_network": 2, "router_create_args": null} times: 40 method_name: run timeout: 0 duration: None cls:
2019-06-14 09:33:54.206 25208 RALLYDEBUG rally.task.runner [-] Starting a worker. concurrency: 1 args: {"network_create_args": null, "subnet_create_args": null, "subnet_cidr_start": "1.1.0.0/30", "subnets_per_network": 2, "router_create_args": null} times: 40 method_name: run timeout: 0 duration: None cls:
2019-06-14 09:33:54.211 25211 RALLYDEBUG rally.task.runner [-] Starting a worker. concurrency: 1 args: {"network_create_args": null, "subnet_create_args": null, "subnet_cidr_start": "1.1.0.0/30", "subnets_per_network": 2, "router_create_args": null} times: 40 method_name: run timeout: 0 duration: None cls:
2019-06-14 09:33:54.214 25211 INFO rally.task.runner [-] Task b9b0de74-cb48-4d8f-aa9d-9a84f1760564 | ITER: 19 START
2019-06-14 09:33:54.214 25208 INFO rally.task.runner [-] Task b9b0de74-cb48-4d8f-aa9d-9a84f1760564 | ITER: 18 START
2019-06-14 09:33:54.214 25204 INFO rally.task.runner [-] Task b9b0de74-cb48-4d8f-aa9d-9a84f1760564 | ITER: 17 START
2019-06-14 09:33:54.217 25214 RALLYDEBUG rally.task.runner [-] Starting a worker. concurrency: 1 args: {"network_create_args": null, "subnet_create_args": null, "subnet_cidr_start": "1.1.0.0/30", "subnets_per_network": 2, "router_create_args": null} times: 40 method_name: run timeout: 0 duration: None cls:
2019-06-14 09:33:54.222 25214 INFO rally.task.runner [-] Task b9b0de74-cb48-4d8f-aa9d-9a84f1760564 | ITER: 20 START
2019-06-14 09:33:55.878 25173 RALLYDEBUG rally_openstack.wrappers.network [-] CIDR generated: 1.1.5.160/30
2019-06-14 09:33:55.979 25170 RALLYDEBUG rally_openstack.wrappers.network [-] CIDR generated: 1.1.5.164/30
2019-06-14 09:33:56.062 25171 RALLYDEBUG rally_openstack.wrappers.network [-] CIDR generated: 1.1.5.168/30
2019-06-14 09:33:56.347 25204 RALLYDEBUG rally_openstack.wrappers.network [-] CIDR generated: 1.1.5.172/30
2019-06-14 09:33:56.413 25208 RALLYDEBUG rally_openstack.wrappers.network [-] CIDR generated: 1.1.5.176/30
2019-06-14 09:33:56.442 25170 RALLYDEBUG rally_openstack.wrappers.network [-] CIDR generated: 1.1.5.180/30
2019-06-14 09:33:56.470 25169 RALLYDEBUG rally_openstack.wrappers.network [-] CIDR generated: 1.1.5.184/30
2019-06-14 09:33:56.477 25172 RALLYDEBUG rally_openstack.wrappers.network [-] CIDR generated: 1.1.5.188/30
2019-06-14 09:33:56.544 25172 RALLYDEBUG rally_openstack.wrappers.network [-] CIDR generated: 1.1.5.192/30
2019-06-14 09:33:56.634 25192 RALLYDEBUG rally_openstack.wrappers.network [-] CIDR generated: 1.1.5.196/30
2019-06-14 09:33:56.655 25214 RALLYDEBUG rally_openstack.wrappers.network [-] CIDR generated: 1.1.5.200/30
2019-06-14 09:33:56.685 25169 RALLYDEBUG rally_openstack.wrappers.network [-] CIDR generated: 1.1.5.204/30
2019-06-14 09:33:56.696 25178 RALLYDEBUG rally_openstack.wrappers.network [-] CIDR generated: 1.1.5.208/30
2019-06-14 09:33:56.749 25198 RALLYDEBUG rally_openstack.wrappers.network [-] CIDR generated: 1.1.5.212/30
2019-06-14 09:33:56.797 25173 RALLYDEBUG rally_openstack.wrappers.network [-] CIDR generated: 1.1.5.216/30
2019-06-14 09:33:56.924 25171 RALLYDEBUG rally_openstack.wrappers.network [-] CIDR generated: 1.1.5.220/30
2019-06-14 09:33:57.415 25208 RALLYDEBUG rally_openstack.wrappers.network [-] CIDR generated: 1.1.5.224/30
2019-06-14 09:33:57.865 25170 RALLYDEBUG rally_openstack.wrappers.network [-] CIDR generated: 1.1.5.228/30
2019-06-14 09:33:57.924 25193 RALLYDEBUG rally_openstack.wrappers.network [-] CIDR generated: 1.1.5.232/30
2019-06-14 09:33:57.928 25195 RALLYDEBUG rally_openstack.wrappers.network [-] CIDR generated: 1.1.5.236/30
2019-06-14 09:33:57.967 25171 RALLYDEBUG rally_openstack.wrappers.network [-] CIDR generated: 1.1.5.240/30
2019-06-14 09:33:58.093 25214 RALLYDEBUG rally_openstack.wrappers.network [-] CIDR generated: 1.1.5.244/30
2019-06-14 09:33:58.218 25204 RALLYDEBUG rally_openstack.wrappers.network [-] CIDR generated: 1.1.5.248/30
2019-06-14 09:33:58.284 25187 RALLYDEBUG rally_openstack.wrappers.network [-] CIDR generated: 1.1.5.252/30
2019-06-14 09:33:58.398 25211 RALLYDEBUG rally_openstack.wrappers.network [-] CIDR generated: 1.1.6.0/30
2019-06-14 09:33:58.800 25207 RALLYDEBUG rally_openstack.wrappers.network [-] CIDR generated: 1.1.6.4/30
2019-06-14 09:34:01.968 25170 RALLYDEBUG rally_openstack.wrappers.network [-] CIDR generated: 1.1.6.8/30
2019-06-14 09:34:02.000 25172 RALLYDEBUG rally_openstack.wrappers.network [-] CIDR generated: 1.1.6.12/30
2019-06-14 09:34:02.162 25169 RALLYDEBUG rally_openstack.wrappers.network [-] CIDR generated: 1.1.6.16/30
2019-06-14 09:34:02.306 25169 RALLYDEBUG rally_openstack.wrappers.network [-] CIDR generated: 1.1.6.20/30
2019-06-14 09:34:02.798 25192 RALLYDEBUG rally_openstack.wrappers.network [-] CIDR generated: 1.1.6.24/30
2019-06-14 09:34:05.472 25173 INFO rally.task.runner [-] Task b9b0de74-cb48-4d8f-aa9d-9a84f1760564 | ITER: 9 END: OK
2019-06-14 09:34:05.477 25173 INFO rally.task.runner [-] Task b9b0de74-cb48-4d8f-aa9d-9a84f1760564 | ITER: 21 START
2019-06-14 09:34:06.516 25208 INFO rally.task.runner [-] Task b9b0de74-cb48-4d8f-aa9d-9a84f1760564 | ITER: 18 END: OK
2019-06-14 09:34:06.520 25208 INFO rally.task.runner [-] Task b9b0de74-cb48-4d8f-aa9d-9a84f1760564 | ITER: 22 START
2019-06-14 09:34:06.592 25173 RALLYDEBUG rally_openstack.wrappers.network [-] CIDR generated: 1.1.6.28/30
2019-06-14 09:34:07.018 25178 RALLYDEBUG rally_openstack.wrappers.network [-] CIDR generated: 1.1.6.32/30
2019-06-14 09:34:07.724 25172 RALLYDEBUG rally_openstack.wrappers.network [-] CIDR generated: 1.1.6.36/30
2019-06-14 09:34:07.907 25198 RALLYDEBUG rally_openstack.wrappers.network [-] CIDR generated: 1.1.6.40/30
2019-06-14 09:34:07.961 25208 RALLYDEBUG rally_openstack.wrappers.network [-] CIDR generated: 1.1.6.44/30
2019-06-14 09:34:08.110 25173 RALLYDEBUG rally_openstack.wrappers.network [-] CIDR generated: 1.1.6.48/30
2019-06-14 09:34:08.197 25171 RALLYDEBUG rally_openstack.wrappers.network [-] CIDR generated: 1.1.6.52/30
2019-06-14 09:34:08.545 25193 RALLYDEBUG rally_openstack.wrappers.network [-] CIDR generated: 1.1.6.56/30
2019-06-14 09:34:08.630 25195 RALLYDEBUG rally_openstack.wrappers.network [-] CIDR generated: 1.1.6.60/30
2019-06-14 09:34:09.176 25211 RALLYDEBUG rally_openstack.wrappers.network [-] CIDR generated: 1.1.6.64/30
2019-06-14 09:34:09.802 25207 RALLYDEBUG rally_openstack.wrappers.network [-] CIDR generated: 1.1.6.68/30
2019-06-14 09:34:10.088 25187 RALLYDEBUG rally_openstack.wrappers.network [-] CIDR generated: 1.1.6.72/30
2019-06-14 09:34:10.116 25208 RALLYDEBUG rally_openstack.wrappers.network [-] CIDR generated: 1.1.6.76/30
2019-06-14 09:34:14.663 25171 INFO rally.task.runner [-] Task b9b0de74-cb48-4d8f-aa9d-9a84f1760564 | ITER: 5 END: OK
2019-06-14 09:34:14.667 25171 INFO rally.task.runner [-] Task b9b0de74-cb48-4d8f-aa9d-9a84f1760564 | ITER: 23 START
2019-06-14 09:34:14.681 25204 INFO rally.task.runner [-] Task b9b0de74-cb48-4d8f-aa9d-9a84f1760564 | ITER: 17 END: OK
