2019-06-14 09:46:48.717 22705 RALLYDEBUG rally_openstack.cleanup.manager [-] Deleting neutron.port object s_rally_8aca7163_klv0gOxL (541d7090-8ef8-4257-aac3-a768f20fafd4)
2019-06-14 09:46:48.773 22705 RALLYDEBUG rally_openstack.cleanup.manager [-] Deleting neutron.port object s_rally_8aca7163_HWVcf7i9 (5518b73e-e044-4c0d-a83e-cc8b20028a8a)
2019-06-14 09:46:49.069 22705 RALLYDEBUG rally_openstack.cleanup.manager [-] Deleting neutron.port object s_rally_8aca7163_kecG8qC0 (579ff65d-1af7-403c-aa2c-eaa175c22a4f)
2019-06-14 09:46:49.156 22705 RALLYDEBUG rally_openstack.cleanup.manager [-] Deleting neutron.port object s_rally_8aca7163_iT9Mrtiy (5847ef4c-bd5d-4e36-a5de-d8125de27a81)
2019-06-14 09:46:49.384 22705 RALLYDEBUG rally_openstack.cleanup.manager [-] Deleting neutron.port object s_rally_8aca7163_OZ1WpE4I (5891f14d-07e8-438d-a7b1-5d8cc33bd1cf)
2019-06-14 09:46:49.399 22705 RALLYDEBUG rally_openstack.cleanup.manager [-] Deleting neutron.port object s_rally_8aca7163_8oFpXxNM (5c09ec38-c099-4130-82d9-aa5523fbbec9)
2019-06-14 09:46:49.607 22705 RALLYDEBUG rally_openstack.cleanup.manager [-] Deleting neutron.port object s_rally_8aca7163_bXlqMzqy (5c8a3568-c628-48eb-b1be-0b2acf131a07)
2019-06-14 09:46:49.614 22705 RALLYDEBUG rally_openstack.cleanup.manager [-] Deleting neutron.port object s_rally_8aca7163_gt41hOL4 (5d418b54-f217-4294-bee0-3c17fcd7c5bf)
2019-06-14 09:46:49.618 22705 RALLYDEBUG rally_openstack.cleanup.manager [-] Deleting neutron.port object s_rally_8aca7163_muZSft3V (5f282e10-a4e3-44ce-bc04-47e74c47eb1b)
2019-06-14 09:46:50.085 22705 RALLYDEBUG rally_openstack.cleanup.manager [-] Deleting neutron.port object s_rally_8aca7163_MzWEb3gs (5f9e0f86-ebc6-4402-9ac2-2ccfc49c779e)
2019-06-14 09:46:50.333 22705 RALLYDEBUG rally_openstack.cleanup.manager [-] Deleting neutron.port object s_rally_8aca7163_pKq5B0NJ (5fd96163-2ae9-44b7-8d8b-7c93ae54bd4e)
2019-06-14 09:46:50.444 22705 RALLYDEBUG rally_openstack.cleanup.manager [-] Deleting neutron.port object s_rally_8aca7163_4BWQRkYM (604d31c1-e605-4d65-9e90-6ac5155dbacc)
2019-06-14 09:46:50.455 22705 RALLYDEBUG rally_openstack.cleanup.manager [-] Deleting neutron.port object s_rally_8aca7163_wmG6MvWx (618f00ab-4613-46b3-bc22-1d41177c440b)
2019-06-14 09:46:50.717 22705 RALLYDEBUG rally_openstack.cleanup.manager [-] Deleting neutron.port object s_rally_8aca7163_NBbKasUq (61f4d54e-7b1e-4f0f-af50-faec71f0a75c)
2019-06-14 09:46:50.801 22705 RALLYDEBUG rally_openstack.cleanup.manager [-] Deleting neutron.port object s_rally_8aca7163_jgn3e6kO (6653ed9a-608a-4060-850e-94bae14befef)
2019-06-14 09:46:50.993 22705 RALLYDEBUG rally_openstack.cleanup.manager [-] Deleting neutron.port object s_rally_8aca7163_b8a1zfjx (67a5edd0-680e-4ea3-9ac2-5998ca8dfc8b)
2019-06-14 09:46:51.090 22705 RALLYDEBUG rally_openstack.cleanup.manager [-] Deleting neutron.port object s_rally_8aca7163_eLjiWWy7 (690c8376-4509-4eaf-b0fe-3c9254e856ea)
2019-06-14 09:46:51.142 22705 RALLYDEBUG rally_openstack.cleanup.manager [-] Deleting neutron.port object s_rally_8aca7163_qqyTLveg (6a3b4986-6c82-4560-ac87-725988d7d5ec)
2019-06-14 09:46:51.405 22705 RALLYDEBUG rally_openstack.cleanup.manager [-] Deleting neutron.port object s_rally_8aca7163_XfAhPBsE (6ef9c525-b130-4a0b-b77c-71e1b7d46fc3)
2019-06-14 09:46:51.407 22705 RALLYDEBUG rally_openstack.cleanup.manager [-] Deleting neutron.port object s_rally_8aca7163_Cq6dmnXX (6abcdd21-355e-4acc-a860-1253ceabb726)
2019-06-14 09:46:51.968 22705 RALLYDEBUG rally_openstack.cleanup.manager [-] Deleting neutron.port object s_rally_8aca7163_5CtZysWn (6f6bd664-5663-4514-84f2-215c603ba050)
2019-06-14 09:46:51.973 22705 RALLYDEBUG rally_openstack.cleanup.manager [-] Deleting neutron.port object s_rally_8aca7163_NTbXL2O2 (6fcbf859-9a26-413d-8009-c60b7db49174)
2019-06-14 09:46:52.060 22705 RALLYDEBUG rally_openstack.cleanup.manager [-] Deleting neutron.port object s_rally_8aca7163_8D3GPHi4 (6fd668aa-84d8-4a53-b1f5-3abaa0807171)
2019-06-14 09:46:52.293 22705 RALLYDEBUG rally_openstack.cleanup.manager [-] Deleting neutron.port object s_rally_8aca7163_qygeB2cc (7142f5b4-5e79-43d4-b8eb-327ba22c8322)
2019-06-14 09:46:52.356 22705 RALLYDEBUG rally_openstack.cleanup.manager [-] Deleting neutron.port object s_rally_8aca7163_cngqMSqP (739c742b-514a-4cf8-b0e2-eb62bb552b45)
2019-06-14 09:46:52.447 22705 RALLYDEBUG rally_openstack.cleanup.manager [-] Deleting neutron.port object s_rally_8aca7163_rgbqE8da (73e8ed44-5f5d-4a90-9c2a-c1ab507977d2)
2019-06-14 09:46:52.461 22705 RALLYDEBUG rally_openstack.cleanup.manager [-] Deleting neutron.port object s_rally_8aca7163_UPEOjF2L (74242a96-6282-4991-b544-3af9a69652f5)
2019-06-14 09:46:52.481 22705 RALLYDEBUG rally_openstack.cleanup.manager [-] Deleting neutron.port object s_rally_8aca7163_z2aZWYzV (74fcf71a-1dd1-4855-8162-f506026e12da)
2019-06-14 09:46:52.490 22705 RALLYDEBUG rally_openstack.cleanup.manager [-] Deleting neutron.port object s_rally_8aca7163_7GKalQsC (756fdbf8-0fc8-42b0-afae-18b1530b474c)
2019-06-14 09:46:52.490 22705 RALLYDEBUG rally_openstack.cleanup.manager [-] Deleting neutron.port object s_rally_8aca7163_W7Egz44X (75932027-35c9-4dbb-8da7-19d7b7e2ecfc)
2019-06-14 09:46:52.798 22705 RALLYDEBUG rally_openstack.cleanup.manager [-] Deleting neutron.port object s_rally_8aca7163_vV9DRIhi (764cb17c-92d5-4e93-971b-bf9c375c9987)
2019-06-14 09:46:52.843 22705 RALLYDEBUG rally_openstack.cleanup.manager [-] Deleting neutron.port object s_rally_8aca7163_YbgQkbqk (7f307c71-b28c-4bdd-815a-cdc3194099bc)
2019-06-14 09:46:53.166 22705 RALLYDEBUG rally_openstack.cleanup.manager [-] Deleting neutron.port object s_rally_8aca7163_KV74sAxb (80deab9e-9449-447a-9bc3-1feccc6680d4)
2019-06-14 09:46:53.376 22705 RALLYDEBUG rally_openstack.cleanup.manager [-] Deleting neutron.port object s_rally_8aca7163_NgPf5GE2 (832cc58f-7236-4df0-8fd7-e705b3594734)
2019-06-14 09:46:53.677 22705 RALLYDEBUG rally_openstack.cleanup.manager [-] Deleting neutron.port object s_rally_8aca7163_329S3mBt (85313c9e-3139-40c2-bb13-867b50ae4464)
2019-06-14 09:46:54.466 22705 RALLYDEBUG rally_openstack.cleanup.manager [-] Deleting neutron.port object s_rally_8aca7163_TxpdYJVR (857e10cd-541f-4644-a11c-de02bd1785ca)
2019-06-14 09:46:54.722 22705 RALLYDEBUG rally_openstack.cleanup.manager [-] Deleting neutron.port object s_rally_8aca7163_kXhL2Mpx (85c78c4c-41f0-42dd-b57b-273bc947c436)
2019-06-14 09:46:54.772 22705 RALLYDEBUG rally_openstack.cleanup.manager [-] Deleting neutron.port object s_rally_8aca7163_FoYZYR5P (85dd90d3-116d-488c-b349-165a383dcb38)
2019-06-14 09:46:54.944 22705 RALLYDEBUG rally_openstack.cleanup.manager [-] Deleting neutron.port object s_rally_8aca7163_gA71iHt1 (868fe8b2-1173-4a6b-846d-4f5dcb009ea8)
2019-06-14 09:46:55.109 22705 RALLYDEBUG rally_openstack.cleanup.manager [-] Deleting neutron.port object s_rally_8aca7163_aCSv1grF (86b10672-9372-4eac-9c56-089c678f1e1e)
2019-06-14 09:46:55.138 22705 RALLYDEBUG rally_openstack.cleanup.manager [-] Deleting neutron.port object s_rally_8aca7163_bsXHvf82 (86c183b6-362f-4bf3-bd22-e49d116dd37e)
2019-06-14 09:46:55.727 22705 RALLYDEBUG rally_openstack.cleanup.manager [-] Deleting neutron.port object s_rally_8aca7163_u9txJSUD (86c50d71-48a6-4adf-ba7d-06ab27380458)
2019-06-14 09:46:55.777 22705 RALLYDEBUG rally_openstack.cleanup.manager [-] Deleting neutron.port object s_rally_8aca7163_jMGs3Nsb (89fb507e-2516-4923-bd52-b2720db52a36)
2019-06-14 09:46:55.810 22705 RALLYDEBUG rally_openstack.cleanup.manager [-] Deleting neutron.port object s_rally_8aca7163_XkhpXlVb (8ab81558-56db-4cba-9ff3-d8f4bc85f90e)
2019-06-14 09:46:55.814 22705 RALLYDEBUG rally_openstack.cleanup.manager [-] Deleting neutron.port object s_rally_8aca7163_TVQjMWp4 (8b99af7c-7d35-492a-ae4c-f70e8c44da56)
2019-06-14 09:46:55.828 22705 RALLYDEBUG rally_openstack.cleanup.manager [-] Deleting neutron.port object s_rally_8aca7163_m0He5V7F (8c6c4620-580f-4523-ad54-5d8acf6ba834)
2019-06-14 09:46:55.855 22705 RALLYDEBUG rally_openstack.cleanup.manager [-] Deleting neutron.port object s_rally_8aca7163_GoSH7QBR (8cac78a7-bc9d-4d3d-bdd3-71b306d6fd3b)
2019-06-14 09:46:55.861 22705 RALLYDEBUG rally_openstack.cleanup.manager [-] Deleting neutron.port object s_rally_8aca7163_OmduZ25b (8e32bceb-cd75-4df0-80bf-996bcc6aa174)
2019-06-14 09:46:55.866 22705 RALLYDEBUG rally_openstack.cleanup.manager [-] Deleting neutron.port object s_rally_8aca7163_b54UoLBF (8e36d36f-0d8e-473e-a850-e2c65e8236bf)
2019-06-14 09:46:55.899 22705 RALLYDEBUG rally_openstack.cleanup.manager [-] Deleting neutron.port object s_rally_8aca7163_J8erv7ji (90e4a17a-c7f2-4ed8-a08a-7b3b81bf442e)
2019-06-14 09:46:55.903 22705 RALLYDEBUG rally_openstack.cleanup.manager [-] Deleting neutron.port object s_rally_8aca7163_N6M6JXN1 (91ad8e17-31b8-4333-9f44-ee3c0943bb82)
2019-06-14 09:46:55.998 22705 RALLYDEBUG rally_openstack.cleanup.manager [-] Deleting neutron.port object s_rally_8aca7163_9pLRkxQc (972ea422-4800-4e54-849c-94339760450d)
2019-06-14 09:46:56.051 22705 RALLYDEBUG rally_openstack.cleanup.manager [-] Deleting neutron.port object s_rally_8aca7163_YLzh8h9E (9939d29b-1da2-4a9c-a1ec-aa52af2c6506)
2019-06-14 09:46:56.130 22705 RALLYDEBUG rally_openstack.cleanup.manager [-] Deleting neutron.port object s_rally_8aca7163_GoV79E5Y (9f9bb72a-3111-4693-9a83-9426302855ad)
2019-06-14 09:46:56.139 22705 RALLYDEBUG rally_openstack.cleanup.manager [-] Deleting neutron.port object s_rally_8aca7163_WwpRpKU7 (a001f988-c2b4-4151-a5c0-bdf4214b5cdc)
2019-06-14 09:46:56.571 22705 RALLYDEBUG rally_openstack.cleanup.manager [-] Deleting neutron.port object s_rally_8aca7163_Ah9jM7Cx (a05e8641-4050-4d11-b81c-f9e383c8d39b)
2019-06-14 09:46:56.994 22705 RALLYDEBUG rally_openstack.cleanup.manager [-] Deleting neutron.port object s_rally_8aca7163_v0NUqCCG (a075b408-15b4-4940-9991-ccfadb4168b2)
2019-06-14 09:46:57.203 22705 RALLYDEBUG rally_openstack.cleanup.manager [-] Deleting neutron.port object s_rally_8aca7163_r7pGGQhF (a173dddc-860d-486b-8ed7-8f638a0d0a63)
2019-06-14 09:46:57.230 22705 RALLYDEBUG rally_openstack.cleanup.manager [-] Deleting neutron.port object s_rally_8aca7163_L8dATgUr (a2a5775b-487c-4b4f-9d6b-7ce4b80eab42)
2019-06-14 09:46:57.824 22705 RALLYDEBUG rally_openstack.cleanup.manager [-] Deleting neutron.port object s_rally_8aca7163_ay9vpXXB (a4992d77-e9b4-46ed-8c8b-72f1b4335bae)
2019-06-14 09:46:57.830 22705 RALLYDEBUG rally_openstack.cleanup.manager [-] Deleting neutron.port object s_rally_8aca7163_ssWbuL7X (a56cab7f-6e36-4f75-bcb6-4c3fdb7075b8)
2019-06-14 09:46:58.896 22705 RALLYDEBUG rally_openstack.cleanup.manager [-] Deleting neutron.port object s_rally_8aca7163_PSdjXLpw (a7271020-907f-4e3c-86de-daa0318859c1)
2019-06-14 09:46:59.058 22705 RALLYDEBUG rally_openstack.cleanup.manager [-] Deleting neutron.port object s_rally_8aca7163_0C9Y0d9k (a7c5c4e0-8b2b-4a68-8d9a-b79535320bce)
2019-06-14 09:46:59.273 22705 RALLYDEBUG rally_openstack.cleanup.manager [-] Deleting neutron.port object s_rally_8aca7163_iEDht8Da (a93935c5-486a-41bb-b894-7dcc8861df3e)
2019-06-14 09:46:59.279 22705 RALLYDEBUG rally_openstack.cleanup.manager [-] Deleting neutron.port object s_rally_8aca7163_ZZuP62JS (a9bd49c0-8a0c-4c64-b7c0-bfbc1cb4aaf8)
2019-06-14 09:46:59.300 22705 RALLYDEBUG rally_openstack.cleanup.manager [-] Deleting neutron.port object s_rally_8aca7163_QVBOKEUF (aa729f5d-d131-4c79-a6b8-b05ea71f9ee2)
2019-06-14 09:46:59.348 22705 RALLYDEBUG rally_openstack.cleanup.manager [-] Deleting neutron.port object s_rally_8aca7163_1GjHmay0 (ade59f3d-f0a4-4c76-9fb2-f61406e84c10)
2019-06-14 09:46:59.371 22705 RALLYDEBUG rally_openstack.cleanup.manager [-] Deleting neutron.port object s_rally_8aca7163_BP7Ye4cY (ae8cd9da-bc0f-42bd-900c-63104ab7c754)
2019-06-14 09:46:59.390 22705 RALLYDEBUG rally_openstack.cleanup.manager [-] Deleting neutron.port object s_rally_8aca7163_ZZJ6y8T9 (aef788a6-b8c4-4eed-aa3d-e20882c14728)
2019-06-14 09:46:59.393 22705 RALLYDEBUG rally_openstack.cleanup.manager [-] Deleting neutron.port object s_rally_8aca7163_nuJyYku5 (af1094c9-f09c-497c-b225-631fd1179449)
2019-06-14 09:46:59.427 22705 RALLYDEBUG rally_openstack.cleanup.manager [-] Deleting neutron.port object s_rally_8aca7163_BUOpjSaV (af4f685c-9a06-4aea-a3f6-e2f5b3b31574)
2019-06-14 09:46:59.591 22705 RALLYDEBUG rally_openstack.cleanup.manager [-] Deleting neutron.port object s_rally_8aca7163_MvlcwukU (af8b3ba1-b055-495e-8495-79ca0459cb0c)
2019-06-14 09:46:59.619 22705 RALLYDEBUG rally_openstack.cleanup.manager [-] Deleting neutron.port object s_rally_8aca7163_LI5ot0wx (b099a942-09dd-40c1-ac60-b1f878f52c91)
2019-06-14 09:46:59.630 22705 RALLYDEBUG rally_openstack.cleanup.manager [-] Deleting neutron.port object s_rally_8aca7163_Sun7ff9N (b12551e5-ea32-426f-8977-7637722e4fe9)
2019-06-14 09:46:59.699 22705 RALLYDEBUG rally_openstack.cleanup.manager [-] Deleting neutron.port object s_rally_8aca7163_BNo1VQAv (b15cf7f1-9e4e-4882-8b8f-8a35a676e814)
2019-06-14 09:46:59.719 22705 RALLYDEBUG rally_openstack.cleanup.manager [-] Deleting neutron.port object s_rally_8aca7163_Df3QGMcZ (b438487a-3e8c-4b79-9c24-da4cab29f4c4)
2019-06-14 09:46:59.726 22705 RALLYDEBUG rally_openstack.cleanup.manager [-] Deleting neutron.port object s_rally_8aca7163_IiBcaK7c (b76a7be9-dd2b-4234-be3f-43b233a90473)
2019-06-14 09:46:59.733 22705 RALLYDEBUG rally_openstack.cleanup.manager [-] Deleting neutron.port object s_rally_8aca7163_vv3OAiAi (b9e52a1f-7cd6-4294-abf8-e27316b104a2)
2019-06-14 09:46:59.786 22705 RALLYDEBUG rally_openstack.cleanup.manager [-] Deleting neutron.port object s_rally_8aca7163_MvVkB3Y9 (ba81b397-0bc4-48b8-a0b2-ae8cfabb73e9)
2019-06-14 09:47:00.049 22705 RALLYDEBUG rally_openstack.cleanup.manager [-] Deleting neutron.port object s_rally_8aca7163_5wnkMEV7 (bbbc3f02-8ea4-43d2-9cb0-7bc4359e994b)
2019-06-14 09:47:00.145 22705 RALLYDEBUG rally_openstack.cleanup.manager [-] Deleting neutron.port object s_rally_8aca7163_QC6nN1K2 (bc8cd34e-cfeb-43b4-8580-553f692da3ca)
2019-06-14 09:47:01.921 22705 RALLYDEBUG rally_openstack.cleanup.manager [-] Deleting neutron.port object s_rally_8aca7163_NoWmReGR (beb0d751-65e6-4463-8047-551da35baa0e)
2019-06-14 09:47:02.168 22705 RALLYDEBUG rally_openstack.cleanup.manager [-] Deleting neutron.port object s_rally_8aca7163_YLkaCn2G (bf1d94ce-f357-4adc-a2d4-d75a04403778)
2019-06-14 09:47:02.255 22705 RALLYDEBUG rally_openstack.cleanup.manager [-] Deleting neutron.port object s_rally_8aca7163_Js3SLdm1 (bfde8a02-d962-4c47-837a-301d370afc8c)
2019-06-14 09:47:02.372 22705 RALLYDEBUG rally_openstack.cleanup.manager [-] Deleting neutron.port object s_rally_8aca7163_DUZE3W5j (c0ba0d0c-d820-4d96-8779-87e79d82a7e8)
2019-06-14 09:47:02.458 22705 RALLYDEBUG rally_openstack.cleanup.manager [-] Deleting neutron.port object s_rally_8aca7163_pty2mvMo (c0c99013-7a90-471d-b889-885abb918a57)
2019-06-14 09:47:02.717 22705 RALLYDEBUG rally_openstack.cleanup.manager [-] Deleting neutron.port object s_rally_8aca7163_9bPci1qj (c11ec495-7e91-4abd-aabc-5ca7919aa828)
2019-06-14 09:47:03.005 22705 RALLYDEBUG rally_openstack.cleanup.manager [-] Deleting neutron.port object s_rally_8aca7163_9OaP1PRz (c24b3eef-910d-47fd-8904-f8e145f81ea5)
2019-06-14 09:47:03.086 22705 RALLYDEBUG rally_openstack.cleanup.manager [-] Deleting neutron.port object s_rally_8aca7163_A4rhaiOd (c40ddc35-d842-476b-b8cb-2b04aba590a1)
2019-06-14 09:47:03.136 22705 RALLYDEBUG rally_openstack.cleanup.manager [-] Deleting neutron.port object s_rally_8aca7163_TipsBNbb (c42530d2-49bd-453f-936f-a6e9320a35df)
2019-06-14 09:47:03.155 22705 RALLYDEBUG rally_openstack.cleanup.manager [-] Deleting neutron.port object s_rally_8aca7163_E41Jqxef (c57870bf-88ea-4313-bb8a-4181680f61b7)
2019-06-14 09:47:03.171 22705 RALLYDEBUG rally_openstack.cleanup.manager [-] Deleting neutron.port object s_rally_8aca7163_RW1R4F5S (c7211e05-b711-469a-98cd-cfd56d733124)
2019-06-14 09:47:03.191 22705 RALLYDEBUG rally_openstack.cleanup.manager [-] Deleting neutron.port object s_rally_8aca7163_Y6YQkpRa (c76cd6d1-5c4c-467c-928d-11059bd0a3dc)
2019-06-14 09:47:03.191 22705 RALLYDEBUG rally_openstack.cleanup.manager [-] Deleting neutron.port object s_rally_8aca7163_ygo8VLkx (c7b068ec-6c56-4ac5-ba55-04a51c7d2404)
2019-06-14 09:47:03.203 22705 RALLYDEBUG rally_openstack.cleanup.manager [-] Deleting neutron.port object s_rally_8aca7163_LfICpqMC (c9566072-628d-4c30-9fc3-45213df605f4)
2019-06-14 09:47:03.246 22705 RALLYDEBUG rally_openstack.cleanup.manager [-] Deleting neutron.port object s_rally_8aca7163_XSYOWmpB (cbcd19ca-1e9b-484e-81a6-153953fd2c0e)
2019-06-14 09:47:03.300 22705 RALLYDEBUG rally_openstack.cleanup.manager [-] Deleting neutron.port object s_rally_8aca7163_ZJnfFr3f (cc04b05c-7b69-41d9-9087-e920a02d5522)
2019-06-14 09:47:03.326 22705 RALLYDEBUG rally_openstack.cleanup.manager [-] Deleting neutron.port object s_rally_8aca7163_oQMWsGX5 (d106d7ad-7546-4677-8940-ace7fe463858)
2019-06-14 09:47:03.358 22705 RALLYDEBUG rally_openstack.cleanup.manager [-] Deleting neutron.port object s_rally_8aca7163_LHgooui1 (d19a4b1c-d60b-4ec6-ab8a-7373a191bbea)
2019-06-14 09:47:03.567 22705 RALLYDEBUG rally_openstack.cleanup.manager [-] Deleting neutron.port object s_rally_8aca7163_dvVkXVTD (d271edb0-8d95-487f-8c43-a1a43bc37172)
2019-06-14 09:47:03.573 22705 RALLYDEBUG rally_openstack.cleanup.manager [-] Deleting neutron.port object s_rally_8aca7163_zhPaeYm2 (d3754eb2-3b83-4ca7-b30f-500cffe98c7c)
2019-06-14 09:47:03.986 22705 RALLYDEBUG rally_openstack.cleanup.manager [-] Deleting neutron.port object s_rally_8aca7163_RFf5XbGx (d5f7c4d1-886b-443f-aca2-2a5d8b43e528)
2019-06-14 09:47:04.553 22705 RALLYDEBUG rally_openstack.cleanup.manager [-] Deleting neutron.port object s_rally_8aca7163_0XjSD02l (d7274a09-6323-4387-9c3c-3eb1e135f367)
2019-06-14 09:47:04.803 22705 RALLYDEBUG rally_openstack.cleanup.manager [-] Deleting neutron.port object s_rally_8aca7163_z6rC5hQQ (d738a500-e693-4421-ba59-e091f2ebe749)
2019-06-14 09:47:05.092 22705 RALLYDEBUG rally_openstack.cleanup.manager [-] Deleting neutron.port object s_rally_8aca7163_MNcPOfkK (d7e3ed4b-4699-4253-a443-a72fac7a765f)
2019-06-14 09:47:05.200 22705 RALLYDEBUG rally_openstack.cleanup.manager [-] Deleting neutron.port object s_rally_8aca7163_qjsjex92 (d881989c-85b2-420c-a1e6-bfea9dcaf623)
2019-06-14 09:47:05.324 22705 RALLYDEBUG rally_openstack.cleanup.manager [-] Deleting neutron.port object s_rally_8aca7163_TculfgY8 (d90a4a08-0dec-4f2f-94a1-823967d78c65)
2019-06-14 09:47:05.734 22705 RALLYDEBUG rally_openstack.cleanup.manager [-] Deleting neutron.port object s_rally_8aca7163_obPW5pIn (da8b3109-ad6b-4d8f-9b3f-cc1286cd2700)
2019-06-14 09:47:06.009 22705 RALLYDEBUG rally_openstack.cleanup.manager [-] Deleting neutron.port object s_rally_8aca7163_dceW8G8Q (dd9d01a7-39b2-42bd-a022-13bc7ebc0e18)
2019-06-14 09:47:06.739 22705 RALLYDEBUG rally_openstack.cleanup.manager [-] Deleting neutron.port object s_rally_8aca7163_nidFF6CY (dfd2840e-8e0c-488e-9136-4666b515f789)
2019-06-14 09:47:06.773 22705 RALLYDEBUG rally_openstack.cleanup.manager [-] Deleting neutron.port object s_rally_8aca7163_kBspkOzi (dfd8f34c-2753-4232-95e4-b1ad7048113b)
2019-06-14 09:47:06.796 22705 RALLYDEBUG rally_openstack.cleanup.manager [-] Deleting neutron.port object s_rally_8aca7163_ExmGyhki (e1381508-bd65-42b0-8480-6f1619bbc13c)
2019-06-14 09:47:07.023 22705 RALLYDEBUG rally_openstack.cleanup.manager [-] Deleting neutron.port object s_rally_8aca7163_ABHVgtxK (e15f6fb1-91fd-40b4-a687-d5f02bb949ff)
2019-06-14 09:47:07.179 22705 RALLYDEBUG rally_openstack.cleanup.manager [-] Deleting neutron.port object s_rally_8aca7163_raR1APcW (e1e36f88-dba4-4ef8-8706-06a3cee3c73f)
2019-06-14 09:47:07.318 22705 RALLYDEBUG rally_openstack.cleanup.manager [-] Deleting neutron.port object s_rally_8aca7163_B8mO6wRE (e21febeb-6029-46f7-84f0-16a470949a03)
2019-06-14 09:47:07.324 22705 RALLYDEBUG rally_openstack.cleanup.manager [-] Deleting neutron.port object s_rally_8aca7163_ByHsNvDJ (e3f4019b-75f6-432e-a821-e93664ffe708)
2019-06-14 09:47:07.377 22705 RALLYDEBUG rally_openstack.cleanup.manager [-] Deleting neutron.port object s_rally_8aca7163_yf0YBXXW (e4328525-d4f2-4286-aa0e-3f179a62932d)
2019-06-14 09:47:07.451 22705 RALLYDEBUG rally_openstack.cleanup.manager [-] Deleting neutron.port object s_rally_8aca7163_fTU7bEHg (e5ba9793-0af1-4518-bf2b-c086738e25b2)
2019-06-14 09:47:07.636 22705 RALLYDEBUG rally_openstack.cleanup.manager [-] Deleting neutron.port object s_rally_8aca7163_JEcucggK (e7f74ab4-0d44-4d8a-acf1-fe693edb1dc7)
2019-06-14 09:47:07.682 22705 RALLYDEBUG rally_openstack.cleanup.manager [-] Deleting neutron.port object s_rally_8aca7163_S83z9JJ5 (e929c611-6634-4028-a076-646529b8dee3)
2019-06-14 09:47:07.890 22705 RALLYDEBUG rally_openstack.cleanup.manager [-] Deleting neutron.port object s_rally_8aca7163_5TZox1Co (e9850bb2-5825-4a87-8ef8-174d30bea9f3)
2019-06-14 09:47:08.109 22705 RALLYDEBUG rally_openstack.cleanup.manager [-] Deleting neutron.port object s_rally_8aca7163_KggPLAPQ (ea559f0e-1af7-485c-8201-9e595f8e3ec9)
2019-06-14 09:47:08.271 22705 RALLYDEBUG rally_openstack.cleanup.manager [-] Deleting neutron.port object s_rally_8aca7163_NzBiLlQO (ed7d6cfe-c5e3-45d2-b274-c9be7020b47a)
2019-06-14 09:47:08.570 22705 RALLYDEBUG rally_openstack.cleanup.manager [-] Deleting neutron.port object s_rally_8aca7163_I83CoAx7 (ede723e1-3f12-4bbb-a490-fba543e08ee7)
2019-06-14 09:47:08.595 22705 RALLYDEBUG rally_openstack.cleanup.manager [-] Deleting neutron.port object s_rally_8aca7163_SddlKIHa (f0a58e9e-6ed4-43cc-8fe0-8e7812ce0cd1)
2019-06-14 09:47:08.596 22705 RALLYDEBUG rally_openstack.cleanup.manager [-] Deleting neutron.port object s_rally_8aca7163_dEuWzzbh (f09201f0-0c52-49f1-a177-174ca55b5324)
2019-06-14 09:47:08.642 22705 RALLYDEBUG rally_openstack.cleanup.manager [-] Deleting neutron.port object s_rally_8aca7163_0H3D8yQI (f19ee601-ab51-4d34-b2bb-0c5226e67a44)
2019-06-14 09:47:08.674 22705 RALLYDEBUG rally_openstack.cleanup.manager [-] Deleting neutron.port object s_rally_8aca7163_7oJvfUQu (f32d392f-cb6a-406d-beb7-79ddcbff3fb5)
2019-06-14 09:47:08.761 22705 RALLYDEBUG rally_openstack.cleanup.manager [-] Deleting neutron.port object s_rally_8aca7163_Gy2qK2hz (f37ac941-5d82-42a9-baf2-17b001f96f82)
2019-06-14 09:47:08.978 22705 RALLYDEBUG rally_openstack.cleanup.manager [-] Deleting neutron.port object s_rally_8aca7163_6vwMnjLi (f5d28588-7b44-4f6c-838e-bdf737747fe7)
2019-06-14 09:47:09.209 22705 RALLYDEBUG rally_openstack.cleanup.manager [-] Deleting neutron.port object s_rally_8aca7163_DhsWznVa (f8472181-c646-4484-add3-2a042368044f)
2019-06-14 09:47:09.311 22705 RALLYDEBUG rally_openstack.cleanup.manager [-] Deleting neutron.port object s_rally_8aca7163_xmw49isR (f90e28e1-7b14-415c-beae-fa36e5f017f1)
2019-06-14 09:47:09.318 22705 RALLYDEBUG rally_openstack.cleanup.manager [-] Deleting neutron.port object s_rally_8aca7163_H78267l0 (fa8777f2-338d-4a40-ad30-6948bc8ef98d)
2019-06-14 09:47:12.585 22705 RALLYDEBUG rally_openstack.cleanup.manager [-] Cleaning up neutron subnet objects
2019-06-14 09:47:13.240 22705 RALLYDEBUG rally_openstack.cleanup.manager [-] Cleaning up neutron network objects
2019-06-14 09:47:14.034 22705 RALLYDEBUG rally_openstack.cleanup.manager [-] Deleting neutron.network object s_rally_8aca7163_IQmB723w (00f7b5ff-5fbe-451e-90de-f16e83013a8c)
2019-06-14 09:47:14.040 22705 RALLYDEBUG rally_openstack.cleanup.manager [-] Deleting neutron.network object s_rally_8aca7163_ftD7Ile3 (1719f5be-689d-4c0d-8c2f-2d38218b4f95)
2019-06-14 09:47:14.046 22705 RALLYDEBUG rally_openstack.cleanup.manager [-] Deleting neutron.network object s_rally_8aca7163_BgXZFESn (1964554f-12f0-48ec-a65b-bec1baf180be)
2019-06-14 09:47:14.055 22705 RALLYDEBUG rally_openstack.cleanup.manager [-] Deleting neutron.network object s_rally_8aca7163_btuZ11Gp (1b6cb459-0707-4f42-afaf-d33a4b76791f)
2019-06-14 09:47:14.069 22705 RALLYDEBUG rally_openstack.cleanup.manager [-] Deleting neutron.network object s_rally_8aca7163_MEtzQPuh (1ef0b215-976e-46fa-8667-4910ec11a7ef)
2019-06-14 09:47:14.071 22705 RALLYDEBUG rally_openstack.cleanup.manager [-] Deleting neutron.network object s_rally_8aca7163_Vq3rukhR (1d21af98-8b31-4648-8198-6c1185c0a4ba)
2019-06-14 09:47:14.087 22705 RALLYDEBUG rally_openstack.cleanup.manager [-] Deleting neutron.network object s_rally_8aca7163_gYVYG057 (1f635ae5-c490-41e9-bb7d-3fcdb5cd90cd)
2019-06-14 09:47:14.087 22705 RALLYDEBUG rally_openstack.cleanup.manager [-] Deleting neutron.network object s_rally_8aca7163_W7LxpiOA (1f0968ef-995a-4680-add0-460e38d0ec4a)
2019-06-14 09:47:14.112 22705 RALLYDEBUG rally_openstack.cleanup.manager [-] Deleting neutron.network object s_rally_8aca7163_Yn252W0I (2139983a-2537-4eae-9a46-f9cb63432ea3)
2019-06-14 09:47:14.121 22705 RALLYDEBUG rally_openstack.cleanup.manager [-] Deleting neutron.network object s_rally_8aca7163_wX1Qy3DN (25351f49-570e-4bd0-86dd-1ddb3e24d25a)
2019-06-14 09:47:14.131 22705 RALLYDEBUG rally_openstack.cleanup.manager [-] Deleting neutron.network object s_rally_8aca7163_HlZn5t9F (25cfdabd-821a-4666-a886-758c17429c2e)
2019-06-14 09:47:14.147 22705 RALLYDEBUG rally_openstack.cleanup.manager [-] Deleting neutron.network object s_rally_8aca7163_RILRpIK8 (3301ffb8-395e-4706-8458-8d42e2d79f2f)
2019-06-14 09:47:14.153 22705 RALLYDEBUG rally_openstack.cleanup.manager [-] Deleting neutron.network object s_rally_8aca7163_lz3Wbxze (34fc59e0-843a-4a09-9459-57aa7e515485)
2019-06-14 09:47:14.179 22705 RALLYDEBUG rally_openstack.cleanup.manager [-] Deleting neutron.network object s_rally_8aca7163_tV5RQ8Q5 (42c0b0c5-1ab3-4e96-8a03-79dfef55ead4)
2019-06-14 09:47:14.180 22705 RALLYDEBUG rally_openstack.cleanup.manager [-] Deleting neutron.network object s_rally_8aca7163_EB1I2FCy (430cf667-b458-4969-ac88-a90b287d0029)
2019-06-14 09:47:14.185 22705 RALLYDEBUG rally_openstack.cleanup.manager [-] Deleting neutron.network object s_rally_8aca7163_t11XylZl (43556d42-d878-4f83-b524-f0454ef43bc8)
2019-06-14 09:47:14.233 22705 RALLYDEBUG rally_openstack.cleanup.manager [-] Deleting neutron.network object s_rally_8aca7163_z4Hp1CE7 (5fb3e4b9-d74a-4d91-b8ea-c9590be921c4)
2019-06-14 09:47:14.235 22705 RALLYDEBUG rally_openstack.cleanup.manager [-] Deleting neutron.network object s_rally_8aca7163_aNrciKsl (6014b136-8de6-46df-9a1e-8c01e9132fba)
2019-06-14 09:47:14.236 22705 RALLYDEBUG rally_openstack.cleanup.manager [-] Deleting neutron.network object s_rally_8aca7163_TIztUaxw (5402fbe5-4571-4e65-99f4-6af3d4165d75)
2019-06-14 09:47:14.250 22705 RALLYDEBUG rally_openstack.cleanup.manager [-] Deleting neutron.network object s_rally_8aca7163_UGgL6Oxy (6ca36d7d-35a4-4250-a583-946fab3bca3a)
2019-06-14 09:47:17.391 22705 RALLYDEBUG rally_openstack.cleanup.manager [-] Deleting neutron.network object s_rally_8aca7163_agkrlYYC (6dc47e28-c32f-4193-8ca1-ea9c4e3870d3)
2019-06-14 09:47:17.395 22705 RALLYDEBUG rally_openstack.cleanup.manager [-] Deleting neutron.network object s_rally_8aca7163_Cz8EzqQF (6f1811aa-2206-4580-ae30-16343358d694)
2019-06-14 09:47:17.524 22705 RALLYDEBUG rally_openstack.cleanup.manager [-] Deleting neutron.network object s_rally_8aca7163_TnWtlFkS (8370983a-c292-4a65-bcf6-dbb114d56a6a)
2019-06-14 09:47:17.699 22705 RALLYDEBUG rally_openstack.cleanup.manager [-] Deleting neutron.network object s_rally_8aca7163_uPr5ilLq (8a29bd63-22ce-4705-b8b6-4284ee440580)
2019-06-14 09:47:17.902 22705 RALLYDEBUG rally_openstack.cleanup.manager [-] Deleting neutron.network object s_rally_8aca7163_l4GqcVgs (97ec685f-3eba-49df-b52f-764f430dcfb0)
2019-06-14 09:47:18.206 22705 RALLYDEBUG rally_openstack.cleanup.manager [-] Deleting neutron.network object s_rally_8aca7163_z6XuCi1W (9a354111-3c52-411c-b4f0-a587d878dc24)
2019-06-14 09:47:18.321 22705 RALLYDEBUG rally_openstack.cleanup.manager [-] Deleting neutron.network object s_rally_8aca7163_YX5QHkNr (9b4605fa-7f1d-4504-b60b-0afebb948f97)
2019-06-14 09:47:18.570 22705 RALLYDEBUG rally_openstack.cleanup.manager [-] Deleting neutron.network object s_rally_8aca7163_G9nhP4ux (9f857fb4-6287-49e8-899a-0896de679d54)
2019-06-14 09:47:18.571 22705 RALLYDEBUG rally_openstack.cleanup.manager [-] Deleting neutron.network object s_rally_8aca7163_S68mUxFw (9f3886ae-2dbe-40cf-bf86-29bfb1ada22c)
2019-06-14 09:47:18.729 22705 RALLYDEBUG rally_openstack.cleanup.manager [-] Deleting neutron.network object s_rally_8aca7163_7lxhRoGq (bb1247e3-4d07-4e3a-8170-1e24da8149ad)
2019-06-14 09:47:18.895 22705 RALLYDEBUG rally_openstack.cleanup.manager [-] Deleting neutron.network object s_rally_8aca7163_vBdDgXwN (c802a54b-471a-4e1c-ad54-f605a0f309b2)
2019-06-14 09:47:18.925 22705 RALLYDEBUG rally_openstack.cleanup.manager [-] Deleting neutron.network object s_rally_8aca7163_LJYZaPS7 (cbdedb3b-9dcd-4ec2-8fb4-127fa3cdb473)
2019-06-14 09:47:18.938 22705 RALLYDEBUG rally_openstack.cleanup.manager [-] Deleting neutron.network object s_rally_8aca7163_YhgwFFPN (d1b7a051-d523-4fe1-b75e-1d6f95289a6c)
2019-06-14 09:47:19.096 22705 RALLYDEBUG rally_openstack.cleanup.manager [-] Deleting neutron.network object s_rally_8aca7163_tuvhNTLY (d6b3f9d5-99a4-4976-a00b-1f4267165124)
2019-06-14 09:47:19.182 22705 RALLYDEBUG rally_openstack.cleanup.manager [-] Deleting neutron.network object s_rally_8aca7163_DwBK7eP6 (dbefcae5-82ca-439d-b492-56ab7786c5fb)
2019-06-14 09:47:19.189 22705 RALLYDEBUG rally_openstack.cleanup.manager [-] Deleting neutron.network object s_rally_8aca7163_0lAsvDM9 (e6dbf33b-163e-4a8e-a281-374a86a96b72)
2019-06-14 09:47:19.528 22705 RALLYDEBUG rally_openstack.cleanup.manager [-] Deleting neutron.network object s_rally_8aca7163_MxuLCXA4 (e8392905-9b9e-4453-ace6-456737dfcd9b)
2019-06-14 09:47:19.551 22705 RALLYDEBUG rally_openstack.cleanup.manager [-] Deleting neutron.network object s_rally_8aca7163_nSemct20 (eb06d41e-d744-4907-88da-e7cc8fa25748)
2019-06-14 09:47:19.597 22705 RALLYDEBUG rally_openstack.cleanup.manager [-] Deleting neutron.network object s_rally_8aca7163_zFYmYPl9 (f56e4133-8b18-4f49-b8d4-e299f5e28199)
2019-06-14 09:47:19.603 22705 RALLYDEBUG rally_openstack.cleanup.manager [-] Deleting neutron.network object s_rally_8aca7163_78dHlP3Q (ff3c4911-cb51-4ffc-a1e0-8e0769b0b828)
2019-06-14 09:47:23.319 22705 RALLYDEBUG rally_openstack.cleanup.manager [-] Cleaning up neutron router objects
2019-06-14 09:47:24.002 22705 RALLYDEBUG rally_openstack.cleanup.manager [-] Cleaning up neutron security_group objects
2019-06-14 09:47:24.662 22705 INFO rally.task.context [-] Task b9b0de74-cb48-4d8f-aa9d-9a84f1760564 | Context cleanup@openstack cleanup() finished in 52.58 sec
2019-06-14 09:47:24.662 22705 INFO rally.task.context [-] Task b9b0de74-cb48-4d8f-aa9d-9a84f1760564 | Context quotas@openstack cleanup() started
2019-06-14 09:47:24.877 22705 INFO rally.task.context [-] Task b9b0de74-cb48-4d8f-aa9d-9a84f1760564 | Context quotas@openstack cleanup() finished in 0.21 sec
2019-06-14 09:47:24.877 22705 INFO rally.task.context [-] Task b9b0de74-cb48-4d8f-aa9d-9a84f1760564 | Context users@openstack cleanup() started
2019-06-14 09:47:29.287 22705 INFO rally.task.context [-] Task b9b0de74-cb48-4d8f-aa9d-9a84f1760564 | Context users@openstack cleanup() finished in 4.41 sec
2019-06-14 09:47:29.515 22705 INFO rally.task.engine [-] Load duration is: 45.935712
2019-06-14 09:47:29.516 22705 INFO rally.task.engine [-] Full runner duration is: 45.984596
2019-06-14 09:47:29.516 22705 INFO rally.task.engine [-] Full duration is: 108.263128
2019-06-14 09:47:29.697 22705 INFO rally.task.engine [-] Running workload: position = 2 config = { "version": 2, "title": "A cropped version of a bigger task.", "description": "Auto-generated task from a single workload (uuid=d86d6cdc-bc29-4d20-8b1e-72dcd2614d1a)", "subtasks": [ { "title": "NeutronNetworks.create_and_delete_ports", "description": "Create and delete a port.", "scenario": { "NeutronNetworks.create_and_delete_ports": { "network_create_args": {}, "port_create_args": {}, "ports_per_network": 5 } }, "contexts": { "users": { "tenants": 1, "users_per_tenant": 1 }, "quotas": { "neutron": { "network": -1, "port": -1 } } }, "runner": { "constant": { "times": 40, "concurrency": 20 } }, "hooks": [], "sla": { "failure_rate": { "max": 0 } } } ] }
2019-06-14 09:47:29.717 22705 RALLYDEBUG rally_openstack.contexts.keystone.users [-] Creating 1 tenants using 20 threads
2019-06-14 09:47:31.468 22705 RALLYDEBUG rally_openstack.contexts.keystone.users [-] Creating 1 users using 20 threads
2019-06-14 09:47:34.310 22705 INFO rally.task.context [-] Task b9b0de74-cb48-4d8f-aa9d-9a84f1760564 | Context users@openstack setup() finished in 4.59 sec
2019-06-14 09:47:35.057 22705 INFO rally.task.context [-] Task b9b0de74-cb48-4d8f-aa9d-9a84f1760564 | Context quotas@openstack setup() finished in 0.75 sec
2019-06-14 09:47:35.057 22705 INFO rally.task.context [-] Task b9b0de74-cb48-4d8f-aa9d-9a84f1760564 | Context cleanup@openstack setup() finished in 0.00 msec
2019-06-14 09:47:35.065 22705 RALLYDEBUG rally.task.runner [-] Starting the constant runner (task UUID: b9b0de74-cb48-4d8f-aa9d-9a84f1760564). timeout: 0 concurrency: 20 concurrency_per_worker: 1 times: 40 concurrency_overhead: 4 processes_to_start: 16 max_cpu_used: 16
2019-06-14 09:47:35.078 26951 RALLYDEBUG rally.task.runner [-] Starting a worker. concurrency: 2 args: {"network_create_args": {}, "port_create_args": {}, "ports_per_network": 5} times: 40 method_name: run timeout: 0 duration: None cls:
2019-06-14 09:47:35.081 26952 RALLYDEBUG rally.task.runner [-] Starting a worker. concurrency: 2 args: {"network_create_args": {}, "port_create_args": {}, "ports_per_network": 5} times: 40 method_name: run timeout: 0 duration: None cls:
2019-06-14 09:47:35.083 26953 RALLYDEBUG rally.task.runner [-] Starting a worker. concurrency: 2 args: {"network_create_args": {}, "port_create_args": {}, "ports_per_network": 5} times: 40 method_name: run timeout: 0 duration: None cls:
2019-06-14 09:47:35.087 26951 INFO rally.task.runner [-] Task b9b0de74-cb48-4d8f-aa9d-9a84f1760564 | ITER: 1 START
2019-06-14 09:47:35.087 26954 RALLYDEBUG rally.task.runner [-] Starting a worker. concurrency: 2 args: {"network_create_args": {}, "port_create_args": {}, "ports_per_network": 5} times: 40 method_name: run timeout: 0 duration: None cls:
2019-06-14 09:47:35.088 26951 WARNING rally_openstack.scenarios.neutron.utils [-] Running this scenario without either the 'network' or 'existing_network' context is deprecated
2019-06-14 09:47:35.091 26952 INFO rally.task.runner [-] Task b9b0de74-cb48-4d8f-aa9d-9a84f1760564 | ITER: 2 START
2019-06-14 09:47:35.090 26955 RALLYDEBUG rally.task.runner [-] Starting a worker. concurrency: 1 args: {"network_create_args": {}, "port_create_args": {}, "ports_per_network": 5} times: 40 method_name: run timeout: 0 duration: None cls:
2019-06-14 09:47:35.093 26952 WARNING rally_openstack.scenarios.neutron.utils [-] Running this scenario without either the 'network' or 'existing_network' context is deprecated
2019-06-14 09:47:35.093 26959 RALLYDEBUG rally.task.runner [-] Starting a worker. concurrency: 1 args: {"network_create_args": {}, "port_create_args": {}, "ports_per_network": 5} times: 40 method_name: run timeout: 0 duration: None cls:
2019-06-14 09:47:35.095 26953 INFO rally.task.runner [-] Task b9b0de74-cb48-4d8f-aa9d-9a84f1760564 | ITER: 7 START
2019-06-14 09:47:35.091 26951 INFO rally.task.runner [-] Task b9b0de74-cb48-4d8f-aa9d-9a84f1760564 | ITER: 3 START
2019-06-14 09:47:35.095 26954 INFO rally.task.runner [-] Task b9b0de74-cb48-4d8f-aa9d-9a84f1760564 | ITER: 6 START
2019-06-14 09:47:35.095 26954 INFO rally.task.runner [-] Task b9b0de74-cb48-4d8f-aa9d-9a84f1760564 | ITER: 8 START
2019-06-14 09:47:35.094 26952 INFO rally.task.runner [-] Task b9b0de74-cb48-4d8f-aa9d-9a84f1760564 | ITER: 5 START
2019-06-14 09:47:35.096 26953 INFO rally.task.runner [-] Task b9b0de74-cb48-4d8f-aa9d-9a84f1760564 | ITER: 4 START
2019-06-14 09:47:35.097 26955 INFO rally.task.runner [-] Task b9b0de74-cb48-4d8f-aa9d-9a84f1760564 | ITER: 9 START
2019-06-14 09:47:35.097 26954 WARNING rally_openstack.scenarios.neutron.utils [-] Running this scenario without either the 'network' or 'existing_network' context is deprecated
2019-06-14 09:47:35.097 26963 RALLYDEBUG rally.task.runner [-] Starting a worker. concurrency: 1 args: {"network_create_args": {}, "port_create_args": {}, "ports_per_network": 5} times: 40 method_name: run timeout: 0 duration: None cls:
2019-06-14 09:47:35.097 26953 WARNING rally_openstack.scenarios.neutron.utils [-] Running this scenario without either the 'network' or 'existing_network' context is deprecated
2019-06-14 09:47:35.098 26951 WARNING rally_openstack.scenarios.neutron.utils [-] Running this scenario without either the 'network' or 'existing_network' context is deprecated
2019-06-14 09:47:35.099 26959 INFO rally.task.runner [-] Task b9b0de74-cb48-4d8f-aa9d-9a84f1760564 | ITER: 10 START
2019-06-14 09:47:35.099 26955 WARNING rally_openstack.scenarios.neutron.utils [-] Running this scenario without either the 'network' or 'existing_network' context is deprecated
2019-06-14 09:47:35.100 26959 WARNING rally_openstack.scenarios.neutron.utils [-] Running this scenario without either the 'network' or 'existing_network' context is deprecated
2019-06-14 09:47:35.102 26970 RALLYDEBUG rally.task.runner [-] Starting a worker. concurrency: 1 args: {"network_create_args": {}, "port_create_args": {}, "ports_per_network": 5} times: 40 method_name: run timeout: 0 duration: None cls:
2019-06-14 09:47:35.104 26963 INFO rally.task.runner [-] Task b9b0de74-cb48-4d8f-aa9d-9a84f1760564 | ITER: 11 START
2019-06-14 09:47:35.104 26952 WARNING rally_openstack.scenarios.neutron.utils [-] Running this scenario without either the 'network' or 'existing_network' context is deprecated
2019-06-14 09:47:35.098 26953 WARNING rally_openstack.scenarios.neutron.utils [-] Running this scenario without either the 'network' or 'existing_network' context is deprecated
2019-06-14 09:47:35.106 26963 WARNING rally_openstack.scenarios.neutron.utils [-] Running this scenario without either the 'network' or 'existing_network' context is deprecated
2019-06-14 09:47:35.098 26954 WARNING rally_openstack.scenarios.neutron.utils [-] Running this scenario without either the 'network' or 'existing_network' context is deprecated
2019-06-14 09:47:35.110 26977 RALLYDEBUG rally.task.runner [-] Starting a worker. concurrency: 1 args: {"network_create_args": {}, "port_create_args": {}, "ports_per_network": 5} times: 40 method_name: run timeout: 0 duration: None cls:
2019-06-14 09:47:35.111 26970 INFO rally.task.runner [-] Task b9b0de74-cb48-4d8f-aa9d-9a84f1760564 | ITER: 12 START
2019-06-14 09:47:35.113 26970 WARNING rally_openstack.scenarios.neutron.utils [-] Running this scenario without either the 'network' or 'existing_network' context is deprecated
2019-06-14 09:47:35.117 26981 RALLYDEBUG rally.task.runner [-] Starting a worker. concurrency: 1 args: {"network_create_args": {}, "port_create_args": {}, "ports_per_network": 5} times: 40 method_name: run timeout: 0 duration: None cls:
2019-06-14 09:47:35.118 26978 RALLYDEBUG rally.task.runner [-] Starting a worker. concurrency: 1 args: {"network_create_args": {}, "port_create_args": {}, "ports_per_network": 5} times: 40 method_name: run timeout: 0 duration: None cls:
2019-06-14 09:47:35.122 26977 INFO rally.task.runner [-] Task b9b0de74-cb48-4d8f-aa9d-9a84f1760564 | ITER: 13 START
2019-06-14 09:47:35.123 26978 INFO rally.task.runner [-] Task b9b0de74-cb48-4d8f-aa9d-9a84f1760564 | ITER: 15 START
2019-06-14 09:47:35.124 26981 INFO rally.task.runner [-] Task b9b0de74-cb48-4d8f-aa9d-9a84f1760564 | ITER: 14 START
2019-06-14 09:47:35.124 26977 WARNING rally_openstack.scenarios.neutron.utils [-] Running this scenario without either the 'network' or 'existing_network' context is deprecated
2019-06-14 09:47:35.124 26978 WARNING rally_openstack.scenarios.neutron.utils [-] Running this scenario without either the 'network' or 'existing_network' context is deprecated
2019-06-14 09:47:35.126 26981 WARNING rally_openstack.scenarios.neutron.utils [-] Running this scenario without either the 'network' or 'existing_network' context is deprecated
2019-06-14 09:47:35.129 26984 RALLYDEBUG rally.task.runner [-] Starting a worker. concurrency: 1 args: {"network_create_args": {}, "port_create_args": {}, "ports_per_network": 5} times: 40 method_name: run timeout: 0 duration: None cls:
2019-06-14 09:47:35.135 26984 INFO rally.task.runner [-] Task b9b0de74-cb48-4d8f-aa9d-9a84f1760564 | ITER: 16 START
2019-06-14 09:47:35.136 26984 WARNING rally_openstack.scenarios.neutron.utils [-] Running this scenario without either the 'network' or 'existing_network' context is deprecated
2019-06-14 09:47:35.141 26991 RALLYDEBUG rally.task.runner [-] Starting a worker. concurrency: 1 args: {"network_create_args": {}, "port_create_args": {}, "ports_per_network": 5} times: 40 method_name: run timeout: 0 duration: None cls:
2019-06-14 09:47:35.146 26991 INFO rally.task.runner [-] Task b9b0de74-cb48-4d8f-aa9d-9a84f1760564 | ITER: 17 START
2019-06-14 09:47:35.148 26991 WARNING rally_openstack.scenarios.neutron.utils [-] Running this scenario without either the 'network' or 'existing_network' context is deprecated
2019-06-14 09:47:35.149 26992 RALLYDEBUG rally.task.runner [-] Starting a worker. concurrency: 1 args: {"network_create_args": {}, "port_create_args": {}, "ports_per_network": 5} times: 40 method_name: run timeout: 0 duration: None cls:
2019-06-14 09:47:35.153 26992 INFO rally.task.runner [-] Task b9b0de74-cb48-4d8f-aa9d-9a84f1760564 | ITER: 18 START
2019-06-14 09:47:35.154 26992 WARNING rally_openstack.scenarios.neutron.utils [-] Running this scenario without either the 'network' or 'existing_network' context is deprecated
2019-06-14 09:47:35.154 26995 RALLYDEBUG rally.task.runner [-] Starting a worker. concurrency: 1 args: {"network_create_args": {}, "port_create_args": {}, "ports_per_network": 5} times: 40 method_name: run timeout: 0 duration: None cls:
2019-06-14 09:47:35.158 26995 INFO rally.task.runner [-] Task b9b0de74-cb48-4d8f-aa9d-9a84f1760564 | ITER: 19 START
2019-06-14 09:47:35.158 26998 RALLYDEBUG rally.task.runner [-] Starting a worker. concurrency: 1 args: {"network_create_args": {}, "port_create_args": {}, "ports_per_network": 5} times: 40 method_name: run timeout: 0 duration: None cls:
2019-06-14 09:47:35.159 26995 WARNING rally_openstack.scenarios.neutron.utils [-] Running this scenario without either the 'network' or 'existing_network' context is deprecated
2019-06-14 09:47:35.162 26998 INFO rally.task.runner [-] Task b9b0de74-cb48-4d8f-aa9d-9a84f1760564 | ITER: 20 START
2019-06-14 09:47:35.163 26998 WARNING rally_openstack.scenarios.neutron.utils [-] Running this scenario without either the 'network' or 'existing_network' context is deprecated
2019-06-14 09:47:48.000 26998 INFO rally.task.runner [-] Task b9b0de74-cb48-4d8f-aa9d-9a84f1760564 | ITER: 20 END: OK
2019-06-14 09:47:48.004 26998 INFO rally.task.runner [-] Task b9b0de74-cb48-4d8f-aa9d-9a84f1760564 | ITER: 21 START
2019-06-14 09:47:48.005 26998 WARNING rally_openstack.scenarios.neutron.utils [-] Running this scenario without either the 'network' or 'existing_network' context is deprecated
2019-06-14 09:47:51.314 26970 INFO rally.task.runner [-] Task b9b0de74-cb48-4d8f-aa9d-9a84f1760564 | ITER: 12 END: OK
2019-06-14 09:47:51.319 26970 INFO rally.task.runner [-] Task b9b0de74-cb48-4d8f-aa9d-9a84f1760564 | ITER: 22 START
2019-06-14 09:47:51.319 26970 WARNING rally_openstack.scenarios.neutron.utils [-] Running this scenario without either the 'network' or 'existing_network' context is deprecated
2019-06-14 09:47:51.321 26984 INFO rally.task.runner [-] Task b9b0de74-cb48-4d8f-aa9d-9a84f1760564 | ITER: 16 END: OK
2019-06-14 09:47:51.325 26984 INFO rally.task.runner [-] Task b9b0de74-cb48-4d8f-aa9d-9a84f1760564 | ITER: 23 START
2019-06-14 09:47:51.326 26984 WARNING rally_openstack.scenarios.neutron.utils [-] Running this scenario without either the 'network' or 'existing_network' context is deprecated
2019-06-14 09:47:51.741 26981 INFO rally.task.runner [-] Task b9b0de74-cb48-4d8f-aa9d-9a84f1760564 | ITER: 14 END: OK
2019-06-14 09:47:51.746 26981 INFO rally.task.runner [-] Task b9b0de74-cb48-4d8f-aa9d-9a84f1760564 | ITER: 24 START
2019-06-14 09:47:51.747 26981 WARNING rally_openstack.scenarios.neutron.utils [-] Running this scenario without either the 'network' or 'existing_network' context is deprecated
2019-06-14 09:47:52.173 26991 INFO rally.task.runner [-] Task b9b0de74-cb48-4d8f-aa9d-9a84f1760564 | ITER: 17 END: OK
2019-06-14 09:47:52.178 26991 INFO rally.task.runner [-] Task b9b0de74-cb48-4d8f-aa9d-9a84f1760564 | ITER: 25 START
2019-06-14 09:47:52.178 26991 WARNING rally_openstack.scenarios.neutron.utils [-] Running this scenario without either the 'network' or 'existing_network' context is deprecated
2019-06-14 09:47:52.783 26954 INFO rally.task.runner [-] Task b9b0de74-cb48-4d8f-aa9d-9a84f1760564 | ITER: 8 END: OK
2019-06-14 09:47:52.787 26954 INFO rally.task.runner [-] Task b9b0de74-cb48-4d8f-aa9d-9a84f1760564 | ITER: 26 START
2019-06-14 09:47:52.788 26954 WARNING rally_openstack.scenarios.neutron.utils [-] Running this scenario without either the 'network' or 'existing_network' context is deprecated
2019-06-14 09:47:52.797 26992 INFO rally.task.runner [-] Task b9b0de74-cb48-4d8f-aa9d-9a84f1760564 | ITER: 18 END: OK
2019-06-14 09:47:52.802 26992 INFO rally.task.runner [-] Task b9b0de74-cb48-4d8f-aa9d-9a84f1760564 | ITER: 27 START
2019-06-14 09:47:52.803 26992 WARNING rally_openstack.scenarios.neutron.utils [-] Running this scenario without either the 'network' or 'existing_network' context is deprecated
2019-06-14 09:47:52.810 26951 INFO rally.task.runner [-] Task b9b0de74-cb48-4d8f-aa9d-9a84f1760564 | ITER: 1 END: OK
2019-06-14 09:47:52.812 26951 INFO rally.task.runner [-] Task b9b0de74-cb48-4d8f-aa9d-9a84f1760564 | ITER: 3 END: OK
2019-06-14 09:47:52.816 26951 INFO rally.task.runner [-] Task b9b0de74-cb48-4d8f-aa9d-9a84f1760564 | ITER: 28 START
2019-06-14 09:47:52.817 26951 WARNING rally_openstack.scenarios.neutron.utils [-] Running this scenario without either the 'network' or 'existing_network' context is deprecated
2019-06-14 09:47:52.823 26951 INFO rally.task.runner [-] Task b9b0de74-cb48-4d8f-aa9d-9a84f1760564 | ITER: 29 START
2019-06-14 09:47:52.824 26951 WARNING rally_openstack.scenarios.neutron.utils [-] Running this scenario without either the 'network' or 'existing_network' context is deprecated
2019-06-14 09:47:59.381 26953 INFO rally.task.runner [-] Task b9b0de74-cb48-4d8f-aa9d-9a84f1760564 | ITER: 7 END: OK
2019-06-14 09:47:59.385 26953 INFO rally.task.runner [-] Task b9b0de74-cb48-4d8f-aa9d-9a84f1760564 | ITER: 30 START
2019-06-14 09:47:59.386 26953 WARNING rally_openstack.scenarios.neutron.utils [-] Running this scenario without either the 'network' or 'existing_network' context is deprecated
2019-06-14 09:47:59.880 26998 INFO rally.task.runner [-] Task b9b0de74-cb48-4d8f-aa9d-9a84f1760564 | ITER: 21 END: OK
2019-06-14 09:47:59.883 26998 INFO rally.task.runner [-] Task b9b0de74-cb48-4d8f-aa9d-9a84f1760564 | ITER: 31 START
2019-06-14 09:47:59.884 26998 WARNING rally_openstack.scenarios.neutron.utils [-] Running this scenario without either the 'network' or 'existing_network' context is deprecated
2019-06-14 09:48:00.216 26977 INFO rally.task.runner [-] Task b9b0de74-cb48-4d8f-aa9d-9a84f1760564 | ITER: 13 END: OK
2019-06-14 09:48:00.220 26977 INFO rally.task.runner [-] Task b9b0de74-cb48-4d8f-aa9d-9a84f1760564 | ITER: 32 START
2019-06-14 09:48:00.220 26977 WARNING rally_openstack.scenarios.neutron.utils [-] Running this scenario without either the 'network' or 'existing_network' context is deprecated
2019-06-14 09:48:00.376 26995 INFO rally.task.runner [-] Task b9b0de74-cb48-4d8f-aa9d-9a84f1760564 | ITER: 19 END: OK
2019-06-14 09:48:00.379 26995 INFO rally.task.runner [-] Task b9b0de74-cb48-4d8f-aa9d-9a84f1760564 | ITER: 33 START
2019-06-14 09:48:00.379 26995 WARNING rally_openstack.scenarios.neutron.utils [-] Running this scenario without either the 'network' or 'existing_network' context is deprecated
2019-06-14 09:48:00.423 26954 INFO rally.task.runner [-] Task b9b0de74-cb48-4d8f-aa9d-9a84f1760564 | ITER: 6 END: OK
2019-06-14 09:48:00.426 26954 INFO rally.task.runner [-] Task b9b0de74-cb48-4d8f-aa9d-9a84f1760564 | ITER: 34 START
2019-06-14 09:48:00.427 26954 WARNING rally_openstack.scenarios.neutron.utils [-] Running this scenario without either the 'network' or 'existing_network' context is deprecated
2019-06-14 09:48:00.595 26953 INFO rally.task.runner [-] Task b9b0de74-cb48-4d8f-aa9d-9a84f1760564 | ITER: 4 END: OK
2019-06-14 09:48:00.598 26953 INFO rally.task.runner [-] Task b9b0de74-cb48-4d8f-aa9d-9a84f1760564 | ITER: 35 START
2019-06-14 09:48:00.598 26953 WARNING rally_openstack.scenarios.neutron.utils [-] Running this scenario without either the 'network' or 'existing_network' context is deprecated
2019-06-14 09:48:00.719 26959 INFO rally.task.runner [-] Task b9b0de74-cb48-4d8f-aa9d-9a84f1760564 | ITER: 10 END: OK
2019-06-14 09:48:00.722 26959 INFO rally.task.runner [-] Task b9b0de74-cb48-4d8f-aa9d-9a84f1760564 | ITER: 36 START
2019-06-14 09:48:00.723 26959 WARNING rally_openstack.scenarios.neutron.utils [-] Running this scenario without either the 'network' or 'existing_network' context is deprecated
2019-06-14 09:48:00.733 26970 INFO rally.task.runner [-] Task b9b0de74-cb48-4d8f-aa9d-9a84f1760564 | ITER: 22 END: OK
2019-06-14 09:48:00.736 26970 INFO rally.task.runner [-] Task b9b0de74-cb48-4d8f-aa9d-9a84f1760564 | ITER: 37 START
2019-06-14 09:48:00.736 26970 WARNING rally_openstack.scenarios.neutron.utils [-] Running this scenario without either the 'network' or 'existing_network' context is deprecated
2019-06-14 09:48:02.284 26951 INFO rally.task.runner [-] Task b9b0de74-cb48-4d8f-aa9d-9a84f1760564 | ITER: 28 END: OK
2019-06-14 09:48:02.289 26951 INFO rally.task.runner [-] Task b9b0de74-cb48-4d8f-aa9d-9a84f1760564 | ITER: 38 START
2019-06-14 09:48:02.289 26951 WARNING rally_openstack.scenarios.neutron.utils [-] Running this scenario without either the 'network' or 'existing_network' context is deprecated
