2019-06-14 09:48:03.092 26954 INFO rally.task.runner [-] Task b9b0de74-cb48-4d8f-aa9d-9a84f1760564 | ITER: 26 END: OK
2019-06-14 09:48:03.096 26954 INFO rally.task.runner [-] Task b9b0de74-cb48-4d8f-aa9d-9a84f1760564 | ITER: 39 START
2019-06-14 09:48:03.097 26954 WARNING rally_openstack.scenarios.neutron.utils [-] Running this scenario without either the 'network' or 'existing_network' context is deprecated
2019-06-14 09:48:03.521 26992 INFO rally.task.runner [-] Task b9b0de74-cb48-4d8f-aa9d-9a84f1760564 | ITER: 27 END: OK
2019-06-14 09:48:03.525 26992 INFO rally.task.runner [-] Task b9b0de74-cb48-4d8f-aa9d-9a84f1760564 | ITER: 40 START
2019-06-14 09:48:03.526 26992 WARNING rally_openstack.scenarios.neutron.utils [-] Running this scenario without either the 'network' or 'existing_network' context is deprecated
2019-06-14 09:48:05.578 26984 INFO rally.task.runner [-] Task b9b0de74-cb48-4d8f-aa9d-9a84f1760564 | ITER: 23 END: OK
2019-06-14 09:48:10.288 26953 INFO rally.task.runner [-] Task b9b0de74-cb48-4d8f-aa9d-9a84f1760564 | ITER: 30 END: OK
2019-06-14 09:48:10.846 26954 INFO rally.task.runner [-] Task b9b0de74-cb48-4d8f-aa9d-9a84f1760564 | ITER: 34 END: OK
2019-06-14 09:48:11.020 26970 INFO rally.task.runner [-] Task b9b0de74-cb48-4d8f-aa9d-9a84f1760564 | ITER: 37 END: OK
2019-06-14 09:48:13.260 26992 INFO rally.task.runner [-] Task b9b0de74-cb48-4d8f-aa9d-9a84f1760564 | ITER: 40 END: OK
2019-06-14 09:48:13.284 26954 INFO rally.task.runner [-] Task b9b0de74-cb48-4d8f-aa9d-9a84f1760564 | ITER: 39 END: OK
2019-06-14 09:48:14.851 26981 INFO rally.task.runner [-] Task b9b0de74-cb48-4d8f-aa9d-9a84f1760564 | ITER: 24 END: OK
2019-06-14 09:48:15.708 26977 INFO rally.task.runner [-] Task b9b0de74-cb48-4d8f-aa9d-9a84f1760564 | ITER: 32 END: OK
2019-06-14 09:48:15.991 26995 INFO rally.task.runner [-] Task b9b0de74-cb48-4d8f-aa9d-9a84f1760564 | ITER: 33 END: OK
2019-06-14 09:48:16.083 26963 INFO rally.task.runner [-] Task b9b0de74-cb48-4d8f-aa9d-9a84f1760564 | ITER: 11 END: OK
2019-06-14 09:48:16.085 26991 INFO rally.task.runner [-] Task b9b0de74-cb48-4d8f-aa9d-9a84f1760564 | ITER: 25 END: OK
2019-06-14 09:48:16.214 26951 INFO rally.task.runner [-] Task b9b0de74-cb48-4d8f-aa9d-9a84f1760564 | ITER: 29 END: OK
2019-06-14 09:48:16.367 26978 INFO rally.task.runner [-] Task b9b0de74-cb48-4d8f-aa9d-9a84f1760564 | ITER: 15 END: OK
2019-06-14 09:48:16.383 26952 INFO rally.task.runner [-] Task b9b0de74-cb48-4d8f-aa9d-9a84f1760564 | ITER: 5 END: OK
2019-06-14 09:48:16.631 26953 INFO rally.task.runner [-] Task b9b0de74-cb48-4d8f-aa9d-9a84f1760564 | ITER: 35 END: OK
2019-06-14 09:48:16.730 26998 INFO rally.task.runner [-] Task b9b0de74-cb48-4d8f-aa9d-9a84f1760564 | ITER: 31 END: OK
2019-06-14 09:48:16.844 26952 INFO rally.task.runner [-] Task b9b0de74-cb48-4d8f-aa9d-9a84f1760564 | ITER: 2 END: OK
2019-06-14 09:48:16.963 26951 INFO rally.task.runner [-] Task b9b0de74-cb48-4d8f-aa9d-9a84f1760564 | ITER: 38 END: OK
2019-06-14 09:48:16.980 26955 INFO rally.task.runner [-] Task b9b0de74-cb48-4d8f-aa9d-9a84f1760564 | ITER: 9 END: OK
2019-06-14 09:48:17.095 26959 INFO rally.task.runner [-] Task b9b0de74-cb48-4d8f-aa9d-9a84f1760564 | ITER: 36 END: OK
2019-06-14 09:48:17.130 22705 INFO rally.task.context [-] Task b9b0de74-cb48-4d8f-aa9d-9a84f1760564 | Context cleanup@openstack cleanup() started
2019-06-14 09:48:17.133 22705 RALLYDEBUG rally_openstack.cleanup.manager [-] Cleaning up neutron vip objects
2019-06-14 09:48:17.826 22705 RALLYDEBUG rally_openstack.cleanup.manager [-] Cleaning up neutron health_monitor objects
2019-06-14 09:48:18.540 22705 RALLYDEBUG rally_openstack.cleanup.manager [-] Cleaning up neutron pool objects
2019-06-14 09:48:19.243 22705 RALLYDEBUG rally_openstack.cleanup.manager [-] Cleaning up neutron loadbalancer objects
2019-06-14 09:48:19.937 22705 RALLYDEBUG rally_openstack.cleanup.manager [-] Cleaning up neutron floatingip objects
2019-06-14 09:48:20.705 22705 RALLYDEBUG rally_openstack.cleanup.manager [-] Cleaning up neutron port objects
2019-06-14 09:48:21.434 22705 RALLYDEBUG rally_openstack.cleanup.manager [-] Cleaning up neutron subnet objects
2019-06-14 09:48:22.190 22705 RALLYDEBUG rally_openstack.cleanup.manager [-] Cleaning up neutron network objects
2019-06-14 09:48:23.038 22705 RALLYDEBUG rally_openstack.cleanup.manager [-] Deleting neutron.network object s_rally_d86d6cdc_ZP7BLdJq (1191af9d-c365-499b-8bef-87a48829630d)
2019-06-14 09:48:23.040 22705 RALLYDEBUG rally_openstack.cleanup.manager [-] Deleting neutron.network object s_rally_d86d6cdc_dSqJZE0H (286d5b8a-4b23-411e-b6d3-7f6b1266784a)
2019-06-14 09:48:23.042 22705 RALLYDEBUG rally_openstack.cleanup.manager [-] Deleting neutron.network object s_rally_d86d6cdc_ZHwQvG4k (24cbd16b-6020-4200-bc84-0577e2f51672)
2019-06-14 09:48:23.055 22705 RALLYDEBUG rally_openstack.cleanup.manager [-] Deleting neutron.network object s_rally_d86d6cdc_LTFuHYwh (2a7ba703-a032-4db1-8cf6-738748c92527)
2019-06-14 09:48:23.065 22705 RALLYDEBUG rally_openstack.cleanup.manager [-] Deleting neutron.network object s_rally_d86d6cdc_RWHqPdLf (33bc8f2e-92ef-489d-b17a-95152fd3a851)
2019-06-14 09:48:23.066 22705 RALLYDEBUG rally_openstack.cleanup.manager [-] Deleting neutron.network object s_rally_d86d6cdc_mPDXpOew (2b02e61f-2c7a-4e1e-a935-47e54aea4447)
2019-06-14 09:48:23.070 22705 RALLYDEBUG rally_openstack.cleanup.manager [-] Deleting neutron.network object s_rally_d86d6cdc_QH51MUV3 (1aa06cd1-456e-42b6-881f-387eee76aac7)
2019-06-14 09:48:23.078 22705 RALLYDEBUG rally_openstack.cleanup.manager [-] Deleting neutron.network object s_rally_d86d6cdc_RCbVUWkt (1a808cf4-5f9a-4d0c-8ccd-e2a788463030)
2019-06-14 09:48:23.089 22705 RALLYDEBUG rally_openstack.cleanup.manager [-] Deleting neutron.network object s_rally_d86d6cdc_UsrALDR5 (435ef1ab-b175-4fd7-88b3-74a56c50f550)
2019-06-14 09:48:23.093 22705 RALLYDEBUG rally_openstack.cleanup.manager [-] Deleting neutron.network object s_rally_d86d6cdc_UkzU88dB (1dbb97e5-2d36-4c3f-bf48-2f956705ca0a)
2019-06-14 09:48:23.104 22705 RALLYDEBUG rally_openstack.cleanup.manager [-] Deleting neutron.network object s_rally_d86d6cdc_cGjlU7di (481dbbc1-6f36-4498-925d-7e0efe48da78)
2019-06-14 09:48:23.108 22705 RALLYDEBUG rally_openstack.cleanup.manager [-] Deleting neutron.network object s_rally_d86d6cdc_LysTsuDL (393ad239-c347-49ad-891f-b96d4b9f0c22)
2019-06-14 09:48:23.115 22705 RALLYDEBUG rally_openstack.cleanup.manager [-] Deleting neutron.network object s_rally_d86d6cdc_EixlP1wW (38d32172-7a7a-4c06-ad66-db23e770d6ae)
2019-06-14 09:48:23.117 22705 RALLYDEBUG rally_openstack.cleanup.manager [-] Deleting neutron.network object s_rally_d86d6cdc_syN8cFsl (4da15f9a-8f72-46d3-a5d5-2ab9144f40d0)
2019-06-14 09:48:23.134 22705 RALLYDEBUG rally_openstack.cleanup.manager [-] Deleting neutron.network object s_rally_d86d6cdc_T6o4u6MP (4fa0850f-d378-4133-8525-aa8e011a0424)
2019-06-14 09:48:23.157 22705 RALLYDEBUG rally_openstack.cleanup.manager [-] Deleting neutron.network object s_rally_d86d6cdc_lpc0PT0T (56e51861-6914-4f1f-a116-16b4e7a79866)
2019-06-14 09:48:23.175 22705 RALLYDEBUG rally_openstack.cleanup.manager [-] Deleting neutron.network object s_rally_d86d6cdc_HOdOa5KQ (575710d7-2d4e-44b9-b269-3ba2b0b87668)
2019-06-14 09:48:23.184 22705 RALLYDEBUG rally_openstack.cleanup.manager [-] Deleting neutron.network object s_rally_d86d6cdc_InuL4zVR (5e767feb-4e1e-479c-878b-1fdfc098c3d7)
2019-06-14 09:48:23.184 22705 RALLYDEBUG rally_openstack.cleanup.manager [-] Deleting neutron.network object s_rally_d86d6cdc_gxP2dbX9 (5f946505-7def-4180-8fb8-a24031c89761)
2019-06-14 09:48:23.187 22705 RALLYDEBUG rally_openstack.cleanup.manager [-] Deleting neutron.network object s_rally_d86d6cdc_kjpzJsy0 (59a30529-b894-45a9-ac07-2c963ffd938b)
2019-06-14 09:48:25.768 22705 RALLYDEBUG rally_openstack.cleanup.manager [-] Deleting neutron.network object s_rally_d86d6cdc_ZQFEK5h3 (6690349d-c0f6-4c3c-a0a9-3519392e3036)
2019-06-14 09:48:25.886 22705 RALLYDEBUG rally_openstack.cleanup.manager [-] Deleting neutron.network object s_rally_d86d6cdc_L8aqXWwe (69cfa5ba-5c57-4c0e-8854-f9372f589db4)
2019-06-14 09:48:26.163 22705 RALLYDEBUG rally_openstack.cleanup.manager [-] Deleting neutron.network object s_rally_d86d6cdc_U8EFoGph (6e3f6d08-eee4-48c4-97d4-079ae0eb5fb2)
2019-06-14 09:48:26.522 22705 RALLYDEBUG rally_openstack.cleanup.manager [-] Deleting neutron.network object s_rally_d86d6cdc_spk6vRE0 (6ea9c693-033f-43fb-b7aa-ab572501ec83)
2019-06-14 09:48:26.927 22705 RALLYDEBUG rally_openstack.cleanup.manager [-] Deleting neutron.network object s_rally_d86d6cdc_LKX6KEyc (746e854c-cc23-4d35-bb1c-ee80056c9b96)
2019-06-14 09:48:27.440 22705 RALLYDEBUG rally_openstack.cleanup.manager [-] Deleting neutron.network object s_rally_d86d6cdc_IwdYLaJx (76157b2e-74cc-4fd5-9d48-b695ffe2e267)
2019-06-14 09:48:27.549 22705 RALLYDEBUG rally_openstack.cleanup.manager [-] Deleting neutron.network object s_rally_d86d6cdc_5i6BbC90 (8bcb313e-768d-4288-8e6a-71aef6f981fa)
2019-06-14 09:48:28.099 22705 RALLYDEBUG rally_openstack.cleanup.manager [-] Deleting neutron.network object s_rally_d86d6cdc_uIUkrNwm (b6d7753b-a33a-4b20-86cf-643d7e31f4d6)
2019-06-14 09:48:28.581 22705 RALLYDEBUG rally_openstack.cleanup.manager [-] Deleting neutron.network object s_rally_d86d6cdc_GFJdirvT (bc586a02-bcce-4808-a48a-c93a0e1914ec)
2019-06-14 09:48:28.679 22705 RALLYDEBUG rally_openstack.cleanup.manager [-] Deleting neutron.network object s_rally_d86d6cdc_F9gI9y5X (bf791b77-cb75-40b1-992d-889f3b496017)
2019-06-14 09:48:28.825 22705 RALLYDEBUG rally_openstack.cleanup.manager [-] Deleting neutron.network object s_rally_d86d6cdc_lVdC5YKW (c34a819c-f4dc-4ab4-b923-7ec4738586c4)
2019-06-14 09:48:29.085 22705 RALLYDEBUG rally_openstack.cleanup.manager [-] Deleting neutron.network object s_rally_d86d6cdc_xpSGFGQt (cfbea429-06d8-4a06-891f-e1550aa411e2)
2019-06-14 09:48:29.085 22705 RALLYDEBUG rally_openstack.cleanup.manager [-] Deleting neutron.network object s_rally_d86d6cdc_MTIdGtsc (c4576853-8869-43d0-b780-5c1971f35b08)
2019-06-14 09:48:29.267 22705 RALLYDEBUG rally_openstack.cleanup.manager [-] Deleting neutron.network object s_rally_d86d6cdc_lwAZdFgK (e4e90a3b-1d7c-4b50-8662-30f8bbf3f509)
2019-06-14 09:48:30.197 22705 RALLYDEBUG rally_openstack.cleanup.manager [-] Deleting neutron.network object s_rally_d86d6cdc_cO3yzie4 (e555b6fa-d88d-4207-850d-f0b5b9268a2f)
2019-06-14 09:48:30.340 22705 RALLYDEBUG rally_openstack.cleanup.manager [-] Deleting neutron.network object s_rally_d86d6cdc_pl90rrhJ (e5e24b82-0ad8-4d46-ad84-699a3d98e60d)
2019-06-14 09:48:30.454 22705 RALLYDEBUG rally_openstack.cleanup.manager [-] Deleting neutron.network object s_rally_d86d6cdc_BK1glZpT (ea291393-412a-428a-957a-838e4f1df774)
2019-06-14 09:48:30.523 22705 RALLYDEBUG rally_openstack.cleanup.manager [-] Deleting neutron.network object s_rally_d86d6cdc_0f201hZY (ed5ffb44-7a51-4f1c-8109-649bf1d5d1b7)
2019-06-14 09:48:30.532 22705 RALLYDEBUG rally_openstack.cleanup.manager [-] Deleting neutron.network object s_rally_d86d6cdc_ocrd2jy6 (ee4964f0-b83f-472d-b0a5-868b509f4015)
2019-06-14 09:48:30.582 22705 RALLYDEBUG rally_openstack.cleanup.manager [-] Deleting neutron.network object s_rally_d86d6cdc_bBgPxXVl (f6bed1f2-1de0-4b63-8702-30509712622f)
2019-06-14 09:48:33.251 22705 RALLYDEBUG rally_openstack.cleanup.manager [-] Cleaning up neutron router objects
2019-06-14 09:48:33.915 22705 RALLYDEBUG rally_openstack.cleanup.manager [-] Cleaning up neutron security_group objects
2019-06-14 09:48:34.584 22705 INFO rally.task.context [-] Task b9b0de74-cb48-4d8f-aa9d-9a84f1760564 | Context cleanup@openstack cleanup() finished in 17.45 sec
2019-06-14 09:48:34.584 22705 INFO rally.task.context [-] Task b9b0de74-cb48-4d8f-aa9d-9a84f1760564 | Context quotas@openstack cleanup() started
2019-06-14 09:48:34.789 22705 INFO rally.task.context [-] Task b9b0de74-cb48-4d8f-aa9d-9a84f1760564 | Context quotas@openstack cleanup() finished in 0.20 sec
2019-06-14 09:48:34.789 22705 INFO rally.task.context [-] Task b9b0de74-cb48-4d8f-aa9d-9a84f1760564 | Context users@openstack cleanup() started
2019-06-14 09:48:39.173 22705 INFO rally.task.context [-] Task b9b0de74-cb48-4d8f-aa9d-9a84f1760564 | Context users@openstack cleanup() finished in 4.38 sec
2019-06-14 09:48:39.974 22705 INFO rally.task.engine [-] Load duration is: 42.006445
2019-06-14 09:48:39.975 22705 INFO rally.task.engine [-] Full runner duration is: 42.06608
2019-06-14 09:48:39.975 22705 INFO rally.task.engine [-] Full duration is: 69.458702
2019-06-14 09:48:40.254 22705 INFO rally.task.engine [-] Running workload: position = 0 config = { "version": 2, "title": "A cropped version of a bigger task.", "description": "Auto-generated task from a single workload (uuid=a7f6eea2-bd99-4803-81ed-0ea5d2813684)", "subtasks": [ { "title": "Quotas.neutron_update", "description": "Update quotas for neutron.", "scenario": { "Quotas.neutron_update": { "max_quota": 1024 } }, "contexts": { "users": { "tenants": 20, "users_per_tenant": 1 } }, "runner": { "constant": { "times": 40, "concurrency": 20 } }, "hooks": [], "sla": { "failure_rate": { "max": 0 } } } ] }
2019-06-14 09:48:40.273 22705 RALLYDEBUG rally_openstack.contexts.keystone.users [-] Creating 20 tenants using 20 threads
2019-06-14 09:48:44.051 22705 RALLYDEBUG rally_openstack.contexts.keystone.users [-] Creating 20 users using 20 threads
2019-06-14 09:48:49.811 22705 INFO rally.task.context [-] Task b9b0de74-cb48-4d8f-aa9d-9a84f1760564 | Context users@openstack setup() finished in 9.54 sec
2019-06-14 09:48:49.812 22705 INFO rally.task.context [-] Task b9b0de74-cb48-4d8f-aa9d-9a84f1760564 | Context admin_cleanup@openstack setup() finished in 0.00 msec
2019-06-14 09:48:49.818 22705 RALLYDEBUG rally.task.runner [-] Starting the constant runner (task UUID: b9b0de74-cb48-4d8f-aa9d-9a84f1760564). timeout: 0 concurrency: 20 concurrency_per_worker: 1 times: 40 concurrency_overhead: 4 processes_to_start: 16 max_cpu_used: 16
2019-06-14 09:48:49.832 27321 RALLYDEBUG rally.task.runner [-] Starting a worker. concurrency: 2 args: {"max_quota": 1024} times: 40 method_name: run timeout: 0 duration: None cls:
2019-06-14 09:48:49.834 27322 RALLYDEBUG rally.task.runner [-] Starting a worker. concurrency: 2 args: {"max_quota": 1024} times: 40 method_name: run timeout: 0 duration: None cls:
2019-06-14 09:48:49.837 27323 RALLYDEBUG rally.task.runner [-] Starting a worker. concurrency: 2 args: {"max_quota": 1024} times: 40 method_name: run timeout: 0 duration: None cls:
2019-06-14 09:48:49.840 27324 RALLYDEBUG rally.task.runner [-] Starting a worker. concurrency: 2 args: {"max_quota": 1024} times: 40 method_name: run timeout: 0 duration: None cls:
2019-06-14 09:48:49.843 27322 INFO rally.task.runner [-] Task b9b0de74-cb48-4d8f-aa9d-9a84f1760564 | ITER: 2 START
2019-06-14 09:48:49.844 27325 RALLYDEBUG rally.task.runner [-] Starting a worker. concurrency: 1 args: {"max_quota": 1024} times: 40 method_name: run timeout: 0 duration: None cls:
2019-06-14 09:48:49.846 27323 INFO rally.task.runner [-] Task b9b0de74-cb48-4d8f-aa9d-9a84f1760564 | ITER: 3 START
2019-06-14 09:48:49.850 27324 INFO rally.task.runner [-] Task b9b0de74-cb48-4d8f-aa9d-9a84f1760564 | ITER: 6 START
2019-06-14 09:48:49.851 27328 RALLYDEBUG rally.task.runner [-] Starting a worker. concurrency: 1 args: {"max_quota": 1024} times: 40 method_name: run timeout: 0 duration: None cls:
2019-06-14 09:48:49.853 27321 INFO rally.task.runner [-] Task b9b0de74-cb48-4d8f-aa9d-9a84f1760564 | ITER: 1 START
2019-06-14 09:48:49.853 27333 RALLYDEBUG rally.task.runner [-] Starting a worker. concurrency: 1 args: {"max_quota": 1024} times: 40 method_name: run timeout: 0 duration: None cls:
2019-06-14 09:48:49.856 27335 RALLYDEBUG rally.task.runner [-] Starting a worker. concurrency: 1 args: {"max_quota": 1024} times: 40 method_name: run timeout: 0 duration: None cls:
2019-06-14 09:48:49.861 27338 RALLYDEBUG rally.task.runner [-] Starting a worker. concurrency: 1 args: {"max_quota": 1024} times: 40 method_name: run timeout: 0 duration: None cls:
2019-06-14 09:48:49.861 27321 INFO rally.task.runner [-] Task b9b0de74-cb48-4d8f-aa9d-9a84f1760564 | ITER: 4 START
2019-06-14 09:48:49.865 27322 INFO rally.task.runner [-] Task b9b0de74-cb48-4d8f-aa9d-9a84f1760564 | ITER: 5 START
2019-06-14 09:48:49.866 27335 INFO rally.task.runner [-] Task b9b0de74-cb48-4d8f-aa9d-9a84f1760564 | ITER: 12 START
2019-06-14 09:48:49.866 27339 RALLYDEBUG rally.task.runner [-] Starting a worker. concurrency: 1 args: {"max_quota": 1024} times: 40 method_name: run timeout: 0 duration: None cls:
2019-06-14 09:48:49.867 27324 INFO rally.task.runner [-] Task b9b0de74-cb48-4d8f-aa9d-9a84f1760564 | ITER: 9 START
2019-06-14 09:48:49.871 27328 INFO rally.task.runner [-] Task b9b0de74-cb48-4d8f-aa9d-9a84f1760564 | ITER: 10 START
2019-06-14 09:48:49.871 27340 RALLYDEBUG rally.task.runner [-] Starting a worker. concurrency: 1 args: {"max_quota": 1024} times: 40 method_name: run timeout: 0 duration: None cls:
2019-06-14 09:48:49.872 27338 INFO rally.task.runner [-] Task b9b0de74-cb48-4d8f-aa9d-9a84f1760564 | ITER: 13 START
2019-06-14 09:48:49.872 27341 RALLYDEBUG rally.task.runner [-] Starting a worker. concurrency: 1 args: {"max_quota": 1024} times: 40 method_name: run timeout: 0 duration: None cls:
2019-06-14 09:48:49.874 27325 INFO rally.task.runner [-] Task b9b0de74-cb48-4d8f-aa9d-9a84f1760564 | ITER: 8 START
2019-06-14 09:48:49.874 27333 INFO rally.task.runner [-] Task b9b0de74-cb48-4d8f-aa9d-9a84f1760564 | ITER: 11 START
2019-06-14 09:48:49.878 27349 RALLYDEBUG rally.task.runner [-] Starting a worker. concurrency: 1 args: {"max_quota": 1024} times: 40 method_name: run timeout: 0 duration: None cls:
2019-06-14 09:48:49.879 27323 INFO rally.task.runner [-] Task b9b0de74-cb48-4d8f-aa9d-9a84f1760564 | ITER: 7 START
2019-06-14 09:48:49.880 27339 INFO rally.task.runner [-] Task b9b0de74-cb48-4d8f-aa9d-9a84f1760564 | ITER: 14 START
2019-06-14 09:48:49.882 27341 INFO rally.task.runner [-] Task b9b0de74-cb48-4d8f-aa9d-9a84f1760564 | ITER: 16 START
2019-06-14 09:48:49.885 27356 RALLYDEBUG rally.task.runner [-] Starting a worker. concurrency: 1 args: {"max_quota": 1024} times: 40 method_name: run timeout: 0 duration: None cls:
2019-06-14 09:48:49.889 27349 INFO rally.task.runner [-] Task b9b0de74-cb48-4d8f-aa9d-9a84f1760564 | ITER: 17 START
2019-06-14 09:48:49.896 27340 INFO rally.task.runner [-] Task b9b0de74-cb48-4d8f-aa9d-9a84f1760564 | ITER: 15 START
2019-06-14 09:48:49.897 27356 INFO rally.task.runner [-] Task b9b0de74-cb48-4d8f-aa9d-9a84f1760564 | ITER: 18 START
2019-06-14 09:48:49.896 27363 RALLYDEBUG rally.task.runner [-] Starting a worker. concurrency: 1 args: {"max_quota": 1024} times: 40 method_name: run timeout: 0 duration: None cls:
2019-06-14 09:48:49.898 27366 RALLYDEBUG rally.task.runner [-] Starting a worker. concurrency: 1 args: {"max_quota": 1024} times: 40 method_name: run timeout: 0 duration: None cls:
2019-06-14 09:48:49.906 27366 INFO rally.task.runner [-] Task b9b0de74-cb48-4d8f-aa9d-9a84f1760564 | ITER: 20 START
2019-06-14 09:48:49.906 27363 INFO rally.task.runner [-] Task b9b0de74-cb48-4d8f-aa9d-9a84f1760564 | ITER: 19 START
2019-06-14 09:48:51.343 27338 INFO rally.task.runner [-] Task b9b0de74-cb48-4d8f-aa9d-9a84f1760564 | ITER: 13 END: OK
2019-06-14 09:48:51.349 27338 INFO rally.task.runner [-] Task b9b0de74-cb48-4d8f-aa9d-9a84f1760564 | ITER: 21 START
2019-06-14 09:48:51.384 27324 INFO rally.task.runner [-] Task b9b0de74-cb48-4d8f-aa9d-9a84f1760564 | ITER: 6 END: OK
2019-06-14 09:48:51.391 27324 INFO rally.task.runner [-] Task b9b0de74-cb48-4d8f-aa9d-9a84f1760564 | ITER: 22 START
2019-06-14 09:48:51.452 27323 INFO rally.task.runner [-] Task b9b0de74-cb48-4d8f-aa9d-9a84f1760564 | ITER: 3 END: OK
2019-06-14 09:48:51.455 27321 INFO rally.task.runner [-] Task b9b0de74-cb48-4d8f-aa9d-9a84f1760564 | ITER: 1 END: OK
2019-06-14 09:48:51.459 27323 INFO rally.task.runner [-] Task b9b0de74-cb48-4d8f-aa9d-9a84f1760564 | ITER: 23 START
2019-06-14 09:48:51.461 27321 INFO rally.task.runner [-] Task b9b0de74-cb48-4d8f-aa9d-9a84f1760564 | ITER: 24 START
2019-06-14 09:48:51.462 27322 INFO rally.task.runner [-] Task b9b0de74-cb48-4d8f-aa9d-9a84f1760564 | ITER: 2 END: OK
2019-06-14 09:48:51.467 27322 INFO rally.task.runner [-] Task b9b0de74-cb48-4d8f-aa9d-9a84f1760564 | ITER: 25 START
2019-06-14 09:48:51.537 27339 INFO rally.task.runner [-] Task b9b0de74-cb48-4d8f-aa9d-9a84f1760564 | ITER: 14 END: OK
2019-06-14 09:48:51.544 27339 INFO rally.task.runner [-] Task b9b0de74-cb48-4d8f-aa9d-9a84f1760564 | ITER: 26 START
2019-06-14 09:48:51.646 27340 INFO rally.task.runner [-] Task b9b0de74-cb48-4d8f-aa9d-9a84f1760564 | ITER: 15 END: OK
2019-06-14 09:48:51.653 27340 INFO rally.task.runner [-] Task b9b0de74-cb48-4d8f-aa9d-9a84f1760564 | ITER: 27 START
2019-06-14 09:48:51.693 27335 INFO rally.task.runner [-] Task b9b0de74-cb48-4d8f-aa9d-9a84f1760564 | ITER: 12 END: OK
2019-06-14 09:48:51.700 27335 INFO rally.task.runner [-] Task b9b0de74-cb48-4d8f-aa9d-9a84f1760564 | ITER: 28 START
2019-06-14 09:48:51.703 27323 INFO rally.task.runner [-] Task b9b0de74-cb48-4d8f-aa9d-9a84f1760564 | ITER: 7 END: OK
2019-06-14 09:48:51.708 27323 INFO rally.task.runner [-] Task b9b0de74-cb48-4d8f-aa9d-9a84f1760564 | ITER: 29 START
2019-06-14 09:48:51.804 27349 INFO rally.task.runner [-] Task b9b0de74-cb48-4d8f-aa9d-9a84f1760564 | ITER: 17 END: OK
2019-06-14 09:48:51.811 27349 INFO rally.task.runner [-] Task b9b0de74-cb48-4d8f-aa9d-9a84f1760564 | ITER: 30 START
2019-06-14 09:48:51.837 27366 INFO rally.task.runner [-] Task b9b0de74-cb48-4d8f-aa9d-9a84f1760564 | ITER: 20 END: OK
2019-06-14 09:48:51.844 27366 INFO rally.task.runner [-] Task b9b0de74-cb48-4d8f-aa9d-9a84f1760564 | ITER: 31 START
2019-06-14 09:48:51.851 27363 INFO rally.task.runner [-] Task b9b0de74-cb48-4d8f-aa9d-9a84f1760564 | ITER: 19 END: OK
2019-06-14 09:48:51.857 27363 INFO rally.task.runner [-] Task b9b0de74-cb48-4d8f-aa9d-9a84f1760564 | ITER: 32 START
2019-06-14 09:48:51.958 27328 INFO rally.task.runner [-] Task b9b0de74-cb48-4d8f-aa9d-9a84f1760564 | ITER: 10 END: OK
2019-06-14 09:48:51.966 27328 INFO rally.task.runner [-] Task b9b0de74-cb48-4d8f-aa9d-9a84f1760564 | ITER: 33 START
2019-06-14 09:48:52.027 27322 INFO rally.task.runner [-] Task b9b0de74-cb48-4d8f-aa9d-9a84f1760564 | ITER: 5 END: OK
2019-06-14 09:48:52.034 27322 INFO rally.task.runner [-] Task b9b0de74-cb48-4d8f-aa9d-9a84f1760564 | ITER: 34 START
2019-06-14 09:48:52.066 27333 INFO rally.task.runner [-] Task b9b0de74-cb48-4d8f-aa9d-9a84f1760564 | ITER: 11 END: OK
2019-06-14 09:48:52.072 27333 INFO rally.task.runner [-] Task b9b0de74-cb48-4d8f-aa9d-9a84f1760564 | ITER: 35 START
2019-06-14 09:48:52.092 27341 INFO rally.task.runner [-] Task b9b0de74-cb48-4d8f-aa9d-9a84f1760564 | ITER: 16 END: OK
2019-06-14 09:48:52.098 27341 INFO rally.task.runner [-] Task b9b0de74-cb48-4d8f-aa9d-9a84f1760564 | ITER: 36 START
2019-06-14 09:48:52.110 27321 INFO rally.task.runner [-] Task b9b0de74-cb48-4d8f-aa9d-9a84f1760564 | ITER: 4 END: OK
2019-06-14 09:48:52.115 27321 INFO rally.task.runner [-] Task b9b0de74-cb48-4d8f-aa9d-9a84f1760564 | ITER: 37 START
2019-06-14 09:48:52.151 27324 INFO rally.task.runner [-] Task b9b0de74-cb48-4d8f-aa9d-9a84f1760564 | ITER: 9 END: OK
2019-06-14 09:48:52.155 27324 INFO rally.task.runner [-] Task b9b0de74-cb48-4d8f-aa9d-9a84f1760564 | ITER: 38 START
2019-06-14 09:48:52.251 27356 INFO rally.task.runner [-] Task b9b0de74-cb48-4d8f-aa9d-9a84f1760564 | ITER: 18 END: OK
2019-06-14 09:48:52.258 27356 INFO rally.task.runner [-] Task b9b0de74-cb48-4d8f-aa9d-9a84f1760564 | ITER: 39 START
2019-06-14 09:48:52.290 27325 INFO rally.task.runner [-] Task b9b0de74-cb48-4d8f-aa9d-9a84f1760564 | ITER: 8 END: OK
2019-06-14 09:48:52.295 27325 INFO rally.task.runner [-] Task b9b0de74-cb48-4d8f-aa9d-9a84f1760564 | ITER: 40 START
2019-06-14 09:48:52.631 27338 INFO rally.task.runner [-] Task b9b0de74-cb48-4d8f-aa9d-9a84f1760564 | ITER: 21 END: OK
2019-06-14 09:48:52.660 27324 INFO rally.task.runner [-] Task b9b0de74-cb48-4d8f-aa9d-9a84f1760564 | ITER: 22 END: OK
2019-06-14 09:48:52.733 27322 INFO rally.task.runner [-] Task b9b0de74-cb48-4d8f-aa9d-9a84f1760564 | ITER: 25 END: OK
2019-06-14 09:48:52.769 27323 INFO rally.task.runner [-] Task b9b0de74-cb48-4d8f-aa9d-9a84f1760564 | ITER: 23 END: OK
2019-06-14 09:48:52.823 27321 INFO rally.task.runner [-] Task b9b0de74-cb48-4d8f-aa9d-9a84f1760564 | ITER: 24 END: OK
2019-06-14 09:48:52.883 27339 INFO rally.task.runner [-] Task b9b0de74-cb48-4d8f-aa9d-9a84f1760564 | ITER: 26 END: OK
2019-06-14 09:48:52.989 27323 INFO rally.task.runner [-] Task b9b0de74-cb48-4d8f-aa9d-9a84f1760564 | ITER: 29 END: OK
2019-06-14 09:48:53.014 27340 INFO rally.task.runner [-] Task b9b0de74-cb48-4d8f-aa9d-9a84f1760564 | ITER: 27 END: OK
2019-06-14 09:48:53.025 27335 INFO rally.task.runner [-] Task b9b0de74-cb48-4d8f-aa9d-9a84f1760564 | ITER: 28 END: OK
2019-06-14 09:48:53.112 27349 INFO rally.task.runner [-] Task b9b0de74-cb48-4d8f-aa9d-9a84f1760564 | ITER: 30 END: OK
2019-06-14 09:48:53.114 27366 INFO rally.task.runner [-] Task b9b0de74-cb48-4d8f-aa9d-9a84f1760564 | ITER: 31 END: OK
2019-06-14 09:48:53.178 27328 INFO rally.task.runner [-] Task b9b0de74-cb48-4d8f-aa9d-9a84f1760564 | ITER: 33 END: OK
2019-06-14 09:48:53.256 27333 INFO rally.task.runner [-] Task b9b0de74-cb48-4d8f-aa9d-9a84f1760564 | ITER: 35 END: OK
2019-06-14 09:48:53.266 27321 INFO rally.task.runner [-] Task b9b0de74-cb48-4d8f-aa9d-9a84f1760564 | ITER: 37 END: OK
2019-06-14 09:48:53.294 27356 INFO rally.task.runner [-] Task b9b0de74-cb48-4d8f-aa9d-9a84f1760564 | ITER: 39 END: OK
2019-06-14 09:48:53.312 27324 INFO rally.task.runner [-] Task b9b0de74-cb48-4d8f-aa9d-9a84f1760564 | ITER: 38 END: OK
2019-06-14 09:48:53.327 27341 INFO rally.task.runner [-] Task b9b0de74-cb48-4d8f-aa9d-9a84f1760564 | ITER: 36 END: OK
2019-06-14 09:48:53.370 27325 INFO rally.task.runner [-] Task b9b0de74-cb48-4d8f-aa9d-9a84f1760564 | ITER: 40 END: OK
2019-06-14 09:48:53.423 27363 INFO rally.task.runner [-] Task b9b0de74-cb48-4d8f-aa9d-9a84f1760564 | ITER: 32 END: OK
2019-06-14 09:48:53.447 27322 INFO rally.task.runner [-] Task b9b0de74-cb48-4d8f-aa9d-9a84f1760564 | ITER: 34 END: OK
2019-06-14 09:48:53.473 22705 INFO rally.task.context [-] Task b9b0de74-cb48-4d8f-aa9d-9a84f1760564 | Context admin_cleanup@openstack cleanup() started
2019-06-14 09:48:53.475 22705 RALLYDEBUG rally_openstack.cleanup.manager [-] Cleaning up neutron quota objects
2019-06-14 09:48:57.155 22705 INFO rally.task.context [-] Task b9b0de74-cb48-4d8f-aa9d-9a84f1760564 | Context admin_cleanup@openstack cleanup() finished in 3.68 sec
2019-06-14 09:48:57.156 22705 INFO rally.task.context [-] Task b9b0de74-cb48-4d8f-aa9d-9a84f1760564 | Context users@openstack cleanup() started
2019-06-14 09:49:25.409 22705 INFO rally.task.context [-] Task b9b0de74-cb48-4d8f-aa9d-9a84f1760564 | Context users@openstack cleanup() finished in 28.25 sec
2019-06-14 09:49:26.462 22705 INFO rally.task.engine [-] Load duration is: 3.601372
2019-06-14 09:49:26.463 22705 INFO rally.task.engine [-] Full runner duration is: 3.654574
2019-06-14 09:49:26.463 22705 INFO rally.task.engine [-] Full duration is: 45.137342
2019-06-14 09:49:26.703 22705 INFO rally.task.engine [-] Running workload: position = 0 config = { "version": 2, "title": "A cropped version of a bigger task.", "description": "Auto-generated task from a single workload (uuid=13de45b1-5a70-4a7c-91de-6cf98aa3aa7a)", "subtasks": [ { "title": "NeutronTrunks.create_and_list_trunk_subports", "description": "", "scenario": { "NeutronTrunks.create_and_list_trunk_subports": { "subport_count": 125 } }, "contexts": { "users": { "tenants": 1, "users_per_tenant": 1 }, "quotas": { "neutron": { "network": -1, "port": 1000 } } }, "runner": { "constant": { "times": 4, "concurrency": 4 } }, "hooks": [], "sla": { "failure_rate": { "max": 0 } } } ] }
2019-06-14 09:49:26.722 22705 RALLYDEBUG rally_openstack.contexts.keystone.users [-] Creating 1 tenants using 20 threads
2019-06-14 09:49:28.315 22705 RALLYDEBUG rally_openstack.contexts.keystone.users [-] Creating 1 users using 20 threads
2019-06-14 09:49:30.647 22705 INFO rally.task.context [-] Task b9b0de74-cb48-4d8f-aa9d-9a84f1760564 | Context users@openstack setup() finished in 3.92 sec
2019-06-14 09:49:31.420 22705 INFO rally.task.context [-] Task b9b0de74-cb48-4d8f-aa9d-9a84f1760564 | Context quotas@openstack setup() finished in 0.77 sec
2019-06-14 09:49:31.421 22705 INFO rally.task.context [-] Task b9b0de74-cb48-4d8f-aa9d-9a84f1760564 | Context cleanup@openstack setup() finished in 0.00 msec
2019-06-14 09:49:31.428 22705 RALLYDEBUG rally.task.runner [-] Starting the constant runner (task UUID: b9b0de74-cb48-4d8f-aa9d-9a84f1760564). timeout: 0 concurrency: 4 concurrency_per_worker: 1 times: 4 concurrency_overhead: 0 processes_to_start: 4 max_cpu_used: 16
2019-06-14 09:49:31.441 27511 RALLYDEBUG rally.task.runner [-] Starting a worker. concurrency: 1 args: {"subport_count": 125} times: 4 method_name: run timeout: 0 duration: None cls:
2019-06-14 09:49:31.444 27512 RALLYDEBUG rally.task.runner [-] Starting a worker. concurrency: 1 args: {"subport_count": 125} times: 4 method_name: run timeout: 0 duration: None cls:
2019-06-14 09:49:31.447 27511 INFO rally.task.runner [-] Task b9b0de74-cb48-4d8f-aa9d-9a84f1760564 | ITER: 1 START
2019-06-14 09:49:31.446 27513 RALLYDEBUG rally.task.runner [-] Starting a worker. concurrency: 1 args: {"subport_count": 125} times: 4 method_name: run timeout: 0 duration: None cls:
2019-06-14 09:49:31.448 27514 RALLYDEBUG rally.task.runner [-] Starting a worker. concurrency: 1 args: {"subport_count": 125} times: 4 method_name: run timeout: 0 duration: None cls:
2019-06-14 09:49:31.449 27512 INFO rally.task.runner [-] Task b9b0de74-cb48-4d8f-aa9d-9a84f1760564 | ITER: 2 START
2019-06-14 09:49:31.451 27513 INFO rally.task.runner [-] Task b9b0de74-cb48-4d8f-aa9d-9a84f1760564 | ITER: 3 START
2019-06-14 09:49:31.453 27514 INFO rally.task.runner [-] Task b9b0de74-cb48-4d8f-aa9d-9a84f1760564 | ITER: 4 START
2019-06-14 09:51:49.553 27513 WARNING rally.task.atomic [-] 'optional_action_timer' is deprecated since rally v0.10.0.Please use action_timer instead, we have improved atomic actions, now do not need to explicitly close original action.
2019-06-14 09:51:49.595 27513 WARNING rally.task.atomic [-] 'optional_action_timer' is deprecated since rally v0.10.0.Please use action_timer instead, we have improved atomic actions, now do not need to explicitly close original action.
2019-06-14 09:51:50.392 27513 INFO rally.task.runner [-] Task b9b0de74-cb48-4d8f-aa9d-9a84f1760564 | ITER: 3 END: OK
2019-06-14 09:51:51.828 27514 WARNING rally.task.atomic [-] 'optional_action_timer' is deprecated since rally v0.10.0.Please use action_timer instead, we have improved atomic actions, now do not need to explicitly close original action.
2019-06-14 09:51:51.864 27514 WARNING rally.task.atomic [-] 'optional_action_timer' is deprecated since rally v0.10.0.Please use action_timer instead, we have improved atomic actions, now do not need to explicitly close original action.
2019-06-14 09:51:52.296 27511 WARNING rally.task.atomic [-] 'optional_action_timer' is deprecated since rally v0.10.0.Please use action_timer instead, we have improved atomic actions, now do not need to explicitly close original action.
2019-06-14 09:51:52.334 27511 WARNING rally.task.atomic [-] 'optional_action_timer' is deprecated since rally v0.10.0.Please use action_timer instead, we have improved atomic actions, now do not need to explicitly close original action.
2019-06-14 09:51:52.640 27514 INFO rally.task.runner [-] Task b9b0de74-cb48-4d8f-aa9d-9a84f1760564 | ITER: 4 END: OK
2019-06-14 09:51:52.790 27512 WARNING rally.task.atomic [-] 'optional_action_timer' is deprecated since rally v0.10.0.Please use action_timer instead, we have improved atomic actions, now do not need to explicitly close original action.
2019-06-14 09:51:52.834 27512 WARNING rally.task.atomic [-] 'optional_action_timer' is deprecated since rally v0.10.0.Please use action_timer instead, we have improved atomic actions, now do not need to explicitly close original action.
2019-06-14 09:51:53.391 27511 INFO rally.task.runner [-] Task b9b0de74-cb48-4d8f-aa9d-9a84f1760564 | ITER: 1 END: OK
2019-06-14 09:51:53.499 27512 INFO rally.task.runner [-] Task b9b0de74-cb48-4d8f-aa9d-9a84f1760564 | ITER: 2 END: OK
2019-06-14 09:51:53.525 22705 INFO rally.task.context [-] Task b9b0de74-cb48-4d8f-aa9d-9a84f1760564 | Context cleanup@openstack cleanup() started
2019-06-14 09:51:53.528 22705 RALLYDEBUG rally_openstack.cleanup.manager [-] Cleaning up neutron vip objects
2019-06-14 09:51:54.256 22705 RALLYDEBUG rally_openstack.cleanup.manager [-] Cleaning up neutron health_monitor objects
2019-06-14 09:51:54.992 22705 RALLYDEBUG rally_openstack.cleanup.manager [-] Cleaning up neutron pool objects
2019-06-14 09:51:55.727 22705 RALLYDEBUG rally_openstack.cleanup.manager [-] Cleaning up neutron loadbalancer objects
2019-06-14 09:51:56.870 22705 RALLYDEBUG rally_openstack.cleanup.manager [-] Cleaning up neutron floatingip objects
2019-06-14 09:51:58.043 22705 RALLYDEBUG rally_openstack.cleanup.manager [-] Cleaning up neutron port objects
2019-06-14 09:52:00.352 22705 RALLYDEBUG rally_openstack.cleanup.manager [-] Deleting neutron.port object s_rally_13de45b1_fR7JVWIq (0040f3d8-86a0-4b62-97f8-3e546a96ab10)
2019-06-14 09:52:00.358 22705 RALLYDEBUG rally_openstack.cleanup.manager [-] Deleting neutron.port object s_rally_13de45b1_74Xwpy55 (03502ac4-7d5f-4151-ad56-5187b9360064)
2019-06-14 09:52:00.366 22705 RALLYDEBUG rally_openstack.cleanup.manager [-] Deleting neutron.port object s_rally_13de45b1_Sg41EaON (01250e46-8f68-45bc-9ca1-dc0657daa7ec)
2019-06-14 09:52:00.366 22705 RALLYDEBUG rally_openstack.cleanup.manager [-] Deleting neutron.port object s_rally_13de45b1_1Fm8NzAJ (036a97dc-0fbc-42d9-a572-62c7baf7951e)
2019-06-14 09:52:00.369 22705 RALLYDEBUG rally_openstack.cleanup.manager [-] Deleting neutron.port object s_rally_13de45b1_pq1jZw5v (0192f657-fee5-4472-8570-63b4dacf9167)
2019-06-14 09:52:00.370 22705 RALLYDEBUG rally_openstack.cleanup.manager [-] Deleting neutron.port object s_rally_13de45b1_idEX6kGA (0247fa50-7b21-4350-b366-270208d9a4cd)
2019-06-14 09:52:00.373 22705 RALLYDEBUG rally_openstack.cleanup.manager [-] Deleting neutron.port object s_rally_13de45b1_gwELaikp (032f56c7-6c14-4040-8320-6aeae730a467)
2019-06-14 09:52:00.374 22705 RALLYDEBUG rally_openstack.cleanup.manager [-] Deleting neutron.port object s_rally_13de45b1_M42uMG0r (01baea6c-e1a4-4450-a990-4f2bdcd963af)
2019-06-14 09:52:00.378 22705 RALLYDEBUG rally_openstack.cleanup.manager [-] Deleting neutron.port object s_rally_13de45b1_uK8NnsWs (028d5771-18ac-4a9f-b6c2-c15d7156b738)
2019-06-14 09:52:00.380 22705 RALLYDEBUG rally_openstack.cleanup.manager [-] Deleting neutron.port object s_rally_13de45b1_xpiwLHQ2 (000cab3e-ad08-4e02-895c-71433813722e)
2019-06-14 09:52:00.383 22705 RALLYDEBUG rally_openstack.cleanup.manager [-] Deleting neutron.port object s_rally_13de45b1_mZP5JBLu (012ec3e6-4e63-485b-9463-a5c5b07e304b)
2019-06-14 09:52:00.386 22705 RALLYDEBUG rally_openstack.cleanup.manager [-] Deleting neutron.port object s_rally_13de45b1_cMIe7eW7 (063c78a5-d37c-4f5d-a621-bb1b60e9a354)
2019-06-14 09:52:00.388 22705 RALLYDEBUG rally_openstack.cleanup.manager [-] Deleting neutron.port object s_rally_13de45b1_Yv3cSeu9 (071b2115-2f49-4ccf-a269-4c35cc6adf2e)
2019-06-14 09:52:00.403 22705 RALLYDEBUG rally_openstack.cleanup.manager [-] Deleting neutron.port object s_rally_13de45b1_P5hgNFUz (037c9121-9b45-4609-b4e2-7e00d53275b2)
2019-06-14 09:52:00.423 22705 RALLYDEBUG rally_openstack.cleanup.manager [-] Deleting neutron.port object s_rally_13de45b1_rjgfjSE7 (07d8317d-8067-4101-9cb7-532d69775180)
2019-06-14 09:52:00.435 22705 RALLYDEBUG rally_openstack.cleanup.manager [-] Deleting neutron.port object s_rally_13de45b1_ZyMpxOmx (07d49ffe-2d66-4731-89c1-5658e4e798d5)
2019-06-14 09:52:00.445 22705 RALLYDEBUG rally_openstack.cleanup.manager [-] Deleting neutron.port object s_rally_13de45b1_zWmzzicW (0820fed2-0c87-4ed2-8932-6985a64fa26e)
2019-06-14 09:52:00.468 22705 RALLYDEBUG rally_openstack.cleanup.manager [-] Deleting neutron.port object s_rally_13de45b1_VNLuD1pZ (084682e1-82bc-4723-8907-34b5e5ff0a33)
2019-06-14 09:52:00.480 22705 RALLYDEBUG rally_openstack.cleanup.manager [-] Deleting neutron.port object s_rally_13de45b1_g2EWh0SN (089f07fc-47c2-441e-aa08-edba915dff70)
2019-06-14 09:52:00.511 22705 RALLYDEBUG rally_openstack.cleanup.manager [-] Deleting neutron.port object s_rally_13de45b1_a0w1N7F3 (09111ec0-7e0e-4454-9639-e370cd760af8)
2019-06-14 09:52:03.038 22705 RALLYDEBUG rally_openstack.cleanup.manager [-] Deleting neutron.port object s_rally_13de45b1_qVKoCHBP (0992c342-016f-4891-b86d-329204adb3a5)
2019-06-14 09:52:03.144 22705 RALLYDEBUG rally_openstack.cleanup.manager [-] Deleting neutron.port object s_rally_13de45b1_USKuA51C (09cba45d-a80d-4db6-8be4-eca8d2fd243f)
2019-06-14 09:52:03.244 22705 RALLYDEBUG rally_openstack.cleanup.manager [-] Deleting neutron.port object s_rally_13de45b1_Ynv1vzKY (0a069bb8-f389-4fe5-8f12-8c3285bd00c8)
2019-06-14 09:52:03.399 22705 RALLYDEBUG rally_openstack.cleanup.manager [-] Deleting neutron.port object s_rally_13de45b1_v6EBP93D (0a2a09cf-d61a-4ce6-8982-ca697c53c1ae)
2019-06-14 09:52:03.848 22705 RALLYDEBUG rally_openstack.cleanup.manager [-] Deleting neutron.port object s_rally_13de45b1_lcHN8Tqm (0ad096c5-8fb6-43cc-bfd6-ebddfe4090ff)
2019-06-14 09:52:04.997 22705 RALLYDEBUG rally_openstack.cleanup.manager [-] Deleting neutron.port object s_rally_13de45b1_c06M9b9m (0b2cfdcf-52c9-46cd-b9fd-3fd29e804e14)
2019-06-14 09:52:05.077 22705 RALLYDEBUG rally_openstack.cleanup.manager [-] Deleting neutron.port object s_rally_13de45b1_xSZF9grw (0b99d105-0ae8-4bd9-a5b5-2ad8fd50251f)
2019-06-14 09:52:05.236 22705 RALLYDEBUG rally_openstack.cleanup.manager [-] Deleting neutron.port object s_rally_13de45b1_rrBEWVSI (0bf4795f-97bb-4f98-a006-895b50c9fcb3)
2019-06-14 09:52:05.566 22705 RALLYDEBUG rally_openstack.cleanup.manager [-] Deleting neutron.port object s_rally_13de45b1_uEgWCw3h (0c14fa0e-b486-4d2f-887f-b9df067da438)
2019-06-14 09:52:06.279 22705 RALLYDEBUG rally_openstack.cleanup.manager [-] Deleting neutron.port object s_rally_13de45b1_7Df3Oc69 (0c6e04e5-060c-4917-9a8d-7a25fe40f4fe)
2019-06-14 09:52:06.794 22705 RALLYDEBUG rally_openstack.cleanup.manager [-] Deleting neutron.port object s_rally_13de45b1_erLGEZaI (0d706e25-555f-4e20-9b8c-0f796d2f8897)
2019-06-14 09:52:06.819 22705 RALLYDEBUG rally_openstack.cleanup.manager [-] Deleting neutron.port object s_rally_13de45b1_HazGBmfO (0d74f30c-67ef-47e7-8c3e-46e60852673e)
2019-06-14 09:52:06.856 22705 RALLYDEBUG rally_openstack.cleanup.manager [-] Deleting neutron.port object s_rally_13de45b1_0msOvKkh (0dcccfdc-1404-4169-a88f-debb8a16f959)
2019-06-14 09:52:06.946 22705 RALLYDEBUG rally_openstack.cleanup.manager [-] Deleting neutron.port object s_rally_13de45b1_KO5A5P5Q (0f3c097b-d62c-42ac-aa77-504ffae80f56)
2019-06-14 09:52:06.946 22705 RALLYDEBUG rally_openstack.cleanup.manager [-] Deleting neutron.port object s_rally_13de45b1_fv34UVf2 (0ef875fe-3587-4da5-8d2b-3491873727c8)
2019-06-14 09:52:07.010 22705 RALLYDEBUG rally_openstack.cleanup.manager [-] Deleting neutron.port object s_rally_13de45b1_vC7UB358 (0f876712-282a-47b9-8db2-1212cb7bed32)
2019-06-14 09:52:07.520 22705 RALLYDEBUG rally_openstack.cleanup.manager [-] Deleting neutron.port object s_rally_13de45b1_OEsOmGAB (104453ba-3be7-45e5-b57c-c78061ba657b)
2019-06-14 09:52:07.757 22705 RALLYDEBUG rally_openstack.cleanup.manager [-] Deleting neutron.port object s_rally_13de45b1_5iUMvm5E (10875c34-8c6f-45cc-a966-dd731df78563)
2019-06-14 09:52:08.113 22705 RALLYDEBUG rally_openstack.cleanup.manager [-] Deleting neutron.port object s_rally_13de45b1_ib7nN6Wk (10974b58-f168-4d61-9fc9-d4f3e4521f11)
2019-06-14 09:52:08.124 22705 RALLYDEBUG rally_openstack.cleanup.manager [-] Deleting neutron.port object s_rally_13de45b1_6Hk7WgmH (111ee42e-b5c9-47d9-a4a2-c5e2389d57d4)
2019-06-14 09:52:08.206 22705 RALLYDEBUG rally_openstack.cleanup.manager [-] Deleting neutron.port object s_rally_13de45b1_ddP4DphM (12150b13-aa9e-4add-959b-f67fc4127185)
2019-06-14 09:52:08.225 22705 RALLYDEBUG rally_openstack.cleanup.manager [-] Deleting neutron.port object s_rally_13de45b1_wtLzpn35 (12489a47-a9fb-458a-9cc2-9b9b1fea22f9)
2019-06-14 09:52:08.318 22705 RALLYDEBUG rally_openstack.cleanup.manager [-] Deleting neutron.port object s_rally_13de45b1_JtTBntpE (1357988d-68c1-4e41-a6b9-bd056c7fef28)
2019-06-14 09:52:08.361 22705 RALLYDEBUG rally_openstack.cleanup.manager [-] Deleting neutron.port object s_rally_13de45b1_vg9h9dlC (1384a81a-1daa-4798-9271-c5bb5b373e05)
2019-06-14 09:52:08.392 22705 RALLYDEBUG rally_openstack.cleanup.manager [-] Deleting neutron.port object s_rally_13de45b1_GT8e3HL6 (145c3a68-19d0-43e0-a599-6230c711d7cd)
2019-06-14 09:52:08.714 22705 RALLYDEBUG rally_openstack.cleanup.manager [-] Deleting neutron.port object s_rally_13de45b1_uELiMqrL (157ba2ed-829c-42d5-8932-511e10b62e40)
2019-06-14 09:52:08.725 22705 RALLYDEBUG rally_openstack.cleanup.manager [-] Deleting neutron.port object s_rally_13de45b1_qohifCGl (158bf2a8-6e1c-4bd0-87f5-fc37beafff01)
2019-06-14 09:52:08.852 22705 RALLYDEBUG rally_openstack.cleanup.manager [-] Deleting neutron.port object s_rally_13de45b1_RZA3cwlx (15c2dbfb-8bf4-4096-a49a-1460372de344)
2019-06-14 09:52:09.359 22705 RALLYDEBUG rally_openstack.cleanup.manager [-] Deleting neutron.port object s_rally_13de45b1_XNMst3uM (15ea3398-6507-4937-a8c6-76b8d0e71fa3)
2019-06-14 09:52:09.393 22705 RALLYDEBUG rally_openstack.cleanup.manager [-] Deleting neutron.port object s_rally_13de45b1_lz0hmq37 (16190ee8-301b-4f78-a805-452ec30bb576)
2019-06-14 09:52:09.756 22705 RALLYDEBUG rally_openstack.cleanup.manager [-] Deleting neutron.port object s_rally_13de45b1_72JnTR7U (1654e964-73b2-4cc3-8330-3545e6cdb9b6)
2019-06-14 09:52:10.297 22705 RALLYDEBUG rally_openstack.cleanup.manager [-] Deleting neutron.port object s_rally_13de45b1_sNsJWUNg (172fd3a6-dcea-4df0-ae78-29e3d1251772)
2019-06-14 09:52:10.491 22705 RALLYDEBUG rally_openstack.cleanup.manager [-] Deleting neutron.port object s_rally_13de45b1_gGLOQPrG (18477ba7-8307-470d-9122-94c7231fb412)
2019-06-14 09:52:10.500 22705 RALLYDEBUG rally_openstack.cleanup.manager [-] Deleting neutron.port object s_rally_13de45b1_vyVi1a5x (1863aae0-b0b3-44b5-8628-3c89e4552ca7)
2019-06-14 09:52:10.656 22705 RALLYDEBUG rally_openstack.cleanup.manager [-] Deleting neutron.port object s_rally_13de45b1_ZSV3VyQw (1be88c86-b2e0-4f43-8080-a9fa703d7805)
2019-06-14 09:52:10.780 22705 RALLYDEBUG rally_openstack.cleanup.manager [-] Deleting neutron.port object s_rally_13de45b1_ciWUGsco (1cb57194-6d66-46d0-b800-13e90c24df19)
2019-06-14 09:52:10.805 22705 RALLYDEBUG rally_openstack.cleanup.manager [-] Deleting neutron.port object s_rally_13de45b1_ktAMgV4W (1dda05ba-2534-4232-ac26-28084c3c361e)
2019-06-14 09:52:11.038 22705 RALLYDEBUG rally_openstack.cleanup.manager [-] Deleting neutron.port object s_rally_13de45b1_Jdk8caX7 (1fedc494-6afc-48b2-8850-356d1aaa461b)
2019-06-14 09:52:11.485 22705 RALLYDEBUG rally_openstack.cleanup.manager [-] Deleting neutron.port object s_rally_13de45b1_qBN0xSJ4 (201e33bb-fb49-4604-b5fa-9ab5ec49f805)
2019-06-14 09:52:11.874 22705 RALLYDEBUG rally_openstack.cleanup.manager [-] Deleting neutron.port object s_rally_13de45b1_fGchA6YW (20895f2b-b9bc-47ac-bc4a-a81e9f7133e0)
2019-06-14 09:52:11.883 22705 RALLYDEBUG rally_openstack.cleanup.manager [-] Deleting neutron.port object s_rally_13de45b1_227vyL4e (2137962c-f0ea-4418-a3ce-d3565a94304f)
2019-06-14 09:52:12.229 22705 RALLYDEBUG rally_openstack.cleanup.manager [-] Deleting neutron.port object s_rally_13de45b1_zG5c44pq (2193a699-5b78-452d-85d7-280384a77e2e)
2019-06-14 09:52:12.234 22705 RALLYDEBUG rally_openstack.cleanup.manager [-] Deleting neutron.port object s_rally_13de45b1_j1OWTCf3 (21a1f827-b8d4-44a6-b9d6-372ec23de72d)
2019-06-14 09:52:12.390 22705 RALLYDEBUG rally_openstack.cleanup.manager [-] Deleting neutron.port object s_rally_13de45b1_9oAkDC7C (21f60f1e-87b6-479c-b249-f9e51c83b06e)
2019-06-14 09:52:12.810 22705 RALLYDEBUG rally_openstack.cleanup.manager [-] Deleting neutron.port object s_rally_13de45b1_iY6GVP2B (222d132f-d2d4-4617-ba07-c5b67cd83d5c)
2019-06-14 09:52:12.823 22705 RALLYDEBUG rally_openstack.cleanup.manager [-] Deleting neutron.port object s_rally_13de45b1_0PpCxJTq (22b449df-2e57-46e8-8d59-90807e9ad0f6)
2019-06-14 09:52:13.123 22705 RALLYDEBUG rally_openstack.cleanup.manager [-] Deleting neutron.port object s_rally_13de45b1_Ub8NpC9t (23c73095-2dc2-4b30-a087-ab20c3dc131e)
2019-06-14 09:52:13.197 22705 RALLYDEBUG rally_openstack.cleanup.manager [-] Deleting neutron.port object s_rally_13de45b1_5JzgwIO1 (245a81ae-d7fd-42b5-b5f2-3d765d3062ef)
2019-06-14 09:52:13.206 22705 RALLYDEBUG rally_openstack.cleanup.manager [-] Deleting neutron.port object s_rally_13de45b1_sjptNjFi (24a8a3ed-95ba-4c45-8ff8-0f044b467a16)
2019-06-14 09:52:13.416 22705 RALLYDEBUG rally_openstack.cleanup.manager [-] Deleting neutron.port object s_rally_13de45b1_v8KP3s2x (24d939c8-a89b-457c-b3db-5a9999355181)
2019-06-14 09:52:13.446 22705 RALLYDEBUG rally_openstack.cleanup.manager [-] Deleting neutron.port object s_rally_13de45b1_UvxrlRyL (2591c75a-8556-41cf-839c-db72ea78871c)
2019-06-14 09:52:13.614 22705 RALLYDEBUG rally_openstack.cleanup.manager [-] Deleting neutron.port object s_rally_13de45b1_g7iSaQDP (26c7cd30-2ce1-4e38-afe9-479520a61d0f)
2019-06-14 09:52:13.875 22705 RALLYDEBUG rally_openstack.cleanup.manager [-] Deleting neutron.port object s_rally_13de45b1_RxBWRRvl (273543ab-8411-4d57-ae75-f3e3f300872a)
2019-06-14 09:52:14.007 22705 RALLYDEBUG rally_openstack.cleanup.manager [-] Deleting neutron.port object s_rally_13de45b1_Q5tzVG7W (27dc12ba-ef0d-4f88-8a8a-db4bb1210857)
2019-06-14 09:52:14.087 22705 RALLYDEBUG rally_openstack.cleanup.manager [-] Deleting neutron.port object s_rally_13de45b1_NNnOBxws (27e2fe62-89ef-4581-bc0e-0de7dd197622)
2019-06-14 09:52:14.204 22705 RALLYDEBUG rally_openstack.cleanup.manager [-] Deleting neutron.port object s_rally_13de45b1_8QPcL7Wt (280e5188-4f91-4a9a-9008-bda02bfead11)
2019-06-14 09:52:14.263 22705 RALLYDEBUG rally_openstack.cleanup.manager [-] Deleting neutron.port object s_rally_13de45b1_eTbcE9WU (288b1a48-549c-4c9f-a2c7-afbce7bae8a0)
2019-06-14 09:52:14.373 22705 RALLYDEBUG rally_openstack.cleanup.manager [-] Deleting neutron.port object s_rally_13de45b1_XCNMdFe0 (28f1cef9-c856-494f-aa28-250d58327c5e)
2019-06-14 09:52:14.409 22705 RALLYDEBUG rally_openstack.cleanup.manager [-] Deleting neutron.port object s_rally_13de45b1_Q3MVvyly (2972cc59-8a5e-4e06-bf48-d7c17e6f8fd6)
2019-06-14 09:52:14.780 22705 RALLYDEBUG rally_openstack.cleanup.manager [-] Deleting neutron.port object s_rally_13de45b1_V0DWNwNw (299dc983-5374-4a8e-bfcb-52fcbb5cb9da)
2019-06-14 09:52:14.910 22705 RALLYDEBUG rally_openstack.cleanup.manager [-] Deleting neutron.port object s_rally_13de45b1_ebcFghzc (2a39ba83-98d2-4105-b932-d8da254ac550)
2019-06-14 09:52:15.115 22705 RALLYDEBUG rally_openstack.cleanup.manager [-] Deleting neutron.port object s_rally_13de45b1_8O3bgbL6 (2aaa1c17-57ed-48b8-948e-98dea4d3692e)
2019-06-14 09:52:15.413 22705 RALLYDEBUG rally_openstack.cleanup.manager [-] Deleting neutron.port object s_rally_13de45b1_Wg9RnnJJ (2b458f80-5b97-497a-b57c-b531f3922c93)
2019-06-14 09:52:15.651 22705 RALLYDEBUG rally_openstack.cleanup.manager [-] Deleting neutron.port object s_rally_13de45b1_YREzMdJ4 (2b97cfc1-1237-46a8-b972-57093471eb0c)
2019-06-14 09:52:15.842 22705 RALLYDEBUG rally_openstack.cleanup.manager [-] Deleting neutron.port object s_rally_13de45b1_SK4b7ikQ (2bf5aa66-7493-4076-8a41-ec072bacca42)
2019-06-14 09:52:16.455 22705 RALLYDEBUG rally_openstack.cleanup.manager [-] Deleting neutron.port object s_rally_13de45b1_2jkekkH1 (2c2bd29b-5784-47d7-bdf1-7b195bdd3498)
2019-06-14 09:52:16.697 22705 RALLYDEBUG rally_openstack.cleanup.manager [-] Deleting neutron.port object s_rally_13de45b1_RLUyzksW (2cd511f4-e51c-432e-ac38-6081eb55afd4)
2019-06-14 09:52:16.889 22705 RALLYDEBUG rally_openstack.cleanup.manager [-] Deleting neutron.port object s_rally_13de45b1_HfkyoUe7 (2d59969a-ef36-4702-b56d-fb9557775f15)
2019-06-14 09:52:16.925 22705 RALLYDEBUG rally_openstack.cleanup.manager [-] Deleting neutron.port object s_rally_13de45b1_mISeEIcr (2e4e708c-9dae-4e27-9a3f-38dde49d474b)
2019-06-14 09:52:17.109 22705 RALLYDEBUG rally_openstack.cleanup.manager [-] Deleting neutron.port object s_rally_13de45b1_hm8CBvO0 (302e0ad4-c0ce-432d-b2ae-eac9bd80b9a2)
2019-06-14 09:52:17.192 22705 RALLYDEBUG rally_openstack.cleanup.manager [-] Deleting neutron.port object s_rally_13de45b1_h9piRRqr (3084d615-8470-40d5-a52b-31ccf3bb317c)
2019-06-14 09:52:17.249 22705 RALLYDEBUG rally_openstack.cleanup.manager [-] Deleting neutron.port object s_rally_13de45b1_c32MAIN4 (3099da08-9b69-4abb-a6f7-351df5da3a0c)
2019-06-14 09:52:17.429 22705 RALLYDEBUG rally_openstack.cleanup.manager [-] Deleting neutron.port object s_rally_13de45b1_4ohkWv2P (30ee8038-c9a3-44c8-9d9b-e5370be065a4)
2019-06-14 09:52:17.449 22705 RALLYDEBUG rally_openstack.cleanup.manager [-] Deleting neutron.port object s_rally_13de45b1_xhYfFkcz (314510e6-e7aa-4dea-94eb-72c390b9d266)
2019-06-14 09:52:17.510 22705 RALLYDEBUG rally_openstack.cleanup.manager [-] Deleting neutron.port object s_rally_13de45b1_kaw16xeD (3184d8f3-8819-47ad-ae12-30dc64a965d0)
2019-06-14 09:52:17.525 22705 RALLYDEBUG rally_openstack.cleanup.manager [-] Deleting neutron.port object s_rally_13de45b1_0RlyBDdj (3194b24b-cf87-489e-8c7d-dc91d7fd5f41)
2019-06-14 09:52:17.570 22705 RALLYDEBUG rally_openstack.cleanup.manager [-] Deleting neutron.port object s_rally_13de45b1_oezVQIih (324d4fcd-6f37-4fdf-9c3b-3c78af516006)
2019-06-14 09:52:17.783 22705 RALLYDEBUG rally_openstack.cleanup.manager [-] Deleting neutron.port object s_rally_13de45b1_VuV0kZrr (32c5b5a1-5e57-4fbf-9429-5ae2efc61539)
