2019-06-14 09:45:16.787 22705 RALLYDEBUG rally_openstack.cleanup.manager [-] Deleting neutron.port object s_rally_9f9655b6_Xl3HfOuk (da90475d-a746-4014-b55c-5d3161c4e521)
2019-06-14 09:45:17.006 22705 RALLYDEBUG rally_openstack.cleanup.manager [-] Deleting neutron.port object s_rally_9f9655b6_jZYxEltf (dac3482d-8aaa-4596-8c5a-6338ea31c8ab)
2019-06-14 09:45:17.203 22705 RALLYDEBUG rally_openstack.cleanup.manager [-] Deleting neutron.port object s_rally_9f9655b6_4L3vsaVY (dbcbb2cf-ef35-4a8f-a420-428cd8704748)
2019-06-14 09:45:17.264 22705 RALLYDEBUG rally_openstack.cleanup.manager [-] Deleting neutron.port object s_rally_9f9655b6_yPressCe (dbe4f321-4183-4a25-b2a1-dbc1945e5b06)
2019-06-14 09:45:17.302 22705 RALLYDEBUG rally_openstack.cleanup.manager [-] Deleting neutron.port object s_rally_9f9655b6_slb05ShN (dc03412c-778f-463b-a0d7-2f9ae556c5af)
2019-06-14 09:45:17.311 22705 RALLYDEBUG rally_openstack.cleanup.manager [-] Deleting neutron.port object s_rally_9f9655b6_hNu7swbr (dcd6d94f-75e3-45c8-a0f3-5a0abcb15806)
2019-06-14 09:45:17.741 22705 RALLYDEBUG rally_openstack.cleanup.manager [-] Deleting neutron.port object s_rally_9f9655b6_rJKRCjlE (dd276072-12aa-4e66-beb7-7d5663b598a7)
2019-06-14 09:45:17.825 22705 RALLYDEBUG rally_openstack.cleanup.manager [-] Deleting neutron.port object s_rally_9f9655b6_BPaMupg9 (dd3c188c-5308-471f-a6cc-32c38ce57c1d)
2019-06-14 09:45:18.002 22705 RALLYDEBUG rally_openstack.cleanup.manager [-] Deleting neutron.port object s_rally_9f9655b6_3pXcF7kh (dd6ce3b5-6857-46b5-a81c-3b1ea59cf83c)
2019-06-14 09:45:18.250 22705 RALLYDEBUG rally_openstack.cleanup.manager [-] Deleting neutron.port object s_rally_9f9655b6_57apsAAD (dd6f68ce-fbf5-4119-9b2e-dd35d45d281a)
2019-06-14 09:45:18.326 22705 RALLYDEBUG rally_openstack.cleanup.manager [-] Deleting neutron.port object s_rally_9f9655b6_eNK2t9IL (dd8e8b2b-c5e4-4d9f-bb7f-225e55819f6c)
2019-06-14 09:45:18.435 22705 RALLYDEBUG rally_openstack.cleanup.manager [-] Deleting neutron.port object s_rally_9f9655b6_VafRTjVJ (df210d3a-2822-496d-9ddf-55dd780b1585)
2019-06-14 09:45:18.578 22705 RALLYDEBUG rally_openstack.cleanup.manager [-] Deleting neutron.port object s_rally_9f9655b6_eXelbgEF (df5fd142-bbac-4483-af1e-91a896a910ed)
2019-06-14 09:45:18.631 22705 RALLYDEBUG rally_openstack.cleanup.manager [-] Deleting neutron.port object s_rally_9f9655b6_83APY2v0 (e0d56a3d-ca2d-4c5b-9d51-1425fef37e9d)
2019-06-14 09:45:18.939 22705 RALLYDEBUG rally_openstack.cleanup.manager [-] Deleting neutron.port object s_rally_9f9655b6_J033W6l6 (e0fa34e6-12a3-48c0-9ddf-ac8a0c739b62)
2019-06-14 09:45:19.112 22705 RALLYDEBUG rally_openstack.cleanup.manager [-] Deleting neutron.port object s_rally_9f9655b6_GAyePH2M (e1b705c3-d871-44b6-8052-4603abdb5d64)
2019-06-14 09:45:19.259 22705 RALLYDEBUG rally_openstack.cleanup.manager [-] Deleting neutron.port object s_rally_9f9655b6_7x85skYw (e2ce1d5f-6cbb-4c9e-8208-e911f871f3ac)
2019-06-14 09:45:19.263 22705 RALLYDEBUG rally_openstack.cleanup.manager [-] Deleting neutron.port object s_rally_9f9655b6_o6KZdRv7 (e4065053-423f-4cc8-9aee-e5efb095b6ef)
2019-06-14 09:45:19.278 22705 RALLYDEBUG rally_openstack.cleanup.manager [-] Deleting neutron.port object s_rally_9f9655b6_6LT5PL4p (e4574888-00bf-46d5-94ad-f6bdf37cb365)
2019-06-14 09:45:19.373 22705 RALLYDEBUG rally_openstack.cleanup.manager [-] Deleting neutron.port object s_rally_9f9655b6_gqoswfd0 (e53897ed-29aa-4059-9126-1c7069ffccc8)
2019-06-14 09:45:19.390 22705 RALLYDEBUG rally_openstack.cleanup.manager [-] Deleting neutron.port object s_rally_9f9655b6_ILyaK2yw (e53b15fd-795b-4734-95d6-a59dd83b39be)
2019-06-14 09:45:19.561 22705 RALLYDEBUG rally_openstack.cleanup.manager [-] Deleting neutron.port object s_rally_9f9655b6_MTFiaJrJ (e588cc96-b39f-43a3-8bd1-dc387cdd39a8)
2019-06-14 09:45:20.064 22705 RALLYDEBUG rally_openstack.cleanup.manager [-] Deleting neutron.port object s_rally_9f9655b6_Azrvtx4j (e5a860f2-26cc-4ba7-bc40-d60deb7df415)
2019-06-14 09:45:20.205 22705 RALLYDEBUG rally_openstack.cleanup.manager [-] Deleting neutron.port object s_rally_9f9655b6_piIGdGk6 (e5cb8980-9cfa-489f-a22e-e94faf783dfb)
2019-06-14 09:45:20.609 22705 RALLYDEBUG rally_openstack.cleanup.manager [-] Deleting neutron.port object s_rally_9f9655b6_T7uzZYu0 (e5d7899a-820e-4743-9ff4-01d258728a89)
2019-06-14 09:45:20.721 22705 RALLYDEBUG rally_openstack.cleanup.manager [-] Deleting neutron.port object s_rally_9f9655b6_3eDCv9Ed (e7c8bd74-aa41-487b-b540-417662c30a58)
2019-06-14 09:45:20.732 22705 RALLYDEBUG rally_openstack.cleanup.manager [-] Deleting neutron.port object s_rally_9f9655b6_8YdZ4zrq (e875997f-7ca3-48f1-a988-e13b1564a397)
2019-06-14 09:45:20.764 22705 RALLYDEBUG rally_openstack.cleanup.manager [-] Deleting neutron.port object s_rally_9f9655b6_jm8UDS94 (e893568b-61df-4c3b-868e-48fa100f30ab)
2019-06-14 09:45:20.820 22705 RALLYDEBUG rally_openstack.cleanup.manager [-] Deleting neutron.port object s_rally_9f9655b6_fWJ35ACd (ea27a57c-c74e-4fda-a5dc-a417b05d7043)
2019-06-14 09:45:21.234 22705 RALLYDEBUG rally_openstack.cleanup.manager [-] Deleting neutron.port object s_rally_9f9655b6_lIcerEul (eb3c5bdb-2754-4991-9d59-61ea19e2a54c)
2019-06-14 09:45:21.253 22705 RALLYDEBUG rally_openstack.cleanup.manager [-] Deleting neutron.port object s_rally_9f9655b6_P8D3eifk (ebd2f979-91c0-4f99-afec-6c794de6fe04)
2019-06-14 09:45:21.292 22705 RALLYDEBUG rally_openstack.cleanup.manager [-] Deleting neutron.port object s_rally_9f9655b6_1pDqHWcU (ecfedd1d-5d5f-496e-bc2f-d3182349127e)
2019-06-14 09:45:21.364 22705 RALLYDEBUG rally_openstack.cleanup.manager [-] Deleting neutron.port object s_rally_9f9655b6_LFSChK1v (eea02520-700e-4925-a5c9-8f4021a73af2)
2019-06-14 09:45:21.407 22705 RALLYDEBUG rally_openstack.cleanup.manager [-] Deleting neutron.port object s_rally_9f9655b6_FL2nypwb (f039f4d1-6333-4dc2-b624-2acf5c61ceab)
2019-06-14 09:45:21.473 22705 RALLYDEBUG rally_openstack.cleanup.manager [-] Deleting neutron.port object s_rally_9f9655b6_2FFY9cK7 (f109d8ee-55c1-4166-aaf5-35055e5a07df)
2019-06-14 09:45:21.658 22705 RALLYDEBUG rally_openstack.cleanup.manager [-] Deleting neutron.port object s_rally_9f9655b6_MohHNerE (f1b5b5cb-39ef-48bd-bc62-3bf091397295)
2019-06-14 09:45:21.746 22705 RALLYDEBUG rally_openstack.cleanup.manager [-] Deleting neutron.port object s_rally_9f9655b6_XHdHKCDv (f21e4d8a-cb60-4384-8d59-086f94e67414)
2019-06-14 09:45:21.756 22705 RALLYDEBUG rally_openstack.cleanup.manager [-] Deleting neutron.port object s_rally_9f9655b6_dZGjSQg9 (f251cdfd-c5c0-4684-9d9d-5b0be6d1e40a)
2019-06-14 09:45:22.089 22705 RALLYDEBUG rally_openstack.cleanup.manager [-] Deleting neutron.port object s_rally_9f9655b6_eiFb3WB9 (f2c8ada2-639e-43da-bd8e-51f69e0533c1)
2019-06-14 09:45:22.401 22705 RALLYDEBUG rally_openstack.cleanup.manager [-] Deleting neutron.port object s_rally_9f9655b6_lZuBLP3K (f33b2ee1-76b7-4c9a-ad53-202240a52e3b)
2019-06-14 09:45:22.647 22705 RALLYDEBUG rally_openstack.cleanup.manager [-] Deleting neutron.port object s_rally_9f9655b6_aITJ9jKr (f35181c1-2006-4aef-9bc5-fdfe38801ad2)
2019-06-14 09:45:22.676 22705 RALLYDEBUG rally_openstack.cleanup.manager [-] Deleting neutron.port object s_rally_9f9655b6_bsZiiiAn (f56f59a7-3dc6-41b7-a64d-781059861d56)
2019-06-14 09:45:22.850 22705 RALLYDEBUG rally_openstack.cleanup.manager [-] Deleting neutron.port object s_rally_9f9655b6_0CgdZXg9 (f5fb2dea-bab9-4f64-9b84-1afcaa859ba6)
2019-06-14 09:45:22.881 22705 RALLYDEBUG rally_openstack.cleanup.manager [-] Deleting neutron.port object s_rally_9f9655b6_Q3tNzMNR (f7a0c883-80be-4ba3-89c0-fd154598b90c)
2019-06-14 09:45:23.213 22705 RALLYDEBUG rally_openstack.cleanup.manager [-] Deleting neutron.port object s_rally_9f9655b6_p1MxI1Un (f8416097-f3bf-4bac-91ec-25fc3e810c9e)
2019-06-14 09:45:23.219 22705 RALLYDEBUG rally_openstack.cleanup.manager [-] Deleting neutron.port object s_rally_9f9655b6_11puzxWu (f8df45f9-c2d3-44be-bd4b-be17d6d0ebc7)
2019-06-14 09:45:23.939 22705 RALLYDEBUG rally_openstack.cleanup.manager [-] Deleting neutron.port object s_rally_9f9655b6_b8w6kJLV (f8f3e99c-0c3b-454c-a874-7ed9510c549b)
2019-06-14 09:45:24.095 22705 RALLYDEBUG rally_openstack.cleanup.manager [-] Deleting neutron.port object s_rally_9f9655b6_Xeiit2qw (f9c02da2-1c4f-4453-9b39-69d383b56006)
2019-06-14 09:45:24.115 22705 RALLYDEBUG rally_openstack.cleanup.manager [-] Deleting neutron.port object s_rally_9f9655b6_lbOmxuWJ (f9c09d3f-92a8-4896-9954-34a957b6ea9b)
2019-06-14 09:45:24.249 22705 RALLYDEBUG rally_openstack.cleanup.manager [-] Deleting neutron.port object s_rally_9f9655b6_OxGqOqHo (f9e5d950-6f84-416a-a073-39594c0f25a2)
2019-06-14 09:45:24.254 22705 RALLYDEBUG rally_openstack.cleanup.manager [-] Deleting neutron.port object s_rally_9f9655b6_yq5Bs92l (fa7be35b-ed65-4817-8d5e-564beaf5013b)
2019-06-14 09:45:24.345 22705 RALLYDEBUG rally_openstack.cleanup.manager [-] Deleting neutron.port object s_rally_9f9655b6_x20CfLeM (fab9cf4e-46bc-4634-b36a-9fc834982e50)
2019-06-14 09:45:24.433 22705 RALLYDEBUG rally_openstack.cleanup.manager [-] Deleting neutron.port object s_rally_9f9655b6_6FxfO4IA (fb0febb6-0d6a-40fa-9521-dbec6be99ae8)
2019-06-14 09:45:24.453 22705 RALLYDEBUG rally_openstack.cleanup.manager [-] Deleting neutron.port object s_rally_9f9655b6_l13uI8Rv (fbb13036-1ebc-49fa-994a-ad4e339628ed)
2019-06-14 09:45:24.524 22705 RALLYDEBUG rally_openstack.cleanup.manager [-] Deleting neutron.port object s_rally_9f9655b6_gmyN6o3T (fc319737-1835-4d24-a9ff-89d77a04b79e)
2019-06-14 09:45:24.590 22705 RALLYDEBUG rally_openstack.cleanup.manager [-] Deleting neutron.port object s_rally_9f9655b6_lE5JIUuz (fc877b66-a229-45d8-95e0-7b03995c2e73)
2019-06-14 09:45:24.622 22705 RALLYDEBUG rally_openstack.cleanup.manager [-] Deleting neutron.port object s_rally_9f9655b6_HsP5mZg6 (fd236b54-950d-49c8-bf22-919e6a84bcb8)
2019-06-14 09:45:24.690 22705 RALLYDEBUG rally_openstack.cleanup.manager [-] Deleting neutron.port object s_rally_9f9655b6_EG5dSLfn (feb004c4-745a-4b6b-bd9d-f5b30260b0b3)
2019-06-14 09:45:24.694 22705 RALLYDEBUG rally_openstack.cleanup.manager [-] Deleting neutron.port object s_rally_9f9655b6_oMT1wmxP (fe323a42-fdb5-43cc-a354-9fc8d152d7cf)
2019-06-14 09:45:25.018 22705 RALLYDEBUG rally_openstack.cleanup.manager [-] Deleting neutron.port object s_rally_9f9655b6_HfTLxL9G (fef7da2e-59ac-424b-af3f-84004ae36f1e)
2019-06-14 09:45:25.182 22705 RALLYDEBUG rally_openstack.cleanup.manager [-] Deleting neutron.port object s_rally_9f9655b6_uct9jgA0 (ff5b6832-0a17-42d5-9a72-613497b2960f)
2019-06-14 09:45:25.190 22705 RALLYDEBUG rally_openstack.cleanup.manager [-] Deleting neutron.port object s_rally_9f9655b6_zNvA4A7G (ffce82e0-b797-4d43-9abd-864153e25ed4)
2019-06-14 09:45:28.264 22705 RALLYDEBUG rally_openstack.cleanup.manager [-] Cleaning up neutron subnet objects
2019-06-14 09:45:29.286 22705 RALLYDEBUG rally_openstack.cleanup.manager [-] Cleaning up neutron network objects
2019-06-14 09:45:30.042 22705 RALLYDEBUG rally_openstack.cleanup.manager [-] Deleting neutron.network object s_rally_9f9655b6_FLw7y4Sk (4d53553d-e425-4c53-8c1e-e14a0244595d)
2019-06-14 09:45:30.043 22705 RALLYDEBUG rally_openstack.cleanup.manager [-] Deleting neutron.network object s_rally_9f9655b6_Lx9mlpj1 (10eb2f0c-0e92-4f56-a29a-28c42925c46b)
2019-06-14 09:45:30.051 22705 RALLYDEBUG rally_openstack.cleanup.manager [-] Deleting neutron.network object s_rally_9f9655b6_8bhb3Khi (5857e61e-a28e-4528-8bad-eb2a0ea88042)
2019-06-14 09:45:30.052 22705 RALLYDEBUG rally_openstack.cleanup.manager [-] Deleting neutron.network object s_rally_9f9655b6_5XhXt50o (6778f50e-1b33-4968-9382-63edac42e170)
2019-06-14 09:45:30.057 22705 RALLYDEBUG rally_openstack.cleanup.manager [-] Deleting neutron.network object s_rally_9f9655b6_FcVxfVjs (b94471e7-b790-4b1a-b5a2-ce87531137cc)
2019-06-14 09:45:30.062 22705 RALLYDEBUG rally_openstack.cleanup.manager [-] Deleting neutron.network object s_rally_9f9655b6_o5zfdlbT (c22f2f68-f388-4205-bdf9-72b4f1e9fcd8)
2019-06-14 09:45:30.071 22705 RALLYDEBUG rally_openstack.cleanup.manager [-] Deleting neutron.network object s_rally_9f9655b6_ijxmX30R (cddf8400-e9b6-45ff-a0c4-62622af8a498)
2019-06-14 09:45:30.083 22705 RALLYDEBUG rally_openstack.cleanup.manager [-] Deleting neutron.network object s_rally_9f9655b6_lIra37Pg (dd9177c9-4f96-4cba-993e-e740d68854fa)
2019-06-14 09:45:33.453 22705 RALLYDEBUG rally_openstack.cleanup.manager [-] Cleaning up neutron router objects
2019-06-14 09:45:34.129 22705 RALLYDEBUG rally_openstack.cleanup.manager [-] Cleaning up neutron security_group objects
2019-06-14 09:45:34.780 22705 INFO rally.task.context [-] Task b9b0de74-cb48-4d8f-aa9d-9a84f1760564 | Context cleanup@openstack cleanup() finished in 1.29 min
2019-06-14 09:45:34.780 22705 INFO rally.task.context [-] Task b9b0de74-cb48-4d8f-aa9d-9a84f1760564 | Context quotas@openstack cleanup() started
2019-06-14 09:45:35.015 22705 INFO rally.task.context [-] Task b9b0de74-cb48-4d8f-aa9d-9a84f1760564 | Context quotas@openstack cleanup() finished in 0.24 sec
2019-06-14 09:45:35.016 22705 INFO rally.task.context [-] Task b9b0de74-cb48-4d8f-aa9d-9a84f1760564 | Context users@openstack cleanup() started
2019-06-14 09:45:39.231 22705 INFO rally.task.context [-] Task b9b0de74-cb48-4d8f-aa9d-9a84f1760564 | Context users@openstack cleanup() finished in 4.22 sec
2019-06-14 09:45:40.816 22705 INFO rally.task.engine [-] Load duration is: 76.414943
2019-06-14 09:45:40.817 22705 INFO rally.task.engine [-] Full runner duration is: 76.469387
2019-06-14 09:45:40.817 22705 INFO rally.task.engine [-] Full duration is: 163.180865
2019-06-14 09:45:41.004 22705 INFO rally.task.engine [-] Running workload: position = 1 config = { "version": 2, "title": "A cropped version of a bigger task.", "description": "Auto-generated task from a single workload (uuid=8aca7163-dab2-427d-8598-3a68df75bc69)", "subtasks": [ { "title": "NeutronNetworks.create_and_update_ports", "description": "Create and update a given number of ports.", "scenario": { "NeutronNetworks.create_and_update_ports": { "network_create_args": {}, "port_create_args": {}, "ports_per_network": 5, "port_update_args": { "admin_state_up": false, "device_id": "dummy_id", "device_owner": "dummy_owner", "name": "_port_updated" } } }, "contexts": { "users": { "tenants": 1, "users_per_tenant": 1 }, "quotas": { "neutron": { "network": -1, "port": -1 } } }, "runner": { "constant": { "times": 40, "concurrency": 20 } }, "hooks": [], "sla": { "failure_rate": { "max": 0 } } } ] }
2019-06-14 09:45:41.027 22705 RALLYDEBUG rally_openstack.contexts.keystone.users [-] Creating 1 tenants using 20 threads
2019-06-14 09:45:42.925 22705 RALLYDEBUG rally_openstack.contexts.keystone.users [-] Creating 1 users using 20 threads
2019-06-14 09:45:45.343 22705 INFO rally.task.context [-] Task b9b0de74-cb48-4d8f-aa9d-9a84f1760564 | Context users@openstack setup() finished in 4.32 sec
2019-06-14 09:45:46.087 22705 INFO rally.task.context [-] Task b9b0de74-cb48-4d8f-aa9d-9a84f1760564 | Context quotas@openstack setup() finished in 0.74 sec
2019-06-14 09:45:46.088 22705 INFO rally.task.context [-] Task b9b0de74-cb48-4d8f-aa9d-9a84f1760564 | Context cleanup@openstack setup() finished in 0.01 msec
2019-06-14 09:45:46.095 22705 RALLYDEBUG rally.task.runner [-] Starting the constant runner (task UUID: b9b0de74-cb48-4d8f-aa9d-9a84f1760564). timeout: 0 concurrency: 20 concurrency_per_worker: 1 times: 40 concurrency_overhead: 4 processes_to_start: 16 max_cpu_used: 16
2019-06-14 09:45:46.109 26581 RALLYDEBUG rally.task.runner [-] Starting a worker. concurrency: 2 args: {"network_create_args": {}, "port_create_args": {}, "ports_per_network": 5, "port_update_args": {"admin_state_up": false, "device_id": "dummy_id", "device_owner": "dummy_owner", "name": "_port_updated"}} times: 40 method_name: run timeout: 0 duration: None cls:
2019-06-14 09:45:46.112 26582 RALLYDEBUG rally.task.runner [-] Starting a worker. concurrency: 2 args: {"network_create_args": {}, "port_create_args": {}, "ports_per_network": 5, "port_update_args": {"admin_state_up": false, "device_id": "dummy_id", "device_owner": "dummy_owner", "name": "_port_updated"}} times: 40 method_name: run timeout: 0 duration: None cls:
2019-06-14 09:45:46.112 26583 RALLYDEBUG rally.task.runner [-] Starting a worker. concurrency: 2 args: {"network_create_args": {}, "port_create_args": {}, "ports_per_network": 5, "port_update_args": {"admin_state_up": false, "device_id": "dummy_id", "device_owner": "dummy_owner", "name": "_port_updated"}} times: 40 method_name: run timeout: 0 duration: None cls:
2019-06-14 09:45:46.116 26584 RALLYDEBUG rally.task.runner [-] Starting a worker. concurrency: 2 args: {"network_create_args": {}, "port_create_args": {}, "ports_per_network": 5, "port_update_args": {"admin_state_up": false, "device_id": "dummy_id", "device_owner": "dummy_owner", "name": "_port_updated"}} times: 40 method_name: run timeout: 0 duration: None cls:
2019-06-14 09:45:46.115 26581 INFO rally.task.runner [-] Task b9b0de74-cb48-4d8f-aa9d-9a84f1760564 | ITER: 1 START
2019-06-14 09:45:46.119 26585 RALLYDEBUG rally.task.runner [-] Starting a worker. concurrency: 1 args: {"network_create_args": {}, "port_create_args": {}, "ports_per_network": 5, "port_update_args": {"admin_state_up": false, "device_id": "dummy_id", "device_owner": "dummy_owner", "name": "_port_updated"}} times: 40 method_name: run timeout: 0 duration: None cls:
2019-06-14 09:45:46.120 26581 WARNING rally_openstack.scenarios.neutron.utils [-] Running this scenario without either the 'network' or 'existing_network' context is deprecated
2019-06-14 09:45:46.121 26583 INFO rally.task.runner [-] Task b9b0de74-cb48-4d8f-aa9d-9a84f1760564 | ITER: 3 START
2019-06-14 09:45:46.123 26583 WARNING rally_openstack.scenarios.neutron.utils [-] Running this scenario without either the 'network' or 'existing_network' context is deprecated
2019-06-14 09:45:46.124 26582 INFO rally.task.runner [-] Task b9b0de74-cb48-4d8f-aa9d-9a84f1760564 | ITER: 7 START
2019-06-14 09:45:46.126 26585 INFO rally.task.runner [-] Task b9b0de74-cb48-4d8f-aa9d-9a84f1760564 | ITER: 9 START
2019-06-14 09:45:46.126 26584 INFO rally.task.runner [-] Task b9b0de74-cb48-4d8f-aa9d-9a84f1760564 | ITER: 8 START
2019-06-14 09:45:46.125 26582 INFO rally.task.runner [-] Task b9b0de74-cb48-4d8f-aa9d-9a84f1760564 | ITER: 4 START
2019-06-14 09:45:46.126 26582 WARNING rally_openstack.scenarios.neutron.utils [-] Running this scenario without either the 'network' or 'existing_network' context is deprecated
2019-06-14 09:45:46.126 26588 RALLYDEBUG rally.task.runner [-] Starting a worker. concurrency: 1 args: {"network_create_args": {}, "port_create_args": {}, "ports_per_network": 5, "port_update_args": {"admin_state_up": false, "device_id": "dummy_id", "device_owner": "dummy_owner", "name": "_port_updated"}} times: 40 method_name: run timeout: 0 duration: None cls:
2019-06-14 09:45:46.127 26585 WARNING rally_openstack.scenarios.neutron.utils [-] Running this scenario without either the 'network' or 'existing_network' context is deprecated
2019-06-14 09:45:46.127 26592 RALLYDEBUG rally.task.runner [-] Starting a worker. concurrency: 1 args: {"network_create_args": {}, "port_create_args": {}, "ports_per_network": 5, "port_update_args": {"admin_state_up": false, "device_id": "dummy_id", "device_owner": "dummy_owner", "name": "_port_updated"}} times: 40 method_name: run timeout: 0 duration: None cls:
2019-06-14 09:45:46.128 26584 WARNING rally_openstack.scenarios.neutron.utils [-] Running this scenario without either the 'network' or 'existing_network' context is deprecated
2019-06-14 09:45:46.124 26583 INFO rally.task.runner [-] Task b9b0de74-cb48-4d8f-aa9d-9a84f1760564 | ITER: 5 START
2019-06-14 09:45:46.131 26603 RALLYDEBUG rally.task.runner [-] Starting a worker. concurrency: 1 args: {"network_create_args": {}, "port_create_args": {}, "ports_per_network": 5, "port_update_args": {"admin_state_up": false, "device_id": "dummy_id", "device_owner": "dummy_owner", "name": "_port_updated"}} times: 40 method_name: run timeout: 0 duration: None cls:
2019-06-14 09:45:46.132 26583 WARNING rally_openstack.scenarios.neutron.utils [-] Running this scenario without either the 'network' or 'existing_network' context is deprecated
2019-06-14 09:45:46.131 26599 RALLYDEBUG rally.task.runner [-] Starting a worker. concurrency: 1 args: {"network_create_args": {}, "port_create_args": {}, "ports_per_network": 5, "port_update_args": {"admin_state_up": false, "device_id": "dummy_id", "device_owner": "dummy_owner", "name": "_port_updated"}} times: 40 method_name: run timeout: 0 duration: None cls:
2019-06-14 09:45:46.134 26592 INFO rally.task.runner [-] Task b9b0de74-cb48-4d8f-aa9d-9a84f1760564 | ITER: 11 START
2019-06-14 09:45:46.134 26581 INFO rally.task.runner [-] Task b9b0de74-cb48-4d8f-aa9d-9a84f1760564 | ITER: 2 START
2019-06-14 09:45:46.135 26581 WARNING rally_openstack.scenarios.neutron.utils [-] Running this scenario without either the 'network' or 'existing_network' context is deprecated
2019-06-14 09:45:46.135 26592 WARNING rally_openstack.scenarios.neutron.utils [-] Running this scenario without either the 'network' or 'existing_network' context is deprecated
2019-06-14 09:45:46.135 26603 INFO rally.task.runner [-] Task b9b0de74-cb48-4d8f-aa9d-9a84f1760564 | ITER: 12 START
2019-06-14 09:45:46.132 26584 INFO rally.task.runner [-] Task b9b0de74-cb48-4d8f-aa9d-9a84f1760564 | ITER: 6 START
2019-06-14 09:45:46.137 26603 WARNING rally_openstack.scenarios.neutron.utils [-] Running this scenario without either the 'network' or 'existing_network' context is deprecated
2019-06-14 09:45:46.127 26582 WARNING rally_openstack.scenarios.neutron.utils [-] Running this scenario without either the 'network' or 'existing_network' context is deprecated
2019-06-14 09:45:46.139 26599 INFO rally.task.runner [-] Task b9b0de74-cb48-4d8f-aa9d-9a84f1760564 | ITER: 13 START
2019-06-14 09:45:46.137 26584 WARNING rally_openstack.scenarios.neutron.utils [-] Running this scenario without either the 'network' or 'existing_network' context is deprecated
2019-06-14 09:45:46.140 26599 WARNING rally_openstack.scenarios.neutron.utils [-] Running this scenario without either the 'network' or 'existing_network' context is deprecated
2019-06-14 09:45:46.140 26588 INFO rally.task.runner [-] Task b9b0de74-cb48-4d8f-aa9d-9a84f1760564 | ITER: 10 START
2019-06-14 09:45:46.139 26604 RALLYDEBUG rally.task.runner [-] Starting a worker. concurrency: 1 args: {"network_create_args": {}, "port_create_args": {}, "ports_per_network": 5, "port_update_args": {"admin_state_up": false, "device_id": "dummy_id", "device_owner": "dummy_owner", "name": "_port_updated"}} times: 40 method_name: run timeout: 0 duration: None cls:
2019-06-14 09:45:46.142 26588 WARNING rally_openstack.scenarios.neutron.utils [-] Running this scenario without either the 'network' or 'existing_network' context is deprecated
2019-06-14 09:45:46.143 26608 RALLYDEBUG rally.task.runner [-] Starting a worker. concurrency: 1 args: {"network_create_args": {}, "port_create_args": {}, "ports_per_network": 5, "port_update_args": {"admin_state_up": false, "device_id": "dummy_id", "device_owner": "dummy_owner", "name": "_port_updated"}} times: 40 method_name: run timeout: 0 duration: None cls:
2019-06-14 09:45:46.145 26611 RALLYDEBUG rally.task.runner [-] Starting a worker. concurrency: 1 args: {"network_create_args": {}, "port_create_args": {}, "ports_per_network": 5, "port_update_args": {"admin_state_up": false, "device_id": "dummy_id", "device_owner": "dummy_owner", "name": "_port_updated"}} times: 40 method_name: run timeout: 0 duration: None cls:
2019-06-14 09:45:46.146 26604 INFO rally.task.runner [-] Task b9b0de74-cb48-4d8f-aa9d-9a84f1760564 | ITER: 14 START
2019-06-14 09:45:46.147 26615 RALLYDEBUG rally.task.runner [-] Starting a worker. concurrency: 1 args: {"network_create_args": {}, "port_create_args": {}, "ports_per_network": 5, "port_update_args": {"admin_state_up": false, "device_id": "dummy_id", "device_owner": "dummy_owner", "name": "_port_updated"}} times: 40 method_name: run timeout: 0 duration: None cls:
2019-06-14 09:45:46.148 26604 WARNING rally_openstack.scenarios.neutron.utils [-] Running this scenario without either the 'network' or 'existing_network' context is deprecated
2019-06-14 09:45:46.150 26608 INFO rally.task.runner [-] Task b9b0de74-cb48-4d8f-aa9d-9a84f1760564 | ITER: 15 START
2019-06-14 09:45:46.152 26608 WARNING rally_openstack.scenarios.neutron.utils [-] Running this scenario without either the 'network' or 'existing_network' context is deprecated
2019-06-14 09:45:46.153 26615 INFO rally.task.runner [-] Task b9b0de74-cb48-4d8f-aa9d-9a84f1760564 | ITER: 17 START
2019-06-14 09:45:46.155 26615 WARNING rally_openstack.scenarios.neutron.utils [-] Running this scenario without either the 'network' or 'existing_network' context is deprecated
2019-06-14 09:45:46.152 26611 INFO rally.task.runner [-] Task b9b0de74-cb48-4d8f-aa9d-9a84f1760564 | ITER: 16 START
2019-06-14 09:45:46.158 26618 RALLYDEBUG rally.task.runner [-] Starting a worker. concurrency: 1 args: {"network_create_args": {}, "port_create_args": {}, "ports_per_network": 5, "port_update_args": {"admin_state_up": false, "device_id": "dummy_id", "device_owner": "dummy_owner", "name": "_port_updated"}} times: 40 method_name: run timeout: 0 duration: None cls:
2019-06-14 09:45:46.160 26611 WARNING rally_openstack.scenarios.neutron.utils [-] Running this scenario without either the 'network' or 'existing_network' context is deprecated
2019-06-14 09:45:46.164 26618 INFO rally.task.runner [-] Task b9b0de74-cb48-4d8f-aa9d-9a84f1760564 | ITER: 18 START
2019-06-14 09:45:46.166 26618 WARNING rally_openstack.scenarios.neutron.utils [-] Running this scenario without either the 'network' or 'existing_network' context is deprecated
2019-06-14 09:45:46.169 26626 RALLYDEBUG rally.task.runner [-] Starting a worker. concurrency: 1 args: {"network_create_args": {}, "port_create_args": {}, "ports_per_network": 5, "port_update_args": {"admin_state_up": false, "device_id": "dummy_id", "device_owner": "dummy_owner", "name": "_port_updated"}} times: 40 method_name: run timeout: 0 duration: None cls:
2019-06-14 09:45:46.175 26626 INFO rally.task.runner [-] Task b9b0de74-cb48-4d8f-aa9d-9a84f1760564 | ITER: 19 START
2019-06-14 09:45:46.177 26626 WARNING rally_openstack.scenarios.neutron.utils [-] Running this scenario without either the 'network' or 'existing_network' context is deprecated
2019-06-14 09:45:46.177 26628 RALLYDEBUG rally.task.runner [-] Starting a worker. concurrency: 1 args: {"network_create_args": {}, "port_create_args": {}, "ports_per_network": 5, "port_update_args": {"admin_state_up": false, "device_id": "dummy_id", "device_owner": "dummy_owner", "name": "_port_updated"}} times: 40 method_name: run timeout: 0 duration: None cls:
2019-06-14 09:45:46.183 26628 INFO rally.task.runner [-] Task b9b0de74-cb48-4d8f-aa9d-9a84f1760564 | ITER: 20 START
2019-06-14 09:45:46.184 26628 WARNING rally_openstack.scenarios.neutron.utils [-] Running this scenario without either the 'network' or 'existing_network' context is deprecated
2019-06-14 09:45:54.457 26585 INFO rally.task.runner [-] Task b9b0de74-cb48-4d8f-aa9d-9a84f1760564 | ITER: 9 END: OK
2019-06-14 09:45:54.461 26585 INFO rally.task.runner [-] Task b9b0de74-cb48-4d8f-aa9d-9a84f1760564 | ITER: 21 START
2019-06-14 09:45:54.462 26585 WARNING rally_openstack.scenarios.neutron.utils [-] Running this scenario without either the 'network' or 'existing_network' context is deprecated
2019-06-14 09:45:54.906 26581 INFO rally.task.runner [-] Task b9b0de74-cb48-4d8f-aa9d-9a84f1760564 | ITER: 1 END: OK
2019-06-14 09:45:54.911 26581 INFO rally.task.runner [-] Task b9b0de74-cb48-4d8f-aa9d-9a84f1760564 | ITER: 22 START
2019-06-14 09:45:54.911 26581 WARNING rally_openstack.scenarios.neutron.utils [-] Running this scenario without either the 'network' or 'existing_network' context is deprecated
2019-06-14 09:46:02.027 26585 INFO rally.task.runner [-] Task b9b0de74-cb48-4d8f-aa9d-9a84f1760564 | ITER: 21 END: OK
2019-06-14 09:46:02.031 26585 INFO rally.task.runner [-] Task b9b0de74-cb48-4d8f-aa9d-9a84f1760564 | ITER: 23 START
2019-06-14 09:46:02.032 26585 WARNING rally_openstack.scenarios.neutron.utils [-] Running this scenario without either the 'network' or 'existing_network' context is deprecated
2019-06-14 09:46:02.208 26581 INFO rally.task.runner [-] Task b9b0de74-cb48-4d8f-aa9d-9a84f1760564 | ITER: 22 END: OK
2019-06-14 09:46:02.212 26581 INFO rally.task.runner [-] Task b9b0de74-cb48-4d8f-aa9d-9a84f1760564 | ITER: 24 START
2019-06-14 09:46:02.213 26581 WARNING rally_openstack.scenarios.neutron.utils [-] Running this scenario without either the 'network' or 'existing_network' context is deprecated
2019-06-14 09:46:05.179 26599 INFO rally.task.runner [-] Task b9b0de74-cb48-4d8f-aa9d-9a84f1760564 | ITER: 13 END: OK
2019-06-14 09:46:05.184 26599 INFO rally.task.runner [-] Task b9b0de74-cb48-4d8f-aa9d-9a84f1760564 | ITER: 25 START
2019-06-14 09:46:05.185 26599 WARNING rally_openstack.scenarios.neutron.utils [-] Running this scenario without either the 'network' or 'existing_network' context is deprecated
2019-06-14 09:46:05.770 26628 INFO rally.task.runner [-] Task b9b0de74-cb48-4d8f-aa9d-9a84f1760564 | ITER: 20 END: OK
2019-06-14 09:46:05.775 26628 INFO rally.task.runner [-] Task b9b0de74-cb48-4d8f-aa9d-9a84f1760564 | ITER: 26 START
2019-06-14 09:46:05.775 26628 WARNING rally_openstack.scenarios.neutron.utils [-] Running this scenario without either the 'network' or 'existing_network' context is deprecated
2019-06-14 09:46:05.968 26608 INFO rally.task.runner [-] Task b9b0de74-cb48-4d8f-aa9d-9a84f1760564 | ITER: 15 END: OK
2019-06-14 09:46:05.973 26608 INFO rally.task.runner [-] Task b9b0de74-cb48-4d8f-aa9d-9a84f1760564 | ITER: 27 START
2019-06-14 09:46:05.974 26608 WARNING rally_openstack.scenarios.neutron.utils [-] Running this scenario without either the 'network' or 'existing_network' context is deprecated
2019-06-14 09:46:06.815 26588 INFO rally.task.runner [-] Task b9b0de74-cb48-4d8f-aa9d-9a84f1760564 | ITER: 10 END: OK
2019-06-14 09:46:06.820 26588 INFO rally.task.runner [-] Task b9b0de74-cb48-4d8f-aa9d-9a84f1760564 | ITER: 28 START
2019-06-14 09:46:06.821 26588 WARNING rally_openstack.scenarios.neutron.utils [-] Running this scenario without either the 'network' or 'existing_network' context is deprecated
2019-06-14 09:46:07.078 26618 INFO rally.task.runner [-] Task b9b0de74-cb48-4d8f-aa9d-9a84f1760564 | ITER: 18 END: OK
2019-06-14 09:46:07.083 26618 INFO rally.task.runner [-] Task b9b0de74-cb48-4d8f-aa9d-9a84f1760564 | ITER: 29 START
2019-06-14 09:46:07.084 26618 WARNING rally_openstack.scenarios.neutron.utils [-] Running this scenario without either the 'network' or 'existing_network' context is deprecated
2019-06-14 09:46:07.273 26584 INFO rally.task.runner [-] Task b9b0de74-cb48-4d8f-aa9d-9a84f1760564 | ITER: 8 END: OK
2019-06-14 09:46:07.278 26584 INFO rally.task.runner [-] Task b9b0de74-cb48-4d8f-aa9d-9a84f1760564 | ITER: 30 START
2019-06-14 09:46:07.278 26584 WARNING rally_openstack.scenarios.neutron.utils [-] Running this scenario without either the 'network' or 'existing_network' context is deprecated
2019-06-14 09:46:07.804 26583 INFO rally.task.runner [-] Task b9b0de74-cb48-4d8f-aa9d-9a84f1760564 | ITER: 3 END: OK
2019-06-14 09:46:07.809 26583 INFO rally.task.runner [-] Task b9b0de74-cb48-4d8f-aa9d-9a84f1760564 | ITER: 31 START
2019-06-14 09:46:07.809 26583 WARNING rally_openstack.scenarios.neutron.utils [-] Running this scenario without either the 'network' or 'existing_network' context is deprecated
2019-06-14 09:46:08.457 26582 INFO rally.task.runner [-] Task b9b0de74-cb48-4d8f-aa9d-9a84f1760564 | ITER: 7 END: OK
2019-06-14 09:46:08.461 26582 INFO rally.task.runner [-] Task b9b0de74-cb48-4d8f-aa9d-9a84f1760564 | ITER: 32 START
2019-06-14 09:46:08.462 26582 WARNING rally_openstack.scenarios.neutron.utils [-] Running this scenario without either the 'network' or 'existing_network' context is deprecated
2019-06-14 09:46:08.619 26592 INFO rally.task.runner [-] Task b9b0de74-cb48-4d8f-aa9d-9a84f1760564 | ITER: 11 END: OK
2019-06-14 09:46:08.624 26592 INFO rally.task.runner [-] Task b9b0de74-cb48-4d8f-aa9d-9a84f1760564 | ITER: 33 START
2019-06-14 09:46:08.625 26592 WARNING rally_openstack.scenarios.neutron.utils [-] Running this scenario without either the 'network' or 'existing_network' context is deprecated
2019-06-14 09:46:13.247 26603 INFO rally.task.runner [-] Task b9b0de74-cb48-4d8f-aa9d-9a84f1760564 | ITER: 12 END: OK
2019-06-14 09:46:13.252 26603 INFO rally.task.runner [-] Task b9b0de74-cb48-4d8f-aa9d-9a84f1760564 | ITER: 34 START
2019-06-14 09:46:13.252 26603 WARNING rally_openstack.scenarios.neutron.utils [-] Running this scenario without either the 'network' or 'existing_network' context is deprecated
2019-06-14 09:46:13.891 26582 INFO rally.task.runner [-] Task b9b0de74-cb48-4d8f-aa9d-9a84f1760564 | ITER: 4 END: OK
2019-06-14 09:46:13.895 26582 INFO rally.task.runner [-] Task b9b0de74-cb48-4d8f-aa9d-9a84f1760564 | ITER: 35 START
2019-06-14 09:46:13.896 26582 WARNING rally_openstack.scenarios.neutron.utils [-] Running this scenario without either the 'network' or 'existing_network' context is deprecated
2019-06-14 09:46:14.240 26615 INFO rally.task.runner [-] Task b9b0de74-cb48-4d8f-aa9d-9a84f1760564 | ITER: 17 END: OK
2019-06-14 09:46:14.245 26615 INFO rally.task.runner [-] Task b9b0de74-cb48-4d8f-aa9d-9a84f1760564 | ITER: 36 START
2019-06-14 09:46:14.245 26615 WARNING rally_openstack.scenarios.neutron.utils [-] Running this scenario without either the 'network' or 'existing_network' context is deprecated
2019-06-14 09:46:14.737 26599 INFO rally.task.runner [-] Task b9b0de74-cb48-4d8f-aa9d-9a84f1760564 | ITER: 25 END: OK
2019-06-14 09:46:14.741 26599 INFO rally.task.runner [-] Task b9b0de74-cb48-4d8f-aa9d-9a84f1760564 | ITER: 37 START
2019-06-14 09:46:14.742 26599 WARNING rally_openstack.scenarios.neutron.utils [-] Running this scenario without either the 'network' or 'existing_network' context is deprecated
2019-06-14 09:46:14.916 26626 INFO rally.task.runner [-] Task b9b0de74-cb48-4d8f-aa9d-9a84f1760564 | ITER: 19 END: OK
2019-06-14 09:46:14.921 26626 INFO rally.task.runner [-] Task b9b0de74-cb48-4d8f-aa9d-9a84f1760564 | ITER: 38 START
2019-06-14 09:46:14.922 26626 WARNING rally_openstack.scenarios.neutron.utils [-] Running this scenario without either the 'network' or 'existing_network' context is deprecated
2019-06-14 09:46:17.468 26592 INFO rally.task.runner [-] Task b9b0de74-cb48-4d8f-aa9d-9a84f1760564 | ITER: 33 END: OK
2019-06-14 09:46:17.476 26592 INFO rally.task.runner [-] Task b9b0de74-cb48-4d8f-aa9d-9a84f1760564 | ITER: 39 START
2019-06-14 09:46:17.477 26592 WARNING rally_openstack.scenarios.neutron.utils [-] Running this scenario without either the 'network' or 'existing_network' context is deprecated
2019-06-14 09:46:17.491 26585 INFO rally.task.runner [-] Task b9b0de74-cb48-4d8f-aa9d-9a84f1760564 | ITER: 23 END: OK
2019-06-14 09:46:17.497 26585 INFO rally.task.runner [-] Task b9b0de74-cb48-4d8f-aa9d-9a84f1760564 | ITER: 40 START
2019-06-14 09:46:17.498 26585 WARNING rally_openstack.scenarios.neutron.utils [-] Running this scenario without either the 'network' or 'existing_network' context is deprecated
2019-06-14 09:46:17.841 26581 INFO rally.task.runner [-] Task b9b0de74-cb48-4d8f-aa9d-9a84f1760564 | ITER: 24 END: OK
2019-06-14 09:46:17.945 26582 INFO rally.task.runner [-] Task b9b0de74-cb48-4d8f-aa9d-9a84f1760564 | ITER: 32 END: OK
2019-06-14 09:46:20.900 26628 INFO rally.task.runner [-] Task b9b0de74-cb48-4d8f-aa9d-9a84f1760564 | ITER: 26 END: OK
2019-06-14 09:46:21.042 26608 INFO rally.task.runner [-] Task b9b0de74-cb48-4d8f-aa9d-9a84f1760564 | ITER: 27 END: OK
2019-06-14 09:46:21.455 26583 INFO rally.task.runner [-] Task b9b0de74-cb48-4d8f-aa9d-9a84f1760564 | ITER: 5 END: OK
2019-06-14 09:46:21.520 26581 INFO rally.task.runner [-] Task b9b0de74-cb48-4d8f-aa9d-9a84f1760564 | ITER: 2 END: OK
2019-06-14 09:46:22.388 26584 INFO rally.task.runner [-] Task b9b0de74-cb48-4d8f-aa9d-9a84f1760564 | ITER: 30 END: OK
2019-06-14 09:46:22.551 26588 INFO rally.task.runner [-] Task b9b0de74-cb48-4d8f-aa9d-9a84f1760564 | ITER: 28 END: OK
2019-06-14 09:46:22.579 26584 INFO rally.task.runner [-] Task b9b0de74-cb48-4d8f-aa9d-9a84f1760564 | ITER: 6 END: OK
2019-06-14 09:46:22.602 26611 INFO rally.task.runner [-] Task b9b0de74-cb48-4d8f-aa9d-9a84f1760564 | ITER: 16 END: OK
2019-06-14 09:46:22.759 26604 INFO rally.task.runner [-] Task b9b0de74-cb48-4d8f-aa9d-9a84f1760564 | ITER: 14 END: OK
2019-06-14 09:46:22.777 26618 INFO rally.task.runner [-] Task b9b0de74-cb48-4d8f-aa9d-9a84f1760564 | ITER: 29 END: OK
2019-06-14 09:46:22.906 26583 INFO rally.task.runner [-] Task b9b0de74-cb48-4d8f-aa9d-9a84f1760564 | ITER: 31 END: OK
2019-06-14 09:46:23.712 26626 INFO rally.task.runner [-] Task b9b0de74-cb48-4d8f-aa9d-9a84f1760564 | ITER: 38 END: OK
2019-06-14 09:46:25.363 26585 INFO rally.task.runner [-] Task b9b0de74-cb48-4d8f-aa9d-9a84f1760564 | ITER: 40 END: OK
2019-06-14 09:46:25.540 26599 INFO rally.task.runner [-] Task b9b0de74-cb48-4d8f-aa9d-9a84f1760564 | ITER: 37 END: OK
2019-06-14 09:46:27.806 26592 INFO rally.task.runner [-] Task b9b0de74-cb48-4d8f-aa9d-9a84f1760564 | ITER: 39 END: OK
2019-06-14 09:46:30.725 26603 INFO rally.task.runner [-] Task b9b0de74-cb48-4d8f-aa9d-9a84f1760564 | ITER: 34 END: OK
2019-06-14 09:46:31.906 26582 INFO rally.task.runner [-] Task b9b0de74-cb48-4d8f-aa9d-9a84f1760564 | ITER: 35 END: OK
2019-06-14 09:46:32.055 26615 INFO rally.task.runner [-] Task b9b0de74-cb48-4d8f-aa9d-9a84f1760564 | ITER: 36 END: OK
2019-06-14 09:46:32.080 22705 INFO rally.task.context [-] Task b9b0de74-cb48-4d8f-aa9d-9a84f1760564 | Context cleanup@openstack cleanup() started
2019-06-14 09:46:32.082 22705 RALLYDEBUG rally_openstack.cleanup.manager [-] Cleaning up neutron vip objects
2019-06-14 09:46:32.739 22705 RALLYDEBUG rally_openstack.cleanup.manager [-] Cleaning up neutron health_monitor objects
2019-06-14 09:46:33.369 22705 RALLYDEBUG rally_openstack.cleanup.manager [-] Cleaning up neutron pool objects
2019-06-14 09:46:34.283 22705 RALLYDEBUG rally_openstack.cleanup.manager [-] Cleaning up neutron loadbalancer objects
2019-06-14 09:46:35.111 22705 RALLYDEBUG rally_openstack.cleanup.manager [-] Cleaning up neutron floatingip objects
2019-06-14 09:46:35.771 22705 RALLYDEBUG rally_openstack.cleanup.manager [-] Cleaning up neutron port objects
2019-06-14 09:46:37.208 22705 RALLYDEBUG rally_openstack.cleanup.manager [-] Deleting neutron.port object s_rally_8aca7163_imaB87IS (0fde7467-0bea-4ef7-84ef-decb4838c542)
2019-06-14 09:46:37.216 22705 RALLYDEBUG rally_openstack.cleanup.manager [-] Deleting neutron.port object s_rally_8aca7163_L2mFGcAQ (1214bc94-8a86-4103-992d-2d991cfab567)
2019-06-14 09:46:37.216 22705 RALLYDEBUG rally_openstack.cleanup.manager [-] Deleting neutron.port object s_rally_8aca7163_Xn7dLcCP (03b4dea8-8f7f-45f8-bed0-867284285b43)
2019-06-14 09:46:37.217 22705 RALLYDEBUG rally_openstack.cleanup.manager [-] Deleting neutron.port object s_rally_8aca7163_aZe9yaoa (142bd1a5-269d-4dcf-a2c7-77dc6dcf5ac5)
2019-06-14 09:46:37.221 22705 RALLYDEBUG rally_openstack.cleanup.manager [-] Deleting neutron.port object s_rally_8aca7163_su21ig8o (0c8eb352-ba39-4ac0-9d21-646270a9cbda)
2019-06-14 09:46:37.223 22705 RALLYDEBUG rally_openstack.cleanup.manager [-] Deleting neutron.port object s_rally_8aca7163_NWLLsWOV (09afe2be-289e-49fe-873e-f43587a0071b)
2019-06-14 09:46:37.223 22705 RALLYDEBUG rally_openstack.cleanup.manager [-] Deleting neutron.port object s_rally_8aca7163_17WQA3Mx (13bb6bf5-3690-4f71-8d8a-439f26b3f553)
2019-06-14 09:46:37.231 22705 RALLYDEBUG rally_openstack.cleanup.manager [-] Deleting neutron.port object s_rally_8aca7163_EOTbKqlQ (10baf15e-b152-44dd-bd61-8d5f6c9e8e89)
2019-06-14 09:46:37.236 22705 RALLYDEBUG rally_openstack.cleanup.manager [-] Deleting neutron.port object s_rally_8aca7163_4b4qGgWR (1222cdf3-6e72-4ff9-aa98-dd6d2f5707ca)
2019-06-14 09:46:37.236 22705 RALLYDEBUG rally_openstack.cleanup.manager [-] Deleting neutron.port object s_rally_8aca7163_vG7mZp8v (167e125d-48c6-40f2-8572-164392603e03)
2019-06-14 09:46:37.236 22705 RALLYDEBUG rally_openstack.cleanup.manager [-] Deleting neutron.port object s_rally_8aca7163_oTedQksk (15afccfe-e099-4157-9de5-449b0865a6fd)
2019-06-14 09:46:37.237 22705 RALLYDEBUG rally_openstack.cleanup.manager [-] Deleting neutron.port object s_rally_8aca7163_COa3QLnS (1639aede-f21b-42f7-9591-ddc09d2e5211)
2019-06-14 09:46:37.244 22705 RALLYDEBUG rally_openstack.cleanup.manager [-] Deleting neutron.port object s_rally_8aca7163_dehJnpTk (075156f0-e677-472b-a929-d9259472d3f2)
2019-06-14 09:46:37.245 22705 RALLYDEBUG rally_openstack.cleanup.manager [-] Deleting neutron.port object s_rally_8aca7163_5zst3B1y (024b1639-9744-4dd9-92ed-e7440f19fc27)
2019-06-14 09:46:37.249 22705 RALLYDEBUG rally_openstack.cleanup.manager [-] Deleting neutron.port object s_rally_8aca7163_m3WGSY2B (1ab29b2d-30cb-42cd-ad35-8426a784b797)
2019-06-14 09:46:37.253 22705 RALLYDEBUG rally_openstack.cleanup.manager [-] Deleting neutron.port object s_rally_8aca7163_6ZXIiuBS (01235ac8-c0c1-4185-a047-54ee8a81a22b)
2019-06-14 09:46:37.254 22705 RALLYDEBUG rally_openstack.cleanup.manager [-] Deleting neutron.port object s_rally_8aca7163_je7DR7yd (06c4ad96-ac32-4d05-bd6a-cae51c6e51d3)
2019-06-14 09:46:37.257 22705 RALLYDEBUG rally_openstack.cleanup.manager [-] Deleting neutron.port object s_rally_8aca7163_5rA4QS91 (010accc2-73b8-45cc-af3e-d329926bc857)
2019-06-14 09:46:37.259 22705 RALLYDEBUG rally_openstack.cleanup.manager [-] Deleting neutron.port object s_rally_8aca7163_eY0Zgk8P (1b3b9367-6159-4906-81c7-12a6e6c7173c)
2019-06-14 09:46:37.273 22705 RALLYDEBUG rally_openstack.cleanup.manager [-] Deleting neutron.port object s_rally_8aca7163_LMaDF7GO (1e12df2b-01b2-413f-9d0c-0c851cc2a4b6)
2019-06-14 09:46:39.900 22705 RALLYDEBUG rally_openstack.cleanup.manager [-] Deleting neutron.port object s_rally_8aca7163_d7gTYl0U (1f1f5b51-d2d8-43e0-abce-ab1eb3a8fa22)
2019-06-14 09:46:39.917 22705 RALLYDEBUG rally_openstack.cleanup.manager [-] Deleting neutron.port object s_rally_8aca7163_GyCplHOi (2018f951-8bce-4901-8471-743568aadbde)
2019-06-14 09:46:40.036 22705 RALLYDEBUG rally_openstack.cleanup.manager [-] Deleting neutron.port object s_rally_8aca7163_Vet53Bvo (2222ebee-fd9c-479d-8d61-46e2e69318d5)
2019-06-14 09:46:40.119 22705 RALLYDEBUG rally_openstack.cleanup.manager [-] Deleting neutron.port object s_rally_8aca7163_axSdQfjx (236b6d74-90da-4c63-9cd6-83048e6c569e)
2019-06-14 09:46:40.171 22705 RALLYDEBUG rally_openstack.cleanup.manager [-] Deleting neutron.port object s_rally_8aca7163_Gm0FXVl5 (25d50f41-965f-48f8-95c9-bc843fc1fc5a)
2019-06-14 09:46:41.660 22705 RALLYDEBUG rally_openstack.cleanup.manager [-] Deleting neutron.port object s_rally_8aca7163_lh1c4FD6 (2613f245-1dca-4216-8175-5419024a0996)
2019-06-14 09:46:41.739 22705 RALLYDEBUG rally_openstack.cleanup.manager [-] Deleting neutron.port object s_rally_8aca7163_fFEWmG9c (27231e1c-8b23-40ef-b64a-0d9ab0322bdd)
2019-06-14 09:46:41.826 22705 RALLYDEBUG rally_openstack.cleanup.manager [-] Deleting neutron.port object s_rally_8aca7163_ZPy4wc87 (27d6236f-36dc-4f1b-a17d-51fd018e8d40)
2019-06-14 09:46:42.136 22705 RALLYDEBUG rally_openstack.cleanup.manager [-] Deleting neutron.port object s_rally_8aca7163_phnWBWYV (2822dcaf-31c0-4152-a032-875ce0c53ba1)
2019-06-14 09:46:43.355 22705 RALLYDEBUG rally_openstack.cleanup.manager [-] Deleting neutron.port object s_rally_8aca7163_8kiUpXRP (2a57269d-07c1-4c68-9fd7-6023a4708bfd)
2019-06-14 09:46:43.388 22705 RALLYDEBUG rally_openstack.cleanup.manager [-] Deleting neutron.port object s_rally_8aca7163_6f4Bpvxo (2cc5024d-0e89-4312-b05d-ec7cf72ada2d)
2019-06-14 09:46:43.779 22705 RALLYDEBUG rally_openstack.cleanup.manager [-] Deleting neutron.port object s_rally_8aca7163_nJ9dDRL2 (2d91f404-3369-4774-883a-7d398beebd08)
2019-06-14 09:46:43.828 22705 RALLYDEBUG rally_openstack.cleanup.manager [-] Deleting neutron.port object s_rally_8aca7163_HC6Xxvje (2fbbec27-1465-4f62-bba5-bfad6585cdcd)
2019-06-14 09:46:43.972 22705 RALLYDEBUG rally_openstack.cleanup.manager [-] Deleting neutron.port object s_rally_8aca7163_kBGJr8hc (322a4b00-56b3-4eff-b55e-93a1ba0c53a3)
2019-06-14 09:46:44.000 22705 RALLYDEBUG rally_openstack.cleanup.manager [-] Deleting neutron.port object s_rally_8aca7163_u2kCMYva (3338dd7d-0460-43cc-920b-1e0c9130bf10)
2019-06-14 09:46:44.000 22705 RALLYDEBUG rally_openstack.cleanup.manager [-] Deleting neutron.port object s_rally_8aca7163_8PNkZyOH (3369cfd5-e981-4ac0-8615-d1b8009b7c8d)
2019-06-14 09:46:44.009 22705 RALLYDEBUG rally_openstack.cleanup.manager [-] Deleting neutron.port object s_rally_8aca7163_RotVdhvk (34734b09-c48b-486a-a7fe-20aec2c1e571)
2019-06-14 09:46:44.018 22705 RALLYDEBUG rally_openstack.cleanup.manager [-] Deleting neutron.port object s_rally_8aca7163_8W5N01yM (351f1b23-d10d-4fd0-abdc-61be798f42f7)
2019-06-14 09:46:44.064 22705 RALLYDEBUG rally_openstack.cleanup.manager [-] Deleting neutron.port object s_rally_8aca7163_rZf3LPrx (3526a9c5-a5af-46b8-a6be-06cab793775a)
2019-06-14 09:46:44.070 22705 RALLYDEBUG rally_openstack.cleanup.manager [-] Deleting neutron.port object s_rally_8aca7163_uchsdPww (36f077f7-8573-4de3-88be-8cef28ef78cc)
2019-06-14 09:46:44.269 22705 RALLYDEBUG rally_openstack.cleanup.manager [-] Deleting neutron.port object s_rally_8aca7163_Lowrj0f7 (378dc8c3-d900-40cd-82d1-a8bd980aa105)
2019-06-14 09:46:44.364 22705 RALLYDEBUG rally_openstack.cleanup.manager [-] Deleting neutron.port object s_rally_8aca7163_fzp5X07h (39bb7f49-1f9f-4b78-9092-ab7839066d76)
2019-06-14 09:46:44.446 22705 RALLYDEBUG rally_openstack.cleanup.manager [-] Deleting neutron.port object s_rally_8aca7163_PPMSdEL5 (3a231354-4ec1-42aa-8800-7ba0c00ac7a0)
2019-06-14 09:46:44.457 22705 RALLYDEBUG rally_openstack.cleanup.manager [-] Deleting neutron.port object s_rally_8aca7163_8wPFhnzr (3b692271-72a8-45f9-8be4-a0d46dceb4b9)
2019-06-14 09:46:44.500 22705 RALLYDEBUG rally_openstack.cleanup.manager [-] Deleting neutron.port object s_rally_8aca7163_ZGYgPbAC (3b9d658c-5e88-4f8e-be8b-f7e22d94a929)
2019-06-14 09:46:44.592 22705 RALLYDEBUG rally_openstack.cleanup.manager [-] Deleting neutron.port object s_rally_8aca7163_tT995Iv2 (3c754a32-c9a4-4a69-8f82-d88b4d20fd45)
2019-06-14 09:46:44.937 22705 RALLYDEBUG rally_openstack.cleanup.manager [-] Deleting neutron.port object s_rally_8aca7163_h2Nn3kyG (3d684661-846b-4397-919c-f0e063958f6c)
2019-06-14 09:46:45.083 22705 RALLYDEBUG rally_openstack.cleanup.manager [-] Deleting neutron.port object s_rally_8aca7163_4C9XhgEC (3db8f206-b1b5-409c-a037-77f674bff627)
2019-06-14 09:46:45.266 22705 RALLYDEBUG rally_openstack.cleanup.manager [-] Deleting neutron.port object s_rally_8aca7163_5gLYD5Uk (41b98c02-aad1-456c-8240-434e6edec9c0)
2019-06-14 09:46:46.412 22705 RALLYDEBUG rally_openstack.cleanup.manager [-] Deleting neutron.port object s_rally_8aca7163_BwtIu4aT (42617d03-f5df-4868-bc03-c758e5350366)
2019-06-14 09:46:46.418 22705 RALLYDEBUG rally_openstack.cleanup.manager [-] Deleting neutron.port object s_rally_8aca7163_cnKyfx8E (44fb86ea-0e97-4ff4-bbac-22cfa34940df)
2019-06-14 09:46:46.759 22705 RALLYDEBUG rally_openstack.cleanup.manager [-] Deleting neutron.port object s_rally_8aca7163_OreBE3V7 (477cb662-bdbc-4159-8848-a8d722130ab6)
2019-06-14 09:46:46.974 22705 RALLYDEBUG rally_openstack.cleanup.manager [-] Deleting neutron.port object s_rally_8aca7163_J4bDJatO (48a3b551-358c-4aa5-b487-6b2334274f07)
2019-06-14 09:46:46.992 22705 RALLYDEBUG rally_openstack.cleanup.manager [-] Deleting neutron.port object s_rally_8aca7163_yBfKV5Uy (48ed4d6e-e68c-4a5e-98b0-1444ff4c0706)
2019-06-14 09:46:47.063 22705 RALLYDEBUG rally_openstack.cleanup.manager [-] Deleting neutron.port object s_rally_8aca7163_DWZOCaDq (4b127f04-9cc2-4bf6-b85b-26b6b299cc1d)
2019-06-14 09:46:47.097 22705 RALLYDEBUG rally_openstack.cleanup.manager [-] Deleting neutron.port object s_rally_8aca7163_8p7o7iFZ (4b1b04f9-f97b-46bc-8974-4c8f65c99131)
2019-06-14 09:46:47.319 22705 RALLYDEBUG rally_openstack.cleanup.manager [-] Deleting neutron.port object s_rally_8aca7163_f7wLs8EV (4c1f7438-208b-4907-8988-f9d53a96b8f0)
2019-06-14 09:46:47.349 22705 RALLYDEBUG rally_openstack.cleanup.manager [-] Deleting neutron.port object s_rally_8aca7163_1y8mKbc5 (4da11c37-7ac2-4cd2-b71a-34541d87b2c2)
2019-06-14 09:46:47.376 22705 RALLYDEBUG rally_openstack.cleanup.manager [-] Deleting neutron.port object s_rally_8aca7163_C9icmKaD (4e25c17f-021a-41e8-b424-2355e5d57b8b)
2019-06-14 09:46:47.907 22705 RALLYDEBUG rally_openstack.cleanup.manager [-] Deleting neutron.port object s_rally_8aca7163_VLmcM9UB (4e8244f2-ed31-4d75-a26b-3d84d9992da6)
2019-06-14 09:46:48.214 22705 RALLYDEBUG rally_openstack.cleanup.manager [-] Deleting neutron.port object s_rally_8aca7163_HlcX4RCY (4ef1a782-1f95-4548-886f-76c9128a501c)
2019-06-14 09:46:48.220 22705 RALLYDEBUG rally_openstack.cleanup.manager [-] Deleting neutron.port object s_rally_8aca7163_VXD9GPU4 (5083dfaf-7fe1-4e86-a9ea-9ec8f34b1b2e)
2019-06-14 09:46:48.270 22705 RALLYDEBUG rally_openstack.cleanup.manager [-] Deleting neutron.port object s_rally_8aca7163_rRrk0pQR (50b39fdb-43d2-4eae-95ff-d0cd986f5c91)
2019-06-14 09:46:48.288 22705 RALLYDEBUG rally_openstack.cleanup.manager [-] Deleting neutron.port object s_rally_8aca7163_DOSwgK1o (50d4a362-41c8-4230-ab5c-4fedd93b4e66)
2019-06-14 09:46:48.288 22705 RALLYDEBUG rally_openstack.cleanup.manager [-] Deleting neutron.port object s_rally_8aca7163_zWSpk1T4 (514b3280-703a-45a3-81ad-81315b62427a)
2019-06-14 09:46:48.319 22705 RALLYDEBUG rally_openstack.cleanup.manager [-] Deleting neutron.port object s_rally_8aca7163_Wl5LiVNA (51f416c5-74cf-4a7e-86e1-7b6a5004edeb)
2019-06-14 09:46:48.665 22705 RALLYDEBUG rally_openstack.cleanup.manager [-] Deleting neutron.port object s_rally_8aca7163_CysPET9J (52fb4868-c068-401e-aa0f-09db8ebf9ee5)
