2019-06-14 09:26:18.320 22696 RALLYDEBUG rally.api [-] INFO logs from urllib3 and requests module are hide.
2019-06-14 09:26:18.320 22696 RALLYDEBUG rally.api [-] urllib3 insecure warnings are hidden.
2019-06-14 09:26:18.320 22696 RALLYDEBUG rally.api [-] ERROR log from boto module is hide.
2019-06-14 09:26:20.506 22698 RALLYDEBUG rally.api [-] INFO logs from urllib3 and requests module are hide.
2019-06-14 09:26:20.506 22698 RALLYDEBUG rally.api [-] urllib3 insecure warnings are hidden.
2019-06-14 09:26:20.506 22698 RALLYDEBUG rally.api [-] ERROR log from boto module is hide.
2019-06-14 09:26:21.786 22698 WARNING rally_openstack.platforms.existing [-] endpoint is deprecated and not used.
2019-06-14 09:26:22.758 22700 RALLYDEBUG rally.api [-] INFO logs from urllib3 and requests module are hide.
2019-06-14 09:26:22.759 22700 RALLYDEBUG rally.api [-] urllib3 insecure warnings are hidden.
2019-06-14 09:26:22.759 22700 RALLYDEBUG rally.api [-] ERROR log from boto module is hide.
2019-06-14 09:26:26.096 22703 RALLYDEBUG rally.api [-] INFO logs from urllib3 and requests module are hide.
2019-06-14 09:26:26.096 22703 RALLYDEBUG rally.api [-] urllib3 insecure warnings are hidden.
2019-06-14 09:26:26.097 22703 RALLYDEBUG rally.api [-] ERROR log from boto module is hide.
2019-06-14 09:26:28.050 22705 RALLYDEBUG rally.api [-] INFO logs from urllib3 and requests module are hide.
2019-06-14 09:26:28.051 22705 RALLYDEBUG rally.api [-] urllib3 insecure warnings are hidden.
2019-06-14 09:26:28.051 22705 RALLYDEBUG rally.api [-] ERROR log from boto module is hide.
2019-06-14 09:26:29.049 22705 INFO rally.common.plugin.discover [-] Loading plugins from directories /root/.rally/plugins/*
2019-06-14 09:26:29.049 22705 INFO rally.common.plugin.discover [-] Loaded module with plugins: /root/.rally/plugins/__init__.py
2019-06-14 09:26:29.051 22705 INFO rally.common.plugin.discover [-] Loaded module with plugins: /root/.rally/plugins/trunk_scenario.py
2019-06-14 09:26:29.256 22705 INFO rally.task.engine [-] Task b9b0de74-cb48-4d8f-aa9d-9a84f1760564 | Starting: Task validation.
2019-06-14 09:26:29.292 22705 INFO rally.task.engine [-] Task b9b0de74-cb48-4d8f-aa9d-9a84f1760564 | Starting: Task validation of syntax.
2019-06-14 09:26:29.492 22705 INFO rally.task.engine [-] Task b9b0de74-cb48-4d8f-aa9d-9a84f1760564 | Completed: Task validation of syntax.
2019-06-14 09:26:29.493 22705 INFO rally.task.engine [-] Task b9b0de74-cb48-4d8f-aa9d-9a84f1760564 | Starting: Task validation of required platforms.
2019-06-14 09:26:29.551 22705 INFO rally.task.engine [-] Task b9b0de74-cb48-4d8f-aa9d-9a84f1760564 | Completed: Task validation of required platforms.
2019-06-14 09:26:29.551 22705 INFO rally.task.engine [-] Task b9b0de74-cb48-4d8f-aa9d-9a84f1760564 | Starting: Task validation of semantic.
2019-06-14 09:26:29.551 22705 INFO rally.task.engine [-] Check health of the environment '6b382992-d5f9-4863-b29b-363489908db4'.
2019-06-14 09:26:30.354 22705 INFO rally.task.engine [-] Platform existing@openstack (available: True): OK!
2019-06-14 09:26:30.372 22705 RALLYDEBUG rally_openstack.contexts.keystone.users [-] Creating 1 tenants using 20 threads
2019-06-14 09:26:32.198 22705 RALLYDEBUG rally_openstack.contexts.keystone.users [-] Creating 1 users using 20 threads
2019-06-14 09:26:34.655 22705 INFO rally.task.context [-] Task b9b0de74-cb48-4d8f-aa9d-9a84f1760564 | Context users@openstack setup() finished in 4.28 sec
2019-06-14 09:26:40.793 22705 INFO rally.task.context [-] Task b9b0de74-cb48-4d8f-aa9d-9a84f1760564 | Context users@openstack cleanup() started
2019-06-14 09:26:45.771 22705 INFO rally.task.context [-] Task b9b0de74-cb48-4d8f-aa9d-9a84f1760564 | Context users@openstack cleanup() finished in 4.98 sec
2019-06-14 09:26:45.772 22705 INFO rally.task.engine [-] Task b9b0de74-cb48-4d8f-aa9d-9a84f1760564 | Completed: Task validation of semantic.
2019-06-14 09:26:45.772 22705 INFO rally.task.engine [-] Task b9b0de74-cb48-4d8f-aa9d-9a84f1760564 | Completed: Task validation.
2019-06-14 09:26:45.772 22705 INFO rally.api [-] Task b9b0de74-cb48-4d8f-aa9d-9a84f1760564 input file is valid.
2019-06-14 09:26:45.773 22705 INFO rally.api [-] Run Task b9b0de74-cb48-4d8f-aa9d-9a84f1760564 against Deployment 6b382992-d5f9-4863-b29b-363489908db4
2019-06-14 09:26:45.773 22705 INFO rally.task.engine [-] Task b9b0de74-cb48-4d8f-aa9d-9a84f1760564 | Starting: Running task.
2019-06-14 09:26:45.893 22705 INFO rally.task.engine [-] Running workload: position = 0 config = { "version": 2, "title": "A cropped version of a bigger task.", "description": "Auto-generated task from a single workload (uuid=4691d6f7-7569-49de-86cf-33d7091512b4)", "subtasks": [ { "title": "NeutronNetworks.create_and_list_networks", "description": "Check performance of list_networks action and ensure > network quotas are not exceeded", "scenario": { "NeutronNetworks.create_and_list_networks": {} }, "contexts": { "users": { "tenants": 1, "users_per_tenant": 1 }, "quotas": { "neutron": { "network": 119 } } }, "runner": { "constant": { "times": 100, "concurrency": 20 } }, "hooks": [], "sla": { "max_avg_duration_per_atomic": { "neutron.list_networks": 15 }, "failure_rate": { "max": 0 } } } ] }
2019-06-14 09:26:45.915 22705 RALLYDEBUG rally_openstack.contexts.keystone.users [-] Creating 1 tenants using 20 threads
2019-06-14 09:26:47.714 22705 RALLYDEBUG rally_openstack.contexts.keystone.users [-] Creating 1 users using 20 threads
2019-06-14 09:26:50.064 22705 INFO rally.task.context [-] Task b9b0de74-cb48-4d8f-aa9d-9a84f1760564 | Context users@openstack setup() finished in 4.15 sec
2019-06-14 09:26:50.812 22705 INFO rally.task.context [-] Task b9b0de74-cb48-4d8f-aa9d-9a84f1760564 | Context quotas@openstack setup() finished in 0.75 sec
2019-06-14 09:26:50.812 22705 INFO rally.task.context [-] Task b9b0de74-cb48-4d8f-aa9d-9a84f1760564 | Context cleanup@openstack setup() finished in 0.01 msec
2019-06-14 09:26:50.820 22705 RALLYDEBUG rally.task.runner [-] Starting the constant runner (task UUID: b9b0de74-cb48-4d8f-aa9d-9a84f1760564). timeout: 0 concurrency: 20 concurrency_per_worker: 1 times: 100 concurrency_overhead: 4 processes_to_start: 16 max_cpu_used: 16
2019-06-14 09:26:50.833 22829 RALLYDEBUG rally.task.runner [-] Starting a worker. concurrency: 2 args: {} times: 100 method_name: run timeout: 0 duration: None cls:
2019-06-14 09:26:50.836 22830 RALLYDEBUG rally.task.runner [-] Starting a worker. concurrency: 2 args: {} times: 100 method_name: run timeout: 0 duration: None cls:
2019-06-14 09:26:50.838 22831 RALLYDEBUG rally.task.runner [-] Starting a worker. concurrency: 2 args: {} times: 100 method_name: run timeout: 0 duration: None cls:
2019-06-14 09:26:50.841 22832 RALLYDEBUG rally.task.runner [-] Starting a worker. concurrency: 2 args: {} times: 100 method_name: run timeout: 0 duration: None cls:
2019-06-14 09:26:50.843 22829 INFO rally.task.runner [-] Task b9b0de74-cb48-4d8f-aa9d-9a84f1760564 | ITER: 1 START
2019-06-14 09:26:50.844 22834 RALLYDEBUG rally.task.runner [-] Starting a worker. concurrency: 1 args: {} times: 100 method_name: run timeout: 0 duration: None cls:
2019-06-14 09:26:50.846 22830 INFO rally.task.runner [-] Task b9b0de74-cb48-4d8f-aa9d-9a84f1760564 | ITER: 2 START
2019-06-14 09:26:50.847 22836 RALLYDEBUG rally.task.runner [-] Starting a worker. concurrency: 1 args: {} times: 100 method_name: run timeout: 0 duration: None cls:
2019-06-14 09:26:50.847 22830 INFO rally.task.runner [-] Task b9b0de74-cb48-4d8f-aa9d-9a84f1760564 | ITER: 5 START
2019-06-14 09:26:50.843 22829 INFO rally.task.runner [-] Task b9b0de74-cb48-4d8f-aa9d-9a84f1760564 | ITER: 3 START
2019-06-14 09:26:50.849 22831 INFO rally.task.runner [-] Task b9b0de74-cb48-4d8f-aa9d-9a84f1760564 | ITER: 4 START
2019-06-14 09:26:50.848 22834 INFO rally.task.runner [-] Task b9b0de74-cb48-4d8f-aa9d-9a84f1760564 | ITER: 8 START
2019-06-14 09:26:50.852 22843 RALLYDEBUG rally.task.runner [-] Starting a worker. concurrency: 1 args: {} times: 100 method_name: run timeout: 0 duration: None cls:
2019-06-14 09:26:50.853 22832 INFO rally.task.runner [-] Task b9b0de74-cb48-4d8f-aa9d-9a84f1760564 | ITER: 9 START
2019-06-14 09:26:50.855 22832 INFO rally.task.runner [-] Task b9b0de74-cb48-4d8f-aa9d-9a84f1760564 | ITER: 6 START
2019-06-14 09:26:50.855 22831 INFO rally.task.runner [-] Task b9b0de74-cb48-4d8f-aa9d-9a84f1760564 | ITER: 7 START
2019-06-14 09:26:50.856 22836 INFO rally.task.runner [-] Task b9b0de74-cb48-4d8f-aa9d-9a84f1760564 | ITER: 10 START
2019-06-14 09:26:50.855 22847 RALLYDEBUG rally.task.runner [-] Starting a worker. concurrency: 1 args: {} times: 100 method_name: run timeout: 0 duration: None cls:
2019-06-14 09:26:50.862 22851 RALLYDEBUG rally.task.runner [-] Starting a worker. concurrency: 1 args: {} times: 100 method_name: run timeout: 0 duration: None cls:
2019-06-14 09:26:50.862 22854 RALLYDEBUG rally.task.runner [-] Starting a worker. concurrency: 1 args: {} times: 100 method_name: run timeout: 0 duration: None cls:
2019-06-14 09:26:50.865 22857 RALLYDEBUG rally.task.runner [-] Starting a worker. concurrency: 1 args: {} times: 100 method_name: run timeout: 0 duration: None cls:
2019-06-14 09:26:50.866 22855 RALLYDEBUG rally.task.runner [-] Starting a worker. concurrency: 1 args: {} times: 100 method_name: run timeout: 0 duration: None cls:
2019-06-14 09:26:50.868 22859 RALLYDEBUG rally.task.runner [-] Starting a worker. concurrency: 1 args: {} times: 100 method_name: run timeout: 0 duration: None cls:
2019-06-14 09:26:50.870 22843 INFO rally.task.runner [-] Task b9b0de74-cb48-4d8f-aa9d-9a84f1760564 | ITER: 11 START
2019-06-14 09:26:50.871 22847 INFO rally.task.runner [-] Task b9b0de74-cb48-4d8f-aa9d-9a84f1760564 | ITER: 12 START
2019-06-14 09:26:50.872 22854 INFO rally.task.runner [-] Task b9b0de74-cb48-4d8f-aa9d-9a84f1760564 | ITER: 14 START
2019-06-14 09:26:50.872 22861 RALLYDEBUG rally.task.runner [-] Starting a worker. concurrency: 1 args: {} times: 100 method_name: run timeout: 0 duration: None cls:
2019-06-14 09:26:50.874 22855 INFO rally.task.runner [-] Task b9b0de74-cb48-4d8f-aa9d-9a84f1760564 | ITER: 16 START
2019-06-14 09:26:50.871 22851 INFO rally.task.runner [-] Task b9b0de74-cb48-4d8f-aa9d-9a84f1760564 | ITER: 13 START
2019-06-14 09:26:50.875 22859 INFO rally.task.runner [-] Task b9b0de74-cb48-4d8f-aa9d-9a84f1760564 | ITER: 17 START
2019-06-14 09:26:50.879 22857 INFO rally.task.runner [-] Task b9b0de74-cb48-4d8f-aa9d-9a84f1760564 | ITER: 15 START
2019-06-14 09:26:50.882 22861 INFO rally.task.runner [-] Task b9b0de74-cb48-4d8f-aa9d-9a84f1760564 | ITER: 18 START
2019-06-14 09:26:50.890 22875 RALLYDEBUG rally.task.runner [-] Starting a worker. concurrency: 1 args: {} times: 100 method_name: run timeout: 0 duration: None cls:
2019-06-14 09:26:50.894 22876 RALLYDEBUG rally.task.runner [-] Starting a worker. concurrency: 1 args: {} times: 100 method_name: run timeout: 0 duration: None cls:
2019-06-14 09:26:50.896 22875 INFO rally.task.runner [-] Task b9b0de74-cb48-4d8f-aa9d-9a84f1760564 | ITER: 19 START
2019-06-14 09:26:50.901 22876 INFO rally.task.runner [-] Task b9b0de74-cb48-4d8f-aa9d-9a84f1760564 | ITER: 20 START
2019-06-14 09:26:52.215 22830 INFO rally.task.runner [-] Task b9b0de74-cb48-4d8f-aa9d-9a84f1760564 | ITER: 2 END: OK
2019-06-14 09:26:52.219 22830 INFO rally.task.runner [-] Task b9b0de74-cb48-4d8f-aa9d-9a84f1760564 | ITER: 21 START
2019-06-14 09:26:52.820 22836 INFO rally.task.runner [-] Task b9b0de74-cb48-4d8f-aa9d-9a84f1760564 | ITER: 10 END: OK
2019-06-14 09:26:52.825 22836 INFO rally.task.runner [-] Task b9b0de74-cb48-4d8f-aa9d-9a84f1760564 | ITER: 22 START
2019-06-14 09:26:53.057 22832 INFO rally.task.runner [-] Task b9b0de74-cb48-4d8f-aa9d-9a84f1760564 | ITER: 9 END: OK
2019-06-14 09:26:53.062 22832 INFO rally.task.runner [-] Task b9b0de74-cb48-4d8f-aa9d-9a84f1760564 | ITER: 23 START
2019-06-14 09:26:53.100 22834 INFO rally.task.runner [-] Task b9b0de74-cb48-4d8f-aa9d-9a84f1760564 | ITER: 8 END: OK
2019-06-14 09:26:53.104 22834 INFO rally.task.runner [-] Task b9b0de74-cb48-4d8f-aa9d-9a84f1760564 | ITER: 24 START
2019-06-14 09:26:53.372 22831 INFO rally.task.runner [-] Task b9b0de74-cb48-4d8f-aa9d-9a84f1760564 | ITER: 4 END: OK
2019-06-14 09:26:53.375 22831 INFO rally.task.runner [-] Task b9b0de74-cb48-4d8f-aa9d-9a84f1760564 | ITER: 25 START
2019-06-14 09:26:53.658 22832 INFO rally.task.runner [-] Task b9b0de74-cb48-4d8f-aa9d-9a84f1760564 | ITER: 6 END: OK
2019-06-14 09:26:53.662 22832 INFO rally.task.runner [-] Task b9b0de74-cb48-4d8f-aa9d-9a84f1760564 | ITER: 26 START
2019-06-14 09:26:53.824 22829 INFO rally.task.runner [-] Task b9b0de74-cb48-4d8f-aa9d-9a84f1760564 | ITER: 3 END: OK
2019-06-14 09:26:53.827 22829 INFO rally.task.runner [-] Task b9b0de74-cb48-4d8f-aa9d-9a84f1760564 | ITER: 27 START
2019-06-14 09:26:53.991 22829 INFO rally.task.runner [-] Task b9b0de74-cb48-4d8f-aa9d-9a84f1760564 | ITER: 1 END: OK
2019-06-14 09:26:53.995 22829 INFO rally.task.runner [-] Task b9b0de74-cb48-4d8f-aa9d-9a84f1760564 | ITER: 28 START
2019-06-14 09:26:54.295 22855 INFO rally.task.runner [-] Task b9b0de74-cb48-4d8f-aa9d-9a84f1760564 | ITER: 16 END: OK
2019-06-14 09:26:54.300 22855 INFO rally.task.runner [-] Task b9b0de74-cb48-4d8f-aa9d-9a84f1760564 | ITER: 29 START
2019-06-14 09:26:54.368 22830 INFO rally.task.runner [-] Task b9b0de74-cb48-4d8f-aa9d-9a84f1760564 | ITER: 5 END: OK
2019-06-14 09:26:54.372 22830 INFO rally.task.runner [-] Task b9b0de74-cb48-4d8f-aa9d-9a84f1760564 | ITER: 30 START
2019-06-14 09:26:54.623 22875 INFO rally.task.runner [-] Task b9b0de74-cb48-4d8f-aa9d-9a84f1760564 | ITER: 19 END: OK
2019-06-14 09:26:54.626 22875 INFO rally.task.runner [-] Task b9b0de74-cb48-4d8f-aa9d-9a84f1760564 | ITER: 31 START
2019-06-14 09:26:55.033 22843 INFO rally.task.runner [-] Task b9b0de74-cb48-4d8f-aa9d-9a84f1760564 | ITER: 11 END: OK
2019-06-14 09:26:55.036 22843 INFO rally.task.runner [-] Task b9b0de74-cb48-4d8f-aa9d-9a84f1760564 | ITER: 32 START
2019-06-14 09:26:55.083 22847 INFO rally.task.runner [-] Task b9b0de74-cb48-4d8f-aa9d-9a84f1760564 | ITER: 12 END: OK
2019-06-14 09:26:55.087 22847 INFO rally.task.runner [-] Task b9b0de74-cb48-4d8f-aa9d-9a84f1760564 | ITER: 33 START
2019-06-14 09:26:55.226 22831 INFO rally.task.runner [-] Task b9b0de74-cb48-4d8f-aa9d-9a84f1760564 | ITER: 7 END: OK
2019-06-14 09:26:55.229 22831 INFO rally.task.runner [-] Task b9b0de74-cb48-4d8f-aa9d-9a84f1760564 | ITER: 34 START
2019-06-14 09:26:55.253 22851 INFO rally.task.runner [-] Task b9b0de74-cb48-4d8f-aa9d-9a84f1760564 | ITER: 13 END: OK
2019-06-14 09:26:55.256 22851 INFO rally.task.runner [-] Task b9b0de74-cb48-4d8f-aa9d-9a84f1760564 | ITER: 35 START
2019-06-14 09:26:55.280 22854 INFO rally.task.runner [-] Task b9b0de74-cb48-4d8f-aa9d-9a84f1760564 | ITER: 14 END: OK
2019-06-14 09:26:55.282 22854 INFO rally.task.runner [-] Task b9b0de74-cb48-4d8f-aa9d-9a84f1760564 | ITER: 36 START
2019-06-14 09:26:55.341 22876 INFO rally.task.runner [-] Task b9b0de74-cb48-4d8f-aa9d-9a84f1760564 | ITER: 20 END: OK
2019-06-14 09:26:55.345 22876 INFO rally.task.runner [-] Task b9b0de74-cb48-4d8f-aa9d-9a84f1760564 | ITER: 37 START
2019-06-14 09:26:55.439 22830 INFO rally.task.runner [-] Task b9b0de74-cb48-4d8f-aa9d-9a84f1760564 | ITER: 21 END: OK
2019-06-14 09:26:55.442 22830 INFO rally.task.runner [-] Task b9b0de74-cb48-4d8f-aa9d-9a84f1760564 | ITER: 38 START
2019-06-14 09:26:55.448 22861 INFO rally.task.runner [-] Task b9b0de74-cb48-4d8f-aa9d-9a84f1760564 | ITER: 18 END: OK
2019-06-14 09:26:55.451 22861 INFO rally.task.runner [-] Task b9b0de74-cb48-4d8f-aa9d-9a84f1760564 | ITER: 39 START
2019-06-14 09:26:55.621 22836 INFO rally.task.runner [-] Task b9b0de74-cb48-4d8f-aa9d-9a84f1760564 | ITER: 22 END: OK
2019-06-14 09:26:55.624 22836 INFO rally.task.runner [-] Task b9b0de74-cb48-4d8f-aa9d-9a84f1760564 | ITER: 40 START
2019-06-14 09:26:55.816 22859 INFO rally.task.runner [-] Task b9b0de74-cb48-4d8f-aa9d-9a84f1760564 | ITER: 17 END: OK
2019-06-14 09:26:55.819 22859 INFO rally.task.runner [-] Task b9b0de74-cb48-4d8f-aa9d-9a84f1760564 | ITER: 41 START
2019-06-14 09:26:55.880 22857 INFO rally.task.runner [-] Task b9b0de74-cb48-4d8f-aa9d-9a84f1760564 | ITER: 15 END: OK
2019-06-14 09:26:55.883 22857 INFO rally.task.runner [-] Task b9b0de74-cb48-4d8f-aa9d-9a84f1760564 | ITER: 42 START
2019-06-14 09:26:57.191 22847 INFO rally.task.runner [-] Task b9b0de74-cb48-4d8f-aa9d-9a84f1760564 | ITER: 33 END: OK
2019-06-14 09:26:57.191 22834 INFO rally.task.runner [-] Task b9b0de74-cb48-4d8f-aa9d-9a84f1760564 | ITER: 24 END: OK
2019-06-14 09:26:57.192 22832 INFO rally.task.runner [-] Task b9b0de74-cb48-4d8f-aa9d-9a84f1760564 | ITER: 26 END: OK
2019-06-14 09:26:57.195 22832 INFO rally.task.runner [-] Task b9b0de74-cb48-4d8f-aa9d-9a84f1760564 | ITER: 23 END: OK
2019-06-14 09:26:57.195 22847 INFO rally.task.runner [-] Task b9b0de74-cb48-4d8f-aa9d-9a84f1760564 | ITER: 43 START
2019-06-14 09:26:57.195 22834 INFO rally.task.runner [-] Task b9b0de74-cb48-4d8f-aa9d-9a84f1760564 | ITER: 44 START
2019-06-14 09:26:57.199 22832 INFO rally.task.runner [-] Task b9b0de74-cb48-4d8f-aa9d-9a84f1760564 | ITER: 45 START
2019-06-14 09:26:57.204 22832 INFO rally.task.runner [-] Task b9b0de74-cb48-4d8f-aa9d-9a84f1760564 | ITER: 46 START
2019-06-14 09:26:57.210 22830 INFO rally.task.runner [-] Task b9b0de74-cb48-4d8f-aa9d-9a84f1760564 | ITER: 30 END: OK
2019-06-14 09:26:57.213 22830 INFO rally.task.runner [-] Task b9b0de74-cb48-4d8f-aa9d-9a84f1760564 | ITER: 47 START
2019-06-14 09:26:57.237 22831 INFO rally.task.runner [-] Task b9b0de74-cb48-4d8f-aa9d-9a84f1760564 | ITER: 34 END: OK
2019-06-14 09:26:57.241 22831 INFO rally.task.runner [-] Task b9b0de74-cb48-4d8f-aa9d-9a84f1760564 | ITER: 48 START
2019-06-14 09:26:57.571 22861 INFO rally.task.runner [-] Task b9b0de74-cb48-4d8f-aa9d-9a84f1760564 | ITER: 39 END: OK
2019-06-14 09:26:57.575 22861 INFO rally.task.runner [-] Task b9b0de74-cb48-4d8f-aa9d-9a84f1760564 | ITER: 49 START
2019-06-14 09:26:57.590 22836 INFO rally.task.runner [-] Task b9b0de74-cb48-4d8f-aa9d-9a84f1760564 | ITER: 40 END: OK
2019-06-14 09:26:57.593 22836 INFO rally.task.runner [-] Task b9b0de74-cb48-4d8f-aa9d-9a84f1760564 | ITER: 50 START
2019-06-14 09:26:57.619 22876 INFO rally.task.runner [-] Task b9b0de74-cb48-4d8f-aa9d-9a84f1760564 | ITER: 37 END: OK
2019-06-14 09:26:57.622 22876 INFO rally.task.runner [-] Task b9b0de74-cb48-4d8f-aa9d-9a84f1760564 | ITER: 51 START
2019-06-14 09:26:57.625 22851 INFO rally.task.runner [-] Task b9b0de74-cb48-4d8f-aa9d-9a84f1760564 | ITER: 35 END: OK
2019-06-14 09:26:57.628 22851 INFO rally.task.runner [-] Task b9b0de74-cb48-4d8f-aa9d-9a84f1760564 | ITER: 52 START
2019-06-14 09:26:58.213 22855 INFO rally.task.runner [-] Task b9b0de74-cb48-4d8f-aa9d-9a84f1760564 | ITER: 29 END: OK
2019-06-14 09:26:58.216 22855 INFO rally.task.runner [-] Task b9b0de74-cb48-4d8f-aa9d-9a84f1760564 | ITER: 53 START
2019-06-14 09:26:58.369 22843 INFO rally.task.runner [-] Task b9b0de74-cb48-4d8f-aa9d-9a84f1760564 | ITER: 32 END: OK
2019-06-14 09:26:58.373 22843 INFO rally.task.runner [-] Task b9b0de74-cb48-4d8f-aa9d-9a84f1760564 | ITER: 54 START
2019-06-14 09:26:58.423 22875 INFO rally.task.runner [-] Task b9b0de74-cb48-4d8f-aa9d-9a84f1760564 | ITER: 31 END: OK
2019-06-14 09:26:58.426 22875 INFO rally.task.runner [-] Task b9b0de74-cb48-4d8f-aa9d-9a84f1760564 | ITER: 55 START
2019-06-14 09:26:58.511 22830 INFO rally.task.runner [-] Task b9b0de74-cb48-4d8f-aa9d-9a84f1760564 | ITER: 38 END: OK
2019-06-14 09:26:58.514 22830 INFO rally.task.runner [-] Task b9b0de74-cb48-4d8f-aa9d-9a84f1760564 | ITER: 56 START
2019-06-14 09:26:58.638 22859 INFO rally.task.runner [-] Task b9b0de74-cb48-4d8f-aa9d-9a84f1760564 | ITER: 41 END: OK
2019-06-14 09:26:58.641 22859 INFO rally.task.runner [-] Task b9b0de74-cb48-4d8f-aa9d-9a84f1760564 | ITER: 57 START
2019-06-14 09:26:58.751 22829 INFO rally.task.runner [-] Task b9b0de74-cb48-4d8f-aa9d-9a84f1760564 | ITER: 28 END: OK
2019-06-14 09:26:58.754 22829 INFO rally.task.runner [-] Task b9b0de74-cb48-4d8f-aa9d-9a84f1760564 | ITER: 58 START
2019-06-14 09:26:58.798 22831 INFO rally.task.runner [-] Task b9b0de74-cb48-4d8f-aa9d-9a84f1760564 | ITER: 48 END: OK
2019-06-14 09:26:58.801 22831 INFO rally.task.runner [-] Task b9b0de74-cb48-4d8f-aa9d-9a84f1760564 | ITER: 59 START
2019-06-14 09:26:58.897 22829 INFO rally.task.runner [-] Task b9b0de74-cb48-4d8f-aa9d-9a84f1760564 | ITER: 27 END: OK
2019-06-14 09:26:58.900 22829 INFO rally.task.runner [-] Task b9b0de74-cb48-4d8f-aa9d-9a84f1760564 | ITER: 60 START
2019-06-14 09:26:58.965 22847 INFO rally.task.runner [-] Task b9b0de74-cb48-4d8f-aa9d-9a84f1760564 | ITER: 43 END: OK
2019-06-14 09:26:58.968 22847 INFO rally.task.runner [-] Task b9b0de74-cb48-4d8f-aa9d-9a84f1760564 | ITER: 61 START
2019-06-14 09:26:59.225 22854 INFO rally.task.runner [-] Task b9b0de74-cb48-4d8f-aa9d-9a84f1760564 | ITER: 36 END: OK
2019-06-14 09:26:59.228 22854 INFO rally.task.runner [-] Task b9b0de74-cb48-4d8f-aa9d-9a84f1760564 | ITER: 62 START
2019-06-14 09:26:59.560 22876 INFO rally.task.runner [-] Task b9b0de74-cb48-4d8f-aa9d-9a84f1760564 | ITER: 51 END: OK
2019-06-14 09:26:59.563 22876 INFO rally.task.runner [-] Task b9b0de74-cb48-4d8f-aa9d-9a84f1760564 | ITER: 63 START
2019-06-14 09:26:59.583 22834 INFO rally.task.runner [-] Task b9b0de74-cb48-4d8f-aa9d-9a84f1760564 | ITER: 44 END: OK
2019-06-14 09:26:59.586 22834 INFO rally.task.runner [-] Task b9b0de74-cb48-4d8f-aa9d-9a84f1760564 | ITER: 64 START
2019-06-14 09:26:59.596 22832 INFO rally.task.runner [-] Task b9b0de74-cb48-4d8f-aa9d-9a84f1760564 | ITER: 45 END: OK
2019-06-14 09:26:59.599 22832 INFO rally.task.runner [-] Task b9b0de74-cb48-4d8f-aa9d-9a84f1760564 | ITER: 65 START
2019-06-14 09:26:59.605 22861 INFO rally.task.runner [-] Task b9b0de74-cb48-4d8f-aa9d-9a84f1760564 | ITER: 49 END: OK
2019-06-14 09:26:59.608 22861 INFO rally.task.runner [-] Task b9b0de74-cb48-4d8f-aa9d-9a84f1760564 | ITER: 66 START
2019-06-14 09:26:59.690 22831 INFO rally.task.runner [-] Task b9b0de74-cb48-4d8f-aa9d-9a84f1760564 | ITER: 25 END: OK
2019-06-14 09:26:59.693 22831 INFO rally.task.runner [-] Task b9b0de74-cb48-4d8f-aa9d-9a84f1760564 | ITER: 67 START
2019-06-14 09:26:59.727 22830 INFO rally.task.runner [-] Task b9b0de74-cb48-4d8f-aa9d-9a84f1760564 | ITER: 47 END: OK
2019-06-14 09:26:59.731 22830 INFO rally.task.runner [-] Task b9b0de74-cb48-4d8f-aa9d-9a84f1760564 | ITER: 68 START
2019-06-14 09:26:59.754 22857 INFO rally.task.runner [-] Task b9b0de74-cb48-4d8f-aa9d-9a84f1760564 | ITER: 42 END: OK
2019-06-14 09:26:59.757 22857 INFO rally.task.runner [-] Task b9b0de74-cb48-4d8f-aa9d-9a84f1760564 | ITER: 69 START
2019-06-14 09:26:59.808 22832 INFO rally.task.runner [-] Task b9b0de74-cb48-4d8f-aa9d-9a84f1760564 | ITER: 46 END: OK
2019-06-14 09:26:59.811 22832 INFO rally.task.runner [-] Task b9b0de74-cb48-4d8f-aa9d-9a84f1760564 | ITER: 70 START
2019-06-14 09:26:59.946 22851 INFO rally.task.runner [-] Task b9b0de74-cb48-4d8f-aa9d-9a84f1760564 | ITER: 52 END: OK
2019-06-14 09:26:59.950 22851 INFO rally.task.runner [-] Task b9b0de74-cb48-4d8f-aa9d-9a84f1760564 | ITER: 71 START
2019-06-14 09:27:00.241 22836 INFO rally.task.runner [-] Task b9b0de74-cb48-4d8f-aa9d-9a84f1760564 | ITER: 50 END: OK
2019-06-14 09:27:00.245 22836 INFO rally.task.runner [-] Task b9b0de74-cb48-4d8f-aa9d-9a84f1760564 | ITER: 72 START
2019-06-14 09:27:00.488 22855 INFO rally.task.runner [-] Task b9b0de74-cb48-4d8f-aa9d-9a84f1760564 | ITER: 53 END: OK
2019-06-14 09:27:00.491 22855 INFO rally.task.runner [-] Task b9b0de74-cb48-4d8f-aa9d-9a84f1760564 | ITER: 73 START
2019-06-14 09:27:00.746 22875 INFO rally.task.runner [-] Task b9b0de74-cb48-4d8f-aa9d-9a84f1760564 | ITER: 55 END: OK
2019-06-14 09:27:00.749 22875 INFO rally.task.runner [-] Task b9b0de74-cb48-4d8f-aa9d-9a84f1760564 | ITER: 74 START
2019-06-14 09:27:00.794 22843 INFO rally.task.runner [-] Task b9b0de74-cb48-4d8f-aa9d-9a84f1760564 | ITER: 54 END: OK
2019-06-14 09:27:00.797 22843 INFO rally.task.runner [-] Task b9b0de74-cb48-4d8f-aa9d-9a84f1760564 | ITER: 75 START
2019-06-14 09:27:00.910 22859 INFO rally.task.runner [-] Task b9b0de74-cb48-4d8f-aa9d-9a84f1760564 | ITER: 57 END: OK
2019-06-14 09:27:00.913 22859 INFO rally.task.runner [-] Task b9b0de74-cb48-4d8f-aa9d-9a84f1760564 | ITER: 76 START
2019-06-14 09:27:01.141 22829 INFO rally.task.runner [-] Task b9b0de74-cb48-4d8f-aa9d-9a84f1760564 | ITER: 58 END: OK
2019-06-14 09:27:01.144 22829 INFO rally.task.runner [-] Task b9b0de74-cb48-4d8f-aa9d-9a84f1760564 | ITER: 77 START
2019-06-14 09:27:01.164 22831 INFO rally.task.runner [-] Task b9b0de74-cb48-4d8f-aa9d-9a84f1760564 | ITER: 59 END: OK
2019-06-14 09:27:01.167 22831 INFO rally.task.runner [-] Task b9b0de74-cb48-4d8f-aa9d-9a84f1760564 | ITER: 78 START
2019-06-14 09:27:01.403 22847 INFO rally.task.runner [-] Task b9b0de74-cb48-4d8f-aa9d-9a84f1760564 | ITER: 61 END: OK
2019-06-14 09:27:01.406 22847 INFO rally.task.runner [-] Task b9b0de74-cb48-4d8f-aa9d-9a84f1760564 | ITER: 79 START
2019-06-14 09:27:01.622 22829 INFO rally.task.runner [-] Task b9b0de74-cb48-4d8f-aa9d-9a84f1760564 | ITER: 60 END: OK
2019-06-14 09:27:01.625 22829 INFO rally.task.runner [-] Task b9b0de74-cb48-4d8f-aa9d-9a84f1760564 | ITER: 80 START
2019-06-14 09:27:01.752 22832 INFO rally.task.runner [-] Task b9b0de74-cb48-4d8f-aa9d-9a84f1760564 | ITER: 65 END: OK
2019-06-14 09:27:01.752 22857 INFO rally.task.runner [-] Task b9b0de74-cb48-4d8f-aa9d-9a84f1760564 | ITER: 69 END: OK
2019-06-14 09:27:01.755 22832 INFO rally.task.runner [-] Task b9b0de74-cb48-4d8f-aa9d-9a84f1760564 | ITER: 82 START
2019-06-14 09:27:01.755 22857 INFO rally.task.runner [-] Task b9b0de74-cb48-4d8f-aa9d-9a84f1760564 | ITER: 81 START
2019-06-14 09:27:01.863 22861 INFO rally.task.runner [-] Task b9b0de74-cb48-4d8f-aa9d-9a84f1760564 | ITER: 66 END: OK
2019-06-14 09:27:01.866 22861 INFO rally.task.runner [-] Task b9b0de74-cb48-4d8f-aa9d-9a84f1760564 | ITER: 83 START
2019-06-14 09:27:02.214 22830 INFO rally.task.runner [-] Task b9b0de74-cb48-4d8f-aa9d-9a84f1760564 | ITER: 56 END: OK
2019-06-14 09:27:02.217 22830 INFO rally.task.runner [-] Task b9b0de74-cb48-4d8f-aa9d-9a84f1760564 | ITER: 84 START
2019-06-14 09:27:02.248 22876 INFO rally.task.runner [-] Task b9b0de74-cb48-4d8f-aa9d-9a84f1760564 | ITER: 63 END: OK
2019-06-14 09:27:02.251 22876 INFO rally.task.runner [-] Task b9b0de74-cb48-4d8f-aa9d-9a84f1760564 | ITER: 85 START
2019-06-14 09:27:02.396 22854 INFO rally.task.runner [-] Task b9b0de74-cb48-4d8f-aa9d-9a84f1760564 | ITER: 62 END: OK
2019-06-14 09:27:02.399 22854 INFO rally.task.runner [-] Task b9b0de74-cb48-4d8f-aa9d-9a84f1760564 | ITER: 86 START
2019-06-14 09:27:02.510 22834 INFO rally.task.runner [-] Task b9b0de74-cb48-4d8f-aa9d-9a84f1760564 | ITER: 64 END: OK
2019-06-14 09:27:02.513 22834 INFO rally.task.runner [-] Task b9b0de74-cb48-4d8f-aa9d-9a84f1760564 | ITER: 87 START
2019-06-14 09:27:02.531 22855 INFO rally.task.runner [-] Task b9b0de74-cb48-4d8f-aa9d-9a84f1760564 | ITER: 73 END: OK
2019-06-14 09:27:02.534 22855 INFO rally.task.runner [-] Task b9b0de74-cb48-4d8f-aa9d-9a84f1760564 | ITER: 88 START
2019-06-14 09:27:02.598 22831 INFO rally.task.runner [-] Task b9b0de74-cb48-4d8f-aa9d-9a84f1760564 | ITER: 67 END: OK
2019-06-14 09:27:02.601 22831 INFO rally.task.runner [-] Task b9b0de74-cb48-4d8f-aa9d-9a84f1760564 | ITER: 89 START
2019-06-14 09:27:02.703 22851 INFO rally.task.runner [-] Task b9b0de74-cb48-4d8f-aa9d-9a84f1760564 | ITER: 71 END: OK
2019-06-14 09:27:02.706 22851 INFO rally.task.runner [-] Task b9b0de74-cb48-4d8f-aa9d-9a84f1760564 | ITER: 90 START
2019-06-14 09:27:02.739 22875 INFO rally.task.runner [-] Task b9b0de74-cb48-4d8f-aa9d-9a84f1760564 | ITER: 74 END: OK
2019-06-14 09:27:02.743 22875 INFO rally.task.runner [-] Task b9b0de74-cb48-4d8f-aa9d-9a84f1760564 | ITER: 91 START
2019-06-14 09:27:02.754 22836 INFO rally.task.runner [-] Task b9b0de74-cb48-4d8f-aa9d-9a84f1760564 | ITER: 72 END: OK
2019-06-14 09:27:02.757 22836 INFO rally.task.runner [-] Task b9b0de74-cb48-4d8f-aa9d-9a84f1760564 | ITER: 92 START
2019-06-14 09:27:02.797 22832 INFO rally.task.runner [-] Task b9b0de74-cb48-4d8f-aa9d-9a84f1760564 | ITER: 70 END: OK
2019-06-14 09:27:02.801 22832 INFO rally.task.runner [-] Task b9b0de74-cb48-4d8f-aa9d-9a84f1760564 | ITER: 93 START
2019-06-14 09:27:02.820 22830 INFO rally.task.runner [-] Task b9b0de74-cb48-4d8f-aa9d-9a84f1760564 | ITER: 68 END: OK
2019-06-14 09:27:02.822 22830 INFO rally.task.runner [-] Task b9b0de74-cb48-4d8f-aa9d-9a84f1760564 | ITER: 94 START
2019-06-14 09:27:03.053 22843 INFO rally.task.runner [-] Task b9b0de74-cb48-4d8f-aa9d-9a84f1760564 | ITER: 75 END: OK
2019-06-14 09:27:03.056 22843 INFO rally.task.runner [-] Task b9b0de74-cb48-4d8f-aa9d-9a84f1760564 | ITER: 95 START
2019-06-14 09:27:03.207 22831 INFO rally.task.runner [-] Task b9b0de74-cb48-4d8f-aa9d-9a84f1760564 | ITER: 78 END: OK
2019-06-14 09:27:03.210 22831 INFO rally.task.runner [-] Task b9b0de74-cb48-4d8f-aa9d-9a84f1760564 | ITER: 96 START
2019-06-14 09:27:03.603 22829 INFO rally.task.runner [-] Task b9b0de74-cb48-4d8f-aa9d-9a84f1760564 | ITER: 77 END: OK
2019-06-14 09:27:03.606 22829 INFO rally.task.runner [-] Task b9b0de74-cb48-4d8f-aa9d-9a84f1760564 | ITER: 97 START
2019-06-14 09:27:03.776 22861 INFO rally.task.runner [-] Task b9b0de74-cb48-4d8f-aa9d-9a84f1760564 | ITER: 83 END: OK
2019-06-14 09:27:03.779 22861 INFO rally.task.runner [-] Task b9b0de74-cb48-4d8f-aa9d-9a84f1760564 | ITER: 98 START
2019-06-14 09:27:03.782 22859 INFO rally.task.runner [-] Task b9b0de74-cb48-4d8f-aa9d-9a84f1760564 | ITER: 76 END: OK
2019-06-14 09:27:03.785 22859 INFO rally.task.runner [-] Task b9b0de74-cb48-4d8f-aa9d-9a84f1760564 | ITER: 99 START
2019-06-14 09:27:03.849 22832 INFO rally.task.runner [-] Task b9b0de74-cb48-4d8f-aa9d-9a84f1760564 | ITER: 82 END: OK
2019-06-14 09:27:03.851 22832 INFO rally.task.runner [-] Task b9b0de74-cb48-4d8f-aa9d-9a84f1760564 | ITER: 100 START
2019-06-14 09:27:03.857 22857 INFO rally.task.runner [-] Task b9b0de74-cb48-4d8f-aa9d-9a84f1760564 | ITER: 81 END: OK
2019-06-14 09:27:04.389 22829 INFO rally.task.runner [-] Task b9b0de74-cb48-4d8f-aa9d-9a84f1760564 | ITER: 80 END: OK
2019-06-14 09:27:04.471 22830 INFO rally.task.runner [-] Task b9b0de74-cb48-4d8f-aa9d-9a84f1760564 | ITER: 84 END: OK
2019-06-14 09:27:04.614 22847 INFO rally.task.runner [-] Task b9b0de74-cb48-4d8f-aa9d-9a84f1760564 | ITER: 79 END: OK
2019-06-14 09:27:04.614 22876 INFO rally.task.runner [-] Task b9b0de74-cb48-4d8f-aa9d-9a84f1760564 | ITER: 85 END: OK
2019-06-14 09:27:04.641 22854 INFO rally.task.runner [-] Task b9b0de74-cb48-4d8f-aa9d-9a84f1760564 | ITER: 86 END: OK
2019-06-14 09:27:04.888 22851 INFO rally.task.runner [-] Task b9b0de74-cb48-4d8f-aa9d-9a84f1760564 | ITER: 90 END: OK
2019-06-14 09:27:04.924 22855 INFO rally.task.runner [-] Task b9b0de74-cb48-4d8f-aa9d-9a84f1760564 | ITER: 88 END: OK
2019-06-14 09:27:04.989 22831 INFO rally.task.runner [-] Task b9b0de74-cb48-4d8f-aa9d-9a84f1760564 | ITER: 89 END: OK
2019-06-14 09:27:05.026 22875 INFO rally.task.runner [-] Task b9b0de74-cb48-4d8f-aa9d-9a84f1760564 | ITER: 91 END: OK
2019-06-14 09:27:05.295 22832 INFO rally.task.runner [-] Task b9b0de74-cb48-4d8f-aa9d-9a84f1760564 | ITER: 93 END: OK
2019-06-14 09:27:05.494 22861 INFO rally.task.runner [-] Task b9b0de74-cb48-4d8f-aa9d-9a84f1760564 | ITER: 98 END: OK
2019-06-14 09:27:05.623 22834 INFO rally.task.runner [-] Task b9b0de74-cb48-4d8f-aa9d-9a84f1760564 | ITER: 87 END: OK
2019-06-14 09:27:05.664 22832 INFO rally.task.runner [-] Task b9b0de74-cb48-4d8f-aa9d-9a84f1760564 | ITER: 100 END: OK
2019-06-14 09:27:05.727 22829 INFO rally.task.runner [-] Task b9b0de74-cb48-4d8f-aa9d-9a84f1760564 | ITER: 97 END: OK
2019-06-14 09:27:05.773 22859 INFO rally.task.runner [-] Task b9b0de74-cb48-4d8f-aa9d-9a84f1760564 | ITER: 99 END: OK
2019-06-14 09:27:06.141 22836 INFO rally.task.runner [-] Task b9b0de74-cb48-4d8f-aa9d-9a84f1760564 | ITER: 92 END: OK
2019-06-14 09:27:06.392 22830 INFO rally.task.runner [-] Task b9b0de74-cb48-4d8f-aa9d-9a84f1760564 | ITER: 94 END: OK
2019-06-14 09:27:06.741 22843 INFO rally.task.runner [-] Task b9b0de74-cb48-4d8f-aa9d-9a84f1760564 | ITER: 95 END: OK
2019-06-14 09:27:07.006 22831 INFO rally.task.runner [-] Task b9b0de74-cb48-4d8f-aa9d-9a84f1760564 | ITER: 96 END: OK
2019-06-14 09:27:07.033 22705 INFO rally.task.context [-] Task b9b0de74-cb48-4d8f-aa9d-9a84f1760564 | Context cleanup@openstack cleanup() started
2019-06-14 09:27:07.037 22705 RALLYDEBUG rally_openstack.cleanup.manager [-] Cleaning up neutron vip objects
2019-06-14 09:27:07.669 22705 RALLYDEBUG rally_openstack.cleanup.manager [-] Cleaning up neutron health_monitor objects
2019-06-14 09:27:08.290 22705 RALLYDEBUG rally_openstack.cleanup.manager [-] Cleaning up neutron pool objects
2019-06-14 09:27:08.913 22705 RALLYDEBUG rally_openstack.cleanup.manager [-] Cleaning up neutron loadbalancer objects
2019-06-14 09:27:09.533 22705 RALLYDEBUG rally_openstack.cleanup.manager [-] Cleaning up neutron floatingip objects
2019-06-14 09:27:10.288 22705 RALLYDEBUG rally_openstack.cleanup.manager [-] Cleaning up neutron port objects
2019-06-14 09:27:11.152 22705 RALLYDEBUG rally_openstack.cleanup.manager [-] Cleaning up neutron subnet objects
2019-06-14 09:27:11.790 22705 RALLYDEBUG rally_openstack.cleanup.manager [-] Cleaning up neutron network objects
2019-06-14 09:27:12.955 22705 RALLYDEBUG rally_openstack.cleanup.manager [-] Deleting neutron.network object s_rally_4691d6f7_M9IfYZYy (0be62452-84fa-497c-8b25-a1cda8749f36)
2019-06-14 09:27:12.961 22705 RALLYDEBUG rally_openstack.cleanup.manager [-] Deleting neutron.network object s_rally_4691d6f7_Nfh0ERdY (1196a196-ef71-499f-b494-e20a41e2ecd6)
2019-06-14 09:27:12.964 22705 RALLYDEBUG rally_openstack.cleanup.manager [-] Deleting neutron.network object s_rally_4691d6f7_ooozzi0B (11869c5f-fb60-48a7-866c-6347c0350f0c)
2019-06-14 09:27:12.968 22705 RALLYDEBUG rally_openstack.cleanup.manager [-] Deleting neutron.network object s_rally_4691d6f7_ijRbQAPq (09a4fa6f-df49-428c-b5ab-4eb4d6a002ea)
2019-06-14 09:27:12.969 22705 RALLYDEBUG rally_openstack.cleanup.manager [-] Deleting neutron.network object s_rally_4691d6f7_mkxwxLxG (143c7e86-bff1-4845-aa5e-a18b97ed0dc6)
2019-06-14 09:27:12.970 22705 RALLYDEBUG rally_openstack.cleanup.manager [-] Deleting neutron.network object s_rally_4691d6f7_rtxMkZUg (0a2f8587-f238-4a8f-a0a9-36e5e0f12a8c)
2019-06-14 09:27:12.972 22705 RALLYDEBUG rally_openstack.cleanup.manager [-] Deleting neutron.network object s_rally_4691d6f7_uTI2JXGh (1261a7de-7a38-4538-ba01-593977803f84)
2019-06-14 09:27:12.975 22705 RALLYDEBUG rally_openstack.cleanup.manager [-] Deleting neutron.network object s_rally_4691d6f7_6oBbMni6 (0f9181d5-a309-40a5-a30d-832f73f78382)
2019-06-14 09:27:12.979 22705 RALLYDEBUG rally_openstack.cleanup.manager [-] Deleting neutron.network object s_rally_4691d6f7_XmMtKaez (15b5d6ba-525f-4b97-a825-a16d74ac427a)
2019-06-14 09:27:12.981 22705 RALLYDEBUG rally_openstack.cleanup.manager [-] Deleting neutron.network object s_rally_4691d6f7_1yfwzGwS (03ed9cdc-dd53-407f-991b-d5ab8f7f0f88)
2019-06-14 09:27:12.994 22705 RALLYDEBUG rally_openstack.cleanup.manager [-] Deleting neutron.network object s_rally_4691d6f7_GuOmdBU3 (16e1bbc7-5b04-4caa-a161-15a3c5760752)
2019-06-14 09:27:12.994 22705 RALLYDEBUG rally_openstack.cleanup.manager [-] Deleting neutron.network object s_rally_4691d6f7_ufxmmsGz (03b1fd20-7fc1-436e-8e9c-c6da8c4dde92)
2019-06-14 09:27:12.995 22705 RALLYDEBUG rally_openstack.cleanup.manager [-] Deleting neutron.network object s_rally_4691d6f7_vALuSAoL (07a5e774-f536-40f6-a04d-73ba9fdf04b9)
2019-06-14 09:27:13.010 22705 RALLYDEBUG rally_openstack.cleanup.manager [-] Deleting neutron.network object s_rally_4691d6f7_QtTINH4E (0d6d6e9d-dd09-4fed-a57e-f00620d7b0bb)
2019-06-14 09:27:13.019 22705 RALLYDEBUG rally_openstack.cleanup.manager [-] Deleting neutron.network object s_rally_4691d6f7_v58VBI7W (195a10b6-c5ce-4148-a8d2-3005393474c2)
2019-06-14 09:27:13.030 22705 RALLYDEBUG rally_openstack.cleanup.manager [-] Deleting neutron.network object s_rally_4691d6f7_OmEWe3sT (173bc508-faec-4130-b6d6-ee456278b548)
2019-06-14 09:27:13.037 22705 RALLYDEBUG rally_openstack.cleanup.manager [-] Deleting neutron.network object s_rally_4691d6f7_MQO8O65o (19c06bd4-53fb-4dab-8aa4-a14172791cab)
2019-06-14 09:27:13.052 22705 RALLYDEBUG rally_openstack.cleanup.manager [-] Deleting neutron.network object s_rally_4691d6f7_SFvFpxTx (20d0ac65-be75-4505-8a3e-6f00d8bb52d2)
2019-06-14 09:27:13.064 22705 RALLYDEBUG rally_openstack.cleanup.manager [-] Deleting neutron.network object s_rally_4691d6f7_DmtSatQ4 (34bf640f-9dfc-49db-a9ae-5f44312a8ac9)
2019-06-14 09:27:13.069 22705 RALLYDEBUG rally_openstack.cleanup.manager [-] Deleting neutron.network object s_rally_4691d6f7_CEQEypKr (22727c07-1ba6-423e-9b33-aac5597f1f1e)
2019-06-14 09:27:16.089 22705 RALLYDEBUG rally_openstack.cleanup.manager [-] Deleting neutron.network object s_rally_4691d6f7_X4YAl870 (34d54a87-9330-437f-bb88-13a27d98435f)
2019-06-14 09:27:16.278 22705 RALLYDEBUG rally_openstack.cleanup.manager [-] Deleting neutron.network object s_rally_4691d6f7_oxkGctXW (35e386b8-f1fc-42d1-b46c-68fcbb6fe7a0)
2019-06-14 09:27:16.454 22705 RALLYDEBUG rally_openstack.cleanup.manager [-] Deleting neutron.network object s_rally_4691d6f7_M0oDe1zD (37032699-468d-4d87-b22c-febf753f6e0f)
2019-06-14 09:27:16.495 22705 RALLYDEBUG rally_openstack.cleanup.manager [-] Deleting neutron.network object s_rally_4691d6f7_asaxh4Yk (39c7fa6b-e52d-4562-a967-de967761f170)
2019-06-14 09:27:16.595 22705 RALLYDEBUG rally_openstack.cleanup.manager [-] Deleting neutron.network object s_rally_4691d6f7_QcLKx4BU (3aeaa905-37ed-43de-9a84-eb5939ad2a44)
2019-06-14 09:27:16.761 22705 RALLYDEBUG rally_openstack.cleanup.manager [-] Deleting neutron.network object s_rally_4691d6f7_4UGob1AZ (41f6b46b-7733-4c92-ae77-7cb877622353)
2019-06-14 09:27:16.775 22705 RALLYDEBUG rally_openstack.cleanup.manager [-] Deleting neutron.network object s_rally_4691d6f7_cmt1DJE5 (49d06bb5-e108-446c-97c0-390d271fd758)
2019-06-14 09:27:16.797 22705 RALLYDEBUG rally_openstack.cleanup.manager [-] Deleting neutron.network object s_rally_4691d6f7_6wiFQ6BI (4aec14a3-2f33-42a3-b211-3c606c9cb342)
2019-06-14 09:27:16.992 22705 RALLYDEBUG rally_openstack.cleanup.manager [-] Deleting neutron.network object s_rally_4691d6f7_sBdB3uLi (51afa4d6-76ea-4fe6-8890-6481d778084f)
2019-06-14 09:27:17.098 22705 RALLYDEBUG rally_openstack.cleanup.manager [-] Deleting neutron.network object s_rally_4691d6f7_jVn6JkQV (5313ebce-1a6e-4cd5-9640-398a6db8b093)
2019-06-14 09:27:17.832 22705 RALLYDEBUG rally_openstack.cleanup.manager [-] Deleting neutron.network object s_rally_4691d6f7_7ev4slnY (531c6ea6-b0f0-4575-8fd6-19207df68b57)
2019-06-14 09:27:17.844 22705 RALLYDEBUG rally_openstack.cleanup.manager [-] Deleting neutron.network object s_rally_4691d6f7_P3narUqH (545aff68-3a0e-4f22-bf1d-c6aaf2ecd3a2)
2019-06-14 09:27:17.899 22705 RALLYDEBUG rally_openstack.cleanup.manager [-] Deleting neutron.network object s_rally_4691d6f7_TBUFkG6g (56a47412-e1de-40a4-b4d7-2622c4d424e6)
2019-06-14 09:27:18.556 22705 RALLYDEBUG rally_openstack.cleanup.manager [-] Deleting neutron.network object s_rally_4691d6f7_smYCO2t1 (5711eda1-1f43-4fd3-ab17-145d41f95f2c)
2019-06-14 09:27:19.097 22705 RALLYDEBUG rally_openstack.cleanup.manager [-] Deleting neutron.network object s_rally_4691d6f7_ta7LwpR2 (58831331-c669-47cf-9d0d-7a12b5163e6b)
2019-06-14 09:27:19.388 22705 RALLYDEBUG rally_openstack.cleanup.manager [-] Deleting neutron.network object s_rally_4691d6f7_Gw5lS8Xo (5becbe91-adef-4b30-bbe9-612ed776a6f5)
2019-06-14 09:27:19.518 22705 RALLYDEBUG rally_openstack.cleanup.manager [-] Deleting neutron.network object s_rally_4691d6f7_PTfTrR8f (5d60ed73-f33a-43e7-b837-32cd67d28432)
2019-06-14 09:27:19.885 22705 RALLYDEBUG rally_openstack.cleanup.manager [-] Deleting neutron.network object s_rally_4691d6f7_2IPnSbFz (60d054b3-8f65-4413-bb0e-d88e9ec1ac72)
2019-06-14 09:27:19.886 22705 RALLYDEBUG rally_openstack.cleanup.manager [-] Deleting neutron.network object s_rally_4691d6f7_DsWOg4zy (603c5c12-0070-4a15-aea0-26a0c554e699)
2019-06-14 09:27:19.973 22705 RALLYDEBUG rally_openstack.cleanup.manager [-] Deleting neutron.network object s_rally_4691d6f7_JwTgubKh (63418036-dd1b-410b-8638-5db854d44983)
2019-06-14 09:27:20.781 22705 RALLYDEBUG rally_openstack.cleanup.manager [-] Deleting neutron.network object s_rally_4691d6f7_vYc0WIjS (652a037d-60d3-44c6-9f89-0fb589dbba31)
2019-06-14 09:27:20.922 22705 RALLYDEBUG rally_openstack.cleanup.manager [-] Deleting neutron.network object s_rally_4691d6f7_CXgznGmi (6531f29e-485f-40af-9330-c77dc4af6fcc)
2019-06-14 09:27:21.216 22705 RALLYDEBUG rally_openstack.cleanup.manager [-] Deleting neutron.network object s_rally_4691d6f7_KUYfDFqw (697629f3-b627-4ef7-8467-75673ea3d09e)
2019-06-14 09:27:21.257 22705 RALLYDEBUG rally_openstack.cleanup.manager [-] Deleting neutron.network object s_rally_4691d6f7_YEl7OiOL (6991b6bc-2d06-4466-8a11-f007f9117f73)
2019-06-14 09:27:21.399 22705 RALLYDEBUG rally_openstack.cleanup.manager [-] Deleting neutron.network object s_rally_4691d6f7_TmAdl9Xc (6b80ba3a-6572-4426-9c85-e59bd3cb8077)
2019-06-14 09:27:21.445 22705 RALLYDEBUG rally_openstack.cleanup.manager [-] Deleting neutron.network object s_rally_4691d6f7_ACUvhZcz (6bf204bd-0f93-46af-80d1-c37195c498cf)
2019-06-14 09:27:21.623 22705 RALLYDEBUG rally_openstack.cleanup.manager [-] Deleting neutron.network object s_rally_4691d6f7_aVEfvUYN (6cb27f73-cfc4-4714-8b74-2022451f095c)
2019-06-14 09:27:21.648 22705 RALLYDEBUG rally_openstack.cleanup.manager [-] Deleting neutron.network object s_rally_4691d6f7_6L0PjZsX (6dd9c80e-416f-408b-af78-eb7ab47be5b2)
2019-06-14 09:27:21.661 22705 RALLYDEBUG rally_openstack.cleanup.manager [-] Deleting neutron.network object s_rally_4691d6f7_37bFFVnW (6eaf220e-aea3-4177-ba64-11a11fc43d11)
2019-06-14 09:27:21.668 22705 RALLYDEBUG rally_openstack.cleanup.manager [-] Deleting neutron.network object s_rally_4691d6f7_THpsfiha (73096418-1d0a-48b9-b53d-4dc5714db5a6)
2019-06-14 09:27:21.688 22705 RALLYDEBUG rally_openstack.cleanup.manager [-] Deleting neutron.network object s_rally_4691d6f7_28rGMTMJ (76ceb350-8e42-43e9-8862-9d314fe1d376)
2019-06-14 09:27:21.752 22705 RALLYDEBUG rally_openstack.cleanup.manager [-] Deleting neutron.network object s_rally_4691d6f7_svrMHyBX (77b2ec07-43f8-41ee-a816-71bf62605bba)
2019-06-14 09:27:22.140 22705 RALLYDEBUG rally_openstack.cleanup.manager [-] Deleting neutron.network object s_rally_4691d6f7_NRUyKxDP (77d974c8-6028-4a94-8a61-fc154e3c2949)
2019-06-14 09:27:22.272 22705 RALLYDEBUG rally_openstack.cleanup.manager [-] Deleting neutron.network object s_rally_4691d6f7_DQGWR0NT (80ef67c5-7608-4a19-bd93-79f87b177d9b)
2019-06-14 09:27:22.303 22705 RALLYDEBUG rally_openstack.cleanup.manager [-] Deleting neutron.network object s_rally_4691d6f7_sAc8KlAc (8146157b-df75-4de4-8908-13fb550bbe13)
2019-06-14 09:27:22.360 22705 RALLYDEBUG rally_openstack.cleanup.manager [-] Deleting neutron.network object s_rally_4691d6f7_o9Y9T0fC (818e5bfd-03d0-480d-b7d4-bb7cc0ce378e)
2019-06-14 09:27:22.398 22705 RALLYDEBUG rally_openstack.cleanup.manager [-] Deleting neutron.network object s_rally_4691d6f7_pf0nmvq1 (81d9b98b-81af-4b3d-a49a-436773cd863f)
2019-06-14 09:27:22.443 22705 RALLYDEBUG rally_openstack.cleanup.manager [-] Deleting neutron.network object s_rally_4691d6f7_8tJO3unD (89c7f59c-ebc6-4c4f-bb1a-86425cd8406a)
2019-06-14 09:27:23.340 22705 RALLYDEBUG rally_openstack.cleanup.manager [-] Deleting neutron.network object s_rally_4691d6f7_cdFOROMR (8ad12ae1-b790-4fbb-acde-baac337f9bcc)
2019-06-14 09:27:23.642 22705 RALLYDEBUG rally_openstack.cleanup.manager [-] Deleting neutron.network object s_rally_4691d6f7_OxFcdbXR (902115fd-54ff-4761-8772-1c7cecd9bb4c)
2019-06-14 09:27:24.296 22705 RALLYDEBUG rally_openstack.cleanup.manager [-] Deleting neutron.network object s_rally_4691d6f7_R3mvGLVe (945bc14b-5608-48e5-bfbe-cdaf6123c7ae)
2019-06-14 09:27:24.402 22705 RALLYDEBUG rally_openstack.cleanup.manager [-] Deleting neutron.network object s_rally_4691d6f7_dB2HfZUR (988787e4-479d-469f-a5ee-fd1b2a3535da)
2019-06-14 09:27:24.494 22705 RALLYDEBUG rally_openstack.cleanup.manager [-] Deleting neutron.network object s_rally_4691d6f7_ESBZn2RS (99d8ec89-7612-4019-a7b1-3dff6072f05a)
2019-06-14 09:27:24.572 22705 RALLYDEBUG rally_openstack.cleanup.manager [-] Deleting neutron.network object s_rally_4691d6f7_eCDnybip (9a1987c6-4fee-4f79-b1d1-3ab13830f5b9)
2019-06-14 09:27:24.635 22705 RALLYDEBUG rally_openstack.cleanup.manager [-] Deleting neutron.network object s_rally_4691d6f7_Qt76QuN1 (9c162f8b-a1fc-4746-9b5d-9961806b5544)
2019-06-14 09:27:24.752 22705 RALLYDEBUG rally_openstack.cleanup.manager [-] Deleting neutron.network object s_rally_4691d6f7_a2GjpQNb (9f7d1bce-24a5-433b-8aee-325a2f53b431)
2019-06-14 09:27:24.900 22705 RALLYDEBUG rally_openstack.cleanup.manager [-] Deleting neutron.network object s_rally_4691d6f7_jwgncBx2 (a0f741bc-7105-494c-89fe-3b6cf97728a4)
2019-06-14 09:27:25.443 22705 RALLYDEBUG rally_openstack.cleanup.manager [-] Deleting neutron.network object s_rally_4691d6f7_MqO6i62k (a153c1be-26af-41cc-95e7-dfd8125d43cf)
2019-06-14 09:27:25.446 22705 RALLYDEBUG rally_openstack.cleanup.manager [-] Deleting neutron.network object s_rally_4691d6f7_onaalcRo (a2e8be02-a223-4e61-9bf0-32c405b9554b)
2019-06-14 09:27:25.485 22705 RALLYDEBUG rally_openstack.cleanup.manager [-] Deleting neutron.network object s_rally_4691d6f7_pYgTp9Bx (a5832d37-6ffd-4f07-91f2-47c2b6cda842)
2019-06-14 09:27:25.569 22705 RALLYDEBUG rally_openstack.cleanup.manager [-] Deleting neutron.network object s_rally_4691d6f7_K4k1DMhM (aae3bbfb-734d-4da4-8062-dc78bf776c73)
2019-06-14 09:27:25.759 22705 RALLYDEBUG rally_openstack.cleanup.manager [-] Deleting neutron.network object s_rally_4691d6f7_WCvcgdDD (ac4cebaa-5f3e-4690-82da-c686e160e45b)
2019-06-14 09:27:25.970 22705 RALLYDEBUG rally_openstack.cleanup.manager [-] Deleting neutron.network object s_rally_4691d6f7_EzCv6xcB (ad229193-2a3c-4cfc-8e52-5c74effb9694)
2019-06-14 09:27:26.112 22705 RALLYDEBUG rally_openstack.cleanup.manager [-] Deleting neutron.network object s_rally_4691d6f7_kh48gvdo (af467bb2-9972-4b2a-b6d8-432620086f45)
2019-06-14 09:27:26.223 22705 RALLYDEBUG rally_openstack.cleanup.manager [-] Deleting neutron.network object s_rally_4691d6f7_1woe7OQM (b2709711-65ee-47ca-af7e-30fe2f529741)
2019-06-14 09:27:26.647 22705 RALLYDEBUG rally_openstack.cleanup.manager [-] Deleting neutron.network object s_rally_4691d6f7_VlI9g4NZ (bf5ffbd0-2266-4a61-9379-57686eac6a96)
2019-06-14 09:27:26.769 22705 RALLYDEBUG rally_openstack.cleanup.manager [-] Deleting neutron.network object s_rally_4691d6f7_6uqwkXyv (c035e75b-e67a-4a1b-83f0-371b4c6d70a1)
2019-06-14 09:27:26.806 22705 RALLYDEBUG rally_openstack.cleanup.manager [-] Deleting neutron.network object s_rally_4691d6f7_Rab32hsj (c27b9dd2-ab39-4fb6-8e15-185d46bb4c68)
2019-06-14 09:27:26.812 22705 RALLYDEBUG rally_openstack.cleanup.manager [-] Deleting neutron.network object s_rally_4691d6f7_QEEZ7QWC (c6372843-a04f-471f-ba34-d9d286a2f9e4)
2019-06-14 09:27:26.860 22705 RALLYDEBUG rally_openstack.cleanup.manager [-] Deleting neutron.network object s_rally_4691d6f7_bxzsTPht (c6efbf4f-db36-47af-8af5-0f2404af327d)
2019-06-14 09:27:27.606 22705 RALLYDEBUG rally_openstack.cleanup.manager [-] Deleting neutron.network object s_rally_4691d6f7_UjU7cpyi (c92564f7-7a7f-4ae6-b8ec-ec367f2153b2)
2019-06-14 09:27:27.628 22705 RALLYDEBUG rally_openstack.cleanup.manager [-] Deleting neutron.network object s_rally_4691d6f7_4ZvgOojq (cb5559c0-f63d-4ac6-a323-20d5b9807e01)
2019-06-14 09:27:27.853 22705 RALLYDEBUG rally_openstack.cleanup.manager [-] Deleting neutron.network object s_rally_4691d6f7_OevkMcDo (ce16f000-9193-4fa7-be30-63e88e78ab70)
2019-06-14 09:27:27.924 22705 RALLYDEBUG rally_openstack.cleanup.manager [-] Deleting neutron.network object s_rally_4691d6f7_5inYqSYT (d21f7380-9938-4704-9658-2ecd3577c0a7)
2019-06-14 09:27:27.946 22705 RALLYDEBUG rally_openstack.cleanup.manager [-] Deleting neutron.network object s_rally_4691d6f7_opxiCgpd (d689c9f5-1ee9-4af0-ad06-f8d9bad9dc4d)
2019-06-14 09:27:28.127 22705 RALLYDEBUG rally_openstack.cleanup.manager [-] Deleting neutron.network object s_rally_4691d6f7_pEfHHPIN (d826990b-1f5f-40b8-90ca-8861180b1cb0)
2019-06-14 09:27:28.239 22705 RALLYDEBUG rally_openstack.cleanup.manager [-] Deleting neutron.network object s_rally_4691d6f7_fXbypFeM (d9730ecb-965e-4daa-98ae-553a5cbcb3c2)
2019-06-14 09:27:28.459 22705 RALLYDEBUG rally_openstack.cleanup.manager [-] Deleting neutron.network object s_rally_4691d6f7_JZQSJdxm (d978f247-8187-4eb4-97ce-a9fd94cf27d3)
2019-06-14 09:27:28.807 22705 RALLYDEBUG rally_openstack.cleanup.manager [-] Deleting neutron.network object s_rally_4691d6f7_uLob7oQk (e6de57d8-0d10-445a-a838-f4c3b7da429d)
2019-06-14 09:27:28.816 22705 RALLYDEBUG rally_openstack.cleanup.manager [-] Deleting neutron.network object s_rally_4691d6f7_iD8Iwsrq (e800f970-2a46-4313-9caf-1af526a03d5f)
2019-06-14 09:27:29.044 22705 RALLYDEBUG rally_openstack.cleanup.manager [-] Deleting neutron.network object s_rally_4691d6f7_bMZxu3kr (e97636cb-3639-4007-8993-c3909467737a)
2019-06-14 09:27:29.068 22705 RALLYDEBUG rally_openstack.cleanup.manager [-] Deleting neutron.network object s_rally_4691d6f7_YkgqHnjA (e982171b-9f64-4e71-8232-5adfa1c5a2f9)
2019-06-14 09:27:29.437 22705 RALLYDEBUG rally_openstack.cleanup.manager [-] Deleting neutron.network object s_rally_4691d6f7_uLISGbTu (eda1c413-3e9a-4d97-a0ee-9201a3c658c3)
2019-06-14 09:27:30.494 22705 RALLYDEBUG rally_openstack.cleanup.manager [-] Deleting neutron.network object s_rally_4691d6f7_ElLHMzxn (f25b8cee-361d-4b19-880c-5ce9a3a1c030)
2019-06-14 09:27:30.519 22705 RALLYDEBUG rally_openstack.cleanup.manager [-] Deleting neutron.network object s_rally_4691d6f7_ClAZoIMW (f28890b2-8a3d-423f-8e24-e8163aa45689)
2019-06-14 09:27:30.520 22705 RALLYDEBUG rally_openstack.cleanup.manager [-] Deleting neutron.network object s_rally_4691d6f7_vyUYUihH (f425f474-1112-41c7-a018-51962790489b)
