2019-06-14 07:58:40.932 1842 DEBUG novaclient.v2.client [-] REQ: curl -g -i -X GET http://172.30.9.44:8774/v2.1/servers/detail -H "Accept: application/json" -H "User-Agent: python-novaclient" -H "X-Auth-Token: {SHA1}6c1ba52e6ca4baac5a462f25e8864fe8b5894727" _http_log_request /usr/lib/python2.7/site-packages/keystoneauth1/session.py:448
2019-06-14 07:58:41.264 1842 DEBUG novaclient.v2.client [-] RESP: [200] Content-Length: 15 Content-Type: application/json Date: Fri, 14 Jun 2019 07:58:40 GMT OpenStack-API-Version: compute 2.1 Server: Apache Vary: OpenStack-API-Version,X-OpenStack-Nova-API-Version X-OpenStack-Nova-API-Version: 2.1 x-compute-request-id: req-3cb5293e-2ba2-459c-93f5-56f59c3a8445 x-openstack-request-id: req-3cb5293e-2ba2-459c-93f5-56f59c3a8445 _http_log_response /usr/lib/python2.7/site-packages/keystoneauth1/session.py:479
2019-06-14 07:58:41.265 1842 DEBUG novaclient.v2.client [-] RESP BODY: {"servers": []} _http_log_response /usr/lib/python2.7/site-packages/keystoneauth1/session.py:511
2019-06-14 07:58:41.265 1842 DEBUG novaclient.v2.client [-] GET call to compute for http://172.30.9.44:8774/v2.1/servers/detail used request id req-3cb5293e-2ba2-459c-93f5-56f59c3a8445 request /usr/lib/python2.7/site-packages/keystoneauth1/session.py:844
2019-06-14 07:58:41.684 1842 DEBUG novaclient.v2.client [-] REQ: curl -g -i -X GET http://172.30.9.44:8774/v2.1/servers/detail -H "Accept: application/json" -H "User-Agent: python-novaclient" -H "X-Auth-Token: {SHA1}80830063940b34d78cad5bbe037747946627f333" _http_log_request /usr/lib/python2.7/site-packages/keystoneauth1/session.py:448
2019-06-14 07:58:42.021 1842 DEBUG novaclient.v2.client [-] RESP: [200] Content-Length: 15 Content-Type: application/json Date: Fri, 14 Jun 2019 07:58:41 GMT OpenStack-API-Version: compute 2.1 Server: Apache Vary: OpenStack-API-Version,X-OpenStack-Nova-API-Version X-OpenStack-Nova-API-Version: 2.1 x-compute-request-id: req-7b3b64c7-f08b-4552-9ca4-7c5ce1e5c6f4 x-openstack-request-id: req-7b3b64c7-f08b-4552-9ca4-7c5ce1e5c6f4 _http_log_response /usr/lib/python2.7/site-packages/keystoneauth1/session.py:479
2019-06-14 07:58:42.022 1842 DEBUG novaclient.v2.client [-] RESP BODY: {"servers": []} _http_log_response /usr/lib/python2.7/site-packages/keystoneauth1/session.py:511
2019-06-14 07:58:42.022 1842 DEBUG novaclient.v2.client [-] GET call to compute for http://172.30.9.44:8774/v2.1/servers/detail used request id req-7b3b64c7-f08b-4552-9ca4-7c5ce1e5c6f4 request /usr/lib/python2.7/site-packages/keystoneauth1/session.py:844
2019-06-14 07:58:42.030 1842 RALLYDEBUG rally_openstack.cleanup.manager [-] Cleaning up nova server_groups objects
2019-06-14 07:58:42.454 1842 DEBUG novaclient.v2.client [-] REQ: curl -g -i -X GET http://172.30.9.44:8774/v2.1/os-server-groups -H "Accept: application/json" -H "User-Agent: python-novaclient" -H "X-Auth-Token: {SHA1}a72fd673f721d5ecdd25705a6f8bd21d246335cc" _http_log_request /usr/lib/python2.7/site-packages/keystoneauth1/session.py:448
2019-06-14 07:58:42.715 1842 DEBUG novaclient.v2.client [-] RESP: [200] Content-Length: 21 Content-Type: application/json Date: Fri, 14 Jun 2019 07:58:42 GMT OpenStack-API-Version: compute 2.1 Server: Apache Vary: OpenStack-API-Version,X-OpenStack-Nova-API-Version X-OpenStack-Nova-API-Version: 2.1 x-compute-request-id: req-47321713-f0e5-4c13-ab53-c91f30e7c920 x-openstack-request-id: req-47321713-f0e5-4c13-ab53-c91f30e7c920 _http_log_response /usr/lib/python2.7/site-packages/keystoneauth1/session.py:479
2019-06-14 07:58:42.716 1842 DEBUG novaclient.v2.client [-] RESP BODY: {"server_groups": []} _http_log_response /usr/lib/python2.7/site-packages/keystoneauth1/session.py:511
2019-06-14 07:58:42.716 1842 DEBUG novaclient.v2.client [-] GET call to compute for http://172.30.9.44:8774/v2.1/os-server-groups used request id req-47321713-f0e5-4c13-ab53-c91f30e7c920 request /usr/lib/python2.7/site-packages/keystoneauth1/session.py:844
2019-06-14 07:58:43.131 1842 DEBUG novaclient.v2.client [-] REQ: curl -g -i -X GET http://172.30.9.44:8774/v2.1/os-server-groups -H "Accept: application/json" -H "User-Agent: python-novaclient" -H "X-Auth-Token: {SHA1}f61cb9e6de9c7fa393feee8f41ed3d3dc7ae8e37" _http_log_request /usr/lib/python2.7/site-packages/keystoneauth1/session.py:448
2019-06-14 07:58:43.393 1842 DEBUG novaclient.v2.client [-] RESP: [200] Content-Length: 21 Content-Type: application/json Date: Fri, 14 Jun 2019 07:58:43 GMT OpenStack-API-Version: compute 2.1 Server: Apache Vary: OpenStack-API-Version,X-OpenStack-Nova-API-Version X-OpenStack-Nova-API-Version: 2.1 x-compute-request-id: req-b1164cab-dfef-4a05-8e03-a8bf41c00054 x-openstack-request-id: req-b1164cab-dfef-4a05-8e03-a8bf41c00054 _http_log_response /usr/lib/python2.7/site-packages/keystoneauth1/session.py:479
2019-06-14 07:58:43.393 1842 DEBUG novaclient.v2.client [-] RESP BODY: {"server_groups": []} _http_log_response /usr/lib/python2.7/site-packages/keystoneauth1/session.py:511
2019-06-14 07:58:43.394 1842 DEBUG novaclient.v2.client [-] GET call to compute for http://172.30.9.44:8774/v2.1/os-server-groups used request id req-b1164cab-dfef-4a05-8e03-a8bf41c00054 request /usr/lib/python2.7/site-packages/keystoneauth1/session.py:844
2019-06-14 07:58:43.930 1842 DEBUG novaclient.v2.client [-] REQ: curl -g -i -X GET http://172.30.9.44:8774/v2.1/os-server-groups -H "Accept: application/json" -H "User-Agent: python-novaclient" -H "X-Auth-Token: {SHA1}cd14db55adb3a955dfb7fdb2011637885684203c" _http_log_request /usr/lib/python2.7/site-packages/keystoneauth1/session.py:448
2019-06-14 07:58:44.246 1842 DEBUG novaclient.v2.client [-] RESP: [200] Content-Length: 21 Content-Type: application/json Date: Fri, 14 Jun 2019 07:58:43 GMT OpenStack-API-Version: compute 2.1 Server: Apache Vary: OpenStack-API-Version,X-OpenStack-Nova-API-Version X-OpenStack-Nova-API-Version: 2.1 x-compute-request-id: req-1b569544-33ec-4df5-83a4-d20603b1c177 x-openstack-request-id: req-1b569544-33ec-4df5-83a4-d20603b1c177 _http_log_response /usr/lib/python2.7/site-packages/keystoneauth1/session.py:479
2019-06-14 07:58:44.246 1842 DEBUG novaclient.v2.client [-] RESP BODY: {"server_groups": []} _http_log_response /usr/lib/python2.7/site-packages/keystoneauth1/session.py:511
2019-06-14 07:58:44.247 1842 DEBUG novaclient.v2.client [-] GET call to compute for http://172.30.9.44:8774/v2.1/os-server-groups used request id req-1b569544-33ec-4df5-83a4-d20603b1c177 request /usr/lib/python2.7/site-packages/keystoneauth1/session.py:844
2019-06-14 07:58:44.254 1842 RALLYDEBUG rally_openstack.cleanup.manager [-] Cleaning up nova keypairs objects
2019-06-14 07:58:44.665 1842 DEBUG novaclient.v2.client [-] REQ: curl -g -i -X GET http://172.30.9.44:8774/v2.1/os-keypairs -H "Accept: application/json" -H "User-Agent: python-novaclient" -H "X-Auth-Token: {SHA1}c8c4c557161f1ff3bd424b35aac9ef066bef5659" _http_log_request /usr/lib/python2.7/site-packages/keystoneauth1/session.py:448
2019-06-14 07:58:44.935 1842 DEBUG novaclient.v2.client [-] RESP: [200] Content-Length: 16 Content-Type: application/json Date: Fri, 14 Jun 2019 07:58:44 GMT OpenStack-API-Version: compute 2.1 Server: Apache Vary: OpenStack-API-Version,X-OpenStack-Nova-API-Version X-OpenStack-Nova-API-Version: 2.1 x-compute-request-id: req-9b0845cb-f01a-422a-afac-23b24386e390 x-openstack-request-id: req-9b0845cb-f01a-422a-afac-23b24386e390 _http_log_response /usr/lib/python2.7/site-packages/keystoneauth1/session.py:479
2019-06-14 07:58:44.936 1842 DEBUG novaclient.v2.client [-] RESP BODY: {"keypairs": []} _http_log_response /usr/lib/python2.7/site-packages/keystoneauth1/session.py:511
2019-06-14 07:58:44.936 1842 DEBUG novaclient.v2.client [-] GET call to compute for http://172.30.9.44:8774/v2.1/os-keypairs used request id req-9b0845cb-f01a-422a-afac-23b24386e390 request /usr/lib/python2.7/site-packages/keystoneauth1/session.py:844
2019-06-14 07:58:45.354 1842 DEBUG novaclient.v2.client [-] REQ: curl -g -i -X GET http://172.30.9.44:8774/v2.1/os-keypairs -H "Accept: application/json" -H "User-Agent: python-novaclient" -H "X-Auth-Token: {SHA1}ac47c69bf95c195eadb3911d1a0c50f424f08866" _http_log_request /usr/lib/python2.7/site-packages/keystoneauth1/session.py:448
2019-06-14 07:58:45.554 1842 DEBUG novaclient.v2.client [-] RESP: [200] Content-Length: 16 Content-Type: application/json Date: Fri, 14 Jun 2019 07:58:45 GMT OpenStack-API-Version: compute 2.1 Server: Apache Vary: OpenStack-API-Version,X-OpenStack-Nova-API-Version X-OpenStack-Nova-API-Version: 2.1 x-compute-request-id: req-73b386b9-a2e0-4dd2-881f-b51b08a15751 x-openstack-request-id: req-73b386b9-a2e0-4dd2-881f-b51b08a15751 _http_log_response /usr/lib/python2.7/site-packages/keystoneauth1/session.py:479
2019-06-14 07:58:45.555 1842 DEBUG novaclient.v2.client [-] RESP BODY: {"keypairs": []} _http_log_response /usr/lib/python2.7/site-packages/keystoneauth1/session.py:511
2019-06-14 07:58:45.555 1842 DEBUG novaclient.v2.client [-] GET call to compute for http://172.30.9.44:8774/v2.1/os-keypairs used request id req-73b386b9-a2e0-4dd2-881f-b51b08a15751 request /usr/lib/python2.7/site-packages/keystoneauth1/session.py:844
2019-06-14 07:58:45.966 1842 DEBUG novaclient.v2.client [-] REQ: curl -g -i -X GET http://172.30.9.44:8774/v2.1/os-keypairs -H "Accept: application/json" -H "User-Agent: python-novaclient" -H "X-Auth-Token: {SHA1}8e9947e050bcccca816b5d55365236055d3df032" _http_log_request /usr/lib/python2.7/site-packages/keystoneauth1/session.py:448
2019-06-14 07:58:46.246 1842 DEBUG novaclient.v2.client [-] RESP: [200] Content-Length: 16 Content-Type: application/json Date: Fri, 14 Jun 2019 07:58:45 GMT OpenStack-API-Version: compute 2.1 Server: Apache Vary: OpenStack-API-Version,X-OpenStack-Nova-API-Version X-OpenStack-Nova-API-Version: 2.1 x-compute-request-id: req-28404a4b-f341-414a-9acc-47eaf445c4dc x-openstack-request-id: req-28404a4b-f341-414a-9acc-47eaf445c4dc _http_log_response /usr/lib/python2.7/site-packages/keystoneauth1/session.py:479
2019-06-14 07:58:46.247 1842 DEBUG novaclient.v2.client [-] RESP BODY: {"keypairs": []} _http_log_response /usr/lib/python2.7/site-packages/keystoneauth1/session.py:511
2019-06-14 07:58:46.247 1842 DEBUG novaclient.v2.client [-] GET call to compute for http://172.30.9.44:8774/v2.1/os-keypairs used request id req-28404a4b-f341-414a-9acc-47eaf445c4dc request /usr/lib/python2.7/site-packages/keystoneauth1/session.py:844
2019-06-14 07:58:46.662 1842 DEBUG novaclient.v2.client [-] REQ: curl -g -i -X GET http://172.30.9.44:8774/v2.1/os-keypairs -H "Accept: application/json" -H "User-Agent: python-novaclient" -H "X-Auth-Token: {SHA1}eef61671ae2a923ca399f3db8ae47d4a4cdf5542" _http_log_request /usr/lib/python2.7/site-packages/keystoneauth1/session.py:448
2019-06-14 07:58:46.960 1842 DEBUG novaclient.v2.client [-] RESP: [200] Content-Length: 16 Content-Type: application/json Date: Fri, 14 Jun 2019 07:58:46 GMT OpenStack-API-Version: compute 2.1 Server: Apache Vary: OpenStack-API-Version,X-OpenStack-Nova-API-Version X-OpenStack-Nova-API-Version: 2.1 x-compute-request-id: req-9068663b-eba6-458b-a978-59f989346bc8 x-openstack-request-id: req-9068663b-eba6-458b-a978-59f989346bc8 _http_log_response /usr/lib/python2.7/site-packages/keystoneauth1/session.py:479
2019-06-14 07:58:46.961 1842 DEBUG novaclient.v2.client [-] RESP BODY: {"keypairs": []} _http_log_response /usr/lib/python2.7/site-packages/keystoneauth1/session.py:511
2019-06-14 07:58:46.961 1842 DEBUG novaclient.v2.client [-] GET call to compute for http://172.30.9.44:8774/v2.1/os-keypairs used request id req-9068663b-eba6-458b-a978-59f989346bc8 request /usr/lib/python2.7/site-packages/keystoneauth1/session.py:844
2019-06-14 07:58:47.380 1842 DEBUG novaclient.v2.client [-] REQ: curl -g -i -X GET http://172.30.9.44:8774/v2.1/os-keypairs -H "Accept: application/json" -H "User-Agent: python-novaclient" -H "X-Auth-Token: {SHA1}07c6343909b6e2a3ce89b002bc5f361d979b318b" _http_log_request /usr/lib/python2.7/site-packages/keystoneauth1/session.py:448
2019-06-14 07:58:47.579 1842 DEBUG novaclient.v2.client [-] RESP: [200] Content-Length: 16 Content-Type: application/json Date: Fri, 14 Jun 2019 07:58:47 GMT OpenStack-API-Version: compute 2.1 Server: Apache Vary: OpenStack-API-Version,X-OpenStack-Nova-API-Version X-OpenStack-Nova-API-Version: 2.1 x-compute-request-id: req-7a9125c9-b972-4512-a65c-44637f90b0b7 x-openstack-request-id: req-7a9125c9-b972-4512-a65c-44637f90b0b7 _http_log_response /usr/lib/python2.7/site-packages/keystoneauth1/session.py:479
2019-06-14 07:58:47.580 1842 DEBUG novaclient.v2.client [-] RESP BODY: {"keypairs": []} _http_log_response /usr/lib/python2.7/site-packages/keystoneauth1/session.py:511
2019-06-14 07:58:47.580 1842 DEBUG novaclient.v2.client [-] GET call to compute for http://172.30.9.44:8774/v2.1/os-keypairs used request id req-7a9125c9-b972-4512-a65c-44637f90b0b7 request /usr/lib/python2.7/site-packages/keystoneauth1/session.py:844
2019-06-14 07:58:48.005 1842 DEBUG novaclient.v2.client [-] REQ: curl -g -i -X GET http://172.30.9.44:8774/v2.1/os-keypairs -H "Accept: application/json" -H "User-Agent: python-novaclient" -H "X-Auth-Token: {SHA1}00ca6c763a607745cb59041f4c00975cee2199b6" _http_log_request /usr/lib/python2.7/site-packages/keystoneauth1/session.py:448
2019-06-14 07:58:48.201 1842 DEBUG novaclient.v2.client [-] RESP: [200] Content-Length: 16 Content-Type: application/json Date: Fri, 14 Jun 2019 07:58:47 GMT OpenStack-API-Version: compute 2.1 Server: Apache Vary: OpenStack-API-Version,X-OpenStack-Nova-API-Version X-OpenStack-Nova-API-Version: 2.1 x-compute-request-id: req-16d06119-3f11-4635-85f6-d6dc16b36000 x-openstack-request-id: req-16d06119-3f11-4635-85f6-d6dc16b36000 _http_log_response /usr/lib/python2.7/site-packages/keystoneauth1/session.py:479
2019-06-14 07:58:48.202 1842 DEBUG novaclient.v2.client [-] RESP BODY: {"keypairs": []} _http_log_response /usr/lib/python2.7/site-packages/keystoneauth1/session.py:511
2019-06-14 07:58:48.202 1842 DEBUG novaclient.v2.client [-] GET call to compute for http://172.30.9.44:8774/v2.1/os-keypairs used request id req-16d06119-3f11-4635-85f6-d6dc16b36000 request /usr/lib/python2.7/site-packages/keystoneauth1/session.py:844
2019-06-14 07:58:48.209 1842 RALLYDEBUG rally_openstack.cleanup.manager [-] Cleaning up cinder backups objects
2019-06-14 07:58:50.368 1842 RALLYDEBUG rally_openstack.cleanup.manager [-] Cleaning up cinder volume_snapshots objects
2019-06-14 07:58:52.492 1842 RALLYDEBUG rally_openstack.cleanup.manager [-] Cleaning up cinder transfers objects
2019-06-14 07:58:54.539 1842 RALLYDEBUG rally_openstack.cleanup.manager [-] Cleaning up cinder volumes objects
2019-06-14 07:58:56.618 1842 INFO rally.task.context [-] Task c618174b-b155-454d-980e-52aa8fc56f12 | Context cleanup@openstack cleanup() finished in 16.86 sec
2019-06-14 07:58:56.619 1842 INFO rally.task.context [-] Task c618174b-b155-454d-980e-52aa8fc56f12 | Context quotas@openstack cleanup() started
2019-06-14 07:58:56.879 1842 INFO rally.task.context [-] Task c618174b-b155-454d-980e-52aa8fc56f12 | Context quotas@openstack cleanup() finished in 0.26 sec
2019-06-14 07:58:56.879 1842 INFO rally.task.context [-] Task c618174b-b155-454d-980e-52aa8fc56f12 | Context api_versions@openstack cleanup() started
2019-06-14 07:58:56.880 1842 INFO rally.task.context [-] Task c618174b-b155-454d-980e-52aa8fc56f12 | Context api_versions@openstack cleanup() finished in 0.32 msec
2019-06-14 07:58:56.880 1842 INFO rally.task.context [-] Task c618174b-b155-454d-980e-52aa8fc56f12 | Context users@openstack cleanup() started
2019-06-14 07:59:03.454 1842 INFO rally.task.context [-] Task c618174b-b155-454d-980e-52aa8fc56f12 | Context users@openstack cleanup() finished in 6.57 sec
2019-06-14 07:59:04.403 1842 INFO rally.task.engine [-] Load duration is: 96.851189
2019-06-14 07:59:04.403 1842 INFO rally.task.engine [-] Full runner duration is: 97.900664
2019-06-14 07:59:04.404 1842 INFO rally.task.engine [-] Full duration is: 129.503562
2019-06-14 07:59:04.637 1842 INFO rally.task.engine [-] Running workload: position = 0 config = { "version": 2, "title": "A cropped version of a bigger task.", "description": "Auto-generated task from a single workload (uuid=87214775-b30f-4c9b-9bf7-381f00dea944)", "subtasks": [ { "title": "CinderVolumes.create_volume", "description": "Create a volume.", "scenario": { "CinderVolumes.create_volume": { "size": 1 } }, "contexts": { "users": { "tenants": 3, "users_per_tenant": 2 }, "api_versions": { "cinder": { "version": 3, "service_type": "volumev3" } } }, "runner": { "constant": { "concurrency": 4, "times": 10 } }, "hooks": [], "sla": { "failure_rate": { "max": 0 } } } ] }
2019-06-14 07:59:04.661 1842 RALLYDEBUG rally_openstack.contexts.keystone.users [-] Creating 3 tenants using 20 threads
2019-06-14 07:59:06.558 1842 RALLYDEBUG rally_openstack.contexts.keystone.users [-] Creating 6 users using 20 threads
2019-06-14 07:59:09.289 1842 INFO rally.task.context [-] Task c618174b-b155-454d-980e-52aa8fc56f12 | Context users@openstack setup() finished in 4.63 sec
2019-06-14 07:59:09.704 1842 INFO rally.task.context [-] Task c618174b-b155-454d-980e-52aa8fc56f12 | Context api_versions@openstack setup() finished in 0.41 sec
2019-06-14 07:59:09.705 1842 INFO rally.task.context [-] Task c618174b-b155-454d-980e-52aa8fc56f12 | Context cleanup@openstack setup() finished in 0.01 msec
2019-06-14 07:59:09.711 1842 RALLYDEBUG rally.task.runner [-] Starting the constant runner (task UUID: c618174b-b155-454d-980e-52aa8fc56f12). timeout: 0 concurrency: 4 concurrency_per_worker: 1 times: 10 concurrency_overhead: 0 processes_to_start: 4 max_cpu_used: 16
2019-06-14 07:59:09.724 3474 RALLYDEBUG rally.task.runner [-] Starting a worker. concurrency: 1 args: {"size": 1} times: 10 method_name: run timeout: 0 duration: None cls:
2019-06-14 07:59:09.726 3475 RALLYDEBUG rally.task.runner [-] Starting a worker. concurrency: 1 args: {"size": 1} times: 10 method_name: run timeout: 0 duration: None cls:
2019-06-14 07:59:09.731 3476 RALLYDEBUG rally.task.runner [-] Starting a worker. concurrency: 1 args: {"size": 1} times: 10 method_name: run timeout: 0 duration: None cls:
2019-06-14 07:59:09.731 3474 INFO rally.task.runner [-] Task c618174b-b155-454d-980e-52aa8fc56f12 | ITER: 1 START
2019-06-14 07:59:09.733 3475 INFO rally.task.runner [-] Task c618174b-b155-454d-980e-52aa8fc56f12 | ITER: 2 START
2019-06-14 07:59:09.733 3477 RALLYDEBUG rally.task.runner [-] Starting a worker. concurrency: 1 args: {"size": 1} times: 10 method_name: run timeout: 0 duration: None cls:
2019-06-14 07:59:09.738 3476 INFO rally.task.runner [-] Task c618174b-b155-454d-980e-52aa8fc56f12 | ITER: 3 START
2019-06-14 07:59:09.739 3477 INFO rally.task.runner [-] Task c618174b-b155-454d-980e-52aa8fc56f12 | ITER: 4 START
2019-06-14 07:59:13.178 3475 INFO rally.task.runner [-] Task c618174b-b155-454d-980e-52aa8fc56f12 | ITER: 2 END: OK
2019-06-14 07:59:13.184 3475 INFO rally.task.runner [-] Task c618174b-b155-454d-980e-52aa8fc56f12 | ITER: 5 START
2019-06-14 07:59:13.332 3476 INFO rally.task.runner [-] Task c618174b-b155-454d-980e-52aa8fc56f12 | ITER: 3 END: OK
2019-06-14 07:59:13.337 3476 INFO rally.task.runner [-] Task c618174b-b155-454d-980e-52aa8fc56f12 | ITER: 6 START
2019-06-14 07:59:13.392 3477 INFO rally.task.runner [-] Task c618174b-b155-454d-980e-52aa8fc56f12 | ITER: 4 END: OK
2019-06-14 07:59:13.395 3474 INFO rally.task.runner [-] Task c618174b-b155-454d-980e-52aa8fc56f12 | ITER: 1 END: OK
2019-06-14 07:59:13.397 3477 INFO rally.task.runner [-] Task c618174b-b155-454d-980e-52aa8fc56f12 | ITER: 7 START
2019-06-14 07:59:13.400 3474 INFO rally.task.runner [-] Task c618174b-b155-454d-980e-52aa8fc56f12 | ITER: 8 START
2019-06-14 07:59:16.594 3476 INFO rally.task.runner [-] Task c618174b-b155-454d-980e-52aa8fc56f12 | ITER: 6 END: OK
2019-06-14 07:59:16.599 3476 INFO rally.task.runner [-] Task c618174b-b155-454d-980e-52aa8fc56f12 | ITER: 9 START
2019-06-14 07:59:16.697 3475 INFO rally.task.runner [-] Task c618174b-b155-454d-980e-52aa8fc56f12 | ITER: 5 END: OK
2019-06-14 07:59:16.697 3477 INFO rally.task.runner [-] Task c618174b-b155-454d-980e-52aa8fc56f12 | ITER: 7 END: OK
2019-06-14 07:59:16.702 3475 INFO rally.task.runner [-] Task c618174b-b155-454d-980e-52aa8fc56f12 | ITER: 10 START
2019-06-14 07:59:16.916 3474 INFO rally.task.runner [-] Task c618174b-b155-454d-980e-52aa8fc56f12 | ITER: 8 END: OK
2019-06-14 07:59:20.009 3476 INFO rally.task.runner [-] Task c618174b-b155-454d-980e-52aa8fc56f12 | ITER: 9 END: OK
2019-06-14 07:59:20.140 3475 INFO rally.task.runner [-] Task c618174b-b155-454d-980e-52aa8fc56f12 | ITER: 10 END: OK
2019-06-14 07:59:20.164 1842 INFO rally.task.context [-] Task c618174b-b155-454d-980e-52aa8fc56f12 | Context cleanup@openstack cleanup() started
2019-06-14 07:59:20.167 1842 RALLYDEBUG rally_openstack.cleanup.manager [-] Cleaning up cinder backups objects
2019-06-14 07:59:22.222 1842 RALLYDEBUG rally_openstack.cleanup.manager [-] Cleaning up cinder volume_snapshots objects
2019-06-14 07:59:24.177 1842 RALLYDEBUG rally_openstack.cleanup.manager [-] Cleaning up cinder transfers objects
2019-06-14 07:59:26.030 1842 RALLYDEBUG rally_openstack.cleanup.manager [-] Cleaning up cinder volumes objects
2019-06-14 07:59:28.133 1842 RALLYDEBUG rally_openstack.cleanup.manager [-] Deleting cinder.volumes object s_rally_87214775_DR2K9hHr (6cb698e3-67c9-4bdb-8136-ed6d285741c9)
2019-06-14 07:59:28.137 1842 RALLYDEBUG rally_openstack.cleanup.manager [-] Deleting cinder.volumes object s_rally_87214775_yNGE87fK (da216a32-ede7-4833-95ed-86daff48b4f5)
2019-06-14 07:59:28.142 1842 RALLYDEBUG rally_openstack.cleanup.manager [-] Deleting cinder.volumes object s_rally_87214775_NbfL3GR4 (f3bfb49c-9664-4def-a047-6e47708979bd)
2019-06-14 07:59:28.143 1842 RALLYDEBUG rally_openstack.cleanup.manager [-] Deleting cinder.volumes object s_rally_87214775_D23YkC9g (5f654674-6a5e-4953-9ccb-0a2eeb18a863)
2019-06-14 07:59:28.155 1842 RALLYDEBUG rally_openstack.cleanup.manager [-] Deleting cinder.volumes object s_rally_87214775_5kqKOGW7 (b199899e-9fef-4bc4-83d1-722167975bff)
2019-06-14 07:59:28.155 1842 RALLYDEBUG rally_openstack.cleanup.manager [-] Deleting cinder.volumes object s_rally_87214775_4NfIgRkQ (139f289c-fe96-4f92-8cc5-455722a57361)
2019-06-14 07:59:28.156 1842 RALLYDEBUG rally_openstack.cleanup.manager [-] Deleting cinder.volumes object s_rally_87214775_rFXID82W (6905623f-23b7-4134-97a0-9fd96b386d92)
2019-06-14 07:59:28.157 1842 RALLYDEBUG rally_openstack.cleanup.manager [-] Deleting cinder.volumes object s_rally_87214775_kFZYxka0 (35e9f21f-9af0-44d2-b2f5-949f4e67d24e)
2019-06-14 07:59:28.158 1842 RALLYDEBUG rally_openstack.cleanup.manager [-] Deleting cinder.volumes object s_rally_87214775_EBEgI2Dc (20d93d00-56b1-4806-88b7-397cf4ceae4b)
2019-06-14 07:59:28.160 1842 RALLYDEBUG rally_openstack.cleanup.manager [-] Deleting cinder.volumes object s_rally_87214775_ceAXQCtX (81cb3824-e11d-4a0a-9328-411edefce6d1)
2019-06-14 07:59:32.027 1842 INFO rally.task.context [-] Task c618174b-b155-454d-980e-52aa8fc56f12 | Context cleanup@openstack cleanup() finished in 11.86 sec
2019-06-14 07:59:32.028 1842 INFO rally.task.context [-] Task c618174b-b155-454d-980e-52aa8fc56f12 | Context api_versions@openstack cleanup() started
2019-06-14 07:59:32.028 1842 INFO rally.task.context [-] Task c618174b-b155-454d-980e-52aa8fc56f12 | Context api_versions@openstack cleanup() finished in 0.35 msec
2019-06-14 07:59:32.028 1842 INFO rally.task.context [-] Task c618174b-b155-454d-980e-52aa8fc56f12 | Context users@openstack cleanup() started
2019-06-14 07:59:38.620 1842 INFO rally.task.context [-] Task c618174b-b155-454d-980e-52aa8fc56f12 | Context users@openstack cleanup() finished in 6.59 sec
2019-06-14 07:59:38.826 1842 INFO rally.task.engine [-] Load duration is: 10.404583
2019-06-14 07:59:38.826 1842 INFO rally.task.engine [-] Full runner duration is: 10.453029
2019-06-14 07:59:38.826 1842 INFO rally.task.engine [-] Full duration is: 33.962095
2019-06-14 07:59:38.997 1842 INFO rally.task.engine [-] Running workload: position = 1 config = { "version": 2, "title": "A cropped version of a bigger task.", "description": "Auto-generated task from a single workload (uuid=2916ce76-387f-4bd2-bf11-d922c59084d7)", "subtasks": [ { "title": "CinderVolumes.create_volume", "description": "Create a volume.", "scenario": { "CinderVolumes.create_volume": { "size": { "min": 1, "max": 1 } } }, "contexts": { "users": { "tenants": 3, "users_per_tenant": 2 }, "quotas": { "cinder": { "gigabytes": -1, "snapshots": -1, "volumes": -1 } }, "api_versions": { "cinder": { "version": 3, "service_type": "volumev3" } } }, "runner": { "constant": { "concurrency": 4, "times": 10 } }, "hooks": [], "sla": { "failure_rate": { "max": 0 } } } ] }
2019-06-14 07:59:39.021 1842 RALLYDEBUG rally_openstack.contexts.keystone.users [-] Creating 3 tenants using 20 threads
2019-06-14 07:59:40.881 1842 RALLYDEBUG rally_openstack.contexts.keystone.users [-] Creating 6 users using 20 threads
2019-06-14 07:59:43.568 1842 INFO rally.task.context [-] Task c618174b-b155-454d-980e-52aa8fc56f12 | Context users@openstack setup() finished in 4.55 sec
2019-06-14 07:59:43.980 1842 INFO rally.task.context [-] Task c618174b-b155-454d-980e-52aa8fc56f12 | Context api_versions@openstack setup() finished in 0.41 sec
2019-06-14 07:59:45.501 1842 INFO rally.task.context [-] Task c618174b-b155-454d-980e-52aa8fc56f12 | Context quotas@openstack setup() finished in 1.52 sec
2019-06-14 07:59:45.501 1842 INFO rally.task.context [-] Task c618174b-b155-454d-980e-52aa8fc56f12 | Context cleanup@openstack setup() finished in 0.00 msec
2019-06-14 07:59:45.510 1842 RALLYDEBUG rally.task.runner [-] Starting the constant runner (task UUID: c618174b-b155-454d-980e-52aa8fc56f12). timeout: 0 concurrency: 4 concurrency_per_worker: 1 times: 10 concurrency_overhead: 0 processes_to_start: 4 max_cpu_used: 16
2019-06-14 07:59:45.523 3658 RALLYDEBUG rally.task.runner [-] Starting a worker. concurrency: 1 args: {"size": {"min": 1, "max": 1}} times: 10 method_name: run timeout: 0 duration: None cls:
2019-06-14 07:59:45.526 3659 RALLYDEBUG rally.task.runner [-] Starting a worker. concurrency: 1 args: {"size": {"min": 1, "max": 1}} times: 10 method_name: run timeout: 0 duration: None cls:
2019-06-14 07:59:45.529 3660 RALLYDEBUG rally.task.runner [-] Starting a worker. concurrency: 1 args: {"size": {"min": 1, "max": 1}} times: 10 method_name: run timeout: 0 duration: None cls:
2019-06-14 07:59:45.531 3658 INFO rally.task.runner [-] Task c618174b-b155-454d-980e-52aa8fc56f12 | ITER: 1 START
2019-06-14 07:59:45.532 3661 RALLYDEBUG rally.task.runner [-] Starting a worker. concurrency: 1 args: {"size": {"min": 1, "max": 1}} times: 10 method_name: run timeout: 0 duration: None cls:
2019-06-14 07:59:45.534 3659 INFO rally.task.runner [-] Task c618174b-b155-454d-980e-52aa8fc56f12 | ITER: 2 START
2019-06-14 07:59:45.537 3660 INFO rally.task.runner [-] Task c618174b-b155-454d-980e-52aa8fc56f12 | ITER: 3 START
2019-06-14 07:59:45.539 3661 INFO rally.task.runner [-] Task c618174b-b155-454d-980e-52aa8fc56f12 | ITER: 4 START
2019-06-14 07:59:49.070 3660 INFO rally.task.runner [-] Task c618174b-b155-454d-980e-52aa8fc56f12 | ITER: 3 END: OK
2019-06-14 07:59:49.076 3660 INFO rally.task.runner [-] Task c618174b-b155-454d-980e-52aa8fc56f12 | ITER: 5 START
2019-06-14 07:59:49.164 3659 INFO rally.task.runner [-] Task c618174b-b155-454d-980e-52aa8fc56f12 | ITER: 2 END: OK
2019-06-14 07:59:49.169 3659 INFO rally.task.runner [-] Task c618174b-b155-454d-980e-52aa8fc56f12 | ITER: 6 START
2019-06-14 07:59:49.223 3661 INFO rally.task.runner [-] Task c618174b-b155-454d-980e-52aa8fc56f12 | ITER: 4 END: OK
2019-06-14 07:59:49.229 3661 INFO rally.task.runner [-] Task c618174b-b155-454d-980e-52aa8fc56f12 | ITER: 7 START
2019-06-14 07:59:49.251 3658 INFO rally.task.runner [-] Task c618174b-b155-454d-980e-52aa8fc56f12 | ITER: 1 END: OK
2019-06-14 07:59:49.257 3658 INFO rally.task.runner [-] Task c618174b-b155-454d-980e-52aa8fc56f12 | ITER: 8 START
2019-06-14 07:59:52.485 3660 INFO rally.task.runner [-] Task c618174b-b155-454d-980e-52aa8fc56f12 | ITER: 5 END: OK
2019-06-14 07:59:52.490 3660 INFO rally.task.runner [-] Task c618174b-b155-454d-980e-52aa8fc56f12 | ITER: 9 START
2019-06-14 07:59:52.571 3661 INFO rally.task.runner [-] Task c618174b-b155-454d-980e-52aa8fc56f12 | ITER: 7 END: OK
2019-06-14 07:59:52.576 3661 INFO rally.task.runner [-] Task c618174b-b155-454d-980e-52aa8fc56f12 | ITER: 10 START
2019-06-14 07:59:52.608 3659 INFO rally.task.runner [-] Task c618174b-b155-454d-980e-52aa8fc56f12 | ITER: 6 END: OK
2019-06-14 07:59:52.854 3658 INFO rally.task.runner [-] Task c618174b-b155-454d-980e-52aa8fc56f12 | ITER: 8 END: OK
2019-06-14 07:59:56.035 3660 INFO rally.task.runner [-] Task c618174b-b155-454d-980e-52aa8fc56f12 | ITER: 9 END: OK
2019-06-14 07:59:56.146 3661 INFO rally.task.runner [-] Task c618174b-b155-454d-980e-52aa8fc56f12 | ITER: 10 END: OK
2019-06-14 07:59:56.174 1842 INFO rally.task.context [-] Task c618174b-b155-454d-980e-52aa8fc56f12 | Context cleanup@openstack cleanup() started
2019-06-14 07:59:56.176 1842 RALLYDEBUG rally_openstack.cleanup.manager [-] Cleaning up cinder backups objects
2019-06-14 07:59:58.071 1842 RALLYDEBUG rally_openstack.cleanup.manager [-] Cleaning up cinder volume_snapshots objects
2019-06-14 08:00:00.032 1842 RALLYDEBUG rally_openstack.cleanup.manager [-] Cleaning up cinder transfers objects
2019-06-14 08:00:01.878 1842 RALLYDEBUG rally_openstack.cleanup.manager [-] Cleaning up cinder volumes objects
2019-06-14 08:00:04.108 1842 RALLYDEBUG rally_openstack.cleanup.manager [-] Deleting cinder.volumes object s_rally_2916ce76_IvTq6niK (3d89b67a-307d-40d3-a5b3-187c2a7dcf54)
2019-06-14 08:00:04.111 1842 RALLYDEBUG rally_openstack.cleanup.manager [-] Deleting cinder.volumes object s_rally_2916ce76_vmGK5D1I (f7c8b6c7-67cb-463a-a71e-bac8d1127b2c)
2019-06-14 08:00:04.115 1842 RALLYDEBUG rally_openstack.cleanup.manager [-] Deleting cinder.volumes object s_rally_2916ce76_7gWZfm4X (ffda0dda-e6f2-4033-b59a-2f9b7c1f879d)
2019-06-14 08:00:04.117 1842 RALLYDEBUG rally_openstack.cleanup.manager [-] Deleting cinder.volumes object s_rally_2916ce76_0BFiYYGs (110f611b-3775-4f6e-abd9-6069fd416851)
2019-06-14 08:00:04.120 1842 RALLYDEBUG rally_openstack.cleanup.manager [-] Deleting cinder.volumes object s_rally_2916ce76_tLhLdkoH (33573f54-cfc2-4aba-b6c1-6b3ec9be4e48)
2019-06-14 08:00:04.128 1842 RALLYDEBUG rally_openstack.cleanup.manager [-] Deleting cinder.volumes object s_rally_2916ce76_6kigDIRu (d4c0ee92-77cf-4559-a1e3-69b26bdec2ca)
2019-06-14 08:00:04.129 1842 RALLYDEBUG rally_openstack.cleanup.manager [-] Deleting cinder.volumes object s_rally_2916ce76_7cRpZRNz (6bbc13a2-3e7f-47e7-aa05-d7f1266841e7)
2019-06-14 08:00:04.134 1842 RALLYDEBUG rally_openstack.cleanup.manager [-] Deleting cinder.volumes object s_rally_2916ce76_nj05QwKE (a49a83d4-b58e-41c6-8e15-7a8c1caca241)
2019-06-14 08:00:04.139 1842 RALLYDEBUG rally_openstack.cleanup.manager [-] Deleting cinder.volumes object s_rally_2916ce76_T1xdPDTD (5a6ba921-21fe-4d8e-9d84-14756c4ab391)
2019-06-14 08:00:04.157 1842 RALLYDEBUG rally_openstack.cleanup.manager [-] Deleting cinder.volumes object s_rally_2916ce76_ipb4TQn3 (6235395b-31ce-46d2-ac51-bae265eabccc)
2019-06-14 08:00:08.328 1842 INFO rally.task.context [-] Task c618174b-b155-454d-980e-52aa8fc56f12 | Context cleanup@openstack cleanup() finished in 12.15 sec
2019-06-14 08:00:08.329 1842 INFO rally.task.context [-] Task c618174b-b155-454d-980e-52aa8fc56f12 | Context quotas@openstack cleanup() started
2019-06-14 08:00:08.913 1842 INFO rally.task.context [-] Task c618174b-b155-454d-980e-52aa8fc56f12 | Context quotas@openstack cleanup() finished in 0.58 sec
2019-06-14 08:00:08.913 1842 INFO rally.task.context [-] Task c618174b-b155-454d-980e-52aa8fc56f12 | Context api_versions@openstack cleanup() started
2019-06-14 08:00:08.914 1842 INFO rally.task.context [-] Task c618174b-b155-454d-980e-52aa8fc56f12 | Context api_versions@openstack cleanup() finished in 0.31 msec
2019-06-14 08:00:08.914 1842 INFO rally.task.context [-] Task c618174b-b155-454d-980e-52aa8fc56f12 | Context users@openstack cleanup() started
2019-06-14 08:00:15.790 1842 INFO rally.task.context [-] Task c618174b-b155-454d-980e-52aa8fc56f12 | Context users@openstack cleanup() finished in 6.88 sec
2019-06-14 08:00:17.213 1842 INFO rally.task.engine [-] Load duration is: 10.611331
2019-06-14 08:00:17.213 1842 INFO rally.task.engine [-] Full runner duration is: 10.664823
2019-06-14 08:00:17.213 1842 INFO rally.task.engine [-] Full duration is: 36.772795
2019-06-14 08:00:17.440 1842 INFO rally.task.engine [-] Running workload: position = 0 config = { "version": 2, "title": "A cropped version of a bigger task.", "description": "Auto-generated task from a single workload (uuid=2b720266-4ef4-49c4-8335-0e5994c78e9a)", "subtasks": [ { "title": "CinderVolumes.list_volumes", "description": "List all volumes.", "scenario": { "CinderVolumes.list_volumes": { "detailed": true } }, "contexts": { "users": { "tenants": 3, "users_per_tenant": 2 }, "quotas": { "cinder": { "gigabytes": -1, "snapshots": -1, "volumes": -1 } }, "api_versions": { "cinder": { "version": 3, "service_type": "volumev3" } }, "volumes": { "size": 1, "volumes_per_tenant": 4 } }, "runner": { "constant": { "concurrency": 4, "times": 10 } }, "hooks": [], "sla": { "failure_rate": { "max": 0 } } } ] }
2019-06-14 08:00:17.463 1842 RALLYDEBUG rally_openstack.contexts.keystone.users [-] Creating 3 tenants using 20 threads
2019-06-14 08:00:19.283 1842 RALLYDEBUG rally_openstack.contexts.keystone.users [-] Creating 6 users using 20 threads
2019-06-14 08:00:22.474 1842 INFO rally.task.context [-] Task c618174b-b155-454d-980e-52aa8fc56f12 | Context users@openstack setup() finished in 5.01 sec
2019-06-14 08:00:22.886 1842 INFO rally.task.context [-] Task c618174b-b155-454d-980e-52aa8fc56f12 | Context api_versions@openstack setup() finished in 0.41 sec
2019-06-14 08:00:24.413 1842 INFO rally.task.context [-] Task c618174b-b155-454d-980e-52aa8fc56f12 | Context quotas@openstack setup() finished in 1.53 sec
2019-06-14 08:01:00.199 1842 INFO rally.task.context [-] Task c618174b-b155-454d-980e-52aa8fc56f12 | Context volumes@openstack setup() finished in 35.79 sec
2019-06-14 08:01:00.207 1842 RALLYDEBUG rally.task.runner [-] Starting the constant runner (task UUID: c618174b-b155-454d-980e-52aa8fc56f12). timeout: 0 concurrency: 4 concurrency_per_worker: 1 times: 10 concurrency_overhead: 0 processes_to_start: 4 max_cpu_used: 16
2019-06-14 08:01:00.219 3842 RALLYDEBUG rally.task.runner [-] Starting a worker. concurrency: 1 args: {"detailed": true} times: 10 method_name: run timeout: 0 duration: None cls:
2019-06-14 08:01:00.222 3843 RALLYDEBUG rally.task.runner [-] Starting a worker. concurrency: 1 args: {"detailed": true} times: 10 method_name: run timeout: 0 duration: None cls:
2019-06-14 08:01:00.224 3844 RALLYDEBUG rally.task.runner [-] Starting a worker. concurrency: 1 args: {"detailed": true} times: 10 method_name: run timeout: 0 duration: None cls:
2019-06-14 08:01:00.226 3842 INFO rally.task.runner [-] Task c618174b-b155-454d-980e-52aa8fc56f12 | ITER: 1 START
2019-06-14 08:01:00.228 3845 RALLYDEBUG rally.task.runner [-] Starting a worker. concurrency: 1 args: {"detailed": true} times: 10 method_name: run timeout: 0 duration: None cls:
2019-06-14 08:01:00.231 3843 INFO rally.task.runner [-] Task c618174b-b155-454d-980e-52aa8fc56f12 | ITER: 2 START
2019-06-14 08:01:00.232 3844 INFO rally.task.runner [-] Task c618174b-b155-454d-980e-52aa8fc56f12 | ITER: 3 START
2019-06-14 08:01:00.236 3845 INFO rally.task.runner [-] Task c618174b-b155-454d-980e-52aa8fc56f12 | ITER: 4 START
2019-06-14 08:01:00.982 3843 INFO rally.task.runner [-] Task c618174b-b155-454d-980e-52aa8fc56f12 | ITER: 2 END: OK
2019-06-14 08:01:00.988 3843 INFO rally.task.runner [-] Task c618174b-b155-454d-980e-52aa8fc56f12 | ITER: 5 START
2019-06-14 08:01:01.032 3845 INFO rally.task.runner [-] Task c618174b-b155-454d-980e-52aa8fc56f12 | ITER: 4 END: OK
2019-06-14 08:01:01.039 3845 INFO rally.task.runner [-] Task c618174b-b155-454d-980e-52aa8fc56f12 | ITER: 6 START
2019-06-14 08:01:01.091 3844 INFO rally.task.runner [-] Task c618174b-b155-454d-980e-52aa8fc56f12 | ITER: 3 END: OK
2019-06-14 08:01:01.096 3844 INFO rally.task.runner [-] Task c618174b-b155-454d-980e-52aa8fc56f12 | ITER: 7 START
2019-06-14 08:01:01.123 3842 INFO rally.task.runner [-] Task c618174b-b155-454d-980e-52aa8fc56f12 | ITER: 1 END: OK
2019-06-14 08:01:01.130 3842 INFO rally.task.runner [-] Task c618174b-b155-454d-980e-52aa8fc56f12 | ITER: 8 START
2019-06-14 08:01:01.696 3843 INFO rally.task.runner [-] Task c618174b-b155-454d-980e-52aa8fc56f12 | ITER: 5 END: OK
2019-06-14 08:01:01.701 3843 INFO rally.task.runner [-] Task c618174b-b155-454d-980e-52aa8fc56f12 | ITER: 9 START
2019-06-14 08:01:01.751 3845 INFO rally.task.runner [-] Task c618174b-b155-454d-980e-52aa8fc56f12 | ITER: 6 END: OK
2019-06-14 08:01:01.755 3845 INFO rally.task.runner [-] Task c618174b-b155-454d-980e-52aa8fc56f12 | ITER: 10 START
2019-06-14 08:01:01.851 3842 INFO rally.task.runner [-] Task c618174b-b155-454d-980e-52aa8fc56f12 | ITER: 8 END: OK
2019-06-14 08:01:01.926 3844 INFO rally.task.runner [-] Task c618174b-b155-454d-980e-52aa8fc56f12 | ITER: 7 END: OK
2019-06-14 08:01:02.398 3843 INFO rally.task.runner [-] Task c618174b-b155-454d-980e-52aa8fc56f12 | ITER: 9 END: OK
2019-06-14 08:01:02.454 3845 INFO rally.task.runner [-] Task c618174b-b155-454d-980e-52aa8fc56f12 | ITER: 10 END: OK
2019-06-14 08:01:02.475 1842 INFO rally.task.context [-] Task c618174b-b155-454d-980e-52aa8fc56f12 | Context volumes@openstack cleanup() started
2019-06-14 08:01:02.476 1842 RALLYDEBUG rally_openstack.cleanup.manager [-] Cleaning up cinder volumes objects
2019-06-14 08:01:04.641 1842 RALLYDEBUG rally_openstack.cleanup.manager [-] Deleting cinder.volumes object c_rally_2b720266_LSlwLWJi (d377a0df-7199-46bd-ba1e-5da276d2655d)
2019-06-14 08:01:04.642 1842 RALLYDEBUG rally_openstack.cleanup.manager [-] Deleting cinder.volumes object c_rally_2b720266_N7ghnhgs (2a1d85ac-37f0-486a-93d3-b1cc23d19a08)
2019-06-14 08:01:04.643 1842 RALLYDEBUG rally_openstack.cleanup.manager [-] Deleting cinder.volumes object c_rally_2b720266_ARYfgdcY (c9cc4844-9b2a-4fe7-8e82-30e06c04d306)
2019-06-14 08:01:04.644 1842 RALLYDEBUG rally_openstack.cleanup.manager [-] Deleting cinder.volumes object c_rally_2b720266_EAQxXuzJ (1129b981-fd1a-40d6-91d8-0144570a246e)
2019-06-14 08:01:04.647 1842 RALLYDEBUG rally_openstack.cleanup.manager [-] Deleting cinder.volumes object c_rally_2b720266_uqnHV3d0 (aa774cf0-b656-43cc-95e1-2b0501683954)
2019-06-14 08:01:04.651 1842 RALLYDEBUG rally_openstack.cleanup.manager [-] Deleting cinder.volumes object c_rally_2b720266_05o1Z6kz (6fdb3136-1f13-48ed-8169-0be8de81a378)
2019-06-14 08:01:04.652 1842 RALLYDEBUG rally_openstack.cleanup.manager [-] Deleting cinder.volumes object c_rally_2b720266_ryMV1aZ4 (aa4a0840-bce4-4e37-a429-41d1e21d33d6)
2019-06-14 08:01:04.657 1842 RALLYDEBUG rally_openstack.cleanup.manager [-] Deleting cinder.volumes object c_rally_2b720266_t6QttKJR (803b5a40-41fc-4c04-8939-387e3b091bbe)
2019-06-14 08:01:04.662 1842 RALLYDEBUG rally_openstack.cleanup.manager [-] Deleting cinder.volumes object c_rally_2b720266_2SpxN6VZ (58344f6a-d883-436d-ad0c-ff153384650a)
2019-06-14 08:01:04.669 1842 RALLYDEBUG rally_openstack.cleanup.manager [-] Deleting cinder.volumes object c_rally_2b720266_26EslRu1 (ff42a090-85f2-47d3-8c19-8ef8722cb5e2)
2019-06-14 08:01:04.674 1842 RALLYDEBUG rally_openstack.cleanup.manager [-] Deleting cinder.volumes object c_rally_2b720266_KV8dBKqJ (710ae3ff-8ea9-4be6-a5de-53ddb9d63ffd)
2019-06-14 08:01:04.687 1842 RALLYDEBUG rally_openstack.cleanup.manager [-] Deleting cinder.volumes object c_rally_2b720266_hvnrdWIG (9e32f25a-e273-4904-b886-5fb6ef8e950b)
2019-06-14 08:01:09.398 1842 INFO rally.task.context [-] Task c618174b-b155-454d-980e-52aa8fc56f12 | Context volumes@openstack cleanup() finished in 6.92 sec
2019-06-14 08:01:09.399 1842 INFO rally.task.context [-] Task c618174b-b155-454d-980e-52aa8fc56f12 | Context quotas@openstack cleanup() started
2019-06-14 08:01:10.227 1842 INFO rally.task.context [-] Task c618174b-b155-454d-980e-52aa8fc56f12 | Context quotas@openstack cleanup() finished in 0.83 sec
2019-06-14 08:01:10.228 1842 INFO rally.task.context [-] Task c618174b-b155-454d-980e-52aa8fc56f12 | Context api_versions@openstack cleanup() started
2019-06-14 08:01:10.228 1842 INFO rally.task.context [-] Task c618174b-b155-454d-980e-52aa8fc56f12 | Context api_versions@openstack cleanup() finished in 0.34 msec
2019-06-14 08:01:10.228 1842 INFO rally.task.context [-] Task c618174b-b155-454d-980e-52aa8fc56f12 | Context users@openstack cleanup() started
2019-06-14 08:01:17.605 1842 INFO rally.task.context [-] Task c618174b-b155-454d-980e-52aa8fc56f12 | Context users@openstack cleanup() finished in 7.38 sec
2019-06-14 08:01:17.710 1842 INFO rally.task.engine [-] Load duration is: 2.224276
2019-06-14 08:01:17.710 1842 INFO rally.task.engine [-] Full runner duration is: 2.268434
2019-06-14 08:01:17.711 1842 INFO rally.task.engine [-] Full duration is: 60.144649
2019-06-14 08:01:17.927 1842 INFO rally.task.engine [-] Running workload: position = 0 config = { "version": 2, "title": "A cropped version of a bigger task.", "description": "Auto-generated task from a single workload (uuid=24764d80-9a9c-4618-8351-bc549d8bbbd0)", "subtasks": [ { "title": "CinderVolumes.create_and_delete_snapshot", "description": "Create and then delete a volume-snapshot.", "scenario": { "CinderVolumes.create_and_delete_snapshot": { "force": false } }, "contexts": { "users": { "tenants": 3, "users_per_tenant": 2 }, "quotas": { "cinder": { "gigabytes": -1, "snapshots": -1, "volumes": -1 } }, "api_versions": { "cinder": { "version": 3, "service_type": "volumev3" } }, "volumes": { "size": 1, "volumes_per_tenant": 1 } }, "runner": { "constant": { "concurrency": 4, "times": 10 } }, "hooks": [], "sla": { "failure_rate": { "max": 0 } } } ] }
2019-06-14 08:01:17.950 1842 RALLYDEBUG rally_openstack.contexts.keystone.users [-] Creating 3 tenants using 20 threads
2019-06-14 08:01:19.892 1842 RALLYDEBUG rally_openstack.contexts.keystone.users [-] Creating 6 users using 20 threads
2019-06-14 08:01:22.605 1842 INFO rally.task.context [-] Task c618174b-b155-454d-980e-52aa8fc56f12 | Context users@openstack setup() finished in 4.66 sec
2019-06-14 08:01:23.025 1842 INFO rally.task.context [-] Task c618174b-b155-454d-980e-52aa8fc56f12 | Context api_versions@openstack setup() finished in 0.42 sec
2019-06-14 08:01:24.556 1842 INFO rally.task.context [-] Task c618174b-b155-454d-980e-52aa8fc56f12 | Context quotas@openstack setup() finished in 1.53 sec
2019-06-14 08:01:35.476 1842 INFO rally.task.context [-] Task c618174b-b155-454d-980e-52aa8fc56f12 | Context volumes@openstack setup() finished in 10.92 sec
2019-06-14 08:01:35.477 1842 INFO rally.task.context [-] Task c618174b-b155-454d-980e-52aa8fc56f12 | Context cleanup@openstack setup() finished in 0.01 msec
2019-06-14 08:01:35.484 1842 RALLYDEBUG rally.task.runner [-] Starting the constant runner (task UUID: c618174b-b155-454d-980e-52aa8fc56f12). timeout: 0 concurrency: 4 concurrency_per_worker: 1 times: 10 concurrency_overhead: 0 processes_to_start: 4 max_cpu_used: 16
2019-06-14 08:01:35.497 3966 RALLYDEBUG rally.task.runner [-] Starting a worker. concurrency: 1 args: {"force": false} times: 10 method_name: run timeout: 0 duration: None cls:
2019-06-14 08:01:35.500 3967 RALLYDEBUG rally.task.runner [-] Starting a worker. concurrency: 1 args: {"force": false} times: 10 method_name: run timeout: 0 duration: None cls:
2019-06-14 08:01:35.503 3968 RALLYDEBUG rally.task.runner [-] Starting a worker. concurrency: 1 args: {"force": false} times: 10 method_name: run timeout: 0 duration: None cls:
2019-06-14 08:01:35.505 3969 RALLYDEBUG rally.task.runner [-] Starting a worker. concurrency: 1 args: {"force": false} times: 10 method_name: run timeout: 0 duration: None cls:
2019-06-14 08:01:35.509 3966 INFO rally.task.runner [-] Task c618174b-b155-454d-980e-52aa8fc56f12 | ITER: 1 START
2019-06-14 08:01:35.510 3967 INFO rally.task.runner [-] Task c618174b-b155-454d-980e-52aa8fc56f12 | ITER: 2 START
2019-06-14 08:01:35.514 3968 INFO rally.task.runner [-] Task c618174b-b155-454d-980e-52aa8fc56f12 | ITER: 3 START
2019-06-14 08:01:35.516 3969 INFO rally.task.runner [-] Task c618174b-b155-454d-980e-52aa8fc56f12 | ITER: 4 START
2019-06-14 08:01:39.222 3968 RALLYDEBUG rally.task.utils [-] Waiting for resource s_rally_24764d80_GADONzqT. Status changed: AVAILABLE => DELETING in 0.262975931168
2019-06-14 08:01:39.285 3967 RALLYDEBUG rally.task.utils [-] Waiting for resource s_rally_24764d80_Gw4nQSQl. Status changed: AVAILABLE => DELETING in 0.229933977127
2019-06-14 08:01:39.494 3966 RALLYDEBUG rally.task.utils [-] Waiting for resource s_rally_24764d80_f9bJ0k3L. Status changed: AVAILABLE => DELETING in 0.227666139603
2019-06-14 08:01:39.614 3969 RALLYDEBUG rally.task.utils [-] Waiting for resource s_rally_24764d80_DfClyIPc. Status changed: AVAILABLE => DELETING in 0.238736867905
2019-06-14 08:01:41.315 3967 INFO rally.task.runner [-] Task c618174b-b155-454d-980e-52aa8fc56f12 | ITER: 2 END: OK
2019-06-14 08:01:41.320 3967 INFO rally.task.runner [-] Task c618174b-b155-454d-980e-52aa8fc56f12 | ITER: 5 START
2019-06-14 08:01:41.450 3968 INFO rally.task.runner [-] Task c618174b-b155-454d-980e-52aa8fc56f12 | ITER: 3 END: OK
2019-06-14 08:01:41.456 3968 INFO rally.task.runner [-] Task c618174b-b155-454d-980e-52aa8fc56f12 | ITER: 6 START
2019-06-14 08:01:41.519 3966 INFO rally.task.runner [-] Task c618174b-b155-454d-980e-52aa8fc56f12 | ITER: 1 END: OK
2019-06-14 08:01:41.525 3966 INFO rally.task.runner [-] Task c618174b-b155-454d-980e-52aa8fc56f12 | ITER: 7 START
2019-06-14 08:01:41.639 3969 INFO rally.task.runner [-] Task c618174b-b155-454d-980e-52aa8fc56f12 | ITER: 4 END: OK
2019-06-14 08:01:41.644 3969 INFO rally.task.runner [-] Task c618174b-b155-454d-980e-52aa8fc56f12 | ITER: 8 START
2019-06-14 08:01:45.044 3969 RALLYDEBUG rally.task.utils [-] Waiting for resource s_rally_24764d80_NdkL09Nf. Status changed: AVAILABLE => DELETING in 0.026624917984
2019-06-14 08:01:45.114 3967 RALLYDEBUG rally.task.utils [-] Waiting for resource s_rally_24764d80_JbHbJZrv. Status changed: AVAILABLE => DELETING in 0.0236079692841
2019-06-14 08:01:45.200 3966 RALLYDEBUG rally.task.utils [-] Waiting for resource s_rally_24764d80_93JQIhcA. Status changed: AVAILABLE => DELETING in 0.0264630317688
2019-06-14 08:01:45.452 3968 RALLYDEBUG rally.task.utils [-] Waiting for resource s_rally_24764d80_vvGPLV4w. Status changed: AVAILABLE => DELETING in 0.218282938004
2019-06-14 08:01:47.072 3969 INFO rally.task.runner [-] Task c618174b-b155-454d-980e-52aa8fc56f12 | ITER: 8 END: OK
2019-06-14 08:01:47.077 3969 INFO rally.task.runner [-] Task c618174b-b155-454d-980e-52aa8fc56f12 | ITER: 9 START
2019-06-14 08:01:47.140 3967 INFO rally.task.runner [-] Task c618174b-b155-454d-980e-52aa8fc56f12 | ITER: 5 END: OK
2019-06-14 08:01:47.145 3967 INFO rally.task.runner [-] Task c618174b-b155-454d-980e-52aa8fc56f12 | ITER: 10 START
2019-06-14 08:01:47.227 3966 INFO rally.task.runner [-] Task c618174b-b155-454d-980e-52aa8fc56f12 | ITER: 7 END: OK
2019-06-14 08:01:47.476 3968 INFO rally.task.runner [-] Task c618174b-b155-454d-980e-52aa8fc56f12 | ITER: 6 END: OK
2019-06-14 08:01:50.643 3967 RALLYDEBUG rally.task.utils [-] Waiting for resource s_rally_24764d80_Q0OBCsq8. Status changed: AVAILABLE => DELETING in 0.209630012512
2019-06-14 08:01:50.850 3969 RALLYDEBUG rally.task.utils [-] Waiting for resource s_rally_24764d80_4cxWqUzC. Status changed: AVAILABLE => DELETING in 0.213890075684
2019-06-14 08:01:52.675 3967 INFO rally.task.runner [-] Task c618174b-b155-454d-980e-52aa8fc56f12 | ITER: 10 END: OK
2019-06-14 08:01:52.876 3969 INFO rally.task.runner [-] Task c618174b-b155-454d-980e-52aa8fc56f12 | ITER: 9 END: OK
2019-06-14 08:01:52.897 1842 INFO rally.task.context [-] Task c618174b-b155-454d-980e-52aa8fc56f12 | Context cleanup@openstack cleanup() started
2019-06-14 08:01:52.901 1842 RALLYDEBUG rally_openstack.cleanup.manager [-] Cleaning up cinder backups objects
2019-06-14 08:01:54.853 1842 RALLYDEBUG rally_openstack.cleanup.manager [-] Cleaning up cinder volume_snapshots objects
2019-06-14 08:01:56.731 1842 RALLYDEBUG rally_openstack.cleanup.manager [-] Cleaning up cinder transfers objects
2019-06-14 08:01:58.762 1842 RALLYDEBUG rally_openstack.cleanup.manager [-] Cleaning up cinder volumes objects
2019-06-14 08:02:00.828 1842 INFO rally.task.context [-] Task c618174b-b155-454d-980e-52aa8fc56f12 | Context cleanup@openstack cleanup() finished in 7.93 sec
2019-06-14 08:02:00.829 1842 INFO rally.task.context [-] Task c618174b-b155-454d-980e-52aa8fc56f12 | Context volumes@openstack cleanup() started
2019-06-14 08:02:00.829 1842 RALLYDEBUG rally_openstack.cleanup.manager [-] Cleaning up cinder volumes objects
2019-06-14 08:02:02.961 1842 RALLYDEBUG rally_openstack.cleanup.manager [-] Deleting cinder.volumes object c_rally_24764d80_MFkVmV6O (6fc8e4fc-42d1-44fb-ba4d-7b74ee585669)
2019-06-14 08:02:02.970 1842 RALLYDEBUG rally_openstack.cleanup.manager [-] Deleting cinder.volumes object c_rally_24764d80_58M537dc (cd06c15f-ffc4-4420-a2f0-b77adb767768)
2019-06-14 08:02:02.971 1842 RALLYDEBUG rally_openstack.cleanup.manager [-] Deleting cinder.volumes object c_rally_24764d80_qVJnlS7x (c2bf9182-bd94-4907-baaf-14ae0a4e2c26)
2019-06-14 08:02:06.298 1842 INFO rally.task.context [-] Task c618174b-b155-454d-980e-52aa8fc56f12 | Context volumes@openstack cleanup() finished in 5.47 sec
2019-06-14 08:02:06.299 1842 INFO rally.task.context [-] Task c618174b-b155-454d-980e-52aa8fc56f12 | Context quotas@openstack cleanup() started
