2019-06-14 07:44:03.269 725 RALLYDEBUG rally_openstack.cleanup.manager [-] Deleting glance.images object s_rally_0368931f_Z3bzaBbr (07539a75-cb48-48ef-8274-ddb8b6451de4)
2019-06-14 07:44:03.278 725 RALLYDEBUG rally_openstack.cleanup.manager [-] Deleting glance.images object s_rally_0368931f_0vQwN5KZ (2e2e1890-5d22-45cc-85e7-9d19bed14131)
2019-06-14 07:44:03.320 725 RALLYDEBUG rally_openstack.cleanup.manager [-] Deleting glance.images object s_rally_0368931f_65I0dR9S (4061d13c-cdbd-4d66-a7c7-a7682639999c)
2019-06-14 07:44:03.324 725 RALLYDEBUG rally_openstack.cleanup.manager [-] Deleting glance.images object s_rally_0368931f_OgJYgYi3 (35057539-69e7-4dfa-8c2e-55075ecafc08)
2019-06-14 07:44:03.340 725 RALLYDEBUG rally_openstack.cleanup.manager [-] Deleting glance.images object s_rally_0368931f_vYXZ9lw6 (ee9a9477-f2b5-434d-8029-f3e5195ea78c)
2019-06-14 07:44:05.378 725 DEBUG glanceclient.common.http [-] Request returned failure status 404. _handle_response /usr/lib/python2.7/site-packages/glanceclient/common/http.py:125
2019-06-14 07:44:05.383 725 DEBUG glanceclient.common.http [-] Request returned failure status 404. _handle_response /usr/lib/python2.7/site-packages/glanceclient/common/http.py:125
2019-06-14 07:44:05.405 725 DEBUG glanceclient.common.http [-] Request returned failure status 404. _handle_response /usr/lib/python2.7/site-packages/glanceclient/common/http.py:125
2019-06-14 07:44:05.406 725 DEBUG glanceclient.common.http [-] Request returned failure status 404. _handle_response /usr/lib/python2.7/site-packages/glanceclient/common/http.py:125
2019-06-14 07:44:05.408 725 DEBUG glanceclient.common.http [-] Request returned failure status 404. _handle_response /usr/lib/python2.7/site-packages/glanceclient/common/http.py:125
2019-06-14 07:44:05.422 725 DEBUG glanceclient.common.http [-] Request returned failure status 404. _handle_response /usr/lib/python2.7/site-packages/glanceclient/common/http.py:125
2019-06-14 07:44:05.426 725 DEBUG glanceclient.common.http [-] Request returned failure status 404. _handle_response /usr/lib/python2.7/site-packages/glanceclient/common/http.py:125
2019-06-14 07:44:05.429 725 DEBUG glanceclient.common.http [-] Request returned failure status 404. _handle_response /usr/lib/python2.7/site-packages/glanceclient/common/http.py:125
2019-06-14 07:44:05.430 725 DEBUG glanceclient.common.http [-] Request returned failure status 404. _handle_response /usr/lib/python2.7/site-packages/glanceclient/common/http.py:125
2019-06-14 07:44:05.435 725 DEBUG glanceclient.common.http [-] Request returned failure status 404. _handle_response /usr/lib/python2.7/site-packages/glanceclient/common/http.py:125
2019-06-14 07:44:05.446 725 DEBUG glanceclient.common.http [-] Request returned failure status 404. _handle_response /usr/lib/python2.7/site-packages/glanceclient/common/http.py:125
2019-06-14 07:44:05.448 725 DEBUG glanceclient.common.http [-] Request returned failure status 404. _handle_response /usr/lib/python2.7/site-packages/glanceclient/common/http.py:125
2019-06-14 07:44:06.190 725 DEBUG glanceclient.common.http [-] Request returned failure status 404. _handle_response /usr/lib/python2.7/site-packages/glanceclient/common/http.py:125
2019-06-14 07:44:06.204 725 DEBUG glanceclient.common.http [-] Request returned failure status 404. _handle_response /usr/lib/python2.7/site-packages/glanceclient/common/http.py:125
2019-06-14 07:44:06.209 725 DEBUG glanceclient.common.http [-] Request returned failure status 404. _handle_response /usr/lib/python2.7/site-packages/glanceclient/common/http.py:125
2019-06-14 07:44:06.223 725 DEBUG glanceclient.common.http [-] Request returned failure status 404. _handle_response /usr/lib/python2.7/site-packages/glanceclient/common/http.py:125
2019-06-14 07:44:06.227 725 DEBUG glanceclient.common.http [-] Request returned failure status 404. _handle_response /usr/lib/python2.7/site-packages/glanceclient/common/http.py:125
2019-06-14 07:44:06.230 725 DEBUG glanceclient.common.http [-] Request returned failure status 404. _handle_response /usr/lib/python2.7/site-packages/glanceclient/common/http.py:125
2019-06-14 07:44:06.238 725 DEBUG glanceclient.common.http [-] Request returned failure status 404. _handle_response /usr/lib/python2.7/site-packages/glanceclient/common/http.py:125
2019-06-14 07:44:06.244 725 DEBUG glanceclient.common.http [-] Request returned failure status 404. _handle_response /usr/lib/python2.7/site-packages/glanceclient/common/http.py:125
2019-06-14 07:44:07.246 725 INFO rally.task.context [-] Task cdd400f4-4e06-4028-b858-4464db8eec4d | Context cleanup@openstack cleanup() finished in 31.84 sec
2019-06-14 07:44:07.247 725 INFO rally.task.context [-] Task cdd400f4-4e06-4028-b858-4464db8eec4d | Context quotas@openstack cleanup() started
2019-06-14 07:44:07.248 725 DEBUG novaclient.v2.client [-] REQ: curl -g -i -X DELETE http://172.30.9.44:8774/v2.1/os-quota-sets/e09b87b932944c6db8ab2e5184ab6f22 -H "Accept: application/json" -H "User-Agent: python-novaclient" -H "X-Auth-Token: {SHA1}775789a377252144b603a94ce3634be4ce1f8aac" _http_log_request /usr/lib/python2.7/site-packages/keystoneauth1/session.py:448
2019-06-14 07:44:07.275 725 DEBUG novaclient.v2.client [-] RESP: [202] Content-Length: 0 Content-Type: application/json Date: Fri, 14 Jun 2019 07:44:07 GMT OpenStack-API-Version: compute 2.1 Server: Apache Vary: OpenStack-API-Version,X-OpenStack-Nova-API-Version X-OpenStack-Nova-API-Version: 2.1 x-compute-request-id: req-29691fdf-cf5b-4788-a020-7cdb4ca6ee65 x-openstack-request-id: req-29691fdf-cf5b-4788-a020-7cdb4ca6ee65 _http_log_response /usr/lib/python2.7/site-packages/keystoneauth1/session.py:479
2019-06-14 07:44:07.276 725 DEBUG novaclient.v2.client [-] DELETE call to compute for http://172.30.9.44:8774/v2.1/os-quota-sets/e09b87b932944c6db8ab2e5184ab6f22 used request id req-29691fdf-cf5b-4788-a020-7cdb4ca6ee65 request /usr/lib/python2.7/site-packages/keystoneauth1/session.py:844
2019-06-14 07:44:07.277 725 DEBUG novaclient.v2.client [-] REQ: curl -g -i -X DELETE http://172.30.9.44:8774/v2.1/os-quota-sets/659a09ecb6e64626bb06eb6394a0c8a7 -H "Accept: application/json" -H "User-Agent: python-novaclient" -H "X-Auth-Token: {SHA1}775789a377252144b603a94ce3634be4ce1f8aac" _http_log_request /usr/lib/python2.7/site-packages/keystoneauth1/session.py:448
2019-06-14 07:44:07.293 725 DEBUG novaclient.v2.client [-] RESP: [202] Content-Length: 0 Content-Type: application/json Date: Fri, 14 Jun 2019 07:44:07 GMT OpenStack-API-Version: compute 2.1 Server: Apache Vary: OpenStack-API-Version,X-OpenStack-Nova-API-Version X-OpenStack-Nova-API-Version: 2.1 x-compute-request-id: req-ada31d5f-f77d-4a53-ade7-8c7e71803c64 x-openstack-request-id: req-ada31d5f-f77d-4a53-ade7-8c7e71803c64 _http_log_response /usr/lib/python2.7/site-packages/keystoneauth1/session.py:479
2019-06-14 07:44:07.294 725 DEBUG novaclient.v2.client [-] DELETE call to compute for http://172.30.9.44:8774/v2.1/os-quota-sets/659a09ecb6e64626bb06eb6394a0c8a7 used request id req-ada31d5f-f77d-4a53-ade7-8c7e71803c64 request /usr/lib/python2.7/site-packages/keystoneauth1/session.py:844
2019-06-14 07:44:07.295 725 DEBUG novaclient.v2.client [-] REQ: curl -g -i -X DELETE http://172.30.9.44:8774/v2.1/os-quota-sets/92fb1d714f964f9cb8e10272ecb6717d -H "Accept: application/json" -H "User-Agent: python-novaclient" -H "X-Auth-Token: {SHA1}775789a377252144b603a94ce3634be4ce1f8aac" _http_log_request /usr/lib/python2.7/site-packages/keystoneauth1/session.py:448
2019-06-14 07:44:07.311 725 DEBUG novaclient.v2.client [-] RESP: [202] Content-Length: 0 Content-Type: application/json Date: Fri, 14 Jun 2019 07:44:07 GMT OpenStack-API-Version: compute 2.1 Server: Apache Vary: OpenStack-API-Version,X-OpenStack-Nova-API-Version X-OpenStack-Nova-API-Version: 2.1 x-compute-request-id: req-e6d212fa-e5b6-4bc8-af28-6405be1165cd x-openstack-request-id: req-e6d212fa-e5b6-4bc8-af28-6405be1165cd _http_log_response /usr/lib/python2.7/site-packages/keystoneauth1/session.py:479
2019-06-14 07:44:07.312 725 DEBUG novaclient.v2.client [-] DELETE call to compute for http://172.30.9.44:8774/v2.1/os-quota-sets/92fb1d714f964f9cb8e10272ecb6717d used request id req-e6d212fa-e5b6-4bc8-af28-6405be1165cd request /usr/lib/python2.7/site-packages/keystoneauth1/session.py:844
2019-06-14 07:44:07.312 725 INFO rally.task.context [-] Task cdd400f4-4e06-4028-b858-4464db8eec4d | Context quotas@openstack cleanup() finished in 65.04 msec
2019-06-14 07:44:07.312 725 INFO rally.task.context [-] Task cdd400f4-4e06-4028-b858-4464db8eec4d | Context users@openstack cleanup() started
2019-06-14 07:44:13.856 725 INFO rally.task.context [-] Task cdd400f4-4e06-4028-b858-4464db8eec4d | Context users@openstack cleanup() finished in 6.54 sec
2019-06-14 07:44:14.246 725 INFO rally.task.engine [-] Load duration is: 78.795173
2019-06-14 07:44:14.246 725 INFO rally.task.engine [-] Full runner duration is: 80.69531
2019-06-14 07:44:14.247 725 INFO rally.task.engine [-] Full duration is: 126.097992
2019-06-14 07:44:14.508 725 INFO rally.task.engine [-] Running workload: position = 0 config = { "version": 2, "title": "A cropped version of a bigger task.", "description": "Auto-generated task from a single workload (uuid=c7d28205-e120-4ca5-bd0f-8cb09ffd0672)", "subtasks": [ { "title": "GlanceImages.create_and_deactivate_image", "description": "Create an image, then deactivate it.", "scenario": { "GlanceImages.create_and_deactivate_image": { "container_format": "bare", "disk_format": "qcow2", "image_location": "/home/opnfv/functest/images/cirros-0.4.0-x86_64-disk.img" } }, "contexts": { "users": { "tenants": 3, "users_per_tenant": 2 } }, "runner": { "constant": { "concurrency": 4, "times": 10 } }, "hooks": [], "sla": { "failure_rate": { "max": 0 } } } ] }
2019-06-14 07:44:14.533 725 RALLYDEBUG rally_openstack.contexts.keystone.users [-] Creating 3 tenants using 20 threads
2019-06-14 07:44:16.332 725 RALLYDEBUG rally_openstack.contexts.keystone.users [-] Creating 6 users using 20 threads
2019-06-14 07:44:19.002 725 INFO rally.task.context [-] Task cdd400f4-4e06-4028-b858-4464db8eec4d | Context users@openstack setup() finished in 4.47 sec
2019-06-14 07:44:19.002 725 INFO rally.task.context [-] Task cdd400f4-4e06-4028-b858-4464db8eec4d | Context cleanup@openstack setup() finished in 0.07 msec
2019-06-14 07:44:19.010 725 RALLYDEBUG rally.task.runner [-] Starting the constant runner (task UUID: cdd400f4-4e06-4028-b858-4464db8eec4d). timeout: 0 concurrency: 4 concurrency_per_worker: 1 times: 10 concurrency_overhead: 0 processes_to_start: 4 max_cpu_used: 16
2019-06-14 07:44:19.020 1385 RALLYDEBUG rally.task.runner [-] Starting a worker. concurrency: 1 args: {"container_format": "bare", "disk_format": "qcow2", "image_location": "/home/opnfv/functest/images/cirros-0.4.0-x86_64-disk.img"} times: 10 method_name: run timeout: 0 duration: None cls:
2019-06-14 07:44:19.022 1386 RALLYDEBUG rally.task.runner [-] Starting a worker. concurrency: 1 args: {"container_format": "bare", "disk_format": "qcow2", "image_location": "/home/opnfv/functest/images/cirros-0.4.0-x86_64-disk.img"} times: 10 method_name: run timeout: 0 duration: None cls:
2019-06-14 07:44:19.025 1385 INFO rally.task.runner [-] Task cdd400f4-4e06-4028-b858-4464db8eec4d | ITER: 1 START
2019-06-14 07:44:19.026 1386 INFO rally.task.runner [-] Task cdd400f4-4e06-4028-b858-4464db8eec4d | ITER: 2 START
2019-06-14 07:44:19.029 1390 RALLYDEBUG rally.task.runner [-] Starting a worker. concurrency: 1 args: {"container_format": "bare", "disk_format": "qcow2", "image_location": "/home/opnfv/functest/images/cirros-0.4.0-x86_64-disk.img"} times: 10 method_name: run timeout: 0 duration: None cls:
2019-06-14 07:44:19.029 1387 RALLYDEBUG rally.task.runner [-] Starting a worker. concurrency: 1 args: {"container_format": "bare", "disk_format": "qcow2", "image_location": "/home/opnfv/functest/images/cirros-0.4.0-x86_64-disk.img"} times: 10 method_name: run timeout: 0 duration: None cls:
2019-06-14 07:44:19.034 1390 INFO rally.task.runner [-] Task cdd400f4-4e06-4028-b858-4464db8eec4d | ITER: 3 START
2019-06-14 07:44:19.035 1387 INFO rally.task.runner [-] Task cdd400f4-4e06-4028-b858-4464db8eec4d | ITER: 4 START
2019-06-14 07:44:22.354 1385 RALLYDEBUG rally.task.utils [-] Waiting for resource u'911203d4-9651-4014-8dcf-a3eb66cf480a'. Status changed: NONE => QUEUED in 0.0350689888
2019-06-14 07:44:22.398 1390 RALLYDEBUG rally.task.utils [-] Waiting for resource u'f1bbd85d-5aa3-4709-ba9f-dfe8708cdea4'. Status changed: NONE => QUEUED in 0.0454540252686
2019-06-14 07:44:22.404 1387 RALLYDEBUG rally.task.utils [-] Waiting for resource u'e157559c-5489-4809-8ee4-f394ae4b80d9'. Status changed: NONE => QUEUED in 0.06103515625
2019-06-14 07:44:22.635 1386 RALLYDEBUG rally.task.utils [-] Waiting for resource u'c5ff1da0-377f-44bc-b212-3f15ec1c9d85'. Status changed: NONE => QUEUED in 0.218030929565
2019-06-14 07:44:26.305 1385 RALLYDEBUG rally.task.utils [-] Waiting for resource s_rally_c7d28205_t2OHKGZ5. Status changed: QUEUED => ACTIVE in 0.645956039429
2019-06-14 07:44:26.386 1387 RALLYDEBUG rally.task.utils [-] Waiting for resource s_rally_c7d28205_uUOBoYQB. Status changed: QUEUED => ACTIVE in 0.0552880764008
2019-06-14 07:44:26.418 1390 RALLYDEBUG rally.task.utils [-] Waiting for resource s_rally_c7d28205_lphkPWhE. Status changed: QUEUED => ACTIVE in 0.0395250320435
2019-06-14 07:44:26.469 1386 RALLYDEBUG rally.task.utils [-] Waiting for resource s_rally_c7d28205_TjU9VHNt. Status changed: QUEUED => ACTIVE in 0.0556569099426
2019-06-14 07:44:26.511 1385 INFO rally.task.runner [-] Task cdd400f4-4e06-4028-b858-4464db8eec4d | ITER: 1 END: OK
2019-06-14 07:44:26.515 1385 INFO rally.task.runner [-] Task cdd400f4-4e06-4028-b858-4464db8eec4d | ITER: 5 START
2019-06-14 07:44:26.542 1387 INFO rally.task.runner [-] Task cdd400f4-4e06-4028-b858-4464db8eec4d | ITER: 4 END: OK
2019-06-14 07:44:26.546 1387 INFO rally.task.runner [-] Task cdd400f4-4e06-4028-b858-4464db8eec4d | ITER: 6 START
2019-06-14 07:44:26.549 1390 INFO rally.task.runner [-] Task cdd400f4-4e06-4028-b858-4464db8eec4d | ITER: 3 END: OK
2019-06-14 07:44:26.552 1390 INFO rally.task.runner [-] Task cdd400f4-4e06-4028-b858-4464db8eec4d | ITER: 7 START
2019-06-14 07:44:26.567 1386 INFO rally.task.runner [-] Task cdd400f4-4e06-4028-b858-4464db8eec4d | ITER: 2 END: OK
2019-06-14 07:44:26.571 1386 INFO rally.task.runner [-] Task cdd400f4-4e06-4028-b858-4464db8eec4d | ITER: 8 START
2019-06-14 07:44:29.724 1387 RALLYDEBUG rally.task.utils [-] Waiting for resource u'720c771b-a5af-4fc5-b6ab-2c8c160a09d6'. Status changed: NONE => QUEUED in 0.0284140110016
2019-06-14 07:44:29.925 1390 RALLYDEBUG rally.task.utils [-] Waiting for resource u'99a707fe-575f-472c-85da-b962e2b15f07'. Status changed: NONE => QUEUED in 0.0299980640411
2019-06-14 07:44:29.931 1386 RALLYDEBUG rally.task.utils [-] Waiting for resource u'32c69dcc-defd-4430-8455-7d5931608c6a'. Status changed: NONE => QUEUED in 0.0286021232605
2019-06-14 07:44:30.089 1385 RALLYDEBUG rally.task.utils [-] Waiting for resource u'e8564135-7ba3-44cb-b946-937890526860'. Status changed: NONE => QUEUED in 0.23326086998
2019-06-14 07:44:30.151 1387 RALLYDEBUG rally.task.utils [-] Waiting for resource s_rally_c7d28205_exLtQtri. Status changed: QUEUED => ACTIVE in 0.0231258869171
2019-06-14 07:44:31.197 1386 RALLYDEBUG rally.task.utils [-] Waiting for resource s_rally_c7d28205_1MU5AXQv. Status changed: QUEUED => ACTIVE in 0.0185828208923
2019-06-14 07:44:31.199 1390 RALLYDEBUG rally.task.utils [-] Waiting for resource s_rally_c7d28205_88aoBxS3. Status changed: QUEUED => ACTIVE in 0.0190510749817
2019-06-14 07:44:31.233 1385 RALLYDEBUG rally.task.utils [-] Waiting for resource s_rally_c7d28205_Ygn8ygtT. Status changed: QUEUED => ACTIVE in 0.0244979858398
2019-06-14 07:44:31.236 1387 INFO rally.task.runner [-] Task cdd400f4-4e06-4028-b858-4464db8eec4d | ITER: 6 END: OK
2019-06-14 07:44:31.239 1387 INFO rally.task.runner [-] Task cdd400f4-4e06-4028-b858-4464db8eec4d | ITER: 9 START
2019-06-14 07:44:31.266 1386 INFO rally.task.runner [-] Task cdd400f4-4e06-4028-b858-4464db8eec4d | ITER: 8 END: OK
2019-06-14 07:44:31.269 1386 INFO rally.task.runner [-] Task cdd400f4-4e06-4028-b858-4464db8eec4d | ITER: 10 START
2019-06-14 07:44:31.278 1390 INFO rally.task.runner [-] Task cdd400f4-4e06-4028-b858-4464db8eec4d | ITER: 7 END: OK
2019-06-14 07:44:31.303 1385 INFO rally.task.runner [-] Task cdd400f4-4e06-4028-b858-4464db8eec4d | ITER: 5 END: OK
2019-06-14 07:44:34.485 1386 RALLYDEBUG rally.task.utils [-] Waiting for resource u'6cd13474-0a65-46f2-a6b9-6bbb729f65a1'. Status changed: NONE => QUEUED in 0.0353920459747
2019-06-14 07:44:34.501 1387 RALLYDEBUG rally.task.utils [-] Waiting for resource u'd51a3ef5-a36d-48bd-a5ba-3789e51c6b42'. Status changed: NONE => QUEUED in 0.0316581726074
2019-06-14 07:44:36.523 1386 RALLYDEBUG rally.task.utils [-] Waiting for resource s_rally_c7d28205_6uekOFR6. Status changed: QUEUED => ACTIVE in 0.0253200531006
2019-06-14 07:44:36.559 1387 RALLYDEBUG rally.task.utils [-] Waiting for resource s_rally_c7d28205_T066nnkE. Status changed: QUEUED => ACTIVE in 0.0318560600281
2019-06-14 07:44:36.647 1386 INFO rally.task.runner [-] Task cdd400f4-4e06-4028-b858-4464db8eec4d | ITER: 10 END: OK
2019-06-14 07:44:36.652 1387 INFO rally.task.runner [-] Task cdd400f4-4e06-4028-b858-4464db8eec4d | ITER: 9 END: OK
2019-06-14 07:44:36.679 725 INFO rally.task.context [-] Task cdd400f4-4e06-4028-b858-4464db8eec4d | Context cleanup@openstack cleanup() started
2019-06-14 07:44:36.682 725 RALLYDEBUG rally_openstack.cleanup.manager [-] Cleaning up glance images objects
2019-06-14 07:44:38.796 725 RALLYDEBUG rally_openstack.cleanup.manager [-] Deleting glance.images object s_rally_c7d28205_Ygn8ygtT (e8564135-7ba3-44cb-b946-937890526860)
2019-06-14 07:44:38.797 725 RALLYDEBUG rally_openstack.cleanup.manager [-] Deleting glance.images object s_rally_c7d28205_exLtQtri (720c771b-a5af-4fc5-b6ab-2c8c160a09d6)
2019-06-14 07:44:38.798 725 RALLYDEBUG rally_openstack.cleanup.manager [-] Deleting glance.images object s_rally_c7d28205_88aoBxS3 (99a707fe-575f-472c-85da-b962e2b15f07)
2019-06-14 07:44:38.809 725 RALLYDEBUG rally_openstack.cleanup.manager [-] Deleting glance.images object s_rally_c7d28205_1MU5AXQv (32c69dcc-defd-4430-8455-7d5931608c6a)
2019-06-14 07:44:38.811 725 RALLYDEBUG rally_openstack.cleanup.manager [-] Deleting glance.images object s_rally_c7d28205_T066nnkE (d51a3ef5-a36d-48bd-a5ba-3789e51c6b42)
2019-06-14 07:44:38.813 725 RALLYDEBUG rally_openstack.cleanup.manager [-] Deleting glance.images object s_rally_c7d28205_lphkPWhE (f1bbd85d-5aa3-4709-ba9f-dfe8708cdea4)
2019-06-14 07:44:38.816 725 RALLYDEBUG rally_openstack.cleanup.manager [-] Deleting glance.images object s_rally_c7d28205_t2OHKGZ5 (911203d4-9651-4014-8dcf-a3eb66cf480a)
2019-06-14 07:44:38.823 725 RALLYDEBUG rally_openstack.cleanup.manager [-] Deleting glance.images object s_rally_c7d28205_TjU9VHNt (c5ff1da0-377f-44bc-b212-3f15ec1c9d85)
2019-06-14 07:44:38.824 725 RALLYDEBUG rally_openstack.cleanup.manager [-] Deleting glance.images object s_rally_c7d28205_uUOBoYQB (e157559c-5489-4809-8ee4-f394ae4b80d9)
2019-06-14 07:44:38.826 725 RALLYDEBUG rally_openstack.cleanup.manager [-] Deleting glance.images object s_rally_c7d28205_6uekOFR6 (6cd13474-0a65-46f2-a6b9-6bbb729f65a1)
2019-06-14 07:44:41.094 725 DEBUG glanceclient.common.http [-] Request returned failure status 404. _handle_response /usr/lib/python2.7/site-packages/glanceclient/common/http.py:125
2019-06-14 07:44:41.109 725 DEBUG glanceclient.common.http [-] Request returned failure status 404. _handle_response /usr/lib/python2.7/site-packages/glanceclient/common/http.py:125
2019-06-14 07:44:41.112 725 DEBUG glanceclient.common.http [-] Request returned failure status 404. _handle_response /usr/lib/python2.7/site-packages/glanceclient/common/http.py:125
2019-06-14 07:44:41.146 725 DEBUG glanceclient.common.http [-] Request returned failure status 404. _handle_response /usr/lib/python2.7/site-packages/glanceclient/common/http.py:125
2019-06-14 07:44:41.196 725 DEBUG glanceclient.common.http [-] Request returned failure status 404. _handle_response /usr/lib/python2.7/site-packages/glanceclient/common/http.py:125
2019-06-14 07:44:41.197 725 DEBUG glanceclient.common.http [-] Request returned failure status 404. _handle_response /usr/lib/python2.7/site-packages/glanceclient/common/http.py:125
2019-06-14 07:44:41.205 725 DEBUG glanceclient.common.http [-] Request returned failure status 404. _handle_response /usr/lib/python2.7/site-packages/glanceclient/common/http.py:125
2019-06-14 07:44:41.207 725 DEBUG glanceclient.common.http [-] Request returned failure status 404. _handle_response /usr/lib/python2.7/site-packages/glanceclient/common/http.py:125
2019-06-14 07:44:41.216 725 DEBUG glanceclient.common.http [-] Request returned failure status 404. _handle_response /usr/lib/python2.7/site-packages/glanceclient/common/http.py:125
2019-06-14 07:44:41.225 725 DEBUG glanceclient.common.http [-] Request returned failure status 404. _handle_response /usr/lib/python2.7/site-packages/glanceclient/common/http.py:125
2019-06-14 07:44:41.225 725 DEBUG glanceclient.common.http [-] Request returned failure status 404. _handle_response /usr/lib/python2.7/site-packages/glanceclient/common/http.py:125
2019-06-14 07:44:41.227 725 DEBUG glanceclient.common.http [-] Request returned failure status 404. _handle_response /usr/lib/python2.7/site-packages/glanceclient/common/http.py:125
2019-06-14 07:44:41.235 725 DEBUG glanceclient.common.http [-] Request returned failure status 404. _handle_response /usr/lib/python2.7/site-packages/glanceclient/common/http.py:125
2019-06-14 07:44:41.236 725 DEBUG glanceclient.common.http [-] Request returned failure status 404. _handle_response /usr/lib/python2.7/site-packages/glanceclient/common/http.py:125
2019-06-14 07:44:41.237 725 DEBUG glanceclient.common.http [-] Request returned failure status 404. _handle_response /usr/lib/python2.7/site-packages/glanceclient/common/http.py:125
2019-06-14 07:44:41.239 725 DEBUG glanceclient.common.http [-] Request returned failure status 404. _handle_response /usr/lib/python2.7/site-packages/glanceclient/common/http.py:125
2019-06-14 07:44:41.240 725 DEBUG glanceclient.common.http [-] Request returned failure status 404. _handle_response /usr/lib/python2.7/site-packages/glanceclient/common/http.py:125
2019-06-14 07:44:41.247 725 DEBUG glanceclient.common.http [-] Request returned failure status 404. _handle_response /usr/lib/python2.7/site-packages/glanceclient/common/http.py:125
2019-06-14 07:44:41.248 725 DEBUG glanceclient.common.http [-] Request returned failure status 404. _handle_response /usr/lib/python2.7/site-packages/glanceclient/common/http.py:125
2019-06-14 07:44:41.258 725 DEBUG glanceclient.common.http [-] Request returned failure status 404. _handle_response /usr/lib/python2.7/site-packages/glanceclient/common/http.py:125
2019-06-14 07:44:42.260 725 INFO rally.task.context [-] Task cdd400f4-4e06-4028-b858-4464db8eec4d | Context cleanup@openstack cleanup() finished in 5.58 sec
2019-06-14 07:44:42.261 725 INFO rally.task.context [-] Task cdd400f4-4e06-4028-b858-4464db8eec4d | Context users@openstack cleanup() started
2019-06-14 07:44:49.275 725 INFO rally.task.context [-] Task cdd400f4-4e06-4028-b858-4464db8eec4d | Context users@openstack cleanup() finished in 7.01 sec
2019-06-14 07:44:50.680 725 INFO rally.task.engine [-] Load duration is: 16.765221
2019-06-14 07:44:50.680 725 INFO rally.task.engine [-] Full runner duration is: 17.669121
2019-06-14 07:44:50.681 725 INFO rally.task.engine [-] Full duration is: 34.745916
2019-06-14 07:44:50.900 725 INFO rally.task.engine [-] Running workload: position = 0 config = { "version": 2, "title": "A cropped version of a bigger task.", "description": "Auto-generated task from a single workload (uuid=2f9b1e1e-b9e2-4951-8c4b-36a89c504107)", "subtasks": [ { "title": "GlanceImages.create_and_download_image", "description": "Create an image, then download data of the image.", "scenario": { "GlanceImages.create_and_download_image": { "container_format": "bare", "disk_format": "qcow2", "image_location": "/home/opnfv/functest/images/cirros-0.4.0-x86_64-disk.img" } }, "contexts": { "users": { "tenants": 3, "users_per_tenant": 2 } }, "runner": { "constant": { "concurrency": 4, "times": 10 } }, "hooks": [], "sla": { "failure_rate": { "max": 0 } } } ] }
2019-06-14 07:44:50.925 725 RALLYDEBUG rally_openstack.contexts.keystone.users [-] Creating 3 tenants using 20 threads
2019-06-14 07:44:52.817 725 RALLYDEBUG rally_openstack.contexts.keystone.users [-] Creating 6 users using 20 threads
2019-06-14 07:44:55.673 725 INFO rally.task.context [-] Task cdd400f4-4e06-4028-b858-4464db8eec4d | Context users@openstack setup() finished in 4.75 sec
2019-06-14 07:44:55.673 725 INFO rally.task.context [-] Task cdd400f4-4e06-4028-b858-4464db8eec4d | Context cleanup@openstack setup() finished in 0.01 msec
2019-06-14 07:44:55.681 725 RALLYDEBUG rally.task.runner [-] Starting the constant runner (task UUID: cdd400f4-4e06-4028-b858-4464db8eec4d). timeout: 0 concurrency: 4 concurrency_per_worker: 1 times: 10 concurrency_overhead: 0 processes_to_start: 4 max_cpu_used: 16
2019-06-14 07:44:55.694 1509 RALLYDEBUG rally.task.runner [-] Starting a worker. concurrency: 1 args: {"container_format": "bare", "disk_format": "qcow2", "image_location": "/home/opnfv/functest/images/cirros-0.4.0-x86_64-disk.img"} times: 10 method_name: run timeout: 0 duration: None cls:
2019-06-14 07:44:55.697 1510 RALLYDEBUG rally.task.runner [-] Starting a worker. concurrency: 1 args: {"container_format": "bare", "disk_format": "qcow2", "image_location": "/home/opnfv/functest/images/cirros-0.4.0-x86_64-disk.img"} times: 10 method_name: run timeout: 0 duration: None cls:
2019-06-14 07:44:55.699 1509 INFO rally.task.runner [-] Task cdd400f4-4e06-4028-b858-4464db8eec4d | ITER: 1 START
2019-06-14 07:44:55.700 1511 RALLYDEBUG rally.task.runner [-] Starting a worker. concurrency: 1 args: {"container_format": "bare", "disk_format": "qcow2", "image_location": "/home/opnfv/functest/images/cirros-0.4.0-x86_64-disk.img"} times: 10 method_name: run timeout: 0 duration: None cls:
2019-06-14 07:44:55.703 1512 RALLYDEBUG rally.task.runner [-] Starting a worker. concurrency: 1 args: {"container_format": "bare", "disk_format": "qcow2", "image_location": "/home/opnfv/functest/images/cirros-0.4.0-x86_64-disk.img"} times: 10 method_name: run timeout: 0 duration: None cls:
2019-06-14 07:44:55.703 1510 INFO rally.task.runner [-] Task cdd400f4-4e06-4028-b858-4464db8eec4d | ITER: 2 START
2019-06-14 07:44:55.705 1511 INFO rally.task.runner [-] Task cdd400f4-4e06-4028-b858-4464db8eec4d | ITER: 3 START
2019-06-14 07:44:55.709 1512 INFO rally.task.runner [-] Task cdd400f4-4e06-4028-b858-4464db8eec4d | ITER: 4 START
2019-06-14 07:44:58.988 1512 RALLYDEBUG rally.task.utils [-] Waiting for resource u'609500a3-3daa-4050-8bbb-59c5621df461'. Status changed: NONE => QUEUED in 0.0312430858612
2019-06-14 07:44:59.027 1510 RALLYDEBUG rally.task.utils [-] Waiting for resource u'8089db0a-0de8-4201-9da4-792cae8ec463'. Status changed: NONE => QUEUED in 0.0293338298798
2019-06-14 07:44:59.125 1511 RALLYDEBUG rally.task.utils [-] Waiting for resource u'a2cc0428-14d8-47ea-bde3-7748dcee0607'. Status changed: NONE => QUEUED in 0.03267121315
2019-06-14 07:44:59.197 1509 RALLYDEBUG rally.task.utils [-] Waiting for resource u'0a7e0d15-7cb1-40c3-af7e-f4c6139e8845'. Status changed: NONE => QUEUED in 0.158841133118
2019-06-14 07:44:59.424 1510 RALLYDEBUG rally.task.utils [-] Waiting for resource s_rally_2f9b1e1e_CDAm8c8N. Status changed: QUEUED => ACTIVE in 0.019257068634
2019-06-14 07:44:59.730 1510 INFO rally.task.runner [-] Task cdd400f4-4e06-4028-b858-4464db8eec4d | ITER: 2 END: OK
2019-06-14 07:44:59.734 1510 INFO rally.task.runner [-] Task cdd400f4-4e06-4028-b858-4464db8eec4d | ITER: 5 START
2019-06-14 07:45:00.410 1512 RALLYDEBUG rally.task.utils [-] Waiting for resource s_rally_2f9b1e1e_PbcdPpPc. Status changed: QUEUED => ACTIVE in 0.0304300785065
2019-06-14 07:45:00.442 1511 RALLYDEBUG rally.task.utils [-] Waiting for resource s_rally_2f9b1e1e_pfOmEmx8. Status changed: QUEUED => ACTIVE in 0.0176510810852
2019-06-14 07:45:00.597 1512 INFO rally.task.runner [-] Task cdd400f4-4e06-4028-b858-4464db8eec4d | ITER: 4 END: OK
2019-06-14 07:45:00.597 1511 INFO rally.task.runner [-] Task cdd400f4-4e06-4028-b858-4464db8eec4d | ITER: 3 END: OK
2019-06-14 07:45:00.600 1512 INFO rally.task.runner [-] Task cdd400f4-4e06-4028-b858-4464db8eec4d | ITER: 6 START
2019-06-14 07:45:00.601 1511 INFO rally.task.runner [-] Task cdd400f4-4e06-4028-b858-4464db8eec4d | ITER: 7 START
2019-06-14 07:45:00.621 1509 RALLYDEBUG rally.task.utils [-] Waiting for resource s_rally_2f9b1e1e_kZ7qlVhY. Status changed: QUEUED => ACTIVE in 0.172868967056
2019-06-14 07:45:00.760 1509 INFO rally.task.runner [-] Task cdd400f4-4e06-4028-b858-4464db8eec4d | ITER: 1 END: OK
2019-06-14 07:45:00.764 1509 INFO rally.task.runner [-] Task cdd400f4-4e06-4028-b858-4464db8eec4d | ITER: 8 START
2019-06-14 07:45:03.021 1510 RALLYDEBUG rally.task.utils [-] Waiting for resource u'ae3a578f-406e-439f-addd-8650d7aadb56'. Status changed: NONE => QUEUED in 0.0316059589386
2019-06-14 07:45:03.561 1510 RALLYDEBUG rally.task.utils [-] Waiting for resource s_rally_2f9b1e1e_L0Xi8zmL. Status changed: QUEUED => ACTIVE in 0.0168108940125
2019-06-14 07:45:03.714 1510 INFO rally.task.runner [-] Task cdd400f4-4e06-4028-b858-4464db8eec4d | ITER: 5 END: OK
2019-06-14 07:45:03.717 1510 INFO rally.task.runner [-] Task cdd400f4-4e06-4028-b858-4464db8eec4d | ITER: 9 START
2019-06-14 07:45:03.832 1512 RALLYDEBUG rally.task.utils [-] Waiting for resource u'f6d054fe-fddc-419d-b18f-8a390088372c'. Status changed: NONE => QUEUED in 0.0296030044556
2019-06-14 07:45:03.888 1511 RALLYDEBUG rally.task.utils [-] Waiting for resource u'60b48f69-17b0-4a21-be73-def92cf3e322'. Status changed: NONE => QUEUED in 0.0256109237671
2019-06-14 07:45:03.974 1509 RALLYDEBUG rally.task.utils [-] Waiting for resource u'c21c9258-6869-4d12-9d75-844bdeaecf46'. Status changed: NONE => QUEUED in 0.0287518501282
2019-06-14 07:45:04.579 1512 RALLYDEBUG rally.task.utils [-] Waiting for resource s_rally_2f9b1e1e_rvQ1FBMF. Status changed: QUEUED => ACTIVE in 0.019299030304
2019-06-14 07:45:04.592 1511 RALLYDEBUG rally.task.utils [-] Waiting for resource s_rally_2f9b1e1e_o3MJOdgd. Status changed: QUEUED => ACTIVE in 0.0182609558105
2019-06-14 07:45:04.601 1509 RALLYDEBUG rally.task.utils [-] Waiting for resource s_rally_2f9b1e1e_EDGAaYwy. Status changed: QUEUED => ACTIVE in 0.0242178440094
2019-06-14 07:45:04.763 1511 INFO rally.task.runner [-] Task cdd400f4-4e06-4028-b858-4464db8eec4d | ITER: 7 END: OK
2019-06-14 07:45:04.767 1511 INFO rally.task.runner [-] Task cdd400f4-4e06-4028-b858-4464db8eec4d | ITER: 10 START
2019-06-14 07:45:04.772 1509 INFO rally.task.runner [-] Task cdd400f4-4e06-4028-b858-4464db8eec4d | ITER: 8 END: OK
2019-06-14 07:45:04.774 1512 INFO rally.task.runner [-] Task cdd400f4-4e06-4028-b858-4464db8eec4d | ITER: 6 END: OK
2019-06-14 07:45:07.017 1510 RALLYDEBUG rally.task.utils [-] Waiting for resource u'229df28c-355c-46ac-b800-dacd322d6cb9'. Status changed: NONE => QUEUED in 0.0343210697174
2019-06-14 07:45:07.692 1510 RALLYDEBUG rally.task.utils [-] Waiting for resource s_rally_2f9b1e1e_D13Nkq3t. Status changed: QUEUED => ACTIVE in 0.0175218582153
2019-06-14 07:45:07.829 1510 INFO rally.task.runner [-] Task cdd400f4-4e06-4028-b858-4464db8eec4d | ITER: 9 END: OK
2019-06-14 07:45:08.053 1511 RALLYDEBUG rally.task.utils [-] Waiting for resource u'8b862354-8039-46a0-9d7a-d31f45d2c883'. Status changed: NONE => QUEUED in 0.0294849872589
2019-06-14 07:45:08.763 1511 RALLYDEBUG rally.task.utils [-] Waiting for resource s_rally_2f9b1e1e_LvwLRb8M. Status changed: QUEUED => ACTIVE in 0.0174980163574
2019-06-14 07:45:08.908 1511 INFO rally.task.runner [-] Task cdd400f4-4e06-4028-b858-4464db8eec4d | ITER: 10 END: OK
2019-06-14 07:45:08.931 725 INFO rally.task.context [-] Task cdd400f4-4e06-4028-b858-4464db8eec4d | Context cleanup@openstack cleanup() started
2019-06-14 07:45:08.933 725 RALLYDEBUG rally_openstack.cleanup.manager [-] Cleaning up glance images objects
2019-06-14 07:45:11.194 725 RALLYDEBUG rally_openstack.cleanup.manager [-] Deleting glance.images object s_rally_2f9b1e1e_PbcdPpPc (609500a3-3daa-4050-8bbb-59c5621df461)
2019-06-14 07:45:11.195 725 RALLYDEBUG rally_openstack.cleanup.manager [-] Deleting glance.images object s_rally_2f9b1e1e_LvwLRb8M (8b862354-8039-46a0-9d7a-d31f45d2c883)
2019-06-14 07:45:11.205 725 RALLYDEBUG rally_openstack.cleanup.manager [-] Deleting glance.images object s_rally_2f9b1e1e_CDAm8c8N (8089db0a-0de8-4201-9da4-792cae8ec463)
2019-06-14 07:45:11.207 725 RALLYDEBUG rally_openstack.cleanup.manager [-] Deleting glance.images object s_rally_2f9b1e1e_L0Xi8zmL (ae3a578f-406e-439f-addd-8650d7aadb56)
2019-06-14 07:45:11.208 725 RALLYDEBUG rally_openstack.cleanup.manager [-] Deleting glance.images object s_rally_2f9b1e1e_o3MJOdgd (60b48f69-17b0-4a21-be73-def92cf3e322)
2019-06-14 07:45:11.211 725 RALLYDEBUG rally_openstack.cleanup.manager [-] Deleting glance.images object s_rally_2f9b1e1e_pfOmEmx8 (a2cc0428-14d8-47ea-bde3-7748dcee0607)
2019-06-14 07:45:11.214 725 RALLYDEBUG rally_openstack.cleanup.manager [-] Deleting glance.images object s_rally_2f9b1e1e_D13Nkq3t (229df28c-355c-46ac-b800-dacd322d6cb9)
2019-06-14 07:45:11.228 725 RALLYDEBUG rally_openstack.cleanup.manager [-] Deleting glance.images object s_rally_2f9b1e1e_kZ7qlVhY (0a7e0d15-7cb1-40c3-af7e-f4c6139e8845)
2019-06-14 07:45:11.228 725 RALLYDEBUG rally_openstack.cleanup.manager [-] Deleting glance.images object s_rally_2f9b1e1e_EDGAaYwy (c21c9258-6869-4d12-9d75-844bdeaecf46)
2019-06-14 07:45:11.231 725 RALLYDEBUG rally_openstack.cleanup.manager [-] Deleting glance.images object s_rally_2f9b1e1e_rvQ1FBMF (f6d054fe-fddc-419d-b18f-8a390088372c)
2019-06-14 07:45:13.185 725 DEBUG glanceclient.common.http [-] Request returned failure status 404. _handle_response /usr/lib/python2.7/site-packages/glanceclient/common/http.py:125
2019-06-14 07:45:13.188 725 DEBUG glanceclient.common.http [-] Request returned failure status 404. _handle_response /usr/lib/python2.7/site-packages/glanceclient/common/http.py:125
2019-06-14 07:45:13.200 725 DEBUG glanceclient.common.http [-] Request returned failure status 404. _handle_response /usr/lib/python2.7/site-packages/glanceclient/common/http.py:125
2019-06-14 07:45:13.202 725 DEBUG glanceclient.common.http [-] Request returned failure status 404. _handle_response /usr/lib/python2.7/site-packages/glanceclient/common/http.py:125
2019-06-14 07:45:14.270 725 DEBUG glanceclient.common.http [-] Request returned failure status 404. _handle_response /usr/lib/python2.7/site-packages/glanceclient/common/http.py:125
2019-06-14 07:45:14.275 725 DEBUG glanceclient.common.http [-] Request returned failure status 404. _handle_response /usr/lib/python2.7/site-packages/glanceclient/common/http.py:125
2019-06-14 07:45:14.295 725 DEBUG glanceclient.common.http [-] Request returned failure status 404. _handle_response /usr/lib/python2.7/site-packages/glanceclient/common/http.py:125
2019-06-14 07:45:14.297 725 DEBUG glanceclient.common.http [-] Request returned failure status 404. _handle_response /usr/lib/python2.7/site-packages/glanceclient/common/http.py:125
2019-06-14 07:45:15.332 725 DEBUG glanceclient.common.http [-] Request returned failure status 404. _handle_response /usr/lib/python2.7/site-packages/glanceclient/common/http.py:125
2019-06-14 07:45:15.350 725 DEBUG glanceclient.common.http [-] Request returned failure status 404. _handle_response /usr/lib/python2.7/site-packages/glanceclient/common/http.py:125
2019-06-14 07:45:15.376 725 DEBUG glanceclient.common.http [-] Request returned failure status 404. _handle_response /usr/lib/python2.7/site-packages/glanceclient/common/http.py:125
2019-06-14 07:45:15.378 725 DEBUG glanceclient.common.http [-] Request returned failure status 404. _handle_response /usr/lib/python2.7/site-packages/glanceclient/common/http.py:125
2019-06-14 07:45:15.403 725 DEBUG glanceclient.common.http [-] Request returned failure status 404. _handle_response /usr/lib/python2.7/site-packages/glanceclient/common/http.py:125
2019-06-14 07:45:15.405 725 DEBUG glanceclient.common.http [-] Request returned failure status 404. _handle_response /usr/lib/python2.7/site-packages/glanceclient/common/http.py:125
2019-06-14 07:45:15.454 725 DEBUG glanceclient.common.http [-] Request returned failure status 404. _handle_response /usr/lib/python2.7/site-packages/glanceclient/common/http.py:125
2019-06-14 07:45:15.497 725 DEBUG glanceclient.common.http [-] Request returned failure status 404. _handle_response /usr/lib/python2.7/site-packages/glanceclient/common/http.py:125
2019-06-14 07:45:15.498 725 DEBUG glanceclient.common.http [-] Request returned failure status 404. _handle_response /usr/lib/python2.7/site-packages/glanceclient/common/http.py:125
2019-06-14 07:45:15.500 725 DEBUG glanceclient.common.http [-] Request returned failure status 404. _handle_response /usr/lib/python2.7/site-packages/glanceclient/common/http.py:125
2019-06-14 07:45:15.523 725 DEBUG glanceclient.common.http [-] Request returned failure status 404. _handle_response /usr/lib/python2.7/site-packages/glanceclient/common/http.py:125
2019-06-14 07:45:15.526 725 DEBUG glanceclient.common.http [-] Request returned failure status 404. _handle_response /usr/lib/python2.7/site-packages/glanceclient/common/http.py:125
2019-06-14 07:45:16.529 725 INFO rally.task.context [-] Task cdd400f4-4e06-4028-b858-4464db8eec4d | Context cleanup@openstack cleanup() finished in 7.60 sec
2019-06-14 07:45:16.529 725 INFO rally.task.context [-] Task cdd400f4-4e06-4028-b858-4464db8eec4d | Context users@openstack cleanup() started
2019-06-14 07:45:23.823 725 INFO rally.task.context [-] Task cdd400f4-4e06-4028-b858-4464db8eec4d | Context users@openstack cleanup() finished in 7.29 sec
2019-06-14 07:45:25.061 725 INFO rally.task.engine [-] Load duration is: 12.360916
2019-06-14 07:45:25.062 725 INFO rally.task.engine [-] Full runner duration is: 13.250207
2019-06-14 07:45:25.062 725 INFO rally.task.engine [-] Full duration is: 32.900716
2019-06-14 07:45:25.302 725 INFO rally.task.engine [-] Running workload: position = 0 config = { "version": 2, "title": "A cropped version of a bigger task.", "description": "Auto-generated task from a single workload (uuid=5a8c8c1f-ce94-4e2c-a85f-4695044fe557)", "subtasks": [ { "title": "GlanceImages.create_and_get_image", "description": "Create and get detailed information of an image.", "scenario": { "GlanceImages.create_and_get_image": { "container_format": "bare", "disk_format": "qcow2", "image_location": "/home/opnfv/functest/images/cirros-0.4.0-x86_64-disk.img" } }, "contexts": { "users": { "tenants": 3, "users_per_tenant": 2 } }, "runner": { "constant": { "concurrency": 4, "times": 10 } }, "hooks": [], "sla": { "failure_rate": { "max": 0 } } } ] }
2019-06-14 07:45:25.325 725 RALLYDEBUG rally_openstack.contexts.keystone.users [-] Creating 3 tenants using 20 threads
2019-06-14 07:45:27.071 725 RALLYDEBUG rally_openstack.contexts.keystone.users [-] Creating 6 users using 20 threads
2019-06-14 07:45:29.980 725 INFO rally.task.context [-] Task cdd400f4-4e06-4028-b858-4464db8eec4d | Context users@openstack setup() finished in 4.66 sec
2019-06-14 07:45:29.980 725 INFO rally.task.context [-] Task cdd400f4-4e06-4028-b858-4464db8eec4d | Context cleanup@openstack setup() finished in 0.00 msec
2019-06-14 07:45:29.987 725 RALLYDEBUG rally.task.runner [-] Starting the constant runner (task UUID: cdd400f4-4e06-4028-b858-4464db8eec4d). timeout: 0 concurrency: 4 concurrency_per_worker: 1 times: 10 concurrency_overhead: 0 processes_to_start: 4 max_cpu_used: 16
2019-06-14 07:45:30.000 1633 RALLYDEBUG rally.task.runner [-] Starting a worker. concurrency: 1 args: {"container_format": "bare", "disk_format": "qcow2", "image_location": "/home/opnfv/functest/images/cirros-0.4.0-x86_64-disk.img"} times: 10 method_name: run timeout: 0 duration: None cls:
2019-06-14 07:45:30.004 1634 RALLYDEBUG rally.task.runner [-] Starting a worker. concurrency: 1 args: {"container_format": "bare", "disk_format": "qcow2", "image_location": "/home/opnfv/functest/images/cirros-0.4.0-x86_64-disk.img"} times: 10 method_name: run timeout: 0 duration: None cls:
2019-06-14 07:45:30.006 1633 INFO rally.task.runner [-] Task cdd400f4-4e06-4028-b858-4464db8eec4d | ITER: 1 START
2019-06-14 07:45:30.008 1635 RALLYDEBUG rally.task.runner [-] Starting a worker. concurrency: 1 args: {"container_format": "bare", "disk_format": "qcow2", "image_location": "/home/opnfv/functest/images/cirros-0.4.0-x86_64-disk.img"} times: 10 method_name: run timeout: 0 duration: None cls:
2019-06-14 07:45:30.010 1634 INFO rally.task.runner [-] Task cdd400f4-4e06-4028-b858-4464db8eec4d | ITER: 2 START
2019-06-14 07:45:30.011 1636 RALLYDEBUG rally.task.runner [-] Starting a worker. concurrency: 1 args: {"container_format": "bare", "disk_format": "qcow2", "image_location": "/home/opnfv/functest/images/cirros-0.4.0-x86_64-disk.img"} times: 10 method_name: run timeout: 0 duration: None cls:
2019-06-14 07:45:30.014 1635 INFO rally.task.runner [-] Task cdd400f4-4e06-4028-b858-4464db8eec4d | ITER: 3 START
2019-06-14 07:45:30.016 1636 INFO rally.task.runner [-] Task cdd400f4-4e06-4028-b858-4464db8eec4d | ITER: 4 START
2019-06-14 07:45:33.302 1636 RALLYDEBUG rally.task.utils [-] Waiting for resource u'd2fc1c40-02e4-4255-a6be-b3ac7bb593b7'. Status changed: NONE => QUEUED in 0.0350680351257
2019-06-14 07:45:33.324 1633 RALLYDEBUG rally.task.utils [-] Waiting for resource u'6d276deb-e3d3-40ee-b408-0abba574c2f6'. Status changed: NONE => QUEUED in 0.0405459403992
2019-06-14 07:45:33.328 1635 RALLYDEBUG rally.task.utils [-] Waiting for resource u'15b41005-6f41-47a7-9f36-2b9d08dab73c'. Status changed: NONE => QUEUED in 0.0403189659119
2019-06-14 07:45:33.369 1634 RALLYDEBUG rally.task.utils [-] Waiting for resource u'1e4a365d-5954-4404-8125-cd3b56a72599'. Status changed: NONE => QUEUED in 0.02818608284
2019-06-14 07:45:33.721 1636 RALLYDEBUG rally.task.utils [-] Waiting for resource s_rally_5a8c8c1f_UQy3EbUr. Status changed: QUEUED => ACTIVE in 0.0203988552094
2019-06-14 07:45:33.742 1636 INFO rally.task.runner [-] Task cdd400f4-4e06-4028-b858-4464db8eec4d | ITER: 4 END: OK
2019-06-14 07:45:33.745 1636 INFO rally.task.runner [-] Task cdd400f4-4e06-4028-b858-4464db8eec4d | ITER: 5 START
2019-06-14 07:45:34.740 1633 RALLYDEBUG rally.task.utils [-] Waiting for resource s_rally_5a8c8c1f_6jHKuogP. Status changed: QUEUED => ACTIVE in 0.0244500637054
2019-06-14 07:45:34.744 1634 RALLYDEBUG rally.task.utils [-] Waiting for resource s_rally_5a8c8c1f_obqWfkoB. Status changed: QUEUED => ACTIVE in 0.0182008743286
2019-06-14 07:45:34.761 1634 INFO rally.task.runner [-] Task cdd400f4-4e06-4028-b858-4464db8eec4d | ITER: 2 END: OK
2019-06-14 07:45:34.765 1634 INFO rally.task.runner [-] Task cdd400f4-4e06-4028-b858-4464db8eec4d | ITER: 6 START
2019-06-14 07:45:34.765 1633 INFO rally.task.runner [-] Task cdd400f4-4e06-4028-b858-4464db8eec4d | ITER: 1 END: OK
2019-06-14 07:45:34.767 1635 RALLYDEBUG rally.task.utils [-] Waiting for resource s_rally_5a8c8c1f_jfBG6Lor. Status changed: QUEUED => ACTIVE in 0.0231070518494
2019-06-14 07:45:34.769 1633 INFO rally.task.runner [-] Task cdd400f4-4e06-4028-b858-4464db8eec4d | ITER: 7 START
2019-06-14 07:45:34.785 1635 INFO rally.task.runner [-] Task cdd400f4-4e06-4028-b858-4464db8eec4d | ITER: 3 END: OK
2019-06-14 07:45:34.789 1635 INFO rally.task.runner [-] Task cdd400f4-4e06-4028-b858-4464db8eec4d | ITER: 8 START
2019-06-14 07:45:37.009 1636 RALLYDEBUG rally.task.utils [-] Waiting for resource u'e9bba4fc-d3aa-4e3b-85d9-5b2d9b34d8e9'. Status changed: NONE => QUEUED in 0.0314500331879
2019-06-14 07:45:37.960 1636 RALLYDEBUG rally.task.utils [-] Waiting for resource s_rally_5a8c8c1f_CRiQUCpJ. Status changed: QUEUED => ACTIVE in 0.0182821750641
2019-06-14 07:45:37.979 1636 INFO rally.task.runner [-] Task cdd400f4-4e06-4028-b858-4464db8eec4d | ITER: 5 END: OK
2019-06-14 07:45:37.982 1636 INFO rally.task.runner [-] Task cdd400f4-4e06-4028-b858-4464db8eec4d | ITER: 9 START
2019-06-14 07:45:38.069 1634 RALLYDEBUG rally.task.utils [-] Waiting for resource u'9d1589e6-7ce1-45c7-a9ec-11181953969d'. Status changed: NONE => QUEUED in 0.0413088798523
2019-06-14 07:45:38.072 1635 RALLYDEBUG rally.task.utils [-] Waiting for resource u'826bb077-4e54-48ff-b4af-bbc7ff9f9b56'. Status changed: NONE => QUEUED in 0.030492067337
2019-06-14 07:45:38.135 1633 RALLYDEBUG rally.task.utils [-] Waiting for resource u'800e1849-b909-489d-98be-01121f928786'. Status changed: NONE => QUEUED in 0.0470240116119
2019-06-14 07:45:41.005 1635 RALLYDEBUG rally.task.utils [-] Waiting for resource s_rally_5a8c8c1f_DujquJe1. Status changed: QUEUED => ACTIVE in 0.033509016037
2019-06-14 07:45:41.007 1634 RALLYDEBUG rally.task.utils [-] Waiting for resource s_rally_5a8c8c1f_ZXENe6pE. Status changed: QUEUED => ACTIVE in 0.0368909835815
2019-06-14 07:45:41.043 1635 INFO rally.task.runner [-] Task cdd400f4-4e06-4028-b858-4464db8eec4d | ITER: 8 END: OK
2019-06-14 07:45:41.046 1634 INFO rally.task.runner [-] Task cdd400f4-4e06-4028-b858-4464db8eec4d | ITER: 6 END: OK
2019-06-14 07:45:41.047 1635 INFO rally.task.runner [-] Task cdd400f4-4e06-4028-b858-4464db8eec4d | ITER: 10 START
2019-06-14 07:45:41.074 1633 RALLYDEBUG rally.task.utils [-] Waiting for resource s_rally_5a8c8c1f_aY5kwMRE. Status changed: QUEUED => ACTIVE in 0.0190010070801
2019-06-14 07:45:41.095 1633 INFO rally.task.runner [-] Task cdd400f4-4e06-4028-b858-4464db8eec4d | ITER: 7 END: OK
2019-06-14 07:45:41.168 1636 RALLYDEBUG rally.task.utils [-] Waiting for resource u'821964ce-e352-46e8-b996-694cf99fccc3'. Status changed: NONE => QUEUED in 0.0281918048859
2019-06-14 07:45:42.163 1636 RALLYDEBUG rally.task.utils [-] Waiting for resource s_rally_5a8c8c1f_soOfbUwE. Status changed: QUEUED => ACTIVE in 0.0167939662933
2019-06-14 07:45:42.179 1636 INFO rally.task.runner [-] Task cdd400f4-4e06-4028-b858-4464db8eec4d | ITER: 9 END: OK
2019-06-14 07:45:44.212 1635 RALLYDEBUG rally.task.utils [-] Waiting for resource u'84a100df-d3d5-401b-a22b-62d7f0e34b30'. Status changed: NONE => QUEUED in 0.0294570922852
2019-06-14 07:45:45.238 1635 RALLYDEBUG rally.task.utils [-] Waiting for resource s_rally_5a8c8c1f_hiX1f8W3. Status changed: QUEUED => ACTIVE in 0.0213170051575
2019-06-14 07:45:45.257 1635 INFO rally.task.runner [-] Task cdd400f4-4e06-4028-b858-4464db8eec4d | ITER: 10 END: OK
2019-06-14 07:45:45.281 725 INFO rally.task.context [-] Task cdd400f4-4e06-4028-b858-4464db8eec4d | Context cleanup@openstack cleanup() started
2019-06-14 07:45:45.284 725 RALLYDEBUG rally_openstack.cleanup.manager [-] Cleaning up glance images objects
2019-06-14 07:45:47.619 725 RALLYDEBUG rally_openstack.cleanup.manager [-] Deleting glance.images object s_rally_5a8c8c1f_obqWfkoB (1e4a365d-5954-4404-8125-cd3b56a72599)
2019-06-14 07:45:47.625 725 RALLYDEBUG rally_openstack.cleanup.manager [-] Deleting glance.images object s_rally_5a8c8c1f_aY5kwMRE (800e1849-b909-489d-98be-01121f928786)
2019-06-14 07:45:47.626 725 RALLYDEBUG rally_openstack.cleanup.manager [-] Deleting glance.images object s_rally_5a8c8c1f_CRiQUCpJ (e9bba4fc-d3aa-4e3b-85d9-5b2d9b34d8e9)
2019-06-14 07:45:47.630 725 RALLYDEBUG rally_openstack.cleanup.manager [-] Deleting glance.images object s_rally_5a8c8c1f_hiX1f8W3 (84a100df-d3d5-401b-a22b-62d7f0e34b30)
2019-06-14 07:45:47.633 725 RALLYDEBUG rally_openstack.cleanup.manager [-] Deleting glance.images object s_rally_5a8c8c1f_DujquJe1 (826bb077-4e54-48ff-b4af-bbc7ff9f9b56)
2019-06-14 07:45:47.634 725 RALLYDEBUG rally_openstack.cleanup.manager [-] Deleting glance.images object s_rally_5a8c8c1f_ZXENe6pE (9d1589e6-7ce1-45c7-a9ec-11181953969d)
2019-06-14 07:45:47.637 725 RALLYDEBUG rally_openstack.cleanup.manager [-] Deleting glance.images object s_rally_5a8c8c1f_6jHKuogP (6d276deb-e3d3-40ee-b408-0abba574c2f6)
2019-06-14 07:45:47.639 725 RALLYDEBUG rally_openstack.cleanup.manager [-] Deleting glance.images object s_rally_5a8c8c1f_soOfbUwE (821964ce-e352-46e8-b996-694cf99fccc3)
2019-06-14 07:45:47.645 725 RALLYDEBUG rally_openstack.cleanup.manager [-] Deleting glance.images object s_rally_5a8c8c1f_UQy3EbUr (d2fc1c40-02e4-4255-a6be-b3ac7bb593b7)
2019-06-14 07:45:47.652 725 RALLYDEBUG rally_openstack.cleanup.manager [-] Deleting glance.images object s_rally_5a8c8c1f_jfBG6Lor (15b41005-6f41-47a7-9f36-2b9d08dab73c)
2019-06-14 07:45:49.257 725 DEBUG glanceclient.common.http [-] Request returned failure status 404. _handle_response /usr/lib/python2.7/site-packages/glanceclient/common/http.py:125
2019-06-14 07:45:49.283 725 DEBUG glanceclient.common.http [-] Request returned failure status 404. _handle_response /usr/lib/python2.7/site-packages/glanceclient/common/http.py:125
2019-06-14 07:45:49.283 725 DEBUG glanceclient.common.http [-] Request returned failure status 404. _handle_response /usr/lib/python2.7/site-packages/glanceclient/common/http.py:125
2019-06-14 07:45:49.291 725 DEBUG glanceclient.common.http [-] Request returned failure status 404. _handle_response /usr/lib/python2.7/site-packages/glanceclient/common/http.py:125
2019-06-14 07:45:49.293 725 DEBUG glanceclient.common.http [-] Request returned failure status 404. _handle_response /usr/lib/python2.7/site-packages/glanceclient/common/http.py:125
2019-06-14 07:45:49.308 725 DEBUG glanceclient.common.http [-] Request returned failure status 404. _handle_response /usr/lib/python2.7/site-packages/glanceclient/common/http.py:125
2019-06-14 07:45:49.321 725 DEBUG glanceclient.common.http [-] Request returned failure status 404. _handle_response /usr/lib/python2.7/site-packages/glanceclient/common/http.py:125
