2019-06-14 08:09:24.876 6543 INFO rally.task.engine [-] Task abf01248-34e5-40c5-9fed-f57b3b03c56d | Completed: Task validation of syntax.
2019-06-14 08:09:24.877 6543 INFO rally.task.engine [-] Task abf01248-34e5-40c5-9fed-f57b3b03c56d | Starting: Task validation of required platforms.
2019-06-14 08:09:24.938 6543 INFO rally.task.engine [-] Task abf01248-34e5-40c5-9fed-f57b3b03c56d | Completed: Task validation of required platforms.
2019-06-14 08:09:24.939 6543 INFO rally.task.engine [-] Task abf01248-34e5-40c5-9fed-f57b3b03c56d | Starting: Task validation of semantic.
2019-06-14 08:09:24.939 6543 INFO rally.task.engine [-] Check health of the environment '52b92ab9-64d5-4d34-9568-100a80b26895'.
2019-06-14 08:09:25.702 6543 INFO rally.task.engine [-] Platform existing@openstack (available: True): OK!
2019-06-14 08:09:25.715 6543 RALLYDEBUG rally_openstack.contexts.keystone.users [-] Creating 1 tenants using 20 threads
2019-06-14 08:09:27.577 6543 RALLYDEBUG rally_openstack.contexts.keystone.users [-] Creating 1 users using 20 threads
2019-06-14 08:09:30.213 6543 INFO rally.task.context [-] Task abf01248-34e5-40c5-9fed-f57b3b03c56d | Context users@openstack setup() finished in 4.50 sec
2019-06-14 08:09:37.055 6543 INFO rally.task.context [-] Task abf01248-34e5-40c5-9fed-f57b3b03c56d | Context users@openstack cleanup() started
2019-06-14 08:09:41.724 6543 INFO rally.task.context [-] Task abf01248-34e5-40c5-9fed-f57b3b03c56d | Context users@openstack cleanup() finished in 4.67 sec
2019-06-14 08:09:41.725 6543 INFO rally.task.engine [-] Task abf01248-34e5-40c5-9fed-f57b3b03c56d | Completed: Task validation of semantic.
2019-06-14 08:09:41.725 6543 INFO rally.task.engine [-] Task abf01248-34e5-40c5-9fed-f57b3b03c56d | Completed: Task validation.
2019-06-14 08:09:41.725 6543 INFO rally.api [-] Task abf01248-34e5-40c5-9fed-f57b3b03c56d input file is valid.
2019-06-14 08:09:41.726 6543 INFO rally.api [-] Run Task abf01248-34e5-40c5-9fed-f57b3b03c56d against Deployment 52b92ab9-64d5-4d34-9568-100a80b26895
2019-06-14 08:09:41.726 6543 INFO rally.task.engine [-] Task abf01248-34e5-40c5-9fed-f57b3b03c56d | Starting: Running task.
2019-06-14 08:09:41.857 6543 INFO rally.task.engine [-] Running workload: position = 0 config = { "version": 2, "title": "A cropped version of a bigger task.", "description": "Auto-generated task from a single workload (uuid=59ab3420-b115-4069-a70e-89aa38da7422)", "subtasks": [ { "title": "Gnocchi.list_capabilities", "description": "List supported aggregation methods.", "scenario": { "Gnocchi.list_capabilities": {} }, "contexts": { "users": { "tenants": 3, "users_per_tenant": 2 } }, "runner": { "constant": { "concurrency": 4, "times": 10 } }, "hooks": [], "sla": { "failure_rate": { "max": 0 } } } ] }
2019-06-14 08:09:41.876 6543 RALLYDEBUG rally_openstack.contexts.keystone.users [-] Creating 3 tenants using 20 threads
2019-06-14 08:09:43.716 6543 RALLYDEBUG rally_openstack.contexts.keystone.users [-] Creating 6 users using 20 threads
2019-06-14 08:09:46.367 6543 INFO rally.task.context [-] Task abf01248-34e5-40c5-9fed-f57b3b03c56d | Context users@openstack setup() finished in 4.49 sec
2019-06-14 08:09:46.375 6543 RALLYDEBUG rally.task.runner [-] Starting the constant runner (task UUID: abf01248-34e5-40c5-9fed-f57b3b03c56d). timeout: 0 concurrency: 4 concurrency_per_worker: 1 times: 10 concurrency_overhead: 0 processes_to_start: 4 max_cpu_used: 16
2019-06-14 08:09:46.388 6667 RALLYDEBUG rally.task.runner [-] Starting a worker. concurrency: 1 args: {} times: 10 method_name: run timeout: 0 duration: None cls:
2019-06-14 08:09:46.390 6668 RALLYDEBUG rally.task.runner [-] Starting a worker. concurrency: 1 args: {} times: 10 method_name: run timeout: 0 duration: None cls:
2019-06-14 08:09:46.394 6669 RALLYDEBUG rally.task.runner [-] Starting a worker. concurrency: 1 args: {} times: 10 method_name: run timeout: 0 duration: None cls:
2019-06-14 08:09:46.395 6667 INFO rally.task.runner [-] Task abf01248-34e5-40c5-9fed-f57b3b03c56d | ITER: 1 START
2019-06-14 08:09:46.396 6668 INFO rally.task.runner [-] Task abf01248-34e5-40c5-9fed-f57b3b03c56d | ITER: 2 START
2019-06-14 08:09:46.397 6670 RALLYDEBUG rally.task.runner [-] Starting a worker. concurrency: 1 args: {} times: 10 method_name: run timeout: 0 duration: None cls:
2019-06-14 08:09:46.399 6669 INFO rally.task.runner [-] Task abf01248-34e5-40c5-9fed-f57b3b03c56d | ITER: 3 START
2019-06-14 08:09:46.403 6670 INFO rally.task.runner [-] Task abf01248-34e5-40c5-9fed-f57b3b03c56d | ITER: 4 START
2019-06-14 08:09:47.112 6668 INFO rally.task.runner [-] Task abf01248-34e5-40c5-9fed-f57b3b03c56d | ITER: 2 END: OK
2019-06-14 08:09:47.116 6668 INFO rally.task.runner [-] Task abf01248-34e5-40c5-9fed-f57b3b03c56d | ITER: 5 START
2019-06-14 08:09:47.128 6667 INFO rally.task.runner [-] Task abf01248-34e5-40c5-9fed-f57b3b03c56d | ITER: 1 END: OK
2019-06-14 08:09:47.132 6667 INFO rally.task.runner [-] Task abf01248-34e5-40c5-9fed-f57b3b03c56d | ITER: 6 START
2019-06-14 08:09:47.133 6670 INFO rally.task.runner [-] Task abf01248-34e5-40c5-9fed-f57b3b03c56d | ITER: 4 END: OK
2019-06-14 08:09:47.133 6669 INFO rally.task.runner [-] Task abf01248-34e5-40c5-9fed-f57b3b03c56d | ITER: 3 END: OK
2019-06-14 08:09:47.136 6670 INFO rally.task.runner [-] Task abf01248-34e5-40c5-9fed-f57b3b03c56d | ITER: 7 START
2019-06-14 08:09:47.136 6669 INFO rally.task.runner [-] Task abf01248-34e5-40c5-9fed-f57b3b03c56d | ITER: 8 START
2019-06-14 08:09:47.770 6670 INFO rally.task.runner [-] Task abf01248-34e5-40c5-9fed-f57b3b03c56d | ITER: 7 END: OK
2019-06-14 08:09:47.773 6670 INFO rally.task.runner [-] Task abf01248-34e5-40c5-9fed-f57b3b03c56d | ITER: 9 START
2019-06-14 08:09:47.820 6667 INFO rally.task.runner [-] Task abf01248-34e5-40c5-9fed-f57b3b03c56d | ITER: 6 END: OK
2019-06-14 08:09:47.821 6669 INFO rally.task.runner [-] Task abf01248-34e5-40c5-9fed-f57b3b03c56d | ITER: 8 END: OK
2019-06-14 08:09:47.825 6667 INFO rally.task.runner [-] Task abf01248-34e5-40c5-9fed-f57b3b03c56d | ITER: 10 START
2019-06-14 08:09:47.825 6668 INFO rally.task.runner [-] Task abf01248-34e5-40c5-9fed-f57b3b03c56d | ITER: 5 END: OK
2019-06-14 08:09:48.465 6670 INFO rally.task.runner [-] Task abf01248-34e5-40c5-9fed-f57b3b03c56d | ITER: 9 END: OK
2019-06-14 08:09:48.516 6667 INFO rally.task.runner [-] Task abf01248-34e5-40c5-9fed-f57b3b03c56d | ITER: 10 END: OK
2019-06-14 08:09:48.544 6543 INFO rally.task.context [-] Task abf01248-34e5-40c5-9fed-f57b3b03c56d | Context users@openstack cleanup() started
2019-06-14 08:09:56.136 6543 INFO rally.task.context [-] Task abf01248-34e5-40c5-9fed-f57b3b03c56d | Context users@openstack cleanup() finished in 7.59 sec
2019-06-14 08:09:57.963 6543 INFO rally.task.engine [-] Load duration is: 2.119414
2019-06-14 08:09:57.964 6543 INFO rally.task.engine [-] Full runner duration is: 2.170109
2019-06-14 08:09:57.964 6543 INFO rally.task.engine [-] Full duration is: 14.261438
2019-06-14 08:09:58.192 6543 INFO rally.task.engine [-] Running workload: position = 0 config = { "version": 2, "title": "A cropped version of a bigger task.", "description": "Auto-generated task from a single workload (uuid=72b5d6a0-26b3-4b07-a49b-9bdb90005c64)", "subtasks": [ { "title": "Gnocchi.get_status", "description": "Get the status of measurements processing.", "scenario": { "Gnocchi.get_status": { "detailed": false } }, "contexts": { "users": { "tenants": 3, "users_per_tenant": 2 } }, "runner": { "constant": { "concurrency": 4, "times": 10 } }, "hooks": [], "sla": { "failure_rate": { "max": 0 } } } ] }
2019-06-14 08:09:58.211 6543 RALLYDEBUG rally_openstack.contexts.keystone.users [-] Creating 3 tenants using 20 threads
2019-06-14 08:10:00.007 6543 RALLYDEBUG rally_openstack.contexts.keystone.users [-] Creating 6 users using 20 threads
2019-06-14 08:10:02.710 6543 INFO rally.task.context [-] Task abf01248-34e5-40c5-9fed-f57b3b03c56d | Context users@openstack setup() finished in 4.50 sec
2019-06-14 08:10:02.719 6543 RALLYDEBUG rally.task.runner [-] Starting the constant runner (task UUID: abf01248-34e5-40c5-9fed-f57b3b03c56d). timeout: 0 concurrency: 4 concurrency_per_worker: 1 times: 10 concurrency_overhead: 0 processes_to_start: 4 max_cpu_used: 16
2019-06-14 08:10:02.732 6771 RALLYDEBUG rally.task.runner [-] Starting a worker. concurrency: 1 args: {"detailed": false} times: 10 method_name: run timeout: 0 duration: None cls:
2019-06-14 08:10:02.735 6772 RALLYDEBUG rally.task.runner [-] Starting a worker. concurrency: 1 args: {"detailed": false} times: 10 method_name: run timeout: 0 duration: None cls:
2019-06-14 08:10:02.738 6773 RALLYDEBUG rally.task.runner [-] Starting a worker. concurrency: 1 args: {"detailed": false} times: 10 method_name: run timeout: 0 duration: None cls:
2019-06-14 08:10:02.738 6771 INFO rally.task.runner [-] Task abf01248-34e5-40c5-9fed-f57b3b03c56d | ITER: 1 START
2019-06-14 08:10:02.740 6772 INFO rally.task.runner [-] Task abf01248-34e5-40c5-9fed-f57b3b03c56d | ITER: 2 START
2019-06-14 08:10:02.740 6774 RALLYDEBUG rally.task.runner [-] Starting a worker. concurrency: 1 args: {"detailed": false} times: 10 method_name: run timeout: 0 duration: None cls:
2019-06-14 08:10:02.744 6773 INFO rally.task.runner [-] Task abf01248-34e5-40c5-9fed-f57b3b03c56d | ITER: 3 START
2019-06-14 08:10:02.745 6774 INFO rally.task.runner [-] Task abf01248-34e5-40c5-9fed-f57b3b03c56d | ITER: 4 START
2019-06-14 08:10:03.463 6773 INFO rally.task.runner [-] Task abf01248-34e5-40c5-9fed-f57b3b03c56d | ITER: 3 END: OK
2019-06-14 08:10:03.466 6773 INFO rally.task.runner [-] Task abf01248-34e5-40c5-9fed-f57b3b03c56d | ITER: 5 START
2019-06-14 08:10:03.475 6772 INFO rally.task.runner [-] Task abf01248-34e5-40c5-9fed-f57b3b03c56d | ITER: 2 END: OK
2019-06-14 08:10:03.478 6771 INFO rally.task.runner [-] Task abf01248-34e5-40c5-9fed-f57b3b03c56d | ITER: 1 END: OK
2019-06-14 08:10:03.478 6774 INFO rally.task.runner [-] Task abf01248-34e5-40c5-9fed-f57b3b03c56d | ITER: 4 END: OK
2019-06-14 08:10:03.479 6772 INFO rally.task.runner [-] Task abf01248-34e5-40c5-9fed-f57b3b03c56d | ITER: 6 START
2019-06-14 08:10:03.482 6774 INFO rally.task.runner [-] Task abf01248-34e5-40c5-9fed-f57b3b03c56d | ITER: 8 START
2019-06-14 08:10:03.483 6771 INFO rally.task.runner [-] Task abf01248-34e5-40c5-9fed-f57b3b03c56d | ITER: 7 START
2019-06-14 08:10:04.193 6773 INFO rally.task.runner [-] Task abf01248-34e5-40c5-9fed-f57b3b03c56d | ITER: 5 END: OK
2019-06-14 08:10:04.196 6773 INFO rally.task.runner [-] Task abf01248-34e5-40c5-9fed-f57b3b03c56d | ITER: 9 START
2019-06-14 08:10:04.205 6771 INFO rally.task.runner [-] Task abf01248-34e5-40c5-9fed-f57b3b03c56d | ITER: 7 END: OK
2019-06-14 08:10:04.209 6771 INFO rally.task.runner [-] Task abf01248-34e5-40c5-9fed-f57b3b03c56d | ITER: 10 START
2019-06-14 08:10:04.221 6774 INFO rally.task.runner [-] Task abf01248-34e5-40c5-9fed-f57b3b03c56d | ITER: 8 END: OK
2019-06-14 08:10:04.223 6772 INFO rally.task.runner [-] Task abf01248-34e5-40c5-9fed-f57b3b03c56d | ITER: 6 END: OK
2019-06-14 08:10:04.846 6771 INFO rally.task.runner [-] Task abf01248-34e5-40c5-9fed-f57b3b03c56d | ITER: 10 END: OK
2019-06-14 08:10:04.848 6773 INFO rally.task.runner [-] Task abf01248-34e5-40c5-9fed-f57b3b03c56d | ITER: 9 END: OK
2019-06-14 08:10:04.869 6543 INFO rally.task.context [-] Task abf01248-34e5-40c5-9fed-f57b3b03c56d | Co