2019-06-14 08:02:07.072 1842 INFO rally.task.context [-] Task c618174b-b155-454d-980e-52aa8fc56f12 | Context quotas@openstack cleanup() finished in 0.77 sec
2019-06-14 08:02:07.072 1842 INFO rally.task.context [-] Task c618174b-b155-454d-980e-52aa8fc56f12 | Context api_versions@openstack cleanup() started
2019-06-14 08:02:07.073 1842 INFO rally.task.context [-] Task c618174b-b155-454d-980e-52aa8fc56f12 | Context api_versions@openstack cleanup() finished in 0.28 msec
2019-06-14 08:02:07.073 1842 INFO rally.task.context [-] Task c618174b-b155-454d-980e-52aa8fc56f12 | Context users@openstack cleanup() started
2019-06-14 08:02:13.868 1842 INFO rally.task.context [-] Task c618174b-b155-454d-980e-52aa8fc56f12 | Context users@openstack cleanup() finished in 6.80 sec
2019-06-14 08:02:14.185 1842 INFO rally.task.engine [-] Load duration is: 17.363491
2019-06-14 08:02:14.185 1842 INFO rally.task.engine [-] Full runner duration is: 17.413713
2019-06-14 08:02:14.186 1842 INFO rally.task.engine [-] Full duration is: 55.923973
2019-06-14 08:02:14.423 1842 INFO rally.task.engine [-] Running workload: position = 0 config = { "version": 2, "title": "A cropped version of a bigger task.", "description": "Auto-generated task from a single workload (uuid=fc302e09-a699-48be-b545-d7faca2e74df)", "subtasks": [ { "title": "CinderVolumes.create_and_delete_volume", "description": "Create and then delete a volume.", "scenario": { "CinderVolumes.create_and_delete_volume": { "size": { "max": 1, "min": 1 } } }, "contexts": { "users": { "tenants": 3, "users_per_tenant": 2 }, "quotas": { "cinder": { "gigabytes": -1, "snapshots": -1, "volumes": -1 } }, "api_versions": { "cinder": { "version": 3, "service_type": "volumev3" } } }, "runner": { "constant": { "concurrency": 4, "times": 10 } }, "hooks": [], "sla": { "failure_rate": { "max": 0 } } } ] }
2019-06-14 08:02:14.448 1842 RALLYDEBUG rally_openstack.contexts.keystone.users [-] Creating 3 tenants using 20 threads
2019-06-14 08:02:16.195 1842 RALLYDEBUG rally_openstack.contexts.keystone.users [-] Creating 6 users using 20 threads
2019-06-14 08:02:18.812 1842 INFO rally.task.context [-] Task c618174b-b155-454d-980e-52aa8fc56f12 | Context users@openstack setup() finished in 4.36 sec
2019-06-14 08:02:19.234 1842 INFO rally.task.context [-] Task c618174b-b155-454d-980e-52aa8fc56f12 | Context api_versions@openstack setup() finished in 0.42 sec
2019-06-14 08:02:20.801 1842 INFO rally.task.context [-] Task c618174b-b155-454d-980e-52aa8fc56f12 | Context quotas@openstack setup() finished in 1.57 sec
2019-06-14 08:02:20.802 1842 INFO rally.task.context [-] Task c618174b-b155-454d-980e-52aa8fc56f12 | Context cleanup@openstack setup() finished in 0.01 msec
2019-06-14 08:02:20.810 1842 RALLYDEBUG rally.task.runner [-] Starting the constant runner (task UUID: c618174b-b155-454d-980e-52aa8fc56f12). timeout: 0 concurrency: 4 concurrency_per_worker: 1 times: 10 concurrency_overhead: 0 processes_to_start: 4 max_cpu_used: 16
2019-06-14 08:02:20.823 4170 RALLYDEBUG rally.task.runner [-] Starting a worker. concurrency: 1 args: {"size": {"max": 1, "min": 1}} times: 10 method_name: run timeout: 0 duration: None cls:
2019-06-14 08:02:20.826 4171 RALLYDEBUG rally.task.runner [-] Starting a worker. concurrency: 1 args: {"size": {"max": 1, "min": 1}} times: 10 method_name: run timeout: 0 duration: None cls:
2019-06-14 08:02:20.829 4172 RALLYDEBUG rally.task.runner [-] Starting a worker. concurrency: 1 args: {"size": {"max": 1, "min": 1}} times: 10 method_name: run timeout: 0 duration: None cls:
2019-06-14 08:02:20.832 4173 RALLYDEBUG rally.task.runner [-] Starting a worker. concurrency: 1 args: {"size": {"max": 1, "min": 1}} times: 10 method_name: run timeout: 0 duration: None cls:
2019-06-14 08:02:20.833 4170 INFO rally.task.runner [-] Task c618174b-b155-454d-980e-52aa8fc56f12 | ITER: 1 START
2019-06-14 08:02:20.835 4171 INFO rally.task.runner [-] Task c618174b-b155-454d-980e-52aa8fc56f12 | ITER: 2 START
2019-06-14 08:02:20.836 4172 INFO rally.task.runner [-] Task c618174b-b155-454d-980e-52aa8fc56f12 | ITER: 3 START
2019-06-14 08:02:20.841 4173 INFO rally.task.runner [-] Task c618174b-b155-454d-980e-52aa8fc56f12 | ITER: 4 START
2019-06-14 08:02:24.693 4172 INFO rally.task.runner [-] Task c618174b-b155-454d-980e-52aa8fc56f12 | ITER: 3 END: OK
2019-06-14 08:02:24.698 4172 INFO rally.task.runner [-] Task c618174b-b155-454d-980e-52aa8fc56f12 | ITER: 5 START
2019-06-14 08:02:25.066 4170 RALLYDEBUG rally.task.utils [-] Waiting for resource s_rally_fc302e09_aCIGmAOt. Status changed: AVAILABLE => DELETING in 0.292379140854
2019-06-14 08:02:25.110 4171 RALLYDEBUG rally.task.utils [-] Waiting for resource s_rally_fc302e09_jiPQ0m7p. Status changed: AVAILABLE => DELETING in 0.307397842407
2019-06-14 08:02:25.135 4173 RALLYDEBUG rally.task.utils [-] Waiting for resource s_rally_fc302e09_VgsKVnEH. Status changed: AVAILABLE => DELETING in 0.266685962677
2019-06-14 08:02:27.111 4170 INFO rally.task.runner [-] Task c618174b-b155-454d-980e-52aa8fc56f12 | ITER: 1 END: OK
2019-06-14 08:02:27.117 4170 INFO rally.task.runner [-] Task c618174b-b155-454d-980e-52aa8fc56f12 | ITER: 6 START
2019-06-14 08:02:27.158 4171 INFO rally.task.runner [-] Task c618174b-b155-454d-980e-52aa8fc56f12 | ITER: 2 END: OK
2019-06-14 08:02:27.163 4171 INFO rally.task.runner [-] Task c618174b-b155-454d-980e-52aa8fc56f12 | ITER: 7 START
2019-06-14 08:02:27.174 4173 INFO rally.task.runner [-] Task c618174b-b155-454d-980e-52aa8fc56f12 | ITER: 4 END: OK
2019-06-14 08:02:27.180 4173 INFO rally.task.runner [-] Task c618174b-b155-454d-980e-52aa8fc56f12 | ITER: 8 START
2019-06-14 08:02:28.474 4172 RALLYDEBUG rally.task.utils [-] Waiting for resource s_rally_fc302e09_z5Ip5grj. Status changed: AVAILABLE => DELETING in 0.289167165756
2019-06-14 08:02:30.712 4172 INFO rally.task.runner [-] Task c618174b-b155-454d-980e-52aa8fc56f12 | ITER: 5 END: OK
2019-06-14 08:02:30.718 4172 INFO rally.task.runner [-] Task c618174b-b155-454d-980e-52aa8fc56f12 | ITER: 9 START
2019-06-14 08:02:30.789 4170 RALLYDEBUG rally.task.utils [-] Waiting for resource s_rally_fc302e09_zNecOw5H. Status changed: AVAILABLE => DELETING in 0.0571060180664
2019-06-14 08:02:30.949 4171 RALLYDEBUG rally.task.utils [-] Waiting for resource s_rally_fc302e09_R8zlsytA. Status changed: AVAILABLE => DELETING in 0.0546169281006
2019-06-14 08:02:31.401 4173 RALLYDEBUG rally.task.utils [-] Waiting for resource s_rally_fc302e09_W0DlccWj. Status changed: AVAILABLE => DELETING in 0.245044946671
2019-06-14 08:02:33.020 4170 INFO rally.task.runner [-] Task c618174b-b155-454d-980e-52aa8fc56f12 | ITER: 6 END: OK
2019-06-14 08:02:33.025 4170 INFO rally.task.runner [-] Task c618174b-b155-454d-980e-52aa8fc56f12 | ITER: 10 START
2019-06-14 08:02:33.184 4171 INFO rally.task.runner [-] Task c618174b-b155-454d-980e-52aa8fc56f12 | ITER: 7 END: OK
2019-06-14 08:02:33.442 4173 INFO rally.task.runner [-] Task c618174b-b155-454d-980e-52aa8fc56f12 | ITER: 8 END: OK
2019-06-14 08:02:34.861 4172 INFO rally.task.runner [-] Task c618174b-b155-454d-980e-52aa8fc56f12 | ITER: 9 END: OK
2019-06-14 08:02:36.811 4170 RALLYDEBUG rally.task.utils [-] Waiting for resource s_rally_fc302e09_JZX0lKAb. Status changed: AVAILABLE => DELETING in 0.0550451278687
2019-06-14 08:02:38.849 4170 INFO rally.task.runner [-] Task c618174b-b155-454d-980e-52aa8fc56f12 | ITER: 10 END: OK
2019-06-14 08:02:38.873 1842 INFO rally.task.context [-] Task c618174b-b155-454d-980e-52aa8fc56f12 | Context cleanup@openstack cleanup() started
2019-06-14 08:02:38.876 1842 RALLYDEBUG rally_openstack.cleanup.manager [-] Cleaning up cinder backups objects
2019-06-14 08:02:40.830 1842 RALLYDEBUG rally_openstack.cleanup.manager [-] Cleaning up cinder volume_snapshots objects
2019-06-14 08:02:42.781 1842 RALLYDEBUG rally_openstack.cleanup.manager [-] Cleaning up cinder transfers objects
2019-06-14 08:02:44.707 1842 RALLYDEBUG rally_openstack.cleanup.manager [-] Cleaning up cinder volumes objects
2019-06-14 08:02:46.784 1842 INFO rally.task.context [-] Task c618174b-b155-454d-980e-52aa8fc56f12 | Context cleanup@openstack cleanup() finished in 7.91 sec
2019-06-14 08:02:46.784 1842 INFO rally.task.context [-] Task c618174b-b155-454d-980e-52aa8fc56f12 | Context quotas@openstack cleanup() started
2019-06-14 08:02:47.413 1842 INFO rally.task.context [-] Task c618174b-b155-454d-980e-52aa8fc56f12 | Context quotas@openstack cleanup() finished in 0.63 sec
2019-06-14 08:02:47.414 1842 INFO rally.task.context [-] Task c618174b-b155-454d-980e-52aa8fc56f12 | Context api_versions@openstack cleanup() started
2019-06-14 08:02:47.414 1842 INFO rally.task.context [-] Task c618174b-b155-454d-980e-52aa8fc56f12 | Context api_versions@openstack cleanup() finished in 0.31 msec
2019-06-14 08:02:47.414 1842 INFO rally.task.context [-] Task c618174b-b155-454d-980e-52aa8fc56f12 | Context users@openstack cleanup() started
2019-06-14 08:02:54.216 1842 INFO rally.task.context [-] Task c618174b-b155-454d-980e-52aa8fc56f12 | Context users@openstack cleanup() finished in 6.80 sec
2019-06-14 08:02:54.624 1842 INFO rally.task.engine [-] Load duration is: 18.012428
2019-06-14 08:02:54.625 1842 INFO rally.task.engine [-] Full runner duration is: 18.063966
2019-06-14 08:02:54.625 1842 INFO rally.task.engine [-] Full duration is: 39.770873
2019-06-14 08:02:54.784 1842 INFO rally.task.engine [-] Running workload: position = 1 config = { "version": 2, "title": "A cropped version of a bigger task.", "description": "Auto-generated task from a single workload (uuid=c14f58da-5408-4ddc-b71d-91983b15bc89)", "subtasks": [ { "title": "CinderVolumes.create_and_delete_volume", "description": "Create and then delete a volume.", "scenario": { "CinderVolumes.create_and_delete_volume": { "image": { "name": "rally_full-img_5c7d399e-e46e-4e41-93c9-4e4cdb43700b" }, "size": 1 } }, "contexts": { "users": { "tenants": 3, "users_per_tenant": 2 }, "quotas": { "cinder": { "gigabytes": -1, "snapshots": -1, "volumes": -1 } }, "api_versions": { "cinder": { "version": 3, "service_type": "volumev3" } } }, "runner": { "constant": { "concurrency": 4, "times": 10 } }, "hooks": [], "sla": { "failure_rate": { "max": 0 } } } ] }
2019-06-14 08:02:54.805 1842 RALLYDEBUG rally_openstack.contexts.keystone.users [-] Creating 3 tenants using 20 threads
2019-06-14 08:02:56.734 1842 RALLYDEBUG rally_openstack.contexts.keystone.users [-] Creating 6 users using 20 threads
2019-06-14 08:02:59.568 1842 INFO rally.task.context [-] Task c618174b-b155-454d-980e-52aa8fc56f12 | Context users@openstack setup() finished in 4.76 sec
2019-06-14 08:02:59.985 1842 INFO rally.task.context [-] Task c618174b-b155-454d-980e-52aa8fc56f12 | Context api_versions@openstack setup() finished in 0.42 sec
2019-06-14 08:03:01.541 1842 INFO rally.task.context [-] Task c618174b-b155-454d-980e-52aa8fc56f12 | Context quotas@openstack setup() finished in 1.56 sec
2019-06-14 08:03:01.541 1842 INFO rally.task.context [-] Task c618174b-b155-454d-980e-52aa8fc56f12 | Context cleanup@openstack setup() finished in 0.00 msec
2019-06-14 08:03:02.262 1842 RALLYDEBUG rally.task.runner [-] Starting the constant runner (task UUID: c618174b-b155-454d-980e-52aa8fc56f12). timeout: 0 concurrency: 4 concurrency_per_worker: 1 times: 10 concurrency_overhead: 0 processes_to_start: 4 max_cpu_used: 16
2019-06-14 08:03:02.275 4354 RALLYDEBUG rally.task.runner [-] Starting a worker. concurrency: 1 args: {"image": "c138b2d5-dbe1-4b6a-acf1-c8a405e687f6", "size": 1} times: 10 method_name: run timeout: 0 duration: None cls:
2019-06-14 08:03:02.278 4355 RALLYDEBUG rally.task.runner [-] Starting a worker. concurrency: 1 args: {"image": "c138b2d5-dbe1-4b6a-acf1-c8a405e687f6", "size": 1} times: 10 method_name: run timeout: 0 duration: None cls:
2019-06-14 08:03:02.280 4356 RALLYDEBUG rally.task.runner [-] Starting a worker. concurrency: 1 args: {"image": "c138b2d5-dbe1-4b6a-acf1-c8a405e687f6", "size": 1} times: 10 method_name: run timeout: 0 duration: None cls:
2019-06-14 08:03:02.283 4354 INFO rally.task.runner [-] Task c618174b-b155-454d-980e-52aa8fc56f12 | ITER: 1 START
2019-06-14 08:03:02.284 4357 RALLYDEBUG rally.task.runner [-] Starting a worker. concurrency: 1 args: {"image": "c138b2d5-dbe1-4b6a-acf1-c8a405e687f6", "size": 1} times: 10 method_name: run timeout: 0 duration: None cls:
2019-06-14 08:03:02.286 4355 INFO rally.task.runner [-] Task c618174b-b155-454d-980e-52aa8fc56f12 | ITER: 2 START
2019-06-14 08:03:02.288 4356 INFO rally.task.runner [-] Task c618174b-b155-454d-980e-52aa8fc56f12 | ITER: 3 START
2019-06-14 08:03:02.294 4357 INFO rally.task.runner [-] Task c618174b-b155-454d-980e-52aa8fc56f12 | ITER: 4 START
2019-06-14 08:03:08.695 4356 RALLYDEBUG rally.task.utils [-] Waiting for resource s_rally_c14f58da_GLxgW7NW. Status changed: DOWNLOADING => AVAILABLE in 2.98216104507
2019-06-14 08:03:08.734 4357 RALLYDEBUG rally.task.utils [-] Waiting for resource s_rally_c14f58da_GAYKNml4. Status changed: DOWNLOADING => AVAILABLE in 2.97178006172
2019-06-14 08:03:08.762 4355 RALLYDEBUG rally.task.utils [-] Waiting for resource s_rally_c14f58da_KC2qLhYr. Status changed: DOWNLOADING => AVAILABLE in 2.98283100128
2019-06-14 08:03:09.065 4355 INFO rally.task.runner [-] Task c618174b-b155-454d-980e-52aa8fc56f12 | ITER: 2 END: OK
2019-06-14 08:03:09.070 4355 INFO rally.task.runner [-] Task c618174b-b155-454d-980e-52aa8fc56f12 | ITER: 5 START
2019-06-14 08:03:09.158 4357 RALLYDEBUG rally.task.utils [-] Waiting for resource s_rally_c14f58da_GAYKNml4. Status changed: AVAILABLE => DELETING in 0.0542938709259
2019-06-14 08:03:09.519 4356 RALLYDEBUG rally.task.utils [-] Waiting for resource s_rally_c14f58da_GLxgW7NW. Status changed: AVAILABLE => DELETING in 0.240134954453
2019-06-14 08:03:11.003 4354 RALLYDEBUG rally.task.utils [-] Waiting for resource s_rally_c14f58da_h7AQobNp. Status changed: DOWNLOADING => AVAILABLE in 4.89681386948
2019-06-14 08:03:11.199 4357 INFO rally.task.runner [-] Task c618174b-b155-454d-980e-52aa8fc56f12 | ITER: 4 END: OK
2019-06-14 08:03:11.204 4357 INFO rally.task.runner [-] Task c618174b-b155-454d-980e-52aa8fc56f12 | ITER: 6 START
2019-06-14 08:03:11.560 4356 INFO rally.task.runner [-] Task c618174b-b155-454d-980e-52aa8fc56f12 | ITER: 3 END: OK
2019-06-14 08:03:11.566 4356 INFO rally.task.runner [-] Task c618174b-b155-454d-980e-52aa8fc56f12 | ITER: 7 START
2019-06-14 08:03:11.603 4354 INFO rally.task.runner [-] Task c618174b-b155-454d-980e-52aa8fc56f12 | ITER: 1 END: OK
2019-06-14 08:03:11.608 4354 INFO rally.task.runner [-] Task c618174b-b155-454d-980e-52aa8fc56f12 | ITER: 8 START
2019-06-14 08:03:15.116 4357 RALLYDEBUG rally.task.utils [-] Waiting for resource s_rally_c14f58da_vJGnS4SI. Status changed: CREATING => DOWNLOADING in 0.691518068314
2019-06-14 08:03:15.241 4355 RALLYDEBUG rally.task.utils [-] Waiting for resource s_rally_c14f58da_Eu4bzBrp. Status changed: DOWNLOADING => AVAILABLE in 2.85181117058
2019-06-14 08:03:15.956 4355 RALLYDEBUG rally.task.utils [-] Waiting for resource s_rally_c14f58da_Eu4bzBrp. Status changed: AVAILABLE => DELETING in 0.36500287056
2019-06-14 08:03:17.447 4357 RALLYDEBUG rally.task.utils [-] Waiting for resource s_rally_c14f58da_vJGnS4SI. Status changed: DOWNLOADING => AVAILABLE in 2.33051300049
2019-06-14 08:03:17.664 4356 RALLYDEBUG rally.task.utils [-] Waiting for resource s_rally_c14f58da_wkKDMsRh. Status changed: DOWNLOADING => AVAILABLE in 2.84906482697
2019-06-14 08:03:17.761 4357 RALLYDEBUG rally.task.utils [-] Waiting for resource s_rally_c14f58da_vJGnS4SI. Status changed: AVAILABLE => DELETING in 0.0573689937592
2019-06-14 08:03:18.270 4356 RALLYDEBUG rally.task.utils [-] Waiting for resource s_rally_c14f58da_wkKDMsRh. Status changed: AVAILABLE => DELETING in 0.345621824265
2019-06-14 08:03:18.280 4354 RALLYDEBUG rally.task.utils [-] Waiting for resource s_rally_c14f58da_8wxlbyFY. Status changed: DOWNLOADING => AVAILABLE in 2.88622689247
2019-06-14 08:03:18.386 4355 INFO rally.task.runner [-] Task c618174b-b155-454d-980e-52aa8fc56f12 | ITER: 5 END: OK
2019-06-14 08:03:18.392 4355 INFO rally.task.runner [-] Task c618174b-b155-454d-980e-52aa8fc56f12 | ITER: 9 START
2019-06-14 08:03:18.644 4354 RALLYDEBUG rally.task.utils [-] Waiting for resource s_rally_c14f58da_8wxlbyFY. Status changed: AVAILABLE => DELETING in 0.281436920166
2019-06-14 08:03:19.797 4357 INFO rally.task.runner [-] Task c618174b-b155-454d-980e-52aa8fc56f12 | ITER: 6 END: OK
2019-06-14 08:03:19.803 4357 INFO rally.task.runner [-] Task c618174b-b155-454d-980e-52aa8fc56f12 | ITER: 10 START
2019-06-14 08:03:20.518 4356 INFO rally.task.runner [-] Task c618174b-b155-454d-980e-52aa8fc56f12 | ITER: 7 END: OK
2019-06-14 08:03:20.693 4354 INFO rally.task.runner [-] Task c618174b-b155-454d-980e-52aa8fc56f12 | ITER: 8 END: OK
2019-06-14 08:03:24.533 4355 RALLYDEBUG rally.task.utils [-] Waiting for resource s_rally_c14f58da_Fy0l1Ieg. Status changed: DOWNLOADING => AVAILABLE in 2.82368397713
2019-06-14 08:03:25.010 4355 RALLYDEBUG rally.task.utils [-] Waiting for resource s_rally_c14f58da_Fy0l1Ieg. Status changed: AVAILABLE => DELETING in 0.23352599144
2019-06-14 08:03:25.429 4357 RALLYDEBUG rally.task.utils [-] Waiting for resource s_rally_c14f58da_G1CtrhZ7. Status changed: DOWNLOADING => AVAILABLE in 2.37387514114
2019-06-14 08:03:25.752 4357 RALLYDEBUG rally.task.utils [-] Waiting for resource s_rally_c14f58da_G1CtrhZ7. Status changed: AVAILABLE => DELETING in 0.0518901348114
2019-06-14 08:03:27.337 4355 INFO rally.task.runner [-] Task c618174b-b155-454d-980e-52aa8fc56f12 | ITER: 9 END: OK
2019-06-14 08:03:27.967 4357 INFO rally.task.runner [-] Task c618174b-b155-454d-980e-52aa8fc56f12 | ITER: 10 END: OK
2019-06-14 08:03:27.993 1842 INFO rally.task.context [-] Task c618174b-b155-454d-980e-52aa8fc56f12 | Context cleanup@openstack cleanup() started
2019-06-14 08:03:27.995 1842 RALLYDEBUG rally_openstack.cleanup.manager [-] Cleaning up cinder backups objects
2019-06-14 08:03:29.898 1842 RALLYDEBUG rally_openstack.cleanup.manager [-] Cleaning up cinder volume_snapshots objects
2019-06-14 08:03:31.966 1842 RALLYDEBUG rally_openstack.cleanup.manager [-] Cleaning up cinder transfers objects
2019-06-14 08:03:33.980 1842 RALLYDEBUG rally_openstack.cleanup.manager [-] Cleaning up cinder volumes objects
2019-06-14 08:03:35.920 1842 INFO rally.task.context [-] Task c618174b-b155-454d-980e-52aa8fc56f12 | Context cleanup@openstack cleanup() finished in 7.93 sec
2019-06-14 08:03:35.920 1842 INFO rally.task.context [-] Task c618174b-b155-454d-980e-52aa8fc56f12 | Context quotas@openstack cleanup() started
2019-06-14 08:03:36.559 1842 INFO rally.task.context [-] Task c618174b-b155-454d-980e-52aa8fc56f12 | Context quotas@openstack cleanup() finished in 0.64 sec
2019-06-14 08:03:36.560 1842 INFO rally.task.context [-] Task c618174b-b155-454d-980e-52aa8fc56f12 | Context api_versions@openstack cleanup() started
2019-06-14 08:03:36.560 1842 INFO rally.task.context [-] Task c618174b-b155-454d-980e-52aa8fc56f12 | Context api_versions@openstack cleanup() finished in 0.34 msec
2019-06-14 08:03:36.561 1842 INFO rally.task.context [-] Task c618174b-b155-454d-980e-52aa8fc56f12 | Context users@openstack cleanup() started
2019-06-14 08:03:43.536 1842 INFO rally.task.context [-] Task c618174b-b155-454d-980e-52aa8fc56f12 | Context users@openstack cleanup() finished in 6.98 sec
2019-06-14 08:03:45.035 1842 INFO rally.task.engine [-] Load duration is: 25.680132
2019-06-14 08:03:45.036 1842 INFO rally.task.engine [-] Full runner duration is: 25.731277
2019-06-14 08:03:45.036 1842 INFO rally.task.engine [-] Full duration is: 48.733674
2019-06-14 08:03:45.166 1842 INFO rally.task.engine [-] Running workload: position = 2 config = { "version": 2, "title": "A cropped version of a bigger task.", "description": "Auto-generated task from a single workload (uuid=d4d50d37-f687-4cca-8428-ac428aa8d9ff)", "subtasks": [ { "title": "CinderVolumes.create_and_delete_volume", "description": "Create and then delete a volume.", "scenario": { "CinderVolumes.create_and_delete_volume": { "size": 1 } }, "contexts": { "users": { "tenants": 3, "users_per_tenant": 2 }, "quotas": { "cinder": { "gigabytes": -1, "snapshots": -1, "volumes": -1 } }, "api_versions": { "cinder": { "version": 3, "service_type": "volumev3" } } }, "runner": { "constant": { "concurrency": 4, "times": 10 } }, "hooks": [], "sla": { "failure_rate": { "max": 0 } } } ] }
2019-06-14 08:03:45.186 1842 RALLYDEBUG rally_openstack.contexts.keystone.users [-] Creating 3 tenants using 20 threads
2019-06-14 08:03:46.989 1842 RALLYDEBUG rally_openstack.contexts.keystone.users [-] Creating 6 users using 20 threads
2019-06-14 08:03:49.631 1842 INFO rally.task.context [-] Task c618174b-b155-454d-980e-52aa8fc56f12 | Context users@openstack setup() finished in 4.45 sec
2019-06-14 08:03:50.050 1842 INFO rally.task.context [-] Task c618174b-b155-454d-980e-52aa8fc56f12 | Context api_versions@openstack setup() finished in 0.42 sec
2019-06-14 08:03:51.668 1842 INFO rally.task.context [-] Task c618174b-b155-454d-980e-52aa8fc56f12 | Context quotas@openstack setup() finished in 1.62 sec
2019-06-14 08:03:51.669 1842 INFO rally.task.context [-] Task c618174b-b155-454d-980e-52aa8fc56f12 | Context cleanup@openstack setup() finished in 0.00 msec
2019-06-14 08:03:51.675 1842 RALLYDEBUG rally.task.runner [-] Starting the constant runner (task UUID: c618174b-b155-454d-980e-52aa8fc56f12). timeout: 0 concurrency: 4 concurrency_per_worker: 1 times: 10 concurrency_overhead: 0 processes_to_start: 4 max_cpu_used: 16
2019-06-14 08:03:51.688 4538 RALLYDEBUG rally.task.runner [-] Starting a worker. concurrency: 1 args: {"size": 1} times: 10 method_name: run timeout: 0 duration: None cls:
2019-06-14 08:03:51.691 4539 RALLYDEBUG rally.task.runner [-] Starting a worker. concurrency: 1 args: {"size": 1} times: 10 method_name: run timeout: 0 duration: None cls:
2019-06-14 08:03:51.693 4540 RALLYDEBUG rally.task.runner [-] Starting a worker. concurrency: 1 args: {"size": 1} times: 10 method_name: run timeout: 0 duration: None cls:
2019-06-14 08:03:51.696 4541 RALLYDEBUG rally.task.runner [-] Starting a worker. concurrency: 1 args: {"size": 1} times: 10 method_name: run timeout: 0 duration: None cls:
2019-06-14 08:03:51.697 4538 INFO rally.task.runner [-] Task c618174b-b155-454d-980e-52aa8fc56f12 | ITER: 1 START
2019-06-14 08:03:51.699 4539 INFO rally.task.runner [-] Task c618174b-b155-454d-980e-52aa8fc56f12 | ITER: 2 START
2019-06-14 08:03:51.701 4540 INFO rally.task.runner [-] Task c618174b-b155-454d-980e-52aa8fc56f12 | ITER: 3 START
2019-06-14 08:03:51.704 4541 INFO rally.task.runner [-] Task c618174b-b155-454d-980e-52aa8fc56f12 | ITER: 4 START
2019-06-14 08:03:55.911 4539 RALLYDEBUG rally.task.utils [-] Waiting for resource s_rally_d4d50d37_VrohduZ4. Status changed: AVAILABLE => DELETING in 0.0572810173035
2019-06-14 08:03:55.919 4538 RALLYDEBUG rally.task.utils [-] Waiting for resource s_rally_d4d50d37_GWoh7oq9. Status changed: AVAILABLE => DELETING in 0.244878053665
2019-06-14 08:03:56.062 4540 RALLYDEBUG rally.task.utils [-] Waiting for resource s_rally_d4d50d37_Xsw50Khs. Status changed: AVAILABLE => DELETING in 0.279634952545
2019-06-14 08:03:56.389 4541 RALLYDEBUG rally.task.utils [-] Waiting for resource s_rally_d4d50d37_MaShjKWE. Status changed: AVAILABLE => DELETING in 0.246598005295
2019-06-14 08:03:58.100 4540 INFO rally.task.runner [-] Task c618174b-b155-454d-980e-52aa8fc56f12 | ITER: 3 END: OK
2019-06-14 08:03:58.105 4540 INFO rally.task.runner [-] Task c618174b-b155-454d-980e-52aa8fc56f12 | ITER: 5 START
2019-06-14 08:03:58.147 4539 INFO rally.task.runner [-] Task c618174b-b155-454d-980e-52aa8fc56f12 | ITER: 2 END: OK
2019-06-14 08:03:58.153 4539 INFO rally.task.runner [-] Task c618174b-b155-454d-980e-52aa8fc56f12 | ITER: 6 START
2019-06-14 08:03:58.167 4538 INFO rally.task.runner [-] Task c618174b-b155-454d-980e-52aa8fc56f12 | ITER: 1 END: OK
2019-06-14 08:03:58.171 4538 INFO rally.task.runner [-] Task c618174b-b155-454d-980e-52aa8fc56f12 | ITER: 7 START
2019-06-14 08:03:58.610 4541 INFO rally.task.runner [-] Task c618174b-b155-454d-980e-52aa8fc56f12 | ITER: 4 END: OK
2019-06-14 08:03:58.615 4541 INFO rally.task.runner [-] Task c618174b-b155-454d-980e-52aa8fc56f12 | ITER: 8 START
2019-06-14 08:04:02.266 4538 RALLYDEBUG rally.task.utils [-] Waiting for resource s_rally_d4d50d37_ojtEDRBR. Status changed: AVAILABLE => DELETING in 0.262063026428
2019-06-14 08:04:02.277 4539 RALLYDEBUG rally.task.utils [-] Waiting for resource s_rally_d4d50d37_u73wmcFf. Status changed: AVAILABLE => DELETING in 0.325678825378
2019-06-14 08:04:02.422 4540 RALLYDEBUG rally.task.utils [-] Waiting for resource s_rally_d4d50d37_2YpCasF7. Status changed: AVAILABLE => DELETING in 0.447607040405
2019-06-14 08:04:02.801 4541 RALLYDEBUG rally.task.utils [-] Waiting for resource s_rally_d4d50d37_0npSNIhJ. Status changed: AVAILABLE => DELETING in 0.251791954041
2019-06-14 08:04:04.516 4539 INFO rally.task.runner [-] Task c618174b-b155-454d-980e-52aa8fc56f12 | ITER: 6 END: OK
2019-06-14 08:04:04.517 4538 INFO rally.task.runner [-] Task c618174b-b155-454d-980e-52aa8fc56f12 | ITER: 7 END: OK
2019-06-14 08:04:04.521 4539 INFO rally.task.runner [-] Task c618174b-b155-454d-980e-52aa8fc56f12 | ITER: 9 START
2019-06-14 08:04:04.522 4538 INFO rally.task.runner [-] Task c618174b-b155-454d-980e-52aa8fc56f12 | ITER: 10 START
2019-06-14 08:04:04.667 4540 INFO rally.task.runner [-] Task c618174b-b155-454d-980e-52aa8fc56f12 | ITER: 5 END: OK
2019-06-14 08:04:05.024 4541 INFO rally.task.runner [-] Task c618174b-b155-454d-980e-52aa8fc56f12 | ITER: 8 END: OK
2019-06-14 08:04:08.240 4538 RALLYDEBUG rally.task.utils [-] Waiting for resource s_rally_d4d50d37_OAnUZjDe. Status changed: AVAILABLE => DELETING in 0.0541529655457
2019-06-14 08:04:08.380 4539 INFO rally.task.runner [-] Task c618174b-b155-454d-980e-52aa8fc56f12 | ITER: 9 END: OK
2019-06-14 08:04:10.483 4538 INFO rally.task.runner [-] Task c618174b-b155-454d-980e-52aa8fc56f12 | ITER: 10 END: OK
2019-06-14 08:04:10.503 1842 INFO rally.task.context [-] Task c618174b-b155-454d-980e-52aa8fc56f12 | Context cleanup@openstack cleanup() started
2019-06-14 08:04:10.505 1842 RALLYDEBUG rally_openstack.cleanup.manager [-] Cleaning up cinder backups objects
2019-06-14 08:04:12.390 1842 RALLYDEBUG rally_openstack.cleanup.manager [-] Cleaning up cinder volume_snapshots objects
2019-06-14 08:04:14.433 1842 RALLYDEBUG rally_openstack.cleanup.manager [-] Cleaning up cinder transfers objects
2019-06-14 08:04:16.386 1842 RALLYDEBUG rally_openstack.cleanup.manager [-] Cleaning up cinder volumes objects
2019-06-14 08:04:18.318 1842 INFO rally.task.context [-] Task c618174b-b155-454d-980e-52aa8fc56f12 | Context cleanup@openstack cleanup() finished in 7.82 sec
2019-06-14 08:04:18.319 1842 INFO rally.task.context [-] Task c618174b-b155-454d-980e-52aa8fc56f12 | Context quotas@openstack cleanup() started
2019-06-14 08:04:18.776 1842 INFO rally.task.context [-] Task c618174b-b155-454d-980e-52aa8fc56f12 | Context quotas@openstack cleanup() finished in 0.46 sec
2019-06-14 08:04:18.776 1842 INFO rally.task.context [-] Task c618174b-b155-454d-980e-52aa8fc56f12 | Context api_versions@openstack cleanup() started
2019-06-14 08:04:18.776 1842 INFO rally.task.context [-] Task c618174b-b155-454d-980e-52aa8fc56f12 | Context api_versions@openstack cleanup() finished in 0.33 msec
2019-06-14 08:04:18.777 1842 INFO rally.task.context [-] Task c618174b-b155-454d-980e-52aa8fc56f12 | Context users@openstack cleanup() started
2019-06-14 08:04:25.566 1842 INFO rally.task.context [-] Task c618174b-b155-454d-980e-52aa8fc56f12 | Context users@openstack cleanup() finished in 6.79 sec
2019-06-14 08:04:27.361 1842 INFO rally.task.engine [-] Load duration is: 18.781414
2019-06-14 08:04:27.362 1842 INFO rally.task.engine [-] Full runner duration is: 18.827329
2019-06-14 08:04:27.362 1842 INFO rally.task.engine [-] Full duration is: 40.385532
2019-06-14 08:04:27.586 1842 INFO rally.task.engine [-] Running workload: position = 0 config = { "version": 2, "title": "A cropped version of a bigger task.", "description": "Auto-generated task from a single workload (uuid=b36456d8-40b6-4a07-97c0-22794b332521)", "subtasks": [ { "title": "CinderVolumes.create_and_extend_volume", "description": "Create and extend a volume and then delete it.", "scenario": { "CinderVolumes.create_and_extend_volume": { "new_size": 2, "size": 1 } }, "contexts": { "users": { "tenants": 3, "users_per_tenant": 2 }, "quotas": { "cinder": { "gigabytes": -1, "snapshots": -1, "volumes": -1 } }, "api_versions": { "cinder": { "version": 3, "service_type": "volumev3" } } }, "runner": { "constant": { "concurrency": 4, "times": 10 } }, "hooks": [], "sla": { "failure_rate": { "max": 0 } } } ] }
2019-06-14 08:04:27.612 1842 RALLYDEBUG rally_openstack.contexts.keystone.users [-] Creating 3 tenants using 20 threads
2019-06-14 08:04:29.629 1842 RALLYDEBUG rally_openstack.contexts.keystone.users [-] Creating 6 users using 20 threads
2019-06-14 08:04:32.220 1842 INFO rally.task.context [-] Task c618174b-b155-454d-980e-52aa8fc56f12 | Context users@openstack setup() finished in 4.61 sec
2019-06-14 08:04:32.659 1842 INFO rally.task.context [-] Task c618174b-b155-454d-980e-52aa8fc56f12 | Context api_versions@openstack setup() finished in 0.44 sec
2019-06-14 08:04:34.377 1842 INFO rally.task.context [-] Task c618174b-b155-454d-980e-52aa8fc56f12 | Context quotas@openstack setup() finished in 1.72 sec
2019-06-14 08:04:34.378 1842 INFO rally.task.context [-] Task c618174b-b155-454d-980e-52aa8fc56f12 | Context cleanup@openstack setup() finished in 0.01 msec
2019-06-14 08:04:34.385 1842 RALLYDEBUG rally.task.runner [-] Starting the constant runner (task UUID: c618174b-b155-454d-980e-52aa8fc56f12). timeout: 0 concurrency: 4 concurrency_per_worker: 1 times: 10 concurrency_overhead: 0 processes_to_start: 4 max_cpu_used: 16
2019-06-14 08:04:34.398 4722 RALLYDEBUG rally.task.runner [-] Starting a worker. concurrency: 1 args: {"new_size": 2, "size": 1} times: 10 method_name: run timeout: 0 duration: None cls:
2019-06-14 08:04:34.401 4723 RALLYDEBUG rally.task.runner [-] Starting a worker. concurrency: 1 args: {"new_size": 2, "size": 1} times: 10 method_name: run timeout: 0 duration: None cls:
2019-06-14 08:04:34.405 4724 RALLYDEBUG rally.task.runner [-] Starting a worker. concurrency: 1 args: {"new_size": 2, "size": 1} times: 10 method_name: run timeout: 0 duration: None cls:
2019-06-14 08:04:34.406 4722 INFO rally.task.runner [-] Task c618174b-b155-454d-980e-52aa8fc56f12 | ITER: 1 START
2019-06-14 08:04:34.409 4723 INFO rally.task.runner [-] Task c618174b-b155-454d-980e-52aa8fc56f12 | ITER: 2 START
2019-06-14 08:04:34.409 4725 RALLYDEBUG rally.task.runner [-] Starting a worker. concurrency: 1 args: {"new_size": 2, "size": 1} times: 10 method_name: run timeout: 0 duration: None cls:
2019-06-14 08:04:34.413 4724 INFO rally.task.runner [-] Task c618174b-b155-454d-980e-52aa8fc56f12 | ITER: 3 START
2019-06-14 08:04:34.416 4725 INFO rally.task.runner [-] Task c618174b-b155-454d-980e-52aa8fc56f12 | ITER: 4 START
2019-06-14 08:04:38.477 4723 RALLYDEBUG rally.task.utils [-] Waiting for resource s_rally_b36456d8_SNQDWsER. Status changed: AVAILABLE => DELETING in 0.0574250221252
2019-06-14 08:04:38.958 4722 RALLYDEBUG rally.task.utils [-] Waiting for resource s_rally_b36456d8_BRXs6lXr. Status changed: AVAILABLE => DELETING in 0.058394908905
2019-06-14 08:04:39.264 4725 RALLYDEBUG rally.task.utils [-] Waiting for resource s_rally_b36456d8_h4eOsWqI. Status changed: AVAILABLE => DELETING in 0.267465114594
2019-06-14 08:04:39.581 4724 RALLYDEBUG rally.task.utils [-] Waiting for resource s_rally_b36456d8_OSHhOKJU. Status changed: AVAILABLE => DELETING in 0.437109947205
2019-06-14 08:04:40.517 4723 INFO rally.task.runner [-] Task c618174b-b155-454d-980e-52aa8fc56f12 | ITER: 2 END: OK
2019-06-14 08:04:40.523 4723 INFO rally.task.runner [-] Task c618174b-b155-454d-980e-52aa8fc56f12 | ITER: 5 START
2019-06-14 08:04:41.181 4722 INFO rally.task.runner [-] Task c618174b-b155-454d-980e-52aa8fc56f12 | ITER: 1 END: OK
2019-06-14 08:04:41.186 4722 INFO rally.task.runner [-] Task c618174b-b155-454d-980e-52aa8fc56f12 | ITER: 6 START
2019-06-14 08:04:41.302 4725 INFO rally.task.runner [-] Task c618174b-b155-454d-980e-52aa8fc56f12 | ITER: 4 END: OK
2019-06-14 08:04:41.308 4725 INFO rally.task.runner [-] Task c618174b-b155-454d-980e-52aa8fc56f12 | ITER: 7 START
2019-06-14 08:04:41.936 4724 INFO rally.task.runner [-] Task c618174b-b155-454d-980e-52aa8fc56f12 | ITER: 3 END: OK
2019-06-14 08:04:41.943 4724 INFO rally.task.runner [-] Task c618174b-b155-454d-980e-52aa8fc56f12 | ITER: 8 START
2019-06-14 08:04:44.586 4723 RALLYDEBUG rally.task.utils [-] Waiting for resource s_rally_b36456d8_c0pckmPY. Status changed: AVAILABLE => DELETING in 0.0522809028625
2019-06-14 08:04:45.625 4722 RALLYDEBUG rally.task.utils [-] Waiting for resource s_rally_b36456d8_H9ta48XC. Status changed: AVAILABLE => DELETING in 0.055330991745
2019-06-14 08:04:45.820 4725 RALLYDEBUG rally.task.utils [-] Waiting for resource s_rally_b36456d8_j9gPV0NB. Status changed: AVAILABLE => DELETING in 0.255321025848
2019-06-14 08:04:46.542 4724 INFO rally.task.runner [-] Task c618174b-b155-454d-980e-52aa8fc56f12 | ITER: 8 END: OK
2019-06-14 08:04:46.547 4724 INFO rally.task.runner [-] Task c618174b-b155-454d-980e-52aa8fc56f12 | ITER: 9 START
2019-06-14 08:04:46.627 4723 INFO rally.task.runner [-] Task c618174b-b155-454d-980e-52aa8fc56f12 | ITER: 5 END: OK
2019-06-14 08:04:46.631 4723 INFO rally.task.runner [-] Task c618174b-b155-454d-980e-52aa8fc56f12 | ITER: 10 START
2019-06-14 08:04:47.661 4722 INFO rally.task.runner [-] Task c618174b-b155-454d-980e-52aa8fc56f12 | ITER: 6 END: OK
2019-06-14 08:04:48.042 4725 INFO rally.task.runner [-] Task c618174b-b155-454d-980e-52aa8fc56f12 | ITER: 7 END: OK
2019-06-14 08:04:50.316 4724 RALLYDEBUG rally.task.utils [-] Waiting for resource s_rally_b36456d8_eFihIZSn. Status changed: AVAILABLE => EXTENDING in 0.0676691532135
2019-06-14 08:04:50.651 4723 RALLYDEBUG rally.task.utils [-] Waiting for resource s_rally_b36456d8_faKdbJmJ. Status changed: AVAILABLE => EXTENDING in 0.0523819923401
2019-06-14 08:04:52.373 4724 RALLYDEBUG rally.task.utils [-] Waiting for resource s_rally_b36456d8_eFihIZSn. Status changed: EXTENDING => AVAILABLE in 2.05693101883
2019-06-14 08:04:52.680 4724 RALLYDEBUG rally.task.utils [-] Waiting for resource s_rally_b36456d8_eFihIZSn. Status changed: AVAILABLE => DELETING in 0.0544679164886
2019-06-14 08:04:52.707 4723 RALLYDEBUG rally.task.utils [-] Waiting for resource s_rally_b36456d8_faKdbJmJ. Status changed: EXTENDING => AVAILABLE in 2.05567097664
2019-06-14 08:04:53.043 4723 RALLYDEBUG rally.task.utils [-] Waiting for resource s_rally_b36456d8_faKdbJmJ. Status changed: AVAILABLE => DELETING in 0.247627973557
2019-06-14 08:04:55.001 4724 INFO rally.task.runner [-] Task c618174b-b155-454d-980e-52aa8fc56f12 | ITER: 9 END: OK
2019-06-14 08:04:55.081 4723 INFO rally.task.runner [-] Task c618174b-b155-454d-980e-52aa8fc56f12 | ITER: 10 END: OK
2019-06-14 08:04:55.105 1842 INFO rally.task.context [-] Task c618174b-b155-454d-980e-52aa8fc56f12 | Context cleanup@openstack cleanup() started
2019-06-14 08:04:55.108 1842 RALLYDEBUG rally_openstack.cleanup.manager [-] Cleaning up cinder backups objects
2019-06-14 08:04:57.033 1842 RALLYDEBUG rally_openstack.cleanup.manager [-] Cleaning up cinder volume_snapshots objects
2019-06-14 08:04:58.900 1842 RALLYDEBUG rally_openstack.cleanup.manager [-] Cleaning up cinder transfers objects
2019-06-14 08:05:00.860 1842 RALLYDEBUG rally_openstack.cleanup.manager [-] Cleaning up cinder volumes objects
2019-06-14 08:05:03.057 1842 INFO rally.task.context [-] Task c618174b-b155-454d-980e-52aa8fc56f12 | Context cleanup@openstack cleanup() finished in 7.95 sec
2019-06-14 08:05:03.058 1842 INFO rally.task.context [-] Task c618174b-b155-454d-980e-52aa8fc56f12 | Context quotas@openstack cleanup() started
2019-06-14 08:05:03.709 1842 INFO rally.task.context [-] Task c618174b-b155-454d-980e-52aa8fc56f12 | Context quotas@openstack cleanup() finished in 0.65 sec
2019-06-14 08:05:03.710 1842 INFO rally.task.context [-] Task c618174b-b155-454d-980e-52aa8fc56f12 | Context api_versions@openstack cleanup() started
2019-06-14 08:05:03.710 1842 INFO rally.task.context [-] Task c618174b-b155-454d-980e-52aa8fc56f12 | Context api_versions@openstack cleanup() finished in 0.32 msec
2019-06-14 08:05:03.710 1842 INFO rally.task.context [-] Task c618174b-b155-454d-980e-52aa8fc56f12 | Context users@openstack cleanup() started
2019-06-14 08:05:10.915 1842 INFO rally.task.context [-] Task c618174b-b155-454d-980e-52aa8fc56f12 | Context users@openstack cleanup() finished in 7.20 sec
2019-06-14 08:05:11.787 1842 INFO rally.task.engine [-] Load duration is: 20.672041
2019-06-14 08:05:11.788 1842 INFO rally.task.engine [-] Full runner duration is: 20.720147
2019-06-14 08:05:11.788 1842 INFO rally.task.engine [-] Full duration is: 43.308161
2019-06-14 08:05:12.014 1842 INFO rally.task.engine [-] Running workload: position = 0 config = { "version": 2, "title": "A cropped version of a bigger task.", "description": "Auto-generated task from a single workload (uuid=aa88e0b9-9dc2-4f8a-9efa-9e9cb6f54dd5)", "subtasks": [ { "title": "CinderVolumes.create_from_volume_and_delete_volume", "description": "Create volume from volume and then delete it.", "scenario": { "CinderVolumes.create_from_volume_and_delete_volume": { "size": 1 } }, "contexts": { "users": { "tenants": 3, "users_per_tenant": 2 }, "quotas": { "cinder": { "gigabytes": -1, "snapshots": -1, "volumes": -1 } }, "api_versions": { "cinder": { "version": 3, "service_type": "volumev3" } }, "volumes": { "size": 1, "volumes_per_tenant": 1 } }, "runner": { "constant": { "concurrency": 4, "times": 10 } }, "hooks": [], "sla": { "failure_rate": { "max": 0 } } } ] }
2019-06-14 08:05:12.040 1842 RALLYDEBUG rally_openstack.contexts.keystone.users [-] Creating 3 tenants using 20 threads
2019-06-14 08:05:13.753 1842 RALLYDEBUG rally_openstack.contexts.keystone.users [-] Creating 6 users using 20 threads
2019-06-14 08:05:16.464 1842 INFO rally.task.context [-] Task c618174b-b155-454d-980e-52aa8fc56f12 | Context users@openstack setup() finished in 4.42 sec
2019-06-14 08:05:16.883 1842 INFO rally.task.context [-] Task c618174b-b155-454d-980e-52aa8fc56f12 | Context api_versions@openstack setup() finished in 0.42 sec
2019-06-14 08:05:18.422 1842 INFO rally.task.context [-] Task c618174b-b155-454d-980e-52aa8fc56f12 | Context quotas@openstack setup() finished in 1.54 sec
2019-06-14 08:05:29.247 1842 INFO rally.task.context [-] Task c618174b-b155-454d-980e-52aa8fc56f12 | Context volumes@openstack setup() finished in 10.82 sec
2019-06-14 08:05:29.248 1842 INFO rally.task.context [-] Task c618174b-b155-454d-980e-52aa8fc56f12 | Context cleanup@openstack setup() finished in 0.01 msec
2019-06-14 08:05:29.255 1842 RALLYDEBUG rally.task.runner [-] Starting the constant runner (task UUID: c618174b-b155-454d-980e-52aa8fc56f12). timeout: 0 concurrency: 4 concurrency_per_worker: 1 times: 10 concurrency_overhead: 0 processes_to_start: 4 max_cpu_used: 16
2019-06-14 08:05:29.268 4906 RALLYDEBUG rally.task.runner [-] Starting a worker. concurrency: 1 args: {"size": 1} times: 10 method_name: run timeout: 0 duration: None cls:
2019-06-14 08:05:29.271 4907 RALLYDEBUG rally.task.runner [-] Starting a worker. concurrency: 1 args: {"size": 1} times: 10 method_name: run timeout: 0 duration: None cls:
2019-06-14 08:05:29.274 4908 RALLYDEBUG rally.task.runner [-] Starting a worker. concurrency: 1 args: {"size": 1} times: 10 method_name: run timeout: 0 duration: None cls:
2019-06-14 08:05:29.275 4909 RALLYDEBUG rally.task.runner [-] Starting a worker. concurrency: 1 args: {"size": 1} times: 10 method_name: run timeout: 0 duration: None cls:
2019-06-14 08:05:29.284 4906 INFO rally.task.runner [-] Task c618174b-b155-454d-980e-52aa8fc56f12 | ITER: 1 START
2019-06-14 08:05:29.284 4909 INFO rally.task.runner [-] Task c618174b-b155-454d-980e-52aa8fc56f12 | ITER: 4 START
2019-06-14 08:05:29.286 4907 INFO rally.task.runner [-] Task c618174b-b155-454d-980e-52aa8fc56f12 | ITER: 2 START
2019-06-14 08:05:29.288 4908 INFO rally.task.runner [-] Task c618174b-b155-454d-980e-52aa8fc56f12 | ITER: 3 START
2019-06-14 08:05:32.900 4906 RALLYDEBUG rally.task.utils [-] Waiting for resource s_rally_aa88e0b9_PFS2HVO7. Status changed: CREATING => AVAILABLE in 0.537878990173
2019-06-14 08:05:33.358 4906 RALLYDEBUG rally.task.utils [-] Waiting for resource s_rally_aa88e0b9_PFS2HVO7. Status changed: AVAILABLE => DELETING in 0.360015869141
2019-06-14 08:05:33.369 4909 RALLYDEBUG rally.task.utils [-] Waiting for resource s_rally_aa88e0b9_TNGknZPZ. Status changed: AVAILABLE => DELETING in 0.358143091202
2019-06-14 08:05:33.719 4907 RALLYDEBUG rally.task.utils [-] Waiting for resource s_rally_aa88e0b9_DvT8iyhJ. Status changed: AVAILABLE => DELETING in 0.312690019608
2019-06-14 08:05:35.325 4908 RALLYDEBUG rally.task.utils [-] Waiting for resource s_rally_aa88e0b9_BdwWAkqw. Status changed: CREATING => AVAILABLE in 2.88761711121
2019-06-14 08:05:35.647 4908 RALLYDEBUG rally.task.utils [-] Waiting for resource s_rally_aa88e0b9_BdwWAkqw. Status changed: AVAILABLE => DELETING in 0.235960960388
2019-06-14 08:05:37.657 4906 INFO rally.task.runner [-] Task c618174b-b155-454d-980e-52aa8fc56f12 | ITER: 1 END: OK
2019-06-14 08:05:37.661 4909 INFO rally.task.runner [-] Task c618174b-b155-454d-980e-52aa8fc56f12 | ITER: 4 END: OK
2019-06-14 08:05:37.662 4906 INFO rally.task.runner [-] Task c618174b-b155-454d-980e-52aa8fc56f12 | ITER: 5 START
2019-06-14 08:05:37.666 4909 INFO rally.task.runner [-] Task c618174b-b155-454d-980e-52aa8fc56f12 | ITER: 6 START
2019-06-14 08:05:38.305 4907 INFO rally.task.runner [-] Task c618174b-b155-454d-980e-52aa8fc56f12 | ITER: 2 END: OK
2019-06-14 08:05:38.310 4907 INFO rally.task.runner [-] Task c618174b-b155-454d-980e-52aa8fc56f12 | ITER: 7 START
2019-06-14 08:05:40.033 4908 INFO rally.task.runner [-] Task c618174b-b155-454d-980e-52aa8fc56f12 | ITER: 3 END: OK
2019-06-14 08:05:40.039 4908 INFO rally.task.runner [-] Task c618174b-b155-454d-980e-52aa8fc56f12 | ITER: 8 START
2019-06-14 08:05:41.885 4906 RALLYDEBUG rally.task.utils [-] Waiting for resource s_rally_aa88e0b9_2glI5rbR. Status changed: AVAILABLE => DELETING in 0.240087985992
2019-06-14 08:05:43.861 4907 RALLYDEBUG rally.task.utils [-] Waiting for resource s_rally_aa88e0b9_7M9qdCmy. Status changed: CREATING => AVAILABLE in 2.62145709991
2019-06-14 08:05:44.123 4906 INFO rally.task.runner [-] Task c618174b-b155-454d-980e-52aa8fc56f12 | ITER: 5 END: OK
2019-06-14 08:05:44.128 4906 INFO rally.task.runner [-] Task c618174b-b155-454d-980e-52aa8fc56f12 | ITER: 9 START
2019-06-14 08:05:44.393 4907 RALLYDEBUG rally.task.utils [-] Waiting for resource s_rally_aa88e0b9_7M9qdCmy. Status changed: AVAILABLE => DELETING in 0.251085996628
2019-06-14 08:05:45.454 4909 RALLYDEBUG rally.task.utils [-] Waiting for resource s_rally_aa88e0b9_Q1nbUEIh. Status changed: CREATING => AVAILABLE in 4.80208802223
2019-06-14 08:05:45.715 4908 RALLYDEBUG rally.task.utils [-] Waiting for resource s_rally_aa88e0b9_8e5xgCEZ. Status changed: CREATING => AVAILABLE in 2.70571398735
2019-06-14 08:05:45.964 4909 RALLYDEBUG rally.task.utils [-] Waiting for resource s_rally_aa88e0b9_Q1nbUEIh. Status changed: AVAILABLE => DELETING in 0.259505033493
2019-06-14 08:05:46.053 4908 RALLYDEBUG rally.task.utils [-] Waiting for resource s_rally_aa88e0b9_8e5xgCEZ. Status changed: AVAILABLE => DELETING in 0.0517790317535
2019-06-14 08:05:47.644 4906 RALLYDEBUG rally.task.utils [-] Waiting for resource s_rally_aa88e0b9_YVJ4d6d3. Status changed: CREATING => AVAILABLE in 0.485270023346
2019-06-14 08:05:48.690 4907 INFO rally.task.runner [-] Task c618174b-b155-454d-980e-52aa8fc56f12 | ITER: 7 END: OK
2019-06-14 08:05:48.694 4907 INFO rally.task.runner [-] Task c618174b-b155-454d-980e-52aa8fc56f12 | ITER: 10 START
2019-06-14 08:05:48.714 4906 RALLYDEBUG rally.task.utils [-] Waiting for resource s_rally_aa88e0b9_YVJ4d6d3. Status changed: AVAILABLE => DELETING in 0.067244052887
2019-06-14 08:05:50.247 4909 INFO rally.task.runner [-] Task c618174b-b155-454d-980e-52aa8fc56f12 | ITER: 6 END: OK
2019-06-14 08:05:50.424 4908 INFO rally.task.runner [-] Task c618174b-b155-454d-980e-52aa8fc56f12 | ITER: 8 END: OK
2019-06-14 08:05:50.939 4906 INFO rally.task.runner [-] Task c618174b-b155-454d-980e-52aa8fc56f12 | ITER: 9 END: OK
2019-06-14 08:05:52.721 4907 RALLYDEBUG rally.task.utils [-] Waiting for resource s_rally_aa88e0b9_JV1Hi9YK. Status changed: AVAILABLE => DELETING in 0.242050886154
2019-06-14 08:05:54.763 4907 INFO rally.task.runner [-] Task c618174b-b155-454d-980e-52aa8fc56f12 | ITER: 10 END: OK
2019-06-14 08:05:54.783 1842 INFO rally.task.context [-] Task c618174b-b155-454d-980e-52aa8fc56f12 | Context cleanup@openstack cleanup() started
2019-06-14 08:05:54.785 1842 RALLYDEBUG rally_openstack.cleanup.manager [-] Cleaning up cinder backups objects
2019-06-14 08:05:56.694 1842 RALLYDEBUG rally_openstack.cleanup.manager [-] Cleaning up cinder volume_snapshots objects
2019-06-14 08:05:58.839 1842 RALLYDEBUG rally_openstack.cleanup.manager [-] Cleaning up cinder transfers objects
2019-06-14 08:06:00.714 1842 RALLYDEBUG rally_openstack.cleanup.manager [-] Cleaning up cinder volumes objects
2019-06-14 08:06:02.811 1842 INFO rally.task.context [-] Task c618174b-b155-454d-980e-52aa8fc56f12 | Context cleanup@openstack cleanup() finished in 8.03 sec
2019-06-14 08:06:02.812 1842 INFO rally.task.context [-] Task c618174b-b155-454d-980e-52aa8fc56f12 | Context volumes@openstack cleanup() started
2019-06-14 08:06:02.812 1842 RALLYDEBUG rally_openstack.cleanup.manager [-] Cleaning up cinder volumes objects
2019-06-14 08:06:04.864 1842 RALLYDEBUG rally_openstack.cleanup.manager [-] Deleting cinder.volumes object c_rally_aa88e0b9_0DLXyS7j (cf01413a-97c5-40cb-bf7b-3a6adca1d0f2)
2019-06-14 08:06:04.869 1842 RALLYDEBUG rally_openstack.cleanup.manager [-] Deleting cinder.volumes object c_rally_aa88e0b9_mtbAwkfp (ad619979-b4b1-487f-81b8-9e2b8be30e6f)
2019-06-14 08:06:04.870 1842 RALLYDEBUG rally_openstack.cleanup.manager [-] Deleting cinder.volumes object c_rally_aa88e0b9_C09VjttF (d467c3bb-7538-45a1-87f2-ba0e120f7c7b)
2019-06-14 08:06:08.270 1842 INFO rally.task.context [-] Task c618174b-b155-454d-980e-52aa8fc56f12 | Context volumes@openstack cleanup() finished in 5.46 sec
2019-06-14 08:06:08.273 1842 INFO rally.task.context [-] Task c618174b-b155-454d-980e-52aa8fc56f12 | Context quotas@openstack cleanup() started
2019-06-14 08:06:08.753 1842 INFO rally.task.context [-] Task c618174b-b155-454d-980e-52aa8fc56f12 | Context quotas@openstack cleanup() finished in 0.48 sec
2019-06-14 08:06:08.754 1842 INFO rally.task.context [-] Task c618174b-b155-454d-980e-52aa8fc56f12 | Context api_versions@openstack cleanup() started
2019-06-14 08:06:08.754 1842 INFO rally.task.context [-] Task c618174b-b155-454d-980e-52aa8fc56f12 | Context api_versions@openstack cleanup() finished in 0.33 msec
2019-06-14 08:06:08.755 1842 INFO rally.task.context [-] Task c618174b-b155-454d-980e-52aa8fc56f12 | Context users@openstack cleanup() started
2019-06-14 08:06:16.727 1842 INFO rally.task.context [-] Task c618174b-b155-454d-980e-52aa8fc56f12 | Context users@openstack cleanup() finished in 7.97 sec
2019-06-14 08:06:18.348 1842 INFO rally.task.engine [-] Load duration is: 25.474634
2019-06-14 08:06:18.348 1842 INFO rally.task.engine [-] Full runner duration is: 25.528039
2019-06-14 08:06:18.349 1842 INFO rally.task.engine [-] Full duration is: 64.690586
2019-06-14 08:06:18.574 1842 INFO rally.task.engine [-] Running workload: position = 0 config = { "version": 2, "title": "A cropped version of a bigger task.", "description": "Auto-generated task from a single workload (uuid=1bffe263-9267-4645-91fe-fd8605e81355)", "subtasks": [ { "title": "CinderQos.create_and_get_qos", "description": "Create a qos, then get details of the qos.", "scenario": { "CinderQos.create_and_get_qos": { "consumer": "both", "write_iops_sec": "10", "read_iops_sec": "1000" } }, "contexts": { "users": { "tenants": 3, "users_per_tenant": 2 }, "api_versions": { "cinder": { "version": 3, "service_type": "volumev3" } } }, "runner": { "constant": { "concurrency": 4, "times": 10 } }, "hooks": [], "sla": { "failure_rate": { "max": 0 } } } ] }
2019-06-14 08:06:18.596 1842 RALLYDEBUG rally_openstack.contexts.keystone.users [-] Creating 3 tenants using 20 threads
2019-06-14 08:06:20.451 1842 RALLYDEBUG rally_openstack.contexts.keystone.users [-] Creating 6 users using 20 threads
2019-06-14 08:06:23.094 1842 INFO rally.task.context [-] Task c618174b-b155-454d-980e-52aa8fc56f12 | Context users@openstack setup() finished in 4.50 sec
2019-06-14 08:06:23.531 1842 INFO rally.task.context [-] Task c618174b-b155-454d-980e-52aa8fc56f12 | Context api_versions@openstack setup() finished in 0.44 sec
2019-06-14 08:06:23.531 1842 INFO rally.task.context [-] Task c618174b-b155-454d-980e-52aa8fc56f12 | Context admin_cleanup@openstack setup() finished in 0.00 msec
2019-06-14 08:06:23.540 1842 RALLYDEBUG rally.task.runner [-] Starting the constant runner (task UUID: c618174b-b155-454d-980e-52aa8fc56f12). timeout: 0 concurrency: 4 concurrency_per_worker: 1 times: 10 concurrency_overhead: 0 processes_to_start: 4 max_cpu_used: 16
2019-06-14 08:06:23.553 5110 RALLYDEBUG rally.task.runner [-] Starting a worker. concurrency: 1 args: {"consumer": "both", "write_iops_sec": "10", "read_iops_sec": "1000"} times: 10 method_name: run timeout: 0 duration: None cls:
2019-06-14 08:06:23.556 5111 RALLYDEBUG rally.task.runner [-] Starting a worker. concurrency: 1 args: {"consumer": "both", "write_iops_sec": "10", "read_iops_sec": "1000"} times: 10 method_name: run timeout: 0 duration: None cls:
