2019-06-14 08:06:23.557 5112 RALLYDEBUG rally.task.runner [-] Starting a worker. concurrency: 1 args: {"consumer": "both", "write_iops_sec": "10", "read_iops_sec": "1000"} times: 10 method_name: run timeout: 0 duration: None cls:
2019-06-14 08:06:23.560 5110 INFO rally.task.runner [-] Task c618174b-b155-454d-980e-52aa8fc56f12 | ITER: 1 START
2019-06-14 08:06:23.560 5113 RALLYDEBUG rally.task.runner [-] Starting a worker. concurrency: 1 args: {"consumer": "both", "write_iops_sec": "10", "read_iops_sec": "1000"} times: 10 method_name: run timeout: 0 duration: None cls:
2019-06-14 08:06:23.563 5111 INFO rally.task.runner [-] Task c618174b-b155-454d-980e-52aa8fc56f12 | ITER: 2 START
2019-06-14 08:06:23.563 5112 INFO rally.task.runner [-] Task c618174b-b155-454d-980e-52aa8fc56f12 | ITER: 3 START
2019-06-14 08:06:23.568 5113 INFO rally.task.runner [-] Task c618174b-b155-454d-980e-52aa8fc56f12 | ITER: 4 START
2019-06-14 08:06:24.656 5111 INFO rally.task.runner [-] Task c618174b-b155-454d-980e-52aa8fc56f12 | ITER: 2 END: OK
2019-06-14 08:06:24.662 5111 INFO rally.task.runner [-] Task c618174b-b155-454d-980e-52aa8fc56f12 | ITER: 5 START
2019-06-14 08:06:24.665 5113 INFO rally.task.runner [-] Task c618174b-b155-454d-980e-52aa8fc56f12 | ITER: 4 END: OK
2019-06-14 08:06:24.669 5113 INFO rally.task.runner [-] Task c618174b-b155-454d-980e-52aa8fc56f12 | ITER: 6 START
2019-06-14 08:06:24.717 5110 INFO rally.task.runner [-] Task c618174b-b155-454d-980e-52aa8fc56f12 | ITER: 1 END: OK
2019-06-14 08:06:24.722 5110 INFO rally.task.runner [-] Task c618174b-b155-454d-980e-52aa8fc56f12 | ITER: 7 START
2019-06-14 08:06:24.734 5112 INFO rally.task.runner [-] Task c618174b-b155-454d-980e-52aa8fc56f12 | ITER: 3 END: OK
2019-06-14 08:06:24.738 5112 INFO rally.task.runner [-] Task c618174b-b155-454d-980e-52aa8fc56f12 | ITER: 8 START
2019-06-14 08:06:25.663 5111 INFO rally.task.runner [-] Task c618174b-b155-454d-980e-52aa8fc56f12 | ITER: 5 END: OK
2019-06-14 08:06:25.669 5111 INFO rally.task.runner [-] Task c618174b-b155-454d-980e-52aa8fc56f12 | ITER: 9 START
2019-06-14 08:06:25.683 5112 INFO rally.task.runner [-] Task c618174b-b155-454d-980e-52aa8fc56f12 | ITER: 8 END: OK
2019-06-14 08:06:25.688 5112 INFO rally.task.runner [-] Task c618174b-b155-454d-980e-52aa8fc56f12 | ITER: 10 START
2019-06-14 08:06:25.738 5113 INFO rally.task.runner [-] Task c618174b-b155-454d-980e-52aa8fc56f12 | ITER: 6 END: OK
2019-06-14 08:06:25.786 5110 INFO rally.task.runner [-] Task c618174b-b155-454d-980e-52aa8fc56f12 | ITER: 7 END: OK
2019-06-14 08:06:26.590 5112 INFO rally.task.runner [-] Task c618174b-b155-454d-980e-52aa8fc56f12 | ITER: 10 END: OK
2019-06-14 08:06:26.699 5111 INFO rally.task.runner [-] Task c618174b-b155-454d-980e-52aa8fc56f12 | ITER: 9 END: OK
2019-06-14 08:06:26.719 1842 INFO rally.task.context [-] Task c618174b-b155-454d-980e-52aa8fc56f12 | Context admin_cleanup@openstack cleanup() started
2019-06-14 08:06:26.722 1842 RALLYDEBUG rally_openstack.cleanup.manager [-] Cleaning up cinder volume_types objects
2019-06-14 08:06:27.443 1842 RALLYDEBUG rally_openstack.cleanup.manager [-] Cleaning up cinder image_volumes_cache objects
2019-06-14 08:06:28.380 1842 RALLYDEBUG rally_openstack.cleanup.manager [-] Cleaning up cinder quotas objects
2019-06-14 08:06:29.926 1842 RALLYDEBUG rally_openstack.cleanup.manager [-] Cleaning up cinder qos_specs objects
2019-06-14 08:06:30.644 1842 RALLYDEBUG rally_openstack.cleanup.manager [-] Deleting cinder.qos_specs object s_rally_1bffe263_I3UJc5bm (aecacef3-3c0d-4105-b784-acf2639e2f8c)
2019-06-14 08:06:30.651 1842 RALLYDEBUG rally_openstack.cleanup.manager [-] Deleting cinder.qos_specs object s_rally_1bffe263_uRylrlKY (25b947be-8c95-425d-aa4e-ed9fc8aca9c7)
2019-06-14 08:06:30.667 1842 RALLYDEBUG rally_openstack.cleanup.manager [-] Deleting cinder.qos_specs object s_rally_1bffe263_9lqYqaJQ (9fb2657a-8298-4bd5-82cc-e16da7cf2a2c)
2019-06-14 08:06:30.669 1842 RALLYDEBUG rally_openstack.cleanup.manager [-] Deleting cinder.qos_specs object s_rally_1bffe263_RN8sKPLI (9fdc6d0a-f14b-4e7f-84d5-0bd8ff87c694)
2019-06-14 08:06:30.669 1842 RALLYDEBUG rally_openstack.cleanup.manager [-] Deleting cinder.qos_specs object s_rally_1bffe263_c6QBrjzi (4e312a4e-7fb7-4a73-8867-ffb3c5be4be6)
2019-06-14 08:06:30.678 1842 RALLYDEBUG rally_openstack.cleanup.manager [-] Deleting cinder.qos_specs object s_rally_1bffe263_miHrA2y5 (473db92f-7ff0-426a-8c66-14842c7b6a09)
2019-06-14 08:06:30.690 1842 RALLYDEBUG rally_openstack.cleanup.manager [-] Deleting cinder.qos_specs object s_rally_1bffe263_IMT24leB (ea08a4c9-52ee-4505-8793-6631a5314b28)
2019-06-14 08:06:30.712 1842 RALLYDEBUG rally_openstack.cleanup.manager [-] Deleting cinder.qos_specs object s_rally_1bffe263_qMkVNvZc (e1d8f2d8-d9a9-43d4-a37c-3493b8d568e6)
2019-06-14 08:06:30.719 1842 RALLYDEBUG rally_openstack.cleanup.manager [-] Deleting cinder.qos_specs object s_rally_1bffe263_C1RSk2Bt (cd9d8c7b-6752-42c3-af3e-9fc08a2f5a95)
2019-06-14 08:06:30.743 1842 RALLYDEBUG rally_openstack.cleanup.manager [-] Deleting cinder.qos_specs object s_rally_1bffe263_l6QdNGux (1b38bc1b-fbcb-4402-96ce-16cee612f41e)
2019-06-14 08:06:33.051 1842 INFO rally.task.context [-] Task c618174b-b155-454d-980e-52aa8fc56f12 | Context admin_cleanup@openstack cleanup() finished in 6.33 sec
2019-06-14 08:06:33.052 1842 INFO rally.task.context [-] Task c618174b-b155-454d-980e-52aa8fc56f12 | Context api_versions@openstack cleanup() started
2019-06-14 08:06:33.052 1842 INFO rally.task.context [-] Task c618174b-b155-454d-980e-52aa8fc56f12 | Context api_versions@openstack cleanup() finished in 0.33 msec
2019-06-14 08:06:33.052 1842 INFO rally.task.context [-] Task c618174b-b155-454d-980e-52aa8fc56f12 | Context users@openstack cleanup() started
2019-06-14 08:06:40.081 1842 INFO rally.task.context [-] Task c618174b-b155-454d-980e-52aa8fc56f12 | Context users@openstack cleanup() finished in 7.03 sec
2019-06-14 08:06:40.747 1842 INFO rally.task.engine [-] Load duration is: 3.13544
2019-06-14 08:06:40.748 1842 INFO rally.task.engine [-] Full runner duration is: 3.181353
2019-06-14 08:06:40.748 1842 INFO rally.task.engine [-] Full duration is: 21.487697
2019-06-14 08:06:40.964 1842 INFO rally.task.engine [-] Running workload: position = 0 config = { "version": 2, "title": "A cropped version of a bigger task.", "description": "Auto-generated task from a single workload (uuid=88cacbf7-b97e-46bb-8a1e-db2e98c8f6f0)", "subtasks": [ { "title": "CinderQos.create_and_list_qos", "description": "Create a qos, then list all qos.", "scenario": { "CinderQos.create_and_list_qos": { "consumer": "both", "write_iops_sec": "10", "read_iops_sec": "1000" } }, "contexts": { "users": { "tenants": 3, "users_per_tenant": 2 }, "api_versions": { "cinder": { "version": 3, "service_type": "volumev3" } } }, "runner": { "constant": { "concurrency": 4, "times": 10 } }, "hooks": [], "sla": { "failure_rate": { "max": 0 } } } ] }
2019-06-14 08:06:40.986 1842 RALLYDEBUG rally_openstack.contexts.keystone.users [-] Creating 3 tenants using 20 threads
2019-06-14 08:06:42.922 1842 RALLYDEBUG rally_openstack.contexts.keystone.users [-] Creating 6 users using 20 threads
2019-06-14 08:06:45.630 1842 INFO rally.task.context [-] Task c618174b-b155-454d-980e-52aa8fc56f12 | Context users@openstack setup() finished in 4.64 sec
2019-06-14 08:06:46.045 1842 INFO rally.task.context [-] Task c618174b-b155-454d-980e-52aa8fc56f12 | Context api_versions@openstack setup() finished in 0.41 sec
2019-06-14 08:06:46.046 1842 INFO rally.task.context [-] Task c618174b-b155-454d-980e-52aa8fc56f12 | Context admin_cleanup@openstack setup() finished in 0.01 msec
2019-06-14 08:06:46.053 1842 RALLYDEBUG rally.task.runner [-] Starting the constant runner (task UUID: c618174b-b155-454d-980e-52aa8fc56f12). timeout: 0 concurrency: 4 concurrency_per_worker: 1 times: 10 concurrency_overhead: 0 processes_to_start: 4 max_cpu_used: 16
2019-06-14 08:06:46.066 5294 RALLYDEBUG rally.task.runner [-] Starting a worker. concurrency: 1 args: {"consumer": "both", "write_iops_sec": "10", "read_iops_sec": "1000"} times: 10 method_name: run timeout: 0 duration: None cls:
2019-06-14 08:06:46.068 5295 RALLYDEBUG rally.task.runner [-] Starting a worker. concurrency: 1 args: {"consumer": "both", "write_iops_sec": "10", "read_iops_sec": "1000"} times: 10 method_name: run timeout: 0 duration: None cls:
2019-06-14 08:06:46.069 5296 RALLYDEBUG rally.task.runner [-] Starting a worker. concurrency: 1 args: {"consumer": "both", "write_iops_sec": "10", "read_iops_sec": "1000"} times: 10 method_name: run timeout: 0 duration: None cls:
2019-06-14 08:06:46.071 5297 RALLYDEBUG rally.task.runner [-] Starting a worker. concurrency: 1 args: {"consumer": "both", "write_iops_sec": "10", "read_iops_sec": "1000"} times: 10 method_name: run timeout: 0 duration: None cls:
2019-06-14 08:06:46.074 5294 INFO rally.task.runner [-] Task c618174b-b155-454d-980e-52aa8fc56f12 | ITER: 1 START
2019-06-14 08:06:46.075 5296 INFO rally.task.runner [-] Task c618174b-b155-454d-980e-52aa8fc56f12 | ITER: 3 START
2019-06-14 08:06:46.076 5295 INFO rally.task.runner [-] Task c618174b-b155-454d-980e-52aa8fc56f12 | ITER: 2 START
2019-06-14 08:06:46.076 5297 INFO rally.task.runner [-] Task c618174b-b155-454d-980e-52aa8fc56f12 | ITER: 4 START
2019-06-14 08:06:47.147 5297 INFO rally.task.runner [-] Task c618174b-b155-454d-980e-52aa8fc56f12 | ITER: 4 END: OK
2019-06-14 08:06:47.152 5297 INFO rally.task.runner [-] Task c618174b-b155-454d-980e-52aa8fc56f12 | ITER: 5 START
2019-06-14 08:06:47.175 5296 INFO rally.task.runner [-] Task c618174b-b155-454d-980e-52aa8fc56f12 | ITER: 3 END: OK
2019-06-14 08:06:47.180 5296 INFO rally.task.runner [-] Task c618174b-b155-454d-980e-52aa8fc56f12 | ITER: 6 START
2019-06-14 08:06:47.226 5294 INFO rally.task.runner [-] Task c618174b-b155-454d-980e-52aa8fc56f12 | ITER: 1 END: OK
2019-06-14 08:06:47.229 5295 INFO rally.task.runner [-] Task c618174b-b155-454d-980e-52aa8fc56f12 | ITER: 2 END: OK
2019-06-14 08:06:47.231 5294 INFO rally.task.runner [-] Task c618174b-b155-454d-980e-52aa8fc56f12 | ITER: 7 START
2019-06-14 08:06:47.233 5295 INFO rally.task.runner [-] Task c618174b-b155-454d-980e-52aa8fc56f12 | ITER: 8 START
2019-06-14 08:06:48.142 5296 INFO rally.task.runner [-] Task c618174b-b155-454d-980e-52aa8fc56f12 | ITER: 6 END: OK
2019-06-14 08:06:48.147 5296 INFO rally.task.runner [-] Task c618174b-b155-454d-980e-52aa8fc56f12 | ITER: 9 START
2019-06-14 08:06:48.159 5295 INFO rally.task.runner [-] Task c618174b-b155-454d-980e-52aa8fc56f12 | ITER: 8 END: OK
2019-06-14 08:06:48.164 5295 INFO rally.task.runner [-] Task c618174b-b155-454d-980e-52aa8fc56f12 | ITER: 10 START
2019-06-14 08:06:48.216 5297 INFO rally.task.runner [-] Task c618174b-b155-454d-980e-52aa8fc56f12 | ITER: 5 END: OK
2019-06-14 08:06:48.263 5294 INFO rally.task.runner [-] Task c618174b-b155-454d-980e-52aa8fc56f12 | ITER: 7 END: OK
2019-06-14 08:06:49.049 5295 INFO rally.task.runner [-] Task c618174b-b155-454d-980e-52aa8fc56f12 | ITER: 10 END: OK
2019-06-14 08:06:49.091 5296 INFO rally.task.runner [-] Task c618174b-b155-454d-980e-52aa8fc56f12 | ITER: 9 END: OK
2019-06-14 08:06:49.113 1842 INFO rally.task.context [-] Task c618174b-b155-454d-980e-52aa8fc56f12 | Context admin_cleanup@openstack cleanup() started
2019-06-14 08:06:49.115 1842 RALLYDEBUG rally_openstack.cleanup.manager [-] Cleaning up cinder volume_types objects
2019-06-14 08:06:49.766 1842 RALLYDEBUG rally_openstack.cleanup.manager [-] Cleaning up cinder image_volumes_cache objects
2019-06-14 08:06:50.794 1842 RALLYDEBUG rally_openstack.cleanup.manager [-] Cleaning up cinder quotas objects
2019-06-14 08:06:52.322 1842 RALLYDEBUG rally_openstack.cleanup.manager [-] Cleaning up cinder qos_specs objects
2019-06-14 08:06:53.110 1842 RALLYDEBUG rally_openstack.cleanup.manager [-] Deleting cinder.qos_specs object s_rally_88cacbf7_ZoFFHSfj (a77b64ee-808b-455e-b898-57efa358a38e)
2019-06-14 08:06:53.119 1842 RALLYDEBUG rally_openstack.cleanup.manager [-] Deleting cinder.qos_specs object s_rally_88cacbf7_O21R028i (255b28bd-f7f0-4d42-b930-baa6fa5d7f4a)
2019-06-14 08:06:53.124 1842 RALLYDEBUG rally_openstack.cleanup.manager [-] Deleting cinder.qos_specs object s_rally_88cacbf7_tf5cb9CR (b7b996b3-b843-427c-bb64-8a284738917b)
2019-06-14 08:06:53.136 1842 RALLYDEBUG rally_openstack.cleanup.manager [-] Deleting cinder.qos_specs object s_rally_88cacbf7_cbj4I94k (6ef3bbea-e971-4933-a120-9871fc8aa787)
2019-06-14 08:06:53.137 1842 RALLYDEBUG rally_openstack.cleanup.manager [-] Deleting cinder.qos_specs object s_rally_88cacbf7_2qImntJQ (a9c2cfc7-3bf8-4c0f-a322-3303ed3344c6)
2019-06-14 08:06:53.151 1842 RALLYDEBUG rally_openstack.cleanup.manager [-] Deleting cinder.qos_specs object s_rally_88cacbf7_KHjN80fY (44a24df8-3983-41f2-ad67-1e1753eac6b6)
2019-06-14 08:06:53.171 1842 RALLYDEBUG rally_openstack.cleanup.manager [-] Deleting cinder.qos_specs object s_rally_88cacbf7_9NSxodSv (dd2caf5d-0952-4497-a11b-07b458da4913)
2019-06-14 08:06:53.178 1842 RALLYDEBUG rally_openstack.cleanup.manager [-] Deleting cinder.qos_specs object s_rally_88cacbf7_rWEaRJ93 (d604bd87-44e9-43d5-81ff-94717b16e4a4)
2019-06-14 08:06:53.189 1842 RALLYDEBUG rally_openstack.cleanup.manager [-] Deleting cinder.qos_specs object s_rally_88cacbf7_bAUhn82C (4873aaad-86d6-4246-bd0c-99c28b7c10f0)
2019-06-14 08:06:53.201 1842 RALLYDEBUG rally_openstack.cleanup.manager [-] Deleting cinder.qos_specs object s_rally_88cacbf7_pU2Rjbtb (b5e35af3-19b2-4ddd-9e26-190e4c1545ab)
2019-06-14 08:06:55.562 1842 INFO rally.task.context [-] Task c618174b-b155-454d-980e-52aa8fc56f12 | Context admin_cleanup@openstack cleanup() finished in 6.45 sec
2019-06-14 08:06:55.563 1842 INFO rally.task.context [-] Task c618174b-b155-454d-980e-52aa8fc56f12 | Context api_versions@openstack cleanup() started
2019-06-14 08:06:55.563 1842 INFO rally.task.context [-] Task c618174b-b155-454d-980e-52aa8fc56f12 | Context api_versions@openstack cleanup() finished in 0.33 msec
2019-06-14 08:06:55.564 1842 INFO rally.task.context [-] Task c618174b-b155-454d-980e-52aa8fc56f12 | Context users@openstack cleanup() started
2019-06-14 08:07:02.621 1842 INFO rally.task.context [-] Task c618174b-b155-454d-980e-52aa8fc56f12 | Context users@openstack cleanup() finished in 7.06 sec
2019-06-14 08:07:03.087 1842 INFO rally.task.engine [-] Load duration is: 3.013365
2019-06-14 08:07:03.087 1842 INFO rally.task.engine [-] Full runner duration is: 3.060549
2019-06-14 08:07:03.087 1842 INFO rally.task.engine [-] Full duration is: 21.637836
2019-06-14 08:07:03.305 1842 INFO rally.task.engine [-] Running workload: position = 0 config = { "version": 2, "title": "A cropped version of a bigger task.", "description": "Auto-generated task from a single workload (uuid=c92f6ea3-fb95-43ac-809e-7b6a81b2bcaf)", "subtasks": [ { "title": "CinderQos.create_and_set_qos", "description": "Create a qos, then Add/Update keys in qos specs.", "scenario": { "CinderQos.create_and_set_qos": { "consumer": "back-end", "write_iops_sec": "10", "read_iops_sec": "1000", "set_consumer": "both", "set_write_iops_sec": "11", "set_read_iops_sec": "1001" } }, "contexts": { "users": { "tenants": 3, "users_per_tenant": 2 }, "api_versions": { "cinder": { "version": 3, "service_type": "volumev3" } } }, "runner": { "constant": { "concurrency": 4, "times": 10 } }, "hooks": [], "sla": { "failure_rate": { "max": 0 } } } ] }
2019-06-14 08:07:03.323 1842 RALLYDEBUG rally_openstack.contexts.keystone.users [-] Creating 3 tenants using 20 threads
2019-06-14 08:07:05.220 1842 RALLYDEBUG rally_openstack.contexts.keystone.users [-] Creating 6 users using 20 threads
2019-06-14 08:07:07.965 1842 INFO rally.task.context [-] Task c618174b-b155-454d-980e-52aa8fc56f12 | Context users@openstack setup() finished in 4.64 sec
2019-06-14 08:07:08.393 1842 INFO rally.task.context [-] Task c618174b-b155-454d-980e-52aa8fc56f12 | Context api_versions@openstack setup() finished in 0.43 sec
2019-06-14 08:07:08.393 1842 INFO rally.task.context [-] Task c618174b-b155-454d-980e-52aa8fc56f12 | Context admin_cleanup@openstack setup() finished in 0.01 msec
2019-06-14 08:07:08.400 1842 RALLYDEBUG rally.task.runner [-] Starting the constant runner (task UUID: c618174b-b155-454d-980e-52aa8fc56f12). timeout: 0 concurrency: 4 concurrency_per_worker: 1 times: 10 concurrency_overhead: 0 processes_to_start: 4 max_cpu_used: 16
2019-06-14 08:07:08.413 5478 RALLYDEBUG rally.task.runner [-] Starting a worker. concurrency: 1 args: {"consumer": "back-end", "write_iops_sec": "10", "read_iops_sec": "1000", "set_consumer": "both", "set_write_iops_sec": "11", "set_read_iops_sec": "1001"} times: 10 method_name: run timeout: 0 duration: None cls:
2019-06-14 08:07:08.416 5479 RALLYDEBUG rally.task.runner [-] Starting a worker. concurrency: 1 args: {"consumer": "back-end", "write_iops_sec": "10", "read_iops_sec": "1000", "set_consumer": "both", "set_write_iops_sec": "11", "set_read_iops_sec": "1001"} times: 10 method_name: run timeout: 0 duration: None cls:
2019-06-14 08:07:08.418 5480 RALLYDEBUG rally.task.runner [-] Starting a worker. concurrency: 1 args: {"consumer": "back-end", "write_iops_sec": "10", "read_iops_sec": "1000", "set_consumer": "both", "set_write_iops_sec": "11", "set_read_iops_sec": "1001"} times: 10 method_name: run timeout: 0 duration: None cls:
2019-06-14 08:07:08.421 5478 INFO rally.task.runner [-] Task c618174b-b155-454d-980e-52aa8fc56f12 | ITER: 1 START
2019-06-14 08:07:08.421 5481 RALLYDEBUG rally.task.runner [-] Starting a worker. concurrency: 1 args: {"consumer": "back-end", "write_iops_sec": "10", "read_iops_sec": "1000", "set_consumer": "both", "set_write_iops_sec": "11", "set_read_iops_sec": "1001"} times: 10 method_name: run timeout: 0 duration: None cls:
2019-06-14 08:07:08.423 5480 INFO rally.task.runner [-] Task c618174b-b155-454d-980e-52aa8fc56f12 | ITER: 3 START
2019-06-14 08:07:08.424 5479 INFO rally.task.runner [-] Task c618174b-b155-454d-980e-52aa8fc56f12 | ITER: 2 START
2019-06-14 08:07:08.427 5481 INFO rally.task.runner [-] Task c618174b-b155-454d-980e-52aa8fc56f12 | ITER: 4 START
2019-06-14 08:07:09.502 5480 INFO rally.task.runner [-] Task c618174b-b155-454d-980e-52aa8fc56f12 | ITER: 3 END: OK
2019-06-14 08:07:09.508 5480 INFO rally.task.runner [-] Task c618174b-b155-454d-980e-52aa8fc56f12 | ITER: 5 START
2019-06-14 08:07:09.526 5479 INFO rally.task.runner [-] Task c618174b-b155-454d-980e-52aa8fc56f12 | ITER: 2 END: OK
2019-06-14 08:07:09.531 5479 INFO rally.task.runner [-] Task c618174b-b155-454d-980e-52aa8fc56f12 | ITER: 6 START
2019-06-14 08:07:09.621 5478 INFO rally.task.runner [-] Task c618174b-b155-454d-980e-52aa8fc56f12 | ITER: 1 END: OK
2019-06-14 08:07:09.626 5478 INFO rally.task.runner [-] Task c618174b-b155-454d-980e-52aa8fc56f12 | ITER: 7 START
2019-06-14 08:07:09.627 5481 INFO rally.task.runner [-] Task c618174b-b155-454d-980e-52aa8fc56f12 | ITER: 4 END: OK
2019-06-14 08:07:09.632 5481 INFO rally.task.runner [-] Task c618174b-b155-454d-980e-52aa8fc56f12 | ITER: 8 START
2019-06-14 08:07:10.554 5480 INFO rally.task.runner [-] Task c618174b-b155-454d-980e-52aa8fc56f12 | ITER: 5 END: OK
2019-06-14 08:07:10.559 5480 INFO rally.task.runner [-] Task c618174b-b155-454d-980e-52aa8fc56f12 | ITER: 9 START
2019-06-14 08:07:10.559 5479 INFO rally.task.runner [-] Task c618174b-b155-454d-980e-52aa8fc56f12 | ITER: 6 END: OK
2019-06-14 08:07:10.564 5479 INFO rally.task.runner [-] Task c618174b-b155-454d-980e-52aa8fc56f12 | ITER: 10 START
2019-06-14 08:07:10.566 5478 INFO rally.task.runner [-] Task c618174b-b155-454d-980e-52aa8fc56f12 | ITER: 7 END: OK
2019-06-14 08:07:10.680 5481 INFO rally.task.runner [-] Task c618174b-b155-454d-980e-52aa8fc56f12 | ITER: 8 END: OK
2019-06-14 08:07:11.448 5480 INFO rally.task.runner [-] Task c618174b-b155-454d-980e-52aa8fc56f12 | ITER: 9 END: OK
2019-06-14 08:07:11.455 5479 INFO rally.task.runner [-] Task c618174b-b155-454d-980e-52aa8fc56f12 | ITER: 10 END: OK
2019-06-14 08:07:11.480 1842 INFO rally.task.context [-] Task c618174b-b155-454d-980e-52aa8fc56f12 | Context admin_cleanup@openstack cleanup() started
2019-06-14 08:07:11.482 1842 RALLYDEBUG rally_openstack.cleanup.manager [-] Cleaning up cinder volume_types objects
2019-06-14 08:07:12.106 1842 RALLYDEBUG rally_openstack.cleanup.manager [-] Cleaning up cinder image_volumes_cache objects
2019-06-14 08:07:13.320 1842 RALLYDEBUG rally_openstack.cleanup.manager [-] Cleaning up cinder quotas objects
2019-06-14 08:07:14.798 1842 RALLYDEBUG rally_openstack.cleanup.manager [-] Cleaning up cinder qos_specs objects
2019-06-14 08:07:15.482 1842 RALLYDEBUG rally_openstack.cleanup.manager [-] Deleting cinder.qos_specs object s_rally_c92f6ea3_DosSZOWA (a6a972fa-8689-48b7-bad1-e78110e358ce)
2019-06-14 08:07:15.490 1842 RALLYDEBUG rally_openstack.cleanup.manager [-] Deleting cinder.qos_specs object s_rally_c92f6ea3_hZVwHqvh (014e9e33-c55d-4c3e-be8b-fbef61399869)
2019-06-14 08:07:15.503 1842 RALLYDEBUG rally_openstack.cleanup.manager [-] Deleting cinder.qos_specs object s_rally_c92f6ea3_kZNYVhT4 (bde8ea8f-2746-48b6-b25f-045501f8562c)
2019-06-14 08:07:15.504 1842 RALLYDEBUG rally_openstack.cleanup.manager [-] Deleting cinder.qos_specs object s_rally_c92f6ea3_CjZVU0ng (3656ee39-1d80-4a2f-9b4a-562be7e9d4df)
2019-06-14 08:07:15.511 1842 RALLYDEBUG rally_openstack.cleanup.manager [-] Deleting cinder.qos_specs object s_rally_c92f6ea3_szRwW1Jn (4c94ca55-4979-435b-89b1-95f4aa912d74)
2019-06-14 08:07:15.515 1842 RALLYDEBUG rally_openstack.cleanup.manager [-] Deleting cinder.qos_specs object s_rally_c92f6ea3_EgHI1qzF (32387ee3-6076-47b7-b9ae-bd036a451323)
2019-06-14 08:07:15.523 1842 RALLYDEBUG rally_openstack.cleanup.manager [-] Deleting cinder.qos_specs object s_rally_c92f6ea3_0zVLfeqQ (d418fb60-60b1-4cab-915a-13c36ca8d268)
2019-06-14 08:07:15.527 1842 RALLYDEBUG rally_openstack.cleanup.manager [-] Deleting cinder.qos_specs object s_rally_c92f6ea3_RYgxaM5O (5b82de76-c425-4fc1-8c56-f102a71f42ca)
2019-06-14 08:07:15.532 1842 RALLYDEBUG rally_openstack.cleanup.manager [-] Deleting cinder.qos_specs object s_rally_c92f6ea3_v1A4V95S (7efdd587-67c2-4c39-be53-64ee9296997c)
2019-06-14 08:07:15.553 1842 RALLYDEBUG rally_openstack.cleanup.manager [-] Deleting cinder.qos_specs object s_rally_c92f6ea3_u9NLxSIn (30ba7037-2e89-4ae7-bedc-4517e2be6f91)
2019-06-14 08:07:17.882 1842 INFO rally.task.context [-] Task c618174b-b155-454d-980e-52aa8fc56f12 | Context admin_cleanup@openstack cleanup() finished in 6.40 sec
2019-06-14 08:07:17.882 1842 INFO rally.task.context [-] Task c618174b-b155-454d-980e-52aa8fc56f12 | Context api_versions@openstack cleanup() started
2019-06-14 08:07:17.882 1842 INFO rally.task.context [-] Task c618174b-b155-454d-980e-52aa8fc56f12 | Context api_versions@openstack cleanup() finished in 0.30 msec
2019-06-14 08:07:17.883 1842 INFO rally.task.context [-] Task c618174b-b155-454d-980e-52aa8fc56f12 | Context users@openstack cleanup() started
2019-06-14 08:07:24.984 1842 INFO rally.task.context [-] Task c618174b-b155-454d-980e-52aa8fc56f12 | Context users@openstack cleanup() finished in 7.10 sec
2019-06-14 08:07:25.421 1842 INFO rally.task.engine [-] Load duration is: 3.030154
2019-06-14 08:07:25.422 1842 INFO rally.task.engine [-] Full runner duration is: 3.079666
2019-06-14 08:07:25.422 1842 INFO rally.task.engine [-] Full duration is: 21.664204
2019-06-14 08:07:25.653 1842 INFO rally.task.engine [-] Running workload: position = 0 config = { "version": 2, "title": "A cropped version of a bigger task.", "description": "Auto-generated task from a single workload (uuid=a78dd66f-b58c-49ba-ba28-b435526ebb9e)", "subtasks": [ { "title": "CinderVolumeTypes.create_and_get_volume_type", "description": "Create a volume Type, then get the details of the type.", "scenario": { "CinderVolumeTypes.create_and_get_volume_type": { "description": "rally tests creating types" } }, "contexts": { "users": { "tenants": 3, "users_per_tenant": 2 }, "api_versions": { "cinder": { "version": 3, "service_type": "volumev3" } } }, "runner": { "constant": { "concurrency": 4, "times": 10 } }, "hooks": [], "sla": { "failure_rate": { "max": 0 } } } ] }
2019-06-14 08:07:25.675 1842 RALLYDEBUG rally_openstack.contexts.keystone.users [-] Creating 3 tenants using 20 threads
2019-06-14 08:07:27.624 1842 RALLYDEBUG rally_openstack.contexts.keystone.users [-] Creating 6 users using 20 threads
2019-06-14 08:07:30.352 1842 INFO rally.task.context [-] Task c618174b-b155-454d-980e-52aa8fc56f12 | Context users@openstack setup() finished in 4.68 sec
2019-06-14 08:07:30.790 1842 INFO rally.task.context [-] Task c618174b-b155-454d-980e-52aa8fc56f12 | Context api_versions@openstack setup() finished in 0.44 sec
2019-06-14 08:07:30.791 1842 INFO rally.task.context [-] Task c618174b-b155-454d-980e-52aa8fc56f12 | Context admin_cleanup@openstack setup() finished in 0.01 msec
2019-06-14 08:07:30.798 1842 RALLYDEBUG rally.task.runner [-] Starting the constant runner (task UUID: c618174b-b155-454d-980e-52aa8fc56f12). timeout: 0 concurrency: 4 concurrency_per_worker: 1 times: 10 concurrency_overhead: 0 processes_to_start: 4 max_cpu_used: 16
2019-06-14 08:07:30.811 5662 RALLYDEBUG rally.task.runner [-] Starting a worker. concurrency: 1 args: {"description": "rally tests creating types"} times: 10 method_name: run timeout: 0 duration: None cls:
2019-06-14 08:07:30.814 5663 RALLYDEBUG rally.task.runner [-] Starting a worker. concurrency: 1 args: {"description": "rally tests creating types"} times: 10 method_name: run timeout: 0 duration: None cls:
2019-06-14 08:07:30.816 5664 RALLYDEBUG rally.task.runner [-] Starting a worker. concurrency: 1 args: {"description": "rally tests creating types"} times: 10 method_name: run timeout: 0 duration: None cls:
2019-06-14 08:07:30.818 5662 INFO rally.task.runner [-] Task c618174b-b155-454d-980e-52aa8fc56f12 | ITER: 1 START
2019-06-14 08:07:30.818 5665 RALLYDEBUG rally.task.runner [-] Starting a worker. concurrency: 1 args: {"description": "rally tests creating types"} times: 10 method_name: run timeout: 0 duration: None cls:
2019-06-14 08:07:30.820 5663 INFO rally.task.runner [-] Task c618174b-b155-454d-980e-52aa8fc56f12 | ITER: 2 START
2019-06-14 08:07:30.822 5664 INFO rally.task.runner [-] Task c618174b-b155-454d-980e-52aa8fc56f12 | ITER: 3 START
2019-06-14 08:07:30.824 5665 INFO rally.task.runner [-] Task c618174b-b155-454d-980e-52aa8fc56f12 | ITER: 4 START
2019-06-14 08:07:31.901 5665 INFO rally.task.runner [-] Task c618174b-b155-454d-980e-52aa8fc56f12 | ITER: 4 END: OK
2019-06-14 08:07:31.904 5662 INFO rally.task.runner [-] Task c618174b-b155-454d-980e-52aa8fc56f12 | ITER: 1 END: OK
2019-06-14 08:07:31.907 5665 INFO rally.task.runner [-] Task c618174b-b155-454d-980e-52aa8fc56f12 | ITER: 5 START
2019-06-14 08:07:31.908 5662 INFO rally.task.runner [-] Task c618174b-b155-454d-980e-52aa8fc56f12 | ITER: 6 START
2019-06-14 08:07:31.933 5663 INFO rally.task.runner [-] Task c618174b-b155-454d-980e-52aa8fc56f12 | ITER: 2 END: OK
2019-06-14 08:07:31.937 5663 INFO rally.task.runner [-] Task c618174b-b155-454d-980e-52aa8fc56f12 | ITER: 7 START
2019-06-14 08:07:31.953 5664 INFO rally.task.runner [-] Task c618174b-b155-454d-980e-52aa8fc56f12 | ITER: 3 END: OK
2019-06-14 08:07:31.958 5664 INFO rally.task.runner [-] Task c618174b-b155-454d-980e-52aa8fc56f12 | ITER: 8 START
2019-06-14 08:07:32.853 5664 INFO rally.task.runner [-] Task c618174b-b155-454d-980e-52aa8fc56f12 | ITER: 8 END: OK
2019-06-14 08:07:32.857 5664 INFO rally.task.runner [-] Task c618174b-b155-454d-980e-52aa8fc56f12 | ITER: 9 START
2019-06-14 08:07:32.897 5665 INFO rally.task.runner [-] Task c618174b-b155-454d-980e-52aa8fc56f12 | ITER: 5 END: OK
2019-06-14 08:07:32.898 5663 INFO rally.task.runner [-] Task c618174b-b155-454d-980e-52aa8fc56f12 | ITER: 7 END: OK
2019-06-14 08:07:32.902 5665 INFO rally.task.runner [-] Task c618174b-b155-454d-980e-52aa8fc56f12 | ITER: 10 START
2019-06-14 08:07:32.902 5662 INFO rally.task.runner [-] Task c618174b-b155-454d-980e-52aa8fc56f12 | ITER: 6 END: OK
2019-06-14 08:07:33.766 5665 INFO rally.task.runner [-] Task c618174b-b155-454d-980e-52aa8fc56f12 | ITER: 10 END: OK
2019-06-14 08:07:33.833 5664 INFO rally.task.runner [-] Task c618174b-b155-454d-980e-52aa8fc56f12 | ITER: 9 END: OK
2019-06-14 08:07:33.859 1842 INFO rally.task.context [-] Task c618174b-b155-454d-980e-52aa8fc56f12 | Context admin_cleanup@openstack cleanup() started
2019-06-14 08:07:33.861 1842 RALLYDEBUG rally_openstack.cleanup.manager [-] Cleaning up cinder volume_types objects
2019-06-14 08:07:34.512 1842 RALLYDEBUG rally_openstack.cleanup.manager [-] Deleting cinder.volume_types object s_rally_a78dd66f_qk2nx6sl (9d88f17a-466b-4d28-b1a3-3a8cacf41aa4)
2019-06-14 08:07:34.513 1842 RALLYDEBUG rally_openstack.cleanup.manager [-] Deleting cinder.volume_types object s_rally_a78dd66f_ZKbaqeS9 (00395365-e7b3-49cf-b762-f1c283ae02cc)
2019-06-14 08:07:34.515 1842 RALLYDEBUG rally_openstack.cleanup.manager [-] Deleting cinder.volume_types object s_rally_a78dd66f_NDyaiMhO (a3bd76c1-2ce8-4868-89f5-0274675c0835)
2019-06-14 08:07:34.517 1842 RALLYDEBUG rally_openstack.cleanup.manager [-] Deleting cinder.volume_types object s_rally_a78dd66f_NqGdFQV4 (40c8d7da-933e-4ebe-8696-f89ba8369823)
2019-06-14 08:07:34.525 1842 RALLYDEBUG rally_openstack.cleanup.manager [-] Deleting cinder.volume_types object s_rally_a78dd66f_POyyHhVc (f6b0168d-beee-436d-ace4-4a40d10bb479)
2019-06-14 08:07:34.526 1842 RALLYDEBUG rally_openstack.cleanup.manager [-] Deleting cinder.volume_types object s_rally_a78dd66f_cVICVXod (3bebf912-fc6e-4d06-9834-b9bf59f83c2c)
2019-06-14 08:07:34.535 1842 RALLYDEBUG rally_openstack.cleanup.manager [-] Deleting cinder.volume_types object s_rally_a78dd66f_wCzGLmCt (0fe65f9c-b4d3-4988-a8c8-1649191caa01)
2019-06-14 08:07:34.543 1842 RALLYDEBUG rally_openstack.cleanup.manager [-] Deleting cinder.volume_types object s_rally_a78dd66f_7Dl3tp6n (cfb3c79e-c717-4856-ab1e-4721a3472bc0)
2019-06-14 08:07:34.546 1842 RALLYDEBUG rally_openstack.cleanup.manager [-] Deleting cinder.volume_types object s_rally_a78dd66f_3OLTPdm5 (0489083a-835d-4aac-8a28-e9ad27c1b992)
2019-06-14 08:07:34.551 1842 RALLYDEBUG rally_openstack.cleanup.manager [-] Deleting cinder.volume_types object s_rally_a78dd66f_YAVGp7nR (46fd8d33-d796-4165-8c0d-25654841b7d3)
2019-06-14 08:07:36.886 1842 RALLYDEBUG rally_openstack.cleanup.manager [-] Cleaning up cinder image_volumes_cache objects
2019-06-14 08:07:37.826 1842 RALLYDEBUG rally_openstack.cleanup.manager [-] Cleaning up cinder quotas objects
2019-06-14 08:07:39.449 1842 RALLYDEBUG rally_openstack.cleanup.manager [-] Cleaning up cinder qos_specs objects
2019-06-14 08:07:40.328 1842 INFO rally.task.context [-] Task c618174b-b155-454d-980e-52aa8fc56f12 | Context admin_cleanup@openstack cleanup() finished in 6.47 sec
2019-06-14 08:07:40.329 1842 INFO rally.task.context [-] Task c618174b-b155-454d-980e-52aa8fc56f12 | Context api_versions@openstack cleanup() started
2019-06-14 08:07:40.329 1842 INFO rally.task.context [-] Task c618174b-b155-454d-980e-52aa8fc56f12 | Context api_versions@openstack cleanup() finished in 0.32 msec
2019-06-14 08:07:40.329 1842 INFO rally.task.context [-] Task c618174b-b155-454d-980e-52aa8fc56f12 | Context users@openstack cleanup() started
2019-06-14 08:07:47.731 1842 INFO rally.task.context [-] Task c618174b-b155-454d-980e-52aa8fc56f12 | Context users@openstack cleanup() finished in 7.40 sec
2019-06-14 08:07:47.820 1842 INFO rally.task.engine [-] Load duration is: 3.010598
2019-06-14 08:07:47.821 1842 INFO rally.task.engine [-] Full runner duration is: 3.061111
2019-06-14 08:07:47.821 1842 INFO rally.task.engine [-] Full duration is: 22.05897
2019-06-14 08:07:48.048 1842 INFO rally.task.engine [-] Running workload: position = 0 config = { "version": 2, "title": "A cropped version of a bigger task.", "description": "Auto-generated task from a single workload (uuid=529c6176-9c2d-4ab3-bbd0-dbca051c5070)", "subtasks": [ { "title": "CinderVolumeTypes.create_and_list_volume_types", "description": "Create a volume Type, then list all types.", "scenario": { "CinderVolumeTypes.create_and_list_volume_types": { "description": "rally tests creating types" } }, "contexts": { "users": { "tenants": 3, "users_per_tenant": 2 }, "api_versions": { "cinder": { "version": 3, "service_type": "volumev3" } } }, "runner": { "constant": { "concurrency": 4, "times": 10 } }, "hooks": [], "sla": { "failure_rate": { "max": 0 } } } ] }
2019-06-14 08:07:48.070 1842 RALLYDEBUG rally_openstack.contexts.keystone.users [-] Creating 3 tenants using 20 threads
2019-06-14 08:07:49.870 1842 RALLYDEBUG rally_openstack.contexts.keystone.users [-] Creating 6 users using 20 threads
2019-06-14 08:07:52.699 1842 INFO rally.task.context [-] Task c618174b-b155-454d-980e-52aa8fc56f12 | Context users@openstack setup() finished in 4.63 sec
2019-06-14 08:07:53.116 1842 INFO rally.task.context [-] Task c618174b-b155-454d-980e-52aa8fc56f12 | Context api_versions@openstack setup() finished in 0.42 sec
2019-06-14 08:07:53.117 1842 INFO rally.task.context [-] Task c618174b-b155-454d-980e-52aa8fc56f12 | Context admin_cleanup@openstack setup() finished in 0.00 msec
2019-06-14 08:07:53.123 1842 RALLYDEBUG rally.task.runner [-] Starting the constant runner (task UUID: c618174b-b155-454d-980e-52aa8fc56f12). timeout: 0 concurrency: 4 concurrency_per_worker: 1 times: 10 concurrency_overhead: 0 processes_to_start: 4 max_cpu_used: 16
2019-06-14 08:07:53.135 5846 RALLYDEBUG rally.task.runner [-] Starting a worker. concurrency: 1 args: {"description": "rally tests creating types"} times: 10 method_name: run timeout: 0 duration: None cls:
2019-06-14 08:07:53.139 5847 RALLYDEBUG rally.task.runner [-] Starting a worker. concurrency: 1 args: {"description": "rally tests creating types"} times: 10 method_name: run timeout: 0 duration: None cls:
2019-06-14 08:07:53.141 5846 INFO rally.task.runner [-] Task c618174b-b155-454d-980e-52aa8fc56f12 | ITER: 1 START
2019-06-14 08:07:53.141 5848 RALLYDEBUG rally.task.runner [-] Starting a worker. concurrency: 1 args: {"description": "rally tests creating types"} times: 10 method_name: run timeout: 0 duration: None cls:
2019-06-14 08:07:53.146 5848 INFO rally.task.runner [-] Task c618174b-b155-454d-980e-52aa8fc56f12 | ITER: 3 START
2019-06-14 08:07:53.146 5847 INFO rally.task.runner [-] Task c618174b-b155-454d-980e-52aa8fc56f12 | ITER: 2 START
2019-06-14 08:07:53.146 5850 RALLYDEBUG rally.task.runner [-] Starting a worker. concurrency: 1 args: {"description": "rally tests creating types"} times: 10 method_name: run timeout: 0 duration: None cls:
2019-06-14 08:07:53.153 5850 INFO rally.task.runner [-] Task c618174b-b155-454d-980e-52aa8fc56f12 | ITER: 4 START
2019-06-14 08:07:54.221 5848 INFO rally.task.runner [-] Task c618174b-b155-454d-980e-52aa8fc56f12 | ITER: 3 END: OK
2019-06-14 08:07:54.222 5846 INFO rally.task.runner [-] Task c618174b-b155-454d-980e-52aa8fc56f12 | ITER: 1 END: OK
2019-06-14 08:07:54.224 5848 INFO rally.task.runner [-] Task c618174b-b155-454d-980e-52aa8fc56f12 | ITER: 5 START
2019-06-14 08:07:54.226 5846 INFO rally.task.runner [-] Task c618174b-b155-454d-980e-52aa8fc56f12 | ITER: 6 START
2019-06-14 08:07:54.232 5850 INFO rally.task.runner [-] Task c618174b-b155-454d-980e-52aa8fc56f12 | ITER: 4 END: OK
2019-06-14 08:07:54.237 5847 INFO rally.task.runner [-] Task c618174b-b155-454d-980e-52aa8fc56f12 | ITER: 2 END: OK
2019-06-14 08:07:54.239 5850 INFO rally.task.runner [-] Task c618174b-b155-454d-980e-52aa8fc56f12 | ITER: 7 START
2019-06-14 08:07:54.243 5847 INFO rally.task.runner [-] Task c618174b-b155-454d-980e-52aa8fc56f12 | ITER: 8 START
2019-06-14 08:07:55.123 5848 INFO rally.task.runner [-] Task c618174b-b155-454d-980e-52aa8fc56f12 | ITER: 5 END: OK
2019-06-14 08:07:55.128 5848 INFO rally.task.runner [-] Task c618174b-b155-454d-980e-52aa8fc56f12 | ITER: 9 START
2019-06-14 08:07:55.161 5847 INFO rally.task.runner [-] Task c618174b-b155-454d-980e-52aa8fc56f12 | ITER: 8 END: OK
2019-06-14 08:07:55.166 5847 INFO rally.task.runner [-] Task c618174b-b155-454d-980e-52aa8fc56f12 | ITER: 10 START
2019-06-14 08:07:55.188 5846 INFO rally.task.runner [-] Task c618174b-b155-454d-980e-52aa8fc56f12 | ITER: 6 END: OK
2019-06-14 08:07:55.302 5850 INFO rally.task.runner [-] Task c618174b-b155-454d-980e-52aa8fc56f12 | ITER: 7 END: OK
2019-06-14 08:07:56.003 5848 INFO rally.task.runner [-] Task c618174b-b155-454d-980e-52aa8fc56f12 | ITER: 9 END: OK
2019-06-14 08:07:56.274 5847 INFO rally.task.runner [-] Task c618174b-b155-454d-980e-52aa8fc56f12 | ITER: 10 END: OK
2019-06-14 08:07:56.299 1842 INFO rally.task.context [-] Task c618174b-b155-454d-980e-52aa8fc56f12 | Context admin_cleanup@openstack cleanup() started
2019-06-14 08:07:56.301 1842 RALLYDEBUG rally_openstack.cleanup.manager [-] Cleaning up cinder volume_types objects
2019-06-14 08:07:56.996 1842 RALLYDEBUG rally_openstack.cleanup.manager [-] Deleting cinder.volume_types object s_rally_529c6176_GAak5YHe (d6d60c5f-12ef-4432-bd41-24a37b007168)
2019-06-14 08:07:56.997 1842 RALLYDEBUG rally_openstack.cleanup.manager [-] Deleting cinder.volume_types object s_rally_529c6176_TR6I8fJX (d2ba02a3-fdfc-4cba-986c-972b59bb05ed)
2019-06-14 08:07:56.998 1842 RALLYDEBUG rally_openstack.cleanup.manager [-] Deleting cinder.volume_types object s_rally_529c6176_Imlbo62l (cfa51098-2dac-450c-8121-6bb19c2032e9)
2019-06-14 08:07:56.999 1842 RALLYDEBUG rally_openstack.cleanup.manager [-] Deleting cinder.volume_types object s_rally_529c6176_1myhLXYh (14b1341f-667a-40bb-86fa-c67570a9a820)
2019-06-14 08:07:57.003 1842 RALLYDEBUG rally_openstack.cleanup.manager [-] Deleting cinder.volume_types object s_rally_529c6176_2w11vzPt (56558dad-89bc-48dd-a6cf-7bbe01f41011)
2019-06-14 08:07:57.004 1842 RALLYDEBUG rally_openstack.cleanup.manager [-] Deleting cinder.volume_types object s_rally_529c6176_1AFQ3pjs (c35b8457-93cc-424d-9679-5d2941e7b152)
2019-06-14 08:07:57.011 1842 RALLYDEBUG rally_openstack.cleanup.manager [-] Deleting cinder.volume_types object s_rally_529c6176_hEivSYBA (c47e2070-4955-4333-9600-9e4cdd2c3fb2)
2019-06-14 08:07:57.022 1842 RALLYDEBUG rally_openstack.cleanup.manager [-] Deleting cinder.volume_types object s_rally_529c6176_OBwdzc0L (adc8e89d-e720-4bf9-a847-0e2873bee447)
2019-06-14 08:07:57.026 1842 RALLYDEBUG rally_openstack.cleanup.manager [-] Deleting cinder.volume_types object s_rally_529c6176_DqMtKdOk (7e902894-d058-4f41-bd7b-e63a05889d6c)
2019-06-14 08:07:57.036 1842 RALLYDEBUG rally_openstack.cleanup.manager [-] Deleting cinder.volume_types object s_rally_529c6176_LIMVABtr (21e84a49-ed27-4ef3-94bd-0042f550628c)
2019-06-14 08:07:59.477 1842 RALLYDEBUG rally_openstack.cleanup.manager [-] Cleaning up cinder image_volumes_cache objects
2019-06-14 08:08:00.539 1842 RALLYDEBUG rally_openstack.cleanup.manager [-] Cleaning up cinder quotas objects
2019-06-14 08:08:02.166 1842 RALLYDEBUG rally_openstack.cleanup.manager [-] Cleaning up cinder qos_specs objects
2019-06-14 08:08:02.807 1842 INFO rally.task.context [-] Task c618174b-b155-454d-980e-52aa8fc56f12 | Context admin_cleanup@openstack cleanup() finished in 6.51 sec
2019-06-14 08:08:02.808 1842 INFO rally.task.context [-] Task c618174b-b155-454d-980e-52aa8fc56f12 | Context api_versions@openstack cleanup() started
2019-06-14 08:08:02.808 1842 INFO rally.task.context [-] Task c618174b-b155-454d-980e-52aa8fc56f12 | Context api_versions@openstack cleanup() finished in 0.33 msec
2019-06-14 08:08:02.809 1842 INFO rally.task.context [-] Task c618174b-b155-454d-980e-52aa8fc56f12 | Context users@openstack cleanup() started
2019-06-14 08:08:09.782 1842 INFO rally.task.context [-] Task c618174b-b155-454d-980e-52aa8fc56f12 | Context users@openstack cleanup() finished in 6.97 sec
2019-06-14 08:08:10.172 1842 INFO rally.task.engine [-] Load duration is: 3.12805
2019-06-14 08:08:10.173 1842 INFO rally.task.engine [-] Full runner duration is: 3.175575
2019-06-14 08:08:10.173 1842 INFO rally.task.engine [-] Full duration is: 21.717067
2019-06-14 08:08:10.413 1842 INFO rally.task.engine [-] Running workload: position = 0 config = { "version": 2, "title": "A cropped version of a bigger task.", "description": "Auto-generated task from a single workload (uuid=593c6e57-f228-4a0e-8c47-68015adceab9)", "subtasks": [ { "title": "CinderVolumeTypes.create_and_update_volume_type", "description": "create a volume type, then update the type.", "scenario": { "CinderVolumeTypes.create_and_update_volume_type": { "description": "test", "update_description": "test update" } }, "contexts": { "users": { "tenants": 3, "users_per_tenant": 2 }, "api_versions": { "cinder": { "version": 3, "service_type": "volumev3" } } }, "runner": { "constant": { "concurrency": 4, "times": 10 } }, "hooks": [], "sla": { "failure_rate": { "max": 0 } } } ] }
2019-06-14 08:08:10.434 1842 RALLYDEBUG rally_openstack.contexts.keystone.users [-] Creating 3 tenants using 20 threads
2019-06-14 08:08:12.364 1842 RALLYDEBUG rally_openstack.contexts.keystone.users [-] Creating 6 users using 20 threads
2019-06-14 08:08:15.036 1842 INFO rally.task.context [-] Task c618174b-b155-454d-980e-52aa8fc56f12 | Context users@openstack setup() finished in 4.60 sec
2019-06-14 08:08:15.455 1842 INFO rally.task.context [-] Task c618174b-b155-454d-980e-52aa8fc56f12 | Context api_versions@openstack setup() finished in 0.42 sec
2019-06-14 08:08:15.456 1842 INFO rally.task.context [-] Task c618174b-b155-454d-980e-52aa8fc56f12 | Context admin_cleanup@openstack setup() finished in 0.01 msec
2019-06-14 08:08:15.463 1842 RALLYDEBUG rally.task.runner [-] Starting the constant runner (task UUID: c618174b-b155-454d-980e-52aa8fc56f12). timeout: 0 concurrency: 4 concurrency_per_worker: 1 times: 10 concurrency_overhead: 0 processes_to_start: 4 max_cpu_used: 16
2019-06-14 08:08:15.473 6030 RALLYDEBUG rally.task.runner [-] Starting a worker. concurrency: 1 args: {"description": "test", "update_description": "test update"} times: 10 method_name: run timeout: 0 duration: None cls:
2019-06-14 08:08:15.478 6031 RALLYDEBUG rally.task.runner [-] Starting a worker. concurrency: 1 args: {"description": "test", "update_description": "test update"} times: 10 method_name: run timeout: 0 duration: None cls:
2019-06-14 08:08:15.479 6030 INFO rally.task.runner [-] Task c618174b-b155-454d-980e-52aa8fc56f12 | ITER: 1 START
2019-06-14 08:08:15.480 6032 RALLYDEBUG rally.task.runner [-] Starting a worker. concurrency: 1 args: {"description": "test", "update_description": "test update"} times: 10 method_name: run timeout: 0 duration: None cls:
2019-06-14 08:08:15.483 6033 RALLYDEBUG rally.task.runner [-] Starting a worker. concurrency: 1 args: {"description": "test", "update_description": "test update"} times: 10 method_name: run timeout: 0 duration: None cls:
2019-06-14 08:08:15.485 6031 INFO rally.task.runner [-] Task c618174b-b155-454d-980e-52aa8fc56f12 | ITER: 2 START
2019-06-14 08:08:15.486 6032 INFO rally.task.runner [-] Task c618174b-b155-454d-980e-52aa8fc56f12 | ITER: 3 START
2019-06-14 08:08:15.489 6033 INFO rally.task.runner [-] Task c618174b-b155-454d-980e-52aa8fc56f12 | ITER: 4 START
2019-06-14 08:08:15.916 6030 DEBUG cinderclient.v2.client [-] REQ: curl -g -i -X POST http://172.30.9.44:8776/v3/339f35a6a78d4d5387e2a58d56875331/types -H "Accept: application/json" -H "Content-Type: application/json" -H "User-Agent: python-cinderclient" -H "X-Auth-Token: {SHA1}887440afc2d510287a1e155f36229a5e5442e8d4" -d '{"volume_type": {"os-volume-type-access:is_public": true, "name": "s_rally_593c6e57_MR1ypjxg", "description": "test"}}' _http_log_request /usr/lib/python2.7/site-packages/keystoneauth1/session.py:448
2019-06-14 08:08:15.919 6031 DEBUG cinderclient.v2.client [-] REQ: curl -g -i -X POST http://172.30.9.44:8776/v3/339f35a6a78d4d5387e2a58d56875331/types -H "Accept: application/json" -H "Content-Type: application/json" -H "User-Agent: python-cinderclient" -H "X-Auth-Token: {SHA1}0f375f98b24b6705dc553eaf89d945e0b10f1b26" -d '{"volume_type": {"os-volume-type-access:is_public": true, "name": "s_rally_593c6e57_zOWC5QTO", "description": "test"}}' _http_log_request /usr/lib/python2.7/site-packages/keystoneauth1/session.py:448
2019-06-14 08:08:15.925 6033 DEBUG cinderclient.v2.client [-] REQ: curl -g -i -X POST http://172.30.9.44:8776/v3/339f35a6a78d4d5387e2a58d56875331/types -H "Accept: application/json" -H "Content-Type: application/json" -H "User-Agent: python-cinderclient" -H "X-Auth-Token: {SHA1}49f26fa209b5fc5cc6250c49ab12907dcaf21166" -d '{"volume_type": {"os-volume-type-access:is_public": true, "name": "s_rally_593c6e57_1G8fSLZI", "description": "test"}}' _http_log_request /usr/lib/python2.7/site-packages/keystoneauth1/session.py:448
2019-06-14 08:08:15.948 6032 DEBUG cinderclient.v2.client [-] REQ: curl -g -i -X POST http://172.30.9.44:8776/v3/339f35a6a78d4d5387e2a58d56875331/types -H "Accept: application/json" -H "Content-Type: application/json" -H "User-Agent: python-cinderclient" -H "X-Auth-Token: {SHA1}9b9b6bc4eb018ff7de610a948f3e1ec8535ccffb" -d '{"volume_type": {"os-volume-type-access:is_public": true, "name": "s_rally_593c6e57_it9wFz3J", "description": "test"}}' _http_log_request /usr/lib/python2.7/site-packages/keystoneauth1/session.py:448
2019-06-14 08:08:16.297 6030 DEBUG cinderclient.v2.client [-] RESP: [200] Content-Encoding: gzip Content-Length: 168 Content-Type: application/json Date: Fri, 14 Jun 2019 08:08:15 GMT OpenStack-API-Version: volume 3.0 Server: Apache Vary: OpenStack-API-Version,Accept-Encoding x-compute-request-id: req-255d08b3-06c4-4907-9bf2-d711b34ff1e7 x-openstack-request-id: req-255d08b3-06c4-4907-9bf2-d711b34ff1e7 _http_log_response /usr/lib/python2.7/site-packages/keystoneauth1/session.py:479
2019-06-14 08:08:16.298 6030 DEBUG cinderclient.v2.client [-] RESP BODY: {"volume_type": {"name": "s_rally_593c6e57_MR1ypjxg", "extra_specs": {}, "os-volume-type-access:is_public": true, "is_public": true, "id": "bd76ca53-c237-43e6-b094-fd1d7df49227", "description": "test"}} _http_log_response /usr/lib/python2.7/site-packages/keystoneauth1/session.py:511
2019-06-14 08:08:16.298 6030 DEBUG cinderclient.v2.client [-] POST call to volumev2 for http://172.30.9.44:8776/v3/339f35a6a78d4d5387e2a58d56875331/types used request id req-255d08b3-06c4-4907-9bf2-d711b34ff1e7 request /usr/lib/python2.7/site-packages/keystoneauth1/session.py:844
2019-06-14 08:08:16.300 6030 DEBUG cinderclient.v2.client [-] REQ: curl -g -i -X PUT http://172.30.9.44:8776/v3/339f35a6a78d4d5387e2a58d56875331/types/bd76ca53-c237-43e6-b094-fd1d7df49227 -H "Accept: application/json" -H "Content-Type: application/json" -H "User-Agent: python-cinderclient" -H "X-Auth-Token: {SHA1}887440afc2d510287a1e155f36229a5e5442e8d4" -H "X-OpenStack-Request-ID: req-255d08b3-06c4-4907-9bf2-d711b34ff1e7" -d '{"volume_type": {"name": "s_rally_593c6e57_MR1ypjxg", "description": "test update"}}' _http_log_request /usr/lib/python2.7/site-packages/keystoneauth1/session.py:448
2019-06-14 08:08:16.302 6031 DEBUG cinderclient.v2.client [-] RESP: [200] Content-Encoding: gzip Content-Length: 172 Content-Type: application/json Date: Fri, 14 Jun 2019 08:08:15 GMT OpenStack-API-Version: volume 3.0 Server: Apache Vary: OpenStack-API-Version,Accept-Encoding x-compute-request-id: req-1ce72dbe-fe29-4933-a4bd-be6b32c9e120 x-openstack-request-id: req-1ce72dbe-fe29-4933-a4bd-be6b32c9e120 _http_log_response /usr/lib/python2.7/site-packages/keystoneauth1/session.py:479
2019-06-14 08:08:16.303 6031 DEBUG cinderclient.v2.client [-] RESP BODY: {"volume_type": {"name": "s_rally_593c6e57_zOWC5QTO", "extra_specs": {}, "os-volume-type-access:is_public": true, "is_public": true, "id": "eb12d18b-b82a-4f44-837a-e07206b7516a", "description": "test"}} _http_log_response /usr/lib/python2.7/site-packages/keystoneauth1/session.py:511
2019-06-14 08:08:16.304 6031 DEBUG cinderclient.v2.client [-] POST call to volumev2 for http://172.30.9.44:8776/v3/339f35a6a78d4d5387e2a58d56875331/types used request id req-1ce72dbe-fe29-4933-a4bd-be6b32c9e120 request /usr/lib/python2.7/site-packages/keystoneauth1/session.py:844
2019-06-14 08:08:16.306 6031 DEBUG cinderclient.v2.client [-] REQ: curl -g -i -X PUT http://172.30.9.44:8776/v3/339f35a6a78d4d5387e2a58d56875331/types/eb12d18b-b82a-4f44-837a-e07206b7516a -H "Accept: application/json" -H "Content-Type: application/json" -H "User-Agent: python-cinderclient" -H "X-Auth-Token: {SHA1}0f375f98b24b6705dc553eaf89d945e0b10f1b26" -H "X-OpenStack-Request-ID: req-1ce72dbe-fe29-4933-a4bd-be6b32c9e120" -d '{"volume_type": {"name": "s_rally_593c6e57_zOWC5QTO", "description": "test update"}}' _http_log_request /usr/lib/python2.7/site-packages/keystoneauth1/session.py:448
2019-06-14 08:08:16.308 6032 DEBUG cinderclient.v2.client [-] RESP: [200] Content-Encoding: gzip Content-Length: 168 Content-Type: application/json Date: Fri, 14 Jun 2019 08:08:15 GMT OpenStack-API-Version: volume 3.0 Server: Apache Vary: OpenStack-API-Version,Accept-Encoding x-compute-request-id: req-de20b7fc-ab80-473e-a11c-57c455210ca7 x-openstack-request-id: req-de20b7fc-ab80-473e-a11c-57c455210ca7 _http_log_response /usr/lib/python2.7/site-packages/keystoneauth1/session.py:479
2019-06-14 08:08:16.309 6032 DEBUG cinderclient.v2.client [-] RESP BODY: {"volume_type": {"name": "s_rally_593c6e57_it9wFz3J", "extra_specs": {}, "os-volume-type-access:is_public": true, "is_public": true, "id": "585c0c73-9878-4f4a-8791-2caaf030efd7", "description": "test"}} _http_log_response /usr/lib/python2.7/site-packages/keystoneauth1/session.py:511
2019-06-14 08:08:16.309 6032 DEBUG cinderclient.v2.client [-] POST call to volumev2 for http://172.30.9.44:8776/v3/339f35a6a78d4d5387e2a58d56875331/types used request id req-de20b7fc-ab80-473e-a11c-57c455210ca7 request /usr/lib/python2.7/site-packages/keystoneauth1/session.py:844
