2019-06-14 07:38:24.030 7 RALLYDEBUG rally.api [-] INFO logs from urllib3 and requests module are hide.
2019-06-14 07:38:24.030 7 RALLYDEBUG rally.api [-] urllib3 insecure warnings are hidden.
2019-06-14 07:38:24.031 7 RALLYDEBUG rally.api [-] ERROR log from boto module is hide.
2019-06-14 07:38:25.216 7 ERROR rally.cli.cliutils [-] Unexpected exception in CLI: DBRecordNotFound: Record for uuid or name is opnfv-rally not found in table envs
2019-06-14 07:38:25.216 7 ERROR rally.cli.cliutils
Traceback (most recent call last):
2019-06-14 07:38:25.216 7 ERROR rally.cli.cliutils
File "/usr/lib/python2.7/site-packages/rally/cli/cliutils.py", line 674, in run
2019-06-14 07:38:25.216 7 ERROR rally.cli.cliutils ret = fn(*fn_args, **fn_kwargs)
2019-06-14 07:38:25.216 7 ERROR rally.cli.cliutils File "", line 2, in destroy
2019-06-14 07:38:25.216 7 ERROR rally.cli.cliutils
File "/usr/lib/python2.7/site-packages/rally/cli/envutils.py", line 69, in default_from_global
2019-06-14 07:38:25.216 7 ERROR rally.cli.cliutils return f(*args, **kwargs)
2019-06-14 07:38:25.216 7 ERROR rally.cli.cliutils File "", line 2, in destroy
2019-06-14 07:38:25.216 7 ERROR rally.cli.cliutils
File "/usr/lib/python2.7/site-packages/rally/plugins/__init__.py", line 51, in ensure_plugins_are_loaded
2019-06-14 07:38:25.216 7 ERROR rally.cli.cliutils return f(*args, **kwargs)
2019-06-14 07:38:25.216 7 ERROR rally.cli.cliutils
File "/usr/lib/python2.7/site-packages/rally/cli/commands/deployment.py", line 140, in destroy
2019-06-14 07:38:25.216 7 ERROR rally.cli.cliutils api.deployment.destroy(deployment=deployment)
2019-06-14 07:38:25.216 7 ERROR rally.cli.cliutils
File "/usr/lib/python2.7/site-packages/rally/api.py", line 115, in destroy
2019-06-14 07:38:25.216 7 ERROR rally.cli.cliutils deploy = objects.Deployment.get(deployment)
2019-06-14 07:38:25.216 7 ERROR rally.cli.cliutils
File "/usr/lib/python2.7/site-packages/rally/common/objects/deploy.py", line 124, in get
2019-06-14 07:38:25.216 7 ERROR rally.cli.cliutils return Deployment(env_mgr.EnvManager.get(deploy))
2019-06-14 07:38:25.216 7 ERROR rally.cli.cliutils
File "/usr/lib/python2.7/site-packages/rally/env/env_mgr.py", line 212, in get
2019-06-14 07:38:25.216 7 ERROR rally.cli.cliutils return cls(db.env_get(uuid_or_name))
2019-06-14 07:38:25.216 7 ERROR rally.cli.cliutils
File "/usr/lib/python2.7/site-packages/rally/common/db/api.py", line 135, in wrapper
2019-06-14 07:38:25.216 7 ERROR rally.cli.cliutils result = f(session, *args, **kwargs)
2019-06-14 07:38:25.216 7 ERROR rally.cli.cliutils
File "/usr/lib/python2.7/site-packages/rally/common/db/api.py", line 521, in env_get
2019-06-14 07:38:25.216 7 ERROR rally.cli.cliutils criteria="uuid or name is %s" % uuid_or_name, table="envs")
2019-06-14 07:38:25.216 7 ERROR rally.cli.cliutils DBRecordNotFound: Record for uuid or name is opnfv-rally not found in table envs
2019-06-14 07:38:25.216 7 ERROR rally.cli.cliutils
2019-06-14 07:38:25.975 9 RALLYDEBUG rally.api [-] INFO logs from urllib3 and requests module are hide.
2019-06-14 07:38:25.975 9 RALLYDEBUG rally.api [-] urllib3 insecure warnings are hidden.
2019-06-14 07:38:25.976 9 RALLYDEBUG rally.api [-] ERROR log from boto module is hide.
2019-06-14 07:38:27.245 9 WARNING rally_openstack.platforms.existing [-] endpoint is deprecated and not used.
2019-06-14 07:38:28.221 11 RALLYDEBUG rally.api [-] INFO logs from urllib3 and requests module are hide.
2019-06-14 07:38:28.221 11 RALLYDEBUG rally.api [-] urllib3 insecure warnings are hidden.
2019-06-14 07:38:28.222 11 RALLYDEBUG rally.api [-] ERROR log from boto module is hide.
2019-06-14 07:38:31.637 14 RALLYDEBUG rally.api [-] INFO logs from urllib3 and requests module are hide.
2019-06-14 07:38:31.638 14 RALLYDEBUG rally.api [-] urllib3 insecure warnings are hidden.
2019-06-14 07:38:31.638 14 RALLYDEBUG rally.api [-] ERROR log from boto module is hide.
2019-06-14 07:38:33.283 16 RALLYDEBUG rally.api [-] INFO logs from urllib3 and requests module are hide.
2019-06-14 07:38:33.284 16 RALLYDEBUG rally.api [-] urllib3 insecure warnings are hidden.
2019-06-14 07:38:33.284 16 RALLYDEBUG rally.api [-] ERROR log from boto module is hide.
2019-06-14 07:38:34.587 16 INFO rally.task.engine [-] Task c04363e5-fc5c-41dc-b957-051fe06b6858 | Starting: Task validation.
2019-06-14 07:38:34.621 16 INFO rally.task.engine [-] Task c04363e5-fc5c-41dc-b957-051fe06b6858 | Starting: Task validation of syntax.
2019-06-14 07:38:34.703 16 INFO rally.task.engine [-] Task c04363e5-fc5c-41dc-b957-051fe06b6858 | Completed: Task validation of syntax.
2019-06-14 07:38:34.703 16 INFO rally.task.engine [-] Task c04363e5-fc5c-41dc-b957-051fe06b6858 | Starting: Task validation of required platforms.
2019-06-14 07:38:34.741 16 INFO rally.task.engine [-] Task c04363e5-fc5c-41dc-b957-051fe06b6858 | Completed: Task validation of required platforms.
2019-06-14 07:38:34.741 16 INFO rally.task.engine [-] Task c04363e5-fc5c-41dc-b957-051fe06b6858 | Starting: Task validation of semantic.
2019-06-14 07:38:34.741 16 INFO rally.task.engine [-] Check health of the environment '52b92ab9-64d5-4d34-9568-100a80b26895'.
2019-06-14 07:38:35.549 16 INFO rally.task.engine [-] Platform existing@openstack (available: True): OK!
2019-06-14 07:38:35.567 16 RALLYDEBUG rally_openstack.contexts.keystone.users [-] Creating 1 tenants using 20 threads
2019-06-14 07:38:37.305 16 RALLYDEBUG rally_openstack.contexts.keystone.users [-] Creating 1 users using 20 threads
2019-06-14 07:38:39.869 16 INFO rally.task.context [-] Task c04363e5-fc5c-41dc-b957-051fe06b6858 | Context users@openstack setup() finished in 4.30 sec
2019-06-14 07:38:39.915 16 INFO rally.task.context [-] Task c04363e5-fc5c-41dc-b957-051fe06b6858 | Context users@openstack cleanup() started
2019-06-14 07:38:44.330 16 INFO rally.task.context [-] Task c04363e5-fc5c-41dc-b957-051fe06b6858 | Context users@openstack cleanup() finished in 4.41 sec
2019-06-14 07:38:44.331 16 INFO rally.task.engine [-] Task c04363e5-fc5c-41dc-b957-051fe06b6858 | Completed: Task validation of semantic.
2019-06-14 07:38:44.331 16 INFO rally.task.engine [-] Task c04363e5-fc5c-41dc-b957-051fe06b6858 | Completed: Task validation.
2019-06-14 07:38:44.331 16 INFO rally.api [-] Task c04363e5-fc5c-41dc-b957-051fe06b6858 input file is valid.
2019-06-14 07:38:44.332 16 INFO rally.api [-] Run Task c04363e5-fc5c-41dc-b957-051fe06b6858 against Deployment 52b92ab9-64d5-4d34-9568-100a80b26895
2019-06-14 07:38:44.332 16 INFO rally.task.engine [-] Task c04363e5-fc5c-41dc-b957-051fe06b6858 | Starting: Running task.
2019-06-14 07:38:44.460 16 INFO rally.task.engine [-] Running workload: position = 0 config = { "version": 2, "title": "A cropped version of a bigger task.", "description": "Auto-generated task from a single workload (uuid=4ab926e1-d3af-41bd-862e-d014a38d4e6c)", "subtasks": [ { "title": "Authenticate.keystone", "description": "Check Keystone Client.", "scenario": { "Authenticate.keystone": {} }, "contexts": { "users": { "tenants": 3, "users_per_tenant": 2 } }, "runner": { "constant": { "concurrency": 4, "times": 10 } }, "hooks": [], "sla": { "failure_rate": { "max": 0 } } } ] }
2019-06-14 07:38:44.479 16 RALLYDEBUG rally_openstack.contexts.keystone.users [-] Creating 3 tenants using 20 threads
2019-06-14 07:38:46.263 16 RALLYDEBUG rally_openstack.contexts.keystone.users [-] Creating 6 users using 20 threads
2019-06-14 07:38:48.924 16 INFO rally.task.context [-] Task c04363e5-fc5c-41dc-b957-051fe06b6858 | Context users@openstack setup() finished in 4.44 sec
2019-06-14 07:38:48.931 16 RALLYDEBUG rally.task.runner [-] Starting the constant runner (task UUID: c04363e5-fc5c-41dc-b957-051fe06b6858). timeout: 0 concurrency: 4 concurrency_per_worker: 1 times: 10 concurrency_overhead: 0 processes_to_start: 4 max_cpu_used: 16
2019-06-14 07:38:48.944 140 RALLYDEBUG rally.task.runner [-] Starting a worker. concurrency: 1 args: {} times: 10 method_name: run timeout: 0 duration: None cls:
2019-06-14 07:38:48.947 141 RALLYDEBUG rally.task.runner [-] Starting a worker. concurrency: 1 args: {} times: 10 method_name: run timeout: 0 duration: None cls:
2019-06-14 07:38:48.949 140 INFO rally.task.runner [-] Task c04363e5-fc5c-41dc-b957-051fe06b6858 | ITER: 1 START
2019-06-14 07:38:48.949 142 RALLYDEBUG rally.task.runner [-] Starting a worker. concurrency: 1 args: {} times: 10 method_name: run timeout: 0 duration: None cls:
2019-06-14 07:38:48.951 143 RALLYDEBUG rally.task.runner [-] Starting a worker. concurrency: 1 args: {} times: 10 method_name: run timeout: 0 duration: None cls:
2019-06-14 07:38:48.952 141 INFO rally.task.runner [-] Task c04363e5-fc5c-41dc-b957-051fe06b6858 | ITER: 2 START
2019-06-14 07:38:48.955 142 INFO rally.task.runner [-] Task c04363e5-fc5c-41dc-b957-051fe06b6858 | ITER: 3 START
2019-06-14 07:38:48.956 143 INFO rally.task.runner [-] Task c04363e5-fc5c-41dc-b957-051fe06b6858 | ITER: 4 START
2019-06-14 07:38:49.582 141 INFO rally.task.runner [-] Task c04363e5-fc5c-41dc-b957-051fe06b6858 | ITER: 2 END: OK
2019-06-14 07:38:49.586 140 INFO rally.task.runner [-] Task c04363e5-fc5c-41dc-b957-051fe06b6858 | ITER: 1 END: OK
2019-06-14 07:38:49.587 141 INFO rally.task.runner [-] Task c04363e5-fc5c-41dc-b957-051fe06b6858 | ITER: 5 START
2019-06-14 07:38:49.589 140 INFO rally.task.runner [-] Task c04363e5-fc5c-41dc-b957-051fe06b6858 | ITER: 6 START
2019-06-14 07:38:49.594 143 INFO rally.task.runner [-] Task c04363e5-fc5c-41dc-b957-051fe06b6858 | ITER: 4 END: OK
2019-06-14 07:38:49.598 142 INFO rally.task.runner [-] Task c04363e5-fc5c-41dc-b957-051fe06b6858 | ITER: 3 END: OK
2019-06-14 07:38:49.598 143 INFO rally.task.runner [-] Task c04363e5-fc5c-41dc-b957-051fe06b6858 | ITER: 7 START
2019-06-14 07:38:49.602 142 INFO rally.task.runner [-] Task c04363e5-fc5c-41dc-b957-051fe06b6858 | ITER: 8 START
2019-06-14 07:38:50.171 140 INFO rally.task.runner [-] Task c04363e5-fc5c-41dc-b957-051fe06b6858 | ITER: 6 END: OK
2019-06-14 07:38:50.175 140 INFO rally.task.runner [-] Task c04363e5-fc5c-41dc-b957-051fe06b6858 | ITER: 9 START
2019-06-14 07:38:50.175 141 INFO rally.task.runner [-] Task c04363e5-fc5c-41dc-b957-051fe06b6858 | ITER: 5 END: OK
2019-06-14 07:38:50.179 141 INFO rally.task.runner [-] Task c04363e5-fc5c-41dc-b957-051fe06b6858 | ITER: 10 START
2019-06-14 07:38:50.211 143 INFO rally.task.runner [-] Task c04363e5-fc5c-41dc-b957-051fe06b6858 | ITER: 7 END: OK
2019-06-14 07:38:50.231 142 INFO rally.task.runner [-] Task c04363e5-fc5c-41dc-b957-051fe06b6858 | ITER: 8 END: OK
2019-06-14 07:38:50.762 140 INFO rally.task.runner [-] Task c04363e5-fc5c-41dc-b957-051fe06b6858 | ITER: 9 END: OK
2019-06-14 07:38:50.796 141 INFO rally.task.runner [-] Task c04363e5-fc5c-41dc-b957-051fe06b6858 | ITER: 10 END: OK
2019-06-14 07:38:50.816 16 INFO rally.task.context [-] Task c04363e5-fc5c-41dc-b957-051fe06b6858 | Context users@openstack cleanup() started
2019-06-14 07:38:57.550 16 INFO rally.task.context [-] Task c04363e5-fc5c-41dc-b957-051fe06b6858 | Context users@openstack cleanup() finished in 6.73 sec
2019-06-14 07:38:58.552 16 INFO rally.task.engine [-] Load duration is: 1.845201
2019-06-14 07:38:58.553 16 INFO rally.task.engine [-] Full runner duration is: 1.885459
2019-06-14 07:38:58.553 16 INFO rally.task.engine [-] Full duration is: 13.072227
2019-06-14 07:38:58.766 16 INFO rally.task.engine [-] Running workload: position = 0 config = { "version": 2, "title": "A cropped version of a bigger task.", "description": "Auto-generated task from a single workload (uuid=71ad334e-3c5b-4496-9298-92f8accd23ad)", "subtasks": [ { "title": "Authenticate.validate_cinder", "description": "Check Cinder Client to ensure validation of token.", "scenario": { "Authenticate.validate_cinder": { "repetitions": 2 } }, "contexts": { "users": { "tenants": 3, "users_per_tenant": 2 } }, "runner": { "constant": { "concurrency": 4, "times": 10 } }, "hooks": [], "sla": { "failure_rate": { "max": 0 } } } ] }
2019-06-14 07:38:58.787 16 RALLYDEBUG rally_openstack.contexts.keystone.users [-] Creating 3 tenants using 20 threads
2019-06-14 07:39:00.622 16 RALLYDEBUG rally_openstack.contexts.keystone.users [-] Creating 6 users using 20 threads
2019-06-14 07:39:03.601 16 INFO rally.task.context [-] Task c04363e5-fc5c-41dc-b957-051fe06b6858 | Context users@openstack setup() finished in 4.81 sec
2019-06-14 07:39:03.609 16 RALLYDEBUG rally.task.runner [-] Starting the constant runner (task UUID: c04363e5-fc5c-41dc-b957-051fe06b6858). timeout: 0 concurrency: 4 concurrency_per_worker: 1 times: 10 concurrency_overhead: 0 processes_to_start: 4 max_cpu_used: 16
2019-06-14 07:39:03.621 244 RALLYDEBUG rally.task.runner [-] Starting a worker. concurrency: 1 args: {"repetitions": 2} times: 10 method_name: run timeout: 0 duration: None cls:
2019-06-14 07:39:03.623 246 RALLYDEBUG rally.task.runner [-] Starting a worker. concurrency: 1 args: {"repetitions": 2} times: 10 method_name: run timeout: 0 duration: None cls:
2019-06-14 07:39:03.623 245 RALLYDEBUG rally.task.runner [-] Starting a worker. concurrency: 1 args: {"repetitions": 2} times: 10 method_name: run timeout: 0 duration: None cls:
2019-06-14 07:39:03.626 244 INFO rally.task.runner [-] Task c04363e5-fc5c-41dc-b957-051fe06b6858 | ITER: 1 START
2019-06-14 07:39:03.627 246 INFO rally.task.runner [-] Task c04363e5-fc5c-41dc-b957-051fe06b6858 | ITER: 2 START
2019-06-14 07:39:03.627 247 RALLYDEBUG rally.task.runner [-] Starting a worker. concurrency: 1 args: {"repetitions": 2} times: 10 method_name: run timeout: 0 duration: None cls:
2019-06-14 07:39:03.629 245 INFO rally.task.runner [-] Task c04363e5-fc5c-41dc-b957-051fe06b6858 | ITER: 3 START
2019-06-14 07:39:03.631 247 INFO rally.task.runner [-] Task c04363e5-fc5c-41dc-b957-051fe06b6858 | ITER: 4 START
2019-06-14 07:39:05.445 246 INFO rally.task.runner [-] Task c04363e5-fc5c-41dc-b957-051fe06b6858 | ITER: 2 END: OK
2019-06-14 07:39:05.449 246 INFO rally.task.runner [-] Task c04363e5-fc5c-41dc-b957-051fe06b6858 | ITER: 5 START
2019-06-14 07:39:05.502 244 INFO rally.task.runner [-] Task c04363e5-fc5c-41dc-b957-051fe06b6858 | ITER: 1 END: OK
2019-06-14 07:39:05.506 244 INFO rally.task.runner [-] Task c04363e5-fc5c-41dc-b957-051fe06b6858 | ITER: 6 START
2019-06-14 07:39:05.577 245 INFO rally.task.runner [-] Task c04363e5-fc5c-41dc-b957-051fe06b6858 | ITER: 3 END: OK
2019-06-14 07:39:05.578 247 INFO rally.task.runner [-] Task c04363e5-fc5c-41dc-b957-051fe06b6858 | ITER: 4 END: OK
2019-06-14 07:39:05.582 245 INFO rally.task.runner [-] Task c04363e5-fc5c-41dc-b957-051fe06b6858 | ITER: 8 START
2019-06-14 07:39:05.582 247 INFO rally.task.runner [-] Task c04363e5-fc5c-41dc-b957-051fe06b6858 | ITER: 7 START
2019-06-14 07:39:07.277 247 INFO rally.task.runner [-] Task c04363e5-fc5c-41dc-b957-051fe06b6858 | ITER: 7 END: OK
2019-06-14 07:39:07.281 247 INFO rally.task.runner [-] Task c04363e5-fc5c-41dc-b957-051fe06b6858 | ITER: 9 START
2019-06-14 07:39:07.877 246 INFO rally.task.runner [-] Task c04363e5-fc5c-41dc-b957-051fe06b6858 | ITER: 5 END: OK
2019-06-14 07:39:07.881 246 INFO rally.task.runner [-] Task c04363e5-fc5c-41dc-b957-051fe06b6858 | ITER: 10 START
2019-06-14 07:39:08.367 247 INFO rally.task.runner [-] Task c04363e5-fc5c-41dc-b957-051fe06b6858 | ITER: 9 END: OK
2019-06-14 07:39:08.665 244 INFO rally.task.runner [-] Task c04363e5-fc5c-41dc-b957-051fe06b6858 | ITER: 6 END: OK
2019-06-14 07:39:08.687 245 INFO rally.task.runner [-] Task c04363e5-fc5c-41dc-b957-051fe06b6858 | ITER: 8 END: OK
2019-06-14 07:39:09.215 246 INFO rally.task.runner [-] Task c04363e5-fc5c-41dc-b957-051fe06b6858 | ITER: 10 END: OK
2019-06-14 07:39:09.235 16 INFO rally.task.context [-] Task c04363e5-fc5c-41dc-b957-051fe06b6858 | Context users@openstack cleanup() started
2019-06-14 07:39:16.887 16 INFO rally.task.context [-] Task c04363e5-fc5c-41dc-b957-051fe06b6858 | Context users@openstack cleanup() finished in 7.65 sec
2019-06-14 07:39:18.877 16 INFO rally.task.engine [-] Load duration is: 5.587325
2019-06-14 07:39:18.877 16 INFO rally.task.engine [-] Full runner duration is: 5.626554
2019-06-14 07:39:18.877 16 INFO rally.task.engine [-] Full duration is: 18.101425
2019-06-14 07:39:19.085 16 INFO rally.task.engine [-] Running workload: position = 0 config = { "version": 2, "title": "A cropped version of a bigger task.", "description": "Auto-generated task from a single workload (uuid=a80e1d27-ffc8-48f8-b5f6-08e236f57655)", "subtasks": [ { "title": "Authenticate.validate_glance", "description": "Check Glance Client to ensure validation of token.", "scenario": { "Authenticate.validate_glance": { "repetitions": 2 } }, "contexts": { "users": { "tenants": 3, "users_per_tenant": 2 } }, "runner": { "constant": { "concurrency": 4, "times": 10 } }, "hooks": [], "sla": { "failure_rate": { "max": 0 } } } ] }
2019-06-14 07:39:19.099 16 RALLYDEBUG rally_openstack.contexts.keystone.users [-] Creating 3 tenants using 20 threads
2019-06-14 07:39:20.902 16 RALLYDEBUG rally_openstack.contexts.keystone.users [-] Creating 6 users using 20 threads
2019-06-14 07:39:23.715 16 INFO rally.task.context [-] Task c04363e5-fc5c-41dc-b957-051fe06b6858 | Context users@openstack setup() finished in 4.62 sec
2019-06-14 07:39:23.722 16 RALLYDEBUG rally.task.runner [-] Starting the constant runner (task UUID: c04363e5-fc5c-41dc-b957-051fe06b6858). timeout: 0 concurrency: 4 concurrency_per_worker: 1 times: 10 concurrency_overhead: 0 processes_to_start: 4 max_cpu_used: 16
2019-06-14 07:39:23.731 348 RALLYDEBUG rally.task.runner [-] Starting a worker. concurrency: 1 args: {"repetitions": 2} times: 10 method_name: run timeout: 0 duration: None cls:
2019-06-14 07:39:23.735 348 INFO rally.task.runner [-] Task c04363e5-fc5c-41dc-b957-051fe06b6858 | ITER: 1 START
2019-06-14 07:39:23.737 349 RALLYDEBUG rally.task.runner [-] Starting a worker. concurrency: 1 args: {"repetitions": 2} times: 10 method_name: run timeout: 0 duration: None cls:
2019-06-14 07:39:23.740 350 RALLYDEBUG rally.task.runner [-] Starting a worker. concurrency: 1 args: {"repetitions": 2} times: 10 method_name: run timeout: 0 duration: None cls:
2019-06-14 07:39:23.743 349 INFO rally.task.runner [-] Task c04363e5-fc5c-41dc-b957-051fe06b6858 | ITER: 2 START
2019-06-14 07:39:23.743 353 RALLYDEBUG rally.task.runner [-] Starting a worker. concurrency: 1 args: {"repetitions": 2} times: 10 method_name: run timeout: 0 duration: None cls:
2019-06-14 07:39:23.745 350 INFO rally.task.runner [-] Task c04363e5-fc5c-41dc-b957-051fe06b6858 | ITER: 3 START
2019-06-14 07:39:23.748 353 INFO rally.task.runner [-] Task c04363e5-fc5c-41dc-b957-051fe06b6858 | ITER: 4 START
2019-06-14 07:39:24.547 348 INFO rally.task.runner [-] Task c04363e5-fc5c-41dc-b957-051fe06b6858 | ITER: 1 END: OK
2019-06-14 07:39:24.551 348 INFO rally.task.runner [-] Task c04363e5-fc5c-41dc-b957-051fe06b6858 | ITER: 5 START
2019-06-14 07:39:24.558 350 INFO rally.task.runner [-] Task c04363e5-fc5c-41dc-b957-051fe06b6858 | ITER: 3 END: OK
2019-06-14 07:39:24.562 350 INFO rally.task.runner [-] Task c04363e5-fc5c-41dc-b957-051fe06b6858 | ITER: 6 START
2019-06-14 07:39:24.711 349 INFO rally.task.runner [-] Task c04363e5-fc5c-41dc-b957-051fe06b6858 | ITER: 2 END: OK
2019-06-14 07:39:24.713 353 INFO rally.task.runner [-] Task c04363e5-fc5c-41dc-b957-051fe06b6858 | ITER: 4 END: OK
2019-06-14 07:39:24.716 349 INFO rally.task.runner [-] Task c04363e5-fc5c-41dc-b957-051fe06b6858 | ITER: 7 START
2019-06-14 07:39:24.717 353 INFO rally.task.runner [-] Task c04363e5-fc5c-41dc-b957-051fe06b6858 | ITER: 8 START
2019-06-14 07:39:25.408 348 INFO rally.task.runner [-] Task c04363e5-fc5c-41dc-b957-051fe06b6858 | ITER: 5 END: OK
2019-06-14 07:39:25.411 348 INFO rally.task.runner [-] Task c04363e5-fc5c-41dc-b957-051fe06b6858 | ITER: 9 START
2019-06-14 07:39:25.452 350 INFO rally.task.runner [-] Task c04363e5-fc5c-41dc-b957-051fe06b6858 | ITER: 6 END: OK
2019-06-14 07:39:25.456 350 INFO rally.task.runner [-] Task c04363e5-fc5c-41dc-b957-051fe06b6858 | ITER: 10 START
2019-06-14 07:39:25.489 349 INFO rally.task.runner [-] Task c04363e5-fc5c-41dc-b957-051fe06b6858 | ITER: 7 END: OK
2019-06-14 07:39:25.491 353 INFO rally.task.runner [-] Task c04363e5-fc5c-41dc-b957-051fe06b6858 | ITER: 8 END: OK
2019-06-14 07:39:26.202 348 INFO rally.task.runner [-] Task c04363e5-fc5c-41dc-b957-051fe06b6858 | ITER: 9 END: OK
2019-06-14 07:39:26.225 350 INFO rally.task.runner [-] Task c04363e5-fc5c-41dc-b957-051fe06b6858 | ITER: 10 END: OK
2019-06-14 07:39:26.252 16 INFO rally.task.context [-] Task c04363e5-fc5c-41dc-b957-051fe06b6858 | Context users@openstack cleanup() started
2019-06-14 07:39:33.008 16 INFO rally.task.context [-] Task c04363e5-fc5c-41dc-b957-051fe06b6858 | Context users@openstack cleanup() finished in 6.76 sec
2019-06-14 07:39:33.300 16 INFO rally.task.engine [-] Load duration is: 2.488095
2019-06-14 07:39:33.301 16 INFO rally.task.engine [-] Full runner duration is: 2.530381
2019-06-14 07:39:33.301 16 INFO rally.task.engine [-] Full duration is: 13.911593
2019-06-14 07:39:33.521 16 INFO rally.task.engine [-] Running workload: position = 0 config = { "version": 2, "title": "A cropped version of a bigger task.", "description": "Auto-generated task from a single workload (uuid=1d3d1bb3-9ed9-445c-a70a-37bc544c0272)", "subtasks": [ { "title": "Authenticate.validate_heat", "description": "Check Heat Client to ensure validation of token.", "scenario": { "Authenticate.validate_heat": { "repetitions": 2 } }, "contexts": { "users": { "tenants": 3, "users_per_tenant": 2 } }, "runner": { "constant": { "concurrency": 4, "times": 10 } }, "hooks": [], "sla": { "failure_rate": { "max": 0 } } } ] }
2019-06-14 07:39:33.542 16 RALLYDEBUG rally_openstack.contexts.keystone.users [-] Creating 3 tenants using 20 threads
2019-06-14 07:39:35.494 16 RALLYDEBUG rally_openstack.contexts.keystone.users [-] Creating 6 users using 20 threads
2019-06-14 07:39:38.103 16 INFO rally.task.context [-] Task c04363e5-fc5c-41dc-b957-051fe06b6858 | Context users@openstack setup() finished in 4.56 sec
2019-06-14 07:39:38.110 16 RALLYDEBUG rally.task.runner [-] Starting the constant runner (task UUID: c04363e5-fc5c-41dc-b957-051fe06b6858). timeout: 0 concurrency: 4 concurrency_per_worker: 1 times: 10 concurrency_overhead: 0 processes_to_start: 4 max_cpu_used: 16
2019-06-14 07:39:38.122 452 RALLYDEBUG rally.task.runner [-] Starting a worker. concurrency: 1 args: {"repetitions": 2} times: 10 method_name: run timeout: 0 duration: None cls:
2019-06-14 07:39:38.124 454 RALLYDEBUG rally.task.runner [-] Starting a worker. concurrency: 1 args: {"repetitions": 2} times: 10 method_name: run timeout: 0 duration: None cls:
2019-06-14 07:39:38.125 453 RALLYDEBUG rally.task.runner [-] Starting a worker. concurrency: 1 args: {"repetitions": 2} times: 10 method_name: run timeout: 0 duration: None cls:
2019-06-14 07:39:38.127 455 RALLYDEBUG rally.task.runner [-] Starting a worker. concurrency: 1 args: {"repetitions": 2} times: 10 method_name: run timeout: 0 duration: None cls:
2019-06-14 07:39:38.128 452 INFO rally.task.runner [-] Task c04363e5-fc5c-41dc-b957-051fe06b6858 | ITER: 1 START
2019-06-14 07:39:38.128 454 INFO rally.task.runner [-] Task c04363e5-fc5c-41dc-b957-051fe06b6858 | ITER: 2 START
2019-06-14 07:39:38.130 455 INFO rally.task.runner [-] Task c04363e5-fc5c-41dc-b957-051fe06b6858 | ITER: 4 START
2019-06-14 07:39:38.131 453 INFO rally.task.runner [-] Task c04363e5-fc5c-41dc-b957-051fe06b6858 | ITER: 3 START
2019-06-14 07:39:40.004 454 INFO rally.task.runner [-] Task c04363e5-fc5c-41dc-b957-051fe06b6858 | ITER: 2 END: OK
2019-06-14 07:39:40.007 452 INFO rally.task.runner [-] Task c04363e5-fc5c-41dc-b957-051fe06b6858 | ITER: 1 END: OK
2019-06-14 07:39:40.007 454 INFO rally.task.runner [-] Task c04363e5-fc5c-41dc-b957-051fe06b6858 | ITER: 5 START
2019-06-14 07:39:40.011 452 INFO rally.task.runner [-] Task c04363e5-fc5c-41dc-b957-051fe06b6858 | ITER: 6 START
2019-06-14 07:39:40.043 453 INFO rally.task.runner [-] Task c04363e5-fc5c-41dc-b957-051fe06b6858 | ITER: 3 END: OK
2019-06-14 07:39:40.046 453 INFO rally.task.runner [-] Task c04363e5-fc5c-41dc-b957-051fe06b6858 | ITER: 7 START
2019-06-14 07:39:40.100 455 INFO rally.task.runner [-] Task c04363e5-fc5c-41dc-b957-051fe06b6858 | ITER: 4 END: OK
2019-06-14 07:39:40.104 455 INFO rally.task.runner [-] Task c04363e5-fc5c-41dc-b957-051fe06b6858 | ITER: 8 START
2019-06-14 07:39:41.042 454 INFO rally.task.runner [-] Task c04363e5-fc5c-41dc-b957-051fe06b6858 | ITER: 5 END: OK
2019-06-14 07:39:41.046 454 INFO rally.task.runner [-] Task c04363e5-fc5c-41dc-b957-051fe06b6858 | ITER: 9 START
2019-06-14 07:39:41.110 455 INFO rally.task.runner [-] Task c04363e5-fc5c-41dc-b957-051fe06b6858 | ITER: 8 END: OK
2019-06-14 07:39:41.113 455 INFO rally.task.runner [-] Task c04363e5-fc5c-41dc-b957-051fe06b6858 | ITER: 10 START
2019-06-14 07:39:41.281 452 INFO rally.task.runner [-] Task c04363e5-fc5c-41dc-b957-051fe06b6858 | ITER: 6 END: OK
2019-06-14 07:39:41.616 453 INFO rally.task.runner [-] Task c04363e5-fc5c-41dc-b957-051fe06b6858 | ITER: 7 END: OK
2019-06-14 07:39:41.942 455 INFO rally.task.runner [-] Task c04363e5-fc5c-41dc-b957-051fe06b6858 | ITER: 10 END: OK
2019-06-14 07:39:42.286 454 INFO rally.task.runner [-] Task c04363e5-fc5c-41dc-b957-051fe06b6858 | ITER: 9 END: OK
2019-06-14 07:39:42.315 16 INFO rally.task.context [-] Task c04363e5-fc5c-41dc-b957-051fe06b6858 | Context users@openstack cleanup() started
2019-06-14 07:39:50.939 16 INFO rally.task.context [-] Task c04363e5-fc5c-41dc-b957-051fe06b6858 | Context users@openstack cleanup() finished in 8.62 sec
2019-06-14 07:39:51.631 16 INFO rally.task.engine [-] Load duration is: 4.157296
2019-06-14 07:39:51.631 16 INFO rally.task.engine [-] Full runner duration is: 4.204966
2019-06-14 07:39:51.631 16 INFO rally.task.engine [-] Full duration is: 17.398394
2019-06-14 07:39:51.846 16 INFO rally.task.engine [-] Running workload: position = 0 config = { "version": 2, "title": "A cropped version of a bigger task.", "description": "Auto-generated task from a single workload (uuid=badf5199-cdc0-4149-9e6c-d5c7775ef274)", "subtasks": [ { "title": "Authenticate.validate_neutron", "description": "Check Neutron Client to ensure validation of token.", "scenario": { "Authenticate.validate_neutron": { "repetitions": 2 } }, "contexts": { "users": { "tenants": 3, "users_per_tenant": 2 } }, "runner": { "constant": { "concurrency": 4, "times": 10 } }, "hooks": [], "sla": { "failure_rate": { "max": 0 } } } ] }
2019-06-14 07:39:51.869 16 RALLYDEBUG rally_openstack.contexts.keystone.users [-] Creating 3 tenants using 20 threads
2019-06-14 07:39:53.550 16 RALLYDEBUG rally_openstack.contexts.keystone.users [-] Creating 6 users using 20 threads
2019-06-14 07:39:56.126 16 INFO rally.task.context [-] Task c04363e5-fc5c-41dc-b957-051fe06b6858 | Context users@openstack setup() finished in 4.26 sec
2019-06-14 07:39:56.134 16 RALLYDEBUG rally.task.runner [-] Starting the constant runner (task UUID: c04363e5-fc5c-41dc-b957-051fe06b6858). timeout: 0 concurrency: 4 concurrency_per_worker: 1 times: 10 concurrency_overhead: 0 processes_to_start: 4 max_cpu_used: 16
2019-06-14 07:39:56.146 556 RALLYDEBUG rally.task.runner [-] Starting a worker. concurrency: 1 args: {"repetitions": 2} times: 10 method_name: run timeout: 0 duration: None cls:
2019-06-14 07:39:56.149 557 RALLYDEBUG rally.task.runner [-] Starting a worker. concurrency: 1 args: {"repetitions": 2} times: 10 method_name: run timeout: 0 duration: None cls:
2019-06-14 07:39:56.153 556 INFO rally.task.runner [-] Task c04363e5-fc5c-41dc-b957-051fe06b6858 | ITER: 1 START
2019-06-14 07:39:56.152 558 RALLYDEBUG rally.task.runner [-] Starting a worker. concurrency: 1 args: {"repetitions": 2} times: 10 method_name: run timeout: 0 duration: None cls:
2019-06-14 07:39:56.154 557 INFO rally.task.runner [-] Task c04363e5-fc5c-41dc-b957-051fe06b6858 | ITER: 2 START
2019-06-14 07:39:56.155 559 RALLYDEBUG rally.task.runner [-] Starting a worker. concurrency: 1 args: {"repetitions": 2} times: 10 method_name: run timeout: 0 duration: None cls:
2019-06-14 07:39:56.158 558 INFO rally.task.runner [-] Task c04363e5-fc5c-41dc-b957-051fe06b6858 | ITER: 3 START
2019-06-14 07:39:56.161 559 INFO rally.task.runner [-] Task c04363e5-fc5c-41dc-b957-051fe06b6858 | ITER: 4 START
2019-06-14 07:39:57.113 556 INFO rally.task.runner [-] Task c04363e5-fc5c-41dc-b957-051fe06b6858 | ITER: 1 END: OK
2019-06-14 07:39:57.113 557 INFO rally.task.runner [-] Task c04363e5-fc5c-41dc-b957-051fe06b6858 | ITER: 2 END: OK
2019-06-14 07:39:57.117 556 INFO rally.task.runner [-] Task c04363e5-fc5c-41dc-b957-051fe06b6858 | ITER: 5 START
2019-06-14 07:39:57.118 557 INFO rally.task.runner [-] Task c04363e5-fc5c-41dc-b957-051fe06b6858 | ITER: 6 START
2019-06-14 07:39:57.122 559 INFO rally.task.runner [-] Task c04363e5-fc5c-41dc-b957-051fe06b6858 | ITER: 4 END: OK
2019-06-14 07:39:57.127 559 INFO rally.task.runner [-] Task c04363e5-fc5c-41dc-b957-051fe06b6858 | ITER: 7 START
2019-06-14 07:39:57.342 558 INFO rally.task.runner [-] Task c04363e5-fc5c-41dc-b957-051fe06b6858 | ITER: 3 END: OK
2019-06-14 07:39:57.347 558 INFO rally.task.runner [-] Task c04363e5-fc5c-41dc-b957-051fe06b6858 | ITER: 8 START
2019-06-14 07:39:58.020 559 INFO rally.task.runner [-] Task c04363e5-fc5c-41dc-b957-051fe06b6858 | ITER: 7 END: OK
2019-06-14 07:39:58.024 559 INFO rally.task.runner [-] Task c04363e5-fc5c-41dc-b957-051fe06b6858 | ITER: 9 START
2019-06-14 07:39:58.176 558 INFO rally.task.runner [-] Task c04363e5-fc5c-41dc-b957-051fe06b6858 | ITER: 8 END: OK
2019-06-14 07:39:58.180 558 INFO rally.task.runner [-] Task c04363e5-fc5c-41dc-b957-051fe06b6858 | ITER: 10 START
2019-06-14 07:39:58.484 556 INFO rally.task.runner [-] Task c04363e5-fc5c-41dc-b957-051fe06b6858 | ITER: 5 END: OK
2019-06-14 07:39:58.491 557 INFO rally.task.runner [-] Task c04363e5-fc5c-41dc-b957-051fe06b6858 | ITER: 6 END: OK
2019-06-14 07:39:59.058 558 INFO rally.task.runner [-] Task c04363e5-fc5c-41dc-b957-051fe06b6858 | ITER: 10 END: OK
2019-06-14 07:39:59.098 559 INFO rally.task.runner [-] Task c04363e5-fc5c-41dc-b957-051fe06b6858 | ITER: 9 END: OK
2019-06-14 07:39:59.125 16 INFO rally.task.context [-] Task c04363e5-fc5c-41dc-b957-051fe06b6858 | Context users@openstack cleanup() started
2019-06-14 07:40:05.843 16 INFO rally.task.context [-] Task c04363e5-fc5c-41dc-b957-051fe06b6858 | Context users@openstack cleanup() finished in 6.72 sec
2019-06-14 07:40:05.947 16 INFO rally.task.engine [-] Load duration is: 2.943716
2019-06-14 07:40:05.948 16 INFO rally.task.engine [-] Full runner duration is: 2.991643
2019-06-14 07:40:05.948 16 INFO rally.task.engine [-] Full duration is: 13.977458
2019-06-14 07:40:06.162 16 INFO rally.task.engine [-] Running workload: position = 0 config = { "version": 2, "title": "A cropped version of a bigger task.", "description": "Auto-generated task from a single workload (uuid=f1815d73-7a8f-4ef6-bbf4-59f511c094bd)", "subtasks": [ { "title": "Authenticate.validate_nova", "description": "Check Nova Client to ensure validation of token.", "scenario": { "Authenticate.validate_nova": { "repetitions": 2 } }, "contexts": { "users": { "tenants": 3, "users_per_tenant": 2 } }, "runner": { "constant": { "concurrency": 4, "times": 10 } }, "hooks": [], "sla": { "failure_rate": { "max": 0 } } } ] }
2019-06-14 07:40:06.187 16 RALLYDEBUG rally_openstack.contexts.keystone.users [-] Creating 3 tenants using 20 threads
2019-06-14 07:40:08.075 16 RALLYDEBUG rally_openstack.contexts.keystone.users [-] Creating 6 users using 20 threads
2019-06-14 07:40:10.772 16 INFO rally.task.context [-] Task c04363e5-fc5c-41dc-b957-051fe06b6858 | Context users@openstack setup() finished in 4.59 sec
2019-06-14 07:40:10.781 16 RALLYDEBUG rally.task.runner [-] Starting the constant runner (task UUID: c04363e5-fc5c-41dc-b957-051fe06b6858). timeout: 0 concurrency: 4 concurrency_per_worker: 1 times: 10 concurrency_overhead: 0 processes_to_start: 4 max_cpu_used: 16
2019-06-14 07:40:10.793 660 RALLYDEBUG rally.task.runner [-] Starting a worker. concurrency: 1 args: {"repetitions": 2} times: 10 method_name: run timeout: 0 duration: None cls:
2019-06-14 07:40:10.796 661 RALLYDEBUG rally.task.runner [-] Starting a worker. concurrency: 1 args: {"repetitions": 2} times: 10 method_name: run timeout: 0 duration: None cls:
2019-06-14 07:40:10.799 660 INFO rally.task.runner [-] Task c04363e5-fc5c-41dc-b957-051fe06b6858 | ITER: 1 START
2019-06-14 07:40:10.799 662 RALLYDEBUG rally.task.runner [-] Starting a worker. concurrency: 1 args: {"repetitions": 2} times: 10 method_name: run timeout: 0 duration: None cls:
2019-06-14 07:40:10.800 663 RALLYDEBUG rally.task.runner [-] Starting a worker. concurrency: 1 args: {"repetitions": 2} times: 10 method_name: run timeout: 0 duration: None cls:
2019-06-14 07:40:10.802 661 INFO rally.task.runner [-] Task c04363e5-fc5c-41dc-b957-051fe06b6858 | ITER: 2 START
2019-06-14 07:40:10.804 663 INFO rally.task.runner [-] Task c04363e5-fc5c-41dc-b957-051fe06b6858 | ITER: 4 START
2019-06-14 07:40:10.805 662 INFO rally.task.runner [-] Task c04363e5-fc5c-41dc-b957-051fe06b6858 | ITER: 3 START
2019-06-14 07:40:11.296 663 DEBUG novaclient.v2.client [-] REQ: curl -g -i -X GET http://172.30.9.44:8774/v2.1/flavors/detail -H "Accept: application/json" -H "User-Agent: python-novaclient" -H "X-Auth-Token: {SHA1}08c969e35efe7da2acc5a435f295f6cfbd8e95a3" _http_log_request /usr/lib/python2.7/site-packages/keystoneauth1/session.py:448
2019-06-14 07:40:11.306 660 DEBUG novaclient.v2.client [-] REQ: curl -g -i -X GET http://172.30.9.44:8774/v2.1/flavors/detail -H "Accept: application/json" -H "User-Agent: python-novaclient" -H "X-Auth-Token: {SHA1}33c6b6f4866dfa8491f42f66ee0e30291928bbb6" _http_log_request /usr/lib/python2.7/site-packages/keystoneauth1/session.py:448
2019-06-14 07:40:11.312 661 DEBUG novaclient.v2.client [-] REQ: curl -g -i -X GET http://172.30.9.44:8774/v2.1/flavors/detail -H "Accept: application/json" -H "User-Agent: python-novaclient" -H "X-Auth-Token: {SHA1}7fda6d6b182e6b84d432dd92147f8d93e24d1087" _http_log_request /usr/lib/python2.7/site-packages/keystoneauth1/session.py:448
2019-06-14 07:40:11.320 662 DEBUG novaclient.v2.client [-] REQ: curl -g -i -X GET http://172.30.9.44:8774/v2.1/flavors/detail -H "Accept: application/json" -H "User-Agent: python-novaclient" -H "X-Auth-Token: {SHA1}8fbec6477c17db970ce85225ad0d56b15955bd60" _http_log_request /usr/lib/python2.7/site-packages/keystoneauth1/session.py:448
2019-06-14 07:40:11.590 661 DEBUG novaclient.v2.client [-] RESP: [200] Content-Encoding: gzip Content-Length: 363 Content-Type: application/json Date: Fri, 14 Jun 2019 07:40:11 GMT OpenStack-API-Version: compute 2.1 Server: Apache Vary: OpenStack-API-Version,X-OpenStack-Nova-API-Version,Accept-Encoding X-OpenStack-Nova-API-Version: 2.1 x-compute-request-id: req-6c3acaab-c4fc-495b-9c52-c1f25dbd6312 x-openstack-request-id: req-6c3acaab-c4fc-495b-9c52-c1f25dbd6312 _http_log_response /usr/lib/python2.7/site-packages/keystoneauth1/session.py:479
2019-06-14 07:40:11.591 661 DEBUG novaclient.v2.client [-] RESP BODY: {"flavors": [{"name": "rally_full-flavor_5c7d399e-e46e-4e41-93c9-4e4cdb43700b", "links": [{"href": "http://172.30.9.44:8774/v2.1/flavors/150de120-1a02-4b17-964c-98bf05fab6bd", "rel": "self"}, {"href": "http://172.30.9.44:8774/flavors/150de120-1a02-4b17-964c-98bf05fab6bd", "rel": "bookmark"}], "ram": 512, "OS-FLV-DISABLED:disabled": false, "vcpus": 1, "swap": "", "os-flavor-access:is_public": true, "rxtx_factor": 1.0, "OS-FLV-EXT-DATA:ephemeral": 0, "disk": 1, "id": "150de120-1a02-4b17-964c-98bf05fab6bd"}, {"name": "rally_full-flavor_alt_5c7d399e-e46e-4e41-93c9-4e4cdb43700b", "links": [{"href": "http://172.30.9.44:8774/v2.1/flavors/873ad7ba-9b45-450c-9900-3bac08dac201", "rel": "self"}, {"href": "http://172.30.9.44:8774/flavors/873ad7ba-9b45-450c-9900-3bac08dac201", "rel": "bookmark"}], "ram": 1024, "OS-FLV-DISABLED:disabled": false, "vcpus": 1, "swap": "", "os-flavor-access:is_public": true, "rxtx_factor": 1.0, "OS-FLV-EXT-DATA:ephemeral": 0, "disk": 1, "id": "873ad7ba-9b45-450c-9900-3bac08dac201"}]} _http_log_response /usr/lib/python2.7/site-packages/keystoneauth1/session.py:511
2019-06-14 07:40:11.591 661 DEBUG novaclient.v2.client [-] GET call to compute for http://172.30.9.44:8774/v2.1/flavors/detail used request id req-6c3acaab-c4fc-495b-9c52-c1f25dbd6312 request /usr/lib/python2.7/site-packages/keystoneauth1/session.py:844
2019-06-14 07:40:11.593 662 DEBUG novaclient.v2.client [-] RESP: [200] Content-Encoding: gzip Content-Length: 363 Content-Type: application/json Date: Fri, 14 Jun 2019 07:40:11 GMT OpenStack-API-Version: compute 2.1 Server: Apache Vary: OpenStack-API-Version,X-OpenStack-Nova-API-Version,Accept-Encoding X-OpenStack-Nova-API-Version: 2.1 x-compute-request-id: req-fc5eb0b6-3549-475a-9f26-f2f7114efec3 x-openstack-request-id: req-fc5eb0b6-3549-475a-9f26-f2f7114efec3 _http_log_response /usr/lib/python2.7/site-packages/keystoneauth1/session.py:479
2019-06-14 07:40:11.593 661 DEBUG novaclient.v2.client [-] REQ: curl -g -i -X GET http://172.30.9.44:8774/v2.1/flavors/detail -H "Accept: application/json" -H "User-Agent: python-novaclient" -H "X-Auth-Token: {SHA1}7fda6d6b182e6b84d432dd92147f8d93e24d1087" _http_log_request /usr/lib/python2.7/site-packages/keystoneauth1/session.py:448
2019-06-14 07:40:11.593 662 DEBUG novaclient.v2.client [-] RESP BODY: {"flavors": [{"name": "rally_full-flavor_5c7d399e-e46e-4e41-93c9-4e4cdb43700b", "links": [{"href": "http://172.30.9.44:8774/v2.1/flavors/150de120-1a02-4b17-964c-98bf05fab6bd", "rel": "self"}, {"href": "http://172.30.9.44:8774/flavors/150de120-1a02-4b17-964c-98bf05fab6bd", "rel": "bookmark"}], "ram": 512, "OS-FLV-DISABLED:disabled": false, "vcpus": 1, "swap": "", "os-flavor-access:is_public": true, "rxtx_factor": 1.0, "OS-FLV-EXT-DATA:ephemeral": 0, "disk": 1, "id": "150de120-1a02-4b17-964c-98bf05fab6bd"}, {"name": "rally_full-flavor_alt_5c7d399e-e46e-4e41-93c9-4e4cdb43700b", "links": [{"href": "http://172.30.9.44:8774/v2.1/flavors/873ad7ba-9b45-450c-9900-3bac08dac201", "rel": "self"}, {"href": "http://172.30.9.44:8774/flavors/873ad7ba-9b45-450c-9900-3bac08dac201", "rel": "bookmark"}], "ram": 1024, "OS-FLV-DISABLED:disabled": false, "vcpus": 1, "swap": "", "os-flavor-access:is_public": true, "rxtx_factor": 1.0, "OS-FLV-EXT-DATA:ephemeral": 0, "disk": 1, "id": "873ad7ba-9b45-450c-9900-3bac08dac201"}]} _http_log_response /usr/lib/python2.7/site-packages/keystoneauth1/session.py:511
2019-06-14 07:40:11.594 662 DEBUG novaclient.v2.client [-] GET call to compute for http://172.30.9.44:8774/v2.1/flavors/detail used request id req-fc5eb0b6-3549-475a-9f26-f2f7114efec3 request /usr/lib/python2.7/site-packages/keystoneauth1/session.py:844
2019-06-14 07:40:11.595 662 DEBUG novaclient.v2.client [-] REQ: curl -g -i -X GET http://172.30.9.44:8774/v2.1/flavors/detail -H "Accept: application/json" -H "User-Agent: python-novaclient" -H "X-Auth-Token: {SHA1}8fbec6477c17db970ce85225ad0d56b15955bd60" _http_log_request /usr/lib/python2.7/site-packages/keystoneauth1/session.py:448
2019-06-14 07:40:11.605 660 DEBUG novaclient.v2.client [-] RESP: [200] Content-Encoding: gzip Content-Length: 363 Content-Type: application/json Date: Fri, 14 Jun 2019 07:40:11 GMT OpenStack-API-Version: compute 2.1 Server: Apache Vary: OpenStack-API-Version,X-OpenStack-Nova-API-Version,Accept-Encoding X-OpenStack-Nova-API-Version: 2.1 x-compute-request-id: req-fcb058d4-2eda-46e8-9528-e152447c304c x-openstack-request-id: req-fcb058d4-2eda-46e8-9528-e152447c304c _http_log_response /usr/lib/python2.7/site-packages/keystoneauth1/session.py:479
2019-06-14 07:40:11.606 660 DEBUG novaclient.v2.client [-] RESP BODY: {"flavors": [{"name": "rally_full-flavor_5c7d399e-e46e-4e41-93c9-4e4cdb43700b", "links": [{"href": "http://172.30.9.44:8774/v2.1/flavors/150de120-1a02-4b17-964c-98bf05fab6bd", "rel": "self"}, {"href": "http://172.30.9.44:8774/flavors/150de120-1a02-4b17-964c-98bf05fab6bd", "rel": "bookmark"}], "ram": 512, "OS-FLV-DISABLED:disabled": false, "vcpus": 1, "swap": "", "os-flavor-access:is_public": true, "rxtx_factor": 1.0, "OS-FLV-EXT-DATA:ephemeral": 0, "disk": 1, "id": "150de120-1a02-4b17-964c-98bf05fab6bd"}, {"name": "rally_full-flavor_alt_5c7d399e-e46e-4e41-93c9-4e4cdb43700b", "links": [{"href": "http://172.30.9.44:8774/v2.1/flavors/873ad7ba-9b45-450c-9900-3bac08dac201", "rel": "self"}, {"href": "http://172.30.9.44:8774/flavors/873ad7ba-9b45-450c-9900-3bac08dac201", "rel": "bookmark"}], "ram": 1024, "OS-FLV-DISABLED:disabled": false, "vcpus": 1, "swap": "", "os-flavor-access:is_public": true, "rxtx_factor": 1.0, "OS-FLV-EXT-DATA:ephemeral": 0, "disk": 1, "id": "873ad7ba-9b45-450c-9900-3bac08dac201"}]} _http_log_response /usr/lib/python2.7/site-packages/keystoneauth1/session.py:511
2019-06-14 07:40:11.606 660 DEBUG novaclient.v2.client [-] GET call to compute for http://172.30.9.44:8774/v2.1/flavors/detail used request id req-fcb058d4-2eda-46e8-9528-e152447c304c request /usr/lib/python2.7/site-packages/keystoneauth1/session.py:844
2019-06-14 07:40:11.608 660 DEBUG novaclient.v2.client [-] REQ: curl -g -i -X GET http://172.30.9.44:8774/v2.1/flavors/detail -H "Accept: application/json" -H "User-Agent: python-novaclient" -H "X-Auth-Token: {SHA1}33c6b6f4866dfa8491f42f66ee0e30291928bbb6" _http_log_request /usr/lib/python2.7/site-packages/keystoneauth1/session.py:448
2019-06-14 07:40:11.614 661 DEBUG novaclient.v2.client [-] RESP: [200] Content-Encoding: gzip Content-Length: 363 Content-Type: application/json Date: Fri, 14 Jun 2019 07:40:11 GMT OpenStack-API-Version: compute 2.1 Server: Apache Vary: OpenStack-API-Version,X-OpenStack-Nova-API-Version,Accept-Encoding X-OpenStack-Nova-API-Version: 2.1 x-compute-request-id: req-661ab52a-77d6-4d52-b469-6bfd906b1f6c x-openstack-request-id: req-661ab52a-77d6-4d52-b469-6bfd906b1f6c _http_log_response /usr/lib/python2.7/site-packages/keystoneauth1/session.py:479
2019-06-14 07:40:11.614 661 DEBUG novaclient.v2.client [-] RESP BODY: {"flavors": [{"name": "rally_full-flavor_5c7d399e-e46e-4e41-93c9-4e4cdb43700b", "links": [{"href": "http://172.30.9.44:8774/v2.1/flavors/150de120-1a02-4b17-964c-98bf05fab6bd", "rel": "self"}, {"href": "http://172.30.9.44:8774/flavors/150de120-1a02-4b17-964c-98bf05fab6bd", "rel": "bookmark"}], "ram": 512, "OS-FLV-DISABLED:disabled": false, "vcpus": 1, "swap": "", "os-flavor-access:is_public": true, "rxtx_factor": 1.0, "OS-FLV-EXT-DATA:ephemeral": 0, "disk": 1, "id": "150de120-1a02-4b17-964c-98bf05fab6bd"}, {"name": "rally_full-flavor_alt_5c7d399e-e46e-4e41-93c9-4e4cdb43700b", "links": [{"href": "http://172.30.9.44:8774/v2.1/flavors/873ad7ba-9b45-450c-9900-3bac08dac201", "rel": "self"}, {"href": "http://172.30.9.44:8774/flavors/873ad7ba-9b45-450c-9900-3bac08dac201", "rel": "bookmark"}], "ram": 1024, "OS-FLV-DISABLED:disabled": false, "vcpus": 1, "swap": "", "os-flavor-access:is_public": true, "rxtx_factor": 1.0, "OS-FLV-EXT-DATA:ephemeral": 0, "disk": 1, "id": "873ad7ba-9b45-450c-9900-3bac08dac201"}]} _http_log_response /usr/lib/python2.7/site-packages/keystoneauth1/session.py:511
2019-06-14 07:40:11.615 661 DEBUG novaclient.v2.client [-] GET call to compute for http://172.30.9.44:8774/v2.1/flavors/detail used request id req-661ab52a-77d6-4d52-b469-6bfd906b1f6c request /usr/lib/python2.7/site-packages/keystoneauth1/session.py:844
2019-06-14 07:40:11.616 661 INFO rally.task.runner [-] Task c04363e5-fc5c-41dc-b957-051fe06b6858 | ITER: 2 END: OK
2019-06-14 07:40:11.619 661 INFO rally.task.runner [-] Task c04363e5-fc5c-41dc-b957-051fe06b6858 | ITER: 5 START
2019-06-14 07:40:11.621 663 DEBUG novaclient.v2.client [-] RESP: [200] Content-Encoding: gzip Content-Length: 363 Content-Type: application/json Date: Fri, 14 Jun 2019 07:40:11 GMT OpenStack-API-Version: compute 2.1 Server: Apache Vary: OpenStack-API-Version,X-OpenStack-Nova-API-Version,Accept-Encoding X-OpenStack-Nova-API-Version: 2.1 x-compute-request-id: req-b4bdb176-1e04-45f4-a5c9-df2839b7153c x-openstack-request-id: req-b4bdb176-1e04-45f4-a5c9-df2839b7153c _http_log_response /usr/lib/python2.7/site-packages/keystoneauth1/session.py:479
2019-06-14 07:40:11.621 663 DEBUG novaclient.v2.client [-] RESP BODY: {"flavors": [{"name": "rally_full-flavor_5c7d399e-e46e-4e41-93c9-4e4cdb43700b", "links": [{"href": "http://172.30.9.44:8774/v2.1/flavors/150de120-1a02-4b17-964c-98bf05fab6bd", "rel": "self"}, {"href": "http://172.30.9.44:8774/flavors/150de120-1a02-4b17-964c-98bf05fab6bd", "rel": "bookmark"}], "ram": 512, "OS-FLV-DISABLED:disabled": false, "vcpus": 1, "swap": "", "os-flavor-access:is_public": true, "rxtx_factor": 1.0, "OS-FLV-EXT-DATA:ephemeral": 0, "disk": 1, "id": "150de120-1a02-4b17-964c-98bf05fab6bd"}, {"name": "rally_full-flavor_alt_5c7d399e-e46e-4e41-93c9-4e4cdb43700b", "links": [{"href": "http://172.30.9.44:8774/v2.1/flavors/873ad7ba-9b45-450c-9900-3bac08dac201", "rel": "self"}, {"href": "http://172.30.9.44:8774/flavors/873ad7ba-9b45-450c-9900-3bac08dac201", "rel": "bookmark"}], "ram": 1024, "OS-FLV-DISABLED:disabled": false, "vcpus": 1, "swap": "", "os-flavor-access:is_public": true, "rxtx_factor": 1.0, "OS-FLV-EXT-DATA:ephemeral": 0, "disk": 1, "id": "873ad7ba-9b45-450c-9900-3bac08dac201"}]} _http_log_response /usr/lib/python2.7/site-packages/keystoneauth1/session.py:511
2019-06-14 07:40:11.622 663 DEBUG novaclient.v2.client [-] GET call to compute for http://172.30.9.44:8774/v2.1/flavors/detail used request id req-b4bdb176-1e04-45f4-a5c9-df2839b7153c request /usr/lib/python2.7/site-packages/keystoneauth1/session.py:844
2019-06-14 07:40:11.623 663 DEBUG novaclient.v2.client [-] REQ: curl -g -i -X GET http://172.30.9.44:8774/v2.1/flavors/detail -H "Accept: application/json" -H "User-Agent: python-novaclient" -H "X-Auth-Token: {SHA1}08c969e35efe7da2acc5a435f295f6cfbd8e95a3" _http_log_request /usr/lib/python2.7/site-packages/keystoneauth1/session.py:448
2019-06-14 07:40:11.624 662 DEBUG novaclient.v2.client [-] RESP: [200] Content-Encoding: gzip Content-Length: 363 Content-Type: application/json Date: Fri, 14 Jun 2019 07:40:11 GMT OpenStack-API-Version: compute 2.1 Server: Apache Vary: OpenStack-API-Version,X-OpenStack-Nova-API-Version,Accept-Encoding X-OpenStack-Nova-API-Version: 2.1 x-compute-request-id: req-1b04f8c2-a071-4206-8a9d-0a0a0141205f x-openstack-request-id: req-1b04f8c2-a071-4206-8a9d-0a0a0141205f _http_log_response /usr/lib/python2.7/site-packages/keystoneauth1/session.py:479
2019-06-14 07:40:11.624 662 DEBUG novaclient.v2.client [-] RESP BODY: {"flavors": [{"name": "rally_full-flavor_5c7d399e-e46e-4e41-93c9-4e4cdb43700b", "links": [{"href": "http://172.30.9.44:8774/v2.1/flavors/150de120-1a02-4b17-964c-98bf05fab6bd", "rel": "self"}, {"href": "http://172.30.9.44:8774/flavors/150de120-1a02-4b17-964c-98bf05fab6bd", "rel": "bookmark"}], "ram": 512, "OS-FLV-DISABLED:disabled": false, "vcpus": 1, "swap": "", "os-flavor-access:is_public": true, "rxtx_factor": 1.0, "OS-FLV-EXT-DATA:ephemeral": 0, "disk": 1, "id": "150de120-1a02-4b17-964c-98bf05fab6bd"}, {"name": "rally_full-flavor_alt_5c7d399e-e46e-4e41-93c9-4e4cdb43700b", "links": [{"href": "http://172.30.9.44:8774/v2.1/flavors/873ad7ba-9b45-450c-9900-3bac08dac201", "rel": "self"}, {"href": "http://172.30.9.44:8774/flavors/873ad7ba-9b45-450c-9900-3bac08dac201", "rel": "bookmark"}], "ram": 1024, "OS-FLV-DISABLED:disabled": false, "vcpus": 1, "swap": "", "os-flavor-access:is_public": true, "rxtx_factor": 1.0, "OS-FLV-EXT-DATA:ephemeral": 0, "disk": 1, "id": "873ad7ba-9b45-450c-9900-3bac08dac201"}]} _http_log_response /usr/lib/python2.7/site-packages/keystoneauth1/session.py:511
2019-06-14 07:40:11.624 662 DEBUG novaclient.v2.client [-] GET call to compute for http://172.30.9.44:8774/v2.1/flavors/detail used request id req-1b04f8c2-a071-4206-8a9d-0a0a0141205f request /usr/lib/python2.7/site-packages/keystoneauth1/session.py:844
2019-06-14 07:40:11.625 662 INFO rally.task.runner [-] Task c04363e5-fc5c-41dc-b957-051fe06b6858 | ITER: 3 END: OK
2019-06-14 07:40:11.629 662 INFO rally.task.runner [-] Task c04363e5-fc5c-41dc-b957-051fe06b6858 | ITER: 6 START
2019-06-14 07:40:11.639 660 DEBUG novaclient.v2.client [-] RESP: [200] Content-Encoding: gzip Content-Length: 363 Content-Type: application/json Date: Fri, 14 Jun 2019 07:40:11 GMT OpenStack-API-Version: compute 2.1 Server: Apache Vary: OpenStack-API-Version,X-OpenStack-Nova-API-Version,Accept-Encoding X-OpenStack-Nova-API-Version: 2.1 x-compute-request-id: req-084304d3-faf1-495d-a55e-8a90618ab2eb x-openstack-request-id: req-084304d3-faf1-495d-a55e-8a90618ab2eb _http_log_response /usr/lib/python2.7/site-packages/keystoneauth1/session.py:479
2019-06-14 07:40:11.640 660 DEBUG novaclient.v2.client [-] RESP BODY: {"flavors": [{"name": "rally_full-flavor_5c7d399e-e46e-4e41-93c9-4e4cdb43700b", "links": [{"href": "http://172.30.9.44:8774/v2.1/flavors/150de120-1a02-4b17-964c-98bf05fab6bd", "rel": "self"}, {"href": "http://172.30.9.44:8774/flavors/150de120-1a02-4b17-964c-98bf05fab6bd", "rel": "bookmark"}], "ram": 512, "OS-FLV-DISABLED:disabled": false, "vcpus": 1, "swap": "", "os-flavor-access:is_public": true, "rxtx_factor": 1.0, "OS-FLV-EXT-DATA:ephemeral": 0, "disk": 1, "id": "150de120-1a02-4b17-964c-98bf05fab6bd"}, {"name": "rally_full-flavor_alt_5c7d399e-e46e-4e41-93c9-4e4cdb43700b", "links": [{"href": "http://172.30.9.44:8774/v2.1/flavors/873ad7ba-9b45-450c-9900-3bac08dac201", "rel": "self"}, {"href": "http://172.30.9.44:8774/flavors/873ad7ba-9b45-450c-9900-3bac08dac201", "rel": "bookmark"}], "ram": 1024, "OS-FLV-DISABLED:disabled": false, "vcpus": 1, "swap": "", "os-flavor-access:is_public": true, "rxtx_factor": 1.0, "OS-FLV-EXT-DATA:ephemeral": 0, "disk": 1, "id": "873ad7ba-9b45-450c-9900-3bac08dac201"}]} _http_log_response /usr/lib/python2.7/site-packages/keystoneauth1/session.py:511
2019-06-14 07:40:11.640 660 DEBUG novaclient.v2.client [-] GET call to compute for http://172.30.9.44:8774/v2.1/flavors/detail used request id req-084304d3-faf1-495d-a55e-8a90618ab2eb request /usr/lib/python2.7/site-packages/keystoneauth1/session.py:844
