2019-06-13 11:20:48.592 21088 WARNING rally_openstack.scenarios.neutron.utils [-] Running this scenario without either the 'network' or 'existing_network' context is deprecated
2019-06-13 11:20:48.592 21094 INFO rally.task.runner [-] Task 1836ec61-b174-4e37-a43f-35046998c7a2 | ITER: 7 START
2019-06-13 11:20:48.593 21095 WARNING rally_openstack.scenarios.neutron.utils [-] Running this scenario without either the 'network' or 'existing_network' context is deprecated
2019-06-13 11:20:48.593 21101 RALLYDEBUG rally.task.runner [-] Starting a worker. concurrency: 1 args: {"network_create_args": {}, "subnet_create_args": {}, "subnet_cidr_start": "1.1.0.0/30", "subnets_per_network": 2} times: 40 method_name: run timeout: 0 duration: None cls:
2019-06-13 11:20:48.594 21105 INFO rally.task.runner [-] Task 1836ec61-b174-4e37-a43f-35046998c7a2 | ITER: 10 START
2019-06-13 11:20:48.594 21094 WARNING rally_openstack.scenarios.neutron.utils [-] Running this scenario without either the 'network' or 'existing_network' context is deprecated
2019-06-13 11:20:48.595 21105 WARNING rally_openstack.scenarios.neutron.utils [-] Running this scenario without either the 'network' or 'existing_network' context is deprecated
2019-06-13 11:20:48.598 21108 RALLYDEBUG rally.task.runner [-] Starting a worker. concurrency: 1 args: {"network_create_args": {}, "subnet_create_args": {}, "subnet_cidr_start": "1.1.0.0/30", "subnets_per_network": 2} times: 40 method_name: run timeout: 0 duration: None cls:
2019-06-13 11:20:48.596 21089 INFO rally.task.runner [-] Task 1836ec61-b174-4e37-a43f-35046998c7a2 | ITER: 8 START
2019-06-13 11:20:48.601 21089 WARNING rally_openstack.scenarios.neutron.utils [-] Running this scenario without either the 'network' or 'existing_network' context is deprecated
2019-06-13 11:20:48.602 21101 INFO rally.task.runner [-] Task 1836ec61-b174-4e37-a43f-35046998c7a2 | ITER: 11 START
2019-06-13 11:20:48.605 21108 INFO rally.task.runner [-] Task 1836ec61-b174-4e37-a43f-35046998c7a2 | ITER: 12 START
2019-06-13 11:20:48.606 21108 WARNING rally_openstack.scenarios.neutron.utils [-] Running this scenario without either the 'network' or 'existing_network' context is deprecated
2019-06-13 11:20:48.607 21101 WARNING rally_openstack.scenarios.neutron.utils [-] Running this scenario without either the 'network' or 'existing_network' context is deprecated
2019-06-13 11:20:48.608 21112 RALLYDEBUG rally.task.runner [-] Starting a worker. concurrency: 1 args: {"network_create_args": {}, "subnet_create_args": {}, "subnet_cidr_start": "1.1.0.0/30", "subnets_per_network": 2} times: 40 method_name: run timeout: 0 duration: None cls:
2019-06-13 11:20:48.614 21116 RALLYDEBUG rally.task.runner [-] Starting a worker. concurrency: 1 args: {"network_create_args": {}, "subnet_create_args": {}, "subnet_cidr_start": "1.1.0.0/30", "subnets_per_network": 2} times: 40 method_name: run timeout: 0 duration: None cls:
2019-06-13 11:20:48.619 21116 INFO rally.task.runner [-] Task 1836ec61-b174-4e37-a43f-35046998c7a2 | ITER: 14 START
2019-06-13 11:20:48.620 21112 INFO rally.task.runner [-] Task 1836ec61-b174-4e37-a43f-35046998c7a2 | ITER: 13 START
2019-06-13 11:20:48.620 21116 WARNING rally_openstack.scenarios.neutron.utils [-] Running this scenario without either the 'network' or 'existing_network' context is deprecated
2019-06-13 11:20:48.621 21112 WARNING rally_openstack.scenarios.neutron.utils [-] Running this scenario without either the 'network' or 'existing_network' context is deprecated
2019-06-13 11:20:48.620 21117 RALLYDEBUG rally.task.runner [-] Starting a worker. concurrency: 1 args: {"network_create_args": {}, "subnet_create_args": {}, "subnet_cidr_start": "1.1.0.0/30", "subnets_per_network": 2} times: 40 method_name: run timeout: 0 duration: None cls:
2019-06-13 11:20:48.626 21117 INFO rally.task.runner [-] Task 1836ec61-b174-4e37-a43f-35046998c7a2 | ITER: 15 START
2019-06-13 11:20:48.626 21122 RALLYDEBUG rally.task.runner [-] Starting a worker. concurrency: 1 args: {"network_create_args": {}, "subnet_create_args": {}, "subnet_cidr_start": "1.1.0.0/30", "subnets_per_network": 2} times: 40 method_name: run timeout: 0 duration: None cls:
2019-06-13 11:20:48.627 21117 WARNING rally_openstack.scenarios.neutron.utils [-] Running this scenario without either the 'network' or 'existing_network' context is deprecated
2019-06-13 11:20:48.632 21122 INFO rally.task.runner [-] Task 1836ec61-b174-4e37-a43f-35046998c7a2 | ITER: 16 START
2019-06-13 11:20:48.634 21122 WARNING rally_openstack.scenarios.neutron.utils [-] Running this scenario without either the 'network' or 'existing_network' context is deprecated
2019-06-13 11:20:48.635 21125 RALLYDEBUG rally.task.runner [-] Starting a worker. concurrency: 1 args: {"network_create_args": {}, "subnet_create_args": {}, "subnet_cidr_start": "1.1.0.0/30", "subnets_per_network": 2} times: 40 method_name: run timeout: 0 duration: None cls:
2019-06-13 11:20:48.641 21125 INFO rally.task.runner [-] Task 1836ec61-b174-4e37-a43f-35046998c7a2 | ITER: 17 START
2019-06-13 11:20:48.641 21128 RALLYDEBUG rally.task.runner [-] Starting a worker. concurrency: 1 args: {"network_create_args": {}, "subnet_create_args": {}, "subnet_cidr_start": "1.1.0.0/30", "subnets_per_network": 2} times: 40 method_name: run timeout: 0 duration: None cls:
2019-06-13 11:20:48.642 21125 WARNING rally_openstack.scenarios.neutron.utils [-] Running this scenario without either the 'network' or 'existing_network' context is deprecated
2019-06-13 11:20:48.645 21128 INFO rally.task.runner [-] Task 1836ec61-b174-4e37-a43f-35046998c7a2 | ITER: 18 START
2019-06-13 11:20:48.646 21128 WARNING rally_openstack.scenarios.neutron.utils [-] Running this scenario without either the 'network' or 'existing_network' context is deprecated
2019-06-13 11:20:48.648 21131 RALLYDEBUG rally.task.runner [-] Starting a worker. concurrency: 1 args: {"network_create_args": {}, "subnet_create_args": {}, "subnet_cidr_start": "1.1.0.0/30", "subnets_per_network": 2} times: 40 method_name: run timeout: 0 duration: None cls:
2019-06-13 11:20:48.651 21134 RALLYDEBUG rally.task.runner [-] Starting a worker. concurrency: 1 args: {"network_create_args": {}, "subnet_create_args": {}, "subnet_cidr_start": "1.1.0.0/30", "subnets_per_network": 2} times: 40 method_name: run timeout: 0 duration: None cls:
2019-06-13 11:20:48.652 21131 INFO rally.task.runner [-] Task 1836ec61-b174-4e37-a43f-35046998c7a2 | ITER: 19 START
2019-06-13 11:20:48.653 21131 WARNING rally_openstack.scenarios.neutron.utils [-] Running this scenario without either the 'network' or 'existing_network' context is deprecated
2019-06-13 11:20:48.654 21134 INFO rally.task.runner [-] Task 1836ec61-b174-4e37-a43f-35046998c7a2 | ITER: 20 START
2019-06-13 11:20:48.655 21134 WARNING rally_openstack.scenarios.neutron.utils [-] Running this scenario without either the 'network' or 'existing_network' context is deprecated
2019-06-13 11:20:51.026 21117 RALLYDEBUG rally_openstack.wrappers.network [-] CIDR generated: 1.1.4.96/30
2019-06-13 11:20:51.117 21125 RALLYDEBUG rally_openstack.wrappers.network [-] CIDR generated: 1.1.4.100/30
2019-06-13 11:20:51.223 21089 RALLYDEBUG rally_openstack.wrappers.network [-] CIDR generated: 1.1.4.104/30
2019-06-13 11:20:51.307 21122 RALLYDEBUG rally_openstack.wrappers.network [-] CIDR generated: 1.1.4.108/30
2019-06-13 11:20:51.433 21088 RALLYDEBUG rally_openstack.wrappers.network [-] CIDR generated: 1.1.4.112/30
2019-06-13 11:20:52.030 21087 RALLYDEBUG rally_openstack.wrappers.network [-] CIDR generated: 1.1.4.116/30
2019-06-13 11:20:52.085 21134 RALLYDEBUG rally_openstack.wrappers.network [-] CIDR generated: 1.1.4.120/30
2019-06-13 11:20:52.160 21095 RALLYDEBUG rally_openstack.wrappers.network [-] CIDR generated: 1.1.4.124/30
2019-06-13 11:20:52.187 21094 RALLYDEBUG rally_openstack.wrappers.network [-] CIDR generated: 1.1.4.128/30
2019-06-13 11:20:52.235 21112 RALLYDEBUG rally_openstack.wrappers.network [-] CIDR generated: 1.1.4.132/30
2019-06-13 11:20:52.815 21089 RALLYDEBUG rally_openstack.wrappers.network [-] CIDR generated: 1.1.4.136/30
2019-06-13 11:20:52.976 21128 RALLYDEBUG rally_openstack.wrappers.network [-] CIDR generated: 1.1.4.140/30
2019-06-13 11:20:52.996 21116 RALLYDEBUG rally_openstack.wrappers.network [-] CIDR generated: 1.1.4.144/30
2019-06-13 11:20:53.018 21108 RALLYDEBUG rally_openstack.wrappers.network [-] CIDR generated: 1.1.4.148/30
2019-06-13 11:20:53.083 21105 RALLYDEBUG rally_openstack.wrappers.network [-] CIDR generated: 1.1.4.152/30
2019-06-13 11:20:53.139 21117 RALLYDEBUG rally_openstack.wrappers.network [-] CIDR generated: 1.1.4.156/30
2019-06-13 11:20:53.217 21088 RALLYDEBUG rally_openstack.wrappers.network [-] CIDR generated: 1.1.4.160/30
2019-06-13 11:20:53.708 21088 RALLYDEBUG rally_openstack.wrappers.network [-] CIDR generated: 1.1.4.164/30
2019-06-13 11:20:54.031 21122 RALLYDEBUG rally_openstack.wrappers.network [-] CIDR generated: 1.1.4.168/30
2019-06-13 11:20:54.207 21087 RALLYDEBUG rally_openstack.wrappers.network [-] CIDR generated: 1.1.4.172/30
2019-06-13 11:20:54.313 21134 RALLYDEBUG rally_openstack.wrappers.network [-] CIDR generated: 1.1.4.176/30
2019-06-13 11:20:54.786 21131 RALLYDEBUG rally_openstack.wrappers.network [-] CIDR generated: 1.1.4.180/30
2019-06-13 11:20:54.791 21094 RALLYDEBUG rally_openstack.wrappers.network [-] CIDR generated: 1.1.4.184/30
2019-06-13 11:20:54.855 21089 RALLYDEBUG rally_openstack.wrappers.network [-] CIDR generated: 1.1.4.188/30
2019-06-13 11:20:54.876 21095 RALLYDEBUG rally_openstack.wrappers.network [-] CIDR generated: 1.1.4.192/30
2019-06-13 11:20:54.968 21101 RALLYDEBUG rally_openstack.wrappers.network [-] CIDR generated: 1.1.4.196/30
2019-06-13 11:20:55.077 21125 RALLYDEBUG rally_openstack.wrappers.network [-] CIDR generated: 1.1.4.200/30
2019-06-13 11:20:55.086 21087 RALLYDEBUG rally_openstack.wrappers.network [-] CIDR generated: 1.1.4.204/30
2019-06-13 11:20:55.258 21116 RALLYDEBUG rally_openstack.wrappers.network [-] CIDR generated: 1.1.4.208/30
2019-06-13 11:20:55.282 21128 RALLYDEBUG rally_openstack.wrappers.network [-] CIDR generated: 1.1.4.212/30
2019-06-13 11:20:55.368 21112 RALLYDEBUG rally_openstack.wrappers.network [-] CIDR generated: 1.1.4.216/30
2019-06-13 11:20:55.841 21108 RALLYDEBUG rally_openstack.wrappers.network [-] CIDR generated: 1.1.4.220/30
2019-06-13 11:20:55.980 21088 RALLYDEBUG rally_openstack.wrappers.network [-] CIDR generated: 1.1.4.224/30
2019-06-13 11:20:56.097 21094 RALLYDEBUG rally_openstack.wrappers.network [-] CIDR generated: 1.1.4.228/30
2019-06-13 11:20:56.913 21105 RALLYDEBUG rally_openstack.wrappers.network [-] CIDR generated: 1.1.4.232/30
2019-06-13 11:20:57.799 21087 RALLYDEBUG rally_openstack.wrappers.network [-] CIDR generated: 1.1.4.236/30
2019-06-13 11:20:57.816 21089 RALLYDEBUG rally_openstack.wrappers.network [-] CIDR generated: 1.1.4.240/30
2019-06-13 11:20:59.296 21131 RALLYDEBUG rally_openstack.wrappers.network [-] CIDR generated: 1.1.4.244/30
2019-06-13 11:20:59.557 21117 INFO rally.task.runner [-] Task 1836ec61-b174-4e37-a43f-35046998c7a2 | ITER: 15 END: OK
2019-06-13 11:20:59.562 21117 INFO rally.task.runner [-] Task 1836ec61-b174-4e37-a43f-35046998c7a2 | ITER: 21 START
2019-06-13 11:20:59.563 21117 WARNING rally_openstack.scenarios.neutron.utils [-] Running this scenario without either the 'network' or 'existing_network' context is deprecated
2019-06-13 11:20:59.721 21094 RALLYDEBUG rally_openstack.wrappers.network [-] CIDR generated: 1.1.4.248/30
2019-06-13 11:20:59.785 21101 RALLYDEBUG rally_openstack.wrappers.network [-] CIDR generated: 1.1.4.252/30
2019-06-13 11:20:59.935 21134 INFO rally.task.runner [-] Task 1836ec61-b174-4e37-a43f-35046998c7a2 | ITER: 20 END: OK
2019-06-13 11:20:59.940 21134 INFO rally.task.runner [-] Task 1836ec61-b174-4e37-a43f-35046998c7a2 | ITER: 22 START
2019-06-13 11:20:59.940 21134 WARNING rally_openstack.scenarios.neutron.utils [-] Running this scenario without either the 'network' or 'existing_network' context is deprecated
2019-06-13 11:21:00.086 21089 INFO rally.task.runner [-] Task 1836ec61-b174-4e37-a43f-35046998c7a2 | ITER: 8 END: OK
2019-06-13 11:21:00.090 21089 INFO rally.task.runner [-] Task 1836ec61-b174-4e37-a43f-35046998c7a2 | ITER: 23 START
2019-06-13 11:21:00.090 21089 WARNING rally_openstack.scenarios.neutron.utils [-] Running this scenario without either the 'network' or 'existing_network' context is deprecated
2019-06-13 11:21:00.415 21088 INFO rally.task.runner [-] Task 1836ec61-b174-4e37-a43f-35046998c7a2 | ITER: 3 END: OK
2019-06-13 11:21:00.419 21088 INFO rally.task.runner [-] Task 1836ec61-b174-4e37-a43f-35046998c7a2 | ITER: 24 START
2019-06-13 11:21:00.419 21088 WARNING rally_openstack.scenarios.neutron.utils [-] Running this scenario without either the 'network' or 'existing_network' context is deprecated
2019-06-13 11:21:00.665 21087 INFO rally.task.runner [-] Task 1836ec61-b174-4e37-a43f-35046998c7a2 | ITER: 4 END: OK
2019-06-13 11:21:00.671 21087 INFO rally.task.runner [-] Task 1836ec61-b174-4e37-a43f-35046998c7a2 | ITER: 25 START
2019-06-13 11:21:00.671 21087 WARNING rally_openstack.scenarios.neutron.utils [-] Running this scenario without either the 'network' or 'existing_network' context is deprecated
2019-06-13 11:21:00.682 21122 INFO rally.task.runner [-] Task 1836ec61-b174-4e37-a43f-35046998c7a2 | ITER: 16 END: OK
2019-06-13 11:21:00.687 21122 INFO rally.task.runner [-] Task 1836ec61-b174-4e37-a43f-35046998c7a2 | ITER: 26 START
2019-06-13 11:21:00.687 21122 WARNING rally_openstack.scenarios.neutron.utils [-] Running this scenario without either the 'network' or 'existing_network' context is deprecated
2019-06-13 11:21:01.408 21128 INFO rally.task.runner [-] Task 1836ec61-b174-4e37-a43f-35046998c7a2 | ITER: 18 END: OK
2019-06-13 11:21:01.412 21128 INFO rally.task.runner [-] Task 1836ec61-b174-4e37-a43f-35046998c7a2 | ITER: 27 START
2019-06-13 11:21:01.413 21128 WARNING rally_openstack.scenarios.neutron.utils [-] Running this scenario without either the 'network' or 'existing_network' context is deprecated
2019-06-13 11:21:01.821 21117 RALLYDEBUG rally_openstack.wrappers.network [-] CIDR generated: 1.1.5.0/30
2019-06-13 11:21:01.948 21134 RALLYDEBUG rally_openstack.wrappers.network [-] CIDR generated: 1.1.5.4/30
2019-06-13 11:21:02.588 21094 INFO rally.task.runner [-] Task 1836ec61-b174-4e37-a43f-35046998c7a2 | ITER: 7 END: OK
2019-06-13 11:21:02.592 21094 INFO rally.task.runner [-] Task 1836ec61-b174-4e37-a43f-35046998c7a2 | ITER: 28 START
2019-06-13 11:21:02.593 21094 WARNING rally_openstack.scenarios.neutron.utils [-] Running this scenario without either the 'network' or 'existing_network' context is deprecated
2019-06-13 11:21:02.642 21089 RALLYDEBUG rally_openstack.wrappers.network [-] CIDR generated: 1.1.5.8/30
2019-06-13 11:21:02.768 21088 RALLYDEBUG rally_openstack.wrappers.network [-] CIDR generated: 1.1.5.12/30
2019-06-13 11:21:02.771 21108 INFO rally.task.runner [-] Task 1836ec61-b174-4e37-a43f-35046998c7a2 | ITER: 12 END: OK
2019-06-13 11:21:02.775 21108 INFO rally.task.runner [-] Task 1836ec61-b174-4e37-a43f-35046998c7a2 | ITER: 29 START
2019-06-13 11:21:02.776 21108 WARNING rally_openstack.scenarios.neutron.utils [-] Running this scenario without either the 'network' or 'existing_network' context is deprecated
2019-06-13 11:21:03.056 21122 RALLYDEBUG rally_openstack.wrappers.network [-] CIDR generated: 1.1.5.16/30
2019-06-13 11:21:03.449 21088 INFO rally.task.runner [-] Task 1836ec61-b174-4e37-a43f-35046998c7a2 | ITER: 1 END: OK
2019-06-13 11:21:03.453 21088 INFO rally.task.runner [-] Task 1836ec61-b174-4e37-a43f-35046998c7a2 | ITER: 30 START
2019-06-13 11:21:03.454 21088 WARNING rally_openstack.scenarios.neutron.utils [-] Running this scenario without either the 'network' or 'existing_network' context is deprecated
2019-06-13 11:21:03.546 21125 INFO rally.task.runner [-] Task 1836ec61-b174-4e37-a43f-35046998c7a2 | ITER: 17 END: OK
2019-06-13 11:21:03.552 21125 INFO rally.task.runner [-] Task 1836ec61-b174-4e37-a43f-35046998c7a2 | ITER: 31 START
2019-06-13 11:21:03.552 21125 WARNING rally_openstack.scenarios.neutron.utils [-] Running this scenario without either the 'network' or 'existing_network' context is deprecated
2019-06-13 11:21:03.606 21087 INFO rally.task.runner [-] Task 1836ec61-b174-4e37-a43f-35046998c7a2 | ITER: 2 END: OK
2019-06-13 11:21:03.610 21087 INFO rally.task.runner [-] Task 1836ec61-b174-4e37-a43f-35046998c7a2 | ITER: 32 START
2019-06-13 11:21:03.610 21087 WARNING rally_openstack.scenarios.neutron.utils [-] Running this scenario without either the 'network' or 'existing_network' context is deprecated
2019-06-13 11:21:03.813 21087 RALLYDEBUG rally_openstack.wrappers.network [-] CIDR generated: 1.1.5.20/30
2019-06-13 11:21:04.480 21116 INFO rally.task.runner [-] Task 1836ec61-b174-4e37-a43f-35046998c7a2 | ITER: 14 END: OK
2019-06-13 11:21:04.484 21116 INFO rally.task.runner [-] Task 1836ec61-b174-4e37-a43f-35046998c7a2 | ITER: 33 START
2019-06-13 11:21:04.485 21116 WARNING rally_openstack.scenarios.neutron.utils [-] Running this scenario without either the 'network' or 'existing_network' context is deprecated
2019-06-13 11:21:04.588 21112 INFO rally.task.runner [-] Task 1836ec61-b174-4e37-a43f-35046998c7a2 | ITER: 13 END: OK
2019-06-13 11:21:04.592 21112 INFO rally.task.runner [-] Task 1836ec61-b174-4e37-a43f-35046998c7a2 | ITER: 34 START
2019-06-13 11:21:04.593 21112 WARNING rally_openstack.scenarios.neutron.utils [-] Running this scenario without either the 'network' or 'existing_network' context is deprecated
2019-06-13 11:21:04.936 21128 RALLYDEBUG rally_openstack.wrappers.network [-] CIDR generated: 1.1.5.24/30
2019-06-13 11:21:05.181 21117 RALLYDEBUG rally_openstack.wrappers.network [-] CIDR generated: 1.1.5.28/30
2019-06-13 11:21:05.279 21095 INFO rally.task.runner [-] Task 1836ec61-b174-4e37-a43f-35046998c7a2 | ITER: 9 END: OK
2019-06-13 11:21:05.283 21095 INFO rally.task.runner [-] Task 1836ec61-b174-4e37-a43f-35046998c7a2 | ITER: 35 START
2019-06-13 11:21:05.284 21095 WARNING rally_openstack.scenarios.neutron.utils [-] Running this scenario without either the 'network' or 'existing_network' context is deprecated
2019-06-13 11:21:05.690 21131 INFO rally.task.runner [-] Task 1836ec61-b174-4e37-a43f-35046998c7a2 | ITER: 19 END: OK
2019-06-13 11:21:05.694 21131 INFO rally.task.runner [-] Task 1836ec61-b174-4e37-a43f-35046998c7a2 | ITER: 36 START
2019-06-13 11:21:05.695 21131 WARNING rally_openstack.scenarios.neutron.utils [-] Running this scenario without either the 'network' or 'existing_network' context is deprecated
2019-06-13 11:21:05.732 21088 RALLYDEBUG rally_openstack.wrappers.network [-] CIDR generated: 1.1.5.32/30
2019-06-13 11:21:05.831 21089 INFO rally.task.runner [-] Task 1836ec61-b174-4e37-a43f-35046998c7a2 | ITER: 6 END: OK
2019-06-13 11:21:05.835 21089 INFO rally.task.runner [-] Task 1836ec61-b174-4e37-a43f-35046998c7a2 | ITER: 37 START
2019-06-13 11:21:05.836 21089 WARNING rally_openstack.scenarios.neutron.utils [-] Running this scenario without either the 'network' or 'existing_network' context is deprecated
2019-06-13 11:21:06.033 21134 RALLYDEBUG rally_openstack.wrappers.network [-] CIDR generated: 1.1.5.36/30
2019-06-13 11:21:06.106 21108 RALLYDEBUG rally_openstack.wrappers.network [-] CIDR generated: 1.1.5.40/30
2019-06-13 11:21:06.242 21088 RALLYDEBUG rally_openstack.wrappers.network [-] CIDR generated: 1.1.5.44/30
2019-06-13 11:21:06.351 21094 RALLYDEBUG rally_openstack.wrappers.network [-] CIDR generated: 1.1.5.48/30
2019-06-13 11:21:06.428 21089 RALLYDEBUG rally_openstack.wrappers.network [-] CIDR generated: 1.1.5.52/30
2019-06-13 11:21:06.451 21125 RALLYDEBUG rally_openstack.wrappers.network [-] CIDR generated: 1.1.5.56/30
2019-06-13 11:21:06.552 21087 RALLYDEBUG rally_openstack.wrappers.network [-] CIDR generated: 1.1.5.60/30
2019-06-13 11:21:06.641 21105 INFO rally.task.runner [-] Task 1836ec61-b174-4e37-a43f-35046998c7a2 | ITER: 10 END: OK
2019-06-13 11:21:06.645 21105 INFO rally.task.runner [-] Task 1836ec61-b174-4e37-a43f-35046998c7a2 | ITER: 38 START
2019-06-13 11:21:06.646 21105 WARNING rally_openstack.scenarios.neutron.utils [-] Running this scenario without either the 'network' or 'existing_network' context is deprecated
2019-06-13 11:21:06.848 21116 RALLYDEBUG rally_openstack.wrappers.network [-] CIDR generated: 1.1.5.64/30
2019-06-13 11:21:07.013 21112 RALLYDEBUG rally_openstack.wrappers.network [-] CIDR generated: 1.1.5.68/30
2019-06-13 11:21:07.110 21101 INFO rally.task.runner [-] Task 1836ec61-b174-4e37-a43f-35046998c7a2 | ITER: 11 END: OK
2019-06-13 11:21:07.114 21101 INFO rally.task.runner [-] Task 1836ec61-b174-4e37-a43f-35046998c7a2 | ITER: 39 START
2019-06-13 11:21:07.114 21101 WARNING rally_openstack.scenarios.neutron.utils [-] Running this scenario without either the 'network' or 'existing_network' context is deprecated
2019-06-13 11:21:07.198 21122 RALLYDEBUG rally_openstack.wrappers.network [-] CIDR generated: 1.1.5.72/30
2019-06-13 11:21:07.265 21087 RALLYDEBUG rally_openstack.wrappers.network [-] CIDR generated: 1.1.5.76/30
2019-06-13 11:21:07.474 21095 RALLYDEBUG rally_openstack.wrappers.network [-] CIDR generated: 1.1.5.80/30
2019-06-13 11:21:07.822 21128 RALLYDEBUG rally_openstack.wrappers.network [-] CIDR generated: 1.1.5.84/30
2019-06-13 11:21:08.146 21094 INFO rally.task.runner [-] Task 1836ec61-b174-4e37-a43f-35046998c7a2 | ITER: 5 END: OK
2019-06-13 11:21:08.150 21094 INFO rally.task.runner [-] Task 1836ec61-b174-4e37-a43f-35046998c7a2 | ITER: 40 START
2019-06-13 11:21:08.151 21094 WARNING rally_openstack.scenarios.neutron.utils [-] Running this scenario without either the 'network' or 'existing_network' context is deprecated
2019-06-13 11:21:08.373 21088 RALLYDEBUG rally_openstack.wrappers.network [-] CIDR generated: 1.1.5.88/30
2019-06-13 11:21:08.512 21089 RALLYDEBUG rally_openstack.wrappers.network [-] CIDR generated: 1.1.5.92/30
2019-06-13 11:21:08.643 21131 RALLYDEBUG rally_openstack.wrappers.network [-] CIDR generated: 1.1.5.96/30
2019-06-13 11:21:08.821 21108 RALLYDEBUG rally_openstack.wrappers.network [-] CIDR generated: 1.1.5.100/30
2019-06-13 11:21:09.026 21125 RALLYDEBUG rally_openstack.wrappers.network [-] CIDR generated: 1.1.5.104/30
2019-06-13 11:21:09.091 21105 RALLYDEBUG rally_openstack.wrappers.network [-] CIDR generated: 1.1.5.108/30
2019-06-13 11:21:09.194 21094 RALLYDEBUG rally_openstack.wrappers.network [-] CIDR generated: 1.1.5.112/30
2019-06-13 11:21:09.267 21087 RALLYDEBUG rally_openstack.wrappers.network [-] CIDR generated: 1.1.5.116/30
2019-06-13 11:21:09.480 21116 RALLYDEBUG rally_openstack.wrappers.network [-] CIDR generated: 1.1.5.120/30
2019-06-13 11:21:09.510 21101 RALLYDEBUG rally_openstack.wrappers.network [-] CIDR generated: 1.1.5.124/30
2019-06-13 11:21:09.678 21112 RALLYDEBUG rally_openstack.wrappers.network [-] CIDR generated: 1.1.5.128/30
2019-06-13 11:21:10.247 21095 RALLYDEBUG rally_openstack.wrappers.network [-] CIDR generated: 1.1.5.132/30
2019-06-13 11:21:10.361 21094 RALLYDEBUG rally_openstack.wrappers.network [-] CIDR generated: 1.1.5.136/30
2019-06-13 11:21:10.804 21131 RALLYDEBUG rally_openstack.wrappers.network [-] CIDR generated: 1.1.5.140/30
2019-06-13 11:21:11.025 21089 RALLYDEBUG rally_openstack.wrappers.network [-] CIDR generated: 1.1.5.144/30
2019-06-13 11:21:11.475 21105 RALLYDEBUG rally_openstack.wrappers.network [-] CIDR generated: 1.1.5.148/30
2019-06-13 11:21:11.666 21101 RALLYDEBUG rally_openstack.wrappers.network [-] CIDR generated: 1.1.5.152/30
2019-06-13 11:21:12.577 21088 INFO rally.task.runner [-] Task 1836ec61-b174-4e37-a43f-35046998c7a2 | ITER: 24 END: OK
2019-06-13 11:21:12.821 21094 RALLYDEBUG rally_openstack.wrappers.network [-] CIDR generated: 1.1.5.156/30
2019-06-13 11:21:13.060 21134 INFO rally.task.runner [-] Task 1836ec61-b174-4e37-a43f-35046998c7a2 | ITER: 22 END: OK
2019-06-13 11:21:13.297 21117 INFO rally.task.runner [-] Task 1836ec61-b174-4e37-a43f-35046998c7a2 | ITER: 21 END: OK
2019-06-13 11:21:14.208 21128 INFO rally.task.runner [-] Task 1836ec61-b174-4e37-a43f-35046998c7a2 | ITER: 27 END: OK
2019-06-13 11:21:14.234 21122 INFO rally.task.runner [-] Task 1836ec61-b174-4e37-a43f-35046998c7a2 | ITER: 26 END: OK
2019-06-13 11:21:14.594 21087 INFO rally.task.runner [-] Task 1836ec61-b174-4e37-a43f-35046998c7a2 | ITER: 25 END: OK
2019-06-13 11:21:14.801 21088 INFO rally.task.runner [-] Task 1836ec61-b174-4e37-a43f-35046998c7a2 | ITER: 30 END: OK
2019-06-13 11:21:14.852 21125 INFO rally.task.runner [-] Task 1836ec61-b174-4e37-a43f-35046998c7a2 | ITER: 31 END: OK
2019-06-13 11:21:14.961 21089 INFO rally.task.runner [-] Task 1836ec61-b174-4e37-a43f-35046998c7a2 | ITER: 23 END: OK
2019-06-13 11:21:15.412 21108 INFO rally.task.runner [-] Task 1836ec61-b174-4e37-a43f-35046998c7a2 | ITER: 29 END: OK
2019-06-13 11:21:15.764 21112 INFO rally.task.runner [-] Task 1836ec61-b174-4e37-a43f-35046998c7a2 | ITER: 34 END: OK
2019-06-13 11:21:15.785 21094 INFO rally.task.runner [-] Task 1836ec61-b174-4e37-a43f-35046998c7a2 | ITER: 28 END: OK
2019-06-13 11:21:15.839 21116 INFO rally.task.runner [-] Task 1836ec61-b174-4e37-a43f-35046998c7a2 | ITER: 33 END: OK
2019-06-13 11:21:16.410 21131 INFO rally.task.runner [-] Task 1836ec61-b174-4e37-a43f-35046998c7a2 | ITER: 36 END: OK
2019-06-13 11:21:17.229 21095 INFO rally.task.runner [-] Task 1836ec61-b174-4e37-a43f-35046998c7a2 | ITER: 35 END: OK
2019-06-13 11:21:17.688 21087 INFO rally.task.runner [-] Task 1836ec61-b174-4e37-a43f-35046998c7a2 | ITER: 32 END: OK
2019-06-13 11:21:17.844 21105 INFO rally.task.runner [-] Task 1836ec61-b174-4e37-a43f-35046998c7a2 | ITER: 38 END: OK
2019-06-13 11:21:17.978 21101 INFO rally.task.runner [-] Task 1836ec61-b174-4e37-a43f-35046998c7a2 | ITER: 39 END: OK
2019-06-13 11:21:18.257 21089 INFO rally.task.runner [-] Task 1836ec61-b174-4e37-a43f-35046998c7a2 | ITER: 37 END: OK
2019-06-13 11:21:19.587 21094 INFO rally.task.runner [-] Task 1836ec61-b174-4e37-a43f-35046998c7a2 | ITER: 40 END: OK
2019-06-13 11:21:19.608 18993 INFO rally.task.context [-] Task 1836ec61-b174-4e37-a43f-35046998c7a2 | Context cleanup@openstack cleanup() started
2019-06-13 11:21:19.610 18993 RALLYDEBUG rally_openstack.cleanup.manager [-] Cleaning up neutron vip objects
2019-06-13 11:21:20.362 18993 RALLYDEBUG rally_openstack.cleanup.manager [-] Cleaning up neutron health_monitor objects
2019-06-13 11:21:21.110 18993 RALLYDEBUG rally_openstack.cleanup.manager [-] Cleaning up neutron pool objects
2019-06-13 11:21:21.821 18993 RALLYDEBUG rally_openstack.cleanup.manager [-] Cleaning up neutron loadbalancer objects
2019-06-13 11:21:22.666 18993 RALLYDEBUG rally_openstack.cleanup.manager [-] Cleaning up neutron floatingip objects
2019-06-13 11:21:23.366 18993 RALLYDEBUG rally_openstack.cleanup.manager [-] Cleaning up neutron port objects
2019-06-13 11:21:24.393 18993 RALLYDEBUG rally_openstack.cleanup.manager [-] Cleaning up neutron subnet objects
2019-06-13 11:21:25.180 18993 RALLYDEBUG rally_openstack.cleanup.manager [-] Cleaning up neutron network objects
2019-06-13 11:21:26.302 18993 RALLYDEBUG rally_openstack.cleanup.manager [-] Deleting neutron.network object s_rally_7a66d48d_oevRF0hA (03d64305-281c-47cb-a63f-1aab1b7e1295)
2019-06-13 11:21:26.307 18993 RALLYDEBUG rally_openstack.cleanup.manager [-] Deleting neutron.network object s_rally_7a66d48d_cJf5cl5C (05a7b19c-e507-4e45-a332-313e081e70fc)
2019-06-13 11:21:26.320 18993 RALLYDEBUG rally_openstack.cleanup.manager [-] Deleting neutron.network object s_rally_7a66d48d_E0zwYe91 (0731c3e4-1c06-4bf1-a6f6-0d2db3a629d3)
2019-06-13 11:21:26.326 18993 RALLYDEBUG rally_openstack.cleanup.manager [-] Deleting neutron.network object s_rally_7a66d48d_ZuR7nrlH (1c5a3eba-3f32-4cab-b6fe-5bfc15a5a175)
2019-06-13 11:21:26.326 18993 RALLYDEBUG rally_openstack.cleanup.manager [-] Deleting neutron.network object s_rally_7a66d48d_RCHTOVzA (0ae37f9d-5478-4987-93f0-9f51417d718c)
2019-06-13 11:21:26.333 18993 RALLYDEBUG rally_openstack.cleanup.manager [-] Deleting neutron.network object s_rally_7a66d48d_M9ZjBUOI (21028067-da61-4b07-9ee2-b36a0374ab85)
2019-06-13 11:21:26.352 18993 RALLYDEBUG rally_openstack.cleanup.manager [-] Deleting neutron.network object s_rally_7a66d48d_5Ip9IUxV (25b96ba6-5b7e-4515-a350-378470be5153)
2019-06-13 11:21:26.359 18993 RALLYDEBUG rally_openstack.cleanup.manager [-] Deleting neutron.network object s_rally_7a66d48d_6yyQrpNt (2c3e1b99-c80d-4b1d-b7ef-9eae89cde64c)
2019-06-13 11:21:26.365 18993 RALLYDEBUG rally_openstack.cleanup.manager [-] Deleting neutron.network object s_rally_7a66d48d_1fpuyQxU (3af56b20-e990-486d-96fd-013c62969a24)
2019-06-13 11:21:26.391 18993 RALLYDEBUG rally_openstack.cleanup.manager [-] Deleting neutron.network object s_rally_7a66d48d_oFfHVMNz (3f1dbca8-fd44-463d-b3ed-69cbf42b1885)
2019-06-13 11:21:26.395 18993 RALLYDEBUG rally_openstack.cleanup.manager [-] Deleting neutron.network object s_rally_7a66d48d_JxyrC00e (4dd80cae-1ec8-41b0-b6f6-2a2c87ea1192)
2019-06-13 11:21:26.416 18993 RALLYDEBUG rally_openstack.cleanup.manager [-] Deleting neutron.network object s_rally_7a66d48d_KMUokyrB (4e8c3f8a-c892-42d0-8986-6f85d2e5bf5c)
2019-06-13 11:21:26.418 18993 RALLYDEBUG rally_openstack.cleanup.manager [-] Deleting neutron.network object s_rally_7a66d48d_7RlY0eVq (400f148e-92a7-49c4-8060-3d915101e6ce)
2019-06-13 11:21:26.428 18993 RALLYDEBUG rally_openstack.cleanup.manager [-] Deleting neutron.network object s_rally_7a66d48d_GTaSAGcl (50f4b390-ce17-43ca-b7cc-1ac4f1f63aae)
2019-06-13 11:21:26.435 18993 RALLYDEBUG rally_openstack.cleanup.manager [-] Deleting neutron.network object s_rally_7a66d48d_5AeVqs3V (5cfaffea-4c7c-4827-ae42-d04e716eabd8)
2019-06-13 11:21:26.438 18993 RALLYDEBUG rally_openstack.cleanup.manager [-] Deleting neutron.network object s_rally_7a66d48d_IGQF95mK (5d859337-77c2-43fe-8021-271e9c92531a)
2019-06-13 11:21:26.442 18993 RALLYDEBUG rally_openstack.cleanup.manager [-] Deleting neutron.network object s_rally_7a66d48d_OkgfzHQg (6624fad6-2d41-4181-980a-f5599212c468)
2019-06-13 11:21:26.471 18993 RALLYDEBUG rally_openstack.cleanup.manager [-] Deleting neutron.network object s_rally_7a66d48d_5722XIZp (70a7ae97-3f00-42b2-a055-334863712f3e)
2019-06-13 11:21:26.473 18993 RALLYDEBUG rally_openstack.cleanup.manager [-] Deleting neutron.network object s_rally_7a66d48d_lN6WICRd (696db3f5-476d-4102-bd2b-489d7275d79a)
2019-06-13 11:21:26.476 18993 RALLYDEBUG rally_openstack.cleanup.manager [-] Deleting neutron.network object s_rally_7a66d48d_katLqEVF (7460b33a-59c7-4f7d-8ad9-e88e8d4efd4d)
2019-06-13 11:21:29.773 18993 RALLYDEBUG rally_openstack.cleanup.manager [-] Deleting neutron.network object s_rally_7a66d48d_oq5WOuQc (75653181-6dd9-44b9-ab70-5196e2fa7e09)
2019-06-13 11:21:29.884 18993 RALLYDEBUG rally_openstack.cleanup.manager [-] Deleting neutron.network object s_rally_7a66d48d_R22uw5Fr (77cb8e81-1dc4-4ed6-bf88-4505b0060bd0)
2019-06-13 11:21:29.940 18993 RALLYDEBUG rally_openstack.cleanup.manager [-] Deleting neutron.network object s_rally_7a66d48d_RwpM7rXG (790cffd0-f211-41d6-b577-c1982969467c)
2019-06-13 11:21:30.037 18993 RALLYDEBUG rally_openstack.cleanup.manager [-] Deleting neutron.network object s_rally_7a66d48d_9516Z3Vk (837230b3-869a-48d8-b15f-2ac50c7fd305)
2019-06-13 11:21:30.114 18993 RALLYDEBUG rally_openstack.cleanup.manager [-] Deleting neutron.network object s_rally_7a66d48d_8BQuvHry (89e81e74-9bff-4822-837d-5069e7cd4401)
2019-06-13 11:21:30.327 18993 RALLYDEBUG rally_openstack.cleanup.manager [-] Deleting neutron.network object s_rally_7a66d48d_kUt5PkvF (a683b5bf-e43b-44d6-b865-e9680d461d7d)
2019-06-13 11:21:30.330 18993 RALLYDEBUG rally_openstack.cleanup.manager [-] Deleting neutron.network object s_rally_7a66d48d_EL3Vv0hr (9bb143d1-1281-4a78-9ddc-2e4c5c2a057b)
2019-06-13 11:21:30.402 18993 RALLYDEBUG rally_openstack.cleanup.manager [-] Deleting neutron.network object s_rally_7a66d48d_rcCnzsib (a808376a-1cf3-42d6-a718-49d0a80f4fd3)
2019-06-13 11:21:30.915 18993 RALLYDEBUG rally_openstack.cleanup.manager [-] Deleting neutron.network object s_rally_7a66d48d_ikluV4h1 (b02e17f7-291c-47be-a132-a9f127a8b20c)
2019-06-13 11:21:31.138 18993 RALLYDEBUG rally_openstack.cleanup.manager [-] Deleting neutron.network object s_rally_7a66d48d_ykVM4d9x (b2173961-a551-450a-82fa-5c82b0812856)
2019-06-13 11:21:31.228 18993 RALLYDEBUG rally_openstack.cleanup.manager [-] Deleting neutron.network object s_rally_7a66d48d_q2S3bkbn (b89485b0-2e09-41a4-a398-2f95b1ffb843)
2019-06-13 11:21:31.229 18993 RALLYDEBUG rally_openstack.cleanup.manager [-] Deleting neutron.network object s_rally_7a66d48d_P3yAUwup (b75e48d9-9a6d-475c-8ce3-7bb914a21321)
2019-06-13 11:21:31.401 18993 RALLYDEBUG rally_openstack.cleanup.manager [-] Deleting neutron.network object s_rally_7a66d48d_oOJNz4GV (c5dddbc8-80bf-4bc4-9d83-1f74233f6e4b)
2019-06-13 11:21:31.405 18993 RALLYDEBUG rally_openstack.cleanup.manager [-] Deleting neutron.network object s_rally_7a66d48d_WSMOdXbH (cb2d3873-558a-4d33-ab92-18af6b092990)
2019-06-13 11:21:31.559 18993 RALLYDEBUG rally_openstack.cleanup.manager [-] Deleting neutron.network object s_rally_7a66d48d_w8BrAtva (d59240a6-83cc-4575-9815-6bdfdcc4ec39)
2019-06-13 11:21:31.597 18993 RALLYDEBUG rally_openstack.cleanup.manager [-] Deleting neutron.network object s_rally_7a66d48d_aoRTL6jw (d809e23b-fe0d-4068-9aa0-4bb408e1b0ee)
2019-06-13 11:21:32.968 18993 RALLYDEBUG rally_openstack.cleanup.manager [-] Deleting neutron.network object s_rally_7a66d48d_24aOJuan (dd8d26d0-a48f-4c06-a025-f93f4ac2e2ce)
2019-06-13 11:21:33.145 18993 RALLYDEBUG rally_openstack.cleanup.manager [-] Deleting neutron.network object s_rally_7a66d48d_DuD9CN9f (e2733e5e-1d68-420a-8d54-9f45d655b5de)
2019-06-13 11:21:33.219 18993 RALLYDEBUG rally_openstack.cleanup.manager [-] Deleting neutron.network object s_rally_7a66d48d_bGdBvO9R (eab707bb-d471-4913-a82f-665989984dd2)
2019-06-13 11:21:33.261 18993 RALLYDEBUG rally_openstack.cleanup.manager [-] Deleting neutron.network object s_rally_7a66d48d_QmMB6WI3 (fa561a62-006b-4f2f-802a-df84b3e6e082)
2019-06-13 11:21:37.409 18993 RALLYDEBUG rally_openstack.cleanup.manager [-] Cleaning up neutron router objects
2019-06-13 11:21:38.181 18993 RALLYDEBUG rally_openstack.cleanup.manager [-] Cleaning up neutron security_group objects
2019-06-13 11:21:38.963 18993 INFO rally.task.context [-] Task 1836ec61-b174-4e37-a43f-35046998c7a2 | Context cleanup@openstack cleanup() finished in 19.35 sec
2019-06-13 11:21:38.963 18993 INFO rally.task.context [-] Task 1836ec61-b174-4e37-a43f-35046998c7a2 | Context quotas@openstack cleanup() started
2019-06-13 11:21:39.293 18993 INFO rally.task.context [-] Task 1836ec61-b174-4e37-a43f-35046998c7a2 | Context quotas@openstack cleanup() finished in 0.33 sec
2019-06-13 11:21:39.294 18993 INFO rally.task.context [-] Task 1836ec61-b174-4e37-a43f-35046998c7a2 | Context users@openstack cleanup() started
2019-06-13 11:21:44.439 18993 INFO rally.task.context [-] Task 1836ec61-b174-4e37-a43f-35046998c7a2 | Context users@openstack cleanup() finished in 5.15 sec
2019-06-13 11:21:45.207 18993 INFO rally.task.engine [-] Load duration is: 31.010041
2019-06-13 11:21:45.208 18993 INFO rally.task.engine [-] Full runner duration is: 31.051694
2019-06-13 11:21:45.208 18993 INFO rally.task.engine [-] Full duration is: 61.558356
2019-06-13 11:21:45.485 18993 INFO rally.task.engine [-] Running workload: position = 0 config = { "version": 2, "title": "A cropped version of a bigger task.", "description": "Auto-generated task from a single workload (uuid=648abb8d-2be5-46a7-89ca-87a0fb48e6c6)", "subtasks": [ { "title": "NeutronNetworks.create_and_list_routers", "description": "Create and a given number of routers and list all routers.", "scenario": { "NeutronNetworks.create_and_list_routers": { "network_create_args": null, "subnet_create_args": null, "subnet_cidr_start": "1.1.0.0/30", "subnets_per_network": 2, "router_create_args": null } }, "contexts": { "users": { "tenants": 1, "users_per_tenant": 1 }, "quotas": { "neutron": { "network": -1, "subnet": -1, "router": -1 } } }, "runner": { "constant": { "times": 40, "concurrency": 20 } }, "hooks": [], "sla": { "failure_rate": { "max": 0 } } } ] }
2019-06-13 11:21:45.507 18993 RALLYDEBUG rally_openstack.contexts.keystone.users [-] Creating 1 tenants using 20 threads
2019-06-13 11:21:47.398 18993 RALLYDEBUG rally_openstack.contexts.keystone.users [-] Creating 1 users using 20 threads
2019-06-13 11:21:50.019 18993 INFO rally.task.context [-] Task 1836ec61-b174-4e37-a43f-35046998c7a2 | Context users@openstack setup() finished in 4.51 sec
2019-06-13 11:21:50.825 18993 INFO rally.task.context [-] Task 1836ec61-b174-4e37-a43f-35046998c7a2 | Context quotas@openstack setup() finished in 0.81 sec
2019-06-13 11:21:50.825 18993 INFO rally.task.context [-] Task 1836ec61-b174-4e37-a43f-35046998c7a2 | Context cleanup@openstack setup() finished in 0.01 msec
2019-06-13 11:21:50.833 18993 RALLYDEBUG rally.task.runner [-] Starting the constant runner (task UUID: 1836ec61-b174-4e37-a43f-35046998c7a2). timeout: 0 concurrency: 20 concurrency_per_worker: 1 times: 40 concurrency_overhead: 4 processes_to_start: 16 max_cpu_used: 16
2019-06-13 11:21:50.845 21457 RALLYDEBUG rally.task.runner [-] Starting a worker. concurrency: 2 args: {"network_create_args": null, "subnet_create_args": null, "subnet_cidr_start": "1.1.0.0/30", "subnets_per_network": 2, "router_create_args": null} times: 40 method_name: run timeout: 0 duration: None cls:
2019-06-13 11:21:50.848 21458 RALLYDEBUG rally.task.runner [-] Starting a worker. concurrency: 2 args: {"network_create_args": null, "subnet_create_args": null, "subnet_cidr_start": "1.1.0.0/30", "subnets_per_network": 2, "router_create_args": null} times: 40 method_name: run timeout: 0 duration: None cls:
2019-06-13 11:21:50.850 21457 INFO rally.task.runner [-] Task 1836ec61-b174-4e37-a43f-35046998c7a2 | ITER: 1 START
2019-06-13 11:21:50.851 21459 RALLYDEBUG rally.task.runner [-] Starting a worker. concurrency: 2 args: {"network_create_args": null, "subnet_create_args": null, "subnet_cidr_start": "1.1.0.0/30", "subnets_per_network": 2, "router_create_args": null} times: 40 method_name: run timeout: 0 duration: None cls:
2019-06-13 11:21:50.853 21460 RALLYDEBUG rally.task.runner [-] Starting a worker. concurrency: 2 args: {"network_create_args": null, "subnet_create_args": null, "subnet_cidr_start": "1.1.0.0/30", "subnets_per_network": 2, "router_create_args": null} times: 40 method_name: run timeout: 0 duration: None cls:
2019-06-13 11:21:50.857 21458 INFO rally.task.runner [-] Task 1836ec61-b174-4e37-a43f-35046998c7a2 | ITER: 3 START
2019-06-13 11:21:50.856 21463 RALLYDEBUG rally.task.runner [-] Starting a worker. concurrency: 1 args: {"network_create_args": null, "subnet_create_args": null, "subnet_cidr_start": "1.1.0.0/30", "subnets_per_network": 2, "router_create_args": null} times: 40 method_name: run timeout: 0 duration: None cls:
2019-06-13 11:21:50.858 21459 INFO rally.task.runner [-] Task 1836ec61-b174-4e37-a43f-35046998c7a2 | ITER: 4 START
2019-06-13 11:21:50.860 21463 INFO rally.task.runner [-] Task 1836ec61-b174-4e37-a43f-35046998c7a2 | ITER: 9 START
2019-06-13 11:21:50.860 21460 INFO rally.task.runner [-] Task 1836ec61-b174-4e37-a43f-35046998c7a2 | ITER: 6 START
2019-06-13 11:21:50.863 21457 INFO rally.task.runner [-] Task 1836ec61-b174-4e37-a43f-35046998c7a2 | ITER: 2 START
2019-06-13 11:21:50.863 21466 RALLYDEBUG rally.task.runner [-] Starting a worker. concurrency: 1 args: {"network_create_args": null, "subnet_create_args": null, "subnet_cidr_start": "1.1.0.0/30", "subnets_per_network": 2, "router_create_args": null} times: 40 method_name: run timeout: 0 duration: None cls:
2019-06-13 11:21:50.866 21474 RALLYDEBUG rally.task.runner [-] Starting a worker. concurrency: 1 args: {"network_create_args": null, "subnet_create_args": null, "subnet_cidr_start": "1.1.0.0/30", "subnets_per_network": 2, "router_create_args": null} times: 40 method_name: run timeout: 0 duration: None cls:
2019-06-13 11:21:50.868 21458 INFO rally.task.runner [-] Task 1836ec61-b174-4e37-a43f-35046998c7a2 | ITER: 5 START
2019-06-13 11:21:50.867 21459 INFO rally.task.runner [-] Task 1836ec61-b174-4e37-a43f-35046998c7a2 | ITER: 7 START
2019-06-13 11:21:50.869 21478 RALLYDEBUG rally.task.runner [-] Starting a worker. concurrency: 1 args: {"network_create_args": null, "subnet_create_args": null, "subnet_cidr_start": "1.1.0.0/30", "subnets_per_network": 2, "router_create_args": null} times: 40 method_name: run timeout: 0 duration: None cls:
2019-06-13 11:21:50.869 21466 INFO rally.task.runner [-] Task 1836ec61-b174-4e37-a43f-35046998c7a2 | ITER: 10 START
2019-06-13 11:21:50.860 21460 INFO rally.task.runner [-] Task 1836ec61-b174-4e37-a43f-35046998c7a2 | ITER: 8 START
2019-06-13 11:21:50.872 21474 INFO rally.task.runner [-] Task 1836ec61-b174-4e37-a43f-35046998c7a2 | ITER: 11 START
2019-06-13 11:21:50.872 21478 INFO rally.task.runner [-] Task 1836ec61-b174-4e37-a43f-35046998c7a2 | ITER: 12 START
2019-06-13 11:21:50.877 21480 RALLYDEBUG rally.task.runner [-] Starting a worker. concurrency: 1 args: {"network_create_args": null, "subnet_create_args": null, "subnet_cidr_start": "1.1.0.0/30", "subnets_per_network": 2, "router_create_args": null} times: 40 method_name: run timeout: 0 duration: None cls:
2019-06-13 11:21:50.879 21486 RALLYDEBUG rally.task.runner [-] Starting a worker. concurrency: 1 args: {"network_create_args": null, "subnet_create_args": null, "subnet_cidr_start": "1.1.0.0/30", "subnets_per_network": 2, "router_create_args": null} times: 40 method_name: run timeout: 0 duration: None cls:
2019-06-13 11:21:50.882 21486 INFO rally.task.runner [-] Task 1836ec61-b174-4e37-a43f-35046998c7a2 | ITER: 14 START
2019-06-13 11:21:50.883 21480 INFO rally.task.runner [-] Task 1836ec61-b174-4e37-a43f-35046998c7a2 | ITER: 13 START
2019-06-13 11:21:50.892 21491 RALLYDEBUG rally.task.runner [-] Starting a worker. concurrency: 1 args: {"network_create_args": null, "subnet_create_args": null, "subnet_cidr_start": "1.1.0.0/30", "subnets_per_network": 2, "router_create_args": null} times: 40 method_name: run timeout: 0 duration: None cls:
2019-06-13 11:21:50.896 21492 RALLYDEBUG rally.task.runner [-] Starting a worker. concurrency: 1 args: {"network_create_args": null, "subnet_create_args": null, "subnet_cidr_start": "1.1.0.0/30", "subnets_per_network": 2, "router_create_args": null} times: 40 method_name: run timeout: 0 duration: None cls:
2019-06-13 11:21:50.897 21491 INFO rally.task.runner [-] Task 1836ec61-b174-4e37-a43f-35046998c7a2 | ITER: 15 START
2019-06-13 11:21:50.900 21492 INFO rally.task.runner [-] Task 1836ec61-b174-4e37-a43f-35046998c7a2 | ITER: 16 START
2019-06-13 11:21:50.902 21495 RALLYDEBUG rally.task.runner [-] Starting a worker. concurrency: 1 args: {"network_create_args": null, "subnet_create_args": null, "subnet_cidr_start": "1.1.0.0/30", "subnets_per_network": 2, "router_create_args": null} times: 40 method_name: run timeout: 0 duration: None cls:
2019-06-13 11:21:50.906 21495 INFO rally.task.runner [-] Task 1836ec61-b174-4e37-a43f-35046998c7a2 | ITER: 17 START
2019-06-13 11:21:50.907 21498 RALLYDEBUG rally.task.runner [-] Starting a worker. concurrency: 1 args: {"network_create_args": null, "subnet_create_args": null, "subnet_cidr_start": "1.1.0.0/30", "subnets_per_network": 2, "router_create_args": null} times: 40 method_name: run timeout: 0 duration: None cls:
2019-06-13 11:21:50.912 21498 INFO rally.task.runner [-] Task 1836ec61-b174-4e37-a43f-35046998c7a2 | ITER: 18 START
2019-06-13 11:21:50.914 21501 RALLYDEBUG rally.task.runner [-] Starting a worker. concurrency: 1 args: {"network_create_args": null, "subnet_create_args": null, "subnet_cidr_start": "1.1.0.0/30", "subnets_per_network": 2, "router_create_args": null} times: 40 method_name: run timeout: 0 duration: None cls:
2019-06-13 11:21:50.919 21501 INFO rally.task.runner [-] Task 1836ec61-b174-4e37-a43f-35046998c7a2 | ITER: 19 START
2019-06-13 11:21:50.920 21504 RALLYDEBUG rally.task.runner [-] Starting a worker. concurrency: 1 args: {"network_create_args": null, "subnet_create_args": null, "subnet_cidr_start": "1.1.0.0/30", "subnets_per_network": 2, "router_create_args": null} times: 40 method_name: run timeout: 0 duration: None cls:
2019-06-13 11:21:50.925 21504 INFO rally.task.runner [-] Task 1836ec61-b174-4e37-a43f-35046998c7a2 | ITER: 20 START
2019-06-13 11:21:53.481 21459 RALLYDEBUG rally_openstack.wrappers.network [-] CIDR generated: 1.1.5.160/30
2019-06-13 11:21:53.583 21486 RALLYDEBUG rally_openstack.wrappers.network [-] CIDR generated: 1.1.5.164/30
2019-06-13 11:21:53.679 21478 RALLYDEBUG rally_openstack.wrappers.network [-] CIDR generated: 1.1.5.168/30
2019-06-13 11:21:53.792 21463 RALLYDEBUG rally_openstack.wrappers.network [-] CIDR generated: 1.1.5.172/30
2019-06-13 11:21:53.804 21492 RALLYDEBUG rally_openstack.wrappers.network [-] CIDR generated: 1.1.5.176/30
2019-06-13 11:21:53.906 21498 RALLYDEBUG rally_openstack.wrappers.network [-] CIDR generated: 1.1.5.180/30
2019-06-13 11:21:54.044 21457 RALLYDEBUG rally_openstack.wrappers.network [-] CIDR generated: 1.1.5.184/30
2019-06-13 11:21:54.663 21504 RALLYDEBUG rally_openstack.wrappers.network [-] CIDR generated: 1.1.5.188/30
2019-06-13 11:21:54.678 21495 RALLYDEBUG rally_openstack.wrappers.network [-] CIDR generated: 1.1.5.192/30
2019-06-13 11:21:54.768 21460 RALLYDEBUG rally_openstack.wrappers.network [-] CIDR generated: 1.1.5.196/30
2019-06-13 11:21:54.999 21480 RALLYDEBUG rally_openstack.wrappers.network [-] CIDR generated: 1.1.5.200/30
2019-06-13 11:21:55.016 21458 RALLYDEBUG rally_openstack.wrappers.network [-] CIDR generated: 1.1.5.204/30
2019-06-13 11:21:55.483 21460 RALLYDEBUG rally_openstack.wrappers.network [-] CIDR generated: 1.1.5.208/30
2019-06-13 11:21:55.645 21501 RALLYDEBUG rally_openstack.wrappers.network [-] CIDR generated: 1.1.5.212/30
2019-06-13 11:21:55.749 21459 RALLYDEBUG rally_openstack.wrappers.network [-] CIDR generated: 1.1.5.216/30
2019-06-13 11:21:55.821 21478 RALLYDEBUG rally_openstack.wrappers.network [-] CIDR generated: 1.1.5.220/30
2019-06-13 11:21:56.193 21498 RALLYDEBUG rally_openstack.wrappers.network [-] CIDR generated: 1.1.5.224/30
2019-06-13 11:21:56.234 21466 RALLYDEBUG rally_openstack.wrappers.network [-] CIDR generated: 1.1.5.228/30
2019-06-13 11:21:56.240 21463 RALLYDEBUG rally_openstack.wrappers.network [-] CIDR generated: 1.1.5.232/30
2019-06-13 11:21:56.363 21457 RALLYDEBUG rally_openstack.wrappers.network [-] CIDR generated: 1.1.5.236/30
2019-06-13 11:21:56.456 21486 RALLYDEBUG rally_openstack.wrappers.network [-] CIDR generated: 1.1.5.240/30
2019-06-13 11:21:56.607 21492 RALLYDEBUG rally_openstack.wrappers.network [-] CIDR generated: 1.1.5.244/30
2019-06-13 11:21:56.653 21495 RALLYDEBUG rally_openstack.wrappers.network [-] CIDR generated: 1.1.5.248/30
2019-06-13 11:21:57.143 21458 RALLYDEBUG rally_openstack.wrappers.network [-] CIDR generated: 1.1.5.252/30
2019-06-13 11:21:57.387 21504 RALLYDEBUG rally_openstack.wrappers.network [-] CIDR generated: 1.1.6.0/30
2019-06-13 11:21:57.630 21459 RALLYDEBUG rally_openstack.wrappers.network [-] CIDR generated: 1.1.6.4/30
2019-06-13 11:21:57.630 21480 RALLYDEBUG rally_openstack.wrappers.network [-] CIDR generated: 1.1.6.8/30
2019-06-13 11:21:57.631 21491 RALLYDEBUG rally_openstack.wrappers.network [-] CIDR generated: 1.1.6.12/30
2019-06-13 11:21:57.729 21474 RALLYDEBUG rally_openstack.wrappers.network [-] CIDR generated: 1.1.6.16/30
2019-06-13 11:21:57.771 21457 RALLYDEBUG rally_openstack.wrappers.network [-] CIDR generated: 1.1.6.20/30
2019-06-13 11:21:57.831 21460 RALLYDEBUG rally_openstack.wrappers.network [-] CIDR generated: 1.1.6.24/30
2019-06-13 11:21:58.061 21460 RALLYDEBUG rally_openstack.wrappers.network [-] CIDR generated: 1.1.6.28/30
2019-06-13 11:21:58.313 21501 RALLYDEBUG rally_openstack.wrappers.network [-] CIDR generated: 1.1.6.32/30
2019-06-13 11:21:58.871 21458 RALLYDEBUG rally_openstack.wrappers.network [-] CIDR generated: 1.1.6.36/30
2019-06-13 11:21:59.627 21466 RALLYDEBUG rally_openstack.wrappers.network [-] CIDR generated: 1.1.6.40/30
2019-06-13 11:21:59.672 21458 RALLYDEBUG rally_openstack.wrappers.network [-] CIDR generated: 1.1.6.44/30
2019-06-13 11:21:59.995 21491 RALLYDEBUG rally_openstack.wrappers.network [-] CIDR generated: 1.1.6.48/30
2019-06-13 11:22:00.163 21457 RALLYDEBUG rally_openstack.wrappers.network [-] CIDR generated: 1.1.6.52/30
2019-06-13 11:22:01.462 21459 RALLYDEBUG rally_openstack.wrappers.network [-] CIDR generated: 1.1.6.56/30
2019-06-13 11:22:01.599 21474 RALLYDEBUG rally_openstack.wrappers.network [-] CIDR generated: 1.1.6.60/30
2019-06-13 11:22:07.473 21459 INFO rally.task.runner [-] Task 1836ec61-b174-4e37-a43f-35046998c7a2 | ITER: 4 END: OK
2019-06-13 11:22:07.476 21459 INFO rally.task.runner [-] Task 1836ec61-b174-4e37-a43f-35046998c7a2 | ITER: 21 START
2019-06-13 11:22:09.410 21486 INFO rally.task.runner [-] Task 1836ec61-b174-4e37-a43f-35046998c7a2 | ITER: 14 END: OK
2019-06-13 11:22:09.414 21486 INFO rally.task.runner [-] Task 1836ec61-b174-4e37-a43f-35046998c7a2 | ITER: 22 START
2019-06-13 11:22:09.421 21459 RALLYDEBUG rally_openstack.wrappers.network [-] CIDR generated: 1.1.6.64/30
2019-06-13 11:22:09.709 21457 INFO rally.task.runner [-] Task 1836ec61-b174-4e37-a43f-35046998c7a2 | ITER: 2 END: OK
2019-06-13 11:22:09.714 21457 INFO rally.task.runner [-] Task 1836ec61-b174-4e37-a43f-35046998c7a2 | ITER: 23 START
2019-06-13 11:22:09.878 21478 INFO rally.task.runner [-] Task 1836ec61-b174-4e37-a43f-35046998c7a2 | ITER: 12 END: OK
2019-06-13 11:22:09.881 21478 INFO rally.task.runner [-] Task 1836ec61-b174-4e37-a43f-35046998c7a2 | ITER: 24 START
2019-06-13 11:22:10.310 21492 INFO rally.task.runner [-] Task 1836ec61-b174-4e37-a43f-35046998c7a2 | ITER: 16 END: OK
2019-06-13 11:22:10.315 21492 INFO rally.task.runner [-] Task 1836ec61-b174-4e37-a43f-35046998c7a2 | ITER: 25 START
