2019-06-13 11:14:21.573 18984 RALLYDEBUG rally.api [-] INFO logs from urllib3 and requests module are hide.
2019-06-13 11:14:21.573 18984 RALLYDEBUG rally.api [-] urllib3 insecure warnings are hidden.
2019-06-13 11:14:21.573 18984 RALLYDEBUG rally.api [-] ERROR log from boto module is hide.
2019-06-13 11:14:23.851 18986 RALLYDEBUG rally.api [-] INFO logs from urllib3 and requests module are hide.
2019-06-13 11:14:23.851 18986 RALLYDEBUG rally.api [-] urllib3 insecure warnings are hidden.
2019-06-13 11:14:23.852 18986 RALLYDEBUG rally.api [-] ERROR log from boto module is hide.
2019-06-13 11:14:25.139 18986 WARNING rally_openstack.platforms.existing [-] endpoint is deprecated and not used.
2019-06-13 11:14:26.152 18988 RALLYDEBUG rally.api [-] INFO logs from urllib3 and requests module are hide.
2019-06-13 11:14:26.153 18988 RALLYDEBUG rally.api [-] urllib3 insecure warnings are hidden.
2019-06-13 11:14:26.153 18988 RALLYDEBUG rally.api [-] ERROR log from boto module is hide.
2019-06-13 11:14:29.426 18991 RALLYDEBUG rally.api [-] INFO logs from urllib3 and requests module are hide.
2019-06-13 11:14:29.426 18991 RALLYDEBUG rally.api [-] urllib3 insecure warnings are hidden.
2019-06-13 11:14:29.426 18991 RALLYDEBUG rally.api [-] ERROR log from boto module is hide.
2019-06-13 11:14:31.431 18993 RALLYDEBUG rally.api [-] INFO logs from urllib3 and requests module are hide.
2019-06-13 11:14:31.431 18993 RALLYDEBUG rally.api [-] urllib3 insecure warnings are hidden.
2019-06-13 11:14:31.431 18993 RALLYDEBUG rally.api [-] ERROR log from boto module is hide.
2019-06-13 11:14:32.571 18993 INFO rally.common.plugin.discover [-] Loading plugins from directories /root/.rally/plugins/*
2019-06-13 11:14:32.572 18993 INFO rally.common.plugin.discover [-] Loaded module with plugins: /root/.rally/plugins/__init__.py
2019-06-13 11:14:32.574 18993 INFO rally.common.plugin.discover [-] Loaded module with plugins: /root/.rally/plugins/trunk_scenario.py
2019-06-13 11:14:32.765 18993 INFO rally.task.engine [-] Task 1836ec61-b174-4e37-a43f-35046998c7a2 | Starting: Task validation.
2019-06-13 11:14:32.800 18993 INFO rally.task.engine [-] Task 1836ec61-b174-4e37-a43f-35046998c7a2 | Starting: Task validation of syntax.
2019-06-13 11:14:32.980 18993 INFO rally.task.engine [-] Task 1836ec61-b174-4e37-a43f-35046998c7a2 | Completed: Task validation of syntax.
2019-06-13 11:14:32.980 18993 INFO rally.task.engine [-] Task 1836ec61-b174-4e37-a43f-35046998c7a2 | Starting: Task validation of required platforms.
2019-06-13 11:14:33.038 18993 INFO rally.task.engine [-] Task 1836ec61-b174-4e37-a43f-35046998c7a2 | Completed: Task validation of required platforms.
2019-06-13 11:14:33.038 18993 INFO rally.task.engine [-] Task 1836ec61-b174-4e37-a43f-35046998c7a2 | Starting: Task validation of semantic.
2019-06-13 11:14:33.038 18993 INFO rally.task.engine [-] Check health of the environment 'f921a0a0-847c-49be-a259-a0066a8ce219'.
2019-06-13 11:14:33.852 18993 INFO rally.task.engine [-] Platform existing@openstack (available: True): OK!
2019-06-13 11:14:33.861 18993 RALLYDEBUG rally_openstack.contexts.keystone.users [-] Creating 1 tenants using 20 threads
2019-06-13 11:14:35.662 18993 RALLYDEBUG rally_openstack.contexts.keystone.users [-] Creating 1 users using 20 threads
2019-06-13 11:14:38.648 18993 INFO rally.task.context [-] Task 1836ec61-b174-4e37-a43f-35046998c7a2 | Context users@openstack setup() finished in 4.79 sec
2019-06-13 11:14:44.892 18993 INFO rally.task.context [-] Task 1836ec61-b174-4e37-a43f-35046998c7a2 | Context users@openstack cleanup() started
2019-06-13 11:14:50.253 18993 INFO rally.task.context [-] Task 1836ec61-b174-4e37-a43f-35046998c7a2 | Context users@openstack cleanup() finished in 5.36 sec
2019-06-13 11:14:50.254 18993 INFO rally.task.engine [-] Task 1836ec61-b174-4e37-a43f-35046998c7a2 | Completed: Task validation of semantic.
2019-06-13 11:14:50.254 18993 INFO rally.task.engine [-] Task 1836ec61-b174-4e37-a43f-35046998c7a2 | Completed: Task validation.
2019-06-13 11:14:50.254 18993 INFO rally.api [-] Task 1836ec61-b174-4e37-a43f-35046998c7a2 input file is valid.
2019-06-13 11:14:50.254 18993 INFO rally.api [-] Run Task 1836ec61-b174-4e37-a43f-35046998c7a2 against Deployment f921a0a0-847c-49be-a259-a0066a8ce219
2019-06-13 11:14:50.255 18993 INFO rally.task.engine [-] Task 1836ec61-b174-4e37-a43f-35046998c7a2 | Starting: Running task.
2019-06-13 11:14:50.376 18993 INFO rally.task.engine [-] Running workload: position = 0 config = { "version": 2, "title": "A cropped version of a bigger task.", "description": "Auto-generated task from a single workload (uuid=5bc904f9-bbdc-4744-9877-1d1b913bdbe3)", "subtasks": [ { "title": "NeutronNetworks.create_and_list_networks", "description": "Check performance of list_networks action and ensure > network quotas are not exceeded", "scenario": { "NeutronNetworks.create_and_list_networks": {} }, "contexts": { "users": { "tenants": 1, "users_per_tenant": 1 }, "quotas": { "neutron": { "network": 119 } } }, "runner": { "constant": { "times": 100, "concurrency": 20 } }, "hooks": [], "sla": { "max_avg_duration_per_atomic": { "neutron.list_networks": 15 }, "failure_rate": { "max": 0 } } } ] }
2019-06-13 11:14:50.397 18993 RALLYDEBUG rally_openstack.contexts.keystone.users [-] Creating 1 tenants using 20 threads
2019-06-13 11:14:52.398 18993 RALLYDEBUG rally_openstack.contexts.keystone.users [-] Creating 1 users using 20 threads
2019-06-13 11:14:55.216 18993 INFO rally.task.context [-] Task 1836ec61-b174-4e37-a43f-35046998c7a2 | Context users@openstack setup() finished in 4.82 sec
2019-06-13 11:14:56.022 18993 INFO rally.task.context [-] Task 1836ec61-b174-4e37-a43f-35046998c7a2 | Context quotas@openstack setup() finished in 0.81 sec
2019-06-13 11:14:56.023 18993 INFO rally.task.context [-] Task 1836ec61-b174-4e37-a43f-35046998c7a2 | Context cleanup@openstack setup() finished in 0.01 msec
2019-06-13 11:14:56.030 18993 RALLYDEBUG rally.task.runner [-] Starting the constant runner (task UUID: 1836ec61-b174-4e37-a43f-35046998c7a2). timeout: 0 concurrency: 20 concurrency_per_worker: 1 times: 100 concurrency_overhead: 4 processes_to_start: 16 max_cpu_used: 16
2019-06-13 11:14:56.043 19117 RALLYDEBUG rally.task.runner [-] Starting a worker. concurrency: 2 args: {} times: 100 method_name: run timeout: 0 duration: None cls:
2019-06-13 11:14:56.046 19118 RALLYDEBUG rally.task.runner [-] Starting a worker. concurrency: 2 args: {} times: 100 method_name: run timeout: 0 duration: None cls:
2019-06-13 11:14:56.048 19119 RALLYDEBUG rally.task.runner [-] Starting a worker. concurrency: 2 args: {} times: 100 method_name: run timeout: 0 duration: None cls:
2019-06-13 11:14:56.050 19120 RALLYDEBUG rally.task.runner [-] Starting a worker. concurrency: 2 args: {} times: 100 method_name: run timeout: 0 duration: None cls:
2019-06-13 11:14:56.052 19117 INFO rally.task.runner [-] Task 1836ec61-b174-4e37-a43f-35046998c7a2 | ITER: 1 START
2019-06-13 11:14:56.054 19122 RALLYDEBUG rally.task.runner [-] Starting a worker. concurrency: 1 args: {} times: 100 method_name: run timeout: 0 duration: None cls:
2019-06-13 11:14:56.053 19119 INFO rally.task.runner [-] Task 1836ec61-b174-4e37-a43f-35046998c7a2 | ITER: 4 START
2019-06-13 11:14:56.055 19118 INFO rally.task.runner [-] Task 1836ec61-b174-4e37-a43f-35046998c7a2 | ITER: 3 START
2019-06-13 11:14:56.058 19127 RALLYDEBUG rally.task.runner [-] Starting a worker. concurrency: 1 args: {} times: 100 method_name: run timeout: 0 duration: None cls:
2019-06-13 11:14:56.060 19122 INFO rally.task.runner [-] Task 1836ec61-b174-4e37-a43f-35046998c7a2 | ITER: 8 START
2019-06-13 11:14:56.061 19117 INFO rally.task.runner [-] Task 1836ec61-b174-4e37-a43f-35046998c7a2 | ITER: 2 START
2019-06-13 11:14:56.062 19130 RALLYDEBUG rally.task.runner [-] Starting a worker. concurrency: 1 args: {} times: 100 method_name: run timeout: 0 duration: None cls:
2019-06-13 11:14:56.063 19120 INFO rally.task.runner [-] Task 1836ec61-b174-4e37-a43f-35046998c7a2 | ITER: 7 START
2019-06-13 11:14:56.064 19127 INFO rally.task.runner [-] Task 1836ec61-b174-4e37-a43f-35046998c7a2 | ITER: 10 START
2019-06-13 11:14:56.068 19118 INFO rally.task.runner [-] Task 1836ec61-b174-4e37-a43f-35046998c7a2 | ITER: 5 START
2019-06-13 11:14:56.068 19133 RALLYDEBUG rally.task.runner [-] Starting a worker. concurrency: 1 args: {} times: 100 method_name: run timeout: 0 duration: None cls:
2019-06-13 11:14:56.069 19119 INFO rally.task.runner [-] Task 1836ec61-b174-4e37-a43f-35046998c7a2 | ITER: 6 START
2019-06-13 11:14:56.067 19130 INFO rally.task.runner [-] Task 1836ec61-b174-4e37-a43f-35046998c7a2 | ITER: 11 START
2019-06-13 11:14:56.069 19137 RALLYDEBUG rally.task.runner [-] Starting a worker. concurrency: 1 args: {} times: 100 method_name: run timeout: 0 duration: None cls:
2019-06-13 11:14:56.071 19142 RALLYDEBUG rally.task.runner [-] Starting a worker. concurrency: 1 args: {} times: 100 method_name: run timeout: 0 duration: None cls:
2019-06-13 11:14:56.064 19120 INFO rally.task.runner [-] Task 1836ec61-b174-4e37-a43f-35046998c7a2 | ITER: 9 START
2019-06-13 11:14:56.076 19133 INFO rally.task.runner [-] Task 1836ec61-b174-4e37-a43f-35046998c7a2 | ITER: 12 START
2019-06-13 11:14:56.077 19137 INFO rally.task.runner [-] Task 1836ec61-b174-4e37-a43f-35046998c7a2 | ITER: 13 START
2019-06-13 11:14:56.078 19145 RALLYDEBUG rally.task.runner [-] Starting a worker. concurrency: 1 args: {} times: 100 method_name: run timeout: 0 duration: None cls:
2019-06-13 11:14:56.080 19142 INFO rally.task.runner [-] Task 1836ec61-b174-4e37-a43f-35046998c7a2 | ITER: 14 START
2019-06-13 11:14:56.087 19145 INFO rally.task.runner [-] Task 1836ec61-b174-4e37-a43f-35046998c7a2 | ITER: 15 START
2019-06-13 11:14:56.087 19152 RALLYDEBUG rally.task.runner [-] Starting a worker. concurrency: 1 args: {} times: 100 method_name: run timeout: 0 duration: None cls:
2019-06-13 11:14:56.094 19152 INFO rally.task.runner [-] Task 1836ec61-b174-4e37-a43f-35046998c7a2 | ITER: 16 START
2019-06-13 11:14:56.098 19156 RALLYDEBUG rally.task.runner [-] Starting a worker. concurrency: 1 args: {} times: 100 method_name: run timeout: 0 duration: None cls:
2019-06-13 11:14:56.105 19156 INFO rally.task.runner [-] Task 1836ec61-b174-4e37-a43f-35046998c7a2 | ITER: 17 START
2019-06-13 11:14:56.106 19158 RALLYDEBUG rally.task.runner [-] Starting a worker. concurrency: 1 args: {} times: 100 method_name: run timeout: 0 duration: None cls:
2019-06-13 11:14:56.109 19161 RALLYDEBUG rally.task.runner [-] Starting a worker. concurrency: 1 args: {} times: 100 method_name: run timeout: 0 duration: None cls:
2019-06-13 11:14:56.112 19158 INFO rally.task.runner [-] Task 1836ec61-b174-4e37-a43f-35046998c7a2 | ITER: 18 START
2019-06-13 11:14:56.112 19162 RALLYDEBUG rally.task.runner [-] Starting a worker. concurrency: 1 args: {} times: 100 method_name: run timeout: 0 duration: None cls:
2019-06-13 11:14:56.115 19161 INFO rally.task.runner [-] Task 1836ec61-b174-4e37-a43f-35046998c7a2 | ITER: 19 START
2019-06-13 11:14:56.117 19162 INFO rally.task.runner [-] Task 1836ec61-b174-4e37-a43f-35046998c7a2 | ITER: 20 START
2019-06-13 11:14:59.134 19119 INFO rally.task.runner [-] Task 1836ec61-b174-4e37-a43f-35046998c7a2 | ITER: 4 END: OK
2019-06-13 11:14:59.138 19119 INFO rally.task.runner [-] Task 1836ec61-b174-4e37-a43f-35046998c7a2 | ITER: 21 START
2019-06-13 11:14:59.170 19133 INFO rally.task.runner [-] Task 1836ec61-b174-4e37-a43f-35046998c7a2 | ITER: 12 END: OK
2019-06-13 11:14:59.174 19133 INFO rally.task.runner [-] Task 1836ec61-b174-4e37-a43f-35046998c7a2 | ITER: 22 START
2019-06-13 11:14:59.215 19127 INFO rally.task.runner [-] Task 1836ec61-b174-4e37-a43f-35046998c7a2 | ITER: 10 END: OK
2019-06-13 11:14:59.218 19127 INFO rally.task.runner [-] Task 1836ec61-b174-4e37-a43f-35046998c7a2 | ITER: 23 START
2019-06-13 11:14:59.332 19137 INFO rally.task.runner [-] Task 1836ec61-b174-4e37-a43f-35046998c7a2 | ITER: 13 END: OK
2019-06-13 11:14:59.335 19137 INFO rally.task.runner [-] Task 1836ec61-b174-4e37-a43f-35046998c7a2 | ITER: 24 START
2019-06-13 11:14:59.463 19118 INFO rally.task.runner [-] Task 1836ec61-b174-4e37-a43f-35046998c7a2 | ITER: 3 END: OK
2019-06-13 11:14:59.467 19118 INFO rally.task.runner [-] Task 1836ec61-b174-4e37-a43f-35046998c7a2 | ITER: 25 START
2019-06-13 11:14:59.494 19161 INFO rally.task.runner [-] Task 1836ec61-b174-4e37-a43f-35046998c7a2 | ITER: 19 END: OK
2019-06-13 11:14:59.497 19161 INFO rally.task.runner [-] Task 1836ec61-b174-4e37-a43f-35046998c7a2 | ITER: 26 START
2019-06-13 11:14:59.523 19122 INFO rally.task.runner [-] Task 1836ec61-b174-4e37-a43f-35046998c7a2 | ITER: 8 END: OK
2019-06-13 11:14:59.527 19122 INFO rally.task.runner [-] Task 1836ec61-b174-4e37-a43f-35046998c7a2 | ITER: 27 START
2019-06-13 11:15:00.122 19118 INFO rally.task.runner [-] Task 1836ec61-b174-4e37-a43f-35046998c7a2 | ITER: 5 END: OK
2019-06-13 11:15:00.125 19118 INFO rally.task.runner [-] Task 1836ec61-b174-4e37-a43f-35046998c7a2 | ITER: 28 START
2019-06-13 11:15:00.326 19119 INFO rally.task.runner [-] Task 1836ec61-b174-4e37-a43f-35046998c7a2 | ITER: 6 END: OK
2019-06-13 11:15:00.329 19119 INFO rally.task.runner [-] Task 1836ec61-b174-4e37-a43f-35046998c7a2 | ITER: 29 START
2019-06-13 11:15:00.343 19145 INFO rally.task.runner [-] Task 1836ec61-b174-4e37-a43f-35046998c7a2 | ITER: 15 END: OK
2019-06-13 11:15:00.347 19145 INFO rally.task.runner [-] Task 1836ec61-b174-4e37-a43f-35046998c7a2 | ITER: 30 START
2019-06-13 11:15:00.979 19120 INFO rally.task.runner [-] Task 1836ec61-b174-4e37-a43f-35046998c7a2 | ITER: 9 END: OK
2019-06-13 11:15:00.983 19120 INFO rally.task.runner [-] Task 1836ec61-b174-4e37-a43f-35046998c7a2 | ITER: 31 START
2019-06-13 11:15:01.041 19130 INFO rally.task.runner [-] Task 1836ec61-b174-4e37-a43f-35046998c7a2 | ITER: 11 END: OK
2019-06-13 11:15:01.045 19130 INFO rally.task.runner [-] Task 1836ec61-b174-4e37-a43f-35046998c7a2 | ITER: 32 START
2019-06-13 11:15:01.109 19156 INFO rally.task.runner [-] Task 1836ec61-b174-4e37-a43f-35046998c7a2 | ITER: 17 END: OK
2019-06-13 11:15:01.112 19156 INFO rally.task.runner [-] Task 1836ec61-b174-4e37-a43f-35046998c7a2 | ITER: 33 START
2019-06-13 11:15:01.136 19158 INFO rally.task.runner [-] Task 1836ec61-b174-4e37-a43f-35046998c7a2 | ITER: 18 END: OK
2019-06-13 11:15:01.139 19158 INFO rally.task.runner [-] Task 1836ec61-b174-4e37-a43f-35046998c7a2 | ITER: 34 START
2019-06-13 11:15:01.383 19152 INFO rally.task.runner [-] Task 1836ec61-b174-4e37-a43f-35046998c7a2 | ITER: 16 END: OK
2019-06-13 11:15:01.388 19152 INFO rally.task.runner [-] Task 1836ec61-b174-4e37-a43f-35046998c7a2 | ITER: 35 START
2019-06-13 11:15:01.413 19117 INFO rally.task.runner [-] Task 1836ec61-b174-4e37-a43f-35046998c7a2 | ITER: 2 END: OK
2019-06-13 11:15:01.416 19117 INFO rally.task.runner [-] Task 1836ec61-b174-4e37-a43f-35046998c7a2 | ITER: 36 START
2019-06-13 11:15:01.552 19117 INFO rally.task.runner [-] Task 1836ec61-b174-4e37-a43f-35046998c7a2 | ITER: 1 END: OK
2019-06-13 11:15:01.555 19117 INFO rally.task.runner [-] Task 1836ec61-b174-4e37-a43f-35046998c7a2 | ITER: 37 START
2019-06-13 11:15:01.576 19162 INFO rally.task.runner [-] Task 1836ec61-b174-4e37-a43f-35046998c7a2 | ITER: 20 END: OK
2019-06-13 11:15:01.579 19162 INFO rally.task.runner [-] Task 1836ec61-b174-4e37-a43f-35046998c7a2 | ITER: 38 START
2019-06-13 11:15:01.831 19161 INFO rally.task.runner [-] Task 1836ec61-b174-4e37-a43f-35046998c7a2 | ITER: 26 END: OK
2019-06-13 11:15:01.834 19161 INFO rally.task.runner [-] Task 1836ec61-b174-4e37-a43f-35046998c7a2 | ITER: 39 START
2019-06-13 11:15:01.879 19119 INFO rally.task.runner [-] Task 1836ec61-b174-4e37-a43f-35046998c7a2 | ITER: 21 END: OK
2019-06-13 11:15:01.882 19119 INFO rally.task.runner [-] Task 1836ec61-b174-4e37-a43f-35046998c7a2 | ITER: 40 START
2019-06-13 11:15:02.132 19127 INFO rally.task.runner [-] Task 1836ec61-b174-4e37-a43f-35046998c7a2 | ITER: 23 END: OK
2019-06-13 11:15:02.135 19127 INFO rally.task.runner [-] Task 1836ec61-b174-4e37-a43f-35046998c7a2 | ITER: 41 START
2019-06-13 11:15:02.373 19133 INFO rally.task.runner [-] Task 1836ec61-b174-4e37-a43f-35046998c7a2 | ITER: 22 END: OK
2019-06-13 11:15:02.375 19133 INFO rally.task.runner [-] Task 1836ec61-b174-4e37-a43f-35046998c7a2 | ITER: 42 START
2019-06-13 11:15:02.431 19142 INFO rally.task.runner [-] Task 1836ec61-b174-4e37-a43f-35046998c7a2 | ITER: 14 END: OK
2019-06-13 11:15:02.435 19142 INFO rally.task.runner [-] Task 1836ec61-b174-4e37-a43f-35046998c7a2 | ITER: 43 START
2019-06-13 11:15:02.665 19137 INFO rally.task.runner [-] Task 1836ec61-b174-4e37-a43f-35046998c7a2 | ITER: 24 END: OK
2019-06-13 11:15:02.668 19137 INFO rally.task.runner [-] Task 1836ec61-b174-4e37-a43f-35046998c7a2 | ITER: 44 START
2019-06-13 11:15:02.799 19120 INFO rally.task.runner [-] Task 1836ec61-b174-4e37-a43f-35046998c7a2 | ITER: 7 END: OK
2019-06-13 11:15:02.802 19120 INFO rally.task.runner [-] Task 1836ec61-b174-4e37-a43f-35046998c7a2 | ITER: 45 START
2019-06-13 11:15:03.142 19118 INFO rally.task.runner [-] Task 1836ec61-b174-4e37-a43f-35046998c7a2 | ITER: 25 END: OK
2019-06-13 11:15:03.145 19118 INFO rally.task.runner [-] Task 1836ec61-b174-4e37-a43f-35046998c7a2 | ITER: 46 START
2019-06-13 11:15:03.219 19118 INFO rally.task.runner [-] Task 1836ec61-b174-4e37-a43f-35046998c7a2 | ITER: 28 END: OK
2019-06-13 11:15:03.222 19118 INFO rally.task.runner [-] Task 1836ec61-b174-4e37-a43f-35046998c7a2 | ITER: 47 START
2019-06-13 11:15:03.565 19122 INFO rally.task.runner [-] Task 1836ec61-b174-4e37-a43f-35046998c7a2 | ITER: 27 END: OK
2019-06-13 11:15:03.568 19122 INFO rally.task.runner [-] Task 1836ec61-b174-4e37-a43f-35046998c7a2 | ITER: 48 START
2019-06-13 11:15:04.418 19119 INFO rally.task.runner [-] Task 1836ec61-b174-4e37-a43f-35046998c7a2 | ITER: 29 END: OK
2019-06-13 11:15:04.418 19156 INFO rally.task.runner [-] Task 1836ec61-b174-4e37-a43f-35046998c7a2 | ITER: 33 END: OK
2019-06-13 11:15:04.421 19119 INFO rally.task.runner [-] Task 1836ec61-b174-4e37-a43f-35046998c7a2 | ITER: 49 START
2019-06-13 11:15:04.421 19156 INFO rally.task.runner [-] Task 1836ec61-b174-4e37-a43f-35046998c7a2 | ITER: 50 START
2019-06-13 11:15:04.489 19158 INFO rally.task.runner [-] Task 1836ec61-b174-4e37-a43f-35046998c7a2 | ITER: 34 END: OK
2019-06-13 11:15:04.493 19158 INFO rally.task.runner [-] Task 1836ec61-b174-4e37-a43f-35046998c7a2 | ITER: 51 START
2019-06-13 11:15:04.512 19130 INFO rally.task.runner [-] Task 1836ec61-b174-4e37-a43f-35046998c7a2 | ITER: 32 END: OK
2019-06-13 11:15:04.515 19130 INFO rally.task.runner [-] Task 1836ec61-b174-4e37-a43f-35046998c7a2 | ITER: 52 START
2019-06-13 11:15:05.208 19162 INFO rally.task.runner [-] Task 1836ec61-b174-4e37-a43f-35046998c7a2 | ITER: 38 END: OK
2019-06-13 11:15:05.211 19162 INFO rally.task.runner [-] Task 1836ec61-b174-4e37-a43f-35046998c7a2 | ITER: 53 START
2019-06-13 11:15:05.302 19117 INFO rally.task.runner [-] Task 1836ec61-b174-4e37-a43f-35046998c7a2 | ITER: 36 END: OK
2019-06-13 11:15:05.305 19117 INFO rally.task.runner [-] Task 1836ec61-b174-4e37-a43f-35046998c7a2 | ITER: 54 START
2019-06-13 11:15:05.552 19152 INFO rally.task.runner [-] Task 1836ec61-b174-4e37-a43f-35046998c7a2 | ITER: 35 END: OK
2019-06-13 11:15:05.552 19120 INFO rally.task.runner [-] Task 1836ec61-b174-4e37-a43f-35046998c7a2 | ITER: 31 END: OK
2019-06-13 11:15:05.555 19152 INFO rally.task.runner [-] Task 1836ec61-b174-4e37-a43f-35046998c7a2 | ITER: 56 START
2019-06-13 11:15:05.555 19120 INFO rally.task.runner [-] Task 1836ec61-b174-4e37-a43f-35046998c7a2 | ITER: 55 START
2019-06-13 11:15:05.582 19117 INFO rally.task.runner [-] Task 1836ec61-b174-4e37-a43f-35046998c7a2 | ITER: 37 END: OK
2019-06-13 11:15:05.585 19117 INFO rally.task.runner [-] Task 1836ec61-b174-4e37-a43f-35046998c7a2 | ITER: 57 START
2019-06-13 11:15:05.852 19145 INFO rally.task.runner [-] Task 1836ec61-b174-4e37-a43f-35046998c7a2 | ITER: 30 END: OK
2019-06-13 11:15:05.855 19145 INFO rally.task.runner [-] Task 1836ec61-b174-4e37-a43f-35046998c7a2 | ITER: 58 START
2019-06-13 11:15:05.894 19137 INFO rally.task.runner [-] Task 1836ec61-b174-4e37-a43f-35046998c7a2 | ITER: 44 END: OK
2019-06-13 11:15:05.897 19137 INFO rally.task.runner [-] Task 1836ec61-b174-4e37-a43f-35046998c7a2 | ITER: 59 START
2019-06-13 11:15:05.946 19120 INFO rally.task.runner [-] Task 1836ec61-b174-4e37-a43f-35046998c7a2 | ITER: 45 END: OK
2019-06-13 11:15:05.949 19120 INFO rally.task.runner [-] Task 1836ec61-b174-4e37-a43f-35046998c7a2 | ITER: 60 START
2019-06-13 11:15:06.042 19119 INFO rally.task.runner [-] Task 1836ec61-b174-4e37-a43f-35046998c7a2 | ITER: 40 END: OK
2019-06-13 11:15:06.045 19119 INFO rally.task.runner [-] Task 1836ec61-b174-4e37-a43f-35046998c7a2 | ITER: 61 START
2019-06-13 11:15:06.123 19127 INFO rally.task.runner [-] Task 1836ec61-b174-4e37-a43f-35046998c7a2 | ITER: 41 END: OK
2019-06-13 11:15:06.126 19127 INFO rally.task.runner [-] Task 1836ec61-b174-4e37-a43f-35046998c7a2 | ITER: 62 START
2019-06-13 11:15:06.301 19118 INFO rally.task.runner [-] Task 1836ec61-b174-4e37-a43f-35046998c7a2 | ITER: 46 END: OK
2019-06-13 11:15:06.304 19118 INFO rally.task.runner [-] Task 1836ec61-b174-4e37-a43f-35046998c7a2 | ITER: 63 START
2019-06-13 11:15:06.952 19142 INFO rally.task.runner [-] Task 1836ec61-b174-4e37-a43f-35046998c7a2 | ITER: 43 END: OK
2019-06-13 11:15:06.955 19142 INFO rally.task.runner [-] Task 1836ec61-b174-4e37-a43f-35046998c7a2 | ITER: 64 START
2019-06-13 11:15:07.015 19133 INFO rally.task.runner [-] Task 1836ec61-b174-4e37-a43f-35046998c7a2 | ITER: 42 END: OK
2019-06-13 11:15:07.019 19133 INFO rally.task.runner [-] Task 1836ec61-b174-4e37-a43f-35046998c7a2 | ITER: 65 START
2019-06-13 11:15:07.051 19118 INFO rally.task.runner [-] Task 1836ec61-b174-4e37-a43f-35046998c7a2 | ITER: 47 END: OK
2019-06-13 11:15:07.054 19118 INFO rally.task.runner [-] Task 1836ec61-b174-4e37-a43f-35046998c7a2 | ITER: 66 START
2019-06-13 11:15:07.151 19161 INFO rally.task.runner [-] Task 1836ec61-b174-4e37-a43f-35046998c7a2 | ITER: 39 END: OK
2019-06-13 11:15:07.154 19161 INFO rally.task.runner [-] Task 1836ec61-b174-4e37-a43f-35046998c7a2 | ITER: 67 START
2019-06-13 11:15:07.317 19122 INFO rally.task.runner [-] Task 1836ec61-b174-4e37-a43f-35046998c7a2 | ITER: 48 END: OK
2019-06-13 11:15:07.320 19122 INFO rally.task.runner [-] Task 1836ec61-b174-4e37-a43f-35046998c7a2 | ITER: 68 START
2019-06-13 11:15:07.515 19130 INFO rally.task.runner [-] Task 1836ec61-b174-4e37-a43f-35046998c7a2 | ITER: 52 END: OK
2019-06-13 11:15:07.519 19130 INFO rally.task.runner [-] Task 1836ec61-b174-4e37-a43f-35046998c7a2 | ITER: 69 START
2019-06-13 11:15:07.578 19158 INFO rally.task.runner [-] Task 1836ec61-b174-4e37-a43f-35046998c7a2 | ITER: 51 END: OK
2019-06-13 11:15:07.582 19158 INFO rally.task.runner [-] Task 1836ec61-b174-4e37-a43f-35046998c7a2 | ITER: 70 START
2019-06-13 11:15:07.732 19162 INFO rally.task.runner [-] Task 1836ec61-b174-4e37-a43f-35046998c7a2 | ITER: 53 END: OK
2019-06-13 11:15:07.735 19162 INFO rally.task.runner [-] Task 1836ec61-b174-4e37-a43f-35046998c7a2 | ITER: 71 START
2019-06-13 11:15:08.021 19156 INFO rally.task.runner [-] Task 1836ec61-b174-4e37-a43f-35046998c7a2 | ITER: 50 END: OK
2019-06-13 11:15:08.025 19156 INFO rally.task.runner [-] Task 1836ec61-b174-4e37-a43f-35046998c7a2 | ITER: 72 START
2019-06-13 11:15:08.132 19119 INFO rally.task.runner [-] Task 1836ec61-b174-4e37-a43f-35046998c7a2 | ITER: 49 END: OK
2019-06-13 11:15:08.135 19119 INFO rally.task.runner [-] Task 1836ec61-b174-4e37-a43f-35046998c7a2 | ITER: 73 START
2019-06-13 11:15:08.927 19120 INFO rally.task.runner [-] Task 1836ec61-b174-4e37-a43f-35046998c7a2 | ITER: 60 END: OK
2019-06-13 11:15:08.931 19120 INFO rally.task.runner [-] Task 1836ec61-b174-4e37-a43f-35046998c7a2 | ITER: 74 START
2019-06-13 11:15:09.025 19137 INFO rally.task.runner [-] Task 1836ec61-b174-4e37-a43f-35046998c7a2 | ITER: 59 END: OK
2019-06-13 11:15:09.028 19137 INFO rally.task.runner [-] Task 1836ec61-b174-4e37-a43f-35046998c7a2 | ITER: 75 START
2019-06-13 11:15:09.271 19119 INFO rally.task.runner [-] Task 1836ec61-b174-4e37-a43f-35046998c7a2 | ITER: 61 END: OK
2019-06-13 11:15:09.274 19119 INFO rally.task.runner [-] Task 1836ec61-b174-4e37-a43f-35046998c7a2 | ITER: 76 START
2019-06-13 11:15:09.456 19120 INFO rally.task.runner [-] Task 1836ec61-b174-4e37-a43f-35046998c7a2 | ITER: 55 END: OK
2019-06-13 11:15:09.459 19120 INFO rally.task.runner [-] Task 1836ec61-b174-4e37-a43f-35046998c7a2 | ITER: 77 START
2019-06-13 11:15:09.491 19145 INFO rally.task.runner [-] Task 1836ec61-b174-4e37-a43f-35046998c7a2 | ITER: 58 END: OK
2019-06-13 11:15:09.495 19145 INFO rally.task.runner [-] Task 1836ec61-b174-4e37-a43f-35046998c7a2 | ITER: 78 START
2019-06-13 11:15:09.553 19127 INFO rally.task.runner [-] Task 1836ec61-b174-4e37-a43f-35046998c7a2 | ITER: 62 END: OK
2019-06-13 11:15:09.557 19127 INFO rally.task.runner [-] Task 1836ec61-b174-4e37-a43f-35046998c7a2 | ITER: 79 START
2019-06-13 11:15:09.848 19117 INFO rally.task.runner [-] Task 1836ec61-b174-4e37-a43f-35046998c7a2 | ITER: 54 END: OK
2019-06-13 11:15:09.851 19117 INFO rally.task.runner [-] Task 1836ec61-b174-4e37-a43f-35046998c7a2 | ITER: 80 START
2019-06-13 11:15:09.890 19152 INFO rally.task.runner [-] Task 1836ec61-b174-4e37-a43f-35046998c7a2 | ITER: 56 END: OK
2019-06-13 11:15:09.892 19152 INFO rally.task.runner [-] Task 1836ec61-b174-4e37-a43f-35046998c7a2 | ITER: 81 START
2019-06-13 11:15:09.988 19117 INFO rally.task.runner [-] Task 1836ec61-b174-4e37-a43f-35046998c7a2 | ITER: 57 END: OK
2019-06-13 11:15:09.991 19117 INFO rally.task.runner [-] Task 1836ec61-b174-4e37-a43f-35046998c7a2 | ITER: 82 START
2019-06-13 11:15:10.047 19133 INFO rally.task.runner [-] Task 1836ec61-b174-4e37-a43f-35046998c7a2 | ITER: 65 END: OK
2019-06-13 11:15:10.051 19133 INFO rally.task.runner [-] Task 1836ec61-b174-4e37-a43f-35046998c7a2 | ITER: 83 START
2019-06-13 11:15:10.225 19118 INFO rally.task.runner [-] Task 1836ec61-b174-4e37-a43f-35046998c7a2 | ITER: 63 END: OK
2019-06-13 11:15:10.228 19118 INFO rally.task.runner [-] Task 1836ec61-b174-4e37-a43f-35046998c7a2 | ITER: 84 START
2019-06-13 11:15:10.266 19118 INFO rally.task.runner [-] Task 1836ec61-b174-4e37-a43f-35046998c7a2 | ITER: 66 END: OK
2019-06-13 11:15:10.269 19118 INFO rally.task.runner [-] Task 1836ec61-b174-4e37-a43f-35046998c7a2 | ITER: 85 START
2019-06-13 11:15:10.304 19158 INFO rally.task.runner [-] Task 1836ec61-b174-4e37-a43f-35046998c7a2 | ITER: 70 END: OK
2019-06-13 11:15:10.307 19158 INFO rally.task.runner [-] Task 1836ec61-b174-4e37-a43f-35046998c7a2 | ITER: 86 START
2019-06-13 11:15:10.423 19162 INFO rally.task.runner [-] Task 1836ec61-b174-4e37-a43f-35046998c7a2 | ITER: 71 END: OK
2019-06-13 11:15:10.426 19162 INFO rally.task.runner [-] Task 1836ec61-b174-4e37-a43f-35046998c7a2 | ITER: 87 START
2019-06-13 11:15:10.440 19142 INFO rally.task.runner [-] Task 1836ec61-b174-4e37-a43f-35046998c7a2 | ITER: 64 END: OK
2019-06-13 11:15:10.443 19142 INFO rally.task.runner [-] Task 1836ec61-b174-4e37-a43f-35046998c7a2 | ITER: 88 START
2019-06-13 11:15:10.781 19161 INFO rally.task.runner [-] Task 1836ec61-b174-4e37-a43f-35046998c7a2 | ITER: 67 END: OK
2019-06-13 11:15:10.784 19161 INFO rally.task.runner [-] Task 1836ec61-b174-4e37-a43f-35046998c7a2 | ITER: 89 START
2019-06-13 11:15:10.919 19122 INFO rally.task.runner [-] Task 1836ec61-b174-4e37-a43f-35046998c7a2 | ITER: 68 END: OK
2019-06-13 11:15:10.922 19122 INFO rally.task.runner [-] Task 1836ec61-b174-4e37-a43f-35046998c7a2 | ITER: 90 START
2019-06-13 11:15:10.942 19156 INFO rally.task.runner [-] Task 1836ec61-b174-4e37-a43f-35046998c7a2 | ITER: 72 END: OK
2019-06-13 11:15:10.945 19156 INFO rally.task.runner [-] Task 1836ec61-b174-4e37-a43f-35046998c7a2 | ITER: 91 START
2019-06-13 11:15:11.110 19119 INFO rally.task.runner [-] Task 1836ec61-b174-4e37-a43f-35046998c7a2 | ITER: 73 END: OK
2019-06-13 11:15:11.113 19119 INFO rally.task.runner [-] Task 1836ec61-b174-4e37-a43f-35046998c7a2 | ITER: 92 START
2019-06-13 11:15:11.384 19130 INFO rally.task.runner [-] Task 1836ec61-b174-4e37-a43f-35046998c7a2 | ITER: 69 END: OK
2019-06-13 11:15:11.387 19130 INFO rally.task.runner [-] Task 1836ec61-b174-4e37-a43f-35046998c7a2 | ITER: 93 START
2019-06-13 11:15:12.225 19119 INFO rally.task.runner [-] Task 1836ec61-b174-4e37-a43f-35046998c7a2 | ITER: 76 END: OK
2019-06-13 11:15:12.228 19119 INFO rally.task.runner [-] Task 1836ec61-b174-4e37-a43f-35046998c7a2 | ITER: 94 START
2019-06-13 11:15:12.413 19120 INFO rally.task.runner [-] Task 1836ec61-b174-4e37-a43f-35046998c7a2 | ITER: 77 END: OK
2019-06-13 11:15:12.416 19120 INFO rally.task.runner [-] Task 1836ec61-b174-4e37-a43f-35046998c7a2 | ITER: 95 START
2019-06-13 11:15:12.481 19145 INFO rally.task.runner [-] Task 1836ec61-b174-4e37-a43f-35046998c7a2 | ITER: 78 END: OK
2019-06-13 11:15:12.484 19145 INFO rally.task.runner [-] Task 1836ec61-b174-4e37-a43f-35046998c7a2 | ITER: 96 START
2019-06-13 11:15:12.655 19120 INFO rally.task.runner [-] Task 1836ec61-b174-4e37-a43f-35046998c7a2 | ITER: 74 END: OK
2019-06-13 11:15:12.658 19120 INFO rally.task.runner [-] Task 1836ec61-b174-4e37-a43f-35046998c7a2 | ITER: 97 START
2019-06-13 11:15:12.712 19152 INFO rally.task.runner [-] Task 1836ec61-b174-4e37-a43f-35046998c7a2 | ITER: 81 END: OK
2019-06-13 11:15:12.716 19152 INFO rally.task.runner [-] Task 1836ec61-b174-4e37-a43f-35046998c7a2 | ITER: 98 START
2019-06-13 11:15:12.824 19127 INFO rally.task.runner [-] Task 1836ec61-b174-4e37-a43f-35046998c7a2 | ITER: 79 END: OK
2019-06-13 11:15:12.827 19127 INFO rally.task.runner [-] Task 1836ec61-b174-4e37-a43f-35046998c7a2 | ITER: 99 START
2019-06-13 11:15:12.846 19117 INFO rally.task.runner [-] Task 1836ec61-b174-4e37-a43f-35046998c7a2 | ITER: 82 END: OK
2019-06-13 11:15:12.849 19117 INFO rally.task.runner [-] Task 1836ec61-b174-4e37-a43f-35046998c7a2 | ITER: 100 START
2019-06-13 11:15:13.213 19118 INFO rally.task.runner [-] Task 1836ec61-b174-4e37-a43f-35046998c7a2 | ITER: 85 END: OK
2019-06-13 11:15:13.244 19117 INFO rally.task.runner [-] Task 1836ec61-b174-4e37-a43f-35046998c7a2 | ITER: 80 END: OK
2019-06-13 11:15:13.512 19133 INFO rally.task.runner [-] Task 1836ec61-b174-4e37-a43f-35046998c7a2 | ITER: 83 END: OK
2019-06-13 11:15:13.876 19162 INFO rally.task.runner [-] Task 1836ec61-b174-4e37-a43f-35046998c7a2 | ITER: 87 END: OK
2019-06-13 11:15:13.891 19137 INFO rally.task.runner [-] Task 1836ec61-b174-4e37-a43f-35046998c7a2 | ITER: 75 END: OK
2019-06-13 11:15:13.893 19158 INFO rally.task.runner [-] Task 1836ec61-b174-4e37-a43f-35046998c7a2 | ITER: 86 END: OK
2019-06-13 11:15:14.042 19122 INFO rally.task.runner [-] Task 1836ec61-b174-4e37-a43f-35046998c7a2 | ITER: 90 END: OK
2019-06-13 11:15:14.053 19142 INFO rally.task.runner [-] Task 1836ec61-b174-4e37-a43f-35046998c7a2 | ITER: 88 END: OK
2019-06-13 11:15:14.214 19118 INFO rally.task.runner [-] Task 1836ec61-b174-4e37-a43f-35046998c7a2 | ITER: 84 END: OK
2019-06-13 11:15:14.289 19161 INFO rally.task.runner [-] Task 1836ec61-b174-4e37-a43f-35046998c7a2 | ITER: 89 END: OK
2019-06-13 11:15:14.404 19130 INFO rally.task.runner [-] Task 1836ec61-b174-4e37-a43f-35046998c7a2 | ITER: 93 END: OK
2019-06-13 11:15:14.426 19156 INFO rally.task.runner [-] Task 1836ec61-b174-4e37-a43f-35046998c7a2 | ITER: 91 END: OK
2019-06-13 11:15:15.065 19119 INFO rally.task.runner [-] Task 1836ec61-b174-4e37-a43f-35046998c7a2 | ITER: 92 END: OK
2019-06-13 11:15:15.332 19120 INFO rally.task.runner [-] Task 1836ec61-b174-4e37-a43f-35046998c7a2 | ITER: 97 END: OK
2019-06-13 11:15:15.407 19152 INFO rally.task.runner [-] Task 1836ec61-b174-4e37-a43f-35046998c7a2 | ITER: 98 END: OK
2019-06-13 11:15:15.509 19119 INFO rally.task.runner [-] Task 1836ec61-b174-4e37-a43f-35046998c7a2 | ITER: 94 END: OK
2019-06-13 11:15:15.644 19145 INFO rally.task.runner [-] Task 1836ec61-b174-4e37-a43f-35046998c7a2 | ITER: 96 END: OK
2019-06-13 11:15:15.658 19117 INFO rally.task.runner [-] Task 1836ec61-b174-4e37-a43f-35046998c7a2 | ITER: 100 END: OK
2019-06-13 11:15:15.680 19120 INFO rally.task.runner [-] Task 1836ec61-b174-4e37-a43f-35046998c7a2 | ITER: 95 END: OK
2019-06-13 11:15:16.174 19127 INFO rally.task.runner [-] Task 1836ec61-b174-4e37-a43f-35046998c7a2 | ITER: 99 END: OK
2019-06-13 11:15:16.199 18993 INFO rally.task.context [-] Task 1836ec61-b174-4e37-a43f-35046998c7a2 | Context cleanup@openstack cleanup() started
2019-06-13 11:15:16.202 18993 RALLYDEBUG rally_openstack.cleanup.manager [-] Cleaning up neutron vip objects
2019-06-13 11:15:16.923 18993 RALLYDEBUG rally_openstack.cleanup.manager [-] Cleaning up neutron health_monitor objects
2019-06-13 11:15:17.571 18993 RALLYDEBUG rally_openstack.cleanup.manager [-] Cleaning up neutron pool objects
2019-06-13 11:15:18.317 18993 RALLYDEBUG rally_openstack.cleanup.manager [-] Cleaning up neutron loadbalancer objects
2019-06-13 11:15:19.045 18993 RALLYDEBUG rally_openstack.cleanup.manager [-] Cleaning up neutron floatingip objects
2019-06-13 11:15:19.716 18993 RALLYDEBUG rally_openstack.cleanup.manager [-] Cleaning up neutron port objects
2019-06-13 11:15:21.033 18993 RALLYDEBUG rally_openstack.cleanup.manager [-] Cleaning up neutron subnet objects
2019-06-13 11:15:21.675 18993 RALLYDEBUG rally_openstack.cleanup.manager [-] Cleaning up neutron network objects
2019-06-13 11:15:22.702 18993 RALLYDEBUG rally_openstack.cleanup.manager [-] Deleting neutron.network object s_rally_5bc904f9_fxK5AH4s (01f0c4f7-6a4f-45f7-adc7-7c7fc7eeadd6)
2019-06-13 11:15:22.707 18993 RALLYDEBUG rally_openstack.cleanup.manager [-] Deleting neutron.network object s_rally_5bc904f9_MaB5g1lI (04a28245-fd98-4a32-a1f4-d771379646d2)
2019-06-13 11:15:22.711 18993 RALLYDEBUG rally_openstack.cleanup.manager [-] Deleting neutron.network object s_rally_5bc904f9_yknPwF1a (06ef6da4-ad0d-42a8-9d0b-5dae96ea2663)
2019-06-13 11:15:22.721 18993 RALLYDEBUG rally_openstack.cleanup.manager [-] Deleting neutron.network object s_rally_5bc904f9_Go2Ic475 (10b38d35-80ef-4593-9abe-a3e699bf32e0)
2019-06-13 11:15:22.726 18993 RALLYDEBUG rally_openstack.cleanup.manager [-] Deleting neutron.network object s_rally_5bc904f9_mOd6GlcX (077cee81-4e18-47ce-b5d3-c8e642ef4bbc)
2019-06-13 11:15:22.727 18993 RALLYDEBUG rally_openstack.cleanup.manager [-] Deleting neutron.network object s_rally_5bc904f9_54CWxASS (1121c1cd-5e1f-4292-b289-f73ed9b8648f)
2019-06-13 11:15:22.730 18993 RALLYDEBUG rally_openstack.cleanup.manager [-] Deleting neutron.network object s_rally_5bc904f9_IVSGRvq1 (11ba4a7f-adc7-478b-bbdf-ad922b444152)
2019-06-13 11:15:22.737 18993 RALLYDEBUG rally_openstack.cleanup.manager [-] Deleting neutron.network object s_rally_5bc904f9_uL7gWgKo (120a5def-b5a4-4249-b3ef-2872827c17e5)
2019-06-13 11:15:22.769 18993 RALLYDEBUG rally_openstack.cleanup.manager [-] Deleting neutron.network object s_rally_5bc904f9_2lKwfKam (15a5f085-3dda-4e0b-838e-bd5ba85bcc94)
2019-06-13 11:15:22.772 18993 RALLYDEBUG rally_openstack.cleanup.manager [-] Deleting neutron.network object s_rally_5bc904f9_Y8vkGzlt (15f85651-c000-43d5-86a2-b1dee1aa1611)
2019-06-13 11:15:22.808 18993 RALLYDEBUG rally_openstack.cleanup.manager [-] Deleting neutron.network object s_rally_5bc904f9_X0JYD9TA (1f1e7f0e-1335-44e1-8f6a-45dc0742f916)
2019-06-13 11:15:22.809 18993 RALLYDEBUG rally_openstack.cleanup.manager [-] Deleting neutron.network object s_rally_5bc904f9_rDRBOAHt (178a251c-8e09-4879-a877-ca8ded003ba7)
2019-06-13 11:15:22.812 18993 RALLYDEBUG rally_openstack.cleanup.manager [-] Deleting neutron.network object s_rally_5bc904f9_yiEzf4sv (1d843975-9785-4b7a-85d0-d2593cb1f367)
2019-06-13 11:15:22.815 18993 RALLYDEBUG rally_openstack.cleanup.manager [-] Deleting neutron.network object s_rally_5bc904f9_sCD8Hh3l (1f242e97-4a35-44d7-a435-7180470bb5b3)
2019-06-13 11:15:22.820 18993 RALLYDEBUG rally_openstack.cleanup.manager [-] Deleting neutron.network object s_rally_5bc904f9_ft9kxH4c (19543a70-2b5a-485a-a1fb-d5f1b80bbe5a)
2019-06-13 11:15:22.828 18993 RALLYDEBUG rally_openstack.cleanup.manager [-] Deleting neutron.network object s_rally_5bc904f9_3RA9fa78 (22c378d9-099b-4752-89c2-7ae3ec558d42)
2019-06-13 11:15:22.834 18993 RALLYDEBUG rally_openstack.cleanup.manager [-] Deleting neutron.network object s_rally_5bc904f9_QVRf3LLX (20d242f2-b454-4161-ab23-c1572c8868f2)
2019-06-13 11:15:22.848 18993 RALLYDEBUG rally_openstack.cleanup.manager [-] Deleting neutron.network object s_rally_5bc904f9_7PyqpXqb (24dacca1-2bd1-4312-985b-f3d5d791af3f)
2019-06-13 11:15:22.859 18993 RALLYDEBUG rally_openstack.cleanup.manager [-] Deleting neutron.network object s_rally_5bc904f9_mMw8Rng2 (2de0ad5f-515c-4946-8322-2e2a1a291f14)
2019-06-13 11:15:22.867 18993 RALLYDEBUG rally_openstack.cleanup.manager [-] Deleting neutron.network object s_rally_5bc904f9_sIiUUyVJ (3060a7d9-6637-4c66-a00e-484874a07b56)
2019-06-13 11:15:26.197 18993 RALLYDEBUG rally_openstack.cleanup.manager [-] Deleting neutron.network object s_rally_5bc904f9_qdq3pKV8 (3069ae9b-e6e7-4fcf-8a39-2c653f7eaf4d)
2019-06-13 11:15:26.245 18993 RALLYDEBUG rally_openstack.cleanup.manager [-] Deleting neutron.network object s_rally_5bc904f9_xtsoc3eA (31a51591-af16-4227-8b04-15aa82f16d9c)
2019-06-13 11:15:26.403 18993 RALLYDEBUG rally_openstack.cleanup.manager [-] Deleting neutron.network object s_rally_5bc904f9_GOmKeU9I (32cfd922-c986-4f77-bef7-7c02bec98afb)
2019-06-13 11:15:26.492 18993 RALLYDEBUG rally_openstack.cleanup.manager [-] Deleting neutron.network object s_rally_5bc904f9_2uGnqekC (38a42132-2edf-478a-9da9-e74edd50a864)
2019-06-13 11:15:26.601 18993 RALLYDEBUG rally_openstack.cleanup.manager [-] Deleting neutron.network object s_rally_5bc904f9_RCSVK5KM (3923e87d-fa98-4b93-b9f4-1a53a1aab525)
2019-06-13 11:15:26.765 18993 RALLYDEBUG rally_openstack.cleanup.manager [-] Deleting neutron.network object s_rally_5bc904f9_xoo0IF2s (39e88120-d346-4f3a-a85b-4df8647644d4)
2019-06-13 11:15:27.011 18993 RALLYDEBUG rally_openstack.cleanup.manager [-] Deleting neutron.network object s_rally_5bc904f9_sEsARLBX (3e532b09-b0ad-487d-b107-7fec929a2bd0)
2019-06-13 11:15:27.207 18993 RALLYDEBUG rally_openstack.cleanup.manager [-] Deleting neutron.network object s_rally_5bc904f9_PM19HYJ6 (43dbce67-9d1b-4277-a43a-6f3ca107b047)
2019-06-13 11:15:27.397 18993 RALLYDEBUG rally_openstack.cleanup.manager [-] Deleting neutron.network object s_rally_5bc904f9_j9wHzIxB (446cef05-cf4c-430f-959f-5fd6ef713eb5)
2019-06-13 11:15:27.463 18993 RALLYDEBUG rally_openstack.cleanup.manager [-] Deleting neutron.network object s_rally_5bc904f9_gte64pJT (45e135e1-0363-4064-8951-7571b02f90a5)
2019-06-13 11:15:27.563 18993 RALLYDEBUG rally_openstack.cleanup.manager [-] Deleting neutron.network object s_rally_5bc904f9_TTlP5yR7 (4c2ad467-2a09-4da1-b327-902727eb434a)
2019-06-13 11:15:27.577 18993 RALLYDEBUG rally_openstack.cleanup.manager [-] Deleting neutron.network object s_rally_5bc904f9_PVDg2XFL (4e9f532a-6d11-4667-8105-73fa10ee4310)
2019-06-13 11:15:27.923 18993 RALLYDEBUG rally_openstack.cleanup.manager [-] Deleting neutron.network object s_rally_5bc904f9_tXJAu2bW (4f516ff7-6ef2-40f3-adec-70359d9534cf)
2019-06-13 11:15:27.924 18993 RALLYDEBUG rally_openstack.cleanup.manager [-] Deleting neutron.network object s_rally_5bc904f9_1W8cbg87 (50d5adcc-05f4-4073-b0be-4f6a79a87dfb)
2019-06-13 11:15:28.406 18993 RALLYDEBUG rally_openstack.cleanup.manager [-] Deleting neutron.network object s_rally_5bc904f9_ilk5IVq3 (538900a5-956b-48d6-bbfc-a257fce87e49)
2019-06-13 11:15:28.906 18993 RALLYDEBUG rally_openstack.cleanup.manager [-] Deleting neutron.network object s_rally_5bc904f9_pCjK024k (566cd0ea-392c-4bf7-aef9-5b721fc12dcf)
2019-06-13 11:15:28.986 18993 RALLYDEBUG rally_openstack.cleanup.manager [-] Deleting neutron.network object s_rally_5bc904f9_84ulXbX5 (57138942-11a3-4816-a24b-184548caba39)
2019-06-13 11:15:29.139 18993 RALLYDEBUG rally_openstack.cleanup.manager [-] Deleting neutron.network object s_rally_5bc904f9_fcXOJAw2 (5779babf-1bd7-4c16-a27c-1c16bac21a47)
2019-06-13 11:15:29.151 18993 RALLYDEBUG rally_openstack.cleanup.manager [-] Deleting neutron.network object s_rally_5bc904f9_GnZxG6gA (584ac86a-41e3-4887-a2e2-361640e56f0a)
2019-06-13 11:15:29.265 18993 RALLYDEBUG rally_openstack.cleanup.manager [-] Deleting neutron.network object s_rally_5bc904f9_kTO6xfHK (5e23344e-3b4c-49a4-baac-d702ad4580f0)
2019-06-13 11:15:29.318 18993 RALLYDEBUG rally_openstack.cleanup.manager [-] Deleting neutron.network object s_rally_5bc904f9_iN8ao9KM (5e7e639c-6828-4ad8-9bba-9d309542a70c)
2019-06-13 11:15:29.438 18993 RALLYDEBUG rally_openstack.cleanup.manager [-] Deleting neutron.network object s_rally_5bc904f9_vHo6N2f1 (5f11dc87-02ad-4eb1-8c6b-5de1e82997c9)
2019-06-13 11:15:29.743 18993 RALLYDEBUG rally_openstack.cleanup.manager [-] Deleting neutron.network object s_rally_5bc904f9_KFI72xG9 (5fc5765f-2f3e-43fc-8412-40c539fce6b1)
2019-06-13 11:15:29.813 18993 RALLYDEBUG rally_openstack.cleanup.manager [-] Deleting neutron.network object s_rally_5bc904f9_BJsluQ6F (6779df7e-dbd6-4e97-ab8e-7ed49d9e76dc)
2019-06-13 11:15:29.999 18993 RALLYDEBUG rally_openstack.cleanup.manager [-] Deleting neutron.network object s_rally_5bc904f9_WSeI20o2 (6c25178e-ca84-417e-80e0-b4bcbc974145)
2019-06-13 11:15:30.180 18993 RALLYDEBUG rally_openstack.cleanup.manager [-] Deleting neutron.network object s_rally_5bc904f9_wVSpLP4D (6d941bd9-2327-46f0-bf98-64c8cc89a92f)
2019-06-13 11:15:30.541 18993 RALLYDEBUG rally_openstack.cleanup.manager [-] Deleting neutron.network object s_rally_5bc904f9_vrWseY9C (73a218ae-2f59-40ea-95de-70ad6861f627)
2019-06-13 11:15:30.665 18993 RALLYDEBUG rally_openstack.cleanup.manager [-] Deleting neutron.network object s_rally_5bc904f9_zDZk8ZaR (746229fb-3ccf-437e-be3d-44c74b586eba)
2019-06-13 11:15:30.685 18993 RALLYDEBUG rally_openstack.cleanup.manager [-] Deleting neutron.network object s_rally_5bc904f9_fOXw9DVW (74d1725c-34b0-45f8-8729-7376740c7b64)
2019-06-13 11:15:30.845 18993 RALLYDEBUG rally_openstack.cleanup.manager [-] Deleting neutron.network object s_rally_5bc904f9_kDxcbmig (74efe8b2-ebae-4a95-8c56-6d6c62bc84bb)
2019-06-13 11:15:31.332 18993 RALLYDEBUG rally_openstack.cleanup.manager [-] Deleting neutron.network object s_rally_5bc904f9_cryfS6p1 (7aba8b66-b884-4fbc-bbce-26a475849d3f)
2019-06-13 11:15:31.472 18993 RALLYDEBUG rally_openstack.cleanup.manager [-] Deleting neutron.network object s_rally_5bc904f9_7jOJbNCe (7dd0353c-f7fb-49db-994b-a0071aa6dee0)
2019-06-13 11:15:31.650 18993 RALLYDEBUG rally_openstack.cleanup.manager [-] Deleting neutron.network object s_rally_5bc904f9_9wIAD1Pl (7ecbdcc2-6e3d-49b7-997c-f0cb0e960054)
2019-06-13 11:15:31.857 18993 RALLYDEBUG rally_openstack.cleanup.manager [-] Deleting neutron.network object s_rally_5bc904f9_YdLpQEaf (7f6687df-2e56-4291-b9fe-9e4b2228869d)
2019-06-13 11:15:32.000 18993 RALLYDEBUG rally_openstack.cleanup.manager [-] Deleting neutron.network object s_rally_5bc904f9_AhJKmHNs (8622373b-df50-4dbb-a407-068aa92c7720)
2019-06-13 11:15:32.117 18993 RALLYDEBUG rally_openstack.cleanup.manager [-] Deleting neutron.network object s_rally_5bc904f9_tiX6HhU4 (86a0c88e-cde7-4c87-98be-6000a3c9632a)
2019-06-13 11:15:32.140 18993 RALLYDEBUG rally_openstack.cleanup.manager [-] Deleting neutron.network object s_rally_5bc904f9_5kzcKvF5 (8ce9e96f-18a2-443d-8438-bc507a38f69f)
2019-06-13 11:15:32.372 18993 RALLYDEBUG rally_openstack.cleanup.manager [-] Deleting neutron.network object s_rally_5bc904f9_yqfaNQuD (8e34d797-3bec-4ba2-b843-ef1c6999e928)
2019-06-13 11:15:32.512 18993 RALLYDEBUG rally_openstack.cleanup.manager [-] Deleting neutron.network object s_rally_5bc904f9_6D7F5xHv (8ecd38ed-1db6-42d5-a119-f7436f394ddc)
2019-06-13 11:15:32.559 18993 RALLYDEBUG rally_openstack.cleanup.manager [-] Deleting neutron.network object s_rally_5bc904f9_sYTGJ37n (8fa50e7a-5ba4-434b-9ea3-78e914202f6d)
2019-06-13 11:15:32.993 18993 RALLYDEBUG rally_openstack.cleanup.manager [-] Deleting neutron.network object s_rally_5bc904f9_erbMnaGI (90e8327f-b156-4314-9e6c-72350353a066)
2019-06-13 11:15:33.061 18993 RALLYDEBUG rally_openstack.cleanup.manager [-] Deleting neutron.network object s_rally_5bc904f9_LY2q6qeY (939efe61-ee30-4734-ae4f-4d1973778249)
2019-06-13 11:15:33.223 18993 RALLYDEBUG rally_openstack.cleanup.manager [-] Deleting neutron.network object s_rally_5bc904f9_qnKrWD3T (964b3b6f-c4ad-4543-bab4-c28371363841)
2019-06-13 11:15:33.364 18993 RALLYDEBUG rally_openstack.cleanup.manager [-] Deleting neutron.network object s_rally_5bc904f9_piyKSAAq (981a7cf8-5b42-41fe-9094-2451b10438d6)
2019-06-13 11:15:33.383 18993 RALLYDEBUG rally_openstack.cleanup.manager [-] Deleting neutron.network object s_rally_5bc904f9_kqQyP27k (99192176-e981-412d-8764-0c9a8bdd1dbc)
2019-06-13 11:15:33.511 18993 RALLYDEBUG rally_openstack.cleanup.manager [-] Deleting neutron.network object s_rally_5bc904f9_QVPxnwjG (992c0e0e-6675-42f3-b8fb-c0a434af1f8e)
2019-06-13 11:15:33.919 18993 RALLYDEBUG rally_openstack.cleanup.manager [-] Deleting neutron.network object s_rally_5bc904f9_CNli7RQp (9b30a72d-815c-46f0-b2b0-ada771419984)
2019-06-13 11:15:33.949 18993 RALLYDEBUG rally_openstack.cleanup.manager [-] Deleting neutron.network object s_rally_5bc904f9_j4dxKpEl (9d7a9361-2571-4431-b9ec-ee29731e4373)
2019-06-13 11:15:34.128 18993 RALLYDEBUG rally_openstack.cleanup.manager [-] Deleting neutron.network object s_rally_5bc904f9_XKYSFmHI (9dd1a131-051c-4a5c-a8a7-ec303c16903b)
2019-06-13 11:15:34.339 18993 RALLYDEBUG rally_openstack.cleanup.manager [-] Deleting neutron.network object s_rally_5bc904f9_DYnKWsTe (9fa0590b-27a4-4d08-a56f-fb716bc5828d)
2019-06-13 11:15:34.708 18993 RALLYDEBUG rally_openstack.cleanup.manager [-] Deleting neutron.network object s_rally_5bc904f9_yS9HkXQO (a1c6f137-3194-46be-a175-87465871b7db)
2019-06-13 11:15:34.757 18993 RALLYDEBUG rally_openstack.cleanup.manager [-] Deleting neutron.network object s_rally_5bc904f9_Xcu7MEF9 (a990a988-0907-4091-af00-d7d110b86209)
2019-06-13 11:15:35.143 18993 RALLYDEBUG rally_openstack.cleanup.manager [-] Deleting neutron.network object s_rally_5bc904f9_LuzzL3pM (ab60a2ed-f6cc-4ea3-be5a-8ef1ad9ecf11)
2019-06-13 11:15:35.477 18993 RALLYDEBUG rally_openstack.cleanup.manager [-] Deleting neutron.network object s_rally_5bc904f9_XMLB9dlm (b2bdbea3-e89d-441f-94ae-fdd87da46c5b)
2019-06-13 11:15:35.537 18993 RALLYDEBUG rally_openstack.cleanup.manager [-] Deleting neutron.network object s_rally_5bc904f9_llsRAjbD (bed9bdbd-7f36-4717-ae2d-8cb08a92d7e0)
2019-06-13 11:15:35.575 18993 RALLYDEBUG rally_openstack.cleanup.manager [-] Deleting neutron.network object s_rally_5bc904f9_S7TXza4b (bf2f9155-a127-4c76-a0ff-45f32a73906a)
2019-06-13 11:15:35.743 18993 RALLYDEBUG rally_openstack.cleanup.manager [-] Deleting neutron.network object s_rally_5bc904f9_XFTb47ye (c033e6fc-60cd-4fcf-a501-58cefdac0094)
2019-06-13 11:15:35.764 18993 RALLYDEBUG rally_openstack.cleanup.manager [-] Deleting neutron.network object s_rally_5bc904f9_rmyIhYc2 (c191a64c-5037-4126-8dc5-ea34033255d1)
2019-06-13 11:15:36.049 18993 RALLYDEBUG rally_openstack.cleanup.manager [-] Deleting neutron.network object s_rally_5bc904f9_0NzFTUnJ (c2c50d05-2672-4588-bfa7-75d6ef2dea15)
2019-06-13 11:15:36.109 18993 RALLYDEBUG rally_openstack.cleanup.manager [-] Deleting neutron.network object s_rally_5bc904f9_tpndHOsf (c313be55-bc6e-4dd9-a47b-fb48d26f104e)
2019-06-13 11:15:36.309 18993 RALLYDEBUG rally_openstack.cleanup.manager [-] Deleting neutron.network object s_rally_5bc904f9_j2vA3gAv (c4542195-3ba2-4cf7-81bf-c856d9d7d00a)
2019-06-13 11:15:36.474 18993 RALLYDEBUG rally_openstack.cleanup.manager [-] Deleting neutron.network object s_rally_5bc904f9_JxdbkN2n (c4702950-6376-4d7f-8716-d553c5958df8)
2019-06-13 11:15:36.650 18993 RALLYDEBUG rally_openstack.cleanup.manager [-] Deleting neutron.network object s_rally_5bc904f9_oewDkSid (c667ed6b-950c-47b3-925b-0f6a548c9f37)
2019-06-13 11:15:37.137 18993 RALLYDEBUG rally_openstack.cleanup.manager [-] Deleting neutron.network object s_rally_5bc904f9_LYyFwfJ1 (c9aaba12-1854-48b3-9164-8dfe35a590f5)
2019-06-13 11:15:37.338 18993 RALLYDEBUG rally_openstack.cleanup.manager [-] Deleting neutron.network object s_rally_5bc904f9_d8wnrtus (cbcc1ddf-a7ba-4856-a6de-28350ff0b64b)
2019-06-13 11:15:37.365 18993 RALLYDEBUG rally_openstack.cleanup.manager [-] Deleting neutron.network object s_rally_5bc904f9_HztYUxiS (ceec30f4-5c1d-4476-b9e2-dc701847cea2)
2019-06-13 11:15:37.376 18993 RALLYDEBUG rally_openstack.cleanup.manager [-] Deleting neutron.network object s_rally_5bc904f9_5wG2gGGk (d4e60f45-de6f-47f4-a1e0-d6919469375d)
2019-06-13 11:15:37.901 18993 RALLYDEBUG rally_openstack.cleanup.manager [-] Deleting neutron.network object s_rally_5bc904f9_DRI4lcd1 (e27a9c7c-514e-45ea-a58c-13c03f22723c)
2019-06-13 11:15:38.024 18993 RALLYDEBUG rally_openstack.cleanup.manager [-] Deleting neutron.network object s_rally_5bc904f9_pNMdUSgL (e367c270-f1c4-4921-a49d-762ccbd12578)
2019-06-13 11:15:38.344 18993 RALLYDEBUG rally_openstack.cleanup.manager [-] Deleting neutron.network object s_rally_5bc904f9_zr5Nz95v (eac4f2a8-c989-4f10-87c1-1143ba134cea)
2019-06-13 11:15:38.609 18993 RALLYDEBUG rally_openstack.cleanup.manager [-] Deleting neutron.network object s_rally_5bc904f9_bXdrLygB (f442ae7d-e5d4-46b0-868c-9227b7067d63)
2019-06-13 11:15:38.609 18993 RALLYDEBUG rally_openstack.cleanup.manager [-] Deleting neutron.network object s_rally_5bc904f9_usODG3B6 (f567cda8-0953-4faa-b01d-cbddee9caad2)
2019-06-13 11:15:38.643 18993 RALLYDEBUG rally_openstack.cleanup.manager [-] Deleting neutron.network object s_rally_5bc904f9_Vjy68fKt (f674e70c-59cd-4d5a-a92d-f784a6fb4953)
2019-06-13 11:15:38.835 18993 RALLYDEBUG rally_openstack.cleanup.manager [-] Deleting neutron.network object s_rally_5bc904f9_UTRoBdD4 (f7bb7109-3e3e-48f0-ac92-d17d064deb4f)
2019-06-13 11:15:38.850 18993 RALLYDEBUG rally_openstack.cleanup.manager [-] Deleting neutron.network object s_rally_5bc904f9_wJ5aYJeC (f8f6425d-79d4-43c1-8995-6d59e33e39b6)
2019-06-13 11:15:38.918 18993 RALLYDEBUG rally_openstack.cleanup.manager [-] Deleting neutron.network object s_rally_5bc904f9_skZ7svNY (f910e8f2-8ef6-46c0-a58f-256f9e109587)
