2019-06-13 11:33:12.863 23262 WARNING rally_openstack.scenarios.neutron.utils [-] Running this scenario without either the 'network' or 'existing_network' context is deprecated
2019-06-13 11:33:13.093 23242 INFO rally.task.runner [-] Task 1836ec61-b174-4e37-a43f-35046998c7a2 | ITER: 8 END: OK
2019-06-13 11:33:13.097 23242 INFO rally.task.runner [-] Task 1836ec61-b174-4e37-a43f-35046998c7a2 | ITER: 40 START
2019-06-13 11:33:13.097 23242 WARNING rally_openstack.scenarios.neutron.utils [-] Running this scenario without either the 'network' or 'existing_network' context is deprecated
2019-06-13 11:33:24.660 23239 INFO rally.task.runner [-] Task 1836ec61-b174-4e37-a43f-35046998c7a2 | ITER: 22 END: OK
2019-06-13 11:33:25.096 23241 INFO rally.task.runner [-] Task 1836ec61-b174-4e37-a43f-35046998c7a2 | ITER: 26 END: OK
2019-06-13 11:33:25.339 23258 INFO rally.task.runner [-] Task 1836ec61-b174-4e37-a43f-35046998c7a2 | ITER: 27 END: OK
2019-06-13 11:33:25.617 23239 INFO rally.task.runner [-] Task 1836ec61-b174-4e37-a43f-35046998c7a2 | ITER: 25 END: OK
2019-06-13 11:33:26.345 23241 INFO rally.task.runner [-] Task 1836ec61-b174-4e37-a43f-35046998c7a2 | ITER: 31 END: OK
2019-06-13 11:33:26.412 23283 INFO rally.task.runner [-] Task 1836ec61-b174-4e37-a43f-35046998c7a2 | ITER: 21 END: OK
2019-06-13 11:33:26.995 23240 INFO rally.task.runner [-] Task 1836ec61-b174-4e37-a43f-35046998c7a2 | ITER: 30 END: OK
2019-06-13 11:33:27.086 23240 INFO rally.task.runner [-] Task 1836ec61-b174-4e37-a43f-35046998c7a2 | ITER: 37 END: OK
2019-06-13 11:33:27.222 23242 INFO rally.task.runner [-] Task 1836ec61-b174-4e37-a43f-35046998c7a2 | ITER: 29 END: OK
2019-06-13 11:33:27.343 23277 INFO rally.task.runner [-] Task 1836ec61-b174-4e37-a43f-35046998c7a2 | ITER: 32 END: OK
2019-06-13 11:33:27.552 23243 INFO rally.task.runner [-] Task 1836ec61-b174-4e37-a43f-35046998c7a2 | ITER: 35 END: OK
2019-06-13 11:33:27.768 23252 INFO rally.task.runner [-] Task 1836ec61-b174-4e37-a43f-35046998c7a2 | ITER: 23 END: OK
2019-06-13 11:33:28.099 23278 INFO rally.task.runner [-] Task 1836ec61-b174-4e37-a43f-35046998c7a2 | ITER: 34 END: OK
2019-06-13 11:33:28.414 23242 INFO rally.task.runner [-] Task 1836ec61-b174-4e37-a43f-35046998c7a2 | ITER: 40 END: OK
2019-06-13 11:33:28.493 23259 INFO rally.task.runner [-] Task 1836ec61-b174-4e37-a43f-35046998c7a2 | ITER: 36 END: OK
2019-06-13 11:33:28.622 23267 INFO rally.task.runner [-] Task 1836ec61-b174-4e37-a43f-35046998c7a2 | ITER: 33 END: OK
2019-06-13 11:33:28.875 23262 INFO rally.task.runner [-] Task 1836ec61-b174-4e37-a43f-35046998c7a2 | ITER: 39 END: OK
2019-06-13 11:33:29.032 23248 INFO rally.task.runner [-] Task 1836ec61-b174-4e37-a43f-35046998c7a2 | ITER: 28 END: OK
2019-06-13 11:33:29.162 23273 INFO rally.task.runner [-] Task 1836ec61-b174-4e37-a43f-35046998c7a2 | ITER: 24 END: OK
2019-06-13 11:33:30.389 23284 INFO rally.task.runner [-] Task 1836ec61-b174-4e37-a43f-35046998c7a2 | ITER: 38 END: OK
2019-06-13 11:33:30.419 18993 INFO rally.task.context [-] Task 1836ec61-b174-4e37-a43f-35046998c7a2 | Context cleanup@openstack cleanup() started
2019-06-13 11:33:30.421 18993 RALLYDEBUG rally_openstack.cleanup.manager [-] Cleaning up neutron vip objects
2019-06-13 11:33:31.160 18993 RALLYDEBUG rally_openstack.cleanup.manager [-] Cleaning up neutron health_monitor objects
2019-06-13 11:33:31.911 18993 RALLYDEBUG rally_openstack.cleanup.manager [-] Cleaning up neutron pool objects
2019-06-13 11:33:32.665 18993 RALLYDEBUG rally_openstack.cleanup.manager [-] Cleaning up neutron loadbalancer objects
2019-06-13 11:33:33.313 18993 RALLYDEBUG rally_openstack.cleanup.manager [-] Cleaning up neutron floatingip objects
2019-06-13 11:33:34.112 18993 RALLYDEBUG rally_openstack.cleanup.manager [-] Cleaning up neutron port objects
2019-06-13 11:33:35.106 18993 RALLYDEBUG rally_openstack.cleanup.manager [-] Cleaning up neutron subnet objects
2019-06-13 11:33:35.867 18993 RALLYDEBUG rally_openstack.cleanup.manager [-] Cleaning up neutron network objects
2019-06-13 11:33:36.866 18993 RALLYDEBUG rally_openstack.cleanup.manager [-] Deleting neutron.network object s_rally_154cc905_MliJRakH (00584bb7-0b2d-41a9-a67f-50a7b0b17772)
2019-06-13 11:33:36.873 18993 RALLYDEBUG rally_openstack.cleanup.manager [-] Deleting neutron.network object s_rally_154cc905_SIittHR0 (1feff659-dcc3-4a40-8494-bafedbcb6b84)
2019-06-13 11:33:36.875 18993 RALLYDEBUG rally_openstack.cleanup.manager [-] Deleting neutron.network object s_rally_154cc905_3QTqJXIH (1c58ba17-91ae-4ba3-b14c-a1509794c025)
2019-06-13 11:33:36.877 18993 RALLYDEBUG rally_openstack.cleanup.manager [-] Deleting neutron.network object s_rally_154cc905_N1qZDKDT (230408b2-903f-421f-a554-5aca85a08150)
2019-06-13 11:33:36.882 18993 RALLYDEBUG rally_openstack.cleanup.manager [-] Deleting neutron.network object s_rally_154cc905_53TJ5tta (2a97c703-bdee-40e3-be1a-54edad25c331)
2019-06-13 11:33:36.889 18993 RALLYDEBUG rally_openstack.cleanup.manager [-] Deleting neutron.network object s_rally_154cc905_sHHs4Wyh (23e6b8f4-fc2a-499b-8662-e8d2004f0808)
2019-06-13 11:33:36.900 18993 RALLYDEBUG rally_openstack.cleanup.manager [-] Deleting neutron.network object s_rally_154cc905_k2pdG6NF (2e34871a-c078-4b15-983b-ba2621335934)
2019-06-13 11:33:36.911 18993 RALLYDEBUG rally_openstack.cleanup.manager [-] Deleting neutron.network object s_rally_154cc905_zoTOnlkO (0d7fccc2-11d1-40ae-bc7a-299678b65242)
2019-06-13 11:33:36.939 18993 RALLYDEBUG rally_openstack.cleanup.manager [-] Deleting neutron.network object s_rally_154cc905_aQbTcT5u (6b4446bb-4685-4c75-a773-047393ff5c67)
2019-06-13 11:33:36.943 18993 RALLYDEBUG rally_openstack.cleanup.manager [-] Deleting neutron.network object s_rally_154cc905_C7P8go75 (44b4ec34-4420-4565-b7be-315aa40ee36e)
2019-06-13 11:33:36.949 18993 RALLYDEBUG rally_openstack.cleanup.manager [-] Deleting neutron.network object s_rally_154cc905_NKCrYllV (48f567e8-68c4-4295-8c15-e522aa6e2521)
2019-06-13 11:33:36.956 18993 RALLYDEBUG rally_openstack.cleanup.manager [-] Deleting neutron.network object s_rally_154cc905_mhUjmmcw (75f29fcb-b5cf-4eaf-9435-05887433ac47)
2019-06-13 11:33:36.957 18993 RALLYDEBUG rally_openstack.cleanup.manager [-] Deleting neutron.network object s_rally_154cc905_cvtIjpNl (32ca391a-69d4-4304-9c5c-93de3a235718)
2019-06-13 11:33:36.980 18993 RALLYDEBUG rally_openstack.cleanup.manager [-] Deleting neutron.network object s_rally_154cc905_fW44oezc (92739a86-50dc-4f2d-a874-92573d80e9ce)
2019-06-13 11:33:36.993 18993 RALLYDEBUG rally_openstack.cleanup.manager [-] Deleting neutron.network object s_rally_154cc905_dtl3YMR0 (81643abb-6a12-4934-9312-32ee13289ee8)
2019-06-13 11:33:37.010 18993 RALLYDEBUG rally_openstack.cleanup.manager [-] Deleting neutron.network object s_rally_154cc905_YXOMGIja (92bdc23d-d44f-4f32-8884-2277adfdb83f)
2019-06-13 11:33:37.038 18993 RALLYDEBUG rally_openstack.cleanup.manager [-] Deleting neutron.network object s_rally_154cc905_v0mignVs (999cbfdf-bfed-4212-81f0-f476a17b2df3)
2019-06-13 11:33:37.040 18993 RALLYDEBUG rally_openstack.cleanup.manager [-] Deleting neutron.network object s_rally_154cc905_d7ohQYYc (93e87a18-74d6-40a8-9665-c63bc38d4f64)
2019-06-13 11:33:37.046 18993 RALLYDEBUG rally_openstack.cleanup.manager [-] Deleting neutron.network object s_rally_154cc905_quqfhJoU (9af6abbf-9c10-47b4-a494-917e70190bfe)
2019-06-13 11:33:37.074 18993 RALLYDEBUG rally_openstack.cleanup.manager [-] Deleting neutron.network object s_rally_154cc905_Xpi6Dpba (a70ac7d0-0d43-4621-8add-684986ef8e96)
2019-06-13 11:33:40.345 18993 RALLYDEBUG rally_openstack.cleanup.manager [-] Deleting neutron.network object s_rally_154cc905_TNhz92Eq (a824fd08-3949-4b6f-a89f-f713a6d0535c)
2019-06-13 11:33:40.530 18993 RALLYDEBUG rally_openstack.cleanup.manager [-] Deleting neutron.network object s_rally_154cc905_CEIgPyqH (b6440326-5088-4b39-b830-289e9efc9526)
2019-06-13 11:33:40.570 18993 RALLYDEBUG rally_openstack.cleanup.manager [-] Deleting neutron.network object s_rally_154cc905_8rApsAoh (ba2fb209-5707-4fce-971f-9efc2a9fb8aa)
2019-06-13 11:33:40.635 18993 RALLYDEBUG rally_openstack.cleanup.manager [-] Deleting neutron.network object s_rally_154cc905_DRf9TEFL (bacef0ba-f0cc-49cd-a6c5-199abe2d57be)
2019-06-13 11:33:40.654 18993 RALLYDEBUG rally_openstack.cleanup.manager [-] Deleting neutron.network object s_rally_154cc905_qgIlHJAY (c4d006d1-4c5c-42df-93ad-1ef069158696)
2019-06-13 11:33:40.767 18993 RALLYDEBUG rally_openstack.cleanup.manager [-] Deleting neutron.network object s_rally_154cc905_oTXP5xTn (c72d9f9a-8fc2-4484-8d64-7d5a75404b28)
2019-06-13 11:33:40.780 18993 RALLYDEBUG rally_openstack.cleanup.manager [-] Deleting neutron.network object s_rally_154cc905_fEhOXhct (d14eb700-1adf-413c-b563-0ba5bbd4b5cd)
2019-06-13 11:33:40.843 18993 RALLYDEBUG rally_openstack.cleanup.manager [-] Deleting neutron.network object s_rally_154cc905_5Y5zrbnz (d3020044-f9d1-400d-ad18-5fcd871fcebf)
2019-06-13 11:33:40.862 18993 RALLYDEBUG rally_openstack.cleanup.manager [-] Deleting neutron.network object s_rally_154cc905_ApysXtV1 (d5a59ba3-80ef-400b-a023-04622cd75607)
2019-06-13 11:33:40.969 18993 RALLYDEBUG rally_openstack.cleanup.manager [-] Deleting neutron.network object s_rally_154cc905_0UArvOEs (dace9b4a-fa3c-4300-8beb-385eb83855a6)
2019-06-13 11:33:40.988 18993 RALLYDEBUG rally_openstack.cleanup.manager [-] Deleting neutron.network object s_rally_154cc905_HJyFCxHR (dcebc347-efee-48a8-a315-46c7488ae166)
2019-06-13 11:33:41.099 18993 RALLYDEBUG rally_openstack.cleanup.manager [-] Deleting neutron.network object s_rally_154cc905_NsVloPbT (e4e26ff8-ba88-4ce4-82e8-b1d68d325bcd)
2019-06-13 11:33:41.105 18993 RALLYDEBUG rally_openstack.cleanup.manager [-] Deleting neutron.network object s_rally_154cc905_dobLMGP6 (e7eb4d68-30f6-432a-b4f9-0dc35e1e7b87)
2019-06-13 11:33:41.132 18993 RALLYDEBUG rally_openstack.cleanup.manager [-] Deleting neutron.network object s_rally_154cc905_eetmlyj1 (e92c4d91-f1c0-4aef-8f8b-1368c02ba6e3)
2019-06-13 11:33:41.162 18993 RALLYDEBUG rally_openstack.cleanup.manager [-] Deleting neutron.network object s_rally_154cc905_Lv0tWyJe (f1d422ec-bea7-4045-be6c-701517894391)
2019-06-13 11:33:41.276 18993 RALLYDEBUG rally_openstack.cleanup.manager [-] Deleting neutron.network object s_rally_154cc905_UrfhrWyP (f52818dd-de47-47f9-963d-727a12b0c9ee)
2019-06-13 11:33:41.776 18993 RALLYDEBUG rally_openstack.cleanup.manager [-] Deleting neutron.network object s_rally_154cc905_4spyJ1si (f74ee631-5f04-4e4f-b37a-334ce3a9d338)
2019-06-13 11:33:41.779 18993 RALLYDEBUG rally_openstack.cleanup.manager [-] Deleting neutron.network object s_rally_154cc905_2TlqX4Yf (f9426d7f-3cd9-4a10-82a0-e7754e0a1ca8)
2019-06-13 11:33:41.900 18993 RALLYDEBUG rally_openstack.cleanup.manager [-] Deleting neutron.network object s_rally_154cc905_fCtRUQVY (f9e8581e-38e5-4078-862b-490294ef0314)
2019-06-13 11:33:41.913 18993 RALLYDEBUG rally_openstack.cleanup.manager [-] Deleting neutron.network object s_rally_154cc905_RVHIeBLV (fb5ccedf-3142-436e-868e-5afd80a2d97f)
2019-06-13 11:33:46.674 18993 RALLYDEBUG rally_openstack.cleanup.manager [-] Cleaning up neutron router objects
2019-06-13 11:33:47.608 18993 RALLYDEBUG rally_openstack.cleanup.manager [-] Cleaning up neutron security_group objects
2019-06-13 11:33:48.311 18993 INFO rally.task.context [-] Task 1836ec61-b174-4e37-a43f-35046998c7a2 | Context cleanup@openstack cleanup() finished in 17.89 sec
2019-06-13 11:33:48.311 18993 INFO rally.task.context [-] Task 1836ec61-b174-4e37-a43f-35046998c7a2 | Context quotas@openstack cleanup() started
2019-06-13 11:33:48.639 18993 INFO rally.task.context [-] Task 1836ec61-b174-4e37-a43f-35046998c7a2 | Context quotas@openstack cleanup() finished in 0.33 sec
2019-06-13 11:33:48.640 18993 INFO rally.task.context [-] Task 1836ec61-b174-4e37-a43f-35046998c7a2 | Context users@openstack cleanup() started
2019-06-13 11:33:53.784 18993 INFO rally.task.context [-] Task 1836ec61-b174-4e37-a43f-35046998c7a2 | Context users@openstack cleanup() finished in 5.14 sec
2019-06-13 11:33:53.833 18993 INFO rally.task.engine [-] Load duration is: 39.243821
2019-06-13 11:33:53.834 18993 INFO rally.task.engine [-] Full runner duration is: 39.298828
2019-06-13 11:33:53.834 18993 INFO rally.task.engine [-] Full duration is: 68.215811
2019-06-13 11:33:54.082 18993 INFO rally.task.engine [-] Running workload: position = 0 config = { "version": 2, "title": "A cropped version of a bigger task.", "description": "Auto-generated task from a single workload (uuid=db0183c4-3383-44ad-bb47-d7a7b664e934)", "subtasks": [ { "title": "Quotas.neutron_update", "description": "Update quotas for neutron.", "scenario": { "Quotas.neutron_update": { "max_quota": 1024 } }, "contexts": { "users": { "tenants": 20, "users_per_tenant": 1 } }, "runner": { "constant": { "times": 40, "concurrency": 20 } }, "hooks": [], "sla": { "failure_rate": { "max": 0 } } } ] }
2019-06-13 11:33:54.105 18993 RALLYDEBUG rally_openstack.contexts.keystone.users [-] Creating 20 tenants using 20 threads
2019-06-13 11:33:56.900 18993 RALLYDEBUG rally_openstack.contexts.keystone.users [-] Creating 20 users using 20 threads
2019-06-13 11:34:00.505 18993 INFO rally.task.context [-] Task 1836ec61-b174-4e37-a43f-35046998c7a2 | Context users@openstack setup() finished in 6.40 sec
2019-06-13 11:34:00.506 18993 INFO rally.task.context [-] Task 1836ec61-b174-4e37-a43f-35046998c7a2 | Context admin_cleanup@openstack setup() finished in 0.01 msec
2019-06-13 11:34:00.513 18993 RALLYDEBUG rally.task.runner [-] Starting the constant runner (task UUID: 1836ec61-b174-4e37-a43f-35046998c7a2). timeout: 0 concurrency: 20 concurrency_per_worker: 1 times: 40 concurrency_overhead: 4 processes_to_start: 16 max_cpu_used: 16
2019-06-13 11:34:00.528 23609 RALLYDEBUG rally.task.runner [-] Starting a worker. concurrency: 2 args: {"max_quota": 1024} times: 40 method_name: run timeout: 0 duration: None cls:
2019-06-13 11:34:00.532 23611 RALLYDEBUG rally.task.runner [-] Starting a worker. concurrency: 2 args: {"max_quota": 1024} times: 40 method_name: run timeout: 0 duration: None cls:
2019-06-13 11:34:00.532 23610 RALLYDEBUG rally.task.runner [-] Starting a worker. concurrency: 2 args: {"max_quota": 1024} times: 40 method_name: run timeout: 0 duration: None cls:
2019-06-13 11:34:00.534 23612 RALLYDEBUG rally.task.runner [-] Starting a worker. concurrency: 2 args: {"max_quota": 1024} times: 40 method_name: run timeout: 0 duration: None cls:
2019-06-13 11:34:00.539 23613 RALLYDEBUG rally.task.runner [-] Starting a worker. concurrency: 1 args: {"max_quota": 1024} times: 40 method_name: run timeout: 0 duration: None cls:
2019-06-13 11:34:00.541 23614 RALLYDEBUG rally.task.runner [-] Starting a worker. concurrency: 1 args: {"max_quota": 1024} times: 40 method_name: run timeout: 0 duration: None cls:
2019-06-13 11:34:00.547 23615 RALLYDEBUG rally.task.runner [-] Starting a worker. concurrency: 1 args: {"max_quota": 1024} times: 40 method_name: run timeout: 0 duration: None cls:
2019-06-13 11:34:00.548 23611 INFO rally.task.runner [-] Task 1836ec61-b174-4e37-a43f-35046998c7a2 | ITER: 2 START
2019-06-13 11:34:00.548 23612 INFO rally.task.runner [-] Task 1836ec61-b174-4e37-a43f-35046998c7a2 | ITER: 4 START
2019-06-13 11:34:00.549 23613 INFO rally.task.runner [-] Task 1836ec61-b174-4e37-a43f-35046998c7a2 | ITER: 6 START
2019-06-13 11:34:00.550 23618 RALLYDEBUG rally.task.runner [-] Starting a worker. concurrency: 1 args: {"max_quota": 1024} times: 40 method_name: run timeout: 0 duration: None cls:
2019-06-13 11:34:00.552 23609 INFO rally.task.runner [-] Task 1836ec61-b174-4e37-a43f-35046998c7a2 | ITER: 1 START
2019-06-13 11:34:00.554 23610 INFO rally.task.runner [-] Task 1836ec61-b174-4e37-a43f-35046998c7a2 | ITER: 3 START
2019-06-13 11:34:00.556 23624 RALLYDEBUG rally.task.runner [-] Starting a worker. concurrency: 1 args: {"max_quota": 1024} times: 40 method_name: run timeout: 0 duration: None cls:
2019-06-13 11:34:00.559 23612 INFO rally.task.runner [-] Task 1836ec61-b174-4e37-a43f-35046998c7a2 | ITER: 8 START
2019-06-13 11:34:00.559 23609 INFO rally.task.runner [-] Task 1836ec61-b174-4e37-a43f-35046998c7a2 | ITER: 7 START
2019-06-13 11:34:00.559 23626 RALLYDEBUG rally.task.runner [-] Starting a worker. concurrency: 1 args: {"max_quota": 1024} times: 40 method_name: run timeout: 0 duration: None cls:
2019-06-13 11:34:00.555 23610 INFO rally.task.runner [-] Task 1836ec61-b174-4e37-a43f-35046998c7a2 | ITER: 10 START
2019-06-13 11:34:00.560 23611 INFO rally.task.runner [-] Task 1836ec61-b174-4e37-a43f-35046998c7a2 | ITER: 5 START
2019-06-13 11:34:00.562 23614 INFO rally.task.runner [-] Task 1836ec61-b174-4e37-a43f-35046998c7a2 | ITER: 9 START
2019-06-13 11:34:00.564 23618 INFO rally.task.runner [-] Task 1836ec61-b174-4e37-a43f-35046998c7a2 | ITER: 12 START
2019-06-13 11:34:00.565 23635 RALLYDEBUG rally.task.runner [-] Starting a worker. concurrency: 1 args: {"max_quota": 1024} times: 40 method_name: run timeout: 0 duration: None cls:
2019-06-13 11:34:00.567 23624 INFO rally.task.runner [-] Task 1836ec61-b174-4e37-a43f-35046998c7a2 | ITER: 13 START
2019-06-13 11:34:00.567 23634 RALLYDEBUG rally.task.runner [-] Starting a worker. concurrency: 1 args: {"max_quota": 1024} times: 40 method_name: run timeout: 0 duration: None cls:
2019-06-13 11:34:00.568 23630 RALLYDEBUG rally.task.runner [-] Starting a worker. concurrency: 1 args: {"max_quota": 1024} times: 40 method_name: run timeout: 0 duration: None cls:
2019-06-13 11:34:00.571 23626 INFO rally.task.runner [-] Task 1836ec61-b174-4e37-a43f-35046998c7a2 | ITER: 14 START
2019-06-13 11:34:00.574 23615 INFO rally.task.runner [-] Task 1836ec61-b174-4e37-a43f-35046998c7a2 | ITER: 11 START
2019-06-13 11:34:00.574 23641 RALLYDEBUG rally.task.runner [-] Starting a worker. concurrency: 1 args: {"max_quota": 1024} times: 40 method_name: run timeout: 0 duration: None cls:
2019-06-13 11:34:00.577 23635 INFO rally.task.runner [-] Task 1836ec61-b174-4e37-a43f-35046998c7a2 | ITER: 15 START
2019-06-13 11:34:00.578 23634 INFO rally.task.runner [-] Task 1836ec61-b174-4e37-a43f-35046998c7a2 | ITER: 16 START
2019-06-13 11:34:00.580 23630 INFO rally.task.runner [-] Task 1836ec61-b174-4e37-a43f-35046998c7a2 | ITER: 17 START
2019-06-13 11:34:00.584 23641 INFO rally.task.runner [-] Task 1836ec61-b174-4e37-a43f-35046998c7a2 | ITER: 18 START
2019-06-13 11:34:00.587 23648 RALLYDEBUG rally.task.runner [-] Starting a worker. concurrency: 1 args: {"max_quota": 1024} times: 40 method_name: run timeout: 0 duration: None cls:
2019-06-13 11:34:00.593 23648 INFO rally.task.runner [-] Task 1836ec61-b174-4e37-a43f-35046998c7a2 | ITER: 19 START
2019-06-13 11:34:00.593 23652 RALLYDEBUG rally.task.runner [-] Starting a worker. concurrency: 1 args: {"max_quota": 1024} times: 40 method_name: run timeout: 0 duration: None cls:
2019-06-13 11:34:00.601 23652 INFO rally.task.runner [-] Task 1836ec61-b174-4e37-a43f-35046998c7a2 | ITER: 20 START
2019-06-13 11:34:02.205 23609 INFO rally.task.runner [-] Task 1836ec61-b174-4e37-a43f-35046998c7a2 | ITER: 7 END: OK
2019-06-13 11:34:02.211 23609 INFO rally.task.runner [-] Task 1836ec61-b174-4e37-a43f-35046998c7a2 | ITER: 21 START
2019-06-13 11:34:02.351 23611 INFO rally.task.runner [-] Task 1836ec61-b174-4e37-a43f-35046998c7a2 | ITER: 5 END: OK
2019-06-13 11:34:02.357 23611 INFO rally.task.runner [-] Task 1836ec61-b174-4e37-a43f-35046998c7a2 | ITER: 22 START
2019-06-13 11:34:02.519 23613 INFO rally.task.runner [-] Task 1836ec61-b174-4e37-a43f-35046998c7a2 | ITER: 6 END: OK
2019-06-13 11:34:02.525 23613 INFO rally.task.runner [-] Task 1836ec61-b174-4e37-a43f-35046998c7a2 | ITER: 23 START
2019-06-13 11:34:02.719 23610 INFO rally.task.runner [-] Task 1836ec61-b174-4e37-a43f-35046998c7a2 | ITER: 3 END: OK
2019-06-13 11:34:02.726 23610 INFO rally.task.runner [-] Task 1836ec61-b174-4e37-a43f-35046998c7a2 | ITER: 24 START
2019-06-13 11:34:02.794 23624 INFO rally.task.runner [-] Task 1836ec61-b174-4e37-a43f-35046998c7a2 | ITER: 13 END: OK
2019-06-13 11:34:02.801 23624 INFO rally.task.runner [-] Task 1836ec61-b174-4e37-a43f-35046998c7a2 | ITER: 25 START
2019-06-13 11:34:02.826 23630 INFO rally.task.runner [-] Task 1836ec61-b174-4e37-a43f-35046998c7a2 | ITER: 17 END: OK
2019-06-13 11:34:02.833 23630 INFO rally.task.runner [-] Task 1836ec61-b174-4e37-a43f-35046998c7a2 | ITER: 26 START
2019-06-13 11:34:02.841 23618 INFO rally.task.runner [-] Task 1836ec61-b174-4e37-a43f-35046998c7a2 | ITER: 12 END: OK
2019-06-13 11:34:02.847 23618 INFO rally.task.runner [-] Task 1836ec61-b174-4e37-a43f-35046998c7a2 | ITER: 27 START
2019-06-13 11:34:02.855 23614 INFO rally.task.runner [-] Task 1836ec61-b174-4e37-a43f-35046998c7a2 | ITER: 9 END: OK
2019-06-13 11:34:02.862 23614 INFO rally.task.runner [-] Task 1836ec61-b174-4e37-a43f-35046998c7a2 | ITER: 28 START
2019-06-13 11:34:02.874 23610 INFO rally.task.runner [-] Task 1836ec61-b174-4e37-a43f-35046998c7a2 | ITER: 10 END: OK
2019-06-13 11:34:02.880 23610 INFO rally.task.runner [-] Task 1836ec61-b174-4e37-a43f-35046998c7a2 | ITER: 29 START
2019-06-13 11:34:02.900 23635 INFO rally.task.runner [-] Task 1836ec61-b174-4e37-a43f-35046998c7a2 | ITER: 15 END: OK
2019-06-13 11:34:02.906 23635 INFO rally.task.runner [-] Task 1836ec61-b174-4e37-a43f-35046998c7a2 | ITER: 30 START
2019-06-13 11:34:02.934 23648 INFO rally.task.runner [-] Task 1836ec61-b174-4e37-a43f-35046998c7a2 | ITER: 19 END: OK
2019-06-13 11:34:02.940 23648 INFO rally.task.runner [-] Task 1836ec61-b174-4e37-a43f-35046998c7a2 | ITER: 31 START
2019-06-13 11:34:02.946 23609 INFO rally.task.runner [-] Task 1836ec61-b174-4e37-a43f-35046998c7a2 | ITER: 1 END: OK
2019-06-13 11:34:02.952 23609 INFO rally.task.runner [-] Task 1836ec61-b174-4e37-a43f-35046998c7a2 | ITER: 32 START
2019-06-13 11:34:02.958 23641 INFO rally.task.runner [-] Task 1836ec61-b174-4e37-a43f-35046998c7a2 | ITER: 18 END: OK
2019-06-13 11:34:02.965 23641 INFO rally.task.runner [-] Task 1836ec61-b174-4e37-a43f-35046998c7a2 | ITER: 33 START
2019-06-13 11:34:02.970 23612 INFO rally.task.runner [-] Task 1836ec61-b174-4e37-a43f-35046998c7a2 | ITER: 8 END: OK
2019-06-13 11:34:02.979 23612 INFO rally.task.runner [-] Task 1836ec61-b174-4e37-a43f-35046998c7a2 | ITER: 34 START
2019-06-13 11:34:02.983 23626 INFO rally.task.runner [-] Task 1836ec61-b174-4e37-a43f-35046998c7a2 | ITER: 14 END: OK
2019-06-13 11:34:02.988 23626 INFO rally.task.runner [-] Task 1836ec61-b174-4e37-a43f-35046998c7a2 | ITER: 35 START
2019-06-13 11:34:03.039 23615 INFO rally.task.runner [-] Task 1836ec61-b174-4e37-a43f-35046998c7a2 | ITER: 11 END: OK
2019-06-13 11:34:03.044 23615 INFO rally.task.runner [-] Task 1836ec61-b174-4e37-a43f-35046998c7a2 | ITER: 36 START
2019-06-13 11:34:03.053 23634 INFO rally.task.runner [-] Task 1836ec61-b174-4e37-a43f-35046998c7a2 | ITER: 16 END: OK
2019-06-13 11:34:03.057 23634 INFO rally.task.runner [-] Task 1836ec61-b174-4e37-a43f-35046998c7a2 | ITER: 37 START
2019-06-13 11:34:03.078 23612 INFO rally.task.runner [-] Task 1836ec61-b174-4e37-a43f-35046998c7a2 | ITER: 4 END: OK
2019-06-13 11:34:03.084 23612 INFO rally.task.runner [-] Task 1836ec61-b174-4e37-a43f-35046998c7a2 | ITER: 38 START
2019-06-13 11:34:03.113 23652 INFO rally.task.runner [-] Task 1836ec61-b174-4e37-a43f-35046998c7a2 | ITER: 20 END: OK
2019-06-13 11:34:03.117 23652 INFO rally.task.runner [-] Task 1836ec61-b174-4e37-a43f-35046998c7a2 | ITER: 39 START
2019-06-13 11:34:03.152 23611 INFO rally.task.runner [-] Task 1836ec61-b174-4e37-a43f-35046998c7a2 | ITER: 2 END: OK
2019-06-13 11:34:03.156 23611 INFO rally.task.runner [-] Task 1836ec61-b174-4e37-a43f-35046998c7a2 | ITER: 40 START
2019-06-13 11:34:03.336 23609 INFO rally.task.runner [-] Task 1836ec61-b174-4e37-a43f-35046998c7a2 | ITER: 21 END: OK
2019-06-13 11:34:03.395 23611 INFO rally.task.runner [-] Task 1836ec61-b174-4e37-a43f-35046998c7a2 | ITER: 22 END: OK
2019-06-13 11:34:03.746 23613 INFO rally.task.runner [-] Task 1836ec61-b174-4e37-a43f-35046998c7a2 | ITER: 23 END: OK
2019-06-13 11:34:04.568 23630 INFO rally.task.runner [-] Task 1836ec61-b174-4e37-a43f-35046998c7a2 | ITER: 26 END: OK
2019-06-13 11:34:04.639 23648 INFO rally.task.runner [-] Task 1836ec61-b174-4e37-a43f-35046998c7a2 | ITER: 31 END: OK
2019-06-13 11:34:04.706 23618 INFO rally.task.runner [-] Task 1836ec61-b174-4e37-a43f-35046998c7a2 | ITER: 27 END: OK
2019-06-13 11:34:05.066 23612 INFO rally.task.runner [-] Task 1836ec61-b174-4e37-a43f-35046998c7a2 | ITER: 34 END: OK
2019-06-13 11:34:05.078 23609 INFO rally.task.runner [-] Task 1836ec61-b174-4e37-a43f-35046998c7a2 | ITER: 32 END: OK
2019-06-13 11:34:05.101 23610 INFO rally.task.runner [-] Task 1836ec61-b174-4e37-a43f-35046998c7a2 | ITER: 29 END: OK
2019-06-13 11:34:05.113 23641 INFO rally.task.runner [-] Task 1836ec61-b174-4e37-a43f-35046998c7a2 | ITER: 33 END: OK
2019-06-13 11:34:05.152 23624 INFO rally.task.runner [-] Task 1836ec61-b174-4e37-a43f-35046998c7a2 | ITER: 25 END: OK
2019-06-13 11:34:05.202 23610 INFO rally.task.runner [-] Task 1836ec61-b174-4e37-a43f-35046998c7a2 | ITER: 24 END: OK
2019-06-13 11:34:05.226 23614 INFO rally.task.runner [-] Task 1836ec61-b174-4e37-a43f-35046998c7a2 | ITER: 28 END: OK
2019-06-13 11:34:05.251 23612 INFO rally.task.runner [-] Task 1836ec61-b174-4e37-a43f-35046998c7a2 | ITER: 38 END: OK
2019-06-13 11:34:05.275 23634 INFO rally.task.runner [-] Task 1836ec61-b174-4e37-a43f-35046998c7a2 | ITER: 37 END: OK
2019-06-13 11:34:05.289 23635 INFO rally.task.runner [-] Task 1836ec61-b174-4e37-a43f-35046998c7a2 | ITER: 30 END: OK
2019-06-13 11:34:05.383 23652 INFO rally.task.runner [-] Task 1836ec61-b174-4e37-a43f-35046998c7a2 | ITER: 39 END: OK
2019-06-13 11:34:05.449 23626 INFO rally.task.runner [-] Task 1836ec61-b174-4e37-a43f-35046998c7a2 | ITER: 35 END: OK
2019-06-13 11:34:05.478 23615 INFO rally.task.runner [-] Task 1836ec61-b174-4e37-a43f-35046998c7a2 | ITER: 36 END: OK
2019-06-13 11:34:05.496 23611 INFO rally.task.runner [-] Task 1836ec61-b174-4e37-a43f-35046998c7a2 | ITER: 40 END: OK
2019-06-13 11:34:05.519 18993 INFO rally.task.context [-] Task 1836ec61-b174-4e37-a43f-35046998c7a2 | Context admin_cleanup@openstack cleanup() started
2019-06-13 11:34:05.521 18993 RALLYDEBUG rally_openstack.cleanup.manager [-] Cleaning up neutron quota objects
2019-06-13 11:34:10.383 18993 INFO rally.task.context [-] Task 1836ec61-b174-4e37-a43f-35046998c7a2 | Context admin_cleanup@openstack cleanup() finished in 4.86 sec
2019-06-13 11:34:10.384 18993 INFO rally.task.context [-] Task 1836ec61-b174-4e37-a43f-35046998c7a2 | Context users@openstack cleanup() started
2019-06-13 11:34:41.593 18993 INFO rally.task.context [-] Task 1836ec61-b174-4e37-a43f-35046998c7a2 | Context users@openstack cleanup() finished in 31.21 sec
2019-06-13 11:34:42.545 18993 INFO rally.task.engine [-] Load duration is: 4.946572
2019-06-13 11:34:42.546 18993 INFO rally.task.engine [-] Full runner duration is: 5.006761
2019-06-13 11:34:42.546 18993 INFO rally.task.engine [-] Full duration is: 47.490568
2019-06-13 11:34:42.789 18993 INFO rally.task.engine [-] Running workload: position = 0 config = { "version": 2, "title": "A cropped version of a bigger task.", "description": "Auto-generated task from a single workload (uuid=1908adcd-4900-4dda-902f-457a59994952)", "subtasks": [ { "title": "NeutronTrunks.create_and_list_trunk_subports", "description": "", "scenario": { "NeutronTrunks.create_and_list_trunk_subports": { "subport_count": 125 } }, "contexts": { "users": { "tenants": 1, "users_per_tenant": 1 }, "quotas": { "neutron": { "network": -1, "port": 1000 } } }, "runner": { "constant": { "times": 4, "concurrency": 4 } }, "hooks": [], "sla": { "failure_rate": { "max": 0 } } } ] }
2019-06-13 11:34:42.812 18993 RALLYDEBUG rally_openstack.contexts.keystone.users [-] Creating 1 tenants using 20 threads
2019-06-13 11:34:44.559 18993 RALLYDEBUG rally_openstack.contexts.keystone.users [-] Creating 1 users using 20 threads
2019-06-13 11:34:47.132 18993 INFO rally.task.context [-] Task 1836ec61-b174-4e37-a43f-35046998c7a2 | Context users@openstack setup() finished in 4.32 sec
2019-06-13 11:34:47.939 18993 INFO rally.task.context [-] Task 1836ec61-b174-4e37-a43f-35046998c7a2 | Context quotas@openstack setup() finished in 0.81 sec
2019-06-13 11:34:47.940 18993 INFO rally.task.context [-] Task 1836ec61-b174-4e37-a43f-35046998c7a2 | Context cleanup@openstack setup() finished in 0.00 msec
2019-06-13 11:34:47.947 18993 RALLYDEBUG rally.task.runner [-] Starting the constant runner (task UUID: 1836ec61-b174-4e37-a43f-35046998c7a2). timeout: 0 concurrency: 4 concurrency_per_worker: 1 times: 4 concurrency_overhead: 0 processes_to_start: 4 max_cpu_used: 16
2019-06-13 11:34:47.961 23799 RALLYDEBUG rally.task.runner [-] Starting a worker. concurrency: 1 args: {"subport_count": 125} times: 4 method_name: run timeout: 0 duration: None cls:
2019-06-13 11:34:47.963 23800 RALLYDEBUG rally.task.runner [-] Starting a worker. concurrency: 1 args: {"subport_count": 125} times: 4 method_name: run timeout: 0 duration: None cls:
2019-06-13 11:34:47.966 23799 INFO rally.task.runner [-] Task 1836ec61-b174-4e37-a43f-35046998c7a2 | ITER: 1 START
2019-06-13 11:34:47.967 23801 RALLYDEBUG rally.task.runner [-] Starting a worker. concurrency: 1 args: {"subport_count": 125} times: 4 method_name: run timeout: 0 duration: None cls:
2019-06-13 11:34:47.969 23800 INFO rally.task.runner [-] Task 1836ec61-b174-4e37-a43f-35046998c7a2 | ITER: 2 START
2019-06-13 11:34:47.969 23802 RALLYDEBUG rally.task.runner [-] Starting a worker. concurrency: 1 args: {"subport_count": 125} times: 4 method_name: run timeout: 0 duration: None cls:
2019-06-13 11:34:47.975 23801 INFO rally.task.runner [-] Task 1836ec61-b174-4e37-a43f-35046998c7a2 | ITER: 3 START
2019-06-13 11:34:47.975 23802 INFO rally.task.runner [-] Task 1836ec61-b174-4e37-a43f-35046998c7a2 | ITER: 4 START
2019-06-13 11:39:33.739 23800 DEBUG neutronclient.v2_0.client [-] Error message:

504 Gateway Time-out

The server didn't respond in time. _handle_fault_response /usr/lib/python2.7/site-packages/neutronclient/v2_0/client.py:259
2019-06-13 11:39:33.746 23800 ERROR rally.task.runner [-] Iteration 2 raised Exception: NeutronClientException:

504 Gateway Time-out

The server didn't respond in time.
2019-06-13 11:39:33.746 23800 ERROR rally.task.runner
Traceback (most recent call last):
2019-06-13 11:39:33.746 23800 ERROR rally.task.runner
File "/usr/lib/python2.7/site-packages/rally/task/runner.py", line 71, in _run_scenario_once
2019-06-13 11:39:33.746 23800 ERROR rally.task.runner getattr(scenario_inst, method_name)(**scenario_kwargs)
2019-06-13 11:39:33.746 23800 ERROR rally.task.runner
File "/root/.rally/plugins/trunk_scenario.py", line 41, in run
2019-06-13 11:39:33.746 23800 ERROR rally.task.runner trunk = self._create_trunk(trunk_payload)
2019-06-13 11:39:33.746 23800 ERROR rally.task.runner
File "/usr/lib/python2.7/site-packages/rally/task/atomic.py", line 91, in func_atomic_actions
2019-06-13 11:39:33.746 23800 ERROR rally.task.runner f = func(self, *args, **kwargs)
2019-06-13 11:39:33.746 23800 ERROR rally.task.runner
File "/root/.rally/plugins/trunk_scenario.py", line 53, in _create_trunk
2019-06-13 11:39:33.746 23800 ERROR rally.task.runner return self.clients("neutron").create_trunk({'trunk': trunk_payload})
2019-06-13 11:39:33.746 23800 ERROR rally.task.runner
File "/usr/lib/python2.7/site-packages/neutronclient/v2_0/client.py", line 2091, in create_trunk
2019-06-13 11:39:33.746 23800 ERROR rally.task.runner return self.post(self.trunks_path, body=body)
2019-06-13 11:39:33.746 23800 ERROR rally.task.runner
File "/usr/lib/python2.7/site-packages/neutronclient/v2_0/client.py", line 359, in post
2019-06-13 11:39:33.746 23800 ERROR rally.task.runner headers=headers, params=params)
2019-06-13 11:39:33.746 23800 ERROR rally.task.runner
File "/usr/lib/python2.7/site-packages/neutronclient/v2_0/client.py", line 294, in do_request
2019-06-13 11:39:33.746 23800 ERROR rally.task.runner self._handle_fault_response(status_code, replybody, resp)
2019-06-13 11:39:33.746 23800 ERROR rally.task.runner
File "/usr/lib/python2.7/site-packages/neutronclient/v2_0/client.py", line 269, in _handle_fault_response
2019-06-13 11:39:33.746 23800 ERROR rally.task.runner exception_handler_v20(status_code, error_body)
2019-06-13 11:39:33.746 23800 ERROR rally.task.runner
File "/usr/lib/python2.7/site-packages/neutronclient/v2_0/client.py", line 93, in exception_handler_v20
2019-06-13 11:39:33.746 23800 ERROR rally.task.runner request_ids=request_ids)
2019-06-13 11:39:33.746 23800 ERROR rally.task.runner NeutronClientException:

504 Gateway Time-out

2019-06-13 11:39:33.746 23800 ERROR rally.task.runner The server didn't respond in time.
2019-06-13 11:39:33.746 23800 ERROR rally.task.runner
2019-06-13 11:39:33.746 23800 ERROR rally.task.runner
2019-06-13 11:39:33.746 23800 ERROR rally.task.runner
2019-06-13 11:39:33.748 23800 INFO rally.task.runner [-] Task 1836ec61-b174-4e37-a43f-35046998c7a2 | ITER: 2 END: Error NeutronClientException:

504 Gateway Time-out

The server didn't respond in time.
2019-06-13 11:39:33.852 23799 DEBUG neutronclient.v2_0.client [-] Error message:

504 Gateway Time-out

The server didn't respond in time. _handle_fault_response /usr/lib/python2.7/site-packages/neutronclient/v2_0/client.py:259
2019-06-13 11:39:33.859 23799 ERROR rally.task.runner [-] Iteration 1 raised Exception: NeutronClientException:

504 Gateway Time-out

The server didn't respond in time.
2019-06-13 11:39:33.859 23799 ERROR rally.task.runner
Traceback (most recent call last):
2019-06-13 11:39:33.859 23799 ERROR rally.task.runner
File "/usr/lib/python2.7/site-packages/rally/task/runner.py", line 71, in _run_scenario_once
2019-06-13 11:39:33.859 23799 ERROR rally.task.runner getattr(scenario_inst, method_name)(**scenario_kwargs)
2019-06-13 11:39:33.859 23799 ERROR rally.task.runner
File "/root/.rally/plugins/trunk_scenario.py", line 41, in run
2019-06-13 11:39:33.859 23799 ERROR rally.task.runner trunk = self._create_trunk(trunk_payload)
2019-06-13 11:39:33.859 23799 ERROR rally.task.runner
File "/usr/lib/python2.7/site-packages/rally/task/atomic.py", line 91, in func_atomic_actions
2019-06-13 11:39:33.859 23799 ERROR rally.task.runner f = func(self, *args, **kwargs)
2019-06-13 11:39:33.859 23799 ERROR rally.task.runner
File "/root/.rally/plugins/trunk_scenario.py", line 53, in _create_trunk
2019-06-13 11:39:33.859 23799 ERROR rally.task.runner return self.clients("neutron").create_trunk({'trunk': trunk_payload})
2019-06-13 11:39:33.859 23799 ERROR rally.task.runner
File "/usr/lib/python2.7/site-packages/neutronclient/v2_0/client.py", line 2091, in create_trunk
2019-06-13 11:39:33.859 23799 ERROR rally.task.runner return self.post(self.trunks_path, body=body)
2019-06-13 11:39:33.859 23799 ERROR rally.task.runner
File "/usr/lib/python2.7/site-packages/neutronclient/v2_0/client.py", line 359, in post
2019-06-13 11:39:33.859 23799 ERROR rally.task.runner headers=headers, params=params)
2019-06-13 11:39:33.859 23799 ERROR rally.task.runner
File "/usr/lib/python2.7/site-packages/neutronclient/v2_0/client.py", line 294, in do_request
2019-06-13 11:39:33.859 23799 ERROR rally.task.runner self._handle_fault_response(status_code, replybody, resp)
2019-06-13 11:39:33.859 23799 ERROR rally.task.runner
File "/usr/lib/python2.7/site-packages/neutronclient/v2_0/client.py", line 269, in _handle_fault_response
2019-06-13 11:39:33.859 23799 ERROR rally.task.runner exception_handler_v20(status_code, error_body)
2019-06-13 11:39:33.859 23799 ERROR rally.task.runner
File "/usr/lib/python2.7/site-packages/neutronclient/v2_0/client.py", line 93, in exception_handler_v20
2019-06-13 11:39:33.859 23799 ERROR rally.task.runner request_ids=request_ids)
2019-06-13 11:39:33.859 23799 ERROR rally.task.runner NeutronClientException:

504 Gateway Time-out

2019-06-13 11:39:33.859 23799 ERROR rally.task.runner The server didn't respond in time.
2019-06-13 11:39:33.859 23799 ERROR rally.task.runner
2019-06-13 11:39:33.859 23799 ERROR rally.task.runner
2019-06-13 11:39:33.859 23799 ERROR rally.task.runner
2019-06-13 11:39:33.861 23799 INFO rally.task.runner [-] Task 1836ec61-b174-4e37-a43f-35046998c7a2 | ITER: 1 END: Error NeutronClientException:

504 Gateway Time-out

The server didn't respond in time.
2019-06-13 11:39:35.457 23802 DEBUG neutronclient.v2_0.client [-] Error message:

504 Gateway Time-out

The server didn't respond in time. _handle_fault_response /usr/lib/python2.7/site-packages/neutronclient/v2_0/client.py:259
2019-06-13 11:39:35.463 23802 ERROR rally.task.runner [-] Iteration 4 raised Exception: NeutronClientException:

504 Gateway Time-out

The server didn't respond in time.
2019-06-13 11:39:35.463 23802 ERROR rally.task.runner
Traceback (most recent call last):
2019-06-13 11:39:35.463 23802 ERROR rally.task.runner
File "/usr/lib/python2.7/site-packages/rally/task/runner.py", line 71, in _run_scenario_once
2019-06-13 11:39:35.463 23802 ERROR rally.task.runner getattr(scenario_inst, method_name)(**scenario_kwargs)
2019-06-13 11:39:35.463 23802 ERROR rally.task.runner
File "/root/.rally/plugins/trunk_scenario.py", line 41, in run
2019-06-13 11:39:35.463 23802 ERROR rally.task.runner trunk = self._create_trunk(trunk_payload)
2019-06-13 11:39:35.463 23802 ERROR rally.task.runner
File "/usr/lib/python2.7/site-packages/rally/task/atomic.py", line 91, in func_atomic_actions
2019-06-13 11:39:35.463 23802 ERROR rally.task.runner f = func(self, *args, **kwargs)
2019-06-13 11:39:35.463 23802 ERROR rally.task.runner
File "/root/.rally/plugins/trunk_scenario.py", line 53, in _create_trunk
2019-06-13 11:39:35.463 23802 ERROR rally.task.runner return self.clients("neutron").create_trunk({'trunk': trunk_payload})
2019-06-13 11:39:35.463 23802 ERROR rally.task.runner
File "/usr/lib/python2.7/site-packages/neutronclient/v2_0/client.py", line 2091, in create_trunk
2019-06-13 11:39:35.463 23802 ERROR rally.task.runner return self.post(self.trunks_path, body=body)
2019-06-13 11:39:35.463 23802 ERROR rally.task.runner
File "/usr/lib/python2.7/site-packages/neutronclient/v2_0/client.py", line 359, in post
2019-06-13 11:39:35.463 23802 ERROR rally.task.runner headers=headers, params=params)
2019-06-13 11:39:35.463 23802 ERROR rally.task.runner
File "/usr/lib/python2.7/site-packages/neutronclient/v2_0/client.py", line 294, in do_request
2019-06-13 11:39:35.463 23802 ERROR rally.task.runner self._handle_fault_response(status_code, replybody, resp)
2019-06-13 11:39:35.463 23802 ERROR rally.task.runner
File "/usr/lib/python2.7/site-packages/neutronclient/v2_0/client.py", line 269, in _handle_fault_response
2019-06-13 11:39:35.463 23802 ERROR rally.task.runner exception_handler_v20(status_code, error_body)
2019-06-13 11:39:35.463 23802 ERROR rally.task.runner
File "/usr/lib/python2.7/site-packages/neutronclient/v2_0/client.py", line 93, in exception_handler_v20
2019-06-13 11:39:35.463 23802 ERROR rally.task.runner request_ids=request_ids)
2019-06-13 11:39:35.463 23802 ERROR rally.task.runner NeutronClientException:

504 Gateway Time-out

2019-06-13 11:39:35.463 23802 ERROR rally.task.runner The server didn't respond in time.
2019-06-13 11:39:35.463 23802 ERROR rally.task.runner
2019-06-13 11:39:35.463 23802 ERROR rally.task.runner
2019-06-13 11:39:35.463 23802 ERROR rally.task.runner
2019-06-13 11:39:35.464 23802 INFO rally.task.runner [-] Task 1836ec61-b174-4e37-a43f-35046998c7a2 | ITER: 4 END: Error NeutronClientException:

504 Gateway Time-out

The server didn't respond in time.
2019-06-13 11:39:36.128 23801 DEBUG neutronclient.v2_0.client [-] Error message:

504 Gateway Time-out

The server didn't respond in time. _handle_fault_response /usr/lib/python2.7/site-packages/neutronclient/v2_0/client.py:259
2019-06-13 11:39:36.135 23801 ERROR rally.task.runner [-] Iteration 3 raised Exception: NeutronClientException:

504 Gateway Time-out

The server didn't respond in time.
2019-06-13 11:39:36.135 23801 ERROR rally.task.runner
Traceback (most recent call last):
2019-06-13 11:39:36.135 23801 ERROR rally.task.runner
File "/usr/lib/python2.7/site-packages/rally/task/runner.py", line 71, in _run_scenario_once
2019-06-13 11:39:36.135 23801 ERROR rally.task.runner getattr(scenario_inst, method_name)(**scenario_kwargs)
2019-06-13 11:39:36.135 23801 ERROR rally.task.runner
File "/root/.rally/plugins/trunk_scenario.py", line 41, in run
2019-06-13 11:39:36.135 23801 ERROR rally.task.runner trunk = self._create_trunk(trunk_payload)
2019-06-13 11:39:36.135 23801 ERROR rally.task.runner
File "/usr/lib/python2.7/site-packages/rally/task/atomic.py", line 91, in func_atomic_actions
2019-06-13 11:39:36.135 23801 ERROR rally.task.runner f = func(self, *args, **kwargs)
2019-06-13 11:39:36.135 23801 ERROR rally.task.runner
File "/root/.rally/plugins/trunk_scenario.py", line 53, in _create_trunk
2019-06-13 11:39:36.135 23801 ERROR rally.task.runner return self.clients("neutron").create_trunk({'trunk': trunk_payload})
2019-06-13 11:39:36.135 23801 ERROR rally.task.runner
File "/usr/lib/python2.7/site-packages/neutronclient/v2_0/client.py", line 2091, in create_trunk
2019-06-13 11:39:36.135 23801 ERROR rally.task.runner return self.post(self.trunks_path, body=body)
2019-06-13 11:39:36.135 23801 ERROR rally.task.runner
File "/usr/lib/python2.7/site-packages/neutronclient/v2_0/client.py", line 359, in post
2019-06-13 11:39:36.135 23801 ERROR rally.task.runner headers=headers, params=params)
2019-06-13 11:39:36.135 23801 ERROR rally.task.runner
File "/usr/lib/python2.7/site-packages/neutronclient/v2_0/client.py", line 294, in do_request
2019-06-13 11:39:36.135 23801 ERROR rally.task.runner self._handle_fault_response(status_code, replybody, resp)
2019-06-13 11:39:36.135 23801 ERROR rally.task.runner
File "/usr/lib/python2.7/site-packages/neutronclient/v2_0/client.py", line 269, in _handle_fault_response
2019-06-13 11:39:36.135 23801 ERROR rally.task.runner exception_handler_v20(status_code, error_body)
2019-06-13 11:39:36.135 23801 ERROR rally.task.runner
File "/usr/lib/python2.7/site-packages/neutronclient/v2_0/client.py", line 93, in exception_handler_v20
2019-06-13 11:39:36.135 23801 ERROR rally.task.runner request_ids=request_ids)
2019-06-13 11:39:36.135 23801 ERROR rally.task.runner NeutronClientException:

504 Gateway Time-out

2019-06-13 11:39:36.135 23801 ERROR rally.task.runner The server didn't respond in time.
2019-06-13 11:39:36.135 23801 ERROR rally.task.runner
2019-06-13 11:39:36.135 23801 ERROR rally.task.runner
2019-06-13 11:39:36.135 23801 ERROR rally.task.runner
2019-06-13 11:39:36.136 23801 INFO rally.task.runner [-] Task 1836ec61-b174-4e37-a43f-35046998c7a2 | ITER: 3 END: Error NeutronClientException:

504 Gateway Time-out

The server didn't respond in time.
2019-06-13 11:39:36.167 18993 INFO rally.task.context [-] Task 1836ec61-b174-4e37-a43f-35046998c7a2 | Context cleanup@openstack cleanup() started
2019-06-13 11:39:36.171 18993 RALLYDEBUG rally_openstack.cleanup.manager [-] Cleaning up neutron vip objects
2019-06-13 11:39:36.971 18993 RALLYDEBUG rally_openstack.cleanup.manager [-] Cleaning up neutron health_monitor objects
2019-06-13 11:39:37.716 18993 RALLYDEBUG rally_openstack.cleanup.manager [-] Cleaning up neutron pool objects
2019-06-13 11:39:38.468 18993 RALLYDEBUG rally_openstack.cleanup.manager [-] Cleaning up neutron loadbalancer objects
2019-06-13 11:39:39.279 18993 RALLYDEBUG rally_openstack.cleanup.manager [-] Cleaning up neutron floatingip objects
2019-06-13 11:39:40.073 18993 RALLYDEBUG rally_openstack.cleanup.manager [-] Cleaning up neutron port objects
2019-06-13 11:39:43.053 18993 RALLYDEBUG rally_openstack.cleanup.manager [-] Deleting neutron.port object s_rally_1908adcd_PuATxDNI (02f83046-36ac-4ee4-99a0-8e0120b87b5d)
2019-06-13 11:39:43.053 18993 RALLYDEBUG rally_openstack.cleanup.manager [-] Deleting neutron.port object s_rally_1908adcd_8w9025cq (01857355-b16a-4bce-846f-decee9b2b650)
2019-06-13 11:39:43.056 18993 RALLYDEBUG rally_openstack.cleanup.manager [-] Deleting neutron.port object s_rally_1908adcd_0lPYbi75 (02a57524-8f7c-4381-b7d3-80ae57077735)
2019-06-13 11:39:43.060 18993 RALLYDEBUG rally_openstack.cleanup.manager [-] Deleting neutron.port object s_rally_1908adcd_u20NdCcy (05ab2fc4-5f1c-4b48-82b4-fe65704ef7f5)
2019-06-13 11:39:43.064 18993 RALLYDEBUG rally_openstack.cleanup.manager [-] Deleting neutron.port object s_rally_1908adcd_qWNcnIqF (01f5ce2e-350c-4c70-9b9c-29049e3ca682)
2019-06-13 11:39:43.066 18993 RALLYDEBUG rally_openstack.cleanup.manager [-] Deleting neutron.port object s_rally_1908adcd_0Bo5CXSR (04cbfed1-eed8-4db7-939c-9756b92a33bc)
2019-06-13 11:39:43.068 18993 RALLYDEBUG rally_openstack.cleanup.manager [-] Deleting neutron.port object s_rally_1908adcd_BWpfxp1D (078adadc-126a-4c5a-9ce8-b801adc47d39)
2019-06-13 11:39:43.070 18993 RALLYDEBUG rally_openstack.cleanup.manager [-] Deleting neutron.port object s_rally_1908adcd_5DavuroA (00646024-4ca8-4588-b45b-013ec4e14d00)
2019-06-13 11:39:43.072 18993 RALLYDEBUG rally_openstack.cleanup.manager [-] Deleting neutron.port object s_rally_1908adcd_HPyizoXs (08c00238-695b-41f3-b62e-f0838247b74f)
2019-06-13 11:39:43.074 18993 RALLYDEBUG rally_openstack.cleanup.manager [-] Deleting neutron.port object s_rally_1908adcd_OmoqQWpD (09f2726b-3aeb-4a55-9754-cacf53846ba9)
2019-06-13 11:39:43.081 18993 RALLYDEBUG rally_openstack.cleanup.manager [-] Deleting neutron.port object s_rally_1908adcd_3nbJ5N6w (0b72313f-7f11-4ff7-b493-d6cea0943689)
2019-06-13 11:39:43.080 18993 RALLYDEBUG rally_openstack.cleanup.manager [-] Deleting neutron.port object s_rally_1908adcd_6d77iVNw (04f08012-7b5c-412a-9cf1-419276bb8cf4)
2019-06-13 11:39:43.081 18993 RALLYDEBUG rally_openstack.cleanup.manager [-] Deleting neutron.port object s_rally_1908adcd_mMw0vpgZ (02242677-7ff8-4ad1-a0fd-ed9b20998280)
2019-06-13 11:39:43.084 18993 RALLYDEBUG rally_openstack.cleanup.manager [-] Deleting neutron.port object s_rally_1908adcd_VN0nHtxE (09182f53-6f67-40a8-ae6c-944b73ce7d4e)
2019-06-13 11:39:43.095 18993 RALLYDEBUG rally_openstack.cleanup.manager [-] Deleting neutron.port object s_rally_1908adcd_KY4IIzzS (0883bbd7-238c-418b-ad7d-5141d0ec563e)
2019-06-13 11:39:43.096 18993 RALLYDEBUG rally_openstack.cleanup.manager [-] Deleting neutron.port object s_rally_1908adcd_qbXGOsQk (074f3b32-7cb3-4066-8510-98b486d94f7e)
2019-06-13 11:39:43.103 18993 RALLYDEBUG rally_openstack.cleanup.manager [-] Deleting neutron.port object s_rally_1908adcd_dCa1a3Fu (0a6a1a6f-1bdc-4b2e-a80e-d1fe5c130110)
2019-06-13 11:39:43.104 18993 RALLYDEBUG rally_openstack.cleanup.manager [-] Deleting neutron.port object s_rally_1908adcd_RqNxXh5N (0d3eebe4-a147-4033-83e9-e3bd21f592cf)
2019-06-13 11:39:43.119 18993 RALLYDEBUG rally_openstack.cleanup.manager [-] Deleting neutron.port object s_rally_1908adcd_hHaak5Fg (0e2d2034-205d-4dc2-9f79-af5601b1f1ca)
2019-06-13 11:39:43.144 18993 RALLYDEBUG rally_openstack.cleanup.manager [-] Deleting neutron.port object s_rally_1908adcd_QjZugtsZ (0e117c76-e3ba-481e-8160-34cca8cf5e5e)
2019-06-13 11:39:44.363 18993 DEBUG neutronclient.v2_0.client [-] Error message: {"NeutronError": {"message": "Port 02f83046-36ac-4ee4-99a0-8e0120b87b5d is currently a subport for trunk 454a7f2d-8ded-4a7e-a6e9-c860b3fc44d3.", "type": "PortInUseAsSubPort", "detail": ""}} _handle_fault_response /usr/lib/python2.7/site-packages/neutronclient/v2_0/client.py:259
2019-06-13 11:39:44.368 18993 DEBUG neutronclient.v2_0.client [-] Error message: {"NeutronError": {"message": "Port 0d3eebe4-a147-4033-83e9-e3bd21f592cf is currently a subport for trunk 454a7f2d-8ded-4a7e-a6e9-c860b3fc44d3.", "type": "PortInUseAsSubPort", "detail": ""}} _handle_fault_response /usr/lib/python2.7/site-packages/neutronclient/v2_0/client.py:259
2019-06-13 11:39:44.374 18993 DEBUG neutronclient.v2_0.client [-] Error message: {"NeutronError": {"message": "Port 0883bbd7-238c-418b-ad7d-5141d0ec563e is currently a subport for trunk 592077cf-6a77-423e-a9ca-170176d94b22.", "type": "PortInUseAsSubPort", "detail": ""}} _handle_fault_response /usr/lib/python2.7/site-packages/neutronclient/v2_0/client.py:259
2019-06-13 11:39:44.377 18993 DEBUG neutronclient.v2_0.client [-] Error message: {"NeutronError": {"message": "Port 078adadc-126a-4c5a-9ce8-b801adc47d39 is currently a subport for trunk 454a7f2d-8ded-4a7e-a6e9-c860b3fc44d3.", "type": "PortInUseAsSubPort", "detail": ""}} _handle_fault_response /usr/lib/python2.7/site-packages/neutronclient/v2_0/client.py:259
2019-06-13 11:39:44.387 18993 DEBUG neutronclient.v2_0.client [-] Error message: {"NeutronError": {"message": "Port 00646024-4ca8-4588-b45b-013ec4e14d00 is currently a subport for trunk abe81eff-b376-4bf3-b33a-ceb0735658f8.", "type": "PortInUseAsSubPort", "detail": ""}} _handle_fault_response /usr/lib/python2.7/site-packages/neutronclient/v2_0/client.py:259
2019-06-13 11:39:44.390 18993 DEBUG neutronclient.v2_0.client [-] Error message: {"NeutronError": {"message": "Port 09f2726b-3aeb-4a55-9754-cacf53846ba9 is currently a subport for trunk 454a7f2d-8ded-4a7e-a6e9-c860b3fc44d3.", "type": "PortInUseAsSubPort", "detail": ""}} _handle_fault_response /usr/lib/python2.7/site-packages/neutronclient/v2_0/client.py:259
2019-06-13 11:39:44.404 18993 DEBUG neutronclient.v2_0.client [-] Error message: {"NeutronError": {"message": "Port 08c00238-695b-41f3-b62e-f0838247b74f is currently a subport for trunk 592077cf-6a77-423e-a9ca-170176d94b22.", "type": "PortInUseAsSubPort", "detail": ""}} _handle_fault_response /usr/lib/python2.7/site-packages/neutronclient/v2_0/client.py:259
2019-06-13 11:39:44.476 18993 DEBUG neutronclient.v2_0.client [-] Error message: {"NeutronError": {"message": "Port 01857355-b16a-4bce-846f-decee9b2b650 is currently a subport for trunk abe81eff-b376-4bf3-b33a-ceb0735658f8.", "type": "PortInUseAsSubPort", "detail": ""}} _handle_fault_response /usr/lib/python2.7/site-packages/neutronclient/v2_0/client.py:259
