2019-06-13 11:30:44.169 18993 RALLYDEBUG rally_openstack.cleanup.manager [-] Deleting neutron.port object s_rally_9cb6e0d5_Ow9ljz0z (db294242-25c1-4c2d-ad50-8410ebb191ea)
2019-06-13 11:30:44.370 18993 RALLYDEBUG rally_openstack.cleanup.manager [-] Deleting neutron.port object s_rally_9cb6e0d5_aqSx9wYP (dceb9dd5-fb6f-4072-a904-289d4bedfe70)
2019-06-13 11:30:44.370 18993 RALLYDEBUG rally_openstack.cleanup.manager [-] Deleting neutron.port object s_rally_9cb6e0d5_2CELFszm (dcdf68c7-4437-40a2-9f79-828a770197de)
2019-06-13 11:30:44.474 18993 RALLYDEBUG rally_openstack.cleanup.manager [-] Deleting neutron.port object s_rally_9cb6e0d5_eYnDxaAD (de333aed-1420-4325-83c8-3ebaa4f26724)
2019-06-13 11:30:44.670 18993 RALLYDEBUG rally_openstack.cleanup.manager [-] Deleting neutron.port object s_rally_9cb6e0d5_hYn3jeFq (df15137e-7716-4172-a7ba-425fe4a1e66c)
2019-06-13 11:30:44.672 18993 RALLYDEBUG rally_openstack.cleanup.manager [-] Deleting neutron.port object s_rally_9cb6e0d5_GsvLlnza (df8fe2f5-6e66-415a-8eed-837bef68bf9a)
2019-06-13 11:30:44.868 18993 RALLYDEBUG rally_openstack.cleanup.manager [-] Deleting neutron.port object s_rally_9cb6e0d5_AYDPhxa5 (df904199-1ebf-4126-8f65-391bde6bde7e)
2019-06-13 11:30:44.880 18993 RALLYDEBUG rally_openstack.cleanup.manager [-] Deleting neutron.port object s_rally_9cb6e0d5_lAezemGj (df97126b-6158-4999-b912-298edf39c12b)
2019-06-13 11:30:45.083 18993 RALLYDEBUG rally_openstack.cleanup.manager [-] Deleting neutron.port object s_rally_9cb6e0d5_zKzujfjb (dfefcc76-7dcc-4687-b06e-e5a549b8067f)
2019-06-13 11:30:45.410 18993 RALLYDEBUG rally_openstack.cleanup.manager [-] Deleting neutron.port object s_rally_9cb6e0d5_yCJujS8P (e0bc98df-8e15-415b-bb4a-88c99ce20083)
2019-06-13 11:30:45.461 18993 RALLYDEBUG rally_openstack.cleanup.manager [-] Deleting neutron.port object s_rally_9cb6e0d5_WzHMReDP (e0c73d6b-fac9-4a41-8c31-ab1f922b7ed8)
2019-06-13 11:30:45.530 18993 RALLYDEBUG rally_openstack.cleanup.manager [-] Deleting neutron.port object s_rally_9cb6e0d5_TZVvWgbT (e21147dd-97d7-4a0b-961f-4d9ad1f9feb2)
2019-06-13 11:30:45.566 18993 RALLYDEBUG rally_openstack.cleanup.manager [-] Deleting neutron.port object s_rally_9cb6e0d5_chhcHzkv (e2264a4c-1be0-4c27-83cb-2c7dd51bac7e)
2019-06-13 11:30:45.650 18993 RALLYDEBUG rally_openstack.cleanup.manager [-] Deleting neutron.port object s_rally_9cb6e0d5_2y9J57yx (e33a422a-4615-4ba8-95ac-7f45a31432d8)
2019-06-13 11:30:46.065 18993 RALLYDEBUG rally_openstack.cleanup.manager [-] Deleting neutron.port object s_rally_9cb6e0d5_IdfVE81l (e33dc1f8-30f0-45d6-a301-6dc879c7d76d)
2019-06-13 11:30:46.225 18993 RALLYDEBUG rally_openstack.cleanup.manager [-] Deleting neutron.port object s_rally_9cb6e0d5_iFsqBNsz (e37e4b16-012f-48c9-b97b-e9c20ec0a95d)
2019-06-13 11:30:46.541 18993 RALLYDEBUG rally_openstack.cleanup.manager [-] Deleting neutron.port object s_rally_9cb6e0d5_mHmYW3vP (e4519037-1608-4c08-abc3-4e4f2097d960)
2019-06-13 11:30:46.586 18993 RALLYDEBUG rally_openstack.cleanup.manager [-] Deleting neutron.port object s_rally_9cb6e0d5_KMhwBkwm (e5091aa0-7054-43e6-a1ef-b687710947b3)
2019-06-13 11:30:46.635 18993 RALLYDEBUG rally_openstack.cleanup.manager [-] Deleting neutron.port object s_rally_9cb6e0d5_NrbQ6obx (e5602719-cc67-4ffe-a695-c48b9a9d56aa)
2019-06-13 11:30:46.817 18993 RALLYDEBUG rally_openstack.cleanup.manager [-] Deleting neutron.port object s_rally_9cb6e0d5_d6EhyQPe (e5ab65d3-f518-4083-8356-96576f8919ab)
2019-06-13 11:30:46.831 18993 RALLYDEBUG rally_openstack.cleanup.manager [-] Deleting neutron.port object s_rally_9cb6e0d5_Ml4bmOP9 (e5e6988f-0ae9-4598-9699-b9724bbe59f5)
2019-06-13 11:30:46.839 18993 RALLYDEBUG rally_openstack.cleanup.manager [-] Deleting neutron.port object s_rally_9cb6e0d5_R79b53oF (e63eaad0-1d88-440b-8960-eda17df42900)
2019-06-13 11:30:46.906 18993 RALLYDEBUG rally_openstack.cleanup.manager [-] Deleting neutron.port object s_rally_9cb6e0d5_78PuQWQJ (e6688510-9e0a-45c7-bc19-f35b2e171dea)
2019-06-13 11:30:47.057 18993 RALLYDEBUG rally_openstack.cleanup.manager [-] Deleting neutron.port object s_rally_9cb6e0d5_h7dr0jkx (e6c4a137-fa1c-44cf-9a19-be7bbc1f5ebc)
2019-06-13 11:30:47.235 18993 RALLYDEBUG rally_openstack.cleanup.manager [-] Deleting neutron.port object s_rally_9cb6e0d5_iz2DVS7f (e6d3a610-b7ec-4993-82b0-ec1537b008e3)
2019-06-13 11:30:47.373 18993 RALLYDEBUG rally_openstack.cleanup.manager [-] Deleting neutron.port object s_rally_9cb6e0d5_3Q9hNM8L (e6e85624-ac3f-4791-a418-0390f716bbbb)
2019-06-13 11:30:47.400 18993 RALLYDEBUG rally_openstack.cleanup.manager [-] Deleting neutron.port object s_rally_9cb6e0d5_X1HrwhJ4 (e78c7b0a-d60d-4f6d-8d8a-eef495315d4f)
2019-06-13 11:30:47.505 18993 RALLYDEBUG rally_openstack.cleanup.manager [-] Deleting neutron.port object s_rally_9cb6e0d5_IlAfsb3A (e83a5dc6-6101-479a-a9b1-327236f2624d)
2019-06-13 11:30:47.531 18993 RALLYDEBUG rally_openstack.cleanup.manager [-] Deleting neutron.port object s_rally_9cb6e0d5_uicUp6dP (ea76bc7e-f428-4e81-aaf2-51780a06ea3c)
2019-06-13 11:30:48.111 18993 RALLYDEBUG rally_openstack.cleanup.manager [-] Deleting neutron.port object s_rally_9cb6e0d5_R40iTv3G (ebd44ba2-7a07-4fab-a697-6c22e9392f6b)
2019-06-13 11:30:48.126 18993 RALLYDEBUG rally_openstack.cleanup.manager [-] Deleting neutron.port object s_rally_9cb6e0d5_VB9u12hB (ec1dbd86-a06c-4e58-a236-df926e1619af)
2019-06-13 11:30:48.219 18993 RALLYDEBUG rally_openstack.cleanup.manager [-] Deleting neutron.port object s_rally_9cb6e0d5_toajHNF1 (ed15cee4-b2b4-4ee0-983e-3cf5f41b8068)
2019-06-13 11:30:48.277 18993 RALLYDEBUG rally_openstack.cleanup.manager [-] Deleting neutron.port object s_rally_9cb6e0d5_plTyvnuM (edc0d513-7790-4d5c-8922-a271ce1cca71)
2019-06-13 11:30:48.621 18993 RALLYDEBUG rally_openstack.cleanup.manager [-] Deleting neutron.port object s_rally_9cb6e0d5_eULeRkah (ef2cad0b-3d1c-47c5-9579-3f7e06bfed6e)
2019-06-13 11:30:48.636 18993 RALLYDEBUG rally_openstack.cleanup.manager [-] Deleting neutron.port object s_rally_9cb6e0d5_ik5Ucvuz (f1441ed2-2794-44a6-ada3-c92b5a6de136)
2019-06-13 11:30:48.673 18993 RALLYDEBUG rally_openstack.cleanup.manager [-] Deleting neutron.port object s_rally_9cb6e0d5_62HOCqS2 (f181b063-f09e-4aa2-8204-86c8026a8192)
2019-06-13 11:30:48.857 18993 RALLYDEBUG rally_openstack.cleanup.manager [-] Deleting neutron.port object s_rally_9cb6e0d5_rEhTc2xQ (f1f5ec18-6c72-4bb9-8cc6-ea9ab5d226f8)
2019-06-13 11:30:49.040 18993 RALLYDEBUG rally_openstack.cleanup.manager [-] Deleting neutron.port object s_rally_9cb6e0d5_DJZAN4Gq (f38a19a0-a66a-4757-9ebf-c4d49ed1f863)
2019-06-13 11:30:49.087 18993 RALLYDEBUG rally_openstack.cleanup.manager [-] Deleting neutron.port object s_rally_9cb6e0d5_BldKLXHH (f3ccc3fa-5e1b-4bab-a8bf-6d7c7970d3d0)
2019-06-13 11:30:49.130 18993 RALLYDEBUG rally_openstack.cleanup.manager [-] Deleting neutron.port object s_rally_9cb6e0d5_jsV9mWz8 (f44a0e88-a846-49fb-9531-4ddcaebe93dd)
2019-06-13 11:30:49.261 18993 RALLYDEBUG rally_openstack.cleanup.manager [-] Deleting neutron.port object s_rally_9cb6e0d5_0nzrdfcY (f4b7210c-cd32-4716-825f-72506ea584e7)
2019-06-13 11:30:49.697 18993 RALLYDEBUG rally_openstack.cleanup.manager [-] Deleting neutron.port object s_rally_9cb6e0d5_N7eqNNYK (f550a213-af6a-420a-95c1-dd753520dccb)
2019-06-13 11:30:49.801 18993 RALLYDEBUG rally_openstack.cleanup.manager [-] Deleting neutron.port object s_rally_9cb6e0d5_9HLzI699 (f71d6ec7-1125-41aa-98af-f4e463267328)
2019-06-13 11:30:49.831 18993 RALLYDEBUG rally_openstack.cleanup.manager [-] Deleting neutron.port object s_rally_9cb6e0d5_VnPFrnsl (f72dadbe-03e9-42e7-aaa5-340a5550fabc)
2019-06-13 11:30:49.904 18993 RALLYDEBUG rally_openstack.cleanup.manager [-] Deleting neutron.port object s_rally_9cb6e0d5_cByZGKjT (f73e7514-9d35-484a-95c4-2ee35b415787)
2019-06-13 11:30:49.925 18993 RALLYDEBUG rally_openstack.cleanup.manager [-] Deleting neutron.port object s_rally_9cb6e0d5_HjLH8Upe (f7a10771-26be-4df3-bf23-92ae6a7d1925)
2019-06-13 11:30:49.960 18993 RALLYDEBUG rally_openstack.cleanup.manager [-] Deleting neutron.port object s_rally_9cb6e0d5_weWRueVV (f7adcc1e-7424-4f43-8e49-bd04b01f5f50)
2019-06-13 11:30:50.034 18993 RALLYDEBUG rally_openstack.cleanup.manager [-] Deleting neutron.port object s_rally_9cb6e0d5_1RcoZbKf (f7b10bdf-6302-4698-b24a-4f5cb201144f)
2019-06-13 11:30:50.140 18993 RALLYDEBUG rally_openstack.cleanup.manager [-] Deleting neutron.port object s_rally_9cb6e0d5_0eqoMkGN (f815def9-130f-475b-8712-af1d87199e5d)
2019-06-13 11:30:50.608 18993 RALLYDEBUG rally_openstack.cleanup.manager [-] Deleting neutron.port object s_rally_9cb6e0d5_hgm6FIIW (f903f9e6-74a4-458b-84a4-4aabd67afd25)
2019-06-13 11:30:50.806 18993 RALLYDEBUG rally_openstack.cleanup.manager [-] Deleting neutron.port object s_rally_9cb6e0d5_VV554zCC (f9a8623b-c486-463b-b7b1-597689d7c23a)
2019-06-13 11:30:50.865 18993 RALLYDEBUG rally_openstack.cleanup.manager [-] Deleting neutron.port object s_rally_9cb6e0d5_rKwWc5Mx (fa698382-97cd-43e8-b6f4-a6d2c824e8a3)
2019-06-13 11:30:50.872 18993 RALLYDEBUG rally_openstack.cleanup.manager [-] Deleting neutron.port object s_rally_9cb6e0d5_daLIyX0g (fac8e92e-3790-4cc2-a1f2-e2d422682902)
2019-06-13 11:30:51.003 18993 RALLYDEBUG rally_openstack.cleanup.manager [-] Deleting neutron.port object s_rally_9cb6e0d5_yrTDpxGJ (fc6b9737-1173-44d9-8dd8-7beecf881215)
2019-06-13 11:30:51.276 18993 RALLYDEBUG rally_openstack.cleanup.manager [-] Deleting neutron.port object s_rally_9cb6e0d5_Um3epoW3 (fe09c370-7147-404d-978f-06b60ed209de)
2019-06-13 11:30:51.297 18993 RALLYDEBUG rally_openstack.cleanup.manager [-] Deleting neutron.port object s_rally_9cb6e0d5_qdYSgLdo (fe2c980c-2ecd-45fc-bb90-046504770a0d)
2019-06-13 11:30:51.331 18993 RALLYDEBUG rally_openstack.cleanup.manager [-] Deleting neutron.port object s_rally_9cb6e0d5_Ig45mKM2 (fe8374ef-cc85-4c00-8532-1f76eba207e8)
2019-06-13 11:30:51.536 18993 RALLYDEBUG rally_openstack.cleanup.manager [-] Deleting neutron.port object s_rally_9cb6e0d5_Jg19ash5 (ffa12ac1-6e8a-4868-95fe-c57e75155ab0)
2019-06-13 11:30:51.749 18993 RALLYDEBUG rally_openstack.cleanup.manager [-] Deleting neutron.port object s_rally_9cb6e0d5_Udm19gc4 (ffc7c3ae-c532-4ecb-8111-9e76f4f5d332)
2019-06-13 11:30:51.821 18993 RALLYDEBUG rally_openstack.cleanup.manager [-] Deleting neutron.port object s_rally_9cb6e0d5_0cdTGOyX (ffea71c2-3fb6-40a2-955b-cab391918127)
2019-06-13 11:30:54.377 18993 RALLYDEBUG rally_openstack.cleanup.manager [-] Cleaning up neutron subnet objects
2019-06-13 11:30:55.067 18993 RALLYDEBUG rally_openstack.cleanup.manager [-] Cleaning up neutron network objects
2019-06-13 11:30:55.824 18993 RALLYDEBUG rally_openstack.cleanup.manager [-] Deleting neutron.network object s_rally_9cb6e0d5_BQqwnSMQ (105960ff-2b69-46ef-9e21-75ba5f13b9b7)
2019-06-13 11:30:55.828 18993 RALLYDEBUG rally_openstack.cleanup.manager [-] Deleting neutron.network object s_rally_9cb6e0d5_s9NGtpXT (10e6b00a-59bb-40b7-9973-663325ac9e75)
2019-06-13 11:30:55.835 18993 RALLYDEBUG rally_openstack.cleanup.manager [-] Deleting neutron.network object s_rally_9cb6e0d5_bjflfMXy (295ba7d8-a319-4a3f-8aee-0845626d873a)
2019-06-13 11:30:55.844 18993 RALLYDEBUG rally_openstack.cleanup.manager [-] Deleting neutron.network object s_rally_9cb6e0d5_eHD5J4PT (2c3c021b-a58f-4399-92a8-20459ca9f780)
2019-06-13 11:30:55.856 18993 RALLYDEBUG rally_openstack.cleanup.manager [-] Deleting neutron.network object s_rally_9cb6e0d5_otllw9Et (5619dcc4-1489-4da8-93cc-a14ff680c29c)
2019-06-13 11:30:55.864 18993 RALLYDEBUG rally_openstack.cleanup.manager [-] Deleting neutron.network object s_rally_9cb6e0d5_NE33SWgu (ce43ba80-f996-4c5b-aa87-4cd1538147c4)
2019-06-13 11:30:55.876 18993 RALLYDEBUG rally_openstack.cleanup.manager [-] Deleting neutron.network object s_rally_9cb6e0d5_z83oC7vZ (e04241e9-bc97-4c46-b21d-589120163f77)
2019-06-13 11:30:55.891 18993 RALLYDEBUG rally_openstack.cleanup.manager [-] Deleting neutron.network object s_rally_9cb6e0d5_ds44eRUf (fe5f2517-70c4-4793-a2d9-05575e9ce1ad)
2019-06-13 11:30:59.507 18993 RALLYDEBUG rally_openstack.cleanup.manager [-] Cleaning up neutron router objects
2019-06-13 11:31:00.311 18993 RALLYDEBUG rally_openstack.cleanup.manager [-] Cleaning up neutron security_group objects
2019-06-13 11:31:01.063 18993 INFO rally.task.context [-] Task 1836ec61-b174-4e37-a43f-35046998c7a2 | Context cleanup@openstack cleanup() finished in 1.11 min
2019-06-13 11:31:01.063 18993 INFO rally.task.context [-] Task 1836ec61-b174-4e37-a43f-35046998c7a2 | Context quotas@openstack cleanup() started
2019-06-13 11:31:01.388 18993 INFO rally.task.context [-] Task 1836ec61-b174-4e37-a43f-35046998c7a2 | Context quotas@openstack cleanup() finished in 0.32 sec
2019-06-13 11:31:01.389 18993 INFO rally.task.context [-] Task 1836ec61-b174-4e37-a43f-35046998c7a2 | Context users@openstack cleanup() started
2019-06-13 11:31:06.545 18993 INFO rally.task.context [-] Task 1836ec61-b174-4e37-a43f-35046998c7a2 | Context users@openstack cleanup() finished in 5.16 sec
2019-06-13 11:31:06.633 18993 INFO rally.task.engine [-] Load duration is: 112.866955
2019-06-13 11:31:06.633 18993 INFO rally.task.engine [-] Full runner duration is: 112.916979
2019-06-13 11:31:06.634 18993 INFO rally.task.engine [-] Full duration is: 190.715968
2019-06-13 11:31:06.853 18993 INFO rally.task.engine [-] Running workload: position = 1 config = { "version": 2, "title": "A cropped version of a bigger task.", "description": "Auto-generated task from a single workload (uuid=b12f1c63-eb2a-4dba-ac00-734d5dcef6d9)", "subtasks": [ { "title": "NeutronNetworks.create_and_update_ports", "description": "Create and update a given number of ports.", "scenario": { "NeutronNetworks.create_and_update_ports": { "network_create_args": {}, "port_create_args": {}, "ports_per_network": 5, "port_update_args": { "admin_state_up": false, "device_id": "dummy_id", "device_owner": "dummy_owner", "name": "_port_updated" } } }, "contexts": { "users": { "tenants": 1, "users_per_tenant": 1 }, "quotas": { "neutron": { "network": -1, "port": -1 } } }, "runner": { "constant": { "times": 40, "concurrency": 20 } }, "hooks": [], "sla": { "failure_rate": { "max": 0 } } } ] }
2019-06-13 11:31:06.877 18993 RALLYDEBUG rally_openstack.contexts.keystone.users [-] Creating 1 tenants using 20 threads
2019-06-13 11:31:08.715 18993 RALLYDEBUG rally_openstack.contexts.keystone.users [-] Creating 1 users using 20 threads
2019-06-13 11:31:11.483 18993 INFO rally.task.context [-] Task 1836ec61-b174-4e37-a43f-35046998c7a2 | Context users@openstack setup() finished in 4.61 sec
2019-06-13 11:31:12.413 18993 INFO rally.task.context [-] Task 1836ec61-b174-4e37-a43f-35046998c7a2 | Context quotas@openstack setup() finished in 0.93 sec
2019-06-13 11:31:12.413 18993 INFO rally.task.context [-] Task 1836ec61-b174-4e37-a43f-35046998c7a2 | Context cleanup@openstack setup() finished in 0.00 msec
2019-06-13 11:31:12.421 18993 RALLYDEBUG rally.task.runner [-] Starting the constant runner (task UUID: 1836ec61-b174-4e37-a43f-35046998c7a2). timeout: 0 concurrency: 20 concurrency_per_worker: 1 times: 40 concurrency_overhead: 4 processes_to_start: 16 max_cpu_used: 16
2019-06-13 11:31:12.437 22869 RALLYDEBUG rally.task.runner [-] Starting a worker. concurrency: 2 args: {"network_create_args": {}, "port_create_args": {}, "ports_per_network": 5, "port_update_args": {"admin_state_up": false, "device_id": "dummy_id", "device_owner": "dummy_owner", "name": "_port_updated"}} times: 40 method_name: run timeout: 0 duration: None cls:
2019-06-13 11:31:12.441 22870 RALLYDEBUG rally.task.runner [-] Starting a worker. concurrency: 2 args: {"network_create_args": {}, "port_create_args": {}, "ports_per_network": 5, "port_update_args": {"admin_state_up": false, "device_id": "dummy_id", "device_owner": "dummy_owner", "name": "_port_updated"}} times: 40 method_name: run timeout: 0 duration: None cls:
2019-06-13 11:31:12.445 22869 INFO rally.task.runner [-] Task 1836ec61-b174-4e37-a43f-35046998c7a2 | ITER: 1 START
2019-06-13 11:31:12.445 22871 RALLYDEBUG rally.task.runner [-] Starting a worker. concurrency: 2 args: {"network_create_args": {}, "port_create_args": {}, "ports_per_network": 5, "port_update_args": {"admin_state_up": false, "device_id": "dummy_id", "device_owner": "dummy_owner", "name": "_port_updated"}} times: 40 method_name: run timeout: 0 duration: None cls:
2019-06-13 11:31:12.448 22870 INFO rally.task.runner [-] Task 1836ec61-b174-4e37-a43f-35046998c7a2 | ITER: 3 START
2019-06-13 11:31:12.447 22869 INFO rally.task.runner [-] Task 1836ec61-b174-4e37-a43f-35046998c7a2 | ITER: 2 START
2019-06-13 11:31:12.448 22869 WARNING rally_openstack.scenarios.neutron.utils [-] Running this scenario without either the 'network' or 'existing_network' context is deprecated
2019-06-13 11:31:12.449 22872 RALLYDEBUG rally.task.runner [-] Starting a worker. concurrency: 2 args: {"network_create_args": {}, "port_create_args": {}, "ports_per_network": 5, "port_update_args": {"admin_state_up": false, "device_id": "dummy_id", "device_owner": "dummy_owner", "name": "_port_updated"}} times: 40 method_name: run timeout: 0 duration: None cls:
2019-06-13 11:31:12.450 22870 WARNING rally_openstack.scenarios.neutron.utils [-] Running this scenario without either the 'network' or 'existing_network' context is deprecated
2019-06-13 11:31:12.449 22869 WARNING rally_openstack.scenarios.neutron.utils [-] Running this scenario without either the 'network' or 'existing_network' context is deprecated
2019-06-13 11:31:12.453 22878 RALLYDEBUG rally.task.runner [-] Starting a worker. concurrency: 1 args: {"network_create_args": {}, "port_create_args": {}, "ports_per_network": 5, "port_update_args": {"admin_state_up": false, "device_id": "dummy_id", "device_owner": "dummy_owner", "name": "_port_updated"}} times: 40 method_name: run timeout: 0 duration: None cls:
2019-06-13 11:31:12.454 22871 INFO rally.task.runner [-] Task 1836ec61-b174-4e37-a43f-35046998c7a2 | ITER: 5 START
2019-06-13 11:31:12.456 22871 WARNING rally_openstack.scenarios.neutron.utils [-] Running this scenario without either the 'network' or 'existing_network' context is deprecated
2019-06-13 11:31:12.457 22881 RALLYDEBUG rally.task.runner [-] Starting a worker. concurrency: 1 args: {"network_create_args": {}, "port_create_args": {}, "ports_per_network": 5, "port_update_args": {"admin_state_up": false, "device_id": "dummy_id", "device_owner": "dummy_owner", "name": "_port_updated"}} times: 40 method_name: run timeout: 0 duration: None cls:
2019-06-13 11:31:12.457 22872 INFO rally.task.runner [-] Task 1836ec61-b174-4e37-a43f-35046998c7a2 | ITER: 7 START
2019-06-13 11:31:12.460 22878 INFO rally.task.runner [-] Task 1836ec61-b174-4e37-a43f-35046998c7a2 | ITER: 9 START
2019-06-13 11:31:12.459 22872 INFO rally.task.runner [-] Task 1836ec61-b174-4e37-a43f-35046998c7a2 | ITER: 8 START
2019-06-13 11:31:12.459 22884 RALLYDEBUG rally.task.runner [-] Starting a worker. concurrency: 1 args: {"network_create_args": {}, "port_create_args": {}, "ports_per_network": 5, "port_update_args": {"admin_state_up": false, "device_id": "dummy_id", "device_owner": "dummy_owner", "name": "_port_updated"}} times: 40 method_name: run timeout: 0 duration: None cls:
2019-06-13 11:31:12.460 22872 WARNING rally_openstack.scenarios.neutron.utils [-] Running this scenario without either the 'network' or 'existing_network' context is deprecated
2019-06-13 11:31:12.461 22878 WARNING rally_openstack.scenarios.neutron.utils [-] Running this scenario without either the 'network' or 'existing_network' context is deprecated
2019-06-13 11:31:12.462 22888 RALLYDEBUG rally.task.runner [-] Starting a worker. concurrency: 1 args: {"network_create_args": {}, "port_create_args": {}, "ports_per_network": 5, "port_update_args": {"admin_state_up": false, "device_id": "dummy_id", "device_owner": "dummy_owner", "name": "_port_updated"}} times: 40 method_name: run timeout: 0 duration: None cls:
2019-06-13 11:31:12.465 22881 INFO rally.task.runner [-] Task 1836ec61-b174-4e37-a43f-35046998c7a2 | ITER: 10 START
2019-06-13 11:31:12.466 22881 WARNING rally_openstack.scenarios.neutron.utils [-] Running this scenario without either the 'network' or 'existing_network' context is deprecated
2019-06-13 11:31:12.467 22888 INFO rally.task.runner [-] Task 1836ec61-b174-4e37-a43f-35046998c7a2 | ITER: 12 START
2019-06-13 11:31:12.461 22872 WARNING rally_openstack.scenarios.neutron.utils [-] Running this scenario without either the 'network' or 'existing_network' context is deprecated
2019-06-13 11:31:12.467 22884 INFO rally.task.runner [-] Task 1836ec61-b174-4e37-a43f-35046998c7a2 | ITER: 11 START
2019-06-13 11:31:12.464 22871 INFO rally.task.runner [-] Task 1836ec61-b174-4e37-a43f-35046998c7a2 | ITER: 6 START
2019-06-13 11:31:12.468 22888 WARNING rally_openstack.scenarios.neutron.utils [-] Running this scenario without either the 'network' or 'existing_network' context is deprecated
2019-06-13 11:31:12.469 22871 WARNING rally_openstack.scenarios.neutron.utils [-] Running this scenario without either the 'network' or 'existing_network' context is deprecated
2019-06-13 11:31:12.469 22884 WARNING rally_openstack.scenarios.neutron.utils [-] Running this scenario without either the 'network' or 'existing_network' context is deprecated
2019-06-13 11:31:12.470 22891 RALLYDEBUG rally.task.runner [-] Starting a worker. concurrency: 1 args: {"network_create_args": {}, "port_create_args": {}, "ports_per_network": 5, "port_update_args": {"admin_state_up": false, "device_id": "dummy_id", "device_owner": "dummy_owner", "name": "_port_updated"}} times: 40 method_name: run timeout: 0 duration: None cls:
2019-06-13 11:31:12.471 22870 INFO rally.task.runner [-] Task 1836ec61-b174-4e37-a43f-35046998c7a2 | ITER: 4 START
2019-06-13 11:31:12.475 22898 RALLYDEBUG rally.task.runner [-] Starting a worker. concurrency: 1 args: {"network_create_args": {}, "port_create_args": {}, "ports_per_network": 5, "port_update_args": {"admin_state_up": false, "device_id": "dummy_id", "device_owner": "dummy_owner", "name": "_port_updated"}} times: 40 method_name: run timeout: 0 duration: None cls:
2019-06-13 11:31:12.478 22870 WARNING rally_openstack.scenarios.neutron.utils [-] Running this scenario without either the 'network' or 'existing_network' context is deprecated
2019-06-13 11:31:12.484 22891 INFO rally.task.runner [-] Task 1836ec61-b174-4e37-a43f-35046998c7a2 | ITER: 13 START
2019-06-13 11:31:12.485 22901 RALLYDEBUG rally.task.runner [-] Starting a worker. concurrency: 1 args: {"network_create_args": {}, "port_create_args": {}, "ports_per_network": 5, "port_update_args": {"admin_state_up": false, "device_id": "dummy_id", "device_owner": "dummy_owner", "name": "_port_updated"}} times: 40 method_name: run timeout: 0 duration: None cls:
2019-06-13 11:31:12.486 22891 WARNING rally_openstack.scenarios.neutron.utils [-] Running this scenario without either the 'network' or 'existing_network' context is deprecated
2019-06-13 11:31:12.492 22901 INFO rally.task.runner [-] Task 1836ec61-b174-4e37-a43f-35046998c7a2 | ITER: 15 START
2019-06-13 11:31:12.492 22903 RALLYDEBUG rally.task.runner [-] Starting a worker. concurrency: 1 args: {"network_create_args": {}, "port_create_args": {}, "ports_per_network": 5, "port_update_args": {"admin_state_up": false, "device_id": "dummy_id", "device_owner": "dummy_owner", "name": "_port_updated"}} times: 40 method_name: run timeout: 0 duration: None cls:
2019-06-13 11:31:12.493 22901 WARNING rally_openstack.scenarios.neutron.utils [-] Running this scenario without either the 'network' or 'existing_network' context is deprecated
2019-06-13 11:31:12.498 22898 INFO rally.task.runner [-] Task 1836ec61-b174-4e37-a43f-35046998c7a2 | ITER: 14 START
2019-06-13 11:31:12.500 22898 WARNING rally_openstack.scenarios.neutron.utils [-] Running this scenario without either the 'network' or 'existing_network' context is deprecated
2019-06-13 11:31:12.503 22903 INFO rally.task.runner [-] Task 1836ec61-b174-4e37-a43f-35046998c7a2 | ITER: 16 START
2019-06-13 11:31:12.505 22903 WARNING rally_openstack.scenarios.neutron.utils [-] Running this scenario without either the 'network' or 'existing_network' context is deprecated
2019-06-13 11:31:12.505 22907 RALLYDEBUG rally.task.runner [-] Starting a worker. concurrency: 1 args: {"network_create_args": {}, "port_create_args": {}, "ports_per_network": 5, "port_update_args": {"admin_state_up": false, "device_id": "dummy_id", "device_owner": "dummy_owner", "name": "_port_updated"}} times: 40 method_name: run timeout: 0 duration: None cls:
2019-06-13 11:31:12.510 22907 INFO rally.task.runner [-] Task 1836ec61-b174-4e37-a43f-35046998c7a2 | ITER: 17 START
2019-06-13 11:31:12.509 22909 RALLYDEBUG rally.task.runner [-] Starting a worker. concurrency: 1 args: {"network_create_args": {}, "port_create_args": {}, "ports_per_network": 5, "port_update_args": {"admin_state_up": false, "device_id": "dummy_id", "device_owner": "dummy_owner", "name": "_port_updated"}} times: 40 method_name: run timeout: 0 duration: None cls:
2019-06-13 11:31:12.511 22907 WARNING rally_openstack.scenarios.neutron.utils [-] Running this scenario without either the 'network' or 'existing_network' context is deprecated
2019-06-13 11:31:12.515 22909 INFO rally.task.runner [-] Task 1836ec61-b174-4e37-a43f-35046998c7a2 | ITER: 18 START
2019-06-13 11:31:12.515 22913 RALLYDEBUG rally.task.runner [-] Starting a worker. concurrency: 1 args: {"network_create_args": {}, "port_create_args": {}, "ports_per_network": 5, "port_update_args": {"admin_state_up": false, "device_id": "dummy_id", "device_owner": "dummy_owner", "name": "_port_updated"}} times: 40 method_name: run timeout: 0 duration: None cls:
2019-06-13 11:31:12.516 22909 WARNING rally_openstack.scenarios.neutron.utils [-] Running this scenario without either the 'network' or 'existing_network' context is deprecated
2019-06-13 11:31:12.520 22913 INFO rally.task.runner [-] Task 1836ec61-b174-4e37-a43f-35046998c7a2 | ITER: 19 START
2019-06-13 11:31:12.521 22913 WARNING rally_openstack.scenarios.neutron.utils [-] Running this scenario without either the 'network' or 'existing_network' context is deprecated
2019-06-13 11:31:12.520 22916 RALLYDEBUG rally.task.runner [-] Starting a worker. concurrency: 1 args: {"network_create_args": {}, "port_create_args": {}, "ports_per_network": 5, "port_update_args": {"admin_state_up": false, "device_id": "dummy_id", "device_owner": "dummy_owner", "name": "_port_updated"}} times: 40 method_name: run timeout: 0 duration: None cls:
2019-06-13 11:31:12.526 22916 INFO rally.task.runner [-] Task 1836ec61-b174-4e37-a43f-35046998c7a2 | ITER: 20 START
2019-06-13 11:31:12.527 22916 WARNING rally_openstack.scenarios.neutron.utils [-] Running this scenario without either the 'network' or 'existing_network' context is deprecated
2019-06-13 11:31:27.874 22872 INFO rally.task.runner [-] Task 1836ec61-b174-4e37-a43f-35046998c7a2 | ITER: 7 END: OK
2019-06-13 11:31:27.879 22872 INFO rally.task.runner [-] Task 1836ec61-b174-4e37-a43f-35046998c7a2 | ITER: 21 START
2019-06-13 11:31:27.880 22872 WARNING rally_openstack.scenarios.neutron.utils [-] Running this scenario without either the 'network' or 'existing_network' context is deprecated
2019-06-13 11:31:28.321 22871 INFO rally.task.runner [-] Task 1836ec61-b174-4e37-a43f-35046998c7a2 | ITER: 6 END: OK
2019-06-13 11:31:28.326 22871 INFO rally.task.runner [-] Task 1836ec61-b174-4e37-a43f-35046998c7a2 | ITER: 22 START
2019-06-13 11:31:28.327 22871 WARNING rally_openstack.scenarios.neutron.utils [-] Running this scenario without either the 'network' or 'existing_network' context is deprecated
2019-06-13 11:31:28.357 22872 INFO rally.task.runner [-] Task 1836ec61-b174-4e37-a43f-35046998c7a2 | ITER: 8 END: OK
2019-06-13 11:31:28.361 22872 INFO rally.task.runner [-] Task 1836ec61-b174-4e37-a43f-35046998c7a2 | ITER: 23 START
2019-06-13 11:31:28.362 22872 WARNING rally_openstack.scenarios.neutron.utils [-] Running this scenario without either the 'network' or 'existing_network' context is deprecated
2019-06-13 11:31:28.845 22884 INFO rally.task.runner [-] Task 1836ec61-b174-4e37-a43f-35046998c7a2 | ITER: 11 END: OK
2019-06-13 11:31:28.850 22884 INFO rally.task.runner [-] Task 1836ec61-b174-4e37-a43f-35046998c7a2 | ITER: 24 START
2019-06-13 11:31:28.851 22884 WARNING rally_openstack.scenarios.neutron.utils [-] Running this scenario without either the 'network' or 'existing_network' context is deprecated
2019-06-13 11:31:29.178 22869 INFO rally.task.runner [-] Task 1836ec61-b174-4e37-a43f-35046998c7a2 | ITER: 1 END: OK
2019-06-13 11:31:29.183 22869 INFO rally.task.runner [-] Task 1836ec61-b174-4e37-a43f-35046998c7a2 | ITER: 25 START
2019-06-13 11:31:29.183 22869 WARNING rally_openstack.scenarios.neutron.utils [-] Running this scenario without either the 'network' or 'existing_network' context is deprecated
2019-06-13 11:31:29.290 22870 INFO rally.task.runner [-] Task 1836ec61-b174-4e37-a43f-35046998c7a2 | ITER: 3 END: OK
2019-06-13 11:31:29.294 22870 INFO rally.task.runner [-] Task 1836ec61-b174-4e37-a43f-35046998c7a2 | ITER: 26 START
2019-06-13 11:31:29.295 22870 WARNING rally_openstack.scenarios.neutron.utils [-] Running this scenario without either the 'network' or 'existing_network' context is deprecated
2019-06-13 11:31:29.337 22878 INFO rally.task.runner [-] Task 1836ec61-b174-4e37-a43f-35046998c7a2 | ITER: 9 END: OK
2019-06-13 11:31:29.342 22878 INFO rally.task.runner [-] Task 1836ec61-b174-4e37-a43f-35046998c7a2 | ITER: 27 START
2019-06-13 11:31:29.342 22878 WARNING rally_openstack.scenarios.neutron.utils [-] Running this scenario without either the 'network' or 'existing_network' context is deprecated
2019-06-13 11:31:30.348 22870 INFO rally.task.runner [-] Task 1836ec61-b174-4e37-a43f-35046998c7a2 | ITER: 4 END: OK
2019-06-13 11:31:30.352 22870 INFO rally.task.runner [-] Task 1836ec61-b174-4e37-a43f-35046998c7a2 | ITER: 28 START
2019-06-13 11:31:30.352 22870 WARNING rally_openstack.scenarios.neutron.utils [-] Running this scenario without either the 'network' or 'existing_network' context is deprecated
2019-06-13 11:31:30.707 22901 INFO rally.task.runner [-] Task 1836ec61-b174-4e37-a43f-35046998c7a2 | ITER: 15 END: OK
2019-06-13 11:31:30.711 22901 INFO rally.task.runner [-] Task 1836ec61-b174-4e37-a43f-35046998c7a2 | ITER: 29 START
2019-06-13 11:31:30.712 22901 WARNING rally_openstack.scenarios.neutron.utils [-] Running this scenario without either the 'network' or 'existing_network' context is deprecated
2019-06-13 11:31:30.844 22869 INFO rally.task.runner [-] Task 1836ec61-b174-4e37-a43f-35046998c7a2 | ITER: 2 END: OK
2019-06-13 11:31:30.848 22869 INFO rally.task.runner [-] Task 1836ec61-b174-4e37-a43f-35046998c7a2 | ITER: 30 START
2019-06-13 11:31:30.848 22869 WARNING rally_openstack.scenarios.neutron.utils [-] Running this scenario without either the 'network' or 'existing_network' context is deprecated
2019-06-13 11:31:31.321 22907 INFO rally.task.runner [-] Task 1836ec61-b174-4e37-a43f-35046998c7a2 | ITER: 17 END: OK
2019-06-13 11:31:31.326 22907 INFO rally.task.runner [-] Task 1836ec61-b174-4e37-a43f-35046998c7a2 | ITER: 31 START
2019-06-13 11:31:31.326 22907 WARNING rally_openstack.scenarios.neutron.utils [-] Running this scenario without either the 'network' or 'existing_network' context is deprecated
2019-06-13 11:31:31.446 22891 INFO rally.task.runner [-] Task 1836ec61-b174-4e37-a43f-35046998c7a2 | ITER: 13 END: OK
2019-06-13 11:31:31.451 22891 INFO rally.task.runner [-] Task 1836ec61-b174-4e37-a43f-35046998c7a2 | ITER: 32 START
2019-06-13 11:31:31.452 22891 WARNING rally_openstack.scenarios.neutron.utils [-] Running this scenario without either the 'network' or 'existing_network' context is deprecated
2019-06-13 11:31:31.770 22871 INFO rally.task.runner [-] Task 1836ec61-b174-4e37-a43f-35046998c7a2 | ITER: 5 END: OK
2019-06-13 11:31:31.773 22871 INFO rally.task.runner [-] Task 1836ec61-b174-4e37-a43f-35046998c7a2 | ITER: 33 START
2019-06-13 11:31:31.774 22871 WARNING rally_openstack.scenarios.neutron.utils [-] Running this scenario without either the 'network' or 'existing_network' context is deprecated
2019-06-13 11:31:31.927 22903 INFO rally.task.runner [-] Task 1836ec61-b174-4e37-a43f-35046998c7a2 | ITER: 16 END: OK
2019-06-13 11:31:31.931 22903 INFO rally.task.runner [-] Task 1836ec61-b174-4e37-a43f-35046998c7a2 | ITER: 34 START
2019-06-13 11:31:31.932 22903 WARNING rally_openstack.scenarios.neutron.utils [-] Running this scenario without either the 'network' or 'existing_network' context is deprecated
2019-06-13 11:31:31.978 22916 INFO rally.task.runner [-] Task 1836ec61-b174-4e37-a43f-35046998c7a2 | ITER: 20 END: OK
2019-06-13 11:31:31.983 22916 INFO rally.task.runner [-] Task 1836ec61-b174-4e37-a43f-35046998c7a2 | ITER: 35 START
2019-06-13 11:31:31.983 22916 WARNING rally_openstack.scenarios.neutron.utils [-] Running this scenario without either the 'network' or 'existing_network' context is deprecated
2019-06-13 11:31:32.465 22881 INFO rally.task.runner [-] Task 1836ec61-b174-4e37-a43f-35046998c7a2 | ITER: 10 END: OK
2019-06-13 11:31:32.469 22881 INFO rally.task.runner [-] Task 1836ec61-b174-4e37-a43f-35046998c7a2 | ITER: 36 START
2019-06-13 11:31:32.470 22881 WARNING rally_openstack.scenarios.neutron.utils [-] Running this scenario without either the 'network' or 'existing_network' context is deprecated
2019-06-13 11:31:33.454 22909 INFO rally.task.runner [-] Task 1836ec61-b174-4e37-a43f-35046998c7a2 | ITER: 18 END: OK
2019-06-13 11:31:33.458 22909 INFO rally.task.runner [-] Task 1836ec61-b174-4e37-a43f-35046998c7a2 | ITER: 37 START
2019-06-13 11:31:33.459 22909 WARNING rally_openstack.scenarios.neutron.utils [-] Running this scenario without either the 'network' or 'existing_network' context is deprecated
2019-06-13 11:31:33.549 22898 INFO rally.task.runner [-] Task 1836ec61-b174-4e37-a43f-35046998c7a2 | ITER: 14 END: OK
2019-06-13 11:31:33.552 22898 INFO rally.task.runner [-] Task 1836ec61-b174-4e37-a43f-35046998c7a2 | ITER: 38 START
2019-06-13 11:31:33.553 22898 WARNING rally_openstack.scenarios.neutron.utils [-] Running this scenario without either the 'network' or 'existing_network' context is deprecated
2019-06-13 11:31:34.117 22913 INFO rally.task.runner [-] Task 1836ec61-b174-4e37-a43f-35046998c7a2 | ITER: 19 END: OK
2019-06-13 11:31:34.122 22913 INFO rally.task.runner [-] Task 1836ec61-b174-4e37-a43f-35046998c7a2 | ITER: 39 START
2019-06-13 11:31:34.122 22913 WARNING rally_openstack.scenarios.neutron.utils [-] Running this scenario without either the 'network' or 'existing_network' context is deprecated
2019-06-13 11:31:34.952 22888 INFO rally.task.runner [-] Task 1836ec61-b174-4e37-a43f-35046998c7a2 | ITER: 12 END: OK
2019-06-13 11:31:34.956 22888 INFO rally.task.runner [-] Task 1836ec61-b174-4e37-a43f-35046998c7a2 | ITER: 40 START
2019-06-13 11:31:34.957 22888 WARNING rally_openstack.scenarios.neutron.utils [-] Running this scenario without either the 'network' or 'existing_network' context is deprecated
2019-06-13 11:31:44.669 22872 INFO rally.task.runner [-] Task 1836ec61-b174-4e37-a43f-35046998c7a2 | ITER: 23 END: OK
2019-06-13 11:31:44.755 22871 INFO rally.task.runner [-] Task 1836ec61-b174-4e37-a43f-35046998c7a2 | ITER: 22 END: OK
2019-06-13 11:31:46.014 22870 INFO rally.task.runner [-] Task 1836ec61-b174-4e37-a43f-35046998c7a2 | ITER: 26 END: OK
2019-06-13 11:31:46.018 22869 INFO rally.task.runner [-] Task 1836ec61-b174-4e37-a43f-35046998c7a2 | ITER: 25 END: OK
2019-06-13 11:31:46.130 22870 INFO rally.task.runner [-] Task 1836ec61-b174-4e37-a43f-35046998c7a2 | ITER: 28 END: OK
2019-06-13 11:31:46.338 22878 INFO rally.task.runner [-] Task 1836ec61-b174-4e37-a43f-35046998c7a2 | ITER: 27 END: OK
2019-06-13 11:31:46.380 22872 INFO rally.task.runner [-] Task 1836ec61-b174-4e37-a43f-35046998c7a2 | ITER: 21 END: OK
2019-06-13 11:31:46.892 22884 INFO rally.task.runner [-] Task 1836ec61-b174-4e37-a43f-35046998c7a2 | ITER: 24 END: OK
2019-06-13 11:31:47.088 22871 INFO rally.task.runner [-] Task 1836ec61-b174-4e37-a43f-35046998c7a2 | ITER: 33 END: OK
2019-06-13 11:31:47.443 22881 INFO rally.task.runner [-] Task 1836ec61-b174-4e37-a43f-35046998c7a2 | ITER: 36 END: OK
2019-06-13 11:31:47.538 22869 INFO rally.task.runner [-] Task 1836ec61-b174-4e37-a43f-35046998c7a2 | ITER: 30 END: OK
2019-06-13 11:31:47.617 22903 INFO rally.task.runner [-] Task 1836ec61-b174-4e37-a43f-35046998c7a2 | ITER: 34 END: OK
2019-06-13 11:31:47.937 22907 INFO rally.task.runner [-] Task 1836ec61-b174-4e37-a43f-35046998c7a2 | ITER: 31 END: OK
2019-06-13 11:31:48.305 22916 INFO rally.task.runner [-] Task 1836ec61-b174-4e37-a43f-35046998c7a2 | ITER: 35 END: OK
2019-06-13 11:31:48.645 22909 INFO rally.task.runner [-] Task 1836ec61-b174-4e37-a43f-35046998c7a2 | ITER: 37 END: OK
2019-06-13 11:31:48.728 22913 INFO rally.task.runner [-] Task 1836ec61-b174-4e37-a43f-35046998c7a2 | ITER: 39 END: OK
2019-06-13 11:31:48.806 22891 INFO rally.task.runner [-] Task 1836ec61-b174-4e37-a43f-35046998c7a2 | ITER: 32 END: OK
2019-06-13 11:31:49.416 22901 INFO rally.task.runner [-] Task 1836ec61-b174-4e37-a43f-35046998c7a2 | ITER: 29 END: OK
2019-06-13 11:31:49.823 22898 INFO rally.task.runner [-] Task 1836ec61-b174-4e37-a43f-35046998c7a2 | ITER: 38 END: OK
2019-06-13 11:31:50.640 22888 INFO rally.task.runner [-] Task 1836ec61-b174-4e37-a43f-35046998c7a2 | ITER: 40 END: OK
2019-06-13 11:31:50.661 18993 INFO rally.task.context [-] Task 1836ec61-b174-4e37-a43f-35046998c7a2 | Context cleanup@openstack cleanup() started
2019-06-13 11:31:50.663 18993 RALLYDEBUG rally_openstack.cleanup.manager [-] Cleaning up neutron vip objects
2019-06-13 11:31:51.483 18993 RALLYDEBUG rally_openstack.cleanup.manager [-] Cleaning up neutron health_monitor objects
2019-06-13 11:31:52.127 18993 RALLYDEBUG rally_openstack.cleanup.manager [-] Cleaning up neutron pool objects
2019-06-13 11:31:52.860 18993 RALLYDEBUG rally_openstack.cleanup.manager [-] Cleaning up neutron loadbalancer objects
2019-06-13 11:31:53.509 18993 RALLYDEBUG rally_openstack.cleanup.manager [-] Cleaning up neutron floatingip objects
2019-06-13 11:31:54.304 18993 RALLYDEBUG rally_openstack.cleanup.manager [-] Cleaning up neutron port objects
2019-06-13 11:31:55.526 18993 RALLYDEBUG rally_openstack.cleanup.manager [-] Deleting neutron.port object s_rally_b12f1c63_jhqddmmD (02b1e3f5-b602-49ed-87d0-c782efa7326f)
2019-06-13 11:31:55.526 18993 RALLYDEBUG rally_openstack.cleanup.manager [-] Deleting neutron.port object s_rally_b12f1c63_RwT9XwNU (0e070c59-68de-4c09-84ca-25fbe352fc02)
2019-06-13 11:31:55.534 18993 RALLYDEBUG rally_openstack.cleanup.manager [-] Deleting neutron.port object s_rally_b12f1c63_mDuoYQYx (0d4c9cb4-2927-41c3-9ba7-25caa93b4421)
2019-06-13 11:31:55.535 18993 RALLYDEBUG rally_openstack.cleanup.manager [-] Deleting neutron.port object s_rally_b12f1c63_8a2j9tzX (0e2f58c5-ba16-4486-a69e-b9028ef19c17)
2019-06-13 11:31:55.537 18993 RALLYDEBUG rally_openstack.cleanup.manager [-] Deleting neutron.port object s_rally_b12f1c63_gxZlKcTG (096addb4-66e3-42d1-8df2-7d71a4d0aa77)
2019-06-13 11:31:55.556 18993 RALLYDEBUG rally_openstack.cleanup.manager [-] Deleting neutron.port object s_rally_b12f1c63_sTnIyWlA (07d8ad8a-fe0b-413b-a42a-404b79859afc)
2019-06-13 11:31:55.562 18993 RALLYDEBUG rally_openstack.cleanup.manager [-] Deleting neutron.port object s_rally_b12f1c63_zCHBiUGz (0fdddfaa-2a33-4c04-8343-0b706d518534)
2019-06-13 11:31:55.566 18993 RALLYDEBUG rally_openstack.cleanup.manager [-] Deleting neutron.port object s_rally_b12f1c63_NqPqv8EG (0321bf3a-155f-46dd-a587-697cbc64b422)
2019-06-13 11:31:55.567 18993 RALLYDEBUG rally_openstack.cleanup.manager [-] Deleting neutron.port object s_rally_b12f1c63_Ousfju4s (1512a3c7-a755-481a-a840-7c47eccc8c36)
2019-06-13 11:31:55.571 18993 RALLYDEBUG rally_openstack.cleanup.manager [-] Deleting neutron.port object s_rally_b12f1c63_tbGhvwwh (025b6a0e-46f3-4b5d-a4b9-78bd42c408c1)
2019-06-13 11:31:55.620 18993 RALLYDEBUG rally_openstack.cleanup.manager [-] Deleting neutron.port object s_rally_b12f1c63_k5fd7l8X (16be503d-d96e-4045-b502-22e940df7067)
2019-06-13 11:31:55.628 18993 RALLYDEBUG rally_openstack.cleanup.manager [-] Deleting neutron.port object s_rally_b12f1c63_E1pQX5RA (1539ca7a-27f9-4d91-b281-c2af655f5315)
2019-06-13 11:31:55.643 18993 RALLYDEBUG rally_openstack.cleanup.manager [-] Deleting neutron.port object s_rally_b12f1c63_GfhWWPQM (16b935ec-f05e-482b-903d-e4574995ce4e)
2019-06-13 11:31:55.664 18993 RALLYDEBUG rally_openstack.cleanup.manager [-] Deleting neutron.port object s_rally_b12f1c63_Lc7XZXVc (17f7558e-776d-448d-9134-b3d436149636)
2019-06-13 11:31:55.666 18993 RALLYDEBUG rally_openstack.cleanup.manager [-] Deleting neutron.port object s_rally_b12f1c63_e8cHxRJj (1a27806b-2df8-40a6-ae6a-fb110c19cdab)
2019-06-13 11:31:55.670 18993 RALLYDEBUG rally_openstack.cleanup.manager [-] Deleting neutron.port object s_rally_b12f1c63_6v4rAWtr (13bfe738-16e4-49fe-ace2-3226524578b5)
2019-06-13 11:31:55.673 18993 RALLYDEBUG rally_openstack.cleanup.manager [-] Deleting neutron.port object s_rally_b12f1c63_BPgNymWr (18c94789-70cf-4b80-85fe-9ab3d77d8bb1)
2019-06-13 11:31:55.683 18993 RALLYDEBUG rally_openstack.cleanup.manager [-] Deleting neutron.port object s_rally_b12f1c63_Xbh9Wzlh (191a6687-b3a1-49e2-8e2c-46c9804a2a29)
2019-06-13 11:31:55.713 18993 RALLYDEBUG rally_openstack.cleanup.manager [-] Deleting neutron.port object s_rally_b12f1c63_B6pa5dgE (1a6cce27-f78e-49b9-8133-182191738fe8)
2019-06-13 11:31:55.720 18993 RALLYDEBUG rally_openstack.cleanup.manager [-] Deleting neutron.port object s_rally_b12f1c63_Tco1ddOO (1a965429-d930-4f21-8017-c9e1f0121b10)
2019-06-13 11:31:58.231 18993 RALLYDEBUG rally_openstack.cleanup.manager [-] Deleting neutron.port object s_rally_b12f1c63_GkiO8B8m (1ebbff75-49e6-4dca-94b1-690ce2742cb7)
2019-06-13 11:31:58.269 18993 RALLYDEBUG rally_openstack.cleanup.manager [-] Deleting neutron.port object s_rally_b12f1c63_z00PIMlB (1ef586ac-c364-4557-951b-1c5495a4e476)
2019-06-13 11:31:58.409 18993 RALLYDEBUG rally_openstack.cleanup.manager [-] Deleting neutron.port object s_rally_b12f1c63_HtyN2z4N (1f38204c-f22d-43b1-8707-7224049b1032)
2019-06-13 11:31:58.499 18993 RALLYDEBUG rally_openstack.cleanup.manager [-] Deleting neutron.port object s_rally_b12f1c63_17q7nk1R (1f5926c3-325e-4698-917f-41beebe95715)
2019-06-13 11:31:58.507 18993 RALLYDEBUG rally_openstack.cleanup.manager [-] Deleting neutron.port object s_rally_b12f1c63_XIVHZEpA (23b7a681-0616-4ab5-9ae6-089673fd1390)
2019-06-13 11:31:58.516 18993 RALLYDEBUG rally_openstack.cleanup.manager [-] Deleting neutron.port object s_rally_b12f1c63_iSqqSyjb (2512c383-d59b-41cc-a762-4dbe4b5af052)
2019-06-13 11:31:58.542 18993 RALLYDEBUG rally_openstack.cleanup.manager [-] Deleting neutron.port object s_rally_b12f1c63_xci5U1P1 (262071d4-1d21-4105-986e-7a58db273159)
2019-06-13 11:31:58.565 18993 RALLYDEBUG rally_openstack.cleanup.manager [-] Deleting neutron.port object s_rally_b12f1c63_9JYu3ChT (27ee155b-264a-48ed-8d31-a51817d466c5)
2019-06-13 11:31:58.592 18993 RALLYDEBUG rally_openstack.cleanup.manager [-] Deleting neutron.port object s_rally_b12f1c63_9zlAUGrM (29feffd8-c189-4e95-b08a-495099d88a6b)
2019-06-13 11:31:58.623 18993 RALLYDEBUG rally_openstack.cleanup.manager [-] Deleting neutron.port object s_rally_b12f1c63_AlvbmdNS (2b0628c8-77e5-421b-9ea3-ca432404f6b7)
2019-06-13 11:31:58.667 18993 RALLYDEBUG rally_openstack.cleanup.manager [-] Deleting neutron.port object s_rally_b12f1c63_DreSp3Ld (2b2e31e7-443d-4b34-b6e6-91eb46278f06)
2019-06-13 11:31:58.681 18993 RALLYDEBUG rally_openstack.cleanup.manager [-] Deleting neutron.port object s_rally_b12f1c63_B34e4w2W (2b93a1f0-f9a9-4969-9092-f52d180f6e07)
2019-06-13 11:31:58.782 18993 RALLYDEBUG rally_openstack.cleanup.manager [-] Deleting neutron.port object s_rally_b12f1c63_fthC2vRp (2bb01170-da65-4ec1-a9a9-550883e94846)
2019-06-13 11:31:58.841 18993 RALLYDEBUG rally_openstack.cleanup.manager [-] Deleting neutron.port object s_rally_b12f1c63_uvz7AVHT (2cf79733-7d16-40bc-ada1-59792d6696da)
2019-06-13 11:31:58.938 18993 RALLYDEBUG rally_openstack.cleanup.manager [-] Deleting neutron.port object s_rally_b12f1c63_ihWDeqAu (2dd15d4c-938b-4a1f-8563-7993b3e9c56b)
2019-06-13 11:31:59.258 18993 RALLYDEBUG rally_openstack.cleanup.manager [-] Deleting neutron.port object s_rally_b12f1c63_km2trbjK (2eca47c6-8628-405e-995c-565a4bd462b6)
2019-06-13 11:31:59.278 18993 RALLYDEBUG rally_openstack.cleanup.manager [-] Deleting neutron.port object s_rally_b12f1c63_V5lz7Riy (2fc3de9d-98c2-45e7-bb98-54a947b1c0ce)
2019-06-13 11:31:59.531 18993 RALLYDEBUG rally_openstack.cleanup.manager [-] Deleting neutron.port object s_rally_b12f1c63_VIJ22Lhk (2ff9956f-c113-4f9b-978c-3dbc15e46897)
2019-06-13 11:31:59.633 18993 RALLYDEBUG rally_openstack.cleanup.manager [-] Deleting neutron.port object s_rally_b12f1c63_svx04jAz (30b9c029-54b0-4ebb-b873-167c6f8d7611)
2019-06-13 11:31:59.640 18993 RALLYDEBUG rally_openstack.cleanup.manager [-] Deleting neutron.port object s_rally_b12f1c63_L251vPTn (30cc6c93-4ea5-453b-a9ef-e50b8bb93b0c)
2019-06-13 11:32:00.661 18993 RALLYDEBUG rally_openstack.cleanup.manager [-] Deleting neutron.port object s_rally_b12f1c63_vOHdlNqj (332d92be-ecf0-4f43-87da-69ace21e184a)
2019-06-13 11:32:00.919 18993 RALLYDEBUG rally_openstack.cleanup.manager [-] Deleting neutron.port object s_rally_b12f1c63_PvWxVmdD (33b718c8-0a19-4d2f-a02c-eafbebb5b548)
2019-06-13 11:32:00.984 18993 RALLYDEBUG rally_openstack.cleanup.manager [-] Deleting neutron.port object s_rally_b12f1c63_CL2rZNUh (33c87a59-b648-425a-bee6-32165843f0cd)
2019-06-13 11:32:01.042 18993 RALLYDEBUG rally_openstack.cleanup.manager [-] Deleting neutron.port object s_rally_b12f1c63_UQGJepKM (343dfc31-9062-478d-8215-8c4f90edaec2)
2019-06-13 11:32:01.140 18993 RALLYDEBUG rally_openstack.cleanup.manager [-] Deleting neutron.port object s_rally_b12f1c63_23UT9yQP (347a0e69-6406-4692-b2ea-1992d9ad9255)
2019-06-13 11:32:01.273 18993 RALLYDEBUG rally_openstack.cleanup.manager [-] Deleting neutron.port object s_rally_b12f1c63_ke7hv4hV (37ae39ae-d173-4c36-8c3d-3b94842a324c)
2019-06-13 11:32:01.515 18993 RALLYDEBUG rally_openstack.cleanup.manager [-] Deleting neutron.port object s_rally_b12f1c63_9F2BBxmr (37c5be39-f551-4225-8083-dc90782a82c2)
2019-06-13 11:32:01.582 18993 RALLYDEBUG rally_openstack.cleanup.manager [-] Deleting neutron.port object s_rally_b12f1c63_Inrs2joY (38495c5c-5045-4390-90a3-06c95214c1aa)
2019-06-13 11:32:01.688 18993 RALLYDEBUG rally_openstack.cleanup.manager [-] Deleting neutron.port object s_rally_b12f1c63_8NcS28sG (3886d678-c8fc-485a-88c1-34340206cabb)
2019-06-13 11:32:01.763 18993 RALLYDEBUG rally_openstack.cleanup.manager [-] Deleting neutron.port object s_rally_b12f1c63_RqgvWSrb (3891b733-dcf7-4c54-8fac-4725707402fe)
2019-06-13 11:32:01.786 18993 RALLYDEBUG rally_openstack.cleanup.manager [-] Deleting neutron.port object s_rally_b12f1c63_BHW7zk7Y (3955fca9-ffa9-496b-aa86-b3040a330bb0)
2019-06-13 11:32:01.791 18993 RALLYDEBUG rally_openstack.cleanup.manager [-] Deleting neutron.port object s_rally_b12f1c63_NNjyHCLu (39b7b6f5-b1ee-418a-885f-0f490a89fdab)
2019-06-13 11:32:01.882 18993 RALLYDEBUG rally_openstack.cleanup.manager [-] Deleting neutron.port object s_rally_b12f1c63_aNQFniHH (3e3eb4d1-2b08-4371-bde2-3f0936621cf1)
2019-06-13 11:32:01.967 18993 RALLYDEBUG rally_openstack.cleanup.manager [-] Deleting neutron.port object s_rally_b12f1c63_P60E3KGb (3e6de2a2-6a1d-4ead-a23e-b97127bc5081)
2019-06-13 11:32:02.051 18993 RALLYDEBUG rally_openstack.cleanup.manager [-] Deleting neutron.port object s_rally_b12f1c63_oertXx5x (4334c5a1-93ec-445a-bc2a-443d0a19ee0e)
2019-06-13 11:32:02.062 18993 RALLYDEBUG rally_openstack.cleanup.manager [-] Deleting neutron.port object s_rally_b12f1c63_99S1F0Qo (46304c9c-a6ea-4f4a-bead-3d85ee08491c)
2019-06-13 11:32:02.090 18993 RALLYDEBUG rally_openstack.cleanup.manager [-] Deleting neutron.port object s_rally_b12f1c63_ZO1DtgNl (479d7627-de6d-4259-a96e-9f75c4ceee62)
2019-06-13 11:32:02.119 18993 RALLYDEBUG rally_openstack.cleanup.manager [-] Deleting neutron.port object s_rally_b12f1c63_1ZeB8coV (47e20c0b-18fd-445f-b8d9-47d31643446c)
2019-06-13 11:32:02.154 18993 RALLYDEBUG rally_openstack.cleanup.manager [-] Deleting neutron.port object s_rally_b12f1c63_dmvlUWng (4c3d7880-7fa5-45e4-bef4-5a27e9fe6e9f)
2019-06-13 11:32:02.210 18993 RALLYDEBUG rally_openstack.cleanup.manager [-] Deleting neutron.port object s_rally_b12f1c63_FnuCSngQ (4e625b49-e220-4d88-a13e-a2955d2115db)
2019-06-13 11:32:02.940 18993 RALLYDEBUG rally_openstack.cleanup.manager [-] Deleting neutron.port object s_rally_b12f1c63_4UsKgkwY (4f05eece-c088-43ec-9192-a8b6402a0105)
2019-06-13 11:32:03.173 18993 RALLYDEBUG rally_openstack.cleanup.manager [-] Deleting neutron.port object s_rally_b12f1c63_mmVjkX9G (4f4471b0-abf3-40df-b956-803e5dd003ea)
2019-06-13 11:32:03.283 18993 RALLYDEBUG rally_openstack.cleanup.manager [-] Deleting neutron.port object s_rally_b12f1c63_WiDS66vV (4fcbd7df-68b5-47bd-8ddd-9c1661062ba4)
2019-06-13 11:32:03.360 18993 RALLYDEBUG rally_openstack.cleanup.manager [-] Deleting neutron.port object s_rally_b12f1c63_2Vg2KIGe (50d74261-1667-4d3a-b8e0-69c09250a1b7)
2019-06-13 11:32:03.469 18993 RALLYDEBUG rally_openstack.cleanup.manager [-] Deleting neutron.port object s_rally_b12f1c63_mVrNUNT0 (513cbce2-35a3-4b3d-b2d8-47c9b0e3fc7b)
2019-06-13 11:32:03.505 18993 RALLYDEBUG rally_openstack.cleanup.manager [-] Deleting neutron.port object s_rally_b12f1c63_8WNmQjIN (518a0358-1041-4b3c-9f39-c445de91ed09)
2019-06-13 11:32:04.055 18993 RALLYDEBUG rally_openstack.cleanup.manager [-] Deleting neutron.port object s_rally_b12f1c63_DGGTY1g3 (539452a6-62f8-47a4-9b36-0fbb495d3bd1)
2019-06-13 11:32:04.231 18993 RALLYDEBUG rally_openstack.cleanup.manager [-] Deleting neutron.port object s_rally_b12f1c63_MNXvMRIw (53bb52df-1428-4570-9438-3f00d392063b)
2019-06-13 11:32:04.263 18993 RALLYDEBUG rally_openstack.cleanup.manager [-] Deleting neutron.port object s_rally_b12f1c63_cU8qTfKG (5506248e-e460-4016-b6e7-cef194fd32d8)
