2019-06-13 11:32:04.337 18993 RALLYDEBUG rally_openstack.cleanup.manager [-] Deleting neutron.port object s_rally_b12f1c63_RCDTWvwv (550dd863-fe41-4e65-ac80-2f11464a7c54)
2019-06-13 11:32:04.445 18993 RALLYDEBUG rally_openstack.cleanup.manager [-] Deleting neutron.port object s_rally_b12f1c63_9nTXifZE (571bf1d4-ba89-4f1d-b2f6-c808f3c6a671)
2019-06-13 11:32:04.519 18993 RALLYDEBUG rally_openstack.cleanup.manager [-] Deleting neutron.port object s_rally_b12f1c63_BLfcHed1 (57324eef-78b2-4cbb-9809-11ddd5049221)
2019-06-13 11:32:04.534 18993 RALLYDEBUG rally_openstack.cleanup.manager [-] Deleting neutron.port object s_rally_b12f1c63_hLadZ7Oc (57b7e554-fc04-465e-ac62-30800b0ba248)
2019-06-13 11:32:04.654 18993 RALLYDEBUG rally_openstack.cleanup.manager [-] Deleting neutron.port object s_rally_b12f1c63_NLA9V1GB (57dae485-536f-4046-978e-1cf9dd61d87a)
2019-06-13 11:32:04.701 18993 RALLYDEBUG rally_openstack.cleanup.manager [-] Deleting neutron.port object s_rally_b12f1c63_ZohdAccS (58062028-9f9d-4817-9105-aa8157507ad7)
2019-06-13 11:32:04.770 18993 RALLYDEBUG rally_openstack.cleanup.manager [-] Deleting neutron.port object s_rally_b12f1c63_jSj7fFI8 (5a047e9d-0fba-44ff-8307-946dba3ae5a2)
2019-06-13 11:32:04.971 18993 RALLYDEBUG rally_openstack.cleanup.manager [-] Deleting neutron.port object s_rally_b12f1c63_pWTbxjIx (5b5e93ea-5a81-452d-b0f7-d172c4b3ad1a)
2019-06-13 11:32:05.038 18993 RALLYDEBUG rally_openstack.cleanup.manager [-] Deleting neutron.port object s_rally_b12f1c63_YcwsvkYW (5c22aebf-d225-45c1-9c8c-74e4bc9e41a1)
2019-06-13 11:32:05.052 18993 RALLYDEBUG rally_openstack.cleanup.manager [-] Deleting neutron.port object s_rally_b12f1c63_UEVqgT7A (5cf81640-f5ce-43f6-bd6a-15e7a5b1d2df)
2019-06-13 11:32:05.277 18993 RALLYDEBUG rally_openstack.cleanup.manager [-] Deleting neutron.port object s_rally_b12f1c63_nAdKI82V (60e17124-06b3-498c-b966-57ad23120c3e)
2019-06-13 11:32:05.296 18993 RALLYDEBUG rally_openstack.cleanup.manager [-] Deleting neutron.port object s_rally_b12f1c63_uV31ck8W (69717848-32f3-4a49-8a1c-258666d690c4)
2019-06-13 11:32:05.680 18993 RALLYDEBUG rally_openstack.cleanup.manager [-] Deleting neutron.port object s_rally_b12f1c63_7Dg41iTk (718a5f73-90cd-4002-90c5-c77d30263c52)
2019-06-13 11:32:05.783 18993 RALLYDEBUG rally_openstack.cleanup.manager [-] Deleting neutron.port object s_rally_b12f1c63_iDvj7q0T (71e501f4-0464-4f35-9c7c-0c6fd2cd0514)
2019-06-13 11:32:05.930 18993 RALLYDEBUG rally_openstack.cleanup.manager [-] Deleting neutron.port object s_rally_b12f1c63_7wBcyqqG (73b646cf-654f-4d59-aa37-7f78de6c684c)
2019-06-13 11:32:06.060 18993 RALLYDEBUG rally_openstack.cleanup.manager [-] Deleting neutron.port object s_rally_b12f1c63_KDCsIy5m (748e80ac-15fc-4cb5-8929-79fa8f815f71)
2019-06-13 11:32:06.081 18993 RALLYDEBUG rally_openstack.cleanup.manager [-] Deleting neutron.port object s_rally_b12f1c63_kU9mhg7s (74efe4fd-ace1-45ae-a585-2de4405505f9)
2019-06-13 11:32:06.335 18993 RALLYDEBUG rally_openstack.cleanup.manager [-] Deleting neutron.port object s_rally_b12f1c63_9NaDdBzo (7500bc1d-4a05-4b6d-be58-8b80a6d6655f)
2019-06-13 11:32:07.275 18993 RALLYDEBUG rally_openstack.cleanup.manager [-] Deleting neutron.port object s_rally_b12f1c63_xVbswtc6 (758496f0-3b70-499d-ad35-75afdeabff4f)
2019-06-13 11:32:07.326 18993 RALLYDEBUG rally_openstack.cleanup.manager [-] Deleting neutron.port object s_rally_b12f1c63_Ujaj0RcX (79b10770-4584-4624-a93d-174c843a8893)
2019-06-13 11:32:07.329 18993 RALLYDEBUG rally_openstack.cleanup.manager [-] Deleting neutron.port object s_rally_b12f1c63_Q2VVKupJ (7a21ea48-7cec-46f8-871a-3bcde4404974)
2019-06-13 11:32:07.339 18993 RALLYDEBUG rally_openstack.cleanup.manager [-] Deleting neutron.port object s_rally_b12f1c63_xQPX2xOf (7a513bb6-44bf-44fb-a4af-2c6d8169e772)
2019-06-13 11:32:07.630 18993 RALLYDEBUG rally_openstack.cleanup.manager [-] Deleting neutron.port object s_rally_b12f1c63_5Cl2GXFM (7c9be0f9-6790-428c-8027-550579eeb5b1)
2019-06-13 11:32:07.632 18993 RALLYDEBUG rally_openstack.cleanup.manager [-] Deleting neutron.port object s_rally_b12f1c63_VUho9rMX (7aedf1e6-a606-4a79-a793-707af20c0a9e)
2019-06-13 11:32:07.646 18993 RALLYDEBUG rally_openstack.cleanup.manager [-] Deleting neutron.port object s_rally_b12f1c63_pxITlUnA (7cfd9389-7c66-48be-93cd-3da0fa522a7e)
2019-06-13 11:32:07.705 18993 RALLYDEBUG rally_openstack.cleanup.manager [-] Deleting neutron.port object s_rally_b12f1c63_HeWhS5oJ (7e71c75d-1a62-47e0-8ea0-e74b9d360d52)
2019-06-13 11:32:07.733 18993 RALLYDEBUG rally_openstack.cleanup.manager [-] Deleting neutron.port object s_rally_b12f1c63_ZDfs541V (7e821bea-f0de-4009-a273-0ad3258846aa)
2019-06-13 11:32:07.744 18993 RALLYDEBUG rally_openstack.cleanup.manager [-] Deleting neutron.port object s_rally_b12f1c63_j0sAbUk2 (8129890f-805f-4603-8a04-510ffc3f3ce6)
2019-06-13 11:32:07.776 18993 RALLYDEBUG rally_openstack.cleanup.manager [-] Deleting neutron.port object s_rally_b12f1c63_Y9X5cqsL (812c3155-5a1f-403e-99f5-8cef7d4b9b3a)
2019-06-13 11:32:07.877 18993 RALLYDEBUG rally_openstack.cleanup.manager [-] Deleting neutron.port object s_rally_b12f1c63_tD1wYlzA (830b2147-0325-43bd-bafa-4e898b428f69)
2019-06-13 11:32:07.957 18993 RALLYDEBUG rally_openstack.cleanup.manager [-] Deleting neutron.port object s_rally_b12f1c63_95fKt6dQ (882553a3-40ea-42cc-a33e-f35b336cdbf0)
2019-06-13 11:32:08.063 18993 RALLYDEBUG rally_openstack.cleanup.manager [-] Deleting neutron.port object s_rally_b12f1c63_2vay1ndk (8a8d7a45-7431-4e5d-bd8a-d563087b7578)
2019-06-13 11:32:08.140 18993 RALLYDEBUG rally_openstack.cleanup.manager [-] Deleting neutron.port object s_rally_b12f1c63_UHuANBns (8b1bbc49-68f8-46a5-b5af-a1d706b8c133)
2019-06-13 11:32:08.298 18993 RALLYDEBUG rally_openstack.cleanup.manager [-] Deleting neutron.port object s_rally_b12f1c63_LwRjeXmi (8b7c7560-4670-4beb-8331-5eb592b7df4a)
2019-06-13 11:32:08.342 18993 RALLYDEBUG rally_openstack.cleanup.manager [-] Deleting neutron.port object s_rally_b12f1c63_Ygq4jTLr (8bff7c23-ddf8-4c80-82a5-4d9a66eb5028)
2019-06-13 11:32:08.471 18993 RALLYDEBUG rally_openstack.cleanup.manager [-] Deleting neutron.port object s_rally_b12f1c63_jV8MSpsN (8d421c5b-5cbf-4127-818d-7eed3cf1848f)
2019-06-13 11:32:08.544 18993 RALLYDEBUG rally_openstack.cleanup.manager [-] Deleting neutron.port object s_rally_b12f1c63_hPqOp0hF (8eea8ba6-cf6d-444b-b6ed-309150626675)
2019-06-13 11:32:08.671 18993 RALLYDEBUG rally_openstack.cleanup.manager [-] Deleting neutron.port object s_rally_b12f1c63_rlDlsJLC (8f6017c2-471d-4725-b686-0e54470afcfd)
2019-06-13 11:32:09.903 18993 RALLYDEBUG rally_openstack.cleanup.manager [-] Deleting neutron.port object s_rally_b12f1c63_Qmy1npCf (90559957-277f-48c0-a18c-808959bc88bf)
2019-06-13 11:32:09.933 18993 RALLYDEBUG rally_openstack.cleanup.manager [-] Deleting neutron.port object s_rally_b12f1c63_6hNq25Wt (9287e78b-926a-46b1-9598-24e8a4601b2b)
2019-06-13 11:32:09.942 18993 RALLYDEBUG rally_openstack.cleanup.manager [-] Deleting neutron.port object s_rally_b12f1c63_yhPkeYz4 (936467bf-5cc8-4ab0-b444-71f69a54cd5b)
2019-06-13 11:32:10.025 18993 RALLYDEBUG rally_openstack.cleanup.manager [-] Deleting neutron.port object s_rally_b12f1c63_ObskzbJB (94a46abb-51b5-4370-937b-deb0e2b82244)
2019-06-13 11:32:10.082 18993 RALLYDEBUG rally_openstack.cleanup.manager [-] Deleting neutron.port object s_rally_b12f1c63_8E8pDdXN (97af34dc-146b-47b5-8e1c-7c5e4c36f176)
2019-06-13 11:32:10.120 18993 RALLYDEBUG rally_openstack.cleanup.manager [-] Deleting neutron.port object s_rally_b12f1c63_blkzib0g (98698853-123c-4349-9264-79291d94dc6c)
2019-06-13 11:32:10.264 18993 RALLYDEBUG rally_openstack.cleanup.manager [-] Deleting neutron.port object s_rally_b12f1c63_moZdRxVR (98fcb966-c984-4f28-b2cf-5b50e72ee5a7)
2019-06-13 11:32:10.655 18993 RALLYDEBUG rally_openstack.cleanup.manager [-] Deleting neutron.port object s_rally_b12f1c63_7ZvmWbvd (9b90c0dc-9180-45c8-81f9-7aff79586811)
2019-06-13 11:32:10.665 18993 RALLYDEBUG rally_openstack.cleanup.manager [-] Deleting neutron.port object s_rally_b12f1c63_73kdOqDj (9c1fd02d-20f7-4d6d-85bd-fdb716f6d19b)
2019-06-13 11:32:10.724 18993 RALLYDEBUG rally_openstack.cleanup.manager [-] Deleting neutron.port object s_rally_b12f1c63_66jl45RY (9d1aa846-ba31-4f98-8bf7-c40426f22d49)
2019-06-13 11:32:10.747 18993 RALLYDEBUG rally_openstack.cleanup.manager [-] Deleting neutron.port object s_rally_b12f1c63_aXNryybs (9f39439e-2e04-48fb-b90a-3f52ed2bb570)
2019-06-13 11:32:10.775 18993 RALLYDEBUG rally_openstack.cleanup.manager [-] Deleting neutron.port object s_rally_b12f1c63_5HuU7sVJ (a3cc14e6-d8cb-4901-bb87-2018d44582c6)
2019-06-13 11:32:10.789 18993 RALLYDEBUG rally_openstack.cleanup.manager [-] Deleting neutron.port object s_rally_b12f1c63_hLUzsGpP (a45ec879-aaaf-4eed-bcf0-3784327c849d)
2019-06-13 11:32:10.846 18993 RALLYDEBUG rally_openstack.cleanup.manager [-] Deleting neutron.port object s_rally_b12f1c63_FzcpFe1k (a4fb9879-fe7e-41bb-b927-ca01936e27e6)
2019-06-13 11:32:10.888 18993 RALLYDEBUG rally_openstack.cleanup.manager [-] Deleting neutron.port object s_rally_b12f1c63_coGB1ASG (a6f87874-57f5-4ef5-b0fa-f963d72ff7a1)
2019-06-13 11:32:10.901 18993 RALLYDEBUG rally_openstack.cleanup.manager [-] Deleting neutron.port object s_rally_b12f1c63_uVK1XRuI (a7022c24-b585-40ef-8ef8-ab7dbd9609dc)
2019-06-13 11:32:10.913 18993 RALLYDEBUG rally_openstack.cleanup.manager [-] Deleting neutron.port object s_rally_b12f1c63_ilNYQ2DB (a7dee9be-036c-4288-ac23-40b3c59f373c)
2019-06-13 11:32:11.044 18993 RALLYDEBUG rally_openstack.cleanup.manager [-] Deleting neutron.port object s_rally_b12f1c63_xkGgH117 (a8238d46-ae48-4389-ab2c-9869858ba8e0)
2019-06-13 11:32:11.156 18993 RALLYDEBUG rally_openstack.cleanup.manager [-] Deleting neutron.port object s_rally_b12f1c63_HxQWaFRl (a8433a12-15c9-440a-819a-9c43e0d2cc76)
2019-06-13 11:32:11.188 18993 RALLYDEBUG rally_openstack.cleanup.manager [-] Deleting neutron.port object s_rally_b12f1c63_PbolQK5n (a903b733-80d3-405b-af5f-69a10b66f9b4)
2019-06-13 11:32:12.175 18993 RALLYDEBUG rally_openstack.cleanup.manager [-] Deleting neutron.port object s_rally_b12f1c63_vhOrti6v (a9372df4-e1f6-4eeb-bd8a-c2e14732926a)
2019-06-13 11:32:12.221 18993 RALLYDEBUG rally_openstack.cleanup.manager [-] Deleting neutron.port object s_rally_b12f1c63_7jwvhwCM (a93ee087-08c5-4928-9ebc-002f9c4344b8)
2019-06-13 11:32:12.359 18993 RALLYDEBUG rally_openstack.cleanup.manager [-] Deleting neutron.port object s_rally_b12f1c63_JCpAoLDA (a9423271-69ee-4851-a8ac-026ea04bd885)
2019-06-13 11:32:12.471 18993 RALLYDEBUG rally_openstack.cleanup.manager [-] Deleting neutron.port object s_rally_b12f1c63_0p3riaLR (a9ea375b-11d7-4c7f-a625-f15f140b832e)
2019-06-13 11:32:12.858 18993 RALLYDEBUG rally_openstack.cleanup.manager [-] Deleting neutron.port object s_rally_b12f1c63_Hq4MFoDy (aa9229e5-e5ae-4f2d-bfb6-a45336746f21)
2019-06-13 11:32:12.879 18993 RALLYDEBUG rally_openstack.cleanup.manager [-] Deleting neutron.port object s_rally_b12f1c63_z5BnwULx (ac9495ea-9aa0-4589-8db1-17201dbef047)
2019-06-13 11:32:13.007 18993 RALLYDEBUG rally_openstack.cleanup.manager [-] Deleting neutron.port object s_rally_b12f1c63_3VpJMe6H (ad5d0bf0-c7fd-4ceb-af57-8347b9939cac)
2019-06-13 11:32:13.255 18993 RALLYDEBUG rally_openstack.cleanup.manager [-] Deleting neutron.port object s_rally_b12f1c63_FxAJrlwx (aeb1376b-5ce9-471b-a631-3e4e57c69b3c)
2019-06-13 11:32:13.295 18993 RALLYDEBUG rally_openstack.cleanup.manager [-] Deleting neutron.port object s_rally_b12f1c63_YplQOm0w (af26de5a-fc56-407d-964b-a166da519b23)
2019-06-13 11:32:13.354 18993 RALLYDEBUG rally_openstack.cleanup.manager [-] Deleting neutron.port object s_rally_b12f1c63_47kocD1b (af87c603-f971-4679-b3d7-edd9acad5428)
2019-06-13 11:32:13.443 18993 RALLYDEBUG rally_openstack.cleanup.manager [-] Deleting neutron.port object s_rally_b12f1c63_rtWjPLaq (b0f89a40-7932-47b6-9f6a-aee0a1ff4f1c)
2019-06-13 11:32:13.466 18993 RALLYDEBUG rally_openstack.cleanup.manager [-] Deleting neutron.port object s_rally_b12f1c63_0P06w5hB (b1d0562c-d0b1-475c-8208-1a3b25743133)
2019-06-13 11:32:13.542 18993 RALLYDEBUG rally_openstack.cleanup.manager [-] Deleting neutron.port object s_rally_b12f1c63_6otwZjHi (b37bd4b5-5094-4a72-ae10-48a3c461a328)
2019-06-13 11:32:13.621 18993 RALLYDEBUG rally_openstack.cleanup.manager [-] Deleting neutron.port object s_rally_b12f1c63_XexahuvV (b77b765c-a7b6-4e7a-a106-7041079b5dd1)
2019-06-13 11:32:13.624 18993 RALLYDEBUG rally_openstack.cleanup.manager [-] Deleting neutron.port object s_rally_b12f1c63_gSFRcVfo (b7295109-17ab-4fab-98f6-65c7ba8579da)
2019-06-13 11:32:13.699 18993 RALLYDEBUG rally_openstack.cleanup.manager [-] Deleting neutron.port object s_rally_b12f1c63_8kegzHRI (b93f0734-9bb9-4b0a-aebf-553842b5bcd0)
2019-06-13 11:32:13.825 18993 RALLYDEBUG rally_openstack.cleanup.manager [-] Deleting neutron.port object s_rally_b12f1c63_UyLWfwTf (bcd9336f-0fb3-4610-80ce-3d52e737c9fa)
2019-06-13 11:32:13.879 18993 RALLYDEBUG rally_openstack.cleanup.manager [-] Deleting neutron.port object s_rally_b12f1c63_56n1m6fp (bd520661-eb03-48cd-8971-068e8a01d9b8)
2019-06-13 11:32:14.015 18993 RALLYDEBUG rally_openstack.cleanup.manager [-] Deleting neutron.port object s_rally_b12f1c63_7J8cj1SR (c0837d62-b181-458e-81ac-7993984867f4)
2019-06-13 11:32:14.022 18993 RALLYDEBUG rally_openstack.cleanup.manager [-] Deleting neutron.port object s_rally_b12f1c63_wYGvAc7Y (c085311c-d850-4628-8667-853d80f9b680)
2019-06-13 11:32:14.662 18993 RALLYDEBUG rally_openstack.cleanup.manager [-] Deleting neutron.port object s_rally_b12f1c63_qDqQtFeB (c2d9c530-ac7b-4794-99d0-6dc9f82f596b)
2019-06-13 11:32:14.751 18993 RALLYDEBUG rally_openstack.cleanup.manager [-] Deleting neutron.port object s_rally_b12f1c63_CF0dOLq6 (c3685fc7-f0f3-47fd-a3a7-8fc783757bd1)
2019-06-13 11:32:14.784 18993 RALLYDEBUG rally_openstack.cleanup.manager [-] Deleting neutron.port object s_rally_b12f1c63_uHNkQdWj (c38afdcb-b7d3-4078-88d3-e8cac443a81a)
2019-06-13 11:32:14.942 18993 RALLYDEBUG rally_openstack.cleanup.manager [-] Deleting neutron.port object s_rally_b12f1c63_qaNN0Y5z (caca5a40-d785-4943-a5bb-c68496aa192d)
2019-06-13 11:32:15.279 18993 RALLYDEBUG rally_openstack.cleanup.manager [-] Deleting neutron.port object s_rally_b12f1c63_FQ1HCB9L (ccd4ae10-9afa-4bf5-bc68-c522456ea7ac)
2019-06-13 11:32:15.580 18993 RALLYDEBUG rally_openstack.cleanup.manager [-] Deleting neutron.port object s_rally_b12f1c63_DAzUjtPn (cd5504bf-a6d9-4ba8-b228-43d361c6efd9)
2019-06-13 11:32:15.745 18993 RALLYDEBUG rally_openstack.cleanup.manager [-] Deleting neutron.port object s_rally_b12f1c63_6c4ghkuK (d103d332-f9fe-4e81-8c9b-e09961a7c987)
2019-06-13 11:32:15.785 18993 RALLYDEBUG rally_openstack.cleanup.manager [-] Deleting neutron.port object s_rally_b12f1c63_LnQyE4Sf (d155698e-1111-4d9b-a9e8-e854469d7fea)
2019-06-13 11:32:15.795 18993 RALLYDEBUG rally_openstack.cleanup.manager [-] Deleting neutron.port object s_rally_b12f1c63_9WEFISUd (d16e6a24-bd5d-4f3f-bb47-a98a66c2a830)
2019-06-13 11:32:15.948 18993 RALLYDEBUG rally_openstack.cleanup.manager [-] Deleting neutron.port object s_rally_b12f1c63_6UvmGQjc (d39d22da-8511-451e-af9d-64518b1538b3)
2019-06-13 11:32:15.985 18993 RALLYDEBUG rally_openstack.cleanup.manager [-] Deleting neutron.port object s_rally_b12f1c63_MKsPxqJE (d39f2bfe-67e8-4103-9468-93ef2f6ba505)
2019-06-13 11:32:16.000 18993 RALLYDEBUG rally_openstack.cleanup.manager [-] Deleting neutron.port object s_rally_b12f1c63_BaH6rmxp (d6391e8c-00d7-418b-8ebb-77599e300dcc)
2019-06-13 11:32:16.084 18993 RALLYDEBUG rally_openstack.cleanup.manager [-] Deleting neutron.port object s_rally_b12f1c63_1DuV5Px1 (d75ce6cb-4771-4192-8e00-6c531a11a927)
2019-06-13 11:32:16.097 18993 RALLYDEBUG rally_openstack.cleanup.manager [-] Deleting neutron.port object s_rally_b12f1c63_hrH66bY6 (d7ce979f-2ecd-4cf4-9ef2-0cd386bafd8d)
2019-06-13 11:32:16.153 18993 RALLYDEBUG rally_openstack.cleanup.manager [-] Deleting neutron.port object s_rally_b12f1c63_50TWSzAU (d976b247-f91a-49ff-9a2b-b33048905a8d)
2019-06-13 11:32:16.320 18993 RALLYDEBUG rally_openstack.cleanup.manager [-] Deleting neutron.port object s_rally_b12f1c63_EJ44DdIa (dbcdc29e-c943-407b-84d0-ccacb8022f10)
2019-06-13 11:32:16.351 18993 RALLYDEBUG rally_openstack.cleanup.manager [-] Deleting neutron.port object s_rally_b12f1c63_8fl36F6L (dc0ad5b6-54a4-4255-a6b7-74c5412651e0)
2019-06-13 11:32:16.423 18993 RALLYDEBUG rally_openstack.cleanup.manager [-] Deleting neutron.port object s_rally_b12f1c63_QaFboxC1 (ddebd727-042b-4f48-ba0e-f4bea14bf036)
2019-06-13 11:32:16.448 18993 RALLYDEBUG rally_openstack.cleanup.manager [-] Deleting neutron.port object s_rally_b12f1c63_45jOX9rP (e048cbcb-0bfa-4219-b651-cbc881b65993)
2019-06-13 11:32:16.470 18993 RALLYDEBUG rally_openstack.cleanup.manager [-] Deleting neutron.port object s_rally_b12f1c63_nfsnNhMR (e0662dfb-408a-4b38-b380-b3d06a0a6f0a)
2019-06-13 11:32:16.990 18993 RALLYDEBUG rally_openstack.cleanup.manager [-] Deleting neutron.port object s_rally_b12f1c63_rQ91Dxb4 (e17a334d-7b52-4f98-9f89-641bd656b599)
2019-06-13 11:32:17.044 18993 RALLYDEBUG rally_openstack.cleanup.manager [-] Deleting neutron.port object s_rally_b12f1c63_ZISO5KCi (e17f12e9-464e-4a5e-aa10-163d5c973050)
2019-06-13 11:32:17.225 18993 RALLYDEBUG rally_openstack.cleanup.manager [-] Deleting neutron.port object s_rally_b12f1c63_4XWgOk5f (e2422c6a-b96d-49b2-996e-7a6ceb791e77)
2019-06-13 11:32:17.632 18993 RALLYDEBUG rally_openstack.cleanup.manager [-] Deleting neutron.port object s_rally_b12f1c63_eVu0bqnQ (e2a30d2e-fe44-4e1f-ac71-a96b2c7b1a37)
2019-06-13 11:32:17.910 18993 RALLYDEBUG rally_openstack.cleanup.manager [-] Deleting neutron.port object s_rally_b12f1c63_8rucQ2cr (e34f3655-16bc-4cc6-b1c4-fab8e09a2387)
2019-06-13 11:32:18.051 18993 RALLYDEBUG rally_openstack.cleanup.manager [-] Deleting neutron.port object s_rally_b12f1c63_k0gWWszO (e520344c-8467-4226-9bcb-f826cac30656)
2019-06-13 11:32:18.140 18993 RALLYDEBUG rally_openstack.cleanup.manager [-] Deleting neutron.port object s_rally_b12f1c63_M9rCmYwL (e53c964b-95a4-4636-97db-443c1dfe6186)
2019-06-13 11:32:18.218 18993 RALLYDEBUG rally_openstack.cleanup.manager [-] Deleting neutron.port object s_rally_b12f1c63_HUAdMyJK (e62161f5-d081-41a7-bbf6-77b5fc8b14d7)
2019-06-13 11:32:18.380 18993 RALLYDEBUG rally_openstack.cleanup.manager [-] Deleting neutron.port object s_rally_b12f1c63_SmBnyat9 (e7970a13-1e27-45d7-ae8c-341e66872b23)
2019-06-13 11:32:18.547 18993 RALLYDEBUG rally_openstack.cleanup.manager [-] Deleting neutron.port object s_rally_b12f1c63_ztOVDBIy (e872b95e-10b9-40bf-921b-1a69742a311b)
2019-06-13 11:32:18.746 18993 RALLYDEBUG rally_openstack.cleanup.manager [-] Deleting neutron.port object s_rally_b12f1c63_oCjQiIpo (e94923ac-3e19-43a4-8516-d4844cdcd39f)
2019-06-13 11:32:18.778 18993 RALLYDEBUG rally_openstack.cleanup.manager [-] Deleting neutron.port object s_rally_b12f1c63_DTPYY0yI (e9550c84-6e4d-4fbb-87d4-ba405d80ff8e)
2019-06-13 11:32:18.840 18993 RALLYDEBUG rally_openstack.cleanup.manager [-] Deleting neutron.port object s_rally_b12f1c63_rd9wsu9i (ea6a73fd-b13a-403f-a4fe-68f091004e23)
2019-06-13 11:32:18.868 18993 RALLYDEBUG rally_openstack.cleanup.manager [-] Deleting neutron.port object s_rally_b12f1c63_48by35ij (ea9f5c52-b56a-45a7-bc0d-3769a7c3419f)
2019-06-13 11:32:18.890 18993 RALLYDEBUG rally_openstack.cleanup.manager [-] Deleting neutron.port object s_rally_b12f1c63_qpTPun60 (eb4e3f59-acdf-43c2-ba5d-c056b76e5c5d)
2019-06-13 11:32:18.961 18993 RALLYDEBUG rally_openstack.cleanup.manager [-] Deleting neutron.port object s_rally_b12f1c63_To3vT9D2 (ec22d565-75bc-4b51-a1d5-ded16e983de6)
2019-06-13 11:32:18.967 18993 RALLYDEBUG rally_openstack.cleanup.manager [-] Deleting neutron.port object s_rally_b12f1c63_JTKqHuWr (ec415c95-abcf-4787-9f7e-4c0167a6a5de)
2019-06-13 11:32:19.017 18993 RALLYDEBUG rally_openstack.cleanup.manager [-] Deleting neutron.port object s_rally_b12f1c63_Tm7Kmt14 (ec897cef-4375-4c69-9078-20abf8e94a55)
2019-06-13 11:32:19.159 18993 RALLYDEBUG rally_openstack.cleanup.manager [-] Deleting neutron.port object s_rally_b12f1c63_TcIVUlUL (eddc3a84-9b77-416b-8f8e-3f0a04a64832)
2019-06-13 11:32:19.204 18993 RALLYDEBUG rally_openstack.cleanup.manager [-] Deleting neutron.port object s_rally_b12f1c63_IvxO6rdQ (ee9051cb-5be7-4da5-8258-723fc38ac535)
2019-06-13 11:32:19.266 18993 RALLYDEBUG rally_openstack.cleanup.manager [-] Deleting neutron.port object s_rally_b12f1c63_KuaTjzZL (f0e8258e-f8fb-42a0-8e15-a9fb200a116f)
2019-06-13 11:32:19.489 18993 RALLYDEBUG rally_openstack.cleanup.manager [-] Deleting neutron.port object s_rally_b12f1c63_0E0MlNlC (f1a4fd5a-6139-44b9-945f-16be90fbd518)
2019-06-13 11:32:19.580 18993 RALLYDEBUG rally_openstack.cleanup.manager [-] Deleting neutron.port object s_rally_b12f1c63_9CVNh618 (f232608f-0002-4a8d-acd9-85ab39bf4df9)
2019-06-13 11:32:19.936 18993 RALLYDEBUG rally_openstack.cleanup.manager [-] Deleting neutron.port object s_rally_b12f1c63_a8Hx08vH (f389ad95-0321-4905-9709-946151469c94)
2019-06-13 11:32:20.391 18993 RALLYDEBUG rally_openstack.cleanup.manager [-] Deleting neutron.port object s_rally_b12f1c63_mKdyNxOO (f48723b7-6dbf-47e7-a4e9-c9604e42ed3e)
2019-06-13 11:32:20.725 18993 RALLYDEBUG rally_openstack.cleanup.manager [-] Deleting neutron.port object s_rally_b12f1c63_cN7KiUZm (f4b309e7-8194-4707-8ae1-9f8e7d43777f)
2019-06-13 11:32:20.764 18993 RALLYDEBUG rally_openstack.cleanup.manager [-] Deleting neutron.port object s_rally_b12f1c63_K7LH677l (f5c6071f-c5c4-4b98-9ecf-a5592acf52a3)
2019-06-13 11:32:20.897 18993 RALLYDEBUG rally_openstack.cleanup.manager [-] Deleting neutron.port object s_rally_b12f1c63_SusSpmk3 (f8164cb1-f39f-42e0-8cd5-e4fef962ed74)
2019-06-13 11:32:20.980 18993 RALLYDEBUG rally_openstack.cleanup.manager [-] Deleting neutron.port object s_rally_b12f1c63_1eUm2SoP (fb058a9d-2092-4347-87c1-b875311a474f)
2019-06-13 11:32:21.056 18993 RALLYDEBUG rally_openstack.cleanup.manager [-] Deleting neutron.port object s_rally_b12f1c63_hMQ6MxM0 (fc02ef04-3964-4396-b4b5-9b1d1dc88322)
2019-06-13 11:32:21.268 18993 RALLYDEBUG rally_openstack.cleanup.manager [-] Deleting neutron.port object s_rally_b12f1c63_VoOKdFMn (fd517cf5-3ee3-45b1-931b-dc82fd756d06)
2019-06-13 11:32:21.327 18993 RALLYDEBUG rally_openstack.cleanup.manager [-] Deleting neutron.port object s_rally_b12f1c63_MP4wbkQv (fdec83f9-f527-4478-8d17-90fe4132b2eb)
2019-06-13 11:32:21.465 18993 RALLYDEBUG rally_openstack.cleanup.manager [-] Deleting neutron.port object s_rally_b12f1c63_ByDEjb2W (ff210d1f-64ef-44a0-a5ed-0a14037e2406)
2019-06-13 11:32:24.044 18993 RALLYDEBUG rally_openstack.cleanup.manager [-] Cleaning up neutron subnet objects
2019-06-13 11:32:24.769 18993 RALLYDEBUG rally_openstack.cleanup.manager [-] Cleaning up neutron network objects
2019-06-13 11:32:25.930 18993 RALLYDEBUG rally_openstack.cleanup.manager [-] Deleting neutron.network object s_rally_b12f1c63_bKJeCxv2 (05bd2cf8-b1b6-4934-a925-bc18e975d2df)
2019-06-13 11:32:25.934 18993 RALLYDEBUG rally_openstack.cleanup.manager [-] Deleting neutron.network object s_rally_b12f1c63_IXNBgVhC (061bab8f-5bef-4f46-9e5b-121d41f52282)
2019-06-13 11:32:25.940 18993 RALLYDEBUG rally_openstack.cleanup.manager [-] Deleting neutron.network object s_rally_b12f1c63_baKXH3lq (14025bfa-b517-4115-95c2-2a7a11350003)
2019-06-13 11:32:25.961 18993 RALLYDEBUG rally_openstack.cleanup.manager [-] Deleting neutron.network object s_rally_b12f1c63_bIq5SRAP (199826e8-c1d0-4153-81ba-bdbcdd051533)
2019-06-13 11:32:25.961 18993 RALLYDEBUG rally_openstack.cleanup.manager [-] Deleting neutron.network object s_rally_b12f1c63_xhx8FTOx (165c6a5e-1c9e-4e63-8753-e071218eb8e4)
2019-06-13 11:32:25.964 18993 RALLYDEBUG rally_openstack.cleanup.manager [-] Deleting neutron.network object s_rally_b12f1c63_Hv6jKHK3 (2b450978-4f7c-4464-bec4-db17b1fb33fb)
2019-06-13 11:32:25.970 18993 RALLYDEBUG rally_openstack.cleanup.manager [-] Deleting neutron.network object s_rally_b12f1c63_N4Gq8fg0 (2f7f5b82-4b8d-4fdb-9013-6f704741da17)
2019-06-13 11:32:25.978 18993 RALLYDEBUG rally_openstack.cleanup.manager [-] Deleting neutron.network object s_rally_b12f1c63_MMgE133D (356ec21a-7480-4853-9855-72be56296e9f)
2019-06-13 11:32:25.987 18993 RALLYDEBUG rally_openstack.cleanup.manager [-] Deleting neutron.network object s_rally_b12f1c63_TZw8yE3H (36607f45-0f5d-460e-af03-0b042707147d)
2019-06-13 11:32:26.009 18993 RALLYDEBUG rally_openstack.cleanup.manager [-] Deleting neutron.network object s_rally_b12f1c63_1tU8oDSY (4b5a3911-3973-4136-ace1-53d8a8aa58e6)
2019-06-13 11:32:26.033 18993 RALLYDEBUG rally_openstack.cleanup.manager [-] Deleting neutron.network object s_rally_b12f1c63_XwESToGY (5d803993-47cb-400d-8a00-1a6eb2f6d942)
2019-06-13 11:32:26.048 18993 RALLYDEBUG rally_openstack.cleanup.manager [-] Deleting neutron.network object s_rally_b12f1c63_BjAO72QX (842d0c2f-4614-4bde-a8f5-e75997accbba)
2019-06-13 11:32:26.057 18993 RALLYDEBUG rally_openstack.cleanup.manager [-] Deleting neutron.network object s_rally_b12f1c63_9w3bPw0X (802862ac-1ad5-47ca-a197-8f35f3b6a524)
2019-06-13 11:32:26.061 18993 RALLYDEBUG rally_openstack.cleanup.manager [-] Deleting neutron.network object s_rally_b12f1c63_fjiyG3Pg (78de54ed-1bd7-447e-b81e-2e65adf7cbd5)
2019-06-13 11:32:26.075 18993 RALLYDEBUG rally_openstack.cleanup.manager [-] Deleting neutron.network object s_rally_b12f1c63_WxrcLZAC (7e432ee2-90cc-4928-b2d1-9ea2fbceae14)
2019-06-13 11:32:26.090 18993 RALLYDEBUG rally_openstack.cleanup.manager [-] Deleting neutron.network object s_rally_b12f1c63_oHISky3B (880b3aec-56b6-4cf8-bce3-5035d8604cac)
2019-06-13 11:32:26.103 18993 RALLYDEBUG rally_openstack.cleanup.manager [-] Deleting neutron.network object s_rally_b12f1c63_8bqw24dK (88c5eb27-5db1-4256-a54a-4f2c04f25cb8)
2019-06-13 11:32:26.111 18993 RALLYDEBUG rally_openstack.cleanup.manager [-] Deleting neutron.network object s_rally_b12f1c63_JPEIsTMj (8d6237e9-8794-4d7d-ad83-fd37ad86028c)
2019-06-13 11:32:26.124 18993 RALLYDEBUG rally_openstack.cleanup.manager [-] Deleting neutron.network object s_rally_b12f1c63_eC7BpIAq (9ab20e3f-d954-4c7f-84e1-0d1bdc2ab9e5)
2019-06-13 11:32:26.137 18993 RALLYDEBUG rally_openstack.cleanup.manager [-] Deleting neutron.network object s_rally_b12f1c63_s3bel0UN (9273f282-7b7c-4991-839b-4a4c994a5b00)
2019-06-13 11:32:29.218 18993 RALLYDEBUG rally_openstack.cleanup.manager [-] Deleting neutron.network object s_rally_b12f1c63_hooJt6AK (9f9af111-bd39-47be-b4ec-abf3c0b30083)
2019-06-13 11:32:29.537 18993 RALLYDEBUG rally_openstack.cleanup.manager [-] Deleting neutron.network object s_rally_b12f1c63_3xJGdZQN (a202f9bb-186e-4d8c-a1b1-bdb9f1784896)
2019-06-13 11:32:29.678 18993 RALLYDEBUG rally_openstack.cleanup.manager [-] Deleting neutron.network object s_rally_b12f1c63_YecSpJ3x (a9b83d50-49a1-4a0e-aff6-98c60a5fa2fb)
2019-06-13 11:32:29.694 18993 RALLYDEBUG rally_openstack.cleanup.manager [-] Deleting neutron.network object s_rally_b12f1c63_US4JcWT7 (b707f278-5e51-4beb-956b-dd349d909b9f)
2019-06-13 11:32:30.041 18993 RALLYDEBUG rally_openstack.cleanup.manager [-] Deleting neutron.network object s_rally_b12f1c63_TL408GHL (c012743a-b974-44b5-8e19-9af7a5f511e7)
2019-06-13 11:32:30.058 18993 RALLYDEBUG rally_openstack.cleanup.manager [-] Deleting neutron.network object s_rally_b12f1c63_Kg2qKmYr (c14f5c35-9916-4eee-89c3-cce32a0f57b8)
2019-06-13 11:32:30.643 18993 RALLYDEBUG rally_openstack.cleanup.manager [-] Deleting neutron.network object s_rally_b12f1c63_ccOmVGeY (c723503d-fd70-4b6d-91c9-d3767d4129fd)
2019-06-13 11:32:30.644 18993 RALLYDEBUG rally_openstack.cleanup.manager [-] Deleting neutron.network object s_rally_b12f1c63_RwBprN4b (c5569625-5fe8-4ed9-b8dc-ec7c16ca3c68)
2019-06-13 11:32:30.755 18993 RALLYDEBUG rally_openstack.cleanup.manager [-] Deleting neutron.network object s_rally_b12f1c63_ma8v9pL1 (c9d92bd5-d89d-4ad3-adc1-c14e6af00a6b)
2019-06-13 11:32:31.080 18993 RALLYDEBUG rally_openstack.cleanup.manager [-] Deleting neutron.network object s_rally_b12f1c63_6rPeDNdB (cc83d5f5-691a-462f-a465-3ab7bd8b5d98)
2019-06-13 11:32:31.191 18993 RALLYDEBUG rally_openstack.cleanup.manager [-] Deleting neutron.network object s_rally_b12f1c63_WvWxvqCw (cc9de3a9-9cc2-49c1-adae-2db4722c8d7e)
2019-06-13 11:32:31.198 18993 RALLYDEBUG rally_openstack.cleanup.manager [-] Deleting neutron.network object s_rally_b12f1c63_kHy3iLKf (ce501472-9311-4854-b44e-af365a1f4560)
2019-06-13 11:32:32.182 18993 RALLYDEBUG rally_openstack.cleanup.manager [-] Deleting neutron.network object s_rally_b12f1c63_9Nb5wSin (d98821fb-eefb-43d1-832d-d01fc78a98c5)
2019-06-13 11:32:32.195 18993 RALLYDEBUG rally_openstack.cleanup.manager [-] Deleting neutron.network object s_rally_b12f1c63_aHqUgKsk (e3bd4859-631b-4bf2-ac2a-e46e58545abd)
2019-06-13 11:32:32.253 18993 RALLYDEBUG rally_openstack.cleanup.manager [-] Deleting neutron.network object s_rally_b12f1c63_xYYHtSBx (e5b02d53-91bc-4774-871f-c65a2d18768d)
2019-06-13 11:32:32.765 18993 RALLYDEBUG rally_openstack.cleanup.manager [-] Deleting neutron.network object s_rally_b12f1c63_MAVVUMA8 (e74748c0-c6bc-47af-ab9f-e3e9e9e97579)
2019-06-13 11:32:32.768 18993 RALLYDEBUG rally_openstack.cleanup.manager [-] Deleting neutron.network object s_rally_b12f1c63_HSNYIeLu (f4946add-bee2-4ce2-8d0a-42c033312727)
2019-06-13 11:32:32.784 18993 RALLYDEBUG rally_openstack.cleanup.manager [-] Deleting neutron.network object s_rally_b12f1c63_A6Fbz8Eu (fb5961c8-17c4-442e-98ef-736990be44d9)
2019-06-13 11:32:32.935 18993 RALLYDEBUG rally_openstack.cleanup.manager [-] Deleting neutron.network object s_rally_b12f1c63_LXiXZX7H (fcd23ae9-d14f-484e-91c7-9e1a42c461fe)
2019-06-13 11:32:33.210 18993 RALLYDEBUG rally_openstack.cleanup.manager [-] Deleting neutron.network object s_rally_b12f1c63_X0EFC4yx (ff656e77-7394-49b8-af0d-2358cadbb488)
2019-06-13 11:32:37.292 18993 RALLYDEBUG rally_openstack.cleanup.manager [-] Cleaning up neutron router objects
2019-06-13 11:32:38.531 18993 RALLYDEBUG rally_openstack.cleanup.manager [-] Cleaning up neutron security_group objects
2019-06-13 11:32:39.329 18993 INFO rally.task.context [-] Task 1836ec61-b174-4e37-a43f-35046998c7a2 | Context cleanup@openstack cleanup() finished in 48.67 sec
2019-06-13 11:32:39.329 18993 INFO rally.task.context [-] Task 1836ec61-b174-4e37-a43f-35046998c7a2 | Context quotas@openstack cleanup() started
2019-06-13 11:32:39.568 18993 INFO rally.task.context [-] Task 1836ec61-b174-4e37-a43f-35046998c7a2 | Context quotas@openstack cleanup() finished in 0.24 sec
2019-06-13 11:32:39.568 18993 INFO rally.task.context [-] Task 1836ec61-b174-4e37-a43f-35046998c7a2 | Context users@openstack cleanup() started
2019-06-13 11:32:44.748 18993 INFO rally.task.context [-] Task 1836ec61-b174-4e37-a43f-35046998c7a2 | Context users@openstack cleanup() finished in 5.18 sec
2019-06-13 11:32:45.270 18993 INFO rally.task.engine [-] Load duration is: 38.191767
2019-06-13 11:32:45.271 18993 INFO rally.task.engine [-] Full runner duration is: 38.240416
2019-06-13 11:32:45.271 18993 INFO rally.task.engine [-] Full duration is: 97.875747
2019-06-13 11:32:45.549 18993 INFO rally.task.engine [-] Running workload: position = 2 config = { "version": 2, "title": "A cropped version of a bigger task.", "description": "Auto-generated task from a single workload (uuid=154cc905-0219-4500-beea-56cd0054a9bf)", "subtasks": [ { "title": "NeutronNetworks.create_and_delete_ports", "description": "Create and delete a port.", "scenario": { "NeutronNetworks.create_and_delete_ports": { "network_create_args": {}, "port_create_args": {}, "ports_per_network": 5 } }, "contexts": { "users": { "tenants": 1, "users_per_tenant": 1 }, "quotas": { "neutron": { "network": -1, "port": -1 } } }, "runner": { "constant": { "times": 40, "concurrency": 20 } }, "hooks": [], "sla": { "failure_rate": { "max": 0 } } } ] }
2019-06-13 11:32:45.571 18993 RALLYDEBUG rally_openstack.contexts.keystone.users [-] Creating 1 tenants using 20 threads
2019-06-13 11:32:47.487 18993 RALLYDEBUG rally_openstack.contexts.keystone.users [-] Creating 1 users using 20 threads
2019-06-13 11:32:50.319 18993 INFO rally.task.context [-] Task 1836ec61-b174-4e37-a43f-35046998c7a2 | Context users@openstack setup() finished in 4.75 sec
2019-06-13 11:32:51.112 18993 INFO rally.task.context [-] Task 1836ec61-b174-4e37-a43f-35046998c7a2 | Context quotas@openstack setup() finished in 0.79 sec
2019-06-13 11:32:51.113 18993 INFO rally.task.context [-] Task 1836ec61-b174-4e37-a43f-35046998c7a2 | Context cleanup@openstack setup() finished in 0.00 msec
2019-06-13 11:32:51.120 18993 RALLYDEBUG rally.task.runner [-] Starting the constant runner (task UUID: 1836ec61-b174-4e37-a43f-35046998c7a2). timeout: 0 concurrency: 20 concurrency_per_worker: 1 times: 40 concurrency_overhead: 4 processes_to_start: 16 max_cpu_used: 16
2019-06-13 11:32:51.133 23239 RALLYDEBUG rally.task.runner [-] Starting a worker. concurrency: 2 args: {"network_create_args": {}, "port_create_args": {}, "ports_per_network": 5} times: 40 method_name: run timeout: 0 duration: None cls:
2019-06-13 11:32:51.136 23240 RALLYDEBUG rally.task.runner [-] Starting a worker. concurrency: 2 args: {"network_create_args": {}, "port_create_args": {}, "ports_per_network": 5} times: 40 method_name: run timeout: 0 duration: None cls:
2019-06-13 11:32:51.139 23241 RALLYDEBUG rally.task.runner [-] Starting a worker. concurrency: 2 args: {"network_create_args": {}, "port_create_args": {}, "ports_per_network": 5} times: 40 method_name: run timeout: 0 duration: None cls:
2019-06-13 11:32:51.141 23242 RALLYDEBUG rally.task.runner [-] Starting a worker. concurrency: 2 args: {"network_create_args": {}, "port_create_args": {}, "ports_per_network": 5} times: 40 method_name: run timeout: 0 duration: None cls:
2019-06-13 11:32:51.142 23239 INFO rally.task.runner [-] Task 1836ec61-b174-4e37-a43f-35046998c7a2 | ITER: 3 START
2019-06-13 11:32:51.143 23240 INFO rally.task.runner [-] Task 1836ec61-b174-4e37-a43f-35046998c7a2 | ITER: 2 START
2019-06-13 11:32:51.143 23239 INFO rally.task.runner [-] Task 1836ec61-b174-4e37-a43f-35046998c7a2 | ITER: 1 START
2019-06-13 11:32:51.145 23239 WARNING rally_openstack.scenarios.neutron.utils [-] Running this scenario without either the 'network' or 'existing_network' context is deprecated
2019-06-13 11:32:51.145 23240 WARNING rally_openstack.scenarios.neutron.utils [-] Running this scenario without either the 'network' or 'existing_network' context is deprecated
2019-06-13 11:32:51.145 23243 RALLYDEBUG rally.task.runner [-] Starting a worker. concurrency: 1 args: {"network_create_args": {}, "port_create_args": {}, "ports_per_network": 5} times: 40 method_name: run timeout: 0 duration: None cls:
2019-06-13 11:32:51.149 23241 INFO rally.task.runner [-] Task 1836ec61-b174-4e37-a43f-35046998c7a2 | ITER: 4 START
2019-06-13 11:32:51.149 23242 INFO rally.task.runner [-] Task 1836ec61-b174-4e37-a43f-35046998c7a2 | ITER: 6 START
2019-06-13 11:32:51.150 23241 WARNING rally_openstack.scenarios.neutron.utils [-] Running this scenario without either the 'network' or 'existing_network' context is deprecated
2019-06-13 11:32:51.150 23239 WARNING rally_openstack.scenarios.neutron.utils [-] Running this scenario without either the 'network' or 'existing_network' context is deprecated
2019-06-13 11:32:51.150 23248 RALLYDEBUG rally.task.runner [-] Starting a worker. concurrency: 1 args: {"network_create_args": {}, "port_create_args": {}, "ports_per_network": 5} times: 40 method_name: run timeout: 0 duration: None cls:
2019-06-13 11:32:51.150 23242 INFO rally.task.runner [-] Task 1836ec61-b174-4e37-a43f-35046998c7a2 | ITER: 8 START
2019-06-13 11:32:51.151 23242 WARNING rally_openstack.scenarios.neutron.utils [-] Running this scenario without either the 'network' or 'existing_network' context is deprecated
2019-06-13 11:32:51.152 23241 INFO rally.task.runner [-] Task 1836ec61-b174-4e37-a43f-35046998c7a2 | ITER: 7 START
2019-06-13 11:32:51.153 23243 INFO rally.task.runner [-] Task 1836ec61-b174-4e37-a43f-35046998c7a2 | ITER: 9 START
2019-06-13 11:32:51.154 23241 WARNING rally_openstack.scenarios.neutron.utils [-] Running this scenario without either the 'network' or 'existing_network' context is deprecated
2019-06-13 11:32:51.155 23243 WARNING rally_openstack.scenarios.neutron.utils [-] Running this scenario without either the 'network' or 'existing_network' context is deprecated
2019-06-13 11:32:51.155 23258 RALLYDEBUG rally.task.runner [-] Starting a worker. concurrency: 1 args: {"network_create_args": {}, "port_create_args": {}, "ports_per_network": 5} times: 40 method_name: run timeout: 0 duration: None cls:
2019-06-13 11:32:51.156 23240 INFO rally.task.runner [-] Task 1836ec61-b174-4e37-a43f-35046998c7a2 | ITER: 5 START
2019-06-13 11:32:51.157 23248 INFO rally.task.runner [-] Task 1836ec61-b174-4e37-a43f-35046998c7a2 | ITER: 10 START
2019-06-13 11:32:51.158 23259 RALLYDEBUG rally.task.runner [-] Starting a worker. concurrency: 1 args: {"network_create_args": {}, "port_create_args": {}, "ports_per_network": 5} times: 40 method_name: run timeout: 0 duration: None cls:
2019-06-13 11:32:51.152 23242 WARNING rally_openstack.scenarios.neutron.utils [-] Running this scenario without either the 'network' or 'existing_network' context is deprecated
2019-06-13 11:32:51.160 23248 WARNING rally_openstack.scenarios.neutron.utils [-] Running this scenario without either the 'network' or 'existing_network' context is deprecated
2019-06-13 11:32:51.157 23240 WARNING rally_openstack.scenarios.neutron.utils [-] Running this scenario without either the 'network' or 'existing_network' context is deprecated
2019-06-13 11:32:51.160 23258 INFO rally.task.runner [-] Task 1836ec61-b174-4e37-a43f-35046998c7a2 | ITER: 11 START
2019-06-13 11:32:51.162 23258 WARNING rally_openstack.scenarios.neutron.utils [-] Running this scenario without either the 'network' or 'existing_network' context is deprecated
2019-06-13 11:32:51.161 23262 RALLYDEBUG rally.task.runner [-] Starting a worker. concurrency: 1 args: {"network_create_args": {}, "port_create_args": {}, "ports_per_network": 5} times: 40 method_name: run timeout: 0 duration: None cls:
2019-06-13 11:32:51.163 23252 RALLYDEBUG rally.task.runner [-] Starting a worker. concurrency: 1 args: {"network_create_args": {}, "port_create_args": {}, "ports_per_network": 5} times: 40 method_name: run timeout: 0 duration: None cls:
2019-06-13 11:32:51.165 23259 INFO rally.task.runner [-] Task 1836ec61-b174-4e37-a43f-35046998c7a2 | ITER: 12 START
2019-06-13 11:32:51.167 23262 INFO rally.task.runner [-] Task 1836ec61-b174-4e37-a43f-35046998c7a2 | ITER: 13 START
2019-06-13 11:32:51.169 23259 WARNING rally_openstack.scenarios.neutron.utils [-] Running this scenario without either the 'network' or 'existing_network' context is deprecated
2019-06-13 11:32:51.171 23262 WARNING rally_openstack.scenarios.neutron.utils [-] Running this scenario without either the 'network' or 'existing_network' context is deprecated
2019-06-13 11:32:51.170 23267 RALLYDEBUG rally.task.runner [-] Starting a worker. concurrency: 1 args: {"network_create_args": {}, "port_create_args": {}, "ports_per_network": 5} times: 40 method_name: run timeout: 0 duration: None cls:
2019-06-13 11:32:51.174 23252 INFO rally.task.runner [-] Task 1836ec61-b174-4e37-a43f-35046998c7a2 | ITER: 14 START
2019-06-13 11:32:51.176 23252 WARNING rally_openstack.scenarios.neutron.utils [-] Running this scenario without either the 'network' or 'existing_network' context is deprecated
2019-06-13 11:32:51.176 23267 INFO rally.task.runner [-] Task 1836ec61-b174-4e37-a43f-35046998c7a2 | ITER: 15 START
2019-06-13 11:32:51.178 23267 WARNING rally_openstack.scenarios.neutron.utils [-] Running this scenario without either the 'network' or 'existing_network' context is deprecated
2019-06-13 11:32:51.187 23277 RALLYDEBUG rally.task.runner [-] Starting a worker. concurrency: 1 args: {"network_create_args": {}, "port_create_args": {}, "ports_per_network": 5} times: 40 method_name: run timeout: 0 duration: None cls:
2019-06-13 11:32:51.189 23273 RALLYDEBUG rally.task.runner [-] Starting a worker. concurrency: 1 args: {"network_create_args": {}, "port_create_args": {}, "ports_per_network": 5} times: 40 method_name: run timeout: 0 duration: None cls:
2019-06-13 11:32:51.192 23277 INFO rally.task.runner [-] Task 1836ec61-b174-4e37-a43f-35046998c7a2 | ITER: 16 START
2019-06-13 11:32:51.193 23277 WARNING rally_openstack.scenarios.neutron.utils [-] Running this scenario without either the 'network' or 'existing_network' context is deprecated
2019-06-13 11:32:51.195 23273 INFO rally.task.runner [-] Task 1836ec61-b174-4e37-a43f-35046998c7a2 | ITER: 17 START
2019-06-13 11:32:51.196 23273 WARNING rally_openstack.scenarios.neutron.utils [-] Running this scenario without either the 'network' or 'existing_network' context is deprecated
2019-06-13 11:32:51.196 23278 RALLYDEBUG rally.task.runner [-] Starting a worker. concurrency: 1 args: {"network_create_args": {}, "port_create_args": {}, "ports_per_network": 5} times: 40 method_name: run timeout: 0 duration: None cls:
2019-06-13 11:32:51.201 23278 INFO rally.task.runner [-] Task 1836ec61-b174-4e37-a43f-35046998c7a2 | ITER: 18 START
2019-06-13 11:32:51.201 23283 RALLYDEBUG rally.task.runner [-] Starting a worker. concurrency: 1 args: {"network_create_args": {}, "port_create_args": {}, "ports_per_network": 5} times: 40 method_name: run timeout: 0 duration: None cls:
2019-06-13 11:32:51.203 23278 WARNING rally_openstack.scenarios.neutron.utils [-] Running this scenario without either the 'network' or 'existing_network' context is deprecated
2019-06-13 11:32:51.204 23284 RALLYDEBUG rally.task.runner [-] Starting a worker. concurrency: 1 args: {"network_create_args": {}, "port_create_args": {}, "ports_per_network": 5} times: 40 method_name: run timeout: 0 duration: None cls:
2019-06-13 11:32:51.206 23283 INFO rally.task.runner [-] Task 1836ec61-b174-4e37-a43f-35046998c7a2 | ITER: 19 START
2019-06-13 11:32:51.207 23283 WARNING rally_openstack.scenarios.neutron.utils [-] Running this scenario without either the 'network' or 'existing_network' context is deprecated
2019-06-13 11:32:51.208 23284 INFO rally.task.runner [-] Task 1836ec61-b174-4e37-a43f-35046998c7a2 | ITER: 20 START
2019-06-13 11:32:51.210 23284 WARNING rally_openstack.scenarios.neutron.utils [-] Running this scenario without either the 'network' or 'existing_network' context is deprecated
2019-06-13 11:33:07.570 23283 INFO rally.task.runner [-] Task 1836ec61-b174-4e37-a43f-35046998c7a2 | ITER: 19 END: OK
2019-06-13 11:33:07.574 23283 INFO rally.task.runner [-] Task 1836ec61-b174-4e37-a43f-35046998c7a2 | ITER: 21 START
2019-06-13 11:33:07.575 23283 WARNING rally_openstack.scenarios.neutron.utils [-] Running this scenario without either the 'network' or 'existing_network' context is deprecated
2019-06-13 11:33:07.933 23239 INFO rally.task.runner [-] Task 1836ec61-b174-4e37-a43f-35046998c7a2 | ITER: 3 END: OK
2019-06-13 11:33:07.937 23239 INFO rally.task.runner [-] Task 1836ec61-b174-4e37-a43f-35046998c7a2 | ITER: 22 START
2019-06-13 11:33:07.938 23239 WARNING rally_openstack.scenarios.neutron.utils [-] Running this scenario without either the 'network' or 'existing_network' context is deprecated
2019-06-13 11:33:08.142 23252 INFO rally.task.runner [-] Task 1836ec61-b174-4e37-a43f-35046998c7a2 | ITER: 14 END: OK
2019-06-13 11:33:08.146 23252 INFO rally.task.runner [-] Task 1836ec61-b174-4e37-a43f-35046998c7a2 | ITER: 23 START
2019-06-13 11:33:08.147 23252 WARNING rally_openstack.scenarios.neutron.utils [-] Running this scenario without either the 'network' or 'existing_network' context is deprecated
2019-06-13 11:33:08.406 23273 INFO rally.task.runner [-] Task 1836ec61-b174-4e37-a43f-35046998c7a2 | ITER: 17 END: OK
2019-06-13 11:33:08.411 23273 INFO rally.task.runner [-] Task 1836ec61-b174-4e37-a43f-35046998c7a2 | ITER: 24 START
2019-06-13 11:33:08.411 23273 WARNING rally_openstack.scenarios.neutron.utils [-] Running this scenario without either the 'network' or 'existing_network' context is deprecated
2019-06-13 11:33:08.435 23239 INFO rally.task.runner [-] Task 1836ec61-b174-4e37-a43f-35046998c7a2 | ITER: 1 END: OK
2019-06-13 11:33:08.440 23239 INFO rally.task.runner [-] Task 1836ec61-b174-4e37-a43f-35046998c7a2 | ITER: 25 START
2019-06-13 11:33:08.440 23239 WARNING rally_openstack.scenarios.neutron.utils [-] Running this scenario without either the 'network' or 'existing_network' context is deprecated
2019-06-13 11:33:09.280 23241 INFO rally.task.runner [-] Task 1836ec61-b174-4e37-a43f-35046998c7a2 | ITER: 7 END: OK
2019-06-13 11:33:09.284 23241 INFO rally.task.runner [-] Task 1836ec61-b174-4e37-a43f-35046998c7a2 | ITER: 26 START
2019-06-13 11:33:09.284 23241 WARNING rally_openstack.scenarios.neutron.utils [-] Running this scenario without either the 'network' or 'existing_network' context is deprecated
2019-06-13 11:33:09.558 23258 INFO rally.task.runner [-] Task 1836ec61-b174-4e37-a43f-35046998c7a2 | ITER: 11 END: OK
2019-06-13 11:33:09.562 23258 INFO rally.task.runner [-] Task 1836ec61-b174-4e37-a43f-35046998c7a2 | ITER: 27 START
2019-06-13 11:33:09.563 23258 WARNING rally_openstack.scenarios.neutron.utils [-] Running this scenario without either the 'network' or 'existing_network' context is deprecated
2019-06-13 11:33:09.835 23248 INFO rally.task.runner [-] Task 1836ec61-b174-4e37-a43f-35046998c7a2 | ITER: 10 END: OK
2019-06-13 11:33:09.840 23248 INFO rally.task.runner [-] Task 1836ec61-b174-4e37-a43f-35046998c7a2 | ITER: 28 START
2019-06-13 11:33:09.840 23248 WARNING rally_openstack.scenarios.neutron.utils [-] Running this scenario without either the 'network' or 'existing_network' context is deprecated
2019-06-13 11:33:10.161 23242 INFO rally.task.runner [-] Task 1836ec61-b174-4e37-a43f-35046998c7a2 | ITER: 6 END: OK
2019-06-13 11:33:10.166 23242 INFO rally.task.runner [-] Task 1836ec61-b174-4e37-a43f-35046998c7a2 | ITER: 29 START
2019-06-13 11:33:10.167 23242 WARNING rally_openstack.scenarios.neutron.utils [-] Running this scenario without either the 'network' or 'existing_network' context is deprecated
2019-06-13 11:33:10.208 23240 INFO rally.task.runner [-] Task 1836ec61-b174-4e37-a43f-35046998c7a2 | ITER: 2 END: OK
2019-06-13 11:33:10.212 23240 INFO rally.task.runner [-] Task 1836ec61-b174-4e37-a43f-35046998c7a2 | ITER: 30 START
2019-06-13 11:33:10.213 23240 WARNING rally_openstack.scenarios.neutron.utils [-] Running this scenario without either the 'network' or 'existing_network' context is deprecated
2019-06-13 11:33:10.315 23241 INFO rally.task.runner [-] Task 1836ec61-b174-4e37-a43f-35046998c7a2 | ITER: 4 END: OK
2019-06-13 11:33:10.319 23241 INFO rally.task.runner [-] Task 1836ec61-b174-4e37-a43f-35046998c7a2 | ITER: 31 START
2019-06-13 11:33:10.319 23241 WARNING rally_openstack.scenarios.neutron.utils [-] Running this scenario without either the 'network' or 'existing_network' context is deprecated
2019-06-13 11:33:10.339 23277 INFO rally.task.runner [-] Task 1836ec61-b174-4e37-a43f-35046998c7a2 | ITER: 16 END: OK
2019-06-13 11:33:10.343 23277 INFO rally.task.runner [-] Task 1836ec61-b174-4e37-a43f-35046998c7a2 | ITER: 32 START
2019-06-13 11:33:10.343 23277 WARNING rally_openstack.scenarios.neutron.utils [-] Running this scenario without either the 'network' or 'existing_network' context is deprecated
2019-06-13 11:33:10.764 23267 INFO rally.task.runner [-] Task 1836ec61-b174-4e37-a43f-35046998c7a2 | ITER: 15 END: OK
2019-06-13 11:33:10.769 23267 INFO rally.task.runner [-] Task 1836ec61-b174-4e37-a43f-35046998c7a2 | ITER: 33 START
2019-06-13 11:33:10.769 23267 WARNING rally_openstack.scenarios.neutron.utils [-] Running this scenario without either the 'network' or 'existing_network' context is deprecated
2019-06-13 11:33:11.021 23278 INFO rally.task.runner [-] Task 1836ec61-b174-4e37-a43f-35046998c7a2 | ITER: 18 END: OK
2019-06-13 11:33:11.026 23278 INFO rally.task.runner [-] Task 1836ec61-b174-4e37-a43f-35046998c7a2 | ITER: 34 START
2019-06-13 11:33:11.026 23278 WARNING rally_openstack.scenarios.neutron.utils [-] Running this scenario without either the 'network' or 'existing_network' context is deprecated
2019-06-13 11:33:11.240 23243 INFO rally.task.runner [-] Task 1836ec61-b174-4e37-a43f-35046998c7a2 | ITER: 9 END: OK
2019-06-13 11:33:11.244 23243 INFO rally.task.runner [-] Task 1836ec61-b174-4e37-a43f-35046998c7a2 | ITER: 35 START
2019-06-13 11:33:11.244 23243 WARNING rally_openstack.scenarios.neutron.utils [-] Running this scenario without either the 'network' or 'existing_network' context is deprecated
2019-06-13 11:33:11.786 23259 INFO rally.task.runner [-] Task 1836ec61-b174-4e37-a43f-35046998c7a2 | ITER: 12 END: OK
2019-06-13 11:33:11.790 23259 INFO rally.task.runner [-] Task 1836ec61-b174-4e37-a43f-35046998c7a2 | ITER: 36 START
2019-06-13 11:33:11.791 23259 WARNING rally_openstack.scenarios.neutron.utils [-] Running this scenario without either the 'network' or 'existing_network' context is deprecated
2019-06-13 11:33:12.236 23240 INFO rally.task.runner [-] Task 1836ec61-b174-4e37-a43f-35046998c7a2 | ITER: 5 END: OK
2019-06-13 11:33:12.240 23240 INFO rally.task.runner [-] Task 1836ec61-b174-4e37-a43f-35046998c7a2 | ITER: 37 START
2019-06-13 11:33:12.241 23240 WARNING rally_openstack.scenarios.neutron.utils [-] Running this scenario without either the 'network' or 'existing_network' context is deprecated
2019-06-13 11:33:12.768 23284 INFO rally.task.runner [-] Task 1836ec61-b174-4e37-a43f-35046998c7a2 | ITER: 20 END: OK
2019-06-13 11:33:12.772 23284 INFO rally.task.runner [-] Task 1836ec61-b174-4e37-a43f-35046998c7a2 | ITER: 38 START
2019-06-13 11:33:12.772 23284 WARNING rally_openstack.scenarios.neutron.utils [-] Running this scenario without either the 'network' or 'existing_network' context is deprecated
2019-06-13 11:33:12.858 23262 INFO rally.task.runner [-] Task 1836ec61-b174-4e37-a43f-35046998c7a2 | ITER: 13 END: OK
2019-06-13 11:33:12.863 23262 INFO rally.task.runner [-] Task 1836ec61-b174-4e37-a43f-35046998c7a2 | ITER: 39 START
