2019-06-13 09:52:45.463 1842 INFO rally.task.context [-] Task 8cad7285-7a41-4ce3-bb69-21430a9089da | Context users@openstack cleanup() started
2019-06-13 09:52:53.634 1842 INFO rally.task.context [-] Task 8cad7285-7a41-4ce3-bb69-21430a9089da | Context users@openstack cleanup() finished in 8.17 sec
2019-06-13 09:52:54.678 1842 INFO rally.task.engine [-] Load duration is: 11.400228
2019-06-13 09:52:54.678 1842 INFO rally.task.engine [-] Full runner duration is: 11.450947
2019-06-13 09:52:54.678 1842 INFO rally.task.engine [-] Full duration is: 41.121423
2019-06-13 09:52:54.890 1842 INFO rally.task.engine [-] Running workload: position = 0 config = { "version": 2, "title": "A cropped version of a bigger task.", "description": "Auto-generated task from a single workload (uuid=965189e4-a67b-4df2-94e3-f6240dc749f8)", "subtasks": [ { "title": "CinderVolumes.list_volumes", "description": "List all volumes.", "scenario": { "CinderVolumes.list_volumes": { "detailed": true } }, "contexts": { "users": { "tenants": 3, "users_per_tenant": 2 }, "quotas": { "cinder": { "gigabytes": -1, "snapshots": -1, "volumes": -1 } }, "api_versions": { "cinder": { "version": 3, "service_type": "volumev3" } }, "volumes": { "size": 1, "volumes_per_tenant": 4 } }, "runner": { "constant": { "concurrency": 4, "times": 10 } }, "hooks": [], "sla": { "failure_rate": { "max": 0 } } } ] }
2019-06-13 09:52:54.912 1842 RALLYDEBUG rally_openstack.contexts.keystone.users [-] Creating 3 tenants using 20 threads
2019-06-13 09:52:56.908 1842 RALLYDEBUG rally_openstack.contexts.keystone.users [-] Creating 6 users using 20 threads
2019-06-13 09:52:59.800 1842 INFO rally.task.context [-] Task 8cad7285-7a41-4ce3-bb69-21430a9089da | Context users@openstack setup() finished in 4.89 sec
2019-06-13 09:53:00.228 1842 INFO rally.task.context [-] Task 8cad7285-7a41-4ce3-bb69-21430a9089da | Context api_versions@openstack setup() finished in 0.43 sec
2019-06-13 09:53:01.897 1842 INFO rally.task.context [-] Task 8cad7285-7a41-4ce3-bb69-21430a9089da | Context quotas@openstack setup() finished in 1.67 sec
2019-06-13 09:53:40.859 1842 INFO rally.task.context [-] Task 8cad7285-7a41-4ce3-bb69-21430a9089da | Context volumes@openstack setup() finished in 38.96 sec
2019-06-13 09:53:40.867 1842 RALLYDEBUG rally.task.runner [-] Starting the constant runner (task UUID: 8cad7285-7a41-4ce3-bb69-21430a9089da). timeout: 0 concurrency: 4 concurrency_per_worker: 1 times: 10 concurrency_overhead: 0 processes_to_start: 4 max_cpu_used: 16
2019-06-13 09:53:40.878 3842 RALLYDEBUG rally.task.runner [-] Starting a worker. concurrency: 1 args: {"detailed": true} times: 10 method_name: run timeout: 0 duration: None cls:
2019-06-13 09:53:40.883 3842 INFO rally.task.runner [-] Task 8cad7285-7a41-4ce3-bb69-21430a9089da | ITER: 1 START
2019-06-13 09:53:40.884 3843 RALLYDEBUG rally.task.runner [-] Starting a worker. concurrency: 1 args: {"detailed": true} times: 10 method_name: run timeout: 0 duration: None cls:
2019-06-13 09:53:40.887 3844 RALLYDEBUG rally.task.runner [-] Starting a worker. concurrency: 1 args: {"detailed": true} times: 10 method_name: run timeout: 0 duration: None cls:
2019-06-13 09:53:40.889 3846 RALLYDEBUG rally.task.runner [-] Starting a worker. concurrency: 1 args: {"detailed": true} times: 10 method_name: run timeout: 0 duration: None cls:
2019-06-13 09:53:40.893 3843 INFO rally.task.runner [-] Task 8cad7285-7a41-4ce3-bb69-21430a9089da | ITER: 2 START
2019-06-13 09:53:40.896 3844 INFO rally.task.runner [-] Task 8cad7285-7a41-4ce3-bb69-21430a9089da | ITER: 3 START
2019-06-13 09:53:40.897 3846 INFO rally.task.runner [-] Task 8cad7285-7a41-4ce3-bb69-21430a9089da | ITER: 4 START
2019-06-13 09:53:41.672 3842 INFO rally.task.runner [-] Task 8cad7285-7a41-4ce3-bb69-21430a9089da | ITER: 1 END: OK
2019-06-13 09:53:41.678 3842 INFO rally.task.runner [-] Task 8cad7285-7a41-4ce3-bb69-21430a9089da | ITER: 5 START
2019-06-13 09:53:41.681 3843 INFO rally.task.runner [-] Task 8cad7285-7a41-4ce3-bb69-21430a9089da | ITER: 2 END: OK
2019-06-13 09:53:41.687 3843 INFO rally.task.runner [-] Task 8cad7285-7a41-4ce3-bb69-21430a9089da | ITER: 6 START
2019-06-13 09:53:41.697 3844 INFO rally.task.runner [-] Task 8cad7285-7a41-4ce3-bb69-21430a9089da | ITER: 3 END: OK
2019-06-13 09:53:41.697 3846 INFO rally.task.runner [-] Task 8cad7285-7a41-4ce3-bb69-21430a9089da | ITER: 4 END: OK
2019-06-13 09:53:41.702 3844 INFO rally.task.runner [-] Task 8cad7285-7a41-4ce3-bb69-21430a9089da | ITER: 8 START
2019-06-13 09:53:41.702 3846 INFO rally.task.runner [-] Task 8cad7285-7a41-4ce3-bb69-21430a9089da | ITER: 7 START
2019-06-13 09:53:42.495 3844 INFO rally.task.runner [-] Task 8cad7285-7a41-4ce3-bb69-21430a9089da | ITER: 8 END: OK
2019-06-13 09:53:42.497 3843 INFO rally.task.runner [-] Task 8cad7285-7a41-4ce3-bb69-21430a9089da | ITER: 6 END: OK
2019-06-13 09:53:42.501 3844 INFO rally.task.runner [-] Task 8cad7285-7a41-4ce3-bb69-21430a9089da | ITER: 9 START
2019-06-13 09:53:42.503 3843 INFO rally.task.runner [-] Task 8cad7285-7a41-4ce3-bb69-21430a9089da | ITER: 10 START
2019-06-13 09:53:42.519 3842 INFO rally.task.runner [-] Task 8cad7285-7a41-4ce3-bb69-21430a9089da | ITER: 5 END: OK
2019-06-13 09:53:42.528 3846 INFO rally.task.runner [-] Task 8cad7285-7a41-4ce3-bb69-21430a9089da | ITER: 7 END: OK
2019-06-13 09:53:43.304 3844 INFO rally.task.runner [-] Task 8cad7285-7a41-4ce3-bb69-21430a9089da | ITER: 9 END: OK
2019-06-13 09:53:43.394 3843 INFO rally.task.runner [-] Task 8cad7285-7a41-4ce3-bb69-21430a9089da | ITER: 10 END: OK
2019-06-13 09:53:43.419 1842 INFO rally.task.context [-] Task 8cad7285-7a41-4ce3-bb69-21430a9089da | Context volumes@openstack cleanup() started
2019-06-13 09:53:43.420 1842 RALLYDEBUG rally_openstack.cleanup.manager [-] Cleaning up cinder volumes objects
2019-06-13 09:53:45.917 1842 RALLYDEBUG rally_openstack.cleanup.manager [-] Deleting cinder.volumes object c_rally_965189e4_i1RyA5xy (e9a14708-e6ea-4ce9-b3bb-ab43fa5aeb69)
2019-06-13 09:53:45.923 1842 RALLYDEBUG rally_openstack.cleanup.manager [-] Deleting cinder.volumes object c_rally_965189e4_PWQunAxH (4fb719f9-f5b3-4389-966f-2fcb0d771eec)
2019-06-13 09:53:45.928 1842 RALLYDEBUG rally_openstack.cleanup.manager [-] Deleting cinder.volumes object c_rally_965189e4_oO7sTi2t (ab40bab8-e6ec-4c24-a3b3-ea01faebd8ec)
2019-06-13 09:53:45.929 1842 RALLYDEBUG rally_openstack.cleanup.manager [-] Deleting cinder.volumes object c_rally_965189e4_DidAXIjQ (ef501566-f455-4c0a-a32c-32f82351f4f4)
2019-06-13 09:53:45.939 1842 RALLYDEBUG rally_openstack.cleanup.manager [-] Deleting cinder.volumes object c_rally_965189e4_qVCOQPtp (de3959a2-516f-4e99-af34-c1cd81eca01a)
2019-06-13 09:53:45.944 1842 RALLYDEBUG rally_openstack.cleanup.manager [-] Deleting cinder.volumes object c_rally_965189e4_dj5UCuNK (274ca8cf-b3db-4188-ac82-c19ecaaa2d4a)
2019-06-13 09:53:45.947 1842 RALLYDEBUG rally_openstack.cleanup.manager [-] Deleting cinder.volumes object c_rally_965189e4_tMAJvdPd (1fef8a6f-1034-4ba2-921f-7750b034ccfd)
2019-06-13 09:53:45.953 1842 RALLYDEBUG rally_openstack.cleanup.manager [-] Deleting cinder.volumes object c_rally_965189e4_yCcmkM5g (fe6d4a68-7d8f-467b-9b88-b87b06121277)
2019-06-13 09:53:45.964 1842 RALLYDEBUG rally_openstack.cleanup.manager [-] Deleting cinder.volumes object c_rally_965189e4_R6u8upLw (d4666606-797e-462c-b492-67fcfcb5a6c5)
2019-06-13 09:53:45.972 1842 RALLYDEBUG rally_openstack.cleanup.manager [-] Deleting cinder.volumes object c_rally_965189e4_hgXvFqLJ (72fad09b-4c00-4256-b0b0-d4bdcdd356ab)
2019-06-13 09:53:45.984 1842 RALLYDEBUG rally_openstack.cleanup.manager [-] Deleting cinder.volumes object c_rally_965189e4_9GsqHxHl (49ae5012-d5ae-4e1a-8eb7-54f835caeb0e)
2019-06-13 09:53:45.989 1842 RALLYDEBUG rally_openstack.cleanup.manager [-] Deleting cinder.volumes object c_rally_965189e4_va59Q6bu (ea7e0bb7-41b5-4a0e-8e9a-9f14768a2e4a)
2019-06-13 09:53:51.151 1842 INFO rally.task.context [-] Task 8cad7285-7a41-4ce3-bb69-21430a9089da | Context volumes@openstack cleanup() finished in 7.73 sec
2019-06-13 09:53:51.151 1842 INFO rally.task.context [-] Task 8cad7285-7a41-4ce3-bb69-21430a9089da | Context quotas@openstack cleanup() started
2019-06-13 09:53:52.008 1842 INFO rally.task.context [-] Task 8cad7285-7a41-4ce3-bb69-21430a9089da | Context quotas@openstack cleanup() finished in 0.86 sec
2019-06-13 09:53:52.008 1842 INFO rally.task.context [-] Task 8cad7285-7a41-4ce3-bb69-21430a9089da | Context api_versions@openstack cleanup() started
2019-06-13 09:53:52.009 1842 INFO rally.task.context [-] Task 8cad7285-7a41-4ce3-bb69-21430a9089da | Context api_versions@openstack cleanup() finished in 0.32 msec
2019-06-13 09:53:52.009 1842 INFO rally.task.context [-] Task 8cad7285-7a41-4ce3-bb69-21430a9089da | Context users@openstack cleanup() started
2019-06-13 09:54:00.432 1842 INFO rally.task.context [-] Task 8cad7285-7a41-4ce3-bb69-21430a9089da | Context users@openstack cleanup() finished in 8.42 sec
2019-06-13 09:54:01.193 1842 INFO rally.task.engine [-] Load duration is: 2.508857
2019-06-13 09:54:01.193 1842 INFO rally.task.engine [-] Full runner duration is: 2.553354
2019-06-13 09:54:01.194 1842 INFO rally.task.engine [-] Full duration is: 65.522705
2019-06-13 09:54:01.431 1842 INFO rally.task.engine [-] Running workload: position = 0 config = { "version": 2, "title": "A cropped version of a bigger task.", "description": "Auto-generated task from a single workload (uuid=b1c47c71-f8c2-427a-ae14-b078cf58a9be)", "subtasks": [ { "title": "CinderVolumes.create_and_delete_snapshot", "description": "Create and then delete a volume-snapshot.", "scenario": { "CinderVolumes.create_and_delete_snapshot": { "force": false } }, "contexts": { "users": { "tenants": 3, "users_per_tenant": 2 }, "quotas": { "cinder": { "gigabytes": -1, "snapshots": -1, "volumes": -1 } }, "api_versions": { "cinder": { "version": 3, "service_type": "volumev3" } }, "volumes": { "size": 1, "volumes_per_tenant": 1 } }, "runner": { "constant": { "concurrency": 4, "times": 10 } }, "hooks": [], "sla": { "failure_rate": { "max": 0 } } } ] }
2019-06-13 09:54:01.457 1842 RALLYDEBUG rally_openstack.contexts.keystone.users [-] Creating 3 tenants using 20 threads
2019-06-13 09:54:03.374 1842 RALLYDEBUG rally_openstack.contexts.keystone.users [-] Creating 6 users using 20 threads
2019-06-13 09:54:06.258 1842 INFO rally.task.context [-] Task 8cad7285-7a41-4ce3-bb69-21430a9089da | Context users@openstack setup() finished in 4.80 sec
2019-06-13 09:54:06.687 1842 INFO rally.task.context [-] Task 8cad7285-7a41-4ce3-bb69-21430a9089da | Context api_versions@openstack setup() finished in 0.43 sec
2019-06-13 09:54:08.491 1842 INFO rally.task.context [-] Task 8cad7285-7a41-4ce3-bb69-21430a9089da | Context quotas@openstack setup() finished in 1.80 sec
2019-06-13 09:54:19.611 1842 INFO rally.task.context [-] Task 8cad7285-7a41-4ce3-bb69-21430a9089da | Context volumes@openstack setup() finished in 11.12 sec
2019-06-13 09:54:19.612 1842 INFO rally.task.context [-] Task 8cad7285-7a41-4ce3-bb69-21430a9089da | Context cleanup@openstack setup() finished in 0.01 msec
2019-06-13 09:54:19.619 1842 RALLYDEBUG rally.task.runner [-] Starting the constant runner (task UUID: 8cad7285-7a41-4ce3-bb69-21430a9089da). timeout: 0 concurrency: 4 concurrency_per_worker: 1 times: 10 concurrency_overhead: 0 processes_to_start: 4 max_cpu_used: 16
2019-06-13 09:54:19.631 3966 RALLYDEBUG rally.task.runner [-] Starting a worker. concurrency: 1 args: {"force": false} times: 10 method_name: run timeout: 0 duration: None cls:
2019-06-13 09:54:19.635 3967 RALLYDEBUG rally.task.runner [-] Starting a worker. concurrency: 1 args: {"force": false} times: 10 method_name: run timeout: 0 duration: None cls:
2019-06-13 09:54:19.638 3966 INFO rally.task.runner [-] Task 8cad7285-7a41-4ce3-bb69-21430a9089da | ITER: 1 START
2019-06-13 09:54:19.638 3968 RALLYDEBUG rally.task.runner [-] Starting a worker. concurrency: 1 args: {"force": false} times: 10 method_name: run timeout: 0 duration: None cls:
2019-06-13 09:54:19.643 3967 INFO rally.task.runner [-] Task 8cad7285-7a41-4ce3-bb69-21430a9089da | ITER: 2 START
2019-06-13 09:54:19.643 3969 RALLYDEBUG rally.task.runner [-] Starting a worker. concurrency: 1 args: {"force": false} times: 10 method_name: run timeout: 0 duration: None cls:
2019-06-13 09:54:19.646 3968 INFO rally.task.runner [-] Task 8cad7285-7a41-4ce3-bb69-21430a9089da | ITER: 3 START
2019-06-13 09:54:19.651 3969 INFO rally.task.runner [-] Task 8cad7285-7a41-4ce3-bb69-21430a9089da | ITER: 4 START
2019-06-13 09:54:23.772 3968 RALLYDEBUG rally.task.utils [-] Waiting for resource s_rally_b1c47c71_TDwuUxkc. Status changed: AVAILABLE => DELETING in 0.395714044571
2019-06-13 09:54:23.822 3969 RALLYDEBUG rally.task.utils [-] Waiting for resource s_rally_b1c47c71_o9oqeFem. Status changed: AVAILABLE => DELETING in 0.341665029526
2019-06-13 09:54:23.832 3967 RALLYDEBUG rally.task.utils [-] Waiting for resource s_rally_b1c47c71_292AVlZb. Status changed: AVAILABLE => DELETING in 0.323683023453
2019-06-13 09:54:23.873 3966 RALLYDEBUG rally.task.utils [-] Waiting for resource s_rally_b1c47c71_EjHM8wFr. Status changed: AVAILABLE => DELETING in 0.321118116379
2019-06-13 09:54:26.042 3969 INFO rally.task.runner [-] Task 8cad7285-7a41-4ce3-bb69-21430a9089da | ITER: 4 END: OK
2019-06-13 09:54:26.048 3969 INFO rally.task.runner [-] Task 8cad7285-7a41-4ce3-bb69-21430a9089da | ITER: 5 START
2019-06-13 09:54:26.093 3968 INFO rally.task.runner [-] Task 8cad7285-7a41-4ce3-bb69-21430a9089da | ITER: 3 END: OK
2019-06-13 09:54:26.099 3968 INFO rally.task.runner [-] Task 8cad7285-7a41-4ce3-bb69-21430a9089da | ITER: 6 START
2019-06-13 09:54:26.139 3967 INFO rally.task.runner [-] Task 8cad7285-7a41-4ce3-bb69-21430a9089da | ITER: 2 END: OK
2019-06-13 09:54:26.143 3967 INFO rally.task.runner [-] Task 8cad7285-7a41-4ce3-bb69-21430a9089da | ITER: 7 START
2019-06-13 09:54:26.190 3966 INFO rally.task.runner [-] Task 8cad7285-7a41-4ce3-bb69-21430a9089da | ITER: 1 END: OK
2019-06-13 09:54:26.194 3966 INFO rally.task.runner [-] Task 8cad7285-7a41-4ce3-bb69-21430a9089da | ITER: 8 START
2019-06-13 09:54:30.124 3969 RALLYDEBUG rally.task.utils [-] Waiting for resource s_rally_b1c47c71_KSsFIEHt. Status changed: AVAILABLE => DELETING in 0.292968034744
2019-06-13 09:54:30.417 3968 RALLYDEBUG rally.task.utils [-] Waiting for resource s_rally_b1c47c71_KmJx1bLM. Status changed: AVAILABLE => DELETING in 0.309920072556
2019-06-13 09:54:30.433 3966 RALLYDEBUG rally.task.utils [-] Waiting for resource s_rally_b1c47c71_06silGBM. Status changed: AVAILABLE => DELETING in 0.294532060623
2019-06-13 09:54:30.565 3967 RALLYDEBUG rally.task.utils [-] Waiting for resource s_rally_b1c47c71_mCKoO4LW. Status changed: AVAILABLE => DELETING in 0.230861902237
2019-06-13 09:54:32.426 3969 INFO rally.task.runner [-] Task 8cad7285-7a41-4ce3-bb69-21430a9089da | ITER: 5 END: OK
2019-06-13 09:54:32.431 3969 INFO rally.task.runner [-] Task 8cad7285-7a41-4ce3-bb69-21430a9089da | ITER: 9 START
2019-06-13 09:54:32.638 3968 INFO rally.task.runner [-] Task 8cad7285-7a41-4ce3-bb69-21430a9089da | ITER: 6 END: OK
2019-06-13 09:54:32.643 3968 INFO rally.task.runner [-] Task 8cad7285-7a41-4ce3-bb69-21430a9089da | ITER: 10 START
2019-06-13 09:54:32.777 3966 INFO rally.task.runner [-] Task 8cad7285-7a41-4ce3-bb69-21430a9089da | ITER: 8 END: OK
2019-06-13 09:54:32.850 3967 INFO rally.task.runner [-] Task 8cad7285-7a41-4ce3-bb69-21430a9089da | ITER: 7 END: OK
2019-06-13 09:54:36.448 3969 RALLYDEBUG rally.task.utils [-] Waiting for resource s_rally_b1c47c71_hqlVlpet. Status changed: AVAILABLE => DELETING in 0.263170003891
2019-06-13 09:54:36.717 3968 RALLYDEBUG rally.task.utils [-] Waiting for resource s_rally_b1c47c71_WEYtSNUw. Status changed: AVAILABLE => DELETING in 0.34671497345
2019-06-13 09:54:38.758 3969 INFO rally.task.runner [-] Task 8cad7285-7a41-4ce3-bb69-21430a9089da | ITER: 9 END: OK
2019-06-13 09:54:39.038 3968 INFO rally.task.runner [-] Task 8cad7285-7a41-4ce3-bb69-21430a9089da | ITER: 10 END: OK
2019-06-13 09:54:39.066 1842 INFO rally.task.context [-] Task 8cad7285-7a41-4ce3-bb69-21430a9089da | Context cleanup@openstack cleanup() started
2019-06-13 09:54:39.069 1842 RALLYDEBUG rally_openstack.cleanup.manager [-] Cleaning up cinder backups objects
2019-06-13 09:54:41.326 1842 RALLYDEBUG rally_openstack.cleanup.manager [-] Cleaning up cinder volume_snapshots objects
2019-06-13 09:54:43.371 1842 RALLYDEBUG rally_openstack.cleanup.manager [-] Cleaning up cinder transfers objects
2019-06-13 09:54:45.631 1842 RALLYDEBUG rally_openstack.cleanup.manager [-] Cleaning up cinder volumes objects
2019-06-13 09:54:47.867 1842 INFO rally.task.context [-] Task 8cad7285-7a41-4ce3-bb69-21430a9089da | Context cleanup@openstack cleanup() finished in 8.80 sec
2019-06-13 09:54:47.867 1842 INFO rally.task.context [-] Task 8cad7285-7a41-4ce3-bb69-21430a9089da | Context volumes@openstack cleanup() started
2019-06-13 09:54:47.868 1842 RALLYDEBUG rally_openstack.cleanup.manager [-] Cleaning up cinder volumes objects
2019-06-13 09:54:50.414 1842 RALLYDEBUG rally_openstack.cleanup.manager [-] Deleting cinder.volumes object c_rally_b1c47c71_gdbAOD24 (7482cf14-4b38-4e2d-ba29-5294f377374e)
2019-06-13 09:54:50.421 1842 RALLYDEBUG rally_openstack.cleanup.manager [-] Deleting cinder.volumes object c_rally_b1c47c71_w9SiDXaB (446033e4-f0d5-49b6-8c4d-d5e0b5b09a22)
2019-06-13 09:54:50.425 1842 RALLYDEBUG rally_openstack.cleanup.manager [-] Deleting cinder.volumes object c_rally_b1c47c71_B5zteQx3 (83189c14-7283-4476-8e86-26b768723df5)
2019-06-13 09:54:53.780 1842 INFO rally.task.context [-] Task 8cad7285-7a41-4ce3-bb69-21430a9089da | Context volumes@openstack cleanup() finished in 5.91 sec
2019-06-13 09:54:53.781 1842 INFO rally.task.context [-] Task 8cad7285-7a41-4ce3-bb69-21430a9089da | Context quotas@openstack cleanup() started
2019-06-13 09:54:54.695 1842 INFO rally.task.context [-] Task 8cad7285-7a41-4ce3-bb69-21430a9089da | Context quotas@openstack cleanup() finished in 0.91 sec
2019-06-13 09:54:54.696 1842 INFO rally.task.context [-] Task 8cad7285-7a41-4ce3-bb69-21430a9089da | Context api_versions@openstack cleanup() started
2019-06-13 09:54:54.696 1842 INFO rally.task.context [-] Task 8cad7285-7a41-4ce3-bb69-21430a9089da | Context api_versions@openstack cleanup() finished in 0.34 msec
2019-06-13 09:54:54.696 1842 INFO rally.task.context [-] Task 8cad7285-7a41-4ce3-bb69-21430a9089da | Context users@openstack cleanup() started
2019-06-13 09:55:02.983 1842 INFO rally.task.context [-] Task 8cad7285-7a41-4ce3-bb69-21430a9089da | Context users@openstack cleanup() finished in 8.29 sec
2019-06-13 09:55:03.726 1842 INFO rally.task.engine [-] Load duration is: 19.396563
2019-06-13 09:55:03.727 1842 INFO rally.task.engine [-] Full runner duration is: 19.447335
2019-06-13 09:55:03.727 1842 INFO rally.task.engine [-] Full duration is: 61.529157
2019-06-13 09:55:03.968 1842 INFO rally.task.engine [-] Running workload: position = 0 config = { "version": 2, "title": "A cropped version of a bigger task.", "description": "Auto-generated task from a single workload (uuid=5934d101-1c55-4ee4-9c2e-476fba2acc13)", "subtasks": [ { "title": "CinderVolumes.create_and_delete_volume", "description": "Create and then delete a volume.", "scenario": { "CinderVolumes.create_and_delete_volume": { "size": { "max": 1, "min": 1 } } }, "contexts": { "users": { "tenants": 3, "users_per_tenant": 2 }, "quotas": { "cinder": { "gigabytes": -1, "snapshots": -1, "volumes": -1 } }, "api_versions": { "cinder": { "version": 3, "service_type": "volumev3" } } }, "runner": { "constant": { "concurrency": 4, "times": 10 } }, "hooks": [], "sla": { "failure_rate": { "max": 0 } } } ] }
2019-06-13 09:55:03.993 1842 RALLYDEBUG rally_openstack.contexts.keystone.users [-] Creating 3 tenants using 20 threads
2019-06-13 09:55:05.907 1842 RALLYDEBUG rally_openstack.contexts.keystone.users [-] Creating 6 users using 20 threads
2019-06-13 09:55:08.816 1842 INFO rally.task.context [-] Task 8cad7285-7a41-4ce3-bb69-21430a9089da | Context users@openstack setup() finished in 4.82 sec
2019-06-13 09:55:09.239 1842 INFO rally.task.context [-] Task 8cad7285-7a41-4ce3-bb69-21430a9089da | Context api_versions@openstack setup() finished in 0.42 sec
2019-06-13 09:55:10.940 1842 INFO rally.task.context [-] Task 8cad7285-7a41-4ce3-bb69-21430a9089da | Context quotas@openstack setup() finished in 1.70 sec
2019-06-13 09:55:10.941 1842 INFO rally.task.context [-] Task 8cad7285-7a41-4ce3-bb69-21430a9089da | Context cleanup@openstack setup() finished in 0.00 msec
2019-06-13 09:55:10.948 1842 RALLYDEBUG rally.task.runner [-] Starting the constant runner (task UUID: 8cad7285-7a41-4ce3-bb69-21430a9089da). timeout: 0 concurrency: 4 concurrency_per_worker: 1 times: 10 concurrency_overhead: 0 processes_to_start: 4 max_cpu_used: 16
2019-06-13 09:55:10.959 4170 RALLYDEBUG rally.task.runner [-] Starting a worker. concurrency: 1 args: {"size": {"max": 1, "min": 1}} times: 10 method_name: run timeout: 0 duration: None cls:
2019-06-13 09:55:10.963 4172 RALLYDEBUG rally.task.runner [-] Starting a worker. concurrency: 1 args: {"size": {"max": 1, "min": 1}} times: 10 method_name: run timeout: 0 duration: None cls:
2019-06-13 09:55:10.964 4171 RALLYDEBUG rally.task.runner [-] Starting a worker. concurrency: 1 args: {"size": {"max": 1, "min": 1}} times: 10 method_name: run timeout: 0 duration: None cls:
2019-06-13 09:55:10.966 4170 INFO rally.task.runner [-] Task 8cad7285-7a41-4ce3-bb69-21430a9089da | ITER: 1 START
2019-06-13 09:55:10.968 4173 RALLYDEBUG rally.task.runner [-] Starting a worker. concurrency: 1 args: {"size": {"max": 1, "min": 1}} times: 10 method_name: run timeout: 0 duration: None cls:
2019-06-13 09:55:10.969 4172 INFO rally.task.runner [-] Task 8cad7285-7a41-4ce3-bb69-21430a9089da | ITER: 2 START
2019-06-13 09:55:10.971 4171 INFO rally.task.runner [-] Task 8cad7285-7a41-4ce3-bb69-21430a9089da | ITER: 3 START
2019-06-13 09:55:10.973 4173 INFO rally.task.runner [-] Task 8cad7285-7a41-4ce3-bb69-21430a9089da | ITER: 4 START
2019-06-13 09:55:15.208 4172 RALLYDEBUG rally.task.utils [-] Waiting for resource s_rally_5934d101_mn8RkSKC. Status changed: AVAILABLE => DELETING in 0.0566999912262
2019-06-13 09:55:15.241 4173 RALLYDEBUG rally.task.utils [-] Waiting for resource s_rally_5934d101_fwsnAOwt. Status changed: AVAILABLE => DELETING in 0.332072973251
2019-06-13 09:55:15.302 4171 RALLYDEBUG rally.task.utils [-] Waiting for resource s_rally_5934d101_4l8Jpask. Status changed: AVAILABLE => DELETING in 0.350341081619
2019-06-13 09:55:15.770 4170 RALLYDEBUG rally.task.utils [-] Waiting for resource s_rally_5934d101_qQ1jw0Rq. Status changed: AVAILABLE => DELETING in 0.32781291008
2019-06-13 09:55:17.536 4173 INFO rally.task.runner [-] Task 8cad7285-7a41-4ce3-bb69-21430a9089da | ITER: 4 END: OK
2019-06-13 09:55:17.539 4172 INFO rally.task.runner [-] Task 8cad7285-7a41-4ce3-bb69-21430a9089da | ITER: 2 END: OK
2019-06-13 09:55:17.540 4171 INFO rally.task.runner [-] Task 8cad7285-7a41-4ce3-bb69-21430a9089da | ITER: 3 END: OK
2019-06-13 09:55:17.542 4173 INFO rally.task.runner [-] Task 8cad7285-7a41-4ce3-bb69-21430a9089da | ITER: 5 START
2019-06-13 09:55:17.546 4172 INFO rally.task.runner [-] Task 8cad7285-7a41-4ce3-bb69-21430a9089da | ITER: 6 START
2019-06-13 09:55:17.547 4171 INFO rally.task.runner [-] Task 8cad7285-7a41-4ce3-bb69-21430a9089da | ITER: 7 START
2019-06-13 09:55:18.094 4170 INFO rally.task.runner [-] Task 8cad7285-7a41-4ce3-bb69-21430a9089da | ITER: 1 END: OK
2019-06-13 09:55:18.099 4170 INFO rally.task.runner [-] Task 8cad7285-7a41-4ce3-bb69-21430a9089da | ITER: 8 START
2019-06-13 09:55:21.709 4171 INFO rally.task.runner [-] Task 8cad7285-7a41-4ce3-bb69-21430a9089da | ITER: 7 END: OK
2019-06-13 09:55:21.714 4171 INFO rally.task.runner [-] Task 8cad7285-7a41-4ce3-bb69-21430a9089da | ITER: 9 START
2019-06-13 09:55:21.875 4173 RALLYDEBUG rally.task.utils [-] Waiting for resource s_rally_5934d101_FaXX7xY7. Status changed: AVAILABLE => DELETING in 0.372241973877
2019-06-13 09:55:21.985 4172 RALLYDEBUG rally.task.utils [-] Waiting for resource s_rally_5934d101_SWxm9Ghc. Status changed: AVAILABLE => DELETING in 0.382172107697
2019-06-13 09:55:22.391 4170 RALLYDEBUG rally.task.utils [-] Waiting for resource s_rally_5934d101_3Xziu05a. Status changed: AVAILABLE => DELETING in 0.253547906876
2019-06-13 09:55:24.210 4173 INFO rally.task.runner [-] Task 8cad7285-7a41-4ce3-bb69-21430a9089da | ITER: 5 END: OK
2019-06-13 09:55:24.216 4173 INFO rally.task.runner [-] Task 8cad7285-7a41-4ce3-bb69-21430a9089da | ITER: 10 START
2019-06-13 09:55:24.315 4172 INFO rally.task.runner [-] Task 8cad7285-7a41-4ce3-bb69-21430a9089da | ITER: 6 END: OK
2019-06-13 09:55:24.717 4170 INFO rally.task.runner [-] Task 8cad7285-7a41-4ce3-bb69-21430a9089da | ITER: 8 END: OK
2019-06-13 09:55:25.942 4171 INFO rally.task.runner [-] Task 8cad7285-7a41-4ce3-bb69-21430a9089da | ITER: 9 END: OK
2019-06-13 09:55:28.437 4173 INFO rally.task.runner [-] Task 8cad7285-7a41-4ce3-bb69-21430a9089da | ITER: 10 END: OK
2019-06-13 09:55:28.462 1842 INFO rally.task.context [-] Task 8cad7285-7a41-4ce3-bb69-21430a9089da | Context cleanup@openstack cleanup() started
2019-06-13 09:55:28.464 1842 RALLYDEBUG rally_openstack.cleanup.manager [-] Cleaning up cinder backups objects
2019-06-13 09:55:30.558 1842 RALLYDEBUG rally_openstack.cleanup.manager [-] Cleaning up cinder volume_snapshots objects
2019-06-13 09:55:32.697 1842 RALLYDEBUG rally_openstack.cleanup.manager [-] Cleaning up cinder transfers objects
2019-06-13 09:55:34.840 1842 RALLYDEBUG rally_openstack.cleanup.manager [-] Cleaning up cinder volumes objects
2019-06-13 09:55:37.146 1842 INFO rally.task.context [-] Task 8cad7285-7a41-4ce3-bb69-21430a9089da | Context cleanup@openstack cleanup() finished in 8.68 sec
2019-06-13 09:55:37.146 1842 INFO rally.task.context [-] Task 8cad7285-7a41-4ce3-bb69-21430a9089da | Context quotas@openstack cleanup() started
2019-06-13 09:55:38.019 1842 INFO rally.task.context [-] Task 8cad7285-7a41-4ce3-bb69-21430a9089da | Context quotas@openstack cleanup() finished in 0.87 sec
2019-06-13 09:55:38.019 1842 INFO rally.task.context [-] Task 8cad7285-7a41-4ce3-bb69-21430a9089da | Context api_versions@openstack cleanup() started
2019-06-13 09:55:38.019 1842 INFO rally.task.context [-] Task 8cad7285-7a41-4ce3-bb69-21430a9089da | Context api_versions@openstack cleanup() finished in 0.30 msec
2019-06-13 09:55:38.020 1842 INFO rally.task.context [-] Task 8cad7285-7a41-4ce3-bb69-21430a9089da | Context users@openstack cleanup() started
2019-06-13 09:55:46.461 1842 INFO rally.task.context [-] Task 8cad7285-7a41-4ce3-bb69-21430a9089da | Context users@openstack cleanup() finished in 8.44 sec
2019-06-13 09:55:48.175 1842 INFO rally.task.engine [-] Load duration is: 17.467582
2019-06-13 09:55:48.176 1842 INFO rally.task.engine [-] Full runner duration is: 17.513686
2019-06-13 09:55:48.176 1842 INFO rally.task.engine [-] Full duration is: 42.474231
2019-06-13 09:55:48.328 1842 INFO rally.task.engine [-] Running workload: position = 1 config = { "version": 2, "title": "A cropped version of a bigger task.", "description": "Auto-generated task from a single workload (uuid=d5cfd606-d1cd-4128-92f9-bc65d56cf452)", "subtasks": [ { "title": "CinderVolumes.create_and_delete_volume", "description": "Create and then delete a volume.", "scenario": { "CinderVolumes.create_and_delete_volume": { "image": { "name": "rally_full-img_f0990e99-e961-493e-8a77-baa2a6018f4b" }, "size": 1 } }, "contexts": { "users": { "tenants": 3, "users_per_tenant": 2 }, "quotas": { "cinder": { "gigabytes": -1, "snapshots": -1, "volumes": -1 } }, "api_versions": { "cinder": { "version": 3, "service_type": "volumev3" } } }, "runner": { "constant": { "concurrency": 4, "times": 10 } }, "hooks": [], "sla": { "failure_rate": { "max": 0 } } } ] }
2019-06-13 09:55:48.347 1842 RALLYDEBUG rally_openstack.contexts.keystone.users [-] Creating 3 tenants using 20 threads
2019-06-13 09:55:50.224 1842 RALLYDEBUG rally_openstack.contexts.keystone.users [-] Creating 6 users using 20 threads
2019-06-13 09:55:53.187 1842 INFO rally.task.context [-] Task 8cad7285-7a41-4ce3-bb69-21430a9089da | Context users@openstack setup() finished in 4.84 sec
2019-06-13 09:55:53.622 1842 INFO rally.task.context [-] Task 8cad7285-7a41-4ce3-bb69-21430a9089da | Context api_versions@openstack setup() finished in 0.44 sec
2019-06-13 09:55:55.329 1842 INFO rally.task.context [-] Task 8cad7285-7a41-4ce3-bb69-21430a9089da | Context quotas@openstack setup() finished in 1.71 sec
2019-06-13 09:55:55.330 1842 INFO rally.task.context [-] Task 8cad7285-7a41-4ce3-bb69-21430a9089da | Context cleanup@openstack setup() finished in 0.00 msec
2019-06-13 09:55:56.390 1842 RALLYDEBUG rally.task.runner [-] Starting the constant runner (task UUID: 8cad7285-7a41-4ce3-bb69-21430a9089da). timeout: 0 concurrency: 4 concurrency_per_worker: 1 times: 10 concurrency_overhead: 0 processes_to_start: 4 max_cpu_used: 16
2019-06-13 09:55:56.402 4354 RALLYDEBUG rally.task.runner [-] Starting a worker. concurrency: 1 args: {"image": "629d3e5e-d240-4ebf-aff3-0bfd361a670f", "size": 1} times: 10 method_name: run timeout: 0 duration: None cls:
2019-06-13 09:55:56.403 4355 RALLYDEBUG rally.task.runner [-] Starting a worker. concurrency: 1 args: {"image": "629d3e5e-d240-4ebf-aff3-0bfd361a670f", "size": 1} times: 10 method_name: run timeout: 0 duration: None cls:
2019-06-13 09:55:56.406 4356 RALLYDEBUG rally.task.runner [-] Starting a worker. concurrency: 1 args: {"image": "629d3e5e-d240-4ebf-aff3-0bfd361a670f", "size": 1} times: 10 method_name: run timeout: 0 duration: None cls:
2019-06-13 09:55:56.408 4357 RALLYDEBUG rally.task.runner [-] Starting a worker. concurrency: 1 args: {"image": "629d3e5e-d240-4ebf-aff3-0bfd361a670f", "size": 1} times: 10 method_name: run timeout: 0 duration: None cls:
2019-06-13 09:55:56.410 4355 INFO rally.task.runner [-] Task 8cad7285-7a41-4ce3-bb69-21430a9089da | ITER: 2 START
2019-06-13 09:55:56.411 4354 INFO rally.task.runner [-] Task 8cad7285-7a41-4ce3-bb69-21430a9089da | ITER: 1 START
2019-06-13 09:55:56.414 4356 INFO rally.task.runner [-] Task 8cad7285-7a41-4ce3-bb69-21430a9089da | ITER: 3 START
2019-06-13 09:55:56.416 4357 INFO rally.task.runner [-] Task 8cad7285-7a41-4ce3-bb69-21430a9089da | ITER: 4 START
2019-06-13 09:56:03.881 4354 RALLYDEBUG rally.task.utils [-] Waiting for resource s_rally_d5cfd606_m5zVGduc. Status changed: CREATING => DOWNLOADING in 3.00655603409
2019-06-13 09:56:04.205 4357 RALLYDEBUG rally.task.utils [-] Waiting for resource s_rally_d5cfd606_hcALa9P1. Status changed: CREATING => DOWNLOADING in 3.01467895508
2019-06-13 09:56:10.621 4356 RALLYDEBUG rally.task.utils [-] Waiting for resource s_rally_d5cfd606_HDhW2P3E. Status changed: CREATING => DOWNLOADING in 9.57434916496
2019-06-13 09:56:11.088 4355 RALLYDEBUG rally.task.utils [-] Waiting for resource s_rally_d5cfd606_0RU0uneX. Status changed: CREATING => DOWNLOADING in 9.65899205208
2019-06-13 09:56:13.242 4354 RALLYDEBUG rally.task.utils [-] Waiting for resource s_rally_d5cfd606_m5zVGduc. Status changed: DOWNLOADING => AVAILABLE in 9.36026597023
2019-06-13 09:56:13.782 4354 RALLYDEBUG rally.task.utils [-] Waiting for resource s_rally_d5cfd606_m5zVGduc. Status changed: AVAILABLE => DELETING in 0.262038946152
2019-06-13 09:56:15.946 4355 RALLYDEBUG rally.task.utils [-] Waiting for resource s_rally_d5cfd606_0RU0uneX. Status changed: DOWNLOADING => AVAILABLE in 4.85782504082
2019-06-13 09:56:15.952 4357 RALLYDEBUG rally.task.utils [-] Waiting for resource s_rally_d5cfd606_hcALa9P1. Status changed: DOWNLOADING => AVAILABLE in 11.746981144
2019-06-13 09:56:16.059 4354 INFO rally.task.runner [-] Task 8cad7285-7a41-4ce3-bb69-21430a9089da | ITER: 1 END: OK
2019-06-13 09:56:16.064 4354 INFO rally.task.runner [-] Task 8cad7285-7a41-4ce3-bb69-21430a9089da | ITER: 5 START
2019-06-13 09:56:16.119 4357 RALLYDEBUG rally.task.utils [-] Waiting for resource s_rally_d5cfd606_hcALa9P1. Status changed: AVAILABLE => DELETING in 0.0654301643372
2019-06-13 09:56:16.404 4355 RALLYDEBUG rally.task.utils [-] Waiting for resource s_rally_d5cfd606_0RU0uneX. Status changed: AVAILABLE => DELETING in 0.0627710819244
2019-06-13 09:56:17.399 4356 RALLYDEBUG rally.task.utils [-] Waiting for resource s_rally_d5cfd606_HDhW2P3E. Status changed: DOWNLOADING => AVAILABLE in 6.77788090706
2019-06-13 09:56:18.093 4356 INFO rally.task.runner [-] Task 8cad7285-7a41-4ce3-bb69-21430a9089da | ITER: 3 END: OK
2019-06-13 09:56:18.098 4356 INFO rally.task.runner [-] Task 8cad7285-7a41-4ce3-bb69-21430a9089da | ITER: 6 START
2019-06-13 09:56:18.453 4357 INFO rally.task.runner [-] Task 8cad7285-7a41-4ce3-bb69-21430a9089da | ITER: 4 END: OK
2019-06-13 09:56:18.458 4357 INFO rally.task.runner [-] Task 8cad7285-7a41-4ce3-bb69-21430a9089da | ITER: 7 START
2019-06-13 09:56:18.701 4355 INFO rally.task.runner [-] Task 8cad7285-7a41-4ce3-bb69-21430a9089da | ITER: 2 END: OK
2019-06-13 09:56:18.706 4355 INFO rally.task.runner [-] Task 8cad7285-7a41-4ce3-bb69-21430a9089da | ITER: 8 START
2019-06-13 09:56:24.376 4354 RALLYDEBUG rally.task.utils [-] Waiting for resource s_rally_d5cfd606_UyhA7zBD. Status changed: CREATING => DOWNLOADING in 2.97343492508
2019-06-13 09:56:28.397 4357 RALLYDEBUG rally.task.utils [-] Waiting for resource s_rally_d5cfd606_HKP4ICRV. Status changed: CREATING => DOWNLOADING in 5.21949386597
2019-06-13 09:56:29.073 4354 RALLYDEBUG rally.task.utils [-] Waiting for resource s_rally_d5cfd606_UyhA7zBD. Status changed: DOWNLOADING => AVAILABLE in 4.69711613655
2019-06-13 09:56:29.693 4354 RALLYDEBUG rally.task.utils [-] Waiting for resource s_rally_d5cfd606_UyhA7zBD. Status changed: AVAILABLE => DELETING in 0.263767004013
2019-06-13 09:56:32.006 4354 INFO rally.task.runner [-] Task 8cad7285-7a41-4ce3-bb69-21430a9089da | ITER: 5 END: OK
2019-06-13 09:56:32.012 4354 INFO rally.task.runner [-] Task 8cad7285-7a41-4ce3-bb69-21430a9089da | ITER: 9 START
2019-06-13 09:56:32.578 4356 RALLYDEBUG rally.task.utils [-] Waiting for resource s_rally_d5cfd606_35ih6t9D. Status changed: CREATING => DOWNLOADING in 9.80481505394
2019-06-13 09:56:32.710 4357 RALLYDEBUG rally.task.utils [-] Waiting for resource s_rally_d5cfd606_HKP4ICRV. Status changed: DOWNLOADING => AVAILABLE in 4.31301403046
2019-06-13 09:56:33.300 4357 RALLYDEBUG rally.task.utils [-] Waiting for resource s_rally_d5cfd606_HKP4ICRV. Status changed: AVAILABLE => DELETING in 0.242516040802
2019-06-13 09:56:33.466 4355 RALLYDEBUG rally.task.utils [-] Waiting for resource s_rally_d5cfd606_xNmBbhiB. Status changed: CREATING => DOWNLOADING in 9.90813088417
2019-06-13 09:56:37.615 4357 INFO rally.task.runner [-] Task 8cad7285-7a41-4ce3-bb69-21430a9089da | ITER: 7 END: OK
2019-06-13 09:56:37.622 4357 INFO rally.task.runner [-] Task 8cad7285-7a41-4ce3-bb69-21430a9089da | ITER: 10 START
2019-06-13 09:56:38.169 4355 RALLYDEBUG rally.task.utils [-] Waiting for resource s_rally_d5cfd606_xNmBbhiB. Status changed: DOWNLOADING => AVAILABLE in 4.70304512978
2019-06-13 09:56:38.852 4355 RALLYDEBUG rally.task.utils [-] Waiting for resource s_rally_d5cfd606_xNmBbhiB. Status changed: AVAILABLE => DELETING in 0.338727235794
2019-06-13 09:56:39.331 4356 RALLYDEBUG rally.task.utils [-] Waiting for resource s_rally_d5cfd606_35ih6t9D. Status changed: DOWNLOADING => AVAILABLE in 6.75361990929
2019-06-13 09:56:39.943 4356 RALLYDEBUG rally.task.utils [-] Waiting for resource s_rally_d5cfd606_35ih6t9D. Status changed: AVAILABLE => DELETING in 0.267215013504
2019-06-13 09:56:41.143 4355 INFO rally.task.runner [-] Task 8cad7285-7a41-4ce3-bb69-21430a9089da | ITER: 8 END: OK
2019-06-13 09:56:41.983 4356 INFO rally.task.runner [-] Task 8cad7285-7a41-4ce3-bb69-21430a9089da | ITER: 6 END: OK
2019-06-13 09:56:42.441 4354 RALLYDEBUG rally.task.utils [-] Waiting for resource s_rally_d5cfd606_yuYsWuN0. Status changed: CREATING => DOWNLOADING in 5.292979002
2019-06-13 09:56:44.769 4354 RALLYDEBUG rally.task.utils [-] Waiting for resource s_rally_d5cfd606_yuYsWuN0. Status changed: DOWNLOADING => AVAILABLE in 2.32758402824
2019-06-13 09:56:45.502 4354 RALLYDEBUG rally.task.utils [-] Waiting for resource s_rally_d5cfd606_yuYsWuN0. Status changed: AVAILABLE => DELETING in 0.389610052109
2019-06-13 09:56:47.545 4357 RALLYDEBUG rally.task.utils [-] Waiting for resource s_rally_d5cfd606_MiTH5OpG. Status changed: CREATING => DOWNLOADING in 4.99152517319
2019-06-13 09:56:47.815 4354 INFO rally.task.runner [-] Task 8cad7285-7a41-4ce3-bb69-21430a9089da | ITER: 9 END: OK
2019-06-13 09:56:49.891 4357 RALLYDEBUG rally.task.utils [-] Waiting for resource s_rally_d5cfd606_MiTH5OpG. Status changed: DOWNLOADING => AVAILABLE in 2.34649300575
2019-06-13 09:56:50.585 4357 INFO rally.task.runner [-] Task 8cad7285-7a41-4ce3-bb69-21430a9089da | ITER: 10 END: OK
2019-06-13 09:56:50.615 1842 INFO rally.task.context [-] Task 8cad7285-7a41-4ce3-bb69-21430a9089da | Context cleanup@openstack cleanup() started
2019-06-13 09:56:50.617 1842 RALLYDEBUG rally_openstack.cleanup.manager [-] Cleaning up cinder backups objects
2019-06-13 09:56:52.981 1842 RALLYDEBUG rally_openstack.cleanup.manager [-] Cleaning up cinder volume_snapshots objects
2019-06-13 09:56:55.232 1842 RALLYDEBUG rally_openstack.cleanup.manager [-] Cleaning up cinder transfers objects
2019-06-13 09:56:57.474 1842 RALLYDEBUG rally_openstack.cleanup.manager [-] Cleaning up cinder volumes objects
2019-06-13 09:56:59.674 1842 INFO rally.task.context [-] Task 8cad7285-7a41-4ce3-bb69-21430a9089da | Context cleanup@openstack cleanup() finished in 9.06 sec
2019-06-13 09:56:59.675 1842 INFO rally.task.context [-] Task 8cad7285-7a41-4ce3-bb69-21430a9089da | Context quotas@openstack cleanup() started
2019-06-13 09:57:00.653 1842 INFO rally.task.context [-] Task 8cad7285-7a41-4ce3-bb69-21430a9089da | Context quotas@openstack cleanup() finished in 0.98 sec
2019-06-13 09:57:00.654 1842 INFO rally.task.context [-] Task 8cad7285-7a41-4ce3-bb69-21430a9089da | Context api_versions@openstack cleanup() started
2019-06-13 09:57:00.654 1842 INFO rally.task.context [-] Task 8cad7285-7a41-4ce3-bb69-21430a9089da | Context api_versions@openstack cleanup() finished in 0.34 msec
2019-06-13 09:57:00.654 1842 INFO rally.task.context [-] Task 8cad7285-7a41-4ce3-bb69-21430a9089da | Context users@openstack cleanup() started
2019-06-13 09:57:09.516 1842 INFO rally.task.context [-] Task 8cad7285-7a41-4ce3-bb69-21430a9089da | Context users@openstack cleanup() finished in 8.86 sec
2019-06-13 09:57:10.663 1842 INFO rally.task.engine [-] Load duration is: 54.17113
2019-06-13 09:57:10.663 1842 INFO rally.task.engine [-] Full runner duration is: 54.225525
2019-06-13 09:57:10.663 1842 INFO rally.task.engine [-] Full duration is: 81.172034
2019-06-13 09:57:10.819 1842 INFO rally.task.engine [-] Running workload: position = 2 config = { "version": 2, "title": "A cropped version of a bigger task.", "description": "Auto-generated task from a single workload (uuid=0c14d7bc-94a7-4f0c-a979-77e71a07e044)", "subtasks": [ { "title": "CinderVolumes.create_and_delete_volume", "description": "Create and then delete a volume.", "scenario": { "CinderVolumes.create_and_delete_volume": { "size": 1 } }, "contexts": { "users": { "tenants": 3, "users_per_tenant": 2 }, "quotas": { "cinder": { "gigabytes": -1, "snapshots": -1, "volumes": -1 } }, "api_versions": { "cinder": { "version": 3, "service_type": "volumev3" } } }, "runner": { "constant": { "concurrency": 4, "times": 10 } }, "hooks": [], "sla": { "failure_rate": { "max": 0 } } } ] }
2019-06-13 09:57:10.843 1842 RALLYDEBUG rally_openstack.contexts.keystone.users [-] Creating 3 tenants using 20 threads
2019-06-13 09:57:12.835 1842 RALLYDEBUG rally_openstack.contexts.keystone.users [-] Creating 6 users using 20 threads
2019-06-13 09:57:15.902 1842 INFO rally.task.context [-] Task 8cad7285-7a41-4ce3-bb69-21430a9089da | Context users@openstack setup() finished in 5.06 sec
2019-06-13 09:57:16.332 1842 INFO rally.task.context [-] Task 8cad7285-7a41-4ce3-bb69-21430a9089da | Context api_versions@openstack setup() finished in 0.43 sec
2019-06-13 09:57:18.054 1842 INFO rally.task.context [-] Task 8cad7285-7a41-4ce3-bb69-21430a9089da | Context quotas@openstack setup() finished in 1.72 sec
2019-06-13 09:57:18.054 1842 INFO rally.task.context [-] Task 8cad7285-7a41-4ce3-bb69-21430a9089da | Context cleanup@openstack setup() finished in 0.00 msec
2019-06-13 09:57:18.062 1842 RALLYDEBUG rally.task.runner [-] Starting the constant runner (task UUID: 8cad7285-7a41-4ce3-bb69-21430a9089da). timeout: 0 concurrency: 4 concurrency_per_worker: 1 times: 10 concurrency_overhead: 0 processes_to_start: 4 max_cpu_used: 16
2019-06-13 09:57:18.075 4538 RALLYDEBUG rally.task.runner [-] Starting a worker. concurrency: 1 args: {"size": 1} times: 10 method_name: run timeout: 0 duration: None cls:
2019-06-13 09:57:18.078 4539 RALLYDEBUG rally.task.runner [-] Starting a worker. concurrency: 1 args: {"size": 1} times: 10 method_name: run timeout: 0 duration: None cls:
2019-06-13 09:57:18.083 4538 INFO rally.task.runner [-] Task 8cad7285-7a41-4ce3-bb69-21430a9089da | ITER: 1 START
2019-06-13 09:57:18.082 4540 RALLYDEBUG rally.task.runner [-] Starting a worker. concurrency: 1 args: {"size": 1} times: 10 method_name: run timeout: 0 duration: None cls:
2019-06-13 09:57:18.085 4541 RALLYDEBUG rally.task.runner [-] Starting a worker. concurrency: 1 args: {"size": 1} times: 10 method_name: run timeout: 0 duration: None cls:
2019-06-13 09:57:18.086 4539 INFO rally.task.runner [-] Task 8cad7285-7a41-4ce3-bb69-21430a9089da | ITER: 2 START
2019-06-13 09:57:18.091 4540 INFO rally.task.runner [-] Task 8cad7285-7a41-4ce3-bb69-21430a9089da | ITER: 3 START
2019-06-13 09:57:18.091 4541 INFO rally.task.runner [-] Task 8cad7285-7a41-4ce3-bb69-21430a9089da | ITER: 4 START
2019-06-13 09:57:22.464 4540 RALLYDEBUG rally.task.utils [-] Waiting for resource s_rally_0c14d7bc_oNpbx5pd. Status changed: AVAILABLE => DELETING in 0.243227958679
2019-06-13 09:57:22.547 4541 RALLYDEBUG rally.task.utils [-] Waiting for resource s_rally_0c14d7bc_c23eIwFS. Status changed: AVAILABLE => DELETING in 0.254730939865
2019-06-13 09:57:22.548 4539 RALLYDEBUG rally.task.utils [-] Waiting for resource s_rally_0c14d7bc_2xJFp9IE. Status changed: AVAILABLE => DELETING in 0.0635828971863
2019-06-13 09:57:22.578 4538 RALLYDEBUG rally.task.utils [-] Waiting for resource s_rally_0c14d7bc_LFd2RIYI. Status changed: AVAILABLE => DELETING in 0.340771913528
2019-06-13 09:57:24.616 4538 INFO rally.task.runner [-] Task 8cad7285-7a41-4ce3-bb69-21430a9089da | ITER: 1 END: OK
2019-06-13 09:57:24.621 4538 INFO rally.task.runner [-] Task 8cad7285-7a41-4ce3-bb69-21430a9089da | ITER: 5 START
2019-06-13 09:57:24.798 4540 INFO rally.task.runner [-] Task 8cad7285-7a41-4ce3-bb69-21430a9089da | ITER: 3 END: OK
2019-06-13 09:57:24.803 4540 INFO rally.task.runner [-] Task 8cad7285-7a41-4ce3-bb69-21430a9089da | ITER: 6 START
2019-06-13 09:57:24.865 4539 INFO rally.task.runner [-] Task 8cad7285-7a41-4ce3-bb69-21430a9089da | ITER: 2 END: OK
2019-06-13 09:57:24.870 4539 INFO rally.task.runner [-] Task 8cad7285-7a41-4ce3-bb69-21430a9089da | ITER: 7 START
2019-06-13 09:57:24.901 4541 INFO rally.task.runner [-] Task 8cad7285-7a41-4ce3-bb69-21430a9089da | ITER: 4 END: OK
2019-06-13 09:57:24.906 4541 INFO rally.task.runner [-] Task 8cad7285-7a41-4ce3-bb69-21430a9089da | ITER: 8 START
2019-06-13 09:57:29.014 4538 RALLYDEBUG rally.task.utils [-] Waiting for resource s_rally_0c14d7bc_12L7QHWZ. Status changed: AVAILABLE => DELETING in 0.381375074387
2019-06-13 09:57:29.036 4541 RALLYDEBUG rally.task.utils [-] Waiting for resource s_rally_0c14d7bc_l29oWeWI. Status changed: AVAILABLE => DELETING in 0.265028953552
2019-06-13 09:57:29.119 4540 RALLYDEBUG rally.task.utils [-] Waiting for resource s_rally_0c14d7bc_qUbxl3uw. Status changed: AVAILABLE => DELETING in 0.276285171509
2019-06-13 09:57:29.195 4539 RALLYDEBUG rally.task.utils [-] Waiting for resource s_rally_0c14d7bc_lYvn8D2X. Status changed: AVAILABLE => DELETING in 0.316874027252
2019-06-13 09:57:31.074 4541 INFO rally.task.runner [-] Task 8cad7285-7a41-4ce3-bb69-21430a9089da | ITER: 8 END: OK
2019-06-13 09:57:31.079 4541 INFO rally.task.runner [-] Task 8cad7285-7a41-4ce3-bb69-21430a9089da | ITER: 9 START
2019-06-13 09:57:31.333 4538 INFO rally.task.runner [-] Task 8cad7285-7a41-4ce3-bb69-21430a9089da | ITER: 5 END: OK
2019-06-13 09:57:31.338 4538 INFO rally.task.runner [-] Task 8cad7285-7a41-4ce3-bb69-21430a9089da | ITER: 10 START
2019-06-13 09:57:31.427 4539 INFO rally.task.runner [-] Task 8cad7285-7a41-4ce3-bb69-21430a9089da | ITER: 7 END: OK
2019-06-13 09:57:31.463 4540 INFO rally.task.runner [-] Task 8cad7285-7a41-4ce3-bb69-21430a9089da | ITER: 6 END: OK
2019-06-13 09:57:35.429 4541 INFO rally.task.runner [-] Task 8cad7285-7a41-4ce3-bb69-21430a9089da | ITER: 9 END: OK
2019-06-13 09:57:35.662 4538 INFO rally.task.runner [-] Task 8cad7285-7a41-4ce3-bb69-21430a9089da | ITER: 10 END: OK
2019-06-13 09:57:35.690 1842 INFO rally.task.context [-] Task 8cad7285-7a41-4ce3-bb69-21430a9089da | Context cleanup@openstack cleanup() started
2019-06-13 09:57:35.693 1842 RALLYDEBUG rally_openstack.cleanup.manager [-] Cleaning up cinder backups objects
2019-06-13 09:57:37.759 1842 RALLYDEBUG rally_openstack.cleanup.manager [-] Cleaning up cinder volume_snapshots objects
2019-06-13 09:57:39.888 1842 RALLYDEBUG rally_openstack.cleanup.manager [-] Cleaning up cinder transfers objects
2019-06-13 09:57:42.110 1842 RALLYDEBUG rally_openstack.cleanup.manager [-] Cleaning up cinder volumes objects
2019-06-13 09:57:44.405 1842 INFO rally.task.context [-] Task 8cad7285-7a41-4ce3-bb69-21430a9089da | Context cleanup@openstack cleanup() finished in 8.71 sec
2019-06-13 09:57:44.405 1842 INFO rally.task.context [-] Task 8cad7285-7a41-4ce3-bb69-21430a9089da | Context quotas@openstack cleanup() started
2019-06-13 09:57:45.372 1842 INFO rally.task.context [-] Task 8cad7285-7a41-4ce3-bb69-21430a9089da | Context quotas@openstack cleanup() finished in 0.97 sec
2019-06-13 09:57:45.373 1842 INFO rally.task.context [-] Task 8cad7285-7a41-4ce3-bb69-21430a9089da | Context api_versions@openstack cleanup() started
2019-06-13 09:57:45.373 1842 INFO rally.task.context [-] Task 8cad7285-7a41-4ce3-bb69-21430a9089da | Context api_versions@openstack cleanup() finished in 0.34 msec
2019-06-13 09:57:45.374 1842 INFO rally.task.context [-] Task 8cad7285-7a41-4ce3-bb69-21430a9089da | Context users@openstack cleanup() started
2019-06-13 09:57:53.696 1842 INFO rally.task.context [-] Task 8cad7285-7a41-4ce3-bb69-21430a9089da | Context users@openstack cleanup() finished in 8.32 sec
2019-06-13 09:57:55.055 1842 INFO rally.task.engine [-] Load duration is: 17.5764
2019-06-13 09:57:55.056 1842 INFO rally.task.engine [-] Full runner duration is: 17.628958
2019-06-13 09:57:55.056 1842 INFO rally.task.engine [-] Full duration is: 42.856292
2019-06-13 09:57:55.262 1842 INFO rally.task.engine [-] Running workload: position = 0 config = { "version": 2, "title": "A cropped version of a bigger task.", "description": "Auto-generated task from a single workload (uuid=6a971fb3-3d16-41d3-98b2-d4594a47abe6)", "subtasks": [ { "title": "CinderVolumes.create_and_extend_volume", "description": "Create and extend a volume and then delete it.", "scenario": { "CinderVolumes.create_and_extend_volume": { "new_size": 2, "size": 1 } }, "contexts": { "users": { "tenants": 3, "users_per_tenant": 2 }, "quotas": { "cinder": { "gigabytes": -1, "snapshots": -1, "volumes": -1 } }, "api_versions": { "cinder": { "version": 3, "service_type": "volumev3" } } }, "runner": { "constant": { "concurrency": 4, "times": 10 } }, "hooks": [], "sla": { "failure_rate": { "max": 0 } } } ] }
2019-06-13 09:57:55.277 1842 RALLYDEBUG rally_openstack.contexts.keystone.users [-] Creating 3 tenants using 20 threads
2019-06-13 09:57:57.171 1842 RALLYDEBUG rally_openstack.contexts.keystone.users [-] Creating 6 users using 20 threads
2019-06-13 09:58:00.006 1842 INFO rally.task.context [-] Task 8cad7285-7a41-4ce3-bb69-21430a9089da | Context users@openstack setup() finished in 4.73 sec
2019-06-13 09:58:00.527 1842 INFO rally.task.context [-] Task 8cad7285-7a41-4ce3-bb69-21430a9089da | Context api_versions@openstack setup() finished in 0.52 sec
2019-06-13 09:58:02.202 1842 INFO rally.task.context [-] Task 8cad7285-7a41-4ce3-bb69-21430a9089da | Context quotas@openstack setup() finished in 1.67 sec
2019-06-13 09:58:02.203 1842 INFO rally.task.context [-] Task 8cad7285-7a41-4ce3-bb69-21430a9089da | Context cleanup@openstack setup() finished in 0.01 msec
2019-06-13 09:58:02.209 1842 RALLYDEBUG rally.task.runner [-] Starting the constant runner (task UUID: 8cad7285-7a41-4ce3-bb69-21430a9089da). timeout: 0 concurrency: 4 concurrency_per_worker: 1 times: 10 concurrency_overhead: 0 processes_to_start: 4 max_cpu_used: 16
2019-06-13 09:58:02.222 4723 RALLYDEBUG rally.task.runner [-] Starting a worker. concurrency: 1 args: {"new_size": 2, "size": 1} times: 10 method_name: run timeout: 0 duration: None cls:
2019-06-13 09:58:02.222 4722 RALLYDEBUG rally.task.runner [-] Starting a worker. concurrency: 1 args: {"new_size": 2, "size": 1} times: 10 method_name: run timeout: 0 duration: None cls:
2019-06-13 09:58:02.226 4723 INFO rally.task.runner [-] Task 8cad7285-7a41-4ce3-bb69-21430a9089da | ITER: 1 START
2019-06-13 09:58:02.227 4724 RALLYDEBUG rally.task.runner [-] Starting a worker. concurrency: 1 args: {"new_size": 2, "size": 1} times: 10 method_name: run timeout: 0 duration: None cls:
2019-06-13 09:58:02.229 4722 INFO rally.task.runner [-] Task 8cad7285-7a41-4ce3-bb69-21430a9089da | ITER: 2 START
2019-06-13 09:58:02.231 4725 RALLYDEBUG rally.task.runner [-] Starting a worker. concurrency: 1 args: {"new_size": 2, "size": 1} times: 10 method_name: run timeout: 0 duration: None cls:
2019-06-13 09:58:02.234 4724 INFO rally.task.runner [-] Task 8cad7285-7a41-4ce3-bb69-21430a9089da | ITER: 3 START
