2019-06-13 09:36:16.178 725 DEBUG glanceclient.common.http [-] Request returned failure status 404. _handle_response /usr/lib/python2.7/site-packages/glanceclient/common/http.py:125
2019-06-13 09:36:16.194 725 DEBUG glanceclient.common.http [-] Request returned failure status 404. _handle_response /usr/lib/python2.7/site-packages/glanceclient/common/http.py:125
2019-06-13 09:36:16.285 725 DEBUG glanceclient.common.http [-] Request returned failure status 404. _handle_response /usr/lib/python2.7/site-packages/glanceclient/common/http.py:125
2019-06-13 09:36:16.392 725 DEBUG glanceclient.common.http [-] Request returned failure status 404. _handle_response /usr/lib/python2.7/site-packages/glanceclient/common/http.py:125
2019-06-13 09:36:17.395 725 INFO rally.task.context [-] Task 50a90e27-cc65-4dd5-b467-ec7c8473d4b7 | Context cleanup@openstack cleanup() finished in 10.04 sec
2019-06-13 09:36:17.395 725 INFO rally.task.context [-] Task 50a90e27-cc65-4dd5-b467-ec7c8473d4b7 | Context users@openstack cleanup() started
2019-06-13 09:36:25.571 725 INFO rally.task.context [-] Task 50a90e27-cc65-4dd5-b467-ec7c8473d4b7 | Context users@openstack cleanup() finished in 8.18 sec
2019-06-13 09:36:26.969 725 INFO rally.task.engine [-] Load duration is: 16.961014
2019-06-13 09:36:26.970 725 INFO rally.task.engine [-] Full runner duration is: 17.863706
2019-06-13 09:36:26.970 725 INFO rally.task.engine [-] Full duration is: 40.790039
2019-06-13 09:36:27.207 725 INFO rally.task.engine [-] Running workload: position = 0 config = { "version": 2, "title": "A cropped version of a bigger task.", "description": "Auto-generated task from a single workload (uuid=92c1a701-177a-4336-9c1f-ade824d3e567)", "subtasks": [ { "title": "GlanceImages.create_and_update_image", "description": "Create an image then update it.", "scenario": { "GlanceImages.create_and_update_image": { "container_format": "bare", "disk_format": "qcow2", "image_location": "/home/opnfv/functest/images/cirros-0.4.0-x86_64-disk.img" } }, "contexts": { "users": { "tenants": 3, "users_per_tenant": 2 } }, "runner": { "constant": { "concurrency": 4, "times": 10 } }, "hooks": [], "sla": { "failure_rate": { "max": 0 } } } ] }
2019-06-13 09:36:27.227 725 RALLYDEBUG rally_openstack.contexts.keystone.users [-] Creating 3 tenants using 20 threads
2019-06-13 09:36:29.023 725 RALLYDEBUG rally_openstack.contexts.keystone.users [-] Creating 6 users using 20 threads
2019-06-13 09:36:31.929 725 INFO rally.task.context [-] Task 50a90e27-cc65-4dd5-b467-ec7c8473d4b7 | Context users@openstack setup() finished in 4.70 sec
2019-06-13 09:36:31.929 725 INFO rally.task.context [-] Task 50a90e27-cc65-4dd5-b467-ec7c8473d4b7 | Context cleanup@openstack setup() finished in 0.01 msec
2019-06-13 09:36:31.937 725 RALLYDEBUG rally.task.runner [-] Starting the constant runner (task UUID: 50a90e27-cc65-4dd5-b467-ec7c8473d4b7). timeout: 0 concurrency: 4 concurrency_per_worker: 1 times: 10 concurrency_overhead: 0 processes_to_start: 4 max_cpu_used: 16
2019-06-13 09:36:31.951 1757 RALLYDEBUG rally.task.runner [-] Starting a worker. concurrency: 1 args: {"container_format": "bare", "disk_format": "qcow2", "image_location": "/home/opnfv/functest/images/cirros-0.4.0-x86_64-disk.img"} times: 10 method_name: run timeout: 0 duration: None cls:
2019-06-13 09:36:31.954 1758 RALLYDEBUG rally.task.runner [-] Starting a worker. concurrency: 1 args: {"container_format": "bare", "disk_format": "qcow2", "image_location": "/home/opnfv/functest/images/cirros-0.4.0-x86_64-disk.img"} times: 10 method_name: run timeout: 0 duration: None cls:
2019-06-13 09:36:31.958 1757 INFO rally.task.runner [-] Task 50a90e27-cc65-4dd5-b467-ec7c8473d4b7 | ITER: 1 START
2019-06-13 09:36:31.957 1759 RALLYDEBUG rally.task.runner [-] Starting a worker. concurrency: 1 args: {"container_format": "bare", "disk_format": "qcow2", "image_location": "/home/opnfv/functest/images/cirros-0.4.0-x86_64-disk.img"} times: 10 method_name: run timeout: 0 duration: None cls:
2019-06-13 09:36:31.960 1758 INFO rally.task.runner [-] Task 50a90e27-cc65-4dd5-b467-ec7c8473d4b7 | ITER: 2 START
2019-06-13 09:36:31.960 1760 RALLYDEBUG rally.task.runner [-] Starting a worker. concurrency: 1 args: {"container_format": "bare", "disk_format": "qcow2", "image_location": "/home/opnfv/functest/images/cirros-0.4.0-x86_64-disk.img"} times: 10 method_name: run timeout: 0 duration: None cls:
2019-06-13 09:36:31.964 1759 INFO rally.task.runner [-] Task 50a90e27-cc65-4dd5-b467-ec7c8473d4b7 | ITER: 3 START
2019-06-13 09:36:31.967 1760 INFO rally.task.runner [-] Task 50a90e27-cc65-4dd5-b467-ec7c8473d4b7 | ITER: 4 START
2019-06-13 09:36:35.900 1759 RALLYDEBUG rally.task.utils [-] Waiting for resource u'3b6c6edf-5727-4fae-98bc-c4c6cfcbd358'. Status changed: NONE => QUEUED in 0.297013998032
2019-06-13 09:36:35.948 1760 RALLYDEBUG rally.task.utils [-] Waiting for resource u'b8a2e92f-a8ca-4848-9fa9-6f64de98b4c5'. Status changed: NONE => QUEUED in 0.315565824509
2019-06-13 09:36:35.993 1757 RALLYDEBUG rally.task.utils [-] Waiting for resource u'ba70d183-5e84-40b2-a621-06a392ff30da'. Status changed: NONE => QUEUED in 0.698822975159
2019-06-13 09:36:36.030 1758 RALLYDEBUG rally.task.utils [-] Waiting for resource u'8ceed61f-01e0-4aa1-9a42-84a5e7b8f86c'. Status changed: NONE => QUEUED in 0.709705114365
2019-06-13 09:36:36.700 1759 RALLYDEBUG rally.task.utils [-] Waiting for resource s_rally_92c1a701_RxfplwyG. Status changed: QUEUED => ACTIVE in 0.216956853867
2019-06-13 09:36:37.551 1757 RALLYDEBUG rally.task.utils [-] Waiting for resource s_rally_92c1a701_49EsMssD. Status changed: QUEUED => ACTIVE in 0.0198228359222
2019-06-13 09:36:37.555 1758 RALLYDEBUG rally.task.utils [-] Waiting for resource s_rally_92c1a701_WjhVezyb. Status changed: QUEUED => ACTIVE in 0.0180518627167
2019-06-13 09:36:37.608 1759 INFO rally.task.runner [-] Task 50a90e27-cc65-4dd5-b467-ec7c8473d4b7 | ITER: 3 END: OK
2019-06-13 09:36:37.613 1759 INFO rally.task.runner [-] Task 50a90e27-cc65-4dd5-b467-ec7c8473d4b7 | ITER: 5 START
2019-06-13 09:36:37.801 1760 RALLYDEBUG rally.task.utils [-] Waiting for resource s_rally_92c1a701_xu5ONOEd. Status changed: QUEUED => ACTIVE in 0.225327014923
2019-06-13 09:36:38.345 1760 INFO rally.task.runner [-] Task 50a90e27-cc65-4dd5-b467-ec7c8473d4b7 | ITER: 4 END: OK
2019-06-13 09:36:38.349 1760 INFO rally.task.runner [-] Task 50a90e27-cc65-4dd5-b467-ec7c8473d4b7 | ITER: 6 START
2019-06-13 09:36:38.517 1757 INFO rally.task.runner [-] Task 50a90e27-cc65-4dd5-b467-ec7c8473d4b7 | ITER: 1 END: OK
2019-06-13 09:36:38.521 1757 INFO rally.task.runner [-] Task 50a90e27-cc65-4dd5-b467-ec7c8473d4b7 | ITER: 7 START
2019-06-13 09:36:38.597 1758 INFO rally.task.runner [-] Task 50a90e27-cc65-4dd5-b467-ec7c8473d4b7 | ITER: 2 END: OK
2019-06-13 09:36:38.601 1758 INFO rally.task.runner [-] Task 50a90e27-cc65-4dd5-b467-ec7c8473d4b7 | ITER: 8 START
2019-06-13 09:36:41.602 1759 RALLYDEBUG rally.task.utils [-] Waiting for resource u'e00feca1-11f0-49c3-82db-dc01b8712e0e'. Status changed: NONE => QUEUED in 0.505412817001
2019-06-13 09:36:41.964 1760 RALLYDEBUG rally.task.utils [-] Waiting for resource u'1ff916aa-dff9-4f2c-909a-7d27332e814b'. Status changed: NONE => QUEUED in 0.30463385582
2019-06-13 09:36:42.376 1758 RALLYDEBUG rally.task.utils [-] Waiting for resource u'ee1ff1ec-a12c-4d3c-a7a6-05612ccbca27'. Status changed: NONE => QUEUED in 0.51096200943
2019-06-13 09:36:42.389 1757 RALLYDEBUG rally.task.utils [-] Waiting for resource u'20ee0282-580f-4a04-9724-12d4d176922a'. Status changed: NONE => QUEUED in 0.576981067657
2019-06-13 09:36:42.874 1759 RALLYDEBUG rally.task.utils [-] Waiting for resource s_rally_92c1a701_kooquduH. Status changed: QUEUED => ACTIVE in 0.320024013519
2019-06-13 09:36:43.464 1758 RALLYDEBUG rally.task.utils [-] Waiting for resource s_rally_92c1a701_Y3GQH381. Status changed: QUEUED => ACTIVE in 0.0176169872284
2019-06-13 09:36:43.473 1757 RALLYDEBUG rally.task.utils [-] Waiting for resource s_rally_92c1a701_Egl77KHr. Status changed: QUEUED => ACTIVE in 0.0191020965576
2019-06-13 09:36:43.750 1760 RALLYDEBUG rally.task.utils [-] Waiting for resource s_rally_92c1a701_VI6D1QOv. Status changed: QUEUED => ACTIVE in 0.314665079117
2019-06-13 09:36:43.780 1759 INFO rally.task.runner [-] Task 50a90e27-cc65-4dd5-b467-ec7c8473d4b7 | ITER: 5 END: OK
2019-06-13 09:36:43.783 1759 INFO rally.task.runner [-] Task 50a90e27-cc65-4dd5-b467-ec7c8473d4b7 | ITER: 9 START
2019-06-13 09:36:43.831 1757 INFO rally.task.runner [-] Task 50a90e27-cc65-4dd5-b467-ec7c8473d4b7 | ITER: 7 END: OK
2019-06-13 09:36:43.834 1757 INFO rally.task.runner [-] Task 50a90e27-cc65-4dd5-b467-ec7c8473d4b7 | ITER: 10 START
2019-06-13 09:36:43.850 1758 INFO rally.task.runner [-] Task 50a90e27-cc65-4dd5-b467-ec7c8473d4b7 | ITER: 8 END: OK
2019-06-13 09:36:44.166 1760 INFO rally.task.runner [-] Task 50a90e27-cc65-4dd5-b467-ec7c8473d4b7 | ITER: 6 END: OK
2019-06-13 09:36:47.366 1759 RALLYDEBUG rally.task.utils [-] Waiting for resource u'5d3f8175-a494-4116-91b7-9ad4be707694'. Status changed: NONE => QUEUED in 0.322817087173
2019-06-13 09:36:47.520 1757 RALLYDEBUG rally.task.utils [-] Waiting for resource u'c7857498-8d51-460a-9f36-f82a22ef0f39'. Status changed: NONE => QUEUED in 0.283421993256
2019-06-13 09:36:48.463 1757 RALLYDEBUG rally.task.utils [-] Waiting for resource s_rally_92c1a701_ak7ALHp5. Status changed: QUEUED => ACTIVE in 0.314740896225
2019-06-13 09:36:49.330 1759 RALLYDEBUG rally.task.utils [-] Waiting for resource s_rally_92c1a701_GwW1w7f1. Status changed: QUEUED => ACTIVE in 0.0183968544006
2019-06-13 09:36:49.367 1757 INFO rally.task.runner [-] Task 50a90e27-cc65-4dd5-b467-ec7c8473d4b7 | ITER: 10 END: OK
2019-06-13 09:36:50.327 1759 INFO rally.task.runner [-] Task 50a90e27-cc65-4dd5-b467-ec7c8473d4b7 | ITER: 9 END: OK
2019-06-13 09:36:50.353 725 INFO rally.task.context [-] Task 50a90e27-cc65-4dd5-b467-ec7c8473d4b7 | Context cleanup@openstack cleanup() started
2019-06-13 09:36:50.356 725 RALLYDEBUG rally_openstack.cleanup.manager [-] Cleaning up glance images objects
2019-06-13 09:36:54.545 725 RALLYDEBUG rally_openstack.cleanup.manager [-] Deleting glance.images object s_rally_92c1a701_6lCBCTSH (ee1ff1ec-a12c-4d3c-a7a6-05612ccbca27)
2019-06-13 09:36:54.551 725 RALLYDEBUG rally_openstack.cleanup.manager [-] Deleting glance.images object s_rally_92c1a701_MAdctxpm (5d3f8175-a494-4116-91b7-9ad4be707694)
2019-06-13 09:36:54.552 725 RALLYDEBUG rally_openstack.cleanup.manager [-] Deleting glance.images object s_rally_92c1a701_a2W2dNID (8ceed61f-01e0-4aa1-9a42-84a5e7b8f86c)
2019-06-13 09:36:54.552 725 RALLYDEBUG rally_openstack.cleanup.manager [-] Deleting glance.images object s_rally_92c1a701_dQspdkiG (e00feca1-11f0-49c3-82db-dc01b8712e0e)
2019-06-13 09:36:54.556 725 RALLYDEBUG rally_openstack.cleanup.manager [-] Deleting glance.images object s_rally_92c1a701_q49frYlx (3b6c6edf-5727-4fae-98bc-c4c6cfcbd358)
2019-06-13 09:36:54.558 725 RALLYDEBUG rally_openstack.cleanup.manager [-] Deleting glance.images object s_rally_92c1a701_oi3f69Dx (1ff916aa-dff9-4f2c-909a-7d27332e814b)
2019-06-13 09:36:54.559 725 RALLYDEBUG rally_openstack.cleanup.manager [-] Deleting glance.images object s_rally_92c1a701_R0PP1kfz (c7857498-8d51-460a-9f36-f82a22ef0f39)
2019-06-13 09:36:54.565 725 RALLYDEBUG rally_openstack.cleanup.manager [-] Deleting glance.images object s_rally_92c1a701_rQqnKEOF (b8a2e92f-a8ca-4848-9fa9-6f64de98b4c5)
2019-06-13 09:36:54.569 725 RALLYDEBUG rally_openstack.cleanup.manager [-] Deleting glance.images object s_rally_92c1a701_agzEZrgg (20ee0282-580f-4a04-9724-12d4d176922a)
2019-06-13 09:36:54.597 725 RALLYDEBUG rally_openstack.cleanup.manager [-] Deleting glance.images object s_rally_92c1a701_BQW42zpR (ba70d183-5e84-40b2-a621-06a392ff30da)
2019-06-13 09:36:56.187 725 DEBUG glanceclient.common.http [-] Request returned failure status 404. _handle_response /usr/lib/python2.7/site-packages/glanceclient/common/http.py:125
2019-06-13 09:36:56.399 725 DEBUG glanceclient.common.http [-] Request returned failure status 404. _handle_response /usr/lib/python2.7/site-packages/glanceclient/common/http.py:125
2019-06-13 09:36:56.475 725 DEBUG glanceclient.common.http [-] Request returned failure status 404. _handle_response /usr/lib/python2.7/site-packages/glanceclient/common/http.py:125
2019-06-13 09:36:56.496 725 DEBUG glanceclient.common.http [-] Request returned failure status 404. _handle_response /usr/lib/python2.7/site-packages/glanceclient/common/http.py:125
2019-06-13 09:36:56.512 725 DEBUG glanceclient.common.http [-] Request returned failure status 404. _handle_response /usr/lib/python2.7/site-packages/glanceclient/common/http.py:125
2019-06-13 09:36:56.529 725 DEBUG glanceclient.common.http [-] Request returned failure status 404. _handle_response /usr/lib/python2.7/site-packages/glanceclient/common/http.py:125
2019-06-13 09:36:56.538 725 DEBUG glanceclient.common.http [-] Request returned failure status 404. _handle_response /usr/lib/python2.7/site-packages/glanceclient/common/http.py:125
2019-06-13 09:36:56.548 725 DEBUG glanceclient.common.http [-] Request returned failure status 404. _handle_response /usr/lib/python2.7/site-packages/glanceclient/common/http.py:125
2019-06-13 09:36:56.551 725 DEBUG glanceclient.common.http [-] Request returned failure status 404. _handle_response /usr/lib/python2.7/site-packages/glanceclient/common/http.py:125
2019-06-13 09:36:56.630 725 DEBUG glanceclient.common.http [-] Request returned failure status 404. _handle_response /usr/lib/python2.7/site-packages/glanceclient/common/http.py:125
2019-06-13 09:36:56.693 725 DEBUG glanceclient.common.http [-] Request returned failure status 404. _handle_response /usr/lib/python2.7/site-packages/glanceclient/common/http.py:125
2019-06-13 09:36:56.850 725 DEBUG glanceclient.common.http [-] Request returned failure status 404. _handle_response /usr/lib/python2.7/site-packages/glanceclient/common/http.py:125
2019-06-13 09:36:57.218 725 DEBUG glanceclient.common.http [-] Request returned failure status 404. _handle_response /usr/lib/python2.7/site-packages/glanceclient/common/http.py:125
2019-06-13 09:36:57.452 725 DEBUG glanceclient.common.http [-] Request returned failure status 404. _handle_response /usr/lib/python2.7/site-packages/glanceclient/common/http.py:125
2019-06-13 09:36:57.478 725 DEBUG glanceclient.common.http [-] Request returned failure status 404. _handle_response /usr/lib/python2.7/site-packages/glanceclient/common/http.py:125
2019-06-13 09:36:57.503 725 DEBUG glanceclient.common.http [-] Request returned failure status 404. _handle_response /usr/lib/python2.7/site-packages/glanceclient/common/http.py:125
2019-06-13 09:36:57.507 725 DEBUG glanceclient.common.http [-] Request returned failure status 404. _handle_response /usr/lib/python2.7/site-packages/glanceclient/common/http.py:125
2019-06-13 09:36:57.685 725 DEBUG glanceclient.common.http [-] Request returned failure status 404. _handle_response /usr/lib/python2.7/site-packages/glanceclient/common/http.py:125
2019-06-13 09:36:57.719 725 DEBUG glanceclient.common.http [-] Request returned failure status 404. _handle_response /usr/lib/python2.7/site-packages/glanceclient/common/http.py:125
2019-06-13 09:36:57.723 725 DEBUG glanceclient.common.http [-] Request returned failure status 404. _handle_response /usr/lib/python2.7/site-packages/glanceclient/common/http.py:125
2019-06-13 09:36:58.725 725 INFO rally.task.context [-] Task 50a90e27-cc65-4dd5-b467-ec7c8473d4b7 | Context cleanup@openstack cleanup() finished in 8.37 sec
2019-06-13 09:36:58.726 725 INFO rally.task.context [-] Task 50a90e27-cc65-4dd5-b467-ec7c8473d4b7 | Context users@openstack cleanup() started
2019-06-13 09:37:07.236 725 INFO rally.task.context [-] Task 50a90e27-cc65-4dd5-b467-ec7c8473d4b7 | Context users@openstack cleanup() finished in 8.51 sec
2019-06-13 09:37:07.396 725 INFO rally.task.engine [-] Load duration is: 17.49228
2019-06-13 09:37:07.397 725 INFO rally.task.engine [-] Full runner duration is: 18.416274
2019-06-13 09:37:07.397 725 INFO rally.task.engine [-] Full duration is: 40.010403
2019-06-13 09:37:07.583 725 INFO rally.task.engine [-] Task 50a90e27-cc65-4dd5-b467-ec7c8473d4b7 | Completed: Running task.
2019-06-13 09:37:08.502 1839 RALLYDEBUG rally.api [-] INFO logs from urllib3 and requests module are hide.
2019-06-13 09:37:08.502 1839 RALLYDEBUG rally.api [-] urllib3 insecure warnings are hidden.
2019-06-13 09:37:08.502 1839 RALLYDEBUG rally.api [-] ERROR log from boto module is hide.
2019-06-13 09:37:09.238 1840 RALLYDEBUG rally.api [-] INFO logs from urllib3 and requests module are hide.
2019-06-13 09:37:09.238 1840 RALLYDEBUG rally.api [-] urllib3 insecure warnings are hidden.
2019-06-13 09:37:09.238 1840 RALLYDEBUG rally.api [-] ERROR log from boto module is hide.
2019-06-13 09:37:10.415 1840 INFO rally.api [-] Building 'json' report for the following task(s): '50a90e27-cc65-4dd5-b467-ec7c8473d4b7'.
2019-06-13 09:37:10.432 1840 INFO rally.api [-] The report has been successfully built.
2019-06-13 09:37:11.229 1842 RALLYDEBUG rally.api [-] INFO logs from urllib3 and requests module are hide.
2019-06-13 09:37:11.229 1842 RALLYDEBUG rally.api [-] urllib3 insecure warnings are hidden.
2019-06-13 09:37:11.229 1842 RALLYDEBUG rally.api [-] ERROR log from boto module is hide.
2019-06-13 09:37:12.831 1842 INFO rally.task.engine [-] Task 8cad7285-7a41-4ce3-bb69-21430a9089da | Starting: Task validation.
2019-06-13 09:37:12.858 1842 INFO rally.task.engine [-] Task 8cad7285-7a41-4ce3-bb69-21430a9089da | Starting: Task validation of syntax.
2019-06-13 09:37:13.205 1842 INFO rally.task.engine [-] Task 8cad7285-7a41-4ce3-bb69-21430a9089da | Completed: Task validation of syntax.
2019-06-13 09:37:13.206 1842 INFO rally.task.engine [-] Task 8cad7285-7a41-4ce3-bb69-21430a9089da | Starting: Task validation of required platforms.
2019-06-13 09:37:13.308 1842 INFO rally.task.engine [-] Task 8cad7285-7a41-4ce3-bb69-21430a9089da | Completed: Task validation of required platforms.
2019-06-13 09:37:13.308 1842 INFO rally.task.engine [-] Task 8cad7285-7a41-4ce3-bb69-21430a9089da | Starting: Task validation of semantic.
2019-06-13 09:37:13.308 1842 INFO rally.task.engine [-] Check health of the environment '338f9660-f4ee-47e6-9332-c56571e38b1c'.
2019-06-13 09:37:14.127 1842 INFO rally.task.engine [-] Platform existing@openstack (available: True): OK!
2019-06-13 09:37:14.145 1842 RALLYDEBUG rally_openstack.contexts.keystone.users [-] Creating 1 tenants using 20 threads
2019-06-13 09:37:16.053 1842 RALLYDEBUG rally_openstack.contexts.keystone.users [-] Creating 1 users using 20 threads
2019-06-13 09:37:18.819 1842 INFO rally.task.context [-] Task 8cad7285-7a41-4ce3-bb69-21430a9089da | Context users@openstack setup() finished in 4.67 sec
2019-06-13 09:37:19.761 1842 DEBUG novaclient.v2.client [-] REQ: curl -g -i -X GET http://172.30.9.26:8774/v2.1/flavors/detail -H "Accept: application/json" -H "User-Agent: python-novaclient" -H "X-Auth-Token: {SHA1}70ee951fcac290932269d3df4ac3870bd18a3efe" _http_log_request /usr/lib/python2.7/site-packages/keystoneauth1/session.py:448
2019-06-13 09:37:20.077 1842 DEBUG novaclient.v2.client [-] RESP: [200] Content-Encoding: gzip Content-Length: 368 Content-Type: application/json Date: Thu, 13 Jun 2019 09:37:19 GMT OpenStack-API-Version: compute 2.1 Server: Apache Vary: OpenStack-API-Version,X-OpenStack-Nova-API-Version,Accept-Encoding X-OpenStack-Nova-API-Version: 2.1 x-compute-request-id: req-729edd95-15e6-4477-820b-5176b54d732d x-openstack-request-id: req-729edd95-15e6-4477-820b-5176b54d732d _http_log_response /usr/lib/python2.7/site-packages/keystoneauth1/session.py:479
2019-06-13 09:37:20.078 1842 DEBUG novaclient.v2.client [-] RESP BODY: {"flavors": [{"name": "rally_full-flavor_alt_f0990e99-e961-493e-8a77-baa2a6018f4b", "links": [{"href": "http://172.30.9.26:8774/v2.1/flavors/32c8bf57-dd44-4aad-a675-be0d3ec79a1d", "rel": "self"}, {"href": "http://172.30.9.26:8774/flavors/32c8bf57-dd44-4aad-a675-be0d3ec79a1d", "rel": "bookmark"}], "ram": 1024, "OS-FLV-DISABLED:disabled": false, "vcpus": 1, "swap": "", "os-flavor-access:is_public": true, "rxtx_factor": 1.0, "OS-FLV-EXT-DATA:ephemeral": 0, "disk": 1, "id": "32c8bf57-dd44-4aad-a675-be0d3ec79a1d"}, {"name": "rally_full-flavor_f0990e99-e961-493e-8a77-baa2a6018f4b", "links": [{"href": "http://172.30.9.26:8774/v2.1/flavors/e03f28c8-79ac-4ed7-9356-c024edfde426", "rel": "self"}, {"href": "http://172.30.9.26:8774/flavors/e03f28c8-79ac-4ed7-9356-c024edfde426", "rel": "bookmark"}], "ram": 512, "OS-FLV-DISABLED:disabled": false, "vcpus": 1, "swap": "", "os-flavor-access:is_public": true, "rxtx_factor": 1.0, "OS-FLV-EXT-DATA:ephemeral": 0, "disk": 1, "id": "e03f28c8-79ac-4ed7-9356-c024edfde426"}]} _http_log_response /usr/lib/python2.7/site-packages/keystoneauth1/session.py:511
2019-06-13 09:37:20.079 1842 DEBUG novaclient.v2.client [-] GET call to compute for http://172.30.9.26:8774/v2.1/flavors/detail used request id req-729edd95-15e6-4477-820b-5176b54d732d request /usr/lib/python2.7/site-packages/keystoneauth1/session.py:844
2019-06-13 09:37:20.635 1842 DEBUG novaclient.v2.client [-] REQ: curl -g -i -X GET http://172.30.9.26:8774/v2.1/flavors/e03f28c8-79ac-4ed7-9356-c024edfde426 -H "Accept: application/json" -H "User-Agent: python-novaclient" -H "X-Auth-Token: {SHA1}44f096641b1d576123dd815f5511cfa14b9ca14b" _http_log_request /usr/lib/python2.7/site-packages/keystoneauth1/session.py:448
2019-06-13 09:37:20.949 1842 DEBUG novaclient.v2.client [-] RESP: [200] Content-Encoding: gzip Content-Length: 311 Content-Type: application/json Date: Thu, 13 Jun 2019 09:37:20 GMT OpenStack-API-Version: compute 2.1 Server: Apache Vary: OpenStack-API-Version,X-OpenStack-Nova-API-Version,Accept-Encoding X-OpenStack-Nova-API-Version: 2.1 x-compute-request-id: req-b84596a5-0c3b-4f90-807d-4d0801de710b x-openstack-request-id: req-b84596a5-0c3b-4f90-807d-4d0801de710b _http_log_response /usr/lib/python2.7/site-packages/keystoneauth1/session.py:479
2019-06-13 09:37:20.949 1842 DEBUG novaclient.v2.client [-] RESP BODY: {"flavor": {"name": "rally_full-flavor_f0990e99-e961-493e-8a77-baa2a6018f4b", "links": [{"href": "http://172.30.9.26:8774/v2.1/flavors/e03f28c8-79ac-4ed7-9356-c024edfde426", "rel": "self"}, {"href": "http://172.30.9.26:8774/flavors/e03f28c8-79ac-4ed7-9356-c024edfde426", "rel": "bookmark"}], "ram": 512, "OS-FLV-DISABLED:disabled": false, "vcpus": 1, "swap": "", "os-flavor-access:is_public": true, "rxtx_factor": 1.0, "OS-FLV-EXT-DATA:ephemeral": 0, "disk": 1, "id": "e03f28c8-79ac-4ed7-9356-c024edfde426"}} _http_log_response /usr/lib/python2.7/site-packages/keystoneauth1/session.py:511
2019-06-13 09:37:20.949 1842 DEBUG novaclient.v2.client [-] GET call to compute for http://172.30.9.26:8774/v2.1/flavors/e03f28c8-79ac-4ed7-9356-c024edfde426 used request id req-b84596a5-0c3b-4f90-807d-4d0801de710b request /usr/lib/python2.7/site-packages/keystoneauth1/session.py:844
2019-06-13 09:37:27.520 1842 DEBUG novaclient.v2.client [-] REQ: curl -g -i -X GET http://172.30.9.26:8774/v2.1/flavors/detail -H "Accept: application/json" -H "User-Agent: python-novaclient" -H "X-Auth-Token: {SHA1}4e22df213fac78eed4ccd6b071463399efdc417f" _http_log_request /usr/lib/python2.7/site-packages/keystoneauth1/session.py:448
2019-06-13 09:37:27.829 1842 DEBUG novaclient.v2.client [-] RESP: [200] Content-Encoding: gzip Content-Length: 368 Content-Type: application/json Date: Thu, 13 Jun 2019 09:37:27 GMT OpenStack-API-Version: compute 2.1 Server: Apache Vary: OpenStack-API-Version,X-OpenStack-Nova-API-Version,Accept-Encoding X-OpenStack-Nova-API-Version: 2.1 x-compute-request-id: req-8c600728-c747-4009-96e8-c806faf24f0e x-openstack-request-id: req-8c600728-c747-4009-96e8-c806faf24f0e _http_log_response /usr/lib/python2.7/site-packages/keystoneauth1/session.py:479
2019-06-13 09:37:27.830 1842 DEBUG novaclient.v2.client [-] RESP BODY: {"flavors": [{"name": "rally_full-flavor_alt_f0990e99-e961-493e-8a77-baa2a6018f4b", "links": [{"href": "http://172.30.9.26:8774/v2.1/flavors/32c8bf57-dd44-4aad-a675-be0d3ec79a1d", "rel": "self"}, {"href": "http://172.30.9.26:8774/flavors/32c8bf57-dd44-4aad-a675-be0d3ec79a1d", "rel": "bookmark"}], "ram": 1024, "OS-FLV-DISABLED:disabled": false, "vcpus": 1, "swap": "", "os-flavor-access:is_public": true, "rxtx_factor": 1.0, "OS-FLV-EXT-DATA:ephemeral": 0, "disk": 1, "id": "32c8bf57-dd44-4aad-a675-be0d3ec79a1d"}, {"name": "rally_full-flavor_f0990e99-e961-493e-8a77-baa2a6018f4b", "links": [{"href": "http://172.30.9.26:8774/v2.1/flavors/e03f28c8-79ac-4ed7-9356-c024edfde426", "rel": "self"}, {"href": "http://172.30.9.26:8774/flavors/e03f28c8-79ac-4ed7-9356-c024edfde426", "rel": "bookmark"}], "ram": 512, "OS-FLV-DISABLED:disabled": false, "vcpus": 1, "swap": "", "os-flavor-access:is_public": true, "rxtx_factor": 1.0, "OS-FLV-EXT-DATA:ephemeral": 0, "disk": 1, "id": "e03f28c8-79ac-4ed7-9356-c024edfde426"}]} _http_log_response /usr/lib/python2.7/site-packages/keystoneauth1/session.py:511
2019-06-13 09:37:27.830 1842 DEBUG novaclient.v2.client [-] GET call to compute for http://172.30.9.26:8774/v2.1/flavors/detail used request id req-8c600728-c747-4009-96e8-c806faf24f0e request /usr/lib/python2.7/site-packages/keystoneauth1/session.py:844
2019-06-13 09:37:28.270 1842 DEBUG novaclient.v2.client [-] REQ: curl -g -i -X GET http://172.30.9.26:8774/v2.1/flavors/e03f28c8-79ac-4ed7-9356-c024edfde426 -H "Accept: application/json" -H "User-Agent: python-novaclient" -H "X-Auth-Token: {SHA1}47f82b36adbde085a2bd411d8ee6d48aa00e750c" _http_log_request /usr/lib/python2.7/site-packages/keystoneauth1/session.py:448
2019-06-13 09:37:28.583 1842 DEBUG novaclient.v2.client [-] RESP: [200] Content-Encoding: gzip Content-Length: 311 Content-Type: application/json Date: Thu, 13 Jun 2019 09:37:28 GMT OpenStack-API-Version: compute 2.1 Server: Apache Vary: OpenStack-API-Version,X-OpenStack-Nova-API-Version,Accept-Encoding X-OpenStack-Nova-API-Version: 2.1 x-compute-request-id: req-d018b42a-e178-416b-9140-c90a92e242c3 x-openstack-request-id: req-d018b42a-e178-416b-9140-c90a92e242c3 _http_log_response /usr/lib/python2.7/site-packages/keystoneauth1/session.py:479
2019-06-13 09:37:28.583 1842 DEBUG novaclient.v2.client [-] RESP BODY: {"flavor": {"name": "rally_full-flavor_f0990e99-e961-493e-8a77-baa2a6018f4b", "links": [{"href": "http://172.30.9.26:8774/v2.1/flavors/e03f28c8-79ac-4ed7-9356-c024edfde426", "rel": "self"}, {"href": "http://172.30.9.26:8774/flavors/e03f28c8-79ac-4ed7-9356-c024edfde426", "rel": "bookmark"}], "ram": 512, "OS-FLV-DISABLED:disabled": false, "vcpus": 1, "swap": "", "os-flavor-access:is_public": true, "rxtx_factor": 1.0, "OS-FLV-EXT-DATA:ephemeral": 0, "disk": 1, "id": "e03f28c8-79ac-4ed7-9356-c024edfde426"}} _http_log_response /usr/lib/python2.7/site-packages/keystoneauth1/session.py:511
2019-06-13 09:37:28.584 1842 DEBUG novaclient.v2.client [-] GET call to compute for http://172.30.9.26:8774/v2.1/flavors/e03f28c8-79ac-4ed7-9356-c024edfde426 used request id req-d018b42a-e178-416b-9140-c90a92e242c3 request /usr/lib/python2.7/site-packages/keystoneauth1/session.py:844
2019-06-13 09:37:31.251 1842 DEBUG novaclient.v2.client [-] REQ: curl -g -i -X GET http://172.30.9.26:8774/v2.1/flavors/detail -H "Accept: application/json" -H "User-Agent: python-novaclient" -H "X-Auth-Token: {SHA1}d6018bdb8023f49b25aae310702df7da95ceffb0" _http_log_request /usr/lib/python2.7/site-packages/keystoneauth1/session.py:448
2019-06-13 09:37:31.551 1842 DEBUG novaclient.v2.client [-] RESP: [200] Content-Encoding: gzip Content-Length: 368 Content-Type: application/json Date: Thu, 13 Jun 2019 09:37:31 GMT OpenStack-API-Version: compute 2.1 Server: Apache Vary: OpenStack-API-Version,X-OpenStack-Nova-API-Version,Accept-Encoding X-OpenStack-Nova-API-Version: 2.1 x-compute-request-id: req-bde082da-6fb3-4792-a1f7-2f6304239dcd x-openstack-request-id: req-bde082da-6fb3-4792-a1f7-2f6304239dcd _http_log_response /usr/lib/python2.7/site-packages/keystoneauth1/session.py:479
2019-06-13 09:37:31.551 1842 DEBUG novaclient.v2.client [-] RESP BODY: {"flavors": [{"name": "rally_full-flavor_alt_f0990e99-e961-493e-8a77-baa2a6018f4b", "links": [{"href": "http://172.30.9.26:8774/v2.1/flavors/32c8bf57-dd44-4aad-a675-be0d3ec79a1d", "rel": "self"}, {"href": "http://172.30.9.26:8774/flavors/32c8bf57-dd44-4aad-a675-be0d3ec79a1d", "rel": "bookmark"}], "ram": 1024, "OS-FLV-DISABLED:disabled": false, "vcpus": 1, "swap": "", "os-flavor-access:is_public": true, "rxtx_factor": 1.0, "OS-FLV-EXT-DATA:ephemeral": 0, "disk": 1, "id": "32c8bf57-dd44-4aad-a675-be0d3ec79a1d"}, {"name": "rally_full-flavor_f0990e99-e961-493e-8a77-baa2a6018f4b", "links": [{"href": "http://172.30.9.26:8774/v2.1/flavors/e03f28c8-79ac-4ed7-9356-c024edfde426", "rel": "self"}, {"href": "http://172.30.9.26:8774/flavors/e03f28c8-79ac-4ed7-9356-c024edfde426", "rel": "bookmark"}], "ram": 512, "OS-FLV-DISABLED:disabled": false, "vcpus": 1, "swap": "", "os-flavor-access:is_public": true, "rxtx_factor": 1.0, "OS-FLV-EXT-DATA:ephemeral": 0, "disk": 1, "id": "e03f28c8-79ac-4ed7-9356-c024edfde426"}]} _http_log_response /usr/lib/python2.7/site-packages/keystoneauth1/session.py:511
2019-06-13 09:37:31.552 1842 DEBUG novaclient.v2.client [-] GET call to compute for http://172.30.9.26:8774/v2.1/flavors/detail used request id req-bde082da-6fb3-4792-a1f7-2f6304239dcd request /usr/lib/python2.7/site-packages/keystoneauth1/session.py:844
2019-06-13 09:37:31.985 1842 DEBUG novaclient.v2.client [-] REQ: curl -g -i -X GET http://172.30.9.26:8774/v2.1/flavors/e03f28c8-79ac-4ed7-9356-c024edfde426 -H "Accept: application/json" -H "User-Agent: python-novaclient" -H "X-Auth-Token: {SHA1}1b1a623950c99bb6bc5ce20661e059963c026700" _http_log_request /usr/lib/python2.7/site-packages/keystoneauth1/session.py:448
2019-06-13 09:37:32.297 1842 DEBUG novaclient.v2.client [-] RESP: [200] Content-Encoding: gzip Content-Length: 311 Content-Type: application/json Date: Thu, 13 Jun 2019 09:37:31 GMT OpenStack-API-Version: compute 2.1 Server: Apache Vary: OpenStack-API-Version,X-OpenStack-Nova-API-Version,Accept-Encoding X-OpenStack-Nova-API-Version: 2.1 x-compute-request-id: req-9ba3c2c4-61a6-45b3-bdfe-de6297056860 x-openstack-request-id: req-9ba3c2c4-61a6-45b3-bdfe-de6297056860 _http_log_response /usr/lib/python2.7/site-packages/keystoneauth1/session.py:479
2019-06-13 09:37:32.298 1842 DEBUG novaclient.v2.client [-] RESP BODY: {"flavor": {"name": "rally_full-flavor_f0990e99-e961-493e-8a77-baa2a6018f4b", "links": [{"href": "http://172.30.9.26:8774/v2.1/flavors/e03f28c8-79ac-4ed7-9356-c024edfde426", "rel": "self"}, {"href": "http://172.30.9.26:8774/flavors/e03f28c8-79ac-4ed7-9356-c024edfde426", "rel": "bookmark"}], "ram": 512, "OS-FLV-DISABLED:disabled": false, "vcpus": 1, "swap": "", "os-flavor-access:is_public": true, "rxtx_factor": 1.0, "OS-FLV-EXT-DATA:ephemeral": 0, "disk": 1, "id": "e03f28c8-79ac-4ed7-9356-c024edfde426"}} _http_log_response /usr/lib/python2.7/site-packages/keystoneauth1/session.py:511
2019-06-13 09:37:32.298 1842 DEBUG novaclient.v2.client [-] GET call to compute for http://172.30.9.26:8774/v2.1/flavors/e03f28c8-79ac-4ed7-9356-c024edfde426 used request id req-9ba3c2c4-61a6-45b3-bdfe-de6297056860 request /usr/lib/python2.7/site-packages/keystoneauth1/session.py:844
2019-06-13 09:37:43.617 1842 INFO rally.task.context [-] Task 8cad7285-7a41-4ce3-bb69-21430a9089da | Context users@openstack cleanup() started
2019-06-13 09:37:49.206 1842 INFO rally.task.context [-] Task 8cad7285-7a41-4ce3-bb69-21430a9089da | Context users@openstack cleanup() finished in 5.59 sec
2019-06-13 09:37:49.207 1842 INFO rally.task.engine [-] Task 8cad7285-7a41-4ce3-bb69-21430a9089da | Completed: Task validation of semantic.
2019-06-13 09:37:49.207 1842 INFO rally.task.engine [-] Task 8cad7285-7a41-4ce3-bb69-21430a9089da | Completed: Task validation.
2019-06-13 09:37:49.207 1842 INFO rally.api [-] Task 8cad7285-7a41-4ce3-bb69-21430a9089da input file is valid.
2019-06-13 09:37:49.207 1842 INFO rally.api [-] Run Task 8cad7285-7a41-4ce3-bb69-21430a9089da against Deployment 338f9660-f4ee-47e6-9332-c56571e38b1c
2019-06-13 09:37:49.208 1842 INFO rally.task.engine [-] Task 8cad7285-7a41-4ce3-bb69-21430a9089da | Starting: Running task.
2019-06-13 09:37:49.339 1842 INFO rally.task.engine [-] Running workload: position = 0 config = { "version": 2, "title": "A cropped version of a bigger task.", "description": "Auto-generated task from a single workload (uuid=fbf23b3a-e19b-4e63-bc11-4f4701a61bf6)", "subtasks": [ { "title": "CinderVolumes.create_and_attach_volume", "description": "Create a VM and attach a volume to it.", "scenario": { "CinderVolumes.create_and_attach_volume": { "flavor": { "name": "rally_full-flavor_f0990e99-e961-493e-8a77-baa2a6018f4b" }, "image": { "name": "rally_full-img_f0990e99-e961-493e-8a77-baa2a6018f4b" }, "size": 1, "nics": [ { "net-id": "c83e4532-1348-4731-98b9-52e904579781" } ] } }, "contexts": { "users": { "tenants": 3, "users_per_tenant": 2 }, "quotas": { "cinder": { "gigabytes": -1, "snapshots": -1, "volumes": -1 } }, "api_versions": { "cinder": { "version": 3, "service_type": "volumev3" } } }, "runner": { "constant": { "concurrency": 4, "times": 10 } }, "hooks": [], "sla": { "failure_rate": { "max": 0 } } } ] }
2019-06-13 09:37:49.362 1842 RALLYDEBUG rally_openstack.contexts.keystone.users [-] Creating 3 tenants using 20 threads
2019-06-13 09:37:51.316 1842 RALLYDEBUG rally_openstack.contexts.keystone.users [-] Creating 6 users using 20 threads
2019-06-13 09:37:54.138 1842 INFO rally.task.context [-] Task 8cad7285-7a41-4ce3-bb69-21430a9089da | Context users@openstack setup() finished in 4.78 sec
2019-06-13 09:37:54.566 1842 INFO rally.task.context [-] Task 8cad7285-7a41-4ce3-bb69-21430a9089da | Context api_versions@openstack setup() finished in 0.43 sec
2019-06-13 09:37:57.282 1842 INFO rally.task.context [-] Task 8cad7285-7a41-4ce3-bb69-21430a9089da | Context quotas@openstack setup() finished in 2.72 sec
2019-06-13 09:37:57.282 1842 INFO rally.task.context [-] Task 8cad7285-7a41-4ce3-bb69-21430a9089da | Context cleanup@openstack setup() finished in 0.01 msec
2019-06-13 09:37:58.780 1842 DEBUG novaclient.v2.client [-] REQ: curl -g -i -X GET http://172.30.9.26:8774/v2.1/flavors/detail -H "Accept: application/json" -H "User-Agent: python-novaclient" -H "X-Auth-Token: {SHA1}bbe66ff0f236b59062979babaa5d416f96dd3fc4" _http_log_request /usr/lib/python2.7/site-packages/keystoneauth1/session.py:448
2019-06-13 09:37:59.109 1842 DEBUG novaclient.v2.client [-] RESP: [200] Content-Encoding: gzip Content-Length: 368 Content-Type: application/json Date: Thu, 13 Jun 2019 09:37:58 GMT OpenStack-API-Version: compute 2.1 Server: Apache Vary: OpenStack-API-Version,X-OpenStack-Nova-API-Version,Accept-Encoding X-OpenStack-Nova-API-Version: 2.1 x-compute-request-id: req-1a220ee3-16b9-49d2-9a4e-c13ca936f895 x-openstack-request-id: req-1a220ee3-16b9-49d2-9a4e-c13ca936f895 _http_log_response /usr/lib/python2.7/site-packages/keystoneauth1/session.py:479
2019-06-13 09:37:59.110 1842 DEBUG novaclient.v2.client [-] RESP BODY: {"flavors": [{"name": "rally_full-flavor_alt_f0990e99-e961-493e-8a77-baa2a6018f4b", "links": [{"href": "http://172.30.9.26:8774/v2.1/flavors/32c8bf57-dd44-4aad-a675-be0d3ec79a1d", "rel": "self"}, {"href": "http://172.30.9.26:8774/flavors/32c8bf57-dd44-4aad-a675-be0d3ec79a1d", "rel": "bookmark"}], "ram": 1024, "OS-FLV-DISABLED:disabled": false, "vcpus": 1, "swap": "", "os-flavor-access:is_public": true, "rxtx_factor": 1.0, "OS-FLV-EXT-DATA:ephemeral": 0, "disk": 1, "id": "32c8bf57-dd44-4aad-a675-be0d3ec79a1d"}, {"name": "rally_full-flavor_f0990e99-e961-493e-8a77-baa2a6018f4b", "links": [{"href": "http://172.30.9.26:8774/v2.1/flavors/e03f28c8-79ac-4ed7-9356-c024edfde426", "rel": "self"}, {"href": "http://172.30.9.26:8774/flavors/e03f28c8-79ac-4ed7-9356-c024edfde426", "rel": "bookmark"}], "ram": 512, "OS-FLV-DISABLED:disabled": false, "vcpus": 1, "swap": "", "os-flavor-access:is_public": true, "rxtx_factor": 1.0, "OS-FLV-EXT-DATA:ephemeral": 0, "disk": 1, "id": "e03f28c8-79ac-4ed7-9356-c024edfde426"}]} _http_log_response /usr/lib/python2.7/site-packages/keystoneauth1/session.py:511
2019-06-13 09:37:59.110 1842 DEBUG novaclient.v2.client [-] GET call to compute for http://172.30.9.26:8774/v2.1/flavors/detail used request id req-1a220ee3-16b9-49d2-9a4e-c13ca936f895 request /usr/lib/python2.7/site-packages/keystoneauth1/session.py:844
2019-06-13 09:37:59.112 1842 RALLYDEBUG rally.task.runner [-] Starting the constant runner (task UUID: 8cad7285-7a41-4ce3-bb69-21430a9089da). timeout: 0 concurrency: 4 concurrency_per_worker: 1 times: 10 concurrency_overhead: 0 processes_to_start: 4 max_cpu_used: 16
2019-06-13 09:37:59.126 1966 RALLYDEBUG rally.task.runner [-] Starting a worker. concurrency: 1 args: {"flavor": "e03f28c8-79ac-4ed7-9356-c024edfde426", "image": "629d3e5e-d240-4ebf-aff3-0bfd361a670f", "size": 1, "nics": [{"net-id": "c83e4532-1348-4731-98b9-52e904579781"}]} times: 10 method_name: run timeout: 0 duration: None cls:
2019-06-13 09:37:59.128 1967 RALLYDEBUG rally.task.runner [-] Starting a worker. concurrency: 1 args: {"flavor": "e03f28c8-79ac-4ed7-9356-c024edfde426", "image": "629d3e5e-d240-4ebf-aff3-0bfd361a670f", "size": 1, "nics": [{"net-id": "c83e4532-1348-4731-98b9-52e904579781"}]} times: 10 method_name: run timeout: 0 duration: None cls:
2019-06-13 09:37:59.131 1968 RALLYDEBUG rally.task.runner [-] Starting a worker. concurrency: 1 args: {"flavor": "e03f28c8-79ac-4ed7-9356-c024edfde426", "image": "629d3e5e-d240-4ebf-aff3-0bfd361a670f", "size": 1, "nics": [{"net-id": "c83e4532-1348-4731-98b9-52e904579781"}]} times: 10 method_name: run timeout: 0 duration: None cls:
2019-06-13 09:37:59.133 1966 INFO rally.task.runner [-] Task 8cad7285-7a41-4ce3-bb69-21430a9089da | ITER: 1 START
2019-06-13 09:37:59.134 1969 RALLYDEBUG rally.task.runner [-] Starting a worker. concurrency: 1 args: {"flavor": "e03f28c8-79ac-4ed7-9356-c024edfde426", "image": "629d3e5e-d240-4ebf-aff3-0bfd361a670f", "size": 1, "nics": [{"net-id": "c83e4532-1348-4731-98b9-52e904579781"}]} times: 10 method_name: run timeout: 0 duration: None cls:
2019-06-13 09:37:59.136 1967 INFO rally.task.runner [-] Task 8cad7285-7a41-4ce3-bb69-21430a9089da | ITER: 2 START
2019-06-13 09:37:59.138 1968 INFO rally.task.runner [-] Task 8cad7285-7a41-4ce3-bb69-21430a9089da | ITER: 3 START
2019-06-13 09:37:59.142 1969 INFO rally.task.runner [-] Task 8cad7285-7a41-4ce3-bb69-21430a9089da | ITER: 4 START
2019-06-13 09:37:59.576 1967 DEBUG novaclient.v2.client [-] REQ: curl -g -i -X POST http://172.30.9.26:8774/v2.1/servers -H "Accept: application/json" -H "Content-Type: application/json" -H "User-Agent: python-novaclient" -H "X-Auth-Token: {SHA1}2544131f8c91635c9f897d4e1529890ffc171002" -d '{"server": {"name": "s_rally_fbf23b3a_VA7VKUeI", "imageRef": "629d3e5e-d240-4ebf-aff3-0bfd361a670f", "flavorRef": "e03f28c8-79ac-4ed7-9356-c024edfde426", "max_count": 1, "min_count": 1, "networks": [{"uuid": "c83e4532-1348-4731-98b9-52e904579781"}]}}' _http_log_request /usr/lib/python2.7/site-packages/keystoneauth1/session.py:448
2019-06-13 09:37:59.584 1966 DEBUG novaclient.v2.client [-] REQ: curl -g -i -X POST http://172.30.9.26:8774/v2.1/servers -H "Accept: application/json" -H "Content-Type: application/json" -H "User-Agent: python-novaclient" -H "X-Auth-Token: {SHA1}e606ec8dd20dfe56275199aa48a4ab51d3518174" -d '{"server": {"name": "s_rally_fbf23b3a_M3F1IUoz", "imageRef": "629d3e5e-d240-4ebf-aff3-0bfd361a670f", "flavorRef": "e03f28c8-79ac-4ed7-9356-c024edfde426", "max_count": 1, "min_count": 1, "networks": [{"uuid": "c83e4532-1348-4731-98b9-52e904579781"}]}}' _http_log_request /usr/lib/python2.7/site-packages/keystoneauth1/session.py:448
2019-06-13 09:37:59.588 1969 DEBUG novaclient.v2.client [-] REQ: curl -g -i -X POST http://172.30.9.26:8774/v2.1/servers -H "Accept: application/json" -H "Content-Type: application/json" -H "User-Agent: python-novaclient" -H "X-Auth-Token: {SHA1}9b7e7c833aadd184301b17c607a78506dac3ffe1" -d '{"server": {"name": "s_rally_fbf23b3a_W2vqbla0", "imageRef": "629d3e5e-d240-4ebf-aff3-0bfd361a670f", "flavorRef": "e03f28c8-79ac-4ed7-9356-c024edfde426", "max_count": 1, "min_count": 1, "networks": [{"uuid": "c83e4532-1348-4731-98b9-52e904579781"}]}}' _http_log_request /usr/lib/python2.7/site-packages/keystoneauth1/session.py:448
2019-06-13 09:37:59.594 1968 DEBUG novaclient.v2.client [-] REQ: curl -g -i -X POST http://172.30.9.26:8774/v2.1/servers -H "Accept: application/json" -H "Content-Type: application/json" -H "User-Agent: python-novaclient" -H "X-Auth-Token: {SHA1}5a305720f61aef2ca5bae2e4215d9138c731ed09" -d '{"server": {"name": "s_rally_fbf23b3a_Z7zZq95o", "imageRef": "629d3e5e-d240-4ebf-aff3-0bfd361a670f", "flavorRef": "e03f28c8-79ac-4ed7-9356-c024edfde426", "max_count": 1, "min_count": 1, "networks": [{"uuid": "c83e4532-1348-4731-98b9-52e904579781"}]}}' _http_log_request /usr/lib/python2.7/site-packages/keystoneauth1/session.py:448
2019-06-13 09:38:02.813 1966 DEBUG novaclient.v2.client [-] RESP: [202] Content-Length: 374 Content-Type: application/json Date: Thu, 13 Jun 2019 09:37:59 GMT OpenStack-API-Version: compute 2.1 Server: Apache Vary: OpenStack-API-Version,X-OpenStack-Nova-API-Version X-OpenStack-Nova-API-Version: 2.1 location: http://172.30.9.26:8774/v2.1/servers/0db7a20f-7567-4b85-a486-c6f44098dfd1 x-compute-request-id: req-41815a96-1346-4585-be29-2b30951f2d30 x-openstack-request-id: req-41815a96-1346-4585-be29-2b30951f2d30 _http_log_response /usr/lib/python2.7/site-packages/keystoneauth1/session.py:479
2019-06-13 09:38:02.814 1966 DEBUG novaclient.v2.client [-] RESP BODY: {"server": {"security_groups": [{"name": "default"}], "OS-DCF:diskConfig": "MANUAL", "id": "0db7a20f-7567-4b85-a486-c6f44098dfd1", "links": [{"href": "http://172.30.9.26:8774/v2.1/servers/0db7a20f-7567-4b85-a486-c6f44098dfd1", "rel": "self"}, {"href": "http://172.30.9.26:8774/servers/0db7a20f-7567-4b85-a486-c6f44098dfd1", "rel": "bookmark"}], "adminPass": "75W8WfJ6FWKR"}} _http_log_response /usr/lib/python2.7/site-packages/keystoneauth1/session.py:511
2019-06-13 09:38:02.815 1966 DEBUG novaclient.v2.client [-] POST call to compute for http://172.30.9.26:8774/v2.1/servers used request id req-41815a96-1346-4585-be29-2b30951f2d30 request /usr/lib/python2.7/site-packages/keystoneauth1/session.py:844
2019-06-13 09:38:03.401 1967 DEBUG novaclient.v2.client [-] RESP: [202] Content-Length: 374 Content-Type: application/json Date: Thu, 13 Jun 2019 09:37:59 GMT OpenStack-API-Version: compute 2.1 Server: Apache Vary: OpenStack-API-Version,X-OpenStack-Nova-API-Version X-OpenStack-Nova-API-Version: 2.1 location: http://172.30.9.26:8774/v2.1/servers/e51682de-01c9-453f-80d2-152e2391c6a3 x-compute-request-id: req-b4ab9547-228a-4d9b-8b04-7d80170d5131 x-openstack-request-id: req-b4ab9547-228a-4d9b-8b04-7d80170d5131 _http_log_response /usr/lib/python2.7/site-packages/keystoneauth1/session.py:479
2019-06-13 09:38:03.402 1967 DEBUG novaclient.v2.client [-] RESP BODY: {"server": {"security_groups": [{"name": "default"}], "OS-DCF:diskConfig": "MANUAL", "id": "e51682de-01c9-453f-80d2-152e2391c6a3", "links": [{"href": "http://172.30.9.26:8774/v2.1/servers/e51682de-01c9-453f-80d2-152e2391c6a3", "rel": "self"}, {"href": "http://172.30.9.26:8774/servers/e51682de-01c9-453f-80d2-152e2391c6a3", "rel": "bookmark"}], "adminPass": "CYeQyQyhXa8t"}} _http_log_response /usr/lib/python2.7/site-packages/keystoneauth1/session.py:511
2019-06-13 09:38:03.403 1967 DEBUG novaclient.v2.client [-] POST call to compute for http://172.30.9.26:8774/v2.1/servers used request id req-b4ab9547-228a-4d9b-8b04-7d80170d5131 request /usr/lib/python2.7/site-packages/keystoneauth1/session.py:844
2019-06-13 09:38:03.765 1968 DEBUG novaclient.v2.client [-] RESP: [202] Content-Length: 374 Content-Type: application/json Date: Thu, 13 Jun 2019 09:37:59 GMT OpenStack-API-Version: compute 2.1 Server: Apache Vary: OpenStack-API-Version,X-OpenStack-Nova-API-Version X-OpenStack-Nova-API-Version: 2.1 location: http://172.30.9.26:8774/v2.1/servers/0529a792-773d-4234-9c13-adc736291ad9 x-compute-request-id: req-39dd2c28-d205-4b3d-bac2-9d25dbb632ef x-openstack-request-id: req-39dd2c28-d205-4b3d-bac2-9d25dbb632ef _http_log_response /usr/lib/python2.7/site-packages/keystoneauth1/session.py:479
2019-06-13 09:38:03.766 1968 DEBUG novaclient.v2.client [-] RESP BODY: {"server": {"security_groups": [{"name": "default"}], "OS-DCF:diskConfig": "MANUAL", "id": "0529a792-773d-4234-9c13-adc736291ad9", "links": [{"href": "http://172.30.9.26:8774/v2.1/servers/0529a792-773d-4234-9c13-adc736291ad9", "rel": "self"}, {"href": "http://172.30.9.26:8774/servers/0529a792-773d-4234-9c13-adc736291ad9", "rel": "bookmark"}], "adminPass": "vF9gX3uFiS4g"}} _http_log_response /usr/lib/python2.7/site-packages/keystoneauth1/session.py:511
2019-06-13 09:38:03.766 1968 DEBUG novaclient.v2.client [-] POST call to compute for http://172.30.9.26:8774/v2.1/servers used request id req-39dd2c28-d205-4b3d-bac2-9d25dbb632ef request /usr/lib/python2.7/site-packages/keystoneauth1/session.py:844
2019-06-13 09:38:03.818 1966 DEBUG novaclient.v2.client [-] REQ: curl -g -i -X GET http://172.30.9.26:8774/v2.1/servers/0db7a20f-7567-4b85-a486-c6f44098dfd1 -H "Accept: application/json" -H "User-Agent: python-novaclient" -H "X-Auth-Token: {SHA1}e606ec8dd20dfe56275199aa48a4ab51d3518174" _http_log_request /usr/lib/python2.7/site-packages/keystoneauth1/session.py:448
2019-06-13 09:38:03.999 1969 DEBUG novaclient.v2.client [-] RESP: [202] Content-Length: 374 Content-Type: application/json Date: Thu, 13 Jun 2019 09:37:59 GMT OpenStack-API-Version: compute 2.1 Server: Apache Vary: OpenStack-API-Version,X-OpenStack-Nova-API-Version X-OpenStack-Nova-API-Version: 2.1 location: http://172.30.9.26:8774/v2.1/servers/0eacaf06-fd2b-49e7-9737-e76f2dbb301d x-compute-request-id: req-fcfbb3ee-8d3a-41d0-8e4f-43d33e2b006f x-openstack-request-id: req-fcfbb3ee-8d3a-41d0-8e4f-43d33e2b006f _http_log_response /usr/lib/python2.7/site-packages/keystoneauth1/session.py:479
2019-06-13 09:38:04.000 1969 DEBUG novaclient.v2.client [-] RESP BODY: {"server": {"security_groups": [{"name": "default"}], "OS-DCF:diskConfig": "MANUAL", "id": "0eacaf06-fd2b-49e7-9737-e76f2dbb301d", "links": [{"href": "http://172.30.9.26:8774/v2.1/servers/0eacaf06-fd2b-49e7-9737-e76f2dbb301d", "rel": "self"}, {"href": "http://172.30.9.26:8774/servers/0eacaf06-fd2b-49e7-9737-e76f2dbb301d", "rel": "bookmark"}], "adminPass": "2WFceBW6buEn"}} _http_log_response /usr/lib/python2.7/site-packages/keystoneauth1/session.py:511
2019-06-13 09:38:04.000 1969 DEBUG novaclient.v2.client [-] POST call to compute for http://172.30.9.26:8774/v2.1/servers used request id req-fcfbb3ee-8d3a-41d0-8e4f-43d33e2b006f request /usr/lib/python2.7/site-packages/keystoneauth1/session.py:844
2019-06-13 09:38:04.286 1966 DEBUG novaclient.v2.client [-] RESP: [200] Content-Encoding: gzip Content-Length: 587 Content-Type: application/json Date: Thu, 13 Jun 2019 09:38:03 GMT OpenStack-API-Version: compute 2.1 Server: Apache Vary: OpenStack-API-Version,X-OpenStack-Nova-API-Version,Accept-Encoding X-OpenStack-Nova-API-Version: 2.1 x-compute-request-id: req-04adff4e-d35f-4d39-a3ab-762c39e3771e x-openstack-request-id: req-04adff4e-d35f-4d39-a3ab-762c39e3771e _http_log_response /usr/lib/python2.7/site-packages/keystoneauth1/session.py:479
2019-06-13 09:38:04.287 1966 DEBUG novaclient.v2.client [-] RESP BODY: {"server": {"OS-EXT-STS:task_state": "scheduling", "addresses": {}, "links": [{"href": "http://172.30.9.26:8774/v2.1/servers/0db7a20f-7567-4b85-a486-c6f44098dfd1", "rel": "self"}, {"href": "http://172.30.9.26:8774/servers/0db7a20f-7567-4b85-a486-c6f44098dfd1", "rel": "bookmark"}], "image": {"id": "629d3e5e-d240-4ebf-aff3-0bfd361a670f", "links": [{"href": "http://172.30.9.26:8774/images/629d3e5e-d240-4ebf-aff3-0bfd361a670f", "rel": "bookmark"}]}, "OS-EXT-STS:vm_state": "building", "OS-SRV-USG:launched_at": null, "flavor": {"id": "e03f28c8-79ac-4ed7-9356-c024edfde426", "links": [{"href": "http://172.30.9.26:8774/flavors/e03f28c8-79ac-4ed7-9356-c024edfde426", "rel": "bookmark"}]}, "id": "0db7a20f-7567-4b85-a486-c6f44098dfd1", "user_id": "cf946dfdf03244d288204900dadd7353", "OS-DCF:diskConfig": "MANUAL", "accessIPv4": "", "accessIPv6": "", "progress": 0, "OS-EXT-STS:power_state": 0, "OS-EXT-AZ:availability_zone": "", "config_drive": "", "status": "BUILD", "updated": "2019-06-13T09:38:03Z", "hostId": "", "OS-SRV-USG:terminated_at": null, "key_name": null, "name": "s_rally_fbf23b3a_M3F1IUoz", "created": "2019-06-13T09:38:02Z", "tenant_id": "624db217bd2748dcb2a2c024709f2090", "os-extended-volumes:volumes_attached": [], "metadata": {}}} _http_log_response /usr/lib/python2.7/site-packages/keystoneauth1/session.py:511
2019-06-13 09:38:04.287 1966 DEBUG novaclient.v2.client [-] GET call to compute for http://172.30.9.26:8774/v2.1/servers/0db7a20f-7567-4b85-a486-c6f44098dfd1 used request id req-04adff4e-d35f-4d39-a3ab-762c39e3771e request /usr/lib/python2.7/site-packages/keystoneauth1/session.py:844
2019-06-13 09:38:04.289 1966 DEBUG novaclient.v2.client [-] REQ: curl -g -i -X GET http://172.30.9.26:8774/v2.1/servers/0db7a20f-7567-4b85-a486-c6f44098dfd1 -H "Accept: application/json" -H "User-Agent: python-novaclient" -H "X-Auth-Token: {SHA1}e606ec8dd20dfe56275199aa48a4ab51d3518174" _http_log_request /usr/lib/python2.7/site-packages/keystoneauth1/session.py:448
2019-06-13 09:38:04.407 1967 DEBUG novaclient.v2.client [-] REQ: curl -g -i -X GET http://172.30.9.26:8774/v2.1/servers/e51682de-01c9-453f-80d2-152e2391c6a3 -H "Accept: application/json" -H "User-Agent: python-novaclient" -H "X-Auth-Token: {SHA1}2544131f8c91635c9f897d4e1529890ffc171002" _http_log_request /usr/lib/python2.7/site-packages/keystoneauth1/session.py:448
