2019-06-13 09:34:11.774 725 DEBUG glanceclient.common.http [-] Request returned failure status 404. _handle_response /usr/lib/python2.7/site-packages/glanceclient/common/http.py:125
2019-06-13 09:34:11.796 725 DEBUG glanceclient.common.http [-] Request returned failure status 404. _handle_response /usr/lib/python2.7/site-packages/glanceclient/common/http.py:125
2019-06-13 09:34:11.930 725 DEBUG glanceclient.common.http [-] Request returned failure status 404. _handle_response /usr/lib/python2.7/site-packages/glanceclient/common/http.py:125
2019-06-13 09:34:11.945 725 DEBUG glanceclient.common.http [-] Request returned failure status 404. _handle_response /usr/lib/python2.7/site-packages/glanceclient/common/http.py:125
2019-06-13 09:34:11.960 725 DEBUG glanceclient.common.http [-] Request returned failure status 404. _handle_response /usr/lib/python2.7/site-packages/glanceclient/common/http.py:125
2019-06-13 09:34:12.017 725 DEBUG glanceclient.common.http [-] Request returned failure status 404. _handle_response /usr/lib/python2.7/site-packages/glanceclient/common/http.py:125
2019-06-13 09:34:12.037 725 DEBUG glanceclient.common.http [-] Request returned failure status 404. _handle_response /usr/lib/python2.7/site-packages/glanceclient/common/http.py:125
2019-06-13 09:34:12.059 725 DEBUG glanceclient.common.http [-] Request returned failure status 404. _handle_response /usr/lib/python2.7/site-packages/glanceclient/common/http.py:125
2019-06-13 09:34:12.103 725 DEBUG glanceclient.common.http [-] Request returned failure status 404. _handle_response /usr/lib/python2.7/site-packages/glanceclient/common/http.py:125
2019-06-13 09:34:12.167 725 DEBUG glanceclient.common.http [-] Request returned failure status 404. _handle_response /usr/lib/python2.7/site-packages/glanceclient/common/http.py:125
2019-06-13 09:34:12.238 725 DEBUG glanceclient.common.http [-] Request returned failure status 404. _handle_response /usr/lib/python2.7/site-packages/glanceclient/common/http.py:125
2019-06-13 09:34:12.343 725 DEBUG glanceclient.common.http [-] Request returned failure status 404. _handle_response /usr/lib/python2.7/site-packages/glanceclient/common/http.py:125
2019-06-13 09:34:12.784 725 DEBUG glanceclient.common.http [-] Request returned failure status 404. _handle_response /usr/lib/python2.7/site-packages/glanceclient/common/http.py:125
2019-06-13 09:34:12.988 725 DEBUG glanceclient.common.http [-] Request returned failure status 404. _handle_response /usr/lib/python2.7/site-packages/glanceclient/common/http.py:125
2019-06-13 09:34:13.068 725 DEBUG glanceclient.common.http [-] Request returned failure status 404. _handle_response /usr/lib/python2.7/site-packages/glanceclient/common/http.py:125
2019-06-13 09:34:13.080 725 DEBUG glanceclient.common.http [-] Request returned failure status 404. _handle_response /usr/lib/python2.7/site-packages/glanceclient/common/http.py:125
2019-06-13 09:34:14.083 725 INFO rally.task.context [-] Task 50a90e27-cc65-4dd5-b467-ec7c8473d4b7 | Context cleanup@openstack cleanup() finished in 34.21 sec
2019-06-13 09:34:14.084 725 INFO rally.task.context [-] Task 50a90e27-cc65-4dd5-b467-ec7c8473d4b7 | Context quotas@openstack cleanup() started
2019-06-13 09:34:14.085 725 DEBUG novaclient.v2.client [-] REQ: curl -g -i -X DELETE http://172.30.9.26:8774/v2.1/os-quota-sets/d0143a513cbd4c598846c5b5ca034fa4 -H "Accept: application/json" -H "User-Agent: python-novaclient" -H "X-Auth-Token: {SHA1}e05d8fc14710019e24efb36cb7655c74516ece4d" _http_log_request /usr/lib/python2.7/site-packages/keystoneauth1/session.py:448
2019-06-13 09:34:14.128 725 DEBUG novaclient.v2.client [-] RESP: [202] Content-Length: 0 Content-Type: application/json Date: Thu, 13 Jun 2019 09:34:14 GMT OpenStack-API-Version: compute 2.1 Server: Apache Vary: OpenStack-API-Version,X-OpenStack-Nova-API-Version X-OpenStack-Nova-API-Version: 2.1 x-compute-request-id: req-8b3aeb91-4a99-4649-921a-204489670b05 x-openstack-request-id: req-8b3aeb91-4a99-4649-921a-204489670b05 _http_log_response /usr/lib/python2.7/site-packages/keystoneauth1/session.py:479
2019-06-13 09:34:14.129 725 DEBUG novaclient.v2.client [-] DELETE call to compute for http://172.30.9.26:8774/v2.1/os-quota-sets/d0143a513cbd4c598846c5b5ca034fa4 used request id req-8b3aeb91-4a99-4649-921a-204489670b05 request /usr/lib/python2.7/site-packages/keystoneauth1/session.py:844
2019-06-13 09:34:14.130 725 DEBUG novaclient.v2.client [-] REQ: curl -g -i -X DELETE http://172.30.9.26:8774/v2.1/os-quota-sets/49ad66bea74c401080a9cfc055fcf7f5 -H "Accept: application/json" -H "User-Agent: python-novaclient" -H "X-Auth-Token: {SHA1}e05d8fc14710019e24efb36cb7655c74516ece4d" _http_log_request /usr/lib/python2.7/site-packages/keystoneauth1/session.py:448
2019-06-13 09:34:14.170 725 DEBUG novaclient.v2.client [-] RESP: [202] Content-Length: 0 Content-Type: application/json Date: Thu, 13 Jun 2019 09:34:14 GMT OpenStack-API-Version: compute 2.1 Server: Apache Vary: OpenStack-API-Version,X-OpenStack-Nova-API-Version X-OpenStack-Nova-API-Version: 2.1 x-compute-request-id: req-f42de0ee-2443-4292-a9ac-5b7671d70f07 x-openstack-request-id: req-f42de0ee-2443-4292-a9ac-5b7671d70f07 _http_log_response /usr/lib/python2.7/site-packages/keystoneauth1/session.py:479
2019-06-13 09:34:14.171 725 DEBUG novaclient.v2.client [-] DELETE call to compute for http://172.30.9.26:8774/v2.1/os-quota-sets/49ad66bea74c401080a9cfc055fcf7f5 used request id req-f42de0ee-2443-4292-a9ac-5b7671d70f07 request /usr/lib/python2.7/site-packages/keystoneauth1/session.py:844
2019-06-13 09:34:14.172 725 DEBUG novaclient.v2.client [-] REQ: curl -g -i -X DELETE http://172.30.9.26:8774/v2.1/os-quota-sets/84bd6a098c8c45e3b119083ca59208a1 -H "Accept: application/json" -H "User-Agent: python-novaclient" -H "X-Auth-Token: {SHA1}e05d8fc14710019e24efb36cb7655c74516ece4d" _http_log_request /usr/lib/python2.7/site-packages/keystoneauth1/session.py:448
2019-06-13 09:34:14.200 725 DEBUG novaclient.v2.client [-] RESP: [202] Content-Length: 0 Content-Type: application/json Date: Thu, 13 Jun 2019 09:34:14 GMT OpenStack-API-Version: compute 2.1 Server: Apache Vary: OpenStack-API-Version,X-OpenStack-Nova-API-Version X-OpenStack-Nova-API-Version: 2.1 x-compute-request-id: req-d9974b64-4d45-4c8e-b954-ea09966d7cee x-openstack-request-id: req-d9974b64-4d45-4c8e-b954-ea09966d7cee _http_log_response /usr/lib/python2.7/site-packages/keystoneauth1/session.py:479
2019-06-13 09:34:14.200 725 DEBUG novaclient.v2.client [-] DELETE call to compute for http://172.30.9.26:8774/v2.1/os-quota-sets/84bd6a098c8c45e3b119083ca59208a1 used request id req-d9974b64-4d45-4c8e-b954-ea09966d7cee request /usr/lib/python2.7/site-packages/keystoneauth1/session.py:844
2019-06-13 09:34:14.201 725 INFO rally.task.context [-] Task 50a90e27-cc65-4dd5-b467-ec7c8473d4b7 | Context quotas@openstack cleanup() finished in 0.12 sec
2019-06-13 09:34:14.201 725 INFO rally.task.context [-] Task 50a90e27-cc65-4dd5-b467-ec7c8473d4b7 | Context users@openstack cleanup() started
2019-06-13 09:34:21.853 725 INFO rally.task.context [-] Task 50a90e27-cc65-4dd5-b467-ec7c8473d4b7 | Context users@openstack cleanup() finished in 7.65 sec
2019-06-13 09:34:23.591 725 INFO rally.task.engine [-] Load duration is: 85.958996
2019-06-13 09:34:23.592 725 INFO rally.task.engine [-] Full runner duration is: 87.872884
2019-06-13 09:34:23.592 725 INFO rally.task.engine [-] Full duration is: 138.760747
2019-06-13 09:34:23.797 725 INFO rally.task.engine [-] Running workload: position = 0 config = { "version": 2, "title": "A cropped version of a bigger task.", "description": "Auto-generated task from a single workload (uuid=5a95fb5f-257d-4d93-9ede-8a654f3dd76e)", "subtasks": [ { "title": "GlanceImages.create_and_deactivate_image", "description": "Create an image, then deactivate it.", "scenario": { "GlanceImages.create_and_deactivate_image": { "container_format": "bare", "disk_format": "qcow2", "image_location": "/home/opnfv/functest/images/cirros-0.4.0-x86_64-disk.img" } }, "contexts": { "users": { "tenants": 3, "users_per_tenant": 2 } }, "runner": { "constant": { "concurrency": 4, "times": 10 } }, "hooks": [], "sla": { "failure_rate": { "max": 0 } } } ] }
2019-06-13 09:34:23.820 725 RALLYDEBUG rally_openstack.contexts.keystone.users [-] Creating 3 tenants using 20 threads
2019-06-13 09:34:25.735 725 RALLYDEBUG rally_openstack.contexts.keystone.users [-] Creating 6 users using 20 threads
2019-06-13 09:34:28.481 725 INFO rally.task.context [-] Task 50a90e27-cc65-4dd5-b467-ec7c8473d4b7 | Context users@openstack setup() finished in 4.66 sec
2019-06-13 09:34:28.482 725 INFO rally.task.context [-] Task 50a90e27-cc65-4dd5-b467-ec7c8473d4b7 | Context cleanup@openstack setup() finished in 0.02 msec
2019-06-13 09:34:28.491 725 RALLYDEBUG rally.task.runner [-] Starting the constant runner (task UUID: 50a90e27-cc65-4dd5-b467-ec7c8473d4b7). timeout: 0 concurrency: 4 concurrency_per_worker: 1 times: 10 concurrency_overhead: 0 processes_to_start: 4 max_cpu_used: 16
2019-06-13 09:34:28.504 1385 RALLYDEBUG rally.task.runner [-] Starting a worker. concurrency: 1 args: {"container_format": "bare", "disk_format": "qcow2", "image_location": "/home/opnfv/functest/images/cirros-0.4.0-x86_64-disk.img"} times: 10 method_name: run timeout: 0 duration: None cls:
2019-06-13 09:34:28.507 1386 RALLYDEBUG rally.task.runner [-] Starting a worker. concurrency: 1 args: {"container_format": "bare", "disk_format": "qcow2", "image_location": "/home/opnfv/functest/images/cirros-0.4.0-x86_64-disk.img"} times: 10 method_name: run timeout: 0 duration: None cls:
2019-06-13 09:34:28.509 1387 RALLYDEBUG rally.task.runner [-] Starting a worker. concurrency: 1 args: {"container_format": "bare", "disk_format": "qcow2", "image_location": "/home/opnfv/functest/images/cirros-0.4.0-x86_64-disk.img"} times: 10 method_name: run timeout: 0 duration: None cls:
2019-06-13 09:34:28.512 1388 RALLYDEBUG rally.task.runner [-] Starting a worker. concurrency: 1 args: {"container_format": "bare", "disk_format": "qcow2", "image_location": "/home/opnfv/functest/images/cirros-0.4.0-x86_64-disk.img"} times: 10 method_name: run timeout: 0 duration: None cls:
2019-06-13 09:34:28.512 1385 INFO rally.task.runner [-] Task 50a90e27-cc65-4dd5-b467-ec7c8473d4b7 | ITER: 1 START
2019-06-13 09:34:28.513 1386 INFO rally.task.runner [-] Task 50a90e27-cc65-4dd5-b467-ec7c8473d4b7 | ITER: 2 START
2019-06-13 09:34:28.515 1387 INFO rally.task.runner [-] Task 50a90e27-cc65-4dd5-b467-ec7c8473d4b7 | ITER: 3 START
2019-06-13 09:34:28.518 1388 INFO rally.task.runner [-] Task 50a90e27-cc65-4dd5-b467-ec7c8473d4b7 | ITER: 4 START
2019-06-13 09:34:32.090 1387 RALLYDEBUG rally.task.utils [-] Waiting for resource u'4c53753c-3ed2-4409-a1f6-ba5276f60ced'. Status changed: NONE => QUEUED in 0.302329063416
2019-06-13 09:34:32.094 1386 RALLYDEBUG rally.task.utils [-] Waiting for resource u'cc3b05dd-ee1d-4d1f-8454-a86276b6819a'. Status changed: NONE => QUEUED in 0.030632019043
2019-06-13 09:34:32.118 1388 RALLYDEBUG rally.task.utils [-] Waiting for resource u'd31f2294-0694-4ee3-9ada-e00f392743ba'. Status changed: NONE => QUEUED in 0.0296850204468
2019-06-13 09:34:32.512 1385 RALLYDEBUG rally.task.utils [-] Waiting for resource u'7d4c1d40-1609-4662-ac33-da2244c6fa0c'. Status changed: NONE => QUEUED in 0.43466091156
2019-06-13 09:34:33.537 1387 RALLYDEBUG rally.task.utils [-] Waiting for resource s_rally_5a95fb5f_g84zuNXk. Status changed: QUEUED => ACTIVE in 0.962085962296
2019-06-13 09:34:33.918 1388 RALLYDEBUG rally.task.utils [-] Waiting for resource s_rally_5a95fb5f_WGh4dZo8. Status changed: QUEUED => ACTIVE in 0.328346014023
2019-06-13 09:34:33.935 1386 RALLYDEBUG rally.task.utils [-] Waiting for resource s_rally_5a95fb5f_QYKerYHS. Status changed: QUEUED => ACTIVE in 0.308054924011
2019-06-13 09:34:33.997 1388 INFO rally.task.runner [-] Task 50a90e27-cc65-4dd5-b467-ec7c8473d4b7 | ITER: 4 END: OK
2019-06-13 09:34:34.001 1388 INFO rally.task.runner [-] Task 50a90e27-cc65-4dd5-b467-ec7c8473d4b7 | ITER: 5 START
2019-06-13 09:34:34.007 1386 INFO rally.task.runner [-] Task 50a90e27-cc65-4dd5-b467-ec7c8473d4b7 | ITER: 2 END: OK
2019-06-13 09:34:34.011 1386 INFO rally.task.runner [-] Task 50a90e27-cc65-4dd5-b467-ec7c8473d4b7 | ITER: 6 START
2019-06-13 09:34:34.257 1385 RALLYDEBUG rally.task.utils [-] Waiting for resource s_rally_5a95fb5f_Cr6OaJcZ. Status changed: QUEUED => ACTIVE in 0.594181060791
2019-06-13 09:34:34.325 1387 INFO rally.task.runner [-] Task 50a90e27-cc65-4dd5-b467-ec7c8473d4b7 | ITER: 3 END: OK
2019-06-13 09:34:34.328 1385 INFO rally.task.runner [-] Task 50a90e27-cc65-4dd5-b467-ec7c8473d4b7 | ITER: 1 END: OK
2019-06-13 09:34:34.329 1387 INFO rally.task.runner [-] Task 50a90e27-cc65-4dd5-b467-ec7c8473d4b7 | ITER: 7 START
2019-06-13 09:34:34.331 1385 INFO rally.task.runner [-] Task 50a90e27-cc65-4dd5-b467-ec7c8473d4b7 | ITER: 8 START
2019-06-13 09:34:37.827 1385 RALLYDEBUG rally.task.utils [-] Waiting for resource u'b2ccab93-1ea8-4be9-b0ff-623fa868a2d3'. Status changed: NONE => QUEUED in 0.316620111465
2019-06-13 09:34:37.867 1388 RALLYDEBUG rally.task.utils [-] Waiting for resource u'0a6110d8-3188-40ea-92b9-c987c6e96179'. Status changed: NONE => QUEUED in 0.302952051163
2019-06-13 09:34:37.892 1386 RALLYDEBUG rally.task.utils [-] Waiting for resource u'dd8b5983-1a4e-4d84-bef6-33b855665fc1'. Status changed: NONE => QUEUED in 0.414439916611
2019-06-13 09:34:38.190 1387 RALLYDEBUG rally.task.utils [-] Waiting for resource u'b61c36fa-0a37-486a-a5a7-b634eb7d4528'. Status changed: NONE => QUEUED in 0.313729047775
2019-06-13 09:34:38.998 1388 RALLYDEBUG rally.task.utils [-] Waiting for resource s_rally_5a95fb5f_ZaNTVG1Q. Status changed: QUEUED => ACTIVE in 0.231553077698
2019-06-13 09:34:39.021 1385 RALLYDEBUG rally.task.utils [-] Waiting for resource s_rally_5a95fb5f_pUVABg7O. Status changed: QUEUED => ACTIVE in 0.220836162567
2019-06-13 09:34:39.101 1385 INFO rally.task.runner [-] Task 50a90e27-cc65-4dd5-b467-ec7c8473d4b7 | ITER: 8 END: OK
2019-06-13 09:34:39.105 1385 INFO rally.task.runner [-] Task 50a90e27-cc65-4dd5-b467-ec7c8473d4b7 | ITER: 9 START
2019-06-13 09:34:39.274 1388 INFO rally.task.runner [-] Task 50a90e27-cc65-4dd5-b467-ec7c8473d4b7 | ITER: 5 END: OK
2019-06-13 09:34:39.278 1388 INFO rally.task.runner [-] Task 50a90e27-cc65-4dd5-b467-ec7c8473d4b7 | ITER: 10 START
2019-06-13 09:34:39.665 1387 RALLYDEBUG rally.task.utils [-] Waiting for resource s_rally_5a95fb5f_WqXIGGJz. Status changed: QUEUED => ACTIVE in 0.0196890830994
2019-06-13 09:34:39.921 1386 RALLYDEBUG rally.task.utils [-] Waiting for resource s_rally_5a95fb5f_Ryun0Fmm. Status changed: QUEUED => ACTIVE in 0.306554079056
2019-06-13 09:34:39.999 1386 INFO rally.task.runner [-] Task 50a90e27-cc65-4dd5-b467-ec7c8473d4b7 | ITER: 6 END: OK
2019-06-13 09:34:40.005 1387 INFO rally.task.runner [-] Task 50a90e27-cc65-4dd5-b467-ec7c8473d4b7 | ITER: 7 END: OK
2019-06-13 09:34:42.958 1388 RALLYDEBUG rally.task.utils [-] Waiting for resource u'2af99c5d-8d24-46ef-82ff-741ea5d2ad76'. Status changed: NONE => QUEUED in 0.236905813217
2019-06-13 09:34:43.359 1385 RALLYDEBUG rally.task.utils [-] Waiting for resource u'3ecddd4f-c9c3-4abd-9bc1-7931ac093490'. Status changed: NONE => QUEUED in 0.684992074966
2019-06-13 09:34:43.944 1388 RALLYDEBUG rally.task.utils [-] Waiting for resource s_rally_5a95fb5f_uefvLGrZ. Status changed: QUEUED => ACTIVE in 0.0179040431976
2019-06-13 09:34:44.317 1388 INFO rally.task.runner [-] Task 50a90e27-cc65-4dd5-b467-ec7c8473d4b7 | ITER: 10 END: OK
2019-06-13 09:34:45.033 1385 RALLYDEBUG rally.task.utils [-] Waiting for resource s_rally_5a95fb5f_N58EOfZ4. Status changed: QUEUED => ACTIVE in 0.0179958343506
2019-06-13 09:34:45.314 1385 INFO rally.task.runner [-] Task 50a90e27-cc65-4dd5-b467-ec7c8473d4b7 | ITER: 9 END: OK
2019-06-13 09:34:45.343 725 INFO rally.task.context [-] Task 50a90e27-cc65-4dd5-b467-ec7c8473d4b7 | Context cleanup@openstack cleanup() started
2019-06-13 09:34:45.346 725 RALLYDEBUG rally_openstack.cleanup.manager [-] Cleaning up glance images objects
2019-06-13 09:34:49.886 725 RALLYDEBUG rally_openstack.cleanup.manager [-] Deleting glance.images object s_rally_5a95fb5f_Ryun0Fmm (dd8b5983-1a4e-4d84-bef6-33b855665fc1)
2019-06-13 09:34:49.895 725 RALLYDEBUG rally_openstack.cleanup.manager [-] Deleting glance.images object s_rally_5a95fb5f_ZaNTVG1Q (0a6110d8-3188-40ea-92b9-c987c6e96179)
2019-06-13 09:34:49.899 725 RALLYDEBUG rally_openstack.cleanup.manager [-] Deleting glance.images object s_rally_5a95fb5f_Cr6OaJcZ (7d4c1d40-1609-4662-ac33-da2244c6fa0c)
2019-06-13 09:34:49.903 725 RALLYDEBUG rally_openstack.cleanup.manager [-] Deleting glance.images object s_rally_5a95fb5f_WGh4dZo8 (d31f2294-0694-4ee3-9ada-e00f392743ba)
2019-06-13 09:34:49.903 725 RALLYDEBUG rally_openstack.cleanup.manager [-] Deleting glance.images object s_rally_5a95fb5f_QYKerYHS (cc3b05dd-ee1d-4d1f-8454-a86276b6819a)
2019-06-13 09:34:49.909 725 RALLYDEBUG rally_openstack.cleanup.manager [-] Deleting glance.images object s_rally_5a95fb5f_g84zuNXk (4c53753c-3ed2-4409-a1f6-ba5276f60ced)
2019-06-13 09:34:49.912 725 RALLYDEBUG rally_openstack.cleanup.manager [-] Deleting glance.images object s_rally_5a95fb5f_pUVABg7O (b2ccab93-1ea8-4be9-b0ff-623fa868a2d3)
2019-06-13 09:34:49.916 725 RALLYDEBUG rally_openstack.cleanup.manager [-] Deleting glance.images object s_rally_5a95fb5f_WqXIGGJz (b61c36fa-0a37-486a-a5a7-b634eb7d4528)
2019-06-13 09:34:49.918 725 RALLYDEBUG rally_openstack.cleanup.manager [-] Deleting glance.images object s_rally_5a95fb5f_N58EOfZ4 (3ecddd4f-c9c3-4abd-9bc1-7931ac093490)
2019-06-13 09:34:49.933 725 RALLYDEBUG rally_openstack.cleanup.manager [-] Deleting glance.images object s_rally_5a95fb5f_uefvLGrZ (2af99c5d-8d24-46ef-82ff-741ea5d2ad76)
2019-06-13 09:34:52.184 725 DEBUG glanceclient.common.http [-] Request returned failure status 404. _handle_response /usr/lib/python2.7/site-packages/glanceclient/common/http.py:125
2019-06-13 09:34:52.215 725 DEBUG glanceclient.common.http [-] Request returned failure status 404. _handle_response /usr/lib/python2.7/site-packages/glanceclient/common/http.py:125
2019-06-13 09:34:52.228 725 DEBUG glanceclient.common.http [-] Request returned failure status 404. _handle_response /usr/lib/python2.7/site-packages/glanceclient/common/http.py:125
2019-06-13 09:34:52.249 725 DEBUG glanceclient.common.http [-] Request returned failure status 404. _handle_response /usr/lib/python2.7/site-packages/glanceclient/common/http.py:125
2019-06-13 09:34:52.382 725 DEBUG glanceclient.common.http [-] Request returned failure status 404. _handle_response /usr/lib/python2.7/site-packages/glanceclient/common/http.py:125
2019-06-13 09:34:52.402 725 DEBUG glanceclient.common.http [-] Request returned failure status 404. _handle_response /usr/lib/python2.7/site-packages/glanceclient/common/http.py:125
2019-06-13 09:34:52.471 725 DEBUG glanceclient.common.http [-] Request returned failure status 404. _handle_response /usr/lib/python2.7/site-packages/glanceclient/common/http.py:125
2019-06-13 09:34:52.473 725 DEBUG glanceclient.common.http [-] Request returned failure status 404. _handle_response /usr/lib/python2.7/site-packages/glanceclient/common/http.py:125
2019-06-13 09:34:52.503 725 DEBUG glanceclient.common.http [-] Request returned failure status 404. _handle_response /usr/lib/python2.7/site-packages/glanceclient/common/http.py:125
2019-06-13 09:34:52.513 725 DEBUG glanceclient.common.http [-] Request returned failure status 404. _handle_response /usr/lib/python2.7/site-packages/glanceclient/common/http.py:125
2019-06-13 09:34:52.534 725 DEBUG glanceclient.common.http [-] Request returned failure status 404. _handle_response /usr/lib/python2.7/site-packages/glanceclient/common/http.py:125
2019-06-13 09:34:52.684 725 DEBUG glanceclient.common.http [-] Request returned failure status 404. _handle_response /usr/lib/python2.7/site-packages/glanceclient/common/http.py:125
2019-06-13 09:34:53.224 725 DEBUG glanceclient.common.http [-] Request returned failure status 404. _handle_response /usr/lib/python2.7/site-packages/glanceclient/common/http.py:125
2019-06-13 09:34:53.235 725 DEBUG glanceclient.common.http [-] Request returned failure status 404. _handle_response /usr/lib/python2.7/site-packages/glanceclient/common/http.py:125
2019-06-13 09:34:53.248 725 DEBUG glanceclient.common.http [-] Request returned failure status 404. _handle_response /usr/lib/python2.7/site-packages/glanceclient/common/http.py:125
2019-06-13 09:34:53.251 725 DEBUG glanceclient.common.http [-] Request returned failure status 404. _handle_response /usr/lib/python2.7/site-packages/glanceclient/common/http.py:125
2019-06-13 09:34:53.269 725 DEBUG glanceclient.common.http [-] Request returned failure status 404. _handle_response /usr/lib/python2.7/site-packages/glanceclient/common/http.py:125
2019-06-13 09:34:53.440 725 DEBUG glanceclient.common.http [-] Request returned failure status 404. _handle_response /usr/lib/python2.7/site-packages/glanceclient/common/http.py:125
2019-06-13 09:34:53.560 725 DEBUG glanceclient.common.http [-] Request returned failure status 404. _handle_response /usr/lib/python2.7/site-packages/glanceclient/common/http.py:125
2019-06-13 09:34:53.868 725 DEBUG glanceclient.common.http [-] Request returned failure status 404. _handle_response /usr/lib/python2.7/site-packages/glanceclient/common/http.py:125
2019-06-13 09:34:54.871 725 INFO rally.task.context [-] Task 50a90e27-cc65-4dd5-b467-ec7c8473d4b7 | Context cleanup@openstack cleanup() finished in 9.53 sec
2019-06-13 09:34:54.871 725 INFO rally.task.context [-] Task 50a90e27-cc65-4dd5-b467-ec7c8473d4b7 | Context users@openstack cleanup() started
2019-06-13 09:35:03.265 725 INFO rally.task.context [-] Task 50a90e27-cc65-4dd5-b467-ec7c8473d4b7 | Context users@openstack cleanup() finished in 8.39 sec
2019-06-13 09:35:04.021 725 INFO rally.task.engine [-] Load duration is: 15.93315
2019-06-13 09:35:04.022 725 INFO rally.task.engine [-] Full runner duration is: 16.853132
2019-06-13 09:35:04.022 725 INFO rally.task.engine [-] Full duration is: 39.447266
2019-06-13 09:35:04.230 725 INFO rally.task.engine [-] Running workload: position = 0 config = { "version": 2, "title": "A cropped version of a bigger task.", "description": "Auto-generated task from a single workload (uuid=f2b7f303-701b-4938-b06e-f7171f0369ef)", "subtasks": [ { "title": "GlanceImages.create_and_download_image", "description": "Create an image, then download data of the image.", "scenario": { "GlanceImages.create_and_download_image": { "container_format": "bare", "disk_format": "qcow2", "image_location": "/home/opnfv/functest/images/cirros-0.4.0-x86_64-disk.img" } }, "contexts": { "users": { "tenants": 3, "users_per_tenant": 2 } }, "runner": { "constant": { "concurrency": 4, "times": 10 } }, "hooks": [], "sla": { "failure_rate": { "max": 0 } } } ] }
2019-06-13 09:35:04.253 725 RALLYDEBUG rally_openstack.contexts.keystone.users [-] Creating 3 tenants using 20 threads
2019-06-13 09:35:06.220 725 RALLYDEBUG rally_openstack.contexts.keystone.users [-] Creating 6 users using 20 threads
2019-06-13 09:35:09.018 725 INFO rally.task.context [-] Task 50a90e27-cc65-4dd5-b467-ec7c8473d4b7 | Context users@openstack setup() finished in 4.76 sec
2019-06-13 09:35:09.018 725 INFO rally.task.context [-] Task 50a90e27-cc65-4dd5-b467-ec7c8473d4b7 | Context cleanup@openstack setup() finished in 0.01 msec
2019-06-13 09:35:09.026 725 RALLYDEBUG rally.task.runner [-] Starting the constant runner (task UUID: 50a90e27-cc65-4dd5-b467-ec7c8473d4b7). timeout: 0 concurrency: 4 concurrency_per_worker: 1 times: 10 concurrency_overhead: 0 processes_to_start: 4 max_cpu_used: 16
2019-06-13 09:35:09.039 1509 RALLYDEBUG rally.task.runner [-] Starting a worker. concurrency: 1 args: {"container_format": "bare", "disk_format": "qcow2", "image_location": "/home/opnfv/functest/images/cirros-0.4.0-x86_64-disk.img"} times: 10 method_name: run timeout: 0 duration: None cls:
2019-06-13 09:35:09.041 1510 RALLYDEBUG rally.task.runner [-] Starting a worker. concurrency: 1 args: {"container_format": "bare", "disk_format": "qcow2", "image_location": "/home/opnfv/functest/images/cirros-0.4.0-x86_64-disk.img"} times: 10 method_name: run timeout: 0 duration: None cls:
2019-06-13 09:35:09.043 1511 RALLYDEBUG rally.task.runner [-] Starting a worker. concurrency: 1 args: {"container_format": "bare", "disk_format": "qcow2", "image_location": "/home/opnfv/functest/images/cirros-0.4.0-x86_64-disk.img"} times: 10 method_name: run timeout: 0 duration: None cls:
2019-06-13 09:35:09.046 1509 INFO rally.task.runner [-] Task 50a90e27-cc65-4dd5-b467-ec7c8473d4b7 | ITER: 1 START
2019-06-13 09:35:09.047 1510 INFO rally.task.runner [-] Task 50a90e27-cc65-4dd5-b467-ec7c8473d4b7 | ITER: 2 START
2019-06-13 09:35:09.048 1511 INFO rally.task.runner [-] Task 50a90e27-cc65-4dd5-b467-ec7c8473d4b7 | ITER: 3 START
2019-06-13 09:35:09.048 1512 RALLYDEBUG rally.task.runner [-] Starting a worker. concurrency: 1 args: {"container_format": "bare", "disk_format": "qcow2", "image_location": "/home/opnfv/functest/images/cirros-0.4.0-x86_64-disk.img"} times: 10 method_name: run timeout: 0 duration: None cls:
2019-06-13 09:35:09.053 1512 INFO rally.task.runner [-] Task 50a90e27-cc65-4dd5-b467-ec7c8473d4b7 | ITER: 4 START
2019-06-13 09:35:12.614 1511 RALLYDEBUG rally.task.utils [-] Waiting for resource u'5614352f-f5d1-4e29-8304-ddc6796f4b09'. Status changed: NONE => QUEUED in 0.320084095001
2019-06-13 09:35:12.625 1512 RALLYDEBUG rally.task.utils [-] Waiting for resource u'3774b0c5-6696-4631-8fcb-5f13539306f1'. Status changed: NONE => QUEUED in 0.296733140945
2019-06-13 09:35:12.880 1510 RALLYDEBUG rally.task.utils [-] Waiting for resource u'da8475ca-56b0-45a1-81c8-9918483ba70f'. Status changed: NONE => QUEUED in 0.541333913803
2019-06-13 09:35:13.659 1509 RALLYDEBUG rally.task.utils [-] Waiting for resource u'f59affbf-7194-47f7-8e11-950a9cfd0dda'. Status changed: NONE => QUEUED in 0.6430580616
2019-06-13 09:35:13.999 1511 RALLYDEBUG rally.task.utils [-] Waiting for resource s_rally_f2b7f303_kphcnJEv. Status changed: QUEUED => ACTIVE in 0.0178759098053
2019-06-13 09:35:14.025 1512 RALLYDEBUG rally.task.utils [-] Waiting for resource s_rally_f2b7f303_BYNHvFgj. Status changed: QUEUED => ACTIVE in 0.0175869464874
2019-06-13 09:35:14.303 1510 RALLYDEBUG rally.task.utils [-] Waiting for resource s_rally_f2b7f303_QLHZY1hd. Status changed: QUEUED => ACTIVE in 0.310549974442
2019-06-13 09:35:14.422 1511 INFO rally.task.runner [-] Task 50a90e27-cc65-4dd5-b467-ec7c8473d4b7 | ITER: 3 END: OK
2019-06-13 09:35:14.426 1511 INFO rally.task.runner [-] Task 50a90e27-cc65-4dd5-b467-ec7c8473d4b7 | ITER: 5 START
2019-06-13 09:35:14.480 1512 INFO rally.task.runner [-] Task 50a90e27-cc65-4dd5-b467-ec7c8473d4b7 | ITER: 4 END: OK
2019-06-13 09:35:14.485 1512 INFO rally.task.runner [-] Task 50a90e27-cc65-4dd5-b467-ec7c8473d4b7 | ITER: 6 START
2019-06-13 09:35:14.965 1510 INFO rally.task.runner [-] Task 50a90e27-cc65-4dd5-b467-ec7c8473d4b7 | ITER: 2 END: OK
2019-06-13 09:35:14.969 1510 INFO rally.task.runner [-] Task 50a90e27-cc65-4dd5-b467-ec7c8473d4b7 | ITER: 7 START
2019-06-13 09:35:15.228 1509 RALLYDEBUG rally.task.utils [-] Waiting for resource s_rally_f2b7f303_DGdSSAA3. Status changed: QUEUED => ACTIVE in 0.216840028763
2019-06-13 09:35:15.777 1509 INFO rally.task.runner [-] Task 50a90e27-cc65-4dd5-b467-ec7c8473d4b7 | ITER: 1 END: OK
2019-06-13 09:35:15.781 1509 INFO rally.task.runner [-] Task 50a90e27-cc65-4dd5-b467-ec7c8473d4b7 | ITER: 8 START
2019-06-13 09:35:18.096 1511 RALLYDEBUG rally.task.utils [-] Waiting for resource u'38f9c1d1-2bcc-4fad-a6e0-00c76b15bb57'. Status changed: NONE => QUEUED in 0.324568033218
2019-06-13 09:35:18.176 1512 RALLYDEBUG rally.task.utils [-] Waiting for resource u'ca2e059d-6772-4293-a861-af5e1fcdd3f4'. Status changed: NONE => QUEUED in 0.320439100266
2019-06-13 09:35:18.792 1510 RALLYDEBUG rally.task.utils [-] Waiting for resource u'1afdfc72-5dc1-42a8-b0e6-f00b94f7a163'. Status changed: NONE => QUEUED in 0.317831993103
2019-06-13 09:35:19.310 1512 RALLYDEBUG rally.task.utils [-] Waiting for resource s_rally_f2b7f303_T0pNJ2Ny. Status changed: QUEUED => ACTIVE in 0.306674003601
2019-06-13 09:35:19.595 1509 RALLYDEBUG rally.task.utils [-] Waiting for resource u'2d7bea32-95f3-4f7d-b621-5931ebe6b2bf'. Status changed: NONE => QUEUED in 0.324177980423
2019-06-13 09:35:19.881 1512 INFO rally.task.runner [-] Task 50a90e27-cc65-4dd5-b467-ec7c8473d4b7 | ITER: 6 END: OK
2019-06-13 09:35:19.885 1512 INFO rally.task.runner [-] Task 50a90e27-cc65-4dd5-b467-ec7c8473d4b7 | ITER: 9 START
2019-06-13 09:35:20.167 1510 RALLYDEBUG rally.task.utils [-] Waiting for resource s_rally_f2b7f303_LCvPc8d4. Status changed: QUEUED => ACTIVE in 0.306865930557
2019-06-13 09:35:20.222 1511 RALLYDEBUG rally.task.utils [-] Waiting for resource s_rally_f2b7f303_VJuhBp7l. Status changed: QUEUED => ACTIVE in 0.299345970154
2019-06-13 09:35:20.845 1511 INFO rally.task.runner [-] Task 50a90e27-cc65-4dd5-b467-ec7c8473d4b7 | ITER: 5 END: OK
2019-06-13 09:35:20.849 1511 INFO rally.task.runner [-] Task 50a90e27-cc65-4dd5-b467-ec7c8473d4b7 | ITER: 10 START
2019-06-13 09:35:21.120 1510 INFO rally.task.runner [-] Task 50a90e27-cc65-4dd5-b467-ec7c8473d4b7 | ITER: 7 END: OK
2019-06-13 09:35:21.156 1509 RALLYDEBUG rally.task.utils [-] Waiting for resource s_rally_f2b7f303_3CDT7Q5q. Status changed: QUEUED => ACTIVE in 0.319406032562
2019-06-13 09:35:21.783 1509 INFO rally.task.runner [-] Task 50a90e27-cc65-4dd5-b467-ec7c8473d4b7 | ITER: 8 END: OK
2019-06-13 09:35:24.486 1512 RALLYDEBUG rally.task.utils [-] Waiting for resource u'52ed79e7-f244-49e5-9d6f-373f285c3c81'. Status changed: NONE => QUEUED in 1.03459405899
2019-06-13 09:35:24.486 1511 RALLYDEBUG rally.task.utils [-] Waiting for resource u'19436185-1bd3-4b1e-95d1-b3daad612d31'. Status changed: NONE => QUEUED in 0.226795196533
2019-06-13 09:35:25.452 1512 RALLYDEBUG rally.task.utils [-] Waiting for resource s_rally_f2b7f303_qpx0ct2k. Status changed: QUEUED => ACTIVE in 0.221008062363
2019-06-13 09:35:25.542 1511 RALLYDEBUG rally.task.utils [-] Waiting for resource s_rally_f2b7f303_QpUCtoDx. Status changed: QUEUED => ACTIVE in 0.298572063446
2019-06-13 09:35:25.890 1512 INFO rally.task.runner [-] Task 50a90e27-cc65-4dd5-b467-ec7c8473d4b7 | ITER: 9 END: OK
2019-06-13 09:35:26.069 1511 INFO rally.task.runner [-] Task 50a90e27-cc65-4dd5-b467-ec7c8473d4b7 | ITER: 10 END: OK
2019-06-13 09:35:26.095 725 INFO rally.task.context [-] Task 50a90e27-cc65-4dd5-b467-ec7c8473d4b7 | Context cleanup@openstack cleanup() started
2019-06-13 09:35:26.097 725 RALLYDEBUG rally_openstack.cleanup.manager [-] Cleaning up glance images objects
2019-06-13 09:35:30.161 725 RALLYDEBUG rally_openstack.cleanup.manager [-] Deleting glance.images object s_rally_f2b7f303_T0pNJ2Ny (ca2e059d-6772-4293-a861-af5e1fcdd3f4)
2019-06-13 09:35:30.162 725 RALLYDEBUG rally_openstack.cleanup.manager [-] Deleting glance.images object s_rally_f2b7f303_BYNHvFgj (3774b0c5-6696-4631-8fcb-5f13539306f1)
2019-06-13 09:35:30.163 725 RALLYDEBUG rally_openstack.cleanup.manager [-] Deleting glance.images object s_rally_f2b7f303_kphcnJEv (5614352f-f5d1-4e29-8304-ddc6796f4b09)
2019-06-13 09:35:30.163 725 RALLYDEBUG rally_openstack.cleanup.manager [-] Deleting glance.images object s_rally_f2b7f303_qpx0ct2k (52ed79e7-f244-49e5-9d6f-373f285c3c81)
2019-06-13 09:35:30.166 725 RALLYDEBUG rally_openstack.cleanup.manager [-] Deleting glance.images object s_rally_f2b7f303_VJuhBp7l (38f9c1d1-2bcc-4fad-a6e0-00c76b15bb57)
2019-06-13 09:35:30.183 725 RALLYDEBUG rally_openstack.cleanup.manager [-] Deleting glance.images object s_rally_f2b7f303_3CDT7Q5q (2d7bea32-95f3-4f7d-b621-5931ebe6b2bf)
2019-06-13 09:35:30.187 725 RALLYDEBUG rally_openstack.cleanup.manager [-] Deleting glance.images object s_rally_f2b7f303_QpUCtoDx (19436185-1bd3-4b1e-95d1-b3daad612d31)
2019-06-13 09:35:30.192 725 RALLYDEBUG rally_openstack.cleanup.manager [-] Deleting glance.images object s_rally_f2b7f303_DGdSSAA3 (f59affbf-7194-47f7-8e11-950a9cfd0dda)
2019-06-13 09:35:30.195 725 RALLYDEBUG rally_openstack.cleanup.manager [-] Deleting glance.images object s_rally_f2b7f303_QLHZY1hd (da8475ca-56b0-45a1-81c8-9918483ba70f)
2019-06-13 09:35:30.201 725 RALLYDEBUG rally_openstack.cleanup.manager [-] Deleting glance.images object s_rally_f2b7f303_LCvPc8d4 (1afdfc72-5dc1-42a8-b0e6-f00b94f7a163)
2019-06-13 09:35:32.164 725 DEBUG glanceclient.common.http [-] Request returned failure status 404. _handle_response /usr/lib/python2.7/site-packages/glanceclient/common/http.py:125
2019-06-13 09:35:32.271 725 DEBUG glanceclient.common.http [-] Request returned failure status 404. _handle_response /usr/lib/python2.7/site-packages/glanceclient/common/http.py:125
2019-06-13 09:35:32.354 725 DEBUG glanceclient.common.http [-] Request returned failure status 404. _handle_response /usr/lib/python2.7/site-packages/glanceclient/common/http.py:125
2019-06-13 09:35:32.375 725 DEBUG glanceclient.common.http [-] Request returned failure status 404. _handle_response /usr/lib/python2.7/site-packages/glanceclient/common/http.py:125
2019-06-13 09:35:32.453 725 DEBUG glanceclient.common.http [-] Request returned failure status 404. _handle_response /usr/lib/python2.7/site-packages/glanceclient/common/http.py:125
2019-06-13 09:35:32.488 725 DEBUG glanceclient.common.http [-] Request returned failure status 404. _handle_response /usr/lib/python2.7/site-packages/glanceclient/common/http.py:125
2019-06-13 09:35:32.524 725 DEBUG glanceclient.common.http [-] Request returned failure status 404. _handle_response /usr/lib/python2.7/site-packages/glanceclient/common/http.py:125
2019-06-13 09:35:32.542 725 DEBUG glanceclient.common.http [-] Request returned failure status 404. _handle_response /usr/lib/python2.7/site-packages/glanceclient/common/http.py:125
2019-06-13 09:35:32.590 725 DEBUG glanceclient.common.http [-] Request returned failure status 404. _handle_response /usr/lib/python2.7/site-packages/glanceclient/common/http.py:125
2019-06-13 09:35:32.611 725 DEBUG glanceclient.common.http [-] Request returned failure status 404. _handle_response /usr/lib/python2.7/site-packages/glanceclient/common/http.py:125
2019-06-13 09:35:32.649 725 DEBUG glanceclient.common.http [-] Request returned failure status 404. _handle_response /usr/lib/python2.7/site-packages/glanceclient/common/http.py:125
2019-06-13 09:35:32.681 725 DEBUG glanceclient.common.http [-] Request returned failure status 404. _handle_response /usr/lib/python2.7/site-packages/glanceclient/common/http.py:125
2019-06-13 09:35:32.744 725 DEBUG glanceclient.common.http [-] Request returned failure status 404. _handle_response /usr/lib/python2.7/site-packages/glanceclient/common/http.py:125
2019-06-13 09:35:32.816 725 DEBUG glanceclient.common.http [-] Request returned failure status 404. _handle_response /usr/lib/python2.7/site-packages/glanceclient/common/http.py:125
2019-06-13 09:35:32.819 725 DEBUG glanceclient.common.http [-] Request returned failure status 404. _handle_response /usr/lib/python2.7/site-packages/glanceclient/common/http.py:125
2019-06-13 09:35:32.860 725 DEBUG glanceclient.common.http [-] Request returned failure status 404. _handle_response /usr/lib/python2.7/site-packages/glanceclient/common/http.py:125
2019-06-13 09:35:33.060 725 DEBUG glanceclient.common.http [-] Request returned failure status 404. _handle_response /usr/lib/python2.7/site-packages/glanceclient/common/http.py:125
2019-06-13 09:35:33.266 725 DEBUG glanceclient.common.http [-] Request returned failure status 404. _handle_response /usr/lib/python2.7/site-packages/glanceclient/common/http.py:125
2019-06-13 09:35:33.276 725 DEBUG glanceclient.common.http [-] Request returned failure status 404. _handle_response /usr/lib/python2.7/site-packages/glanceclient/common/http.py:125
2019-06-13 09:35:33.560 725 DEBUG glanceclient.common.http [-] Request returned failure status 404. _handle_response /usr/lib/python2.7/site-packages/glanceclient/common/http.py:125
2019-06-13 09:35:34.563 725 INFO rally.task.context [-] Task 50a90e27-cc65-4dd5-b467-ec7c8473d4b7 | Context cleanup@openstack cleanup() finished in 8.47 sec
2019-06-13 09:35:34.563 725 INFO rally.task.context [-] Task 50a90e27-cc65-4dd5-b467-ec7c8473d4b7 | Context users@openstack cleanup() started
2019-06-13 09:35:43.039 725 INFO rally.task.context [-] Task 50a90e27-cc65-4dd5-b467-ec7c8473d4b7 | Context users@openstack cleanup() finished in 8.48 sec
2019-06-13 09:35:44.514 725 INFO rally.task.engine [-] Load duration is: 16.15498
2019-06-13 09:35:44.515 725 INFO rally.task.engine [-] Full runner duration is: 17.068796
2019-06-13 09:35:44.515 725 INFO rally.task.engine [-] Full duration is: 38.789795
2019-06-13 09:35:44.763 725 INFO rally.task.engine [-] Running workload: position = 0 config = { "version": 2, "title": "A cropped version of a bigger task.", "description": "Auto-generated task from a single workload (uuid=18741805-c9a8-41e9-8e51-eca4e6c9ff84)", "subtasks": [ { "title": "GlanceImages.create_and_get_image", "description": "Create and get detailed information of an image.", "scenario": { "GlanceImages.create_and_get_image": { "container_format": "bare", "disk_format": "qcow2", "image_location": "/home/opnfv/functest/images/cirros-0.4.0-x86_64-disk.img" } }, "contexts": { "users": { "tenants": 3, "users_per_tenant": 2 } }, "runner": { "constant": { "concurrency": 4, "times": 10 } }, "hooks": [], "sla": { "failure_rate": { "max": 0 } } } ] }
2019-06-13 09:35:44.783 725 RALLYDEBUG rally_openstack.contexts.keystone.users [-] Creating 3 tenants using 20 threads
2019-06-13 09:35:46.663 725 RALLYDEBUG rally_openstack.contexts.keystone.users [-] Creating 6 users using 20 threads
2019-06-13 09:35:49.481 725 INFO rally.task.context [-] Task 50a90e27-cc65-4dd5-b467-ec7c8473d4b7 | Context users@openstack setup() finished in 4.70 sec
2019-06-13 09:35:49.481 725 INFO rally.task.context [-] Task 50a90e27-cc65-4dd5-b467-ec7c8473d4b7 | Context cleanup@openstack setup() finished in 0.01 msec
2019-06-13 09:35:49.489 725 RALLYDEBUG rally.task.runner [-] Starting the constant runner (task UUID: 50a90e27-cc65-4dd5-b467-ec7c8473d4b7). timeout: 0 concurrency: 4 concurrency_per_worker: 1 times: 10 concurrency_overhead: 0 processes_to_start: 4 max_cpu_used: 16
2019-06-13 09:35:49.498 1633 RALLYDEBUG rally.task.runner [-] Starting a worker. concurrency: 1 args: {"container_format": "bare", "disk_format": "qcow2", "image_location": "/home/opnfv/functest/images/cirros-0.4.0-x86_64-disk.img"} times: 10 method_name: run timeout: 0 duration: None cls:
2019-06-13 09:35:49.501 1633 INFO rally.task.runner [-] Task 50a90e27-cc65-4dd5-b467-ec7c8473d4b7 | ITER: 1 START
2019-06-13 09:35:49.505 1634 RALLYDEBUG rally.task.runner [-] Starting a worker. concurrency: 1 args: {"container_format": "bare", "disk_format": "qcow2", "image_location": "/home/opnfv/functest/images/cirros-0.4.0-x86_64-disk.img"} times: 10 method_name: run timeout: 0 duration: None cls:
2019-06-13 09:35:49.509 1637 RALLYDEBUG rally.task.runner [-] Starting a worker. concurrency: 1 args: {"container_format": "bare", "disk_format": "qcow2", "image_location": "/home/opnfv/functest/images/cirros-0.4.0-x86_64-disk.img"} times: 10 method_name: run timeout: 0 duration: None cls:
2019-06-13 09:35:49.509 1638 RALLYDEBUG rally.task.runner [-] Starting a worker. concurrency: 1 args: {"container_format": "bare", "disk_format": "qcow2", "image_location": "/home/opnfv/functest/images/cirros-0.4.0-x86_64-disk.img"} times: 10 method_name: run timeout: 0 duration: None cls:
2019-06-13 09:35:49.510 1634 INFO rally.task.runner [-] Task 50a90e27-cc65-4dd5-b467-ec7c8473d4b7 | ITER: 2 START
2019-06-13 09:35:49.512 1638 INFO rally.task.runner [-] Task 50a90e27-cc65-4dd5-b467-ec7c8473d4b7 | ITER: 4 START
2019-06-13 09:35:49.514 1637 INFO rally.task.runner [-] Task 50a90e27-cc65-4dd5-b467-ec7c8473d4b7 | ITER: 3 START
2019-06-13 09:35:53.358 1638 RALLYDEBUG rally.task.utils [-] Waiting for resource u'37b56028-1b82-4028-81e3-6199de74bd00'. Status changed: NONE => QUEUED in 0.583076953888
2019-06-13 09:35:53.448 1633 RALLYDEBUG rally.task.utils [-] Waiting for resource u'2053acbe-3c8d-4fe4-a16e-4fc1b3a69100'. Status changed: NONE => QUEUED in 0.310999155045
2019-06-13 09:35:53.642 1634 RALLYDEBUG rally.task.utils [-] Waiting for resource u'3b291eb4-8455-4c29-98e1-8b3a14e6f87a'. Status changed: NONE => QUEUED in 0.511784076691
2019-06-13 09:35:53.791 1637 RALLYDEBUG rally.task.utils [-] Waiting for resource u'22197898-6473-481a-a42f-fdaac5bf8b66'. Status changed: NONE => QUEUED in 0.340825080872
2019-06-13 09:35:54.286 1633 RALLYDEBUG rally.task.utils [-] Waiting for resource s_rally_18741805_lXJWs4Tm. Status changed: QUEUED => ACTIVE in 0.336076974869
2019-06-13 09:35:54.672 1633 INFO rally.task.runner [-] Task 50a90e27-cc65-4dd5-b467-ec7c8473d4b7 | ITER: 1 END: OK
2019-06-13 09:35:54.675 1633 INFO rally.task.runner [-] Task 50a90e27-cc65-4dd5-b467-ec7c8473d4b7 | ITER: 5 START
2019-06-13 09:35:55.015 1638 RALLYDEBUG rally.task.utils [-] Waiting for resource s_rally_18741805_dpYOIMtC. Status changed: QUEUED => ACTIVE in 0.0192530155182
2019-06-13 09:35:55.250 1637 RALLYDEBUG rally.task.utils [-] Waiting for resource s_rally_18741805_5JEYW92X. Status changed: QUEUED => ACTIVE in 0.238133907318
2019-06-13 09:35:55.271 1637 INFO rally.task.runner [-] Task 50a90e27-cc65-4dd5-b467-ec7c8473d4b7 | ITER: 3 END: OK
2019-06-13 09:35:55.275 1637 INFO rally.task.runner [-] Task 50a90e27-cc65-4dd5-b467-ec7c8473d4b7 | ITER: 6 START
2019-06-13 09:35:55.356 1634 RALLYDEBUG rally.task.utils [-] Waiting for resource s_rally_18741805_4B0FR76j. Status changed: QUEUED => ACTIVE in 0.334105014801
2019-06-13 09:35:55.377 1634 INFO rally.task.runner [-] Task 50a90e27-cc65-4dd5-b467-ec7c8473d4b7 | ITER: 2 END: OK
2019-06-13 09:35:55.381 1634 INFO rally.task.runner [-] Task 50a90e27-cc65-4dd5-b467-ec7c8473d4b7 | ITER: 7 START
2019-06-13 09:35:55.387 1638 INFO rally.task.runner [-] Task 50a90e27-cc65-4dd5-b467-ec7c8473d4b7 | ITER: 4 END: OK
2019-06-13 09:35:55.391 1638 INFO rally.task.runner [-] Task 50a90e27-cc65-4dd5-b467-ec7c8473d4b7 | ITER: 8 START
2019-06-13 09:35:58.735 1633 RALLYDEBUG rally.task.utils [-] Waiting for resource u'5fcb35e0-f69b-4619-bc04-70d401321777'. Status changed: NONE => QUEUED in 0.620700836182
2019-06-13 09:35:58.942 1637 RALLYDEBUG rally.task.utils [-] Waiting for resource u'54ee3a74-fef6-429b-860f-f0fac14945c0'. Status changed: NONE => QUEUED in 0.419714927673
2019-06-13 09:35:58.960 1638 RALLYDEBUG rally.task.utils [-] Waiting for resource u'acb6004b-3599-465c-a1b6-97f6c902e8cc'. Status changed: NONE => QUEUED in 0.0280320644379
2019-06-13 09:35:59.593 1634 RALLYDEBUG rally.task.utils [-] Waiting for resource u'da7fb270-cc6a-47af-9642-dcbdfba279cf'. Status changed: NONE => QUEUED in 0.657163143158
2019-06-13 09:35:59.955 1638 RALLYDEBUG rally.task.utils [-] Waiting for resource s_rally_18741805_W9RNQfcj. Status changed: QUEUED => ACTIVE in 0.0174829959869
2019-06-13 09:36:00.209 1633 RALLYDEBUG rally.task.utils [-] Waiting for resource s_rally_18741805_T0Jdk9sn. Status changed: QUEUED => ACTIVE in 0.234785079956
2019-06-13 09:36:00.280 1638 INFO rally.task.runner [-] Task 50a90e27-cc65-4dd5-b467-ec7c8473d4b7 | ITER: 8 END: OK
2019-06-13 09:36:00.284 1638 INFO rally.task.runner [-] Task 50a90e27-cc65-4dd5-b467-ec7c8473d4b7 | ITER: 9 START
2019-06-13 09:36:00.314 1637 RALLYDEBUG rally.task.utils [-] Waiting for resource s_rally_18741805_dpRS7lOB. Status changed: QUEUED => ACTIVE in 0.317442893982
2019-06-13 09:36:00.541 1637 INFO rally.task.runner [-] Task 50a90e27-cc65-4dd5-b467-ec7c8473d4b7 | ITER: 6 END: OK
2019-06-13 09:36:00.545 1637 INFO rally.task.runner [-] Task 50a90e27-cc65-4dd5-b467-ec7c8473d4b7 | ITER: 10 START
2019-06-13 09:36:00.552 1633 INFO rally.task.runner [-] Task 50a90e27-cc65-4dd5-b467-ec7c8473d4b7 | ITER: 5 END: OK
2019-06-13 09:36:01.352 1634 RALLYDEBUG rally.task.utils [-] Waiting for resource s_rally_18741805_TwrvioRH. Status changed: QUEUED => ACTIVE in 0.306753158569
2019-06-13 09:36:01.372 1634 INFO rally.task.runner [-] Task 50a90e27-cc65-4dd5-b467-ec7c8473d4b7 | ITER: 7 END: OK
2019-06-13 09:36:03.839 1638 RALLYDEBUG rally.task.utils [-] Waiting for resource u'991a63a1-06de-4229-adc8-8a8d4076e1b7'. Status changed: NONE => QUEUED in 0.30046415329
2019-06-13 09:36:04.863 1638 RALLYDEBUG rally.task.utils [-] Waiting for resource s_rally_18741805_TA1pMnaO. Status changed: QUEUED => ACTIVE in 0.283612012863
2019-06-13 09:36:04.952 1637 RALLYDEBUG rally.task.utils [-] Waiting for resource u'113edd52-5102-4270-ac30-4b38b454f5fb'. Status changed: NONE => QUEUED in 0.506403207779
2019-06-13 09:36:05.155 1638 INFO rally.task.runner [-] Task 50a90e27-cc65-4dd5-b467-ec7c8473d4b7 | ITER: 9 END: OK
2019-06-13 09:36:07.028 1637 RALLYDEBUG rally.task.utils [-] Waiting for resource s_rally_18741805_PrN3wPnr. Status changed: QUEUED => ACTIVE in 0.311243057251
2019-06-13 09:36:07.326 1637 INFO rally.task.runner [-] Task 50a90e27-cc65-4dd5-b467-ec7c8473d4b7 | ITER: 10 END: OK
2019-06-13 09:36:07.352 725 INFO rally.task.context [-] Task 50a90e27-cc65-4dd5-b467-ec7c8473d4b7 | Context cleanup@openstack cleanup() started
2019-06-13 09:36:07.355 725 RALLYDEBUG rally_openstack.cleanup.manager [-] Cleaning up glance images objects
2019-06-13 09:36:11.358 725 RALLYDEBUG rally_openstack.cleanup.manager [-] Deleting glance.images object s_rally_18741805_T0Jdk9sn (5fcb35e0-f69b-4619-bc04-70d401321777)
2019-06-13 09:36:11.360 725 RALLYDEBUG rally_openstack.cleanup.manager [-] Deleting glance.images object s_rally_18741805_PrN3wPnr (113edd52-5102-4270-ac30-4b38b454f5fb)
2019-06-13 09:36:11.361 725 RALLYDEBUG rally_openstack.cleanup.manager [-] Deleting glance.images object s_rally_18741805_dpYOIMtC (37b56028-1b82-4028-81e3-6199de74bd00)
2019-06-13 09:36:11.361 725 RALLYDEBUG rally_openstack.cleanup.manager [-] Deleting glance.images object s_rally_18741805_TA1pMnaO (991a63a1-06de-4229-adc8-8a8d4076e1b7)
2019-06-13 09:36:11.365 725 RALLYDEBUG rally_openstack.cleanup.manager [-] Deleting glance.images object s_rally_18741805_5JEYW92X (22197898-6473-481a-a42f-fdaac5bf8b66)
2019-06-13 09:36:11.365 725 RALLYDEBUG rally_openstack.cleanup.manager [-] Deleting glance.images object s_rally_18741805_W9RNQfcj (acb6004b-3599-465c-a1b6-97f6c902e8cc)
2019-06-13 09:36:11.367 725 RALLYDEBUG rally_openstack.cleanup.manager [-] Deleting glance.images object s_rally_18741805_TwrvioRH (da7fb270-cc6a-47af-9642-dcbdfba279cf)
2019-06-13 09:36:11.380 725 RALLYDEBUG rally_openstack.cleanup.manager [-] Deleting glance.images object s_rally_18741805_4B0FR76j (3b291eb4-8455-4c29-98e1-8b3a14e6f87a)
2019-06-13 09:36:11.382 725 RALLYDEBUG rally_openstack.cleanup.manager [-] Deleting glance.images object s_rally_18741805_lXJWs4Tm (2053acbe-3c8d-4fe4-a16e-4fc1b3a69100)
2019-06-13 09:36:11.385 725 RALLYDEBUG rally_openstack.cleanup.manager [-] Deleting glance.images object s_rally_18741805_dpRS7lOB (54ee3a74-fef6-429b-860f-f0fac14945c0)
2019-06-13 09:36:12.752 725 DEBUG glanceclient.common.http [-] Request returned failure status 404. _handle_response /usr/lib/python2.7/site-packages/glanceclient/common/http.py:125
2019-06-13 09:36:13.075 725 DEBUG glanceclient.common.http [-] Request returned failure status 404. _handle_response /usr/lib/python2.7/site-packages/glanceclient/common/http.py:125
2019-06-13 09:36:13.885 725 DEBUG glanceclient.common.http [-] Request returned failure status 404. _handle_response /usr/lib/python2.7/site-packages/glanceclient/common/http.py:125
2019-06-13 09:36:14.175 725 DEBUG glanceclient.common.http [-] Request returned failure status 404. _handle_response /usr/lib/python2.7/site-packages/glanceclient/common/http.py:125
2019-06-13 09:36:14.662 725 DEBUG glanceclient.common.http [-] Request returned failure status 404. _handle_response /usr/lib/python2.7/site-packages/glanceclient/common/http.py:125
2019-06-13 09:36:14.876 725 DEBUG glanceclient.common.http [-] Request returned failure status 404. _handle_response /usr/lib/python2.7/site-packages/glanceclient/common/http.py:125
2019-06-13 09:36:14.967 725 DEBUG glanceclient.common.http [-] Request returned failure status 404. _handle_response /usr/lib/python2.7/site-packages/glanceclient/common/http.py:125
2019-06-13 09:36:15.184 725 DEBUG glanceclient.common.http [-] Request returned failure status 404. _handle_response /usr/lib/python2.7/site-packages/glanceclient/common/http.py:125
2019-06-13 09:36:15.824 725 DEBUG glanceclient.common.http [-] Request returned failure status 404. _handle_response /usr/lib/python2.7/site-packages/glanceclient/common/http.py:125
2019-06-13 09:36:15.899 725 DEBUG glanceclient.common.http [-] Request returned failure status 404. _handle_response /usr/lib/python2.7/site-packages/glanceclient/common/http.py:125
2019-06-13 09:36:16.044 725 DEBUG glanceclient.common.http [-] Request returned failure status 404. _handle_response /usr/lib/python2.7/site-packages/glanceclient/common/http.py:125
2019-06-13 09:36:16.077 725 DEBUG glanceclient.common.http [-] Request returned failure status 404. _handle_response /usr/lib/python2.7/site-packages/glanceclient/common/http.py:125
2019-06-13 09:36:16.099 725 DEBUG glanceclient.common.http [-] Request returned failure status 404. _handle_response /usr/lib/python2.7/site-packages/glanceclient/common/http.py:125
2019-06-13 09:36:16.117 725 DEBUG glanceclient.common.http [-] Request returned failure status 404. _handle_response /usr/lib/python2.7/site-packages/glanceclient/common/http.py:125
2019-06-13 09:36:16.155 725 DEBUG glanceclient.common.http [-] Request returned failure status 404. _handle_response /usr/lib/python2.7/site-packages/glanceclient/common/http.py:125
2019-06-13 09:36:16.167 725 DEBUG glanceclient.common.http [-] Request returned failure status 404. _handle_response /usr/lib/python2.7/site-packages/glanceclient/common/http.py:125
