2019-06-13 09:27:49.987 7 RALLYDEBUG rally.api [-] INFO logs from urllib3 and requests module are hide.
2019-06-13 09:27:49.988 7 RALLYDEBUG rally.api [-] urllib3 insecure warnings are hidden.
2019-06-13 09:27:49.988 7 RALLYDEBUG rally.api [-] ERROR log from boto module is hide.
2019-06-13 09:27:51.189 7 ERROR rally.cli.cliutils [-] Unexpected exception in CLI: DBRecordNotFound: Record for uuid or name is opnfv-rally not found in table envs
2019-06-13 09:27:51.189 7 ERROR rally.cli.cliutils
Traceback (most recent call last):
2019-06-13 09:27:51.189 7 ERROR rally.cli.cliutils
File "/usr/lib/python2.7/site-packages/rally/cli/cliutils.py", line 674, in run
2019-06-13 09:27:51.189 7 ERROR rally.cli.cliutils ret = fn(*fn_args, **fn_kwargs)
2019-06-13 09:27:51.189 7 ERROR rally.cli.cliutils File "", line 2, in destroy
2019-06-13 09:27:51.189 7 ERROR rally.cli.cliutils
File "/usr/lib/python2.7/site-packages/rally/cli/envutils.py", line 69, in default_from_global
2019-06-13 09:27:51.189 7 ERROR rally.cli.cliutils return f(*args, **kwargs)
2019-06-13 09:27:51.189 7 ERROR rally.cli.cliutils File "", line 2, in destroy
2019-06-13 09:27:51.189 7 ERROR rally.cli.cliutils
File "/usr/lib/python2.7/site-packages/rally/plugins/__init__.py", line 51, in ensure_plugins_are_loaded
2019-06-13 09:27:51.189 7 ERROR rally.cli.cliutils return f(*args, **kwargs)
2019-06-13 09:27:51.189 7 ERROR rally.cli.cliutils
File "/usr/lib/python2.7/site-packages/rally/cli/commands/deployment.py", line 140, in destroy
2019-06-13 09:27:51.189 7 ERROR rally.cli.cliutils api.deployment.destroy(deployment=deployment)
2019-06-13 09:27:51.189 7 ERROR rally.cli.cliutils
File "/usr/lib/python2.7/site-packages/rally/api.py", line 115, in destroy
2019-06-13 09:27:51.189 7 ERROR rally.cli.cliutils deploy = objects.Deployment.get(deployment)
2019-06-13 09:27:51.189 7 ERROR rally.cli.cliutils
File "/usr/lib/python2.7/site-packages/rally/common/objects/deploy.py", line 124, in get
2019-06-13 09:27:51.189 7 ERROR rally.cli.cliutils return Deployment(env_mgr.EnvManager.get(deploy))
2019-06-13 09:27:51.189 7 ERROR rally.cli.cliutils
File "/usr/lib/python2.7/site-packages/rally/env/env_mgr.py", line 212, in get
2019-06-13 09:27:51.189 7 ERROR rally.cli.cliutils return cls(db.env_get(uuid_or_name))
2019-06-13 09:27:51.189 7 ERROR rally.cli.cliutils
File "/usr/lib/python2.7/site-packages/rally/common/db/api.py", line 135, in wrapper
2019-06-13 09:27:51.189 7 ERROR rally.cli.cliutils result = f(session, *args, **kwargs)
2019-06-13 09:27:51.189 7 ERROR rally.cli.cliutils
File "/usr/lib/python2.7/site-packages/rally/common/db/api.py", line 521, in env_get
2019-06-13 09:27:51.189 7 ERROR rally.cli.cliutils criteria="uuid or name is %s" % uuid_or_name, table="envs")
2019-06-13 09:27:51.189 7 ERROR rally.cli.cliutils DBRecordNotFound: Record for uuid or name is opnfv-rally not found in table envs
2019-06-13 09:27:51.189 7 ERROR rally.cli.cliutils
2019-06-13 09:27:52.004 9 RALLYDEBUG rally.api [-] INFO logs from urllib3 and requests module are hide.
2019-06-13 09:27:52.004 9 RALLYDEBUG rally.api [-] urllib3 insecure warnings are hidden.
2019-06-13 09:27:52.004 9 RALLYDEBUG rally.api [-] ERROR log from boto module is hide.
2019-06-13 09:27:53.128 9 WARNING rally_openstack.platforms.existing [-] endpoint is deprecated and not used.
2019-06-13 09:27:54.055 11 RALLYDEBUG rally.api [-] INFO logs from urllib3 and requests module are hide.
2019-06-13 09:27:54.055 11 RALLYDEBUG rally.api [-] urllib3 insecure warnings are hidden.
2019-06-13 09:27:54.055 11 RALLYDEBUG rally.api [-] ERROR log from boto module is hide.
2019-06-13 09:27:57.530 14 RALLYDEBUG rally.api [-] INFO logs from urllib3 and requests module are hide.
2019-06-13 09:27:57.530 14 RALLYDEBUG rally.api [-] urllib3 insecure warnings are hidden.
2019-06-13 09:27:57.530 14 RALLYDEBUG rally.api [-] ERROR log from boto module is hide.
2019-06-13 09:27:59.636 16 RALLYDEBUG rally.api [-] INFO logs from urllib3 and requests module are hide.
2019-06-13 09:27:59.636 16 RALLYDEBUG rally.api [-] urllib3 insecure warnings are hidden.
2019-06-13 09:27:59.636 16 RALLYDEBUG rally.api [-] ERROR log from boto module is hide.
2019-06-13 09:28:00.926 16 INFO rally.task.engine [-] Task 2fa4a141-f137-481e-86dd-a1225d531ef8 | Starting: Task validation.
2019-06-13 09:28:00.962 16 INFO rally.task.engine [-] Task 2fa4a141-f137-481e-86dd-a1225d531ef8 | Starting: Task validation of syntax.
2019-06-13 09:28:01.043 16 INFO rally.task.engine [-] Task 2fa4a141-f137-481e-86dd-a1225d531ef8 | Completed: Task validation of syntax.
2019-06-13 09:28:01.044 16 INFO rally.task.engine [-] Task 2fa4a141-f137-481e-86dd-a1225d531ef8 | Starting: Task validation of required platforms.
2019-06-13 09:28:01.082 16 INFO rally.task.engine [-] Task 2fa4a141-f137-481e-86dd-a1225d531ef8 | Completed: Task validation of required platforms.
2019-06-13 09:28:01.082 16 INFO rally.task.engine [-] Task 2fa4a141-f137-481e-86dd-a1225d531ef8 | Starting: Task validation of semantic.
2019-06-13 09:28:01.082 16 INFO rally.task.engine [-] Check health of the environment '338f9660-f4ee-47e6-9332-c56571e38b1c'.
2019-06-13 09:28:01.938 16 INFO rally.task.engine [-] Platform existing@openstack (available: True): OK!
2019-06-13 09:28:01.956 16 RALLYDEBUG rally_openstack.contexts.keystone.users [-] Creating 1 tenants using 20 threads
2019-06-13 09:28:03.928 16 RALLYDEBUG rally_openstack.contexts.keystone.users [-] Creating 1 users using 20 threads
2019-06-13 09:28:06.692 16 INFO rally.task.context [-] Task 2fa4a141-f137-481e-86dd-a1225d531ef8 | Context users@openstack setup() finished in 4.74 sec
2019-06-13 09:28:06.738 16 INFO rally.task.context [-] Task 2fa4a141-f137-481e-86dd-a1225d531ef8 | Context users@openstack cleanup() started
2019-06-13 09:28:12.009 16 INFO rally.task.context [-] Task 2fa4a141-f137-481e-86dd-a1225d531ef8 | Context users@openstack cleanup() finished in 5.27 sec
2019-06-13 09:28:12.010 16 INFO rally.task.engine [-] Task 2fa4a141-f137-481e-86dd-a1225d531ef8 | Completed: Task validation of semantic.
2019-06-13 09:28:12.010 16 INFO rally.task.engine [-] Task 2fa4a141-f137-481e-86dd-a1225d531ef8 | Completed: Task validation.
2019-06-13 09:28:12.010 16 INFO rally.api [-] Task 2fa4a141-f137-481e-86dd-a1225d531ef8 input file is valid.
2019-06-13 09:28:12.011 16 INFO rally.api [-] Run Task 2fa4a141-f137-481e-86dd-a1225d531ef8 against Deployment 338f9660-f4ee-47e6-9332-c56571e38b1c
2019-06-13 09:28:12.011 16 INFO rally.task.engine [-] Task 2fa4a141-f137-481e-86dd-a1225d531ef8 | Starting: Running task.
2019-06-13 09:28:12.137 16 INFO rally.task.engine [-] Running workload: position = 0 config = { "version": 2, "title": "A cropped version of a bigger task.", "description": "Auto-generated task from a single workload (uuid=a9aa59a0-baa9-44e4-b6fa-ed0b8bb3f82a)", "subtasks": [ { "title": "Authenticate.keystone", "description": "Check Keystone Client.", "scenario": { "Authenticate.keystone": {} }, "contexts": { "users": { "tenants": 3, "users_per_tenant": 2 } }, "runner": { "constant": { "concurrency": 4, "times": 10 } }, "hooks": [], "sla": { "failure_rate": { "max": 0 } } } ] }
2019-06-13 09:28:12.157 16 RALLYDEBUG rally_openstack.contexts.keystone.users [-] Creating 3 tenants using 20 threads
2019-06-13 09:28:14.181 16 RALLYDEBUG rally_openstack.contexts.keystone.users [-] Creating 6 users using 20 threads
2019-06-13 09:28:16.921 16 INFO rally.task.context [-] Task 2fa4a141-f137-481e-86dd-a1225d531ef8 | Context users@openstack setup() finished in 4.76 sec
2019-06-13 09:28:16.927 16 RALLYDEBUG rally.task.runner [-] Starting the constant runner (task UUID: 2fa4a141-f137-481e-86dd-a1225d531ef8). timeout: 0 concurrency: 4 concurrency_per_worker: 1 times: 10 concurrency_overhead: 0 processes_to_start: 4 max_cpu_used: 16
2019-06-13 09:28:16.941 140 RALLYDEBUG rally.task.runner [-] Starting a worker. concurrency: 1 args: {} times: 10 method_name: run timeout: 0 duration: None cls:
2019-06-13 09:28:16.943 141 RALLYDEBUG rally.task.runner [-] Starting a worker. concurrency: 1 args: {} times: 10 method_name: run timeout: 0 duration: None cls:
2019-06-13 09:28:16.947 140 INFO rally.task.runner [-] Task 2fa4a141-f137-481e-86dd-a1225d531ef8 | ITER: 1 START
2019-06-13 09:28:16.947 142 RALLYDEBUG rally.task.runner [-] Starting a worker. concurrency: 1 args: {} times: 10 method_name: run timeout: 0 duration: None cls:
2019-06-13 09:28:16.949 141 INFO rally.task.runner [-] Task 2fa4a141-f137-481e-86dd-a1225d531ef8 | ITER: 2 START
2019-06-13 09:28:16.950 143 RALLYDEBUG rally.task.runner [-] Starting a worker. concurrency: 1 args: {} times: 10 method_name: run timeout: 0 duration: None cls:
2019-06-13 09:28:16.952 142 INFO rally.task.runner [-] Task 2fa4a141-f137-481e-86dd-a1225d531ef8 | ITER: 3 START
2019-06-13 09:28:16.956 143 INFO rally.task.runner [-] Task 2fa4a141-f137-481e-86dd-a1225d531ef8 | ITER: 4 START
2019-06-13 09:28:17.559 142 INFO rally.task.runner [-] Task 2fa4a141-f137-481e-86dd-a1225d531ef8 | ITER: 3 END: OK
2019-06-13 09:28:17.563 142 INFO rally.task.runner [-] Task 2fa4a141-f137-481e-86dd-a1225d531ef8 | ITER: 5 START
2019-06-13 09:28:17.566 141 INFO rally.task.runner [-] Task 2fa4a141-f137-481e-86dd-a1225d531ef8 | ITER: 2 END: OK
2019-06-13 09:28:17.569 141 INFO rally.task.runner [-] Task 2fa4a141-f137-481e-86dd-a1225d531ef8 | ITER: 6 START
2019-06-13 09:28:17.587 143 INFO rally.task.runner [-] Task 2fa4a141-f137-481e-86dd-a1225d531ef8 | ITER: 4 END: OK
2019-06-13 09:28:17.591 143 INFO rally.task.runner [-] Task 2fa4a141-f137-481e-86dd-a1225d531ef8 | ITER: 7 START
2019-06-13 09:28:17.665 140 INFO rally.task.runner [-] Task 2fa4a141-f137-481e-86dd-a1225d531ef8 | ITER: 1 END: OK
2019-06-13 09:28:17.669 140 INFO rally.task.runner [-] Task 2fa4a141-f137-481e-86dd-a1225d531ef8 | ITER: 8 START
2019-06-13 09:28:18.177 142 INFO rally.task.runner [-] Task 2fa4a141-f137-481e-86dd-a1225d531ef8 | ITER: 5 END: OK
2019-06-13 09:28:18.181 141 INFO rally.task.runner [-] Task 2fa4a141-f137-481e-86dd-a1225d531ef8 | ITER: 6 END: OK
2019-06-13 09:28:18.182 142 INFO rally.task.runner [-] Task 2fa4a141-f137-481e-86dd-a1225d531ef8 | ITER: 9 START
2019-06-13 09:28:18.185 141 INFO rally.task.runner [-] Task 2fa4a141-f137-481e-86dd-a1225d531ef8 | ITER: 10 START
2019-06-13 09:28:18.210 143 INFO rally.task.runner [-] Task 2fa4a141-f137-481e-86dd-a1225d531ef8 | ITER: 7 END: OK
2019-06-13 09:28:18.278 140 INFO rally.task.runner [-] Task 2fa4a141-f137-481e-86dd-a1225d531ef8 | ITER: 8 END: OK
2019-06-13 09:28:18.787 142 INFO rally.task.runner [-] Task 2fa4a141-f137-481e-86dd-a1225d531ef8 | ITER: 9 END: OK
2019-06-13 09:28:18.801 141 INFO rally.task.runner [-] Task 2fa4a141-f137-481e-86dd-a1225d531ef8 | ITER: 10 END: OK
2019-06-13 09:28:18.827 16 INFO rally.task.context [-] Task 2fa4a141-f137-481e-86dd-a1225d531ef8 | Context users@openstack cleanup() started
2019-06-13 09:28:27.039 16 INFO rally.task.context [-] Task 2fa4a141-f137-481e-86dd-a1225d531ef8 | Context users@openstack cleanup() finished in 8.21 sec
2019-06-13 09:28:28.238 16 INFO rally.task.engine [-] Load duration is: 1.853065
2019-06-13 09:28:28.238 16 INFO rally.task.engine [-] Full runner duration is: 1.900567
2019-06-13 09:28:28.239 16 INFO rally.task.engine [-] Full duration is: 14.883457
2019-06-13 09:28:28.437 16 INFO rally.task.engine [-] Running workload: position = 0 config = { "version": 2, "title": "A cropped version of a bigger task.", "description": "Auto-generated task from a single workload (uuid=46035f6d-a496-461b-be38-9da7b80c567a)", "subtasks": [ { "title": "Authenticate.validate_cinder", "description": "Check Cinder Client to ensure validation of token.", "scenario": { "Authenticate.validate_cinder": { "repetitions": 2 } }, "contexts": { "users": { "tenants": 3, "users_per_tenant": 2 } }, "runner": { "constant": { "concurrency": 4, "times": 10 } }, "hooks": [], "sla": { "failure_rate": { "max": 0 } } } ] }
2019-06-13 09:28:28.460 16 RALLYDEBUG rally_openstack.contexts.keystone.users [-] Creating 3 tenants using 20 threads
2019-06-13 09:28:30.328 16 RALLYDEBUG rally_openstack.contexts.keystone.users [-] Creating 6 users using 20 threads
2019-06-13 09:28:33.179 16 INFO rally.task.context [-] Task 2fa4a141-f137-481e-86dd-a1225d531ef8 | Context users@openstack setup() finished in 4.72 sec
2019-06-13 09:28:33.187 16 RALLYDEBUG rally.task.runner [-] Starting the constant runner (task UUID: 2fa4a141-f137-481e-86dd-a1225d531ef8). timeout: 0 concurrency: 4 concurrency_per_worker: 1 times: 10 concurrency_overhead: 0 processes_to_start: 4 max_cpu_used: 16
2019-06-13 09:28:33.198 244 RALLYDEBUG rally.task.runner [-] Starting a worker. concurrency: 1 args: {"repetitions": 2} times: 10 method_name: run timeout: 0 duration: None cls:
2019-06-13 09:28:33.202 245 RALLYDEBUG rally.task.runner [-] Starting a worker. concurrency: 1 args: {"repetitions": 2} times: 10 method_name: run timeout: 0 duration: None cls:
2019-06-13 09:28:33.203 244 INFO rally.task.runner [-] Task 2fa4a141-f137-481e-86dd-a1225d531ef8 | ITER: 1 START
2019-06-13 09:28:33.204 246 RALLYDEBUG rally.task.runner [-] Starting a worker. concurrency: 1 args: {"repetitions": 2} times: 10 method_name: run timeout: 0 duration: None cls:
2019-06-13 09:28:33.207 245 INFO rally.task.runner [-] Task 2fa4a141-f137-481e-86dd-a1225d531ef8 | ITER: 2 START
2019-06-13 09:28:33.207 247 RALLYDEBUG rally.task.runner [-] Starting a worker. concurrency: 1 args: {"repetitions": 2} times: 10 method_name: run timeout: 0 duration: None cls:
2019-06-13 09:28:33.210 246 INFO rally.task.runner [-] Task 2fa4a141-f137-481e-86dd-a1225d531ef8 | ITER: 3 START
2019-06-13 09:28:33.213 247 INFO rally.task.runner [-] Task 2fa4a141-f137-481e-86dd-a1225d531ef8 | ITER: 4 START
2019-06-13 09:28:35.087 245 INFO rally.task.runner [-] Task 2fa4a141-f137-481e-86dd-a1225d531ef8 | ITER: 2 END: OK
2019-06-13 09:28:35.090 246 INFO rally.task.runner [-] Task 2fa4a141-f137-481e-86dd-a1225d531ef8 | ITER: 3 END: OK
2019-06-13 09:28:35.091 245 INFO rally.task.runner [-] Task 2fa4a141-f137-481e-86dd-a1225d531ef8 | ITER: 5 START
2019-06-13 09:28:35.095 246 INFO rally.task.runner [-] Task 2fa4a141-f137-481e-86dd-a1225d531ef8 | ITER: 6 START
2019-06-13 09:28:35.106 244 INFO rally.task.runner [-] Task 2fa4a141-f137-481e-86dd-a1225d531ef8 | ITER: 1 END: OK
2019-06-13 09:28:35.110 244 INFO rally.task.runner [-] Task 2fa4a141-f137-481e-86dd-a1225d531ef8 | ITER: 7 START
2019-06-13 09:28:35.142 247 INFO rally.task.runner [-] Task 2fa4a141-f137-481e-86dd-a1225d531ef8 | ITER: 4 END: OK
2019-06-13 09:28:35.146 247 INFO rally.task.runner [-] Task 2fa4a141-f137-481e-86dd-a1225d531ef8 | ITER: 8 START
2019-06-13 09:28:36.535 247 INFO rally.task.runner [-] Task 2fa4a141-f137-481e-86dd-a1225d531ef8 | ITER: 8 END: OK
2019-06-13 09:28:36.539 247 INFO rally.task.runner [-] Task 2fa4a141-f137-481e-86dd-a1225d531ef8 | ITER: 9 START
2019-06-13 09:28:36.966 244 INFO rally.task.runner [-] Task 2fa4a141-f137-481e-86dd-a1225d531ef8 | ITER: 7 END: OK
2019-06-13 09:28:36.970 244 INFO rally.task.runner [-] Task 2fa4a141-f137-481e-86dd-a1225d531ef8 | ITER: 10 START
2019-06-13 09:28:36.973 246 INFO rally.task.runner [-] Task 2fa4a141-f137-481e-86dd-a1225d531ef8 | ITER: 6 END: OK
2019-06-13 09:28:36.981 245 INFO rally.task.runner [-] Task 2fa4a141-f137-481e-86dd-a1225d531ef8 | ITER: 5 END: OK
2019-06-13 09:28:38.310 244 INFO rally.task.runner [-] Task 2fa4a141-f137-481e-86dd-a1225d531ef8 | ITER: 10 END: OK
2019-06-13 09:28:38.713 247 INFO rally.task.runner [-] Task 2fa4a141-f137-481e-86dd-a1225d531ef8 | ITER: 9 END: OK
2019-06-13 09:28:38.735 16 INFO rally.task.context [-] Task 2fa4a141-f137-481e-86dd-a1225d531ef8 | Context users@openstack cleanup() started
2019-06-13 09:28:46.571 16 INFO rally.task.context [-] Task 2fa4a141-f137-481e-86dd-a1225d531ef8 | Context users@openstack cleanup() finished in 7.84 sec
2019-06-13 09:28:48.572 16 INFO rally.task.engine [-] Load duration is: 5.508677
2019-06-13 09:28:48.572 16 INFO rally.task.engine [-] Full runner duration is: 5.549063
2019-06-13 09:28:48.572 16 INFO rally.task.engine [-] Full duration is: 18.11381
2019-06-13 09:28:48.764 16 INFO rally.task.engine [-] Running workload: position = 0 config = { "version": 2, "title": "A cropped version of a bigger task.", "description": "Auto-generated task from a single workload (uuid=1c4f3027-e204-44c6-b86c-e822b077da3e)", "subtasks": [ { "title": "Authenticate.validate_glance", "description": "Check Glance Client to ensure validation of token.", "scenario": { "Authenticate.validate_glance": { "repetitions": 2 } }, "contexts": { "users": { "tenants": 3, "users_per_tenant": 2 } }, "runner": { "constant": { "concurrency": 4, "times": 10 } }, "hooks": [], "sla": { "failure_rate": { "max": 0 } } } ] }
2019-06-13 09:28:48.777 16 RALLYDEBUG rally_openstack.contexts.keystone.users [-] Creating 3 tenants using 20 threads
2019-06-13 09:28:50.820 16 RALLYDEBUG rally_openstack.contexts.keystone.users [-] Creating 6 users using 20 threads
2019-06-13 09:28:53.757 16 INFO rally.task.context [-] Task 2fa4a141-f137-481e-86dd-a1225d531ef8 | Context users@openstack setup() finished in 4.98 sec
2019-06-13 09:28:53.766 16 RALLYDEBUG rally.task.runner [-] Starting the constant runner (task UUID: 2fa4a141-f137-481e-86dd-a1225d531ef8). timeout: 0 concurrency: 4 concurrency_per_worker: 1 times: 10 concurrency_overhead: 0 processes_to_start: 4 max_cpu_used: 16
2019-06-13 09:28:53.779 348 RALLYDEBUG rally.task.runner [-] Starting a worker. concurrency: 1 args: {"repetitions": 2} times: 10 method_name: run timeout: 0 duration: None cls:
2019-06-13 09:28:53.782 349 RALLYDEBUG rally.task.runner [-] Starting a worker. concurrency: 1 args: {"repetitions": 2} times: 10 method_name: run timeout: 0 duration: None cls:
2019-06-13 09:28:53.783 350 RALLYDEBUG rally.task.runner [-] Starting a worker. concurrency: 1 args: {"repetitions": 2} times: 10 method_name: run timeout: 0 duration: None cls:
2019-06-13 09:28:53.785 348 INFO rally.task.runner [-] Task 2fa4a141-f137-481e-86dd-a1225d531ef8 | ITER: 1 START
2019-06-13 09:28:53.787 350 INFO rally.task.runner [-] Task 2fa4a141-f137-481e-86dd-a1225d531ef8 | ITER: 3 START
2019-06-13 09:28:53.788 351 RALLYDEBUG rally.task.runner [-] Starting a worker. concurrency: 1 args: {"repetitions": 2} times: 10 method_name: run timeout: 0 duration: None cls:
2019-06-13 09:28:53.789 349 INFO rally.task.runner [-] Task 2fa4a141-f137-481e-86dd-a1225d531ef8 | ITER: 2 START
2019-06-13 09:28:53.794 351 INFO rally.task.runner [-] Task 2fa4a141-f137-481e-86dd-a1225d531ef8 | ITER: 4 START
2019-06-13 09:28:55.016 351 INFO rally.task.runner [-] Task 2fa4a141-f137-481e-86dd-a1225d531ef8 | ITER: 4 END: OK
2019-06-13 09:28:55.022 351 INFO rally.task.runner [-] Task 2fa4a141-f137-481e-86dd-a1225d531ef8 | ITER: 5 START
2019-06-13 09:28:55.300 349 INFO rally.task.runner [-] Task 2fa4a141-f137-481e-86dd-a1225d531ef8 | ITER: 2 END: OK
2019-06-13 09:28:55.304 349 INFO rally.task.runner [-] Task 2fa4a141-f137-481e-86dd-a1225d531ef8 | ITER: 6 START
2019-06-13 09:28:55.332 350 INFO rally.task.runner [-] Task 2fa4a141-f137-481e-86dd-a1225d531ef8 | ITER: 3 END: OK
2019-06-13 09:28:55.336 350 INFO rally.task.runner [-] Task 2fa4a141-f137-481e-86dd-a1225d531ef8 | ITER: 7 START
2019-06-13 09:28:55.714 348 INFO rally.task.runner [-] Task 2fa4a141-f137-481e-86dd-a1225d531ef8 | ITER: 1 END: OK
2019-06-13 09:28:55.718 348 INFO rally.task.runner [-] Task 2fa4a141-f137-481e-86dd-a1225d531ef8 | ITER: 8 START
2019-06-13 09:28:56.810 351 INFO rally.task.runner [-] Task 2fa4a141-f137-481e-86dd-a1225d531ef8 | ITER: 5 END: OK
2019-06-13 09:28:56.814 351 INFO rally.task.runner [-] Task 2fa4a141-f137-481e-86dd-a1225d531ef8 | ITER: 9 START
2019-06-13 09:28:57.050 350 INFO rally.task.runner [-] Task 2fa4a141-f137-481e-86dd-a1225d531ef8 | ITER: 7 END: OK
2019-06-13 09:28:57.050 348 INFO rally.task.runner [-] Task 2fa4a141-f137-481e-86dd-a1225d531ef8 | ITER: 8 END: OK
2019-06-13 09:28:57.054 350 INFO rally.task.runner [-] Task 2fa4a141-f137-481e-86dd-a1225d531ef8 | ITER: 10 START
2019-06-13 09:28:57.363 349 INFO rally.task.runner [-] Task 2fa4a141-f137-481e-86dd-a1225d531ef8 | ITER: 6 END: OK
2019-06-13 09:28:57.785 351 INFO rally.task.runner [-] Task 2fa4a141-f137-481e-86dd-a1225d531ef8 | ITER: 9 END: OK
2019-06-13 09:28:58.025 350 INFO rally.task.runner [-] Task 2fa4a141-f137-481e-86dd-a1225d531ef8 | ITER: 10 END: OK
2019-06-13 09:28:58.048 16 INFO rally.task.context [-] Task 2fa4a141-f137-481e-86dd-a1225d531ef8 | Context users@openstack cleanup() started
2019-06-13 09:29:05.884 16 INFO rally.task.context [-] Task 2fa4a141-f137-481e-86dd-a1225d531ef8 | Context users@openstack cleanup() finished in 7.84 sec
2019-06-13 09:29:06.864 16 INFO rally.task.engine [-] Load duration is: 4.237962
2019-06-13 09:29:06.864 16 INFO rally.task.engine [-] Full runner duration is: 4.282527
2019-06-13 09:29:06.864 16 INFO rally.task.engine [-] Full duration is: 17.108912
2019-06-13 09:29:07.066 16 INFO rally.task.engine [-] Running workload: position = 0 config = { "version": 2, "title": "A cropped version of a bigger task.", "description": "Auto-generated task from a single workload (uuid=5e0010a9-e6cb-468a-9173-4c395445f949)", "subtasks": [ { "title": "Authenticate.validate_heat", "description": "Check Heat Client to ensure validation of token.", "scenario": { "Authenticate.validate_heat": { "repetitions": 2 } }, "contexts": { "users": { "tenants": 3, "users_per_tenant": 2 } }, "runner": { "constant": { "concurrency": 4, "times": 10 } }, "hooks": [], "sla": { "failure_rate": { "max": 0 } } } ] }
2019-06-13 09:29:07.088 16 RALLYDEBUG rally_openstack.contexts.keystone.users [-] Creating 3 tenants using 20 threads
2019-06-13 09:29:09.089 16 RALLYDEBUG rally_openstack.contexts.keystone.users [-] Creating 6 users using 20 threads
2019-06-13 09:29:11.900 16 INFO rally.task.context [-] Task 2fa4a141-f137-481e-86dd-a1225d531ef8 | Context users@openstack setup() finished in 4.81 sec
2019-06-13 09:29:11.907 16 RALLYDEBUG rally.task.runner [-] Starting the constant runner (task UUID: 2fa4a141-f137-481e-86dd-a1225d531ef8). timeout: 0 concurrency: 4 concurrency_per_worker: 1 times: 10 concurrency_overhead: 0 processes_to_start: 4 max_cpu_used: 16
2019-06-13 09:29:11.919 452 RALLYDEBUG rally.task.runner [-] Starting a worker. concurrency: 1 args: {"repetitions": 2} times: 10 method_name: run timeout: 0 duration: None cls:
2019-06-13 09:29:11.921 453 RALLYDEBUG rally.task.runner [-] Starting a worker. concurrency: 1 args: {"repetitions": 2} times: 10 method_name: run timeout: 0 duration: None cls:
2019-06-13 09:29:11.924 454 RALLYDEBUG rally.task.runner [-] Starting a worker. concurrency: 1 args: {"repetitions": 2} times: 10 method_name: run timeout: 0 duration: None cls:
2019-06-13 09:29:11.926 452 INFO rally.task.runner [-] Task 2fa4a141-f137-481e-86dd-a1225d531ef8 | ITER: 1 START
2019-06-13 09:29:11.927 453 INFO rally.task.runner [-] Task 2fa4a141-f137-481e-86dd-a1225d531ef8 | ITER: 2 START
2019-06-13 09:29:11.927 455 RALLYDEBUG rally.task.runner [-] Starting a worker. concurrency: 1 args: {"repetitions": 2} times: 10 method_name: run timeout: 0 duration: None cls:
2019-06-13 09:29:11.930 454 INFO rally.task.runner [-] Task 2fa4a141-f137-481e-86dd-a1225d531ef8 | ITER: 3 START
2019-06-13 09:29:11.933 455 INFO rally.task.runner [-] Task 2fa4a141-f137-481e-86dd-a1225d531ef8 | ITER: 4 START
2019-06-13 09:29:13.781 455 INFO rally.task.runner [-] Task 2fa4a141-f137-481e-86dd-a1225d531ef8 | ITER: 4 END: OK
2019-06-13 09:29:13.785 455 INFO rally.task.runner [-] Task 2fa4a141-f137-481e-86dd-a1225d531ef8 | ITER: 5 START
2019-06-13 09:29:13.796 452 INFO rally.task.runner [-] Task 2fa4a141-f137-481e-86dd-a1225d531ef8 | ITER: 1 END: OK
2019-06-13 09:29:13.801 452 INFO rally.task.runner [-] Task 2fa4a141-f137-481e-86dd-a1225d531ef8 | ITER: 6 START
2019-06-13 09:29:13.917 453 INFO rally.task.runner [-] Task 2fa4a141-f137-481e-86dd-a1225d531ef8 | ITER: 2 END: OK
2019-06-13 09:29:13.921 453 INFO rally.task.runner [-] Task 2fa4a141-f137-481e-86dd-a1225d531ef8 | ITER: 7 START
2019-06-13 09:29:13.945 454 INFO rally.task.runner [-] Task 2fa4a141-f137-481e-86dd-a1225d531ef8 | ITER: 3 END: OK
2019-06-13 09:29:13.950 454 INFO rally.task.runner [-] Task 2fa4a141-f137-481e-86dd-a1225d531ef8 | ITER: 8 START
2019-06-13 09:29:15.298 452 INFO rally.task.runner [-] Task 2fa4a141-f137-481e-86dd-a1225d531ef8 | ITER: 6 END: OK
2019-06-13 09:29:15.302 452 INFO rally.task.runner [-] Task 2fa4a141-f137-481e-86dd-a1225d531ef8 | ITER: 9 START
2019-06-13 09:29:15.351 455 INFO rally.task.runner [-] Task 2fa4a141-f137-481e-86dd-a1225d531ef8 | ITER: 5 END: OK
2019-06-13 09:29:15.355 455 INFO rally.task.runner [-] Task 2fa4a141-f137-481e-86dd-a1225d531ef8 | ITER: 10 START
2019-06-13 09:29:15.410 454 INFO rally.task.runner [-] Task 2fa4a141-f137-481e-86dd-a1225d531ef8 | ITER: 8 END: OK
2019-06-13 09:29:15.794 453 INFO rally.task.runner [-] Task 2fa4a141-f137-481e-86dd-a1225d531ef8 | ITER: 7 END: OK
2019-06-13 09:29:16.359 452 INFO rally.task.runner [-] Task 2fa4a141-f137-481e-86dd-a1225d531ef8 | ITER: 9 END: OK
2019-06-13 09:29:16.749 455 INFO rally.task.runner [-] Task 2fa4a141-f137-481e-86dd-a1225d531ef8 | ITER: 10 END: OK
2019-06-13 09:29:16.777 16 INFO rally.task.context [-] Task 2fa4a141-f137-481e-86dd-a1225d531ef8 | Context users@openstack cleanup() started
2019-06-13 09:29:25.463 16 INFO rally.task.context [-] Task 2fa4a141-f137-481e-86dd-a1225d531ef8 | Context users@openstack cleanup() finished in 8.69 sec
2019-06-13 09:29:27.211 16 INFO rally.task.engine [-] Load duration is: 4.822468
2019-06-13 09:29:27.211 16 INFO rally.task.engine [-] Full runner duration is: 4.870284
2019-06-13 09:29:27.212 16 INFO rally.task.engine [-] Full duration is: 18.378788
2019-06-13 09:29:27.428 16 INFO rally.task.engine [-] Running workload: position = 0 config = { "version": 2, "title": "A cropped version of a bigger task.", "description": "Auto-generated task from a single workload (uuid=05fadcc0-d910-434b-b5ca-8b785e0819ae)", "subtasks": [ { "title": "Authenticate.validate_neutron", "description": "Check Neutron Client to ensure validation of token.", "scenario": { "Authenticate.validate_neutron": { "repetitions": 2 } }, "contexts": { "users": { "tenants": 3, "users_per_tenant": 2 } }, "runner": { "constant": { "concurrency": 4, "times": 10 } }, "hooks": [], "sla": { "failure_rate": { "max": 0 } } } ] }
2019-06-13 09:29:27.458 16 RALLYDEBUG rally_openstack.contexts.keystone.users [-] Creating 3 tenants using 20 threads
2019-06-13 09:29:29.281 16 RALLYDEBUG rally_openstack.contexts.keystone.users [-] Creating 6 users using 20 threads
2019-06-13 09:29:32.247 16 INFO rally.task.context [-] Task 2fa4a141-f137-481e-86dd-a1225d531ef8 | Context users@openstack setup() finished in 4.79 sec
2019-06-13 09:29:32.255 16 RALLYDEBUG rally.task.runner [-] Starting the constant runner (task UUID: 2fa4a141-f137-481e-86dd-a1225d531ef8). timeout: 0 concurrency: 4 concurrency_per_worker: 1 times: 10 concurrency_overhead: 0 processes_to_start: 4 max_cpu_used: 16
2019-06-13 09:29:32.266 556 RALLYDEBUG rally.task.runner [-] Starting a worker. concurrency: 1 args: {"repetitions": 2} times: 10 method_name: run timeout: 0 duration: None cls:
2019-06-13 09:29:32.269 557 RALLYDEBUG rally.task.runner [-] Starting a worker. concurrency: 1 args: {"repetitions": 2} times: 10 method_name: run timeout: 0 duration: None cls:
2019-06-13 09:29:32.272 556 INFO rally.task.runner [-] Task 2fa4a141-f137-481e-86dd-a1225d531ef8 | ITER: 1 START
2019-06-13 09:29:32.272 558 RALLYDEBUG rally.task.runner [-] Starting a worker. concurrency: 1 args: {"repetitions": 2} times: 10 method_name: run timeout: 0 duration: None cls:
2019-06-13 09:29:32.273 559 RALLYDEBUG rally.task.runner [-] Starting a worker. concurrency: 1 args: {"repetitions": 2} times: 10 method_name: run timeout: 0 duration: None cls:
2019-06-13 09:29:32.275 557 INFO rally.task.runner [-] Task 2fa4a141-f137-481e-86dd-a1225d531ef8 | ITER: 2 START
2019-06-13 09:29:32.278 558 INFO rally.task.runner [-] Task 2fa4a141-f137-481e-86dd-a1225d531ef8 | ITER: 3 START
2019-06-13 09:29:32.278 559 INFO rally.task.runner [-] Task 2fa4a141-f137-481e-86dd-a1225d531ef8 | ITER: 4 START
2019-06-13 09:29:33.196 557 INFO rally.task.runner [-] Task 2fa4a141-f137-481e-86dd-a1225d531ef8 | ITER: 2 END: OK
2019-06-13 09:29:33.201 557 INFO rally.task.runner [-] Task 2fa4a141-f137-481e-86dd-a1225d531ef8 | ITER: 5 START
2019-06-13 09:29:33.202 556 INFO rally.task.runner [-] Task 2fa4a141-f137-481e-86dd-a1225d531ef8 | ITER: 1 END: OK
2019-06-13 09:29:33.207 556 INFO rally.task.runner [-] Task 2fa4a141-f137-481e-86dd-a1225d531ef8 | ITER: 6 START
2019-06-13 09:29:33.419 558 INFO rally.task.runner [-] Task 2fa4a141-f137-481e-86dd-a1225d531ef8 | ITER: 3 END: OK
2019-06-13 09:29:33.423 558 INFO rally.task.runner [-] Task 2fa4a141-f137-481e-86dd-a1225d531ef8 | ITER: 7 START
2019-06-13 09:29:33.508 559 INFO rally.task.runner [-] Task 2fa4a141-f137-481e-86dd-a1225d531ef8 | ITER: 4 END: OK
2019-06-13 09:29:33.513 559 INFO rally.task.runner [-] Task 2fa4a141-f137-481e-86dd-a1225d531ef8 | ITER: 8 START
2019-06-13 09:29:34.131 556 INFO rally.task.runner [-] Task 2fa4a141-f137-481e-86dd-a1225d531ef8 | ITER: 6 END: OK
2019-06-13 09:29:34.135 556 INFO rally.task.runner [-] Task 2fa4a141-f137-481e-86dd-a1225d531ef8 | ITER: 9 START
2019-06-13 09:29:34.359 558 INFO rally.task.runner [-] Task 2fa4a141-f137-481e-86dd-a1225d531ef8 | ITER: 7 END: OK
2019-06-13 09:29:34.363 558 INFO rally.task.runner [-] Task 2fa4a141-f137-481e-86dd-a1225d531ef8 | ITER: 10 START
2019-06-13 09:29:34.610 557 INFO rally.task.runner [-] Task 2fa4a141-f137-481e-86dd-a1225d531ef8 | ITER: 5 END: OK
2019-06-13 09:29:34.896 559 INFO rally.task.runner [-] Task 2fa4a141-f137-481e-86dd-a1225d531ef8 | ITER: 8 END: OK
2019-06-13 09:29:35.190 556 INFO rally.task.runner [-] Task 2fa4a141-f137-481e-86dd-a1225d531ef8 | ITER: 9 END: OK
2019-06-13 09:29:35.974 558 INFO rally.task.runner [-] Task 2fa4a141-f137-481e-86dd-a1225d531ef8 | ITER: 10 END: OK
2019-06-13 09:29:35.998 16 INFO rally.task.context [-] Task 2fa4a141-f137-481e-86dd-a1225d531ef8 | Context users@openstack cleanup() started
2019-06-13 09:29:43.799 16 INFO rally.task.context [-] Task 2fa4a141-f137-481e-86dd-a1225d531ef8 | Context users@openstack cleanup() finished in 7.80 sec
2019-06-13 09:29:45.543 16 INFO rally.task.engine [-] Load duration is: 3.699925
2019-06-13 09:29:45.544 16 INFO rally.task.engine [-] Full runner duration is: 3.743243
2019-06-13 09:29:45.544 16 INFO rally.task.engine [-] Full duration is: 16.343417
2019-06-13 09:29:45.743 16 INFO rally.task.engine [-] Running workload: position = 0 config = { "version": 2, "title": "A cropped version of a bigger task.", "description": "Auto-generated task from a single workload (uuid=33b1e0ed-9f48-4c7d-bbda-03be91ae7dc8)", "subtasks": [ { "title": "Authenticate.validate_nova", "description": "Check Nova Client to ensure validation of token.", "scenario": { "Authenticate.validate_nova": { "repetitions": 2 } }, "contexts": { "users": { "tenants": 3, "users_per_tenant": 2 } }, "runner": { "constant": { "concurrency": 4, "times": 10 } }, "hooks": [], "sla": { "failure_rate": { "max": 0 } } } ] }
2019-06-13 09:29:45.765 16 RALLYDEBUG rally_openstack.contexts.keystone.users [-] Creating 3 tenants using 20 threads
2019-06-13 09:29:47.622 16 RALLYDEBUG rally_openstack.contexts.keystone.users [-] Creating 6 users using 20 threads
2019-06-13 09:29:50.604 16 INFO rally.task.context [-] Task 2fa4a141-f137-481e-86dd-a1225d531ef8 | Context users@openstack setup() finished in 4.84 sec
2019-06-13 09:29:50.608 16 RALLYDEBUG rally.task.runner [-] Starting the constant runner (task UUID: 2fa4a141-f137-481e-86dd-a1225d531ef8). timeout: 0 concurrency: 4 concurrency_per_worker: 1 times: 10 concurrency_overhead: 0 processes_to_start: 4 max_cpu_used: 16
2019-06-13 09:29:50.620 661 RALLYDEBUG rally.task.runner [-] Starting a worker. concurrency: 1 args: {"repetitions": 2} times: 10 method_name: run timeout: 0 duration: None cls:
2019-06-13 09:29:50.620 660 RALLYDEBUG rally.task.runner [-] Starting a worker. concurrency: 1 args: {"repetitions": 2} times: 10 method_name: run timeout: 0 duration: None cls:
2019-06-13 09:29:50.623 661 INFO rally.task.runner [-] Task 2fa4a141-f137-481e-86dd-a1225d531ef8 | ITER: 1 START
2019-06-13 09:29:50.624 662 RALLYDEBUG rally.task.runner [-] Starting a worker. concurrency: 1 args: {"repetitions": 2} times: 10 method_name: run timeout: 0 duration: None cls:
2019-06-13 09:29:50.626 660 INFO rally.task.runner [-] Task 2fa4a141-f137-481e-86dd-a1225d531ef8 | ITER: 2 START
2019-06-13 09:29:50.627 662 INFO rally.task.runner [-] Task 2fa4a141-f137-481e-86dd-a1225d531ef8 | ITER: 3 START
2019-06-13 09:29:50.628 663 RALLYDEBUG rally.task.runner [-] Starting a worker. concurrency: 1 args: {"repetitions": 2} times: 10 method_name: run timeout: 0 duration: None cls:
2019-06-13 09:29:50.634 663 INFO rally.task.runner [-] Task 2fa4a141-f137-481e-86dd-a1225d531ef8 | ITER: 4 START
2019-06-13 09:29:51.125 661 DEBUG novaclient.v2.client [-] REQ: curl -g -i -X GET http://172.30.9.26:8774/v2.1/flavors/detail -H "Accept: application/json" -H "User-Agent: python-novaclient" -H "X-Auth-Token: {SHA1}e54695666ddca93d44038a87a575be0885e5ea83" _http_log_request /usr/lib/python2.7/site-packages/keystoneauth1/session.py:448
2019-06-13 09:29:51.126 660 DEBUG novaclient.v2.client [-] REQ: curl -g -i -X GET http://172.30.9.26:8774/v2.1/flavors/detail -H "Accept: application/json" -H "User-Agent: python-novaclient" -H "X-Auth-Token: {SHA1}83e98cb262f4eb19e0dba55b0a35b76f68cb110d" _http_log_request /usr/lib/python2.7/site-packages/keystoneauth1/session.py:448
2019-06-13 09:29:51.162 662 DEBUG novaclient.v2.client [-] REQ: curl -g -i -X GET http://172.30.9.26:8774/v2.1/flavors/detail -H "Accept: application/json" -H "User-Agent: python-novaclient" -H "X-Auth-Token: {SHA1}4d7fad8d14ad94bf8f713ca7f28b222413f54e58" _http_log_request /usr/lib/python2.7/site-packages/keystoneauth1/session.py:448
2019-06-13 09:29:51.166 663 DEBUG novaclient.v2.client [-] REQ: curl -g -i -X GET http://172.30.9.26:8774/v2.1/flavors/detail -H "Accept: application/json" -H "User-Agent: python-novaclient" -H "X-Auth-Token: {SHA1}b6de6b7f53385379920e6f89eeb7ade5655c122d" _http_log_request /usr/lib/python2.7/site-packages/keystoneauth1/session.py:448
2019-06-13 09:29:51.486 663 DEBUG novaclient.v2.client [-] RESP: [200] Content-Encoding: gzip Content-Length: 368 Content-Type: application/json Date: Thu, 13 Jun 2019 09:29:51 GMT OpenStack-API-Version: compute 2.1 Server: Apache Vary: OpenStack-API-Version,X-OpenStack-Nova-API-Version,Accept-Encoding X-OpenStack-Nova-API-Version: 2.1 x-compute-request-id: req-5b7e5f4e-c0ec-4465-a814-dfb361d54f11 x-openstack-request-id: req-5b7e5f4e-c0ec-4465-a814-dfb361d54f11 _http_log_response /usr/lib/python2.7/site-packages/keystoneauth1/session.py:479
2019-06-13 09:29:51.487 663 DEBUG novaclient.v2.client [-] RESP BODY: {"flavors": [{"name": "rally_full-flavor_alt_f0990e99-e961-493e-8a77-baa2a6018f4b", "links": [{"href": "http://172.30.9.26:8774/v2.1/flavors/32c8bf57-dd44-4aad-a675-be0d3ec79a1d", "rel": "self"}, {"href": "http://172.30.9.26:8774/flavors/32c8bf57-dd44-4aad-a675-be0d3ec79a1d", "rel": "bookmark"}], "ram": 1024, "OS-FLV-DISABLED:disabled": false, "vcpus": 1, "swap": "", "os-flavor-access:is_public": true, "rxtx_factor": 1.0, "OS-FLV-EXT-DATA:ephemeral": 0, "disk": 1, "id": "32c8bf57-dd44-4aad-a675-be0d3ec79a1d"}, {"name": "rally_full-flavor_f0990e99-e961-493e-8a77-baa2a6018f4b", "links": [{"href": "http://172.30.9.26:8774/v2.1/flavors/e03f28c8-79ac-4ed7-9356-c024edfde426", "rel": "self"}, {"href": "http://172.30.9.26:8774/flavors/e03f28c8-79ac-4ed7-9356-c024edfde426", "rel": "bookmark"}], "ram": 512, "OS-FLV-DISABLED:disabled": false, "vcpus": 1, "swap": "", "os-flavor-access:is_public": true, "rxtx_factor": 1.0, "OS-FLV-EXT-DATA:ephemeral": 0, "disk": 1, "id": "e03f28c8-79ac-4ed7-9356-c024edfde426"}]} _http_log_response /usr/lib/python2.7/site-packages/keystoneauth1/session.py:511
2019-06-13 09:29:51.487 663 DEBUG novaclient.v2.client [-] GET call to compute for http://172.30.9.26:8774/v2.1/flavors/detail used request id req-5b7e5f4e-c0ec-4465-a814-dfb361d54f11 request /usr/lib/python2.7/site-packages/keystoneauth1/session.py:844
2019-06-13 09:29:51.489 663 DEBUG novaclient.v2.client [-] REQ: curl -g -i -X GET http://172.30.9.26:8774/v2.1/flavors/detail -H "Accept: application/json" -H "User-Agent: python-novaclient" -H "X-Auth-Token: {SHA1}b6de6b7f53385379920e6f89eeb7ade5655c122d" _http_log_request /usr/lib/python2.7/site-packages/keystoneauth1/session.py:448
2019-06-13 09:29:51.513 663 DEBUG novaclient.v2.client [-] RESP: [200] Content-Encoding: gzip Content-Length: 368 Content-Type: application/json Date: Thu, 13 Jun 2019 09:29:51 GMT OpenStack-API-Version: compute 2.1 Server: Apache Vary: OpenStack-API-Version,X-OpenStack-Nova-API-Version,Accept-Encoding X-OpenStack-Nova-API-Version: 2.1 x-compute-request-id: req-d022cf71-e254-4295-a72d-e6cb83e44d67 x-openstack-request-id: req-d022cf71-e254-4295-a72d-e6cb83e44d67 _http_log_response /usr/lib/python2.7/site-packages/keystoneauth1/session.py:479
2019-06-13 09:29:51.514 663 DEBUG novaclient.v2.client [-] RESP BODY: {"flavors": [{"name": "rally_full-flavor_alt_f0990e99-e961-493e-8a77-baa2a6018f4b", "links": [{"href": "http://172.30.9.26:8774/v2.1/flavors/32c8bf57-dd44-4aad-a675-be0d3ec79a1d", "rel": "self"}, {"href": "http://172.30.9.26:8774/flavors/32c8bf57-dd44-4aad-a675-be0d3ec79a1d", "rel": "bookmark"}], "ram": 1024, "OS-FLV-DISABLED:disabled": false, "vcpus": 1, "swap": "", "os-flavor-access:is_public": true, "rxtx_factor": 1.0, "OS-FLV-EXT-DATA:ephemeral": 0, "disk": 1, "id": "32c8bf57-dd44-4aad-a675-be0d3ec79a1d"}, {"name": "rally_full-flavor_f0990e99-e961-493e-8a77-baa2a6018f4b", "links": [{"href": "http://172.30.9.26:8774/v2.1/flavors/e03f28c8-79ac-4ed7-9356-c024edfde426", "rel": "self"}, {"href": "http://172.30.9.26:8774/flavors/e03f28c8-79ac-4ed7-9356-c024edfde426", "rel": "bookmark"}], "ram": 512, "OS-FLV-DISABLED:disabled": false, "vcpus": 1, "swap": "", "os-flavor-access:is_public": true, "rxtx_factor": 1.0, "OS-FLV-EXT-DATA:ephemeral": 0, "disk": 1, "id": "e03f28c8-79ac-4ed7-9356-c024edfde426"}]} _http_log_response /usr/lib/python2.7/site-packages/keystoneauth1/session.py:511
2019-06-13 09:29:51.514 663 DEBUG novaclient.v2.client [-] GET call to compute for http://172.30.9.26:8774/v2.1/flavors/detail used request id req-d022cf71-e254-4295-a72d-e6cb83e44d67 request /usr/lib/python2.7/site-packages/keystoneauth1/session.py:844
2019-06-13 09:29:51.515 663 INFO rally.task.runner [-] Task 2fa4a141-f137-481e-86dd-a1225d531ef8 | ITER: 4 END: OK
2019-06-13 09:29:51.519 663 INFO rally.task.runner [-] Task 2fa4a141-f137-481e-86dd-a1225d531ef8 | ITER: 5 START
2019-06-13 09:29:51.522 662 DEBUG novaclient.v2.client [-] RESP: [200] Content-Encoding: gzip Content-Length: 368 Content-Type: application/json Date: Thu, 13 Jun 2019 09:29:51 GMT OpenStack-API-Version: compute 2.1 Server: Apache Vary: OpenStack-API-Version,X-OpenStack-Nova-API-Version,Accept-Encoding X-OpenStack-Nova-API-Version: 2.1 x-compute-request-id: req-70f82410-4cf0-4108-82c8-6e0ac38fbe99 x-openstack-request-id: req-70f82410-4cf0-4108-82c8-6e0ac38fbe99 _http_log_response /usr/lib/python2.7/site-packages/keystoneauth1/session.py:479
2019-06-13 09:29:51.523 662 DEBUG novaclient.v2.client [-] RESP BODY: {"flavors": [{"name": "rally_full-flavor_alt_f0990e99-e961-493e-8a77-baa2a6018f4b", "links": [{"href": "http://172.30.9.26:8774/v2.1/flavors/32c8bf57-dd44-4aad-a675-be0d3ec79a1d", "rel": "self"}, {"href": "http://172.30.9.26:8774/flavors/32c8bf57-dd44-4aad-a675-be0d3ec79a1d", "rel": "bookmark"}], "ram": 1024, "OS-FLV-DISABLED:disabled": false, "vcpus": 1, "swap": "", "os-flavor-access:is_public": true, "rxtx_factor": 1.0, "OS-FLV-EXT-DATA:ephemeral": 0, "disk": 1, "id": "32c8bf57-dd44-4aad-a675-be0d3ec79a1d"}, {"name": "rally_full-flavor_f0990e99-e961-493e-8a77-baa2a6018f4b", "links": [{"href": "http://172.30.9.26:8774/v2.1/flavors/e03f28c8-79ac-4ed7-9356-c024edfde426", "rel": "self"}, {"href": "http://172.30.9.26:8774/flavors/e03f28c8-79ac-4ed7-9356-c024edfde426", "rel": "bookmark"}], "ram": 512, "OS-FLV-DISABLED:disabled": false, "vcpus": 1, "swap": "", "os-flavor-access:is_public": true, "rxtx_factor": 1.0, "OS-FLV-EXT-DATA:ephemeral": 0, "disk": 1, "id": "e03f28c8-79ac-4ed7-9356-c024edfde426"}]} _http_log_response /usr/lib/python2.7/site-packages/keystoneauth1/session.py:511
2019-06-13 09:29:51.523 662 DEBUG novaclient.v2.client [-] GET call to compute for http://172.30.9.26:8774/v2.1/flavors/detail used request id req-70f82410-4cf0-4108-82c8-6e0ac38fbe99 request /usr/lib/python2.7/site-packages/keystoneauth1/session.py:844
2019-06-13 09:29:51.525 662 DEBUG novaclient.v2.client [-] REQ: curl -g -i -X GET http://172.30.9.26:8774/v2.1/flavors/detail -H "Accept: application/json" -H "User-Agent: python-novaclient" -H "X-Auth-Token: {SHA1}4d7fad8d14ad94bf8f713ca7f28b222413f54e58" _http_log_request /usr/lib/python2.7/site-packages/keystoneauth1/session.py:448
2019-06-13 09:29:51.574 662 DEBUG novaclient.v2.client [-] RESP: [200] Content-Encoding: gzip Content-Length: 368 Content-Type: application/json Date: Thu, 13 Jun 2019 09:29:51 GMT OpenStack-API-Version: compute 2.1 Server: Apache Vary: OpenStack-API-Version,X-OpenStack-Nova-API-Version,Accept-Encoding X-OpenStack-Nova-API-Version: 2.1 x-compute-request-id: req-ad3d9aba-fe92-4750-be23-90f0b699e277 x-openstack-request-id: req-ad3d9aba-fe92-4750-be23-90f0b699e277 _http_log_response /usr/lib/python2.7/site-packages/keystoneauth1/session.py:479
2019-06-13 09:29:51.574 662 DEBUG novaclient.v2.client [-] RESP BODY: {"flavors": [{"name": "rally_full-flavor_alt_f0990e99-e961-493e-8a77-baa2a6018f4b", "links": [{"href": "http://172.30.9.26:8774/v2.1/flavors/32c8bf57-dd44-4aad-a675-be0d3ec79a1d", "rel": "self"}, {"href": "http://172.30.9.26:8774/flavors/32c8bf57-dd44-4aad-a675-be0d3ec79a1d", "rel": "bookmark"}], "ram": 1024, "OS-FLV-DISABLED:disabled": false, "vcpus": 1, "swap": "", "os-flavor-access:is_public": true, "rxtx_factor": 1.0, "OS-FLV-EXT-DATA:ephemeral": 0, "disk": 1, "id": "32c8bf57-dd44-4aad-a675-be0d3ec79a1d"}, {"name": "rally_full-flavor_f0990e99-e961-493e-8a77-baa2a6018f4b", "links": [{"href": "http://172.30.9.26:8774/v2.1/flavors/e03f28c8-79ac-4ed7-9356-c024edfde426", "rel": "self"}, {"href": "http://172.30.9.26:8774/flavors/e03f28c8-79ac-4ed7-9356-c024edfde426", "rel": "bookmark"}], "ram": 512, "OS-FLV-DISABLED:disabled": false, "vcpus": 1, "swap": "", "os-flavor-access:is_public": true, "rxtx_factor": 1.0, "OS-FLV-EXT-DATA:ephemeral": 0, "disk": 1, "id": "e03f28c8-79ac-4ed7-9356-c024edfde426"}]} _http_log_response /usr/lib/python2.7/site-packages/keystoneauth1/session.py:511
2019-06-13 09:29:51.574 662 DEBUG novaclient.v2.client [-] GET call to compute for http://172.30.9.26:8774/v2.1/flavors/detail used request id req-ad3d9aba-fe92-4750-be23-90f0b699e277 request /usr/lib/python2.7/site-packages/keystoneauth1/session.py:844
2019-06-13 09:29:51.575 662 INFO rally.task.runner [-] Task 2fa4a141-f137-481e-86dd-a1225d531ef8 | ITER: 3 END: OK
2019-06-13 09:29:51.579 662 INFO rally.task.runner [-] Task 2fa4a141-f137-481e-86dd-a1225d531ef8 | ITER: 6 START
2019-06-13 09:29:51.849 661 DEBUG novaclient.v2.client [-] RESP: [200] Content-Encoding: gzip Content-Length: 368 Content-Type: application/json Date: Thu, 13 Jun 2019 09:29:51 GMT OpenStack-API-Version: compute 2.1 Server: Apache Vary: OpenStack-API-Version,X-OpenStack-Nova-API-Version,Accept-Encoding X-OpenStack-Nova-API-Version: 2.1 x-compute-request-id: req-3d97a52e-2e64-4c55-b14b-99c4238b10b1 x-openstack-request-id: req-3d97a52e-2e64-4c55-b14b-99c4238b10b1 _http_log_response /usr/lib/python2.7/site-packages/keystoneauth1/session.py:479
2019-06-13 09:29:51.850 661 DEBUG novaclient.v2.client [-] RESP BODY: {"flavors": [{"name": "rally_full-flavor_alt_f0990e99-e961-493e-8a77-baa2a6018f4b", "links": [{"href": "http://172.30.9.26:8774/v2.1/flavors/32c8bf57-dd44-4aad-a675-be0d3ec79a1d", "rel": "self"}, {"href": "http://172.30.9.26:8774/flavors/32c8bf57-dd44-4aad-a675-be0d3ec79a1d", "rel": "bookmark"}], "ram": 1024, "OS-FLV-DISABLED:disabled": false, "vcpus": 1, "swap": "", "os-flavor-access:is_public": true, "rxtx_factor": 1.0, "OS-FLV-EXT-DATA:ephemeral": 0, "disk": 1, "id": "32c8bf57-dd44-4aad-a675-be0d3ec79a1d"}, {"name": "rally_full-flavor_f0990e99-e961-493e-8a77-baa2a6018f4b", "links": [{"href": "http://172.30.9.26:8774/v2.1/flavors/e03f28c8-79ac-4ed7-9356-c024edfde426", "rel": "self"}, {"href": "http://172.30.9.26:8774/flavors/e03f28c8-79ac-4ed7-9356-c024edfde426", "rel": "bookmark"}], "ram": 512, "OS-FLV-DISABLED:disabled": false, "vcpus": 1, "swap": "", "os-flavor-access:is_public": true, "rxtx_factor": 1.0, "OS-FLV-EXT-DATA:ephemeral": 0, "disk": 1, "id": "e03f28c8-79ac-4ed7-9356-c024edfde426"}]} _http_log_response /usr/lib/python2.7/site-packages/keystoneauth1/session.py:511
2019-06-13 09:29:51.851 661 DEBUG novaclient.v2.client [-] GET call to compute for http://172.30.9.26:8774/v2.1/flavors/detail used request id req-3d97a52e-2e64-4c55-b14b-99c4238b10b1 request /usr/lib/python2.7/site-packages/keystoneauth1/session.py:844
2019-06-13 09:29:51.852 661 DEBUG novaclient.v2.client [-] REQ: curl -g -i -X GET http://172.30.9.26:8774/v2.1/flavors/detail -H "Accept: application/json" -H "User-Agent: python-novaclient" -H "X-Auth-Token: {SHA1}e54695666ddca93d44038a87a575be0885e5ea83" _http_log_request /usr/lib/python2.7/site-packages/keystoneauth1/session.py:448
2019-06-13 09:29:51.878 661 DEBUG novaclient.v2.client [-] RESP: [200] Content-Encoding: gzip Content-Length: 368 Content-Type: application/json Date: Thu, 13 Jun 2019 09:29:51 GMT OpenStack-API-Version: compute 2.1 Server: Apache Vary: OpenStack-API-Version,X-OpenStack-Nova-API-Version,Accept-Encoding X-OpenStack-Nova-API-Version: 2.1 x-compute-request-id: req-b2609dd9-8879-4340-9fc6-c903d17287bb x-openstack-request-id: req-b2609dd9-8879-4340-9fc6-c903d17287bb _http_log_response /usr/lib/python2.7/site-packages/keystoneauth1/session.py:479
2019-06-13 09:29:51.879 661 DEBUG novaclient.v2.client [-] RESP BODY: {"flavors": [{"name": "rally_full-flavor_alt_f0990e99-e961-493e-8a77-baa2a6018f4b", "links": [{"href": "http://172.30.9.26:8774/v2.1/flavors/32c8bf57-dd44-4aad-a675-be0d3ec79a1d", "rel": "self"}, {"href": "http://172.30.9.26:8774/flavors/32c8bf57-dd44-4aad-a675-be0d3ec79a1d", "rel": "bookmark"}], "ram": 1024, "OS-FLV-DISABLED:disabled": false, "vcpus": 1, "swap": "", "os-flavor-access:is_public": true, "rxtx_factor": 1.0, "OS-FLV-EXT-DATA:ephemeral": 0, "disk": 1, "id": "32c8bf57-dd44-4aad-a675-be0d3ec79a1d"}, {"name": "rally_full-flavor_f0990e99-e961-493e-8a77-baa2a6018f4b", "links": [{"href": "http://172.30.9.26:8774/v2.1/flavors/e03f28c8-79ac-4ed7-9356-c024edfde426", "rel": "self"}, {"href": "http://172.30.9.26:8774/flavors/e03f28c8-79ac-4ed7-9356-c024edfde426", "rel": "bookmark"}], "ram": 512, "OS-FLV-DISABLED:disabled": false, "vcpus": 1, "swap": "", "os-flavor-access:is_public": true, "rxtx_factor": 1.0, "OS-FLV-EXT-DATA:ephemeral": 0, "disk": 1, "id": "e03f28c8-79ac-4ed7-9356-c024edfde426"}]} _http_log_response /usr/lib/python2.7/site-packages/keystoneauth1/session.py:511
2019-06-13 09:29:51.879 661 DEBUG novaclient.v2.client [-] GET call to compute for http://172.30.9.26:8774/v2.1/flavors/detail used request id req-b2609dd9-8879-4340-9fc6-c903d17287bb request /usr/lib/python2.7/site-packages/keystoneauth1/session.py:844
2019-06-13 09:29:51.880 661 INFO rally.task.runner [-] Task 2fa4a141-f137-481e-86dd-a1225d531ef8 | ITER: 1 END: OK
2019-06-13 09:29:51.884 661 INFO rally.task.runner [-] Task 2fa4a141-f137-481e-86dd-a1225d531ef8 | ITER: 7 START
2019-06-13 09:29:51.917 660 DEBUG novaclient.v2.client [-] RESP: [200] Content-Encoding: gzip Content-Length: 368 Content-Type: application/json Date: Thu, 13 Jun 2019 09:29:51 GMT OpenStack-API-Version: compute 2.1 Server: Apache Vary: OpenStack-API-Version,X-OpenStack-Nova-API-Version,Accept-Encoding X-OpenStack-Nova-API-Version: 2.1 x-compute-request-id: req-09127f59-46f6-40ed-b86a-86ad999d2fd3 x-openstack-request-id: req-09127f59-46f6-40ed-b86a-86ad999d2fd3 _http_log_response /usr/lib/python2.7/site-packages/keystoneauth1/session.py:479
2019-06-13 09:29:51.917 660 DEBUG novaclient.v2.client [-] RESP BODY: {"flavors": [{"name": "rally_full-flavor_alt_f0990e99-e961-493e-8a77-baa2a6018f4b", "links": [{"href": "http://172.30.9.26:8774/v2.1/flavors/32c8bf57-dd44-4aad-a675-be0d3ec79a1d", "rel": "self"}, {"href": "http://172.30.9.26:8774/flavors/32c8bf57-dd44-4aad-a675-be0d3ec79a1d", "rel": "bookmark"}], "ram": 1024, "OS-FLV-DISABLED:disabled": false, "vcpus": 1, "swap": "", "os-flavor-access:is_public": true, "rxtx_factor": 1.0, "OS-FLV-EXT-DATA:ephemeral": 0, "disk": 1, "id": "32c8bf57-dd44-4aad-a675-be0d3ec79a1d"}, {"name": "rally_full-flavor_f0990e99-e961-493e-8a77-baa2a6018f4b", "links": [{"href": "http://172.30.9.26:8774/v2.1/flavors/e03f28c8-79ac-4ed7-9356-c024edfde426", "rel": "self"}, {"href": "http://172.30.9.26:8774/flavors/e03f28c8-79ac-4ed7-9356-c024edfde426", "rel": "bookmark"}], "ram": 512, "OS-FLV-DISABLED:disabled": false, "vcpus": 1, "swap": "", "os-flavor-access:is_public": true, "rxtx_factor": 1.0, "OS-FLV-EXT-DATA:ephemeral": 0, "disk": 1, "id": "e03f28c8-79ac-4ed7-9356-c024edfde426"}]} _http_log_response /usr/lib/python2.7/site-packages/keystoneauth1/session.py:511
2019-06-13 09:29:51.918 660 DEBUG novaclient.v2.client [-] GET call to compute for http://172.30.9.26:8774/v2.1/flavors/detail used request id req-09127f59-46f6-40ed-b86a-86ad999d2fd3 request /usr/lib/python2.7/site-packages/keystoneauth1/session.py:844
