2019-06-13 09:42:20.230 1842 RALLYDEBUG rally_openstack.cleanup.manager [-] Deleting cinder.volumes object s_rally_ee77449a_SEQNreXf (813e7807-7a64-435b-bebd-a7750183de3f)
2019-06-13 09:42:20.234 1842 RALLYDEBUG rally_openstack.cleanup.manager [-] Deleting cinder.volumes object s_rally_ee77449a_JftYxeQS (46ae9387-49fd-4a2a-9061-c8f345343576)
2019-06-13 09:42:20.237 1842 RALLYDEBUG rally_openstack.cleanup.manager [-] Deleting cinder.volumes object s_rally_ee77449a_eVBeLFNd (3508f740-6fc9-44ae-9194-a3949f80c535)
2019-06-13 09:42:25.119 1842 INFO rally.task.context [-] Task 8cad7285-7a41-4ce3-bb69-21430a9089da | Context cleanup@openstack cleanup() finished in 13.97 sec
2019-06-13 09:42:25.119 1842 INFO rally.task.context [-] Task 8cad7285-7a41-4ce3-bb69-21430a9089da | Context quotas@openstack cleanup() started
2019-06-13 09:42:26.146 1842 INFO rally.task.context [-] Task 8cad7285-7a41-4ce3-bb69-21430a9089da | Context quotas@openstack cleanup() finished in 1.03 sec
2019-06-13 09:42:26.146 1842 INFO rally.task.context [-] Task 8cad7285-7a41-4ce3-bb69-21430a9089da | Context api_versions@openstack cleanup() started
2019-06-13 09:42:26.146 1842 INFO rally.task.context [-] Task 8cad7285-7a41-4ce3-bb69-21430a9089da | Context api_versions@openstack cleanup() finished in 0.33 msec
2019-06-13 09:42:26.147 1842 INFO rally.task.context [-] Task 8cad7285-7a41-4ce3-bb69-21430a9089da | Context users@openstack cleanup() started
2019-06-13 09:42:34.476 1842 INFO rally.task.context [-] Task 8cad7285-7a41-4ce3-bb69-21430a9089da | Context users@openstack cleanup() finished in 8.33 sec
2019-06-13 09:42:34.992 1842 INFO rally.task.engine [-] Load duration is: 48.519576
2019-06-13 09:42:34.993 1842 INFO rally.task.engine [-] Full runner duration is: 48.574141
2019-06-13 09:42:34.993 1842 INFO rally.task.engine [-] Full duration is: 79.784486
2019-06-13 09:42:35.154 1842 INFO rally.task.engine [-] Running workload: position = 1 config = { "version": 2, "title": "A cropped version of a bigger task.", "description": "Auto-generated task from a single workload (uuid=4780f199-39be-444d-9240-aded9feccb9d)", "subtasks": [ { "title": "CinderVolumes.create_and_list_volume", "description": "Create a volume and list all volumes.", "scenario": { "CinderVolumes.create_and_list_volume": { "detailed": true, "size": 1 } }, "contexts": { "users": { "tenants": 3, "users_per_tenant": 2 }, "quotas": { "cinder": { "gigabytes": -1, "snapshots": -1, "volumes": -1 } }, "api_versions": { "cinder": { "version": 3, "service_type": "volumev3" } } }, "runner": { "constant": { "concurrency": 4, "times": 10 } }, "hooks": [], "sla": { "failure_rate": { "max": 0 } } } ] }
2019-06-13 09:42:35.177 1842 RALLYDEBUG rally_openstack.contexts.keystone.users [-] Creating 3 tenants using 20 threads
2019-06-13 09:42:36.998 1842 RALLYDEBUG rally_openstack.contexts.keystone.users [-] Creating 6 users using 20 threads
2019-06-13 09:42:39.754 1842 INFO rally.task.context [-] Task 8cad7285-7a41-4ce3-bb69-21430a9089da | Context users@openstack setup() finished in 4.58 sec
2019-06-13 09:42:40.281 1842 INFO rally.task.context [-] Task 8cad7285-7a41-4ce3-bb69-21430a9089da | Context api_versions@openstack setup() finished in 0.53 sec
2019-06-13 09:42:41.966 1842 INFO rally.task.context [-] Task 8cad7285-7a41-4ce3-bb69-21430a9089da | Context quotas@openstack setup() finished in 1.68 sec
2019-06-13 09:42:41.966 1842 INFO rally.task.context [-] Task 8cad7285-7a41-4ce3-bb69-21430a9089da | Context cleanup@openstack setup() finished in 0.01 msec
2019-06-13 09:42:41.974 1842 RALLYDEBUG rally.task.runner [-] Starting the constant runner (task UUID: 8cad7285-7a41-4ce3-bb69-21430a9089da). timeout: 0 concurrency: 4 concurrency_per_worker: 1 times: 10 concurrency_overhead: 0 processes_to_start: 4 max_cpu_used: 16
2019-06-13 09:42:41.988 2598 RALLYDEBUG rally.task.runner [-] Starting a worker. concurrency: 1 args: {"detailed": true, "size": 1} times: 10 method_name: run timeout: 0 duration: None cls:
2019-06-13 09:42:41.990 2600 RALLYDEBUG rally.task.runner [-] Starting a worker. concurrency: 1 args: {"detailed": true, "size": 1} times: 10 method_name: run timeout: 0 duration: None cls:
2019-06-13 09:42:41.990 2599 RALLYDEBUG rally.task.runner [-] Starting a worker. concurrency: 1 args: {"detailed": true, "size": 1} times: 10 method_name: run timeout: 0 duration: None cls:
2019-06-13 09:42:41.995 2600 INFO rally.task.runner [-] Task 8cad7285-7a41-4ce3-bb69-21430a9089da | ITER: 2 START
2019-06-13 09:42:41.995 2598 INFO rally.task.runner [-] Task 8cad7285-7a41-4ce3-bb69-21430a9089da | ITER: 1 START
2019-06-13 09:42:41.995 2601 RALLYDEBUG rally.task.runner [-] Starting a worker. concurrency: 1 args: {"detailed": true, "size": 1} times: 10 method_name: run timeout: 0 duration: None cls:
2019-06-13 09:42:41.998 2599 INFO rally.task.runner [-] Task 8cad7285-7a41-4ce3-bb69-21430a9089da | ITER: 3 START
2019-06-13 09:42:42.002 2601 INFO rally.task.runner [-] Task 8cad7285-7a41-4ce3-bb69-21430a9089da | ITER: 4 START
2019-06-13 09:42:46.027 2599 INFO rally.task.runner [-] Task 8cad7285-7a41-4ce3-bb69-21430a9089da | ITER: 3 END: OK
2019-06-13 09:42:46.032 2599 INFO rally.task.runner [-] Task 8cad7285-7a41-4ce3-bb69-21430a9089da | ITER: 5 START
2019-06-13 09:42:46.173 2598 INFO rally.task.runner [-] Task 8cad7285-7a41-4ce3-bb69-21430a9089da | ITER: 1 END: OK
2019-06-13 09:42:46.179 2600 INFO rally.task.runner [-] Task 8cad7285-7a41-4ce3-bb69-21430a9089da | ITER: 2 END: OK
2019-06-13 09:42:46.179 2598 INFO rally.task.runner [-] Task 8cad7285-7a41-4ce3-bb69-21430a9089da | ITER: 6 START
2019-06-13 09:42:46.184 2600 INFO rally.task.runner [-] Task 8cad7285-7a41-4ce3-bb69-21430a9089da | ITER: 7 START
2019-06-13 09:42:46.204 2601 INFO rally.task.runner [-] Task 8cad7285-7a41-4ce3-bb69-21430a9089da | ITER: 4 END: OK
2019-06-13 09:42:46.210 2601 INFO rally.task.runner [-] Task 8cad7285-7a41-4ce3-bb69-21430a9089da | ITER: 8 START
2019-06-13 09:42:49.901 2598 INFO rally.task.runner [-] Task 8cad7285-7a41-4ce3-bb69-21430a9089da | ITER: 6 END: OK
2019-06-13 09:42:49.904 2598 INFO rally.task.runner [-] Task 8cad7285-7a41-4ce3-bb69-21430a9089da | ITER: 9 START
2019-06-13 09:42:49.954 2599 INFO rally.task.runner [-] Task 8cad7285-7a41-4ce3-bb69-21430a9089da | ITER: 5 END: OK
2019-06-13 09:42:49.959 2599 INFO rally.task.runner [-] Task 8cad7285-7a41-4ce3-bb69-21430a9089da | ITER: 10 START
2019-06-13 09:42:50.146 2601 INFO rally.task.runner [-] Task 8cad7285-7a41-4ce3-bb69-21430a9089da | ITER: 8 END: OK
2019-06-13 09:42:50.228 2600 INFO rally.task.runner [-] Task 8cad7285-7a41-4ce3-bb69-21430a9089da | ITER: 7 END: OK
2019-06-13 09:42:53.861 2599 INFO rally.task.runner [-] Task 8cad7285-7a41-4ce3-bb69-21430a9089da | ITER: 10 END: OK
2019-06-13 09:42:53.875 2598 INFO rally.task.runner [-] Task 8cad7285-7a41-4ce3-bb69-21430a9089da | ITER: 9 END: OK
2019-06-13 09:42:53.899 1842 INFO rally.task.context [-] Task 8cad7285-7a41-4ce3-bb69-21430a9089da | Context cleanup@openstack cleanup() started
2019-06-13 09:42:53.901 1842 RALLYDEBUG rally_openstack.cleanup.manager [-] Cleaning up cinder backups objects
2019-06-13 09:42:56.160 1842 RALLYDEBUG rally_openstack.cleanup.manager [-] Cleaning up cinder volume_snapshots objects
2019-06-13 09:42:58.284 1842 RALLYDEBUG rally_openstack.cleanup.manager [-] Cleaning up cinder transfers objects
2019-06-13 09:43:00.399 1842 RALLYDEBUG rally_openstack.cleanup.manager [-] Cleaning up cinder volumes objects
2019-06-13 09:43:02.736 1842 RALLYDEBUG rally_openstack.cleanup.manager [-] Deleting cinder.volumes object s_rally_4780f199_P3VtxPdW (46383f03-500c-492c-8726-a1d1247b04fc)
2019-06-13 09:43:02.739 1842 RALLYDEBUG rally_openstack.cleanup.manager [-] Deleting cinder.volumes object s_rally_4780f199_4Axv6xOG (9862848a-61c3-4ac3-8803-894d77172ae5)
2019-06-13 09:43:02.742 1842 RALLYDEBUG rally_openstack.cleanup.manager [-] Deleting cinder.volumes object s_rally_4780f199_Zp4Rn1KN (3df308c2-4ce5-4922-be05-a68e203c04e2)
2019-06-13 09:43:02.743 1842 RALLYDEBUG rally_openstack.cleanup.manager [-] Deleting cinder.volumes object s_rally_4780f199_ba8u6MIn (60b8e593-a161-4dd4-99cf-e22a80a7913d)
2019-06-13 09:43:02.744 1842 RALLYDEBUG rally_openstack.cleanup.manager [-] Deleting cinder.volumes object s_rally_4780f199_zshmeKKV (b99c2ffa-4bdf-404c-a50e-e9854d17e085)
2019-06-13 09:43:02.750 1842 RALLYDEBUG rally_openstack.cleanup.manager [-] Deleting cinder.volumes object s_rally_4780f199_iIyAvtvy (bf1a64f7-1388-4474-afbc-d621caf4ecc8)
2019-06-13 09:43:02.751 1842 RALLYDEBUG rally_openstack.cleanup.manager [-] Deleting cinder.volumes object s_rally_4780f199_QtULhBzh (d6229856-a4a8-40d7-8bf2-d775e2e3b22c)
2019-06-13 09:43:02.753 1842 RALLYDEBUG rally_openstack.cleanup.manager [-] Deleting cinder.volumes object s_rally_4780f199_sGO9lW7E (736c859d-a54f-46bc-abfe-5fa71983be31)
2019-06-13 09:43:02.754 1842 RALLYDEBUG rally_openstack.cleanup.manager [-] Deleting cinder.volumes object s_rally_4780f199_CCNwZmEA (7c76f6c0-bf05-463e-8b9a-b2e83aa15b59)
2019-06-13 09:43:02.755 1842 RALLYDEBUG rally_openstack.cleanup.manager [-] Deleting cinder.volumes object s_rally_4780f199_dwY5LcCP (7c8b916c-b871-48cc-af84-a2412ac357fa)
2019-06-13 09:43:06.633 1842 INFO rally.task.context [-] Task 8cad7285-7a41-4ce3-bb69-21430a9089da | Context cleanup@openstack cleanup() finished in 12.73 sec
2019-06-13 09:43:06.633 1842 INFO rally.task.context [-] Task 8cad7285-7a41-4ce3-bb69-21430a9089da | Context quotas@openstack cleanup() started
2019-06-13 09:43:07.433 1842 INFO rally.task.context [-] Task 8cad7285-7a41-4ce3-bb69-21430a9089da | Context quotas@openstack cleanup() finished in 0.80 sec
2019-06-13 09:43:07.433 1842 INFO rally.task.context [-] Task 8cad7285-7a41-4ce3-bb69-21430a9089da | Context api_versions@openstack cleanup() started
2019-06-13 09:43:07.434 1842 INFO rally.task.context [-] Task 8cad7285-7a41-4ce3-bb69-21430a9089da | Context api_versions@openstack cleanup() finished in 0.31 msec
2019-06-13 09:43:07.434 1842 INFO rally.task.context [-] Task 8cad7285-7a41-4ce3-bb69-21430a9089da | Context users@openstack cleanup() started
2019-06-13 09:43:15.667 1842 INFO rally.task.context [-] Task 8cad7285-7a41-4ce3-bb69-21430a9089da | Context users@openstack cleanup() finished in 8.23 sec
2019-06-13 09:43:17.344 1842 INFO rally.task.engine [-] Load duration is: 11.877056
2019-06-13 09:43:17.345 1842 INFO rally.task.engine [-] Full runner duration is: 11.925049
2019-06-13 09:43:17.345 1842 INFO rally.task.engine [-] Full duration is: 40.495188
2019-06-13 09:43:17.575 1842 INFO rally.task.engine [-] Running workload: position = 0 config = { "version": 2, "title": "A cropped version of a bigger task.", "description": "Auto-generated task from a single workload (uuid=278c4b06-9f14-4b95-8f80-a8b315d61fb4)", "subtasks": [ { "title": "CinderVolumes.create_and_upload_volume_to_image", "description": "Create and upload a volume to image.", "scenario": { "CinderVolumes.create_and_upload_volume_to_image": { "container_format": "bare", "disk_format": "raw", "do_delete": true, "force": false, "size": 1 } }, "contexts": { "users": { "tenants": 3, "users_per_tenant": 2 }, "quotas": { "cinder": { "gigabytes": -1, "snapshots": -1, "volumes": -1 } }, "api_versions": { "cinder": { "version": 3, "service_type": "volumev3" } } }, "runner": { "constant": { "concurrency": 4, "times": 10 } }, "hooks": [], "sla": { "failure_rate": { "max": 0 } } } ] }
2019-06-13 09:43:17.596 1842 RALLYDEBUG rally_openstack.contexts.keystone.users [-] Creating 3 tenants using 20 threads
2019-06-13 09:43:19.639 1842 RALLYDEBUG rally_openstack.contexts.keystone.users [-] Creating 6 users using 20 threads
2019-06-13 09:43:22.459 1842 INFO rally.task.context [-] Task 8cad7285-7a41-4ce3-bb69-21430a9089da | Context users@openstack setup() finished in 4.86 sec
2019-06-13 09:43:22.887 1842 INFO rally.task.context [-] Task 8cad7285-7a41-4ce3-bb69-21430a9089da | Context api_versions@openstack setup() finished in 0.43 sec
2019-06-13 09:43:24.654 1842 INFO rally.task.context [-] Task 8cad7285-7a41-4ce3-bb69-21430a9089da | Context quotas@openstack setup() finished in 1.77 sec
2019-06-13 09:43:24.655 1842 INFO rally.task.context [-] Task 8cad7285-7a41-4ce3-bb69-21430a9089da | Context cleanup@openstack setup() finished in 0.00 msec
2019-06-13 09:43:24.662 1842 RALLYDEBUG rally.task.runner [-] Starting the constant runner (task UUID: 8cad7285-7a41-4ce3-bb69-21430a9089da). timeout: 0 concurrency: 4 concurrency_per_worker: 1 times: 10 concurrency_overhead: 0 processes_to_start: 4 max_cpu_used: 16
2019-06-13 09:43:24.675 2782 RALLYDEBUG rally.task.runner [-] Starting a worker. concurrency: 1 args: {"container_format": "bare", "disk_format": "raw", "do_delete": true, "force": false, "size": 1} times: 10 method_name: run timeout: 0 duration: None cls:
2019-06-13 09:43:24.678 2783 RALLYDEBUG rally.task.runner [-] Starting a worker. concurrency: 1 args: {"container_format": "bare", "disk_format": "raw", "do_delete": true, "force": false, "size": 1} times: 10 method_name: run timeout: 0 duration: None cls:
2019-06-13 09:43:24.683 2782 INFO rally.task.runner [-] Task 8cad7285-7a41-4ce3-bb69-21430a9089da | ITER: 1 START
2019-06-13 09:43:24.682 2784 RALLYDEBUG rally.task.runner [-] Starting a worker. concurrency: 1 args: {"container_format": "bare", "disk_format": "raw", "do_delete": true, "force": false, "size": 1} times: 10 method_name: run timeout: 0 duration: None cls:
2019-06-13 09:43:24.683 2785 RALLYDEBUG rally.task.runner [-] Starting a worker. concurrency: 1 args: {"container_format": "bare", "disk_format": "raw", "do_delete": true, "force": false, "size": 1} times: 10 method_name: run timeout: 0 duration: None cls:
2019-06-13 09:43:24.686 2783 INFO rally.task.runner [-] Task 8cad7285-7a41-4ce3-bb69-21430a9089da | ITER: 2 START
2019-06-13 09:43:24.690 2785 INFO rally.task.runner [-] Task 8cad7285-7a41-4ce3-bb69-21430a9089da | ITER: 4 START
2019-06-13 09:43:24.693 2784 INFO rally.task.runner [-] Task 8cad7285-7a41-4ce3-bb69-21430a9089da | ITER: 3 START
2019-06-13 09:43:30.323 2784 RALLYDEBUG rally.task.utils [-] Waiting for resource s_rally_278c4b06_qAG8FgdQ. Status changed: AVAILABLE => UPLOADING in 0.267893075943
2019-06-13 09:43:30.384 2783 RALLYDEBUG rally.task.utils [-] Waiting for resource s_rally_278c4b06_UPhv7T5h. Status changed: AVAILABLE => UPLOADING in 0.339265108109
2019-06-13 09:43:30.478 2785 RALLYDEBUG rally.task.utils [-] Waiting for resource s_rally_278c4b06_b4nOKfC2. Status changed: AVAILABLE => UPLOADING in 0.348508834839
2019-06-13 09:43:30.658 2782 RALLYDEBUG rally.task.utils [-] Waiting for resource s_rally_278c4b06_DGsBxcU0. Status changed: AVAILABLE => UPLOADING in 0.261820077896
2019-06-13 09:44:20.540 2783 RALLYDEBUG rally.task.utils [-] Waiting for resource s_rally_278c4b06_UPhv7T5h. Status changed: UPLOADING => AVAILABLE in 50.1551508904
2019-06-13 09:44:20.592 2785 RALLYDEBUG rally.task.utils [-] Waiting for resource s_rally_278c4b06_b4nOKfC2. Status changed: UPLOADING => AVAILABLE in 50.1143820286
2019-06-13 09:44:20.760 2784 RALLYDEBUG rally.task.utils [-] Waiting for resource s_rally_278c4b06_qAG8FgdQ. Status changed: UPLOADING => AVAILABLE in 50.4367039204
2019-06-13 09:44:21.355 2785 RALLYDEBUG rally.task.utils [-] Waiting for resource s_rally_278c4b06_b4nOKfC2. Status changed: AVAILABLE => DELETING in 0.0613570213318
2019-06-13 09:44:21.524 2784 RALLYDEBUG rally.task.utils [-] Waiting for resource s_rally_278c4b06_qAG8FgdQ. Status changed: AVAILABLE => DELETING in 0.0639359951019
2019-06-13 09:44:21.788 2783 INFO rally.task.runner [-] Task 8cad7285-7a41-4ce3-bb69-21430a9089da | ITER: 2 END: OK
2019-06-13 09:44:21.795 2783 INFO rally.task.runner [-] Task 8cad7285-7a41-4ce3-bb69-21430a9089da | ITER: 5 START
2019-06-13 09:44:22.572 2782 RALLYDEBUG rally.task.utils [-] Waiting for resource s_rally_278c4b06_DGsBxcU0. Status changed: UPLOADING => AVAILABLE in 51.9130148888
2019-06-13 09:44:23.914 2784 INFO rally.task.runner [-] Task 8cad7285-7a41-4ce3-bb69-21430a9089da | ITER: 3 END: OK
2019-06-13 09:44:23.920 2784 INFO rally.task.runner [-] Task 8cad7285-7a41-4ce3-bb69-21430a9089da | ITER: 6 START
2019-06-13 09:44:24.227 2782 RALLYDEBUG rally.task.utils [-] Waiting for resource s_rally_278c4b06_DGsBxcU0. Status changed: AVAILABLE => DELETING in 0.389295101166
2019-06-13 09:44:25.148 2785 INFO rally.task.runner [-] Task 8cad7285-7a41-4ce3-bb69-21430a9089da | ITER: 4 END: OK
2019-06-13 09:44:25.154 2785 INFO rally.task.runner [-] Task 8cad7285-7a41-4ce3-bb69-21430a9089da | ITER: 7 START
2019-06-13 09:44:27.088 2783 RALLYDEBUG rally.task.utils [-] Waiting for resource s_rally_278c4b06_xdAHquUI. Status changed: AVAILABLE => UPLOADING in 0.343940973282
2019-06-13 09:44:27.237 2782 INFO rally.task.runner [-] Task 8cad7285-7a41-4ce3-bb69-21430a9089da | ITER: 1 END: OK
2019-06-13 09:44:27.243 2782 INFO rally.task.runner [-] Task 8cad7285-7a41-4ce3-bb69-21430a9089da | ITER: 8 START
2019-06-13 09:44:29.971 2784 RALLYDEBUG rally.task.utils [-] Waiting for resource s_rally_278c4b06_dLAT72Uo. Status changed: AVAILABLE => UPLOADING in 0.328552961349
2019-06-13 09:44:30.947 2785 RALLYDEBUG rally.task.utils [-] Waiting for resource s_rally_278c4b06_ooVx4aOR. Status changed: AVAILABLE => UPLOADING in 0.340998888016
2019-06-13 09:44:32.683 2782 RALLYDEBUG rally.task.utils [-] Waiting for resource s_rally_278c4b06_Qq6IzkdY. Status changed: AVAILABLE => UPLOADING in 0.339970827103
2019-06-13 09:45:12.136 2783 RALLYDEBUG rally.task.utils [-] Waiting for resource s_rally_278c4b06_xdAHquUI. Status changed: UPLOADING => AVAILABLE in 45.0479168892
2019-06-13 09:45:13.900 2783 RALLYDEBUG rally.task.utils [-] Waiting for resource s_rally_278c4b06_xdAHquUI. Status changed: AVAILABLE => DELETING in 0.383539915085
2019-06-13 09:45:18.010 2783 INFO rally.task.runner [-] Task 8cad7285-7a41-4ce3-bb69-21430a9089da | ITER: 5 END: OK
2019-06-13 09:45:18.015 2783 INFO rally.task.runner [-] Task 8cad7285-7a41-4ce3-bb69-21430a9089da | ITER: 9 START
2019-06-13 09:45:18.583 2785 RALLYDEBUG rally.task.utils [-] Waiting for resource s_rally_278c4b06_ooVx4aOR. Status changed: UPLOADING => AVAILABLE in 47.6358909607
2019-06-13 09:45:18.598 2784 RALLYDEBUG rally.task.utils [-] Waiting for resource s_rally_278c4b06_dLAT72Uo. Status changed: UPLOADING => AVAILABLE in 48.6264531612
2019-06-13 09:45:19.285 2784 RALLYDEBUG rally.task.utils [-] Waiting for resource s_rally_278c4b06_dLAT72Uo. Status changed: AVAILABLE => DELETING in 0.0581619739532
2019-06-13 09:45:19.776 2785 RALLYDEBUG rally.task.utils [-] Waiting for resource s_rally_278c4b06_ooVx4aOR. Status changed: AVAILABLE => DELETING in 0.244014024734
2019-06-13 09:45:20.806 2782 RALLYDEBUG rally.task.utils [-] Waiting for resource s_rally_278c4b06_Qq6IzkdY. Status changed: UPLOADING => AVAILABLE in 48.1224629879
2019-06-13 09:45:22.273 2784 INFO rally.task.runner [-] Task 8cad7285-7a41-4ce3-bb69-21430a9089da | ITER: 6 END: OK
2019-06-13 09:45:22.280 2784 INFO rally.task.runner [-] Task 8cad7285-7a41-4ce3-bb69-21430a9089da | ITER: 10 START
2019-06-13 09:45:23.164 2783 RALLYDEBUG rally.task.utils [-] Waiting for resource s_rally_278c4b06_vqjDwQ5D. Status changed: AVAILABLE => UPLOADING in 0.0566599369049
2019-06-13 09:45:23.285 2782 INFO rally.task.runner [-] Task 8cad7285-7a41-4ce3-bb69-21430a9089da | ITER: 8 END: OK
2019-06-13 09:45:23.363 2785 INFO rally.task.runner [-] Task 8cad7285-7a41-4ce3-bb69-21430a9089da | ITER: 7 END: OK
2019-06-13 09:45:27.696 2784 RALLYDEBUG rally.task.utils [-] Waiting for resource s_rally_278c4b06_5HITi1ku. Status changed: AVAILABLE => UPLOADING in 0.0610649585724
2019-06-13 09:45:53.227 2783 RALLYDEBUG rally.task.utils [-] Waiting for resource s_rally_278c4b06_vqjDwQ5D. Status changed: UPLOADING => AVAILABLE in 30.0627250671
2019-06-13 09:45:54.359 2783 RALLYDEBUG rally.task.utils [-] Waiting for resource s_rally_278c4b06_vqjDwQ5D. Status changed: AVAILABLE => DELETING in 0.365860939026
2019-06-13 09:45:57.102 2784 RALLYDEBUG rally.task.utils [-] Waiting for resource s_rally_278c4b06_5HITi1ku. Status changed: UPLOADING => AVAILABLE in 29.4062049389
2019-06-13 09:45:57.160 2783 INFO rally.task.runner [-] Task 8cad7285-7a41-4ce3-bb69-21430a9089da | ITER: 9 END: OK
2019-06-13 09:45:58.166 2784 RALLYDEBUG rally.task.utils [-] Waiting for resource s_rally_278c4b06_5HITi1ku. Status changed: AVAILABLE => DELETING in 0.064994096756
2019-06-13 09:46:01.123 2784 INFO rally.task.runner [-] Task 8cad7285-7a41-4ce3-bb69-21430a9089da | ITER: 10 END: OK
2019-06-13 09:46:01.149 1842 INFO rally.task.context [-] Task 8cad7285-7a41-4ce3-bb69-21430a9089da | Context cleanup@openstack cleanup() started
2019-06-13 09:46:01.151 1842 RALLYDEBUG rally_openstack.cleanup.manager [-] Cleaning up cinder backups objects
2019-06-13 09:46:03.520 1842 RALLYDEBUG rally_openstack.cleanup.manager [-] Cleaning up cinder volume_snapshots objects
2019-06-13 09:46:05.672 1842 RALLYDEBUG rally_openstack.cleanup.manager [-] Cleaning up cinder transfers objects
2019-06-13 09:46:07.711 1842 RALLYDEBUG rally_openstack.cleanup.manager [-] Cleaning up cinder volumes objects
2019-06-13 09:46:09.918 1842 RALLYDEBUG rally_openstack.cleanup.manager [-] Cleaning up glance images objects
2019-06-13 09:46:13.179 1842 INFO rally.task.context [-] Task 8cad7285-7a41-4ce3-bb69-21430a9089da | Context cleanup@openstack cleanup() finished in 12.03 sec
2019-06-13 09:46:13.180 1842 INFO rally.task.context [-] Task 8cad7285-7a41-4ce3-bb69-21430a9089da | Context quotas@openstack cleanup() started
2019-06-13 09:46:14.259 1842 INFO rally.task.context [-] Task 8cad7285-7a41-4ce3-bb69-21430a9089da | Context quotas@openstack cleanup() finished in 1.08 sec
2019-06-13 09:46:14.260 1842 INFO rally.task.context [-] Task 8cad7285-7a41-4ce3-bb69-21430a9089da | Context api_versions@openstack cleanup() started
2019-06-13 09:46:14.260 1842 INFO rally.task.context [-] Task 8cad7285-7a41-4ce3-bb69-21430a9089da | Context api_versions@openstack cleanup() finished in 0.34 msec
2019-06-13 09:46:14.261 1842 INFO rally.task.context [-] Task 8cad7285-7a41-4ce3-bb69-21430a9089da | Context users@openstack cleanup() started
2019-06-13 09:46:22.409 1842 INFO rally.task.context [-] Task 8cad7285-7a41-4ce3-bb69-21430a9089da | Context users@openstack cleanup() finished in 8.15 sec
2019-06-13 09:46:24.232 1842 INFO rally.task.engine [-] Load duration is: 155.567046
2019-06-13 09:46:24.232 1842 INFO rally.task.engine [-] Full runner duration is: 156.487064
2019-06-13 09:46:24.232 1842 INFO rally.task.engine [-] Full duration is: 184.815324
2019-06-13 09:46:24.489 1842 INFO rally.task.engine [-] Running workload: position = 0 config = { "version": 2, "title": "A cropped version of a bigger task.", "description": "Auto-generated task from a single workload (uuid=42069a56-7df7-496d-9b7b-5c5a3b967935)", "subtasks": [ { "title": "CinderVolumes.create_nested_snapshots_and_attach_volume", "description": "Create a volume from snapshot and attach/detach the volume", "scenario": { "CinderVolumes.create_nested_snapshots_and_attach_volume": { "flavor": { "name": "rally_full-flavor_f0990e99-e961-493e-8a77-baa2a6018f4b" }, "image": { "name": "rally_full-img_f0990e99-e961-493e-8a77-baa2a6018f4b" }, "nested_level": 1, "size": { "max": 1, "min": 1 }, "create_vm_params": { "nics": [ { "net-id": "c83e4532-1348-4731-98b9-52e904579781" } ] } } }, "contexts": { "users": { "tenants": 3, "users_per_tenant": 2 }, "quotas": { "cinder": { "gigabytes": -1, "snapshots": -1, "volumes": -1 } }, "api_versions": { "cinder": { "version": 3, "service_type": "volumev3" } } }, "runner": { "constant": { "concurrency": 4, "times": 10 } }, "hooks": [], "sla": { "failure_rate": { "max": 0 } } } ] }
2019-06-13 09:46:24.516 1842 RALLYDEBUG rally_openstack.contexts.keystone.users [-] Creating 3 tenants using 20 threads
2019-06-13 09:46:26.405 1842 RALLYDEBUG rally_openstack.contexts.keystone.users [-] Creating 6 users using 20 threads
2019-06-13 09:46:29.199 1842 INFO rally.task.context [-] Task 8cad7285-7a41-4ce3-bb69-21430a9089da | Context users@openstack setup() finished in 4.68 sec
2019-06-13 09:46:29.626 1842 INFO rally.task.context [-] Task 8cad7285-7a41-4ce3-bb69-21430a9089da | Context api_versions@openstack setup() finished in 0.43 sec
2019-06-13 09:46:31.238 1842 INFO rally.task.context [-] Task 8cad7285-7a41-4ce3-bb69-21430a9089da | Context quotas@openstack setup() finished in 1.61 sec
2019-06-13 09:46:31.239 1842 INFO rally.task.context [-] Task 8cad7285-7a41-4ce3-bb69-21430a9089da | Context cleanup@openstack setup() finished in 0.01 msec
2019-06-13 09:46:32.742 1842 DEBUG novaclient.v2.client [-] REQ: curl -g -i -X GET http://172.30.9.26:8774/v2.1/flavors/detail -H "Accept: application/json" -H "User-Agent: python-novaclient" -H "X-Auth-Token: {SHA1}8e6e18694acc202851421cbe39b1c42dee0c6736" _http_log_request /usr/lib/python2.7/site-packages/keystoneauth1/session.py:448
2019-06-13 09:46:33.051 1842 DEBUG novaclient.v2.client [-] RESP: [200] Content-Encoding: gzip Content-Length: 368 Content-Type: application/json Date: Thu, 13 Jun 2019 09:46:32 GMT OpenStack-API-Version: compute 2.1 Server: Apache Vary: OpenStack-API-Version,X-OpenStack-Nova-API-Version,Accept-Encoding X-OpenStack-Nova-API-Version: 2.1 x-compute-request-id: req-96cfde67-a963-4d14-b980-f12a5c60b352 x-openstack-request-id: req-96cfde67-a963-4d14-b980-f12a5c60b352 _http_log_response /usr/lib/python2.7/site-packages/keystoneauth1/session.py:479
2019-06-13 09:46:33.052 1842 DEBUG novaclient.v2.client [-] RESP BODY: {"flavors": [{"name": "rally_full-flavor_alt_f0990e99-e961-493e-8a77-baa2a6018f4b", "links": [{"href": "http://172.30.9.26:8774/v2.1/flavors/32c8bf57-dd44-4aad-a675-be0d3ec79a1d", "rel": "self"}, {"href": "http://172.30.9.26:8774/flavors/32c8bf57-dd44-4aad-a675-be0d3ec79a1d", "rel": "bookmark"}], "ram": 1024, "OS-FLV-DISABLED:disabled": false, "vcpus": 1, "swap": "", "os-flavor-access:is_public": true, "rxtx_factor": 1.0, "OS-FLV-EXT-DATA:ephemeral": 0, "disk": 1, "id": "32c8bf57-dd44-4aad-a675-be0d3ec79a1d"}, {"name": "rally_full-flavor_f0990e99-e961-493e-8a77-baa2a6018f4b", "links": [{"href": "http://172.30.9.26:8774/v2.1/flavors/e03f28c8-79ac-4ed7-9356-c024edfde426", "rel": "self"}, {"href": "http://172.30.9.26:8774/flavors/e03f28c8-79ac-4ed7-9356-c024edfde426", "rel": "bookmark"}], "ram": 512, "OS-FLV-DISABLED:disabled": false, "vcpus": 1, "swap": "", "os-flavor-access:is_public": true, "rxtx_factor": 1.0, "OS-FLV-EXT-DATA:ephemeral": 0, "disk": 1, "id": "e03f28c8-79ac-4ed7-9356-c024edfde426"}]} _http_log_response /usr/lib/python2.7/site-packages/keystoneauth1/session.py:511
2019-06-13 09:46:33.052 1842 DEBUG novaclient.v2.client [-] GET call to compute for http://172.30.9.26:8774/v2.1/flavors/detail used request id req-96cfde67-a963-4d14-b980-f12a5c60b352 request /usr/lib/python2.7/site-packages/keystoneauth1/session.py:844
2019-06-13 09:46:33.054 1842 RALLYDEBUG rally.task.runner [-] Starting the constant runner (task UUID: 8cad7285-7a41-4ce3-bb69-21430a9089da). timeout: 0 concurrency: 4 concurrency_per_worker: 1 times: 10 concurrency_overhead: 0 processes_to_start: 4 max_cpu_used: 16
2019-06-13 09:46:33.067 2986 RALLYDEBUG rally.task.runner [-] Starting a worker. concurrency: 1 args: {"flavor": "e03f28c8-79ac-4ed7-9356-c024edfde426", "image": "629d3e5e-d240-4ebf-aff3-0bfd361a670f", "nested_level": 1, "size": {"max": 1, "min": 1}, "create_vm_params": {"nics": [{"net-id": "c83e4532-1348-4731-98b9-52e904579781"}]}} times: 10 method_name: run timeout: 0 duration: None cls:
2019-06-13 09:46:33.069 2987 RALLYDEBUG rally.task.runner [-] Starting a worker. concurrency: 1 args: {"flavor": "e03f28c8-79ac-4ed7-9356-c024edfde426", "image": "629d3e5e-d240-4ebf-aff3-0bfd361a670f", "nested_level": 1, "size": {"max": 1, "min": 1}, "create_vm_params": {"nics": [{"net-id": "c83e4532-1348-4731-98b9-52e904579781"}]}} times: 10 method_name: run timeout: 0 duration: None cls:
2019-06-13 09:46:33.071 2988 RALLYDEBUG rally.task.runner [-] Starting a worker. concurrency: 1 args: {"flavor": "e03f28c8-79ac-4ed7-9356-c024edfde426", "image": "629d3e5e-d240-4ebf-aff3-0bfd361a670f", "nested_level": 1, "size": {"max": 1, "min": 1}, "create_vm_params": {"nics": [{"net-id": "c83e4532-1348-4731-98b9-52e904579781"}]}} times: 10 method_name: run timeout: 0 duration: None cls:
2019-06-13 09:46:33.073 2989 RALLYDEBUG rally.task.runner [-] Starting a worker. concurrency: 1 args: {"flavor": "e03f28c8-79ac-4ed7-9356-c024edfde426", "image": "629d3e5e-d240-4ebf-aff3-0bfd361a670f", "nested_level": 1, "size": {"max": 1, "min": 1}, "create_vm_params": {"nics": [{"net-id": "c83e4532-1348-4731-98b9-52e904579781"}]}} times: 10 method_name: run timeout: 0 duration: None cls:
2019-06-13 09:46:33.075 2986 INFO rally.task.runner [-] Task 8cad7285-7a41-4ce3-bb69-21430a9089da | ITER: 1 START
2019-06-13 09:46:33.078 2987 INFO rally.task.runner [-] Task 8cad7285-7a41-4ce3-bb69-21430a9089da | ITER: 2 START
2019-06-13 09:46:33.080 2988 INFO rally.task.runner [-] Task 8cad7285-7a41-4ce3-bb69-21430a9089da | ITER: 3 START
2019-06-13 09:46:33.081 2989 INFO rally.task.runner [-] Task 8cad7285-7a41-4ce3-bb69-21430a9089da | ITER: 4 START
2019-06-13 09:46:33.508 2986 DEBUG novaclient.v2.client [-] REQ: curl -g -i -X POST http://172.30.9.26:8774/v2.1/servers -H "Accept: application/json" -H "Content-Type: application/json" -H "User-Agent: python-novaclient" -H "X-Auth-Token: {SHA1}e83d04443180412d326392ad8d149dbb5b45513c" -d '{"server": {"name": "s_rally_42069a56_afU75zl5", "imageRef": "629d3e5e-d240-4ebf-aff3-0bfd361a670f", "flavorRef": "e03f28c8-79ac-4ed7-9356-c024edfde426", "max_count": 1, "min_count": 1, "networks": [{"uuid": "c83e4532-1348-4731-98b9-52e904579781"}]}}' _http_log_request /usr/lib/python2.7/site-packages/keystoneauth1/session.py:448
2019-06-13 09:46:33.517 2987 DEBUG novaclient.v2.client [-] REQ: curl -g -i -X POST http://172.30.9.26:8774/v2.1/servers -H "Accept: application/json" -H "Content-Type: application/json" -H "User-Agent: python-novaclient" -H "X-Auth-Token: {SHA1}a91380d06d728d5e9de09a5e501ad25d152511b5" -d '{"server": {"name": "s_rally_42069a56_HTaOssez", "imageRef": "629d3e5e-d240-4ebf-aff3-0bfd361a670f", "flavorRef": "e03f28c8-79ac-4ed7-9356-c024edfde426", "max_count": 1, "min_count": 1, "networks": [{"uuid": "c83e4532-1348-4731-98b9-52e904579781"}]}}' _http_log_request /usr/lib/python2.7/site-packages/keystoneauth1/session.py:448
2019-06-13 09:46:33.523 2989 DEBUG novaclient.v2.client [-] REQ: curl -g -i -X POST http://172.30.9.26:8774/v2.1/servers -H "Accept: application/json" -H "Content-Type: application/json" -H "User-Agent: python-novaclient" -H "X-Auth-Token: {SHA1}2fdeeecc7cc22c3677abbfdfcb6d0e6a75805e45" -d '{"server": {"name": "s_rally_42069a56_Wte7PvZd", "imageRef": "629d3e5e-d240-4ebf-aff3-0bfd361a670f", "flavorRef": "e03f28c8-79ac-4ed7-9356-c024edfde426", "max_count": 1, "min_count": 1, "networks": [{"uuid": "c83e4532-1348-4731-98b9-52e904579781"}]}}' _http_log_request /usr/lib/python2.7/site-packages/keystoneauth1/session.py:448
2019-06-13 09:46:33.527 2988 DEBUG novaclient.v2.client [-] REQ: curl -g -i -X POST http://172.30.9.26:8774/v2.1/servers -H "Accept: application/json" -H "Content-Type: application/json" -H "User-Agent: python-novaclient" -H "X-Auth-Token: {SHA1}e5abbef1a31fe6a7a8a8620c53c0f2284c0eb185" -d '{"server": {"name": "s_rally_42069a56_c71Hog1v", "imageRef": "629d3e5e-d240-4ebf-aff3-0bfd361a670f", "flavorRef": "e03f28c8-79ac-4ed7-9356-c024edfde426", "max_count": 1, "min_count": 1, "networks": [{"uuid": "c83e4532-1348-4731-98b9-52e904579781"}]}}' _http_log_request /usr/lib/python2.7/site-packages/keystoneauth1/session.py:448
2019-06-13 09:46:36.281 2988 DEBUG novaclient.v2.client [-] RESP: [202] Content-Length: 374 Content-Type: application/json Date: Thu, 13 Jun 2019 09:46:33 GMT OpenStack-API-Version: compute 2.1 Server: Apache Vary: OpenStack-API-Version,X-OpenStack-Nova-API-Version X-OpenStack-Nova-API-Version: 2.1 location: http://172.30.9.26:8774/v2.1/servers/fbfd0617-d194-43ff-ae9f-a5bba9aa4cda x-compute-request-id: req-5f95f759-4ba2-4546-be52-6ce98ec0c41c x-openstack-request-id: req-5f95f759-4ba2-4546-be52-6ce98ec0c41c _http_log_response /usr/lib/python2.7/site-packages/keystoneauth1/session.py:479
2019-06-13 09:46:36.282 2988 DEBUG novaclient.v2.client [-] RESP BODY: {"server": {"security_groups": [{"name": "default"}], "OS-DCF:diskConfig": "MANUAL", "id": "fbfd0617-d194-43ff-ae9f-a5bba9aa4cda", "links": [{"href": "http://172.30.9.26:8774/v2.1/servers/fbfd0617-d194-43ff-ae9f-a5bba9aa4cda", "rel": "self"}, {"href": "http://172.30.9.26:8774/servers/fbfd0617-d194-43ff-ae9f-a5bba9aa4cda", "rel": "bookmark"}], "adminPass": "8cXYeGFxi6UF"}} _http_log_response /usr/lib/python2.7/site-packages/keystoneauth1/session.py:511
2019-06-13 09:46:36.282 2988 DEBUG novaclient.v2.client [-] POST call to compute for http://172.30.9.26:8774/v2.1/servers used request id req-5f95f759-4ba2-4546-be52-6ce98ec0c41c request /usr/lib/python2.7/site-packages/keystoneauth1/session.py:844
2019-06-13 09:46:36.663 2986 DEBUG novaclient.v2.client [-] RESP: [202] Content-Length: 374 Content-Type: application/json Date: Thu, 13 Jun 2019 09:46:33 GMT OpenStack-API-Version: compute 2.1 Server: Apache Vary: OpenStack-API-Version,X-OpenStack-Nova-API-Version X-OpenStack-Nova-API-Version: 2.1 location: http://172.30.9.26:8774/v2.1/servers/cd60f35e-9134-43df-b383-88bac6ba8e53 x-compute-request-id: req-e1b3790d-1ec6-4c56-a6f1-6b06afa3bc8f x-openstack-request-id: req-e1b3790d-1ec6-4c56-a6f1-6b06afa3bc8f _http_log_response /usr/lib/python2.7/site-packages/keystoneauth1/session.py:479
2019-06-13 09:46:36.664 2986 DEBUG novaclient.v2.client [-] RESP BODY: {"server": {"security_groups": [{"name": "default"}], "OS-DCF:diskConfig": "MANUAL", "id": "cd60f35e-9134-43df-b383-88bac6ba8e53", "links": [{"href": "http://172.30.9.26:8774/v2.1/servers/cd60f35e-9134-43df-b383-88bac6ba8e53", "rel": "self"}, {"href": "http://172.30.9.26:8774/servers/cd60f35e-9134-43df-b383-88bac6ba8e53", "rel": "bookmark"}], "adminPass": "DhWw2hMrdKRa"}} _http_log_response /usr/lib/python2.7/site-packages/keystoneauth1/session.py:511
2019-06-13 09:46:36.664 2986 DEBUG novaclient.v2.client [-] POST call to compute for http://172.30.9.26:8774/v2.1/servers used request id req-e1b3790d-1ec6-4c56-a6f1-6b06afa3bc8f request /usr/lib/python2.7/site-packages/keystoneauth1/session.py:844
2019-06-13 09:46:36.845 2987 DEBUG novaclient.v2.client [-] RESP: [202] Content-Length: 374 Content-Type: application/json Date: Thu, 13 Jun 2019 09:46:33 GMT OpenStack-API-Version: compute 2.1 Server: Apache Vary: OpenStack-API-Version,X-OpenStack-Nova-API-Version X-OpenStack-Nova-API-Version: 2.1 location: http://172.30.9.26:8774/v2.1/servers/76031b86-e3c5-42c0-9eae-008e8f14fcc5 x-compute-request-id: req-77cd5a92-a798-4e60-b2c8-1a34250e2c37 x-openstack-request-id: req-77cd5a92-a798-4e60-b2c8-1a34250e2c37 _http_log_response /usr/lib/python2.7/site-packages/keystoneauth1/session.py:479
2019-06-13 09:46:36.846 2987 DEBUG novaclient.v2.client [-] RESP BODY: {"server": {"security_groups": [{"name": "default"}], "OS-DCF:diskConfig": "MANUAL", "id": "76031b86-e3c5-42c0-9eae-008e8f14fcc5", "links": [{"href": "http://172.30.9.26:8774/v2.1/servers/76031b86-e3c5-42c0-9eae-008e8f14fcc5", "rel": "self"}, {"href": "http://172.30.9.26:8774/servers/76031b86-e3c5-42c0-9eae-008e8f14fcc5", "rel": "bookmark"}], "adminPass": "Wwjw2r5w8xVK"}} _http_log_response /usr/lib/python2.7/site-packages/keystoneauth1/session.py:511
2019-06-13 09:46:36.846 2987 DEBUG novaclient.v2.client [-] POST call to compute for http://172.30.9.26:8774/v2.1/servers used request id req-77cd5a92-a798-4e60-b2c8-1a34250e2c37 request /usr/lib/python2.7/site-packages/keystoneauth1/session.py:844
2019-06-13 09:46:37.236 2989 DEBUG novaclient.v2.client [-] RESP: [202] Content-Length: 374 Content-Type: application/json Date: Thu, 13 Jun 2019 09:46:33 GMT OpenStack-API-Version: compute 2.1 Server: Apache Vary: OpenStack-API-Version,X-OpenStack-Nova-API-Version X-OpenStack-Nova-API-Version: 2.1 location: http://172.30.9.26:8774/v2.1/servers/259d2b74-0412-4f57-b640-1676c68c02b6 x-compute-request-id: req-14244e21-59e2-49e5-8abe-eb6236591136 x-openstack-request-id: req-14244e21-59e2-49e5-8abe-eb6236591136 _http_log_response /usr/lib/python2.7/site-packages/keystoneauth1/session.py:479
2019-06-13 09:46:37.237 2989 DEBUG novaclient.v2.client [-] RESP BODY: {"server": {"security_groups": [{"name": "default"}], "OS-DCF:diskConfig": "MANUAL", "id": "259d2b74-0412-4f57-b640-1676c68c02b6", "links": [{"href": "http://172.30.9.26:8774/v2.1/servers/259d2b74-0412-4f57-b640-1676c68c02b6", "rel": "self"}, {"href": "http://172.30.9.26:8774/servers/259d2b74-0412-4f57-b640-1676c68c02b6", "rel": "bookmark"}], "adminPass": "f3mwa5AyvkkK"}} _http_log_response /usr/lib/python2.7/site-packages/keystoneauth1/session.py:511
2019-06-13 09:46:37.238 2989 DEBUG novaclient.v2.client [-] POST call to compute for http://172.30.9.26:8774/v2.1/servers used request id req-14244e21-59e2-49e5-8abe-eb6236591136 request /usr/lib/python2.7/site-packages/keystoneauth1/session.py:844
2019-06-13 09:46:37.286 2988 DEBUG novaclient.v2.client [-] REQ: curl -g -i -X GET http://172.30.9.26:8774/v2.1/servers/fbfd0617-d194-43ff-ae9f-a5bba9aa4cda -H "Accept: application/json" -H "User-Agent: python-novaclient" -H "X-Auth-Token: {SHA1}e5abbef1a31fe6a7a8a8620c53c0f2284c0eb185" _http_log_request /usr/lib/python2.7/site-packages/keystoneauth1/session.py:448
2019-06-13 09:46:37.668 2986 DEBUG novaclient.v2.client [-] REQ: curl -g -i -X GET http://172.30.9.26:8774/v2.1/servers/cd60f35e-9134-43df-b383-88bac6ba8e53 -H "Accept: application/json" -H "User-Agent: python-novaclient" -H "X-Auth-Token: {SHA1}e83d04443180412d326392ad8d149dbb5b45513c" _http_log_request /usr/lib/python2.7/site-packages/keystoneauth1/session.py:448
2019-06-13 09:46:37.756 2988 DEBUG novaclient.v2.client [-] RESP: [200] Content-Encoding: gzip Content-Length: 586 Content-Type: application/json Date: Thu, 13 Jun 2019 09:46:37 GMT OpenStack-API-Version: compute 2.1 Server: Apache Vary: OpenStack-API-Version,X-OpenStack-Nova-API-Version,Accept-Encoding X-OpenStack-Nova-API-Version: 2.1 x-compute-request-id: req-ca6b19af-b2f2-4400-86e3-e2339edcc21b x-openstack-request-id: req-ca6b19af-b2f2-4400-86e3-e2339edcc21b _http_log_response /usr/lib/python2.7/site-packages/keystoneauth1/session.py:479
2019-06-13 09:46:37.756 2988 DEBUG novaclient.v2.client [-] RESP BODY: {"server": {"OS-EXT-STS:task_state": "scheduling", "addresses": {}, "links": [{"href": "http://172.30.9.26:8774/v2.1/servers/fbfd0617-d194-43ff-ae9f-a5bba9aa4cda", "rel": "self"}, {"href": "http://172.30.9.26:8774/servers/fbfd0617-d194-43ff-ae9f-a5bba9aa4cda", "rel": "bookmark"}], "image": {"id": "629d3e5e-d240-4ebf-aff3-0bfd361a670f", "links": [{"href": "http://172.30.9.26:8774/images/629d3e5e-d240-4ebf-aff3-0bfd361a670f", "rel": "bookmark"}]}, "OS-EXT-STS:vm_state": "building", "OS-SRV-USG:launched_at": null, "flavor": {"id": "e03f28c8-79ac-4ed7-9356-c024edfde426", "links": [{"href": "http://172.30.9.26:8774/flavors/e03f28c8-79ac-4ed7-9356-c024edfde426", "rel": "bookmark"}]}, "id": "fbfd0617-d194-43ff-ae9f-a5bba9aa4cda", "user_id": "f04727ae63cd405c97161234a7fdaa6a", "OS-DCF:diskConfig": "MANUAL", "accessIPv4": "", "accessIPv6": "", "progress": 0, "OS-EXT-STS:power_state": 0, "OS-EXT-AZ:availability_zone": "", "config_drive": "", "status": "BUILD", "updated": "2019-06-13T09:46:37Z", "hostId": "", "OS-SRV-USG:terminated_at": null, "key_name": null, "name": "s_rally_42069a56_c71Hog1v", "created": "2019-06-13T09:46:36Z", "tenant_id": "3b6754b86acb47c5872f2564deddf9c2", "os-extended-volumes:volumes_attached": [], "metadata": {}}} _http_log_response /usr/lib/python2.7/site-packages/keystoneauth1/session.py:511
2019-06-13 09:46:37.757 2988 DEBUG novaclient.v2.client [-] GET call to compute for http://172.30.9.26:8774/v2.1/servers/fbfd0617-d194-43ff-ae9f-a5bba9aa4cda used request id req-ca6b19af-b2f2-4400-86e3-e2339edcc21b request /usr/lib/python2.7/site-packages/keystoneauth1/session.py:844
2019-06-13 09:46:37.758 2988 DEBUG novaclient.v2.client [-] REQ: curl -g -i -X GET http://172.30.9.26:8774/v2.1/servers/fbfd0617-d194-43ff-ae9f-a5bba9aa4cda -H "Accept: application/json" -H "User-Agent: python-novaclient" -H "X-Auth-Token: {SHA1}e5abbef1a31fe6a7a8a8620c53c0f2284c0eb185" _http_log_request /usr/lib/python2.7/site-packages/keystoneauth1/session.py:448
2019-06-13 09:46:37.849 2987 DEBUG novaclient.v2.client [-] REQ: curl -g -i -X GET http://172.30.9.26:8774/v2.1/servers/76031b86-e3c5-42c0-9eae-008e8f14fcc5 -H "Accept: application/json" -H "User-Agent: python-novaclient" -H "X-Auth-Token: {SHA1}a91380d06d728d5e9de09a5e501ad25d152511b5" _http_log_request /usr/lib/python2.7/site-packages/keystoneauth1/session.py:448
2019-06-13 09:46:38.240 2986 DEBUG novaclient.v2.client [-] RESP: [200] Content-Encoding: gzip Content-Length: 586 Content-Type: application/json Date: Thu, 13 Jun 2019 09:46:37 GMT OpenStack-API-Version: compute 2.1 Server: Apache Vary: OpenStack-API-Version,X-OpenStack-Nova-API-Version,Accept-Encoding X-OpenStack-Nova-API-Version: 2.1 x-compute-request-id: req-980ea15b-d27c-4ee6-a42c-429b6156eea5 x-openstack-request-id: req-980ea15b-d27c-4ee6-a42c-429b6156eea5 _http_log_response /usr/lib/python2.7/site-packages/keystoneauth1/session.py:479
2019-06-13 09:46:38.241 2986 DEBUG novaclient.v2.client [-] RESP BODY: {"server": {"OS-EXT-STS:task_state": "scheduling", "addresses": {}, "links": [{"href": "http://172.30.9.26:8774/v2.1/servers/cd60f35e-9134-43df-b383-88bac6ba8e53", "rel": "self"}, {"href": "http://172.30.9.26:8774/servers/cd60f35e-9134-43df-b383-88bac6ba8e53", "rel": "bookmark"}], "image": {"id": "629d3e5e-d240-4ebf-aff3-0bfd361a670f", "links": [{"href": "http://172.30.9.26:8774/images/629d3e5e-d240-4ebf-aff3-0bfd361a670f", "rel": "bookmark"}]}, "OS-EXT-STS:vm_state": "building", "OS-SRV-USG:launched_at": null, "flavor": {"id": "e03f28c8-79ac-4ed7-9356-c024edfde426", "links": [{"href": "http://172.30.9.26:8774/flavors/e03f28c8-79ac-4ed7-9356-c024edfde426", "rel": "bookmark"}]}, "id": "cd60f35e-9134-43df-b383-88bac6ba8e53", "user_id": "554d2f3586b542ed9ccbb286b2d86fc9", "OS-DCF:diskConfig": "MANUAL", "accessIPv4": "", "accessIPv6": "", "progress": 0, "OS-EXT-STS:power_state": 0, "OS-EXT-AZ:availability_zone": "", "config_drive": "", "status": "BUILD", "updated": "2019-06-13T09:46:37Z", "hostId": "", "OS-SRV-USG:terminated_at": null, "key_name": null, "name": "s_rally_42069a56_afU75zl5", "created": "2019-06-13T09:46:36Z", "tenant_id": "3b6754b86acb47c5872f2564deddf9c2", "os-extended-volumes:volumes_attached": [], "metadata": {}}} _http_log_response /usr/lib/python2.7/site-packages/keystoneauth1/session.py:511
2019-06-13 09:46:38.241 2989 DEBUG novaclient.v2.client [-] REQ: curl -g -i -X GET http://172.30.9.26:8774/v2.1/servers/259d2b74-0412-4f57-b640-1676c68c02b6 -H "Accept: application/json" -H "User-Agent: python-novaclient" -H "X-Auth-Token: {SHA1}2fdeeecc7cc22c3677abbfdfcb6d0e6a75805e45" _http_log_request /usr/lib/python2.7/site-packages/keystoneauth1/session.py:448
2019-06-13 09:46:38.241 2986 DEBUG novaclient.v2.client [-] GET call to compute for http://172.30.9.26:8774/v2.1/servers/cd60f35e-9134-43df-b383-88bac6ba8e53 used request id req-980ea15b-d27c-4ee6-a42c-429b6156eea5 request /usr/lib/python2.7/site-packages/keystoneauth1/session.py:844
2019-06-13 09:46:38.243 2986 DEBUG novaclient.v2.client [-] REQ: curl -g -i -X GET http://172.30.9.26:8774/v2.1/servers/cd60f35e-9134-43df-b383-88bac6ba8e53 -H "Accept: application/json" -H "User-Agent: python-novaclient" -H "X-Auth-Token: {SHA1}e83d04443180412d326392ad8d149dbb5b45513c" _http_log_request /usr/lib/python2.7/site-packages/keystoneauth1/session.py:448
2019-06-13 09:46:38.486 2988 DEBUG novaclient.v2.client [-] RESP: [200] Content-Encoding: gzip Content-Length: 621 Content-Type: application/json Date: Thu, 13 Jun 2019 09:46:37 GMT OpenStack-API-Version: compute 2.1 Server: Apache Vary: OpenStack-API-Version,X-OpenStack-Nova-API-Version,Accept-Encoding X-OpenStack-Nova-API-Version: 2.1 x-compute-request-id: req-cd07db79-c422-4c1d-83ea-626f6b9ea6b6 x-openstack-request-id: req-cd07db79-c422-4c1d-83ea-626f6b9ea6b6 _http_log_response /usr/lib/python2.7/site-packages/keystoneauth1/session.py:479
2019-06-13 09:46:38.486 2988 DEBUG novaclient.v2.client [-] RESP BODY: {"server": {"OS-EXT-STS:task_state": null, "addresses": {}, "links": [{"href": "http://172.30.9.26:8774/v2.1/servers/fbfd0617-d194-43ff-ae9f-a5bba9aa4cda", "rel": "self"}, {"href": "http://172.30.9.26:8774/servers/fbfd0617-d194-43ff-ae9f-a5bba9aa4cda", "rel": "bookmark"}], "image": {"id": "629d3e5e-d240-4ebf-aff3-0bfd361a670f", "links": [{"href": "http://172.30.9.26:8774/images/629d3e5e-d240-4ebf-aff3-0bfd361a670f", "rel": "bookmark"}]}, "OS-EXT-STS:vm_state": "building", "OS-SRV-USG:launched_at": null, "flavor": {"id": "e03f28c8-79ac-4ed7-9356-c024edfde426", "links": [{"href": "http://172.30.9.26:8774/flavors/e03f28c8-79ac-4ed7-9356-c024edfde426", "rel": "bookmark"}]}, "id": "fbfd0617-d194-43ff-ae9f-a5bba9aa4cda", "user_id": "f04727ae63cd405c97161234a7fdaa6a", "OS-DCF:diskConfig": "MANUAL", "accessIPv4": "", "accessIPv6": "", "progress": 0, "OS-EXT-STS:power_state": 0, "OS-EXT-AZ:availability_zone": "nova", "config_drive": "", "status": "BUILD", "updated": "2019-06-13T09:46:37Z", "hostId": "0a674844c1b437e9e4cca7e99f75ce7abd8d59114a19c03550b29f9e", "OS-SRV-USG:terminated_at": null, "key_name": null, "name": "s_rally_42069a56_c71Hog1v", "created": "2019-06-13T09:46:36Z", "tenant_id": "3b6754b86acb47c5872f2564deddf9c2", "os-extended-volumes:volumes_attached": [], "metadata": {}}} _http_log_response /usr/lib/python2.7/site-packages/keystoneauth1/session.py:511
2019-06-13 09:46:38.487 2988 DEBUG novaclient.v2.client [-] GET call to compute for http://172.30.9.26:8774/v2.1/servers/fbfd0617-d194-43ff-ae9f-a5bba9aa4cda used request id req-cd07db79-c422-4c1d-83ea-626f6b9ea6b6 request /usr/lib/python2.7/site-packages/keystoneauth1/session.py:844
2019-06-13 09:46:38.639 2987 DEBUG novaclient.v2.client [-] RESP: [200] Content-Encoding: gzip Content-Length: 593 Content-Type: application/json Date: Thu, 13 Jun 2019 09:46:37 GMT OpenStack-API-Version: compute 2.1 Server: Apache Vary: OpenStack-API-Version,X-OpenStack-Nova-API-Version,Accept-Encoding X-OpenStack-Nova-API-Version: 2.1 x-compute-request-id: req-b5fa371b-e658-4c9b-a2bb-06e820a9d4d4 x-openstack-request-id: req-b5fa371b-e658-4c9b-a2bb-06e820a9d4d4 _http_log_response /usr/lib/python2.7/site-packages/keystoneauth1/session.py:479
2019-06-13 09:46:38.639 2987 DEBUG novaclient.v2.client [-] RESP BODY: {"server": {"OS-EXT-STS:task_state": "scheduling", "addresses": {}, "links": [{"href": "http://172.30.9.26:8774/v2.1/servers/76031b86-e3c5-42c0-9eae-008e8f14fcc5", "rel": "self"}, {"href": "http://172.30.9.26:8774/servers/76031b86-e3c5-42c0-9eae-008e8f14fcc5", "rel": "bookmark"}], "image": {"id": "629d3e5e-d240-4ebf-aff3-0bfd361a670f", "links": [{"href": "http://172.30.9.26:8774/images/629d3e5e-d240-4ebf-aff3-0bfd361a670f", "rel": "bookmark"}]}, "OS-EXT-STS:vm_state": "building", "OS-SRV-USG:launched_at": null, "flavor": {"id": "e03f28c8-79ac-4ed7-9356-c024edfde426", "links": [{"href": "http://172.30.9.26:8774/flavors/e03f28c8-79ac-4ed7-9356-c024edfde426", "rel": "bookmark"}]}, "id": "76031b86-e3c5-42c0-9eae-008e8f14fcc5", "user_id": "8000e85eb24544eb9623f7c7c18b4054", "OS-DCF:diskConfig": "MANUAL", "accessIPv4": "", "accessIPv6": "", "progress": 0, "OS-EXT-STS:power_state": 0, "OS-EXT-AZ:availability_zone": "nova", "config_drive": "", "status": "BUILD", "updated": "2019-06-13T09:46:37Z", "hostId": "", "OS-SRV-USG:terminated_at": null, "key_name": null, "name": "s_rally_42069a56_HTaOssez", "created": "2019-06-13T09:46:36Z", "tenant_id": "615c4c48bd554cc2a55efb462ae5fd8d", "os-extended-volumes:volumes_attached": [], "metadata": {}}} _http_log_response /usr/lib/python2.7/site-packages/keystoneauth1/session.py:511
2019-06-13 09:46:38.640 2987 DEBUG novaclient.v2.client [-] GET call to compute for http://172.30.9.26:8774/v2.1/servers/76031b86-e3c5-42c0-9eae-008e8f14fcc5 used request id req-b5fa371b-e658-4c9b-a2bb-06e820a9d4d4 request /usr/lib/python2.7/site-packages/keystoneauth1/session.py:844
2019-06-13 09:46:38.641 2987 DEBUG novaclient.v2.client [-] REQ: curl -g -i -X GET http://172.30.9.26:8774/v2.1/servers/76031b86-e3c5-42c0-9eae-008e8f14fcc5 -H "Accept: application/json" -H "User-Agent: python-novaclient" -H "X-Auth-Token: {SHA1}a91380d06d728d5e9de09a5e501ad25d152511b5" _http_log_request /usr/lib/python2.7/site-packages/keystoneauth1/session.py:448
2019-06-13 09:46:38.841 2989 DEBUG novaclient.v2.client [-] RESP: [200] Content-Encoding: gzip Content-Length: 587 Content-Type: application/json Date: Thu, 13 Jun 2019 09:46:38 GMT OpenStack-API-Version: compute 2.1 Server: Apache Vary: OpenStack-API-Version,X-OpenStack-Nova-API-Version,Accept-Encoding X-OpenStack-Nova-API-Version: 2.1 x-compute-request-id: req-b592f548-2d60-41cf-b845-7fb657ea140a x-openstack-request-id: req-b592f548-2d60-41cf-b845-7fb657ea140a _http_log_response /usr/lib/python2.7/site-packages/keystoneauth1/session.py:479
