2019-06-13 09:58:02.237 4725 INFO rally.task.runner [-] Task 8cad7285-7a41-4ce3-bb69-21430a9089da | ITER: 4 START
2019-06-13 09:58:06.610 4724 RALLYDEBUG rally.task.utils [-] Waiting for resource s_rally_6a971fb3_WQnPywm4. Status changed: AVAILABLE => EXTENDING in 0.242436885834
2019-06-13 09:58:07.354 4722 RALLYDEBUG rally.task.utils [-] Waiting for resource s_rally_6a971fb3_87mvoOjt. Status changed: AVAILABLE => DELETING in 0.362524032593
2019-06-13 09:58:07.471 4723 RALLYDEBUG rally.task.utils [-] Waiting for resource s_rally_6a971fb3_cFi3uWfU. Status changed: AVAILABLE => DELETING in 0.269582033157
2019-06-13 09:58:07.886 4725 RALLYDEBUG rally.task.utils [-] Waiting for resource s_rally_6a971fb3_RRIlsvxs. Status changed: AVAILABLE => DELETING in 0.264443874359
2019-06-13 09:58:08.972 4724 RALLYDEBUG rally.task.utils [-] Waiting for resource s_rally_6a971fb3_WQnPywm4. Status changed: EXTENDING => AVAILABLE in 2.36175513268
2019-06-13 09:58:09.137 4724 RALLYDEBUG rally.task.utils [-] Waiting for resource s_rally_6a971fb3_WQnPywm4. Status changed: AVAILABLE => DELETING in 0.052255153656
2019-06-13 09:58:09.668 4722 INFO rally.task.runner [-] Task 8cad7285-7a41-4ce3-bb69-21430a9089da | ITER: 2 END: OK
2019-06-13 09:58:09.673 4722 INFO rally.task.runner [-] Task 8cad7285-7a41-4ce3-bb69-21430a9089da | ITER: 5 START
2019-06-13 09:58:09.696 4723 INFO rally.task.runner [-] Task 8cad7285-7a41-4ce3-bb69-21430a9089da | ITER: 1 END: OK
2019-06-13 09:58:09.702 4723 INFO rally.task.runner [-] Task 8cad7285-7a41-4ce3-bb69-21430a9089da | ITER: 6 START
2019-06-13 09:58:10.142 4725 INFO rally.task.runner [-] Task 8cad7285-7a41-4ce3-bb69-21430a9089da | ITER: 4 END: OK
2019-06-13 09:58:10.147 4725 INFO rally.task.runner [-] Task 8cad7285-7a41-4ce3-bb69-21430a9089da | ITER: 7 START
2019-06-13 09:58:11.471 4724 INFO rally.task.runner [-] Task 8cad7285-7a41-4ce3-bb69-21430a9089da | ITER: 3 END: OK
2019-06-13 09:58:11.476 4724 INFO rally.task.runner [-] Task 8cad7285-7a41-4ce3-bb69-21430a9089da | ITER: 8 START
2019-06-13 09:58:14.498 4723 RALLYDEBUG rally.task.utils [-] Waiting for resource s_rally_6a971fb3_eEZLuWfS. Status changed: AVAILABLE => DELETING in 0.267328977585
2019-06-13 09:58:14.553 4725 RALLYDEBUG rally.task.utils [-] Waiting for resource s_rally_6a971fb3_v2TnQmR5. Status changed: AVAILABLE => EXTENDING in 0.252420902252
2019-06-13 09:58:14.561 4722 RALLYDEBUG rally.task.utils [-] Waiting for resource s_rally_6a971fb3_yilOnWSH. Status changed: AVAILABLE => DELETING in 0.264092922211
2019-06-13 09:58:16.426 4724 INFO rally.task.runner [-] Task 8cad7285-7a41-4ce3-bb69-21430a9089da | ITER: 8 END: OK
2019-06-13 09:58:16.432 4724 INFO rally.task.runner [-] Task 8cad7285-7a41-4ce3-bb69-21430a9089da | ITER: 9 START
2019-06-13 09:58:16.802 4723 INFO rally.task.runner [-] Task 8cad7285-7a41-4ce3-bb69-21430a9089da | ITER: 6 END: OK
2019-06-13 09:58:16.804 4725 RALLYDEBUG rally.task.utils [-] Waiting for resource s_rally_6a971fb3_v2TnQmR5. Status changed: EXTENDING => AVAILABLE in 2.25129699707
2019-06-13 09:58:16.807 4723 INFO rally.task.runner [-] Task 8cad7285-7a41-4ce3-bb69-21430a9089da | ITER: 10 START
2019-06-13 09:58:16.811 4722 INFO rally.task.runner [-] Task 8cad7285-7a41-4ce3-bb69-21430a9089da | ITER: 5 END: OK
2019-06-13 09:58:17.397 4725 INFO rally.task.runner [-] Task 8cad7285-7a41-4ce3-bb69-21430a9089da | ITER: 7 END: OK
2019-06-13 09:58:20.648 4724 RALLYDEBUG rally.task.utils [-] Waiting for resource s_rally_6a971fb3_yPVYnDtt. Status changed: AVAILABLE => EXTENDING in 0.0603609085083
2019-06-13 09:58:21.901 4723 INFO rally.task.runner [-] Task 8cad7285-7a41-4ce3-bb69-21430a9089da | ITER: 10 END: OK
2019-06-13 09:58:23.002 4724 RALLYDEBUG rally.task.utils [-] Waiting for resource s_rally_6a971fb3_yPVYnDtt. Status changed: EXTENDING => AVAILABLE in 2.35342812538
2019-06-13 09:58:23.613 4724 INFO rally.task.runner [-] Task 8cad7285-7a41-4ce3-bb69-21430a9089da | ITER: 9 END: OK
2019-06-13 09:58:23.639 1842 INFO rally.task.context [-] Task 8cad7285-7a41-4ce3-bb69-21430a9089da | Context cleanup@openstack cleanup() started
2019-06-13 09:58:23.641 1842 RALLYDEBUG rally_openstack.cleanup.manager [-] Cleaning up cinder backups objects
2019-06-13 09:58:25.927 1842 RALLYDEBUG rally_openstack.cleanup.manager [-] Cleaning up cinder volume_snapshots objects
2019-06-13 09:58:28.191 1842 RALLYDEBUG rally_openstack.cleanup.manager [-] Cleaning up cinder transfers objects
2019-06-13 09:58:30.290 1842 RALLYDEBUG rally_openstack.cleanup.manager [-] Cleaning up cinder volumes objects
2019-06-13 09:58:32.602 1842 INFO rally.task.context [-] Task 8cad7285-7a41-4ce3-bb69-21430a9089da | Context cleanup@openstack cleanup() finished in 8.96 sec
2019-06-13 09:58:32.602 1842 INFO rally.task.context [-] Task 8cad7285-7a41-4ce3-bb69-21430a9089da | Context quotas@openstack cleanup() started
2019-06-13 09:58:33.449 1842 INFO rally.task.context [-] Task 8cad7285-7a41-4ce3-bb69-21430a9089da | Context quotas@openstack cleanup() finished in 0.85 sec
2019-06-13 09:58:33.450 1842 INFO rally.task.context [-] Task 8cad7285-7a41-4ce3-bb69-21430a9089da | Context api_versions@openstack cleanup() started
2019-06-13 09:58:33.450 1842 INFO rally.task.context [-] Task 8cad7285-7a41-4ce3-bb69-21430a9089da | Context api_versions@openstack cleanup() finished in 0.31 msec
2019-06-13 09:58:33.450 1842 INFO rally.task.context [-] Task 8cad7285-7a41-4ce3-bb69-21430a9089da | Context users@openstack cleanup() started
2019-06-13 09:58:41.905 1842 INFO rally.task.context [-] Task 8cad7285-7a41-4ce3-bb69-21430a9089da | Context users@openstack cleanup() finished in 8.45 sec
2019-06-13 09:58:43.474 1842 INFO rally.task.engine [-] Load duration is: 21.384248
2019-06-13 09:58:43.474 1842 INFO rally.task.engine [-] Full runner duration is: 21.429637
2019-06-13 09:58:43.475 1842 INFO rally.task.engine [-] Full duration is: 46.632736
2019-06-13 09:58:43.714 1842 INFO rally.task.engine [-] Running workload: position = 0 config = { "version": 2, "title": "A cropped version of a bigger task.", "description": "Auto-generated task from a single workload (uuid=10446c53-f2be-4862-b843-197120a82351)", "subtasks": [ { "title": "CinderVolumes.create_from_volume_and_delete_volume", "description": "Create volume from volume and then delete it.", "scenario": { "CinderVolumes.create_from_volume_and_delete_volume": { "size": 1 } }, "contexts": { "users": { "tenants": 3, "users_per_tenant": 2 }, "quotas": { "cinder": { "gigabytes": -1, "snapshots": -1, "volumes": -1 } }, "api_versions": { "cinder": { "version": 3, "service_type": "volumev3" } }, "volumes": { "size": 1, "volumes_per_tenant": 1 } }, "runner": { "constant": { "concurrency": 4, "times": 10 } }, "hooks": [], "sla": { "failure_rate": { "max": 0 } } } ] }
2019-06-13 09:58:43.739 1842 RALLYDEBUG rally_openstack.contexts.keystone.users [-] Creating 3 tenants using 20 threads
2019-06-13 09:58:45.643 1842 RALLYDEBUG rally_openstack.contexts.keystone.users [-] Creating 6 users using 20 threads
2019-06-13 09:58:48.382 1842 INFO rally.task.context [-] Task 8cad7285-7a41-4ce3-bb69-21430a9089da | Context users@openstack setup() finished in 4.64 sec
2019-06-13 09:58:48.814 1842 INFO rally.task.context [-] Task 8cad7285-7a41-4ce3-bb69-21430a9089da | Context api_versions@openstack setup() finished in 0.43 sec
2019-06-13 09:58:50.511 1842 INFO rally.task.context [-] Task 8cad7285-7a41-4ce3-bb69-21430a9089da | Context quotas@openstack setup() finished in 1.70 sec
2019-06-13 09:59:01.615 1842 INFO rally.task.context [-] Task 8cad7285-7a41-4ce3-bb69-21430a9089da | Context volumes@openstack setup() finished in 11.10 sec
2019-06-13 09:59:01.615 1842 INFO rally.task.context [-] Task 8cad7285-7a41-4ce3-bb69-21430a9089da | Context cleanup@openstack setup() finished in 0.01 msec
2019-06-13 09:59:01.623 1842 RALLYDEBUG rally.task.runner [-] Starting the constant runner (task UUID: 8cad7285-7a41-4ce3-bb69-21430a9089da). timeout: 0 concurrency: 4 concurrency_per_worker: 1 times: 10 concurrency_overhead: 0 processes_to_start: 4 max_cpu_used: 16
2019-06-13 09:59:01.635 4906 RALLYDEBUG rally.task.runner [-] Starting a worker. concurrency: 1 args: {"size": 1} times: 10 method_name: run timeout: 0 duration: None cls:
2019-06-13 09:59:01.639 4907 RALLYDEBUG rally.task.runner [-] Starting a worker. concurrency: 1 args: {"size": 1} times: 10 method_name: run timeout: 0 duration: None cls:
2019-06-13 09:59:01.642 4908 RALLYDEBUG rally.task.runner [-] Starting a worker. concurrency: 1 args: {"size": 1} times: 10 method_name: run timeout: 0 duration: None cls:
2019-06-13 09:59:01.645 4906 INFO rally.task.runner [-] Task 8cad7285-7a41-4ce3-bb69-21430a9089da | ITER: 1 START
2019-06-13 09:59:01.648 4909 RALLYDEBUG rally.task.runner [-] Starting a worker. concurrency: 1 args: {"size": 1} times: 10 method_name: run timeout: 0 duration: None cls:
2019-06-13 09:59:01.650 4907 INFO rally.task.runner [-] Task 8cad7285-7a41-4ce3-bb69-21430a9089da | ITER: 2 START
2019-06-13 09:59:01.652 4908 INFO rally.task.runner [-] Task 8cad7285-7a41-4ce3-bb69-21430a9089da | ITER: 3 START
2019-06-13 09:59:01.655 4909 INFO rally.task.runner [-] Task 8cad7285-7a41-4ce3-bb69-21430a9089da | ITER: 4 START
2019-06-13 09:59:07.682 4909 RALLYDEBUG rally.task.utils [-] Waiting for resource s_rally_10446c53_2ftAv7Vn. Status changed: CREATING => AVAILABLE in 2.75900101662
2019-06-13 09:59:07.829 4906 RALLYDEBUG rally.task.utils [-] Waiting for resource s_rally_10446c53_SG1WmSre. Status changed: CREATING => AVAILABLE in 2.91853117943
2019-06-13 09:59:07.872 4907 RALLYDEBUG rally.task.utils [-] Waiting for resource s_rally_10446c53_uJLtIumc. Status changed: CREATING => AVAILABLE in 2.97235703468
2019-06-13 09:59:07.999 4908 RALLYDEBUG rally.task.utils [-] Waiting for resource s_rally_10446c53_lNbdBjNv. Status changed: CREATING => AVAILABLE in 3.04968190193
2019-06-13 09:59:08.346 4909 RALLYDEBUG rally.task.utils [-] Waiting for resource s_rally_10446c53_2ftAv7Vn. Status changed: AVAILABLE => DELETING in 0.269361972809
2019-06-13 09:59:08.487 4907 RALLYDEBUG rally.task.utils [-] Waiting for resource s_rally_10446c53_uJLtIumc. Status changed: AVAILABLE => DELETING in 0.255474090576
2019-06-13 09:59:08.547 4906 RALLYDEBUG rally.task.utils [-] Waiting for resource s_rally_10446c53_SG1WmSre. Status changed: AVAILABLE => DELETING in 0.346961021423
2019-06-13 09:59:08.706 4908 RALLYDEBUG rally.task.utils [-] Waiting for resource s_rally_10446c53_lNbdBjNv. Status changed: AVAILABLE => DELETING in 0.342719078064
2019-06-13 09:59:12.912 4909 INFO rally.task.runner [-] Task 8cad7285-7a41-4ce3-bb69-21430a9089da | ITER: 4 END: OK
2019-06-13 09:59:12.917 4909 INFO rally.task.runner [-] Task 8cad7285-7a41-4ce3-bb69-21430a9089da | ITER: 5 START
2019-06-13 09:59:13.061 4907 INFO rally.task.runner [-] Task 8cad7285-7a41-4ce3-bb69-21430a9089da | ITER: 2 END: OK
2019-06-13 09:59:13.067 4907 INFO rally.task.runner [-] Task 8cad7285-7a41-4ce3-bb69-21430a9089da | ITER: 6 START
2019-06-13 09:59:13.184 4908 INFO rally.task.runner [-] Task 8cad7285-7a41-4ce3-bb69-21430a9089da | ITER: 3 END: OK
2019-06-13 09:59:13.189 4908 INFO rally.task.runner [-] Task 8cad7285-7a41-4ce3-bb69-21430a9089da | ITER: 7 START
2019-06-13 09:59:13.203 4906 INFO rally.task.runner [-] Task 8cad7285-7a41-4ce3-bb69-21430a9089da | ITER: 1 END: OK
2019-06-13 09:59:13.208 4906 INFO rally.task.runner [-] Task 8cad7285-7a41-4ce3-bb69-21430a9089da | ITER: 8 START
2019-06-13 09:59:17.523 4907 RALLYDEBUG rally.task.utils [-] Waiting for resource s_rally_10446c53_9bRC4x7e. Status changed: AVAILABLE => DELETING in 0.351371049881
2019-06-13 09:59:18.910 4909 RALLYDEBUG rally.task.utils [-] Waiting for resource s_rally_10446c53_cUrWmjoz. Status changed: CREATING => AVAILABLE in 2.8427529335
2019-06-13 09:59:19.136 4908 RALLYDEBUG rally.task.utils [-] Waiting for resource s_rally_10446c53_oROXM93A. Status changed: CREATING => AVAILABLE in 2.87087488174
2019-06-13 09:59:19.520 4906 RALLYDEBUG rally.task.utils [-] Waiting for resource s_rally_10446c53_R9RE17ch. Status changed: CREATING => AVAILABLE in 3.21348500252
2019-06-13 09:59:19.600 4909 RALLYDEBUG rally.task.utils [-] Waiting for resource s_rally_10446c53_cUrWmjoz. Status changed: AVAILABLE => DELETING in 0.326586008072
2019-06-13 09:59:19.844 4907 INFO rally.task.runner [-] Task 8cad7285-7a41-4ce3-bb69-21430a9089da | ITER: 6 END: OK
2019-06-13 09:59:19.849 4907 INFO rally.task.runner [-] Task 8cad7285-7a41-4ce3-bb69-21430a9089da | ITER: 9 START
2019-06-13 09:59:19.875 4908 RALLYDEBUG rally.task.utils [-] Waiting for resource s_rally_10446c53_oROXM93A. Status changed: AVAILABLE => DELETING in 0.368680953979
2019-06-13 09:59:20.165 4906 RALLYDEBUG rally.task.utils [-] Waiting for resource s_rally_10446c53_R9RE17ch. Status changed: AVAILABLE => DELETING in 0.364749908447
2019-06-13 09:59:21.638 4909 INFO rally.task.runner [-] Task 8cad7285-7a41-4ce3-bb69-21430a9089da | ITER: 5 END: OK
2019-06-13 09:59:21.643 4909 INFO rally.task.runner [-] Task 8cad7285-7a41-4ce3-bb69-21430a9089da | ITER: 10 START
2019-06-13 09:59:22.105 4908 INFO rally.task.runner [-] Task 8cad7285-7a41-4ce3-bb69-21430a9089da | ITER: 7 END: OK
2019-06-13 09:59:23.599 4907 RALLYDEBUG rally.task.utils [-] Waiting for resource s_rally_10446c53_LWdbVkja. Status changed: CREATING => AVAILABLE in 0.691201925278
2019-06-13 09:59:24.307 4907 RALLYDEBUG rally.task.utils [-] Waiting for resource s_rally_10446c53_LWdbVkja. Status changed: AVAILABLE => DELETING in 0.332840919495
2019-06-13 09:59:24.859 4906 INFO rally.task.runner [-] Task 8cad7285-7a41-4ce3-bb69-21430a9089da | ITER: 8 END: OK
2019-06-13 09:59:26.272 4909 RALLYDEBUG rally.task.utils [-] Waiting for resource s_rally_10446c53_ZkoqEZvU. Status changed: AVAILABLE => DELETING in 0.340521812439
2019-06-13 09:59:26.665 4907 INFO rally.task.runner [-] Task 8cad7285-7a41-4ce3-bb69-21430a9089da | ITER: 9 END: OK
2019-06-13 09:59:28.584 4909 INFO rally.task.runner [-] Task 8cad7285-7a41-4ce3-bb69-21430a9089da | ITER: 10 END: OK
2019-06-13 09:59:28.607 1842 INFO rally.task.context [-] Task 8cad7285-7a41-4ce3-bb69-21430a9089da | Context cleanup@openstack cleanup() started
2019-06-13 09:59:28.610 1842 RALLYDEBUG rally_openstack.cleanup.manager [-] Cleaning up cinder backups objects
2019-06-13 09:59:30.846 1842 RALLYDEBUG rally_openstack.cleanup.manager [-] Cleaning up cinder volume_snapshots objects
2019-06-13 09:59:33.192 1842 RALLYDEBUG rally_openstack.cleanup.manager [-] Cleaning up cinder transfers objects
2019-06-13 09:59:35.324 1842 RALLYDEBUG rally_openstack.cleanup.manager [-] Cleaning up cinder volumes objects
2019-06-13 09:59:37.692 1842 INFO rally.task.context [-] Task 8cad7285-7a41-4ce3-bb69-21430a9089da | Context cleanup@openstack cleanup() finished in 9.08 sec
2019-06-13 09:59:37.692 1842 INFO rally.task.context [-] Task 8cad7285-7a41-4ce3-bb69-21430a9089da | Context volumes@openstack cleanup() started
2019-06-13 09:59:37.693 1842 RALLYDEBUG rally_openstack.cleanup.manager [-] Cleaning up cinder volumes objects
2019-06-13 09:59:40.008 1842 RALLYDEBUG rally_openstack.cleanup.manager [-] Deleting cinder.volumes object c_rally_10446c53_oNVXVNrg (62e64b9d-10c9-44bc-af45-d150b3d71f6d)
2019-06-13 09:59:40.009 1842 RALLYDEBUG rally_openstack.cleanup.manager [-] Deleting cinder.volumes object c_rally_10446c53_eGUs2d6I (bcf1dba1-accf-4911-b879-787935329986)
2019-06-13 09:59:40.017 1842 RALLYDEBUG rally_openstack.cleanup.manager [-] Deleting cinder.volumes object c_rally_10446c53_dLBrLu5T (df76856b-e0b0-49f4-a310-4f3133d93ce7)
2019-06-13 09:59:43.573 1842 INFO rally.task.context [-] Task 8cad7285-7a41-4ce3-bb69-21430a9089da | Context volumes@openstack cleanup() finished in 5.88 sec
2019-06-13 09:59:43.574 1842 INFO rally.task.context [-] Task 8cad7285-7a41-4ce3-bb69-21430a9089da | Context quotas@openstack cleanup() started
2019-06-13 09:59:44.312 1842 INFO rally.task.context [-] Task 8cad7285-7a41-4ce3-bb69-21430a9089da | Context quotas@openstack cleanup() finished in 0.74 sec
2019-06-13 09:59:44.312 1842 INFO rally.task.context [-] Task 8cad7285-7a41-4ce3-bb69-21430a9089da | Context api_versions@openstack cleanup() started
2019-06-13 09:59:44.313 1842 INFO rally.task.context [-] Task 8cad7285-7a41-4ce3-bb69-21430a9089da | Context api_versions@openstack cleanup() finished in 0.30 msec
2019-06-13 09:59:44.313 1842 INFO rally.task.context [-] Task 8cad7285-7a41-4ce3-bb69-21430a9089da | Context users@openstack cleanup() started
2019-06-13 09:59:52.762 1842 INFO rally.task.context [-] Task 8cad7285-7a41-4ce3-bb69-21430a9089da | Context users@openstack cleanup() finished in 8.45 sec
2019-06-13 09:59:54.033 1842 INFO rally.task.engine [-] Load duration is: 26.93555
2019-06-13 09:59:54.033 1842 INFO rally.task.engine [-] Full runner duration is: 26.985071
2019-06-13 09:59:54.033 1842 INFO rally.task.engine [-] Full duration is: 69.026998
2019-06-13 09:59:54.269 1842 INFO rally.task.engine [-] Running workload: position = 0 config = { "version": 2, "title": "A cropped version of a bigger task.", "description": "Auto-generated task from a single workload (uuid=7028ee6a-35ec-47dc-b19b-00d46ed6cf6e)", "subtasks": [ { "title": "CinderQos.create_and_get_qos", "description": "Create a qos, then get details of the qos.", "scenario": { "CinderQos.create_and_get_qos": { "consumer": "both", "write_iops_sec": "10", "read_iops_sec": "1000" } }, "contexts": { "users": { "tenants": 3, "users_per_tenant": 2 }, "api_versions": { "cinder": { "version": 3, "service_type": "volumev3" } } }, "runner": { "constant": { "concurrency": 4, "times": 10 } }, "hooks": [], "sla": { "failure_rate": { "max": 0 } } } ] }
2019-06-13 09:59:54.287 1842 RALLYDEBUG rally_openstack.contexts.keystone.users [-] Creating 3 tenants using 20 threads
2019-06-13 09:59:56.315 1842 RALLYDEBUG rally_openstack.contexts.keystone.users [-] Creating 6 users using 20 threads
2019-06-13 09:59:59.233 1842 INFO rally.task.context [-] Task 8cad7285-7a41-4ce3-bb69-21430a9089da | Context users@openstack setup() finished in 4.95 sec
2019-06-13 09:59:59.653 1842 INFO rally.task.context [-] Task 8cad7285-7a41-4ce3-bb69-21430a9089da | Context api_versions@openstack setup() finished in 0.42 sec
2019-06-13 09:59:59.654 1842 INFO rally.task.context [-] Task 8cad7285-7a41-4ce3-bb69-21430a9089da | Context admin_cleanup@openstack setup() finished in 0.00 msec
2019-06-13 09:59:59.660 1842 RALLYDEBUG rally.task.runner [-] Starting the constant runner (task UUID: 8cad7285-7a41-4ce3-bb69-21430a9089da). timeout: 0 concurrency: 4 concurrency_per_worker: 1 times: 10 concurrency_overhead: 0 processes_to_start: 4 max_cpu_used: 16
2019-06-13 09:59:59.670 5110 RALLYDEBUG rally.task.runner [-] Starting a worker. concurrency: 1 args: {"consumer": "both", "write_iops_sec": "10", "read_iops_sec": "1000"} times: 10 method_name: run timeout: 0 duration: None cls:
2019-06-13 09:59:59.675 5111 RALLYDEBUG rally.task.runner [-] Starting a worker. concurrency: 1 args: {"consumer": "both", "write_iops_sec": "10", "read_iops_sec": "1000"} times: 10 method_name: run timeout: 0 duration: None cls:
2019-06-13 09:59:59.676 5110 INFO rally.task.runner [-] Task 8cad7285-7a41-4ce3-bb69-21430a9089da | ITER: 1 START
2019-06-13 09:59:59.678 5112 RALLYDEBUG rally.task.runner [-] Starting a worker. concurrency: 1 args: {"consumer": "both", "write_iops_sec": "10", "read_iops_sec": "1000"} times: 10 method_name: run timeout: 0 duration: None cls:
2019-06-13 09:59:59.682 5111 INFO rally.task.runner [-] Task 8cad7285-7a41-4ce3-bb69-21430a9089da | ITER: 2 START
2019-06-13 09:59:59.683 5113 RALLYDEBUG rally.task.runner [-] Starting a worker. concurrency: 1 args: {"consumer": "both", "write_iops_sec": "10", "read_iops_sec": "1000"} times: 10 method_name: run timeout: 0 duration: None cls:
2019-06-13 09:59:59.685 5112 INFO rally.task.runner [-] Task 8cad7285-7a41-4ce3-bb69-21430a9089da | ITER: 3 START
2019-06-13 09:59:59.694 5113 INFO rally.task.runner [-] Task 8cad7285-7a41-4ce3-bb69-21430a9089da | ITER: 4 START
2019-06-13 10:00:00.772 5111 INFO rally.task.runner [-] Task 8cad7285-7a41-4ce3-bb69-21430a9089da | ITER: 2 END: OK
2019-06-13 10:00:00.777 5111 INFO rally.task.runner [-] Task 8cad7285-7a41-4ce3-bb69-21430a9089da | ITER: 5 START
2019-06-13 10:00:00.782 5112 INFO rally.task.runner [-] Task 8cad7285-7a41-4ce3-bb69-21430a9089da | ITER: 3 END: OK
2019-06-13 10:00:00.786 5112 INFO rally.task.runner [-] Task 8cad7285-7a41-4ce3-bb69-21430a9089da | ITER: 6 START
2019-06-13 10:00:00.800 5113 INFO rally.task.runner [-] Task 8cad7285-7a41-4ce3-bb69-21430a9089da | ITER: 4 END: OK
2019-06-13 10:00:00.805 5110 INFO rally.task.runner [-] Task 8cad7285-7a41-4ce3-bb69-21430a9089da | ITER: 1 END: OK
2019-06-13 10:00:00.805 5113 INFO rally.task.runner [-] Task 8cad7285-7a41-4ce3-bb69-21430a9089da | ITER: 7 START
2019-06-13 10:00:00.808 5110 INFO rally.task.runner [-] Task 8cad7285-7a41-4ce3-bb69-21430a9089da | ITER: 8 START
2019-06-13 10:00:01.769 5113 INFO rally.task.runner [-] Task 8cad7285-7a41-4ce3-bb69-21430a9089da | ITER: 7 END: OK
2019-06-13 10:00:01.774 5113 INFO rally.task.runner [-] Task 8cad7285-7a41-4ce3-bb69-21430a9089da | ITER: 9 START
2019-06-13 10:00:01.832 5111 INFO rally.task.runner [-] Task 8cad7285-7a41-4ce3-bb69-21430a9089da | ITER: 5 END: OK
2019-06-13 10:00:01.836 5111 INFO rally.task.runner [-] Task 8cad7285-7a41-4ce3-bb69-21430a9089da | ITER: 10 START
2019-06-13 10:00:01.854 5112 INFO rally.task.runner [-] Task 8cad7285-7a41-4ce3-bb69-21430a9089da | ITER: 6 END: OK
2019-06-13 10:00:01.854 5110 INFO rally.task.runner [-] Task 8cad7285-7a41-4ce3-bb69-21430a9089da | ITER: 8 END: OK
2019-06-13 10:00:02.741 5113 INFO rally.task.runner [-] Task 8cad7285-7a41-4ce3-bb69-21430a9089da | ITER: 9 END: OK
2019-06-13 10:00:03.115 5111 INFO rally.task.runner [-] Task 8cad7285-7a41-4ce3-bb69-21430a9089da | ITER: 10 END: OK
2019-06-13 10:00:03.142 1842 INFO rally.task.context [-] Task 8cad7285-7a41-4ce3-bb69-21430a9089da | Context admin_cleanup@openstack cleanup() started
2019-06-13 10:00:03.145 1842 RALLYDEBUG rally_openstack.cleanup.manager [-] Cleaning up cinder volume_types objects
2019-06-13 10:00:03.888 1842 RALLYDEBUG rally_openstack.cleanup.manager [-] Cleaning up cinder image_volumes_cache objects
2019-06-13 10:00:05.172 1842 RALLYDEBUG rally_openstack.cleanup.manager [-] Cleaning up cinder quotas objects
2019-06-13 10:00:06.956 1842 RALLYDEBUG rally_openstack.cleanup.manager [-] Cleaning up cinder qos_specs objects
2019-06-13 10:00:07.733 1842 RALLYDEBUG rally_openstack.cleanup.manager [-] Deleting cinder.qos_specs object s_rally_7028ee6a_8wOF9zHc (5969de4e-eea9-428b-a32f-7b092ef5632d)
2019-06-13 10:00:07.743 1842 RALLYDEBUG rally_openstack.cleanup.manager [-] Deleting cinder.qos_specs object s_rally_7028ee6a_7KeD1ZsT (9f24aab2-d59c-41d1-8112-d8aef175e42b)
2019-06-13 10:00:07.744 1842 RALLYDEBUG rally_openstack.cleanup.manager [-] Deleting cinder.qos_specs object s_rally_7028ee6a_lxYJXygT (442577f4-fd43-45cd-8ed9-95b774dabfa9)
2019-06-13 10:00:07.747 1842 RALLYDEBUG rally_openstack.cleanup.manager [-] Deleting cinder.qos_specs object s_rally_7028ee6a_WDTG7SbY (5ff71866-134b-46e3-b808-0292db280ec1)
2019-06-13 10:00:07.756 1842 RALLYDEBUG rally_openstack.cleanup.manager [-] Deleting cinder.qos_specs object s_rally_7028ee6a_v1bxkaqy (3c3d02ae-ed49-4cf8-9f59-8c8c39f3fe7e)
2019-06-13 10:00:07.767 1842 RALLYDEBUG rally_openstack.cleanup.manager [-] Deleting cinder.qos_specs object s_rally_7028ee6a_t3zJ8Q0J (c2a66a8a-b1d4-41ba-9110-84677d80617b)
2019-06-13 10:00:07.782 1842 RALLYDEBUG rally_openstack.cleanup.manager [-] Deleting cinder.qos_specs object s_rally_7028ee6a_ETxAZATh (a30d64c3-cfe0-4bec-a6ff-a133d5c536a9)
2019-06-13 10:00:07.782 1842 RALLYDEBUG rally_openstack.cleanup.manager [-] Deleting cinder.qos_specs object s_rally_7028ee6a_gXzt5wkO (2bfd6ff1-d5c5-4d50-a08b-b0be7d3aca9f)
2019-06-13 10:00:07.789 1842 RALLYDEBUG rally_openstack.cleanup.manager [-] Deleting cinder.qos_specs object s_rally_7028ee6a_K1nMaSqi (95fb5156-bf4b-459d-8f57-f1c88de23852)
2019-06-13 10:00:07.824 1842 RALLYDEBUG rally_openstack.cleanup.manager [-] Deleting cinder.qos_specs object s_rally_7028ee6a_flaqxK48 (2e44ef1b-2cf9-4d70-b8ee-e65d8d8cf2d4)
2019-06-13 10:00:10.152 1842 INFO rally.task.context [-] Task 8cad7285-7a41-4ce3-bb69-21430a9089da | Context admin_cleanup@openstack cleanup() finished in 7.01 sec
2019-06-13 10:00:10.153 1842 INFO rally.task.context [-] Task 8cad7285-7a41-4ce3-bb69-21430a9089da | Context api_versions@openstack cleanup() started
2019-06-13 10:00:10.153 1842 INFO rally.task.context [-] Task 8cad7285-7a41-4ce3-bb69-21430a9089da | Context api_versions@openstack cleanup() finished in 0.32 msec
2019-06-13 10:00:10.153 1842 INFO rally.task.context [-] Task 8cad7285-7a41-4ce3-bb69-21430a9089da | Context users@openstack cleanup() started
2019-06-13 10:00:18.193 1842 INFO rally.task.context [-] Task 8cad7285-7a41-4ce3-bb69-21430a9089da | Context users@openstack cleanup() finished in 8.04 sec
2019-06-13 10:00:18.398 1842 INFO rally.task.engine [-] Load duration is: 3.433911
2019-06-13 10:00:18.398 1842 INFO rally.task.engine [-] Full runner duration is: 3.482482
2019-06-13 10:00:18.398 1842 INFO rally.task.engine [-] Full duration is: 23.90794
2019-06-13 10:00:18.629 1842 INFO rally.task.engine [-] Running workload: position = 0 config = { "version": 2, "title": "A cropped version of a bigger task.", "description": "Auto-generated task from a single workload (uuid=d74c76d2-86c8-47f6-bd1c-a234c1bf5042)", "subtasks": [ { "title": "CinderQos.create_and_list_qos", "description": "Create a qos, then list all qos.", "scenario": { "CinderQos.create_and_list_qos": { "consumer": "both", "write_iops_sec": "10", "read_iops_sec": "1000" } }, "contexts": { "users": { "tenants": 3, "users_per_tenant": 2 }, "api_versions": { "cinder": { "version": 3, "service_type": "volumev3" } } }, "runner": { "constant": { "concurrency": 4, "times": 10 } }, "hooks": [], "sla": { "failure_rate": { "max": 0 } } } ] }
2019-06-13 10:00:18.646 1842 RALLYDEBUG rally_openstack.contexts.keystone.users [-] Creating 3 tenants using 20 threads
2019-06-13 10:00:20.680 1842 RALLYDEBUG rally_openstack.contexts.keystone.users [-] Creating 6 users using 20 threads
2019-06-13 10:00:23.403 1842 INFO rally.task.context [-] Task 8cad7285-7a41-4ce3-bb69-21430a9089da | Context users@openstack setup() finished in 4.76 sec
2019-06-13 10:00:23.822 1842 INFO rally.task.context [-] Task 8cad7285-7a41-4ce3-bb69-21430a9089da | Context api_versions@openstack setup() finished in 0.42 sec
2019-06-13 10:00:23.822 1842 INFO rally.task.context [-] Task 8cad7285-7a41-4ce3-bb69-21430a9089da | Context admin_cleanup@openstack setup() finished in 0.00 msec
2019-06-13 10:00:23.827 1842 RALLYDEBUG rally.task.runner [-] Starting the constant runner (task UUID: 8cad7285-7a41-4ce3-bb69-21430a9089da). timeout: 0 concurrency: 4 concurrency_per_worker: 1 times: 10 concurrency_overhead: 0 processes_to_start: 4 max_cpu_used: 16
2019-06-13 10:00:23.839 5294 RALLYDEBUG rally.task.runner [-] Starting a worker. concurrency: 1 args: {"consumer": "both", "write_iops_sec": "10", "read_iops_sec": "1000"} times: 10 method_name: run timeout: 0 duration: None cls:
2019-06-13 10:00:23.841 5295 RALLYDEBUG rally.task.runner [-] Starting a worker. concurrency: 1 args: {"consumer": "both", "write_iops_sec": "10", "read_iops_sec": "1000"} times: 10 method_name: run timeout: 0 duration: None cls:
2019-06-13 10:00:23.843 5296 RALLYDEBUG rally.task.runner [-] Starting a worker. concurrency: 1 args: {"consumer": "both", "write_iops_sec": "10", "read_iops_sec": "1000"} times: 10 method_name: run timeout: 0 duration: None cls:
2019-06-13 10:00:23.844 5297 RALLYDEBUG rally.task.runner [-] Starting a worker. concurrency: 1 args: {"consumer": "both", "write_iops_sec": "10", "read_iops_sec": "1000"} times: 10 method_name: run timeout: 0 duration: None cls:
2019-06-13 10:00:23.846 5294 INFO rally.task.runner [-] Task 8cad7285-7a41-4ce3-bb69-21430a9089da | ITER: 1 START
2019-06-13 10:00:23.848 5295 INFO rally.task.runner [-] Task 8cad7285-7a41-4ce3-bb69-21430a9089da | ITER: 2 START
2019-06-13 10:00:23.849 5296 INFO rally.task.runner [-] Task 8cad7285-7a41-4ce3-bb69-21430a9089da | ITER: 3 START
2019-06-13 10:00:23.851 5297 INFO rally.task.runner [-] Task 8cad7285-7a41-4ce3-bb69-21430a9089da | ITER: 4 START
2019-06-13 10:00:24.919 5296 INFO rally.task.runner [-] Task 8cad7285-7a41-4ce3-bb69-21430a9089da | ITER: 3 END: OK
2019-06-13 10:00:24.924 5296 INFO rally.task.runner [-] Task 8cad7285-7a41-4ce3-bb69-21430a9089da | ITER: 5 START
2019-06-13 10:00:24.939 5294 INFO rally.task.runner [-] Task 8cad7285-7a41-4ce3-bb69-21430a9089da | ITER: 1 END: OK
2019-06-13 10:00:24.945 5294 INFO rally.task.runner [-] Task 8cad7285-7a41-4ce3-bb69-21430a9089da | ITER: 6 START
2019-06-13 10:00:24.957 5295 INFO rally.task.runner [-] Task 8cad7285-7a41-4ce3-bb69-21430a9089da | ITER: 2 END: OK
2019-06-13 10:00:24.959 5297 INFO rally.task.runner [-] Task 8cad7285-7a41-4ce3-bb69-21430a9089da | ITER: 4 END: OK
2019-06-13 10:00:24.962 5295 INFO rally.task.runner [-] Task 8cad7285-7a41-4ce3-bb69-21430a9089da | ITER: 7 START
2019-06-13 10:00:24.964 5297 INFO rally.task.runner [-] Task 8cad7285-7a41-4ce3-bb69-21430a9089da | ITER: 8 START
2019-06-13 10:00:25.980 5295 INFO rally.task.runner [-] Task 8cad7285-7a41-4ce3-bb69-21430a9089da | ITER: 7 END: OK
2019-06-13 10:00:25.983 5295 INFO rally.task.runner [-] Task 8cad7285-7a41-4ce3-bb69-21430a9089da | ITER: 9 START
2019-06-13 10:00:26.026 5296 INFO rally.task.runner [-] Task 8cad7285-7a41-4ce3-bb69-21430a9089da | ITER: 5 END: OK
2019-06-13 10:00:26.031 5296 INFO rally.task.runner [-] Task 8cad7285-7a41-4ce3-bb69-21430a9089da | ITER: 10 START
2019-06-13 10:00:26.060 5297 INFO rally.task.runner [-] Task 8cad7285-7a41-4ce3-bb69-21430a9089da | ITER: 8 END: OK
2019-06-13 10:00:26.129 5294 INFO rally.task.runner [-] Task 8cad7285-7a41-4ce3-bb69-21430a9089da | ITER: 6 END: OK
2019-06-13 10:00:26.947 5295 INFO rally.task.runner [-] Task 8cad7285-7a41-4ce3-bb69-21430a9089da | ITER: 9 END: OK
2019-06-13 10:00:27.119 5296 INFO rally.task.runner [-] Task 8cad7285-7a41-4ce3-bb69-21430a9089da | ITER: 10 END: OK
2019-06-13 10:00:27.149 1842 INFO rally.task.context [-] Task 8cad7285-7a41-4ce3-bb69-21430a9089da | Context admin_cleanup@openstack cleanup() started
2019-06-13 10:00:27.151 1842 RALLYDEBUG rally_openstack.cleanup.manager [-] Cleaning up cinder volume_types objects
2019-06-13 10:00:27.926 1842 RALLYDEBUG rally_openstack.cleanup.manager [-] Cleaning up cinder image_volumes_cache objects
2019-06-13 10:00:29.314 1842 RALLYDEBUG rally_openstack.cleanup.manager [-] Cleaning up cinder quotas objects
2019-06-13 10:00:31.251 1842 RALLYDEBUG rally_openstack.cleanup.manager [-] Cleaning up cinder qos_specs objects
2019-06-13 10:00:31.917 1842 RALLYDEBUG rally_openstack.cleanup.manager [-] Deleting cinder.qos_specs object s_rally_d74c76d2_3boQuyRB (e73ccf9e-d6d9-4868-9873-6c0a9358cb32)
2019-06-13 10:00:31.922 1842 RALLYDEBUG rally_openstack.cleanup.manager [-] Deleting cinder.qos_specs object s_rally_d74c76d2_vJHSTM77 (60f106c9-60a9-41cf-9f9d-5f5f1182b0a0)
2019-06-13 10:00:31.936 1842 RALLYDEBUG rally_openstack.cleanup.manager [-] Deleting cinder.qos_specs object s_rally_d74c76d2_BJDZoakJ (de8fc8f5-2268-43ce-809f-653caa65e3a9)
2019-06-13 10:00:31.937 1842 RALLYDEBUG rally_openstack.cleanup.manager [-] Deleting cinder.qos_specs object s_rally_d74c76d2_p4fdZ58r (e4156a1b-2536-4327-8337-9eeacc7ccc58)
2019-06-13 10:00:31.945 1842 RALLYDEBUG rally_openstack.cleanup.manager [-] Deleting cinder.qos_specs object s_rally_d74c76d2_MGRj6A4r (d234ab43-04fa-49d6-83f5-7559e0365c17)
2019-06-13 10:00:31.953 1842 RALLYDEBUG rally_openstack.cleanup.manager [-] Deleting cinder.qos_specs object s_rally_d74c76d2_MRL37e8N (956b6565-0abf-4dfa-bc88-7573d9ce200c)
2019-06-13 10:00:31.962 1842 RALLYDEBUG rally_openstack.cleanup.manager [-] Deleting cinder.qos_specs object s_rally_d74c76d2_VsK2mdS3 (e6d27056-fb96-41be-8f0d-27a444c56fd7)
2019-06-13 10:00:31.975 1842 RALLYDEBUG rally_openstack.cleanup.manager [-] Deleting cinder.qos_specs object s_rally_d74c76d2_14ArFyP3 (de947e3e-1257-4854-8e97-5420a209edfa)
2019-06-13 10:00:32.009 1842 RALLYDEBUG rally_openstack.cleanup.manager [-] Deleting cinder.qos_specs object s_rally_d74c76d2_LYVzF5cr (bf81a550-2c15-4278-b201-d5f9e372652d)
2019-06-13 10:00:32.010 1842 RALLYDEBUG rally_openstack.cleanup.manager [-] Deleting cinder.qos_specs object s_rally_d74c76d2_uzOsdxHK (23778a56-3b27-424f-a123-bea326d82bda)
2019-06-13 10:00:34.457 1842 INFO rally.task.context [-] Task 8cad7285-7a41-4ce3-bb69-21430a9089da | Context admin_cleanup@openstack cleanup() finished in 7.31 sec
2019-06-13 10:00:34.458 1842 INFO rally.task.context [-] Task 8cad7285-7a41-4ce3-bb69-21430a9089da | Context api_versions@openstack cleanup() started
2019-06-13 10:00:34.458 1842 INFO rally.task.context [-] Task 8cad7285-7a41-4ce3-bb69-21430a9089da | Context api_versions@openstack cleanup() finished in 0.34 msec
2019-06-13 10:00:34.459 1842 INFO rally.task.context [-] Task 8cad7285-7a41-4ce3-bb69-21430a9089da | Context users@openstack cleanup() started
2019-06-13 10:00:42.604 1842 INFO rally.task.context [-] Task 8cad7285-7a41-4ce3-bb69-21430a9089da | Context users@openstack cleanup() finished in 8.15 sec
2019-06-13 10:00:42.751 1842 INFO rally.task.engine [-] Load duration is: 3.270285
2019-06-13 10:00:42.752 1842 INFO rally.task.engine [-] Full runner duration is: 3.321492
2019-06-13 10:00:42.752 1842 INFO rally.task.engine [-] Full duration is: 23.962064
2019-06-13 10:00:42.977 1842 INFO rally.task.engine [-] Running workload: position = 0 config = { "version": 2, "title": "A cropped version of a bigger task.", "description": "Auto-generated task from a single workload (uuid=6084b5bf-5d6f-420a-ad0f-24643bbfb7df)", "subtasks": [ { "title": "CinderQos.create_and_set_qos", "description": "Create a qos, then Add/Update keys in qos specs.", "scenario": { "CinderQos.create_and_set_qos": { "consumer": "back-end", "write_iops_sec": "10", "read_iops_sec": "1000", "set_consumer": "both", "set_write_iops_sec": "11", "set_read_iops_sec": "1001" } }, "contexts": { "users": { "tenants": 3, "users_per_tenant": 2 }, "api_versions": { "cinder": { "version": 3, "service_type": "volumev3" } } }, "runner": { "constant": { "concurrency": 4, "times": 10 } }, "hooks": [], "sla": { "failure_rate": { "max": 0 } } } ] }
2019-06-13 10:00:43.000 1842 RALLYDEBUG rally_openstack.contexts.keystone.users [-] Creating 3 tenants using 20 threads
2019-06-13 10:00:44.884 1842 RALLYDEBUG rally_openstack.contexts.keystone.users [-] Creating 6 users using 20 threads
2019-06-13 10:00:47.705 1842 INFO rally.task.context [-] Task 8cad7285-7a41-4ce3-bb69-21430a9089da | Context users@openstack setup() finished in 4.70 sec
2019-06-13 10:00:48.143 1842 INFO rally.task.context [-] Task 8cad7285-7a41-4ce3-bb69-21430a9089da | Context api_versions@openstack setup() finished in 0.44 sec
2019-06-13 10:00:48.143 1842 INFO rally.task.context [-] Task 8cad7285-7a41-4ce3-bb69-21430a9089da | Context admin_cleanup@openstack setup() finished in 0.00 msec
2019-06-13 10:00:48.150 1842 RALLYDEBUG rally.task.runner [-] Starting the constant runner (task UUID: 8cad7285-7a41-4ce3-bb69-21430a9089da). timeout: 0 concurrency: 4 concurrency_per_worker: 1 times: 10 concurrency_overhead: 0 processes_to_start: 4 max_cpu_used: 16
2019-06-13 10:00:48.161 5478 RALLYDEBUG rally.task.runner [-] Starting a worker. concurrency: 1 args: {"consumer": "back-end", "write_iops_sec": "10", "read_iops_sec": "1000", "set_consumer": "both", "set_write_iops_sec": "11", "set_read_iops_sec": "1001"} times: 10 method_name: run timeout: 0 duration: None cls:
2019-06-13 10:00:48.166 5479 RALLYDEBUG rally.task.runner [-] Starting a worker. concurrency: 1 args: {"consumer": "back-end", "write_iops_sec": "10", "read_iops_sec": "1000", "set_consumer": "both", "set_write_iops_sec": "11", "set_read_iops_sec": "1001"} times: 10 method_name: run timeout: 0 duration: None cls:
2019-06-13 10:00:48.167 5478 INFO rally.task.runner [-] Task 8cad7285-7a41-4ce3-bb69-21430a9089da | ITER: 1 START
2019-06-13 10:00:48.168 5480 RALLYDEBUG rally.task.runner [-] Starting a worker. concurrency: 1 args: {"consumer": "back-end", "write_iops_sec": "10", "read_iops_sec": "1000", "set_consumer": "both", "set_write_iops_sec": "11", "set_read_iops_sec": "1001"} times: 10 method_name: run timeout: 0 duration: None cls:
2019-06-13 10:00:48.169 5481 RALLYDEBUG rally.task.runner [-] Starting a worker. concurrency: 1 args: {"consumer": "back-end", "write_iops_sec": "10", "read_iops_sec": "1000", "set_consumer": "both", "set_write_iops_sec": "11", "set_read_iops_sec": "1001"} times: 10 method_name: run timeout: 0 duration: None cls:
2019-06-13 10:00:48.174 5481 INFO rally.task.runner [-] Task 8cad7285-7a41-4ce3-bb69-21430a9089da | ITER: 4 START
2019-06-13 10:00:48.174 5479 INFO rally.task.runner [-] Task 8cad7285-7a41-4ce3-bb69-21430a9089da | ITER: 2 START
2019-06-13 10:00:48.175 5480 INFO rally.task.runner [-] Task 8cad7285-7a41-4ce3-bb69-21430a9089da | ITER: 3 START
2019-06-13 10:00:49.290 5478 INFO rally.task.runner [-] Task 8cad7285-7a41-4ce3-bb69-21430a9089da | ITER: 1 END: OK
2019-06-13 10:00:49.294 5478 INFO rally.task.runner [-] Task 8cad7285-7a41-4ce3-bb69-21430a9089da | ITER: 5 START
2019-06-13 10:00:49.338 5481 INFO rally.task.runner [-] Task 8cad7285-7a41-4ce3-bb69-21430a9089da | ITER: 4 END: OK
2019-06-13 10:00:49.344 5481 INFO rally.task.runner [-] Task 8cad7285-7a41-4ce3-bb69-21430a9089da | ITER: 6 START
2019-06-13 10:00:49.363 5479 INFO rally.task.runner [-] Task 8cad7285-7a41-4ce3-bb69-21430a9089da | ITER: 2 END: OK
2019-06-13 10:00:49.369 5479 INFO rally.task.runner [-] Task 8cad7285-7a41-4ce3-bb69-21430a9089da | ITER: 7 START
2019-06-13 10:00:49.375 5480 INFO rally.task.runner [-] Task 8cad7285-7a41-4ce3-bb69-21430a9089da | ITER: 3 END: OK
2019-06-13 10:00:49.379 5480 INFO rally.task.runner [-] Task 8cad7285-7a41-4ce3-bb69-21430a9089da | ITER: 8 START
2019-06-13 10:00:50.395 5478 INFO rally.task.runner [-] Task 8cad7285-7a41-4ce3-bb69-21430a9089da | ITER: 5 END: OK
2019-06-13 10:00:50.400 5478 INFO rally.task.runner [-] Task 8cad7285-7a41-4ce3-bb69-21430a9089da | ITER: 9 START
2019-06-13 10:00:50.476 5481 INFO rally.task.runner [-] Task 8cad7285-7a41-4ce3-bb69-21430a9089da | ITER: 6 END: OK
2019-06-13 10:00:50.480 5481 INFO rally.task.runner [-] Task 8cad7285-7a41-4ce3-bb69-21430a9089da | ITER: 10 START
2019-06-13 10:00:50.536 5480 INFO rally.task.runner [-] Task 8cad7285-7a41-4ce3-bb69-21430a9089da | ITER: 8 END: OK
2019-06-13 10:00:50.602 5479 INFO rally.task.runner [-] Task 8cad7285-7a41-4ce3-bb69-21430a9089da | ITER: 7 END: OK
2019-06-13 10:00:51.332 5478 INFO rally.task.runner [-] Task 8cad7285-7a41-4ce3-bb69-21430a9089da | ITER: 9 END: OK
2019-06-13 10:00:51.494 5481 INFO rally.task.runner [-] Task 8cad7285-7a41-4ce3-bb69-21430a9089da | ITER: 10 END: OK
2019-06-13 10:00:51.515 1842 INFO rally.task.context [-] Task 8cad7285-7a41-4ce3-bb69-21430a9089da | Context admin_cleanup@openstack cleanup() started
2019-06-13 10:00:51.517 1842 RALLYDEBUG rally_openstack.cleanup.manager [-] Cleaning up cinder volume_types objects
2019-06-13 10:00:52.181 1842 RALLYDEBUG rally_openstack.cleanup.manager [-] Cleaning up cinder image_volumes_cache objects
2019-06-13 10:00:53.481 1842 RALLYDEBUG rally_openstack.cleanup.manager [-] Cleaning up cinder quotas objects
2019-06-13 10:00:55.421 1842 RALLYDEBUG rally_openstack.cleanup.manager [-] Cleaning up cinder qos_specs objects
2019-06-13 10:00:56.086 1842 RALLYDEBUG rally_openstack.cleanup.manager [-] Deleting cinder.qos_specs object s_rally_6084b5bf_5GZm2nTX (fe674e2a-744e-4706-827a-917487046d5d)
2019-06-13 10:00:56.093 1842 RALLYDEBUG rally_openstack.cleanup.manager [-] Deleting cinder.qos_specs object s_rally_6084b5bf_mtvBSToV (d7db554e-37e8-4de9-a3cf-24b08b5b0af6)
2019-06-13 10:00:56.102 1842 RALLYDEBUG rally_openstack.cleanup.manager [-] Deleting cinder.qos_specs object s_rally_6084b5bf_OXiu3LWj (d7d7d366-432a-4de4-9ee8-31d3b5944b2b)
2019-06-13 10:00:56.112 1842 RALLYDEBUG rally_openstack.cleanup.manager [-] Deleting cinder.qos_specs object s_rally_6084b5bf_zuiiOq69 (52f38aac-6679-486c-bfa3-c59cf5afedaa)
2019-06-13 10:00:56.123 1842 RALLYDEBUG rally_openstack.cleanup.manager [-] Deleting cinder.qos_specs object s_rally_6084b5bf_KZouzl0W (4c782f28-cd2d-4acd-bfa4-3a2b7d9e2b90)
2019-06-13 10:00:56.139 1842 RALLYDEBUG rally_openstack.cleanup.manager [-] Deleting cinder.qos_specs object s_rally_6084b5bf_UMb9cNr0 (0388b5af-8f0e-4078-a990-2c8c4b15516c)
2019-06-13 10:00:56.144 1842 RALLYDEBUG rally_openstack.cleanup.manager [-] Deleting cinder.qos_specs object s_rally_6084b5bf_8N2undtA (2ffee2ac-7424-4528-bc4b-1fa73bcaedf2)
2019-06-13 10:00:56.157 1842 RALLYDEBUG rally_openstack.cleanup.manager [-] Deleting cinder.qos_specs object s_rally_6084b5bf_oAZZ0JL3 (5350caa2-6b9d-4a8f-b231-750afc49bcb4)
2019-06-13 10:00:56.163 1842 RALLYDEBUG rally_openstack.cleanup.manager [-] Deleting cinder.qos_specs object s_rally_6084b5bf_lmQStuLU (331af70d-cb9c-4c2d-9002-a7b2a0c2d2ae)
2019-06-13 10:00:56.176 1842 RALLYDEBUG rally_openstack.cleanup.manager [-] Deleting cinder.qos_specs object s_rally_6084b5bf_mTqmxAeE (00c05d9a-4414-4cb0-ba45-c0853cf5a667)
2019-06-13 10:00:58.592 1842 INFO rally.task.context [-] Task 8cad7285-7a41-4ce3-bb69-21430a9089da | Context admin_cleanup@openstack cleanup() finished in 7.08 sec
2019-06-13 10:00:58.592 1842 INFO rally.task.context [-] Task 8cad7285-7a41-4ce3-bb69-21430a9089da | Context api_versions@openstack cleanup() started
2019-06-13 10:00:58.593 1842 INFO rally.task.context [-] Task 8cad7285-7a41-4ce3-bb69-21430a9089da | Context api_versions@openstack cleanup() finished in 0.29 msec
2019-06-13 10:00:58.593 1842 INFO rally.task.context [-] Task 8cad7285-7a41-4ce3-bb69-21430a9089da | Context users@openstack cleanup() started
2019-06-13 10:01:06.761 1842 INFO rally.task.context [-] Task 8cad7285-7a41-4ce3-bb69-21430a9089da | Context users@openstack cleanup() finished in 8.17 sec
2019-06-13 10:01:07.103 1842 INFO rally.task.engine [-] Load duration is: 3.324482
2019-06-13 10:01:07.103 1842 INFO rally.task.engine [-] Full runner duration is: 3.365033
2019-06-13 10:01:07.104 1842 INFO rally.task.engine [-] Full duration is: 23.76493
2019-06-13 10:01:07.348 1842 INFO rally.task.engine [-] Running workload: position = 0 config = { "version": 2, "title": "A cropped version of a bigger task.", "description": "Auto-generated task from a single workload (uuid=7792d808-2b16-4ccc-9c61-1d47b5ca466e)", "subtasks": [ { "title": "CinderVolumeTypes.create_and_get_volume_type", "description": "Create a volume Type, then get the details of the type.", "scenario": { "CinderVolumeTypes.create_and_get_volume_type": { "description": "rally tests creating types" } }, "contexts": { "users": { "tenants": 3, "users_per_tenant": 2 }, "api_versions": { "cinder": { "version": 3, "service_type": "volumev3" } } }, "runner": { "constant": { "concurrency": 4, "times": 10 } }, "hooks": [], "sla": { "failure_rate": { "max": 0 } } } ] }
2019-06-13 10:01:07.369 1842 RALLYDEBUG rally_openstack.contexts.keystone.users [-] Creating 3 tenants using 20 threads
2019-06-13 10:01:09.290 1842 RALLYDEBUG rally_openstack.contexts.keystone.users [-] Creating 6 users using 20 threads
2019-06-13 10:01:12.161 1842 INFO rally.task.context [-] Task 8cad7285-7a41-4ce3-bb69-21430a9089da | Context users@openstack setup() finished in 4.79 sec
2019-06-13 10:01:12.593 1842 INFO rally.task.context [-] Task 8cad7285-7a41-4ce3-bb69-21430a9089da | Context api_versions@openstack setup() finished in 0.43 sec
2019-06-13 10:01:12.593 1842 INFO rally.task.context [-] Task 8cad7285-7a41-4ce3-bb69-21430a9089da | Context admin_cleanup@openstack setup() finished in 0.00 msec
2019-06-13 10:01:12.598 1842 RALLYDEBUG rally.task.runner [-] Starting the constant runner (task UUID: 8cad7285-7a41-4ce3-bb69-21430a9089da). timeout: 0 concurrency: 4 concurrency_per_worker: 1 times: 10 concurrency_overhead: 0 processes_to_start: 4 max_cpu_used: 16
2019-06-13 10:01:12.611 5662 RALLYDEBUG rally.task.runner [-] Starting a worker. concurrency: 1 args: {"description": "rally tests creating types"} times: 10 method_name: run timeout: 0 duration: None cls:
2019-06-13 10:01:12.612 5663 RALLYDEBUG rally.task.runner [-] Starting a worker. concurrency: 1 args: {"description": "rally tests creating types"} times: 10 method_name: run timeout: 0 duration: None cls:
2019-06-13 10:01:12.613 5664 RALLYDEBUG rally.task.runner [-] Starting a worker. concurrency: 1 args: {"description": "rally tests creating types"} times: 10 method_name: run timeout: 0 duration: None cls:
2019-06-13 10:01:12.618 5663 INFO rally.task.runner [-] Task 8cad7285-7a41-4ce3-bb69-21430a9089da | ITER: 2 START
2019-06-13 10:01:12.619 5662 INFO rally.task.runner [-] Task 8cad7285-7a41-4ce3-bb69-21430a9089da | ITER: 1 START
2019-06-13 10:01:12.619 5664 INFO rally.task.runner [-] Task 8cad7285-7a41-4ce3-bb69-21430a9089da | ITER: 3 START
2019-06-13 10:01:12.619 5665 RALLYDEBUG rally.task.runner [-] Starting a worker. concurrency: 1 args: {"description": "rally tests creating types"} times: 10 method_name: run timeout: 0 duration: None cls:
2019-06-13 10:01:12.629 5665 INFO rally.task.runner [-] Task 8cad7285-7a41-4ce3-bb69-21430a9089da | ITER: 4 START
2019-06-13 10:01:13.686 5664 INFO rally.task.runner [-] Task 8cad7285-7a41-4ce3-bb69-21430a9089da | ITER: 3 END: OK
2019-06-13 10:01:13.689 5663 INFO rally.task.runner [-] Task 8cad7285-7a41-4ce3-bb69-21430a9089da | ITER: 2 END: OK
2019-06-13 10:01:13.691 5664 INFO rally.task.runner [-] Task 8cad7285-7a41-4ce3-bb69-21430a9089da | ITER: 5 START
2019-06-13 10:01:13.694 5663 INFO rally.task.runner [-] Task 8cad7285-7a41-4ce3-bb69-21430a9089da | ITER: 6 START
2019-06-13 10:01:13.705 5662 INFO rally.task.runner [-] Task 8cad7285-7a41-4ce3-bb69-21430a9089da | ITER: 1 END: OK
2019-06-13 10:01:13.709 5662 INFO rally.task.runner [-] Task 8cad7285-7a41-4ce3-bb69-21430a9089da | ITER: 7 START
2019-06-13 10:01:13.764 5665 INFO rally.task.runner [-] Task 8cad7285-7a41-4ce3-bb69-21430a9089da | ITER: 4 END: OK
2019-06-13 10:01:13.769 5665 INFO rally.task.runner [-] Task 8cad7285-7a41-4ce3-bb69-21430a9089da | ITER: 8 START
2019-06-13 10:01:14.698 5662 INFO rally.task.runner [-] Task 8cad7285-7a41-4ce3-bb69-21430a9089da | ITER: 7 END: OK
2019-06-13 10:01:14.702 5662 INFO rally.task.runner [-] Task 8cad7285-7a41-4ce3-bb69-21430a9089da | ITER: 9 START
2019-06-13 10:01:14.756 5663 INFO rally.task.runner [-] Task 8cad7285-7a41-4ce3-bb69-21430a9089da | ITER: 6 END: OK
2019-06-13 10:01:14.760 5663 INFO rally.task.runner [-] Task 8cad7285-7a41-4ce3-bb69-21430a9089da | ITER: 10 START
2019-06-13 10:01:14.767 5664 INFO rally.task.runner [-] Task 8cad7285-7a41-4ce3-bb69-21430a9089da | ITER: 5 END: OK
2019-06-13 10:01:14.847 5665 INFO rally.task.runner [-] Task 8cad7285-7a41-4ce3-bb69-21430a9089da | ITER: 8 END: OK
2019-06-13 10:01:15.609 5662 INFO rally.task.runner [-] Task 8cad7285-7a41-4ce3-bb69-21430a9089da | ITER: 9 END: OK
2019-06-13 10:01:15.830 5663 INFO rally.task.runner [-] Task 8cad7285-7a41-4ce3-bb69-21430a9089da | ITER: 10 END: OK
2019-06-13 10:01:15.857 1842 INFO rally.task.context [-] Task 8cad7285-7a41-4ce3-bb69-21430a9089da | Context admin_cleanup@openstack cleanup() started
2019-06-13 10:01:15.859 1842 RALLYDEBUG rally_openstack.cleanup.manager [-] Cleaning up cinder volume_types objects
2019-06-13 10:01:16.681 1842 RALLYDEBUG rally_openstack.cleanup.manager [-] Deleting cinder.volume_types object s_rally_7792d808_nWBZT7zP (3876f7f5-e4e4-40e9-83a5-010735d70a31)
2019-06-13 10:01:16.686 1842 RALLYDEBUG rally_openstack.cleanup.manager [-] Deleting cinder.volume_types object s_rally_7792d808_B8yUOuZI (1af13ba1-2e4f-450a-a725-57b8dd308e04)
2019-06-13 10:01:16.687 1842 RALLYDEBUG rally_openstack.cleanup.manager [-] Deleting cinder.volume_types object s_rally_7792d808_QvBAH79Q (bc53bcbd-bb3f-40ae-b116-a56817ee9388)
2019-06-13 10:01:16.689 1842 RALLYDEBUG rally_openstack.cleanup.manager [-] Deleting cinder.volume_types object s_rally_7792d808_zlZNFy3a (c57cdb1f-10b6-4f42-be47-aa357efc3621)
2019-06-13 10:01:16.694 1842 RALLYDEBUG rally_openstack.cleanup.manager [-] Deleting cinder.volume_types object s_rally_7792d808_D0ycPMrS (63124024-933e-47b2-a88a-bab83b563c43)
2019-06-13 10:01:16.695 1842 RALLYDEBUG rally_openstack.cleanup.manager [-] Deleting cinder.volume_types object s_rally_7792d808_HtIgVjeE (931157d4-85da-43fb-ab0d-c642c375b480)
2019-06-13 10:01:16.699 1842 RALLYDEBUG rally_openstack.cleanup.manager [-] Deleting cinder.volume_types object s_rally_7792d808_bVuDDvF5 (ab3a439d-be12-4df1-8b1e-69af4864c0f4)
2019-06-13 10:01:16.705 1842 RALLYDEBUG rally_openstack.cleanup.manager [-] Deleting cinder.volume_types object s_rally_7792d808_kh9UtGu2 (51c84017-39a4-4633-aa2c-87490a5c9f33)
2019-06-13 10:01:16.710 1842 RALLYDEBUG rally_openstack.cleanup.manager [-] Deleting cinder.volume_types object s_rally_7792d808_ivVIrn54 (1ad83235-96e6-40f2-8dd1-b3dfb929adc4)
2019-06-13 10:01:16.730 1842 RALLYDEBUG rally_openstack.cleanup.manager [-] Deleting cinder.volume_types object s_rally_7792d808_v7ehZBJq (d37ef83a-b4ca-4d05-8ff7-8797bd6cedf9)
2019-06-13 10:01:19.064 1842 RALLYDEBUG rally_openstack.cleanup.manager [-] Cleaning up cinder image_volumes_cache objects
2019-06-13 10:01:20.456 1842 RALLYDEBUG rally_openstack.cleanup.manager [-] Cleaning up cinder quotas objects
2019-06-13 10:01:22.342 1842 RALLYDEBUG rally_openstack.cleanup.manager [-] Cleaning up cinder qos_specs objects
2019-06-13 10:01:22.992 1842 INFO rally.task.context [-] Task 8cad7285-7a41-4ce3-bb69-21430a9089da | Context admin_cleanup@openstack cleanup() finished in 7.14 sec
2019-06-13 10:01:22.992 1842 INFO rally.task.context [-] Task 8cad7285-7a41-4ce3-bb69-21430a9089da | Context api_versions@openstack cleanup() started
