2019-06-13 00:18:28.221 22705 RALLYDEBUG rally_openstack.cleanup.manager [-] Deleting neutron.port object s_rally_d270127d_zwNtCWV8 (5dc2f02b-aa99-423c-883c-626abfd52c07)
2019-06-13 00:18:28.240 22705 RALLYDEBUG rally_openstack.cleanup.manager [-] Deleting neutron.port object s_rally_d270127d_QYUgwNoj (61f267a7-cc62-4234-8708-7ad676e42d26)
2019-06-13 00:18:28.364 22705 RALLYDEBUG rally_openstack.cleanup.manager [-] Deleting neutron.port object s_rally_d270127d_YeuVPIp2 (697ce7a1-9352-4633-8469-eccbb489f2ee)
2019-06-13 00:18:28.385 22705 RALLYDEBUG rally_openstack.cleanup.manager [-] Deleting neutron.port object s_rally_d270127d_g2l6MOWG (69c5e4e1-12a8-4184-95c6-bf7ecd4cc8e6)
2019-06-13 00:18:28.409 22705 RALLYDEBUG rally_openstack.cleanup.manager [-] Deleting neutron.port object s_rally_d270127d_w3suq4X8 (6a22c606-3515-483c-a7f1-d6c842ac781f)
2019-06-13 00:18:28.458 22705 RALLYDEBUG rally_openstack.cleanup.manager [-] Deleting neutron.port object s_rally_d270127d_FQPpHIA7 (6a4f4673-306f-41da-a395-1a7dca889898)
2019-06-13 00:18:28.524 22705 RALLYDEBUG rally_openstack.cleanup.manager [-] Deleting neutron.port object s_rally_d270127d_HT9BryoD (6b14d3b7-7136-4f40-975a-ea641c099be2)
2019-06-13 00:18:28.627 22705 RALLYDEBUG rally_openstack.cleanup.manager [-] Deleting neutron.port object s_rally_d270127d_Ob6671UF (6bb7ee3c-49d1-445c-9096-dedaa8f9ba32)
2019-06-13 00:18:28.681 22705 RALLYDEBUG rally_openstack.cleanup.manager [-] Deleting neutron.port object s_rally_d270127d_tvwn66dG (72145438-c6c7-4ce5-83ad-353614c77f6d)
2019-06-13 00:18:28.746 22705 RALLYDEBUG rally_openstack.cleanup.manager [-] Deleting neutron.port object s_rally_d270127d_RaLQVff6 (737c1b22-5848-4d0a-9535-ad732bce1455)
2019-06-13 00:18:28.892 22705 RALLYDEBUG rally_openstack.cleanup.manager [-] Deleting neutron.port object s_rally_d270127d_lKVWvsmM (746b2b57-1067-4434-beb3-af1463150b8e)
2019-06-13 00:18:29.563 22705 RALLYDEBUG rally_openstack.cleanup.manager [-] Deleting neutron.port object s_rally_d270127d_41J2h6vL (76645285-eb80-4681-85ea-faa73a76dcee)
2019-06-13 00:18:30.000 22705 RALLYDEBUG rally_openstack.cleanup.manager [-] Deleting neutron.port object s_rally_d270127d_X9UDg2jb (77f68400-06bf-4989-ad8f-3ec3c445f085)
2019-06-13 00:18:30.286 22705 RALLYDEBUG rally_openstack.cleanup.manager [-] Deleting neutron.port object s_rally_d270127d_YkPxooMZ (7c737733-26c7-4b10-a983-84c4c89467c1)
2019-06-13 00:18:30.370 22705 RALLYDEBUG rally_openstack.cleanup.manager [-] Deleting neutron.port object s_rally_d270127d_baVRxXaL (7e86a506-f49f-4b6d-91c0-4b780cb99869)
2019-06-13 00:18:30.378 22705 RALLYDEBUG rally_openstack.cleanup.manager [-] Deleting neutron.port object s_rally_d270127d_hk8BTemT (7f5587ad-3ec3-41d6-b531-a158ec68ebe2)
2019-06-13 00:18:30.560 22705 RALLYDEBUG rally_openstack.cleanup.manager [-] Deleting neutron.port object s_rally_d270127d_SygdgKQ1 (7f87a788-25db-41e9-b1f3-5d875eb0b539)
2019-06-13 00:18:30.609 22705 RALLYDEBUG rally_openstack.cleanup.manager [-] Deleting neutron.port object s_rally_d270127d_4GAAokCZ (7fd59715-56af-4084-b2d6-534ea04b9bcf)
2019-06-13 00:18:30.629 22705 RALLYDEBUG rally_openstack.cleanup.manager [-] Deleting neutron.port object s_rally_d270127d_RYEBp5OR (80e10408-e724-4b55-ba92-f15a6c1f2a0b)
2019-06-13 00:18:30.688 22705 RALLYDEBUG rally_openstack.cleanup.manager [-] Deleting neutron.port object s_rally_d270127d_5e40miVU (83538145-e975-4e44-a907-4b0c39a7a59e)
2019-06-13 00:18:30.752 22705 RALLYDEBUG rally_openstack.cleanup.manager [-] Deleting neutron.port object s_rally_d270127d_xJNtdVI3 (849b3353-30ac-45d9-be24-abb7e4ca6d3f)
2019-06-13 00:18:30.792 22705 RALLYDEBUG rally_openstack.cleanup.manager [-] Deleting neutron.port object s_rally_d270127d_PyrZ3WbK (8ab9b718-821b-4d5c-99aa-ff996ec155f7)
2019-06-13 00:18:30.813 22705 RALLYDEBUG rally_openstack.cleanup.manager [-] Deleting neutron.port object s_rally_d270127d_DCphOU83 (8bbb7732-80cb-4ef7-8c75-7931c61131ae)
2019-06-13 00:18:30.871 22705 RALLYDEBUG rally_openstack.cleanup.manager [-] Deleting neutron.port object s_rally_d270127d_7lPaOJ49 (8bf1d769-e74b-4941-87f1-ad1ce5861b22)
2019-06-13 00:18:30.982 22705 RALLYDEBUG rally_openstack.cleanup.manager [-] Deleting neutron.port object s_rally_d270127d_141Gekd4 (8c3ef7eb-504c-4f13-bff9-a57bd9f1de24)
2019-06-13 00:18:31.035 22705 RALLYDEBUG rally_openstack.cleanup.manager [-] Deleting neutron.port object s_rally_d270127d_Ff6hp4nd (8cb5f76f-34d9-4f08-ad21-00dab2c6a5f3)
2019-06-13 00:18:31.099 22705 RALLYDEBUG rally_openstack.cleanup.manager [-] Deleting neutron.port object s_rally_d270127d_6HWQGmBH (8e6e687a-ca67-41f3-b9a9-a0472d9e57f5)
2019-06-13 00:18:31.211 22705 RALLYDEBUG rally_openstack.cleanup.manager [-] Deleting neutron.port object s_rally_d270127d_2Psj6g45 (8f131699-0c00-4113-b374-647ef8b65665)
2019-06-13 00:18:31.255 22705 RALLYDEBUG rally_openstack.cleanup.manager [-] Deleting neutron.port object s_rally_d270127d_dAo1vItD (8f20ac47-33c6-4e24-bb7b-338548fc370a)
2019-06-13 00:18:31.290 22705 RALLYDEBUG rally_openstack.cleanup.manager [-] Deleting neutron.port object s_rally_d270127d_nYZxMFyZ (8f61fbed-867c-4c84-aa35-af3d281bbc0f)
2019-06-13 00:18:31.476 22705 RALLYDEBUG rally_openstack.cleanup.manager [-] Deleting neutron.port object s_rally_d270127d_pfcctJUM (8f84069d-0103-42b7-ae77-4583bd177dc4)
2019-06-13 00:18:31.744 22705 RALLYDEBUG rally_openstack.cleanup.manager [-] Deleting neutron.port object s_rally_d270127d_iEICMinb (91cd6715-ff8a-4a05-a8e3-e5fee5753160)
2019-06-13 00:18:32.428 22705 RALLYDEBUG rally_openstack.cleanup.manager [-] Deleting neutron.port object s_rally_d270127d_iU7aa2Cm (927a957e-3e07-4d45-95e2-07385df75353)
2019-06-13 00:18:32.524 22705 RALLYDEBUG rally_openstack.cleanup.manager [-] Deleting neutron.port object s_rally_d270127d_P2JZYluM (92c4d8e8-d497-4216-8cf7-7b9d720e66fa)
2019-06-13 00:18:32.609 22705 RALLYDEBUG rally_openstack.cleanup.manager [-] Deleting neutron.port object s_rally_d270127d_BLB9mwDP (9386ac8a-7091-47db-8a45-8755c0d72523)
2019-06-13 00:18:32.664 22705 RALLYDEBUG rally_openstack.cleanup.manager [-] Deleting neutron.port object s_rally_d270127d_xtBjjmbe (9489feff-0b00-4958-a9cf-e7d020f99447)
2019-06-13 00:18:32.992 22705 RALLYDEBUG rally_openstack.cleanup.manager [-] Deleting neutron.port object s_rally_d270127d_xZpOf3BA (94b72435-7015-4eec-8746-104ce6790594)
2019-06-13 00:18:33.161 22705 RALLYDEBUG rally_openstack.cleanup.manager [-] Deleting neutron.port object s_rally_d270127d_43EGVjAe (95ebe511-a58c-44ff-adcb-21877f8e8056)
2019-06-13 00:18:33.201 22705 RALLYDEBUG rally_openstack.cleanup.manager [-] Deleting neutron.port object s_rally_d270127d_cVw8ISDl (96329191-9a71-40b8-bf95-89e957cd77a4)
2019-06-13 00:18:33.289 22705 RALLYDEBUG rally_openstack.cleanup.manager [-] Deleting neutron.port object s_rally_d270127d_CJ0ufOM4 (971f2754-5874-45ea-a1a7-2905d6080574)
2019-06-13 00:18:33.289 22705 RALLYDEBUG rally_openstack.cleanup.manager [-] Deleting neutron.port object s_rally_d270127d_N2H9lHuA (96ad8c0a-ecb1-43ea-8fe1-b6fa006abb72)
2019-06-13 00:18:33.435 22705 RALLYDEBUG rally_openstack.cleanup.manager [-] Deleting neutron.port object s_rally_d270127d_oi6Z2ECX (98d61cdd-4abf-49e1-ba7c-b2ff38711e70)
2019-06-13 00:18:33.448 22705 RALLYDEBUG rally_openstack.cleanup.manager [-] Deleting neutron.port object s_rally_d270127d_s8ON72DH (99dee94c-3429-458d-ae81-3d0f13b91dbf)
2019-06-13 00:18:33.498 22705 RALLYDEBUG rally_openstack.cleanup.manager [-] Deleting neutron.port object s_rally_d270127d_aRAuLqRr (9a9802b3-a8d0-4f88-a921-88f8659d9856)
2019-06-13 00:18:33.532 22705 RALLYDEBUG rally_openstack.cleanup.manager [-] Deleting neutron.port object s_rally_d270127d_yrjJxgu9 (9abf6cbb-cc51-4eb7-8bda-6044a10b8986)
2019-06-13 00:18:33.574 22705 RALLYDEBUG rally_openstack.cleanup.manager [-] Deleting neutron.port object s_rally_d270127d_7PkZ2Z9m (9c6d4482-a950-487b-b809-5f0fed687c9a)
2019-06-13 00:18:33.647 22705 RALLYDEBUG rally_openstack.cleanup.manager [-] Deleting neutron.port object s_rally_d270127d_9HWXZyMD (9d18e03e-9375-47c9-bbff-3104aaa878e1)
2019-06-13 00:18:33.654 22705 RALLYDEBUG rally_openstack.cleanup.manager [-] Deleting neutron.port object s_rally_d270127d_6CafIEyC (9def6c83-7a00-463b-8eef-de466ba7d6dd)
2019-06-13 00:18:33.753 22705 RALLYDEBUG rally_openstack.cleanup.manager [-] Deleting neutron.port object s_rally_d270127d_i137FM3G (9ecafaee-f176-4b0b-bc17-e96322cf9dec)
2019-06-13 00:18:33.851 22705 RALLYDEBUG rally_openstack.cleanup.manager [-] Deleting neutron.port object s_rally_d270127d_myYAfkxV (9fbdb67d-6f15-45e4-b9d8-40983e55d89e)
2019-06-13 00:18:33.895 22705 RALLYDEBUG rally_openstack.cleanup.manager [-] Deleting neutron.port object s_rally_d270127d_hoMBkFJt (a0bf0918-5d31-485a-9758-4b5af643dc0c)
2019-06-13 00:18:33.904 22705 RALLYDEBUG rally_openstack.cleanup.manager [-] Deleting neutron.port object s_rally_d270127d_RQ63jVNp (a1ff4da7-3283-436f-812c-2dd985ef7a43)
2019-06-13 00:18:34.621 22705 RALLYDEBUG rally_openstack.cleanup.manager [-] Deleting neutron.port object s_rally_d270127d_bBL0IGaN (a2350619-7ae3-4a25-a305-4531d4d546b9)
2019-06-13 00:18:34.715 22705 RALLYDEBUG rally_openstack.cleanup.manager [-] Deleting neutron.port object s_rally_d270127d_AtlgzHLz (a51eab29-e2b6-459d-8712-ccbae567bbc9)
2019-06-13 00:18:34.784 22705 RALLYDEBUG rally_openstack.cleanup.manager [-] Deleting neutron.port object s_rally_d270127d_ppCGlc1h (a5de2c97-e979-4f61-8bc0-762eba72b79f)
2019-06-13 00:18:34.992 22705 RALLYDEBUG rally_openstack.cleanup.manager [-] Deleting neutron.port object s_rally_d270127d_Dx023Vqb (a8578340-c9f2-4ff4-94f7-9d93c83bc2e0)
2019-06-13 00:18:35.180 22705 RALLYDEBUG rally_openstack.cleanup.manager [-] Deleting neutron.port object s_rally_d270127d_IcliseSF (a97cb641-d93d-4c6e-91ab-a62954c22828)
2019-06-13 00:18:35.324 22705 RALLYDEBUG rally_openstack.cleanup.manager [-] Deleting neutron.port object s_rally_d270127d_VbhMeLyZ (ad356ec0-f8d6-4558-8d5b-3e7245788156)
2019-06-13 00:18:35.667 22705 RALLYDEBUG rally_openstack.cleanup.manager [-] Deleting neutron.port object s_rally_d270127d_En3beQGw (b032f586-13e9-4741-ac0d-0a09fb0b1489)
2019-06-13 00:18:35.840 22705 RALLYDEBUG rally_openstack.cleanup.manager [-] Deleting neutron.port object s_rally_d270127d_dc9WfX7f (b16a183d-816e-4931-a4bb-0b868a9a87e3)
2019-06-13 00:18:35.864 22705 RALLYDEBUG rally_openstack.cleanup.manager [-] Deleting neutron.port object s_rally_d270127d_q0brZExJ (b209fc0f-e88f-4885-9693-408b5567ae07)
2019-06-13 00:18:36.015 22705 RALLYDEBUG rally_openstack.cleanup.manager [-] Deleting neutron.port object s_rally_d270127d_unL2mcAW (b2f785cd-2b5b-4b19-b8ae-4dcf50356e09)
2019-06-13 00:18:36.027 22705 RALLYDEBUG rally_openstack.cleanup.manager [-] Deleting neutron.port object s_rally_d270127d_c7iXxiO5 (b49575bb-3422-453f-a5ae-3b22386eff72)
2019-06-13 00:18:36.033 22705 RALLYDEBUG rally_openstack.cleanup.manager [-] Deleting neutron.port object s_rally_d270127d_rmq1dURb (b62708aa-c394-40ce-aef4-6e90559fc5b4)
2019-06-13 00:18:36.110 22705 RALLYDEBUG rally_openstack.cleanup.manager [-] Deleting neutron.port object s_rally_d270127d_bKvqriSe (ba389e8c-463a-4341-ae19-4ce68d6122f9)
2019-06-13 00:18:36.186 22705 RALLYDEBUG rally_openstack.cleanup.manager [-] Deleting neutron.port object s_rally_d270127d_5eSEsfqR (ba899f0e-7355-42e7-bb31-4d0151d43543)
2019-06-13 00:18:36.237 22705 RALLYDEBUG rally_openstack.cleanup.manager [-] Deleting neutron.port object s_rally_d270127d_U1G9XHhP (bd667a39-cc3e-4ed7-9569-907c9ac1474c)
2019-06-13 00:18:36.321 22705 RALLYDEBUG rally_openstack.cleanup.manager [-] Deleting neutron.port object s_rally_d270127d_hmoJ85KG (bee9f82b-0a43-4f37-8bf0-b7b6a10d6b74)
2019-06-13 00:18:36.328 22705 RALLYDEBUG rally_openstack.cleanup.manager [-] Deleting neutron.port object s_rally_d270127d_ZalMKBbC (bfd04303-11ff-47fe-bf45-7e1da66143a4)
2019-06-13 00:18:36.377 22705 RALLYDEBUG rally_openstack.cleanup.manager [-] Deleting neutron.port object s_rally_d270127d_sWTN6hY9 (c066d970-c35b-489b-ac21-c7f684309a29)
2019-06-13 00:18:36.464 22705 RALLYDEBUG rally_openstack.cleanup.manager [-] Deleting neutron.port object s_rally_d270127d_nElXD67l (c454c8ea-4dcc-4d43-b5b5-6e73f14d87ea)
2019-06-13 00:18:36.477 22705 RALLYDEBUG rally_openstack.cleanup.manager [-] Deleting neutron.port object s_rally_d270127d_YCtXhEBd (c5e2ce90-a0b1-4eb3-b2ba-ead398c9f1f3)
2019-06-13 00:18:36.757 22705 RALLYDEBUG rally_openstack.cleanup.manager [-] Deleting neutron.port object s_rally_d270127d_mQnuopOh (c9170169-e426-4e81-a41d-17e96339c8de)
2019-06-13 00:18:36.898 22705 RALLYDEBUG rally_openstack.cleanup.manager [-] Deleting neutron.port object s_rally_d270127d_7Mu8hr1g (c9391af3-6a2a-4f6b-9945-9a9ffb218f51)
2019-06-13 00:18:37.082 22705 RALLYDEBUG rally_openstack.cleanup.manager [-] Deleting neutron.port object s_rally_d270127d_0Aoa6kWK (ca46b705-e16c-430d-9f04-783fe2fd9046)
2019-06-13 00:18:37.329 22705 RALLYDEBUG rally_openstack.cleanup.manager [-] Deleting neutron.port object s_rally_d270127d_ueggcTvT (cb6a271f-a43a-4263-a9e5-c72c815d7a9e)
2019-06-13 00:18:37.473 22705 RALLYDEBUG rally_openstack.cleanup.manager [-] Deleting neutron.port object s_rally_d270127d_4Ju8x04D (cc5318c5-bc09-47d8-966a-c095d6e4f81f)
2019-06-13 00:18:37.586 22705 RALLYDEBUG rally_openstack.cleanup.manager [-] Deleting neutron.port object s_rally_d270127d_i6nYD7Q8 (cdd31d5a-36d4-4069-bff2-2947448d9ec8)
2019-06-13 00:18:38.379 22705 RALLYDEBUG rally_openstack.cleanup.manager [-] Deleting neutron.port object s_rally_d270127d_y33tPFaK (ce2799e0-309d-43e0-9799-4795aa971a89)
2019-06-13 00:18:38.408 22705 RALLYDEBUG rally_openstack.cleanup.manager [-] Deleting neutron.port object s_rally_d270127d_TpxlijGj (cea92e61-3125-417d-bba0-657426daf74a)
2019-06-13 00:18:38.630 22705 RALLYDEBUG rally_openstack.cleanup.manager [-] Deleting neutron.port object s_rally_d270127d_JEWuN99V (cef35024-c3ff-4a32-a656-702105b7dd55)
2019-06-13 00:18:38.711 22705 RALLYDEBUG rally_openstack.cleanup.manager [-] Deleting neutron.port object s_rally_d270127d_KCxbjGgt (d0c51cf4-65bb-4d14-b215-b5835a68d261)
2019-06-13 00:18:38.726 22705 RALLYDEBUG rally_openstack.cleanup.manager [-] Deleting neutron.port object s_rally_d270127d_DtiVouMu (d0fa5383-a1c5-4dbf-a6c0-29cace5d7285)
2019-06-13 00:18:38.760 22705 RALLYDEBUG rally_openstack.cleanup.manager [-] Deleting neutron.port object s_rally_d270127d_Dl8Fm3dl (d3b3a8e8-10f0-49de-9405-135d8cad9d77)
2019-06-13 00:18:38.788 22705 RALLYDEBUG rally_openstack.cleanup.manager [-] Deleting neutron.port object s_rally_d270127d_0LGJ4kHD (d3d621bd-8f35-4eba-9f6d-7c966dd51ae2)
2019-06-13 00:18:38.819 22705 RALLYDEBUG rally_openstack.cleanup.manager [-] Deleting neutron.port object s_rally_d270127d_30xt42Y9 (d616118c-8db2-4cb7-b6d4-e91b58491c02)
2019-06-13 00:18:39.161 22705 RALLYDEBUG rally_openstack.cleanup.manager [-] Deleting neutron.port object s_rally_d270127d_qbO3OrRm (d6c3cc72-dd34-47be-a8af-980ab0925993)
2019-06-13 00:18:39.171 22705 RALLYDEBUG rally_openstack.cleanup.manager [-] Deleting neutron.port object s_rally_d270127d_R9QcqPVI (d70f8c60-1f05-4cd3-bc16-d0a313eedbd9)
2019-06-13 00:18:39.176 22705 RALLYDEBUG rally_openstack.cleanup.manager [-] Deleting neutron.port object s_rally_d270127d_48yRds8V (d7b8bd45-6383-4533-ad68-0e940d2449a0)
2019-06-13 00:18:39.230 22705 RALLYDEBUG rally_openstack.cleanup.manager [-] Deleting neutron.port object s_rally_d270127d_r01GtWMN (d813b1cc-6620-4f77-ba3c-05a726515010)
2019-06-13 00:18:39.284 22705 RALLYDEBUG rally_openstack.cleanup.manager [-] Deleting neutron.port object s_rally_d270127d_hPCBQiyv (d838d258-81a8-4b5d-b021-8716ffb1f232)
2019-06-13 00:18:39.369 22705 RALLYDEBUG rally_openstack.cleanup.manager [-] Deleting neutron.port object s_rally_d270127d_BleFckv5 (d862d792-2444-4233-aa94-60d344e89f79)
2019-06-13 00:18:39.397 22705 RALLYDEBUG rally_openstack.cleanup.manager [-] Deleting neutron.port object s_rally_d270127d_naxDwhXy (d96d81ca-6c04-486c-8576-292e8f8563bb)
2019-06-13 00:18:39.436 22705 RALLYDEBUG rally_openstack.cleanup.manager [-] Deleting neutron.port object s_rally_d270127d_PRie1qY1 (dae7f26b-5ce7-43a8-ba4f-74cfd322fa02)
2019-06-13 00:18:39.449 22705 RALLYDEBUG rally_openstack.cleanup.manager [-] Deleting neutron.port object s_rally_d270127d_nNaXCVtS (dba19935-314b-476d-aa91-82370d813984)
2019-06-13 00:18:39.481 22705 RALLYDEBUG rally_openstack.cleanup.manager [-] Deleting neutron.port object s_rally_d270127d_fGamALdX (dba3b39c-e745-4aa3-ad61-3eee7c762da4)
2019-06-13 00:18:39.571 22705 RALLYDEBUG rally_openstack.cleanup.manager [-] Deleting neutron.port object s_rally_d270127d_eHNTU382 (dbd31587-5b59-40ee-afdd-2c408be7eb73)
2019-06-13 00:18:40.029 22705 RALLYDEBUG rally_openstack.cleanup.manager [-] Deleting neutron.port object s_rally_d270127d_Z3kpF05D (dc9cd712-2e1d-4ca1-bb13-f5da62d68679)
2019-06-13 00:18:40.641 22705 RALLYDEBUG rally_openstack.cleanup.manager [-] Deleting neutron.port object s_rally_d270127d_DHuedhBz (dcaed5ac-3a33-436a-807b-4b684ae8d6f0)
2019-06-13 00:18:40.767 22705 RALLYDEBUG rally_openstack.cleanup.manager [-] Deleting neutron.port object s_rally_d270127d_pxczJnFQ (dd95276f-3b4b-4cae-8b9c-c54acb1d1a9a)
2019-06-13 00:18:40.860 22705 RALLYDEBUG rally_openstack.cleanup.manager [-] Deleting neutron.port object s_rally_d270127d_iaLTJ6x4 (defae6ef-7cdb-4b42-84bf-dc49044b8bf0)
2019-06-13 00:18:40.981 22705 RALLYDEBUG rally_openstack.cleanup.manager [-] Deleting neutron.port object s_rally_d270127d_D8hr3khk (e0518ebc-d10b-4ac8-980e-43c5217f0bce)
2019-06-13 00:18:41.044 22705 RALLYDEBUG rally_openstack.cleanup.manager [-] Deleting neutron.port object s_rally_d270127d_tlygg38c (e1ab8894-d040-402a-b832-9810f3d8a932)
2019-06-13 00:18:41.064 22705 RALLYDEBUG rally_openstack.cleanup.manager [-] Deleting neutron.port object s_rally_d270127d_qZuXwG1T (e254bf0d-3ace-4ea7-bb50-c6d455c07542)
2019-06-13 00:18:41.124 22705 RALLYDEBUG rally_openstack.cleanup.manager [-] Deleting neutron.port object s_rally_d270127d_VXpxVGJK (e3720448-af96-433e-957d-a9d7285eed89)
2019-06-13 00:18:41.399 22705 RALLYDEBUG rally_openstack.cleanup.manager [-] Deleting neutron.port object s_rally_d270127d_UajQI90E (e46f2538-63fa-478d-a61c-9b2946704b09)
2019-06-13 00:18:41.411 22705 RALLYDEBUG rally_openstack.cleanup.manager [-] Deleting neutron.port object s_rally_d270127d_kyTYRBt0 (e6a45860-0520-4198-aaa1-44344a0e79e1)
2019-06-13 00:18:41.456 22705 RALLYDEBUG rally_openstack.cleanup.manager [-] Deleting neutron.port object s_rally_d270127d_i6XO661a (e70294c0-4ef5-46fe-bb9c-5551a834ac71)
2019-06-13 00:18:41.586 22705 RALLYDEBUG rally_openstack.cleanup.manager [-] Deleting neutron.port object s_rally_d270127d_kQIFXrHd (e76f325e-7a39-478f-a03c-dfc23f0fdb5b)
2019-06-13 00:18:41.659 22705 RALLYDEBUG rally_openstack.cleanup.manager [-] Deleting neutron.port object s_rally_d270127d_0JQqKsgp (e87b540e-fb6c-4f29-9095-56cb8b1c339c)
2019-06-13 00:18:41.719 22705 RALLYDEBUG rally_openstack.cleanup.manager [-] Deleting neutron.port object s_rally_d270127d_ihzvABAL (e98828a8-2a20-480c-bd14-7844d62758f9)
2019-06-13 00:18:41.870 22705 RALLYDEBUG rally_openstack.cleanup.manager [-] Deleting neutron.port object s_rally_d270127d_GQRxn9BE (ea4fb9d4-4f60-4109-ae23-c0a8ba6b713c)
2019-06-13 00:18:41.957 22705 RALLYDEBUG rally_openstack.cleanup.manager [-] Deleting neutron.port object s_rally_d270127d_KQPLmWVv (eb29028b-1d7c-4db7-b969-a36d23c6fb57)
2019-06-13 00:18:42.110 22705 RALLYDEBUG rally_openstack.cleanup.manager [-] Deleting neutron.port object s_rally_d270127d_Iqeg8ixh (eb891b89-8b7b-4033-8e2b-3703ca72f270)
2019-06-13 00:18:42.242 22705 RALLYDEBUG rally_openstack.cleanup.manager [-] Deleting neutron.port object s_rally_d270127d_cIoBQChL (edebc4da-a658-4f1e-b96f-a475fef95825)
2019-06-13 00:18:42.274 22705 RALLYDEBUG rally_openstack.cleanup.manager [-] Deleting neutron.port object s_rally_d270127d_jJgFvHAS (eff41d78-42fa-4ee4-9c22-3815d6f755e9)
2019-06-13 00:18:42.429 22705 RALLYDEBUG rally_openstack.cleanup.manager [-] Deleting neutron.port object s_rally_d270127d_dMHFxOaQ (f069ea3a-ce00-47a6-a470-58cf232d3e24)
2019-06-13 00:18:42.436 22705 RALLYDEBUG rally_openstack.cleanup.manager [-] Deleting neutron.port object s_rally_d270127d_GLmtoTVR (f0a97748-1f51-44f1-ace2-aad7af6f0c1b)
2019-06-13 00:18:42.881 22705 RALLYDEBUG rally_openstack.cleanup.manager [-] Deleting neutron.port object s_rally_d270127d_dUFCQlnG (f178a7a6-3a92-40b4-ba58-a0c71c8d39e9)
2019-06-13 00:18:42.999 22705 RALLYDEBUG rally_openstack.cleanup.manager [-] Deleting neutron.port object s_rally_d270127d_3kLn6gBI (f21eeb79-10b2-46d4-99e6-420774301a5e)
2019-06-13 00:18:43.191 22705 RALLYDEBUG rally_openstack.cleanup.manager [-] Deleting neutron.port object s_rally_d270127d_ex8jgNXS (f3d14dc6-d34e-4ead-8dc9-9745181f40b6)
2019-06-13 00:18:43.294 22705 RALLYDEBUG rally_openstack.cleanup.manager [-] Deleting neutron.port object s_rally_d270127d_V7lYztCA (f62c62cd-c9eb-45b3-898c-32b4b69a3e61)
2019-06-13 00:18:43.451 22705 RALLYDEBUG rally_openstack.cleanup.manager [-] Deleting neutron.port object s_rally_d270127d_kLY9eDrM (f876f03a-9156-4987-8371-98d8a5a1cee9)
2019-06-13 00:18:43.523 22705 RALLYDEBUG rally_openstack.cleanup.manager [-] Deleting neutron.port object s_rally_d270127d_aqXwODPQ (f8c7d88f-0974-4d70-a02f-76fa3933e365)
2019-06-13 00:18:43.667 22705 RALLYDEBUG rally_openstack.cleanup.manager [-] Deleting neutron.port object s_rally_d270127d_O9jtM4WL (f8ead671-925c-4b31-8f06-943751a7f1e5)
2019-06-13 00:18:43.711 22705 RALLYDEBUG rally_openstack.cleanup.manager [-] Deleting neutron.port object s_rally_d270127d_C1lQgVi7 (fa485fc8-1e20-476f-8580-4939b264bbfc)
2019-06-13 00:18:43.719 22705 RALLYDEBUG rally_openstack.cleanup.manager [-] Deleting neutron.port object s_rally_d270127d_lnkOYYzn (fb1bb3f4-36f5-4122-a0cd-d9ecf8f57e22)
2019-06-13 00:18:44.127 22705 RALLYDEBUG rally_openstack.cleanup.manager [-] Deleting neutron.port object s_rally_d270127d_UR3s947M (fc3c2825-61f5-4510-98c3-1a185b37e957)
2019-06-13 00:18:44.159 22705 RALLYDEBUG rally_openstack.cleanup.manager [-] Deleting neutron.port object s_rally_d270127d_1LBj5rTL (fd39aa3d-e97b-4616-af88-64b930a5cb4a)
2019-06-13 00:18:44.190 22705 RALLYDEBUG rally_openstack.cleanup.manager [-] Deleting neutron.port object s_rally_d270127d_9tRowuMY (fd87f157-a14d-4716-8d46-ee91c5bf91a8)
2019-06-13 00:18:44.385 22705 RALLYDEBUG rally_openstack.cleanup.manager [-] Deleting neutron.port object s_rally_d270127d_5RK0CISf (fe7d5dd9-a417-4bd4-ac75-247d1f692aa4)
2019-06-13 00:18:46.644 22705 RALLYDEBUG rally_openstack.cleanup.manager [-] Cleaning up neutron subnet objects
2019-06-13 00:18:47.320 22705 RALLYDEBUG rally_openstack.cleanup.manager [-] Cleaning up neutron network objects
2019-06-13 00:18:48.574 22705 RALLYDEBUG rally_openstack.cleanup.manager [-] Deleting neutron.network object s_rally_d270127d_xAlXKzqI (012177eb-327c-4fa9-a735-1379dfdd1a2e)
2019-06-13 00:18:48.576 22705 RALLYDEBUG rally_openstack.cleanup.manager [-] Deleting neutron.network object s_rally_d270127d_s6FSq0RA (0699d650-21f0-4d0c-8e57-b489083c98da)
2019-06-13 00:18:48.583 22705 RALLYDEBUG rally_openstack.cleanup.manager [-] Deleting neutron.network object s_rally_d270127d_pjE0rrvs (0a8a2534-608a-4bee-8287-8f91f44b3afc)
2019-06-13 00:18:48.593 22705 RALLYDEBUG rally_openstack.cleanup.manager [-] Deleting neutron.network object s_rally_d270127d_oKiQbqJ0 (0c12dbda-b213-415b-b43c-5b8b04a29a00)
2019-06-13 00:18:48.601 22705 RALLYDEBUG rally_openstack.cleanup.manager [-] Deleting neutron.network object s_rally_d270127d_DPe3bAjW (14b96d7e-917a-401a-a9f4-e399d834dfce)
2019-06-13 00:18:48.608 22705 RALLYDEBUG rally_openstack.cleanup.manager [-] Deleting neutron.network object s_rally_d270127d_1yNR0d2H (15e79fe5-ece4-4c2c-936f-ed083246f78f)
2019-06-13 00:18:48.621 22705 RALLYDEBUG rally_openstack.cleanup.manager [-] Deleting neutron.network object s_rally_d270127d_YaSEZFxv (1bed50e9-422f-4997-8932-ceae0a812835)
2019-06-13 00:18:48.635 22705 RALLYDEBUG rally_openstack.cleanup.manager [-] Deleting neutron.network object s_rally_d270127d_n0TLIwuh (22a2efdf-5540-476b-9795-f8f8b3b76b05)
2019-06-13 00:18:48.656 22705 RALLYDEBUG rally_openstack.cleanup.manager [-] Deleting neutron.network object s_rally_d270127d_geOEsdNP (24749ca2-ac6f-4cc6-842d-f1f488f2a8c9)
2019-06-13 00:18:48.662 22705 RALLYDEBUG rally_openstack.cleanup.manager [-] Deleting neutron.network object s_rally_d270127d_q5xEME3x (28242d19-90f2-47ec-be93-5b0872bbca29)
2019-06-13 00:18:48.673 22705 RALLYDEBUG rally_openstack.cleanup.manager [-] Deleting neutron.network object s_rally_d270127d_cC7EXpq1 (28c62673-f61b-4604-93ec-b56423acdb36)
2019-06-13 00:18:48.681 22705 RALLYDEBUG rally_openstack.cleanup.manager [-] Deleting neutron.network object s_rally_d270127d_NxWeIjzf (30a81949-7c99-48cc-b81d-f639c093e09b)
2019-06-13 00:18:48.694 22705 RALLYDEBUG rally_openstack.cleanup.manager [-] Deleting neutron.network object s_rally_d270127d_otPXtyIV (3bb20163-9f7e-46b4-90c8-31aa6326fe6d)
2019-06-13 00:18:48.710 22705 RALLYDEBUG rally_openstack.cleanup.manager [-] Deleting neutron.network object s_rally_d270127d_mFyxDwMO (4ca6b3f0-f7f0-4dd4-8127-1a053d623c4f)
2019-06-13 00:18:48.722 22705 RALLYDEBUG rally_openstack.cleanup.manager [-] Deleting neutron.network object s_rally_d270127d_kEYtBsjc (66f1f9be-db28-4e5b-bd5a-568605c132f1)
2019-06-13 00:18:48.726 22705 RALLYDEBUG rally_openstack.cleanup.manager [-] Deleting neutron.network object s_rally_d270127d_oNsWQWis (4e65fed1-b72e-4bc7-b213-75f7df9b2919)
2019-06-13 00:18:48.737 22705 RALLYDEBUG rally_openstack.cleanup.manager [-] Deleting neutron.network object s_rally_d270127d_ZNmWN1Kc (6f040336-d369-4cc9-871d-7a537e44f3ff)
2019-06-13 00:18:48.740 22705 RALLYDEBUG rally_openstack.cleanup.manager [-] Deleting neutron.network object s_rally_d270127d_XXN7gZo2 (6bb57185-1d5e-4782-ab2f-379f96f7bed7)
2019-06-13 00:18:48.757 22705 RALLYDEBUG rally_openstack.cleanup.manager [-] Deleting neutron.network object s_rally_d270127d_ZlsHgblA (80ab650a-64c6-4f40-bd2e-8c4d2669eca8)
2019-06-13 00:18:48.758 22705 RALLYDEBUG rally_openstack.cleanup.manager [-] Deleting neutron.network object s_rally_d270127d_iDf8dysF (8843dce0-a56f-48a7-8934-2d4bbce04f83)
2019-06-13 00:18:51.375 22705 RALLYDEBUG rally_openstack.cleanup.manager [-] Deleting neutron.network object s_rally_d270127d_zsF1T7o9 (9829af46-e650-4120-9fd5-94d2d0e4dbb9)
2019-06-13 00:18:51.536 22705 RALLYDEBUG rally_openstack.cleanup.manager [-] Deleting neutron.network object s_rally_d270127d_TEH9Hy98 (9b610dfc-0bfc-4f61-8182-fc438a870efb)
2019-06-13 00:18:51.611 22705 RALLYDEBUG rally_openstack.cleanup.manager [-] Deleting neutron.network object s_rally_d270127d_AKoplYGj (acfb3a92-91f2-46d0-959b-dbb10561bbd0)
2019-06-13 00:18:51.647 22705 RALLYDEBUG rally_openstack.cleanup.manager [-] Deleting neutron.network object s_rally_d270127d_7qRUDVdN (aec4086e-2200-45ae-8963-af52d936a538)
2019-06-13 00:18:51.716 22705 RALLYDEBUG rally_openstack.cleanup.manager [-] Deleting neutron.network object s_rally_d270127d_vV4SbKr8 (b70d17b2-fdc9-41bc-a570-36b9ce45a707)
2019-06-13 00:18:51.835 22705 RALLYDEBUG rally_openstack.cleanup.manager [-] Deleting neutron.network object s_rally_d270127d_dOaAKC5S (ba70e299-2186-4311-b259-c0d20eacbe2c)
2019-06-13 00:18:51.994 22705 RALLYDEBUG rally_openstack.cleanup.manager [-] Deleting neutron.network object s_rally_d270127d_K3XYxJ8o (baf547f4-87b9-468a-bf2a-9306061d64f2)
2019-06-13 00:18:52.098 22705 RALLYDEBUG rally_openstack.cleanup.manager [-] Deleting neutron.network object s_rally_d270127d_jvw3DaJp (bc9e8cb1-ce2d-4bb1-85ab-96219fe685a4)
2019-06-13 00:18:52.125 22705 RALLYDEBUG rally_openstack.cleanup.manager [-] Deleting neutron.network object s_rally_d270127d_6awkkFKg (c1c2a7dd-a915-42ac-946f-80afa13bafa2)
2019-06-13 00:18:52.367 22705 RALLYDEBUG rally_openstack.cleanup.manager [-] Deleting neutron.network object s_rally_d270127d_Cc3mMOb1 (cee5d336-e856-4898-9516-1f4d1d3a9e74)
2019-06-13 00:18:52.370 22705 RALLYDEBUG rally_openstack.cleanup.manager [-] Deleting neutron.network object s_rally_d270127d_fKxv8uym (d2057c55-7649-4367-a74f-afcb30046692)
2019-06-13 00:18:53.204 22705 RALLYDEBUG rally_openstack.cleanup.manager [-] Deleting neutron.network object s_rally_d270127d_ZGtSoZwp (d2fd91ce-94bd-48c1-80d8-3e308f81cafa)
2019-06-13 00:18:53.245 22705 RALLYDEBUG rally_openstack.cleanup.manager [-] Deleting neutron.network object s_rally_d270127d_WJu8S8Hk (d92ecce1-4b49-45e5-a99a-3ecb148f3e27)
2019-06-13 00:18:53.624 22705 RALLYDEBUG rally_openstack.cleanup.manager [-] Deleting neutron.network object s_rally_d270127d_EHHyrYvJ (df61a7f0-d326-4099-b2d6-cc07f65e78e8)
2019-06-13 00:18:53.669 22705 RALLYDEBUG rally_openstack.cleanup.manager [-] Deleting neutron.network object s_rally_d270127d_NEPIojoP (e0e671a0-4801-444e-8d46-c44c03223763)
2019-06-13 00:18:53.915 22705 RALLYDEBUG rally_openstack.cleanup.manager [-] Deleting neutron.network object s_rally_d270127d_ImW2feXx (e78e4a6c-de0a-4109-adef-aa6b3a287147)
2019-06-13 00:18:53.998 22705 RALLYDEBUG rally_openstack.cleanup.manager [-] Deleting neutron.network object s_rally_d270127d_fsOjfZi5 (eacec5ba-e6d2-4344-8a7b-97d4a5fe0c09)
2019-06-13 00:18:54.052 22705 RALLYDEBUG rally_openstack.cleanup.manager [-] Deleting neutron.network object s_rally_d270127d_KpSq6zo1 (ee255657-2c0c-45c0-9616-b78fc417f54d)
2019-06-13 00:18:54.072 22705 RALLYDEBUG rally_openstack.cleanup.manager [-] Deleting neutron.network object s_rally_d270127d_sBXFT4U8 (f4b55b6e-37be-4d5a-be40-2862c5e830c8)
2019-06-13 00:18:54.306 22705 RALLYDEBUG rally_openstack.cleanup.manager [-] Deleting neutron.network object s_rally_d270127d_TUTbrnHN (fe892569-b6b2-4d22-bb0a-764c2d8e4b76)
2019-06-13 00:18:57.117 22705 RALLYDEBUG rally_openstack.cleanup.manager [-] Cleaning up neutron router objects
2019-06-13 00:18:57.799 22705 RALLYDEBUG rally_openstack.cleanup.manager [-] Cleaning up neutron security_group objects
2019-06-13 00:18:58.547 22705 INFO rally.task.context [-] Task 32d1919a-4745-47f2-87da-5e6ca5290cfb | Context cleanup@openstack cleanup() finished in 43.74 sec
2019-06-13 00:18:58.547 22705 INFO rally.task.context [-] Task 32d1919a-4745-47f2-87da-5e6ca5290cfb | Context quotas@openstack cleanup() started
2019-06-13 00:18:58.790 22705 INFO rally.task.context [-] Task 32d1919a-4745-47f2-87da-5e6ca5290cfb | Context quotas@openstack cleanup() finished in 0.24 sec
2019-06-13 00:18:58.790 22705 INFO rally.task.context [-] Task 32d1919a-4745-47f2-87da-5e6ca5290cfb | Context users@openstack cleanup() started
2019-06-13 00:19:04.137 22705 INFO rally.task.context [-] Task 32d1919a-4745-47f2-87da-5e6ca5290cfb | Context users@openstack cleanup() finished in 5.35 sec
2019-06-13 00:19:05.443 22705 INFO rally.task.engine [-] Load duration is: 30.207343
2019-06-13 00:19:05.443 22705 INFO rally.task.engine [-] Full runner duration is: 30.255913
2019-06-13 00:19:05.444 22705 INFO rally.task.engine [-] Full duration is: 85.051639
2019-06-13 00:19:05.651 22705 INFO rally.task.engine [-] Running workload: position = 2 config = { "version": 2, "title": "A cropped version of a bigger task.", "description": "Auto-generated task from a single workload (uuid=4d9751c1-66d5-4652-a404-3e9675ca5e1f)", "subtasks": [ { "title": "NeutronNetworks.create_and_delete_ports", "description": "Create and delete a port.", "scenario": { "NeutronNetworks.create_and_delete_ports": { "network_create_args": {}, "port_create_args": {}, "ports_per_network": 5 } }, "contexts": { "users": { "tenants": 1, "users_per_tenant": 1 }, "quotas": { "neutron": { "network": -1, "port": -1 } } }, "runner": { "constant": { "times": 40, "concurrency": 20 } }, "hooks": [], "sla": { "failure_rate": { "max": 0 } } } ] }
2019-06-13 00:19:05.673 22705 RALLYDEBUG rally_openstack.contexts.keystone.users [-] Creating 1 tenants using 20 threads
2019-06-13 00:19:07.481 22705 RALLYDEBUG rally_openstack.contexts.keystone.users [-] Creating 1 users using 20 threads
2019-06-13 00:19:10.260 22705 INFO rally.task.context [-] Task 32d1919a-4745-47f2-87da-5e6ca5290cfb | Context users@openstack setup() finished in 4.59 sec
2019-06-13 00:19:11.058 22705 INFO rally.task.context [-] Task 32d1919a-4745-47f2-87da-5e6ca5290cfb | Context quotas@openstack setup() finished in 0.80 sec
2019-06-13 00:19:11.059 22705 INFO rally.task.context [-] Task 32d1919a-4745-47f2-87da-5e6ca5290cfb | Context cleanup@openstack setup() finished in 0.00 msec
2019-06-13 00:19:11.066 22705 RALLYDEBUG rally.task.runner [-] Starting the constant runner (task UUID: 32d1919a-4745-47f2-87da-5e6ca5290cfb). timeout: 0 concurrency: 20 concurrency_per_worker: 1 times: 40 concurrency_overhead: 4 processes_to_start: 16 max_cpu_used: 16
2019-06-13 00:19:11.079 26951 RALLYDEBUG rally.task.runner [-] Starting a worker. concurrency: 2 args: {"network_create_args": {}, "port_create_args": {}, "ports_per_network": 5} times: 40 method_name: run timeout: 0 duration: None cls:
2019-06-13 00:19:11.082 26952 RALLYDEBUG rally.task.runner [-] Starting a worker. concurrency: 2 args: {"network_create_args": {}, "port_create_args": {}, "ports_per_network": 5} times: 40 method_name: run timeout: 0 duration: None cls:
2019-06-13 00:19:11.084 26953 RALLYDEBUG rally.task.runner [-] Starting a worker. concurrency: 2 args: {"network_create_args": {}, "port_create_args": {}, "ports_per_network": 5} times: 40 method_name: run timeout: 0 duration: None cls:
2019-06-13 00:19:11.087 26951 INFO rally.task.runner [-] Task 32d1919a-4745-47f2-87da-5e6ca5290cfb | ITER: 1 START
2019-06-13 00:19:11.087 26954 RALLYDEBUG rally.task.runner [-] Starting a worker. concurrency: 2 args: {"network_create_args": {}, "port_create_args": {}, "ports_per_network": 5} times: 40 method_name: run timeout: 0 duration: None cls:
2019-06-13 00:19:11.090 26955 RALLYDEBUG rally.task.runner [-] Starting a worker. concurrency: 1 args: {"network_create_args": {}, "port_create_args": {}, "ports_per_network": 5} times: 40 method_name: run timeout: 0 duration: None cls:
2019-06-13 00:19:11.091 26951 WARNING rally_openstack.scenarios.neutron.utils [-] Running this scenario without either the 'network' or 'existing_network' context is deprecated
2019-06-13 00:19:11.091 26952 INFO rally.task.runner [-] Task 32d1919a-4745-47f2-87da-5e6ca5290cfb | ITER: 2 START
2019-06-13 00:19:11.093 26952 WARNING rally_openstack.scenarios.neutron.utils [-] Running this scenario without either the 'network' or 'existing_network' context is deprecated
2019-06-13 00:19:11.095 26952 INFO rally.task.runner [-] Task 32d1919a-4745-47f2-87da-5e6ca5290cfb | ITER: 5 START
2019-06-13 00:19:11.092 26953 INFO rally.task.runner [-] Task 32d1919a-4745-47f2-87da-5e6ca5290cfb | ITER: 4 START
2019-06-13 00:19:11.095 26959 RALLYDEBUG rally.task.runner [-] Starting a worker. concurrency: 1 args: {"network_create_args": {}, "port_create_args": {}, "ports_per_network": 5} times: 40 method_name: run timeout: 0 duration: None cls:
2019-06-13 00:19:11.096 26955 INFO rally.task.runner [-] Task 32d1919a-4745-47f2-87da-5e6ca5290cfb | ITER: 7 START
2019-06-13 00:19:11.096 26963 RALLYDEBUG rally.task.runner [-] Starting a worker. concurrency: 1 args: {"network_create_args": {}, "port_create_args": {}, "ports_per_network": 5} times: 40 method_name: run timeout: 0 duration: None cls:
2019-06-13 00:19:11.098 26955 WARNING rally_openstack.scenarios.neutron.utils [-] Running this scenario without either the 'network' or 'existing_network' context is deprecated
2019-06-13 00:19:11.097 26953 WARNING rally_openstack.scenarios.neutron.utils [-] Running this scenario without either the 'network' or 'existing_network' context is deprecated
2019-06-13 00:19:11.098 26953 INFO rally.task.runner [-] Task 32d1919a-4745-47f2-87da-5e6ca5290cfb | ITER: 8 START
2019-06-13 00:19:11.100 26953 WARNING rally_openstack.scenarios.neutron.utils [-] Running this scenario without either the 'network' or 'existing_network' context is deprecated
2019-06-13 00:19:11.095 26952 WARNING rally_openstack.scenarios.neutron.utils [-] Running this scenario without either the 'network' or 'existing_network' context is deprecated
2019-06-13 00:19:11.101 26966 RALLYDEBUG rally.task.runner [-] Starting a worker. concurrency: 1 args: {"network_create_args": {}, "port_create_args": {}, "ports_per_network": 5} times: 40 method_name: run timeout: 0 duration: None cls:
2019-06-13 00:19:11.101 26959 INFO rally.task.runner [-] Task 32d1919a-4745-47f2-87da-5e6ca5290cfb | ITER: 10 START
2019-06-13 00:19:11.102 26963 INFO rally.task.runner [-] Task 32d1919a-4745-47f2-87da-5e6ca5290cfb | ITER: 11 START
2019-06-13 00:19:11.102 26954 INFO rally.task.runner [-] Task 32d1919a-4745-47f2-87da-5e6ca5290cfb | ITER: 6 START
2019-06-13 00:19:11.104 26963 WARNING rally_openstack.scenarios.neutron.utils [-] Running this scenario without either the 'network' or 'existing_network' context is deprecated
2019-06-13 00:19:11.104 26951 INFO rally.task.runner [-] Task 32d1919a-4745-47f2-87da-5e6ca5290cfb | ITER: 3 START
2019-06-13 00:19:11.104 26959 WARNING rally_openstack.scenarios.neutron.utils [-] Running this scenario without either the 'network' or 'existing_network' context is deprecated
2019-06-13 00:19:11.104 26954 WARNING rally_openstack.scenarios.neutron.utils [-] Running this scenario without either the 'network' or 'existing_network' context is deprecated
2019-06-13 00:19:11.104 26951 WARNING rally_openstack.scenarios.neutron.utils [-] Running this scenario without either the 'network' or 'existing_network' context is deprecated
2019-06-13 00:19:11.105 26966 INFO rally.task.runner [-] Task 32d1919a-4745-47f2-87da-5e6ca5290cfb | ITER: 12 START
2019-06-13 00:19:11.106 26966 WARNING rally_openstack.scenarios.neutron.utils [-] Running this scenario without either the 'network' or 'existing_network' context is deprecated
2019-06-13 00:19:11.109 26972 RALLYDEBUG rally.task.runner [-] Starting a worker. concurrency: 1 args: {"network_create_args": {}, "port_create_args": {}, "ports_per_network": 5} times: 40 method_name: run timeout: 0 duration: None cls:
2019-06-13 00:19:11.111 26954 INFO rally.task.runner [-] Task 32d1919a-4745-47f2-87da-5e6ca5290cfb | ITER: 9 START
2019-06-13 00:19:11.112 26954 WARNING rally_openstack.scenarios.neutron.utils [-] Running this scenario without either the 'network' or 'existing_network' context is deprecated
2019-06-13 00:19:11.114 26972 INFO rally.task.runner [-] Task 32d1919a-4745-47f2-87da-5e6ca5290cfb | ITER: 13 START
2019-06-13 00:19:11.114 26980 RALLYDEBUG rally.task.runner [-] Starting a worker. concurrency: 1 args: {"network_create_args": {}, "port_create_args": {}, "ports_per_network": 5} times: 40 method_name: run timeout: 0 duration: None cls:
2019-06-13 00:19:11.116 26972 WARNING rally_openstack.scenarios.neutron.utils [-] Running this scenario without either the 'network' or 'existing_network' context is deprecated
2019-06-13 00:19:11.122 26980 INFO rally.task.runner [-] Task 32d1919a-4745-47f2-87da-5e6ca5290cfb | ITER: 14 START
2019-06-13 00:19:11.123 26980 WARNING rally_openstack.scenarios.neutron.utils [-] Running this scenario without either the 'network' or 'existing_network' context is deprecated
2019-06-13 00:19:11.123 26982 RALLYDEBUG rally.task.runner [-] Starting a worker. concurrency: 1 args: {"network_create_args": {}, "port_create_args": {}, "ports_per_network": 5} times: 40 method_name: run timeout: 0 duration: None cls:
2019-06-13 00:19:11.128 26982 INFO rally.task.runner [-] Task 32d1919a-4745-47f2-87da-5e6ca5290cfb | ITER: 15 START
2019-06-13 00:19:11.129 26982 WARNING rally_openstack.scenarios.neutron.utils [-] Running this scenario without either the 'network' or 'existing_network' context is deprecated
2019-06-13 00:19:11.136 26986 RALLYDEBUG rally.task.runner [-] Starting a worker. concurrency: 1 args: {"network_create_args": {}, "port_create_args": {}, "ports_per_network": 5} times: 40 method_name: run timeout: 0 duration: None cls:
2019-06-13 00:19:11.141 26986 INFO rally.task.runner [-] Task 32d1919a-4745-47f2-87da-5e6ca5290cfb | ITER: 16 START
2019-06-13 00:19:11.142 26986 WARNING rally_openstack.scenarios.neutron.utils [-] Running this scenario without either the 'network' or 'existing_network' context is deprecated
2019-06-13 00:19:11.143 26990 RALLYDEBUG rally.task.runner [-] Starting a worker. concurrency: 1 args: {"network_create_args": {}, "port_create_args": {}, "ports_per_network": 5} times: 40 method_name: run timeout: 0 duration: None cls:
2019-06-13 00:19:11.146 26989 RALLYDEBUG rally.task.runner [-] Starting a worker. concurrency: 1 args: {"network_create_args": {}, "port_create_args": {}, "ports_per_network": 5} times: 40 method_name: run timeout: 0 duration: None cls:
2019-06-13 00:19:11.148 26990 INFO rally.task.runner [-] Task 32d1919a-4745-47f2-87da-5e6ca5290cfb | ITER: 17 START
2019-06-13 00:19:11.149 26990 WARNING rally_openstack.scenarios.neutron.utils [-] Running this scenario without either the 'network' or 'existing_network' context is deprecated
2019-06-13 00:19:11.149 26993 RALLYDEBUG rally.task.runner [-] Starting a worker. concurrency: 1 args: {"network_create_args": {}, "port_create_args": {}, "ports_per_network": 5} times: 40 method_name: run timeout: 0 duration: None cls:
2019-06-13 00:19:11.151 26989 INFO rally.task.runner [-] Task 32d1919a-4745-47f2-87da-5e6ca5290cfb | ITER: 18 START
2019-06-13 00:19:11.153 26989 WARNING rally_openstack.scenarios.neutron.utils [-] Running this scenario without either the 'network' or 'existing_network' context is deprecated
2019-06-13 00:19:11.154 26993 INFO rally.task.runner [-] Task 32d1919a-4745-47f2-87da-5e6ca5290cfb | ITER: 19 START
2019-06-13 00:19:11.155 26993 WARNING rally_openstack.scenarios.neutron.utils [-] Running this scenario without either the 'network' or 'existing_network' context is deprecated
2019-06-13 00:19:11.156 26996 RALLYDEBUG rally.task.runner [-] Starting a worker. concurrency: 1 args: {"network_create_args": {}, "port_create_args": {}, "ports_per_network": 5} times: 40 method_name: run timeout: 0 duration: None cls:
2019-06-13 00:19:11.160 26996 INFO rally.task.runner [-] Task 32d1919a-4745-47f2-87da-5e6ca5290cfb | ITER: 20 START
2019-06-13 00:19:11.161 26996 WARNING rally_openstack.scenarios.neutron.utils [-] Running this scenario without either the 'network' or 'existing_network' context is deprecated
2019-06-13 00:19:24.973 26951 INFO rally.task.runner [-] Task 32d1919a-4745-47f2-87da-5e6ca5290cfb | ITER: 3 END: OK
2019-06-13 00:19:24.976 26951 INFO rally.task.runner [-] Task 32d1919a-4745-47f2-87da-5e6ca5290cfb | ITER: 21 START
2019-06-13 00:19:24.976 26951 WARNING rally_openstack.scenarios.neutron.utils [-] Running this scenario without either the 'network' or 'existing_network' context is deprecated
2019-06-13 00:19:26.088 26953 INFO rally.task.runner [-] Task 32d1919a-4745-47f2-87da-5e6ca5290cfb | ITER: 4 END: OK
2019-06-13 00:19:26.091 26953 INFO rally.task.runner [-] Task 32d1919a-4745-47f2-87da-5e6ca5290cfb | ITER: 22 START
2019-06-13 00:19:26.091 26953 WARNING rally_openstack.scenarios.neutron.utils [-] Running this scenario without either the 'network' or 'existing_network' context is deprecated
2019-06-13 00:19:26.587 26952 INFO rally.task.runner [-] Task 32d1919a-4745-47f2-87da-5e6ca5290cfb | ITER: 2 END: OK
2019-06-13 00:19:26.591 26952 INFO rally.task.runner [-] Task 32d1919a-4745-47f2-87da-5e6ca5290cfb | ITER: 23 START
2019-06-13 00:19:26.592 26952 WARNING rally_openstack.scenarios.neutron.utils [-] Running this scenario without either the 'network' or 'existing_network' context is deprecated
2019-06-13 00:19:26.828 26966 INFO rally.task.runner [-] Task 32d1919a-4745-47f2-87da-5e6ca5290cfb | ITER: 12 END: OK
2019-06-13 00:19:26.832 26966 INFO rally.task.runner [-] Task 32d1919a-4745-47f2-87da-5e6ca5290cfb | ITER: 24 START
2019-06-13 00:19:26.833 26966 WARNING rally_openstack.scenarios.neutron.utils [-] Running this scenario without either the 'network' or 'existing_network' context is deprecated
2019-06-13 00:19:26.856 26980 INFO rally.task.runner [-] Task 32d1919a-4745-47f2-87da-5e6ca5290cfb | ITER: 14 END: OK
2019-06-13 00:19:26.859 26980 INFO rally.task.runner [-] Task 32d1919a-4745-47f2-87da-5e6ca5290cfb | ITER: 25 START
2019-06-13 00:19:26.859 26980 WARNING rally_openstack.scenarios.neutron.utils [-] Running this scenario without either the 'network' or 'existing_network' context is deprecated
2019-06-13 00:19:26.903 26986 INFO rally.task.runner [-] Task 32d1919a-4745-47f2-87da-5e6ca5290cfb | ITER: 16 END: OK
2019-06-13 00:19:26.906 26986 INFO rally.task.runner [-] Task 32d1919a-4745-47f2-87da-5e6ca5290cfb | ITER: 26 START
2019-06-13 00:19:26.907 26986 WARNING rally_openstack.scenarios.neutron.utils [-] Running this scenario without either the 'network' or 'existing_network' context is deprecated
2019-06-13 00:19:26.947 26959 INFO rally.task.runner [-] Task 32d1919a-4745-47f2-87da-5e6ca5290cfb | ITER: 10 END: OK
2019-06-13 00:19:26.951 26959 INFO rally.task.runner [-] Task 32d1919a-4745-47f2-87da-5e6ca5290cfb | ITER: 27 START
2019-06-13 00:19:26.952 26959 WARNING rally_openstack.scenarios.neutron.utils [-] Running this scenario without either the 'network' or 'existing_network' context is deprecated
2019-06-13 00:19:26.965 26954 INFO rally.task.runner [-] Task 32d1919a-4745-47f2-87da-5e6ca5290cfb | ITER: 6 END: OK
2019-06-13 00:19:26.969 26954 INFO rally.task.runner [-] Task 32d1919a-4745-47f2-87da-5e6ca5290cfb | ITER: 28 START
2019-06-13 00:19:26.969 26954 WARNING rally_openstack.scenarios.neutron.utils [-] Running this scenario without either the 'network' or 'existing_network' context is deprecated
2019-06-13 00:19:27.021 26982 INFO rally.task.runner [-] Task 32d1919a-4745-47f2-87da-5e6ca5290cfb | ITER: 15 END: OK
2019-06-13 00:19:27.024 26982 INFO rally.task.runner [-] Task 32d1919a-4745-47f2-87da-5e6ca5290cfb | ITER: 29 START
2019-06-13 00:19:27.025 26982 WARNING rally_openstack.scenarios.neutron.utils [-] Running this scenario without either the 'network' or 'existing_network' context is deprecated
2019-06-13 00:19:27.141 26963 INFO rally.task.runner [-] Task 32d1919a-4745-47f2-87da-5e6ca5290cfb | ITER: 11 END: OK
2019-06-13 00:19:27.144 26963 INFO rally.task.runner [-] Task 32d1919a-4745-47f2-87da-5e6ca5290cfb | ITER: 30 START
2019-06-13 00:19:27.144 26963 WARNING rally_openstack.scenarios.neutron.utils [-] Running this scenario without either the 'network' or 'existing_network' context is deprecated
2019-06-13 00:19:27.172 26954 INFO rally.task.runner [-] Task 32d1919a-4745-47f2-87da-5e6ca5290cfb | ITER: 9 END: OK
2019-06-13 00:19:27.174 26954 INFO rally.task.runner [-] Task 32d1919a-4745-47f2-87da-5e6ca5290cfb | ITER: 31 START
2019-06-13 00:19:27.175 26954 WARNING rally_openstack.scenarios.neutron.utils [-] Running this scenario without either the 'network' or 'existing_network' context is deprecated
2019-06-13 00:19:27.436 26990 INFO rally.task.runner [-] Task 32d1919a-4745-47f2-87da-5e6ca5290cfb | ITER: 17 END: OK
2019-06-13 00:19:27.440 26990 INFO rally.task.runner [-] Task 32d1919a-4745-47f2-87da-5e6ca5290cfb | ITER: 32 START
2019-06-13 00:19:27.441 26990 WARNING rally_openstack.scenarios.neutron.utils [-] Running this scenario without either the 'network' or 'existing_network' context is deprecated
2019-06-13 00:19:27.962 26996 INFO rally.task.runner [-] Task 32d1919a-4745-47f2-87da-5e6ca5290cfb | ITER: 20 END: OK
2019-06-13 00:19:27.968 26996 INFO rally.task.runner [-] Task 32d1919a-4745-47f2-87da-5e6ca5290cfb | ITER: 33 START
2019-06-13 00:19:27.968 26996 WARNING rally_openstack.scenarios.neutron.utils [-] Running this scenario without either the 'network' or 'existing_network' context is deprecated
2019-06-13 00:19:28.191 26972 INFO rally.task.runner [-] Task 32d1919a-4745-47f2-87da-5e6ca5290cfb | ITER: 13 END: OK
2019-06-13 00:19:28.196 26972 INFO rally.task.runner [-] Task 32d1919a-4745-47f2-87da-5e6ca5290cfb | ITER: 34 START
2019-06-13 00:19:28.196 26972 WARNING rally_openstack.scenarios.neutron.utils [-] Running this scenario without either the 'network' or 'existing_network' context is deprecated
2019-06-13 00:19:28.424 26952 INFO rally.task.runner [-] Task 32d1919a-4745-47f2-87da-5e6ca5290cfb | ITER: 5 END: OK
2019-06-13 00:19:28.428 26952 INFO rally.task.runner [-] Task 32d1919a-4745-47f2-87da-5e6ca5290cfb | ITER: 35 START
2019-06-13 00:19:28.428 26952 WARNING rally_openstack.scenarios.neutron.utils [-] Running this scenario without either the 'network' or 'existing_network' context is deprecated
2019-06-13 00:19:28.481 26993 INFO rally.task.runner [-] Task 32d1919a-4745-47f2-87da-5e6ca5290cfb | ITER: 19 END: OK
2019-06-13 00:19:28.485 26993 INFO rally.task.runner [-] Task 32d1919a-4745-47f2-87da-5e6ca5290cfb | ITER: 36 START
2019-06-13 00:19:28.486 26993 WARNING rally_openstack.scenarios.neutron.utils [-] Running this scenario without either the 'network' or 'existing_network' context is deprecated
2019-06-13 00:19:28.578 26951 INFO rally.task.runner [-] Task 32d1919a-4745-47f2-87da-5e6ca5290cfb | ITER: 1 END: OK
2019-06-13 00:19:28.581 26951 INFO rally.task.runner [-] Task 32d1919a-4745-47f2-87da-5e6ca5290cfb | ITER: 37 START
2019-06-13 00:19:28.582 26951 WARNING rally_openstack.scenarios.neutron.utils [-] Running this scenario without either the 'network' or 'existing_network' context is deprecated
2019-06-13 00:19:28.617 26953 INFO rally.task.runner [-] Task 32d1919a-4745-47f2-87da-5e6ca5290cfb | ITER: 8 END: OK
2019-06-13 00:19:28.620 26953 INFO rally.task.runner [-] Task 32d1919a-4745-47f2-87da-5e6ca5290cfb | ITER: 38 START
2019-06-13 00:19:28.621 26953 WARNING rally_openstack.scenarios.neutron.utils [-] Running this scenario without either the 'network' or 'existing_network' context is deprecated
2019-06-13 00:19:29.676 26955 INFO rally.task.runner [-] Task 32d1919a-4745-47f2-87da-5e6ca5290cfb | ITER: 7 END: OK
2019-06-13 00:19:29.680 26955 INFO rally.task.runner [-] Task 32d1919a-4745-47f2-87da-5e6ca5290cfb | ITER: 39 START
