2019-06-13 00:04:11.848 24799 WARNING rally_openstack.scenarios.neutron.utils [-] Running this scenario without either the 'network' or 'existing_network' context is deprecated
2019-06-13 00:04:11.856 24803 INFO rally.task.runner [-] Task 32d1919a-4745-47f2-87da-5e6ca5290cfb | ITER: 9 START
2019-06-13 00:04:11.857 24814 WARNING rally_openstack.scenarios.neutron.utils [-] Running this scenario without either the 'network' or 'existing_network' context is deprecated
2019-06-13 00:04:11.850 24800 WARNING rally_openstack.scenarios.neutron.utils [-] Running this scenario without either the 'network' or 'existing_network' context is deprecated
2019-06-13 00:04:11.858 24803 WARNING rally_openstack.scenarios.neutron.utils [-] Running this scenario without either the 'network' or 'existing_network' context is deprecated
2019-06-13 00:04:11.858 24816 RALLYDEBUG rally.task.runner [-] Starting a worker. concurrency: 1 args: {"network_create_args": {}, "subnet_create_args": {}, "subnet_cidr_start": "1.1.0.0/30", "subnets_per_network": 2} times: 40 method_name: run timeout: 0 duration: None cls:
2019-06-13 00:04:11.861 24824 RALLYDEBUG rally.task.runner [-] Starting a worker. concurrency: 1 args: {"network_create_args": {}, "subnet_create_args": {}, "subnet_cidr_start": "1.1.0.0/30", "subnets_per_network": 2} times: 40 method_name: run timeout: 0 duration: None cls:
2019-06-13 00:04:11.862 24802 INFO rally.task.runner [-] Task 32d1919a-4745-47f2-87da-5e6ca5290cfb | ITER: 8 START
2019-06-13 00:04:11.863 24802 WARNING rally_openstack.scenarios.neutron.utils [-] Running this scenario without either the 'network' or 'existing_network' context is deprecated
2019-06-13 00:04:11.863 24808 INFO rally.task.runner [-] Task 32d1919a-4745-47f2-87da-5e6ca5290cfb | ITER: 10 START
2019-06-13 00:04:11.864 24816 INFO rally.task.runner [-] Task 32d1919a-4745-47f2-87da-5e6ca5290cfb | ITER: 12 START
2019-06-13 00:04:11.865 24808 WARNING rally_openstack.scenarios.neutron.utils [-] Running this scenario without either the 'network' or 'existing_network' context is deprecated
2019-06-13 00:04:11.865 24816 WARNING rally_openstack.scenarios.neutron.utils [-] Running this scenario without either the 'network' or 'existing_network' context is deprecated
2019-06-13 00:04:11.866 24824 INFO rally.task.runner [-] Task 32d1919a-4745-47f2-87da-5e6ca5290cfb | ITER: 13 START
2019-06-13 00:04:11.865 24801 INFO rally.task.runner [-] Task 32d1919a-4745-47f2-87da-5e6ca5290cfb | ITER: 7 START
2019-06-13 00:04:11.868 24801 WARNING rally_openstack.scenarios.neutron.utils [-] Running this scenario without either the 'network' or 'existing_network' context is deprecated
2019-06-13 00:04:11.868 24825 RALLYDEBUG rally.task.runner [-] Starting a worker. concurrency: 1 args: {"network_create_args": {}, "subnet_create_args": {}, "subnet_cidr_start": "1.1.0.0/30", "subnets_per_network": 2} times: 40 method_name: run timeout: 0 duration: None cls:
2019-06-13 00:04:11.869 24824 WARNING rally_openstack.scenarios.neutron.utils [-] Running this scenario without either the 'network' or 'existing_network' context is deprecated
2019-06-13 00:04:11.871 24831 RALLYDEBUG rally.task.runner [-] Starting a worker. concurrency: 1 args: {"network_create_args": {}, "subnet_create_args": {}, "subnet_cidr_start": "1.1.0.0/30", "subnets_per_network": 2} times: 40 method_name: run timeout: 0 duration: None cls:
2019-06-13 00:04:11.873 24825 INFO rally.task.runner [-] Task 32d1919a-4745-47f2-87da-5e6ca5290cfb | ITER: 14 START
2019-06-13 00:04:11.875 24825 WARNING rally_openstack.scenarios.neutron.utils [-] Running this scenario without either the 'network' or 'existing_network' context is deprecated
2019-06-13 00:04:11.876 24831 INFO rally.task.runner [-] Task 32d1919a-4745-47f2-87da-5e6ca5290cfb | ITER: 15 START
2019-06-13 00:04:11.877 24831 WARNING rally_openstack.scenarios.neutron.utils [-] Running this scenario without either the 'network' or 'existing_network' context is deprecated
2019-06-13 00:04:11.879 24832 RALLYDEBUG rally.task.runner [-] Starting a worker. concurrency: 1 args: {"network_create_args": {}, "subnet_create_args": {}, "subnet_cidr_start": "1.1.0.0/30", "subnets_per_network": 2} times: 40 method_name: run timeout: 0 duration: None cls:
2019-06-13 00:04:11.885 24832 INFO rally.task.runner [-] Task 32d1919a-4745-47f2-87da-5e6ca5290cfb | ITER: 16 START
2019-06-13 00:04:11.886 24832 WARNING rally_openstack.scenarios.neutron.utils [-] Running this scenario without either the 'network' or 'existing_network' context is deprecated
2019-06-13 00:04:11.887 24837 RALLYDEBUG rally.task.runner [-] Starting a worker. concurrency: 1 args: {"network_create_args": {}, "subnet_create_args": {}, "subnet_cidr_start": "1.1.0.0/30", "subnets_per_network": 2} times: 40 method_name: run timeout: 0 duration: None cls:
2019-06-13 00:04:11.891 24837 INFO rally.task.runner [-] Task 32d1919a-4745-47f2-87da-5e6ca5290cfb | ITER: 17 START
2019-06-13 00:04:11.892 24837 WARNING rally_openstack.scenarios.neutron.utils [-] Running this scenario without either the 'network' or 'existing_network' context is deprecated
2019-06-13 00:04:11.901 24842 RALLYDEBUG rally.task.runner [-] Starting a worker. concurrency: 1 args: {"network_create_args": {}, "subnet_create_args": {}, "subnet_cidr_start": "1.1.0.0/30", "subnets_per_network": 2} times: 40 method_name: run timeout: 0 duration: None cls:
2019-06-13 00:04:11.902 24843 RALLYDEBUG rally.task.runner [-] Starting a worker. concurrency: 1 args: {"network_create_args": {}, "subnet_create_args": {}, "subnet_cidr_start": "1.1.0.0/30", "subnets_per_network": 2} times: 40 method_name: run timeout: 0 duration: None cls:
2019-06-13 00:04:11.904 24844 RALLYDEBUG rally.task.runner [-] Starting a worker. concurrency: 1 args: {"network_create_args": {}, "subnet_create_args": {}, "subnet_cidr_start": "1.1.0.0/30", "subnets_per_network": 2} times: 40 method_name: run timeout: 0 duration: None cls:
2019-06-13 00:04:11.905 24842 INFO rally.task.runner [-] Task 32d1919a-4745-47f2-87da-5e6ca5290cfb | ITER: 18 START
2019-06-13 00:04:11.906 24843 INFO rally.task.runner [-] Task 32d1919a-4745-47f2-87da-5e6ca5290cfb | ITER: 19 START
2019-06-13 00:04:11.907 24842 WARNING rally_openstack.scenarios.neutron.utils [-] Running this scenario without either the 'network' or 'existing_network' context is deprecated
2019-06-13 00:04:11.908 24843 WARNING rally_openstack.scenarios.neutron.utils [-] Running this scenario without either the 'network' or 'existing_network' context is deprecated
2019-06-13 00:04:11.908 24844 INFO rally.task.runner [-] Task 32d1919a-4745-47f2-87da-5e6ca5290cfb | ITER: 20 START
2019-06-13 00:04:11.909 24844 WARNING rally_openstack.scenarios.neutron.utils [-] Running this scenario without either the 'network' or 'existing_network' context is deprecated
2019-06-13 00:04:13.387 24802 RALLYDEBUG rally_openstack.wrappers.network [-] CIDR generated: 1.1.4.96/30
2019-06-13 00:04:13.680 24842 RALLYDEBUG rally_openstack.wrappers.network [-] CIDR generated: 1.1.4.100/30
2019-06-13 00:04:13.716 24831 RALLYDEBUG rally_openstack.wrappers.network [-] CIDR generated: 1.1.4.104/30
2019-06-13 00:04:13.753 24825 RALLYDEBUG rally_openstack.wrappers.network [-] CIDR generated: 1.1.4.108/30
2019-06-13 00:04:13.765 24843 RALLYDEBUG rally_openstack.wrappers.network [-] CIDR generated: 1.1.4.112/30
2019-06-13 00:04:13.787 24800 RALLYDEBUG rally_openstack.wrappers.network [-] CIDR generated: 1.1.4.116/30
2019-06-13 00:04:13.872 24803 RALLYDEBUG rally_openstack.wrappers.network [-] CIDR generated: 1.1.4.120/30
2019-06-13 00:04:13.884 24801 RALLYDEBUG rally_openstack.wrappers.network [-] CIDR generated: 1.1.4.124/30
2019-06-13 00:04:13.897 24832 RALLYDEBUG rally_openstack.wrappers.network [-] CIDR generated: 1.1.4.128/30
2019-06-13 00:04:13.918 24802 RALLYDEBUG rally_openstack.wrappers.network [-] CIDR generated: 1.1.4.132/30
2019-06-13 00:04:13.943 24799 RALLYDEBUG rally_openstack.wrappers.network [-] CIDR generated: 1.1.4.136/30
2019-06-13 00:04:14.017 24824 RALLYDEBUG rally_openstack.wrappers.network [-] CIDR generated: 1.1.4.140/30
2019-06-13 00:04:14.126 24814 RALLYDEBUG rally_openstack.wrappers.network [-] CIDR generated: 1.1.4.144/30
2019-06-13 00:04:14.172 24837 RALLYDEBUG rally_openstack.wrappers.network [-] CIDR generated: 1.1.4.148/30
2019-06-13 00:04:14.197 24816 RALLYDEBUG rally_openstack.wrappers.network [-] CIDR generated: 1.1.4.152/30
2019-06-13 00:04:14.201 24808 RALLYDEBUG rally_openstack.wrappers.network [-] CIDR generated: 1.1.4.156/30
2019-06-13 00:04:14.242 24799 RALLYDEBUG rally_openstack.wrappers.network [-] CIDR generated: 1.1.4.160/30
2019-06-13 00:04:14.316 24844 RALLYDEBUG rally_openstack.wrappers.network [-] CIDR generated: 1.1.4.164/30
2019-06-13 00:04:14.835 24800 RALLYDEBUG rally_openstack.wrappers.network [-] CIDR generated: 1.1.4.168/30
2019-06-13 00:04:14.939 24801 RALLYDEBUG rally_openstack.wrappers.network [-] CIDR generated: 1.1.4.172/30
2019-06-13 00:04:15.046 24802 RALLYDEBUG rally_openstack.wrappers.network [-] CIDR generated: 1.1.4.176/30
2019-06-13 00:04:15.487 24837 RALLYDEBUG rally_openstack.wrappers.network [-] CIDR generated: 1.1.4.180/30
2019-06-13 00:04:15.560 24825 RALLYDEBUG rally_openstack.wrappers.network [-] CIDR generated: 1.1.4.184/30
2019-06-13 00:04:15.734 24799 RALLYDEBUG rally_openstack.wrappers.network [-] CIDR generated: 1.1.4.188/30
2019-06-13 00:04:15.823 24800 RALLYDEBUG rally_openstack.wrappers.network [-] CIDR generated: 1.1.4.192/30
2019-06-13 00:04:15.835 24802 RALLYDEBUG rally_openstack.wrappers.network [-] CIDR generated: 1.1.4.196/30
2019-06-13 00:04:15.856 24842 RALLYDEBUG rally_openstack.wrappers.network [-] CIDR generated: 1.1.4.200/30
2019-06-13 00:04:16.105 24801 RALLYDEBUG rally_openstack.wrappers.network [-] CIDR generated: 1.1.4.204/30
2019-06-13 00:04:16.201 24803 RALLYDEBUG rally_openstack.wrappers.network [-] CIDR generated: 1.1.4.208/30
2019-06-13 00:04:16.405 24844 RALLYDEBUG rally_openstack.wrappers.network [-] CIDR generated: 1.1.4.212/30
2019-06-13 00:04:16.464 24832 RALLYDEBUG rally_openstack.wrappers.network [-] CIDR generated: 1.1.4.216/30
2019-06-13 00:04:16.504 24824 RALLYDEBUG rally_openstack.wrappers.network [-] CIDR generated: 1.1.4.220/30
2019-06-13 00:04:16.536 24816 RALLYDEBUG rally_openstack.wrappers.network [-] CIDR generated: 1.1.4.224/30
2019-06-13 00:04:16.674 24831 RALLYDEBUG rally_openstack.wrappers.network [-] CIDR generated: 1.1.4.228/30
2019-06-13 00:04:17.096 24799 RALLYDEBUG rally_openstack.wrappers.network [-] CIDR generated: 1.1.4.232/30
2019-06-13 00:04:17.212 24843 RALLYDEBUG rally_openstack.wrappers.network [-] CIDR generated: 1.1.4.236/30
2019-06-13 00:04:17.279 24801 RALLYDEBUG rally_openstack.wrappers.network [-] CIDR generated: 1.1.4.240/30
2019-06-13 00:04:17.528 24808 RALLYDEBUG rally_openstack.wrappers.network [-] CIDR generated: 1.1.4.244/30
2019-06-13 00:04:17.567 24814 RALLYDEBUG rally_openstack.wrappers.network [-] CIDR generated: 1.1.4.248/30
2019-06-13 00:04:17.670 24800 RALLYDEBUG rally_openstack.wrappers.network [-] CIDR generated: 1.1.4.252/30
2019-06-13 00:04:20.474 24825 INFO rally.task.runner [-] Task 32d1919a-4745-47f2-87da-5e6ca5290cfb | ITER: 14 END: OK
2019-06-13 00:04:20.480 24825 INFO rally.task.runner [-] Task 32d1919a-4745-47f2-87da-5e6ca5290cfb | ITER: 21 START
2019-06-13 00:04:20.480 24825 WARNING rally_openstack.scenarios.neutron.utils [-] Running this scenario without either the 'network' or 'existing_network' context is deprecated
2019-06-13 00:04:21.008 24837 INFO rally.task.runner [-] Task 32d1919a-4745-47f2-87da-5e6ca5290cfb | ITER: 17 END: OK
2019-06-13 00:04:21.012 24837 INFO rally.task.runner [-] Task 32d1919a-4745-47f2-87da-5e6ca5290cfb | ITER: 22 START
2019-06-13 00:04:21.013 24837 WARNING rally_openstack.scenarios.neutron.utils [-] Running this scenario without either the 'network' or 'existing_network' context is deprecated
2019-06-13 00:04:21.021 24802 INFO rally.task.runner [-] Task 32d1919a-4745-47f2-87da-5e6ca5290cfb | ITER: 6 END: OK
2019-06-13 00:04:21.025 24802 INFO rally.task.runner [-] Task 32d1919a-4745-47f2-87da-5e6ca5290cfb | ITER: 23 START
2019-06-13 00:04:21.026 24802 WARNING rally_openstack.scenarios.neutron.utils [-] Running this scenario without either the 'network' or 'existing_network' context is deprecated
2019-06-13 00:04:22.192 24825 RALLYDEBUG rally_openstack.wrappers.network [-] CIDR generated: 1.1.5.0/30
2019-06-13 00:04:22.231 24843 INFO rally.task.runner [-] Task 32d1919a-4745-47f2-87da-5e6ca5290cfb | ITER: 19 END: OK
2019-06-13 00:04:22.235 24843 INFO rally.task.runner [-] Task 32d1919a-4745-47f2-87da-5e6ca5290cfb | ITER: 24 START
2019-06-13 00:04:22.236 24843 WARNING rally_openstack.scenarios.neutron.utils [-] Running this scenario without either the 'network' or 'existing_network' context is deprecated
2019-06-13 00:04:22.313 24803 INFO rally.task.runner [-] Task 32d1919a-4745-47f2-87da-5e6ca5290cfb | ITER: 9 END: OK
2019-06-13 00:04:22.318 24803 INFO rally.task.runner [-] Task 32d1919a-4745-47f2-87da-5e6ca5290cfb | ITER: 25 START
2019-06-13 00:04:22.319 24803 WARNING rally_openstack.scenarios.neutron.utils [-] Running this scenario without either the 'network' or 'existing_network' context is deprecated
2019-06-13 00:04:22.638 24802 RALLYDEBUG rally_openstack.wrappers.network [-] CIDR generated: 1.1.5.4/30
2019-06-13 00:04:22.853 24799 INFO rally.task.runner [-] Task 32d1919a-4745-47f2-87da-5e6ca5290cfb | ITER: 3 END: OK
2019-06-13 00:04:22.857 24799 INFO rally.task.runner [-] Task 32d1919a-4745-47f2-87da-5e6ca5290cfb | ITER: 26 START
2019-06-13 00:04:22.857 24799 WARNING rally_openstack.scenarios.neutron.utils [-] Running this scenario without either the 'network' or 'existing_network' context is deprecated
2019-06-13 00:04:23.014 24816 INFO rally.task.runner [-] Task 32d1919a-4745-47f2-87da-5e6ca5290cfb | ITER: 12 END: OK
2019-06-13 00:04:23.019 24816 INFO rally.task.runner [-] Task 32d1919a-4745-47f2-87da-5e6ca5290cfb | ITER: 27 START
2019-06-13 00:04:23.019 24816 WARNING rally_openstack.scenarios.neutron.utils [-] Running this scenario without either the 'network' or 'existing_network' context is deprecated
2019-06-13 00:04:23.042 24837 RALLYDEBUG rally_openstack.wrappers.network [-] CIDR generated: 1.1.5.8/30
2019-06-13 00:04:23.220 24802 INFO rally.task.runner [-] Task 32d1919a-4745-47f2-87da-5e6ca5290cfb | ITER: 8 END: OK
2019-06-13 00:04:23.224 24802 INFO rally.task.runner [-] Task 32d1919a-4745-47f2-87da-5e6ca5290cfb | ITER: 28 START
2019-06-13 00:04:23.224 24802 WARNING rally_openstack.scenarios.neutron.utils [-] Running this scenario without either the 'network' or 'existing_network' context is deprecated
2019-06-13 00:04:23.391 24842 INFO rally.task.runner [-] Task 32d1919a-4745-47f2-87da-5e6ca5290cfb | ITER: 18 END: OK
2019-06-13 00:04:23.395 24842 INFO rally.task.runner [-] Task 32d1919a-4745-47f2-87da-5e6ca5290cfb | ITER: 29 START
2019-06-13 00:04:23.396 24842 WARNING rally_openstack.scenarios.neutron.utils [-] Running this scenario without either the 'network' or 'existing_network' context is deprecated
2019-06-13 00:04:23.444 24808 INFO rally.task.runner [-] Task 32d1919a-4745-47f2-87da-5e6ca5290cfb | ITER: 10 END: OK
2019-06-13 00:04:23.445 24800 INFO rally.task.runner [-] Task 32d1919a-4745-47f2-87da-5e6ca5290cfb | ITER: 5 END: OK
2019-06-13 00:04:23.447 24808 INFO rally.task.runner [-] Task 32d1919a-4745-47f2-87da-5e6ca5290cfb | ITER: 30 START
2019-06-13 00:04:23.447 24808 WARNING rally_openstack.scenarios.neutron.utils [-] Running this scenario without either the 'network' or 'existing_network' context is deprecated
2019-06-13 00:04:23.449 24800 INFO rally.task.runner [-] Task 32d1919a-4745-47f2-87da-5e6ca5290cfb | ITER: 31 START
2019-06-13 00:04:23.450 24800 WARNING rally_openstack.scenarios.neutron.utils [-] Running this scenario without either the 'network' or 'existing_network' context is deprecated
2019-06-13 00:04:24.143 24831 INFO rally.task.runner [-] Task 32d1919a-4745-47f2-87da-5e6ca5290cfb | ITER: 15 END: OK
2019-06-13 00:04:24.146 24831 INFO rally.task.runner [-] Task 32d1919a-4745-47f2-87da-5e6ca5290cfb | ITER: 32 START
2019-06-13 00:04:24.147 24831 WARNING rally_openstack.scenarios.neutron.utils [-] Running this scenario without either the 'network' or 'existing_network' context is deprecated
2019-06-13 00:04:24.197 24844 INFO rally.task.runner [-] Task 32d1919a-4745-47f2-87da-5e6ca5290cfb | ITER: 20 END: OK
2019-06-13 00:04:24.200 24844 INFO rally.task.runner [-] Task 32d1919a-4745-47f2-87da-5e6ca5290cfb | ITER: 33 START
2019-06-13 00:04:24.201 24844 WARNING rally_openstack.scenarios.neutron.utils [-] Running this scenario without either the 'network' or 'existing_network' context is deprecated
2019-06-13 00:04:24.305 24801 INFO rally.task.runner [-] Task 32d1919a-4745-47f2-87da-5e6ca5290cfb | ITER: 4 END: OK
2019-06-13 00:04:24.309 24801 INFO rally.task.runner [-] Task 32d1919a-4745-47f2-87da-5e6ca5290cfb | ITER: 34 START
2019-06-13 00:04:24.310 24801 WARNING rally_openstack.scenarios.neutron.utils [-] Running this scenario without either the 'network' or 'existing_network' context is deprecated
2019-06-13 00:04:24.756 24832 INFO rally.task.runner [-] Task 32d1919a-4745-47f2-87da-5e6ca5290cfb | ITER: 16 END: OK
2019-06-13 00:04:24.760 24832 INFO rally.task.runner [-] Task 32d1919a-4745-47f2-87da-5e6ca5290cfb | ITER: 35 START
2019-06-13 00:04:24.761 24832 WARNING rally_openstack.scenarios.neutron.utils [-] Running this scenario without either the 'network' or 'existing_network' context is deprecated
2019-06-13 00:04:25.042 24824 INFO rally.task.runner [-] Task 32d1919a-4745-47f2-87da-5e6ca5290cfb | ITER: 13 END: OK
2019-06-13 00:04:25.046 24824 INFO rally.task.runner [-] Task 32d1919a-4745-47f2-87da-5e6ca5290cfb | ITER: 36 START
2019-06-13 00:04:25.047 24824 WARNING rally_openstack.scenarios.neutron.utils [-] Running this scenario without either the 'network' or 'existing_network' context is deprecated
2019-06-13 00:04:25.359 24803 RALLYDEBUG rally_openstack.wrappers.network [-] CIDR generated: 1.1.5.12/30
2019-06-13 00:04:25.416 24843 RALLYDEBUG rally_openstack.wrappers.network [-] CIDR generated: 1.1.5.16/30
2019-06-13 00:04:25.644 24802 RALLYDEBUG rally_openstack.wrappers.network [-] CIDR generated: 1.1.5.20/30
2019-06-13 00:04:25.662 24816 RALLYDEBUG rally_openstack.wrappers.network [-] CIDR generated: 1.1.5.24/30
2019-06-13 00:04:25.710 24799 RALLYDEBUG rally_openstack.wrappers.network [-] CIDR generated: 1.1.5.28/30
2019-06-13 00:04:25.815 24814 INFO rally.task.runner [-] Task 32d1919a-4745-47f2-87da-5e6ca5290cfb | ITER: 11 END: OK
2019-06-13 00:04:25.818 24814 INFO rally.task.runner [-] Task 32d1919a-4745-47f2-87da-5e6ca5290cfb | ITER: 37 START
2019-06-13 00:04:25.819 24814 WARNING rally_openstack.scenarios.neutron.utils [-] Running this scenario without either the 'network' or 'existing_network' context is deprecated
2019-06-13 00:04:25.842 24800 RALLYDEBUG rally_openstack.wrappers.network [-] CIDR generated: 1.1.5.32/30
2019-06-13 00:04:25.981 24842 RALLYDEBUG rally_openstack.wrappers.network [-] CIDR generated: 1.1.5.36/30
2019-06-13 00:04:26.071 24808 RALLYDEBUG rally_openstack.wrappers.network [-] CIDR generated: 1.1.5.40/30
2019-06-13 00:04:26.215 24801 RALLYDEBUG rally_openstack.wrappers.network [-] CIDR generated: 1.1.5.44/30
2019-06-13 00:04:26.251 24800 INFO rally.task.runner [-] Task 32d1919a-4745-47f2-87da-5e6ca5290cfb | ITER: 2 END: OK
2019-06-13 00:04:26.254 24800 INFO rally.task.runner [-] Task 32d1919a-4745-47f2-87da-5e6ca5290cfb | ITER: 38 START
2019-06-13 00:04:26.255 24800 WARNING rally_openstack.scenarios.neutron.utils [-] Running this scenario without either the 'network' or 'existing_network' context is deprecated
2019-06-13 00:04:26.398 24831 RALLYDEBUG rally_openstack.wrappers.network [-] CIDR generated: 1.1.5.48/30
2019-06-13 00:04:26.499 24824 RALLYDEBUG rally_openstack.wrappers.network [-] CIDR generated: 1.1.5.52/30
2019-06-13 00:04:26.502 24844 RALLYDEBUG rally_openstack.wrappers.network [-] CIDR generated: 1.1.5.56/30
2019-06-13 00:04:26.513 24825 RALLYDEBUG rally_openstack.wrappers.network [-] CIDR generated: 1.1.5.60/30
2019-06-13 00:04:26.532 24832 RALLYDEBUG rally_openstack.wrappers.network [-] CIDR generated: 1.1.5.64/30
2019-06-13 00:04:26.627 24801 INFO rally.task.runner [-] Task 32d1919a-4745-47f2-87da-5e6ca5290cfb | ITER: 7 END: OK
2019-06-13 00:04:26.631 24801 INFO rally.task.runner [-] Task 32d1919a-4745-47f2-87da-5e6ca5290cfb | ITER: 39 START
2019-06-13 00:04:26.631 24801 WARNING rally_openstack.scenarios.neutron.utils [-] Running this scenario without either the 'network' or 'existing_network' context is deprecated
2019-06-13 00:04:26.738 24837 RALLYDEBUG rally_openstack.wrappers.network [-] CIDR generated: 1.1.5.68/30
2019-06-13 00:04:26.921 24799 INFO rally.task.runner [-] Task 32d1919a-4745-47f2-87da-5e6ca5290cfb | ITER: 1 END: OK
2019-06-13 00:04:26.923 24799 INFO rally.task.runner [-] Task 32d1919a-4745-47f2-87da-5e6ca5290cfb | ITER: 40 START
2019-06-13 00:04:26.924 24799 WARNING rally_openstack.scenarios.neutron.utils [-] Running this scenario without either the 'network' or 'existing_network' context is deprecated
2019-06-13 00:04:27.381 24814 RALLYDEBUG rally_openstack.wrappers.network [-] CIDR generated: 1.1.5.72/30
2019-06-13 00:04:27.440 24802 RALLYDEBUG rally_openstack.wrappers.network [-] CIDR generated: 1.1.5.76/30
2019-06-13 00:04:28.098 24803 RALLYDEBUG rally_openstack.wrappers.network [-] CIDR generated: 1.1.5.80/30
2019-06-13 00:04:28.261 24808 RALLYDEBUG rally_openstack.wrappers.network [-] CIDR generated: 1.1.5.84/30
2019-06-13 00:04:28.853 24800 RALLYDEBUG rally_openstack.wrappers.network [-] CIDR generated: 1.1.5.88/30
2019-06-13 00:04:29.961 24801 RALLYDEBUG rally_openstack.wrappers.network [-] CIDR generated: 1.1.5.92/30
2019-06-13 00:04:30.080 24799 RALLYDEBUG rally_openstack.wrappers.network [-] CIDR generated: 1.1.5.96/30
2019-06-13 00:04:30.351 24799 RALLYDEBUG rally_openstack.wrappers.network [-] CIDR generated: 1.1.5.100/30
2019-06-13 00:04:30.615 24842 RALLYDEBUG rally_openstack.wrappers.network [-] CIDR generated: 1.1.5.104/30
2019-06-13 00:04:30.698 24832 RALLYDEBUG rally_openstack.wrappers.network [-] CIDR generated: 1.1.5.108/30
2019-06-13 00:04:30.700 24802 RALLYDEBUG rally_openstack.wrappers.network [-] CIDR generated: 1.1.5.112/30
2019-06-13 00:04:30.734 24801 RALLYDEBUG rally_openstack.wrappers.network [-] CIDR generated: 1.1.5.116/30
2019-06-13 00:04:30.735 24800 RALLYDEBUG rally_openstack.wrappers.network [-] CIDR generated: 1.1.5.120/30
2019-06-13 00:04:30.822 24816 RALLYDEBUG rally_openstack.wrappers.network [-] CIDR generated: 1.1.5.124/30
2019-06-13 00:04:30.852 24844 RALLYDEBUG rally_openstack.wrappers.network [-] CIDR generated: 1.1.5.128/30
2019-06-13 00:04:30.906 24824 RALLYDEBUG rally_openstack.wrappers.network [-] CIDR generated: 1.1.5.132/30
2019-06-13 00:04:30.956 24843 RALLYDEBUG rally_openstack.wrappers.network [-] CIDR generated: 1.1.5.136/30
2019-06-13 00:04:31.249 24814 RALLYDEBUG rally_openstack.wrappers.network [-] CIDR generated: 1.1.5.140/30
2019-06-13 00:04:31.392 24831 RALLYDEBUG rally_openstack.wrappers.network [-] CIDR generated: 1.1.5.144/30
2019-06-13 00:04:31.548 24801 RALLYDEBUG rally_openstack.wrappers.network [-] CIDR generated: 1.1.5.148/30
2019-06-13 00:04:31.807 24800 RALLYDEBUG rally_openstack.wrappers.network [-] CIDR generated: 1.1.5.152/30
2019-06-13 00:04:32.623 24799 RALLYDEBUG rally_openstack.wrappers.network [-] CIDR generated: 1.1.5.156/30
2019-06-13 00:04:34.185 24825 INFO rally.task.runner [-] Task 32d1919a-4745-47f2-87da-5e6ca5290cfb | ITER: 21 END: OK
2019-06-13 00:04:35.114 24802 INFO rally.task.runner [-] Task 32d1919a-4745-47f2-87da-5e6ca5290cfb | ITER: 23 END: OK
2019-06-13 00:04:35.157 24799 INFO rally.task.runner [-] Task 32d1919a-4745-47f2-87da-5e6ca5290cfb | ITER: 26 END: OK
2019-06-13 00:04:35.266 24837 INFO rally.task.runner [-] Task 32d1919a-4745-47f2-87da-5e6ca5290cfb | ITER: 22 END: OK
2019-06-13 00:04:35.355 24808 INFO rally.task.runner [-] Task 32d1919a-4745-47f2-87da-5e6ca5290cfb | ITER: 30 END: OK
2019-06-13 00:04:35.695 24803 INFO rally.task.runner [-] Task 32d1919a-4745-47f2-87da-5e6ca5290cfb | ITER: 25 END: OK
2019-06-13 00:04:36.273 24801 INFO rally.task.runner [-] Task 32d1919a-4745-47f2-87da-5e6ca5290cfb | ITER: 39 END: OK
2019-06-13 00:04:36.669 24801 INFO rally.task.runner [-] Task 32d1919a-4745-47f2-87da-5e6ca5290cfb | ITER: 34 END: OK
2019-06-13 00:04:36.991 24844 INFO rally.task.runner [-] Task 32d1919a-4745-47f2-87da-5e6ca5290cfb | ITER: 33 END: OK
2019-06-13 00:04:37.204 24814 INFO rally.task.runner [-] Task 32d1919a-4745-47f2-87da-5e6ca5290cfb | ITER: 37 END: OK
2019-06-13 00:04:37.296 24842 INFO rally.task.runner [-] Task 32d1919a-4745-47f2-87da-5e6ca5290cfb | ITER: 29 END: OK
2019-06-13 00:04:37.370 24802 INFO rally.task.runner [-] Task 32d1919a-4745-47f2-87da-5e6ca5290cfb | ITER: 28 END: OK
2019-06-13 00:04:37.390 24816 INFO rally.task.runner [-] Task 32d1919a-4745-47f2-87da-5e6ca5290cfb | ITER: 27 END: OK
2019-06-13 00:04:37.587 24832 INFO rally.task.runner [-] Task 32d1919a-4745-47f2-87da-5e6ca5290cfb | ITER: 35 END: OK
2019-06-13 00:04:37.934 24800 INFO rally.task.runner [-] Task 32d1919a-4745-47f2-87da-5e6ca5290cfb | ITER: 31 END: OK
2019-06-13 00:04:37.937 24824 INFO rally.task.runner [-] Task 32d1919a-4745-47f2-87da-5e6ca5290cfb | ITER: 36 END: OK
2019-06-13 00:04:38.608 24843 INFO rally.task.runner [-] Task 32d1919a-4745-47f2-87da-5e6ca5290cfb | ITER: 24 END: OK
2019-06-13 00:04:38.682 24831 INFO rally.task.runner [-] Task 32d1919a-4745-47f2-87da-5e6ca5290cfb | ITER: 32 END: OK
2019-06-13 00:04:38.827 24800 INFO rally.task.runner [-] Task 32d1919a-4745-47f2-87da-5e6ca5290cfb | ITER: 38 END: OK
2019-06-13 00:04:39.713 24799 INFO rally.task.runner [-] Task 32d1919a-4745-47f2-87da-5e6ca5290cfb | ITER: 40 END: OK
2019-06-13 00:04:39.735 22705 INFO rally.task.context [-] Task 32d1919a-4745-47f2-87da-5e6ca5290cfb | Context cleanup@openstack cleanup() started
2019-06-13 00:04:39.737 22705 RALLYDEBUG rally_openstack.cleanup.manager [-] Cleaning up neutron vip objects
2019-06-13 00:04:40.783 22705 RALLYDEBUG rally_openstack.cleanup.manager [-] Cleaning up neutron health_monitor objects
2019-06-13 00:04:41.567 22705 RALLYDEBUG rally_openstack.cleanup.manager [-] Cleaning up neutron pool objects
2019-06-13 00:04:42.370 22705 RALLYDEBUG rally_openstack.cleanup.manager [-] Cleaning up neutron loadbalancer objects
2019-06-13 00:04:43.185 22705 RALLYDEBUG rally_openstack.cleanup.manager [-] Cleaning up neutron floatingip objects
2019-06-13 00:04:44.009 22705 RALLYDEBUG rally_openstack.cleanup.manager [-] Cleaning up neutron port objects
2019-06-13 00:04:44.862 22705 RALLYDEBUG rally_openstack.cleanup.manager [-] Cleaning up neutron subnet objects
2019-06-13 00:04:45.643 22705 RALLYDEBUG rally_openstack.cleanup.manager [-] Cleaning up neutron network objects
2019-06-13 00:04:46.774 22705 RALLYDEBUG rally_openstack.cleanup.manager [-] Deleting neutron.network object s_rally_71b946a0_2rAlKkz8 (1566fefd-0ad9-451d-8f6a-02bb64197be1)
2019-06-13 00:04:46.775 22705 RALLYDEBUG rally_openstack.cleanup.manager [-] Deleting neutron.network object s_rally_71b946a0_dUpFKe3n (16db3da3-a59a-45c0-864a-9fae044fc427)
2019-06-13 00:04:46.781 22705 RALLYDEBUG rally_openstack.cleanup.manager [-] Deleting neutron.network object s_rally_71b946a0_owcGawJm (1a451700-2e5f-48aa-831e-07533156611c)
2019-06-13 00:04:46.787 22705 RALLYDEBUG rally_openstack.cleanup.manager [-] Deleting neutron.network object s_rally_71b946a0_xu9J7Tim (2bc820fb-ce48-4b0a-8bb0-dbaf6210a6d6)
2019-06-13 00:04:46.795 22705 RALLYDEBUG rally_openstack.cleanup.manager [-] Deleting neutron.network object s_rally_71b946a0_j0x76WHp (2f5df66a-7ea5-4801-b7d7-181ec390a088)
2019-06-13 00:04:46.804 22705 RALLYDEBUG rally_openstack.cleanup.manager [-] Deleting neutron.network object s_rally_71b946a0_AEUQZXVD (2fe84625-1677-4c1b-81b4-8f5dd2bd77e1)
2019-06-13 00:04:46.815 22705 RALLYDEBUG rally_openstack.cleanup.manager [-] Deleting neutron.network object s_rally_71b946a0_nIrDdGxb (42961554-e834-4396-b4e3-99b6d9d403b7)
2019-06-13 00:04:46.818 22705 RALLYDEBUG rally_openstack.cleanup.manager [-] Deleting neutron.network object s_rally_71b946a0_lndK4DX9 (30d47096-5264-450e-ab69-73106b84921d)
2019-06-13 00:04:46.825 22705 RALLYDEBUG rally_openstack.cleanup.manager [-] Deleting neutron.network object s_rally_71b946a0_EE454rXf (44299a8d-7d86-4bd1-af77-c43e4c7af931)
2019-06-13 00:04:46.843 22705 RALLYDEBUG rally_openstack.cleanup.manager [-] Deleting neutron.network object s_rally_71b946a0_fK0U4mlt (44f9bad1-5b88-4e60-bb96-53ca06b128c1)
2019-06-13 00:04:46.851 22705 RALLYDEBUG rally_openstack.cleanup.manager [-] Deleting neutron.network object s_rally_71b946a0_Dz8rqFdO (4dcbc219-2c44-47ec-93db-2fca00ac5cd8)
2019-06-13 00:04:46.857 22705 RALLYDEBUG rally_openstack.cleanup.manager [-] Deleting neutron.network object s_rally_71b946a0_5p6ofOjg (516481df-ba74-42e3-9e69-32fc5b3cd846)
2019-06-13 00:04:46.858 22705 RALLYDEBUG rally_openstack.cleanup.manager [-] Deleting neutron.network object s_rally_71b946a0_ZyNCIXUu (51bbbcaa-caaf-461e-a9af-6492807d7bc3)
2019-06-13 00:04:46.875 22705 RALLYDEBUG rally_openstack.cleanup.manager [-] Deleting neutron.network object s_rally_71b946a0_8357QyW3 (5b4eb073-ea13-4ba7-be46-0bf86ee22685)
2019-06-13 00:04:46.886 22705 RALLYDEBUG rally_openstack.cleanup.manager [-] Deleting neutron.network object s_rally_71b946a0_oe6eoeyJ (5c790abc-928c-4ab2-b48c-394492520e05)
2019-06-13 00:04:46.894 22705 RALLYDEBUG rally_openstack.cleanup.manager [-] Deleting neutron.network object s_rally_71b946a0_6Tmn0SgV (5f45588f-1bfd-4952-b029-e1c2b653b8f6)
2019-06-13 00:04:46.897 22705 RALLYDEBUG rally_openstack.cleanup.manager [-] Deleting neutron.network object s_rally_71b946a0_khcMp9lj (610f3160-1566-45eb-8f80-022e7bb529c6)
2019-06-13 00:04:46.904 22705 RALLYDEBUG rally_openstack.cleanup.manager [-] Deleting neutron.network object s_rally_71b946a0_NRuSEZj1 (6fca1d00-f067-428b-866d-5cdb97c6a58a)
2019-06-13 00:04:46.919 22705 RALLYDEBUG rally_openstack.cleanup.manager [-] Deleting neutron.network object s_rally_71b946a0_letnDddq (62bb022e-4468-4805-9b42-176a5a68cc7c)
2019-06-13 00:04:46.922 22705 RALLYDEBUG rally_openstack.cleanup.manager [-] Deleting neutron.network object s_rally_71b946a0_4tKr1I99 (76dbe605-e03b-4d17-84c5-c27c4d268d70)
2019-06-13 00:04:49.388 22705 RALLYDEBUG rally_openstack.cleanup.manager [-] Deleting neutron.network object s_rally_71b946a0_M695K9hE (7d8be6c6-afe4-42f8-b7ba-a692143e2ef0)
2019-06-13 00:04:49.407 22705 RALLYDEBUG rally_openstack.cleanup.manager [-] Deleting neutron.network object s_rally_71b946a0_3TeBNtPT (8aaf1eb5-3afc-4995-b96a-ac24987492c9)
2019-06-13 00:04:49.527 22705 RALLYDEBUG rally_openstack.cleanup.manager [-] Deleting neutron.network object s_rally_71b946a0_w3pT9UQ1 (8e7d9a0e-108f-454b-8019-35aeeff41665)
2019-06-13 00:04:49.820 22705 RALLYDEBUG rally_openstack.cleanup.manager [-] Deleting neutron.network object s_rally_71b946a0_021pm3SZ (9046e880-626f-466e-8e07-735d7d24984b)
2019-06-13 00:04:50.148 22705 RALLYDEBUG rally_openstack.cleanup.manager [-] Deleting neutron.network object s_rally_71b946a0_Hb6IubVg (94156a8b-5432-4028-b336-5666bc6f1225)
2019-06-13 00:04:50.254 22705 RALLYDEBUG rally_openstack.cleanup.manager [-] Deleting neutron.network object s_rally_71b946a0_xwc3tGtQ (ac0aae71-6a5c-47ca-9dd5-7c028f0e5081)
2019-06-13 00:04:50.284 22705 RALLYDEBUG rally_openstack.cleanup.manager [-] Deleting neutron.network object s_rally_71b946a0_zIxofTLm (af46b163-c671-4056-b880-a26a7682d8e3)
2019-06-13 00:04:50.402 22705 RALLYDEBUG rally_openstack.cleanup.manager [-] Deleting neutron.network object s_rally_71b946a0_q5UBGa4M (ba39a9e1-46ee-4558-a2cc-4f7799eb3657)
2019-06-13 00:04:50.457 22705 RALLYDEBUG rally_openstack.cleanup.manager [-] Deleting neutron.network object s_rally_71b946a0_xxEFkUYp (c047ed67-237f-46f4-af0f-33c91766adeb)
2019-06-13 00:04:50.526 22705 RALLYDEBUG rally_openstack.cleanup.manager [-] Deleting neutron.network object s_rally_71b946a0_dHsOkCJ3 (c569bd42-5578-452d-96a0-157505aad62a)
2019-06-13 00:04:50.536 22705 RALLYDEBUG rally_openstack.cleanup.manager [-] Deleting neutron.network object s_rally_71b946a0_8M23n1Lq (c7830a49-dded-4c21-bf6d-5017dda64dd6)
2019-06-13 00:04:51.782 22705 RALLYDEBUG rally_openstack.cleanup.manager [-] Deleting neutron.network object s_rally_71b946a0_pUNjZ5F3 (c8c9f5d0-5039-4bf7-b9ee-b6e9d4063b4f)
2019-06-13 00:04:51.819 22705 RALLYDEBUG rally_openstack.cleanup.manager [-] Deleting neutron.network object s_rally_71b946a0_tZfR5uva (cb9fe6f6-5325-4f14-8258-2199c7dce7d9)
2019-06-13 00:04:51.825 22705 RALLYDEBUG rally_openstack.cleanup.manager [-] Deleting neutron.network object s_rally_71b946a0_Q4SuukDu (d14c5475-e0b9-478f-a714-0748e4e2df62)
2019-06-13 00:04:51.852 22705 RALLYDEBUG rally_openstack.cleanup.manager [-] Deleting neutron.network object s_rally_71b946a0_cgoei6Sb (d824ef0e-0105-4348-8905-c782404cadaf)
2019-06-13 00:04:51.940 22705 RALLYDEBUG rally_openstack.cleanup.manager [-] Deleting neutron.network object s_rally_71b946a0_C0OEWX1S (dc621bc3-3985-4e11-9cf0-cc1bb7a43a01)
2019-06-13 00:04:52.079 22705 RALLYDEBUG rally_openstack.cleanup.manager [-] Deleting neutron.network object s_rally_71b946a0_iEWzVfQm (e9c411d1-f480-440f-b0a7-afbd2924bfc5)
2019-06-13 00:04:52.244 22705 RALLYDEBUG rally_openstack.cleanup.manager [-] Deleting neutron.network object s_rally_71b946a0_ZTexQ8qP (f5817a7b-4362-4a86-873c-bc95703ddeed)
2019-06-13 00:04:52.257 22705 RALLYDEBUG rally_openstack.cleanup.manager [-] Deleting neutron.network object s_rally_71b946a0_H1yeEpzk (fef35db7-b560-4db5-90c3-0780ef06ff66)
2019-06-13 00:04:52.429 22705 RALLYDEBUG rally_openstack.cleanup.manager [-] Deleting neutron.network object s_rally_71b946a0_qT2X1q57 (ff8785ea-86d5-4dfa-bfdf-1beece972a0f)
2019-06-13 00:04:55.000 22705 RALLYDEBUG rally_openstack.cleanup.manager [-] Cleaning up neutron router objects
2019-06-13 00:04:55.689 22705 RALLYDEBUG rally_openstack.cleanup.manager [-] Cleaning up neutron security_group objects
2019-06-13 00:04:56.449 22705 INFO rally.task.context [-] Task 32d1919a-4745-47f2-87da-5e6ca5290cfb | Context cleanup@openstack cleanup() finished in 16.71 sec
2019-06-13 00:04:56.449 22705 INFO rally.task.context [-] Task 32d1919a-4745-47f2-87da-5e6ca5290cfb | Context quotas@openstack cleanup() started
2019-06-13 00:04:56.792 22705 INFO rally.task.context [-] Task 32d1919a-4745-47f2-87da-5e6ca5290cfb | Context quotas@openstack cleanup() finished in 0.34 sec
2019-06-13 00:04:56.793 22705 INFO rally.task.context [-] Task 32d1919a-4745-47f2-87da-5e6ca5290cfb | Context users@openstack cleanup() started
2019-06-13 00:05:01.996 22705 INFO rally.task.context [-] Task 32d1919a-4745-47f2-87da-5e6ca5290cfb | Context users@openstack cleanup() finished in 5.20 sec
2019-06-13 00:05:02.603 22705 INFO rally.task.engine [-] Load duration is: 27.86645
2019-06-13 00:05:02.604 22705 INFO rally.task.engine [-] Full runner duration is: 27.912055
2019-06-13 00:05:02.604 22705 INFO rally.task.engine [-] Full duration is: 55.610415
2019-06-13 00:05:02.915 22705 INFO rally.task.engine [-] Running workload: position = 0 config = { "version": 2, "title": "A cropped version of a bigger task.", "description": "Auto-generated task from a single workload (uuid=10fa6d4a-cb0a-49c4-ac60-8e9fa87da73e)", "subtasks": [ { "title": "NeutronNetworks.create_and_list_routers", "description": "Create and a given number of routers and list all routers.", "scenario": { "NeutronNetworks.create_and_list_routers": { "network_create_args": null, "subnet_create_args": null, "subnet_cidr_start": "1.1.0.0/30", "subnets_per_network": 2, "router_create_args": null } }, "contexts": { "users": { "tenants": 1, "users_per_tenant": 1 }, "quotas": { "neutron": { "network": -1, "subnet": -1, "router": -1 } } }, "runner": { "constant": { "times": 40, "concurrency": 20 } }, "hooks": [], "sla": { "failure_rate": { "max": 0 } } } ] }
2019-06-13 00:05:02.927 22705 RALLYDEBUG rally_openstack.contexts.keystone.users [-] Creating 1 tenants using 20 threads
2019-06-13 00:05:04.916 22705 RALLYDEBUG rally_openstack.contexts.keystone.users [-] Creating 1 users using 20 threads
2019-06-13 00:05:07.817 22705 INFO rally.task.context [-] Task 32d1919a-4745-47f2-87da-5e6ca5290cfb | Context users@openstack setup() finished in 4.89 sec
2019-06-13 00:05:08.708 22705 INFO rally.task.context [-] Task 32d1919a-4745-47f2-87da-5e6ca5290cfb | Context quotas@openstack setup() finished in 0.89 sec
2019-06-13 00:05:08.708 22705 INFO rally.task.context [-] Task 32d1919a-4745-47f2-87da-5e6ca5290cfb | Context cleanup@openstack setup() finished in 0.00 msec
2019-06-13 00:05:08.715 22705 RALLYDEBUG rally.task.runner [-] Starting the constant runner (task UUID: 32d1919a-4745-47f2-87da-5e6ca5290cfb). timeout: 0 concurrency: 20 concurrency_per_worker: 1 times: 40 concurrency_overhead: 4 processes_to_start: 16 max_cpu_used: 16
2019-06-13 00:05:08.726 25169 RALLYDEBUG rally.task.runner [-] Starting a worker. concurrency: 2 args: {"network_create_args": null, "subnet_create_args": null, "subnet_cidr_start": "1.1.0.0/30", "subnets_per_network": 2, "router_create_args": null} times: 40 method_name: run timeout: 0 duration: None cls:
2019-06-13 00:05:08.727 25170 RALLYDEBUG rally.task.runner [-] Starting a worker. concurrency: 2 args: {"network_create_args": null, "subnet_create_args": null, "subnet_cidr_start": "1.1.0.0/30", "subnets_per_network": 2, "router_create_args": null} times: 40 method_name: run timeout: 0 duration: None cls:
2019-06-13 00:05:08.731 25170 INFO rally.task.runner [-] Task 32d1919a-4745-47f2-87da-5e6ca5290cfb | ITER: 2 START
2019-06-13 00:05:08.731 25171 RALLYDEBUG rally.task.runner [-] Starting a worker. concurrency: 2 args: {"network_create_args": null, "subnet_create_args": null, "subnet_cidr_start": "1.1.0.0/30", "subnets_per_network": 2, "router_create_args": null} times: 40 method_name: run timeout: 0 duration: None cls:
2019-06-13 00:05:08.733 25172 RALLYDEBUG rally.task.runner [-] Starting a worker. concurrency: 2 args: {"network_create_args": null, "subnet_create_args": null, "subnet_cidr_start": "1.1.0.0/30", "subnets_per_network": 2, "router_create_args": null} times: 40 method_name: run timeout: 0 duration: None cls:
2019-06-13 00:05:08.734 25169 INFO rally.task.runner [-] Task 32d1919a-4745-47f2-87da-5e6ca5290cfb | ITER: 4 START
2019-06-13 00:05:08.734 25177 RALLYDEBUG rally.task.runner [-] Starting a worker. concurrency: 1 args: {"network_create_args": null, "subnet_create_args": null, "subnet_cidr_start": "1.1.0.0/30", "subnets_per_network": 2, "router_create_args": null} times: 40 method_name: run timeout: 0 duration: None cls:
2019-06-13 00:05:08.737 25171 INFO rally.task.runner [-] Task 32d1919a-4745-47f2-87da-5e6ca5290cfb | ITER: 5 START
2019-06-13 00:05:08.738 25177 INFO rally.task.runner [-] Task 32d1919a-4745-47f2-87da-5e6ca5290cfb | ITER: 7 START
2019-06-13 00:05:08.739 25169 INFO rally.task.runner [-] Task 32d1919a-4745-47f2-87da-5e6ca5290cfb | ITER: 1 START
2019-06-13 00:05:08.740 25179 RALLYDEBUG rally.task.runner [-] Starting a worker. concurrency: 1 args: {"network_create_args": null, "subnet_create_args": null, "subnet_cidr_start": "1.1.0.0/30", "subnets_per_network": 2, "router_create_args": null} times: 40 method_name: run timeout: 0 duration: None cls:
2019-06-13 00:05:08.742 25183 RALLYDEBUG rally.task.runner [-] Starting a worker. concurrency: 1 args: {"network_create_args": null, "subnet_create_args": null, "subnet_cidr_start": "1.1.0.0/30", "subnets_per_network": 2, "router_create_args": null} times: 40 method_name: run timeout: 0 duration: None cls:
2019-06-13 00:05:08.744 25186 RALLYDEBUG rally.task.runner [-] Starting a worker. concurrency: 1 args: {"network_create_args": null, "subnet_create_args": null, "subnet_cidr_start": "1.1.0.0/30", "subnets_per_network": 2, "router_create_args": null} times: 40 method_name: run timeout: 0 duration: None cls:
2019-06-13 00:05:08.743 25170 INFO rally.task.runner [-] Task 32d1919a-4745-47f2-87da-5e6ca5290cfb | ITER: 3 START
2019-06-13 00:05:08.745 25172 INFO rally.task.runner [-] Task 32d1919a-4745-47f2-87da-5e6ca5290cfb | ITER: 10 START
2019-06-13 00:05:08.746 25179 INFO rally.task.runner [-] Task 32d1919a-4745-47f2-87da-5e6ca5290cfb | ITER: 9 START
2019-06-13 00:05:08.748 25186 INFO rally.task.runner [-] Task 32d1919a-4745-47f2-87da-5e6ca5290cfb | ITER: 12 START
2019-06-13 00:05:08.748 25183 INFO rally.task.runner [-] Task 32d1919a-4745-47f2-87da-5e6ca5290cfb | ITER: 11 START
2019-06-13 00:05:08.749 25188 RALLYDEBUG rally.task.runner [-] Starting a worker. concurrency: 1 args: {"network_create_args": null, "subnet_create_args": null, "subnet_cidr_start": "1.1.0.0/30", "subnets_per_network": 2, "router_create_args": null} times: 40 method_name: run timeout: 0 duration: None cls:
2019-06-13 00:05:08.752 25192 RALLYDEBUG rally.task.runner [-] Starting a worker. concurrency: 1 args: {"network_create_args": null, "subnet_create_args": null, "subnet_cidr_start": "1.1.0.0/30", "subnets_per_network": 2, "router_create_args": null} times: 40 method_name: run timeout: 0 duration: None cls:
2019-06-13 00:05:08.751 25172 INFO rally.task.runner [-] Task 32d1919a-4745-47f2-87da-5e6ca5290cfb | ITER: 6 START
2019-06-13 00:05:08.755 25188 INFO rally.task.runner [-] Task 32d1919a-4745-47f2-87da-5e6ca5290cfb | ITER: 13 START
2019-06-13 00:05:08.756 25199 RALLYDEBUG rally.task.runner [-] Starting a worker. concurrency: 1 args: {"network_create_args": null, "subnet_create_args": null, "subnet_cidr_start": "1.1.0.0/30", "subnets_per_network": 2, "router_create_args": null} times: 40 method_name: run timeout: 0 duration: None cls:
2019-06-13 00:05:08.757 25171 INFO rally.task.runner [-] Task 32d1919a-4745-47f2-87da-5e6ca5290cfb | ITER: 8 START
2019-06-13 00:05:08.758 25192 INFO rally.task.runner [-] Task 32d1919a-4745-47f2-87da-5e6ca5290cfb | ITER: 14 START
2019-06-13 00:05:08.760 25202 RALLYDEBUG rally.task.runner [-] Starting a worker. concurrency: 1 args: {"network_create_args": null, "subnet_create_args": null, "subnet_cidr_start": "1.1.0.0/30", "subnets_per_network": 2, "router_create_args": null} times: 40 method_name: run timeout: 0 duration: None cls:
2019-06-13 00:05:08.761 25199 INFO rally.task.runner [-] Task 32d1919a-4745-47f2-87da-5e6ca5290cfb | ITER: 15 START
2019-06-13 00:05:08.764 25202 INFO rally.task.runner [-] Task 32d1919a-4745-47f2-87da-5e6ca5290cfb | ITER: 16 START
2019-06-13 00:05:08.767 25206 RALLYDEBUG rally.task.runner [-] Starting a worker. concurrency: 1 args: {"network_create_args": null, "subnet_create_args": null, "subnet_cidr_start": "1.1.0.0/30", "subnets_per_network": 2, "router_create_args": null} times: 40 method_name: run timeout: 0 duration: None cls:
2019-06-13 00:05:08.772 25206 INFO rally.task.runner [-] Task 32d1919a-4745-47f2-87da-5e6ca5290cfb | ITER: 17 START
2019-06-13 00:05:08.774 25210 RALLYDEBUG rally.task.runner [-] Starting a worker. concurrency: 1 args: {"network_create_args": null, "subnet_create_args": null, "subnet_cidr_start": "1.1.0.0/30", "subnets_per_network": 2, "router_create_args": null} times: 40 method_name: run timeout: 0 duration: None cls:
2019-06-13 00:05:08.776 25214 RALLYDEBUG rally.task.runner [-] Starting a worker. concurrency: 1 args: {"network_create_args": null, "subnet_create_args": null, "subnet_cidr_start": "1.1.0.0/30", "subnets_per_network": 2, "router_create_args": null} times: 40 method_name: run timeout: 0 duration: None cls:
2019-06-13 00:05:08.778 25210 INFO rally.task.runner [-] Task 32d1919a-4745-47f2-87da-5e6ca5290cfb | ITER: 18 START
2019-06-13 00:05:08.779 25211 RALLYDEBUG rally.task.runner [-] Starting a worker. concurrency: 1 args: {"network_create_args": null, "subnet_create_args": null, "subnet_cidr_start": "1.1.0.0/30", "subnets_per_network": 2, "router_create_args": null} times: 40 method_name: run timeout: 0 duration: None cls:
2019-06-13 00:05:08.779 25214 INFO rally.task.runner [-] Task 32d1919a-4745-47f2-87da-5e6ca5290cfb | ITER: 19 START
2019-06-13 00:05:08.783 25211 INFO rally.task.runner [-] Task 32d1919a-4745-47f2-87da-5e6ca5290cfb | ITER: 20 START
2019-06-13 00:05:10.530 25169 RALLYDEBUG rally_openstack.wrappers.network [-] CIDR generated: 1.1.5.160/30
2019-06-13 00:05:10.541 25188 RALLYDEBUG rally_openstack.wrappers.network [-] CIDR generated: 1.1.5.164/30
2019-06-13 00:05:10.553 25192 RALLYDEBUG rally_openstack.wrappers.network [-] CIDR generated: 1.1.5.168/30
2019-06-13 00:05:10.567 25214 RALLYDEBUG rally_openstack.wrappers.network [-] CIDR generated: 1.1.5.172/30
2019-06-13 00:05:10.602 25199 RALLYDEBUG rally_openstack.wrappers.network [-] CIDR generated: 1.1.5.176/30
2019-06-13 00:05:10.709 25186 RALLYDEBUG rally_openstack.wrappers.network [-] CIDR generated: 1.1.5.180/30
2019-06-13 00:05:10.733 25172 RALLYDEBUG rally_openstack.wrappers.network [-] CIDR generated: 1.1.5.184/30
2019-06-13 00:05:10.746 25171 RALLYDEBUG rally_openstack.wrappers.network [-] CIDR generated: 1.1.5.188/30
2019-06-13 00:05:10.757 25169 RALLYDEBUG rally_openstack.wrappers.network [-] CIDR generated: 1.1.5.192/30
2019-06-13 00:05:10.793 25206 RALLYDEBUG rally_openstack.wrappers.network [-] CIDR generated: 1.1.5.196/30
2019-06-13 00:05:10.813 25210 RALLYDEBUG rally_openstack.wrappers.network [-] CIDR generated: 1.1.5.200/30
2019-06-13 00:05:10.817 25170 RALLYDEBUG rally_openstack.wrappers.network [-] CIDR generated: 1.1.5.204/30
2019-06-13 00:05:10.829 25202 RALLYDEBUG rally_openstack.wrappers.network [-] CIDR generated: 1.1.5.208/30
2019-06-13 00:05:10.852 25171 RALLYDEBUG rally_openstack.wrappers.network [-] CIDR generated: 1.1.5.212/30
2019-06-13 00:05:10.876 25172 RALLYDEBUG rally_openstack.wrappers.network [-] CIDR generated: 1.1.5.216/30
2019-06-13 00:05:10.889 25170 RALLYDEBUG rally_openstack.wrappers.network [-] CIDR generated: 1.1.5.220/30
2019-06-13 00:05:10.900 25179 RALLYDEBUG rally_openstack.wrappers.network [-] CIDR generated: 1.1.5.224/30
2019-06-13 00:05:10.913 25183 RALLYDEBUG rally_openstack.wrappers.network [-] CIDR generated: 1.1.5.228/30
2019-06-13 00:05:11.171 25211 RALLYDEBUG rally_openstack.wrappers.network [-] CIDR generated: 1.1.5.232/30
2019-06-13 00:05:11.188 25177 RALLYDEBUG rally_openstack.wrappers.network [-] CIDR generated: 1.1.5.236/30
2019-06-13 00:05:12.206 25172 RALLYDEBUG rally_openstack.wrappers.network [-] CIDR generated: 1.1.5.240/30
2019-06-13 00:05:12.332 25199 RALLYDEBUG rally_openstack.wrappers.network [-] CIDR generated: 1.1.5.244/30
2019-06-13 00:05:12.379 25169 RALLYDEBUG rally_openstack.wrappers.network [-] CIDR generated: 1.1.5.248/30
2019-06-13 00:05:12.452 25171 RALLYDEBUG rally_openstack.wrappers.network [-] CIDR generated: 1.1.5.252/30
2019-06-13 00:05:12.669 25169 RALLYDEBUG rally_openstack.wrappers.network [-] CIDR generated: 1.1.6.0/30
2019-06-13 00:05:12.937 25186 RALLYDEBUG rally_openstack.wrappers.network [-] CIDR generated: 1.1.6.4/30
2019-06-13 00:05:13.242 25188 RALLYDEBUG rally_openstack.wrappers.network [-] CIDR generated: 1.1.6.8/30
2019-06-13 00:05:14.183 25214 RALLYDEBUG rally_openstack.wrappers.network [-] CIDR generated: 1.1.6.12/30
2019-06-13 00:05:14.206 25171 RALLYDEBUG rally_openstack.wrappers.network [-] CIDR generated: 1.1.6.16/30
2019-06-13 00:05:14.220 25183 RALLYDEBUG rally_openstack.wrappers.network [-] CIDR generated: 1.1.6.20/30
2019-06-13 00:05:14.283 25177 RALLYDEBUG rally_openstack.wrappers.network [-] CIDR generated: 1.1.6.24/30
2019-06-13 00:05:14.430 25211 RALLYDEBUG rally_openstack.wrappers.network [-] CIDR generated: 1.1.6.28/30
2019-06-13 00:05:14.458 25210 RALLYDEBUG rally_openstack.wrappers.network [-] CIDR generated: 1.1.6.32/30
2019-06-13 00:05:14.578 25179 RALLYDEBUG rally_openstack.wrappers.network [-] CIDR generated: 1.1.6.36/30
2019-06-13 00:05:14.651 25206 RALLYDEBUG rally_openstack.wrappers.network [-] CIDR generated: 1.1.6.40/30
2019-06-13 00:05:14.728 25202 RALLYDEBUG rally_openstack.wrappers.network [-] CIDR generated: 1.1.6.44/30
2019-06-13 00:05:14.793 25170 RALLYDEBUG rally_openstack.wrappers.network [-] CIDR generated: 1.1.6.48/30
2019-06-13 00:05:15.194 25192 RALLYDEBUG rally_openstack.wrappers.network [-] CIDR generated: 1.1.6.52/30
2019-06-13 00:05:15.384 25170 RALLYDEBUG rally_openstack.wrappers.network [-] CIDR generated: 1.1.6.56/30
2019-06-13 00:05:15.655 25172 RALLYDEBUG rally_openstack.wrappers.network [-] CIDR generated: 1.1.6.60/30
2019-06-13 00:05:41.958 25169 INFO rally.task.runner [-] Task 32d1919a-4745-47f2-87da-5e6ca5290cfb | ITER: 1 END: OK
2019-06-13 00:05:41.960 25169 INFO rally.task.runner [-] Task 32d1919a-4745-47f2-87da-5e6ca5290cfb | ITER: 21 START
2019-06-13 00:05:42.527 25170 INFO rally.task.runner [-] Task 32d1919a-4745-47f2-87da-5e6ca5290cfb | ITER: 2 END: OK
2019-06-13 00:05:42.528 25199 INFO rally.task.runner [-] Task 32d1919a-4745-47f2-87da-5e6ca5290cfb | ITER: 15 END: OK
2019-06-13 00:05:42.530 25170 INFO rally.task.runner [-] Task 32d1919a-4745-47f2-87da-5e6ca5290cfb | ITER: 22 START
2019-06-13 00:05:42.532 25199 INFO rally.task.runner [-] Task 32d1919a-4745-47f2-87da-5e6ca5290cfb | ITER: 23 START
2019-06-13 00:05:43.236 25169 RALLYDEBUG rally_openstack.wrappers.network [-] CIDR generated: 1.1.6.64/30
2019-06-13 00:05:44.080 25170 RALLYDEBUG rally_openstack.wrappers.network [-] CIDR generated: 1.1.6.68/30
2019-06-13 00:05:44.441 25199 RALLYDEBUG rally_openstack.wrappers.network [-] CIDR generated: 1.1.6.72/30
2019-06-13 00:05:44.493 25183 INFO rally.task.runner [-] Task 32d1919a-4745-47f2-87da-5e6ca5290cfb | ITER: 11 END: OK
2019-06-13 00:05:44.496 25183 INFO rally.task.runner [-] Task 32d1919a-4745-47f2-87da-5e6ca5290cfb | ITER: 24 START
2019-06-13 00:05:44.591 25186 INFO rally.task.runner [-] Task 32d1919a-4745-47f2-87da-5e6ca5290cfb | ITER: 12 END: OK
