2019-06-12 23:58:14.289 22696 RALLYDEBUG rally.api [-] INFO logs from urllib3 and requests module are hide.
2019-06-12 23:58:14.289 22696 RALLYDEBUG rally.api [-] urllib3 insecure warnings are hidden.
2019-06-12 23:58:14.289 22696 RALLYDEBUG rally.api [-] ERROR log from boto module is hide.
2019-06-12 23:58:16.370 22698 RALLYDEBUG rally.api [-] INFO logs from urllib3 and requests module are hide.
2019-06-12 23:58:16.370 22698 RALLYDEBUG rally.api [-] urllib3 insecure warnings are hidden.
2019-06-12 23:58:16.371 22698 RALLYDEBUG rally.api [-] ERROR log from boto module is hide.
2019-06-12 23:58:17.696 22698 WARNING rally_openstack.platforms.existing [-] endpoint is deprecated and not used.
2019-06-12 23:58:18.699 22700 RALLYDEBUG rally.api [-] INFO logs from urllib3 and requests module are hide.
2019-06-12 23:58:18.699 22700 RALLYDEBUG rally.api [-] urllib3 insecure warnings are hidden.
2019-06-12 23:58:18.700 22700 RALLYDEBUG rally.api [-] ERROR log from boto module is hide.
2019-06-12 23:58:22.146 22703 RALLYDEBUG rally.api [-] INFO logs from urllib3 and requests module are hide.
2019-06-12 23:58:22.147 22703 RALLYDEBUG rally.api [-] urllib3 insecure warnings are hidden.
2019-06-12 23:58:22.147 22703 RALLYDEBUG rally.api [-] ERROR log from boto module is hide.
2019-06-12 23:58:24.261 22705 RALLYDEBUG rally.api [-] INFO logs from urllib3 and requests module are hide.
2019-06-12 23:58:24.261 22705 RALLYDEBUG rally.api [-] urllib3 insecure warnings are hidden.
2019-06-12 23:58:24.261 22705 RALLYDEBUG rally.api [-] ERROR log from boto module is hide.
2019-06-12 23:58:25.457 22705 INFO rally.common.plugin.discover [-] Loading plugins from directories /root/.rally/plugins/*
2019-06-12 23:58:25.458 22705 INFO rally.common.plugin.discover [-] Loaded module with plugins: /root/.rally/plugins/__init__.py
2019-06-12 23:58:25.460 22705 INFO rally.common.plugin.discover [-] Loaded module with plugins: /root/.rally/plugins/trunk_scenario.py
2019-06-12 23:58:25.655 22705 INFO rally.task.engine [-] Task 32d1919a-4745-47f2-87da-5e6ca5290cfb | Starting: Task validation.
2019-06-12 23:58:25.712 22705 INFO rally.task.engine [-] Task 32d1919a-4745-47f2-87da-5e6ca5290cfb | Starting: Task validation of syntax.
2019-06-12 23:58:25.859 22705 INFO rally.task.engine [-] Task 32d1919a-4745-47f2-87da-5e6ca5290cfb | Completed: Task validation of syntax.
2019-06-12 23:58:25.859 22705 INFO rally.task.engine [-] Task 32d1919a-4745-47f2-87da-5e6ca5290cfb | Starting: Task validation of required platforms.
2019-06-12 23:58:25.917 22705 INFO rally.task.engine [-] Task 32d1919a-4745-47f2-87da-5e6ca5290cfb | Completed: Task validation of required platforms.
2019-06-12 23:58:25.918 22705 INFO rally.task.engine [-] Task 32d1919a-4745-47f2-87da-5e6ca5290cfb | Starting: Task validation of semantic.
2019-06-12 23:58:25.918 22705 INFO rally.task.engine [-] Check health of the environment '1198d36d-c9b5-4e3e-ae03-af5a6bf77485'.
2019-06-12 23:58:26.740 22705 INFO rally.task.engine [-] Platform existing@openstack (available: True): OK!
2019-06-12 23:58:26.758 22705 RALLYDEBUG rally_openstack.contexts.keystone.users [-] Creating 1 tenants using 20 threads
2019-06-12 23:58:28.763 22705 RALLYDEBUG rally_openstack.contexts.keystone.users [-] Creating 1 users using 20 threads
2019-06-12 23:58:31.635 22705 INFO rally.task.context [-] Task 32d1919a-4745-47f2-87da-5e6ca5290cfb | Context users@openstack setup() finished in 4.88 sec
2019-06-12 23:58:37.885 22705 INFO rally.task.context [-] Task 32d1919a-4745-47f2-87da-5e6ca5290cfb | Context users@openstack cleanup() started
2019-06-12 23:58:43.132 22705 INFO rally.task.context [-] Task 32d1919a-4745-47f2-87da-5e6ca5290cfb | Context users@openstack cleanup() finished in 5.25 sec
2019-06-12 23:58:43.132 22705 INFO rally.task.engine [-] Task 32d1919a-4745-47f2-87da-5e6ca5290cfb | Completed: Task validation of semantic.
2019-06-12 23:58:43.133 22705 INFO rally.task.engine [-] Task 32d1919a-4745-47f2-87da-5e6ca5290cfb | Completed: Task validation.
2019-06-12 23:58:43.133 22705 INFO rally.api [-] Task 32d1919a-4745-47f2-87da-5e6ca5290cfb input file is valid.
2019-06-12 23:58:43.133 22705 INFO rally.api [-] Run Task 32d1919a-4745-47f2-87da-5e6ca5290cfb against Deployment 1198d36d-c9b5-4e3e-ae03-af5a6bf77485
2019-06-12 23:58:43.134 22705 INFO rally.task.engine [-] Task 32d1919a-4745-47f2-87da-5e6ca5290cfb | Starting: Running task.
2019-06-12 23:58:43.316 22705 INFO rally.task.engine [-] Running workload: position = 0 config = { "version": 2, "title": "A cropped version of a bigger task.", "description": "Auto-generated task from a single workload (uuid=6bfe2921-3ab2-4eba-b649-19de2cca3eaf)", "subtasks": [ { "title": "NeutronNetworks.create_and_list_networks", "description": "Check performance of list_networks action and ensure > network quotas are not exceeded", "scenario": { "NeutronNetworks.create_and_list_networks": {} }, "contexts": { "users": { "tenants": 1, "users_per_tenant": 1 }, "quotas": { "neutron": { "network": 119 } } }, "runner": { "constant": { "times": 100, "concurrency": 20 } }, "hooks": [], "sla": { "max_avg_duration_per_atomic": { "neutron.list_networks": 15 }, "failure_rate": { "max": 0 } } } ] }
2019-06-12 23:58:43.338 22705 RALLYDEBUG rally_openstack.contexts.keystone.users [-] Creating 1 tenants using 20 threads
2019-06-12 23:58:45.326 22705 RALLYDEBUG rally_openstack.contexts.keystone.users [-] Creating 1 users using 20 threads
2019-06-12 23:58:48.335 22705 INFO rally.task.context [-] Task 32d1919a-4745-47f2-87da-5e6ca5290cfb | Context users@openstack setup() finished in 5.00 sec
2019-06-12 23:58:49.113 22705 INFO rally.task.context [-] Task 32d1919a-4745-47f2-87da-5e6ca5290cfb | Context quotas@openstack setup() finished in 0.78 sec
2019-06-12 23:58:49.113 22705 INFO rally.task.context [-] Task 32d1919a-4745-47f2-87da-5e6ca5290cfb | Context cleanup@openstack setup() finished in 0.03 msec
2019-06-12 23:58:49.121 22705 RALLYDEBUG rally.task.runner [-] Starting the constant runner (task UUID: 32d1919a-4745-47f2-87da-5e6ca5290cfb). timeout: 0 concurrency: 20 concurrency_per_worker: 1 times: 100 concurrency_overhead: 4 processes_to_start: 16 max_cpu_used: 16
2019-06-12 23:58:49.134 22829 RALLYDEBUG rally.task.runner [-] Starting a worker. concurrency: 2 args: {} times: 100 method_name: run timeout: 0 duration: None cls:
2019-06-12 23:58:49.136 22830 RALLYDEBUG rally.task.runner [-] Starting a worker. concurrency: 2 args: {} times: 100 method_name: run timeout: 0 duration: None cls:
2019-06-12 23:58:49.139 22831 RALLYDEBUG rally.task.runner [-] Starting a worker. concurrency: 2 args: {} times: 100 method_name: run timeout: 0 duration: None cls:
2019-06-12 23:58:49.141 22832 RALLYDEBUG rally.task.runner [-] Starting a worker. concurrency: 2 args: {} times: 100 method_name: run timeout: 0 duration: None cls:
2019-06-12 23:58:49.142 22835 RALLYDEBUG rally.task.runner [-] Starting a worker. concurrency: 1 args: {} times: 100 method_name: run timeout: 0 duration: None cls:
2019-06-12 23:58:49.143 22829 INFO rally.task.runner [-] Task 32d1919a-4745-47f2-87da-5e6ca5290cfb | ITER: 1 START
2019-06-12 23:58:49.146 22835 INFO rally.task.runner [-] Task 32d1919a-4745-47f2-87da-5e6ca5290cfb | ITER: 7 START
2019-06-12 23:58:49.146 22830 INFO rally.task.runner [-] Task 32d1919a-4745-47f2-87da-5e6ca5290cfb | ITER: 2 START
2019-06-12 23:58:49.148 22829 INFO rally.task.runner [-] Task 32d1919a-4745-47f2-87da-5e6ca5290cfb | ITER: 3 START
2019-06-12 23:58:49.149 22844 RALLYDEBUG rally.task.runner [-] Starting a worker. concurrency: 1 args: {} times: 100 method_name: run timeout: 0 duration: None cls:
2019-06-12 23:58:49.148 22838 RALLYDEBUG rally.task.runner [-] Starting a worker. concurrency: 1 args: {} times: 100 method_name: run timeout: 0 duration: None cls:
2019-06-12 23:58:49.151 22831 INFO rally.task.runner [-] Task 32d1919a-4745-47f2-87da-5e6ca5290cfb | ITER: 4 START
2019-06-12 23:58:49.152 22832 INFO rally.task.runner [-] Task 32d1919a-4745-47f2-87da-5e6ca5290cfb | ITER: 6 START
2019-06-12 23:58:49.152 22844 INFO rally.task.runner [-] Task 32d1919a-4745-47f2-87da-5e6ca5290cfb | ITER: 10 START
2019-06-12 23:58:49.155 22830 INFO rally.task.runner [-] Task 32d1919a-4745-47f2-87da-5e6ca5290cfb | ITER: 5 START
2019-06-12 23:58:49.155 22847 RALLYDEBUG rally.task.runner [-] Starting a worker. concurrency: 1 args: {} times: 100 method_name: run timeout: 0 duration: None cls:
2019-06-12 23:58:49.156 22850 RALLYDEBUG rally.task.runner [-] Starting a worker. concurrency: 1 args: {} times: 100 method_name: run timeout: 0 duration: None cls:
2019-06-12 23:58:49.155 22838 INFO rally.task.runner [-] Task 32d1919a-4745-47f2-87da-5e6ca5290cfb | ITER: 11 START
2019-06-12 23:58:49.158 22832 INFO rally.task.runner [-] Task 32d1919a-4745-47f2-87da-5e6ca5290cfb | ITER: 9 START
2019-06-12 23:58:49.158 22831 INFO rally.task.runner [-] Task 32d1919a-4745-47f2-87da-5e6ca5290cfb | ITER: 8 START
2019-06-12 23:58:49.161 22855 RALLYDEBUG rally.task.runner [-] Starting a worker. concurrency: 1 args: {} times: 100 method_name: run timeout: 0 duration: None cls:
2019-06-12 23:58:49.164 22850 INFO rally.task.runner [-] Task 32d1919a-4745-47f2-87da-5e6ca5290cfb | ITER: 13 START
2019-06-12 23:58:49.165 22860 RALLYDEBUG rally.task.runner [-] Starting a worker. concurrency: 1 args: {} times: 100 method_name: run timeout: 0 duration: None cls:
2019-06-12 23:58:49.165 22857 RALLYDEBUG rally.task.runner [-] Starting a worker. concurrency: 1 args: {} times: 100 method_name: run timeout: 0 duration: None cls:
2019-06-12 23:58:49.169 22847 INFO rally.task.runner [-] Task 32d1919a-4745-47f2-87da-5e6ca5290cfb | ITER: 12 START
2019-06-12 23:58:49.170 22855 INFO rally.task.runner [-] Task 32d1919a-4745-47f2-87da-5e6ca5290cfb | ITER: 14 START
2019-06-12 23:58:49.169 22863 RALLYDEBUG rally.task.runner [-] Starting a worker. concurrency: 1 args: {} times: 100 method_name: run timeout: 0 duration: None cls:
2019-06-12 23:58:49.171 22860 INFO rally.task.runner [-] Task 32d1919a-4745-47f2-87da-5e6ca5290cfb | ITER: 15 START
2019-06-12 23:58:49.173 22857 INFO rally.task.runner [-] Task 32d1919a-4745-47f2-87da-5e6ca5290cfb | ITER: 16 START
2019-06-12 23:58:49.174 22863 INFO rally.task.runner [-] Task 32d1919a-4745-47f2-87da-5e6ca5290cfb | ITER: 17 START
2019-06-12 23:58:49.177 22866 RALLYDEBUG rally.task.runner [-] Starting a worker. concurrency: 1 args: {} times: 100 method_name: run timeout: 0 duration: None cls:
2019-06-12 23:58:49.185 22873 RALLYDEBUG rally.task.runner [-] Starting a worker. concurrency: 1 args: {} times: 100 method_name: run timeout: 0 duration: None cls:
2019-06-12 23:58:49.185 22866 INFO rally.task.runner [-] Task 32d1919a-4745-47f2-87da-5e6ca5290cfb | ITER: 18 START
2019-06-12 23:58:49.190 22875 RALLYDEBUG rally.task.runner [-] Starting a worker. concurrency: 1 args: {} times: 100 method_name: run timeout: 0 duration: None cls:
2019-06-12 23:58:49.190 22873 INFO rally.task.runner [-] Task 32d1919a-4745-47f2-87da-5e6ca5290cfb | ITER: 19 START
2019-06-12 23:58:49.196 22875 INFO rally.task.runner [-] Task 32d1919a-4745-47f2-87da-5e6ca5290cfb | ITER: 20 START
2019-06-12 23:58:50.996 22838 INFO rally.task.runner [-] Task 32d1919a-4745-47f2-87da-5e6ca5290cfb | ITER: 11 END: OK
2019-06-12 23:58:51.000 22838 INFO rally.task.runner [-] Task 32d1919a-4745-47f2-87da-5e6ca5290cfb | ITER: 21 START
2019-06-12 23:58:51.050 22850 INFO rally.task.runner [-] Task 32d1919a-4745-47f2-87da-5e6ca5290cfb | ITER: 13 END: OK
2019-06-12 23:58:51.054 22850 INFO rally.task.runner [-] Task 32d1919a-4745-47f2-87da-5e6ca5290cfb | ITER: 22 START
2019-06-12 23:58:51.132 22830 INFO rally.task.runner [-] Task 32d1919a-4745-47f2-87da-5e6ca5290cfb | ITER: 2 END: OK
2019-06-12 23:58:51.135 22830 INFO rally.task.runner [-] Task 32d1919a-4745-47f2-87da-5e6ca5290cfb | ITER: 23 START
2019-06-12 23:58:51.146 22875 INFO rally.task.runner [-] Task 32d1919a-4745-47f2-87da-5e6ca5290cfb | ITER: 20 END: OK
2019-06-12 23:58:51.150 22875 INFO rally.task.runner [-] Task 32d1919a-4745-47f2-87da-5e6ca5290cfb | ITER: 24 START
2019-06-12 23:58:51.156 22832 INFO rally.task.runner [-] Task 32d1919a-4745-47f2-87da-5e6ca5290cfb | ITER: 9 END: OK
2019-06-12 23:58:51.159 22832 INFO rally.task.runner [-] Task 32d1919a-4745-47f2-87da-5e6ca5290cfb | ITER: 25 START
2019-06-12 23:58:51.161 22847 INFO rally.task.runner [-] Task 32d1919a-4745-47f2-87da-5e6ca5290cfb | ITER: 12 END: OK
2019-06-12 23:58:51.164 22847 INFO rally.task.runner [-] Task 32d1919a-4745-47f2-87da-5e6ca5290cfb | ITER: 26 START
2019-06-12 23:58:51.243 22863 INFO rally.task.runner [-] Task 32d1919a-4745-47f2-87da-5e6ca5290cfb | ITER: 17 END: OK
2019-06-12 23:58:51.247 22863 INFO rally.task.runner [-] Task 32d1919a-4745-47f2-87da-5e6ca5290cfb | ITER: 27 START
2019-06-12 23:58:51.248 22829 INFO rally.task.runner [-] Task 32d1919a-4745-47f2-87da-5e6ca5290cfb | ITER: 3 END: OK
2019-06-12 23:58:51.251 22829 INFO rally.task.runner [-] Task 32d1919a-4745-47f2-87da-5e6ca5290cfb | ITER: 1 END: OK
2019-06-12 23:58:51.255 22829 INFO rally.task.runner [-] Task 32d1919a-4745-47f2-87da-5e6ca5290cfb | ITER: 28 START
2019-06-12 23:58:51.260 22835 INFO rally.task.runner [-] Task 32d1919a-4745-47f2-87da-5e6ca5290cfb | ITER: 7 END: OK
2019-06-12 23:58:51.260 22829 INFO rally.task.runner [-] Task 32d1919a-4745-47f2-87da-5e6ca5290cfb | ITER: 29 START
2019-06-12 23:58:51.263 22835 INFO rally.task.runner [-] Task 32d1919a-4745-47f2-87da-5e6ca5290cfb | ITER: 30 START
2019-06-12 23:58:51.271 22831 INFO rally.task.runner [-] Task 32d1919a-4745-47f2-87da-5e6ca5290cfb | ITER: 8 END: OK
2019-06-12 23:58:51.274 22831 INFO rally.task.runner [-] Task 32d1919a-4745-47f2-87da-5e6ca5290cfb | ITER: 31 START
2019-06-12 23:58:51.291 22831 INFO rally.task.runner [-] Task 32d1919a-4745-47f2-87da-5e6ca5290cfb | ITER: 4 END: OK
2019-06-12 23:58:51.295 22831 INFO rally.task.runner [-] Task 32d1919a-4745-47f2-87da-5e6ca5290cfb | ITER: 32 START
2019-06-12 23:58:51.296 22844 INFO rally.task.runner [-] Task 32d1919a-4745-47f2-87da-5e6ca5290cfb | ITER: 10 END: OK
2019-06-12 23:58:51.298 22844 INFO rally.task.runner [-] Task 32d1919a-4745-47f2-87da-5e6ca5290cfb | ITER: 33 START
2019-06-12 23:58:51.475 22855 INFO rally.task.runner [-] Task 32d1919a-4745-47f2-87da-5e6ca5290cfb | ITER: 14 END: OK
2019-06-12 23:58:51.478 22855 INFO rally.task.runner [-] Task 32d1919a-4745-47f2-87da-5e6ca5290cfb | ITER: 34 START
2019-06-12 23:58:51.489 22857 INFO rally.task.runner [-] Task 32d1919a-4745-47f2-87da-5e6ca5290cfb | ITER: 16 END: OK
2019-06-12 23:58:51.489 22860 INFO rally.task.runner [-] Task 32d1919a-4745-47f2-87da-5e6ca5290cfb | ITER: 15 END: OK
2019-06-12 23:58:51.492 22857 INFO rally.task.runner [-] Task 32d1919a-4745-47f2-87da-5e6ca5290cfb | ITER: 35 START
2019-06-12 23:58:51.493 22860 INFO rally.task.runner [-] Task 32d1919a-4745-47f2-87da-5e6ca5290cfb | ITER: 36 START
2019-06-12 23:58:51.533 22873 INFO rally.task.runner [-] Task 32d1919a-4745-47f2-87da-5e6ca5290cfb | ITER: 19 END: OK
2019-06-12 23:58:51.537 22873 INFO rally.task.runner [-] Task 32d1919a-4745-47f2-87da-5e6ca5290cfb | ITER: 37 START
2019-06-12 23:58:51.638 22830 INFO rally.task.runner [-] Task 32d1919a-4745-47f2-87da-5e6ca5290cfb | ITER: 5 END: OK
2019-06-12 23:58:51.642 22830 INFO rally.task.runner [-] Task 32d1919a-4745-47f2-87da-5e6ca5290cfb | ITER: 38 START
2019-06-12 23:58:51.682 22866 INFO rally.task.runner [-] Task 32d1919a-4745-47f2-87da-5e6ca5290cfb | ITER: 18 END: OK
2019-06-12 23:58:51.685 22866 INFO rally.task.runner [-] Task 32d1919a-4745-47f2-87da-5e6ca5290cfb | ITER: 39 START
2019-06-12 23:58:51.972 22832 INFO rally.task.runner [-] Task 32d1919a-4745-47f2-87da-5e6ca5290cfb | ITER: 6 END: OK
2019-06-12 23:58:51.975 22832 INFO rally.task.runner [-] Task 32d1919a-4745-47f2-87da-5e6ca5290cfb | ITER: 40 START
2019-06-12 23:58:52.698 22838 INFO rally.task.runner [-] Task 32d1919a-4745-47f2-87da-5e6ca5290cfb | ITER: 21 END: OK
2019-06-12 23:58:52.700 22832 INFO rally.task.runner [-] Task 32d1919a-4745-47f2-87da-5e6ca5290cfb | ITER: 25 END: OK
2019-06-12 23:58:52.703 22838 INFO rally.task.runner [-] Task 32d1919a-4745-47f2-87da-5e6ca5290cfb | ITER: 41 START
2019-06-12 23:58:52.703 22832 INFO rally.task.runner [-] Task 32d1919a-4745-47f2-87da-5e6ca5290cfb | ITER: 42 START
2019-06-12 23:58:52.836 22847 INFO rally.task.runner [-] Task 32d1919a-4745-47f2-87da-5e6ca5290cfb | ITER: 26 END: OK
2019-06-12 23:58:52.839 22847 INFO rally.task.runner [-] Task 32d1919a-4745-47f2-87da-5e6ca5290cfb | ITER: 43 START
2019-06-12 23:58:52.855 22844 INFO rally.task.runner [-] Task 32d1919a-4745-47f2-87da-5e6ca5290cfb | ITER: 33 END: OK
2019-06-12 23:58:52.858 22844 INFO rally.task.runner [-] Task 32d1919a-4745-47f2-87da-5e6ca5290cfb | ITER: 44 START
2019-06-12 23:58:52.858 22835 INFO rally.task.runner [-] Task 32d1919a-4745-47f2-87da-5e6ca5290cfb | ITER: 30 END: OK
2019-06-12 23:58:52.861 22835 INFO rally.task.runner [-] Task 32d1919a-4745-47f2-87da-5e6ca5290cfb | ITER: 45 START
2019-06-12 23:58:52.920 22863 INFO rally.task.runner [-] Task 32d1919a-4745-47f2-87da-5e6ca5290cfb | ITER: 27 END: OK
2019-06-12 23:58:52.923 22863 INFO rally.task.runner [-] Task 32d1919a-4745-47f2-87da-5e6ca5290cfb | ITER: 46 START
2019-06-12 23:58:52.958 22875 INFO rally.task.runner [-] Task 32d1919a-4745-47f2-87da-5e6ca5290cfb | ITER: 24 END: OK
2019-06-12 23:58:52.961 22875 INFO rally.task.runner [-] Task 32d1919a-4745-47f2-87da-5e6ca5290cfb | ITER: 47 START
2019-06-12 23:58:52.982 22829 INFO rally.task.runner [-] Task 32d1919a-4745-47f2-87da-5e6ca5290cfb | ITER: 28 END: OK
2019-06-12 23:58:52.985 22829 INFO rally.task.runner [-] Task 32d1919a-4745-47f2-87da-5e6ca5290cfb | ITER: 48 START
2019-06-12 23:58:53.016 22830 INFO rally.task.runner [-] Task 32d1919a-4745-47f2-87da-5e6ca5290cfb | ITER: 23 END: OK
2019-06-12 23:58:53.019 22830 INFO rally.task.runner [-] Task 32d1919a-4745-47f2-87da-5e6ca5290cfb | ITER: 49 START
2019-06-12 23:58:53.190 22873 INFO rally.task.runner [-] Task 32d1919a-4745-47f2-87da-5e6ca5290cfb | ITER: 37 END: OK
2019-06-12 23:58:53.193 22873 INFO rally.task.runner [-] Task 32d1919a-4745-47f2-87da-5e6ca5290cfb | ITER: 50 START
2019-06-12 23:58:53.265 22831 INFO rally.task.runner [-] Task 32d1919a-4745-47f2-87da-5e6ca5290cfb | ITER: 32 END: OK
2019-06-12 23:58:53.268 22831 INFO rally.task.runner [-] Task 32d1919a-4745-47f2-87da-5e6ca5290cfb | ITER: 51 START
2019-06-12 23:58:53.351 22829 INFO rally.task.runner [-] Task 32d1919a-4745-47f2-87da-5e6ca5290cfb | ITER: 29 END: OK
2019-06-12 23:58:53.353 22829 INFO rally.task.runner [-] Task 32d1919a-4745-47f2-87da-5e6ca5290cfb | ITER: 52 START
2019-06-12 23:58:53.420 22831 INFO rally.task.runner [-] Task 32d1919a-4745-47f2-87da-5e6ca5290cfb | ITER: 31 END: OK
2019-06-12 23:58:53.422 22831 INFO rally.task.runner [-] Task 32d1919a-4745-47f2-87da-5e6ca5290cfb | ITER: 53 START
2019-06-12 23:58:53.530 22855 INFO rally.task.runner [-] Task 32d1919a-4745-47f2-87da-5e6ca5290cfb | ITER: 34 END: OK
2019-06-12 23:58:53.534 22855 INFO rally.task.runner [-] Task 32d1919a-4745-47f2-87da-5e6ca5290cfb | ITER: 54 START
2019-06-12 23:58:53.542 22857 INFO rally.task.runner [-] Task 32d1919a-4745-47f2-87da-5e6ca5290cfb | ITER: 35 END: OK
2019-06-12 23:58:53.545 22857 INFO rally.task.runner [-] Task 32d1919a-4745-47f2-87da-5e6ca5290cfb | ITER: 55 START
2019-06-12 23:58:53.605 22850 INFO rally.task.runner [-] Task 32d1919a-4745-47f2-87da-5e6ca5290cfb | ITER: 22 END: OK
2019-06-12 23:58:53.608 22850 INFO rally.task.runner [-] Task 32d1919a-4745-47f2-87da-5e6ca5290cfb | ITER: 56 START
2019-06-12 23:58:53.652 22866 INFO rally.task.runner [-] Task 32d1919a-4745-47f2-87da-5e6ca5290cfb | ITER: 39 END: OK
2019-06-12 23:58:53.655 22866 INFO rally.task.runner [-] Task 32d1919a-4745-47f2-87da-5e6ca5290cfb | ITER: 57 START
2019-06-12 23:58:53.783 22860 INFO rally.task.runner [-] Task 32d1919a-4745-47f2-87da-5e6ca5290cfb | ITER: 36 END: OK
2019-06-12 23:58:53.786 22860 INFO rally.task.runner [-] Task 32d1919a-4745-47f2-87da-5e6ca5290cfb | ITER: 58 START
2019-06-12 23:58:53.877 22830 INFO rally.task.runner [-] Task 32d1919a-4745-47f2-87da-5e6ca5290cfb | ITER: 38 END: OK
2019-06-12 23:58:53.881 22830 INFO rally.task.runner [-] Task 32d1919a-4745-47f2-87da-5e6ca5290cfb | ITER: 59 START
2019-06-12 23:58:54.352 22838 INFO rally.task.runner [-] Task 32d1919a-4745-47f2-87da-5e6ca5290cfb | ITER: 41 END: OK
2019-06-12 23:58:54.355 22838 INFO rally.task.runner [-] Task 32d1919a-4745-47f2-87da-5e6ca5290cfb | ITER: 60 START
2019-06-12 23:58:54.496 22844 INFO rally.task.runner [-] Task 32d1919a-4745-47f2-87da-5e6ca5290cfb | ITER: 44 END: OK
2019-06-12 23:58:54.499 22844 INFO rally.task.runner [-] Task 32d1919a-4745-47f2-87da-5e6ca5290cfb | ITER: 61 START
2019-06-12 23:58:54.667 22875 INFO rally.task.runner [-] Task 32d1919a-4745-47f2-87da-5e6ca5290cfb | ITER: 47 END: OK
2019-06-12 23:58:54.671 22875 INFO rally.task.runner [-] Task 32d1919a-4745-47f2-87da-5e6ca5290cfb | ITER: 62 START
2019-06-12 23:58:54.671 22847 INFO rally.task.runner [-] Task 32d1919a-4745-47f2-87da-5e6ca5290cfb | ITER: 43 END: OK
2019-06-12 23:58:54.674 22847 INFO rally.task.runner [-] Task 32d1919a-4745-47f2-87da-5e6ca5290cfb | ITER: 63 START
2019-06-12 23:58:54.712 22863 INFO rally.task.runner [-] Task 32d1919a-4745-47f2-87da-5e6ca5290cfb | ITER: 46 END: OK
2019-06-12 23:58:54.712 22829 INFO rally.task.runner [-] Task 32d1919a-4745-47f2-87da-5e6ca5290cfb | ITER: 48 END: OK
2019-06-12 23:58:54.715 22863 INFO rally.task.runner [-] Task 32d1919a-4745-47f2-87da-5e6ca5290cfb | ITER: 64 START
2019-06-12 23:58:54.715 22829 INFO rally.task.runner [-] Task 32d1919a-4745-47f2-87da-5e6ca5290cfb | ITER: 65 START
2019-06-12 23:58:54.744 22832 INFO rally.task.runner [-] Task 32d1919a-4745-47f2-87da-5e6ca5290cfb | ITER: 40 END: OK
2019-06-12 23:58:54.747 22832 INFO rally.task.runner [-] Task 32d1919a-4745-47f2-87da-5e6ca5290cfb | ITER: 66 START
2019-06-12 23:58:54.849 22835 INFO rally.task.runner [-] Task 32d1919a-4745-47f2-87da-5e6ca5290cfb | ITER: 45 END: OK
2019-06-12 23:58:54.852 22835 INFO rally.task.runner [-] Task 32d1919a-4745-47f2-87da-5e6ca5290cfb | ITER: 67 START
2019-06-12 23:58:54.860 22832 INFO rally.task.runner [-] Task 32d1919a-4745-47f2-87da-5e6ca5290cfb | ITER: 42 END: OK
2019-06-12 23:58:54.863 22832 INFO rally.task.runner [-] Task 32d1919a-4745-47f2-87da-5e6ca5290cfb | ITER: 68 START
2019-06-12 23:58:54.973 22855 INFO rally.task.runner [-] Task 32d1919a-4745-47f2-87da-5e6ca5290cfb | ITER: 54 END: OK
2019-06-12 23:58:54.976 22855 INFO rally.task.runner [-] Task 32d1919a-4745-47f2-87da-5e6ca5290cfb | ITER: 69 START
2019-06-12 23:58:55.168 22850 INFO rally.task.runner [-] Task 32d1919a-4745-47f2-87da-5e6ca5290cfb | ITER: 56 END: OK
2019-06-12 23:58:55.172 22850 INFO rally.task.runner [-] Task 32d1919a-4745-47f2-87da-5e6ca5290cfb | ITER: 70 START
2019-06-12 23:58:55.406 22829 INFO rally.task.runner [-] Task 32d1919a-4745-47f2-87da-5e6ca5290cfb | ITER: 52 END: OK
2019-06-12 23:58:55.409 22829 INFO rally.task.runner [-] Task 32d1919a-4745-47f2-87da-5e6ca5290cfb | ITER: 71 START
2019-06-12 23:58:55.414 22831 INFO rally.task.runner [-] Task 32d1919a-4745-47f2-87da-5e6ca5290cfb | ITER: 51 END: OK
2019-06-12 23:58:55.417 22831 INFO rally.task.runner [-] Task 32d1919a-4745-47f2-87da-5e6ca5290cfb | ITER: 72 START
2019-06-12 23:58:55.447 22860 INFO rally.task.runner [-] Task 32d1919a-4745-47f2-87da-5e6ca5290cfb | ITER: 58 END: OK
2019-06-12 23:58:55.451 22860 INFO rally.task.runner [-] Task 32d1919a-4745-47f2-87da-5e6ca5290cfb | ITER: 73 START
2019-06-12 23:58:55.545 22866 INFO rally.task.runner [-] Task 32d1919a-4745-47f2-87da-5e6ca5290cfb | ITER: 57 END: OK
2019-06-12 23:58:55.548 22866 INFO rally.task.runner [-] Task 32d1919a-4745-47f2-87da-5e6ca5290cfb | ITER: 74 START
2019-06-12 23:58:55.958 22830 INFO rally.task.runner [-] Task 32d1919a-4745-47f2-87da-5e6ca5290cfb | ITER: 49 END: OK
2019-06-12 23:58:55.961 22830 INFO rally.task.runner [-] Task 32d1919a-4745-47f2-87da-5e6ca5290cfb | ITER: 75 START
2019-06-12 23:58:56.053 22857 INFO rally.task.runner [-] Task 32d1919a-4745-47f2-87da-5e6ca5290cfb | ITER: 55 END: OK
2019-06-12 23:58:56.057 22857 INFO rally.task.runner [-] Task 32d1919a-4745-47f2-87da-5e6ca5290cfb | ITER: 76 START
2019-06-12 23:58:56.125 22831 INFO rally.task.runner [-] Task 32d1919a-4745-47f2-87da-5e6ca5290cfb | ITER: 53 END: OK
2019-06-12 23:58:56.128 22831 INFO rally.task.runner [-] Task 32d1919a-4745-47f2-87da-5e6ca5290cfb | ITER: 77 START
2019-06-12 23:58:56.181 22873 INFO rally.task.runner [-] Task 32d1919a-4745-47f2-87da-5e6ca5290cfb | ITER: 50 END: OK
2019-06-12 23:58:56.184 22873 INFO rally.task.runner [-] Task 32d1919a-4745-47f2-87da-5e6ca5290cfb | ITER: 78 START
2019-06-12 23:58:56.731 22847 INFO rally.task.runner [-] Task 32d1919a-4745-47f2-87da-5e6ca5290cfb | ITER: 63 END: OK
2019-06-12 23:58:56.735 22847 INFO rally.task.runner [-] Task 32d1919a-4745-47f2-87da-5e6ca5290cfb | ITER: 79 START
2019-06-12 23:58:56.765 22830 INFO rally.task.runner [-] Task 32d1919a-4745-47f2-87da-5e6ca5290cfb | ITER: 59 END: OK
2019-06-12 23:58:56.767 22863 INFO rally.task.runner [-] Task 32d1919a-4745-47f2-87da-5e6ca5290cfb | ITER: 64 END: OK
2019-06-12 23:58:56.768 22830 INFO rally.task.runner [-] Task 32d1919a-4745-47f2-87da-5e6ca5290cfb | ITER: 80 START
2019-06-12 23:58:56.770 22863 INFO rally.task.runner [-] Task 32d1919a-4745-47f2-87da-5e6ca5290cfb | ITER: 81 START
2019-06-12 23:58:56.795 22875 INFO rally.task.runner [-] Task 32d1919a-4745-47f2-87da-5e6ca5290cfb | ITER: 62 END: OK
2019-06-12 23:58:56.798 22875 INFO rally.task.runner [-] Task 32d1919a-4745-47f2-87da-5e6ca5290cfb | ITER: 82 START
2019-06-12 23:58:56.835 22855 INFO rally.task.runner [-] Task 32d1919a-4745-47f2-87da-5e6ca5290cfb | ITER: 69 END: OK
2019-06-12 23:58:56.838 22855 INFO rally.task.runner [-] Task 32d1919a-4745-47f2-87da-5e6ca5290cfb | ITER: 83 START
2019-06-12 23:58:57.018 22829 INFO rally.task.runner [-] Task 32d1919a-4745-47f2-87da-5e6ca5290cfb | ITER: 71 END: OK
2019-06-12 23:58:57.021 22829 INFO rally.task.runner [-] Task 32d1919a-4745-47f2-87da-5e6ca5290cfb | ITER: 84 START
2019-06-12 23:58:57.103 22835 INFO rally.task.runner [-] Task 32d1919a-4745-47f2-87da-5e6ca5290cfb | ITER: 67 END: OK
2019-06-12 23:58:57.106 22835 INFO rally.task.runner [-] Task 32d1919a-4745-47f2-87da-5e6ca5290cfb | ITER: 85 START
2019-06-12 23:58:57.126 22832 INFO rally.task.runner [-] Task 32d1919a-4745-47f2-87da-5e6ca5290cfb | ITER: 68 END: OK
2019-06-12 23:58:57.129 22832 INFO rally.task.runner [-] Task 32d1919a-4745-47f2-87da-5e6ca5290cfb | ITER: 86 START
2019-06-12 23:58:57.150 22844 INFO rally.task.runner [-] Task 32d1919a-4745-47f2-87da-5e6ca5290cfb | ITER: 61 END: OK
2019-06-12 23:58:57.154 22844 INFO rally.task.runner [-] Task 32d1919a-4745-47f2-87da-5e6ca5290cfb | ITER: 87 START
2019-06-12 23:58:57.167 22829 INFO rally.task.runner [-] Task 32d1919a-4745-47f2-87da-5e6ca5290cfb | ITER: 65 END: OK
2019-06-12 23:58:57.167 22832 INFO rally.task.runner [-] Task 32d1919a-4745-47f2-87da-5e6ca5290cfb | ITER: 66 END: OK
2019-06-12 23:58:57.170 22829 INFO rally.task.runner [-] Task 32d1919a-4745-47f2-87da-5e6ca5290cfb | ITER: 88 START
2019-06-12 23:58:57.170 22832 INFO rally.task.runner [-] Task 32d1919a-4745-47f2-87da-5e6ca5290cfb | ITER: 89 START
2019-06-12 23:58:57.205 22838 INFO rally.task.runner [-] Task 32d1919a-4745-47f2-87da-5e6ca5290cfb | ITER: 60 END: OK
2019-06-12 23:58:57.208 22838 INFO rally.task.runner [-] Task 32d1919a-4745-47f2-87da-5e6ca5290cfb | ITER: 90 START
2019-06-12 23:58:57.756 22860 INFO rally.task.runner [-] Task 32d1919a-4745-47f2-87da-5e6ca5290cfb | ITER: 73 END: OK
2019-06-12 23:58:57.759 22860 INFO rally.task.runner [-] Task 32d1919a-4745-47f2-87da-5e6ca5290cfb | ITER: 91 START
2019-06-12 23:58:57.870 22850 INFO rally.task.runner [-] Task 32d1919a-4745-47f2-87da-5e6ca5290cfb | ITER: 70 END: OK
2019-06-12 23:58:57.870 22866 INFO rally.task.runner [-] Task 32d1919a-4745-47f2-87da-5e6ca5290cfb | ITER: 74 END: OK
2019-06-12 23:58:57.873 22850 INFO rally.task.runner [-] Task 32d1919a-4745-47f2-87da-5e6ca5290cfb | ITER: 92 START
2019-06-12 23:58:57.873 22866 INFO rally.task.runner [-] Task 32d1919a-4745-47f2-87da-5e6ca5290cfb | ITER: 93 START
2019-06-12 23:58:58.032 22831 INFO rally.task.runner [-] Task 32d1919a-4745-47f2-87da-5e6ca5290cfb | ITER: 72 END: OK
2019-06-12 23:58:58.035 22831 INFO rally.task.runner [-] Task 32d1919a-4745-47f2-87da-5e6ca5290cfb | ITER: 94 START
2019-06-12 23:58:58.398 22857 INFO rally.task.runner [-] Task 32d1919a-4745-47f2-87da-5e6ca5290cfb | ITER: 76 END: OK
2019-06-12 23:58:58.402 22857 INFO rally.task.runner [-] Task 32d1919a-4745-47f2-87da-5e6ca5290cfb | ITER: 95 START
2019-06-12 23:58:58.460 22847 INFO rally.task.runner [-] Task 32d1919a-4745-47f2-87da-5e6ca5290cfb | ITER: 79 END: OK
2019-06-12 23:58:58.464 22847 INFO rally.task.runner [-] Task 32d1919a-4745-47f2-87da-5e6ca5290cfb | ITER: 96 START
2019-06-12 23:58:58.608 22830 INFO rally.task.runner [-] Task 32d1919a-4745-47f2-87da-5e6ca5290cfb | ITER: 75 END: OK
2019-06-12 23:58:58.611 22830 INFO rally.task.runner [-] Task 32d1919a-4745-47f2-87da-5e6ca5290cfb | ITER: 97 START
2019-06-12 23:58:58.709 22829 INFO rally.task.runner [-] Task 32d1919a-4745-47f2-87da-5e6ca5290cfb | ITER: 84 END: OK
2019-06-12 23:58:58.712 22829 INFO rally.task.runner [-] Task 32d1919a-4745-47f2-87da-5e6ca5290cfb | ITER: 98 START
2019-06-12 23:58:58.835 22829 INFO rally.task.runner [-] Task 32d1919a-4745-47f2-87da-5e6ca5290cfb | ITER: 88 END: OK
2019-06-12 23:58:58.838 22829 INFO rally.task.runner [-] Task 32d1919a-4745-47f2-87da-5e6ca5290cfb | ITER: 99 START
2019-06-12 23:58:58.863 22832 INFO rally.task.runner [-] Task 32d1919a-4745-47f2-87da-5e6ca5290cfb | ITER: 89 END: OK
2019-06-12 23:58:58.866 22832 INFO rally.task.runner [-] Task 32d1919a-4745-47f2-87da-5e6ca5290cfb | ITER: 100 START
2019-06-12 23:58:58.867 22873 INFO rally.task.runner [-] Task 32d1919a-4745-47f2-87da-5e6ca5290cfb | ITER: 78 END: OK
2019-06-12 23:58:58.911 22863 INFO rally.task.runner [-] Task 32d1919a-4745-47f2-87da-5e6ca5290cfb | ITER: 81 END: OK
2019-06-12 23:58:58.974 22875 INFO rally.task.runner [-] Task 32d1919a-4745-47f2-87da-5e6ca5290cfb | ITER: 82 END: OK
2019-06-12 23:58:58.981 22831 INFO rally.task.runner [-] Task 32d1919a-4745-47f2-87da-5e6ca5290cfb | ITER: 77 END: OK
2019-06-12 23:58:59.034 22844 INFO rally.task.runner [-] Task 32d1919a-4745-47f2-87da-5e6ca5290cfb | ITER: 87 END: OK
2019-06-12 23:58:59.092 22830 INFO rally.task.runner [-] Task 32d1919a-4745-47f2-87da-5e6ca5290cfb | ITER: 80 END: OK
2019-06-12 23:58:59.127 22835 INFO rally.task.runner [-] Task 32d1919a-4745-47f2-87da-5e6ca5290cfb | ITER: 85 END: OK
2019-06-12 23:58:59.376 22838 INFO rally.task.runner [-] Task 32d1919a-4745-47f2-87da-5e6ca5290cfb | ITER: 90 END: OK
2019-06-12 23:58:59.580 22832 INFO rally.task.runner [-] Task 32d1919a-4745-47f2-87da-5e6ca5290cfb | ITER: 86 END: OK
2019-06-12 23:58:59.662 22850 INFO rally.task.runner [-] Task 32d1919a-4745-47f2-87da-5e6ca5290cfb | ITER: 92 END: OK
2019-06-12 23:58:59.675 22860 INFO rally.task.runner [-] Task 32d1919a-4745-47f2-87da-5e6ca5290cfb | ITER: 91 END: OK
2019-06-12 23:58:59.847 22866 INFO rally.task.runner [-] Task 32d1919a-4745-47f2-87da-5e6ca5290cfb | ITER: 93 END: OK
2019-06-12 23:58:59.930 22831 INFO rally.task.runner [-] Task 32d1919a-4745-47f2-87da-5e6ca5290cfb | ITER: 94 END: OK
2019-06-12 23:59:00.116 22855 INFO rally.task.runner [-] Task 32d1919a-4745-47f2-87da-5e6ca5290cfb | ITER: 83 END: OK
2019-06-12 23:59:00.144 22857 INFO rally.task.runner [-] Task 32d1919a-4745-47f2-87da-5e6ca5290cfb | ITER: 95 END: OK
2019-06-12 23:59:00.292 22832 INFO rally.task.runner [-] Task 32d1919a-4745-47f2-87da-5e6ca5290cfb | ITER: 100 END: OK
2019-06-12 23:59:00.334 22829 INFO rally.task.runner [-] Task 32d1919a-4745-47f2-87da-5e6ca5290cfb | ITER: 98 END: OK
2019-06-12 23:59:00.381 22829 INFO rally.task.runner [-] Task 32d1919a-4745-47f2-87da-5e6ca5290cfb | ITER: 99 END: OK
2019-06-12 23:59:00.601 22830 INFO rally.task.runner [-] Task 32d1919a-4745-47f2-87da-5e6ca5290cfb | ITER: 97 END: OK
2019-06-12 23:59:00.692 22847 INFO rally.task.runner [-] Task 32d1919a-4745-47f2-87da-5e6ca5290cfb | ITER: 96 END: OK
2019-06-12 23:59:00.718 22705 INFO rally.task.context [-] Task 32d1919a-4745-47f2-87da-5e6ca5290cfb | Context cleanup@openstack cleanup() started
2019-06-12 23:59:00.721 22705 RALLYDEBUG rally_openstack.cleanup.manager [-] Cleaning up neutron vip objects
2019-06-12 23:59:01.382 22705 RALLYDEBUG rally_openstack.cleanup.manager [-] Cleaning up neutron health_monitor objects
2019-06-12 23:59:02.108 22705 RALLYDEBUG rally_openstack.cleanup.manager [-] Cleaning up neutron pool objects
2019-06-12 23:59:02.759 22705 RALLYDEBUG rally_openstack.cleanup.manager [-] Cleaning up neutron loadbalancer objects
2019-06-12 23:59:03.496 22705 RALLYDEBUG rally_openstack.cleanup.manager [-] Cleaning up neutron floatingip objects
2019-06-12 23:59:04.289 22705 RALLYDEBUG rally_openstack.cleanup.manager [-] Cleaning up neutron port objects
2019-06-12 23:59:05.139 22705 RALLYDEBUG rally_openstack.cleanup.manager [-] Cleaning up neutron subnet objects
2019-06-12 23:59:05.810 22705 RALLYDEBUG rally_openstack.cleanup.manager [-] Cleaning up neutron network objects
2019-06-12 23:59:06.866 22705 RALLYDEBUG rally_openstack.cleanup.manager [-] Deleting neutron.network object s_rally_6bfe2921_6iDYbG63 (158c343a-2a1b-4258-9689-3ea4542296ca)
2019-06-12 23:59:06.872 22705 RALLYDEBUG rally_openstack.cleanup.manager [-] Deleting neutron.network object s_rally_6bfe2921_VppylWJy (19e65553-fdd8-4f0b-8173-3a50720b9940)
2019-06-12 23:59:06.877 22705 RALLYDEBUG rally_openstack.cleanup.manager [-] Deleting neutron.network object s_rally_6bfe2921_90kLN2Q4 (0e63ac5b-8b5d-42f6-b0d3-00ebdb9ba992)
2019-06-12 23:59:06.878 22705 RALLYDEBUG rally_openstack.cleanup.manager [-] Deleting neutron.network object s_rally_6bfe2921_M3lZqJ6W (10af1826-01e5-4eb5-9ee5-31ebe2355281)
2019-06-12 23:59:06.887 22705 RALLYDEBUG rally_openstack.cleanup.manager [-] Deleting neutron.network object s_rally_6bfe2921_f8izcS2C (127611c8-8382-46c3-9f4b-bdc435b4988d)
2019-06-12 23:59:06.888 22705 RALLYDEBUG rally_openstack.cleanup.manager [-] Deleting neutron.network object s_rally_6bfe2921_s3fCqPxd (07db2e4e-e13e-499c-b454-73b93eae23e4)
2019-06-12 23:59:06.888 22705 RALLYDEBUG rally_openstack.cleanup.manager [-] Deleting neutron.network object s_rally_6bfe2921_utKxpBvd (03b5cc09-9a9e-4dc7-9597-885c500f8490)
2019-06-12 23:59:06.895 22705 RALLYDEBUG rally_openstack.cleanup.manager [-] Deleting neutron.network object s_rally_6bfe2921_qmqLvG2k (1f6ca9af-2943-49e6-8110-474315cd49a6)
2019-06-12 23:59:06.895 22705 RALLYDEBUG rally_openstack.cleanup.manager [-] Deleting neutron.network object s_rally_6bfe2921_AAB2xDVX (21d4c313-ce92-4453-8bd1-0a14eb071afc)
2019-06-12 23:59:06.896 22705 RALLYDEBUG rally_openstack.cleanup.manager [-] Deleting neutron.network object s_rally_6bfe2921_5psoNIem (176be0bd-b5ca-4b53-9ad9-8802134705fd)
2019-06-12 23:59:06.906 22705 RALLYDEBUG rally_openstack.cleanup.manager [-] Deleting neutron.network object s_rally_6bfe2921_P138zDTV (35bb7885-15a3-4ee2-af31-f5297eae4548)
2019-06-12 23:59:06.911 22705 RALLYDEBUG rally_openstack.cleanup.manager [-] Deleting neutron.network object s_rally_6bfe2921_xKqI1DYp (25555d65-6a59-40dd-aa7d-265c5671120f)
2019-06-12 23:59:06.916 22705 RALLYDEBUG rally_openstack.cleanup.manager [-] Deleting neutron.network object s_rally_6bfe2921_yCDNTc1A (04cf4add-23dd-4d36-8aae-e22b7e888b89)
2019-06-12 23:59:06.916 22705 RALLYDEBUG rally_openstack.cleanup.manager [-] Deleting neutron.network object s_rally_6bfe2921_AW5LLdYn (367410e7-6b2d-4bbb-bb9f-fce455153aad)
2019-06-12 23:59:06.925 22705 RALLYDEBUG rally_openstack.cleanup.manager [-] Deleting neutron.network object s_rally_6bfe2921_63NQN9Y2 (0ce3a581-d5cc-4dfc-a6d4-4fb97e44f19e)
2019-06-12 23:59:06.926 22705 RALLYDEBUG rally_openstack.cleanup.manager [-] Deleting neutron.network object s_rally_6bfe2921_xFTfzTgN (37bb7258-16a0-4752-a3c2-4ef6bfc962a5)
2019-06-12 23:59:06.955 22705 RALLYDEBUG rally_openstack.cleanup.manager [-] Deleting neutron.network object s_rally_6bfe2921_wQ9TyRHy (38a3ccd6-2b99-4894-b576-4e7e7e703149)
2019-06-12 23:59:06.968 22705 RALLYDEBUG rally_openstack.cleanup.manager [-] Deleting neutron.network object s_rally_6bfe2921_euyE8zpG (415f7f0e-8aa2-47c1-9539-b852c841ef16)
2019-06-12 23:59:06.984 22705 RALLYDEBUG rally_openstack.cleanup.manager [-] Deleting neutron.network object s_rally_6bfe2921_QGfl3c65 (463f7be8-b9e9-45d6-b18d-49d0fd69073d)
2019-06-12 23:59:06.992 22705 RALLYDEBUG rally_openstack.cleanup.manager [-] Deleting neutron.network object s_rally_6bfe2921_xVQm5g4a (504339c9-ea09-4ab6-b98c-ebd6813a1464)
2019-06-12 23:59:09.497 22705 RALLYDEBUG rally_openstack.cleanup.manager [-] Deleting neutron.network object s_rally_6bfe2921_AlcDjXBH (50fab0e7-e1c6-49e3-a897-0451aac12876)
2019-06-12 23:59:09.582 22705 RALLYDEBUG rally_openstack.cleanup.manager [-] Deleting neutron.network object s_rally_6bfe2921_qTvMWtvX (51297793-189e-46db-847e-cc1650df0dee)
2019-06-12 23:59:09.593 22705 RALLYDEBUG rally_openstack.cleanup.manager [-] Deleting neutron.network object s_rally_6bfe2921_mUsnarE1 (5219171a-ebe1-44c7-83aa-ed246621cd52)
2019-06-12 23:59:09.669 22705 RALLYDEBUG rally_openstack.cleanup.manager [-] Deleting neutron.network object s_rally_6bfe2921_7RlffILl (52353d28-c69a-42b8-a0a2-b2871135adb5)
2019-06-12 23:59:09.688 22705 RALLYDEBUG rally_openstack.cleanup.manager [-] Deleting neutron.network object s_rally_6bfe2921_xENe3K5O (55384ab6-2247-450c-aa39-55e6bedbc638)
2019-06-12 23:59:09.731 22705 RALLYDEBUG rally_openstack.cleanup.manager [-] Deleting neutron.network object s_rally_6bfe2921_x2s9j2Ig (599c0161-a2a8-4bcd-87c7-ac20a5b25719)
2019-06-12 23:59:09.955 22705 RALLYDEBUG rally_openstack.cleanup.manager [-] Deleting neutron.network object s_rally_6bfe2921_BOMXrzzw (5a03c79f-0d23-47c1-8182-a614efa42622)
2019-06-12 23:59:10.058 22705 RALLYDEBUG rally_openstack.cleanup.manager [-] Deleting neutron.network object s_rally_6bfe2921_mkcSdtCH (5a8ad3eb-3ccb-4e7d-ace9-34eacf3e8506)
2019-06-12 23:59:10.242 22705 RALLYDEBUG rally_openstack.cleanup.manager [-] Deleting neutron.network object s_rally_6bfe2921_OKyEhA3F (5b1d63f7-c9a0-416d-a534-ceab67a44576)
2019-06-12 23:59:10.281 22705 RALLYDEBUG rally_openstack.cleanup.manager [-] Deleting neutron.network object s_rally_6bfe2921_BsHwlMDD (60af3516-947d-4ee4-b361-db3e990f0f64)
2019-06-12 23:59:10.328 22705 RALLYDEBUG rally_openstack.cleanup.manager [-] Deleting neutron.network object s_rally_6bfe2921_PCeAIs14 (623fb5f6-07ff-43f9-a8e2-33f3bd7b2012)
2019-06-12 23:59:10.332 22705 RALLYDEBUG rally_openstack.cleanup.manager [-] Deleting neutron.network object s_rally_6bfe2921_fSRgPrsH (639449bb-ea5c-4faa-8b96-b1cae9d1515e)
2019-06-12 23:59:10.671 22705 RALLYDEBUG rally_openstack.cleanup.manager [-] Deleting neutron.network object s_rally_6bfe2921_OWLbvxSg (655d10ee-8762-40fd-af65-47510d3bf69e)
2019-06-12 23:59:10.679 22705 RALLYDEBUG rally_openstack.cleanup.manager [-] Deleting neutron.network object s_rally_6bfe2921_m75dyuTB (670426e0-f81a-4559-8171-b48a4a9599c7)
2019-06-12 23:59:10.696 22705 RALLYDEBUG rally_openstack.cleanup.manager [-] Deleting neutron.network object s_rally_6bfe2921_iyf0jWqX (676e0243-e802-4c77-942e-91d4212fd4aa)
2019-06-12 23:59:10.775 22705 RALLYDEBUG rally_openstack.cleanup.manager [-] Deleting neutron.network object s_rally_6bfe2921_AaeHYk3x (6c04e3ff-92e2-417a-9e5c-dbef4b155109)
2019-06-12 23:59:11.494 22705 RALLYDEBUG rally_openstack.cleanup.manager [-] Deleting neutron.network object s_rally_6bfe2921_Ubx7YZKR (6e5402df-3dfc-4772-b0a2-97109bbc3c1b)
2019-06-12 23:59:11.518 22705 RALLYDEBUG rally_openstack.cleanup.manager [-] Deleting neutron.network object s_rally_6bfe2921_MwCEikni (751c5c9a-ffc4-4ccf-88f5-4cc5828e6efa)
2019-06-12 23:59:11.753 22705 RALLYDEBUG rally_openstack.cleanup.manager [-] Deleting neutron.network object s_rally_6bfe2921_8eAhB99o (798ba1f0-17ce-4539-9f5f-6e979242c0dc)
2019-06-12 23:59:11.754 22705 RALLYDEBUG rally_openstack.cleanup.manager [-] Deleting neutron.network object s_rally_6bfe2921_1k8GZZUi (799ec75c-5eeb-43e5-b8e9-ac8f4e6d3b85)
2019-06-12 23:59:11.986 22705 RALLYDEBUG rally_openstack.cleanup.manager [-] Deleting neutron.network object s_rally_6bfe2921_qdqFsJTK (7a03a35b-efd4-493b-b25f-bf40633834b8)
2019-06-12 23:59:12.334 22705 RALLYDEBUG rally_openstack.cleanup.manager [-] Deleting neutron.network object s_rally_6bfe2921_6SSTwPCm (7a5065b5-f3fb-47a2-b20c-c9fd39305c3f)
2019-06-12 23:59:12.372 22705 RALLYDEBUG rally_openstack.cleanup.manager [-] Deleting neutron.network object s_rally_6bfe2921_8hmXVvPZ (7c677113-df80-4757-8c1d-2025f9cc0882)
2019-06-12 23:59:12.391 22705 RALLYDEBUG rally_openstack.cleanup.manager [-] Deleting neutron.network object s_rally_6bfe2921_Ajkawgni (7ca5bc0e-89d5-4ed9-9878-9a07c91c7ab7)
2019-06-12 23:59:12.549 22705 RALLYDEBUG rally_openstack.cleanup.manager [-] Deleting neutron.network object s_rally_6bfe2921_h5Iq7gGf (7d5b3fb5-995d-43a0-a02f-3c2176643c46)
2019-06-12 23:59:12.559 22705 RALLYDEBUG rally_openstack.cleanup.manager [-] Deleting neutron.network object s_rally_6bfe2921_htIVbwkb (81ea091f-5b3f-4fe3-b5cf-c48f268895bf)
2019-06-12 23:59:12.702 22705 RALLYDEBUG rally_openstack.cleanup.manager [-] Deleting neutron.network object s_rally_6bfe2921_hKm0eoz6 (83475c3c-9c90-4787-adcf-e4f5a599d434)
2019-06-12 23:59:12.729 22705 RALLYDEBUG rally_openstack.cleanup.manager [-] Deleting neutron.network object s_rally_6bfe2921_BXpXznhp (895c45bf-89c0-452b-9f3e-038687032dc8)
2019-06-12 23:59:12.924 22705 RALLYDEBUG rally_openstack.cleanup.manager [-] Deleting neutron.network object s_rally_6bfe2921_fU1gqkQ5 (8fe4c590-ed76-4ce9-88da-726d35316357)
2019-06-12 23:59:12.959 22705 RALLYDEBUG rally_openstack.cleanup.manager [-] Deleting neutron.network object s_rally_6bfe2921_o4KDSRiI (93e5039c-ab6c-43da-abcf-02a6719b94db)
2019-06-12 23:59:12.973 22705 RALLYDEBUG rally_openstack.cleanup.manager [-] Deleting neutron.network object s_rally_6bfe2921_uftDiWw2 (94ca44de-1bdc-4b4d-a56d-da653eda2241)
2019-06-12 23:59:13.132 22705 RALLYDEBUG rally_openstack.cleanup.manager [-] Deleting neutron.network object s_rally_6bfe2921_rd268uju (9750dd57-aba9-4814-b3a0-73aba86b556c)
2019-06-12 23:59:13.132 22705 RALLYDEBUG rally_openstack.cleanup.manager [-] Deleting neutron.network object s_rally_6bfe2921_aeMat4Uk (978c5886-68f3-4eda-91c3-65e478ac6d05)
2019-06-12 23:59:13.154 22705 RALLYDEBUG rally_openstack.cleanup.manager [-] Deleting neutron.network object s_rally_6bfe2921_lDPCsEP1 (997d78a1-1fc9-413d-aa0f-f03444d4f888)
2019-06-12 23:59:13.157 22705 RALLYDEBUG rally_openstack.cleanup.manager [-] Deleting neutron.network object s_rally_6bfe2921_ouutXRlE (9a530a63-0468-436f-8948-6c731a409d9b)
2019-06-12 23:59:13.542 22705 RALLYDEBUG rally_openstack.cleanup.manager [-] Deleting neutron.network object s_rally_6bfe2921_o2wmp7Pt (9b5f71f3-29e5-4e54-9330-daffece010ba)
2019-06-12 23:59:14.058 22705 RALLYDEBUG rally_openstack.cleanup.manager [-] Deleting neutron.network object s_rally_6bfe2921_5symkN9W (9b7d6541-0a7f-4d54-be56-4d0ffe93dac8)
2019-06-12 23:59:14.246 22705 RALLYDEBUG rally_openstack.cleanup.manager [-] Deleting neutron.network object s_rally_6bfe2921_YTZr7oGp (a09c9e01-57b1-4e2f-8bfb-dcb153c4ed15)
2019-06-12 23:59:14.414 22705 RALLYDEBUG rally_openstack.cleanup.manager [-] Deleting neutron.network object s_rally_6bfe2921_vKQu1Hsk (a18082a1-956a-4aba-a8e3-d519f16ba450)
2019-06-12 23:59:14.495 22705 RALLYDEBUG rally_openstack.cleanup.manager [-] Deleting neutron.network object s_rally_6bfe2921_zKL72bb3 (a3644639-34a1-4ef4-8f5b-db5f1ec41536)
2019-06-12 23:59:14.523 22705 RALLYDEBUG rally_openstack.cleanup.manager [-] Deleting neutron.network object s_rally_6bfe2921_4Z99XXdz (a5e19a81-cb00-44a9-8253-e56cd682f925)
2019-06-12 23:59:14.790 22705 RALLYDEBUG rally_openstack.cleanup.manager [-] Deleting neutron.network object s_rally_6bfe2921_McpSTWYN (aa88fd66-cdf8-4d07-911f-e70a8324743a)
2019-06-12 23:59:15.138 22705 RALLYDEBUG rally_openstack.cleanup.manager [-] Deleting neutron.network object s_rally_6bfe2921_LzLc6ylW (ad1cb957-0c59-4510-bc82-fa16620f4ba8)
2019-06-12 23:59:15.183 22705 RALLYDEBUG rally_openstack.cleanup.manager [-] Deleting neutron.network object s_rally_6bfe2921_J6oXpE6B (ae29809a-c008-43db-80f2-b0b047156fb8)
2019-06-12 23:59:15.203 22705 RALLYDEBUG rally_openstack.cleanup.manager [-] Deleting neutron.network object s_rally_6bfe2921_Zou8xsTZ (b06996ab-c325-4e45-a8e3-b7bcddf7ebd5)
2019-06-12 23:59:15.326 22705 RALLYDEBUG rally_openstack.cleanup.manager [-] Deleting neutron.network object s_rally_6bfe2921_zOYBdtIm (b1b3b27e-deac-4e5e-8ab7-ccf463ce1bde)
2019-06-12 23:59:15.424 22705 RALLYDEBUG rally_openstack.cleanup.manager [-] Deleting neutron.network object s_rally_6bfe2921_GpwAo4Yq (b32870b0-dfb3-4e5d-8290-7f98a4a0261a)
2019-06-12 23:59:15.437 22705 RALLYDEBUG rally_openstack.cleanup.manager [-] Deleting neutron.network object s_rally_6bfe2921_VJKeFJve (b4b4922c-48d9-412a-a94e-06fc8f759814)
2019-06-12 23:59:15.555 22705 RALLYDEBUG rally_openstack.cleanup.manager [-] Deleting neutron.network object s_rally_6bfe2921_ceQbH44S (b92afd37-2571-4fa4-a414-aeca349956e0)
2019-06-12 23:59:15.607 22705 RALLYDEBUG rally_openstack.cleanup.manager [-] Deleting neutron.network object s_rally_6bfe2921_53uqfTJk (ba9135a2-c199-4028-a39a-4d6aa3ac09ec)
2019-06-12 23:59:15.715 22705 RALLYDEBUG rally_openstack.cleanup.manager [-] Deleting neutron.network object s_rally_6bfe2921_hDCVgfQG (bc2dfd2c-5e09-46e2-9ad0-0f131d7a518c)
2019-06-12 23:59:15.741 22705 RALLYDEBUG rally_openstack.cleanup.manager [-] Deleting neutron.network object s_rally_6bfe2921_Ct8CR6uu (bc6b0957-69f8-4094-bfff-ade788072246)
2019-06-12 23:59:15.897 22705 RALLYDEBUG rally_openstack.cleanup.manager [-] Deleting neutron.network object s_rally_6bfe2921_Yo9r8Um7 (c04eb176-1599-4df0-b843-75fc70bcb74a)
2019-06-12 23:59:15.926 22705 RALLYDEBUG rally_openstack.cleanup.manager [-] Deleting neutron.network object s_rally_6bfe2921_rSv6QLPX (c3132849-343b-461f-9dbd-c89c82340a8c)
2019-06-12 23:59:16.029 22705 RALLYDEBUG rally_openstack.cleanup.manager [-] Deleting neutron.network object s_rally_6bfe2921_I1ANjS1X (c41320eb-257a-41f0-8d8b-8f5423c0a724)
2019-06-12 23:59:16.371 22705 RALLYDEBUG rally_openstack.cleanup.manager [-] Deleting neutron.network object s_rally_6bfe2921_pZavFDJ1 (c6f04448-a160-4fd2-b987-0f43fe637a86)
2019-06-12 23:59:16.488 22705 RALLYDEBUG rally_openstack.cleanup.manager [-] Deleting neutron.network object s_rally_6bfe2921_0v0c0B8C (c7a2fcfa-0d2f-49cd-afa4-28e5ed98ad30)
2019-06-12 23:59:16.724 22705 RALLYDEBUG rally_openstack.cleanup.manager [-] Deleting neutron.network object s_rally_6bfe2921_I6TZH5g7 (c7b0a586-efdb-448c-b236-4f4c15019529)
2019-06-12 23:59:16.809 22705 RALLYDEBUG rally_openstack.cleanup.manager [-] Deleting neutron.network object s_rally_6bfe2921_gFyjqZZe (cbc01885-1664-4496-bc32-bd5067764adb)
2019-06-12 23:59:16.983 22705 RALLYDEBUG rally_openstack.cleanup.manager [-] Deleting neutron.network object s_rally_6bfe2921_F3UhLf6f (cc66240f-8d5b-4d3a-83cc-d9c2d39aa55b)
2019-06-12 23:59:17.220 22705 RALLYDEBUG rally_openstack.cleanup.manager [-] Deleting neutron.network object s_rally_6bfe2921_DKl0rqHt (d00cae04-58bd-466d-b435-32cdf9781be5)
2019-06-12 23:59:17.883 22705 RALLYDEBUG rally_openstack.cleanup.manager [-] Deleting neutron.network object s_rally_6bfe2921_iiqrdeqD (d013147b-3699-4b79-97d8-6c1323c3edc8)
2019-06-12 23:59:17.927 22705 RALLYDEBUG rally_openstack.cleanup.manager [-] Deleting neutron.network object s_rally_6bfe2921_tvb8gem4 (d26105c5-c7d8-4c93-8507-a2ac57d4b124)
2019-06-12 23:59:17.975 22705 RALLYDEBUG rally_openstack.cleanup.manager [-] Deleting neutron.network object s_rally_6bfe2921_c6APsxzu (d2944ce9-2304-4b7b-b798-405dc1bb7e55)
2019-06-12 23:59:18.009 22705 RALLYDEBUG rally_openstack.cleanup.manager [-] Deleting neutron.network object s_rally_6bfe2921_HIE6l15B (d82381d3-638a-4f09-af9e-05963ea16166)
2019-06-12 23:59:18.057 22705 RALLYDEBUG rally_openstack.cleanup.manager [-] Deleting neutron.network object s_rally_6bfe2921_x2ZegGv9 (d8ed6f0c-56ab-46f2-92c8-6bd060451225)
2019-06-12 23:59:18.241 22705 RALLYDEBUG rally_openstack.cleanup.manager [-] Deleting neutron.network object s_rally_6bfe2921_RFJG0xBL (da08f223-e2e8-4749-ab14-000678929288)
2019-06-12 23:59:18.329 22705 RALLYDEBUG rally_openstack.cleanup.manager [-] Deleting neutron.network object s_rally_6bfe2921_75ssXCQK (e25672e3-1170-44b4-9746-973614065778)
2019-06-12 23:59:18.514 22705 RALLYDEBUG rally_openstack.cleanup.manager [-] Deleting neutron.network object s_rally_6bfe2921_8PJ5wyUy (e58cf61b-c53c-4a18-8bae-8865ad623578)
2019-06-12 23:59:18.534 22705 RALLYDEBUG rally_openstack.cleanup.manager [-] Deleting neutron.network object s_rally_6bfe2921_5h7ECZ64 (e6abb155-7fbf-43d0-a4b5-fa9d8a80ba74)
2019-06-12 23:59:18.651 22705 RALLYDEBUG rally_openstack.cleanup.manager [-] Deleting neutron.network object s_rally_6bfe2921_po0MM7Bx (e72e7d6c-476d-4d3b-8c3e-af066c7bd1a1)
2019-06-12 23:59:18.668 22705 RALLYDEBUG rally_openstack.cleanup.manager [-] Deleting neutron.network object s_rally_6bfe2921_mNwtoWN0 (e838a9bb-1294-4c38-8f4c-a89b5f9a4794)
2019-06-12 23:59:18.684 22705 RALLYDEBUG rally_openstack.cleanup.manager [-] Deleting neutron.network object s_rally_6bfe2921_kteaGN5y (ecf070cb-6711-4574-b07c-ebb818e5f1e8)
2019-06-12 23:59:18.840 22705 RALLYDEBUG rally_openstack.cleanup.manager [-] Deleting neutron.network object s_rally_6bfe2921_eSiW5Orh (ef13b897-2fba-4a86-8955-d0837b5d7d6a)
2019-06-12 23:59:18.909 22705 RALLYDEBUG rally_openstack.cleanup.manager [-] Deleting neutron.network object s_rally_6bfe2921_eQLeCtFC (f097e4ac-bdbe-4191-8af5-cb711ba02d15)
2019-06-12 23:59:18.952 22705 RALLYDEBUG rally_openstack.cleanup.manager [-] Deleting neutron.network object s_rally_6bfe2921_Z7RQe9FH (f1a53660-f3f2-4a66-a432-0acaebe8708d)
