2019-06-13 00:17:17.431 22705 RALLYDEBUG rally_openstack.cleanup.manager [-] Deleting neutron.port object s_rally_ba26e5a1_uwI4sLYF (d938c53d-c2a3-450f-8d64-e2011a5423f6)
2019-06-13 00:17:17.498 22705 RALLYDEBUG rally_openstack.cleanup.manager [-] Deleting neutron.port object s_rally_ba26e5a1_JAUEZnGO (d993f7da-3088-42d9-91aa-4395a53d5cde)
2019-06-13 00:17:17.653 22705 RALLYDEBUG rally_openstack.cleanup.manager [-] Deleting neutron.port object s_rally_ba26e5a1_5ofRn4fe (db14f354-017c-4210-bee7-e90a46d51578)
2019-06-13 00:17:17.752 22705 RALLYDEBUG rally_openstack.cleanup.manager [-] Deleting neutron.port object s_rally_ba26e5a1_mt87nApz (dcc78f3c-97ad-4a82-8606-f615475f9231)
2019-06-13 00:17:18.175 22705 RALLYDEBUG rally_openstack.cleanup.manager [-] Deleting neutron.port object s_rally_ba26e5a1_0dvnd1Lx (dcf3da7b-28a0-4654-8b82-8ec83bb2ba1a)
2019-06-13 00:17:18.182 22705 RALLYDEBUG rally_openstack.cleanup.manager [-] Deleting neutron.port object s_rally_ba26e5a1_21mj8TqI (dd4071d8-3a66-4f66-bde2-77b7a0740c86)
2019-06-13 00:17:18.275 22705 RALLYDEBUG rally_openstack.cleanup.manager [-] Deleting neutron.port object s_rally_ba26e5a1_4NV01oh6 (dd7ba02d-75b4-47e1-ad8e-1f15dd5d4576)
2019-06-13 00:17:18.279 22705 RALLYDEBUG rally_openstack.cleanup.manager [-] Deleting neutron.port object s_rally_ba26e5a1_atB9FijF (df2c70c2-545a-49ee-a851-f0fcd658d03d)
2019-06-13 00:17:18.477 22705 RALLYDEBUG rally_openstack.cleanup.manager [-] Deleting neutron.port object s_rally_ba26e5a1_fRyjUIKF (df47b0aa-56a8-4846-adac-1bff18dc78ca)
2019-06-13 00:17:18.578 22705 RALLYDEBUG rally_openstack.cleanup.manager [-] Deleting neutron.port object s_rally_ba26e5a1_bXyuY4lb (df54653d-3f0e-480a-a393-ed0956204a62)
2019-06-13 00:17:18.585 22705 RALLYDEBUG rally_openstack.cleanup.manager [-] Deleting neutron.port object s_rally_ba26e5a1_nBSwQRPV (e05e108d-d6c9-4c33-b60e-0e73c76c8cc7)
2019-06-13 00:17:18.876 22705 RALLYDEBUG rally_openstack.cleanup.manager [-] Deleting neutron.port object s_rally_ba26e5a1_IloGJvtl (e0fc7b75-d338-4a06-a8e8-37d6bb2d5cf7)
2019-06-13 00:17:19.091 22705 RALLYDEBUG rally_openstack.cleanup.manager [-] Deleting neutron.port object s_rally_ba26e5a1_QpMbofvq (e26497e9-7142-4461-889e-180e2015defc)
2019-06-13 00:17:19.265 22705 RALLYDEBUG rally_openstack.cleanup.manager [-] Deleting neutron.port object s_rally_ba26e5a1_Xdo4xCsi (e2e3d970-b751-4465-aeb3-d77e3e2dd324)
2019-06-13 00:17:19.300 22705 RALLYDEBUG rally_openstack.cleanup.manager [-] Deleting neutron.port object s_rally_ba26e5a1_ntVGY9WF (e5a14dd9-db9e-46c6-a97f-02051736ffc0)
2019-06-13 00:17:19.333 22705 RALLYDEBUG rally_openstack.cleanup.manager [-] Deleting neutron.port object s_rally_ba26e5a1_pgDaeeMH (e60bccdb-82f4-46db-9ccc-fb1b923023bc)
2019-06-13 00:17:19.391 22705 RALLYDEBUG rally_openstack.cleanup.manager [-] Deleting neutron.port object s_rally_ba26e5a1_2ve8lyro (e61b3ce7-0d29-4947-a370-f6acacb199d7)
2019-06-13 00:17:19.515 22705 RALLYDEBUG rally_openstack.cleanup.manager [-] Deleting neutron.port object s_rally_ba26e5a1_sSiwoxnp (e64d9499-9c76-4f83-ac63-4f30725b59ee)
2019-06-13 00:17:19.704 22705 RALLYDEBUG rally_openstack.cleanup.manager [-] Deleting neutron.port object s_rally_ba26e5a1_SftRYca6 (e6db1eb8-d3db-4622-aece-9a2786d3540e)
2019-06-13 00:17:19.781 22705 RALLYDEBUG rally_openstack.cleanup.manager [-] Deleting neutron.port object s_rally_ba26e5a1_is9Zixop (e715436c-f7fd-41b3-b738-1433ec3cb088)
2019-06-13 00:17:20.095 22705 RALLYDEBUG rally_openstack.cleanup.manager [-] Deleting neutron.port object s_rally_ba26e5a1_lK4Lh9nq (e7804846-74a7-4e98-a16b-afc628b49731)
2019-06-13 00:17:20.325 22705 RALLYDEBUG rally_openstack.cleanup.manager [-] Deleting neutron.port object s_rally_ba26e5a1_uUiFDXNi (e862c0cc-9af6-4c66-9f9f-1aadb9afd5ad)
2019-06-13 00:17:20.418 22705 RALLYDEBUG rally_openstack.cleanup.manager [-] Deleting neutron.port object s_rally_ba26e5a1_lDddCkFM (e895f4d3-df2a-45c0-a6fd-607826edb3ee)
2019-06-13 00:17:20.483 22705 RALLYDEBUG rally_openstack.cleanup.manager [-] Deleting neutron.port object s_rally_ba26e5a1_1SSI3rmi (ea7bf600-7427-4f0f-9459-0247e1d1b757)
2019-06-13 00:17:20.629 22705 RALLYDEBUG rally_openstack.cleanup.manager [-] Deleting neutron.port object s_rally_ba26e5a1_Pp4QrCkw (eabbb308-7885-4a8a-88b3-71c447cc9d3b)
2019-06-13 00:17:20.887 22705 RALLYDEBUG rally_openstack.cleanup.manager [-] Deleting neutron.port object s_rally_ba26e5a1_6bF9gZD1 (eae35e62-433b-4821-9aa0-c91b6aa0c220)
2019-06-13 00:17:20.897 22705 RALLYDEBUG rally_openstack.cleanup.manager [-] Deleting neutron.port object s_rally_ba26e5a1_eOhP8Y4o (eb291cda-a922-4072-8a34-13d5541212ff)
2019-06-13 00:17:20.962 22705 RALLYDEBUG rally_openstack.cleanup.manager [-] Deleting neutron.port object s_rally_ba26e5a1_9bzyA55T (eb7bea9d-1739-4680-a524-15a717c7d230)
2019-06-13 00:17:21.092 22705 RALLYDEBUG rally_openstack.cleanup.manager [-] Deleting neutron.port object s_rally_ba26e5a1_TcfU4phq (eb8d3999-b8c9-4eee-896f-b243c1158b08)
2019-06-13 00:17:21.156 22705 RALLYDEBUG rally_openstack.cleanup.manager [-] Deleting neutron.port object s_rally_ba26e5a1_77LRIxYa (ec3674e8-5e4c-4d71-a3f7-e082350db0c9)
2019-06-13 00:17:21.160 22705 RALLYDEBUG rally_openstack.cleanup.manager [-] Deleting neutron.port object s_rally_ba26e5a1_UeqXbmBo (ec62693e-d75f-4ff4-871d-f97a3847281c)
2019-06-13 00:17:21.207 22705 RALLYDEBUG rally_openstack.cleanup.manager [-] Deleting neutron.port object s_rally_ba26e5a1_qKDPZom3 (edb79dd5-2344-4c35-b1f6-1f6dfced0e93)
2019-06-13 00:17:21.346 22705 RALLYDEBUG rally_openstack.cleanup.manager [-] Deleting neutron.port object s_rally_ba26e5a1_Rf8DAHte (edf67894-4133-4384-9c31-9b234c8db09e)
2019-06-13 00:17:21.723 22705 RALLYDEBUG rally_openstack.cleanup.manager [-] Deleting neutron.port object s_rally_ba26e5a1_2eTmNY4p (eed2e162-1cb7-4509-895d-afc8ab6cc120)
2019-06-13 00:17:21.795 22705 RALLYDEBUG rally_openstack.cleanup.manager [-] Deleting neutron.port object s_rally_ba26e5a1_HcfMbXTu (eeed83ef-18fb-42da-894e-812735ab08ac)
2019-06-13 00:17:21.826 22705 RALLYDEBUG rally_openstack.cleanup.manager [-] Deleting neutron.port object s_rally_ba26e5a1_MvZMHvrl (f03fa39a-6a6a-4141-8c5c-9771cea23754)
2019-06-13 00:17:21.835 22705 RALLYDEBUG rally_openstack.cleanup.manager [-] Deleting neutron.port object s_rally_ba26e5a1_7p5w4RbS (f04216bf-4bc8-4e02-a245-9134d61f55f4)
2019-06-13 00:17:22.077 22705 RALLYDEBUG rally_openstack.cleanup.manager [-] Deleting neutron.port object s_rally_ba26e5a1_Walq6rgw (f04578a9-33f5-472d-9e31-ccd1a6982f03)
2019-06-13 00:17:22.130 22705 RALLYDEBUG rally_openstack.cleanup.manager [-] Deleting neutron.port object s_rally_ba26e5a1_mxvcYx8j (f11099cf-ff9b-42d7-a27e-66c7b9600363)
2019-06-13 00:17:22.251 22705 RALLYDEBUG rally_openstack.cleanup.manager [-] Deleting neutron.port object s_rally_ba26e5a1_kjn9eIbQ (f145c3a7-7b71-4d45-a43e-f75947796f60)
2019-06-13 00:17:22.330 22705 RALLYDEBUG rally_openstack.cleanup.manager [-] Deleting neutron.port object s_rally_ba26e5a1_5gGbPPMn (f1e33db3-4f64-4aae-af38-fa9115b99077)
2019-06-13 00:17:22.640 22705 RALLYDEBUG rally_openstack.cleanup.manager [-] Deleting neutron.port object s_rally_ba26e5a1_N5GtmOYq (f2a615a0-bc5f-4929-b7de-03dbf9822838)
2019-06-13 00:17:22.971 22705 RALLYDEBUG rally_openstack.cleanup.manager [-] Deleting neutron.port object s_rally_ba26e5a1_IK7VK1KL (f316ab46-cfb6-4d85-b4c5-fd1d3cb3a999)
2019-06-13 00:17:23.002 22705 RALLYDEBUG rally_openstack.cleanup.manager [-] Deleting neutron.port object s_rally_ba26e5a1_Vu6otXPJ (f39f5d4a-8472-497c-93b7-d390437f211e)
2019-06-13 00:17:23.043 22705 RALLYDEBUG rally_openstack.cleanup.manager [-] Deleting neutron.port object s_rally_ba26e5a1_1Ait6dfc (f3d97519-1b5d-405d-82b2-f685da2d6ca1)
2019-06-13 00:17:23.163 22705 RALLYDEBUG rally_openstack.cleanup.manager [-] Deleting neutron.port object s_rally_ba26e5a1_zG2YMzz9 (f3e849ea-63e7-4070-b9ca-bb177540c63c)
2019-06-13 00:17:23.200 22705 RALLYDEBUG rally_openstack.cleanup.manager [-] Deleting neutron.port object s_rally_ba26e5a1_3s0mQgjt (f3f6641e-b997-45ff-b630-48dffc3bc16a)
2019-06-13 00:17:23.409 22705 RALLYDEBUG rally_openstack.cleanup.manager [-] Deleting neutron.port object s_rally_ba26e5a1_rvXnbhzW (f4ce81a4-66c8-4ebe-a0e8-1d4b633864f4)
2019-06-13 00:17:23.429 22705 RALLYDEBUG rally_openstack.cleanup.manager [-] Deleting neutron.port object s_rally_ba26e5a1_O9ifmkJV (f4ef8db2-13cc-4f2f-8132-81bcb9d6caa3)
2019-06-13 00:17:23.632 22705 RALLYDEBUG rally_openstack.cleanup.manager [-] Deleting neutron.port object s_rally_ba26e5a1_f1sriJX5 (f55c2932-5823-4f1a-95a4-4a863355aaf6)
2019-06-13 00:17:23.750 22705 RALLYDEBUG rally_openstack.cleanup.manager [-] Deleting neutron.port object s_rally_ba26e5a1_1wUR81hf (f676a94b-2a1a-4ec6-9ad5-02c86bd633e1)
2019-06-13 00:17:23.751 22705 RALLYDEBUG rally_openstack.cleanup.manager [-] Deleting neutron.port object s_rally_ba26e5a1_CtZAq2Wx (f770c4c8-f9dc-42ae-a387-f5a365a0cd9c)
2019-06-13 00:17:23.860 22705 RALLYDEBUG rally_openstack.cleanup.manager [-] Deleting neutron.port object s_rally_ba26e5a1_eKzUhvC0 (f9da6c50-df6b-4f63-b3b1-74942c5213d8)
2019-06-13 00:17:24.157 22705 RALLYDEBUG rally_openstack.cleanup.manager [-] Deleting neutron.port object s_rally_ba26e5a1_ishEyTMb (fb9ea97b-e973-4348-a731-78d5221d7ed1)
2019-06-13 00:17:24.187 22705 RALLYDEBUG rally_openstack.cleanup.manager [-] Deleting neutron.port object s_rally_ba26e5a1_KJ33IvJo (fc1d121a-0bd4-4f52-9f57-fda9ae4b160e)
2019-06-13 00:17:24.199 22705 RALLYDEBUG rally_openstack.cleanup.manager [-] Deleting neutron.port object s_rally_ba26e5a1_rTPLvyig (fc2b1753-2197-496d-b620-dd2d4ad8fb5f)
2019-06-13 00:17:24.302 22705 RALLYDEBUG rally_openstack.cleanup.manager [-] Deleting neutron.port object s_rally_ba26e5a1_ZLnJx0lD (fcb5c8c6-61ab-46a1-a218-8402e1822478)
2019-06-13 00:17:24.593 22705 RALLYDEBUG rally_openstack.cleanup.manager [-] Deleting neutron.port object s_rally_ba26e5a1_sDC2MH0o (fd4a8560-2c9b-4495-9f88-d0b85e45d0d9)
2019-06-13 00:17:24.646 22705 RALLYDEBUG rally_openstack.cleanup.manager [-] Deleting neutron.port object s_rally_ba26e5a1_6yX2kWn5 (ff501243-97b1-432a-9d0e-12b5986df6f5)
2019-06-13 00:17:24.665 22705 RALLYDEBUG rally_openstack.cleanup.manager [-] Deleting neutron.port object s_rally_ba26e5a1_OoHWKiZN (ff9aae51-c1e3-4010-909c-9a8966df9e48)
2019-06-13 00:17:26.844 22705 RALLYDEBUG rally_openstack.cleanup.manager [-] Cleaning up neutron subnet objects
2019-06-13 00:17:27.588 22705 RALLYDEBUG rally_openstack.cleanup.manager [-] Cleaning up neutron network objects
2019-06-13 00:17:28.453 22705 RALLYDEBUG rally_openstack.cleanup.manager [-] Deleting neutron.network object s_rally_ba26e5a1_YkqYeQhy (027effe3-1f9f-4092-a38c-c4ce6bb11075)
2019-06-13 00:17:28.459 22705 RALLYDEBUG rally_openstack.cleanup.manager [-] Deleting neutron.network object s_rally_ba26e5a1_B2SLaqIp (2bbf5998-6699-48d0-8ba1-0c2314d33af3)
2019-06-13 00:17:28.468 22705 RALLYDEBUG rally_openstack.cleanup.manager [-] Deleting neutron.network object s_rally_ba26e5a1_qh6C6WKf (4243348c-905c-468d-b7d8-7ac5fcc52e2a)
2019-06-13 00:17:28.473 22705 RALLYDEBUG rally_openstack.cleanup.manager [-] Deleting neutron.network object s_rally_ba26e5a1_EZho4H6c (715d3b77-91cf-4b15-ae0b-7ef50b8717d3)
2019-06-13 00:17:28.481 22705 RALLYDEBUG rally_openstack.cleanup.manager [-] Deleting neutron.network object s_rally_ba26e5a1_52BloglX (7e54ae69-4813-4761-85ac-17b0cd7a1295)
2019-06-13 00:17:28.491 22705 RALLYDEBUG rally_openstack.cleanup.manager [-] Deleting neutron.network object s_rally_ba26e5a1_LcMNP8MC (b7236d00-a678-4624-8bf2-e1708c99882e)
2019-06-13 00:17:28.504 22705 RALLYDEBUG rally_openstack.cleanup.manager [-] Deleting neutron.network object s_rally_ba26e5a1_cjcg11hD (d929c3ed-8758-4619-98ec-53ca9977d66f)
2019-06-13 00:17:28.512 22705 RALLYDEBUG rally_openstack.cleanup.manager [-] Deleting neutron.network object s_rally_ba26e5a1_gxrUa6wE (f349bc16-09ac-46cf-b600-f90d8db38917)
2019-06-13 00:17:31.746 22705 RALLYDEBUG rally_openstack.cleanup.manager [-] Cleaning up neutron router objects
2019-06-13 00:17:32.505 22705 RALLYDEBUG rally_openstack.cleanup.manager [-] Cleaning up neutron security_group objects
2019-06-13 00:17:33.199 22705 INFO rally.task.context [-] Task 32d1919a-4745-47f2-87da-5e6ca5290cfb | Context cleanup@openstack cleanup() finished in 1.04 min
2019-06-13 00:17:33.199 22705 INFO rally.task.context [-] Task 32d1919a-4745-47f2-87da-5e6ca5290cfb | Context quotas@openstack cleanup() started
2019-06-13 00:17:33.520 22705 INFO rally.task.context [-] Task 32d1919a-4745-47f2-87da-5e6ca5290cfb | Context quotas@openstack cleanup() finished in 0.32 sec
2019-06-13 00:17:33.520 22705 INFO rally.task.context [-] Task 32d1919a-4745-47f2-87da-5e6ca5290cfb | Context users@openstack cleanup() started
2019-06-13 00:17:38.628 22705 INFO rally.task.context [-] Task 32d1919a-4745-47f2-87da-5e6ca5290cfb | Context users@openstack cleanup() finished in 5.11 sec
2019-06-13 00:17:38.826 22705 INFO rally.task.engine [-] Load duration is: 92.480783
2019-06-13 00:17:38.826 22705 INFO rally.task.engine [-] Full runner duration is: 92.521475
2019-06-13 00:17:38.827 22705 INFO rally.task.engine [-] Full duration is: 166.570266
2019-06-13 00:17:39.067 22705 INFO rally.task.engine [-] Running workload: position = 1 config = { "version": 2, "title": "A cropped version of a bigger task.", "description": "Auto-generated task from a single workload (uuid=d270127d-ac7d-4e5b-ab21-5277bea06520)", "subtasks": [ { "title": "NeutronNetworks.create_and_update_ports", "description": "Create and update a given number of ports.", "scenario": { "NeutronNetworks.create_and_update_ports": { "network_create_args": {}, "port_create_args": {}, "ports_per_network": 5, "port_update_args": { "admin_state_up": false, "device_id": "dummy_id", "device_owner": "dummy_owner", "name": "_port_updated" } } }, "contexts": { "users": { "tenants": 1, "users_per_tenant": 1 }, "quotas": { "neutron": { "network": -1, "port": -1 } } }, "runner": { "constant": { "times": 40, "concurrency": 20 } }, "hooks": [], "sla": { "failure_rate": { "max": 0 } } } ] }
2019-06-13 00:17:39.090 22705 RALLYDEBUG rally_openstack.contexts.keystone.users [-] Creating 1 tenants using 20 threads
2019-06-13 00:17:41.014 22705 RALLYDEBUG rally_openstack.contexts.keystone.users [-] Creating 1 users using 20 threads
2019-06-13 00:17:43.760 22705 INFO rally.task.context [-] Task 32d1919a-4745-47f2-87da-5e6ca5290cfb | Context users@openstack setup() finished in 4.67 sec
2019-06-13 00:17:44.543 22705 INFO rally.task.context [-] Task 32d1919a-4745-47f2-87da-5e6ca5290cfb | Context quotas@openstack setup() finished in 0.78 sec
2019-06-13 00:17:44.543 22705 INFO rally.task.context [-] Task 32d1919a-4745-47f2-87da-5e6ca5290cfb | Context cleanup@openstack setup() finished in 0.01 msec
2019-06-13 00:17:44.552 22705 RALLYDEBUG rally.task.runner [-] Starting the constant runner (task UUID: 32d1919a-4745-47f2-87da-5e6ca5290cfb). timeout: 0 concurrency: 20 concurrency_per_worker: 1 times: 40 concurrency_overhead: 4 processes_to_start: 16 max_cpu_used: 16
2019-06-13 00:17:44.565 26581 RALLYDEBUG rally.task.runner [-] Starting a worker. concurrency: 2 args: {"network_create_args": {}, "port_create_args": {}, "ports_per_network": 5, "port_update_args": {"admin_state_up": false, "device_id": "dummy_id", "device_owner": "dummy_owner", "name": "_port_updated"}} times: 40 method_name: run timeout: 0 duration: None cls:
2019-06-13 00:17:44.568 26582 RALLYDEBUG rally.task.runner [-] Starting a worker. concurrency: 2 args: {"network_create_args": {}, "port_create_args": {}, "ports_per_network": 5, "port_update_args": {"admin_state_up": false, "device_id": "dummy_id", "device_owner": "dummy_owner", "name": "_port_updated"}} times: 40 method_name: run timeout: 0 duration: None cls:
2019-06-13 00:17:44.571 26583 RALLYDEBUG rally.task.runner [-] Starting a worker. concurrency: 2 args: {"network_create_args": {}, "port_create_args": {}, "ports_per_network": 5, "port_update_args": {"admin_state_up": false, "device_id": "dummy_id", "device_owner": "dummy_owner", "name": "_port_updated"}} times: 40 method_name: run timeout: 0 duration: None cls:
2019-06-13 00:17:44.573 26581 INFO rally.task.runner [-] Task 32d1919a-4745-47f2-87da-5e6ca5290cfb | ITER: 1 START
2019-06-13 00:17:44.574 26584 RALLYDEBUG rally.task.runner [-] Starting a worker. concurrency: 2 args: {"network_create_args": {}, "port_create_args": {}, "ports_per_network": 5, "port_update_args": {"admin_state_up": false, "device_id": "dummy_id", "device_owner": "dummy_owner", "name": "_port_updated"}} times: 40 method_name: run timeout: 0 duration: None cls:
2019-06-13 00:17:44.575 26586 RALLYDEBUG rally.task.runner [-] Starting a worker. concurrency: 1 args: {"network_create_args": {}, "port_create_args": {}, "ports_per_network": 5, "port_update_args": {"admin_state_up": false, "device_id": "dummy_id", "device_owner": "dummy_owner", "name": "_port_updated"}} times: 40 method_name: run timeout: 0 duration: None cls:
2019-06-13 00:17:44.574 26581 INFO rally.task.runner [-] Task 32d1919a-4745-47f2-87da-5e6ca5290cfb | ITER: 2 START
2019-06-13 00:17:44.576 26581 WARNING rally_openstack.scenarios.neutron.utils [-] Running this scenario without either the 'network' or 'existing_network' context is deprecated
2019-06-13 00:17:44.578 26586 INFO rally.task.runner [-] Task 32d1919a-4745-47f2-87da-5e6ca5290cfb | ITER: 7 START
2019-06-13 00:17:44.578 26582 INFO rally.task.runner [-] Task 32d1919a-4745-47f2-87da-5e6ca5290cfb | ITER: 3 START
2019-06-13 00:17:44.580 26586 WARNING rally_openstack.scenarios.neutron.utils [-] Running this scenario without either the 'network' or 'existing_network' context is deprecated
2019-06-13 00:17:44.580 26582 WARNING rally_openstack.scenarios.neutron.utils [-] Running this scenario without either the 'network' or 'existing_network' context is deprecated
2019-06-13 00:17:44.581 26583 INFO rally.task.runner [-] Task 32d1919a-4745-47f2-87da-5e6ca5290cfb | ITER: 4 START
2019-06-13 00:17:44.583 26597 RALLYDEBUG rally.task.runner [-] Starting a worker. concurrency: 1 args: {"network_create_args": {}, "port_create_args": {}, "ports_per_network": 5, "port_update_args": {"admin_state_up": false, "device_id": "dummy_id", "device_owner": "dummy_owner", "name": "_port_updated"}} times: 40 method_name: run timeout: 0 duration: None cls:
2019-06-13 00:17:44.582 26591 RALLYDEBUG rally.task.runner [-] Starting a worker. concurrency: 1 args: {"network_create_args": {}, "port_create_args": {}, "ports_per_network": 5, "port_update_args": {"admin_state_up": false, "device_id": "dummy_id", "device_owner": "dummy_owner", "name": "_port_updated"}} times: 40 method_name: run timeout: 0 duration: None cls:
2019-06-13 00:17:44.584 26583 WARNING rally_openstack.scenarios.neutron.utils [-] Running this scenario without either the 'network' or 'existing_network' context is deprecated
2019-06-13 00:17:44.584 26584 INFO rally.task.runner [-] Task 32d1919a-4745-47f2-87da-5e6ca5290cfb | ITER: 6 START
2019-06-13 00:17:44.586 26584 WARNING rally_openstack.scenarios.neutron.utils [-] Running this scenario without either the 'network' or 'existing_network' context is deprecated
2019-06-13 00:17:44.586 26583 INFO rally.task.runner [-] Task 32d1919a-4745-47f2-87da-5e6ca5290cfb | ITER: 8 START
2019-06-13 00:17:44.577 26581 WARNING rally_openstack.scenarios.neutron.utils [-] Running this scenario without either the 'network' or 'existing_network' context is deprecated
2019-06-13 00:17:44.588 26597 INFO rally.task.runner [-] Task 32d1919a-4745-47f2-87da-5e6ca5290cfb | ITER: 10 START
2019-06-13 00:17:44.588 26601 RALLYDEBUG rally.task.runner [-] Starting a worker. concurrency: 1 args: {"network_create_args": {}, "port_create_args": {}, "ports_per_network": 5, "port_update_args": {"admin_state_up": false, "device_id": "dummy_id", "device_owner": "dummy_owner", "name": "_port_updated"}} times: 40 method_name: run timeout: 0 duration: None cls:
2019-06-13 00:17:44.590 26597 WARNING rally_openstack.scenarios.neutron.utils [-] Running this scenario without either the 'network' or 'existing_network' context is deprecated
2019-06-13 00:17:44.591 26591 INFO rally.task.runner [-] Task 32d1919a-4745-47f2-87da-5e6ca5290cfb | ITER: 11 START
2019-06-13 00:17:44.593 26591 WARNING rally_openstack.scenarios.neutron.utils [-] Running this scenario without either the 'network' or 'existing_network' context is deprecated
2019-06-13 00:17:44.594 26601 INFO rally.task.runner [-] Task 32d1919a-4745-47f2-87da-5e6ca5290cfb | ITER: 12 START
2019-06-13 00:17:44.596 26582 INFO rally.task.runner [-] Task 32d1919a-4745-47f2-87da-5e6ca5290cfb | ITER: 5 START
2019-06-13 00:17:44.596 26601 WARNING rally_openstack.scenarios.neutron.utils [-] Running this scenario without either the 'network' or 'existing_network' context is deprecated
2019-06-13 00:17:44.597 26582 WARNING rally_openstack.scenarios.neutron.utils [-] Running this scenario without either the 'network' or 'existing_network' context is deprecated
2019-06-13 00:17:44.597 26606 RALLYDEBUG rally.task.runner [-] Starting a worker. concurrency: 1 args: {"network_create_args": {}, "port_create_args": {}, "ports_per_network": 5, "port_update_args": {"admin_state_up": false, "device_id": "dummy_id", "device_owner": "dummy_owner", "name": "_port_updated"}} times: 40 method_name: run timeout: 0 duration: None cls:
2019-06-13 00:17:44.602 26584 INFO rally.task.runner [-] Task 32d1919a-4745-47f2-87da-5e6ca5290cfb | ITER: 9 START
2019-06-13 00:17:44.602 26609 RALLYDEBUG rally.task.runner [-] Starting a worker. concurrency: 1 args: {"network_create_args": {}, "port_create_args": {}, "ports_per_network": 5, "port_update_args": {"admin_state_up": false, "device_id": "dummy_id", "device_owner": "dummy_owner", "name": "_port_updated"}} times: 40 method_name: run timeout: 0 duration: None cls:
2019-06-13 00:17:44.603 26584 WARNING rally_openstack.scenarios.neutron.utils [-] Running this scenario without either the 'network' or 'existing_network' context is deprecated
2019-06-13 00:17:44.603 26583 WARNING rally_openstack.scenarios.neutron.utils [-] Running this scenario without either the 'network' or 'existing_network' context is deprecated
2019-06-13 00:17:44.610 26606 INFO rally.task.runner [-] Task 32d1919a-4745-47f2-87da-5e6ca5290cfb | ITER: 13 START
2019-06-13 00:17:44.612 26606 WARNING rally_openstack.scenarios.neutron.utils [-] Running this scenario without either the 'network' or 'existing_network' context is deprecated
2019-06-13 00:17:44.614 26614 RALLYDEBUG rally.task.runner [-] Starting a worker. concurrency: 1 args: {"network_create_args": {}, "port_create_args": {}, "ports_per_network": 5, "port_update_args": {"admin_state_up": false, "device_id": "dummy_id", "device_owner": "dummy_owner", "name": "_port_updated"}} times: 40 method_name: run timeout: 0 duration: None cls:
2019-06-13 00:17:44.618 26609 INFO rally.task.runner [-] Task 32d1919a-4745-47f2-87da-5e6ca5290cfb | ITER: 14 START
2019-06-13 00:17:44.620 26614 INFO rally.task.runner [-] Task 32d1919a-4745-47f2-87da-5e6ca5290cfb | ITER: 15 START
2019-06-13 00:17:44.622 26614 WARNING rally_openstack.scenarios.neutron.utils [-] Running this scenario without either the 'network' or 'existing_network' context is deprecated
2019-06-13 00:17:44.623 26609 WARNING rally_openstack.scenarios.neutron.utils [-] Running this scenario without either the 'network' or 'existing_network' context is deprecated
2019-06-13 00:17:44.626 26618 RALLYDEBUG rally.task.runner [-] Starting a worker. concurrency: 1 args: {"network_create_args": {}, "port_create_args": {}, "ports_per_network": 5, "port_update_args": {"admin_state_up": false, "device_id": "dummy_id", "device_owner": "dummy_owner", "name": "_port_updated"}} times: 40 method_name: run timeout: 0 duration: None cls:
2019-06-13 00:17:44.632 26618 INFO rally.task.runner [-] Task 32d1919a-4745-47f2-87da-5e6ca5290cfb | ITER: 16 START
2019-06-13 00:17:44.635 26618 WARNING rally_openstack.scenarios.neutron.utils [-] Running this scenario without either the 'network' or 'existing_network' context is deprecated
2019-06-13 00:17:44.638 26621 RALLYDEBUG rally.task.runner [-] Starting a worker. concurrency: 1 args: {"network_create_args": {}, "port_create_args": {}, "ports_per_network": 5, "port_update_args": {"admin_state_up": false, "device_id": "dummy_id", "device_owner": "dummy_owner", "name": "_port_updated"}} times: 40 method_name: run timeout: 0 duration: None cls:
2019-06-13 00:17:44.643 26621 INFO rally.task.runner [-] Task 32d1919a-4745-47f2-87da-5e6ca5290cfb | ITER: 17 START
2019-06-13 00:17:44.644 26621 WARNING rally_openstack.scenarios.neutron.utils [-] Running this scenario without either the 'network' or 'existing_network' context is deprecated
2019-06-13 00:17:44.643 26622 RALLYDEBUG rally.task.runner [-] Starting a worker. concurrency: 1 args: {"network_create_args": {}, "port_create_args": {}, "ports_per_network": 5, "port_update_args": {"admin_state_up": false, "device_id": "dummy_id", "device_owner": "dummy_owner", "name": "_port_updated"}} times: 40 method_name: run timeout: 0 duration: None cls:
2019-06-13 00:17:44.648 26624 RALLYDEBUG rally.task.runner [-] Starting a worker. concurrency: 1 args: {"network_create_args": {}, "port_create_args": {}, "ports_per_network": 5, "port_update_args": {"admin_state_up": false, "device_id": "dummy_id", "device_owner": "dummy_owner", "name": "_port_updated"}} times: 40 method_name: run timeout: 0 duration: None cls:
2019-06-13 00:17:44.649 26622 INFO rally.task.runner [-] Task 32d1919a-4745-47f2-87da-5e6ca5290cfb | ITER: 18 START
2019-06-13 00:17:44.650 26622 WARNING rally_openstack.scenarios.neutron.utils [-] Running this scenario without either the 'network' or 'existing_network' context is deprecated
2019-06-13 00:17:44.652 26626 RALLYDEBUG rally.task.runner [-] Starting a worker. concurrency: 1 args: {"network_create_args": {}, "port_create_args": {}, "ports_per_network": 5, "port_update_args": {"admin_state_up": false, "device_id": "dummy_id", "device_owner": "dummy_owner", "name": "_port_updated"}} times: 40 method_name: run timeout: 0 duration: None cls:
2019-06-13 00:17:44.654 26624 INFO rally.task.runner [-] Task 32d1919a-4745-47f2-87da-5e6ca5290cfb | ITER: 19 START
2019-06-13 00:17:44.655 26624 WARNING rally_openstack.scenarios.neutron.utils [-] Running this scenario without either the 'network' or 'existing_network' context is deprecated
2019-06-13 00:17:44.657 26626 INFO rally.task.runner [-] Task 32d1919a-4745-47f2-87da-5e6ca5290cfb | ITER: 20 START
2019-06-13 00:17:44.659 26626 WARNING rally_openstack.scenarios.neutron.utils [-] Running this scenario without either the 'network' or 'existing_network' context is deprecated
2019-06-13 00:17:57.859 26581 INFO rally.task.runner [-] Task 32d1919a-4745-47f2-87da-5e6ca5290cfb | ITER: 1 END: OK
2019-06-13 00:17:57.864 26581 INFO rally.task.runner [-] Task 32d1919a-4745-47f2-87da-5e6ca5290cfb | ITER: 21 START
2019-06-13 00:17:57.865 26581 WARNING rally_openstack.scenarios.neutron.utils [-] Running this scenario without either the 'network' or 'existing_network' context is deprecated
2019-06-13 00:17:57.876 26606 INFO rally.task.runner [-] Task 32d1919a-4745-47f2-87da-5e6ca5290cfb | ITER: 13 END: OK
2019-06-13 00:17:57.881 26606 INFO rally.task.runner [-] Task 32d1919a-4745-47f2-87da-5e6ca5290cfb | ITER: 22 START
2019-06-13 00:17:57.882 26606 WARNING rally_openstack.scenarios.neutron.utils [-] Running this scenario without either the 'network' or 'existing_network' context is deprecated
2019-06-13 00:17:58.030 26609 INFO rally.task.runner [-] Task 32d1919a-4745-47f2-87da-5e6ca5290cfb | ITER: 14 END: OK
2019-06-13 00:17:58.034 26609 INFO rally.task.runner [-] Task 32d1919a-4745-47f2-87da-5e6ca5290cfb | ITER: 23 START
2019-06-13 00:17:58.035 26609 WARNING rally_openstack.scenarios.neutron.utils [-] Running this scenario without either the 'network' or 'existing_network' context is deprecated
2019-06-13 00:17:58.260 26597 INFO rally.task.runner [-] Task 32d1919a-4745-47f2-87da-5e6ca5290cfb | ITER: 10 END: OK
2019-06-13 00:17:58.264 26597 INFO rally.task.runner [-] Task 32d1919a-4745-47f2-87da-5e6ca5290cfb | ITER: 24 START
2019-06-13 00:17:58.265 26597 WARNING rally_openstack.scenarios.neutron.utils [-] Running this scenario without either the 'network' or 'existing_network' context is deprecated
2019-06-13 00:17:58.770 26624 INFO rally.task.runner [-] Task 32d1919a-4745-47f2-87da-5e6ca5290cfb | ITER: 19 END: OK
2019-06-13 00:17:58.774 26624 INFO rally.task.runner [-] Task 32d1919a-4745-47f2-87da-5e6ca5290cfb | ITER: 25 START
2019-06-13 00:17:58.774 26624 WARNING rally_openstack.scenarios.neutron.utils [-] Running this scenario without either the 'network' or 'existing_network' context is deprecated
2019-06-13 00:17:58.882 26583 INFO rally.task.runner [-] Task 32d1919a-4745-47f2-87da-5e6ca5290cfb | ITER: 4 END: OK
2019-06-13 00:17:58.885 26583 INFO rally.task.runner [-] Task 32d1919a-4745-47f2-87da-5e6ca5290cfb | ITER: 26 START
2019-06-13 00:17:58.885 26583 WARNING rally_openstack.scenarios.neutron.utils [-] Running this scenario without either the 'network' or 'existing_network' context is deprecated
2019-06-13 00:17:58.902 26584 INFO rally.task.runner [-] Task 32d1919a-4745-47f2-87da-5e6ca5290cfb | ITER: 6 END: OK
2019-06-13 00:17:58.905 26584 INFO rally.task.runner [-] Task 32d1919a-4745-47f2-87da-5e6ca5290cfb | ITER: 27 START
2019-06-13 00:17:58.905 26584 WARNING rally_openstack.scenarios.neutron.utils [-] Running this scenario without either the 'network' or 'existing_network' context is deprecated
2019-06-13 00:17:59.033 26618 INFO rally.task.runner [-] Task 32d1919a-4745-47f2-87da-5e6ca5290cfb | ITER: 16 END: OK
2019-06-13 00:17:59.037 26618 INFO rally.task.runner [-] Task 32d1919a-4745-47f2-87da-5e6ca5290cfb | ITER: 28 START
2019-06-13 00:17:59.037 26618 WARNING rally_openstack.scenarios.neutron.utils [-] Running this scenario without either the 'network' or 'existing_network' context is deprecated
2019-06-13 00:17:59.040 26583 INFO rally.task.runner [-] Task 32d1919a-4745-47f2-87da-5e6ca5290cfb | ITER: 8 END: OK
2019-06-13 00:17:59.044 26583 INFO rally.task.runner [-] Task 32d1919a-4745-47f2-87da-5e6ca5290cfb | ITER: 29 START
2019-06-13 00:17:59.044 26583 WARNING rally_openstack.scenarios.neutron.utils [-] Running this scenario without either the 'network' or 'existing_network' context is deprecated
2019-06-13 00:17:59.341 26591 INFO rally.task.runner [-] Task 32d1919a-4745-47f2-87da-5e6ca5290cfb | ITER: 11 END: OK
2019-06-13 00:17:59.346 26591 INFO rally.task.runner [-] Task 32d1919a-4745-47f2-87da-5e6ca5290cfb | ITER: 30 START
2019-06-13 00:17:59.347 26591 WARNING rally_openstack.scenarios.neutron.utils [-] Running this scenario without either the 'network' or 'existing_network' context is deprecated
2019-06-13 00:17:59.366 26622 INFO rally.task.runner [-] Task 32d1919a-4745-47f2-87da-5e6ca5290cfb | ITER: 18 END: OK
2019-06-13 00:17:59.370 26622 INFO rally.task.runner [-] Task 32d1919a-4745-47f2-87da-5e6ca5290cfb | ITER: 31 START
2019-06-13 00:17:59.370 26622 WARNING rally_openstack.scenarios.neutron.utils [-] Running this scenario without either the 'network' or 'existing_network' context is deprecated
2019-06-13 00:17:59.401 26581 INFO rally.task.runner [-] Task 32d1919a-4745-47f2-87da-5e6ca5290cfb | ITER: 2 END: OK
2019-06-13 00:17:59.404 26581 INFO rally.task.runner [-] Task 32d1919a-4745-47f2-87da-5e6ca5290cfb | ITER: 32 START
2019-06-13 00:17:59.405 26581 WARNING rally_openstack.scenarios.neutron.utils [-] Running this scenario without either the 'network' or 'existing_network' context is deprecated
2019-06-13 00:17:59.434 26582 INFO rally.task.runner [-] Task 32d1919a-4745-47f2-87da-5e6ca5290cfb | ITER: 5 END: OK
2019-06-13 00:17:59.437 26582 INFO rally.task.runner [-] Task 32d1919a-4745-47f2-87da-5e6ca5290cfb | ITER: 33 START
2019-06-13 00:17:59.438 26582 WARNING rally_openstack.scenarios.neutron.utils [-] Running this scenario without either the 'network' or 'existing_network' context is deprecated
2019-06-13 00:17:59.453 26586 INFO rally.task.runner [-] Task 32d1919a-4745-47f2-87da-5e6ca5290cfb | ITER: 7 END: OK
2019-06-13 00:17:59.457 26586 INFO rally.task.runner [-] Task 32d1919a-4745-47f2-87da-5e6ca5290cfb | ITER: 34 START
2019-06-13 00:17:59.458 26586 WARNING rally_openstack.scenarios.neutron.utils [-] Running this scenario without either the 'network' or 'existing_network' context is deprecated
2019-06-13 00:17:59.484 26584 INFO rally.task.runner [-] Task 32d1919a-4745-47f2-87da-5e6ca5290cfb | ITER: 9 END: OK
2019-06-13 00:17:59.488 26584 INFO rally.task.runner [-] Task 32d1919a-4745-47f2-87da-5e6ca5290cfb | ITER: 35 START
2019-06-13 00:17:59.488 26584 WARNING rally_openstack.scenarios.neutron.utils [-] Running this scenario without either the 'network' or 'existing_network' context is deprecated
2019-06-13 00:17:59.613 26614 INFO rally.task.runner [-] Task 32d1919a-4745-47f2-87da-5e6ca5290cfb | ITER: 15 END: OK
2019-06-13 00:17:59.617 26614 INFO rally.task.runner [-] Task 32d1919a-4745-47f2-87da-5e6ca5290cfb | ITER: 36 START
2019-06-13 00:17:59.617 26614 WARNING rally_openstack.scenarios.neutron.utils [-] Running this scenario without either the 'network' or 'existing_network' context is deprecated
2019-06-13 00:18:00.218 26626 INFO rally.task.runner [-] Task 32d1919a-4745-47f2-87da-5e6ca5290cfb | ITER: 20 END: OK
2019-06-13 00:18:00.222 26626 INFO rally.task.runner [-] Task 32d1919a-4745-47f2-87da-5e6ca5290cfb | ITER: 37 START
2019-06-13 00:18:00.223 26626 WARNING rally_openstack.scenarios.neutron.utils [-] Running this scenario without either the 'network' or 'existing_network' context is deprecated
2019-06-13 00:18:00.534 26621 INFO rally.task.runner [-] Task 32d1919a-4745-47f2-87da-5e6ca5290cfb | ITER: 17 END: OK
2019-06-13 00:18:00.538 26621 INFO rally.task.runner [-] Task 32d1919a-4745-47f2-87da-5e6ca5290cfb | ITER: 38 START
2019-06-13 00:18:00.538 26621 WARNING rally_openstack.scenarios.neutron.utils [-] Running this scenario without either the 'network' or 'existing_network' context is deprecated
2019-06-13 00:18:00.597 26582 INFO rally.task.runner [-] Task 32d1919a-4745-47f2-87da-5e6ca5290cfb | ITER: 3 END: OK
2019-06-13 00:18:00.601 26582 INFO rally.task.runner [-] Task 32d1919a-4745-47f2-87da-5e6ca5290cfb | ITER: 39 START
2019-06-13 00:18:00.602 26582 WARNING rally_openstack.scenarios.neutron.utils [-] Running this scenario without either the 'network' or 'existing_network' context is deprecated
2019-06-13 00:18:01.040 26601 INFO rally.task.runner [-] Task 32d1919a-4745-47f2-87da-5e6ca5290cfb | ITER: 12 END: OK
2019-06-13 00:18:01.045 26601 INFO rally.task.runner [-] Task 32d1919a-4745-47f2-87da-5e6ca5290cfb | ITER: 40 START
2019-06-13 00:18:01.045 26601 WARNING rally_openstack.scenarios.neutron.utils [-] Running this scenario without either the 'network' or 'existing_network' context is deprecated
2019-06-13 00:18:11.347 26609 INFO rally.task.runner [-] Task 32d1919a-4745-47f2-87da-5e6ca5290cfb | ITER: 23 END: OK
2019-06-13 00:18:11.359 26624 INFO rally.task.runner [-] Task 32d1919a-4745-47f2-87da-5e6ca5290cfb | ITER: 25 END: OK
2019-06-13 00:18:11.537 26581 INFO rally.task.runner [-] Task 32d1919a-4745-47f2-87da-5e6ca5290cfb | ITER: 32 END: OK
2019-06-13 00:18:11.763 26606 INFO rally.task.runner [-] Task 32d1919a-4745-47f2-87da-5e6ca5290cfb | ITER: 22 END: OK
2019-06-13 00:18:11.764 26582 INFO rally.task.runner [-] Task 32d1919a-4745-47f2-87da-5e6ca5290cfb | ITER: 33 END: OK
2019-06-13 00:18:12.022 26581 INFO rally.task.runner [-] Task 32d1919a-4745-47f2-87da-5e6ca5290cfb | ITER: 21 END: OK
2019-06-13 00:18:12.405 26626 INFO rally.task.runner [-] Task 32d1919a-4745-47f2-87da-5e6ca5290cfb | ITER: 37 END: OK
2019-06-13 00:18:12.453 26622 INFO rally.task.runner [-] Task 32d1919a-4745-47f2-87da-5e6ca5290cfb | ITER: 31 END: OK
2019-06-13 00:18:12.524 26583 INFO rally.task.runner [-] Task 32d1919a-4745-47f2-87da-5e6ca5290cfb | ITER: 29 END: OK
2019-06-13 00:18:12.785 26584 INFO rally.task.runner [-] Task 32d1919a-4745-47f2-87da-5e6ca5290cfb | ITER: 27 END: OK
2019-06-13 00:18:12.838 26586 INFO rally.task.runner [-] Task 32d1919a-4745-47f2-87da-5e6ca5290cfb | ITER: 34 END: OK
2019-06-13 00:18:12.841 26583 INFO rally.task.runner [-] Task 32d1919a-4745-47f2-87da-5e6ca5290cfb | ITER: 26 END: OK
2019-06-13 00:18:12.885 26591 INFO rally.task.runner [-] Task 32d1919a-4745-47f2-87da-5e6ca5290cfb | ITER: 30 END: OK
2019-06-13 00:18:12.897 26584 INFO rally.task.runner [-] Task 32d1919a-4745-47f2-87da-5e6ca5290cfb | ITER: 35 END: OK
2019-06-13 00:18:13.041 26597 INFO rally.task.runner [-] Task 32d1919a-4745-47f2-87da-5e6ca5290cfb | ITER: 24 END: OK
2019-06-13 00:18:13.103 26582 INFO rally.task.runner [-] Task 32d1919a-4745-47f2-87da-5e6ca5290cfb | ITER: 39 END: OK
2019-06-13 00:18:13.192 26614 INFO rally.task.runner [-] Task 32d1919a-4745-47f2-87da-5e6ca5290cfb | ITER: 36 END: OK
2019-06-13 00:18:14.003 26618 INFO rally.task.runner [-] Task 32d1919a-4745-47f2-87da-5e6ca5290cfb | ITER: 28 END: OK
2019-06-13 00:18:14.347 26621 INFO rally.task.runner [-] Task 32d1919a-4745-47f2-87da-5e6ca5290cfb | ITER: 38 END: OK
2019-06-13 00:18:14.783 26601 INFO rally.task.runner [-] Task 32d1919a-4745-47f2-87da-5e6ca5290cfb | ITER: 40 END: OK
2019-06-13 00:18:14.806 22705 INFO rally.task.context [-] Task 32d1919a-4745-47f2-87da-5e6ca5290cfb | Context cleanup@openstack cleanup() started
2019-06-13 00:18:14.809 22705 RALLYDEBUG rally_openstack.cleanup.manager [-] Cleaning up neutron vip objects
2019-06-13 00:18:15.466 22705 RALLYDEBUG rally_openstack.cleanup.manager [-] Cleaning up neutron health_monitor objects
2019-06-13 00:18:16.115 22705 RALLYDEBUG rally_openstack.cleanup.manager [-] Cleaning up neutron pool objects
2019-06-13 00:18:16.840 22705 RALLYDEBUG rally_openstack.cleanup.manager [-] Cleaning up neutron loadbalancer objects
2019-06-13 00:18:17.648 22705 RALLYDEBUG rally_openstack.cleanup.manager [-] Cleaning up neutron floatingip objects
2019-06-13 00:18:18.443 22705 RALLYDEBUG rally_openstack.cleanup.manager [-] Cleaning up neutron port objects
2019-06-13 00:18:19.846 22705 RALLYDEBUG rally_openstack.cleanup.manager [-] Deleting neutron.port object s_rally_d270127d_JZAvePVz (011a0186-6afc-448b-887d-59df54d37b36)
2019-06-13 00:18:19.849 22705 RALLYDEBUG rally_openstack.cleanup.manager [-] Deleting neutron.port object s_rally_d270127d_Waa0piZS (05813319-62ac-4beb-ae79-7dfb335c38e8)
2019-06-13 00:18:19.851 22705 RALLYDEBUG rally_openstack.cleanup.manager [-] Deleting neutron.port object s_rally_d270127d_nhUv6oz0 (0b62f00e-2b61-48ee-8eff-8f4cf752bb58)
2019-06-13 00:18:19.852 22705 RALLYDEBUG rally_openstack.cleanup.manager [-] Deleting neutron.port object s_rally_d270127d_LDx6n1to (09b031b8-ecdd-469d-b561-a3173f570367)
2019-06-13 00:18:19.853 22705 RALLYDEBUG rally_openstack.cleanup.manager [-] Deleting neutron.port object s_rally_d270127d_FdpNoQhH (07a2aa0b-e8d3-429e-bb81-ef4b978f52d1)
2019-06-13 00:18:19.856 22705 RALLYDEBUG rally_openstack.cleanup.manager [-] Deleting neutron.port object s_rally_d270127d_Lguk5kuU (0ce411d6-6e07-477a-b121-885560f3b1df)
2019-06-13 00:18:19.857 22705 RALLYDEBUG rally_openstack.cleanup.manager [-] Deleting neutron.port object s_rally_d270127d_mn0K8Kx9 (04038d98-712c-40fd-9804-be1dd58555ff)
2019-06-13 00:18:19.865 22705 RALLYDEBUG rally_openstack.cleanup.manager [-] Deleting neutron.port object s_rally_d270127d_mlsxzcPV (0ea146fb-c563-44ec-8b30-712db6e6fc1c)
2019-06-13 00:18:19.865 22705 RALLYDEBUG rally_openstack.cleanup.manager [-] Deleting neutron.port object s_rally_d270127d_gcEWaoni (0bfa422d-6add-4e39-af98-65259a98829c)
2019-06-13 00:18:19.868 22705 RALLYDEBUG rally_openstack.cleanup.manager [-] Deleting neutron.port object s_rally_d270127d_tJQt69n8 (04c68f16-dc65-47b2-b8e6-2afc17672eed)
2019-06-13 00:18:19.872 22705 RALLYDEBUG rally_openstack.cleanup.manager [-] Deleting neutron.port object s_rally_d270127d_VRnwZQ0Y (0ca5d582-3cc1-4df4-8223-1c37d7c53804)
2019-06-13 00:18:19.881 22705 RALLYDEBUG rally_openstack.cleanup.manager [-] Deleting neutron.port object s_rally_d270127d_HbQ2XEnT (109b8585-7924-4e34-b0d5-a1a52568e20a)
2019-06-13 00:18:19.915 22705 RALLYDEBUG rally_openstack.cleanup.manager [-] Deleting neutron.port object s_rally_d270127d_ihLjsLZI (10a4d031-3590-4dcc-8b62-7a0c34c4122a)
2019-06-13 00:18:19.941 22705 RALLYDEBUG rally_openstack.cleanup.manager [-] Deleting neutron.port object s_rally_d270127d_oFk6chzG (12007a5b-bfd9-4b60-8b54-6ddb8381d5ba)
2019-06-13 00:18:19.946 22705 RALLYDEBUG rally_openstack.cleanup.manager [-] Deleting neutron.port object s_rally_d270127d_MsN8du41 (125d723c-7234-4234-b805-d76460ec2674)
2019-06-13 00:18:19.954 22705 RALLYDEBUG rally_openstack.cleanup.manager [-] Deleting neutron.port object s_rally_d270127d_ditrOdMC (13c8ed46-26c2-4256-91b0-6c442db05829)
2019-06-13 00:18:19.981 22705 RALLYDEBUG rally_openstack.cleanup.manager [-] Deleting neutron.port object s_rally_d270127d_ose6d22T (13fb5eb7-05fb-42a3-865f-77f8f5a364ae)
2019-06-13 00:18:19.982 22705 RALLYDEBUG rally_openstack.cleanup.manager [-] Deleting neutron.port object s_rally_d270127d_o56DtgmH (1570d152-40d0-44a7-90b6-bcb912e984fb)
2019-06-13 00:18:19.995 22705 RALLYDEBUG rally_openstack.cleanup.manager [-] Deleting neutron.port object s_rally_d270127d_X15Yj2UR (16cc9bb1-dc0c-4359-ad56-b29df9bfc453)
2019-06-13 00:18:20.004 22705 RALLYDEBUG rally_openstack.cleanup.manager [-] Deleting neutron.port object s_rally_d270127d_MTZxqC2B (1607b76f-6850-43bf-a75c-3df359d9d06a)
2019-06-13 00:18:22.477 22705 RALLYDEBUG rally_openstack.cleanup.manager [-] Deleting neutron.port object s_rally_d270127d_oZhKNqoX (18be2cc0-7052-47f1-99e0-0b28529636e2)
2019-06-13 00:18:22.499 22705 RALLYDEBUG rally_openstack.cleanup.manager [-] Deleting neutron.port object s_rally_d270127d_r0XsEiUL (19525ed1-2d08-4c2e-9cfa-3d6155d9b7fe)
2019-06-13 00:18:22.553 22705 RALLYDEBUG rally_openstack.cleanup.manager [-] Deleting neutron.port object s_rally_d270127d_Xtwg7RA0 (19652b76-b7a6-4ed6-bb60-cf826317d9f0)
2019-06-13 00:18:22.567 22705 RALLYDEBUG rally_openstack.cleanup.manager [-] Deleting neutron.port object s_rally_d270127d_Sha40cMK (1b68ebf0-557e-4797-9cb0-af6dd888b3c1)
2019-06-13 00:18:22.611 22705 RALLYDEBUG rally_openstack.cleanup.manager [-] Deleting neutron.port object s_rally_d270127d_4IKl99mt (1c3111c1-6970-4d55-887e-9b17f824351a)
2019-06-13 00:18:22.634 22705 RALLYDEBUG rally_openstack.cleanup.manager [-] Deleting neutron.port object s_rally_d270127d_WKDXuKYX (1d3e3d59-82d9-4aad-9dec-e4ab21cde6ff)
2019-06-13 00:18:22.656 22705 RALLYDEBUG rally_openstack.cleanup.manager [-] Deleting neutron.port object s_rally_d270127d_ZQT0xhw4 (1e96e94e-9be6-4472-863d-20e5d583f484)
2019-06-13 00:18:22.725 22705 RALLYDEBUG rally_openstack.cleanup.manager [-] Deleting neutron.port object s_rally_d270127d_9FlBIHEA (1eb58b3a-1b73-468f-a5ca-a49f442ae9ef)
2019-06-13 00:18:22.733 22705 RALLYDEBUG rally_openstack.cleanup.manager [-] Deleting neutron.port object s_rally_d270127d_3kqE7k6g (20f039b7-79f9-4e40-96ed-76b6f7d38641)
2019-06-13 00:18:22.742 22705 RALLYDEBUG rally_openstack.cleanup.manager [-] Deleting neutron.port object s_rally_d270127d_CIs8Anjx (23ee98bb-2ee8-4899-8dc8-1001a1b23b50)
2019-06-13 00:18:22.759 22705 RALLYDEBUG rally_openstack.cleanup.manager [-] Deleting neutron.port object s_rally_d270127d_4C97mzAi (23f33fd5-6e13-4eb4-8cef-19ccd022ff0e)
2019-06-13 00:18:22.785 22705 RALLYDEBUG rally_openstack.cleanup.manager [-] Deleting neutron.port object s_rally_d270127d_2jRUhmsK (266d7998-9b39-411e-b79e-63e2fc8d266f)
2019-06-13 00:18:22.789 22705 RALLYDEBUG rally_openstack.cleanup.manager [-] Deleting neutron.port object s_rally_d270127d_ASTYaPhR (2768c0b9-6b82-4a36-83fe-8c7bec729dff)
2019-06-13 00:18:22.818 22705 RALLYDEBUG rally_openstack.cleanup.manager [-] Deleting neutron.port object s_rally_d270127d_3RBm3f1v (2852b0b6-7d5b-4a28-8934-c80fc4bc7130)
2019-06-13 00:18:22.845 22705 RALLYDEBUG rally_openstack.cleanup.manager [-] Deleting neutron.port object s_rally_d270127d_8nOjczPb (2bbdafb9-aa60-4307-aae2-a81a51e0fe09)
2019-06-13 00:18:23.029 22705 RALLYDEBUG rally_openstack.cleanup.manager [-] Deleting neutron.port object s_rally_d270127d_Wzabd5oP (2f850410-2031-49be-83d2-b34e1c2a23cc)
2019-06-13 00:18:23.034 22705 RALLYDEBUG rally_openstack.cleanup.manager [-] Deleting neutron.port object s_rally_d270127d_Z2OGuNGG (312a6e79-07b6-4292-8258-599568f4c808)
2019-06-13 00:18:23.069 22705 RALLYDEBUG rally_openstack.cleanup.manager [-] Deleting neutron.port object s_rally_d270127d_oLHkpkjA (3296ce38-7913-4146-8578-b2ae81a1fb1c)
2019-06-13 00:18:23.081 22705 RALLYDEBUG rally_openstack.cleanup.manager [-] Deleting neutron.port object s_rally_d270127d_LIJSVB51 (33c533fa-14f6-4cd5-b135-5c9955c1f212)
2019-06-13 00:18:23.120 22705 RALLYDEBUG rally_openstack.cleanup.manager [-] Deleting neutron.port object s_rally_d270127d_uuFtWb8Q (395c958d-7c4c-45bd-b1f9-92e6ca5a1c1a)
2019-06-13 00:18:24.865 22705 RALLYDEBUG rally_openstack.cleanup.manager [-] Deleting neutron.port object s_rally_d270127d_6PJecoEl (3b2a0a45-f772-42cd-a05b-24e6583b58b1)
2019-06-13 00:18:25.002 22705 RALLYDEBUG rally_openstack.cleanup.manager [-] Deleting neutron.port object s_rally_d270127d_Mpm7P6lJ (3b67e89f-2ba3-4eec-a1d2-a4e85c6d5c6a)
2019-06-13 00:18:25.081 22705 RALLYDEBUG rally_openstack.cleanup.manager [-] Deleting neutron.port object s_rally_d270127d_1EV460mK (3bbbcc0a-79a1-4762-8451-3878fdd66079)
2019-06-13 00:18:25.116 22705 RALLYDEBUG rally_openstack.cleanup.manager [-] Deleting neutron.port object s_rally_d270127d_2q3pm8a0 (3c97718a-78fa-4665-bbe8-c5b9dd09069a)
2019-06-13 00:18:25.194 22705 RALLYDEBUG rally_openstack.cleanup.manager [-] Deleting neutron.port object s_rally_d270127d_UcyRm0gH (3d39c2be-954e-4e24-b533-72d0076a8da1)
2019-06-13 00:18:25.250 22705 RALLYDEBUG rally_openstack.cleanup.manager [-] Deleting neutron.port object s_rally_d270127d_NUthSkH4 (3ef6dc0f-e9ee-4279-a572-39e18217f8af)
2019-06-13 00:18:25.287 22705 RALLYDEBUG rally_openstack.cleanup.manager [-] Deleting neutron.port object s_rally_d270127d_dXRvz8hF (406f907f-67e6-4957-a136-45eb307382cd)
2019-06-13 00:18:25.352 22705 RALLYDEBUG rally_openstack.cleanup.manager [-] Deleting neutron.port object s_rally_d270127d_4MJa0xEH (4088d58c-6155-4889-b08c-4307e27bc168)
2019-06-13 00:18:25.440 22705 RALLYDEBUG rally_openstack.cleanup.manager [-] Deleting neutron.port object s_rally_d270127d_YP3pInHY (4091d89e-147e-4452-ba31-0e7540c7ccc0)
2019-06-13 00:18:25.619 22705 RALLYDEBUG rally_openstack.cleanup.manager [-] Deleting neutron.port object s_rally_d270127d_JGX5VD7I (41bd6860-a5f7-45e9-9dc1-9f67e6b36818)
2019-06-13 00:18:25.623 22705 RALLYDEBUG rally_openstack.cleanup.manager [-] Deleting neutron.port object s_rally_d270127d_10bhjsMr (43a78314-e828-4553-93f0-816c30384b2d)
2019-06-13 00:18:25.710 22705 RALLYDEBUG rally_openstack.cleanup.manager [-] Deleting neutron.port object s_rally_d270127d_RqMOjBPv (4594f5ed-8215-4eba-846f-56a5672ed73c)
2019-06-13 00:18:25.872 22705 RALLYDEBUG rally_openstack.cleanup.manager [-] Deleting neutron.port object s_rally_d270127d_Jti20s7q (464d332a-fed8-4a81-a024-cc26cbdc5faf)
2019-06-13 00:18:25.949 22705 RALLYDEBUG rally_openstack.cleanup.manager [-] Deleting neutron.port object s_rally_d270127d_CXkGfUt3 (471034bb-76c9-4ea4-95ba-41ca86afaf20)
2019-06-13 00:18:25.954 22705 RALLYDEBUG rally_openstack.cleanup.manager [-] Deleting neutron.port object s_rally_d270127d_dT4yNfUA (47b36770-ab5a-493a-a77d-1f222fb1e6fc)
2019-06-13 00:18:25.960 22705 RALLYDEBUG rally_openstack.cleanup.manager [-] Deleting neutron.port object s_rally_d270127d_4UcfoU6n (494b151f-0f10-4f2c-8cd1-4ee05350f980)
2019-06-13 00:18:26.063 22705 RALLYDEBUG rally_openstack.cleanup.manager [-] Deleting neutron.port object s_rally_d270127d_aLFgJfaV (49e435c7-3568-43f3-811e-9b9e4a63ce3d)
2019-06-13 00:18:26.108 22705 RALLYDEBUG rally_openstack.cleanup.manager [-] Deleting neutron.port object s_rally_d270127d_UUi7grf8 (4bb772bb-e5c2-489f-a5ca-a05bcae821a4)
2019-06-13 00:18:26.171 22705 RALLYDEBUG rally_openstack.cleanup.manager [-] Deleting neutron.port object s_rally_d270127d_BpAEs9or (4bbd39a8-697c-4a61-a5a3-65b2d2a241af)
2019-06-13 00:18:26.182 22705 RALLYDEBUG rally_openstack.cleanup.manager [-] Deleting neutron.port object s_rally_d270127d_ufXciUvG (4c64ed75-c62c-42cc-9f66-33114d4b7a1f)
2019-06-13 00:18:27.395 22705 RALLYDEBUG rally_openstack.cleanup.manager [-] Deleting neutron.port object s_rally_d270127d_NRPDhv8d (500f43d8-3f8f-423c-b1a7-344728a4dd7c)
2019-06-13 00:18:27.399 22705 RALLYDEBUG rally_openstack.cleanup.manager [-] Deleting neutron.port object s_rally_d270127d_1cXR3wUp (511c3cbd-1f56-43f7-8e74-bd5c6d02bb62)
2019-06-13 00:18:27.403 22705 RALLYDEBUG rally_openstack.cleanup.manager [-] Deleting neutron.port object s_rally_d270127d_9VJcLJLO (530e5c8c-9fd2-4f24-8ee7-9d6cba50f98a)
2019-06-13 00:18:27.430 22705 RALLYDEBUG rally_openstack.cleanup.manager [-] Deleting neutron.port object s_rally_d270127d_uxrSa5jg (540b9d09-82c2-4aa6-b92e-5df0519eb062)
2019-06-13 00:18:27.824 22705 RALLYDEBUG rally_openstack.cleanup.manager [-] Deleting neutron.port object s_rally_d270127d_aEwwGyYi (54ce9470-57a1-4d17-b947-28e610c0928e)
2019-06-13 00:18:27.901 22705 RALLYDEBUG rally_openstack.cleanup.manager [-] Deleting neutron.port object s_rally_d270127d_WVse5EoN (58801dc1-52d8-4aa4-a799-69fe17b572d0)
2019-06-13 00:18:27.971 22705 RALLYDEBUG rally_openstack.cleanup.manager [-] Deleting neutron.port object s_rally_d270127d_uRK7MDwm (59024014-0e9b-4947-93ba-eb13c0e77053)
2019-06-13 00:18:28.123 22705 RALLYDEBUG rally_openstack.cleanup.manager [-] Deleting neutron.port object s_rally_d270127d_9WSNfyzp (5a386759-988c-4c43-812e-dec85d1b2cae)
2019-06-13 00:18:28.180 22705 RALLYDEBUG rally_openstack.cleanup.manager [-] Deleting neutron.port object s_rally_d270127d_P27HUhgE (5c244e78-ad36-4a35-95bb-83d0667b82d2)
