2019-06-13 00:19:29.681 26955 WARNING rally_openstack.scenarios.neutron.utils [-] Running this scenario without either the 'network' or 'existing_network' context is deprecated
2019-06-13 00:19:30.103 26989 INFO rally.task.runner [-] Task 32d1919a-4745-47f2-87da-5e6ca5290cfb | ITER: 18 END: OK
2019-06-13 00:19:30.107 26989 INFO rally.task.runner [-] Task 32d1919a-4745-47f2-87da-5e6ca5290cfb | ITER: 40 START
2019-06-13 00:19:30.108 26989 WARNING rally_openstack.scenarios.neutron.utils [-] Running this scenario without either the 'network' or 'existing_network' context is deprecated
2019-06-13 00:19:39.326 26951 INFO rally.task.runner [-] Task 32d1919a-4745-47f2-87da-5e6ca5290cfb | ITER: 21 END: OK
2019-06-13 00:19:40.585 26982 INFO rally.task.runner [-] Task 32d1919a-4745-47f2-87da-5e6ca5290cfb | ITER: 29 END: OK
2019-06-13 00:19:41.620 26966 INFO rally.task.runner [-] Task 32d1919a-4745-47f2-87da-5e6ca5290cfb | ITER: 24 END: OK
2019-06-13 00:19:41.844 26952 INFO rally.task.runner [-] Task 32d1919a-4745-47f2-87da-5e6ca5290cfb | ITER: 23 END: OK
2019-06-13 00:19:42.295 26959 INFO rally.task.runner [-] Task 32d1919a-4745-47f2-87da-5e6ca5290cfb | ITER: 27 END: OK
2019-06-13 00:19:42.314 26980 INFO rally.task.runner [-] Task 32d1919a-4745-47f2-87da-5e6ca5290cfb | ITER: 25 END: OK
2019-06-13 00:19:42.524 26963 INFO rally.task.runner [-] Task 32d1919a-4745-47f2-87da-5e6ca5290cfb | ITER: 30 END: OK
2019-06-13 00:19:42.687 26996 INFO rally.task.runner [-] Task 32d1919a-4745-47f2-87da-5e6ca5290cfb | ITER: 33 END: OK
2019-06-13 00:19:42.884 26990 INFO rally.task.runner [-] Task 32d1919a-4745-47f2-87da-5e6ca5290cfb | ITER: 32 END: OK
2019-06-13 00:19:42.891 26993 INFO rally.task.runner [-] Task 32d1919a-4745-47f2-87da-5e6ca5290cfb | ITER: 36 END: OK
2019-06-13 00:19:42.906 26953 INFO rally.task.runner [-] Task 32d1919a-4745-47f2-87da-5e6ca5290cfb | ITER: 22 END: OK
2019-06-13 00:19:43.177 26954 INFO rally.task.runner [-] Task 32d1919a-4745-47f2-87da-5e6ca5290cfb | ITER: 28 END: OK
2019-06-13 00:19:43.202 26952 INFO rally.task.runner [-] Task 32d1919a-4745-47f2-87da-5e6ca5290cfb | ITER: 35 END: OK
2019-06-13 00:19:43.309 26955 INFO rally.task.runner [-] Task 32d1919a-4745-47f2-87da-5e6ca5290cfb | ITER: 39 END: OK
2019-06-13 00:19:43.339 26951 INFO rally.task.runner [-] Task 32d1919a-4745-47f2-87da-5e6ca5290cfb | ITER: 37 END: OK
2019-06-13 00:19:43.382 26953 INFO rally.task.runner [-] Task 32d1919a-4745-47f2-87da-5e6ca5290cfb | ITER: 38 END: OK
2019-06-13 00:19:43.451 26986 INFO rally.task.runner [-] Task 32d1919a-4745-47f2-87da-5e6ca5290cfb | ITER: 26 END: OK
2019-06-13 00:19:44.544 26954 INFO rally.task.runner [-] Task 32d1919a-4745-47f2-87da-5e6ca5290cfb | ITER: 31 END: OK
2019-06-13 00:19:44.843 26972 INFO rally.task.runner [-] Task 32d1919a-4745-47f2-87da-5e6ca5290cfb | ITER: 34 END: OK
2019-06-13 00:19:45.001 26989 INFO rally.task.runner [-] Task 32d1919a-4745-47f2-87da-5e6ca5290cfb | ITER: 40 END: OK
2019-06-13 00:19:45.029 22705 INFO rally.task.context [-] Task 32d1919a-4745-47f2-87da-5e6ca5290cfb | Context cleanup@openstack cleanup() started
2019-06-13 00:19:45.031 22705 RALLYDEBUG rally_openstack.cleanup.manager [-] Cleaning up neutron vip objects
2019-06-13 00:19:45.670 22705 RALLYDEBUG rally_openstack.cleanup.manager [-] Cleaning up neutron health_monitor objects
2019-06-13 00:19:46.395 22705 RALLYDEBUG rally_openstack.cleanup.manager [-] Cleaning up neutron pool objects
2019-06-13 00:19:47.154 22705 RALLYDEBUG rally_openstack.cleanup.manager [-] Cleaning up neutron loadbalancer objects
2019-06-13 00:19:47.896 22705 RALLYDEBUG rally_openstack.cleanup.manager [-] Cleaning up neutron floatingip objects
2019-06-13 00:19:48.675 22705 RALLYDEBUG rally_openstack.cleanup.manager [-] Cleaning up neutron port objects
2019-06-13 00:19:49.485 22705 RALLYDEBUG rally_openstack.cleanup.manager [-] Cleaning up neutron subnet objects
2019-06-13 00:19:50.618 22705 RALLYDEBUG rally_openstack.cleanup.manager [-] Cleaning up neutron network objects
2019-06-13 00:19:51.425 22705 RALLYDEBUG rally_openstack.cleanup.manager [-] Deleting neutron.network object s_rally_4d9751c1_uUyyWGeu (10c42532-3ffd-4bc4-80b2-814a55bd6151)
2019-06-13 00:19:51.426 22705 RALLYDEBUG rally_openstack.cleanup.manager [-] Deleting neutron.network object s_rally_4d9751c1_tIZ2qZV7 (0a6a053f-75ac-4493-b365-9f96b013e97e)
2019-06-13 00:19:51.427 22705 RALLYDEBUG rally_openstack.cleanup.manager [-] Deleting neutron.network object s_rally_4d9751c1_4gY2xKEE (18871912-df54-4519-94c8-ed1114c57c9d)
2019-06-13 00:19:51.430 22705 RALLYDEBUG rally_openstack.cleanup.manager [-] Deleting neutron.network object s_rally_4d9751c1_zSbT5cYe (1bd79bd0-0ace-43bd-8a7e-981ab5166bd6)
2019-06-13 00:19:51.434 22705 RALLYDEBUG rally_openstack.cleanup.manager [-] Deleting neutron.network object s_rally_4d9751c1_8xwhPIj2 (2d009b5b-0ed3-4f59-9f46-db16baef0f53)
2019-06-13 00:19:51.441 22705 RALLYDEBUG rally_openstack.cleanup.manager [-] Deleting neutron.network object s_rally_4d9751c1_RX6On5HN (2ddfcd5b-1f28-4b70-9094-ce81a2178a05)
2019-06-13 00:19:51.448 22705 RALLYDEBUG rally_openstack.cleanup.manager [-] Deleting neutron.network object s_rally_4d9751c1_pnKDY6MK (32dc929b-75fb-4c39-8371-caa616993cb9)
2019-06-13 00:19:51.455 22705 RALLYDEBUG rally_openstack.cleanup.manager [-] Deleting neutron.network object s_rally_4d9751c1_xkp1WY0T (2e496d2f-c96e-4d42-ae87-8e6cda702aae)
2019-06-13 00:19:51.460 22705 RALLYDEBUG rally_openstack.cleanup.manager [-] Deleting neutron.network object s_rally_4d9751c1_xpIYWrzQ (349a7704-73fa-4f24-9e1a-2e6dcb8dd3dd)
2019-06-13 00:19:51.473 22705 RALLYDEBUG rally_openstack.cleanup.manager [-] Deleting neutron.network object s_rally_4d9751c1_q3QrDnEc (3b95311b-0229-4771-9a31-549ce47449bf)
2019-06-13 00:19:51.480 22705 RALLYDEBUG rally_openstack.cleanup.manager [-] Deleting neutron.network object s_rally_4d9751c1_ySYrA0X4 (40aee14f-09cc-49bd-9be5-bee49215f550)
2019-06-13 00:19:51.498 22705 RALLYDEBUG rally_openstack.cleanup.manager [-] Deleting neutron.network object s_rally_4d9751c1_iUJcDEIk (4d477adf-58cf-4630-90ac-75c2b206e547)
2019-06-13 00:19:51.511 22705 RALLYDEBUG rally_openstack.cleanup.manager [-] Deleting neutron.network object s_rally_4d9751c1_G1VJSTxX (55bb3223-b09f-4e5d-a3fe-c532f7f6e2a0)
2019-06-13 00:19:51.522 22705 RALLYDEBUG rally_openstack.cleanup.manager [-] Deleting neutron.network object s_rally_4d9751c1_xOwB9LRP (6510ee7d-75f2-4605-aca2-4214bc74dce6)
2019-06-13 00:19:51.522 22705 RALLYDEBUG rally_openstack.cleanup.manager [-] Deleting neutron.network object s_rally_4d9751c1_mkbxs4kp (5854a60b-2d2f-44c8-8577-30e8fe00cede)
2019-06-13 00:19:51.531 22705 RALLYDEBUG rally_openstack.cleanup.manager [-] Deleting neutron.network object s_rally_4d9751c1_jFBNZSOE (6f5500ea-5d58-4278-9aea-5082a701887c)
2019-06-13 00:19:51.544 22705 RALLYDEBUG rally_openstack.cleanup.manager [-] Deleting neutron.network object s_rally_4d9751c1_q8o6uzqj (71f8de10-a0d2-4502-82b6-7b469bfb6ccf)
2019-06-13 00:19:51.559 22705 RALLYDEBUG rally_openstack.cleanup.manager [-] Deleting neutron.network object s_rally_4d9751c1_VPIfE9ba (72f5ce36-6a76-4bbb-9bce-6e3b1d110db8)
2019-06-13 00:19:51.567 22705 RALLYDEBUG rally_openstack.cleanup.manager [-] Deleting neutron.network object s_rally_4d9751c1_dH7ItoY2 (7977cc65-697a-4901-9890-f32cf7e208a6)
2019-06-13 00:19:51.573 22705 RALLYDEBUG rally_openstack.cleanup.manager [-] Deleting neutron.network object s_rally_4d9751c1_XwhPgqfk (79da3b7d-73fb-497a-bdfd-9020038f5eee)
2019-06-13 00:19:54.105 22705 RALLYDEBUG rally_openstack.cleanup.manager [-] Deleting neutron.network object s_rally_4d9751c1_XBtQ7Ivx (7e806e3c-d29f-467f-ac27-194ee47661f0)
2019-06-13 00:19:54.126 22705 RALLYDEBUG rally_openstack.cleanup.manager [-] Deleting neutron.network object s_rally_4d9751c1_d4cU7LoC (89dccaf2-2672-48dd-b52d-51a731282eda)
2019-06-13 00:19:54.144 22705 RALLYDEBUG rally_openstack.cleanup.manager [-] Deleting neutron.network object s_rally_4d9751c1_xDoXTIer (8fbf88ea-4e66-4c99-8066-24d5731b8e07)
2019-06-13 00:19:54.214 22705 RALLYDEBUG rally_openstack.cleanup.manager [-] Deleting neutron.network object s_rally_4d9751c1_UiCGrncQ (92a18ecb-cca6-412f-b447-741fd254f9a8)
2019-06-13 00:19:54.242 22705 RALLYDEBUG rally_openstack.cleanup.manager [-] Deleting neutron.network object s_rally_4d9751c1_5Ncilp3j (a1bef789-d643-47f1-a9a4-6312ff57091c)
2019-06-13 00:19:54.246 22705 RALLYDEBUG rally_openstack.cleanup.manager [-] Deleting neutron.network object s_rally_4d9751c1_E7C4kMII (a4a3b881-b6b3-4604-a520-b93cba88ff9c)
2019-06-13 00:19:54.325 22705 RALLYDEBUG rally_openstack.cleanup.manager [-] Deleting neutron.network object s_rally_4d9751c1_N4inv0QV (abef9354-8344-48e5-bde0-8b32c8961791)
2019-06-13 00:19:54.365 22705 RALLYDEBUG rally_openstack.cleanup.manager [-] Deleting neutron.network object s_rally_4d9751c1_s3TFWOvw (b264611b-8407-4a88-b5f6-d6ad3395a6d3)
2019-06-13 00:19:54.397 22705 RALLYDEBUG rally_openstack.cleanup.manager [-] Deleting neutron.network object s_rally_4d9751c1_e9LNY4sa (b918042c-8f01-44b8-a8aa-be0bde6d3004)
2019-06-13 00:19:54.489 22705 RALLYDEBUG rally_openstack.cleanup.manager [-] Deleting neutron.network object s_rally_4d9751c1_K8ZcFBEr (ba15b7f5-263f-48d2-9aa8-685fba6d3d16)
2019-06-13 00:19:54.807 22705 RALLYDEBUG rally_openstack.cleanup.manager [-] Deleting neutron.network object s_rally_4d9751c1_QzjwWctd (c6a13e13-0374-4732-af33-94981f1cabbd)
2019-06-13 00:19:54.808 22705 RALLYDEBUG rally_openstack.cleanup.manager [-] Deleting neutron.network object s_rally_4d9751c1_mUwHOQsM (c2faa64d-2cbb-4fbe-9cc3-e93215fffd94)
2019-06-13 00:19:54.867 22705 RALLYDEBUG rally_openstack.cleanup.manager [-] Deleting neutron.network object s_rally_4d9751c1_oyWj1E2D (d13a00c1-d112-43ea-a189-868b5f9878f0)
2019-06-13 00:19:54.875 22705 RALLYDEBUG rally_openstack.cleanup.manager [-] Deleting neutron.network object s_rally_4d9751c1_wHJwCZ57 (df35bdba-cd57-4e36-9b25-b992f0e2f36e)
2019-06-13 00:19:55.086 22705 RALLYDEBUG rally_openstack.cleanup.manager [-] Deleting neutron.network object s_rally_4d9751c1_uHcCmbRH (e04c91ac-ec18-491c-8b18-47b5df734cfc)
2019-06-13 00:19:55.444 22705 RALLYDEBUG rally_openstack.cleanup.manager [-] Deleting neutron.network object s_rally_4d9751c1_7smienub (e552d6bd-7551-4e20-905d-8cd60b16ef3b)
2019-06-13 00:19:55.489 22705 RALLYDEBUG rally_openstack.cleanup.manager [-] Deleting neutron.network object s_rally_4d9751c1_xeIVjnb0 (ed9b4cf0-cb00-4fa8-b82a-eaf1a87853e8)
2019-06-13 00:19:55.799 22705 RALLYDEBUG rally_openstack.cleanup.manager [-] Deleting neutron.network object s_rally_4d9751c1_hJiJDElq (f7bb6dfe-2583-40d9-9453-0818b263bcbc)
2019-06-13 00:19:55.805 22705 RALLYDEBUG rally_openstack.cleanup.manager [-] Deleting neutron.network object s_rally_4d9751c1_zGk6kTEi (f9c5e668-c685-47c1-b792-d0b34f89c6a0)
2019-06-13 00:19:55.913 22705 RALLYDEBUG rally_openstack.cleanup.manager [-] Deleting neutron.network object s_rally_4d9751c1_yKqvxMLj (ff21d80d-f1b4-432b-82dc-c477fb0a51a9)
2019-06-13 00:19:58.653 22705 RALLYDEBUG rally_openstack.cleanup.manager [-] Cleaning up neutron router objects
2019-06-13 00:19:59.436 22705 RALLYDEBUG rally_openstack.cleanup.manager [-] Cleaning up neutron security_group objects
2019-06-13 00:20:00.186 22705 INFO rally.task.context [-] Task 32d1919a-4745-47f2-87da-5e6ca5290cfb | Context cleanup@openstack cleanup() finished in 15.16 sec
2019-06-13 00:20:00.186 22705 INFO rally.task.context [-] Task 32d1919a-4745-47f2-87da-5e6ca5290cfb | Context quotas@openstack cleanup() started
2019-06-13 00:20:00.437 22705 INFO rally.task.context [-] Task 32d1919a-4745-47f2-87da-5e6ca5290cfb | Context quotas@openstack cleanup() finished in 0.25 sec
2019-06-13 00:20:00.438 22705 INFO rally.task.context [-] Task 32d1919a-4745-47f2-87da-5e6ca5290cfb | Context users@openstack cleanup() started
2019-06-13 00:20:05.498 22705 INFO rally.task.context [-] Task 32d1919a-4745-47f2-87da-5e6ca5290cfb | Context users@openstack cleanup() finished in 5.06 sec
2019-06-13 00:20:05.868 22705 INFO rally.task.engine [-] Load duration is: 33.909888
2019-06-13 00:20:05.869 22705 INFO rally.task.engine [-] Full runner duration is: 33.963097
2019-06-13 00:20:05.869 22705 INFO rally.task.engine [-] Full duration is: 59.827769
2019-06-13 00:20:06.166 22705 INFO rally.task.engine [-] Running workload: position = 0 config = { "version": 2, "title": "A cropped version of a bigger task.", "description": "Auto-generated task from a single workload (uuid=c2dffcaa-24ba-4850-8ef5-de947d64e88c)", "subtasks": [ { "title": "Quotas.neutron_update", "description": "Update quotas for neutron.", "scenario": { "Quotas.neutron_update": { "max_quota": 1024 } }, "contexts": { "users": { "tenants": 20, "users_per_tenant": 1 } }, "runner": { "constant": { "times": 40, "concurrency": 20 } }, "hooks": [], "sla": { "failure_rate": { "max": 0 } } } ] }
2019-06-13 00:20:06.184 22705 RALLYDEBUG rally_openstack.contexts.keystone.users [-] Creating 20 tenants using 20 threads
2019-06-13 00:20:08.943 22705 RALLYDEBUG rally_openstack.contexts.keystone.users [-] Creating 20 users using 20 threads
2019-06-13 00:20:12.389 22705 INFO rally.task.context [-] Task 32d1919a-4745-47f2-87da-5e6ca5290cfb | Context users@openstack setup() finished in 6.21 sec
2019-06-13 00:20:12.390 22705 INFO rally.task.context [-] Task 32d1919a-4745-47f2-87da-5e6ca5290cfb | Context admin_cleanup@openstack setup() finished in 0.00 msec
2019-06-13 00:20:12.396 22705 RALLYDEBUG rally.task.runner [-] Starting the constant runner (task UUID: 32d1919a-4745-47f2-87da-5e6ca5290cfb). timeout: 0 concurrency: 20 concurrency_per_worker: 1 times: 40 concurrency_overhead: 4 processes_to_start: 16 max_cpu_used: 16
2019-06-13 00:20:12.407 27321 RALLYDEBUG rally.task.runner [-] Starting a worker. concurrency: 2 args: {"max_quota": 1024} times: 40 method_name: run timeout: 0 duration: None cls:
2019-06-13 00:20:12.410 27322 RALLYDEBUG rally.task.runner [-] Starting a worker. concurrency: 2 args: {"max_quota": 1024} times: 40 method_name: run timeout: 0 duration: None cls:
2019-06-13 00:20:12.414 27324 RALLYDEBUG rally.task.runner [-] Starting a worker. concurrency: 2 args: {"max_quota": 1024} times: 40 method_name: run timeout: 0 duration: None cls:
2019-06-13 00:20:12.414 27323 RALLYDEBUG rally.task.runner [-] Starting a worker. concurrency: 2 args: {"max_quota": 1024} times: 40 method_name: run timeout: 0 duration: None cls:
2019-06-13 00:20:12.420 27325 RALLYDEBUG rally.task.runner [-] Starting a worker. concurrency: 1 args: {"max_quota": 1024} times: 40 method_name: run timeout: 0 duration: None cls:
2019-06-13 00:20:12.422 27326 RALLYDEBUG rally.task.runner [-] Starting a worker. concurrency: 1 args: {"max_quota": 1024} times: 40 method_name: run timeout: 0 duration: None cls:
2019-06-13 00:20:12.424 27321 INFO rally.task.runner [-] Task 32d1919a-4745-47f2-87da-5e6ca5290cfb | ITER: 1 START
2019-06-13 00:20:12.426 27322 INFO rally.task.runner [-] Task 32d1919a-4745-47f2-87da-5e6ca5290cfb | ITER: 2 START
2019-06-13 00:20:12.427 27328 RALLYDEBUG rally.task.runner [-] Starting a worker. concurrency: 1 args: {"max_quota": 1024} times: 40 method_name: run timeout: 0 duration: None cls:
2019-06-13 00:20:12.431 27333 RALLYDEBUG rally.task.runner [-] Starting a worker. concurrency: 1 args: {"max_quota": 1024} times: 40 method_name: run timeout: 0 duration: None cls:
2019-06-13 00:20:12.433 27323 INFO rally.task.runner [-] Task 32d1919a-4745-47f2-87da-5e6ca5290cfb | ITER: 5 START
2019-06-13 00:20:12.431 27336 RALLYDEBUG rally.task.runner [-] Starting a worker. concurrency: 1 args: {"max_quota": 1024} times: 40 method_name: run timeout: 0 duration: None cls:
2019-06-13 00:20:12.433 27321 INFO rally.task.runner [-] Task 32d1919a-4745-47f2-87da-5e6ca5290cfb | ITER: 3 START
2019-06-13 00:20:12.432 27330 RALLYDEBUG rally.task.runner [-] Starting a worker. concurrency: 1 args: {"max_quota": 1024} times: 40 method_name: run timeout: 0 duration: None cls:
2019-06-13 00:20:12.435 27325 INFO rally.task.runner [-] Task 32d1919a-4745-47f2-87da-5e6ca5290cfb | ITER: 7 START
2019-06-13 00:20:12.434 27326 INFO rally.task.runner [-] Task 32d1919a-4745-47f2-87da-5e6ca5290cfb | ITER: 8 START
2019-06-13 00:20:12.435 27339 RALLYDEBUG rally.task.runner [-] Starting a worker. concurrency: 1 args: {"max_quota": 1024} times: 40 method_name: run timeout: 0 duration: None cls:
2019-06-13 00:20:12.439 27324 INFO rally.task.runner [-] Task 32d1919a-4745-47f2-87da-5e6ca5290cfb | ITER: 4 START
2019-06-13 00:20:12.442 27328 INFO rally.task.runner [-] Task 32d1919a-4745-47f2-87da-5e6ca5290cfb | ITER: 10 START
2019-06-13 00:20:12.440 27341 RALLYDEBUG rally.task.runner [-] Starting a worker. concurrency: 1 args: {"max_quota": 1024} times: 40 method_name: run timeout: 0 duration: None cls:
2019-06-13 00:20:12.442 27336 INFO rally.task.runner [-] Task 32d1919a-4745-47f2-87da-5e6ca5290cfb | ITER: 13 START
2019-06-13 00:20:12.442 27340 RALLYDEBUG rally.task.runner [-] Starting a worker. concurrency: 1 args: {"max_quota": 1024} times: 40 method_name: run timeout: 0 duration: None cls:
2019-06-13 00:20:12.443 27323 INFO rally.task.runner [-] Task 32d1919a-4745-47f2-87da-5e6ca5290cfb | ITER: 9 START
2019-06-13 00:20:12.441 27322 INFO rally.task.runner [-] Task 32d1919a-4745-47f2-87da-5e6ca5290cfb | ITER: 6 START
2019-06-13 00:20:12.449 27324 INFO rally.task.runner [-] Task 32d1919a-4745-47f2-87da-5e6ca5290cfb | ITER: 11 START
2019-06-13 00:20:12.450 27339 INFO rally.task.runner [-] Task 32d1919a-4745-47f2-87da-5e6ca5290cfb | ITER: 15 START
2019-06-13 00:20:12.450 27358 RALLYDEBUG rally.task.runner [-] Starting a worker. concurrency: 1 args: {"max_quota": 1024} times: 40 method_name: run timeout: 0 duration: None cls:
2019-06-13 00:20:12.453 27333 INFO rally.task.runner [-] Task 32d1919a-4745-47f2-87da-5e6ca5290cfb | ITER: 12 START
2019-06-13 00:20:12.453 27353 RALLYDEBUG rally.task.runner [-] Starting a worker. concurrency: 1 args: {"max_quota": 1024} times: 40 method_name: run timeout: 0 duration: None cls:
2019-06-13 00:20:12.454 27349 RALLYDEBUG rally.task.runner [-] Starting a worker. concurrency: 1 args: {"max_quota": 1024} times: 40 method_name: run timeout: 0 duration: None cls:
2019-06-13 00:20:12.452 27330 INFO rally.task.runner [-] Task 32d1919a-4745-47f2-87da-5e6ca5290cfb | ITER: 14 START
2019-06-13 00:20:12.460 27340 INFO rally.task.runner [-] Task 32d1919a-4745-47f2-87da-5e6ca5290cfb | ITER: 17 START
2019-06-13 00:20:12.460 27358 INFO rally.task.runner [-] Task 32d1919a-4745-47f2-87da-5e6ca5290cfb | ITER: 18 START
2019-06-13 00:20:12.462 27341 INFO rally.task.runner [-] Task 32d1919a-4745-47f2-87da-5e6ca5290cfb | ITER: 16 START
2019-06-13 00:20:12.463 27353 INFO rally.task.runner [-] Task 32d1919a-4745-47f2-87da-5e6ca5290cfb | ITER: 19 START
2019-06-13 00:20:12.469 27349 INFO rally.task.runner [-] Task 32d1919a-4745-47f2-87da-5e6ca5290cfb | ITER: 20 START
2019-06-13 00:20:14.559 27349 INFO rally.task.runner [-] Task 32d1919a-4745-47f2-87da-5e6ca5290cfb | ITER: 20 END: OK
2019-06-13 00:20:14.567 27349 INFO rally.task.runner [-] Task 32d1919a-4745-47f2-87da-5e6ca5290cfb | ITER: 21 START
2019-06-13 00:20:14.755 27323 INFO rally.task.runner [-] Task 32d1919a-4745-47f2-87da-5e6ca5290cfb | ITER: 9 END: OK
2019-06-13 00:20:14.759 27323 INFO rally.task.runner [-] Task 32d1919a-4745-47f2-87da-5e6ca5290cfb | ITER: 22 START
2019-06-13 00:20:14.821 27336 INFO rally.task.runner [-] Task 32d1919a-4745-47f2-87da-5e6ca5290cfb | ITER: 13 END: OK
2019-06-13 00:20:14.827 27336 INFO rally.task.runner [-] Task 32d1919a-4745-47f2-87da-5e6ca5290cfb | ITER: 23 START
2019-06-13 00:20:14.887 27322 INFO rally.task.runner [-] Task 32d1919a-4745-47f2-87da-5e6ca5290cfb | ITER: 2 END: OK
2019-06-13 00:20:14.894 27322 INFO rally.task.runner [-] Task 32d1919a-4745-47f2-87da-5e6ca5290cfb | ITER: 24 START
2019-06-13 00:20:14.910 27326 INFO rally.task.runner [-] Task 32d1919a-4745-47f2-87da-5e6ca5290cfb | ITER: 8 END: OK
2019-06-13 00:20:14.914 27326 INFO rally.task.runner [-] Task 32d1919a-4745-47f2-87da-5e6ca5290cfb | ITER: 25 START
2019-06-13 00:20:14.916 27353 INFO rally.task.runner [-] Task 32d1919a-4745-47f2-87da-5e6ca5290cfb | ITER: 19 END: OK
2019-06-13 00:20:14.921 27353 INFO rally.task.runner [-] Task 32d1919a-4745-47f2-87da-5e6ca5290cfb | ITER: 26 START
2019-06-13 00:20:14.940 27341 INFO rally.task.runner [-] Task 32d1919a-4745-47f2-87da-5e6ca5290cfb | ITER: 16 END: OK
2019-06-13 00:20:14.946 27341 INFO rally.task.runner [-] Task 32d1919a-4745-47f2-87da-5e6ca5290cfb | ITER: 27 START
2019-06-13 00:20:14.960 27333 INFO rally.task.runner [-] Task 32d1919a-4745-47f2-87da-5e6ca5290cfb | ITER: 12 END: OK
2019-06-13 00:20:14.966 27333 INFO rally.task.runner [-] Task 32d1919a-4745-47f2-87da-5e6ca5290cfb | ITER: 28 START
2019-06-13 00:20:14.998 27325 INFO rally.task.runner [-] Task 32d1919a-4745-47f2-87da-5e6ca5290cfb | ITER: 7 END: OK
2019-06-13 00:20:15.002 27325 INFO rally.task.runner [-] Task 32d1919a-4745-47f2-87da-5e6ca5290cfb | ITER: 29 START
2019-06-13 00:20:15.025 27339 INFO rally.task.runner [-] Task 32d1919a-4745-47f2-87da-5e6ca5290cfb | ITER: 15 END: OK
2019-06-13 00:20:15.031 27339 INFO rally.task.runner [-] Task 32d1919a-4745-47f2-87da-5e6ca5290cfb | ITER: 30 START
2019-06-13 00:20:15.062 27321 INFO rally.task.runner [-] Task 32d1919a-4745-47f2-87da-5e6ca5290cfb | ITER: 3 END: OK
2019-06-13 00:20:15.067 27321 INFO rally.task.runner [-] Task 32d1919a-4745-47f2-87da-5e6ca5290cfb | ITER: 31 START
2019-06-13 00:20:15.073 27322 INFO rally.task.runner [-] Task 32d1919a-4745-47f2-87da-5e6ca5290cfb | ITER: 6 END: OK
2019-06-13 00:20:15.077 27322 INFO rally.task.runner [-] Task 32d1919a-4745-47f2-87da-5e6ca5290cfb | ITER: 32 START
2019-06-13 00:20:15.086 27321 INFO rally.task.runner [-] Task 32d1919a-4745-47f2-87da-5e6ca5290cfb | ITER: 1 END: OK
2019-06-13 00:20:15.090 27321 INFO rally.task.runner [-] Task 32d1919a-4745-47f2-87da-5e6ca5290cfb | ITER: 33 START
2019-06-13 00:20:15.113 27328 INFO rally.task.runner [-] Task 32d1919a-4745-47f2-87da-5e6ca5290cfb | ITER: 10 END: OK
2019-06-13 00:20:15.118 27328 INFO rally.task.runner [-] Task 32d1919a-4745-47f2-87da-5e6ca5290cfb | ITER: 34 START
2019-06-13 00:20:15.124 27330 INFO rally.task.runner [-] Task 32d1919a-4745-47f2-87da-5e6ca5290cfb | ITER: 14 END: OK
2019-06-13 00:20:15.131 27330 INFO rally.task.runner [-] Task 32d1919a-4745-47f2-87da-5e6ca5290cfb | ITER: 35 START
2019-06-13 00:20:15.134 27358 INFO rally.task.runner [-] Task 32d1919a-4745-47f2-87da-5e6ca5290cfb | ITER: 18 END: OK
2019-06-13 00:20:15.138 27358 INFO rally.task.runner [-] Task 32d1919a-4745-47f2-87da-5e6ca5290cfb | ITER: 36 START
2019-06-13 00:20:15.146 27340 INFO rally.task.runner [-] Task 32d1919a-4745-47f2-87da-5e6ca5290cfb | ITER: 17 END: OK
2019-06-13 00:20:15.150 27340 INFO rally.task.runner [-] Task 32d1919a-4745-47f2-87da-5e6ca5290cfb | ITER: 37 START
2019-06-13 00:20:15.154 27324 INFO rally.task.runner [-] Task 32d1919a-4745-47f2-87da-5e6ca5290cfb | ITER: 4 END: OK
2019-06-13 00:20:15.159 27324 INFO rally.task.runner [-] Task 32d1919a-4745-47f2-87da-5e6ca5290cfb | ITER: 38 START
2019-06-13 00:20:15.169 27323 INFO rally.task.runner [-] Task 32d1919a-4745-47f2-87da-5e6ca5290cfb | ITER: 5 END: OK
2019-06-13 00:20:15.172 27323 INFO rally.task.runner [-] Task 32d1919a-4745-47f2-87da-5e6ca5290cfb | ITER: 39 START
2019-06-13 00:20:15.179 27324 INFO rally.task.runner [-] Task 32d1919a-4745-47f2-87da-5e6ca5290cfb | ITER: 11 END: OK
2019-06-13 00:20:15.183 27324 INFO rally.task.runner [-] Task 32d1919a-4745-47f2-87da-5e6ca5290cfb | ITER: 40 START
2019-06-13 00:20:15.595 27349 INFO rally.task.runner [-] Task 32d1919a-4745-47f2-87da-5e6ca5290cfb | ITER: 21 END: OK
2019-06-13 00:20:15.677 27323 INFO rally.task.runner [-] Task 32d1919a-4745-47f2-87da-5e6ca5290cfb | ITER: 22 END: OK
2019-06-13 00:20:15.731 27336 INFO rally.task.runner [-] Task 32d1919a-4745-47f2-87da-5e6ca5290cfb | ITER: 23 END: OK
2019-06-13 00:20:16.611 27325 INFO rally.task.runner [-] Task 32d1919a-4745-47f2-87da-5e6ca5290cfb | ITER: 29 END: OK
2019-06-13 00:20:16.910 27353 INFO rally.task.runner [-] Task 32d1919a-4745-47f2-87da-5e6ca5290cfb | ITER: 26 END: OK
2019-06-13 00:20:16.929 27326 INFO rally.task.runner [-] Task 32d1919a-4745-47f2-87da-5e6ca5290cfb | ITER: 25 END: OK
2019-06-13 00:20:17.017 27321 INFO rally.task.runner [-] Task 32d1919a-4745-47f2-87da-5e6ca5290cfb | ITER: 31 END: OK
2019-06-13 00:20:17.036 27341 INFO rally.task.runner [-] Task 32d1919a-4745-47f2-87da-5e6ca5290cfb | ITER: 27 END: OK
2019-06-13 00:20:17.169 27322 INFO rally.task.runner [-] Task 32d1919a-4745-47f2-87da-5e6ca5290cfb | ITER: 24 END: OK
2019-06-13 00:20:17.221 27321 INFO rally.task.runner [-] Task 32d1919a-4745-47f2-87da-5e6ca5290cfb | ITER: 33 END: OK
2019-06-13 00:20:17.334 27328 INFO rally.task.runner [-] Task 32d1919a-4745-47f2-87da-5e6ca5290cfb | ITER: 34 END: OK
2019-06-13 00:20:17.411 27322 INFO rally.task.runner [-] Task 32d1919a-4745-47f2-87da-5e6ca5290cfb | ITER: 32 END: OK
2019-06-13 00:20:17.461 27330 INFO rally.task.runner [-] Task 32d1919a-4745-47f2-87da-5e6ca5290cfb | ITER: 35 END: OK
2019-06-13 00:20:17.491 27358 INFO rally.task.runner [-] Task 32d1919a-4745-47f2-87da-5e6ca5290cfb | ITER: 36 END: OK
2019-06-13 00:20:17.526 27324 INFO rally.task.runner [-] Task 32d1919a-4745-47f2-87da-5e6ca5290cfb | ITER: 38 END: OK
2019-06-13 00:20:17.564 27324 INFO rally.task.runner [-] Task 32d1919a-4745-47f2-87da-5e6ca5290cfb | ITER: 40 END: OK
2019-06-13 00:20:17.588 27333 INFO rally.task.runner [-] Task 32d1919a-4745-47f2-87da-5e6ca5290cfb | ITER: 28 END: OK
2019-06-13 00:20:17.610 27323 INFO rally.task.runner [-] Task 32d1919a-4745-47f2-87da-5e6ca5290cfb | ITER: 39 END: OK
2019-06-13 00:20:17.628 27340 INFO rally.task.runner [-] Task 32d1919a-4745-47f2-87da-5e6ca5290cfb | ITER: 37 END: OK
2019-06-13 00:20:17.647 27339 INFO rally.task.runner [-] Task 32d1919a-4745-47f2-87da-5e6ca5290cfb | ITER: 30 END: OK
2019-06-13 00:20:17.666 22705 INFO rally.task.context [-] Task 32d1919a-4745-47f2-87da-5e6ca5290cfb | Context admin_cleanup@openstack cleanup() started
2019-06-13 00:20:17.669 22705 RALLYDEBUG rally_openstack.cleanup.manager [-] Cleaning up neutron quota objects
2019-06-13 00:20:22.099 22705 INFO rally.task.context [-] Task 32d1919a-4745-47f2-87da-5e6ca5290cfb | Context admin_cleanup@openstack cleanup() finished in 4.43 sec
2019-06-13 00:20:22.099 22705 INFO rally.task.context [-] Task 32d1919a-4745-47f2-87da-5e6ca5290cfb | Context users@openstack cleanup() started
2019-06-13 00:20:54.240 22705 INFO rally.task.context [-] Task 32d1919a-4745-47f2-87da-5e6ca5290cfb | Context users@openstack cleanup() finished in 32.14 sec
2019-06-13 00:20:54.493 22705 INFO rally.task.engine [-] Load duration is: 5.22132
2019-06-13 00:20:54.494 22705 INFO rally.task.engine [-] Full runner duration is: 5.270061
2019-06-13 00:20:54.494 22705 INFO rally.task.engine [-] Full duration is: 48.058075
2019-06-13 00:20:54.783 22705 INFO rally.task.engine [-] Running workload: position = 0 config = { "version": 2, "title": "A cropped version of a bigger task.", "description": "Auto-generated task from a single workload (uuid=4943e5ff-1d29-4ba0-9bfa-b23400410bb9)", "subtasks": [ { "title": "NeutronTrunks.create_and_list_trunk_subports", "description": "", "scenario": { "NeutronTrunks.create_and_list_trunk_subports": { "subport_count": 125 } }, "contexts": { "users": { "tenants": 1, "users_per_tenant": 1 }, "quotas": { "neutron": { "network": -1, "port": 1000 } } }, "runner": { "constant": { "times": 4, "concurrency": 4 } }, "hooks": [], "sla": { "failure_rate": { "max": 0 } } } ] }
2019-06-13 00:20:54.804 22705 RALLYDEBUG rally_openstack.contexts.keystone.users [-] Creating 1 tenants using 20 threads
2019-06-13 00:20:56.565 22705 RALLYDEBUG rally_openstack.contexts.keystone.users [-] Creating 1 users using 20 threads
2019-06-13 00:20:59.348 22705 INFO rally.task.context [-] Task 32d1919a-4745-47f2-87da-5e6ca5290cfb | Context users@openstack setup() finished in 4.54 sec
2019-06-13 00:21:00.130 22705 INFO rally.task.context [-] Task 32d1919a-4745-47f2-87da-5e6ca5290cfb | Context quotas@openstack setup() finished in 0.78 sec
2019-06-13 00:21:00.131 22705 INFO rally.task.context [-] Task 32d1919a-4745-47f2-87da-5e6ca5290cfb | Context cleanup@openstack setup() finished in 0.00 msec
2019-06-13 00:21:00.138 22705 RALLYDEBUG rally.task.runner [-] Starting the constant runner (task UUID: 32d1919a-4745-47f2-87da-5e6ca5290cfb). timeout: 0 concurrency: 4 concurrency_per_worker: 1 times: 4 concurrency_overhead: 0 processes_to_start: 4 max_cpu_used: 16
2019-06-13 00:21:00.150 27511 RALLYDEBUG rally.task.runner [-] Starting a worker. concurrency: 1 args: {"subport_count": 125} times: 4 method_name: run timeout: 0 duration: None cls:
2019-06-13 00:21:00.153 27513 RALLYDEBUG rally.task.runner [-] Starting a worker. concurrency: 1 args: {"subport_count": 125} times: 4 method_name: run timeout: 0 duration: None cls:
2019-06-13 00:21:00.153 27512 RALLYDEBUG rally.task.runner [-] Starting a worker. concurrency: 1 args: {"subport_count": 125} times: 4 method_name: run timeout: 0 duration: None cls:
2019-06-13 00:21:00.156 27513 INFO rally.task.runner [-] Task 32d1919a-4745-47f2-87da-5e6ca5290cfb | ITER: 2 START
2019-06-13 00:21:00.156 27511 INFO rally.task.runner [-] Task 32d1919a-4745-47f2-87da-5e6ca5290cfb | ITER: 1 START
2019-06-13 00:21:00.158 27512 INFO rally.task.runner [-] Task 32d1919a-4745-47f2-87da-5e6ca5290cfb | ITER: 3 START
2019-06-13 00:21:00.160 27514 RALLYDEBUG rally.task.runner [-] Starting a worker. concurrency: 1 args: {"subport_count": 125} times: 4 method_name: run timeout: 0 duration: None cls:
2019-06-13 00:21:00.165 27514 INFO rally.task.runner [-] Task 32d1919a-4745-47f2-87da-5e6ca5290cfb | ITER: 4 START
2019-06-13 00:23:38.948 27512 WARNING rally.task.atomic [-] 'optional_action_timer' is deprecated since rally v0.10.0.Please use action_timer instead, we have improved atomic actions, now do not need to explicitly close original action.
2019-06-13 00:23:38.988 27512 WARNING rally.task.atomic [-] 'optional_action_timer' is deprecated since rally v0.10.0.Please use action_timer instead, we have improved atomic actions, now do not need to explicitly close original action.
2019-06-13 00:23:39.535 27512 INFO rally.task.runner [-] Task 32d1919a-4745-47f2-87da-5e6ca5290cfb | ITER: 3 END: OK
2019-06-13 00:23:41.497 27511 WARNING rally.task.atomic [-] 'optional_action_timer' is deprecated since rally v0.10.0.Please use action_timer instead, we have improved atomic actions, now do not need to explicitly close original action.
2019-06-13 00:23:41.544 27511 WARNING rally.task.atomic [-] 'optional_action_timer' is deprecated since rally v0.10.0.Please use action_timer instead, we have improved atomic actions, now do not need to explicitly close original action.
2019-06-13 00:23:42.332 27511 INFO rally.task.runner [-] Task 32d1919a-4745-47f2-87da-5e6ca5290cfb | ITER: 1 END: OK
2019-06-13 00:23:43.338 27513 WARNING rally.task.atomic [-] 'optional_action_timer' is deprecated since rally v0.10.0.Please use action_timer instead, we have improved atomic actions, now do not need to explicitly close original action.
2019-06-13 00:23:43.380 27513 WARNING rally.task.atomic [-] 'optional_action_timer' is deprecated since rally v0.10.0.Please use action_timer instead, we have improved atomic actions, now do not need to explicitly close original action.
2019-06-13 00:23:44.001 27513 INFO rally.task.runner [-] Task 32d1919a-4745-47f2-87da-5e6ca5290cfb | ITER: 2 END: OK
2019-06-13 00:23:46.479 27514 WARNING rally.task.atomic [-] 'optional_action_timer' is deprecated since rally v0.10.0.Please use action_timer instead, we have improved atomic actions, now do not need to explicitly close original action.
2019-06-13 00:23:46.518 27514 WARNING rally.task.atomic [-] 'optional_action_timer' is deprecated since rally v0.10.0.Please use action_timer instead, we have improved atomic actions, now do not need to explicitly close original action.
2019-06-13 00:23:47.379 27514 INFO rally.task.runner [-] Task 32d1919a-4745-47f2-87da-5e6ca5290cfb | ITER: 4 END: OK
2019-06-13 00:23:47.405 22705 INFO rally.task.context [-] Task 32d1919a-4745-47f2-87da-5e6ca5290cfb | Context cleanup@openstack cleanup() started
2019-06-13 00:23:47.408 22705 RALLYDEBUG rally_openstack.cleanup.manager [-] Cleaning up neutron vip objects
2019-06-13 00:23:48.179 22705 RALLYDEBUG rally_openstack.cleanup.manager [-] Cleaning up neutron health_monitor objects
2019-06-13 00:23:48.938 22705 RALLYDEBUG rally_openstack.cleanup.manager [-] Cleaning up neutron pool objects
2019-06-13 00:23:49.765 22705 RALLYDEBUG rally_openstack.cleanup.manager [-] Cleaning up neutron loadbalancer objects
2019-06-13 00:23:50.947 22705 RALLYDEBUG rally_openstack.cleanup.manager [-] Cleaning up neutron floatingip objects
2019-06-13 00:23:51.733 22705 RALLYDEBUG rally_openstack.cleanup.manager [-] Cleaning up neutron port objects
2019-06-13 00:23:53.724 22705 RALLYDEBUG rally_openstack.cleanup.manager [-] Deleting neutron.port object s_rally_4943e5ff_2rvLAbWH (000a298b-fbcc-4a4a-a7f5-860e29d87ae0)
2019-06-13 00:23:53.724 22705 RALLYDEBUG rally_openstack.cleanup.manager [-] Deleting neutron.port object s_rally_4943e5ff_fx4CrwfP (06a03099-6dbf-4829-9a3b-4bbd8344f928)
2019-06-13 00:23:53.732 22705 RALLYDEBUG rally_openstack.cleanup.manager [-] Deleting neutron.port object s_rally_4943e5ff_Zis48Uow (06bc0461-10b6-4669-b61d-cfbb6a001130)
2019-06-13 00:23:53.737 22705 RALLYDEBUG rally_openstack.cleanup.manager [-] Deleting neutron.port object s_rally_4943e5ff_VSpltbb2 (02bf46fa-39ba-461d-9a69-bf089a33c4c7)
2019-06-13 00:23:53.738 22705 RALLYDEBUG rally_openstack.cleanup.manager [-] Deleting neutron.port object s_rally_4943e5ff_SgeTbj6r (064b8c6a-5560-4fae-9299-c7c704585ed9)
2019-06-13 00:23:53.740 22705 RALLYDEBUG rally_openstack.cleanup.manager [-] Deleting neutron.port object s_rally_4943e5ff_Mpw6eJ8q (01827bc3-80dd-43bf-9f73-78e544ca5b83)
2019-06-13 00:23:53.751 22705 RALLYDEBUG rally_openstack.cleanup.manager [-] Deleting neutron.port object s_rally_4943e5ff_Gf9GxFtt (048e9d86-e6ae-4560-bb58-c448a72f2050)
2019-06-13 00:23:53.757 22705 RALLYDEBUG rally_openstack.cleanup.manager [-] Deleting neutron.port object s_rally_4943e5ff_YOQOGeiM (049b2218-3529-433a-9e30-bb4c4df5c0f1)
2019-06-13 00:23:53.758 22705 RALLYDEBUG rally_openstack.cleanup.manager [-] Deleting neutron.port object s_rally_4943e5ff_iHo3GheC (07220782-37fb-4553-8f10-98d3e8256943)
2019-06-13 00:23:53.766 22705 RALLYDEBUG rally_openstack.cleanup.manager [-] Deleting neutron.port object s_rally_4943e5ff_HH4i2Lbj (074d47f4-9412-4038-aae3-61d781033840)
2019-06-13 00:23:53.766 22705 RALLYDEBUG rally_openstack.cleanup.manager [-] Deleting neutron.port object s_rally_4943e5ff_a9rVB57u (018bf0ad-7ef0-455c-88f3-2d8657a68db5)
2019-06-13 00:23:53.767 22705 RALLYDEBUG rally_openstack.cleanup.manager [-] Deleting neutron.port object s_rally_4943e5ff_HVE4R7EQ (072b6b57-4beb-48d4-b724-f445a5c52035)
2019-06-13 00:23:53.767 22705 RALLYDEBUG rally_openstack.cleanup.manager [-] Deleting neutron.port object s_rally_4943e5ff_PR90iNMb (0716fa77-55d0-4ef6-9f4f-7b80a58b00b5)
2019-06-13 00:23:53.769 22705 RALLYDEBUG rally_openstack.cleanup.manager [-] Deleting neutron.port object s_rally_4943e5ff_UquwxnMs (076c1d7f-eea1-4aa1-8715-f29d9d75e4b6)
2019-06-13 00:23:53.780 22705 RALLYDEBUG rally_openstack.cleanup.manager [-] Deleting neutron.port object s_rally_4943e5ff_3KPoLhJE (08f94b38-9c00-4a97-94d9-37bed8b66f56)
2019-06-13 00:23:53.786 22705 RALLYDEBUG rally_openstack.cleanup.manager [-] Deleting neutron.port object s_rally_4943e5ff_ChaCG7Q3 (09839fa7-2715-4d38-9894-918ea97b187f)
2019-06-13 00:23:53.797 22705 RALLYDEBUG rally_openstack.cleanup.manager [-] Deleting neutron.port object s_rally_4943e5ff_Sf4t3l4V (09779d5b-7435-4606-8439-72a0d51e7b5e)
2019-06-13 00:23:53.815 22705 RALLYDEBUG rally_openstack.cleanup.manager [-] Deleting neutron.port object s_rally_4943e5ff_FkRIdYLu (0a3d0c85-7a81-4183-ac45-f8383b5a7dbd)
2019-06-13 00:23:53.820 22705 RALLYDEBUG rally_openstack.cleanup.manager [-] Deleting neutron.port object s_rally_4943e5ff_a9p6NBha (09cf3d66-0967-4e75-9255-0a3721971e5f)
2019-06-13 00:23:53.835 22705 RALLYDEBUG rally_openstack.cleanup.manager [-] Deleting neutron.port object s_rally_4943e5ff_PjnkUUD6 (0a57dd4e-1c81-42ce-bb3c-65ef7e4eb100)
2019-06-13 00:23:56.478 22705 RALLYDEBUG rally_openstack.cleanup.manager [-] Deleting neutron.port object s_rally_4943e5ff_kHna5MjX (0ac63a32-18dd-4f10-9d5b-fed8512eb8cb)
2019-06-13 00:23:56.502 22705 RALLYDEBUG rally_openstack.cleanup.manager [-] Deleting neutron.port object s_rally_4943e5ff_yjPNRrYM (0b56a17a-b105-4cd9-93fd-773d4ff7daa6)
2019-06-13 00:23:56.508 22705 RALLYDEBUG rally_openstack.cleanup.manager [-] Deleting neutron.port object s_rally_4943e5ff_UjE38qqo (0bd566c3-25c8-47e0-a771-490e94be2f6d)
2019-06-13 00:23:56.526 22705 RALLYDEBUG rally_openstack.cleanup.manager [-] Deleting neutron.port object s_rally_4943e5ff_MvVRqxk5 (0c03dca6-a0f7-49c6-bb4c-978b025a2c48)
2019-06-13 00:23:56.542 22705 RALLYDEBUG rally_openstack.cleanup.manager [-] Deleting neutron.port object s_rally_4943e5ff_Qc9KcaDa (0c0d67a7-2d50-4125-99cd-c0226a570f9b)
2019-06-13 00:23:56.554 22705 RALLYDEBUG rally_openstack.cleanup.manager [-] Deleting neutron.port object s_rally_4943e5ff_PiDJx4Vr (0d71b5ab-f551-4a34-83a2-1a03fa02be2d)
2019-06-13 00:23:56.557 22705 RALLYDEBUG rally_openstack.cleanup.manager [-] Deleting neutron.port object s_rally_4943e5ff_FxaxF9yB (0d88f198-1850-4e7c-914f-164244357628)
2019-06-13 00:23:56.618 22705 RALLYDEBUG rally_openstack.cleanup.manager [-] Deleting neutron.port object s_rally_4943e5ff_Oscch50h (0d93f20b-7926-47e3-a099-35d81509dcce)
2019-06-13 00:23:56.647 22705 RALLYDEBUG rally_openstack.cleanup.manager [-] Deleting neutron.port object s_rally_4943e5ff_IZpTCpDy (0de08671-6e7d-430c-af40-51ba1ae0c515)
2019-06-13 00:23:56.707 22705 RALLYDEBUG rally_openstack.cleanup.manager [-] Deleting neutron.port object s_rally_4943e5ff_58Bq57Df (0eab144f-4e0b-4440-87c6-5cd0de30b8ea)
2019-06-13 00:23:56.750 22705 RALLYDEBUG rally_openstack.cleanup.manager [-] Deleting neutron.port object s_rally_4943e5ff_fsTU4oar (0f23c887-b3fb-4aca-b953-f3347fd113d6)
2019-06-13 00:23:56.812 22705 RALLYDEBUG rally_openstack.cleanup.manager [-] Deleting neutron.port object s_rally_4943e5ff_VVIF47BU (0f416ca1-3352-482c-bbf0-cfea592b17f7)
2019-06-13 00:23:56.943 22705 RALLYDEBUG rally_openstack.cleanup.manager [-] Deleting neutron.port object s_rally_4943e5ff_sIrOGbFZ (0ff985e1-2174-44e4-9d49-ad46a7aa07cf)
2019-06-13 00:23:57.411 22705 RALLYDEBUG rally_openstack.cleanup.manager [-] Deleting neutron.port object s_rally_4943e5ff_LJXQqREv (10183410-0edf-4ddd-b9f3-8002d9fdc631)
2019-06-13 00:23:57.413 22705 RALLYDEBUG rally_openstack.cleanup.manager [-] Deleting neutron.port object s_rally_4943e5ff_AbdhZf7c (1038d86e-407f-40c4-99c7-6169f38061e3)
2019-06-13 00:23:57.589 22705 RALLYDEBUG rally_openstack.cleanup.manager [-] Deleting neutron.port object s_rally_4943e5ff_MmgnBKIk (11fbb519-4421-4c42-ae97-82acb385345e)
2019-06-13 00:23:57.598 22705 RALLYDEBUG rally_openstack.cleanup.manager [-] Deleting neutron.port object s_rally_4943e5ff_Z1O6voan (133312d6-b6e5-45e4-95d3-9d91cf626513)
2019-06-13 00:23:58.035 22705 RALLYDEBUG rally_openstack.cleanup.manager [-] Deleting neutron.port object s_rally_4943e5ff_OsT06bqr (1412d0fa-6396-4d60-9b3c-26c6218a3c05)
2019-06-13 00:23:58.104 22705 RALLYDEBUG rally_openstack.cleanup.manager [-] Deleting neutron.port object s_rally_4943e5ff_nagN83FE (141a946e-8aef-4e86-81a2-e2af193063bf)
2019-06-13 00:23:58.131 22705 RALLYDEBUG rally_openstack.cleanup.manager [-] Deleting neutron.port object s_rally_4943e5ff_CL942vI6 (159fd90a-dfbe-4040-a6fa-7233574f14e3)
2019-06-13 00:23:58.880 22705 RALLYDEBUG rally_openstack.cleanup.manager [-] Deleting neutron.port object s_rally_4943e5ff_arsU997Y (15becbb2-3826-4366-966e-024ef34edca4)
2019-06-13 00:23:59.040 22705 RALLYDEBUG rally_openstack.cleanup.manager [-] Deleting neutron.port object s_rally_4943e5ff_q8DS3UkX (15fc3edf-4f65-4b3d-ba4a-dc2295a8fc77)
2019-06-13 00:23:59.107 22705 RALLYDEBUG rally_openstack.cleanup.manager [-] Deleting neutron.port object s_rally_4943e5ff_cqPRZNLx (165d5fc7-2cca-4107-9203-e828efb86afb)
2019-06-13 00:23:59.224 22705 RALLYDEBUG rally_openstack.cleanup.manager [-] Deleting neutron.port object s_rally_4943e5ff_cvphcXnF (1687eaef-66e6-43fa-b07c-3fa4c37afad9)
2019-06-13 00:23:59.332 22705 RALLYDEBUG rally_openstack.cleanup.manager [-] Deleting neutron.port object s_rally_4943e5ff_6elDdEnP (16cfabd7-a206-4471-8886-6c82aeaad61f)
2019-06-13 00:23:59.334 22705 RALLYDEBUG rally_openstack.cleanup.manager [-] Deleting neutron.port object s_rally_4943e5ff_BgO5AZ8E (17a1595f-c937-4f20-a04e-9729ce3d45b3)
2019-06-13 00:23:59.516 22705 RALLYDEBUG rally_openstack.cleanup.manager [-] Deleting neutron.port object s_rally_4943e5ff_wgOMdPh4 (17dc582d-3e31-41b7-8e72-21139bda3ec2)
2019-06-13 00:23:59.536 22705 RALLYDEBUG rally_openstack.cleanup.manager [-] Deleting neutron.port object s_rally_4943e5ff_r8PZHnSg (17f4105f-0b46-4789-b226-3d3c8df0862f)
2019-06-13 00:23:59.613 22705 RALLYDEBUG rally_openstack.cleanup.manager [-] Deleting neutron.port object s_rally_4943e5ff_n1WyPefC (186cb972-fc47-4d8b-babb-db8ce296739f)
2019-06-13 00:23:59.744 22705 RALLYDEBUG rally_openstack.cleanup.manager [-] Deleting neutron.port object s_rally_4943e5ff_RoQwoM5r (18e7d93e-4476-48a7-b042-ec844a35af7c)
2019-06-13 00:23:59.759 22705 RALLYDEBUG rally_openstack.cleanup.manager [-] Deleting neutron.port object s_rally_4943e5ff_EzhHzvbK (1915e001-a985-429f-8bc3-5ca9177be34c)
2019-06-13 00:24:00.105 22705 RALLYDEBUG rally_openstack.cleanup.manager [-] Deleting neutron.port object s_rally_4943e5ff_8T53bbvk (194950e7-594a-412a-aa4a-36a2e5480f2a)
2019-06-13 00:24:00.273 22705 RALLYDEBUG rally_openstack.cleanup.manager [-] Deleting neutron.port object s_rally_4943e5ff_1kIPP0dn (19fa4155-fd95-4c95-a498-884313454457)
2019-06-13 00:24:00.390 22705 RALLYDEBUG rally_openstack.cleanup.manager [-] Deleting neutron.port object s_rally_4943e5ff_JFLCIyXI (1a2bd4b8-148f-4ff5-960b-53a9b9b430a3)
2019-06-13 00:24:00.582 22705 RALLYDEBUG rally_openstack.cleanup.manager [-] Deleting neutron.port object s_rally_4943e5ff_yzWtDH20 (1ade037c-972a-4e0e-945c-05b2a7706e72)
2019-06-13 00:24:01.098 22705 RALLYDEBUG rally_openstack.cleanup.manager [-] Deleting neutron.port object s_rally_4943e5ff_yXCliN7k (1afba2a2-7f10-4b05-82d4-0d100399fcee)
2019-06-13 00:24:01.129 22705 RALLYDEBUG rally_openstack.cleanup.manager [-] Deleting neutron.port object s_rally_4943e5ff_4vRkImRp (1cf51a4a-db1d-4a7f-989d-d204df11c5e1)
2019-06-13 00:24:01.607 22705 RALLYDEBUG rally_openstack.cleanup.manager [-] Deleting neutron.port object s_rally_4943e5ff_w1ipdFj2 (1d187415-8008-4739-9f35-b8cdcdfe60d2)
2019-06-13 00:24:01.692 22705 RALLYDEBUG rally_openstack.cleanup.manager [-] Deleting neutron.port object s_rally_4943e5ff_nVbgGbpo (1e6a350f-99f2-407c-a3bc-7fce6d371e69)
2019-06-13 00:24:01.824 22705 RALLYDEBUG rally_openstack.cleanup.manager [-] Deleting neutron.port object s_rally_4943e5ff_PXhBFfrU (20c0d4b2-5a6b-4cd4-9978-036b3f3a4707)
2019-06-13 00:24:02.010 22705 RALLYDEBUG rally_openstack.cleanup.manager [-] Deleting neutron.port object s_rally_4943e5ff_2NWMmJcP (222d2a5a-dc6b-43ac-ad0d-b7fa6cc485f2)
2019-06-13 00:24:02.252 22705 RALLYDEBUG rally_openstack.cleanup.manager [-] Deleting neutron.port object s_rally_4943e5ff_ZtxQYiok (22602ed1-5505-45a2-a3f5-08d7dca9a475)
2019-06-13 00:24:02.350 22705 RALLYDEBUG rally_openstack.cleanup.manager [-] Deleting neutron.port object s_rally_4943e5ff_J5gsZ5xk (236bb0e6-c7c9-4c92-9207-1ed143aedeaf)
2019-06-13 00:24:02.406 22705 RALLYDEBUG rally_openstack.cleanup.manager [-] Deleting neutron.port object s_rally_4943e5ff_y8RxlQNW (23f122dd-f2cc-40df-b571-8a44d2525472)
2019-06-13 00:24:02.498 22705 RALLYDEBUG rally_openstack.cleanup.manager [-] Deleting neutron.port object s_rally_4943e5ff_9WMvaf1E (243dd128-e1c0-42a6-bd73-fec97f9db73b)
2019-06-13 00:24:02.579 22705 RALLYDEBUG rally_openstack.cleanup.manager [-] Deleting neutron.port object s_rally_4943e5ff_tEVvC4Ht (25027d14-9797-4fd2-810c-731d98095f16)
2019-06-13 00:24:02.656 22705 RALLYDEBUG rally_openstack.cleanup.manager [-] Deleting neutron.port object s_rally_4943e5ff_FdXen2b1 (2570343b-97ec-4362-9fbd-79679646d0c0)
2019-06-13 00:24:02.665 22705 RALLYDEBUG rally_openstack.cleanup.manager [-] Deleting neutron.port object s_rally_4943e5ff_UcJDaYWR (26524857-9412-4582-9d09-3f9c454736de)
2019-06-13 00:24:02.757 22705 RALLYDEBUG rally_openstack.cleanup.manager [-] Deleting neutron.port object s_rally_4943e5ff_ayeWrCgF (26642664-3834-4909-a5e2-28487875a5fe)
2019-06-13 00:24:02.773 22705 RALLYDEBUG rally_openstack.cleanup.manager [-] Deleting neutron.port object s_rally_4943e5ff_KOAzaul5 (26af342b-afaa-4fce-97a7-31a5df249ab6)
2019-06-13 00:24:02.861 22705 RALLYDEBUG rally_openstack.cleanup.manager [-] Deleting neutron.port object s_rally_4943e5ff_XmwEx8u9 (26e53e3a-e021-46d7-8ff6-8c35aab1f14e)
2019-06-13 00:24:03.200 22705 RALLYDEBUG rally_openstack.cleanup.manager [-] Deleting neutron.port object s_rally_4943e5ff_NDUgcsdn (26ef0e8e-8674-4028-936f-26f603e34093)
2019-06-13 00:24:03.442 22705 RALLYDEBUG rally_openstack.cleanup.manager [-] Deleting neutron.port object s_rally_4943e5ff_wEjY31Uw (27bb7f1f-2e84-495f-a3b4-6418b455e542)
2019-06-13 00:24:03.499 22705 RALLYDEBUG rally_openstack.cleanup.manager [-] Deleting neutron.port object s_rally_4943e5ff_wkHuGTu8 (28c6d8ff-ee8f-4282-8ba8-5eae42fd46a6)
2019-06-13 00:24:03.505 22705 RALLYDEBUG rally_openstack.cleanup.manager [-] Deleting neutron.port object s_rally_4943e5ff_NmiLcsIQ (2959cf18-0043-417e-b53e-62699620fbc9)
2019-06-13 00:24:03.612 22705 RALLYDEBUG rally_openstack.cleanup.manager [-] Deleting neutron.port object s_rally_4943e5ff_Pk9ZCBrS (29ff8332-8d23-44bb-b9f6-cac74d0c43c1)
2019-06-13 00:24:03.659 22705 RALLYDEBUG rally_openstack.cleanup.manager [-] Deleting neutron.port object s_rally_4943e5ff_YXl4vscR (2a424283-ae5c-4ed4-a66f-0f008d63cb19)
2019-06-13 00:24:04.240 22705 RALLYDEBUG rally_openstack.cleanup.manager [-] Deleting neutron.port object s_rally_4943e5ff_jHSbAJuB (2b933cbc-42ad-4d28-babb-356a89677558)
2019-06-13 00:24:04.260 22705 RALLYDEBUG rally_openstack.cleanup.manager [-] Deleting neutron.port object s_rally_4943e5ff_Xlvxps3q (2de5570f-1d6c-42c9-826b-a981a4e3f8bd)
2019-06-13 00:24:04.686 22705 RALLYDEBUG rally_openstack.cleanup.manager [-] Deleting neutron.port object s_rally_4943e5ff_TYgskzOF (2de9dde0-a6f6-41c3-b57c-3943882a1232)
2019-06-13 00:24:04.686 22705 RALLYDEBUG rally_openstack.cleanup.manager [-] Deleting neutron.port object s_rally_4943e5ff_jIvPYowy (2f3f9eeb-02f5-4052-adf6-4b7be0193141)
2019-06-13 00:24:04.696 22705 RALLYDEBUG rally_openstack.cleanup.manager [-] Deleting neutron.port object s_rally_4943e5ff_XlLeuao5 (2f5460c1-8983-4747-9475-59fabd830a58)
2019-06-13 00:24:04.793 22705 RALLYDEBUG rally_openstack.cleanup.manager [-] Deleting neutron.port object s_rally_4943e5ff_i2gZqKdd (2ffcfc25-2b06-4907-8bc4-8a0df9608339)
2019-06-13 00:24:04.981 22705 RALLYDEBUG rally_openstack.cleanup.manager [-] Deleting neutron.port object s_rally_4943e5ff_GqG9Z95p (30115d1c-1431-4a17-b10e-a98df60b1f06)
2019-06-13 00:24:05.030 22705 RALLYDEBUG rally_openstack.cleanup.manager [-] Deleting neutron.port object s_rally_4943e5ff_2Xqbmfcp (30decef4-4d92-40cc-9fc9-3d4581808e55)
2019-06-13 00:24:05.189 22705 RALLYDEBUG rally_openstack.cleanup.manager [-] Deleting neutron.port object s_rally_4943e5ff_ffldkul0 (32931ee9-3f82-4333-985a-431010f53f2c)
2019-06-13 00:24:05.234 22705 RALLYDEBUG rally_openstack.cleanup.manager [-] Deleting neutron.port object s_rally_4943e5ff_XSi1DTDr (3310b850-b90a-4a55-bf2e-e1aad04dbc08)
2019-06-13 00:24:05.437 22705 RALLYDEBUG rally_openstack.cleanup.manager [-] Deleting neutron.port object s_rally_4943e5ff_TExQTw6r (343acc49-ec36-4ce7-9390-7588b7879dc9)
2019-06-13 00:24:05.609 22705 RALLYDEBUG rally_openstack.cleanup.manager [-] Deleting neutron.port object s_rally_4943e5ff_LV53O6ad (347022cf-84e7-4ced-865b-6dbe9bab5833)
2019-06-13 00:24:05.713 22705 RALLYDEBUG rally_openstack.cleanup.manager [-] Deleting neutron.port object s_rally_4943e5ff_fTLTGQnT (350955e5-777c-4622-985a-3ceb2c2e53b0)
2019-06-13 00:24:05.768 22705 RALLYDEBUG rally_openstack.cleanup.manager [-] Deleting neutron.port object s_rally_4943e5ff_OLZPyhzg (35224c32-fd2a-491d-bf18-0999dee6046e)
2019-06-13 00:24:05.795 22705 RALLYDEBUG rally_openstack.cleanup.manager [-] Deleting neutron.port object s_rally_4943e5ff_1rbC2ulH (35459d84-e4ad-4e84-9d03-d2701039a477)
2019-06-13 00:24:05.842 22705 RALLYDEBUG rally_openstack.cleanup.manager [-] Deleting neutron.port object s_rally_4943e5ff_EFtaUQ80 (356b4e4b-434d-4622-ba1f-0b2128fbc1a3)
2019-06-13 00:24:05.975 22705 RALLYDEBUG rally_openstack.cleanup.manager [-] Deleting neutron.port object s_rally_4943e5ff_GNYdXarx (3636bd98-0897-4d35-9c97-aa24715a1e80)
2019-06-13 00:24:06.320 22705 RALLYDEBUG rally_openstack.cleanup.manager [-] Deleting neutron.port object s_rally_4943e5ff_BIHGNxEW (3649cd39-f43a-436b-b093-68f536a17ed1)
2019-06-13 00:24:06.702 22705 RALLYDEBUG rally_openstack.cleanup.manager [-] Deleting neutron.port object s_rally_4943e5ff_l8b85Ttg (366a293c-e609-4e97-aee9-5cd4edf87f85)
2019-06-13 00:24:06.763 22705 RALLYDEBUG rally_openstack.cleanup.manager [-] Deleting neutron.port object s_rally_4943e5ff_CUMrXE59 (36f1fe2c-d76e-4d8e-8e49-66dd73303c25)
2019-06-13 00:24:06.766 22705 RALLYDEBUG rally_openstack.cleanup.manager [-] Deleting neutron.port object s_rally_4943e5ff_h54O0Cte (3703c3d7-19ca-4c85-855b-abb5d383c69a)
2019-06-13 00:24:06.867 22705 RALLYDEBUG rally_openstack.cleanup.manager [-] Deleting neutron.port object s_rally_4943e5ff_jXc0FRdF (370b9cc7-ce7e-47e4-8f13-4f3b04012151)
