2019-06-12 22:12:36.308 1842 INFO rally.task.context [-] Task c060a885-591e-4f9a-aacd-a976320d3e42 | Context quotas@openstack setup() finished in 1.73 sec
2019-06-12 22:12:36.309 1842 INFO rally.task.context [-] Task c060a885-591e-4f9a-aacd-a976320d3e42 | Context cleanup@openstack setup() finished in 0.01 msec
2019-06-12 22:12:36.317 1842 RALLYDEBUG rally.task.runner [-] Starting the constant runner (task UUID: c060a885-591e-4f9a-aacd-a976320d3e42). timeout: 0 concurrency: 4 concurrency_per_worker: 1 times: 10 concurrency_overhead: 0 processes_to_start: 4 max_cpu_used: 16
2019-06-12 22:12:36.329 3658 RALLYDEBUG rally.task.runner [-] Starting a worker. concurrency: 1 args: {"size": {"min": 1, "max": 1}} times: 10 method_name: run timeout: 0 duration: None cls:
2019-06-12 22:12:36.333 3659 RALLYDEBUG rally.task.runner [-] Starting a worker. concurrency: 1 args: {"size": {"min": 1, "max": 1}} times: 10 method_name: run timeout: 0 duration: None cls:
2019-06-12 22:12:36.337 3658 INFO rally.task.runner [-] Task c060a885-591e-4f9a-aacd-a976320d3e42 | ITER: 1 START
2019-06-12 22:12:36.337 3660 RALLYDEBUG rally.task.runner [-] Starting a worker. concurrency: 1 args: {"size": {"min": 1, "max": 1}} times: 10 method_name: run timeout: 0 duration: None cls:
2019-06-12 22:12:36.339 3661 RALLYDEBUG rally.task.runner [-] Starting a worker. concurrency: 1 args: {"size": {"min": 1, "max": 1}} times: 10 method_name: run timeout: 0 duration: None cls:
2019-06-12 22:12:36.343 3659 INFO rally.task.runner [-] Task c060a885-591e-4f9a-aacd-a976320d3e42 | ITER: 2 START
2019-06-12 22:12:36.346 3660 INFO rally.task.runner [-] Task c060a885-591e-4f9a-aacd-a976320d3e42 | ITER: 3 START
2019-06-12 22:12:36.347 3661 INFO rally.task.runner [-] Task c060a885-591e-4f9a-aacd-a976320d3e42 | ITER: 4 START
2019-06-12 22:12:39.955 3658 INFO rally.task.runner [-] Task c060a885-591e-4f9a-aacd-a976320d3e42 | ITER: 1 END: OK
2019-06-12 22:12:39.961 3658 INFO rally.task.runner [-] Task c060a885-591e-4f9a-aacd-a976320d3e42 | ITER: 5 START
2019-06-12 22:12:39.990 3660 INFO rally.task.runner [-] Task c060a885-591e-4f9a-aacd-a976320d3e42 | ITER: 3 END: OK
2019-06-12 22:12:39.995 3660 INFO rally.task.runner [-] Task c060a885-591e-4f9a-aacd-a976320d3e42 | ITER: 6 START
2019-06-12 22:12:40.093 3659 INFO rally.task.runner [-] Task c060a885-591e-4f9a-aacd-a976320d3e42 | ITER: 2 END: OK
2019-06-12 22:12:40.099 3659 INFO rally.task.runner [-] Task c060a885-591e-4f9a-aacd-a976320d3e42 | ITER: 7 START
2019-06-12 22:12:40.220 3661 INFO rally.task.runner [-] Task c060a885-591e-4f9a-aacd-a976320d3e42 | ITER: 4 END: OK
2019-06-12 22:12:40.226 3661 INFO rally.task.runner [-] Task c060a885-591e-4f9a-aacd-a976320d3e42 | ITER: 8 START
2019-06-12 22:12:43.489 3658 INFO rally.task.runner [-] Task c060a885-591e-4f9a-aacd-a976320d3e42 | ITER: 5 END: OK
2019-06-12 22:12:43.494 3658 INFO rally.task.runner [-] Task c060a885-591e-4f9a-aacd-a976320d3e42 | ITER: 9 START
2019-06-12 22:12:43.590 3660 INFO rally.task.runner [-] Task c060a885-591e-4f9a-aacd-a976320d3e42 | ITER: 6 END: OK
2019-06-12 22:12:43.594 3660 INFO rally.task.runner [-] Task c060a885-591e-4f9a-aacd-a976320d3e42 | ITER: 10 START
2019-06-12 22:12:43.694 3659 INFO rally.task.runner [-] Task c060a885-591e-4f9a-aacd-a976320d3e42 | ITER: 7 END: OK
2019-06-12 22:12:44.026 3661 INFO rally.task.runner [-] Task c060a885-591e-4f9a-aacd-a976320d3e42 | ITER: 8 END: OK
2019-06-12 22:12:47.067 3658 INFO rally.task.runner [-] Task c060a885-591e-4f9a-aacd-a976320d3e42 | ITER: 9 END: OK
2019-06-12 22:12:47.290 3660 INFO rally.task.runner [-] Task c060a885-591e-4f9a-aacd-a976320d3e42 | ITER: 10 END: OK
2019-06-12 22:12:47.316 1842 INFO rally.task.context [-] Task c060a885-591e-4f9a-aacd-a976320d3e42 | Context cleanup@openstack cleanup() started
2019-06-12 22:12:47.318 1842 RALLYDEBUG rally_openstack.cleanup.manager [-] Cleaning up cinder backups objects
2019-06-12 22:12:49.641 1842 RALLYDEBUG rally_openstack.cleanup.manager [-] Cleaning up cinder volume_snapshots objects
2019-06-12 22:12:51.796 1842 RALLYDEBUG rally_openstack.cleanup.manager [-] Cleaning up cinder transfers objects
2019-06-12 22:12:54.039 1842 RALLYDEBUG rally_openstack.cleanup.manager [-] Cleaning up cinder volumes objects
2019-06-12 22:12:56.347 1842 RALLYDEBUG rally_openstack.cleanup.manager [-] Deleting cinder.volumes object s_rally_dc6f8e96_84XQi1ml (32bd1a7c-5aeb-44ca-be20-345a3dc9374b)
2019-06-12 22:12:56.351 1842 RALLYDEBUG rally_openstack.cleanup.manager [-] Deleting cinder.volumes object s_rally_dc6f8e96_hbWTUika (0e078641-bb77-488b-961a-3690ae59b187)
2019-06-12 22:12:56.360 1842 RALLYDEBUG rally_openstack.cleanup.manager [-] Deleting cinder.volumes object s_rally_dc6f8e96_DyJm0vRO (e634f4a6-9a74-4050-be1d-c968c66c06fc)
2019-06-12 22:12:56.363 1842 RALLYDEBUG rally_openstack.cleanup.manager [-] Deleting cinder.volumes object s_rally_dc6f8e96_3siadqKJ (3e66a642-bcef-475e-8d7b-2bcdbb9f738e)
2019-06-12 22:12:56.365 1842 RALLYDEBUG rally_openstack.cleanup.manager [-] Deleting cinder.volumes object s_rally_dc6f8e96_TuGhhous (1017afc8-e12f-4066-bf38-2ebc3631af0e)
2019-06-12 22:12:56.367 1842 RALLYDEBUG rally_openstack.cleanup.manager [-] Deleting cinder.volumes object s_rally_dc6f8e96_SLIWrK2k (9e44e636-be6d-4863-b9b7-4535c1871d25)
2019-06-12 22:12:56.375 1842 RALLYDEBUG rally_openstack.cleanup.manager [-] Deleting cinder.volumes object s_rally_dc6f8e96_jmfuGM3L (f14a0b40-ee58-4678-b65f-290f7ee57ab0)
2019-06-12 22:12:56.379 1842 RALLYDEBUG rally_openstack.cleanup.manager [-] Deleting cinder.volumes object s_rally_dc6f8e96_N1umUm5H (655d4ce8-f275-44ae-9507-3bedee5f131e)
2019-06-12 22:12:56.379 1842 RALLYDEBUG rally_openstack.cleanup.manager [-] Deleting cinder.volumes object s_rally_dc6f8e96_IycUa5TD (ea256d8c-832b-4fe6-813f-7a06ad10b916)
2019-06-12 22:12:56.380 1842 RALLYDEBUG rally_openstack.cleanup.manager [-] Deleting cinder.volumes object s_rally_dc6f8e96_AnfbeeGM (50ae1d30-93e1-4068-abc2-de935efa8a76)
2019-06-12 22:13:01.575 1842 INFO rally.task.context [-] Task c060a885-591e-4f9a-aacd-a976320d3e42 | Context cleanup@openstack cleanup() finished in 14.26 sec
2019-06-12 22:13:01.576 1842 INFO rally.task.context [-] Task c060a885-591e-4f9a-aacd-a976320d3e42 | Context quotas@openstack cleanup() started
2019-06-12 22:13:02.333 1842 INFO rally.task.context [-] Task c060a885-591e-4f9a-aacd-a976320d3e42 | Context quotas@openstack cleanup() finished in 0.76 sec
2019-06-12 22:13:02.334 1842 INFO rally.task.context [-] Task c060a885-591e-4f9a-aacd-a976320d3e42 | Context api_versions@openstack cleanup() started
2019-06-12 22:13:02.334 1842 INFO rally.task.context [-] Task c060a885-591e-4f9a-aacd-a976320d3e42 | Context api_versions@openstack cleanup() finished in 0.32 msec
2019-06-12 22:13:02.334 1842 INFO rally.task.context [-] Task c060a885-591e-4f9a-aacd-a976320d3e42 | Context users@openstack cleanup() started
2019-06-12 22:13:10.381 1842 INFO rally.task.context [-] Task c060a885-591e-4f9a-aacd-a976320d3e42 | Context users@openstack cleanup() finished in 8.05 sec
2019-06-12 22:13:11.457 1842 INFO rally.task.engine [-] Load duration is: 10.949322
2019-06-12 22:13:11.457 1842 INFO rally.task.engine [-] Full runner duration is: 10.999275
2019-06-12 22:13:11.458 1842 INFO rally.task.engine [-] Full duration is: 41.09797
2019-06-12 22:13:11.730 1842 INFO rally.task.engine [-] Running workload: position = 0 config = { "version": 2, "title": "A cropped version of a bigger task.", "description": "Auto-generated task from a single workload (uuid=897aea9a-8b1f-40c6-9485-5723fb0c3bba)", "subtasks": [ { "title": "CinderVolumes.list_volumes", "description": "List all volumes.", "scenario": { "CinderVolumes.list_volumes": { "detailed": true } }, "contexts": { "users": { "tenants": 3, "users_per_tenant": 2 }, "quotas": { "cinder": { "gigabytes": -1, "snapshots": -1, "volumes": -1 } }, "api_versions": { "cinder": { "version": 3, "service_type": "volumev3" } }, "volumes": { "size": 1, "volumes_per_tenant": 4 } }, "runner": { "constant": { "concurrency": 4, "times": 10 } }, "hooks": [], "sla": { "failure_rate": { "max": 0 } } } ] }
2019-06-12 22:13:11.752 1842 RALLYDEBUG rally_openstack.contexts.keystone.users [-] Creating 3 tenants using 20 threads
2019-06-12 22:13:13.582 1842 RALLYDEBUG rally_openstack.contexts.keystone.users [-] Creating 6 users using 20 threads
2019-06-12 22:13:16.401 1842 INFO rally.task.context [-] Task c060a885-591e-4f9a-aacd-a976320d3e42 | Context users@openstack setup() finished in 4.65 sec
2019-06-12 22:13:16.836 1842 INFO rally.task.context [-] Task c060a885-591e-4f9a-aacd-a976320d3e42 | Context api_versions@openstack setup() finished in 0.43 sec
2019-06-12 22:13:18.504 1842 INFO rally.task.context [-] Task c060a885-591e-4f9a-aacd-a976320d3e42 | Context quotas@openstack setup() finished in 1.67 sec
2019-06-12 22:13:58.068 1842 INFO rally.task.context [-] Task c060a885-591e-4f9a-aacd-a976320d3e42 | Context volumes@openstack setup() finished in 39.56 sec
2019-06-12 22:13:58.077 1842 RALLYDEBUG rally.task.runner [-] Starting the constant runner (task UUID: c060a885-591e-4f9a-aacd-a976320d3e42). timeout: 0 concurrency: 4 concurrency_per_worker: 1 times: 10 concurrency_overhead: 0 processes_to_start: 4 max_cpu_used: 16
2019-06-12 22:13:58.090 3842 RALLYDEBUG rally.task.runner [-] Starting a worker. concurrency: 1 args: {"detailed": true} times: 10 method_name: run timeout: 0 duration: None cls:
2019-06-12 22:13:58.093 3843 RALLYDEBUG rally.task.runner [-] Starting a worker. concurrency: 1 args: {"detailed": true} times: 10 method_name: run timeout: 0 duration: None cls:
2019-06-12 22:13:58.096 3844 RALLYDEBUG rally.task.runner [-] Starting a worker. concurrency: 1 args: {"detailed": true} times: 10 method_name: run timeout: 0 duration: None cls:
2019-06-12 22:13:58.098 3842 INFO rally.task.runner [-] Task c060a885-591e-4f9a-aacd-a976320d3e42 | ITER: 1 START
2019-06-12 22:13:58.099 3845 RALLYDEBUG rally.task.runner [-] Starting a worker. concurrency: 1 args: {"detailed": true} times: 10 method_name: run timeout: 0 duration: None cls:
2019-06-12 22:13:58.101 3843 INFO rally.task.runner [-] Task c060a885-591e-4f9a-aacd-a976320d3e42 | ITER: 2 START
2019-06-12 22:13:58.104 3844 INFO rally.task.runner [-] Task c060a885-591e-4f9a-aacd-a976320d3e42 | ITER: 3 START
2019-06-12 22:13:58.107 3845 INFO rally.task.runner [-] Task c060a885-591e-4f9a-aacd-a976320d3e42 | ITER: 4 START
2019-06-12 22:13:58.901 3845 INFO rally.task.runner [-] Task c060a885-591e-4f9a-aacd-a976320d3e42 | ITER: 4 END: OK
2019-06-12 22:13:58.907 3845 INFO rally.task.runner [-] Task c060a885-591e-4f9a-aacd-a976320d3e42 | ITER: 5 START
2019-06-12 22:13:58.916 3842 INFO rally.task.runner [-] Task c060a885-591e-4f9a-aacd-a976320d3e42 | ITER: 1 END: OK
2019-06-12 22:13:58.922 3842 INFO rally.task.runner [-] Task c060a885-591e-4f9a-aacd-a976320d3e42 | ITER: 6 START
2019-06-12 22:13:58.950 3844 INFO rally.task.runner [-] Task c060a885-591e-4f9a-aacd-a976320d3e42 | ITER: 3 END: OK
2019-06-12 22:13:58.956 3844 INFO rally.task.runner [-] Task c060a885-591e-4f9a-aacd-a976320d3e42 | ITER: 7 START
2019-06-12 22:13:58.958 3843 INFO rally.task.runner [-] Task c060a885-591e-4f9a-aacd-a976320d3e42 | ITER: 2 END: OK
2019-06-12 22:13:58.964 3843 INFO rally.task.runner [-] Task c060a885-591e-4f9a-aacd-a976320d3e42 | ITER: 8 START
2019-06-12 22:13:59.760 3844 INFO rally.task.runner [-] Task c060a885-591e-4f9a-aacd-a976320d3e42 | ITER: 7 END: OK
2019-06-12 22:13:59.765 3844 INFO rally.task.runner [-] Task c060a885-591e-4f9a-aacd-a976320d3e42 | ITER: 9 START
2019-06-12 22:13:59.780 3842 INFO rally.task.runner [-] Task c060a885-591e-4f9a-aacd-a976320d3e42 | ITER: 6 END: OK
2019-06-12 22:13:59.783 3845 INFO rally.task.runner [-] Task c060a885-591e-4f9a-aacd-a976320d3e42 | ITER: 5 END: OK
2019-06-12 22:13:59.785 3842 INFO rally.task.runner [-] Task c060a885-591e-4f9a-aacd-a976320d3e42 | ITER: 10 START
2019-06-12 22:13:59.809 3843 INFO rally.task.runner [-] Task c060a885-591e-4f9a-aacd-a976320d3e42 | ITER: 8 END: OK
2019-06-12 22:14:00.568 3844 INFO rally.task.runner [-] Task c060a885-591e-4f9a-aacd-a976320d3e42 | ITER: 9 END: OK
2019-06-12 22:14:00.575 3842 INFO rally.task.runner [-] Task c060a885-591e-4f9a-aacd-a976320d3e42 | ITER: 10 END: OK
2019-06-12 22:14:00.606 1842 INFO rally.task.context [-] Task c060a885-591e-4f9a-aacd-a976320d3e42 | Context volumes@openstack cleanup() started
2019-06-12 22:14:00.607 1842 RALLYDEBUG rally_openstack.cleanup.manager [-] Cleaning up cinder volumes objects
2019-06-12 22:14:03.114 1842 RALLYDEBUG rally_openstack.cleanup.manager [-] Deleting cinder.volumes object c_rally_897aea9a_JkjOX80Y (40672d6f-1220-4870-aa1d-2f92706c8ad4)
2019-06-12 22:14:03.119 1842 RALLYDEBUG rally_openstack.cleanup.manager [-] Deleting cinder.volumes object c_rally_897aea9a_59QbtyGH (da34ceae-5885-40a7-9595-7c3f02f5663c)
2019-06-12 22:14:03.120 1842 RALLYDEBUG rally_openstack.cleanup.manager [-] Deleting cinder.volumes object c_rally_897aea9a_YS4uckP5 (aeb7c938-7c73-4c7e-a5c2-19f401bf4523)
2019-06-12 22:14:03.121 1842 RALLYDEBUG rally_openstack.cleanup.manager [-] Deleting cinder.volumes object c_rally_897aea9a_yDVBO0uc (d81dad6d-08af-4a77-9075-a9b4fef46568)
2019-06-12 22:14:03.122 1842 RALLYDEBUG rally_openstack.cleanup.manager [-] Deleting cinder.volumes object c_rally_897aea9a_orezWcd9 (1766ec77-c3d2-4b96-a9e6-54e55b26f794)
2019-06-12 22:14:03.140 1842 RALLYDEBUG rally_openstack.cleanup.manager [-] Deleting cinder.volumes object c_rally_897aea9a_iCUwsFlZ (f023434a-ade6-40d5-82cf-5105eb0a56f1)
2019-06-12 22:14:03.143 1842 RALLYDEBUG rally_openstack.cleanup.manager [-] Deleting cinder.volumes object c_rally_897aea9a_zQ1c1VcB (653d1231-4868-4a0d-87f6-98b540a97939)
2019-06-12 22:14:03.147 1842 RALLYDEBUG rally_openstack.cleanup.manager [-] Deleting cinder.volumes object c_rally_897aea9a_Znvu7XSD (ca3a8646-ce2f-4a18-85d4-59153e2233d0)
2019-06-12 22:14:03.152 1842 RALLYDEBUG rally_openstack.cleanup.manager [-] Deleting cinder.volumes object c_rally_897aea9a_ADw7b4LZ (169c60e3-c48d-4f05-bdeb-8772bcb25db5)
2019-06-12 22:14:03.161 1842 RALLYDEBUG rally_openstack.cleanup.manager [-] Deleting cinder.volumes object c_rally_897aea9a_laMNNiQz (55be5298-2d5e-489f-b740-9b8af2906ff5)
2019-06-12 22:14:03.165 1842 RALLYDEBUG rally_openstack.cleanup.manager [-] Deleting cinder.volumes object c_rally_897aea9a_d6pna7uh (c678705b-65c8-495c-924c-e70e3f9e8b82)
2019-06-12 22:14:03.168 1842 RALLYDEBUG rally_openstack.cleanup.manager [-] Deleting cinder.volumes object c_rally_897aea9a_mdOpmAEG (140a9a6c-6738-45e6-9f1e-56d0460905af)
2019-06-12 22:14:08.454 1842 INFO rally.task.context [-] Task c060a885-591e-4f9a-aacd-a976320d3e42 | Context volumes@openstack cleanup() finished in 7.85 sec
2019-06-12 22:14:08.455 1842 INFO rally.task.context [-] Task c060a885-591e-4f9a-aacd-a976320d3e42 | Context quotas@openstack cleanup() started
2019-06-12 22:14:09.100 1842 INFO rally.task.context [-] Task c060a885-591e-4f9a-aacd-a976320d3e42 | Context quotas@openstack cleanup() finished in 0.65 sec
2019-06-12 22:14:09.100 1842 INFO rally.task.context [-] Task c060a885-591e-4f9a-aacd-a976320d3e42 | Context api_versions@openstack cleanup() started
2019-06-12 22:14:09.101 1842 INFO rally.task.context [-] Task c060a885-591e-4f9a-aacd-a976320d3e42 | Context api_versions@openstack cleanup() finished in 0.31 msec
2019-06-12 22:14:09.101 1842 INFO rally.task.context [-] Task c060a885-591e-4f9a-aacd-a976320d3e42 | Context users@openstack cleanup() started
2019-06-12 22:14:17.297 1842 INFO rally.task.context [-] Task c060a885-591e-4f9a-aacd-a976320d3e42 | Context users@openstack cleanup() finished in 8.20 sec
2019-06-12 22:14:18.004 1842 INFO rally.task.engine [-] Load duration is: 2.472318
2019-06-12 22:14:18.004 1842 INFO rally.task.engine [-] Full runner duration is: 2.530263
2019-06-12 22:14:18.005 1842 INFO rally.task.engine [-] Full duration is: 65.54708
2019-06-12 22:14:18.292 1842 INFO rally.task.engine [-] Running workload: position = 0 config = { "version": 2, "title": "A cropped version of a bigger task.", "description": "Auto-generated task from a single workload (uuid=6386955e-5b49-4325-a93c-acdafa6fd3f7)", "subtasks": [ { "title": "CinderVolumes.create_and_delete_snapshot", "description": "Create and then delete a volume-snapshot.", "scenario": { "CinderVolumes.create_and_delete_snapshot": { "force": false } }, "contexts": { "users": { "tenants": 3, "users_per_tenant": 2 }, "quotas": { "cinder": { "gigabytes": -1, "snapshots": -1, "volumes": -1 } }, "api_versions": { "cinder": { "version": 3, "service_type": "volumev3" } }, "volumes": { "size": 1, "volumes_per_tenant": 1 } }, "runner": { "constant": { "concurrency": 4, "times": 10 } }, "hooks": [], "sla": { "failure_rate": { "max": 0 } } } ] }
2019-06-12 22:14:18.315 1842 RALLYDEBUG rally_openstack.contexts.keystone.users [-] Creating 3 tenants using 20 threads
2019-06-12 22:14:20.162 1842 RALLYDEBUG rally_openstack.contexts.keystone.users [-] Creating 6 users using 20 threads
2019-06-12 22:14:23.054 1842 INFO rally.task.context [-] Task c060a885-591e-4f9a-aacd-a976320d3e42 | Context users@openstack setup() finished in 4.74 sec
2019-06-12 22:14:23.488 1842 INFO rally.task.context [-] Task c060a885-591e-4f9a-aacd-a976320d3e42 | Context api_versions@openstack setup() finished in 0.43 sec
2019-06-12 22:14:25.239 1842 INFO rally.task.context [-] Task c060a885-591e-4f9a-aacd-a976320d3e42 | Context quotas@openstack setup() finished in 1.75 sec
2019-06-12 22:14:36.152 1842 INFO rally.task.context [-] Task c060a885-591e-4f9a-aacd-a976320d3e42 | Context volumes@openstack setup() finished in 10.91 sec
2019-06-12 22:14:36.152 1842 INFO rally.task.context [-] Task c060a885-591e-4f9a-aacd-a976320d3e42 | Context cleanup@openstack setup() finished in 0.01 msec
2019-06-12 22:14:36.159 1842 RALLYDEBUG rally.task.runner [-] Starting the constant runner (task UUID: c060a885-591e-4f9a-aacd-a976320d3e42). timeout: 0 concurrency: 4 concurrency_per_worker: 1 times: 10 concurrency_overhead: 0 processes_to_start: 4 max_cpu_used: 16
2019-06-12 22:14:36.173 3966 RALLYDEBUG rally.task.runner [-] Starting a worker. concurrency: 1 args: {"force": false} times: 10 method_name: run timeout: 0 duration: None cls:
2019-06-12 22:14:36.175 3967 RALLYDEBUG rally.task.runner [-] Starting a worker. concurrency: 1 args: {"force": false} times: 10 method_name: run timeout: 0 duration: None cls:
2019-06-12 22:14:36.179 3968 RALLYDEBUG rally.task.runner [-] Starting a worker. concurrency: 1 args: {"force": false} times: 10 method_name: run timeout: 0 duration: None cls:
2019-06-12 22:14:36.186 3966 INFO rally.task.runner [-] Task c060a885-591e-4f9a-aacd-a976320d3e42 | ITER: 1 START
2019-06-12 22:14:36.187 3967 INFO rally.task.runner [-] Task c060a885-591e-4f9a-aacd-a976320d3e42 | ITER: 2 START
2019-06-12 22:14:36.189 3969 RALLYDEBUG rally.task.runner [-] Starting a worker. concurrency: 1 args: {"force": false} times: 10 method_name: run timeout: 0 duration: None cls:
2019-06-12 22:14:36.191 3968 INFO rally.task.runner [-] Task c060a885-591e-4f9a-aacd-a976320d3e42 | ITER: 3 START
2019-06-12 22:14:36.199 3969 INFO rally.task.runner [-] Task c060a885-591e-4f9a-aacd-a976320d3e42 | ITER: 4 START
2019-06-12 22:14:40.209 3967 RALLYDEBUG rally.task.utils [-] Waiting for resource s_rally_6386955e_YtuXVMcq. Status changed: AVAILABLE => DELETING in 0.337348937988
2019-06-12 22:14:40.305 3968 RALLYDEBUG rally.task.utils [-] Waiting for resource s_rally_6386955e_V4INNSg9. Status changed: AVAILABLE => DELETING in 0.228962898254
2019-06-12 22:14:40.327 3966 RALLYDEBUG rally.task.utils [-] Waiting for resource s_rally_6386955e_P5Q9nO9R. Status changed: AVAILABLE => DELETING in 0.330758094788
2019-06-12 22:14:40.352 3969 RALLYDEBUG rally.task.utils [-] Waiting for resource s_rally_6386955e_htI7iS6s. Status changed: AVAILABLE => DELETING in 0.31867814064
2019-06-12 22:14:42.354 3966 INFO rally.task.runner [-] Task c060a885-591e-4f9a-aacd-a976320d3e42 | ITER: 1 END: OK
2019-06-12 22:14:42.358 3966 INFO rally.task.runner [-] Task c060a885-591e-4f9a-aacd-a976320d3e42 | ITER: 5 START
2019-06-12 22:14:42.432 3967 INFO rally.task.runner [-] Task c060a885-591e-4f9a-aacd-a976320d3e42 | ITER: 2 END: OK
2019-06-12 22:14:42.437 3967 INFO rally.task.runner [-] Task c060a885-591e-4f9a-aacd-a976320d3e42 | ITER: 6 START
2019-06-12 22:14:42.525 3968 INFO rally.task.runner [-] Task c060a885-591e-4f9a-aacd-a976320d3e42 | ITER: 3 END: OK
2019-06-12 22:14:42.530 3968 INFO rally.task.runner [-] Task c060a885-591e-4f9a-aacd-a976320d3e42 | ITER: 7 START
2019-06-12 22:14:42.662 3969 INFO rally.task.runner [-] Task c060a885-591e-4f9a-aacd-a976320d3e42 | ITER: 4 END: OK
2019-06-12 22:14:42.667 3969 INFO rally.task.runner [-] Task c060a885-591e-4f9a-aacd-a976320d3e42 | ITER: 8 START
2019-06-12 22:14:46.353 3966 RALLYDEBUG rally.task.utils [-] Waiting for resource s_rally_6386955e_Lhh7fewu. Status changed: AVAILABLE => DELETING in 0.307749032974
2019-06-12 22:14:46.643 3967 RALLYDEBUG rally.task.utils [-] Waiting for resource s_rally_6386955e_VVXV3hgN. Status changed: AVAILABLE => DELETING in 0.317776203156
2019-06-12 22:14:46.649 3968 RALLYDEBUG rally.task.utils [-] Waiting for resource s_rally_6386955e_iJJ7ZPFL. Status changed: AVAILABLE => DELETING in 0.215525150299
2019-06-12 22:14:46.938 3969 RALLYDEBUG rally.task.utils [-] Waiting for resource s_rally_6386955e_wQZAi6y2. Status changed: AVAILABLE => DELETING in 0.31342792511
2019-06-12 22:14:48.678 3966 INFO rally.task.runner [-] Task c060a885-591e-4f9a-aacd-a976320d3e42 | ITER: 5 END: OK
2019-06-12 22:14:48.683 3966 INFO rally.task.runner [-] Task c060a885-591e-4f9a-aacd-a976320d3e42 | ITER: 9 START
2019-06-12 22:14:48.879 3968 INFO rally.task.runner [-] Task c060a885-591e-4f9a-aacd-a976320d3e42 | ITER: 7 END: OK
2019-06-12 22:14:48.884 3968 INFO rally.task.runner [-] Task c060a885-591e-4f9a-aacd-a976320d3e42 | ITER: 10 START
2019-06-12 22:14:49.015 3967 INFO rally.task.runner [-] Task c060a885-591e-4f9a-aacd-a976320d3e42 | ITER: 6 END: OK
2019-06-12 22:14:49.172 3969 INFO rally.task.runner [-] Task c060a885-591e-4f9a-aacd-a976320d3e42 | ITER: 8 END: OK
2019-06-12 22:14:52.625 3966 RALLYDEBUG rally.task.utils [-] Waiting for resource s_rally_6386955e_LtbRbIRd. Status changed: AVAILABLE => DELETING in 0.23418211937
2019-06-12 22:14:53.080 3968 RALLYDEBUG rally.task.utils [-] Waiting for resource s_rally_6386955e_tdpGWcjn. Status changed: AVAILABLE => DELETING in 0.305423021317
2019-06-12 22:14:54.650 3966 INFO rally.task.runner [-] Task c060a885-591e-4f9a-aacd-a976320d3e42 | ITER: 9 END: OK
2019-06-12 22:14:55.418 3968 INFO rally.task.runner [-] Task c060a885-591e-4f9a-aacd-a976320d3e42 | ITER: 10 END: OK
2019-06-12 22:14:55.441 1842 INFO rally.task.context [-] Task c060a885-591e-4f9a-aacd-a976320d3e42 | Context cleanup@openstack cleanup() started
2019-06-12 22:14:55.444 1842 RALLYDEBUG rally_openstack.cleanup.manager [-] Cleaning up cinder backups objects
2019-06-12 22:14:57.851 1842 RALLYDEBUG rally_openstack.cleanup.manager [-] Cleaning up cinder volume_snapshots objects
2019-06-12 22:14:59.977 1842 RALLYDEBUG rally_openstack.cleanup.manager [-] Cleaning up cinder transfers objects
2019-06-12 22:15:02.225 1842 RALLYDEBUG rally_openstack.cleanup.manager [-] Cleaning up cinder volumes objects
2019-06-12 22:15:04.647 1842 INFO rally.task.context [-] Task c060a885-591e-4f9a-aacd-a976320d3e42 | Context cleanup@openstack cleanup() finished in 9.21 sec
2019-06-12 22:15:04.648 1842 INFO rally.task.context [-] Task c060a885-591e-4f9a-aacd-a976320d3e42 | Context volumes@openstack cleanup() started
2019-06-12 22:15:04.648 1842 RALLYDEBUG rally_openstack.cleanup.manager [-] Cleaning up cinder volumes objects
2019-06-12 22:15:07.073 1842 RALLYDEBUG rally_openstack.cleanup.manager [-] Deleting cinder.volumes object c_rally_6386955e_5YOUJmv4 (5e757f5d-8d88-4db2-9c7c-9fd472f67a66)
2019-06-12 22:15:07.079 1842 RALLYDEBUG rally_openstack.cleanup.manager [-] Deleting cinder.volumes object c_rally_6386955e_6nnquyxr (bbabb4dc-8f01-4961-b659-247a2e627191)
2019-06-12 22:15:07.084 1842 RALLYDEBUG rally_openstack.cleanup.manager [-] Deleting cinder.volumes object c_rally_6386955e_pYTRpBWV (e70f364a-2fe8-4ec4-bb86-09c3ddedc87e)
2019-06-12 22:15:10.634 1842 INFO rally.task.context [-] Task c060a885-591e-4f9a-aacd-a976320d3e42 | Context volumes@openstack cleanup() finished in 5.99 sec
2019-06-12 22:15:10.634 1842 INFO rally.task.context [-] Task c060a885-591e-4f9a-aacd-a976320d3e42 | Context quotas@openstack cleanup() started
2019-06-12 22:15:11.687 1842 INFO rally.task.context [-] Task c060a885-591e-4f9a-aacd-a976320d3e42 | Context quotas@openstack cleanup() finished in 1.05 sec
2019-06-12 22:15:11.688 1842 INFO rally.task.context [-] Task c060a885-591e-4f9a-aacd-a976320d3e42 | Context api_versions@openstack cleanup() started
2019-06-12 22:15:11.688 1842 INFO rally.task.context [-] Task c060a885-591e-4f9a-aacd-a976320d3e42 | Context api_versions@openstack cleanup() finished in 0.29 msec
2019-06-12 22:15:11.688 1842 INFO rally.task.context [-] Task c060a885-591e-4f9a-aacd-a976320d3e42 | Context users@openstack cleanup() started
2019-06-12 22:15:20.029 1842 INFO rally.task.context [-] Task c060a885-591e-4f9a-aacd-a976320d3e42 | Context users@openstack cleanup() finished in 8.34 sec
2019-06-12 22:15:20.589 1842 INFO rally.task.engine [-] Load duration is: 19.226621
2019-06-12 22:15:20.590 1842 INFO rally.task.engine [-] Full runner duration is: 19.282298
2019-06-12 22:15:20.590 1842 INFO rally.task.engine [-] Full duration is: 61.716982
2019-06-12 22:15:20.875 1842 INFO rally.task.engine [-] Running workload: position = 0 config = { "version": 2, "title": "A cropped version of a bigger task.", "description": "Auto-generated task from a single workload (uuid=9cfe32c1-8f97-4084-b967-975f9a3808c5)", "subtasks": [ { "title": "CinderVolumes.create_and_delete_volume", "description": "Create and then delete a volume.", "scenario": { "CinderVolumes.create_and_delete_volume": { "size": { "max": 1, "min": 1 } } }, "contexts": { "users": { "tenants": 3, "users_per_tenant": 2 }, "quotas": { "cinder": { "gigabytes": -1, "snapshots": -1, "volumes": -1 } }, "api_versions": { "cinder": { "version": 3, "service_type": "volumev3" } } }, "runner": { "constant": { "concurrency": 4, "times": 10 } }, "hooks": [], "sla": { "failure_rate": { "max": 0 } } } ] }
2019-06-12 22:15:20.900 1842 RALLYDEBUG rally_openstack.contexts.keystone.users [-] Creating 3 tenants using 20 threads
2019-06-12 22:15:22.755 1842 RALLYDEBUG rally_openstack.contexts.keystone.users [-] Creating 6 users using 20 threads
2019-06-12 22:15:25.563 1842 INFO rally.task.context [-] Task c060a885-591e-4f9a-aacd-a976320d3e42 | Context users@openstack setup() finished in 4.66 sec
2019-06-12 22:15:25.991 1842 INFO rally.task.context [-] Task c060a885-591e-4f9a-aacd-a976320d3e42 | Context api_versions@openstack setup() finished in 0.43 sec
2019-06-12 22:15:27.738 1842 INFO rally.task.context [-] Task c060a885-591e-4f9a-aacd-a976320d3e42 | Context quotas@openstack setup() finished in 1.75 sec
2019-06-12 22:15:27.739 1842 INFO rally.task.context [-] Task c060a885-591e-4f9a-aacd-a976320d3e42 | Context cleanup@openstack setup() finished in 0.01 msec
2019-06-12 22:15:27.747 1842 RALLYDEBUG rally.task.runner [-] Starting the constant runner (task UUID: c060a885-591e-4f9a-aacd-a976320d3e42). timeout: 0 concurrency: 4 concurrency_per_worker: 1 times: 10 concurrency_overhead: 0 processes_to_start: 4 max_cpu_used: 16
2019-06-12 22:15:27.759 4170 RALLYDEBUG rally.task.runner [-] Starting a worker. concurrency: 1 args: {"size": {"max": 1, "min": 1}} times: 10 method_name: run timeout: 0 duration: None cls:
2019-06-12 22:15:27.762 4171 RALLYDEBUG rally.task.runner [-] Starting a worker. concurrency: 1 args: {"size": {"max": 1, "min": 1}} times: 10 method_name: run timeout: 0 duration: None cls:
2019-06-12 22:15:27.765 4172 RALLYDEBUG rally.task.runner [-] Starting a worker. concurrency: 1 args: {"size": {"max": 1, "min": 1}} times: 10 method_name: run timeout: 0 duration: None cls:
2019-06-12 22:15:27.768 4170 INFO rally.task.runner [-] Task c060a885-591e-4f9a-aacd-a976320d3e42 | ITER: 1 START
2019-06-12 22:15:27.769 4173 RALLYDEBUG rally.task.runner [-] Starting a worker. concurrency: 1 args: {"size": {"max": 1, "min": 1}} times: 10 method_name: run timeout: 0 duration: None cls:
2019-06-12 22:15:27.771 4171 INFO rally.task.runner [-] Task c060a885-591e-4f9a-aacd-a976320d3e42 | ITER: 2 START
2019-06-12 22:15:27.773 4172 INFO rally.task.runner [-] Task c060a885-591e-4f9a-aacd-a976320d3e42 | ITER: 3 START
2019-06-12 22:15:27.777 4173 INFO rally.task.runner [-] Task c060a885-591e-4f9a-aacd-a976320d3e42 | ITER: 4 START
2019-06-12 22:15:32.884 4171 RALLYDEBUG rally.task.utils [-] Waiting for resource s_rally_9cfe32c1_GKuzXlmL. Status changed: AVAILABLE => DELETING in 0.372670888901
2019-06-12 22:15:32.888 4170 RALLYDEBUG rally.task.utils [-] Waiting for resource s_rally_9cfe32c1_5kzhPj6F. Status changed: AVAILABLE => DELETING in 0.363466024399
2019-06-12 22:15:33.036 4172 RALLYDEBUG rally.task.utils [-] Waiting for resource s_rally_9cfe32c1_u5aabkfN. Status changed: AVAILABLE => DELETING in 0.374615907669
2019-06-12 22:15:33.077 4173 RALLYDEBUG rally.task.utils [-] Waiting for resource s_rally_9cfe32c1_XdYA2ih1. Status changed: AVAILABLE => DELETING in 0.355987071991
2019-06-12 22:15:35.204 4171 INFO rally.task.runner [-] Task c060a885-591e-4f9a-aacd-a976320d3e42 | ITER: 2 END: OK
2019-06-12 22:15:35.208 4171 INFO rally.task.runner [-] Task c060a885-591e-4f9a-aacd-a976320d3e42 | ITER: 5 START
2019-06-12 22:15:35.224 4170 INFO rally.task.runner [-] Task c060a885-591e-4f9a-aacd-a976320d3e42 | ITER: 1 END: OK
2019-06-12 22:15:35.227 4170 INFO rally.task.runner [-] Task c060a885-591e-4f9a-aacd-a976320d3e42 | ITER: 6 START
2019-06-12 22:15:35.261 4172 INFO rally.task.runner [-] Task c060a885-591e-4f9a-aacd-a976320d3e42 | ITER: 3 END: OK
2019-06-12 22:15:35.266 4172 INFO rally.task.runner [-] Task c060a885-591e-4f9a-aacd-a976320d3e42 | ITER: 7 START
2019-06-12 22:15:35.336 4173 INFO rally.task.runner [-] Task c060a885-591e-4f9a-aacd-a976320d3e42 | ITER: 4 END: OK
2019-06-12 22:15:35.340 4173 INFO rally.task.runner [-] Task c060a885-591e-4f9a-aacd-a976320d3e42 | ITER: 8 START
2019-06-12 22:15:39.498 4171 RALLYDEBUG rally.task.utils [-] Waiting for resource s_rally_9cfe32c1_WZAP8Hbr. Status changed: AVAILABLE => DELETING in 0.339349985123
2019-06-12 22:15:39.506 4170 INFO rally.task.runner [-] Task c060a885-591e-4f9a-aacd-a976320d3e42 | ITER: 6 END: OK
2019-06-12 22:15:39.512 4170 INFO rally.task.runner [-] Task c060a885-591e-4f9a-aacd-a976320d3e42 | ITER: 9 START
2019-06-12 22:15:39.569 4172 RALLYDEBUG rally.task.utils [-] Waiting for resource s_rally_9cfe32c1_PTzB5BnR. Status changed: AVAILABLE => DELETING in 0.26567196846
2019-06-12 22:15:39.842 4173 RALLYDEBUG rally.task.utils [-] Waiting for resource s_rally_9cfe32c1_bagBLQmr. Status changed: AVAILABLE => DELETING in 0.367385149002
2019-06-12 22:15:41.792 4172 INFO rally.task.runner [-] Task c060a885-591e-4f9a-aacd-a976320d3e42 | ITER: 7 END: OK
2019-06-12 22:15:41.797 4172 INFO rally.task.runner [-] Task c060a885-591e-4f9a-aacd-a976320d3e42 | ITER: 10 START
2019-06-12 22:15:41.812 4171 INFO rally.task.runner [-] Task c060a885-591e-4f9a-aacd-a976320d3e42 | ITER: 5 END: OK
2019-06-12 22:15:42.175 4173 INFO rally.task.runner [-] Task c060a885-591e-4f9a-aacd-a976320d3e42 | ITER: 8 END: OK
2019-06-12 22:15:43.489 4170 INFO rally.task.runner [-] Task c060a885-591e-4f9a-aacd-a976320d3e42 | ITER: 9 END: OK
2019-06-12 22:15:46.127 4172 INFO rally.task.runner [-] Task c060a885-591e-4f9a-aacd-a976320d3e42 | ITER: 10 END: OK
2019-06-12 22:15:46.156 1842 INFO rally.task.context [-] Task c060a885-591e-4f9a-aacd-a976320d3e42 | Context cleanup@openstack cleanup() started
2019-06-12 22:15:46.158 1842 RALLYDEBUG rally_openstack.cleanup.manager [-] Cleaning up cinder backups objects
2019-06-12 22:15:48.307 1842 RALLYDEBUG rally_openstack.cleanup.manager [-] Cleaning up cinder volume_snapshots objects
2019-06-12 22:15:50.550 1842 RALLYDEBUG rally_openstack.cleanup.manager [-] Cleaning up cinder transfers objects
2019-06-12 22:15:52.683 1842 RALLYDEBUG rally_openstack.cleanup.manager [-] Cleaning up cinder volumes objects
2019-06-12 22:15:55.103 1842 INFO rally.task.context [-] Task c060a885-591e-4f9a-aacd-a976320d3e42 | Context cleanup@openstack cleanup() finished in 8.95 sec
2019-06-12 22:15:55.104 1842 INFO rally.task.context [-] Task c060a885-591e-4f9a-aacd-a976320d3e42 | Context quotas@openstack cleanup() started
2019-06-12 22:15:55.789 1842 INFO rally.task.context [-] Task c060a885-591e-4f9a-aacd-a976320d3e42 | Context quotas@openstack cleanup() finished in 0.69 sec
2019-06-12 22:15:55.789 1842 INFO rally.task.context [-] Task c060a885-591e-4f9a-aacd-a976320d3e42 | Context api_versions@openstack cleanup() started
2019-06-12 22:15:55.790 1842 INFO rally.task.context [-] Task c060a885-591e-4f9a-aacd-a976320d3e42 | Context api_versions@openstack cleanup() finished in 0.31 msec
2019-06-12 22:15:55.790 1842 INFO rally.task.context [-] Task c060a885-591e-4f9a-aacd-a976320d3e42 | Context users@openstack cleanup() started
2019-06-12 22:16:03.837 1842 INFO rally.task.context [-] Task c060a885-591e-4f9a-aacd-a976320d3e42 | Context users@openstack cleanup() finished in 8.05 sec
2019-06-12 22:16:05.069 1842 INFO rally.task.engine [-] Load duration is: 18.356033
2019-06-12 22:16:05.070 1842 INFO rally.task.engine [-] Full runner duration is: 18.409626
2019-06-12 22:16:05.070 1842 INFO rally.task.engine [-] Full duration is: 42.942946
2019-06-12 22:16:05.263 1842 INFO rally.task.engine [-] Running workload: position = 1 config = { "version": 2, "title": "A cropped version of a bigger task.", "description": "Auto-generated task from a single workload (uuid=689320fa-de46-422d-a5c8-a10c5b081217)", "subtasks": [ { "title": "CinderVolumes.create_and_delete_volume", "description": "Create and then delete a volume.", "scenario": { "CinderVolumes.create_and_delete_volume": { "image": { "name": "rally_full-img_c0d30eb1-ae7b-4012-a58a-39cd0123509c" }, "size": 1 } }, "contexts": { "users": { "tenants": 3, "users_per_tenant": 2 }, "quotas": { "cinder": { "gigabytes": -1, "snapshots": -1, "volumes": -1 } }, "api_versions": { "cinder": { "version": 3, "service_type": "volumev3" } } }, "runner": { "constant": { "concurrency": 4, "times": 10 } }, "hooks": [], "sla": { "failure_rate": { "max": 0 } } } ] }
2019-06-12 22:16:05.287 1842 RALLYDEBUG rally_openstack.contexts.keystone.users [-] Creating 3 tenants using 20 threads
2019-06-12 22:16:07.182 1842 RALLYDEBUG rally_openstack.contexts.keystone.users [-] Creating 6 users using 20 threads
2019-06-12 22:16:10.001 1842 INFO rally.task.context [-] Task c060a885-591e-4f9a-aacd-a976320d3e42 | Context users@openstack setup() finished in 4.71 sec
2019-06-12 22:16:10.434 1842 INFO rally.task.context [-] Task c060a885-591e-4f9a-aacd-a976320d3e42 | Context api_versions@openstack setup() finished in 0.43 sec
2019-06-12 22:16:12.425 1842 INFO rally.task.context [-] Task c060a885-591e-4f9a-aacd-a976320d3e42 | Context quotas@openstack setup() finished in 1.99 sec
2019-06-12 22:16:12.425 1842 INFO rally.task.context [-] Task c060a885-591e-4f9a-aacd-a976320d3e42 | Context cleanup@openstack setup() finished in 0.00 msec
2019-06-12 22:16:13.484 1842 RALLYDEBUG rally.task.runner [-] Starting the constant runner (task UUID: c060a885-591e-4f9a-aacd-a976320d3e42). timeout: 0 concurrency: 4 concurrency_per_worker: 1 times: 10 concurrency_overhead: 0 processes_to_start: 4 max_cpu_used: 16
2019-06-12 22:16:13.497 4354 RALLYDEBUG rally.task.runner [-] Starting a worker. concurrency: 1 args: {"image": "91433d87-e9bc-4233-9749-076e0f5e9029", "size": 1} times: 10 method_name: run timeout: 0 duration: None cls:
2019-06-12 22:16:13.501 4355 RALLYDEBUG rally.task.runner [-] Starting a worker. concurrency: 1 args: {"image": "91433d87-e9bc-4233-9749-076e0f5e9029", "size": 1} times: 10 method_name: run timeout: 0 duration: None cls:
2019-06-12 22:16:13.506 4354 INFO rally.task.runner [-] Task c060a885-591e-4f9a-aacd-a976320d3e42 | ITER: 1 START
2019-06-12 22:16:13.505 4356 RALLYDEBUG rally.task.runner [-] Starting a worker. concurrency: 1 args: {"image": "91433d87-e9bc-4233-9749-076e0f5e9029", "size": 1} times: 10 method_name: run timeout: 0 duration: None cls:
2019-06-12 22:16:13.509 4355 INFO rally.task.runner [-] Task c060a885-591e-4f9a-aacd-a976320d3e42 | ITER: 2 START
2019-06-12 22:16:13.509 4357 RALLYDEBUG rally.task.runner [-] Starting a worker. concurrency: 1 args: {"image": "91433d87-e9bc-4233-9749-076e0f5e9029", "size": 1} times: 10 method_name: run timeout: 0 duration: None cls:
2019-06-12 22:16:13.513 4356 INFO rally.task.runner [-] Task c060a885-591e-4f9a-aacd-a976320d3e42 | ITER: 3 START
2019-06-12 22:16:13.520 4357 INFO rally.task.runner [-] Task c060a885-591e-4f9a-aacd-a976320d3e42 | ITER: 4 START
2019-06-12 22:16:21.023 4357 RALLYDEBUG rally.task.utils [-] Waiting for resource s_rally_689320fa_77R66KRQ. Status changed: CREATING => DOWNLOADING in 3.00561189651
2019-06-12 22:16:23.995 4354 RALLYDEBUG rally.task.utils [-] Waiting for resource s_rally_689320fa_2yS0WxiA. Status changed: CREATING => DOWNLOADING in 5.52223920822
2019-06-12 22:16:25.714 4357 RALLYDEBUG rally.task.utils [-] Waiting for resource s_rally_689320fa_77R66KRQ. Status changed: DOWNLOADING => AVAILABLE in 4.69144701958
2019-06-12 22:16:25.807 4355 RALLYDEBUG rally.task.utils [-] Waiting for resource s_rally_689320fa_U5K8YFR3. Status changed: CREATING => DOWNLOADING in 7.74881291389
2019-06-12 22:16:26.118 4357 RALLYDEBUG rally.task.utils [-] Waiting for resource s_rally_689320fa_77R66KRQ. Status changed: AVAILABLE => DELETING in 0.325132131577
2019-06-12 22:16:30.200 4355 RALLYDEBUG rally.task.utils [-] Waiting for resource s_rally_689320fa_U5K8YFR3. Status changed: DOWNLOADING => AVAILABLE in 4.39284706116
2019-06-12 22:16:30.740 4354 RALLYDEBUG rally.task.utils [-] Waiting for resource s_rally_689320fa_2yS0WxiA. Status changed: DOWNLOADING => AVAILABLE in 6.74497294426
2019-06-12 22:16:30.773 4357 INFO rally.task.runner [-] Task c060a885-591e-4f9a-aacd-a976320d3e42 | ITER: 4 END: OK
2019-06-12 22:16:30.778 4357 INFO rally.task.runner [-] Task c060a885-591e-4f9a-aacd-a976320d3e42 | ITER: 5 START
2019-06-12 22:16:30.909 4355 RALLYDEBUG rally.task.utils [-] Waiting for resource s_rally_689320fa_U5K8YFR3. Status changed: AVAILABLE => DELETING in 0.343496084213
2019-06-12 22:16:31.216 4356 RALLYDEBUG rally.task.utils [-] Waiting for resource s_rally_689320fa_etRAgPcj. Status changed: CREATING => DOWNLOADING in 12.4575810432
2019-06-12 22:16:31.265 4354 RALLYDEBUG rally.task.utils [-] Waiting for resource s_rally_689320fa_2yS0WxiA. Status changed: AVAILABLE => DELETING in 0.251518011093
2019-06-12 22:16:35.476 4355 INFO rally.task.runner [-] Task c060a885-591e-4f9a-aacd-a976320d3e42 | ITER: 2 END: OK
2019-06-12 22:16:35.481 4355 INFO rally.task.runner [-] Task c060a885-591e-4f9a-aacd-a976320d3e42 | ITER: 6 START
2019-06-12 22:16:35.526 4356 RALLYDEBUG rally.task.utils [-] Waiting for resource s_rally_689320fa_etRAgPcj. Status changed: DOWNLOADING => AVAILABLE in 4.31049609184
2019-06-12 22:16:35.552 4354 INFO rally.task.runner [-] Task c060a885-591e-4f9a-aacd-a976320d3e42 | ITER: 1 END: OK
2019-06-12 22:16:35.558 4354 INFO rally.task.runner [-] Task c060a885-591e-4f9a-aacd-a976320d3e42 | ITER: 7 START
2019-06-12 22:16:35.937 4356 RALLYDEBUG rally.task.utils [-] Waiting for resource s_rally_689320fa_etRAgPcj. Status changed: AVAILABLE => DELETING in 0.0553340911865
2019-06-12 22:16:38.162 4356 INFO rally.task.runner [-] Task c060a885-591e-4f9a-aacd-a976320d3e42 | ITER: 3 END: OK
2019-06-12 22:16:38.168 4356 INFO rally.task.runner [-] Task c060a885-591e-4f9a-aacd-a976320d3e42 | ITER: 8 START
2019-06-12 22:16:39.052 4357 RALLYDEBUG rally.task.utils [-] Waiting for resource s_rally_689320fa_9UXopWLL. Status changed: CREATING => DOWNLOADING in 2.99957489967
2019-06-12 22:16:41.387 4357 RALLYDEBUG rally.task.utils [-] Waiting for resource s_rally_689320fa_9UXopWLL. Status changed: DOWNLOADING => AVAILABLE in 2.33482193947
2019-06-12 22:16:42.112 4357 RALLYDEBUG rally.task.utils [-] Waiting for resource s_rally_689320fa_9UXopWLL. Status changed: AVAILABLE => DELETING in 0.319391012192
2019-06-12 22:16:42.986 4354 RALLYDEBUG rally.task.utils [-] Waiting for resource s_rally_689320fa_YuXxkWWE. Status changed: CREATING => DOWNLOADING in 2.96355509758
2019-06-12 22:16:44.427 4357 INFO rally.task.runner [-] Task c060a885-591e-4f9a-aacd-a976320d3e42 | ITER: 5 END: OK
2019-06-12 22:16:44.433 4357 INFO rally.task.runner [-] Task c060a885-591e-4f9a-aacd-a976320d3e42 | ITER: 9 START
2019-06-12 22:16:47.466 4355 RALLYDEBUG rally.task.utils [-] Waiting for resource s_rally_689320fa_fBH7lNF7. Status changed: CREATING => DOWNLOADING in 7.56555891037
2019-06-12 22:16:49.647 4354 RALLYDEBUG rally.task.utils [-] Waiting for resource s_rally_689320fa_YuXxkWWE. Status changed: DOWNLOADING => AVAILABLE in 6.66128993034
2019-06-12 22:16:49.726 4355 RALLYDEBUG rally.task.utils [-] Waiting for resource s_rally_689320fa_fBH7lNF7. Status changed: DOWNLOADING => AVAILABLE in 2.26030898094
2019-06-12 22:16:50.256 4354 RALLYDEBUG rally.task.utils [-] Waiting for resource s_rally_689320fa_YuXxkWWE. Status changed: AVAILABLE => DELETING in 0.248136043549
2019-06-12 22:16:50.430 4355 RALLYDEBUG rally.task.utils [-] Waiting for resource s_rally_689320fa_fBH7lNF7. Status changed: AVAILABLE => DELETING in 0.340820074081
2019-06-12 22:16:52.477 4354 INFO rally.task.runner [-] Task c060a885-591e-4f9a-aacd-a976320d3e42 | ITER: 7 END: OK
2019-06-12 22:16:52.484 4354 INFO rally.task.runner [-] Task c060a885-591e-4f9a-aacd-a976320d3e42 | ITER: 10 START
2019-06-12 22:16:52.736 4355 INFO rally.task.runner [-] Task c060a885-591e-4f9a-aacd-a976320d3e42 | ITER: 6 END: OK
2019-06-12 22:16:52.892 4356 RALLYDEBUG rally.task.utils [-] Waiting for resource s_rally_689320fa_cCuNoC0g. Status changed: CREATING => DOWNLOADING in 9.90447092056
2019-06-12 22:16:55.243 4356 RALLYDEBUG rally.task.utils [-] Waiting for resource s_rally_689320fa_cCuNoC0g. Status changed: DOWNLOADING => AVAILABLE in 2.35118508339
2019-06-12 22:16:55.684 4356 RALLYDEBUG rally.task.utils [-] Waiting for resource s_rally_689320fa_cCuNoC0g. Status changed: AVAILABLE => DELETING in 0.0656898021698
2019-06-12 22:16:56.486 4357 RALLYDEBUG rally.task.utils [-] Waiting for resource s_rally_689320fa_6ihf3kB5. Status changed: CREATING => DOWNLOADING in 7.30778813362
2019-06-12 22:16:57.916 4356 INFO rally.task.runner [-] Task c060a885-591e-4f9a-aacd-a976320d3e42 | ITER: 8 END: OK
2019-06-12 22:16:58.846 4357 RALLYDEBUG rally.task.utils [-] Waiting for resource s_rally_689320fa_6ihf3kB5. Status changed: DOWNLOADING => AVAILABLE in 2.36084794998
2019-06-12 22:16:59.271 4357 RALLYDEBUG rally.task.utils [-] Waiting for resource s_rally_689320fa_6ihf3kB5. Status changed: AVAILABLE => DELETING in 0.0530500411987
2019-06-12 22:17:01.589 4357 INFO rally.task.runner [-] Task c060a885-591e-4f9a-aacd-a976320d3e42 | ITER: 9 END: OK
2019-06-12 22:17:02.261 4354 RALLYDEBUG rally.task.utils [-] Waiting for resource s_rally_689320fa_tTAEc9xk. Status changed: CREATING => DOWNLOADING in 5.30379796028
2019-06-12 22:17:04.591 4354 RALLYDEBUG rally.task.utils [-] Waiting for resource s_rally_689320fa_tTAEc9xk. Status changed: DOWNLOADING => AVAILABLE in 2.33015108109
2019-06-12 22:17:05.337 4354 INFO rally.task.runner [-] Task c060a885-591e-4f9a-aacd-a976320d3e42 | ITER: 10 END: OK
2019-06-12 22:17:05.361 1842 INFO rally.task.context [-] Task c060a885-591e-4f9a-aacd-a976320d3e42 | Context cleanup@openstack cleanup() started
2019-06-12 22:17:05.364 1842 RALLYDEBUG rally_openstack.cleanup.manager [-] Cleaning up cinder backups objects
2019-06-12 22:17:07.615 1842 RALLYDEBUG rally_openstack.cleanup.manager [-] Cleaning up cinder volume_snapshots objects
2019-06-12 22:17:09.755 1842 RALLYDEBUG rally_openstack.cleanup.manager [-] Cleaning up cinder transfers objects
2019-06-12 22:17:11.952 1842 RALLYDEBUG rally_openstack.cleanup.manager [-] Cleaning up cinder volumes objects
2019-06-12 22:17:14.231 1842 INFO rally.task.context [-] Task c060a885-591e-4f9a-aacd-a976320d3e42 | Context cleanup@openstack cleanup() finished in 8.87 sec
2019-06-12 22:17:14.232 1842 INFO rally.task.context [-] Task c060a885-591e-4f9a-aacd-a976320d3e42 | Context quotas@openstack cleanup() started
2019-06-12 22:17:14.838 1842 INFO rally.task.context [-] Task c060a885-591e-4f9a-aacd-a976320d3e42 | Context quotas@openstack cleanup() finished in 0.61 sec
2019-06-12 22:17:14.838 1842 INFO rally.task.context [-] Task c060a885-591e-4f9a-aacd-a976320d3e42 | Context api_versions@openstack cleanup() started
2019-06-12 22:17:14.839 1842 INFO rally.task.context [-] Task c060a885-591e-4f9a-aacd-a976320d3e42 | Context api_versions@openstack cleanup() finished in 0.30 msec
2019-06-12 22:17:14.839 1842 INFO rally.task.context [-] Task c060a885-591e-4f9a-aacd-a976320d3e42 | Context users@openstack cleanup() started
2019-06-12 22:17:22.993 1842 INFO rally.task.context [-] Task c060a885-591e-4f9a-aacd-a976320d3e42 | Context users@openstack cleanup() finished in 8.15 sec
2019-06-12 22:17:23.600 1842 INFO rally.task.engine [-] Load duration is: 51.826297
2019-06-12 22:17:23.601 1842 INFO rally.task.engine [-] Full runner duration is: 51.877542
2019-06-12 22:17:23.601 1842 INFO rally.task.engine [-] Full duration is: 77.710276
2019-06-12 22:17:23.769 1842 INFO rally.task.engine [-] Running workload: position = 2 config = { "version": 2, "title": "A cropped version of a bigger task.", "description": "Auto-generated task from a single workload (uuid=72026d2f-c33d-477c-ada7-54be421b2748)", "subtasks": [ { "title": "CinderVolumes.create_and_delete_volume", "description": "Create and then delete a volume.", "scenario": { "CinderVolumes.create_and_delete_volume": { "size": 1 } }, "contexts": { "users": { "tenants": 3, "users_per_tenant": 2 }, "quotas": { "cinder": { "gigabytes": -1, "snapshots": -1, "volumes": -1 } }, "api_versions": { "cinder": { "version": 3, "service_type": "volumev3" } } }, "runner": { "constant": { "concurrency": 4, "times": 10 } }, "hooks": [], "sla": { "failure_rate": { "max": 0 } } } ] }
2019-06-12 22:17:23.790 1842 RALLYDEBUG rally_openstack.contexts.keystone.users [-] Creating 3 tenants using 20 threads
2019-06-12 22:17:25.671 1842 RALLYDEBUG rally_openstack.contexts.keystone.users [-] Creating 6 users using 20 threads
2019-06-12 22:17:28.544 1842 INFO rally.task.context [-] Task c060a885-591e-4f9a-aacd-a976320d3e42 | Context users@openstack setup() finished in 4.75 sec
2019-06-12 22:17:28.978 1842 INFO rally.task.context [-] Task c060a885-591e-4f9a-aacd-a976320d3e42 | Context api_versions@openstack setup() finished in 0.43 sec
2019-06-12 22:17:30.663 1842 INFO rally.task.context [-] Task c060a885-591e-4f9a-aacd-a976320d3e42 | Context quotas@openstack setup() finished in 1.68 sec
2019-06-12 22:17:30.663 1842 INFO rally.task.context [-] Task c060a885-591e-4f9a-aacd-a976320d3e42 | Context cleanup@openstack setup() finished in 0.01 msec
2019-06-12 22:17:30.671 1842 RALLYDEBUG rally.task.runner [-] Starting the constant runner (task UUID: c060a885-591e-4f9a-aacd-a976320d3e42). timeout: 0 concurrency: 4 concurrency_per_worker: 1 times: 10 concurrency_overhead: 0 processes_to_start: 4 max_cpu_used: 16
2019-06-12 22:17:30.685 4538 RALLYDEBUG rally.task.runner [-] Starting a worker. concurrency: 1 args: {"size": 1} times: 10 method_name: run timeout: 0 duration: None cls:
2019-06-12 22:17:30.687 4539 RALLYDEBUG rally.task.runner [-] Starting a worker. concurrency: 1 args: {"size": 1} times: 10 method_name: run timeout: 0 duration: None cls:
2019-06-12 22:17:30.690 4540 RALLYDEBUG rally.task.runner [-] Starting a worker. concurrency: 1 args: {"size": 1} times: 10 method_name: run timeout: 0 duration: None cls:
2019-06-12 22:17:30.693 4538 INFO rally.task.runner [-] Task c060a885-591e-4f9a-aacd-a976320d3e42 | ITER: 1 START
2019-06-12 22:17:30.693 4541 RALLYDEBUG rally.task.runner [-] Starting a worker. concurrency: 1 args: {"size": 1} times: 10 method_name: run timeout: 0 duration: None cls:
2019-06-12 22:17:30.696 4539 INFO rally.task.runner [-] Task c060a885-591e-4f9a-aacd-a976320d3e42 | ITER: 2 START
2019-06-12 22:17:30.698 4540 INFO rally.task.runner [-] Task c060a885-591e-4f9a-aacd-a976320d3e42 | ITER: 3 START
2019-06-12 22:17:30.701 4541 INFO rally.task.runner [-] Task c060a885-591e-4f9a-aacd-a976320d3e42 | ITER: 4 START
2019-06-12 22:17:35.071 4538 RALLYDEBUG rally.task.utils [-] Waiting for resource s_rally_72026d2f_f0e1OkpX. Status changed: AVAILABLE => DELETING in 0.242452859879
2019-06-12 22:17:35.111 4540 RALLYDEBUG rally.task.utils [-] Waiting for resource s_rally_72026d2f_C2NxIG9T. Status changed: AVAILABLE => DELETING in 0.270380973816
2019-06-12 22:17:35.135 4539 RALLYDEBUG rally.task.utils [-] Waiting for resource s_rally_72026d2f_DoetxyHF. Status changed: AVAILABLE => DELETING in 0.317805051804
2019-06-12 22:17:35.237 4541 RALLYDEBUG rally.task.utils [-] Waiting for resource s_rally_72026d2f_mm8Hc4sV. Status changed: AVAILABLE => DELETING in 0.335966825485
2019-06-12 22:17:37.108 4538 INFO rally.task.runner [-] Task c060a885-591e-4f9a-aacd-a976320d3e42 | ITER: 1 END: OK
2019-06-12 22:17:37.113 4538 INFO rally.task.runner [-] Task c060a885-591e-4f9a-aacd-a976320d3e42 | ITER: 5 START
2019-06-12 22:17:37.151 4540 INFO rally.task.runner [-] Task c060a885-591e-4f9a-aacd-a976320d3e42 | ITER: 3 END: OK
2019-06-12 22:17:37.155 4540 INFO rally.task.runner [-] Task c060a885-591e-4f9a-aacd-a976320d3e42 | ITER: 6 START
2019-06-12 22:17:37.522 4539 INFO rally.task.runner [-] Task c060a885-591e-4f9a-aacd-a976320d3e42 | ITER: 2 END: OK
