2019-06-12 22:00:12.278 1842 DEBUG novaclient.v2.client [-] RESP: [200] Content-Length: 16 Content-Type: application/json Date: Wed, 12 Jun 2019 22:00:11 GMT OpenStack-API-Version: compute 2.1 Server: Apache Vary: OpenStack-API-Version,X-OpenStack-Nova-API-Version X-OpenStack-Nova-API-Version: 2.1 x-compute-request-id: req-d9504aba-602f-4786-ab0f-c691ee7a2c00 x-openstack-request-id: req-d9504aba-602f-4786-ab0f-c691ee7a2c00 _http_log_response /usr/lib/python2.7/site-packages/keystoneauth1/session.py:479
2019-06-12 22:00:12.278 1842 DEBUG novaclient.v2.client [-] RESP BODY: {"keypairs": []} _http_log_response /usr/lib/python2.7/site-packages/keystoneauth1/session.py:511
2019-06-12 22:00:12.279 1842 DEBUG novaclient.v2.client [-] GET call to compute for http://172.30.9.22:8774/v2.1/os-keypairs used request id req-d9504aba-602f-4786-ab0f-c691ee7a2c00 request /usr/lib/python2.7/site-packages/keystoneauth1/session.py:844
2019-06-12 22:00:12.722 1842 DEBUG novaclient.v2.client [-] REQ: curl -g -i -X GET http://172.30.9.22:8774/v2.1/os-keypairs -H "Accept: application/json" -H "User-Agent: python-novaclient" -H "X-Auth-Token: {SHA1}717a62dbd7b05401b4de315e8623076985b9d012" _http_log_request /usr/lib/python2.7/site-packages/keystoneauth1/session.py:448
2019-06-12 22:00:13.048 1842 DEBUG novaclient.v2.client [-] RESP: [200] Content-Length: 16 Content-Type: application/json Date: Wed, 12 Jun 2019 22:00:12 GMT OpenStack-API-Version: compute 2.1 Server: Apache Vary: OpenStack-API-Version,X-OpenStack-Nova-API-Version X-OpenStack-Nova-API-Version: 2.1 x-compute-request-id: req-339d161a-306b-4d29-b998-2b871236095e x-openstack-request-id: req-339d161a-306b-4d29-b998-2b871236095e _http_log_response /usr/lib/python2.7/site-packages/keystoneauth1/session.py:479
2019-06-12 22:00:13.049 1842 DEBUG novaclient.v2.client [-] RESP BODY: {"keypairs": []} _http_log_response /usr/lib/python2.7/site-packages/keystoneauth1/session.py:511
2019-06-12 22:00:13.049 1842 DEBUG novaclient.v2.client [-] GET call to compute for http://172.30.9.22:8774/v2.1/os-keypairs used request id req-339d161a-306b-4d29-b998-2b871236095e request /usr/lib/python2.7/site-packages/keystoneauth1/session.py:844
2019-06-12 22:00:13.056 1842 RALLYDEBUG rally_openstack.cleanup.manager [-] Cleaning up cinder backups objects
2019-06-12 22:00:15.312 1842 RALLYDEBUG rally_openstack.cleanup.manager [-] Cleaning up cinder volume_snapshots objects
2019-06-12 22:00:17.534 1842 RALLYDEBUG rally_openstack.cleanup.manager [-] Cleaning up cinder transfers objects
2019-06-12 22:00:19.818 1842 RALLYDEBUG rally_openstack.cleanup.manager [-] Cleaning up cinder volumes objects
2019-06-12 22:00:22.107 1842 INFO rally.task.context [-] Task c060a885-591e-4f9a-aacd-a976320d3e42 | Context cleanup@openstack cleanup() finished in 18.41 sec
2019-06-12 22:00:22.107 1842 INFO rally.task.context [-] Task c060a885-591e-4f9a-aacd-a976320d3e42 | Context quotas@openstack cleanup() started
2019-06-12 22:00:22.893 1842 INFO rally.task.context [-] Task c060a885-591e-4f9a-aacd-a976320d3e42 | Context quotas@openstack cleanup() finished in 0.79 sec
2019-06-12 22:00:22.894 1842 INFO rally.task.context [-] Task c060a885-591e-4f9a-aacd-a976320d3e42 | Context api_versions@openstack cleanup() started
2019-06-12 22:00:22.894 1842 INFO rally.task.context [-] Task c060a885-591e-4f9a-aacd-a976320d3e42 | Context api_versions@openstack cleanup() finished in 0.33 msec
2019-06-12 22:00:22.894 1842 INFO rally.task.context [-] Task c060a885-591e-4f9a-aacd-a976320d3e42 | Context users@openstack cleanup() started
2019-06-12 22:00:30.941 1842 INFO rally.task.context [-] Task c060a885-591e-4f9a-aacd-a976320d3e42 | Context users@openstack cleanup() finished in 8.05 sec
2019-06-12 22:00:32.162 1842 INFO rally.task.engine [-] Load duration is: 101.717292
2019-06-12 22:00:32.163 1842 INFO rally.task.engine [-] Full runner duration is: 102.773834
2019-06-12 22:00:32.163 1842 INFO rally.task.engine [-] Full duration is: 139.41961
2019-06-12 22:00:32.462 1842 INFO rally.task.engine [-] Running workload: position = 0 config = { "version": 2, "title": "A cropped version of a bigger task.", "description": "Auto-generated task from a single workload (uuid=3b4d2cc9-0d7a-4507-8b3a-727bc23ed910)", "subtasks": [ { "title": "CinderVolumes.create_and_list_snapshots", "description": "Create and then list a volume-snapshot.", "scenario": { "CinderVolumes.create_and_list_snapshots": { "detailed": true, "force": false } }, "contexts": { "users": { "tenants": 3, "users_per_tenant": 2 }, "quotas": { "cinder": { "gigabytes": -1, "snapshots": -1, "volumes": -1 } }, "api_versions": { "cinder": { "version": 3, "service_type": "volumev3" } }, "volumes": { "size": 1, "volumes_per_tenant": 1 } }, "runner": { "constant": { "concurrency": 4, "times": 10 } }, "hooks": [], "sla": { "failure_rate": { "max": 0 } } } ] }
2019-06-12 22:00:32.488 1842 RALLYDEBUG rally_openstack.contexts.keystone.users [-] Creating 3 tenants using 20 threads
2019-06-12 22:00:34.398 1842 RALLYDEBUG rally_openstack.contexts.keystone.users [-] Creating 6 users using 20 threads
2019-06-12 22:00:37.341 1842 INFO rally.task.context [-] Task c060a885-591e-4f9a-aacd-a976320d3e42 | Context users@openstack setup() finished in 4.85 sec
2019-06-12 22:00:37.780 1842 INFO rally.task.context [-] Task c060a885-591e-4f9a-aacd-a976320d3e42 | Context api_versions@openstack setup() finished in 0.44 sec
2019-06-12 22:00:39.429 1842 INFO rally.task.context [-] Task c060a885-591e-4f9a-aacd-a976320d3e42 | Context quotas@openstack setup() finished in 1.65 sec
2019-06-12 22:00:50.634 1842 INFO rally.task.context [-] Task c060a885-591e-4f9a-aacd-a976320d3e42 | Context volumes@openstack setup() finished in 11.20 sec
2019-06-12 22:00:50.634 1842 INFO rally.task.context [-] Task c060a885-591e-4f9a-aacd-a976320d3e42 | Context cleanup@openstack setup() finished in 0.00 msec
2019-06-12 22:00:50.642 1842 RALLYDEBUG rally.task.runner [-] Starting the constant runner (task UUID: c060a885-591e-4f9a-aacd-a976320d3e42). timeout: 0 concurrency: 4 concurrency_per_worker: 1 times: 10 concurrency_overhead: 0 processes_to_start: 4 max_cpu_used: 16
2019-06-12 22:00:50.654 2210 RALLYDEBUG rally.task.runner [-] Starting a worker. concurrency: 1 args: {"detailed": true, "force": false} times: 10 method_name: run timeout: 0 duration: None cls:
2019-06-12 22:00:50.657 2211 RALLYDEBUG rally.task.runner [-] Starting a worker. concurrency: 1 args: {"detailed": true, "force": false} times: 10 method_name: run timeout: 0 duration: None cls:
2019-06-12 22:00:50.660 2212 RALLYDEBUG rally.task.runner [-] Starting a worker. concurrency: 1 args: {"detailed": true, "force": false} times: 10 method_name: run timeout: 0 duration: None cls:
2019-06-12 22:00:50.662 2210 INFO rally.task.runner [-] Task c060a885-591e-4f9a-aacd-a976320d3e42 | ITER: 1 START
2019-06-12 22:00:50.662 2213 RALLYDEBUG rally.task.runner [-] Starting a worker. concurrency: 1 args: {"detailed": true, "force": false} times: 10 method_name: run timeout: 0 duration: None cls:
2019-06-12 22:00:50.664 2211 INFO rally.task.runner [-] Task c060a885-591e-4f9a-aacd-a976320d3e42 | ITER: 2 START
2019-06-12 22:00:50.668 2212 INFO rally.task.runner [-] Task c060a885-591e-4f9a-aacd-a976320d3e42 | ITER: 3 START
2019-06-12 22:00:50.670 2213 INFO rally.task.runner [-] Task c060a885-591e-4f9a-aacd-a976320d3e42 | ITER: 4 START
2019-06-12 22:00:54.530 2213 INFO rally.task.runner [-] Task c060a885-591e-4f9a-aacd-a976320d3e42 | ITER: 4 END: OK
2019-06-12 22:00:54.535 2213 INFO rally.task.runner [-] Task c060a885-591e-4f9a-aacd-a976320d3e42 | ITER: 5 START
2019-06-12 22:00:54.565 2212 INFO rally.task.runner [-] Task c060a885-591e-4f9a-aacd-a976320d3e42 | ITER: 3 END: OK
2019-06-12 22:00:54.570 2211 INFO rally.task.runner [-] Task c060a885-591e-4f9a-aacd-a976320d3e42 | ITER: 2 END: OK
2019-06-12 22:00:54.571 2212 INFO rally.task.runner [-] Task c060a885-591e-4f9a-aacd-a976320d3e42 | ITER: 6 START
2019-06-12 22:00:54.575 2211 INFO rally.task.runner [-] Task c060a885-591e-4f9a-aacd-a976320d3e42 | ITER: 7 START
2019-06-12 22:00:54.653 2210 INFO rally.task.runner [-] Task c060a885-591e-4f9a-aacd-a976320d3e42 | ITER: 1 END: OK
2019-06-12 22:00:54.658 2210 INFO rally.task.runner [-] Task c060a885-591e-4f9a-aacd-a976320d3e42 | ITER: 8 START
2019-06-12 22:00:58.271 2212 INFO rally.task.runner [-] Task c060a885-591e-4f9a-aacd-a976320d3e42 | ITER: 6 END: OK
2019-06-12 22:00:58.276 2212 INFO rally.task.runner [-] Task c060a885-591e-4f9a-aacd-a976320d3e42 | ITER: 9 START
2019-06-12 22:00:58.364 2213 INFO rally.task.runner [-] Task c060a885-591e-4f9a-aacd-a976320d3e42 | ITER: 5 END: OK
2019-06-12 22:00:58.369 2213 INFO rally.task.runner [-] Task c060a885-591e-4f9a-aacd-a976320d3e42 | ITER: 10 START
2019-06-12 22:00:58.439 2211 INFO rally.task.runner [-] Task c060a885-591e-4f9a-aacd-a976320d3e42 | ITER: 7 END: OK
2019-06-12 22:00:58.493 2210 INFO rally.task.runner [-] Task c060a885-591e-4f9a-aacd-a976320d3e42 | ITER: 8 END: OK
2019-06-12 22:01:01.766 2212 INFO rally.task.runner [-] Task c060a885-591e-4f9a-aacd-a976320d3e42 | ITER: 9 END: OK
2019-06-12 22:01:02.115 2213 INFO rally.task.runner [-] Task c060a885-591e-4f9a-aacd-a976320d3e42 | ITER: 10 END: OK
2019-06-12 22:01:02.143 1842 INFO rally.task.context [-] Task c060a885-591e-4f9a-aacd-a976320d3e42 | Context cleanup@openstack cleanup() started
2019-06-12 22:01:02.145 1842 RALLYDEBUG rally_openstack.cleanup.manager [-] Cleaning up cinder backups objects
2019-06-12 22:01:04.332 1842 RALLYDEBUG rally_openstack.cleanup.manager [-] Cleaning up cinder volume_snapshots objects
2019-06-12 22:01:06.453 1842 RALLYDEBUG rally_openstack.cleanup.manager [-] Deleting cinder.volume_snapshots object s_rally_3b4d2cc9_pQ6kzCH4 (b1938e02-065b-4462-9229-834608b2f530)
2019-06-12 22:01:06.458 1842 RALLYDEBUG rally_openstack.cleanup.manager [-] Deleting cinder.volume_snapshots object s_rally_3b4d2cc9_EsdIgSAd (e71d777d-f9c8-496f-b9dc-bffb82730762)
2019-06-12 22:01:06.459 1842 RALLYDEBUG rally_openstack.cleanup.manager [-] Deleting cinder.volume_snapshots object s_rally_3b4d2cc9_6fnOxUiM (2ecfeb05-9c86-4916-9552-d9e189abc59b)
2019-06-12 22:01:06.460 1842 RALLYDEBUG rally_openstack.cleanup.manager [-] Deleting cinder.volume_snapshots object s_rally_3b4d2cc9_CruP6S1S (4baadaf5-fddc-4649-96ad-d48877328ba2)
2019-06-12 22:01:06.465 1842 RALLYDEBUG rally_openstack.cleanup.manager [-] Deleting cinder.volume_snapshots object s_rally_3b4d2cc9_NeNUKR1P (1a9a9d3b-c39f-413a-b977-c6d237551d4c)
2019-06-12 22:01:06.467 1842 RALLYDEBUG rally_openstack.cleanup.manager [-] Deleting cinder.volume_snapshots object s_rally_3b4d2cc9_OWQxBncL (4603156f-d1e8-495b-a0da-953597c9b5c4)
2019-06-12 22:01:06.469 1842 RALLYDEBUG rally_openstack.cleanup.manager [-] Deleting cinder.volume_snapshots object s_rally_3b4d2cc9_Bae1dnPj (f941d9cc-c947-4040-9d3e-f1b762969490)
2019-06-12 22:01:06.472 1842 RALLYDEBUG rally_openstack.cleanup.manager [-] Deleting cinder.volume_snapshots object s_rally_3b4d2cc9_kDiWbk7k (1c25c4f0-071e-4137-a321-06d6e4a1bb02)
2019-06-12 22:01:06.489 1842 RALLYDEBUG rally_openstack.cleanup.manager [-] Deleting cinder.volume_snapshots object s_rally_3b4d2cc9_2VAxx2eN (7c0602e7-4c2d-41d7-9337-4d2a80b42a03)
2019-06-12 22:01:06.493 1842 RALLYDEBUG rally_openstack.cleanup.manager [-] Deleting cinder.volume_snapshots object s_rally_3b4d2cc9_58hCuJ5c (7b071e48-132d-48e2-b5c4-0b0aa0486a8f)
2019-06-12 22:01:12.028 1842 RALLYDEBUG rally_openstack.cleanup.manager [-] Cleaning up cinder transfers objects
2019-06-12 22:01:14.182 1842 RALLYDEBUG rally_openstack.cleanup.manager [-] Cleaning up cinder volumes objects
2019-06-12 22:01:16.505 1842 INFO rally.task.context [-] Task c060a885-591e-4f9a-aacd-a976320d3e42 | Context cleanup@openstack cleanup() finished in 14.36 sec
2019-06-12 22:01:16.506 1842 INFO rally.task.context [-] Task c060a885-591e-4f9a-aacd-a976320d3e42 | Context volumes@openstack cleanup() started
2019-06-12 22:01:16.506 1842 RALLYDEBUG rally_openstack.cleanup.manager [-] Cleaning up cinder volumes objects
2019-06-12 22:01:18.674 1842 RALLYDEBUG rally_openstack.cleanup.manager [-] Deleting cinder.volumes object c_rally_3b4d2cc9_QOwwJMXk (1048d78f-c1ad-4a69-a09c-f26aea5fd7bf)
2019-06-12 22:01:18.679 1842 RALLYDEBUG rally_openstack.cleanup.manager [-] Deleting cinder.volumes object c_rally_3b4d2cc9_Lj7GumL0 (349f12fc-e8b0-4339-b466-0e5511ec7e5d)
2019-06-12 22:01:18.684 1842 RALLYDEBUG rally_openstack.cleanup.manager [-] Deleting cinder.volumes object c_rally_3b4d2cc9_lsHjTDmg (60cce697-de08-4aaf-92c6-347b9785905c)
2019-06-12 22:01:22.281 1842 INFO rally.task.context [-] Task c060a885-591e-4f9a-aacd-a976320d3e42 | Context volumes@openstack cleanup() finished in 5.78 sec
2019-06-12 22:01:22.282 1842 INFO rally.task.context [-] Task c060a885-591e-4f9a-aacd-a976320d3e42 | Context quotas@openstack cleanup() started
2019-06-12 22:01:23.151 1842 INFO rally.task.context [-] Task c060a885-591e-4f9a-aacd-a976320d3e42 | Context quotas@openstack cleanup() finished in 0.87 sec
2019-06-12 22:01:23.152 1842 INFO rally.task.context [-] Task c060a885-591e-4f9a-aacd-a976320d3e42 | Context api_versions@openstack cleanup() started
2019-06-12 22:01:23.152 1842 INFO rally.task.context [-] Task c060a885-591e-4f9a-aacd-a976320d3e42 | Context api_versions@openstack cleanup() finished in 0.34 msec
2019-06-12 22:01:23.153 1842 INFO rally.task.context [-] Task c060a885-591e-4f9a-aacd-a976320d3e42 | Context users@openstack cleanup() started
2019-06-12 22:01:31.176 1842 INFO rally.task.context [-] Task c060a885-591e-4f9a-aacd-a976320d3e42 | Context users@openstack cleanup() finished in 8.02 sec
2019-06-12 22:01:32.714 1842 INFO rally.task.engine [-] Load duration is: 11.449045
2019-06-12 22:01:32.715 1842 INFO rally.task.engine [-] Full runner duration is: 11.502052
2019-06-12 22:01:32.715 1842 INFO rally.task.engine [-] Full duration is: 58.691839
2019-06-12 22:01:33.003 1842 INFO rally.task.engine [-] Running workload: position = 0 config = { "version": 2, "title": "A cropped version of a bigger task.", "description": "Auto-generated task from a single workload (uuid=e0771f98-ed38-4da8-8477-4e50ddc5f372)", "subtasks": [ { "title": "CinderVolumes.create_and_list_volume", "description": "Create a volume and list all volumes.", "scenario": { "CinderVolumes.create_and_list_volume": { "detailed": true, "image": { "name": "rally_full-img_c0d30eb1-ae7b-4012-a58a-39cd0123509c" }, "size": 1 } }, "contexts": { "users": { "tenants": 3, "users_per_tenant": 2 }, "quotas": { "cinder": { "gigabytes": -1, "snapshots": -1, "volumes": -1 } }, "api_versions": { "cinder": { "version": 3, "service_type": "volumev3" } } }, "runner": { "constant": { "concurrency": 4, "times": 10 } }, "hooks": [], "sla": { "failure_rate": { "max": 0 } } } ] }
2019-06-12 22:01:33.031 1842 RALLYDEBUG rally_openstack.contexts.keystone.users [-] Creating 3 tenants using 20 threads
2019-06-12 22:01:34.885 1842 RALLYDEBUG rally_openstack.contexts.keystone.users [-] Creating 6 users using 20 threads
2019-06-12 22:01:37.747 1842 INFO rally.task.context [-] Task c060a885-591e-4f9a-aacd-a976320d3e42 | Context users@openstack setup() finished in 4.72 sec
2019-06-12 22:01:38.175 1842 INFO rally.task.context [-] Task c060a885-591e-4f9a-aacd-a976320d3e42 | Context api_versions@openstack setup() finished in 0.43 sec
2019-06-12 22:01:39.813 1842 INFO rally.task.context [-] Task c060a885-591e-4f9a-aacd-a976320d3e42 | Context quotas@openstack setup() finished in 1.64 sec
2019-06-12 22:01:39.814 1842 INFO rally.task.context [-] Task c060a885-591e-4f9a-aacd-a976320d3e42 | Context cleanup@openstack setup() finished in 0.01 msec
2019-06-12 22:01:40.872 1842 RALLYDEBUG rally.task.runner [-] Starting the constant runner (task UUID: c060a885-591e-4f9a-aacd-a976320d3e42). timeout: 0 concurrency: 4 concurrency_per_worker: 1 times: 10 concurrency_overhead: 0 processes_to_start: 4 max_cpu_used: 16
2019-06-12 22:01:40.887 2414 RALLYDEBUG rally.task.runner [-] Starting a worker. concurrency: 1 args: {"detailed": true, "image": "91433d87-e9bc-4233-9749-076e0f5e9029", "size": 1} times: 10 method_name: run timeout: 0 duration: None cls:
2019-06-12 22:01:40.888 2415 RALLYDEBUG rally.task.runner [-] Starting a worker. concurrency: 1 args: {"detailed": true, "image": "91433d87-e9bc-4233-9749-076e0f5e9029", "size": 1} times: 10 method_name: run timeout: 0 duration: None cls:
2019-06-12 22:01:40.892 2416 RALLYDEBUG rally.task.runner [-] Starting a worker. concurrency: 1 args: {"detailed": true, "image": "91433d87-e9bc-4233-9749-076e0f5e9029", "size": 1} times: 10 method_name: run timeout: 0 duration: None cls:
2019-06-12 22:01:40.896 2414 INFO rally.task.runner [-] Task c060a885-591e-4f9a-aacd-a976320d3e42 | ITER: 1 START
2019-06-12 22:01:40.897 2415 INFO rally.task.runner [-] Task c060a885-591e-4f9a-aacd-a976320d3e42 | ITER: 2 START
2019-06-12 22:01:40.897 2417 RALLYDEBUG rally.task.runner [-] Starting a worker. concurrency: 1 args: {"detailed": true, "image": "91433d87-e9bc-4233-9749-076e0f5e9029", "size": 1} times: 10 method_name: run timeout: 0 duration: None cls:
2019-06-12 22:01:40.901 2416 INFO rally.task.runner [-] Task c060a885-591e-4f9a-aacd-a976320d3e42 | ITER: 3 START
2019-06-12 22:01:40.905 2417 INFO rally.task.runner [-] Task c060a885-591e-4f9a-aacd-a976320d3e42 | ITER: 4 START
2019-06-12 22:01:48.599 2414 RALLYDEBUG rally.task.utils [-] Waiting for resource s_rally_e0771f98_A3tsKgsN. Status changed: CREATING => DOWNLOADING in 3.03607201576
2019-06-12 22:01:53.016 2416 RALLYDEBUG rally.task.utils [-] Waiting for resource s_rally_e0771f98_ax4ASh6B. Status changed: CREATING => DOWNLOADING in 7.20834708214
2019-06-12 22:01:53.188 2417 RALLYDEBUG rally.task.utils [-] Waiting for resource s_rally_e0771f98_ygto7xJJ. Status changed: CREATING => DOWNLOADING in 7.57477998734
2019-06-12 22:01:53.657 2415 RALLYDEBUG rally.task.utils [-] Waiting for resource s_rally_e0771f98_vSWnDluJ. Status changed: CREATING => DOWNLOADING in 7.80439305305
2019-06-12 22:01:59.824 2417 RALLYDEBUG rally.task.utils [-] Waiting for resource s_rally_e0771f98_ygto7xJJ. Status changed: DOWNLOADING => AVAILABLE in 6.63634991646
2019-06-12 22:01:59.884 2414 RALLYDEBUG rally.task.utils [-] Waiting for resource s_rally_e0771f98_A3tsKgsN. Status changed: DOWNLOADING => AVAILABLE in 11.2852239609
2019-06-12 22:02:00.092 2416 RALLYDEBUG rally.task.utils [-] Waiting for resource s_rally_e0771f98_ax4ASh6B. Status changed: DOWNLOADING => AVAILABLE in 7.07547593117
2019-06-12 22:02:00.159 2416 INFO rally.task.runner [-] Task c060a885-591e-4f9a-aacd-a976320d3e42 | ITER: 3 END: OK
2019-06-12 22:02:00.164 2416 INFO rally.task.runner [-] Task c060a885-591e-4f9a-aacd-a976320d3e42 | ITER: 5 START
2019-06-12 22:02:00.196 2417 INFO rally.task.runner [-] Task c060a885-591e-4f9a-aacd-a976320d3e42 | ITER: 4 END: OK
2019-06-12 22:02:00.201 2417 INFO rally.task.runner [-] Task c060a885-591e-4f9a-aacd-a976320d3e42 | ITER: 6 START
2019-06-12 22:02:00.228 2414 INFO rally.task.runner [-] Task c060a885-591e-4f9a-aacd-a976320d3e42 | ITER: 1 END: OK
2019-06-12 22:02:00.233 2414 INFO rally.task.runner [-] Task c060a885-591e-4f9a-aacd-a976320d3e42 | ITER: 7 START
2019-06-12 22:02:00.399 2415 RALLYDEBUG rally.task.utils [-] Waiting for resource s_rally_e0771f98_vSWnDluJ. Status changed: DOWNLOADING => AVAILABLE in 6.74186491966
2019-06-12 22:02:00.731 2415 INFO rally.task.runner [-] Task c060a885-591e-4f9a-aacd-a976320d3e42 | ITER: 2 END: OK
2019-06-12 22:02:00.736 2415 INFO rally.task.runner [-] Task c060a885-591e-4f9a-aacd-a976320d3e42 | ITER: 8 START
2019-06-12 22:02:08.068 2416 RALLYDEBUG rally.task.utils [-] Waiting for resource s_rally_e0771f98_0KLrnjkS. Status changed: CREATING => DOWNLOADING in 3.00145411491
2019-06-12 22:02:10.114 2415 RALLYDEBUG rally.task.utils [-] Waiting for resource s_rally_e0771f98_EGekRtKF. Status changed: CREATING => DOWNLOADING in 5.33410000801
2019-06-12 22:02:14.721 2415 RALLYDEBUG rally.task.utils [-] Waiting for resource s_rally_e0771f98_EGekRtKF. Status changed: DOWNLOADING => AVAILABLE in 4.60698199272
2019-06-12 22:02:14.804 2415 INFO rally.task.runner [-] Task c060a885-591e-4f9a-aacd-a976320d3e42 | ITER: 8 END: OK
2019-06-12 22:02:14.809 2415 INFO rally.task.runner [-] Task c060a885-591e-4f9a-aacd-a976320d3e42 | ITER: 9 START
2019-06-12 22:02:14.963 2414 RALLYDEBUG rally.task.utils [-] Waiting for resource s_rally_e0771f98_Zhrdv5we. Status changed: CREATING => DOWNLOADING in 9.53851795197
2019-06-12 22:02:15.235 2417 RALLYDEBUG rally.task.utils [-] Waiting for resource s_rally_e0771f98_7ZIEg02I. Status changed: CREATING => DOWNLOADING in 9.79034495354
2019-06-12 22:02:17.260 2416 RALLYDEBUG rally.task.utils [-] Waiting for resource s_rally_e0771f98_0KLrnjkS. Status changed: DOWNLOADING => AVAILABLE in 9.1917347908
2019-06-12 22:02:17.773 2416 INFO rally.task.runner [-] Task c060a885-591e-4f9a-aacd-a976320d3e42 | ITER: 5 END: OK
2019-06-12 22:02:17.778 2416 INFO rally.task.runner [-] Task c060a885-591e-4f9a-aacd-a976320d3e42 | ITER: 10 START
2019-06-12 22:02:19.699 2414 RALLYDEBUG rally.task.utils [-] Waiting for resource s_rally_e0771f98_Zhrdv5we. Status changed: DOWNLOADING => AVAILABLE in 4.73581504822
2019-06-12 22:02:19.873 2417 RALLYDEBUG rally.task.utils [-] Waiting for resource s_rally_e0771f98_7ZIEg02I. Status changed: DOWNLOADING => AVAILABLE in 4.63826298714
2019-06-12 22:02:19.978 2414 INFO rally.task.runner [-] Task c060a885-591e-4f9a-aacd-a976320d3e42 | ITER: 7 END: OK
2019-06-12 22:02:20.155 2417 INFO rally.task.runner [-] Task c060a885-591e-4f9a-aacd-a976320d3e42 | ITER: 6 END: OK
2019-06-12 22:02:22.895 2415 RALLYDEBUG rally.task.utils [-] Waiting for resource s_rally_e0771f98_UH6qQJky. Status changed: CREATING => DOWNLOADING in 3.00356698036
2019-06-12 22:02:27.545 2415 RALLYDEBUG rally.task.utils [-] Waiting for resource s_rally_e0771f98_UH6qQJky. Status changed: DOWNLOADING => AVAILABLE in 4.64983487129
2019-06-12 22:02:27.644 2416 RALLYDEBUG rally.task.utils [-] Waiting for resource s_rally_e0771f98_JLFDq0Ei. Status changed: CREATING => DOWNLOADING in 5.36511611938
2019-06-12 22:02:28.006 2415 INFO rally.task.runner [-] Task c060a885-591e-4f9a-aacd-a976320d3e42 | ITER: 9 END: OK
2019-06-12 22:02:29.972 2416 RALLYDEBUG rally.task.utils [-] Waiting for resource s_rally_e0771f98_JLFDq0Ei. Status changed: DOWNLOADING => AVAILABLE in 2.32799291611
2019-06-12 22:02:30.366 2416 INFO rally.task.runner [-] Task c060a885-591e-4f9a-aacd-a976320d3e42 | ITER: 10 END: OK
2019-06-12 22:02:30.391 1842 INFO rally.task.context [-] Task c060a885-591e-4f9a-aacd-a976320d3e42 | Context cleanup@openstack cleanup() started
2019-06-12 22:02:30.393 1842 RALLYDEBUG rally_openstack.cleanup.manager [-] Cleaning up cinder backups objects
2019-06-12 22:02:32.654 1842 RALLYDEBUG rally_openstack.cleanup.manager [-] Cleaning up cinder volume_snapshots objects
2019-06-12 22:02:34.802 1842 RALLYDEBUG rally_openstack.cleanup.manager [-] Cleaning up cinder transfers objects
2019-06-12 22:02:37.035 1842 RALLYDEBUG rally_openstack.cleanup.manager [-] Cleaning up cinder volumes objects
2019-06-12 22:02:39.409 1842 RALLYDEBUG rally_openstack.cleanup.manager [-] Deleting cinder.volumes object s_rally_e0771f98_JLFDq0Ei (4f4fff3d-e91f-43ea-aae9-5a6cd900f740)
2019-06-12 22:02:39.413 1842 RALLYDEBUG rally_openstack.cleanup.manager [-] Deleting cinder.volumes object s_rally_e0771f98_Zhrdv5we (94d4fc06-4314-4877-a130-a08e9c600018)
2019-06-12 22:02:39.415 1842 RALLYDEBUG rally_openstack.cleanup.manager [-] Deleting cinder.volumes object s_rally_e0771f98_UH6qQJky (9ed83127-a4c6-43b1-b26e-f79b2ed29b95)
2019-06-12 22:02:39.416 1842 RALLYDEBUG rally_openstack.cleanup.manager [-] Deleting cinder.volumes object s_rally_e0771f98_ygto7xJJ (8dd957c7-30ea-4305-b1aa-ee3cafdf7dd6)
2019-06-12 22:02:39.418 1842 RALLYDEBUG rally_openstack.cleanup.manager [-] Deleting cinder.volumes object s_rally_e0771f98_7ZIEg02I (d0cde819-2b69-444b-bca2-d71c91f7ea99)
2019-06-12 22:02:39.418 1842 RALLYDEBUG rally_openstack.cleanup.manager [-] Deleting cinder.volumes object s_rally_e0771f98_0KLrnjkS (495b0a20-b644-465d-b681-9c6da52c6f6a)
2019-06-12 22:02:39.418 1842 RALLYDEBUG rally_openstack.cleanup.manager [-] Deleting cinder.volumes object s_rally_e0771f98_ax4ASh6B (de74eb6b-c0e9-49be-be8e-5e53f5afda22)
2019-06-12 22:02:39.419 1842 RALLYDEBUG rally_openstack.cleanup.manager [-] Deleting cinder.volumes object s_rally_e0771f98_A3tsKgsN (fdb66cc4-d581-459e-944a-e11a65cf9080)
2019-06-12 22:02:39.423 1842 RALLYDEBUG rally_openstack.cleanup.manager [-] Deleting cinder.volumes object s_rally_e0771f98_EGekRtKF (29bc5776-3369-4884-929b-0ca6920f05cd)
2019-06-12 22:02:39.427 1842 RALLYDEBUG rally_openstack.cleanup.manager [-] Deleting cinder.volumes object s_rally_e0771f98_vSWnDluJ (e6702bd4-0688-4a5d-9f71-9816a2856fd3)
2019-06-12 22:02:43.321 1842 INFO rally.task.context [-] Task c060a885-591e-4f9a-aacd-a976320d3e42 | Context cleanup@openstack cleanup() finished in 12.93 sec
2019-06-12 22:02:43.322 1842 INFO rally.task.context [-] Task c060a885-591e-4f9a-aacd-a976320d3e42 | Context quotas@openstack cleanup() started
2019-06-12 22:02:44.091 1842 INFO rally.task.context [-] Task c060a885-591e-4f9a-aacd-a976320d3e42 | Context quotas@openstack cleanup() finished in 0.77 sec
2019-06-12 22:02:44.092 1842 INFO rally.task.context [-] Task c060a885-591e-4f9a-aacd-a976320d3e42 | Context api_versions@openstack cleanup() started
2019-06-12 22:02:44.092 1842 INFO rally.task.context [-] Task c060a885-591e-4f9a-aacd-a976320d3e42 | Context api_versions@openstack cleanup() finished in 0.34 msec
2019-06-12 22:02:44.093 1842 INFO rally.task.context [-] Task c060a885-591e-4f9a-aacd-a976320d3e42 | Context users@openstack cleanup() started
2019-06-12 22:02:52.115 1842 INFO rally.task.context [-] Task c060a885-591e-4f9a-aacd-a976320d3e42 | Context users@openstack cleanup() finished in 8.02 sec
2019-06-12 22:02:53.319 1842 INFO rally.task.engine [-] Load duration is: 49.461995
2019-06-12 22:02:53.319 1842 INFO rally.task.engine [-] Full runner duration is: 49.520138
2019-06-12 22:02:53.320 1842 INFO rally.task.engine [-] Full duration is: 79.089983
2019-06-12 22:02:53.513 1842 INFO rally.task.engine [-] Running workload: position = 1 config = { "version": 2, "title": "A cropped version of a bigger task.", "description": "Auto-generated task from a single workload (uuid=d9af7619-c86c-41f6-afe2-b1a43184b925)", "subtasks": [ { "title": "CinderVolumes.create_and_list_volume", "description": "Create a volume and list all volumes.", "scenario": { "CinderVolumes.create_and_list_volume": { "detailed": true, "size": 1 } }, "contexts": { "users": { "tenants": 3, "users_per_tenant": 2 }, "quotas": { "cinder": { "gigabytes": -1, "snapshots": -1, "volumes": -1 } }, "api_versions": { "cinder": { "version": 3, "service_type": "volumev3" } } }, "runner": { "constant": { "concurrency": 4, "times": 10 } }, "hooks": [], "sla": { "failure_rate": { "max": 0 } } } ] }
2019-06-12 22:02:53.536 1842 RALLYDEBUG rally_openstack.contexts.keystone.users [-] Creating 3 tenants using 20 threads
2019-06-12 22:02:55.447 1842 RALLYDEBUG rally_openstack.contexts.keystone.users [-] Creating 6 users using 20 threads
2019-06-12 22:02:58.244 1842 INFO rally.task.context [-] Task c060a885-591e-4f9a-aacd-a976320d3e42 | Context users@openstack setup() finished in 4.71 sec
2019-06-12 22:02:58.672 1842 INFO rally.task.context [-] Task c060a885-591e-4f9a-aacd-a976320d3e42 | Context api_versions@openstack setup() finished in 0.43 sec
2019-06-12 22:03:00.314 1842 INFO rally.task.context [-] Task c060a885-591e-4f9a-aacd-a976320d3e42 | Context quotas@openstack setup() finished in 1.64 sec
2019-06-12 22:03:00.315 1842 INFO rally.task.context [-] Task c060a885-591e-4f9a-aacd-a976320d3e42 | Context cleanup@openstack setup() finished in 0.01 msec
2019-06-12 22:03:00.323 1842 RALLYDEBUG rally.task.runner [-] Starting the constant runner (task UUID: c060a885-591e-4f9a-aacd-a976320d3e42). timeout: 0 concurrency: 4 concurrency_per_worker: 1 times: 10 concurrency_overhead: 0 processes_to_start: 4 max_cpu_used: 16
2019-06-12 22:03:00.336 2598 RALLYDEBUG rally.task.runner [-] Starting a worker. concurrency: 1 args: {"detailed": true, "size": 1} times: 10 method_name: run timeout: 0 duration: None cls:
2019-06-12 22:03:00.339 2599 RALLYDEBUG rally.task.runner [-] Starting a worker. concurrency: 1 args: {"detailed": true, "size": 1} times: 10 method_name: run timeout: 0 duration: None cls:
2019-06-12 22:03:00.341 2600 RALLYDEBUG rally.task.runner [-] Starting a worker. concurrency: 1 args: {"detailed": true, "size": 1} times: 10 method_name: run timeout: 0 duration: None cls:
2019-06-12 22:03:00.344 2601 RALLYDEBUG rally.task.runner [-] Starting a worker. concurrency: 1 args: {"detailed": true, "size": 1} times: 10 method_name: run timeout: 0 duration: None cls:
2019-06-12 22:03:00.344 2598 INFO rally.task.runner [-] Task c060a885-591e-4f9a-aacd-a976320d3e42 | ITER: 1 START
2019-06-12 22:03:00.346 2599 INFO rally.task.runner [-] Task c060a885-591e-4f9a-aacd-a976320d3e42 | ITER: 2 START
2019-06-12 22:03:00.349 2600 INFO rally.task.runner [-] Task c060a885-591e-4f9a-aacd-a976320d3e42 | ITER: 3 START
2019-06-12 22:03:00.351 2601 INFO rally.task.runner [-] Task c060a885-591e-4f9a-aacd-a976320d3e42 | ITER: 4 START
2019-06-12 22:03:04.349 2600 INFO rally.task.runner [-] Task c060a885-591e-4f9a-aacd-a976320d3e42 | ITER: 3 END: OK
2019-06-12 22:03:04.355 2600 INFO rally.task.runner [-] Task c060a885-591e-4f9a-aacd-a976320d3e42 | ITER: 5 START
2019-06-12 22:03:04.382 2601 INFO rally.task.runner [-] Task c060a885-591e-4f9a-aacd-a976320d3e42 | ITER: 4 END: OK
2019-06-12 22:03:04.387 2601 INFO rally.task.runner [-] Task c060a885-591e-4f9a-aacd-a976320d3e42 | ITER: 6 START
2019-06-12 22:03:04.468 2599 INFO rally.task.runner [-] Task c060a885-591e-4f9a-aacd-a976320d3e42 | ITER: 2 END: OK
2019-06-12 22:03:04.474 2599 INFO rally.task.runner [-] Task c060a885-591e-4f9a-aacd-a976320d3e42 | ITER: 7 START
2019-06-12 22:03:04.593 2598 INFO rally.task.runner [-] Task c060a885-591e-4f9a-aacd-a976320d3e42 | ITER: 1 END: OK
2019-06-12 22:03:04.598 2598 INFO rally.task.runner [-] Task c060a885-591e-4f9a-aacd-a976320d3e42 | ITER: 8 START
2019-06-12 22:03:08.097 2599 INFO rally.task.runner [-] Task c060a885-591e-4f9a-aacd-a976320d3e42 | ITER: 7 END: OK
2019-06-12 22:03:08.102 2599 INFO rally.task.runner [-] Task c060a885-591e-4f9a-aacd-a976320d3e42 | ITER: 9 START
2019-06-12 22:03:08.406 2600 INFO rally.task.runner [-] Task c060a885-591e-4f9a-aacd-a976320d3e42 | ITER: 5 END: OK
2019-06-12 22:03:08.407 2601 INFO rally.task.runner [-] Task c060a885-591e-4f9a-aacd-a976320d3e42 | ITER: 6 END: OK
2019-06-12 22:03:08.409 2598 INFO rally.task.runner [-] Task c060a885-591e-4f9a-aacd-a976320d3e42 | ITER: 8 END: OK
2019-06-12 22:03:08.411 2600 INFO rally.task.runner [-] Task c060a885-591e-4f9a-aacd-a976320d3e42 | ITER: 10 START
2019-06-12 22:03:11.940 2599 INFO rally.task.runner [-] Task c060a885-591e-4f9a-aacd-a976320d3e42 | ITER: 9 END: OK
2019-06-12 22:03:12.285 2600 INFO rally.task.runner [-] Task c060a885-591e-4f9a-aacd-a976320d3e42 | ITER: 10 END: OK
2019-06-12 22:03:12.312 1842 INFO rally.task.context [-] Task c060a885-591e-4f9a-aacd-a976320d3e42 | Context cleanup@openstack cleanup() started
2019-06-12 22:03:12.315 1842 RALLYDEBUG rally_openstack.cleanup.manager [-] Cleaning up cinder backups objects
2019-06-12 22:03:14.313 1842 RALLYDEBUG rally_openstack.cleanup.manager [-] Cleaning up cinder volume_snapshots objects
2019-06-12 22:03:16.455 1842 RALLYDEBUG rally_openstack.cleanup.manager [-] Cleaning up cinder transfers objects
2019-06-12 22:03:18.582 1842 RALLYDEBUG rally_openstack.cleanup.manager [-] Cleaning up cinder volumes objects
2019-06-12 22:03:20.946 1842 RALLYDEBUG rally_openstack.cleanup.manager [-] Deleting cinder.volumes object s_rally_d9af7619_yWZEwUxn (5c916291-6bb4-44be-b05d-eedf39b30709)
2019-06-12 22:03:20.947 1842 RALLYDEBUG rally_openstack.cleanup.manager [-] Deleting cinder.volumes object s_rally_d9af7619_BoInAJJu (2dc51864-9d8e-4c37-865b-ac10a8b3147f)
2019-06-12 22:03:20.955 1842 RALLYDEBUG rally_openstack.cleanup.manager [-] Deleting cinder.volumes object s_rally_d9af7619_c9uF9sVb (5e25e8c2-b45e-48e8-8ba8-ee92e36bf0d0)
2019-06-12 22:03:20.958 1842 RALLYDEBUG rally_openstack.cleanup.manager [-] Deleting cinder.volumes object s_rally_d9af7619_wIJVwyhs (59dc8c6c-507b-4ebc-9a52-c8d1d8a49dde)
2019-06-12 22:03:20.959 1842 RALLYDEBUG rally_openstack.cleanup.manager [-] Deleting cinder.volumes object s_rally_d9af7619_xnvFXgzL (70e3e53e-068c-48f0-a134-e9cb837d89d4)
2019-06-12 22:03:20.965 1842 RALLYDEBUG rally_openstack.cleanup.manager [-] Deleting cinder.volumes object s_rally_d9af7619_m6nkXy3P (7805c782-a1f4-4a80-9c2b-918a35fac57d)
2019-06-12 22:03:20.968 1842 RALLYDEBUG rally_openstack.cleanup.manager [-] Deleting cinder.volumes object s_rally_d9af7619_1ifpzUtr (0ecf6dc4-96ff-4a87-ae80-5b0bc6508c25)
2019-06-12 22:03:20.971 1842 RALLYDEBUG rally_openstack.cleanup.manager [-] Deleting cinder.volumes object s_rally_d9af7619_xPYFXO2D (cb3ae305-8c56-448f-b0ca-12fd6031a5df)
2019-06-12 22:03:20.980 1842 RALLYDEBUG rally_openstack.cleanup.manager [-] Deleting cinder.volumes object s_rally_d9af7619_zw6VGuDC (40615c88-20ae-4079-a97e-a2af925c0ddf)
2019-06-12 22:03:20.980 1842 RALLYDEBUG rally_openstack.cleanup.manager [-] Deleting cinder.volumes object s_rally_d9af7619_MJtbYOhE (6b20d03f-fe52-4011-9f1f-4ab3ccf9f7a9)
2019-06-12 22:03:24.905 1842 INFO rally.task.context [-] Task c060a885-591e-4f9a-aacd-a976320d3e42 | Context cleanup@openstack cleanup() finished in 12.59 sec
2019-06-12 22:03:24.906 1842 INFO rally.task.context [-] Task c060a885-591e-4f9a-aacd-a976320d3e42 | Context quotas@openstack cleanup() started
2019-06-12 22:03:25.715 1842 INFO rally.task.context [-] Task c060a885-591e-4f9a-aacd-a976320d3e42 | Context quotas@openstack cleanup() finished in 0.81 sec
2019-06-12 22:03:25.715 1842 INFO rally.task.context [-] Task c060a885-591e-4f9a-aacd-a976320d3e42 | Context api_versions@openstack cleanup() started
2019-06-12 22:03:25.716 1842 INFO rally.task.context [-] Task c060a885-591e-4f9a-aacd-a976320d3e42 | Context api_versions@openstack cleanup() finished in 0.32 msec
2019-06-12 22:03:25.716 1842 INFO rally.task.context [-] Task c060a885-591e-4f9a-aacd-a976320d3e42 | Context users@openstack cleanup() started
2019-06-12 22:03:33.733 1842 INFO rally.task.context [-] Task c060a885-591e-4f9a-aacd-a976320d3e42 | Context users@openstack cleanup() finished in 8.02 sec
2019-06-12 22:03:35.719 1842 INFO rally.task.engine [-] Load duration is: 11.934966
2019-06-12 22:03:35.719 1842 INFO rally.task.engine [-] Full runner duration is: 11.98953
2019-06-12 22:03:35.719 1842 INFO rally.task.engine [-] Full duration is: 40.199578
2019-06-12 22:03:35.993 1842 INFO rally.task.engine [-] Running workload: position = 0 config = { "version": 2, "title": "A cropped version of a bigger task.", "description": "Auto-generated task from a single workload (uuid=a797bf18-7523-4d24-8f5d-84b5e3ecd556)", "subtasks": [ { "title": "CinderVolumes.create_and_upload_volume_to_image", "description": "Create and upload a volume to image.", "scenario": { "CinderVolumes.create_and_upload_volume_to_image": { "container_format": "bare", "disk_format": "raw", "do_delete": true, "force": false, "size": 1 } }, "contexts": { "users": { "tenants": 3, "users_per_tenant": 2 }, "quotas": { "cinder": { "gigabytes": -1, "snapshots": -1, "volumes": -1 } }, "api_versions": { "cinder": { "version": 3, "service_type": "volumev3" } } }, "runner": { "constant": { "concurrency": 4, "times": 10 } }, "hooks": [], "sla": { "failure_rate": { "max": 0 } } } ] }
2019-06-12 22:03:36.017 1842 RALLYDEBUG rally_openstack.contexts.keystone.users [-] Creating 3 tenants using 20 threads
2019-06-12 22:03:37.951 1842 RALLYDEBUG rally_openstack.contexts.keystone.users [-] Creating 6 users using 20 threads
2019-06-12 22:03:40.962 1842 INFO rally.task.context [-] Task c060a885-591e-4f9a-aacd-a976320d3e42 | Context users@openstack setup() finished in 4.95 sec
2019-06-12 22:03:41.394 1842 INFO rally.task.context [-] Task c060a885-591e-4f9a-aacd-a976320d3e42 | Context api_versions@openstack setup() finished in 0.43 sec
2019-06-12 22:03:43.095 1842 INFO rally.task.context [-] Task c060a885-591e-4f9a-aacd-a976320d3e42 | Context quotas@openstack setup() finished in 1.70 sec
2019-06-12 22:03:43.095 1842 INFO rally.task.context [-] Task c060a885-591e-4f9a-aacd-a976320d3e42 | Context cleanup@openstack setup() finished in 0.01 msec
2019-06-12 22:03:43.102 1842 RALLYDEBUG rally.task.runner [-] Starting the constant runner (task UUID: c060a885-591e-4f9a-aacd-a976320d3e42). timeout: 0 concurrency: 4 concurrency_per_worker: 1 times: 10 concurrency_overhead: 0 processes_to_start: 4 max_cpu_used: 16
2019-06-12 22:03:43.115 2782 RALLYDEBUG rally.task.runner [-] Starting a worker. concurrency: 1 args: {"container_format": "bare", "disk_format": "raw", "do_delete": true, "force": false, "size": 1} times: 10 method_name: run timeout: 0 duration: None cls:
2019-06-12 22:03:43.118 2783 RALLYDEBUG rally.task.runner [-] Starting a worker. concurrency: 1 args: {"container_format": "bare", "disk_format": "raw", "do_delete": true, "force": false, "size": 1} times: 10 method_name: run timeout: 0 duration: None cls:
2019-06-12 22:03:43.120 2784 RALLYDEBUG rally.task.runner [-] Starting a worker. concurrency: 1 args: {"container_format": "bare", "disk_format": "raw", "do_delete": true, "force": false, "size": 1} times: 10 method_name: run timeout: 0 duration: None cls:
2019-06-12 22:03:43.124 2782 INFO rally.task.runner [-] Task c060a885-591e-4f9a-aacd-a976320d3e42 | ITER: 1 START
2019-06-12 22:03:43.125 2784 INFO rally.task.runner [-] Task c060a885-591e-4f9a-aacd-a976320d3e42 | ITER: 3 START
2019-06-12 22:03:43.126 2783 INFO rally.task.runner [-] Task c060a885-591e-4f9a-aacd-a976320d3e42 | ITER: 2 START
2019-06-12 22:03:43.126 2785 RALLYDEBUG rally.task.runner [-] Starting a worker. concurrency: 1 args: {"container_format": "bare", "disk_format": "raw", "do_delete": true, "force": false, "size": 1} times: 10 method_name: run timeout: 0 duration: None cls:
2019-06-12 22:03:43.134 2785 INFO rally.task.runner [-] Task c060a885-591e-4f9a-aacd-a976320d3e42 | ITER: 4 START
2019-06-12 22:03:48.731 2784 RALLYDEBUG rally.task.utils [-] Waiting for resource s_rally_a797bf18_fbqis9v4. Status changed: AVAILABLE => UPLOADING in 0.245909929276
2019-06-12 22:03:48.757 2785 RALLYDEBUG rally.task.utils [-] Waiting for resource s_rally_a797bf18_QzqYETa2. Status changed: AVAILABLE => UPLOADING in 0.0531928539276
2019-06-12 22:03:49.011 2782 RALLYDEBUG rally.task.utils [-] Waiting for resource s_rally_a797bf18_JxEzc4Oy. Status changed: AVAILABLE => UPLOADING in 0.343477010727
2019-06-12 22:03:49.136 2783 RALLYDEBUG rally.task.utils [-] Waiting for resource s_rally_a797bf18_znIHzOW4. Status changed: AVAILABLE => UPLOADING in 0.348611116409
2019-06-12 22:04:29.873 2782 RALLYDEBUG rally.task.utils [-] Waiting for resource s_rally_a797bf18_JxEzc4Oy. Status changed: UPLOADING => AVAILABLE in 40.8615908623
2019-06-12 22:04:31.109 2782 RALLYDEBUG rally.task.utils [-] Waiting for resource s_rally_a797bf18_JxEzc4Oy. Status changed: AVAILABLE => DELETING in 0.216426134109
2019-06-12 22:04:31.834 2785 RALLYDEBUG rally.task.utils [-] Waiting for resource s_rally_a797bf18_QzqYETa2. Status changed: UPLOADING => AVAILABLE in 43.0778000355
2019-06-12 22:04:34.567 2782 INFO rally.task.runner [-] Task c060a885-591e-4f9a-aacd-a976320d3e42 | ITER: 1 END: OK
2019-06-12 22:04:34.577 2782 INFO rally.task.runner [-] Task c060a885-591e-4f9a-aacd-a976320d3e42 | ITER: 5 START
2019-06-12 22:04:34.580 2785 INFO rally.task.runner [-] Task c060a885-591e-4f9a-aacd-a976320d3e42 | ITER: 4 END: OK
2019-06-12 22:04:34.587 2785 INFO rally.task.runner [-] Task c060a885-591e-4f9a-aacd-a976320d3e42 | ITER: 6 START
2019-06-12 22:04:39.853 2782 RALLYDEBUG rally.task.utils [-] Waiting for resource s_rally_a797bf18_fzbsN19j. Status changed: AVAILABLE => UPLOADING in 0.0516328811646
2019-06-12 22:04:40.492 2785 RALLYDEBUG rally.task.utils [-] Waiting for resource s_rally_a797bf18_QzKlRNmd. Status changed: AVAILABLE => UPLOADING in 0.354759931564
2019-06-12 22:04:54.091 2784 RALLYDEBUG rally.task.utils [-] Waiting for resource s_rally_a797bf18_fbqis9v4. Status changed: UPLOADING => AVAILABLE in 65.359539032
2019-06-12 22:04:55.167 2784 RALLYDEBUG rally.task.utils [-] Waiting for resource s_rally_a797bf18_fbqis9v4. Status changed: AVAILABLE => DELETING in 0.0602328777313
2019-06-12 22:04:57.196 2783 RALLYDEBUG rally.task.utils [-] Waiting for resource s_rally_a797bf18_znIHzOW4. Status changed: UPLOADING => AVAILABLE in 68.0602240562
2019-06-12 22:04:58.575 2783 RALLYDEBUG rally.task.utils [-] Waiting for resource s_rally_a797bf18_znIHzOW4. Status changed: AVAILABLE => DELETING in 0.348298072815
2019-06-12 22:04:59.292 2784 INFO rally.task.runner [-] Task c060a885-591e-4f9a-aacd-a976320d3e42 | ITER: 3 END: OK
2019-06-12 22:04:59.298 2784 INFO rally.task.runner [-] Task c060a885-591e-4f9a-aacd-a976320d3e42 | ITER: 7 START
2019-06-12 22:05:01.933 2783 INFO rally.task.runner [-] Task c060a885-591e-4f9a-aacd-a976320d3e42 | ITER: 2 END: OK
2019-06-12 22:05:01.939 2783 INFO rally.task.runner [-] Task c060a885-591e-4f9a-aacd-a976320d3e42 | ITER: 8 START
2019-06-12 22:05:05.353 2784 RALLYDEBUG rally.task.utils [-] Waiting for resource s_rally_a797bf18_4FO3cjsS. Status changed: AVAILABLE => UPLOADING in 0.335075139999
2019-06-12 22:05:07.903 2783 RALLYDEBUG rally.task.utils [-] Waiting for resource s_rally_a797bf18_IXlm9CI9. Status changed: AVAILABLE => UPLOADING in 0.34424495697
2019-06-12 22:05:22.403 2785 RALLYDEBUG rally.task.utils [-] Waiting for resource s_rally_a797bf18_QzKlRNmd. Status changed: UPLOADING => AVAILABLE in 41.9110150337
2019-06-12 22:05:22.777 2782 RALLYDEBUG rally.task.utils [-] Waiting for resource s_rally_a797bf18_fzbsN19j. Status changed: UPLOADING => AVAILABLE in 42.9244351387
2019-06-12 22:05:23.439 2785 RALLYDEBUG rally.task.utils [-] Waiting for resource s_rally_a797bf18_QzKlRNmd. Status changed: AVAILABLE => DELETING in 0.33743596077
2019-06-12 22:05:24.033 2782 RALLYDEBUG rally.task.utils [-] Waiting for resource s_rally_a797bf18_fzbsN19j. Status changed: AVAILABLE => DELETING in 0.344744920731
2019-06-12 22:05:26.897 2785 INFO rally.task.runner [-] Task c060a885-591e-4f9a-aacd-a976320d3e42 | ITER: 6 END: OK
2019-06-12 22:05:26.904 2785 INFO rally.task.runner [-] Task c060a885-591e-4f9a-aacd-a976320d3e42 | ITER: 9 START
2019-06-12 22:05:28.309 2782 INFO rally.task.runner [-] Task c060a885-591e-4f9a-aacd-a976320d3e42 | ITER: 5 END: OK
2019-06-12 22:05:28.315 2782 INFO rally.task.runner [-] Task c060a885-591e-4f9a-aacd-a976320d3e42 | ITER: 10 START
2019-06-12 22:05:32.807 2785 RALLYDEBUG rally.task.utils [-] Waiting for resource s_rally_a797bf18_HcSt4CTT. Status changed: AVAILABLE => UPLOADING in 0.436902046204
2019-06-12 22:05:34.244 2782 RALLYDEBUG rally.task.utils [-] Waiting for resource s_rally_a797bf18_gdUHGREE. Status changed: AVAILABLE => UPLOADING in 0.376886129379
2019-06-12 22:05:49.364 2784 RALLYDEBUG rally.task.utils [-] Waiting for resource s_rally_a797bf18_4FO3cjsS. Status changed: UPLOADING => AVAILABLE in 44.0114529133
2019-06-12 22:05:50.139 2784 RALLYDEBUG rally.task.utils [-] Waiting for resource s_rally_a797bf18_4FO3cjsS. Status changed: AVAILABLE => DELETING in 0.0552439689636
2019-06-12 22:05:51.115 2783 RALLYDEBUG rally.task.utils [-] Waiting for resource s_rally_a797bf18_IXlm9CI9. Status changed: UPLOADING => AVAILABLE in 43.2117578983
2019-06-12 22:05:52.658 2783 RALLYDEBUG rally.task.utils [-] Waiting for resource s_rally_a797bf18_IXlm9CI9. Status changed: AVAILABLE => DELETING in 0.33490896225
2019-06-12 22:05:54.753 2784 INFO rally.task.runner [-] Task c060a885-591e-4f9a-aacd-a976320d3e42 | ITER: 7 END: OK
2019-06-12 22:05:57.124 2783 INFO rally.task.runner [-] Task c060a885-591e-4f9a-aacd-a976320d3e42 | ITER: 8 END: OK
2019-06-12 22:06:11.693 2782 RALLYDEBUG rally.task.utils [-] Waiting for resource s_rally_a797bf18_gdUHGREE. Status changed: UPLOADING => AVAILABLE in 37.4490008354
2019-06-12 22:06:12.271 2785 RALLYDEBUG rally.task.utils [-] Waiting for resource s_rally_a797bf18_HcSt4CTT. Status changed: UPLOADING => AVAILABLE in 39.4647541046
2019-06-12 22:06:13.306 2785 RALLYDEBUG rally.task.utils [-] Waiting for resource s_rally_a797bf18_HcSt4CTT. Status changed: AVAILABLE => DELETING in 0.0609419345856
2019-06-12 22:06:13.987 2782 INFO rally.task.runner [-] Task c060a885-591e-4f9a-aacd-a976320d3e42 | ITER: 10 END: OK
2019-06-12 22:06:16.256 2785 INFO rally.task.runner [-] Task c060a885-591e-4f9a-aacd-a976320d3e42 | ITER: 9 END: OK
2019-06-12 22:06:16.281 1842 INFO rally.task.context [-] Task c060a885-591e-4f9a-aacd-a976320d3e42 | Context cleanup@openstack cleanup() started
2019-06-12 22:06:16.282 1842 RALLYDEBUG rally_openstack.cleanup.manager [-] Cleaning up cinder backups objects
2019-06-12 22:06:18.486 1842 RALLYDEBUG rally_openstack.cleanup.manager [-] Cleaning up cinder volume_snapshots objects
2019-06-12 22:06:20.690 1842 RALLYDEBUG rally_openstack.cleanup.manager [-] Cleaning up cinder transfers objects
2019-06-12 22:06:22.771 1842 RALLYDEBUG rally_openstack.cleanup.manager [-] Cleaning up cinder volumes objects
2019-06-12 22:06:24.991 1842 RALLYDEBUG rally_openstack.cleanup.manager [-] Cleaning up glance images objects
2019-06-12 22:06:28.211 1842 INFO rally.task.context [-] Task c060a885-591e-4f9a-aacd-a976320d3e42 | Context cleanup@openstack cleanup() finished in 11.93 sec
2019-06-12 22:06:28.212 1842 INFO rally.task.context [-] Task c060a885-591e-4f9a-aacd-a976320d3e42 | Context quotas@openstack cleanup() started
2019-06-12 22:06:29.033 1842 INFO rally.task.context [-] Task c060a885-591e-4f9a-aacd-a976320d3e42 | Context quotas@openstack cleanup() finished in 0.82 sec
2019-06-12 22:06:29.033 1842 INFO rally.task.context [-] Task c060a885-591e-4f9a-aacd-a976320d3e42 | Context api_versions@openstack cleanup() started
2019-06-12 22:06:29.033 1842 INFO rally.task.context [-] Task c060a885-591e-4f9a-aacd-a976320d3e42 | Context api_versions@openstack cleanup() finished in 0.31 msec
2019-06-12 22:06:29.034 1842 INFO rally.task.context [-] Task c060a885-591e-4f9a-aacd-a976320d3e42 | Context users@openstack cleanup() started
2019-06-12 22:06:37.457 1842 INFO rally.task.context [-] Task c060a885-591e-4f9a-aacd-a976320d3e42 | Context users@openstack cleanup() finished in 8.42 sec
2019-06-12 22:06:38.794 1842 INFO rally.task.engine [-] Load duration is: 152.089867
2019-06-12 22:06:38.795 1842 INFO rally.task.engine [-] Full runner duration is: 153.178633
2019-06-12 22:06:38.795 1842 INFO rally.task.engine [-] Full duration is: 181.444532
2019-06-12 22:06:39.099 1842 INFO rally.task.engine [-] Running workload: position = 0 config = { "version": 2, "title": "A cropped version of a bigger task.", "description": "Auto-generated task from a single workload (uuid=6b660614-821e-439b-a68c-3ce4a74a5d05)", "subtasks": [ { "title": "CinderVolumes.create_nested_snapshots_and_attach_volume", "description": "Create a volume from snapshot and attach/detach the volume", "scenario": { "CinderVolumes.create_nested_snapshots_and_attach_volume": { "flavor": { "name": "rally_full-flavor_c0d30eb1-ae7b-4012-a58a-39cd0123509c" }, "image": { "name": "rally_full-img_c0d30eb1-ae7b-4012-a58a-39cd0123509c" }, "nested_level": 1, "size": { "max": 1, "min": 1 }, "create_vm_params": { "nics": [ { "net-id": "de2a4a91-b6ca-49e2-9947-f524a52d3ae1" } ] } } }, "contexts": { "users": { "tenants": 3, "users_per_tenant": 2 }, "quotas": { "cinder": { "gigabytes": -1, "snapshots": -1, "volumes": -1 } }, "api_versions": { "cinder": { "version": 3, "service_type": "volumev3" } } }, "runner": { "constant": { "concurrency": 4, "times": 10 } }, "hooks": [], "sla": { "failure_rate": { "max": 0 } } } ] }
2019-06-12 22:06:39.125 1842 RALLYDEBUG rally_openstack.contexts.keystone.users [-] Creating 3 tenants using 20 threads
2019-06-12 22:06:41.012 1842 RALLYDEBUG rally_openstack.contexts.keystone.users [-] Creating 6 users using 20 threads
2019-06-12 22:06:43.765 1842 INFO rally.task.context [-] Task c060a885-591e-4f9a-aacd-a976320d3e42 | Context users@openstack setup() finished in 4.64 sec
2019-06-12 22:06:44.283 1842 INFO rally.task.context [-] Task c060a885-591e-4f9a-aacd-a976320d3e42 | Context api_versions@openstack setup() finished in 0.52 sec
2019-06-12 22:06:45.950 1842 INFO rally.task.context [-] Task c060a885-591e-4f9a-aacd-a976320d3e42 | Context quotas@openstack setup() finished in 1.67 sec
2019-06-12 22:06:45.951 1842 INFO rally.task.context [-] Task c060a885-591e-4f9a-aacd-a976320d3e42 | Context cleanup@openstack setup() finished in 0.01 msec
2019-06-12 22:06:47.424 1842 DEBUG novaclient.v2.client [-] REQ: curl -g -i -X GET http://172.30.9.22:8774/v2.1/flavors/detail -H "Accept: application/json" -H "User-Agent: python-novaclient" -H "X-Auth-Token: {SHA1}4c5351aa0ffff406a4394bdb85ebdf8c8ad92912" _http_log_request /usr/lib/python2.7/site-packages/keystoneauth1/session.py:448
2019-06-12 22:06:47.734 1842 DEBUG novaclient.v2.client [-] RESP: [200] Content-Encoding: gzip Content-Length: 362 Content-Type: application/json Date: Wed, 12 Jun 2019 22:06:47 GMT OpenStack-API-Version: compute 2.1 Server: Apache Vary: OpenStack-API-Version,X-OpenStack-Nova-API-Version,Accept-Encoding X-OpenStack-Nova-API-Version: 2.1 x-compute-request-id: req-3b053b48-3474-4007-8109-4b799fd128b9 x-openstack-request-id: req-3b053b48-3474-4007-8109-4b799fd128b9 _http_log_response /usr/lib/python2.7/site-packages/keystoneauth1/session.py:479
