2019-06-12 21:48:27.803 7 RALLYDEBUG rally.api [-] INFO logs from urllib3 and requests module are hide.
2019-06-12 21:48:27.803 7 RALLYDEBUG rally.api [-] urllib3 insecure warnings are hidden.
2019-06-12 21:48:27.803 7 RALLYDEBUG rally.api [-] ERROR log from boto module is hide.
2019-06-12 21:48:28.941 7 ERROR rally.cli.cliutils [-] Unexpected exception in CLI: DBRecordNotFound: Record for uuid or name is opnfv-rally not found in table envs
2019-06-12 21:48:28.941 7 ERROR rally.cli.cliutils
Traceback (most recent call last):
2019-06-12 21:48:28.941 7 ERROR rally.cli.cliutils
File "/usr/lib/python2.7/site-packages/rally/cli/cliutils.py", line 674, in run
2019-06-12 21:48:28.941 7 ERROR rally.cli.cliutils ret = fn(*fn_args, **fn_kwargs)
2019-06-12 21:48:28.941 7 ERROR rally.cli.cliutils File "", line 2, in destroy
2019-06-12 21:48:28.941 7 ERROR rally.cli.cliutils
File "/usr/lib/python2.7/site-packages/rally/cli/envutils.py", line 69, in default_from_global
2019-06-12 21:48:28.941 7 ERROR rally.cli.cliutils return f(*args, **kwargs)
2019-06-12 21:48:28.941 7 ERROR rally.cli.cliutils File "", line 2, in destroy
2019-06-12 21:48:28.941 7 ERROR rally.cli.cliutils
File "/usr/lib/python2.7/site-packages/rally/plugins/__init__.py", line 51, in ensure_plugins_are_loaded
2019-06-12 21:48:28.941 7 ERROR rally.cli.cliutils return f(*args, **kwargs)
2019-06-12 21:48:28.941 7 ERROR rally.cli.cliutils
File "/usr/lib/python2.7/site-packages/rally/cli/commands/deployment.py", line 140, in destroy
2019-06-12 21:48:28.941 7 ERROR rally.cli.cliutils api.deployment.destroy(deployment=deployment)
2019-06-12 21:48:28.941 7 ERROR rally.cli.cliutils
File "/usr/lib/python2.7/site-packages/rally/api.py", line 115, in destroy
2019-06-12 21:48:28.941 7 ERROR rally.cli.cliutils deploy = objects.Deployment.get(deployment)
2019-06-12 21:48:28.941 7 ERROR rally.cli.cliutils
File "/usr/lib/python2.7/site-packages/rally/common/objects/deploy.py", line 124, in get
2019-06-12 21:48:28.941 7 ERROR rally.cli.cliutils return Deployment(env_mgr.EnvManager.get(deploy))
2019-06-12 21:48:28.941 7 ERROR rally.cli.cliutils
File "/usr/lib/python2.7/site-packages/rally/env/env_mgr.py", line 212, in get
2019-06-12 21:48:28.941 7 ERROR rally.cli.cliutils return cls(db.env_get(uuid_or_name))
2019-06-12 21:48:28.941 7 ERROR rally.cli.cliutils
File "/usr/lib/python2.7/site-packages/rally/common/db/api.py", line 135, in wrapper
2019-06-12 21:48:28.941 7 ERROR rally.cli.cliutils result = f(session, *args, **kwargs)
2019-06-12 21:48:28.941 7 ERROR rally.cli.cliutils
File "/usr/lib/python2.7/site-packages/rally/common/db/api.py", line 521, in env_get
2019-06-12 21:48:28.941 7 ERROR rally.cli.cliutils criteria="uuid or name is %s" % uuid_or_name, table="envs")
2019-06-12 21:48:28.941 7 ERROR rally.cli.cliutils DBRecordNotFound: Record for uuid or name is opnfv-rally not found in table envs
2019-06-12 21:48:28.941 7 ERROR rally.cli.cliutils
2019-06-12 21:48:29.705 9 RALLYDEBUG rally.api [-] INFO logs from urllib3 and requests module are hide.
2019-06-12 21:48:29.705 9 RALLYDEBUG rally.api [-] urllib3 insecure warnings are hidden.
2019-06-12 21:48:29.705 9 RALLYDEBUG rally.api [-] ERROR log from boto module is hide.
2019-06-12 21:48:31.047 9 WARNING rally_openstack.platforms.existing [-] endpoint is deprecated and not used.
2019-06-12 21:48:32.086 11 RALLYDEBUG rally.api [-] INFO logs from urllib3 and requests module are hide.
2019-06-12 21:48:32.086 11 RALLYDEBUG rally.api [-] urllib3 insecure warnings are hidden.
2019-06-12 21:48:32.086 11 RALLYDEBUG rally.api [-] ERROR log from boto module is hide.
2019-06-12 21:48:35.348 14 RALLYDEBUG rally.api [-] INFO logs from urllib3 and requests module are hide.
2019-06-12 21:48:35.348 14 RALLYDEBUG rally.api [-] urllib3 insecure warnings are hidden.
2019-06-12 21:48:35.348 14 RALLYDEBUG rally.api [-] ERROR log from boto module is hide.
2019-06-12 21:48:37.520 16 RALLYDEBUG rally.api [-] INFO logs from urllib3 and requests module are hide.
2019-06-12 21:48:37.520 16 RALLYDEBUG rally.api [-] urllib3 insecure warnings are hidden.
2019-06-12 21:48:37.520 16 RALLYDEBUG rally.api [-] ERROR log from boto module is hide.
2019-06-12 21:48:38.894 16 INFO rally.task.engine [-] Task b909e2b3-3fbc-45a8-ba92-890324265ed5 | Starting: Task validation.
2019-06-12 21:48:38.938 16 INFO rally.task.engine [-] Task b909e2b3-3fbc-45a8-ba92-890324265ed5 | Starting: Task validation of syntax.
2019-06-12 21:48:39.016 16 INFO rally.task.engine [-] Task b909e2b3-3fbc-45a8-ba92-890324265ed5 | Completed: Task validation of syntax.
2019-06-12 21:48:39.017 16 INFO rally.task.engine [-] Task b909e2b3-3fbc-45a8-ba92-890324265ed5 | Starting: Task validation of required platforms.
2019-06-12 21:48:39.052 16 INFO rally.task.engine [-] Task b909e2b3-3fbc-45a8-ba92-890324265ed5 | Completed: Task validation of required platforms.
2019-06-12 21:48:39.053 16 INFO rally.task.engine [-] Task b909e2b3-3fbc-45a8-ba92-890324265ed5 | Starting: Task validation of semantic.
2019-06-12 21:48:39.053 16 INFO rally.task.engine [-] Check health of the environment '55876a21-b6ff-411a-a565-debfcb3d43df'.
2019-06-12 21:48:39.881 16 INFO rally.task.engine [-] Platform existing@openstack (available: True): OK!
2019-06-12 21:48:39.899 16 RALLYDEBUG rally_openstack.contexts.keystone.users [-] Creating 1 tenants using 20 threads
2019-06-12 21:48:41.829 16 RALLYDEBUG rally_openstack.contexts.keystone.users [-] Creating 1 users using 20 threads
2019-06-12 21:48:44.614 16 INFO rally.task.context [-] Task b909e2b3-3fbc-45a8-ba92-890324265ed5 | Context users@openstack setup() finished in 4.72 sec
2019-06-12 21:48:44.661 16 INFO rally.task.context [-] Task b909e2b3-3fbc-45a8-ba92-890324265ed5 | Context users@openstack cleanup() started
2019-06-12 21:48:49.873 16 INFO rally.task.context [-] Task b909e2b3-3fbc-45a8-ba92-890324265ed5 | Context users@openstack cleanup() finished in 5.21 sec
2019-06-12 21:48:49.874 16 INFO rally.task.engine [-] Task b909e2b3-3fbc-45a8-ba92-890324265ed5 | Completed: Task validation of semantic.
2019-06-12 21:48:49.874 16 INFO rally.task.engine [-] Task b909e2b3-3fbc-45a8-ba92-890324265ed5 | Completed: Task validation.
2019-06-12 21:48:49.874 16 INFO rally.api [-] Task b909e2b3-3fbc-45a8-ba92-890324265ed5 input file is valid.
2019-06-12 21:48:49.874 16 INFO rally.api [-] Run Task b909e2b3-3fbc-45a8-ba92-890324265ed5 against Deployment 55876a21-b6ff-411a-a565-debfcb3d43df
2019-06-12 21:48:49.874 16 INFO rally.task.engine [-] Task b909e2b3-3fbc-45a8-ba92-890324265ed5 | Starting: Running task.
2019-06-12 21:48:50.009 16 INFO rally.task.engine [-] Running workload: position = 0 config = { "version": 2, "title": "A cropped version of a bigger task.", "description": "Auto-generated task from a single workload (uuid=046c2ae8-18ea-481f-9905-5f2c8605bf52)", "subtasks": [ { "title": "Authenticate.keystone", "description": "Check Keystone Client.", "scenario": { "Authenticate.keystone": {} }, "contexts": { "users": { "tenants": 3, "users_per_tenant": 2 } }, "runner": { "constant": { "concurrency": 4, "times": 10 } }, "hooks": [], "sla": { "failure_rate": { "max": 0 } } } ] }
2019-06-12 21:48:50.023 16 RALLYDEBUG rally_openstack.contexts.keystone.users [-] Creating 3 tenants using 20 threads
2019-06-12 21:48:52.049 16 RALLYDEBUG rally_openstack.contexts.keystone.users [-] Creating 6 users using 20 threads
2019-06-12 21:48:54.878 16 INFO rally.task.context [-] Task b909e2b3-3fbc-45a8-ba92-890324265ed5 | Context users@openstack setup() finished in 4.86 sec
2019-06-12 21:48:54.886 16 RALLYDEBUG rally.task.runner [-] Starting the constant runner (task UUID: b909e2b3-3fbc-45a8-ba92-890324265ed5). timeout: 0 concurrency: 4 concurrency_per_worker: 1 times: 10 concurrency_overhead: 0 processes_to_start: 4 max_cpu_used: 16
2019-06-12 21:48:54.900 140 RALLYDEBUG rally.task.runner [-] Starting a worker. concurrency: 1 args: {} times: 10 method_name: run timeout: 0 duration: None cls:
2019-06-12 21:48:54.902 141 RALLYDEBUG rally.task.runner [-] Starting a worker. concurrency: 1 args: {} times: 10 method_name: run timeout: 0 duration: None cls:
2019-06-12 21:48:54.905 142 RALLYDEBUG rally.task.runner [-] Starting a worker. concurrency: 1 args: {} times: 10 method_name: run timeout: 0 duration: None cls:
2019-06-12 21:48:54.906 140 INFO rally.task.runner [-] Task b909e2b3-3fbc-45a8-ba92-890324265ed5 | ITER: 1 START
2019-06-12 21:48:54.907 141 INFO rally.task.runner [-] Task b909e2b3-3fbc-45a8-ba92-890324265ed5 | ITER: 2 START
2019-06-12 21:48:54.909 142 INFO rally.task.runner [-] Task b909e2b3-3fbc-45a8-ba92-890324265ed5 | ITER: 3 START
2019-06-12 21:48:54.909 143 RALLYDEBUG rally.task.runner [-] Starting a worker. concurrency: 1 args: {} times: 10 method_name: run timeout: 0 duration: None cls:
2019-06-12 21:48:54.915 143 INFO rally.task.runner [-] Task b909e2b3-3fbc-45a8-ba92-890324265ed5 | ITER: 4 START
2019-06-12 21:48:55.503 142 INFO rally.task.runner [-] Task b909e2b3-3fbc-45a8-ba92-890324265ed5 | ITER: 3 END: OK
2019-06-12 21:48:55.503 143 INFO rally.task.runner [-] Task b909e2b3-3fbc-45a8-ba92-890324265ed5 | ITER: 4 END: OK
2019-06-12 21:48:55.508 143 INFO rally.task.runner [-] Task b909e2b3-3fbc-45a8-ba92-890324265ed5 | ITER: 5 START
2019-06-12 21:48:55.508 142 INFO rally.task.runner [-] Task b909e2b3-3fbc-45a8-ba92-890324265ed5 | ITER: 6 START
2019-06-12 21:48:55.513 140 INFO rally.task.runner [-] Task b909e2b3-3fbc-45a8-ba92-890324265ed5 | ITER: 1 END: OK
2019-06-12 21:48:55.514 141 INFO rally.task.runner [-] Task b909e2b3-3fbc-45a8-ba92-890324265ed5 | ITER: 2 END: OK
2019-06-12 21:48:55.517 140 INFO rally.task.runner [-] Task b909e2b3-3fbc-45a8-ba92-890324265ed5 | ITER: 7 START
2019-06-12 21:48:55.519 141 INFO rally.task.runner [-] Task b909e2b3-3fbc-45a8-ba92-890324265ed5 | ITER: 8 START
2019-06-12 21:48:56.098 142 INFO rally.task.runner [-] Task b909e2b3-3fbc-45a8-ba92-890324265ed5 | ITER: 6 END: OK
2019-06-12 21:48:56.100 143 INFO rally.task.runner [-] Task b909e2b3-3fbc-45a8-ba92-890324265ed5 | ITER: 5 END: OK
2019-06-12 21:48:56.102 142 INFO rally.task.runner [-] Task b909e2b3-3fbc-45a8-ba92-890324265ed5 | ITER: 9 START
2019-06-12 21:48:56.103 143 INFO rally.task.runner [-] Task b909e2b3-3fbc-45a8-ba92-890324265ed5 | ITER: 10 START
2019-06-12 21:48:56.108 141 INFO rally.task.runner [-] Task b909e2b3-3fbc-45a8-ba92-890324265ed5 | ITER: 8 END: OK
2019-06-12 21:48:56.126 140 INFO rally.task.runner [-] Task b909e2b3-3fbc-45a8-ba92-890324265ed5 | ITER: 7 END: OK
2019-06-12 21:48:56.702 142 INFO rally.task.runner [-] Task b909e2b3-3fbc-45a8-ba92-890324265ed5 | ITER: 9 END: OK
2019-06-12 21:48:56.703 143 INFO rally.task.runner [-] Task b909e2b3-3fbc-45a8-ba92-890324265ed5 | ITER: 10 END: OK
2019-06-12 21:48:56.728 16 INFO rally.task.context [-] Task b909e2b3-3fbc-45a8-ba92-890324265ed5 | Context users@openstack cleanup() started
2019-06-12 21:49:04.741 16 INFO rally.task.context [-] Task b909e2b3-3fbc-45a8-ba92-890324265ed5 | Context users@openstack cleanup() finished in 8.01 sec
2019-06-12 21:49:06.097 16 INFO rally.task.engine [-] Load duration is: 1.796241
2019-06-12 21:49:06.097 16 INFO rally.task.engine [-] Full runner duration is: 1.843122
2019-06-12 21:49:06.098 16 INFO rally.task.engine [-] Full duration is: 14.721195
2019-06-12 21:49:06.345 16 INFO rally.task.engine [-] Running workload: position = 0 config = { "version": 2, "title": "A cropped version of a bigger task.", "description": "Auto-generated task from a single workload (uuid=c939eb24-91fe-4e7f-aa95-a19f254f2b78)", "subtasks": [ { "title": "Authenticate.validate_cinder", "description": "Check Cinder Client to ensure validation of token.", "scenario": { "Authenticate.validate_cinder": { "repetitions": 2 } }, "contexts": { "users": { "tenants": 3, "users_per_tenant": 2 } }, "runner": { "constant": { "concurrency": 4, "times": 10 } }, "hooks": [], "sla": { "failure_rate": { "max": 0 } } } ] }
2019-06-12 21:49:06.366 16 RALLYDEBUG rally_openstack.contexts.keystone.users [-] Creating 3 tenants using 20 threads
2019-06-12 21:49:08.169 16 RALLYDEBUG rally_openstack.contexts.keystone.users [-] Creating 6 users using 20 threads
2019-06-12 21:49:10.870 16 INFO rally.task.context [-] Task b909e2b3-3fbc-45a8-ba92-890324265ed5 | Context users@openstack setup() finished in 4.50 sec
2019-06-12 21:49:10.877 16 RALLYDEBUG rally.task.runner [-] Starting the constant runner (task UUID: b909e2b3-3fbc-45a8-ba92-890324265ed5). timeout: 0 concurrency: 4 concurrency_per_worker: 1 times: 10 concurrency_overhead: 0 processes_to_start: 4 max_cpu_used: 16
2019-06-12 21:49:10.889 244 RALLYDEBUG rally.task.runner [-] Starting a worker. concurrency: 1 args: {"repetitions": 2} times: 10 method_name: run timeout: 0 duration: None cls:
2019-06-12 21:49:10.892 245 RALLYDEBUG rally.task.runner [-] Starting a worker. concurrency: 1 args: {"repetitions": 2} times: 10 method_name: run timeout: 0 duration: None cls:
2019-06-12 21:49:10.893 246 RALLYDEBUG rally.task.runner [-] Starting a worker. concurrency: 1 args: {"repetitions": 2} times: 10 method_name: run timeout: 0 duration: None cls:
2019-06-12 21:49:10.896 244 INFO rally.task.runner [-] Task b909e2b3-3fbc-45a8-ba92-890324265ed5 | ITER: 1 START
2019-06-12 21:49:10.898 245 INFO rally.task.runner [-] Task b909e2b3-3fbc-45a8-ba92-890324265ed5 | ITER: 2 START
2019-06-12 21:49:10.898 246 INFO rally.task.runner [-] Task b909e2b3-3fbc-45a8-ba92-890324265ed5 | ITER: 3 START
2019-06-12 21:49:10.898 247 RALLYDEBUG rally.task.runner [-] Starting a worker. concurrency: 1 args: {"repetitions": 2} times: 10 method_name: run timeout: 0 duration: None cls:
2019-06-12 21:49:10.904 247 INFO rally.task.runner [-] Task b909e2b3-3fbc-45a8-ba92-890324265ed5 | ITER: 4 START
2019-06-12 21:49:12.797 244 INFO rally.task.runner [-] Task b909e2b3-3fbc-45a8-ba92-890324265ed5 | ITER: 1 END: OK
2019-06-12 21:49:12.800 246 INFO rally.task.runner [-] Task b909e2b3-3fbc-45a8-ba92-890324265ed5 | ITER: 3 END: OK
2019-06-12 21:49:12.801 244 INFO rally.task.runner [-] Task b909e2b3-3fbc-45a8-ba92-890324265ed5 | ITER: 5 START
2019-06-12 21:49:12.804 246 INFO rally.task.runner [-] Task b909e2b3-3fbc-45a8-ba92-890324265ed5 | ITER: 6 START
2019-06-12 21:49:12.891 247 INFO rally.task.runner [-] Task b909e2b3-3fbc-45a8-ba92-890324265ed5 | ITER: 4 END: OK
2019-06-12 21:49:12.896 247 INFO rally.task.runner [-] Task b909e2b3-3fbc-45a8-ba92-890324265ed5 | ITER: 7 START
2019-06-12 21:49:12.918 245 INFO rally.task.runner [-] Task b909e2b3-3fbc-45a8-ba92-890324265ed5 | ITER: 2 END: OK
2019-06-12 21:49:12.922 245 INFO rally.task.runner [-] Task b909e2b3-3fbc-45a8-ba92-890324265ed5 | ITER: 8 START
2019-06-12 21:49:14.204 244 INFO rally.task.runner [-] Task b909e2b3-3fbc-45a8-ba92-890324265ed5 | ITER: 5 END: OK
2019-06-12 21:49:14.208 244 INFO rally.task.runner [-] Task b909e2b3-3fbc-45a8-ba92-890324265ed5 | ITER: 9 START
2019-06-12 21:49:14.715 246 INFO rally.task.runner [-] Task b909e2b3-3fbc-45a8-ba92-890324265ed5 | ITER: 6 END: OK
2019-06-12 21:49:14.719 246 INFO rally.task.runner [-] Task b909e2b3-3fbc-45a8-ba92-890324265ed5 | ITER: 10 START
2019-06-12 21:49:14.816 247 INFO rally.task.runner [-] Task b909e2b3-3fbc-45a8-ba92-890324265ed5 | ITER: 7 END: OK
2019-06-12 21:49:14.823 245 INFO rally.task.runner [-] Task b909e2b3-3fbc-45a8-ba92-890324265ed5 | ITER: 8 END: OK
2019-06-12 21:49:15.157 244 INFO rally.task.runner [-] Task b909e2b3-3fbc-45a8-ba92-890324265ed5 | ITER: 9 END: OK
2019-06-12 21:49:16.531 246 INFO rally.task.runner [-] Task b909e2b3-3fbc-45a8-ba92-890324265ed5 | ITER: 10 END: OK
2019-06-12 21:49:16.558 16 INFO rally.task.context [-] Task b909e2b3-3fbc-45a8-ba92-890324265ed5 | Context users@openstack cleanup() started
2019-06-12 21:49:24.549 16 INFO rally.task.context [-] Task b909e2b3-3fbc-45a8-ba92-890324265ed5 | Context users@openstack cleanup() finished in 7.99 sec
2019-06-12 21:49:26.463 16 INFO rally.task.engine [-] Load duration is: 5.633176
2019-06-12 21:49:26.463 16 INFO rally.task.engine [-] Full runner duration is: 5.680919
2019-06-12 21:49:26.464 16 INFO rally.task.engine [-] Full duration is: 18.184258
2019-06-12 21:49:26.734 16 INFO rally.task.engine [-] Running workload: position = 0 config = { "version": 2, "title": "A cropped version of a bigger task.", "description": "Auto-generated task from a single workload (uuid=6775e0a6-21f8-46c7-b889-7868264a7490)", "subtasks": [ { "title": "Authenticate.validate_glance", "description": "Check Glance Client to ensure validation of token.", "scenario": { "Authenticate.validate_glance": { "repetitions": 2 } }, "contexts": { "users": { "tenants": 3, "users_per_tenant": 2 } }, "runner": { "constant": { "concurrency": 4, "times": 10 } }, "hooks": [], "sla": { "failure_rate": { "max": 0 } } } ] }
2019-06-12 21:49:26.756 16 RALLYDEBUG rally_openstack.contexts.keystone.users [-] Creating 3 tenants using 20 threads
2019-06-12 21:49:28.702 16 RALLYDEBUG rally_openstack.contexts.keystone.users [-] Creating 6 users using 20 threads
2019-06-12 21:49:31.602 16 INFO rally.task.context [-] Task b909e2b3-3fbc-45a8-ba92-890324265ed5 | Context users@openstack setup() finished in 4.85 sec
2019-06-12 21:49:31.609 16 RALLYDEBUG rally.task.runner [-] Starting the constant runner (task UUID: b909e2b3-3fbc-45a8-ba92-890324265ed5). timeout: 0 concurrency: 4 concurrency_per_worker: 1 times: 10 concurrency_overhead: 0 processes_to_start: 4 max_cpu_used: 16
2019-06-12 21:49:31.622 348 RALLYDEBUG rally.task.runner [-] Starting a worker. concurrency: 1 args: {"repetitions": 2} times: 10 method_name: run timeout: 0 duration: None cls:
2019-06-12 21:49:31.623 349 RALLYDEBUG rally.task.runner [-] Starting a worker. concurrency: 1 args: {"repetitions": 2} times: 10 method_name: run timeout: 0 duration: None cls:
2019-06-12 21:49:31.625 350 RALLYDEBUG rally.task.runner [-] Starting a worker. concurrency: 1 args: {"repetitions": 2} times: 10 method_name: run timeout: 0 duration: None cls:
2019-06-12 21:49:31.627 348 INFO rally.task.runner [-] Task b909e2b3-3fbc-45a8-ba92-890324265ed5 | ITER: 1 START
2019-06-12 21:49:31.628 349 INFO rally.task.runner [-] Task b909e2b3-3fbc-45a8-ba92-890324265ed5 | ITER: 2 START
2019-06-12 21:49:31.628 350 INFO rally.task.runner [-] Task b909e2b3-3fbc-45a8-ba92-890324265ed5 | ITER: 3 START
2019-06-12 21:49:31.629 351 RALLYDEBUG rally.task.runner [-] Starting a worker. concurrency: 1 args: {"repetitions": 2} times: 10 method_name: run timeout: 0 duration: None cls:
2019-06-12 21:49:31.633 351 INFO rally.task.runner [-] Task b909e2b3-3fbc-45a8-ba92-890324265ed5 | ITER: 4 START
2019-06-12 21:49:32.723 350 INFO rally.task.runner [-] Task b909e2b3-3fbc-45a8-ba92-890324265ed5 | ITER: 3 END: OK
2019-06-12 21:49:32.727 350 INFO rally.task.runner [-] Task b909e2b3-3fbc-45a8-ba92-890324265ed5 | ITER: 5 START
2019-06-12 21:49:32.752 348 INFO rally.task.runner [-] Task b909e2b3-3fbc-45a8-ba92-890324265ed5 | ITER: 1 END: OK
2019-06-12 21:49:32.757 348 INFO rally.task.runner [-] Task b909e2b3-3fbc-45a8-ba92-890324265ed5 | ITER: 6 START
2019-06-12 21:49:32.987 349 INFO rally.task.runner [-] Task b909e2b3-3fbc-45a8-ba92-890324265ed5 | ITER: 2 END: OK
2019-06-12 21:49:32.992 349 INFO rally.task.runner [-] Task b909e2b3-3fbc-45a8-ba92-890324265ed5 | ITER: 7 START
2019-06-12 21:49:33.018 351 INFO rally.task.runner [-] Task b909e2b3-3fbc-45a8-ba92-890324265ed5 | ITER: 4 END: OK
2019-06-12 21:49:33.023 351 INFO rally.task.runner [-] Task b909e2b3-3fbc-45a8-ba92-890324265ed5 | ITER: 8 START
2019-06-12 21:49:33.980 348 INFO rally.task.runner [-] Task b909e2b3-3fbc-45a8-ba92-890324265ed5 | ITER: 6 END: OK
2019-06-12 21:49:33.984 348 INFO rally.task.runner [-] Task b909e2b3-3fbc-45a8-ba92-890324265ed5 | ITER: 9 START
2019-06-12 21:49:34.277 351 INFO rally.task.runner [-] Task b909e2b3-3fbc-45a8-ba92-890324265ed5 | ITER: 8 END: OK
2019-06-12 21:49:34.281 351 INFO rally.task.runner [-] Task b909e2b3-3fbc-45a8-ba92-890324265ed5 | ITER: 10 START
2019-06-12 21:49:34.332 349 INFO rally.task.runner [-] Task b909e2b3-3fbc-45a8-ba92-890324265ed5 | ITER: 7 END: OK
2019-06-12 21:49:34.484 350 INFO rally.task.runner [-] Task b909e2b3-3fbc-45a8-ba92-890324265ed5 | ITER: 5 END: OK
2019-06-12 21:49:35.041 348 INFO rally.task.runner [-] Task b909e2b3-3fbc-45a8-ba92-890324265ed5 | ITER: 9 END: OK
2019-06-12 21:49:35.352 351 INFO rally.task.runner [-] Task b909e2b3-3fbc-45a8-ba92-890324265ed5 | ITER: 10 END: OK
2019-06-12 21:49:35.383 16 INFO rally.task.context [-] Task b909e2b3-3fbc-45a8-ba92-890324265ed5 | Context users@openstack cleanup() started
2019-06-12 21:49:43.210 16 INFO rally.task.context [-] Task b909e2b3-3fbc-45a8-ba92-890324265ed5 | Context users@openstack cleanup() finished in 7.83 sec
2019-06-12 21:49:44.858 16 INFO rally.task.engine [-] Load duration is: 3.722847
2019-06-12 21:49:44.859 16 INFO rally.task.engine [-] Full runner duration is: 3.774514
2019-06-12 21:49:44.859 16 INFO rally.task.engine [-] Full duration is: 16.456062
2019-06-12 21:49:45.100 16 INFO rally.task.engine [-] Running workload: position = 0 config = { "version": 2, "title": "A cropped version of a bigger task.", "description": "Auto-generated task from a single workload (uuid=83c7f089-7dd1-4d57-b5dc-aa2f2e1fba42)", "subtasks": [ { "title": "Authenticate.validate_heat", "description": "Check Heat Client to ensure validation of token.", "scenario": { "Authenticate.validate_heat": { "repetitions": 2 } }, "contexts": { "users": { "tenants": 3, "users_per_tenant": 2 } }, "runner": { "constant": { "concurrency": 4, "times": 10 } }, "hooks": [], "sla": { "failure_rate": { "max": 0 } } } ] }
2019-06-12 21:49:45.118 16 RALLYDEBUG rally_openstack.contexts.keystone.users [-] Creating 3 tenants using 20 threads
2019-06-12 21:49:47.013 16 RALLYDEBUG rally_openstack.contexts.keystone.users [-] Creating 6 users using 20 threads
2019-06-12 21:49:49.916 16 INFO rally.task.context [-] Task b909e2b3-3fbc-45a8-ba92-890324265ed5 | Context users@openstack setup() finished in 4.80 sec
2019-06-12 21:49:49.923 16 RALLYDEBUG rally.task.runner [-] Starting the constant runner (task UUID: b909e2b3-3fbc-45a8-ba92-890324265ed5). timeout: 0 concurrency: 4 concurrency_per_worker: 1 times: 10 concurrency_overhead: 0 processes_to_start: 4 max_cpu_used: 16
2019-06-12 21:49:49.936 452 RALLYDEBUG rally.task.runner [-] Starting a worker. concurrency: 1 args: {"repetitions": 2} times: 10 method_name: run timeout: 0 duration: None cls:
2019-06-12 21:49:49.939 453 RALLYDEBUG rally.task.runner [-] Starting a worker. concurrency: 1 args: {"repetitions": 2} times: 10 method_name: run timeout: 0 duration: None cls:
2019-06-12 21:49:49.942 452 INFO rally.task.runner [-] Task b909e2b3-3fbc-45a8-ba92-890324265ed5 | ITER: 1 START
2019-06-12 21:49:49.942 454 RALLYDEBUG rally.task.runner [-] Starting a worker. concurrency: 1 args: {"repetitions": 2} times: 10 method_name: run timeout: 0 duration: None cls:
2019-06-12 21:49:49.945 453 INFO rally.task.runner [-] Task b909e2b3-3fbc-45a8-ba92-890324265ed5 | ITER: 2 START
2019-06-12 21:49:49.945 455 RALLYDEBUG rally.task.runner [-] Starting a worker. concurrency: 1 args: {"repetitions": 2} times: 10 method_name: run timeout: 0 duration: None cls:
2019-06-12 21:49:49.947 454 INFO rally.task.runner [-] Task b909e2b3-3fbc-45a8-ba92-890324265ed5 | ITER: 3 START
2019-06-12 21:49:49.951 455 INFO rally.task.runner [-] Task b909e2b3-3fbc-45a8-ba92-890324265ed5 | ITER: 4 START
2019-06-12 21:49:51.804 452 INFO rally.task.runner [-] Task b909e2b3-3fbc-45a8-ba92-890324265ed5 | ITER: 1 END: OK
2019-06-12 21:49:51.808 452 INFO rally.task.runner [-] Task b909e2b3-3fbc-45a8-ba92-890324265ed5 | ITER: 5 START
2019-06-12 21:49:51.882 454 INFO rally.task.runner [-] Task b909e2b3-3fbc-45a8-ba92-890324265ed5 | ITER: 3 END: OK
2019-06-12 21:49:51.886 454 INFO rally.task.runner [-] Task b909e2b3-3fbc-45a8-ba92-890324265ed5 | ITER: 6 START
2019-06-12 21:49:52.054 453 INFO rally.task.runner [-] Task b909e2b3-3fbc-45a8-ba92-890324265ed5 | ITER: 2 END: OK
2019-06-12 21:49:52.058 453 INFO rally.task.runner [-] Task b909e2b3-3fbc-45a8-ba92-890324265ed5 | ITER: 7 START
2019-06-12 21:49:52.185 455 INFO rally.task.runner [-] Task b909e2b3-3fbc-45a8-ba92-890324265ed5 | ITER: 4 END: OK
2019-06-12 21:49:52.189 455 INFO rally.task.runner [-] Task b909e2b3-3fbc-45a8-ba92-890324265ed5 | ITER: 8 START
2019-06-12 21:49:53.353 454 INFO rally.task.runner [-] Task b909e2b3-3fbc-45a8-ba92-890324265ed5 | ITER: 6 END: OK
2019-06-12 21:49:53.356 454 INFO rally.task.runner [-] Task b909e2b3-3fbc-45a8-ba92-890324265ed5 | ITER: 9 START
2019-06-12 21:49:53.707 455 INFO rally.task.runner [-] Task b909e2b3-3fbc-45a8-ba92-890324265ed5 | ITER: 8 END: OK
2019-06-12 21:49:53.711 455 INFO rally.task.runner [-] Task b909e2b3-3fbc-45a8-ba92-890324265ed5 | ITER: 10 START
2019-06-12 21:49:53.712 452 INFO rally.task.runner [-] Task b909e2b3-3fbc-45a8-ba92-890324265ed5 | ITER: 5 END: OK
2019-06-12 21:49:53.882 453 INFO rally.task.runner [-] Task b909e2b3-3fbc-45a8-ba92-890324265ed5 | ITER: 7 END: OK
2019-06-12 21:49:55.262 454 INFO rally.task.runner [-] Task b909e2b3-3fbc-45a8-ba92-890324265ed5 | ITER: 9 END: OK
2019-06-12 21:49:55.638 455 INFO rally.task.runner [-] Task b909e2b3-3fbc-45a8-ba92-890324265ed5 | ITER: 10 END: OK
2019-06-12 21:49:55.665 16 INFO rally.task.context [-] Task b909e2b3-3fbc-45a8-ba92-890324265ed5 | Context users@openstack cleanup() started
2019-06-12 21:50:03.634 16 INFO rally.task.context [-] Task b909e2b3-3fbc-45a8-ba92-890324265ed5 | Context users@openstack cleanup() finished in 7.97 sec
2019-06-12 21:50:05.209 16 INFO rally.task.engine [-] Load duration is: 5.694358
2019-06-12 21:50:05.210 16 INFO rally.task.engine [-] Full runner duration is: 5.741713
2019-06-12 21:50:05.210 16 INFO rally.task.engine [-] Full duration is: 18.517023
2019-06-12 21:50:05.470 16 INFO rally.task.engine [-] Running workload: position = 0 config = { "version": 2, "title": "A cropped version of a bigger task.", "description": "Auto-generated task from a single workload (uuid=7aff4e25-6e12-49ba-92be-94b81b59c985)", "subtasks": [ { "title": "Authenticate.validate_neutron", "description": "Check Neutron Client to ensure validation of token.", "scenario": { "Authenticate.validate_neutron": { "repetitions": 2 } }, "contexts": { "users": { "tenants": 3, "users_per_tenant": 2 } }, "runner": { "constant": { "concurrency": 4, "times": 10 } }, "hooks": [], "sla": { "failure_rate": { "max": 0 } } } ] }
2019-06-12 21:50:05.492 16 RALLYDEBUG rally_openstack.contexts.keystone.users [-] Creating 3 tenants using 20 threads
2019-06-12 21:50:07.540 16 RALLYDEBUG rally_openstack.contexts.keystone.users [-] Creating 6 users using 20 threads
2019-06-12 21:50:10.434 16 INFO rally.task.context [-] Task b909e2b3-3fbc-45a8-ba92-890324265ed5 | Context users@openstack setup() finished in 4.94 sec
2019-06-12 21:50:10.443 16 RALLYDEBUG rally.task.runner [-] Starting the constant runner (task UUID: b909e2b3-3fbc-45a8-ba92-890324265ed5). timeout: 0 concurrency: 4 concurrency_per_worker: 1 times: 10 concurrency_overhead: 0 processes_to_start: 4 max_cpu_used: 16
2019-06-12 21:50:10.455 556 RALLYDEBUG rally.task.runner [-] Starting a worker. concurrency: 1 args: {"repetitions": 2} times: 10 method_name: run timeout: 0 duration: None cls:
2019-06-12 21:50:10.458 557 RALLYDEBUG rally.task.runner [-] Starting a worker. concurrency: 1 args: {"repetitions": 2} times: 10 method_name: run timeout: 0 duration: None cls:
2019-06-12 21:50:10.461 556 INFO rally.task.runner [-] Task b909e2b3-3fbc-45a8-ba92-890324265ed5 | ITER: 1 START
2019-06-12 21:50:10.462 558 RALLYDEBUG rally.task.runner [-] Starting a worker. concurrency: 1 args: {"repetitions": 2} times: 10 method_name: run timeout: 0 duration: None cls:
2019-06-12 21:50:10.463 557 INFO rally.task.runner [-] Task b909e2b3-3fbc-45a8-ba92-890324265ed5 | ITER: 2 START
2019-06-12 21:50:10.466 559 RALLYDEBUG rally.task.runner [-] Starting a worker. concurrency: 1 args: {"repetitions": 2} times: 10 method_name: run timeout: 0 duration: None cls:
2019-06-12 21:50:10.468 558 INFO rally.task.runner [-] Task b909e2b3-3fbc-45a8-ba92-890324265ed5 | ITER: 3 START
2019-06-12 21:50:10.472 559 INFO rally.task.runner [-] Task b909e2b3-3fbc-45a8-ba92-890324265ed5 | ITER: 4 START
2019-06-12 21:50:11.459 556 INFO rally.task.runner [-] Task b909e2b3-3fbc-45a8-ba92-890324265ed5 | ITER: 1 END: OK
2019-06-12 21:50:11.464 556 INFO rally.task.runner [-] Task b909e2b3-3fbc-45a8-ba92-890324265ed5 | ITER: 5 START
2019-06-12 21:50:11.648 559 INFO rally.task.runner [-] Task b909e2b3-3fbc-45a8-ba92-890324265ed5 | ITER: 4 END: OK
2019-06-12 21:50:11.652 559 INFO rally.task.runner [-] Task b909e2b3-3fbc-45a8-ba92-890324265ed5 | ITER: 6 START
2019-06-12 21:50:11.736 558 INFO rally.task.runner [-] Task b909e2b3-3fbc-45a8-ba92-890324265ed5 | ITER: 3 END: OK
2019-06-12 21:50:11.741 558 INFO rally.task.runner [-] Task b909e2b3-3fbc-45a8-ba92-890324265ed5 | ITER: 7 START
2019-06-12 21:50:11.967 557 INFO rally.task.runner [-] Task b909e2b3-3fbc-45a8-ba92-890324265ed5 | ITER: 2 END: OK
2019-06-12 21:50:11.972 557 INFO rally.task.runner [-] Task b909e2b3-3fbc-45a8-ba92-890324265ed5 | ITER: 8 START
2019-06-12 21:50:12.373 556 INFO rally.task.runner [-] Task b909e2b3-3fbc-45a8-ba92-890324265ed5 | ITER: 5 END: OK
2019-06-12 21:50:12.378 556 INFO rally.task.runner [-] Task b909e2b3-3fbc-45a8-ba92-890324265ed5 | ITER: 9 START
2019-06-12 21:50:12.564 558 INFO rally.task.runner [-] Task b909e2b3-3fbc-45a8-ba92-890324265ed5 | ITER: 7 END: OK
2019-06-12 21:50:12.568 558 INFO rally.task.runner [-] Task b909e2b3-3fbc-45a8-ba92-890324265ed5 | ITER: 10 START
2019-06-12 21:50:12.887 557 INFO rally.task.runner [-] Task b909e2b3-3fbc-45a8-ba92-890324265ed5 | ITER: 8 END: OK
2019-06-12 21:50:13.112 559 INFO rally.task.runner [-] Task b909e2b3-3fbc-45a8-ba92-890324265ed5 | ITER: 6 END: OK
2019-06-12 21:50:13.564 556 INFO rally.task.runner [-] Task b909e2b3-3fbc-45a8-ba92-890324265ed5 | ITER: 9 END: OK
2019-06-12 21:50:13.695 558 INFO rally.task.runner [-] Task b909e2b3-3fbc-45a8-ba92-890324265ed5 | ITER: 10 END: OK
2019-06-12 21:50:13.723 16 INFO rally.task.context [-] Task b909e2b3-3fbc-45a8-ba92-890324265ed5 | Context users@openstack cleanup() started
2019-06-12 21:50:21.490 16 INFO rally.task.context [-] Task b909e2b3-3fbc-45a8-ba92-890324265ed5 | Context users@openstack cleanup() finished in 7.77 sec
2019-06-12 21:50:21.565 16 INFO rally.task.engine [-] Load duration is: 3.232829
2019-06-12 21:50:21.565 16 INFO rally.task.engine [-] Full runner duration is: 3.281233
2019-06-12 21:50:21.565 16 INFO rally.task.engine [-] Full duration is: 16.000083
2019-06-12 21:50:21.814 16 INFO rally.task.engine [-] Running workload: position = 0 config = { "version": 2, "title": "A cropped version of a bigger task.", "description": "Auto-generated task from a single workload (uuid=6aa7f1c1-dbd2-46bf-878a-a6891705a18c)", "subtasks": [ { "title": "Authenticate.validate_nova", "description": "Check Nova Client to ensure validation of token.", "scenario": { "Authenticate.validate_nova": { "repetitions": 2 } }, "contexts": { "users": { "tenants": 3, "users_per_tenant": 2 } }, "runner": { "constant": { "concurrency": 4, "times": 10 } }, "hooks": [], "sla": { "failure_rate": { "max": 0 } } } ] }
2019-06-12 21:50:21.835 16 RALLYDEBUG rally_openstack.contexts.keystone.users [-] Creating 3 tenants using 20 threads
2019-06-12 21:50:23.715 16 RALLYDEBUG rally_openstack.contexts.keystone.users [-] Creating 6 users using 20 threads
2019-06-12 21:50:26.431 16 INFO rally.task.context [-] Task b909e2b3-3fbc-45a8-ba92-890324265ed5 | Context users@openstack setup() finished in 4.60 sec
2019-06-12 21:50:26.439 16 RALLYDEBUG rally.task.runner [-] Starting the constant runner (task UUID: b909e2b3-3fbc-45a8-ba92-890324265ed5). timeout: 0 concurrency: 4 concurrency_per_worker: 1 times: 10 concurrency_overhead: 0 processes_to_start: 4 max_cpu_used: 16
2019-06-12 21:50:26.451 660 RALLYDEBUG rally.task.runner [-] Starting a worker. concurrency: 1 args: {"repetitions": 2} times: 10 method_name: run timeout: 0 duration: None cls:
2019-06-12 21:50:26.454 661 RALLYDEBUG rally.task.runner [-] Starting a worker. concurrency: 1 args: {"repetitions": 2} times: 10 method_name: run timeout: 0 duration: None cls:
2019-06-12 21:50:26.457 660 INFO rally.task.runner [-] Task b909e2b3-3fbc-45a8-ba92-890324265ed5 | ITER: 1 START
2019-06-12 21:50:26.457 662 RALLYDEBUG rally.task.runner [-] Starting a worker. concurrency: 1 args: {"repetitions": 2} times: 10 method_name: run timeout: 0 duration: None cls:
2019-06-12 21:50:26.459 663 RALLYDEBUG rally.task.runner [-] Starting a worker. concurrency: 1 args: {"repetitions": 2} times: 10 method_name: run timeout: 0 duration: None cls:
2019-06-12 21:50:26.461 661 INFO rally.task.runner [-] Task b909e2b3-3fbc-45a8-ba92-890324265ed5 | ITER: 2 START
2019-06-12 21:50:26.464 662 INFO rally.task.runner [-] Task b909e2b3-3fbc-45a8-ba92-890324265ed5 | ITER: 3 START
2019-06-12 21:50:26.465 663 INFO rally.task.runner [-] Task b909e2b3-3fbc-45a8-ba92-890324265ed5 | ITER: 4 START
2019-06-12 21:50:26.953 661 DEBUG novaclient.v2.client [-] REQ: curl -g -i -X GET http://172.30.9.22:8774/v2.1/flavors/detail -H "Accept: application/json" -H "User-Agent: python-novaclient" -H "X-Auth-Token: {SHA1}43d24c392f720ab1665b263f163bed79123353f4" _http_log_request /usr/lib/python2.7/site-packages/keystoneauth1/session.py:448
2019-06-12 21:50:26.953 660 DEBUG novaclient.v2.client [-] REQ: curl -g -i -X GET http://172.30.9.22:8774/v2.1/flavors/detail -H "Accept: application/json" -H "User-Agent: python-novaclient" -H "X-Auth-Token: {SHA1}03813152d6d31556d1f3d6bd270d1fa67edf8eec" _http_log_request /usr/lib/python2.7/site-packages/keystoneauth1/session.py:448
2019-06-12 21:50:26.954 663 DEBUG novaclient.v2.client [-] REQ: curl -g -i -X GET http://172.30.9.22:8774/v2.1/flavors/detail -H "Accept: application/json" -H "User-Agent: python-novaclient" -H "X-Auth-Token: {SHA1}3501edd32c188ad0adb919aa972be5b2413affab" _http_log_request /usr/lib/python2.7/site-packages/keystoneauth1/session.py:448
2019-06-12 21:50:26.968 662 DEBUG novaclient.v2.client [-] REQ: curl -g -i -X GET http://172.30.9.22:8774/v2.1/flavors/detail -H "Accept: application/json" -H "User-Agent: python-novaclient" -H "X-Auth-Token: {SHA1}d4b6efb9e3d72d9d02ebc473526cf393a90e1c2e" _http_log_request /usr/lib/python2.7/site-packages/keystoneauth1/session.py:448
2019-06-12 21:50:27.231 660 DEBUG novaclient.v2.client [-] RESP: [200] Content-Encoding: gzip Content-Length: 362 Content-Type: application/json Date: Wed, 12 Jun 2019 21:50:26 GMT OpenStack-API-Version: compute 2.1 Server: Apache Vary: OpenStack-API-Version,X-OpenStack-Nova-API-Version,Accept-Encoding X-OpenStack-Nova-API-Version: 2.1 x-compute-request-id: req-e6423d37-7f20-4842-b729-50db21aaee24 x-openstack-request-id: req-e6423d37-7f20-4842-b729-50db21aaee24 _http_log_response /usr/lib/python2.7/site-packages/keystoneauth1/session.py:479
2019-06-12 21:50:27.231 661 DEBUG novaclient.v2.client [-] RESP: [200] Content-Encoding: gzip Content-Length: 362 Content-Type: application/json Date: Wed, 12 Jun 2019 21:50:26 GMT OpenStack-API-Version: compute 2.1 Server: Apache Vary: OpenStack-API-Version,X-OpenStack-Nova-API-Version,Accept-Encoding X-OpenStack-Nova-API-Version: 2.1 x-compute-request-id: req-193b95d5-6aec-4295-ac09-b7f0de7c2e12 x-openstack-request-id: req-193b95d5-6aec-4295-ac09-b7f0de7c2e12 _http_log_response /usr/lib/python2.7/site-packages/keystoneauth1/session.py:479
2019-06-12 21:50:27.232 660 DEBUG novaclient.v2.client [-] RESP BODY: {"flavors": [{"name": "rally_full-flavor_alt_c0d30eb1-ae7b-4012-a58a-39cd0123509c", "links": [{"href": "http://172.30.9.22:8774/v2.1/flavors/0549752f-6465-4d86-ad2d-62beccac8169", "rel": "self"}, {"href": "http://172.30.9.22:8774/flavors/0549752f-6465-4d86-ad2d-62beccac8169", "rel": "bookmark"}], "ram": 1024, "OS-FLV-DISABLED:disabled": false, "vcpus": 1, "swap": "", "os-flavor-access:is_public": true, "rxtx_factor": 1.0, "OS-FLV-EXT-DATA:ephemeral": 0, "disk": 1, "id": "0549752f-6465-4d86-ad2d-62beccac8169"}, {"name": "rally_full-flavor_c0d30eb1-ae7b-4012-a58a-39cd0123509c", "links": [{"href": "http://172.30.9.22:8774/v2.1/flavors/9a504130-c1c4-4f88-8575-a81728becbaf", "rel": "self"}, {"href": "http://172.30.9.22:8774/flavors/9a504130-c1c4-4f88-8575-a81728becbaf", "rel": "bookmark"}], "ram": 512, "OS-FLV-DISABLED:disabled": false, "vcpus": 1, "swap": "", "os-flavor-access:is_public": true, "rxtx_factor": 1.0, "OS-FLV-EXT-DATA:ephemeral": 0, "disk": 1, "id": "9a504130-c1c4-4f88-8575-a81728becbaf"}]} _http_log_response /usr/lib/python2.7/site-packages/keystoneauth1/session.py:511
2019-06-12 21:50:27.232 661 DEBUG novaclient.v2.client [-] RESP BODY: {"flavors": [{"name": "rally_full-flavor_alt_c0d30eb1-ae7b-4012-a58a-39cd0123509c", "links": [{"href": "http://172.30.9.22:8774/v2.1/flavors/0549752f-6465-4d86-ad2d-62beccac8169", "rel": "self"}, {"href": "http://172.30.9.22:8774/flavors/0549752f-6465-4d86-ad2d-62beccac8169", "rel": "bookmark"}], "ram": 1024, "OS-FLV-DISABLED:disabled": false, "vcpus": 1, "swap": "", "os-flavor-access:is_public": true, "rxtx_factor": 1.0, "OS-FLV-EXT-DATA:ephemeral": 0, "disk": 1, "id": "0549752f-6465-4d86-ad2d-62beccac8169"}, {"name": "rally_full-flavor_c0d30eb1-ae7b-4012-a58a-39cd0123509c", "links": [{"href": "http://172.30.9.22:8774/v2.1/flavors/9a504130-c1c4-4f88-8575-a81728becbaf", "rel": "self"}, {"href": "http://172.30.9.22:8774/flavors/9a504130-c1c4-4f88-8575-a81728becbaf", "rel": "bookmark"}], "ram": 512, "OS-FLV-DISABLED:disabled": false, "vcpus": 1, "swap": "", "os-flavor-access:is_public": true, "rxtx_factor": 1.0, "OS-FLV-EXT-DATA:ephemeral": 0, "disk": 1, "id": "9a504130-c1c4-4f88-8575-a81728becbaf"}]} _http_log_response /usr/lib/python2.7/site-packages/keystoneauth1/session.py:511
2019-06-12 21:50:27.232 660 DEBUG novaclient.v2.client [-] GET call to compute for http://172.30.9.22:8774/v2.1/flavors/detail used request id req-e6423d37-7f20-4842-b729-50db21aaee24 request /usr/lib/python2.7/site-packages/keystoneauth1/session.py:844
2019-06-12 21:50:27.233 661 DEBUG novaclient.v2.client [-] GET call to compute for http://172.30.9.22:8774/v2.1/flavors/detail used request id req-193b95d5-6aec-4295-ac09-b7f0de7c2e12 request /usr/lib/python2.7/site-packages/keystoneauth1/session.py:844
2019-06-12 21:50:27.234 660 DEBUG novaclient.v2.client [-] REQ: curl -g -i -X GET http://172.30.9.22:8774/v2.1/flavors/detail -H "Accept: application/json" -H "User-Agent: python-novaclient" -H "X-Auth-Token: {SHA1}03813152d6d31556d1f3d6bd270d1fa67edf8eec" _http_log_request /usr/lib/python2.7/site-packages/keystoneauth1/session.py:448
2019-06-12 21:50:27.234 661 DEBUG novaclient.v2.client [-] REQ: curl -g -i -X GET http://172.30.9.22:8774/v2.1/flavors/detail -H "Accept: application/json" -H "User-Agent: python-novaclient" -H "X-Auth-Token: {SHA1}43d24c392f720ab1665b263f163bed79123353f4" _http_log_request /usr/lib/python2.7/site-packages/keystoneauth1/session.py:448
2019-06-12 21:50:27.235 663 DEBUG novaclient.v2.client [-] RESP: [200] Content-Encoding: gzip Content-Length: 362 Content-Type: application/json Date: Wed, 12 Jun 2019 21:50:26 GMT OpenStack-API-Version: compute 2.1 Server: Apache Vary: OpenStack-API-Version,X-OpenStack-Nova-API-Version,Accept-Encoding X-OpenStack-Nova-API-Version: 2.1 x-compute-request-id: req-bdfb25bf-1644-4ecc-9be5-fbe973c0932a x-openstack-request-id: req-bdfb25bf-1644-4ecc-9be5-fbe973c0932a _http_log_response /usr/lib/python2.7/site-packages/keystoneauth1/session.py:479
2019-06-12 21:50:27.236 663 DEBUG novaclient.v2.client [-] RESP BODY: {"flavors": [{"name": "rally_full-flavor_alt_c0d30eb1-ae7b-4012-a58a-39cd0123509c", "links": [{"href": "http://172.30.9.22:8774/v2.1/flavors/0549752f-6465-4d86-ad2d-62beccac8169", "rel": "self"}, {"href": "http://172.30.9.22:8774/flavors/0549752f-6465-4d86-ad2d-62beccac8169", "rel": "bookmark"}], "ram": 1024, "OS-FLV-DISABLED:disabled": false, "vcpus": 1, "swap": "", "os-flavor-access:is_public": true, "rxtx_factor": 1.0, "OS-FLV-EXT-DATA:ephemeral": 0, "disk": 1, "id": "0549752f-6465-4d86-ad2d-62beccac8169"}, {"name": "rally_full-flavor_c0d30eb1-ae7b-4012-a58a-39cd0123509c", "links": [{"href": "http://172.30.9.22:8774/v2.1/flavors/9a504130-c1c4-4f88-8575-a81728becbaf", "rel": "self"}, {"href": "http://172.30.9.22:8774/flavors/9a504130-c1c4-4f88-8575-a81728becbaf", "rel": "bookmark"}], "ram": 512, "OS-FLV-DISABLED:disabled": false, "vcpus": 1, "swap": "", "os-flavor-access:is_public": true, "rxtx_factor": 1.0, "OS-FLV-EXT-DATA:ephemeral": 0, "disk": 1, "id": "9a504130-c1c4-4f88-8575-a81728becbaf"}]} _http_log_response /usr/lib/python2.7/site-packages/keystoneauth1/session.py:511
2019-06-12 21:50:27.236 663 DEBUG novaclient.v2.client [-] GET call to compute for http://172.30.9.22:8774/v2.1/flavors/detail used request id req-bdfb25bf-1644-4ecc-9be5-fbe973c0932a request /usr/lib/python2.7/site-packages/keystoneauth1/session.py:844
2019-06-12 21:50:27.238 663 DEBUG novaclient.v2.client [-] REQ: curl -g -i -X GET http://172.30.9.22:8774/v2.1/flavors/detail -H "Accept: application/json" -H "User-Agent: python-novaclient" -H "X-Auth-Token: {SHA1}3501edd32c188ad0adb919aa972be5b2413affab" _http_log_request /usr/lib/python2.7/site-packages/keystoneauth1/session.py:448
2019-06-12 21:50:27.255 660 DEBUG novaclient.v2.client [-] RESP: [200] Content-Encoding: gzip Content-Length: 362 Content-Type: application/json Date: Wed, 12 Jun 2019 21:50:27 GMT OpenStack-API-Version: compute 2.1 Server: Apache Vary: OpenStack-API-Version,X-OpenStack-Nova-API-Version,Accept-Encoding X-OpenStack-Nova-API-Version: 2.1 x-compute-request-id: req-8a9dd438-9e04-4240-9108-ca010c0f0f8c x-openstack-request-id: req-8a9dd438-9e04-4240-9108-ca010c0f0f8c _http_log_response /usr/lib/python2.7/site-packages/keystoneauth1/session.py:479
2019-06-12 21:50:27.255 661 DEBUG novaclient.v2.client [-] RESP: [200] Content-Encoding: gzip Content-Length: 362 Content-Type: application/json Date: Wed, 12 Jun 2019 21:50:27 GMT OpenStack-API-Version: compute 2.1 Server: Apache Vary: OpenStack-API-Version,X-OpenStack-Nova-API-Version,Accept-Encoding X-OpenStack-Nova-API-Version: 2.1 x-compute-request-id: req-22baded8-4142-45b8-aa46-c9a6e581e522 x-openstack-request-id: req-22baded8-4142-45b8-aa46-c9a6e581e522 _http_log_response /usr/lib/python2.7/site-packages/keystoneauth1/session.py:479
2019-06-12 21:50:27.255 660 DEBUG novaclient.v2.client [-] RESP BODY: {"flavors": [{"name": "rally_full-flavor_alt_c0d30eb1-ae7b-4012-a58a-39cd0123509c", "links": [{"href": "http://172.30.9.22:8774/v2.1/flavors/0549752f-6465-4d86-ad2d-62beccac8169", "rel": "self"}, {"href": "http://172.30.9.22:8774/flavors/0549752f-6465-4d86-ad2d-62beccac8169", "rel": "bookmark"}], "ram": 1024, "OS-FLV-DISABLED:disabled": false, "vcpus": 1, "swap": "", "os-flavor-access:is_public": true, "rxtx_factor": 1.0, "OS-FLV-EXT-DATA:ephemeral": 0, "disk": 1, "id": "0549752f-6465-4d86-ad2d-62beccac8169"}, {"name": "rally_full-flavor_c0d30eb1-ae7b-4012-a58a-39cd0123509c", "links": [{"href": "http://172.30.9.22:8774/v2.1/flavors/9a504130-c1c4-4f88-8575-a81728becbaf", "rel": "self"}, {"href": "http://172.30.9.22:8774/flavors/9a504130-c1c4-4f88-8575-a81728becbaf", "rel": "bookmark"}], "ram": 512, "OS-FLV-DISABLED:disabled": false, "vcpus": 1, "swap": "", "os-flavor-access:is_public": true, "rxtx_factor": 1.0, "OS-FLV-EXT-DATA:ephemeral": 0, "disk": 1, "id": "9a504130-c1c4-4f88-8575-a81728becbaf"}]} _http_log_response /usr/lib/python2.7/site-packages/keystoneauth1/session.py:511
2019-06-12 21:50:27.255 661 DEBUG novaclient.v2.client [-] RESP BODY: {"flavors": [{"name": "rally_full-flavor_alt_c0d30eb1-ae7b-4012-a58a-39cd0123509c", "links": [{"href": "http://172.30.9.22:8774/v2.1/flavors/0549752f-6465-4d86-ad2d-62beccac8169", "rel": "self"}, {"href": "http://172.30.9.22:8774/flavors/0549752f-6465-4d86-ad2d-62beccac8169", "rel": "bookmark"}], "ram": 1024, "OS-FLV-DISABLED:disabled": false, "vcpus": 1, "swap": "", "os-flavor-access:is_public": true, "rxtx_factor": 1.0, "OS-FLV-EXT-DATA:ephemeral": 0, "disk": 1, "id": "0549752f-6465-4d86-ad2d-62beccac8169"}, {"name": "rally_full-flavor_c0d30eb1-ae7b-4012-a58a-39cd0123509c", "links": [{"href": "http://172.30.9.22:8774/v2.1/flavors/9a504130-c1c4-4f88-8575-a81728becbaf", "rel": "self"}, {"href": "http://172.30.9.22:8774/flavors/9a504130-c1c4-4f88-8575-a81728becbaf", "rel": "bookmark"}], "ram": 512, "OS-FLV-DISABLED:disabled": false, "vcpus": 1, "swap": "", "os-flavor-access:is_public": true, "rxtx_factor": 1.0, "OS-FLV-EXT-DATA:ephemeral": 0, "disk": 1, "id": "9a504130-c1c4-4f88-8575-a81728becbaf"}]} _http_log_response /usr/lib/python2.7/site-packages/keystoneauth1/session.py:511
2019-06-12 21:50:27.255 660 DEBUG novaclient.v2.client [-] GET call to compute for http://172.30.9.22:8774/v2.1/flavors/detail used request id req-8a9dd438-9e04-4240-9108-ca010c0f0f8c request /usr/lib/python2.7/site-packages/keystoneauth1/session.py:844
2019-06-12 21:50:27.256 661 DEBUG novaclient.v2.client [-] GET call to compute for http://172.30.9.22:8774/v2.1/flavors/detail used request id req-22baded8-4142-45b8-aa46-c9a6e581e522 request /usr/lib/python2.7/site-packages/keystoneauth1/session.py:844
2019-06-12 21:50:27.256 660 INFO rally.task.runner [-] Task b909e2b3-3fbc-45a8-ba92-890324265ed5 | ITER: 1 END: OK
2019-06-12 21:50:27.257 661 INFO rally.task.runner [-] Task b909e2b3-3fbc-45a8-ba92-890324265ed5 | ITER: 2 END: OK
2019-06-12 21:50:27.258 663 DEBUG novaclient.v2.client [-] RESP: [200] Content-Encoding: gzip Content-Length: 362 Content-Type: application/json Date: Wed, 12 Jun 2019 21:50:27 GMT OpenStack-API-Version: compute 2.1 Server: Apache Vary: OpenStack-API-Version,X-OpenStack-Nova-API-Version,Accept-Encoding X-OpenStack-Nova-API-Version: 2.1 x-compute-request-id: req-273dd53f-9ede-4722-bf78-38f4f917993f x-openstack-request-id: req-273dd53f-9ede-4722-bf78-38f4f917993f _http_log_response /usr/lib/python2.7/site-packages/keystoneauth1/session.py:479
2019-06-12 21:50:27.259 663 DEBUG novaclient.v2.client [-] RESP BODY: {"flavors": [{"name": "rally_full-flavor_alt_c0d30eb1-ae7b-4012-a58a-39cd0123509c", "links": [{"href": "http://172.30.9.22:8774/v2.1/flavors/0549752f-6465-4d86-ad2d-62beccac8169", "rel": "self"}, {"href": "http://172.30.9.22:8774/flavors/0549752f-6465-4d86-ad2d-62beccac8169", "rel": "bookmark"}], "ram": 1024, "OS-FLV-DISABLED:disabled": false, "vcpus": 1, "swap": "", "os-flavor-access:is_public": true, "rxtx_factor": 1.0, "OS-FLV-EXT-DATA:ephemeral": 0, "disk": 1, "id": "0549752f-6465-4d86-ad2d-62beccac8169"}, {"name": "rally_full-flavor_c0d30eb1-ae7b-4012-a58a-39cd0123509c", "links": [{"href": "http://172.30.9.22:8774/v2.1/flavors/9a504130-c1c4-4f88-8575-a81728becbaf", "rel": "self"}, {"href": "http://172.30.9.22:8774/flavors/9a504130-c1c4-4f88-8575-a81728becbaf", "rel": "bookmark"}], "ram": 512, "OS-FLV-DISABLED:disabled": false, "vcpus": 1, "swap": "", "os-flavor-access:is_public": true, "rxtx_factor": 1.0, "OS-FLV-EXT-DATA:ephemeral": 0, "disk": 1, "id": "9a504130-c1c4-4f88-8575-a81728becbaf"}]} _http_log_response /usr/lib/python2.7/site-packages/keystoneauth1/session.py:511
2019-06-12 21:50:27.259 662 DEBUG novaclient.v2.client [-] RESP: [200] Content-Encoding: gzip Content-Length: 362 Content-Type: application/json Date: Wed, 12 Jun 2019 21:50:26 GMT OpenStack-API-Version: compute 2.1 Server: Apache Vary: OpenStack-API-Version,X-OpenStack-Nova-API-Version,Accept-Encoding X-OpenStack-Nova-API-Version: 2.1 x-compute-request-id: req-994004ac-e45b-47cc-af38-8f686cbe12c1 x-openstack-request-id: req-994004ac-e45b-47cc-af38-8f686cbe12c1 _http_log_response /usr/lib/python2.7/site-packages/keystoneauth1/session.py:479
2019-06-12 21:50:27.259 663 DEBUG novaclient.v2.client [-] GET call to compute for http://172.30.9.22:8774/v2.1/flavors/detail used request id req-273dd53f-9ede-4722-bf78-38f4f917993f request /usr/lib/python2.7/site-packages/keystoneauth1/session.py:844
2019-06-12 21:50:27.259 662 DEBUG novaclient.v2.client [-] RESP BODY: {"flavors": [{"name": "rally_full-flavor_alt_c0d30eb1-ae7b-4012-a58a-39cd0123509c", "links": [{"href": "http://172.30.9.22:8774/v2.1/flavors/0549752f-6465-4d86-ad2d-62beccac8169", "rel": "self"}, {"href": "http://172.30.9.22:8774/flavors/0549752f-6465-4d86-ad2d-62beccac8169", "rel": "bookmark"}], "ram": 1024, "OS-FLV-DISABLED:disabled": false, "vcpus": 1, "swap": "", "os-flavor-access:is_public": true, "rxtx_factor": 1.0, "OS-FLV-EXT-DATA:ephemeral": 0, "disk": 1, "id": "0549752f-6465-4d86-ad2d-62beccac8169"}, {"name": "rally_full-flavor_c0d30eb1-ae7b-4012-a58a-39cd0123509c", "links": [{"href": "http://172.30.9.22:8774/v2.1/flavors/9a504130-c1c4-4f88-8575-a81728becbaf", "rel": "self"}, {"href": "http://172.30.9.22:8774/flavors/9a504130-c1c4-4f88-8575-a81728becbaf", "rel": "bookmark"}], "ram": 512, "OS-FLV-DISABLED:disabled": false, "vcpus": 1, "swap": "", "os-flavor-access:is_public": true, "rxtx_factor": 1.0, "OS-FLV-EXT-DATA:ephemeral": 0, "disk": 1, "id": "9a504130-c1c4-4f88-8575-a81728becbaf"}]} _http_log_response /usr/lib/python2.7/site-packages/keystoneauth1/session.py:511
2019-06-12 21:50:27.260 663 INFO rally.task.runner [-] Task b909e2b3-3fbc-45a8-ba92-890324265ed5 | ITER: 4 END: OK
2019-06-12 21:50:27.260 662 DEBUG novaclient.v2.client [-] GET call to compute for http://172.30.9.22:8774/v2.1/flavors/detail used request id req-994004ac-e45b-47cc-af38-8f686cbe12c1 request /usr/lib/python2.7/site-packages/keystoneauth1/session.py:844
2019-06-12 21:50:27.261 660 INFO rally.task.runner [-] Task b909e2b3-3fbc-45a8-ba92-890324265ed5 | ITER: 5 START
2019-06-12 21:50:27.261 661 INFO rally.task.runner [-] Task b909e2b3-3fbc-45a8-ba92-890324265ed5 | ITER: 6 START
