2019-06-12 22:23:01.954 6400 DEBUG cinderclient.v2.client [-] RESP: [202] Content-Length: 0 Content-Type: text/html; charset=UTF-8 Date: Wed, 12 Jun 2019 22:23:01 GMT OpenStack-API-Version: volume 3.0 Server: Apache Vary: OpenStack-API-Version x-openstack-request-id: req-9bfa2601-0663-42b2-b62d-9fe67227b048 _http_log_response /usr/lib/python2.7/site-packages/keystoneauth1/session.py:479
2019-06-12 22:23:01.955 6400 DEBUG cinderclient.v2.client [-] RESP BODY: Omitted, Content-Type is set to text/html; charset=UTF-8. Only application/json responses have their bodies logged. _http_log_response /usr/lib/python2.7/site-packages/keystoneauth1/session.py:511
2019-06-12 22:23:01.955 6400 DEBUG cinderclient.v2.client [-] POST call to volumev2 for http://172.30.9.22:8776/v3/b229f0c1d9524d4e96d4ff1bf38bc518/types/1c1e009e-ca81-4018-a78e-76db5e46a2ac/action used request id req-9bfa2601-0663-42b2-b62d-9fe67227b048 request /usr/lib/python2.7/site-packages/keystoneauth1/session.py:844
2019-06-12 22:23:01.956 6400 DEBUG cinderclient.v2.client [-] REQ: curl -g -i -X GET http://172.30.9.22:8776/v3/b229f0c1d9524d4e96d4ff1bf38bc518/types/1c1e009e-ca81-4018-a78e-76db5e46a2ac/os-volume-type-access -H "Accept: application/json" -H "User-Agent: python-cinderclient" -H "X-Auth-Token: {SHA1}96effcffea2c9707f7b037bfc898c05db5b520f6" -H "X-OpenStack-Request-ID: req-424f8906-9d24-4178-b370-524ba51b3c65" _http_log_request /usr/lib/python2.7/site-packages/keystoneauth1/session.py:448
2019-06-12 22:23:01.978 6401 DEBUG cinderclient.v2.client [-] RESP: [202] Content-Length: 0 Content-Type: text/html; charset=UTF-8 Date: Wed, 12 Jun 2019 22:23:01 GMT OpenStack-API-Version: volume 3.0 Server: Apache Vary: OpenStack-API-Version x-openstack-request-id: req-30d20d05-3654-4e8b-a7f1-a3f8f7a492c1 _http_log_response /usr/lib/python2.7/site-packages/keystoneauth1/session.py:479
2019-06-12 22:23:01.978 6401 DEBUG cinderclient.v2.client [-] RESP BODY: Omitted, Content-Type is set to text/html; charset=UTF-8. Only application/json responses have their bodies logged. _http_log_response /usr/lib/python2.7/site-packages/keystoneauth1/session.py:511
2019-06-12 22:23:01.978 6401 DEBUG cinderclient.v2.client [-] POST call to volumev2 for http://172.30.9.22:8776/v3/b229f0c1d9524d4e96d4ff1bf38bc518/types/9292cb4c-fca1-452f-b575-ffc53be51afc/action used request id req-30d20d05-3654-4e8b-a7f1-a3f8f7a492c1 request /usr/lib/python2.7/site-packages/keystoneauth1/session.py:844
2019-06-12 22:23:01.980 6401 DEBUG cinderclient.v2.client [-] REQ: curl -g -i -X GET http://172.30.9.22:8776/v3/b229f0c1d9524d4e96d4ff1bf38bc518/types/9292cb4c-fca1-452f-b575-ffc53be51afc/os-volume-type-access -H "Accept: application/json" -H "User-Agent: python-cinderclient" -H "X-Auth-Token: {SHA1}d09739dcda4515d614a08442ba02f2ddaed87711" -H "X-OpenStack-Request-ID: req-31fd04fd-2e18-4007-a0ad-a1192ed70f7b" _http_log_request /usr/lib/python2.7/site-packages/keystoneauth1/session.py:448
2019-06-12 22:23:02.074 6398 DEBUG cinderclient.v2.client [-] RESP: [202] Content-Length: 0 Content-Type: text/html; charset=UTF-8 Date: Wed, 12 Jun 2019 22:23:01 GMT OpenStack-API-Version: volume 3.0 Server: Apache Vary: OpenStack-API-Version x-openstack-request-id: req-c804a00c-e73b-4b9e-a3d3-3622c1fc5f50 _http_log_response /usr/lib/python2.7/site-packages/keystoneauth1/session.py:479
2019-06-12 22:23:02.074 6398 DEBUG cinderclient.v2.client [-] RESP BODY: Omitted, Content-Type is set to text/html; charset=UTF-8. Only application/json responses have their bodies logged. _http_log_response /usr/lib/python2.7/site-packages/keystoneauth1/session.py:511
2019-06-12 22:23:02.075 6398 DEBUG cinderclient.v2.client [-] POST call to volumev2 for http://172.30.9.22:8776/v3/b229f0c1d9524d4e96d4ff1bf38bc518/types/ef3e84d4-6da5-45cb-ac24-bb4a5b628695/action used request id req-c804a00c-e73b-4b9e-a3d3-3622c1fc5f50 request /usr/lib/python2.7/site-packages/keystoneauth1/session.py:844
2019-06-12 22:23:02.076 6398 DEBUG cinderclient.v2.client [-] REQ: curl -g -i -X GET http://172.30.9.22:8776/v3/b229f0c1d9524d4e96d4ff1bf38bc518/types/ef3e84d4-6da5-45cb-ac24-bb4a5b628695/os-volume-type-access -H "Accept: application/json" -H "User-Agent: python-cinderclient" -H "X-Auth-Token: {SHA1}dc66b65a26d0ada7af68f1a802aa5d73778b7209" -H "X-OpenStack-Request-ID: req-2673e88c-ea57-4f79-b2d8-323db6154a46" _http_log_request /usr/lib/python2.7/site-packages/keystoneauth1/session.py:448
2019-06-12 22:23:02.176 6399 DEBUG cinderclient.v2.client [-] RESP: [200] Content-Encoding: gzip Content-Length: 128 Content-Type: application/json Date: Wed, 12 Jun 2019 22:23:01 GMT OpenStack-API-Version: volume 3.0 Server: Apache Vary: OpenStack-API-Version,Accept-Encoding x-compute-request-id: req-284e43a2-33fc-4374-8785-4473d4c6db25 x-openstack-request-id: req-284e43a2-33fc-4374-8785-4473d4c6db25 _http_log_response /usr/lib/python2.7/site-packages/keystoneauth1/session.py:479
2019-06-12 22:23:02.176 6399 DEBUG cinderclient.v2.client [-] RESP BODY: {"volume_type_access": [{"volume_type_id": "78355fcc-0222-49c4-b245-64b14ed48db5", "project_id": "1c7a5c045b544501837f7d7e7e2e7bfc"}]} _http_log_response /usr/lib/python2.7/site-packages/keystoneauth1/session.py:511
2019-06-12 22:23:02.176 6399 DEBUG cinderclient.v2.client [-] GET call to volumev2 for http://172.30.9.22:8776/v3/b229f0c1d9524d4e96d4ff1bf38bc518/types/78355fcc-0222-49c4-b245-64b14ed48db5/os-volume-type-access used request id req-284e43a2-33fc-4374-8785-4473d4c6db25 request /usr/lib/python2.7/site-packages/keystoneauth1/session.py:844
2019-06-12 22:23:02.177 6399 INFO rally.task.runner [-] Task c060a885-591e-4f9a-aacd-a976320d3e42 | ITER: 6 END: OK
2019-06-12 22:23:02.182 6399 INFO rally.task.runner [-] Task c060a885-591e-4f9a-aacd-a976320d3e42 | ITER: 9 START
2019-06-12 22:23:02.249 6400 DEBUG cinderclient.v2.client [-] RESP: [200] Content-Encoding: gzip Content-Length: 128 Content-Type: application/json Date: Wed, 12 Jun 2019 22:23:01 GMT OpenStack-API-Version: volume 3.0 Server: Apache Vary: OpenStack-API-Version,Accept-Encoding x-compute-request-id: req-7143bac2-7c98-4c71-8770-1b91ce44d6df x-openstack-request-id: req-7143bac2-7c98-4c71-8770-1b91ce44d6df _http_log_response /usr/lib/python2.7/site-packages/keystoneauth1/session.py:479
2019-06-12 22:23:02.250 6400 DEBUG cinderclient.v2.client [-] RESP BODY: {"volume_type_access": [{"volume_type_id": "1c1e009e-ca81-4018-a78e-76db5e46a2ac", "project_id": "d0dd3a61304d4dfd8e48bf8d2ed02e52"}]} _http_log_response /usr/lib/python2.7/site-packages/keystoneauth1/session.py:511
2019-06-12 22:23:02.250 6400 DEBUG cinderclient.v2.client [-] GET call to volumev2 for http://172.30.9.22:8776/v3/b229f0c1d9524d4e96d4ff1bf38bc518/types/1c1e009e-ca81-4018-a78e-76db5e46a2ac/os-volume-type-access used request id req-7143bac2-7c98-4c71-8770-1b91ce44d6df request /usr/lib/python2.7/site-packages/keystoneauth1/session.py:844
2019-06-12 22:23:02.251 6400 INFO rally.task.runner [-] Task c060a885-591e-4f9a-aacd-a976320d3e42 | ITER: 7 END: OK
2019-06-12 22:23:02.258 6400 INFO rally.task.runner [-] Task c060a885-591e-4f9a-aacd-a976320d3e42 | ITER: 10 START
2019-06-12 22:23:02.270 6401 DEBUG cinderclient.v2.client [-] RESP: [200] Content-Encoding: gzip Content-Length: 127 Content-Type: application/json Date: Wed, 12 Jun 2019 22:23:01 GMT OpenStack-API-Version: volume 3.0 Server: Apache Vary: OpenStack-API-Version,Accept-Encoding x-compute-request-id: req-d3ead2d4-0cfa-46e9-af61-7d8619161860 x-openstack-request-id: req-d3ead2d4-0cfa-46e9-af61-7d8619161860 _http_log_response /usr/lib/python2.7/site-packages/keystoneauth1/session.py:479
2019-06-12 22:23:02.270 6401 DEBUG cinderclient.v2.client [-] RESP BODY: {"volume_type_access": [{"volume_type_id": "9292cb4c-fca1-452f-b575-ffc53be51afc", "project_id": "1c7a5c045b544501837f7d7e7e2e7bfc"}]} _http_log_response /usr/lib/python2.7/site-packages/keystoneauth1/session.py:511
2019-06-12 22:23:02.270 6401 DEBUG cinderclient.v2.client [-] GET call to volumev2 for http://172.30.9.22:8776/v3/b229f0c1d9524d4e96d4ff1bf38bc518/types/9292cb4c-fca1-452f-b575-ffc53be51afc/os-volume-type-access used request id req-d3ead2d4-0cfa-46e9-af61-7d8619161860 request /usr/lib/python2.7/site-packages/keystoneauth1/session.py:844
2019-06-12 22:23:02.271 6401 INFO rally.task.runner [-] Task c060a885-591e-4f9a-aacd-a976320d3e42 | ITER: 5 END: OK
2019-06-12 22:23:02.290 6398 DEBUG cinderclient.v2.client [-] RESP: [200] Content-Encoding: gzip Content-Length: 128 Content-Type: application/json Date: Wed, 12 Jun 2019 22:23:02 GMT OpenStack-API-Version: volume 3.0 Server: Apache Vary: OpenStack-API-Version,Accept-Encoding x-compute-request-id: req-5f2ccb83-a60a-484a-a5cf-ac81bb0e16fb x-openstack-request-id: req-5f2ccb83-a60a-484a-a5cf-ac81bb0e16fb _http_log_response /usr/lib/python2.7/site-packages/keystoneauth1/session.py:479
2019-06-12 22:23:02.290 6398 DEBUG cinderclient.v2.client [-] RESP BODY: {"volume_type_access": [{"volume_type_id": "ef3e84d4-6da5-45cb-ac24-bb4a5b628695", "project_id": "1c7a5c045b544501837f7d7e7e2e7bfc"}]} _http_log_response /usr/lib/python2.7/site-packages/keystoneauth1/session.py:511
2019-06-12 22:23:02.291 6398 DEBUG cinderclient.v2.client [-] GET call to volumev2 for http://172.30.9.22:8776/v3/b229f0c1d9524d4e96d4ff1bf38bc518/types/ef3e84d4-6da5-45cb-ac24-bb4a5b628695/os-volume-type-access used request id req-5f2ccb83-a60a-484a-a5cf-ac81bb0e16fb request /usr/lib/python2.7/site-packages/keystoneauth1/session.py:844
2019-06-12 22:23:02.292 6398 INFO rally.task.runner [-] Task c060a885-591e-4f9a-aacd-a976320d3e42 | ITER: 8 END: OK
2019-06-12 22:23:02.625 6399 DEBUG cinderclient.v2.client [-] REQ: curl -g -i -X POST http://172.30.9.22:8776/v3/b229f0c1d9524d4e96d4ff1bf38bc518/types -H "Accept: application/json" -H "Content-Type: application/json" -H "User-Agent: python-cinderclient" -H "X-Auth-Token: {SHA1}c10e9430b19fbef0e40f89a7d3f165e74fd1723c" -d '{"volume_type": {"os-volume-type-access:is_public": false, "name": "s_rally_1d222efc_EI1uP2D6", "description": "rally tests creating types"}}' _http_log_request /usr/lib/python2.7/site-packages/keystoneauth1/session.py:448
2019-06-12 22:23:02.696 6400 DEBUG cinderclient.v2.client [-] REQ: curl -g -i -X POST http://172.30.9.22:8776/v3/b229f0c1d9524d4e96d4ff1bf38bc518/types -H "Accept: application/json" -H "Content-Type: application/json" -H "User-Agent: python-cinderclient" -H "X-Auth-Token: {SHA1}5d2620dc88bac1d7493356e0f671ec97ebfe939b" -d '{"volume_type": {"os-volume-type-access:is_public": false, "name": "s_rally_1d222efc_NkvTj5mg", "description": "rally tests creating types"}}' _http_log_request /usr/lib/python2.7/site-packages/keystoneauth1/session.py:448
2019-06-12 22:23:03.024 6399 DEBUG cinderclient.v2.client [-] RESP: [200] Content-Encoding: gzip Content-Length: 182 Content-Type: application/json Date: Wed, 12 Jun 2019 22:23:02 GMT OpenStack-API-Version: volume 3.0 Server: Apache Vary: OpenStack-API-Version,Accept-Encoding x-compute-request-id: req-b73778ee-857b-4fe7-8aed-aff8ab3a165a x-openstack-request-id: req-b73778ee-857b-4fe7-8aed-aff8ab3a165a _http_log_response /usr/lib/python2.7/site-packages/keystoneauth1/session.py:479
2019-06-12 22:23:03.025 6399 DEBUG cinderclient.v2.client [-] RESP BODY: {"volume_type": {"name": "s_rally_1d222efc_EI1uP2D6", "extra_specs": {}, "os-volume-type-access:is_public": false, "is_public": false, "id": "c0fded5f-cb8b-47f4-84c7-d374e8fcd706", "description": "rally tests creating types"}} _http_log_response /usr/lib/python2.7/site-packages/keystoneauth1/session.py:511
2019-06-12 22:23:03.025 6399 DEBUG cinderclient.v2.client [-] POST call to volumev2 for http://172.30.9.22:8776/v3/b229f0c1d9524d4e96d4ff1bf38bc518/types used request id req-b73778ee-857b-4fe7-8aed-aff8ab3a165a request /usr/lib/python2.7/site-packages/keystoneauth1/session.py:844
2019-06-12 22:23:03.027 6399 DEBUG cinderclient.v2.client [-] REQ: curl -g -i -X POST http://172.30.9.22:8776/v3/b229f0c1d9524d4e96d4ff1bf38bc518/types/c0fded5f-cb8b-47f4-84c7-d374e8fcd706/action -H "Accept: application/json" -H "Content-Type: application/json" -H "User-Agent: python-cinderclient" -H "X-Auth-Token: {SHA1}c10e9430b19fbef0e40f89a7d3f165e74fd1723c" -H "X-OpenStack-Request-ID: req-b73778ee-857b-4fe7-8aed-aff8ab3a165a" -d '{"addProjectAccess": {"project": "d0dd3a61304d4dfd8e48bf8d2ed02e52"}}' _http_log_request /usr/lib/python2.7/site-packages/keystoneauth1/session.py:448
2019-06-12 22:23:03.133 6400 DEBUG cinderclient.v2.client [-] RESP: [200] Content-Encoding: gzip Content-Length: 181 Content-Type: application/json Date: Wed, 12 Jun 2019 22:23:02 GMT OpenStack-API-Version: volume 3.0 Server: Apache Vary: OpenStack-API-Version,Accept-Encoding x-compute-request-id: req-70ce890f-b3fa-4cdd-a2e9-d2284f4489ef x-openstack-request-id: req-70ce890f-b3fa-4cdd-a2e9-d2284f4489ef _http_log_response /usr/lib/python2.7/site-packages/keystoneauth1/session.py:479
2019-06-12 22:23:03.133 6400 DEBUG cinderclient.v2.client [-] RESP BODY: {"volume_type": {"name": "s_rally_1d222efc_NkvTj5mg", "extra_specs": {}, "os-volume-type-access:is_public": false, "is_public": false, "id": "952ea431-8fea-42a8-bdd3-b8cd78022115", "description": "rally tests creating types"}} _http_log_response /usr/lib/python2.7/site-packages/keystoneauth1/session.py:511
2019-06-12 22:23:03.134 6400 DEBUG cinderclient.v2.client [-] POST call to volumev2 for http://172.30.9.22:8776/v3/b229f0c1d9524d4e96d4ff1bf38bc518/types used request id req-70ce890f-b3fa-4cdd-a2e9-d2284f4489ef request /usr/lib/python2.7/site-packages/keystoneauth1/session.py:844
2019-06-12 22:23:03.135 6400 DEBUG cinderclient.v2.client [-] REQ: curl -g -i -X POST http://172.30.9.22:8776/v3/b229f0c1d9524d4e96d4ff1bf38bc518/types/952ea431-8fea-42a8-bdd3-b8cd78022115/action -H "Accept: application/json" -H "Content-Type: application/json" -H "User-Agent: python-cinderclient" -H "X-Auth-Token: {SHA1}5d2620dc88bac1d7493356e0f671ec97ebfe939b" -H "X-OpenStack-Request-ID: req-70ce890f-b3fa-4cdd-a2e9-d2284f4489ef" -d '{"addProjectAccess": {"project": "d0dd3a61304d4dfd8e48bf8d2ed02e52"}}' _http_log_request /usr/lib/python2.7/site-packages/keystoneauth1/session.py:448
2019-06-12 22:23:03.349 6399 DEBUG cinderclient.v2.client [-] RESP: [202] Content-Length: 0 Content-Type: text/html; charset=UTF-8 Date: Wed, 12 Jun 2019 22:23:03 GMT OpenStack-API-Version: volume 3.0 Server: Apache Vary: OpenStack-API-Version x-openstack-request-id: req-506a0a7f-6ffd-4347-ba80-edd83dbac834 _http_log_response /usr/lib/python2.7/site-packages/keystoneauth1/session.py:479
2019-06-12 22:23:03.350 6399 DEBUG cinderclient.v2.client [-] RESP BODY: Omitted, Content-Type is set to text/html; charset=UTF-8. Only application/json responses have their bodies logged. _http_log_response /usr/lib/python2.7/site-packages/keystoneauth1/session.py:511
2019-06-12 22:23:03.350 6399 DEBUG cinderclient.v2.client [-] POST call to volumev2 for http://172.30.9.22:8776/v3/b229f0c1d9524d4e96d4ff1bf38bc518/types/c0fded5f-cb8b-47f4-84c7-d374e8fcd706/action used request id req-506a0a7f-6ffd-4347-ba80-edd83dbac834 request /usr/lib/python2.7/site-packages/keystoneauth1/session.py:844
2019-06-12 22:23:03.351 6399 DEBUG cinderclient.v2.client [-] REQ: curl -g -i -X GET http://172.30.9.22:8776/v3/b229f0c1d9524d4e96d4ff1bf38bc518/types/c0fded5f-cb8b-47f4-84c7-d374e8fcd706/os-volume-type-access -H "Accept: application/json" -H "User-Agent: python-cinderclient" -H "X-Auth-Token: {SHA1}c10e9430b19fbef0e40f89a7d3f165e74fd1723c" -H "X-OpenStack-Request-ID: req-b73778ee-857b-4fe7-8aed-aff8ab3a165a" _http_log_request /usr/lib/python2.7/site-packages/keystoneauth1/session.py:448
2019-06-12 22:23:03.463 6400 DEBUG cinderclient.v2.client [-] RESP: [202] Content-Length: 0 Content-Type: text/html; charset=UTF-8 Date: Wed, 12 Jun 2019 22:23:03 GMT OpenStack-API-Version: volume 3.0 Server: Apache Vary: OpenStack-API-Version x-openstack-request-id: req-8075f2bc-c51c-4062-9955-fc04466cf72f _http_log_response /usr/lib/python2.7/site-packages/keystoneauth1/session.py:479
2019-06-12 22:23:03.464 6400 DEBUG cinderclient.v2.client [-] RESP BODY: Omitted, Content-Type is set to text/html; charset=UTF-8. Only application/json responses have their bodies logged. _http_log_response /usr/lib/python2.7/site-packages/keystoneauth1/session.py:511
2019-06-12 22:23:03.464 6400 DEBUG cinderclient.v2.client [-] POST call to volumev2 for http://172.30.9.22:8776/v3/b229f0c1d9524d4e96d4ff1bf38bc518/types/952ea431-8fea-42a8-bdd3-b8cd78022115/action used request id req-8075f2bc-c51c-4062-9955-fc04466cf72f request /usr/lib/python2.7/site-packages/keystoneauth1/session.py:844
2019-06-12 22:23:03.465 6400 DEBUG cinderclient.v2.client [-] REQ: curl -g -i -X GET http://172.30.9.22:8776/v3/b229f0c1d9524d4e96d4ff1bf38bc518/types/952ea431-8fea-42a8-bdd3-b8cd78022115/os-volume-type-access -H "Accept: application/json" -H "User-Agent: python-cinderclient" -H "X-Auth-Token: {SHA1}5d2620dc88bac1d7493356e0f671ec97ebfe939b" -H "X-OpenStack-Request-ID: req-70ce890f-b3fa-4cdd-a2e9-d2284f4489ef" _http_log_request /usr/lib/python2.7/site-packages/keystoneauth1/session.py:448
2019-06-12 22:23:03.562 6399 DEBUG cinderclient.v2.client [-] RESP: [200] Content-Encoding: gzip Content-Length: 127 Content-Type: application/json Date: Wed, 12 Jun 2019 22:23:03 GMT OpenStack-API-Version: volume 3.0 Server: Apache Vary: OpenStack-API-Version,Accept-Encoding x-compute-request-id: req-288f67c1-ad28-40fd-b6e5-100a88cbafb4 x-openstack-request-id: req-288f67c1-ad28-40fd-b6e5-100a88cbafb4 _http_log_response /usr/lib/python2.7/site-packages/keystoneauth1/session.py:479
2019-06-12 22:23:03.563 6399 DEBUG cinderclient.v2.client [-] RESP BODY: {"volume_type_access": [{"volume_type_id": "c0fded5f-cb8b-47f4-84c7-d374e8fcd706", "project_id": "d0dd3a61304d4dfd8e48bf8d2ed02e52"}]} _http_log_response /usr/lib/python2.7/site-packages/keystoneauth1/session.py:511
2019-06-12 22:23:03.563 6399 DEBUG cinderclient.v2.client [-] GET call to volumev2 for http://172.30.9.22:8776/v3/b229f0c1d9524d4e96d4ff1bf38bc518/types/c0fded5f-cb8b-47f4-84c7-d374e8fcd706/os-volume-type-access used request id req-288f67c1-ad28-40fd-b6e5-100a88cbafb4 request /usr/lib/python2.7/site-packages/keystoneauth1/session.py:844
2019-06-12 22:23:03.564 6399 INFO rally.task.runner [-] Task c060a885-591e-4f9a-aacd-a976320d3e42 | ITER: 9 END: OK
2019-06-12 22:23:03.766 6400 DEBUG cinderclient.v2.client [-] RESP: [200] Content-Encoding: gzip Content-Length: 129 Content-Type: application/json Date: Wed, 12 Jun 2019 22:23:03 GMT OpenStack-API-Version: volume 3.0 Server: Apache Vary: OpenStack-API-Version,Accept-Encoding x-compute-request-id: req-5016eb03-9ec5-46d6-895f-869f0f268e24 x-openstack-request-id: req-5016eb03-9ec5-46d6-895f-869f0f268e24 _http_log_response /usr/lib/python2.7/site-packages/keystoneauth1/session.py:479
2019-06-12 22:23:03.766 6400 DEBUG cinderclient.v2.client [-] RESP BODY: {"volume_type_access": [{"volume_type_id": "952ea431-8fea-42a8-bdd3-b8cd78022115", "project_id": "d0dd3a61304d4dfd8e48bf8d2ed02e52"}]} _http_log_response /usr/lib/python2.7/site-packages/keystoneauth1/session.py:511
2019-06-12 22:23:03.767 6400 DEBUG cinderclient.v2.client [-] GET call to volumev2 for http://172.30.9.22:8776/v3/b229f0c1d9524d4e96d4ff1bf38bc518/types/952ea431-8fea-42a8-bdd3-b8cd78022115/os-volume-type-access used request id req-5016eb03-9ec5-46d6-895f-869f0f268e24 request /usr/lib/python2.7/site-packages/keystoneauth1/session.py:844
2019-06-12 22:23:03.768 6400 INFO rally.task.runner [-] Task c060a885-591e-4f9a-aacd-a976320d3e42 | ITER: 10 END: OK
2019-06-12 22:23:03.797 1842 INFO rally.task.context [-] Task c060a885-591e-4f9a-aacd-a976320d3e42 | Context admin_cleanup@openstack cleanup() started
2019-06-12 22:23:03.799 1842 RALLYDEBUG rally_openstack.cleanup.manager [-] Cleaning up cinder volume_types objects
2019-06-12 22:23:04.504 1842 RALLYDEBUG rally_openstack.cleanup.manager [-] Deleting cinder.volume_types object s_rally_1d222efc_9sTHYEli (d682c6b2-1ae0-4a3b-9514-6154f482b407)
2019-06-12 22:23:04.515 1842 RALLYDEBUG rally_openstack.cleanup.manager [-] Deleting cinder.volume_types object s_rally_1d222efc_mijtPYji (591cabff-0843-4ffb-bb7a-7af2dd648114)
2019-06-12 22:23:04.516 1842 RALLYDEBUG rally_openstack.cleanup.manager [-] Deleting cinder.volume_types object s_rally_1d222efc_BXdBuLRp (ef3e84d4-6da5-45cb-ac24-bb4a5b628695)
2019-06-12 22:23:04.523 1842 RALLYDEBUG rally_openstack.cleanup.manager [-] Deleting cinder.volume_types object s_rally_1d222efc_EI1uP2D6 (c0fded5f-cb8b-47f4-84c7-d374e8fcd706)
2019-06-12 22:23:04.523 1842 RALLYDEBUG rally_openstack.cleanup.manager [-] Deleting cinder.volume_types object s_rally_1d222efc_RkWRQ0aA (311d427b-237c-42f2-b1ea-7a860059a2be)
2019-06-12 22:23:04.527 1842 RALLYDEBUG rally_openstack.cleanup.manager [-] Deleting cinder.volume_types object s_rally_1d222efc_g6w6Nul3 (acd316f8-6663-43c5-9f48-ce07a69f9afe)
2019-06-12 22:23:04.538 1842 RALLYDEBUG rally_openstack.cleanup.manager [-] Deleting cinder.volume_types object s_rally_1d222efc_BH1ztee6 (1c1e009e-ca81-4018-a78e-76db5e46a2ac)
2019-06-12 22:23:04.539 1842 RALLYDEBUG rally_openstack.cleanup.manager [-] Deleting cinder.volume_types object s_rally_1d222efc_NMErB1kW (9292cb4c-fca1-452f-b575-ffc53be51afc)
2019-06-12 22:23:04.540 1842 RALLYDEBUG rally_openstack.cleanup.manager [-] Deleting cinder.volume_types object s_rally_1d222efc_NkvTj5mg (952ea431-8fea-42a8-bdd3-b8cd78022115)
2019-06-12 22:23:04.543 1842 RALLYDEBUG rally_openstack.cleanup.manager [-] Deleting cinder.volume_types object s_rally_1d222efc_p3Z8UoCQ (78355fcc-0222-49c4-b245-64b14ed48db5)
2019-06-12 22:23:06.967 1842 RALLYDEBUG rally_openstack.cleanup.manager [-] Cleaning up cinder image_volumes_cache objects
2019-06-12 22:23:08.227 1842 RALLYDEBUG rally_openstack.cleanup.manager [-] Cleaning up cinder quotas objects
2019-06-12 22:23:10.027 1842 RALLYDEBUG rally_openstack.cleanup.manager [-] Cleaning up cinder qos_specs objects
2019-06-12 22:23:10.790 1842 INFO rally.task.context [-] Task c060a885-591e-4f9a-aacd-a976320d3e42 | Context admin_cleanup@openstack cleanup() finished in 6.99 sec
2019-06-12 22:23:10.791 1842 INFO rally.task.context [-] Task c060a885-591e-4f9a-aacd-a976320d3e42 | Context api_versions@openstack cleanup() started
2019-06-12 22:23:10.791 1842 INFO rally.task.context [-] Task c060a885-591e-4f9a-aacd-a976320d3e42 | Context api_versions@openstack cleanup() finished in 0.29 msec
2019-06-12 22:23:10.791 1842 INFO rally.task.context [-] Task c060a885-591e-4f9a-aacd-a976320d3e42 | Context users@openstack cleanup() started
2019-06-12 22:23:18.809 1842 INFO rally.task.context [-] Task c060a885-591e-4f9a-aacd-a976320d3e42 | Context users@openstack cleanup() finished in 8.02 sec
2019-06-12 22:23:20.477 1842 INFO rally.task.engine [-] Load duration is: 4.254785
2019-06-12 22:23:20.477 1842 INFO rally.task.engine [-] Full runner duration is: 4.305674
2019-06-12 22:23:20.477 1842 INFO rally.task.engine [-] Full duration is: 24.446102
2019-06-12 22:23:20.709 1842 INFO rally.task.engine [-] Task c060a885-591e-4f9a-aacd-a976320d3e42 | Completed: Running task.
2019-06-12 22:23:21.806 6540 RALLYDEBUG rally.api [-] INFO logs from urllib3 and requests module are hide.
2019-06-12 22:23:21.807 6540 RALLYDEBUG rally.api [-] urllib3 insecure warnings are hidden.
2019-06-12 22:23:21.807 6540 RALLYDEBUG rally.api [-] ERROR log from boto module is hide.
2019-06-12 22:23:22.659 6541 RALLYDEBUG rally.api [-] INFO logs from urllib3 and requests module are hide.
2019-06-12 22:23:22.659 6541 RALLYDEBUG rally.api [-] urllib3 insecure warnings are hidden.
2019-06-12 22:23:22.659 6541 RALLYDEBUG rally.api [-] ERROR log from boto module is hide.
2019-06-12 22:23:23.971 6541 INFO rally.api [-] Building 'json' report for the following task(s): 'c060a885-591e-4f9a-aacd-a976320d3e42'.
2019-06-12 22:23:24.013 6541 INFO rally.api [-] The report has been successfully built.
2019-06-12 22:23:24.897 6543 RALLYDEBUG rally.api [-] INFO logs from urllib3 and requests module are hide.
2019-06-12 22:23:24.897 6543 RALLYDEBUG rally.api [-] urllib3 insecure warnings are hidden.
2019-06-12 22:23:24.897 6543 RALLYDEBUG rally.api [-] ERROR log from boto module is hide.
2019-06-12 22:23:26.342 6543 INFO rally.task.engine [-] Task d50f4a3b-eb25-4249-b7bf-a46897ec114f | Starting: Task validation.
2019-06-12 22:23:26.374 6543 INFO rally.task.engine [-] Task d50f4a3b-eb25-4249-b7bf-a46897ec114f | Starting: Task validation of syntax.
2019-06-12 22:23:26.502 6543 INFO rally.task.engine [-] Task d50f4a3b-eb25-4249-b7bf-a46897ec114f | Completed: Task validation of syntax.
2019-06-12 22:23:26.502 6543 INFO rally.task.engine [-] Task d50f4a3b-eb25-4249-b7bf-a46897ec114f | Starting: Task validation of required platforms.
2019-06-12 22:23:26.559 6543 INFO rally.task.engine [-] Task d50f4a3b-eb25-4249-b7bf-a46897ec114f | Completed: Task validation of required platforms.
2019-06-12 22:23:26.559 6543 INFO rally.task.engine [-] Task d50f4a3b-eb25-4249-b7bf-a46897ec114f | Starting: Task validation of semantic.
2019-06-12 22:23:26.559 6543 INFO rally.task.engine [-] Check health of the environment '55876a21-b6ff-411a-a565-debfcb3d43df'.
2019-06-12 22:23:27.387 6543 INFO rally.task.engine [-] Platform existing@openstack (available: True): OK!
2019-06-12 22:23:27.405 6543 RALLYDEBUG rally_openstack.contexts.keystone.users [-] Creating 1 tenants using 20 threads
2019-06-12 22:23:29.200 6543 RALLYDEBUG rally_openstack.contexts.keystone.users [-] Creating 1 users using 20 threads
2019-06-12 22:23:31.975 6543 INFO rally.task.context [-] Task d50f4a3b-eb25-4249-b7bf-a46897ec114f | Context users@openstack setup() finished in 4.57 sec
2019-06-12 22:23:39.248 6543 INFO rally.task.context [-] Task d50f4a3b-eb25-4249-b7bf-a46897ec114f | Context users@openstack cleanup() started
2019-06-12 22:23:44.934 6543 INFO rally.task.context [-] Task d50f4a3b-eb25-4249-b7bf-a46897ec114f | Context users@openstack cleanup() finished in 5.69 sec
2019-06-12 22:23:44.935 6543 INFO rally.task.engine [-] Task d50f4a3b-eb25-4249-b7bf-a46897ec114f | Completed: Task validation of semantic.
2019-06-12 22:23:44.935 6543 INFO rally.task.engine [-] Task d50f4a3b-eb25-4249-b7bf-a46897ec114f | Completed: Task validation.
2019-06-12 22:23:44.935 6543 INFO rally.api [-] Task d50f4a3b-eb25-4249-b7bf-a46897ec114f input file is valid.
2019-06-12 22:23:44.936 6543 INFO rally.api [-] Run Task d50f4a3b-eb25-4249-b7bf-a46897ec114f against Deployment 55876a21-b6ff-411a-a565-debfcb3d43df
2019-06-12 22:23:44.936 6543 INFO rally.task.engine [-] Task d50f4a3b-eb25-4249-b7bf-a46897ec114f | Starting: Running task.
2019-06-12 22:23:45.099 6543 INFO rally.task.engine [-] Running workload: position = 0 config = { "version": 2, "title": "A cropped version of a bigger task.", "description": "Auto-generated task from a single workload (uuid=1ad758c0-301d-403e-afad-157532e26c54)", "subtasks": [ { "title": "Gnocchi.list_capabilities", "description": "List supported aggregation methods.", "scenario": { "Gnocchi.list_capabilities": {} }, "contexts": { "users": { "tenants": 3, "users_per_tenant": 2 } }, "runner": { "constant": { "concurrency": 4, "times": 10 } }, "hooks": [], "sla": { "failure_rate": { "max": 0 } } } ] }
2019-06-12 22:23:45.120 6543 RALLYDEBUG rally_openstack.contexts.keystone.users [-] Creating 3 tenants using 20 threads
2019-06-12 22:23:47.098 6543 RALLYDEBUG rally_openstack.contexts.keystone.users [-] Creating 6 users using 20 threads
2019-06-12 22:23:49.949 6543 INFO rally.task.context [-] Task d50f4a3b-eb25-4249-b7bf-a46897ec114f | Context users@openstack setup() finished in 4.83 sec
2019-06-12 22:23:49.956 6543 RALLYDEBUG rally.task.runner [-] Starting the constant runner (task UUID: d50f4a3b-eb25-4249-b7bf-a46897ec114f). timeout: 0 concurrency: 4 concurrency_per_worker: 1 times: 10 concurrency_overhead: 0 processes_to_start: 4 max_cpu_used: 16
2019-06-12 22:23:49.970 6667 RALLYDEBUG rally.task.runner [-] Starting a worker. concurrency: 1 args: {} times: 10 method_name: run timeout: 0 duration: None cls:
2019-06-12 22:23:49.971 6668 RALLYDEBUG rally.task.runner [-] Starting a worker. concurrency: 1 args: {} times: 10 method_name: run timeout: 0 duration: None cls:
2019-06-12 22:23:49.975 6669 RALLYDEBUG rally.task.runner [-] Starting a worker. concurrency: 1 args: {} times: 10 method_name: run timeout: 0 duration: None cls:
2019-06-12 22:23:49.976 6667 INFO rally.task.runner [-] Task d50f4a3b-eb25-4249-b7bf-a46897ec114f | ITER: 1 START
2019-06-12 22:23:49.977 6668 INFO rally.task.runner [-] Task d50f4a3b-eb25-4249-b7bf-a46897ec114f | ITER: 2 START
2019-06-12 22:23:49.978 6670 RALLYDEBUG rally.task.runner [-] Starting a worker. concurrency: 1 args: {} times: 10 method_name: run timeout: 0 duration: None cls:
2019-06-12 22:23:49.981 6669 INFO rally.task.runner [-] Task d50f4a3b-eb25-4249-b7bf-a46897ec114f | ITER: 3 START
2019-06-12 22:23:49.984 6670 INFO rally.task.runner [-] Task d50f4a3b-eb25-4249-b7bf-a46897ec114f | ITER: 4 START
2019-06-12 22:23:50.720 6668 INFO rally.task.runner [-] Task d50f4a3b-eb25-4249-b7bf-a46897ec114f | ITER: 2 END: OK
2019-06-12 22:23:50.724 6668 INFO rally.task.runner [-] Task d50f4a3b-eb25-4249-b7bf-a46897ec114f | ITER: 5 START
2019-06-12 22:23:50.731 6670 INFO rally.task.runner [-] Task d50f4a3b-eb25-4249-b7bf-a46897ec114f | ITER: 4 END: OK
2019-06-12 22:23:50.733 6667 INFO rally.task.runner [-] Task d50f4a3b-eb25-4249-b7bf-a46897ec114f | ITER: 1 END: OK
2019-06-12 22:23:50.736 6670 INFO rally.task.runner [-] Task d50f4a3b-eb25-4249-b7bf-a46897ec114f | ITER: 6 START
2019-06-12 22:23:50.737 6667 INFO rally.task.runner [-] Task d50f4a3b-eb25-4249-b7bf-a46897ec114f | ITER: 7 START
2019-06-12 22:23:50.805 6669 INFO rally.task.runner [-] Task d50f4a3b-eb25-4249-b7bf-a46897ec114f | ITER: 3 END: OK
2019-06-12 22:23:50.809 6669 INFO rally.task.runner [-] Task d50f4a3b-eb25-4249-b7bf-a46897ec114f | ITER: 8 START
2019-06-12 22:23:51.426 6668 INFO rally.task.runner [-] Task d50f4a3b-eb25-4249-b7bf-a46897ec114f | ITER: 5 END: OK
2019-06-12 22:23:51.429 6668 INFO rally.task.runner [-] Task d50f4a3b-eb25-4249-b7bf-a46897ec114f | ITER: 9 START
2019-06-12 22:23:51.438 6670 INFO rally.task.runner [-] Task d50f4a3b-eb25-4249-b7bf-a46897ec114f | ITER: 6 END: OK
2019-06-12 22:23:51.441 6670 INFO rally.task.runner [-] Task d50f4a3b-eb25-4249-b7bf-a46897ec114f | ITER: 10 START
2019-06-12 22:23:51.447 6667 INFO rally.task.runner [-] Task d50f4a3b-eb25-4249-b7bf-a46897ec114f | ITER: 7 END: OK
2019-06-12 22:23:51.512 6669 INFO rally.task.runner [-] Task d50f4a3b-eb25-4249-b7bf-a46897ec114f | ITER: 8 END: OK
2019-06-12 22:23:52.051 6668 INFO rally.task.runner [-] Task d50f4a3b-eb25-4249-b7bf-a46897ec114f | ITER: 9 END: OK
2019-06-12 22:23:52.055 6670 INFO rally.task.runner [-] Task d50f4a3b-eb25-4249-b7bf-a46897ec114f | ITER: 10 END: OK
2019-06-12 22:23:52.081 6543 INFO rally.task.context [-] Task d50f4a3b-eb25-4249-b7bf-a46897ec114f | Context users@openstack cleanup() started
2019-06-12 22:24:01.622 6543 INFO rally.task.context [-] Task d50f4a3b-eb25-4249-b7bf-a46897ec114f | Context users@openstack cleanup() finished in 9.54 sec
2019-06-12 22:24:03.215 6543 INFO rally.task.engine [-] Load duration is: 2.077592
2019-06-12 22:24:03.215 6543 INFO rally.task.engine [-] Full runner duration is: 2.125112
2019-06-12 22:24:03.215 6543 INFO rally.task.engine [-] Full duration is: 16.503964
2019-06-12 22:24:03.519 6543 INFO rally.task.engine [-] Running workload: position = 0 config = { "version": 2, "title": "A cropped version of a bigger task.", "description": "Auto-generated task from a single workload (uuid=6ca718a2-11d9-41c5-88be-4e64f0ce68ab)", "subtasks": [ { "title": "Gnocchi.get_status", "description": "Get the status of measurements processing.", "scenario": { "Gnocchi.get_status": { "detailed": false } }, "contexts": { "users": { "tenants": 3, "users_per_tenant": 2 } }, "runner": { "constant": { "concurrency": 4, "times": 10 } }, "hooks": [], "sla": { "failure_rate": { "max": 0 } } } ] }
2019-06-12 22:24:03.541 6543 RALLYDEBUG rally_openstack.contexts.keystone.users [-] Creating 3 tenants using 20 threads
2019-06-12 22:24:05.379 6543 RALLYDEBUG rally_openstack.contexts.keystone.users [-] Creating 6 users using 20 threads
2019-06-12 22:24:08.211 6543 INFO rally.task.context [-] Task d50f4a3b-eb25-4249-b7bf-a46897ec114f | Context users@openstack setup() finished in 4.67 sec
2019-06-12 22:24:08.216 6543 RALLYDEBUG rally.task.runner [-] Starting the constant runner (task UUID: d50f4a3b-eb25-4249-b7bf-a46897ec114f). timeout: 0 concurrency: 4 concurrency_per_worker: 1 times: 10 concurrency_overhead: 0 processes_to_start: 4 max_cpu_used: 16
2019-06-12 22:24:08.228 6771 RALLYDEBUG rally.task.runner [-] Starting a worker. concurrency: 1 args: {"detailed": false} times: 10 method_name: run timeout: 0 duration: None cls:
2019-06-12 22:24:08.230 6772 RALLYDEBUG rally.task.runner [-] Starting a worker. concurrency: 1 args: {"detailed": false} times: 10 method_name: run timeout: 0 duration: None cls:
2019-06-12 22:24:08.233 6773 RALLYDEBUG rally.task.runner [-] Starting a worker. concurrency: 1 args: {"detailed": false} times: 10 method_name: run timeout: 0 duration: None cls:
2019-06-12 22:24:08.235 6771 INFO rally.task.runner [-] Task d50f4a3b-eb25-4249-b7bf-a46897ec114f | ITER: 1 START
2019-06-12 22:24:08.235 6772 INFO rally.task.runner [-] Task d50f4a3b-eb25-4249-b7bf-a46897ec114f | ITER: 2 START
2019-06-12 22:24:08.238 6774 RALLYDEBUG rally.task.runner [-] Starting a worker. concurrency: 1 args: {"detailed": false} times: 10 method_name: run timeout: 0 duration: None cls:
2019-06-12 22:24:08.239 6773 INFO rally.task.runner [-] Task d50f4a3b-eb25-4249-b7bf-a46897ec114f | ITER: 3 START
2019-06-12 22:24:08.244 6774 INFO rally.task.runner [-] Task d50f4a3b-eb25-4249-b7bf-a46897ec114f | ITER: 4 START
2019-06-12 22:24:08.974 6773 INFO rally.task.runner [-] Task d50f4a3b-eb25-4249-b7bf-a46897ec114f | ITER: 3 END: OK
2019-06-12 22:24:08.978 6773 INFO rally.task.runner [-] Task d50f4a3b-eb25-4249-b7bf-a46897ec114f | ITER: 5 START
2019-06-12 22:24:08.993 6771 INFO rally.task.runner [-] Task d50f4a3b-eb25-4249-b7bf-a46897ec114f | ITER: 1 END: OK
2019-06-12 22:24:08.997 6774 INFO rally.task.runner [-] Task d50f4a3b-eb25-4249-b7bf-a46897ec114f | ITER: 4 END: OK
2019-06-12 22:24:08.998 6771 INFO rally.task.runner [-] Task d50f4a3b-eb25-4249-b7bf-a46897ec114f | ITER: 6 START
2019-06-12 22:24:09.001 6774 INFO rally.task.runner [-] Task d50f4a3b-eb25-4249-b7bf-a46897ec114f | ITER: 7 START
2019-06-12 22:24:09.072 6772 INFO rally.task.runner [-] Task d50f4a3b-eb25-4249-b7bf-a46897ec114f | ITER: 2 END: OK
2019-06-12 22:24:09.076 6772 INFO rally.task.runner [-] Task d50f4a3b-eb25-4249-b7bf-a46897ec114f | ITER: 8 START
2019-06-12 22:24:09.735 6771 INFO rally.task.runner [-] Task d50f4a3b-eb25-4249-b7bf-a46897ec114f | ITER: 6 END: OK
2019-06-12 22:24:09.739 6771 INFO rally.task.runner [-] Task d50f4a3b-eb25-4249-b7bf-a46897ec114f | ITER: 9 START
2019-06-12 22:24:09.744 6774 INFO rally.task.runner [-] Task d50f4a3b-eb25-4249-b7bf-a46897ec114f | ITER: 7 END: OK
2019-06-12 22:24:09.745 6773 INFO rally.task.runner [-] Task d50f4a3b-eb25-4249-b7bf-a46897ec114f | ITER: 5 END: OK
2019-06-12 22:24:09.748 6774 INFO rally.task.runner [-] Task d50f4a3b-eb25-4249-b7bf-a46897ec114f | ITER: 10 START
2019-06-12 22:24:09.849 6772 INFO rally.task.runner [-] Task d50f4a3b-eb25-4249-b7bf-a46897ec114f | ITER: 8 END: OK
2019-06-12 22:24:10.466 6771 INFO rally.task.runner [-] Task d50f4a3b-eb25-4249-b7bf-a46897ec114f | ITER: 9 END: OK
2019-06-12 22:24:10.533 6774 INFO rally.task.runner [-] Task d50f4a3b-eb25-4249-b7bf-a46897ec114f | ITER: 10 END: OK
2019-06-12 22:24:10.553 6543 INFO rally.task.context [-] Task d50f4a3b-eb25-4249-b7bf-a46897ec114f | Context users@openstack cleanup() started
2019-06-12 22:24:18.730 6543 INFO rally.task.context [-] Task d50f4a3b-eb25-4249-b7bf-a46897ec114f | Context users@openstack cleanup() finished in 8.18 sec
2019-06-12 22:24:19.631 6543 INFO rally.task.engine [-] Load duration is: 2.296522
2019-06-12 22:24:19.632 6543 INFO rally.task.engine [-] Full runner duration is: 2.33679
2019-06-12 22:24:19.632 6543 INFO rally.task.engine [-] Full duration is: 15.191863
2019-06-12 22:24:19.913 6543 INFO rally.task.engine [-] Running workload: position = 0 config = { "version": 2, "title": "A cropped version of a bigger task.", "description": "Auto-generated task from a single workload (uuid=5fb76cf1-43a9-4443-b4ec-2a0c4e6258f8)", "subtasks": [ { "title": "GnocchiArchivePolicyRule.list_archive_policy_rule", "description": "List archive policy rules.", "scenario": { "GnocchiArchivePolicyRule.list_archive_policy_rule": {} }, "contexts": { "users": { "tenants": 3, "users_per_tenant": 2 } }, "runner": { "constant": { "concurrency": 4, "times": 10 } }, "hooks": [], "sla": { "failure_rate": { "max": 0 } } } ] }
2019-06-12 22:24:19.932 6543 RALLYDEBUG rally_openstack.contexts.keystone.users [-] Creating 3 tenants using 20 threads
2019-06-12 22:24:21.925 6543 RALLYDEBUG rally_openstack.contexts.keystone.users [-] Creating 6 users using 20 threads
2019-06-12 22:24:24.746 6543 INFO rally.task.context [-] Task d50f4a3b-eb25-4249-b7bf-a46897ec114f | Context users@openstack setup() finished in 4.81 sec
2019-06-12 22:24:24.753 6543 RALLYDEBUG rally.task.runner [-] Starting the constant runner (task UUID: d50f4a3b-eb25-4249-b7bf-a46897ec114f). timeout: 0 concurrency: 4 concurrency_per_worker: 1 times: 10 concurrency_overhead: 0 processes_to_start: 4 max_cpu_used: 16
2019-06-12 22:24:24.764 6875 RALLYDEBUG rally.task.runner [-] Starting a worker. concurrency: 1 args: {} times: 10 method_name: run timeout: 0 duration: None cls:
2019-06-12 22:24:24.764 6876 RALLYDEBUG rally.task.runner [-] Starting a worker. concurrency: 1 args: {} times: 10 method_name: run timeout: 0 duration: None cls:
2019-06-12 22:24:24.768 6875 INFO rally.task.runner [-] Task d50f4a3b-eb25-4249-b7bf-a46897ec114f | ITER: 1 START
2019-06-12 22:24:24.768 6876 INFO rally.task.runner [-] Task d50f4a3b-eb25-4249-b7bf-a46897ec114f | ITER: 2 START
2019-06-12 22:24:24.770 6877 RALLYDEBUG rally.task.runner [-] Starting a worker. concurrency: 1 args: {} times: 10 method_name: run timeout: 0 duration: None cls:
2019-06-12 22:24:24.774 6878 RALLYDEBUG rally.task.runner [-] Starting a worker. concurrency: 1 args: {} times: 10 method_name: run timeout: 0 duration: None cls:
2019-06-12 22:24:24.776 6877 INFO rally.task.runner [-] Task d50f4a3b-eb25-4249-b7bf-a46897ec114f | ITER: 3 START
2019-06-12 22:24:24.781 6878 INFO rally.task.runner [-] Task d50f4a3b-eb25-4249-b7bf-a46897ec114f | ITER: 4 START
2019-06-12 22:24:25.484 6878 INFO rally.task.runner [-] Task d50f4a3b-eb25-4249-b7bf-a46897ec114f | ITER: 4 END: OK
2019-06-12 22:24:25.489 6878 INFO rally.task.runner [-] Task d50f4a3b-eb25-4249-b7bf-a46897ec114f | ITER: 5 START
2019-06-12 22:24:25.501 6875 INFO rally.task.runner [-] Task d50f4a3b-eb25-4249-b7bf-a46897ec114f | ITER: 1 END: OK
2019-06-12 22:24:25.505 6875 INFO rally.task.runner [-] Task d50f4a3b-eb25-4249-b7bf-a46897ec114f | ITER: 6 START
2019-06-12 22:24:25.514 6877 INFO rally.task.runner [-] Task d50f4a3b-eb25-4249-b7bf-a46897ec114f | ITER: 3 END: OK
2019-06-12 22:24:25.515 6876 INFO rally.task.runner [-] Task d50f4a3b-eb25-4249-b7bf-a46897ec114f | ITER: 2 END: OK
2019-06-12 22:24:25.518 6877 INFO rally.task.runner [-] Task d50f4a3b-eb25-4249-b7bf-a46897ec114f | ITER: 7 START
2019-06-12 22:24:25.520 6876 INFO rally.task.runner [-] Task d50f4a3b-eb25-4249-b7bf-a46897ec114f | ITER: 8 START
2019-06-12 22:24:26.199 6878 INFO rally.task.runner [-] Task d50f4a3b-eb25-4249-b7bf-a46897ec114f | ITER: 5 END: OK
2019-06-12 22:24:26.202 6878 INFO rally.task.runner [-] Task d50f4a3b-eb25-4249-b7bf-a46897ec114f | ITER: 9 START
2019-06-12 22:24:26.230 6877 INFO rally.task.runner [-] Task d50f4a3b-eb25-4249-b7bf-a46897ec114f | ITER: 7 END: OK
2019-06-12 22:24:26.233 6877 INFO rally.task.runner [-] Task d50f4a3b-eb25-4249-b7bf-a46897ec114f | ITER: 10 START
2019-06-12 22:24:26.239 6876 INFO rally.task.runner [-] Task d50f4a3b-eb25-4249-b7bf-a46897ec114f | ITER: 8 END: OK
2019-06-12 22:24:26.341 6875 INFO rally.task.runner [-] Task d50f4a3b-eb25-4249-b7bf-a46897ec114f | ITER: 6 END: OK
2019-06-12 22:24:26.924 6878 INFO rally.task.runner [-] Task d50f4a3b-eb25-4249-b7bf-a46897ec114f | ITER: 9 END: OK
2019-06-12 22:24:26.961 6877 INFO rally.task.runner [-] Task d50f4a3b-eb25-4249-b7bf-a46897ec114f | ITER: 10 END: OK
2019-06-12 22:24:26.988 6543 INFO rally.task.context [-] Task d50f4a3b-eb25-4249-b7bf-a46897ec114f | Context users@openstack cleanup() started
2019-06-12 22:24:35.137 6543 INFO rally.task.context [-] Task d50f4a3b-eb25-4249-b7bf-a46897ec114f | Context users@openstack cleanup() finished in 8.15 sec
2019-06-12 22:24:36.042 6543 INFO rally.task.engine [-] Load duration is: 2.191231
2019-06-12 22:24:36.043 6543 INFO rally.task.engine [-] Full runner duration is: 2.235037
2019-06-12 22:24:36.043 6543 INFO rally.task.engine [-] Full duration is: 15.207163
2019-06-12 22:24:36.292 6543 INFO rally.task.engine [-] Running workload: position = 0 config = { "version": 2, "title": "A cropped version of a bigger task.", "description": "Auto-generated task from a single workload (uuid=40d7a1d8-d204-4933-8ea0-dc857263cf1c)", "subtasks": [ { "title": "GnocchiArchivePolicyRule.create_archive_policy_rule", "description": "Create archive policy rule.", "scenario": { "GnocchiArchivePolicyRule.create_archive_policy_rule": { "metric_pattern": "cpu_*", "archive_policy_name": "low" } }, "contexts": { "users": { "tenants": 3, "users_per_tenant": 2 } }, "runner": { "constant": { "concurrency": 4, "times": 10 } }, "hooks": [], "sla": { "failure_rate": { "max": 0 } } } ] }
2019-06-12 22:24:36.314 6543 RALLYDEBUG rally_openstack.contexts.keystone.users [-] Creating 3 tenants using 20 threads
2019-06-12 22:24:38.308 6543 RALLYDEBUG rally_openstack.contexts.keystone.users [-] Creating 6 users using 20 threads
2019-06-12 22:24:41.230 6543 INFO rally.task.context [-] Task d50f4a3b-eb25-4249-b7bf-a46897ec114f | Context users@openstack setup() finished in 4.92 sec
2019-06-12 22:24:41.230 6543 INFO rally.task.context [-] Task d50f4a3b-eb25-4249-b7bf-a46897ec114f | Context admin_cleanup@openstack setup() finished in 0.01 msec
2019-06-12 22:24:41.241 6543 RALLYDEBUG rally.task.runner [-] Starting the constant runner (task UUID: d50f4a3b-eb25-4249-b7bf-a46897ec114f). timeout: 0 concurrency: 4 concurrency_per_worker: 1 times: 10 concurrency_overhead: 0 processes_to_start: 4 max_cpu_used: 16
2019-06-12 22:24:41.254 6979 RALLYDEBUG rally.task.runner [-] Starting a worker. concurrency: 1 args: {"metric_pattern": "cpu_*", "archive_policy_name": "low"} times: 10 method_name: run timeout: 0 duration: None cls:
2019-06-12 22:24:41.255 6980 RALLYDEBUG rally.task.runner [-] Starting a worker. concurrency: 1 args: {"metric_pattern": "cpu_*", "archive_policy_name": "low"} times: 10 method_name: run timeout: 0 duration: None cls:
2019-06-12 22:24:41.256 6981 RALLYDEBUG rally.task.runner [-] Starting a worker. concurrency: 1 args: {"metric_pattern": "cpu_*", "archive_policy_name": "low"} times: 10 method_name: run timeout: 0 duration: None cls:
2019-06-12 22:24:41.262 6979 INFO rally.task.runner [-] Task d50f4a3b-eb25-4249-b7bf-a46897ec114f | ITER: 1 START
2019-06-12 22:24:41.263 6981 INFO rally.task.runner [-] Task d50f4a3b-eb25-4249-b7bf-a46897ec114f | ITER: 2 START
2019-06-12 22:24:41.263 6980 INFO rally.task.runner [-] Task d50f4a3b-eb25-4249-b7bf-a46897ec114f | ITER: 3 START
2019-06-12 22:24:41.263 6982 RALLYDEBUG rally.task.runner [-] Starting a worker. concurrency: 1 args: {"metric_pattern": "cpu_*", "archive_policy_name": "low"} times: 10 method_name: run timeout: 0 duration: None cls:
2019-06-12 22:24:41.269 6982 INFO rally.task.runner [-] Task d50f4a3b-eb25-4249-b7bf-a46897ec114f | ITER: 4 START
2019-06-12 22:24:42.012 6979 INFO rally.task.runner [-] Task d50f4a3b-eb25-4249-b7bf-a46897ec114f | ITER: 1 END: OK
2019-06-12 22:24:42.016 6979 INFO rally.task.runner [-] Task d50f4a3b-eb25-4249-b7bf-a46897ec114f | ITER: 5 START
2019-06-12 22:24:42.033 6981 INFO rally.task.runner [-] Task d50f4a3b-eb25-4249-b7bf-a46897ec114f | ITER: 2 END: OK
2019-06-12 22:24:42.037 6981 INFO rally.task.runner [-] Task d50f4a3b-eb25-4249-b7bf-a46897ec114f | ITER: 6 START
2019-06-12 22:24:42.072 6982 INFO rally.task.runner [-] Task d50f4a3b-eb25-4249-b7bf-a46897ec114f | ITER: 4 END: OK
2019-06-12 22:24:42.076 6982 INFO rally.task.runner [-] Task d50f4a3b-eb25-4249-b7bf-a46897ec114f | ITER: 7 START
2019-06-12 22:24:42.090 6980 INFO rally.task.runner [-] Task d50f4a3b-eb25-4249-b7bf-a46897ec114f | ITER: 3 END: OK
2019-06-12 22:24:42.093 6980 INFO rally.task.runner [-] Task d50f4a3b-eb25-4249-b7bf-a46897ec114f | ITER: 8 START
2019-06-12 22:24:42.743 6979 INFO rally.task.runner [-] Task d50f4a3b-eb25-4249-b7bf-a46897ec114f | ITER: 5 END: OK
2019-06-12 22:24:42.747 6979 INFO rally.task.runner [-] Task d50f4a3b-eb25-4249-b7bf-a46897ec114f | ITER: 9 START
2019-06-12 22:24:42.779 6981 INFO rally.task.runner [-] Task d50f4a3b-eb25-4249-b7bf-a46897ec114f | ITER: 6 END: OK
2019-06-12 22:24:42.781 6981 INFO rally.task.runner [-] Task d50f4a3b-eb25-4249-b7bf-a46897ec114f | ITER: 10 START
2019-06-12 22:24:42.790 6982 INFO rally.task.runner [-] Task d50f4a3b-eb25-4249-b7bf-a46897ec114f | ITER: 7 END: OK
2019-06-12 22:24:42.838 6980 INFO rally.task.runner [-] Task d50f4a3b-eb25-4249-b7bf-a46897ec114f | ITER: 8 END: OK
2019-06-12 22:24:43.491 6979 INFO rally.task.runner [-] Task d50f4a3b-eb25-4249-b7bf-a46897ec114f | ITER: 9 END: OK
2019-06-12 22:24:43.533 6981 INFO rally.task.runner [-] Task d50f4a3b-eb25-4249-b7bf-a46897ec114f | ITER: 10 END: OK
2019-06-12 22:24:43.559 6543 INFO rally.task.context [-] Task d50f4a3b-eb25-4249-b7bf-a46897ec114f | Context admin_cleanup@openstack cleanup() started
2019-06-12 22:24:43.562 6543 RALLYDEBUG rally_openstack.cleanup.manager [-] Cleaning up gnocchi archive_policy_rule objects
2019-06-12 22:24:44.359 6543 RALLYDEBUG rally_openstack.cleanup.manager [-] Deleting gnocchi.archive_policy_rule object s_rally_40d7a1d8_5ECMXwYP (s_rally_40d7a1d8_5ECMXwYP)
2019-06-12 22:24:44.360 6543 RALLYDEBUG rally_openstack.cleanup.manager [-] Deleting gnocchi.archive_policy_rule object s_rally_40d7a1d8_9UQizJfQ (s_rally_40d7a1d8_9UQizJfQ)
2019-06-12 22:24:44.365 6543 RALLYDEBUG rally_openstack.cleanup.manager [-] Deleting gnocchi.archive_policy_rule object s_rally_40d7a1d8_QvftbIkb (s_rally_40d7a1d8_QvftbIkb)
2019-06-12 22:24:44.365 6543 RALLYDEBUG rally_openstack.cleanup.manager [-] Deleting gnocchi.archive_policy_rule object s_rally_40d7a1d8_c8kyXGx3 (s_rally_40d7a1d8_c8kyXGx3)
2019-06-12 22:24:44.375 6543 RALLYDEBUG rally_openstack.cleanup.manager [-] Deleting gnocchi.archive_policy_rule object s_rally_40d7a1d8_Dli3A7Q4 (s_rally_40d7a1d8_Dli3A7Q4)
2019-06-12 22:24:44.385 6543 RALLYDEBUG rally_openstack.cleanup.manager [-] Deleting gnocchi.archive_policy_rule object s_rally_40d7a1d8_6EKLZ137 (s_rally_40d7a1d8_6EKLZ137)
2019-06-12 22:24:44.388 6543 RALLYDEBUG rally_openstack.cleanup.manager [-] Deleting gnocchi.archive_policy_rule object s_rally_40d7a1d8_Vp1Y3kRB (s_rally_40d7a1d8_Vp1Y3kRB)
2019-06-12 22:24:44.390 6543 RALLYDEBUG rally_openstack.cleanup.manager [-] Deleting gnocchi.archive_policy_rule object s_rally_40d7a1d8_dFPws3VD (s_rally_40d7a1d8_dFPws3VD)
2019-06-12 22:24:44.396 6543 RALLYDEBUG rally_openstack.cleanup.manager [-] Deleting gnocchi.archive_policy_rule object s_rally_40d7a1d8_vOKUHvTF (s_rally_40d7a1d8_vOKUHvTF)
2019-06-12 22:24:44.423 6543 RALLYDEBUG rally_openstack.cleanup.manager [-] Deleting gnocchi.archive_policy_rule object s_rally_40d7a1d8_VIO47nvh (s_rally_40d7a1d8_VIO47nvh)
2019-06-12 22:24:46.775 6543 INFO rally.task.context [-] Task d50f4a3b-eb25-4249-b7bf-a46897ec114f | Context admin_cleanup@openstack cleanup() finished in 3.22 sec
2019-06-12 22:24:46.776 6543 INFO rally.task.context [-] Task d50f4a3b-eb25-4249-b7bf-a46897ec114f | Context users@openstack cleanup() started
2019-06-12 22:24:55.503 6543 INFO rally.task.context [-] Task d50f4a3b-eb25-4249-b7bf-a46897ec114f | Context users@openstack cleanup() finished in 8.73 sec
2019-06-12 22:24:56.485 6543 INFO rally.task.engine [-] Load duration is: 2.268614
2019-06-12 22:24:56.485 6543 INFO rally.task.engine [-] Full runner duration is: 2.318978
2019-06-12 22:24:56.486 6543 INFO rally.task.engine [-] Full duration is: 19.191896
2019-06-12 22:24:56.772 6543 INFO rally.task.engine [-] Running workload: position = 0 config = { "version": 2, "title": "A cropped version of a bigger task.", "description": "Auto-generated task from a single workload (uuid=090f6fdc-1c46-4ffe-a294-afcc417c0148)", "subtasks": [ { "title": "GnocchiArchivePolicyRule.create_delete_archive_policy_rule", "description": "Create archive policy rule and then delete it.", "scenario": { "GnocchiArchivePolicyRule.create_delete_archive_policy_rule": { "metric_pattern": "cpu_*", "archive_policy_name": "low" } }, "contexts": { "users": { "tenants": 3, "users_per_tenant": 2 } }, "runner": { "constant": { "concurrency": 4, "times": 10 } }, "hooks": [], "sla": { "failure_rate": { "max": 0 } } } ] }
2019-06-12 22:24:56.791 6543 RALLYDEBUG rally_openstack.contexts.keystone.users [-] Creating 3 tenants using 20 threads
2019-06-12 22:24:58.661 6543 RALLYDEBUG rally_openstack.contexts.keystone.users [-] Creating 6 users using 20 threads
2019-06-12 22:25:01.403 6543 INFO rally.task.context [-] Task d50f4a3b-eb25-4249-b7bf-a46897ec114f | Context users@openstack setup() finished in 4.61 sec
2019-06-12 22:25:01.404 6543 INFO rally.task.context [-] Task d50f4a3b-eb25-4249-b7bf-a46897ec114f | Context admin_cleanup@openstack setup() finished in 0.02 msec
