2019-06-12 22:17:37.528 4539 INFO rally.task.runner [-] Task c060a885-591e-4f9a-aacd-a976320d3e42 | ITER: 7 START
2019-06-12 22:17:37.531 4541 INFO rally.task.runner [-] Task c060a885-591e-4f9a-aacd-a976320d3e42 | ITER: 4 END: OK
2019-06-12 22:17:37.536 4541 INFO rally.task.runner [-] Task c060a885-591e-4f9a-aacd-a976320d3e42 | ITER: 8 START
2019-06-12 22:17:41.283 4538 INFO rally.task.runner [-] Task c060a885-591e-4f9a-aacd-a976320d3e42 | ITER: 5 END: OK
2019-06-12 22:17:41.288 4538 INFO rally.task.runner [-] Task c060a885-591e-4f9a-aacd-a976320d3e42 | ITER: 9 START
2019-06-12 22:17:41.486 4540 INFO rally.task.runner [-] Task c060a885-591e-4f9a-aacd-a976320d3e42 | ITER: 6 END: OK
2019-06-12 22:17:41.491 4540 INFO rally.task.runner [-] Task c060a885-591e-4f9a-aacd-a976320d3e42 | ITER: 10 START
2019-06-12 22:17:41.889 4541 RALLYDEBUG rally.task.utils [-] Waiting for resource s_rally_72026d2f_lgE62nR6. Status changed: AVAILABLE => DELETING in 0.253258943558
2019-06-12 22:17:41.987 4539 INFO rally.task.runner [-] Task c060a885-591e-4f9a-aacd-a976320d3e42 | ITER: 7 END: OK
2019-06-12 22:17:44.181 4541 INFO rally.task.runner [-] Task c060a885-591e-4f9a-aacd-a976320d3e42 | ITER: 8 END: OK
2019-06-12 22:17:45.417 4538 INFO rally.task.runner [-] Task c060a885-591e-4f9a-aacd-a976320d3e42 | ITER: 9 END: OK
2019-06-12 22:17:45.603 4540 RALLYDEBUG rally.task.utils [-] Waiting for resource s_rally_72026d2f_7xooi5td. Status changed: AVAILABLE => DELETING in 0.259188890457
2019-06-12 22:17:47.893 4540 INFO rally.task.runner [-] Task c060a885-591e-4f9a-aacd-a976320d3e42 | ITER: 10 END: OK
2019-06-12 22:17:47.923 1842 INFO rally.task.context [-] Task c060a885-591e-4f9a-aacd-a976320d3e42 | Context cleanup@openstack cleanup() started
2019-06-12 22:17:47.925 1842 RALLYDEBUG rally_openstack.cleanup.manager [-] Cleaning up cinder backups objects
2019-06-12 22:17:50.145 1842 RALLYDEBUG rally_openstack.cleanup.manager [-] Cleaning up cinder volume_snapshots objects
2019-06-12 22:17:52.461 1842 RALLYDEBUG rally_openstack.cleanup.manager [-] Cleaning up cinder transfers objects
2019-06-12 22:17:54.727 1842 RALLYDEBUG rally_openstack.cleanup.manager [-] Cleaning up cinder volumes objects
2019-06-12 22:17:56.987 1842 INFO rally.task.context [-] Task c060a885-591e-4f9a-aacd-a976320d3e42 | Context cleanup@openstack cleanup() finished in 9.06 sec
2019-06-12 22:17:56.987 1842 INFO rally.task.context [-] Task c060a885-591e-4f9a-aacd-a976320d3e42 | Context quotas@openstack cleanup() started
2019-06-12 22:17:57.891 1842 INFO rally.task.context [-] Task c060a885-591e-4f9a-aacd-a976320d3e42 | Context quotas@openstack cleanup() finished in 0.90 sec
2019-06-12 22:17:57.892 1842 INFO rally.task.context [-] Task c060a885-591e-4f9a-aacd-a976320d3e42 | Context api_versions@openstack cleanup() started
2019-06-12 22:17:57.892 1842 INFO rally.task.context [-] Task c060a885-591e-4f9a-aacd-a976320d3e42 | Context api_versions@openstack cleanup() finished in 0.34 msec
2019-06-12 22:17:57.892 1842 INFO rally.task.context [-] Task c060a885-591e-4f9a-aacd-a976320d3e42 | Context users@openstack cleanup() started
2019-06-12 22:18:05.927 1842 INFO rally.task.context [-] Task c060a885-591e-4f9a-aacd-a976320d3e42 | Context users@openstack cleanup() finished in 8.03 sec
2019-06-12 22:18:05.978 1842 INFO rally.task.engine [-] Load duration is: 17.193995
2019-06-12 22:18:05.978 1842 INFO rally.task.engine [-] Full runner duration is: 17.251972
2019-06-12 22:18:05.978 1842 INFO rally.task.engine [-] Full duration is: 42.139245
2019-06-12 22:18:06.242 1842 INFO rally.task.engine [-] Running workload: position = 0 config = { "version": 2, "title": "A cropped version of a bigger task.", "description": "Auto-generated task from a single workload (uuid=4a918bb0-8521-4046-bed7-c9e51d152f86)", "subtasks": [ { "title": "CinderVolumes.create_and_extend_volume", "description": "Create and extend a volume and then delete it.", "scenario": { "CinderVolumes.create_and_extend_volume": { "new_size": 2, "size": 1 } }, "contexts": { "users": { "tenants": 3, "users_per_tenant": 2 }, "quotas": { "cinder": { "gigabytes": -1, "snapshots": -1, "volumes": -1 } }, "api_versions": { "cinder": { "version": 3, "service_type": "volumev3" } } }, "runner": { "constant": { "concurrency": 4, "times": 10 } }, "hooks": [], "sla": { "failure_rate": { "max": 0 } } } ] }
2019-06-12 22:18:06.265 1842 RALLYDEBUG rally_openstack.contexts.keystone.users [-] Creating 3 tenants using 20 threads
2019-06-12 22:18:08.187 1842 RALLYDEBUG rally_openstack.contexts.keystone.users [-] Creating 6 users using 20 threads
2019-06-12 22:18:11.284 1842 INFO rally.task.context [-] Task c060a885-591e-4f9a-aacd-a976320d3e42 | Context users@openstack setup() finished in 5.02 sec
2019-06-12 22:18:11.715 1842 INFO rally.task.context [-] Task c060a885-591e-4f9a-aacd-a976320d3e42 | Context api_versions@openstack setup() finished in 0.43 sec
2019-06-12 22:18:13.606 1842 INFO rally.task.context [-] Task c060a885-591e-4f9a-aacd-a976320d3e42 | Context quotas@openstack setup() finished in 1.89 sec
2019-06-12 22:18:13.606 1842 INFO rally.task.context [-] Task c060a885-591e-4f9a-aacd-a976320d3e42 | Context cleanup@openstack setup() finished in 0.00 msec
2019-06-12 22:18:13.613 1842 RALLYDEBUG rally.task.runner [-] Starting the constant runner (task UUID: c060a885-591e-4f9a-aacd-a976320d3e42). timeout: 0 concurrency: 4 concurrency_per_worker: 1 times: 10 concurrency_overhead: 0 processes_to_start: 4 max_cpu_used: 16
2019-06-12 22:18:13.627 4722 RALLYDEBUG rally.task.runner [-] Starting a worker. concurrency: 1 args: {"new_size": 2, "size": 1} times: 10 method_name: run timeout: 0 duration: None cls:
2019-06-12 22:18:13.629 4723 RALLYDEBUG rally.task.runner [-] Starting a worker. concurrency: 1 args: {"new_size": 2, "size": 1} times: 10 method_name: run timeout: 0 duration: None cls:
2019-06-12 22:18:13.631 4724 RALLYDEBUG rally.task.runner [-] Starting a worker. concurrency: 1 args: {"new_size": 2, "size": 1} times: 10 method_name: run timeout: 0 duration: None cls:
2019-06-12 22:18:13.635 4725 RALLYDEBUG rally.task.runner [-] Starting a worker. concurrency: 1 args: {"new_size": 2, "size": 1} times: 10 method_name: run timeout: 0 duration: None cls:
2019-06-12 22:18:13.638 4723 INFO rally.task.runner [-] Task c060a885-591e-4f9a-aacd-a976320d3e42 | ITER: 2 START
2019-06-12 22:18:13.638 4724 INFO rally.task.runner [-] Task c060a885-591e-4f9a-aacd-a976320d3e42 | ITER: 3 START
2019-06-12 22:18:13.638 4722 INFO rally.task.runner [-] Task c060a885-591e-4f9a-aacd-a976320d3e42 | ITER: 1 START
2019-06-12 22:18:13.643 4725 INFO rally.task.runner [-] Task c060a885-591e-4f9a-aacd-a976320d3e42 | ITER: 4 START
2019-06-12 22:18:18.936 4725 RALLYDEBUG rally.task.utils [-] Waiting for resource s_rally_4a918bb0_9Abrt2Xw. Status changed: AVAILABLE => DELETING in 0.250241994858
2019-06-12 22:18:18.950 4723 RALLYDEBUG rally.task.utils [-] Waiting for resource s_rally_4a918bb0_ghYHVRhT. Status changed: AVAILABLE => DELETING in 0.437811136246
2019-06-12 22:18:18.987 4724 RALLYDEBUG rally.task.utils [-] Waiting for resource s_rally_4a918bb0_Gq5vqtqC. Status changed: AVAILABLE => DELETING in 0.344270944595
2019-06-12 22:18:19.380 4722 RALLYDEBUG rally.task.utils [-] Waiting for resource s_rally_4a918bb0_o3Z8w7bj. Status changed: AVAILABLE => DELETING in 0.257261037827
2019-06-12 22:18:21.171 4723 INFO rally.task.runner [-] Task c060a885-591e-4f9a-aacd-a976320d3e42 | ITER: 2 END: OK
2019-06-12 22:18:21.176 4723 INFO rally.task.runner [-] Task c060a885-591e-4f9a-aacd-a976320d3e42 | ITER: 5 START
2019-06-12 22:18:21.316 4724 INFO rally.task.runner [-] Task c060a885-591e-4f9a-aacd-a976320d3e42 | ITER: 3 END: OK
2019-06-12 22:18:21.322 4724 INFO rally.task.runner [-] Task c060a885-591e-4f9a-aacd-a976320d3e42 | ITER: 6 START
2019-06-12 22:18:21.360 4725 INFO rally.task.runner [-] Task c060a885-591e-4f9a-aacd-a976320d3e42 | ITER: 4 END: OK
2019-06-12 22:18:21.365 4725 INFO rally.task.runner [-] Task c060a885-591e-4f9a-aacd-a976320d3e42 | ITER: 7 START
2019-06-12 22:18:21.431 4722 INFO rally.task.runner [-] Task c060a885-591e-4f9a-aacd-a976320d3e42 | ITER: 1 END: OK
2019-06-12 22:18:21.436 4722 INFO rally.task.runner [-] Task c060a885-591e-4f9a-aacd-a976320d3e42 | ITER: 8 START
2019-06-12 22:18:25.562 4723 RALLYDEBUG rally.task.utils [-] Waiting for resource s_rally_4a918bb0_chWFC6KQ. Status changed: AVAILABLE => EXTENDING in 0.25303196907
2019-06-12 22:18:26.298 4724 INFO rally.task.runner [-] Task c060a885-591e-4f9a-aacd-a976320d3e42 | ITER: 6 END: OK
2019-06-12 22:18:26.303 4724 INFO rally.task.runner [-] Task c060a885-591e-4f9a-aacd-a976320d3e42 | ITER: 9 START
2019-06-12 22:18:26.459 4722 RALLYDEBUG rally.task.utils [-] Waiting for resource s_rally_4a918bb0_XPPJG7SD. Status changed: AVAILABLE => DELETING in 0.33710193634
2019-06-12 22:18:26.468 4725 RALLYDEBUG rally.task.utils [-] Waiting for resource s_rally_4a918bb0_GS7iou0A. Status changed: AVAILABLE => DELETING in 0.244179010391
2019-06-12 22:18:27.813 4723 RALLYDEBUG rally.task.utils [-] Waiting for resource s_rally_4a918bb0_chWFC6KQ. Status changed: EXTENDING => AVAILABLE in 2.25067710876
2019-06-12 22:18:28.323 4723 INFO rally.task.runner [-] Task c060a885-591e-4f9a-aacd-a976320d3e42 | ITER: 5 END: OK
2019-06-12 22:18:28.329 4723 INFO rally.task.runner [-] Task c060a885-591e-4f9a-aacd-a976320d3e42 | ITER: 10 START
2019-06-12 22:18:28.779 4722 INFO rally.task.runner [-] Task c060a885-591e-4f9a-aacd-a976320d3e42 | ITER: 8 END: OK
2019-06-12 22:18:28.807 4725 INFO rally.task.runner [-] Task c060a885-591e-4f9a-aacd-a976320d3e42 | ITER: 7 END: OK
2019-06-12 22:18:31.345 4724 INFO rally.task.runner [-] Task c060a885-591e-4f9a-aacd-a976320d3e42 | ITER: 9 END: OK
2019-06-12 22:18:33.542 4723 INFO rally.task.runner [-] Task c060a885-591e-4f9a-aacd-a976320d3e42 | ITER: 10 END: OK
2019-06-12 22:18:33.571 1842 INFO rally.task.context [-] Task c060a885-591e-4f9a-aacd-a976320d3e42 | Context cleanup@openstack cleanup() started
2019-06-12 22:18:33.573 1842 RALLYDEBUG rally_openstack.cleanup.manager [-] Cleaning up cinder backups objects
2019-06-12 22:18:35.709 1842 RALLYDEBUG rally_openstack.cleanup.manager [-] Cleaning up cinder volume_snapshots objects
2019-06-12 22:18:37.847 1842 RALLYDEBUG rally_openstack.cleanup.manager [-] Cleaning up cinder transfers objects
2019-06-12 22:18:40.072 1842 RALLYDEBUG rally_openstack.cleanup.manager [-] Cleaning up cinder volumes objects
2019-06-12 22:18:42.451 1842 INFO rally.task.context [-] Task c060a885-591e-4f9a-aacd-a976320d3e42 | Context cleanup@openstack cleanup() finished in 8.88 sec
2019-06-12 22:18:42.452 1842 INFO rally.task.context [-] Task c060a885-591e-4f9a-aacd-a976320d3e42 | Context quotas@openstack cleanup() started
2019-06-12 22:18:43.053 1842 INFO rally.task.context [-] Task c060a885-591e-4f9a-aacd-a976320d3e42 | Context quotas@openstack cleanup() finished in 0.60 sec
2019-06-12 22:18:43.053 1842 INFO rally.task.context [-] Task c060a885-591e-4f9a-aacd-a976320d3e42 | Context api_versions@openstack cleanup() started
2019-06-12 22:18:43.053 1842 INFO rally.task.context [-] Task c060a885-591e-4f9a-aacd-a976320d3e42 | Context api_versions@openstack cleanup() finished in 0.28 msec
2019-06-12 22:18:43.054 1842 INFO rally.task.context [-] Task c060a885-591e-4f9a-aacd-a976320d3e42 | Context users@openstack cleanup() started
2019-06-12 22:18:51.053 1842 INFO rally.task.context [-] Task c060a885-591e-4f9a-aacd-a976320d3e42 | Context users@openstack cleanup() finished in 8.00 sec
2019-06-12 22:18:52.459 1842 INFO rally.task.engine [-] Load duration is: 19.899505
2019-06-12 22:18:52.459 1842 INFO rally.task.engine [-] Full runner duration is: 19.957885
2019-06-12 22:18:52.459 1842 INFO rally.task.engine [-] Full duration is: 44.791965
2019-06-12 22:18:52.755 1842 INFO rally.task.engine [-] Running workload: position = 0 config = { "version": 2, "title": "A cropped version of a bigger task.", "description": "Auto-generated task from a single workload (uuid=e6f09e48-797c-4daf-b6ec-5470838ec197)", "subtasks": [ { "title": "CinderVolumes.create_from_volume_and_delete_volume", "description": "Create volume from volume and then delete it.", "scenario": { "CinderVolumes.create_from_volume_and_delete_volume": { "size": 1 } }, "contexts": { "users": { "tenants": 3, "users_per_tenant": 2 }, "quotas": { "cinder": { "gigabytes": -1, "snapshots": -1, "volumes": -1 } }, "api_versions": { "cinder": { "version": 3, "service_type": "volumev3" } }, "volumes": { "size": 1, "volumes_per_tenant": 1 } }, "runner": { "constant": { "concurrency": 4, "times": 10 } }, "hooks": [], "sla": { "failure_rate": { "max": 0 } } } ] }
2019-06-12 22:18:52.780 1842 RALLYDEBUG rally_openstack.contexts.keystone.users [-] Creating 3 tenants using 20 threads
2019-06-12 22:18:54.690 1842 RALLYDEBUG rally_openstack.contexts.keystone.users [-] Creating 6 users using 20 threads
2019-06-12 22:18:57.557 1842 INFO rally.task.context [-] Task c060a885-591e-4f9a-aacd-a976320d3e42 | Context users@openstack setup() finished in 4.78 sec
2019-06-12 22:18:57.981 1842 INFO rally.task.context [-] Task c060a885-591e-4f9a-aacd-a976320d3e42 | Context api_versions@openstack setup() finished in 0.42 sec
2019-06-12 22:18:59.785 1842 INFO rally.task.context [-] Task c060a885-591e-4f9a-aacd-a976320d3e42 | Context quotas@openstack setup() finished in 1.80 sec
2019-06-12 22:19:10.987 1842 INFO rally.task.context [-] Task c060a885-591e-4f9a-aacd-a976320d3e42 | Context volumes@openstack setup() finished in 11.20 sec
2019-06-12 22:19:10.988 1842 INFO rally.task.context [-] Task c060a885-591e-4f9a-aacd-a976320d3e42 | Context cleanup@openstack setup() finished in 0.00 msec
2019-06-12 22:19:10.998 1842 RALLYDEBUG rally.task.runner [-] Starting the constant runner (task UUID: c060a885-591e-4f9a-aacd-a976320d3e42). timeout: 0 concurrency: 4 concurrency_per_worker: 1 times: 10 concurrency_overhead: 0 processes_to_start: 4 max_cpu_used: 16
2019-06-12 22:19:11.007 4906 RALLYDEBUG rally.task.runner [-] Starting a worker. concurrency: 1 args: {"size": 1} times: 10 method_name: run timeout: 0 duration: None cls:
2019-06-12 22:19:11.011 4906 INFO rally.task.runner [-] Task c060a885-591e-4f9a-aacd-a976320d3e42 | ITER: 1 START
2019-06-12 22:19:11.013 4907 RALLYDEBUG rally.task.runner [-] Starting a worker. concurrency: 1 args: {"size": 1} times: 10 method_name: run timeout: 0 duration: None cls:
2019-06-12 22:19:11.016 4908 RALLYDEBUG rally.task.runner [-] Starting a worker. concurrency: 1 args: {"size": 1} times: 10 method_name: run timeout: 0 duration: None cls:
2019-06-12 22:19:11.017 4911 RALLYDEBUG rally.task.runner [-] Starting a worker. concurrency: 1 args: {"size": 1} times: 10 method_name: run timeout: 0 duration: None cls:
2019-06-12 22:19:11.020 4907 INFO rally.task.runner [-] Task c060a885-591e-4f9a-aacd-a976320d3e42 | ITER: 2 START
2019-06-12 22:19:11.023 4911 INFO rally.task.runner [-] Task c060a885-591e-4f9a-aacd-a976320d3e42 | ITER: 4 START
2019-06-12 22:19:11.024 4908 INFO rally.task.runner [-] Task c060a885-591e-4f9a-aacd-a976320d3e42 | ITER: 3 START
2019-06-12 22:19:15.250 4911 RALLYDEBUG rally.task.utils [-] Waiting for resource s_rally_e6f09e48_VskkH6hL. Status changed: AVAILABLE => DELETING in 0.0544059276581
2019-06-12 22:19:15.385 4906 RALLYDEBUG rally.task.utils [-] Waiting for resource s_rally_e6f09e48_SkeswPLj. Status changed: AVAILABLE => DELETING in 0.340590000153
2019-06-12 22:19:16.823 4908 RALLYDEBUG rally.task.utils [-] Waiting for resource s_rally_e6f09e48_A4RCPPPl. Status changed: CREATING => AVAILABLE in 2.71545505524
2019-06-12 22:19:17.176 4907 RALLYDEBUG rally.task.utils [-] Waiting for resource s_rally_e6f09e48_9AQa1E7C. Status changed: CREATING => AVAILABLE in 2.94929099083
2019-06-12 22:19:17.535 4908 RALLYDEBUG rally.task.utils [-] Waiting for resource s_rally_e6f09e48_A4RCPPPl. Status changed: AVAILABLE => DELETING in 0.333605051041
2019-06-12 22:19:17.842 4907 RALLYDEBUG rally.task.utils [-] Waiting for resource s_rally_e6f09e48_9AQa1E7C. Status changed: AVAILABLE => DELETING in 0.323915958405
2019-06-12 22:19:19.812 4911 INFO rally.task.runner [-] Task c060a885-591e-4f9a-aacd-a976320d3e42 | ITER: 4 END: OK
2019-06-12 22:19:19.817 4911 INFO rally.task.runner [-] Task c060a885-591e-4f9a-aacd-a976320d3e42 | ITER: 5 START
2019-06-12 22:19:20.078 4906 INFO rally.task.runner [-] Task c060a885-591e-4f9a-aacd-a976320d3e42 | ITER: 1 END: OK
2019-06-12 22:19:20.083 4906 INFO rally.task.runner [-] Task c060a885-591e-4f9a-aacd-a976320d3e42 | ITER: 6 START
2019-06-12 22:19:22.126 4908 INFO rally.task.runner [-] Task c060a885-591e-4f9a-aacd-a976320d3e42 | ITER: 3 END: OK
2019-06-12 22:19:22.132 4908 INFO rally.task.runner [-] Task c060a885-591e-4f9a-aacd-a976320d3e42 | ITER: 7 START
2019-06-12 22:19:22.541 4907 INFO rally.task.runner [-] Task c060a885-591e-4f9a-aacd-a976320d3e42 | ITER: 2 END: OK
2019-06-12 22:19:22.546 4907 INFO rally.task.runner [-] Task c060a885-591e-4f9a-aacd-a976320d3e42 | ITER: 8 START
2019-06-12 22:19:24.062 4911 RALLYDEBUG rally.task.utils [-] Waiting for resource s_rally_e6f09e48_WxJQVk9H. Status changed: AVAILABLE => DELETING in 0.0535249710083
2019-06-12 22:19:24.392 4906 RALLYDEBUG rally.task.utils [-] Waiting for resource s_rally_e6f09e48_nNNdfco9. Status changed: AVAILABLE => DELETING in 0.353829145432
2019-06-12 22:19:28.302 4908 RALLYDEBUG rally.task.utils [-] Waiting for resource s_rally_e6f09e48_stw6D8zY. Status changed: AVAILABLE => DELETING in 0.346535921097
2019-06-12 22:19:28.612 4907 RALLYDEBUG rally.task.utils [-] Waiting for resource s_rally_e6f09e48_jGx8DJnN. Status changed: CREATING => AVAILABLE in 2.9207379818
2019-06-12 22:19:28.674 4906 INFO rally.task.runner [-] Task c060a885-591e-4f9a-aacd-a976320d3e42 | ITER: 6 END: OK
2019-06-12 22:19:28.679 4906 INFO rally.task.runner [-] Task c060a885-591e-4f9a-aacd-a976320d3e42 | ITER: 9 START
2019-06-12 22:19:28.714 4911 INFO rally.task.runner [-] Task c060a885-591e-4f9a-aacd-a976320d3e42 | ITER: 5 END: OK
2019-06-12 22:19:28.718 4911 INFO rally.task.runner [-] Task c060a885-591e-4f9a-aacd-a976320d3e42 | ITER: 10 START
2019-06-12 22:19:29.472 4907 RALLYDEBUG rally.task.utils [-] Waiting for resource s_rally_e6f09e48_jGx8DJnN. Status changed: AVAILABLE => DELETING in 0.349919080734
2019-06-12 22:19:30.629 4908 INFO rally.task.runner [-] Task c060a885-591e-4f9a-aacd-a976320d3e42 | ITER: 7 END: OK
2019-06-12 22:19:31.796 4907 INFO rally.task.runner [-] Task c060a885-591e-4f9a-aacd-a976320d3e42 | ITER: 8 END: OK
2019-06-12 22:19:34.709 4911 RALLYDEBUG rally.task.utils [-] Waiting for resource s_rally_e6f09e48_sS115PIn. Status changed: CREATING => AVAILABLE in 2.96205115318
2019-06-12 22:19:34.760 4906 RALLYDEBUG rally.task.utils [-] Waiting for resource s_rally_e6f09e48_qmkGNkXl. Status changed: CREATING => AVAILABLE in 3.05070495605
2019-06-12 22:19:35.378 4906 RALLYDEBUG rally.task.utils [-] Waiting for resource s_rally_e6f09e48_qmkGNkXl. Status changed: AVAILABLE => DELETING in 0.249713897705
2019-06-12 22:19:35.420 4911 RALLYDEBUG rally.task.utils [-] Waiting for resource s_rally_e6f09e48_sS115PIn. Status changed: AVAILABLE => DELETING in 0.327216863632
2019-06-12 22:19:37.649 4911 INFO rally.task.runner [-] Task c060a885-591e-4f9a-aacd-a976320d3e42 | ITER: 10 END: OK
2019-06-12 22:19:37.686 4906 INFO rally.task.runner [-] Task c060a885-591e-4f9a-aacd-a976320d3e42 | ITER: 9 END: OK
2019-06-12 22:19:37.712 1842 INFO rally.task.context [-] Task c060a885-591e-4f9a-aacd-a976320d3e42 | Context cleanup@openstack cleanup() started
2019-06-12 22:19:37.714 1842 RALLYDEBUG rally_openstack.cleanup.manager [-] Cleaning up cinder backups objects
2019-06-12 22:19:39.964 1842 RALLYDEBUG rally_openstack.cleanup.manager [-] Cleaning up cinder volume_snapshots objects
2019-06-12 22:19:42.107 1842 RALLYDEBUG rally_openstack.cleanup.manager [-] Cleaning up cinder transfers objects
2019-06-12 22:19:44.243 1842 RALLYDEBUG rally_openstack.cleanup.manager [-] Cleaning up cinder volumes objects
2019-06-12 22:19:46.659 1842 INFO rally.task.context [-] Task c060a885-591e-4f9a-aacd-a976320d3e42 | Context cleanup@openstack cleanup() finished in 8.95 sec
2019-06-12 22:19:46.660 1842 INFO rally.task.context [-] Task c060a885-591e-4f9a-aacd-a976320d3e42 | Context volumes@openstack cleanup() started
2019-06-12 22:19:46.660 1842 RALLYDEBUG rally_openstack.cleanup.manager [-] Cleaning up cinder volumes objects
2019-06-12 22:19:48.961 1842 RALLYDEBUG rally_openstack.cleanup.manager [-] Deleting cinder.volumes object c_rally_e6f09e48_Lt8TpqpA (e01f1449-3229-44d8-9d7e-ec9e648689c5)
2019-06-12 22:19:48.962 1842 RALLYDEBUG rally_openstack.cleanup.manager [-] Deleting cinder.volumes object c_rally_e6f09e48_RNnaZsSF (387551be-ebe9-41e1-8ff4-d4ad58f75e91)
2019-06-12 22:19:48.965 1842 RALLYDEBUG rally_openstack.cleanup.manager [-] Deleting cinder.volumes object c_rally_e6f09e48_cavHNmAg (05834467-2c96-40fc-86d6-880f3854f347)
2019-06-12 22:19:52.370 1842 INFO rally.task.context [-] Task c060a885-591e-4f9a-aacd-a976320d3e42 | Context volumes@openstack cleanup() finished in 5.71 sec
2019-06-12 22:19:52.371 1842 INFO rally.task.context [-] Task c060a885-591e-4f9a-aacd-a976320d3e42 | Context quotas@openstack cleanup() started
2019-06-12 22:19:53.155 1842 INFO rally.task.context [-] Task c060a885-591e-4f9a-aacd-a976320d3e42 | Context quotas@openstack cleanup() finished in 0.78 sec
2019-06-12 22:19:53.156 1842 INFO rally.task.context [-] Task c060a885-591e-4f9a-aacd-a976320d3e42 | Context api_versions@openstack cleanup() started
2019-06-12 22:19:53.156 1842 INFO rally.task.context [-] Task c060a885-591e-4f9a-aacd-a976320d3e42 | Context api_versions@openstack cleanup() finished in 0.30 msec
2019-06-12 22:19:53.157 1842 INFO rally.task.context [-] Task c060a885-591e-4f9a-aacd-a976320d3e42 | Context users@openstack cleanup() started
2019-06-12 22:20:01.164 1842 INFO rally.task.context [-] Task c060a885-591e-4f9a-aacd-a976320d3e42 | Context users@openstack cleanup() finished in 8.01 sec
2019-06-12 22:20:01.197 1842 INFO rally.task.engine [-] Load duration is: 26.67262
2019-06-12 22:20:01.197 1842 INFO rally.task.engine [-] Full runner duration is: 26.716463
2019-06-12 22:20:01.197 1842 INFO rally.task.engine [-] Full duration is: 68.387644
2019-06-12 22:20:01.474 1842 INFO rally.task.engine [-] Running workload: position = 0 config = { "version": 2, "title": "A cropped version of a bigger task.", "description": "Auto-generated task from a single workload (uuid=be96b591-8406-4d15-9172-33c048366cdb)", "subtasks": [ { "title": "CinderQos.create_and_get_qos", "description": "Create a qos, then get details of the qos.", "scenario": { "CinderQos.create_and_get_qos": { "consumer": "both", "write_iops_sec": "10", "read_iops_sec": "1000" } }, "contexts": { "users": { "tenants": 3, "users_per_tenant": 2 }, "api_versions": { "cinder": { "version": 3, "service_type": "volumev3" } } }, "runner": { "constant": { "concurrency": 4, "times": 10 } }, "hooks": [], "sla": { "failure_rate": { "max": 0 } } } ] }
2019-06-12 22:20:01.495 1842 RALLYDEBUG rally_openstack.contexts.keystone.users [-] Creating 3 tenants using 20 threads
2019-06-12 22:20:03.457 1842 RALLYDEBUG rally_openstack.contexts.keystone.users [-] Creating 6 users using 20 threads
2019-06-12 22:20:06.462 1842 INFO rally.task.context [-] Task c060a885-591e-4f9a-aacd-a976320d3e42 | Context users@openstack setup() finished in 4.97 sec
2019-06-12 22:20:06.894 1842 INFO rally.task.context [-] Task c060a885-591e-4f9a-aacd-a976320d3e42 | Context api_versions@openstack setup() finished in 0.43 sec
2019-06-12 22:20:06.895 1842 INFO rally.task.context [-] Task c060a885-591e-4f9a-aacd-a976320d3e42 | Context admin_cleanup@openstack setup() finished in 0.00 msec
2019-06-12 22:20:06.903 1842 RALLYDEBUG rally.task.runner [-] Starting the constant runner (task UUID: c060a885-591e-4f9a-aacd-a976320d3e42). timeout: 0 concurrency: 4 concurrency_per_worker: 1 times: 10 concurrency_overhead: 0 processes_to_start: 4 max_cpu_used: 16
2019-06-12 22:20:06.914 5110 RALLYDEBUG rally.task.runner [-] Starting a worker. concurrency: 1 args: {"consumer": "both", "write_iops_sec": "10", "read_iops_sec": "1000"} times: 10 method_name: run timeout: 0 duration: None cls:
2019-06-12 22:20:06.916 5111 RALLYDEBUG rally.task.runner [-] Starting a worker. concurrency: 1 args: {"consumer": "both", "write_iops_sec": "10", "read_iops_sec": "1000"} times: 10 method_name: run timeout: 0 duration: None cls:
2019-06-12 22:20:06.919 5112 RALLYDEBUG rally.task.runner [-] Starting a worker. concurrency: 1 args: {"consumer": "both", "write_iops_sec": "10", "read_iops_sec": "1000"} times: 10 method_name: run timeout: 0 duration: None cls:
2019-06-12 22:20:06.922 5110 INFO rally.task.runner [-] Task c060a885-591e-4f9a-aacd-a976320d3e42 | ITER: 1 START
2019-06-12 22:20:06.923 5113 RALLYDEBUG rally.task.runner [-] Starting a worker. concurrency: 1 args: {"consumer": "both", "write_iops_sec": "10", "read_iops_sec": "1000"} times: 10 method_name: run timeout: 0 duration: None cls:
2019-06-12 22:20:06.923 5111 INFO rally.task.runner [-] Task c060a885-591e-4f9a-aacd-a976320d3e42 | ITER: 2 START
2019-06-12 22:20:06.926 5112 INFO rally.task.runner [-] Task c060a885-591e-4f9a-aacd-a976320d3e42 | ITER: 3 START
2019-06-12 22:20:06.930 5113 INFO rally.task.runner [-] Task c060a885-591e-4f9a-aacd-a976320d3e42 | ITER: 4 START
2019-06-12 22:20:07.983 5110 INFO rally.task.runner [-] Task c060a885-591e-4f9a-aacd-a976320d3e42 | ITER: 1 END: OK
2019-06-12 22:20:07.988 5110 INFO rally.task.runner [-] Task c060a885-591e-4f9a-aacd-a976320d3e42 | ITER: 5 START
2019-06-12 22:20:08.030 5113 INFO rally.task.runner [-] Task c060a885-591e-4f9a-aacd-a976320d3e42 | ITER: 4 END: OK
2019-06-12 22:20:08.036 5112 INFO rally.task.runner [-] Task c060a885-591e-4f9a-aacd-a976320d3e42 | ITER: 3 END: OK
2019-06-12 22:20:08.035 5113 INFO rally.task.runner [-] Task c060a885-591e-4f9a-aacd-a976320d3e42 | ITER: 6 START
2019-06-12 22:20:08.038 5111 INFO rally.task.runner [-] Task c060a885-591e-4f9a-aacd-a976320d3e42 | ITER: 2 END: OK
2019-06-12 22:20:08.041 5112 INFO rally.task.runner [-] Task c060a885-591e-4f9a-aacd-a976320d3e42 | ITER: 7 START
2019-06-12 22:20:08.042 5111 INFO rally.task.runner [-] Task c060a885-591e-4f9a-aacd-a976320d3e42 | ITER: 8 START
2019-06-12 22:20:09.049 5110 INFO rally.task.runner [-] Task c060a885-591e-4f9a-aacd-a976320d3e42 | ITER: 5 END: OK
2019-06-12 22:20:09.052 5110 INFO rally.task.runner [-] Task c060a885-591e-4f9a-aacd-a976320d3e42 | ITER: 9 START
2019-06-12 22:20:09.150 5112 INFO rally.task.runner [-] Task c060a885-591e-4f9a-aacd-a976320d3e42 | ITER: 7 END: OK
2019-06-12 22:20:09.154 5112 INFO rally.task.runner [-] Task c060a885-591e-4f9a-aacd-a976320d3e42 | ITER: 10 START
2019-06-12 22:20:09.198 5113 INFO rally.task.runner [-] Task c060a885-591e-4f9a-aacd-a976320d3e42 | ITER: 6 END: OK
2019-06-12 22:20:09.200 5111 INFO rally.task.runner [-] Task c060a885-591e-4f9a-aacd-a976320d3e42 | ITER: 8 END: OK
2019-06-12 22:20:10.035 5110 INFO rally.task.runner [-] Task c060a885-591e-4f9a-aacd-a976320d3e42 | ITER: 9 END: OK
2019-06-12 22:20:10.258 5112 INFO rally.task.runner [-] Task c060a885-591e-4f9a-aacd-a976320d3e42 | ITER: 10 END: OK
2019-06-12 22:20:10.281 1842 INFO rally.task.context [-] Task c060a885-591e-4f9a-aacd-a976320d3e42 | Context admin_cleanup@openstack cleanup() started
2019-06-12 22:20:10.283 1842 RALLYDEBUG rally_openstack.cleanup.manager [-] Cleaning up cinder volume_types objects
2019-06-12 22:20:10.972 1842 RALLYDEBUG rally_openstack.cleanup.manager [-] Cleaning up cinder image_volumes_cache objects
2019-06-12 22:20:12.433 1842 RALLYDEBUG rally_openstack.cleanup.manager [-] Cleaning up cinder quotas objects
2019-06-12 22:20:14.268 1842 RALLYDEBUG rally_openstack.cleanup.manager [-] Cleaning up cinder qos_specs objects
2019-06-12 22:20:15.058 1842 RALLYDEBUG rally_openstack.cleanup.manager [-] Deleting cinder.qos_specs object s_rally_be96b591_zXAOdrFW (d81b3488-7c10-4ca8-ac8d-c47268f3c116)
2019-06-12 22:20:15.065 1842 RALLYDEBUG rally_openstack.cleanup.manager [-] Deleting cinder.qos_specs object s_rally_be96b591_85If1Vg0 (d4be681a-77a4-48d7-9474-49274442a238)
2019-06-12 22:20:15.072 1842 RALLYDEBUG rally_openstack.cleanup.manager [-] Deleting cinder.qos_specs object s_rally_be96b591_7huxNTl9 (cbcdda76-a68c-4041-b726-e7eec202710d)
2019-06-12 22:20:15.079 1842 RALLYDEBUG rally_openstack.cleanup.manager [-] Deleting cinder.qos_specs object s_rally_be96b591_93HLUFNq (8910f6d9-99de-4919-bde4-a5b7c05c3cae)
2019-06-12 22:20:15.095 1842 RALLYDEBUG rally_openstack.cleanup.manager [-] Deleting cinder.qos_specs object s_rally_be96b591_aIsp8bez (22bae5ef-bf78-43d2-9fbf-d48919a178aa)
2019-06-12 22:20:15.097 1842 RALLYDEBUG rally_openstack.cleanup.manager [-] Deleting cinder.qos_specs object s_rally_be96b591_VDMn8e1P (68d5232c-8fea-42fc-a374-b095cfd4921f)
2019-06-12 22:20:15.101 1842 RALLYDEBUG rally_openstack.cleanup.manager [-] Deleting cinder.qos_specs object s_rally_be96b591_hfIYR3v5 (f4e8e58d-d31c-4cd4-8a3e-ef10e6966660)
2019-06-12 22:20:15.108 1842 RALLYDEBUG rally_openstack.cleanup.manager [-] Deleting cinder.qos_specs object s_rally_be96b591_7T2VkBow (a6bb9550-bae3-4464-947c-8f6b45367719)
2019-06-12 22:20:15.109 1842 RALLYDEBUG rally_openstack.cleanup.manager [-] Deleting cinder.qos_specs object s_rally_be96b591_wvVDhFFy (ac004203-ea7d-4ca6-b0a9-4f1bafcf2439)
2019-06-12 22:20:15.116 1842 RALLYDEBUG rally_openstack.cleanup.manager [-] Deleting cinder.qos_specs object s_rally_be96b591_ULCF6FFS (84536e54-a588-43d2-9e3f-66be86ec746e)
2019-06-12 22:20:17.451 1842 INFO rally.task.context [-] Task c060a885-591e-4f9a-aacd-a976320d3e42 | Context admin_cleanup@openstack cleanup() finished in 7.17 sec
2019-06-12 22:20:17.452 1842 INFO rally.task.context [-] Task c060a885-591e-4f9a-aacd-a976320d3e42 | Context api_versions@openstack cleanup() started
2019-06-12 22:20:17.452 1842 INFO rally.task.context [-] Task c060a885-591e-4f9a-aacd-a976320d3e42 | Context api_versions@openstack cleanup() finished in 0.33 msec
2019-06-12 22:20:17.453 1842 INFO rally.task.context [-] Task c060a885-591e-4f9a-aacd-a976320d3e42 | Context users@openstack cleanup() started
2019-06-12 22:20:25.521 1842 INFO rally.task.context [-] Task c060a885-591e-4f9a-aacd-a976320d3e42 | Context users@openstack cleanup() finished in 8.07 sec
2019-06-12 22:20:25.622 1842 INFO rally.task.engine [-] Load duration is: 3.33014
2019-06-12 22:20:25.623 1842 INFO rally.task.engine [-] Full runner duration is: 3.379248
2019-06-12 22:20:25.623 1842 INFO rally.task.engine [-] Full duration is: 24.028019
2019-06-12 22:20:25.872 1842 INFO rally.task.engine [-] Running workload: position = 0 config = { "version": 2, "title": "A cropped version of a bigger task.", "description": "Auto-generated task from a single workload (uuid=85af547a-08a1-469c-8619-a1b8b299fd38)", "subtasks": [ { "title": "CinderQos.create_and_list_qos", "description": "Create a qos, then list all qos.", "scenario": { "CinderQos.create_and_list_qos": { "consumer": "both", "write_iops_sec": "10", "read_iops_sec": "1000" } }, "contexts": { "users": { "tenants": 3, "users_per_tenant": 2 }, "api_versions": { "cinder": { "version": 3, "service_type": "volumev3" } } }, "runner": { "constant": { "concurrency": 4, "times": 10 } }, "hooks": [], "sla": { "failure_rate": { "max": 0 } } } ] }
2019-06-12 22:20:25.894 1842 RALLYDEBUG rally_openstack.contexts.keystone.users [-] Creating 3 tenants using 20 threads
2019-06-12 22:20:27.769 1842 RALLYDEBUG rally_openstack.contexts.keystone.users [-] Creating 6 users using 20 threads
2019-06-12 22:20:30.588 1842 INFO rally.task.context [-] Task c060a885-591e-4f9a-aacd-a976320d3e42 | Context users@openstack setup() finished in 4.69 sec
2019-06-12 22:20:31.012 1842 INFO rally.task.context [-] Task c060a885-591e-4f9a-aacd-a976320d3e42 | Context api_versions@openstack setup() finished in 0.42 sec
2019-06-12 22:20:31.012 1842 INFO rally.task.context [-] Task c060a885-591e-4f9a-aacd-a976320d3e42 | Context admin_cleanup@openstack setup() finished in 0.00 msec
2019-06-12 22:20:31.019 1842 RALLYDEBUG rally.task.runner [-] Starting the constant runner (task UUID: c060a885-591e-4f9a-aacd-a976320d3e42). timeout: 0 concurrency: 4 concurrency_per_worker: 1 times: 10 concurrency_overhead: 0 processes_to_start: 4 max_cpu_used: 16
2019-06-12 22:20:31.030 5295 RALLYDEBUG rally.task.runner [-] Starting a worker. concurrency: 1 args: {"consumer": "both", "write_iops_sec": "10", "read_iops_sec": "1000"} times: 10 method_name: run timeout: 0 duration: None cls:
2019-06-12 22:20:31.031 5294 RALLYDEBUG rally.task.runner [-] Starting a worker. concurrency: 1 args: {"consumer": "both", "write_iops_sec": "10", "read_iops_sec": "1000"} times: 10 method_name: run timeout: 0 duration: None cls:
2019-06-12 22:20:31.034 5295 INFO rally.task.runner [-] Task c060a885-591e-4f9a-aacd-a976320d3e42 | ITER: 1 START
2019-06-12 22:20:31.036 5296 RALLYDEBUG rally.task.runner [-] Starting a worker. concurrency: 1 args: {"consumer": "both", "write_iops_sec": "10", "read_iops_sec": "1000"} times: 10 method_name: run timeout: 0 duration: None cls:
2019-06-12 22:20:31.038 5294 INFO rally.task.runner [-] Task c060a885-591e-4f9a-aacd-a976320d3e42 | ITER: 2 START
2019-06-12 22:20:31.040 5297 RALLYDEBUG rally.task.runner [-] Starting a worker. concurrency: 1 args: {"consumer": "both", "write_iops_sec": "10", "read_iops_sec": "1000"} times: 10 method_name: run timeout: 0 duration: None cls:
2019-06-12 22:20:31.044 5296 INFO rally.task.runner [-] Task c060a885-591e-4f9a-aacd-a976320d3e42 | ITER: 3 START
2019-06-12 22:20:31.049 5297 INFO rally.task.runner [-] Task c060a885-591e-4f9a-aacd-a976320d3e42 | ITER: 4 START
2019-06-12 22:20:32.110 5297 INFO rally.task.runner [-] Task c060a885-591e-4f9a-aacd-a976320d3e42 | ITER: 4 END: OK
2019-06-12 22:20:32.115 5297 INFO rally.task.runner [-] Task c060a885-591e-4f9a-aacd-a976320d3e42 | ITER: 5 START
2019-06-12 22:20:32.129 5296 INFO rally.task.runner [-] Task c060a885-591e-4f9a-aacd-a976320d3e42 | ITER: 3 END: OK
2019-06-12 22:20:32.134 5296 INFO rally.task.runner [-] Task c060a885-591e-4f9a-aacd-a976320d3e42 | ITER: 6 START
2019-06-12 22:20:32.172 5294 INFO rally.task.runner [-] Task c060a885-591e-4f9a-aacd-a976320d3e42 | ITER: 2 END: OK
2019-06-12 22:20:32.176 5294 INFO rally.task.runner [-] Task c060a885-591e-4f9a-aacd-a976320d3e42 | ITER: 7 START
2019-06-12 22:20:32.222 5295 INFO rally.task.runner [-] Task c060a885-591e-4f9a-aacd-a976320d3e42 | ITER: 1 END: OK
2019-06-12 22:20:32.226 5295 INFO rally.task.runner [-] Task c060a885-591e-4f9a-aacd-a976320d3e42 | ITER: 8 START
2019-06-12 22:20:33.118 5296 INFO rally.task.runner [-] Task c060a885-591e-4f9a-aacd-a976320d3e42 | ITER: 6 END: OK
2019-06-12 22:20:33.123 5296 INFO rally.task.runner [-] Task c060a885-591e-4f9a-aacd-a976320d3e42 | ITER: 9 START
2019-06-12 22:20:33.176 5297 INFO rally.task.runner [-] Task c060a885-591e-4f9a-aacd-a976320d3e42 | ITER: 5 END: OK
2019-06-12 22:20:33.180 5297 INFO rally.task.runner [-] Task c060a885-591e-4f9a-aacd-a976320d3e42 | ITER: 10 START
2019-06-12 22:20:33.288 5294 INFO rally.task.runner [-] Task c060a885-591e-4f9a-aacd-a976320d3e42 | ITER: 7 END: OK
2019-06-12 22:20:33.383 5295 INFO rally.task.runner [-] Task c060a885-591e-4f9a-aacd-a976320d3e42 | ITER: 8 END: OK
2019-06-12 22:20:34.133 5297 INFO rally.task.runner [-] Task c060a885-591e-4f9a-aacd-a976320d3e42 | ITER: 10 END: OK
2019-06-12 22:20:34.180 5296 INFO rally.task.runner [-] Task c060a885-591e-4f9a-aacd-a976320d3e42 | ITER: 9 END: OK
2019-06-12 22:20:34.205 1842 INFO rally.task.context [-] Task c060a885-591e-4f9a-aacd-a976320d3e42 | Context admin_cleanup@openstack cleanup() started
2019-06-12 22:20:34.207 1842 RALLYDEBUG rally_openstack.cleanup.manager [-] Cleaning up cinder volume_types objects
2019-06-12 22:20:34.879 1842 RALLYDEBUG rally_openstack.cleanup.manager [-] Cleaning up cinder image_volumes_cache objects
2019-06-12 22:20:36.296 1842 RALLYDEBUG rally_openstack.cleanup.manager [-] Cleaning up cinder quotas objects
2019-06-12 22:20:38.034 1842 RALLYDEBUG rally_openstack.cleanup.manager [-] Cleaning up cinder qos_specs objects
2019-06-12 22:20:38.707 1842 RALLYDEBUG rally_openstack.cleanup.manager [-] Deleting cinder.qos_specs object s_rally_85af547a_WYrj5bic (54cd8fb2-701f-4353-8fe2-abbddff1efb5)
2019-06-12 22:20:38.714 1842 RALLYDEBUG rally_openstack.cleanup.manager [-] Deleting cinder.qos_specs object s_rally_85af547a_zdqbhnQO (5438b433-809d-49b0-99ea-eb0698c4688e)
2019-06-12 22:20:38.720 1842 RALLYDEBUG rally_openstack.cleanup.manager [-] Deleting cinder.qos_specs object s_rally_85af547a_eJ9hunrh (541eca62-1578-4713-ac1b-9d44d280c698)
2019-06-12 22:20:38.729 1842 RALLYDEBUG rally_openstack.cleanup.manager [-] Deleting cinder.qos_specs object s_rally_85af547a_mpS1YADO (fb91c360-4f5c-4c7e-a582-0f1348fd755a)
2019-06-12 22:20:38.736 1842 RALLYDEBUG rally_openstack.cleanup.manager [-] Deleting cinder.qos_specs object s_rally_85af547a_LTf2BmfG (d114d439-30ce-4cf7-ac6a-7a67128d1365)
2019-06-12 22:20:38.743 1842 RALLYDEBUG rally_openstack.cleanup.manager [-] Deleting cinder.qos_specs object s_rally_85af547a_6Z74IkP9 (6a27d8b7-0896-4e8d-a1ec-48feec0e1f42)
2019-06-12 22:20:38.764 1842 RALLYDEBUG rally_openstack.cleanup.manager [-] Deleting cinder.qos_specs object s_rally_85af547a_NO9WrGnR (edbe6a4c-fa36-44ec-806b-6b8d33e08f8d)
2019-06-12 22:20:38.773 1842 RALLYDEBUG rally_openstack.cleanup.manager [-] Deleting cinder.qos_specs object s_rally_85af547a_kb0FPVr6 (bd4bbcec-9ccb-4093-b117-0857bb321cb8)
2019-06-12 22:20:38.785 1842 RALLYDEBUG rally_openstack.cleanup.manager [-] Deleting cinder.qos_specs object s_rally_85af547a_yXxUL8UO (2de9820e-a1f7-4e2f-9bc9-25389714ef09)
2019-06-12 22:20:38.789 1842 RALLYDEBUG rally_openstack.cleanup.manager [-] Deleting cinder.qos_specs object s_rally_85af547a_zYpcKkg2 (40768f3b-6081-45d6-8acd-fbc0537731ab)
2019-06-12 22:20:41.127 1842 INFO rally.task.context [-] Task c060a885-591e-4f9a-aacd-a976320d3e42 | Context admin_cleanup@openstack cleanup() finished in 6.92 sec
2019-06-12 22:20:41.127 1842 INFO rally.task.context [-] Task c060a885-591e-4f9a-aacd-a976320d3e42 | Context api_versions@openstack cleanup() started
2019-06-12 22:20:41.128 1842 INFO rally.task.context [-] Task c060a885-591e-4f9a-aacd-a976320d3e42 | Context api_versions@openstack cleanup() finished in 0.30 msec
2019-06-12 22:20:41.128 1842 INFO rally.task.context [-] Task c060a885-591e-4f9a-aacd-a976320d3e42 | Context users@openstack cleanup() started
2019-06-12 22:20:48.849 1842 INFO rally.task.context [-] Task c060a885-591e-4f9a-aacd-a976320d3e42 | Context users@openstack cleanup() finished in 7.72 sec
2019-06-12 22:20:49.998 1842 INFO rally.task.engine [-] Load duration is: 3.141392
2019-06-12 22:20:49.998 1842 INFO rally.task.engine [-] Full runner duration is: 3.186383
2019-06-12 22:20:49.998 1842 INFO rally.task.engine [-] Full duration is: 22.957951
2019-06-12 22:20:50.271 1842 INFO rally.task.engine [-] Running workload: position = 0 config = { "version": 2, "title": "A cropped version of a bigger task.", "description": "Auto-generated task from a single workload (uuid=b6af8877-1f39-494f-bf4c-10d7f6a5a901)", "subtasks": [ { "title": "CinderQos.create_and_set_qos", "description": "Create a qos, then Add/Update keys in qos specs.", "scenario": { "CinderQos.create_and_set_qos": { "consumer": "back-end", "write_iops_sec": "10", "read_iops_sec": "1000", "set_consumer": "both", "set_write_iops_sec": "11", "set_read_iops_sec": "1001" } }, "contexts": { "users": { "tenants": 3, "users_per_tenant": 2 }, "api_versions": { "cinder": { "version": 3, "service_type": "volumev3" } } }, "runner": { "constant": { "concurrency": 4, "times": 10 } }, "hooks": [], "sla": { "failure_rate": { "max": 0 } } } ] }
2019-06-12 22:20:50.285 1842 RALLYDEBUG rally_openstack.contexts.keystone.users [-] Creating 3 tenants using 20 threads
2019-06-12 22:20:52.139 1842 RALLYDEBUG rally_openstack.contexts.keystone.users [-] Creating 6 users using 20 threads
2019-06-12 22:20:55.058 1842 INFO rally.task.context [-] Task c060a885-591e-4f9a-aacd-a976320d3e42 | Context users@openstack setup() finished in 4.77 sec
2019-06-12 22:20:55.488 1842 INFO rally.task.context [-] Task c060a885-591e-4f9a-aacd-a976320d3e42 | Context api_versions@openstack setup() finished in 0.43 sec
2019-06-12 22:20:55.489 1842 INFO rally.task.context [-] Task c060a885-591e-4f9a-aacd-a976320d3e42 | Context admin_cleanup@openstack setup() finished in 0.01 msec
2019-06-12 22:20:55.496 1842 RALLYDEBUG rally.task.runner [-] Starting the constant runner (task UUID: c060a885-591e-4f9a-aacd-a976320d3e42). timeout: 0 concurrency: 4 concurrency_per_worker: 1 times: 10 concurrency_overhead: 0 processes_to_start: 4 max_cpu_used: 16
2019-06-12 22:20:55.506 5478 RALLYDEBUG rally.task.runner [-] Starting a worker. concurrency: 1 args: {"consumer": "back-end", "write_iops_sec": "10", "read_iops_sec": "1000", "set_consumer": "both", "set_write_iops_sec": "11", "set_read_iops_sec": "1001"} times: 10 method_name: run timeout: 0 duration: None cls:
2019-06-12 22:20:55.511 5480 RALLYDEBUG rally.task.runner [-] Starting a worker. concurrency: 1 args: {"consumer": "back-end", "write_iops_sec": "10", "read_iops_sec": "1000", "set_consumer": "both", "set_write_iops_sec": "11", "set_read_iops_sec": "1001"} times: 10 method_name: run timeout: 0 duration: None cls:
2019-06-12 22:20:55.511 5478 INFO rally.task.runner [-] Task c060a885-591e-4f9a-aacd-a976320d3e42 | ITER: 1 START
2019-06-12 22:20:55.511 5479 RALLYDEBUG rally.task.runner [-] Starting a worker. concurrency: 1 args: {"consumer": "back-end", "write_iops_sec": "10", "read_iops_sec": "1000", "set_consumer": "both", "set_write_iops_sec": "11", "set_read_iops_sec": "1001"} times: 10 method_name: run timeout: 0 duration: None cls:
2019-06-12 22:20:55.515 5480 INFO rally.task.runner [-] Task c060a885-591e-4f9a-aacd-a976320d3e42 | ITER: 2 START
2019-06-12 22:20:55.517 5479 INFO rally.task.runner [-] Task c060a885-591e-4f9a-aacd-a976320d3e42 | ITER: 3 START
2019-06-12 22:20:55.518 5483 RALLYDEBUG rally.task.runner [-] Starting a worker. concurrency: 1 args: {"consumer": "back-end", "write_iops_sec": "10", "read_iops_sec": "1000", "set_consumer": "both", "set_write_iops_sec": "11", "set_read_iops_sec": "1001"} times: 10 method_name: run timeout: 0 duration: None cls:
2019-06-12 22:20:55.525 5483 INFO rally.task.runner [-] Task c060a885-591e-4f9a-aacd-a976320d3e42 | ITER: 4 START
2019-06-12 22:20:56.590 5480 INFO rally.task.runner [-] Task c060a885-591e-4f9a-aacd-a976320d3e42 | ITER: 2 END: OK
2019-06-12 22:20:56.595 5480 INFO rally.task.runner [-] Task c060a885-591e-4f9a-aacd-a976320d3e42 | ITER: 5 START
2019-06-12 22:20:56.652 5478 INFO rally.task.runner [-] Task c060a885-591e-4f9a-aacd-a976320d3e42 | ITER: 1 END: OK
2019-06-12 22:20:56.657 5478 INFO rally.task.runner [-] Task c060a885-591e-4f9a-aacd-a976320d3e42 | ITER: 6 START
2019-06-12 22:20:56.661 5483 INFO rally.task.runner [-] Task c060a885-591e-4f9a-aacd-a976320d3e42 | ITER: 4 END: OK
2019-06-12 22:20:56.667 5483 INFO rally.task.runner [-] Task c060a885-591e-4f9a-aacd-a976320d3e42 | ITER: 7 START
2019-06-12 22:20:56.673 5479 INFO rally.task.runner [-] Task c060a885-591e-4f9a-aacd-a976320d3e42 | ITER: 3 END: OK
2019-06-12 22:20:56.678 5479 INFO rally.task.runner [-] Task c060a885-591e-4f9a-aacd-a976320d3e42 | ITER: 8 START
2019-06-12 22:20:57.655 5480 INFO rally.task.runner [-] Task c060a885-591e-4f9a-aacd-a976320d3e42 | ITER: 5 END: OK
2019-06-12 22:20:57.659 5480 INFO rally.task.runner [-] Task c060a885-591e-4f9a-aacd-a976320d3e42 | ITER: 9 START
2019-06-12 22:20:57.757 5479 INFO rally.task.runner [-] Task c060a885-591e-4f9a-aacd-a976320d3e42 | ITER: 8 END: OK
2019-06-12 22:20:57.762 5479 INFO rally.task.runner [-] Task c060a885-591e-4f9a-aacd-a976320d3e42 | ITER: 10 START
2019-06-12 22:20:57.775 5483 INFO rally.task.runner [-] Task c060a885-591e-4f9a-aacd-a976320d3e42 | ITER: 7 END: OK
2019-06-12 22:20:57.786 5478 INFO rally.task.runner [-] Task c060a885-591e-4f9a-aacd-a976320d3e42 | ITER: 6 END: OK
2019-06-12 22:20:58.688 5480 INFO rally.task.runner [-] Task c060a885-591e-4f9a-aacd-a976320d3e42 | ITER: 9 END: OK
2019-06-12 22:20:58.787 5479 INFO rally.task.runner [-] Task c060a885-591e-4f9a-aacd-a976320d3e42 | ITER: 10 END: OK
2019-06-12 22:20:58.815 1842 INFO rally.task.context [-] Task c060a885-591e-4f9a-aacd-a976320d3e42 | Context admin_cleanup@openstack cleanup() started
2019-06-12 22:20:58.817 1842 RALLYDEBUG rally_openstack.cleanup.manager [-] Cleaning up cinder volume_types objects
2019-06-12 22:20:59.571 1842 RALLYDEBUG rally_openstack.cleanup.manager [-] Cleaning up cinder image_volumes_cache objects
2019-06-12 22:21:01.049 1842 RALLYDEBUG rally_openstack.cleanup.manager [-] Cleaning up cinder quotas objects
2019-06-12 22:21:03.042 1842 RALLYDEBUG rally_openstack.cleanup.manager [-] Cleaning up cinder qos_specs objects
2019-06-12 22:21:03.706 1842 RALLYDEBUG rally_openstack.cleanup.manager [-] Deleting cinder.qos_specs object s_rally_b6af8877_4gFgy39n (284da3ff-7d25-4ba4-9d2b-9fa468c45ecc)
2019-06-12 22:21:03.712 1842 RALLYDEBUG rally_openstack.cleanup.manager [-] Deleting cinder.qos_specs object s_rally_b6af8877_agG1Zh2T (67b18b00-6df1-4b9f-9bf0-166c388bd091)
2019-06-12 22:21:03.712 1842 RALLYDEBUG rally_openstack.cleanup.manager [-] Deleting cinder.qos_specs object s_rally_b6af8877_BSWhY1uL (0975e72f-3e34-4fe5-9aff-e3778797b47e)
2019-06-12 22:21:03.721 1842 RALLYDEBUG rally_openstack.cleanup.manager [-] Deleting cinder.qos_specs object s_rally_b6af8877_bVHABFjk (4d32d5f5-b52b-4cb8-95f6-ba60e9d3c5cb)
2019-06-12 22:21:03.731 1842 RALLYDEBUG rally_openstack.cleanup.manager [-] Deleting cinder.qos_specs object s_rally_b6af8877_kOJ2GWhe (41ad4e7f-18c1-4d53-a601-8d18b96dc441)
2019-06-12 22:21:03.732 1842 RALLYDEBUG rally_openstack.cleanup.manager [-] Deleting cinder.qos_specs object s_rally_b6af8877_yATjKcnI (34a8c11e-5025-4dcd-9eaf-5d76f891eda1)
2019-06-12 22:21:03.738 1842 RALLYDEBUG rally_openstack.cleanup.manager [-] Deleting cinder.qos_specs object s_rally_b6af8877_GaWrYvwk (b6c3a62c-27ec-4631-949f-4a3936f32ef3)
2019-06-12 22:21:03.753 1842 RALLYDEBUG rally_openstack.cleanup.manager [-] Deleting cinder.qos_specs object s_rally_b6af8877_yrpUl7FP (5a909b48-1515-4dff-9fea-1ace04e733e7)
2019-06-12 22:21:03.757 1842 RALLYDEBUG rally_openstack.cleanup.manager [-] Deleting cinder.qos_specs object s_rally_b6af8877_sfCs11PU (53bd265c-5dcf-4310-be7d-8be5290dbc4a)
2019-06-12 22:21:03.770 1842 RALLYDEBUG rally_openstack.cleanup.manager [-] Deleting cinder.qos_specs object s_rally_b6af8877_EkC3CjSd (0ae77609-e02c-42ac-96ae-7e6e34a95454)
2019-06-12 22:21:06.055 1842 INFO rally.task.context [-] Task c060a885-591e-4f9a-aacd-a976320d3e42 | Context admin_cleanup@openstack cleanup() finished in 7.24 sec
2019-06-12 22:21:06.056 1842 INFO rally.task.context [-] Task c060a885-591e-4f9a-aacd-a976320d3e42 | Context api_versions@openstack cleanup() started
2019-06-12 22:21:06.056 1842 INFO rally.task.context [-] Task c060a885-591e-4f9a-aacd-a976320d3e42 | Context api_versions@openstack cleanup() finished in 0.32 msec
2019-06-12 22:21:06.056 1842 INFO rally.task.context [-] Task c060a885-591e-4f9a-aacd-a976320d3e42 | Context users@openstack cleanup() started
2019-06-12 22:21:13.994 1842 INFO rally.task.context [-] Task c060a885-591e-4f9a-aacd-a976320d3e42 | Context users@openstack cleanup() finished in 7.94 sec
2019-06-12 22:21:14.376 1842 INFO rally.task.engine [-] Load duration is: 3.271805
2019-06-12 22:21:14.376 1842 INFO rally.task.engine [-] Full runner duration is: 3.319736
2019-06-12 22:21:14.376 1842 INFO rally.task.engine [-] Full duration is: 23.712644
2019-06-12 22:21:14.649 1842 INFO rally.task.engine [-] Running workload: position = 0 config = { "version": 2, "title": "A cropped version of a bigger task.", "description": "Auto-generated task from a single workload (uuid=9d479cdc-972a-4d19-89b2-c993e1d841e3)", "subtasks": [ { "title": "CinderVolumeTypes.create_and_get_volume_type", "description": "Create a volume Type, then get the details of the type.", "scenario": { "CinderVolumeTypes.create_and_get_volume_type": { "description": "rally tests creating types" } }, "contexts": { "users": { "tenants": 3, "users_per_tenant": 2 }, "api_versions": { "cinder": { "version": 3, "service_type": "volumev3" } } }, "runner": { "constant": { "concurrency": 4, "times": 10 } }, "hooks": [], "sla": { "failure_rate": { "max": 0 } } } ] }
2019-06-12 22:21:14.669 1842 RALLYDEBUG rally_openstack.contexts.keystone.users [-] Creating 3 tenants using 20 threads
2019-06-12 22:21:16.667 1842 RALLYDEBUG rally_openstack.contexts.keystone.users [-] Creating 6 users using 20 threads
2019-06-12 22:21:19.657 1842 INFO rally.task.context [-] Task c060a885-591e-4f9a-aacd-a976320d3e42 | Context users@openstack setup() finished in 4.99 sec
2019-06-12 22:21:20.102 1842 INFO rally.task.context [-] Task c060a885-591e-4f9a-aacd-a976320d3e42 | Context api_versions@openstack setup() finished in 0.44 sec
2019-06-12 22:21:20.102 1842 INFO rally.task.context [-] Task c060a885-591e-4f9a-aacd-a976320d3e42 | Context admin_cleanup@openstack setup() finished in 0.00 msec
2019-06-12 22:21:20.109 1842 RALLYDEBUG rally.task.runner [-] Starting the constant runner (task UUID: c060a885-591e-4f9a-aacd-a976320d3e42). timeout: 0 concurrency: 4 concurrency_per_worker: 1 times: 10 concurrency_overhead: 0 processes_to_start: 4 max_cpu_used: 16
2019-06-12 22:21:20.122 5662 RALLYDEBUG rally.task.runner [-] Starting a worker. concurrency: 1 args: {"description": "rally tests creating types"} times: 10 method_name: run timeout: 0 duration: None cls:
2019-06-12 22:21:20.125 5664 RALLYDEBUG rally.task.runner [-] Starting a worker. concurrency: 1 args: {"description": "rally tests creating types"} times: 10 method_name: run timeout: 0 duration: None cls:
