2019-06-10 09:45:06.848 22705 RALLYDEBUG rally_openstack.cleanup.manager [-] Deleting neutron.port object s_rally_5751f148_ndFEuZye (db819132-6ae6-4469-8e4e-d6fb2c1add42)
2019-06-10 09:45:06.862 22705 RALLYDEBUG rally_openstack.cleanup.manager [-] Deleting neutron.port object s_rally_5751f148_IS0X8QZW (dbd16787-08a3-4909-be70-935e33e54f93)
2019-06-10 09:45:07.041 22705 RALLYDEBUG rally_openstack.cleanup.manager [-] Deleting neutron.port object s_rally_5751f148_CQn6Fpm6 (dbe9bf36-d2e5-4fb9-b700-ab7683f868d8)
2019-06-10 09:45:07.637 22705 RALLYDEBUG rally_openstack.cleanup.manager [-] Deleting neutron.port object s_rally_5751f148_DtEsw06g (df76b7f0-6a9e-4a47-ac63-81906c15478b)
2019-06-10 09:45:08.007 22705 RALLYDEBUG rally_openstack.cleanup.manager [-] Deleting neutron.port object s_rally_5751f148_xxzaoNgE (dfc0a0cd-a08a-47f0-a0aa-ab8fb3fbe5a4)
2019-06-10 09:45:08.055 22705 RALLYDEBUG rally_openstack.cleanup.manager [-] Deleting neutron.port object s_rally_5751f148_1HvGT9p9 (e0c44817-a6de-4b2b-ad57-498ed9d6da52)
2019-06-10 09:45:08.213 22705 RALLYDEBUG rally_openstack.cleanup.manager [-] Deleting neutron.port object s_rally_5751f148_shY0E61H (e0cccb1c-472d-4395-b7c1-15837b42e56a)
2019-06-10 09:45:08.320 22705 RALLYDEBUG rally_openstack.cleanup.manager [-] Deleting neutron.port object s_rally_5751f148_vAnTi5Kj (e0ec045c-bb38-41ca-af15-43f6a1b5c92c)
2019-06-10 09:45:08.564 22705 RALLYDEBUG rally_openstack.cleanup.manager [-] Deleting neutron.port object s_rally_5751f148_Q8sIE0fF (e165152b-5562-44be-a4db-9269cc75fb35)
2019-06-10 09:45:08.773 22705 RALLYDEBUG rally_openstack.cleanup.manager [-] Deleting neutron.port object s_rally_5751f148_zMKngh9J (e2eb9688-a11a-47e7-bd4c-de0520328d4a)
2019-06-10 09:45:08.814 22705 RALLYDEBUG rally_openstack.cleanup.manager [-] Deleting neutron.port object s_rally_5751f148_L8nokJeS (e3794841-9d3f-4fbb-8e96-5db844282117)
2019-06-10 09:45:08.825 22705 RALLYDEBUG rally_openstack.cleanup.manager [-] Deleting neutron.port object s_rally_5751f148_AG37B3SB (e3839c0a-f05f-489c-940b-24a5fb9dc994)
2019-06-10 09:45:09.006 22705 RALLYDEBUG rally_openstack.cleanup.manager [-] Deleting neutron.port object s_rally_5751f148_y78hZre4 (e3bfdb0d-258e-4268-953b-186eecac916d)
2019-06-10 09:45:09.011 22705 RALLYDEBUG rally_openstack.cleanup.manager [-] Deleting neutron.port object s_rally_5751f148_IhwuAkbi (e44b05c1-f1e7-47cc-81ca-57fc35dec4f6)
2019-06-10 09:45:09.105 22705 RALLYDEBUG rally_openstack.cleanup.manager [-] Deleting neutron.port object s_rally_5751f148_pFnXXp6Y (e49236a1-6831-40a5-873e-fce2c3b52303)
2019-06-10 09:45:09.214 22705 RALLYDEBUG rally_openstack.cleanup.manager [-] Deleting neutron.port object s_rally_5751f148_lWJigD6j (e4f2297a-eec0-468f-ac74-8a482eb284a2)
2019-06-10 09:45:09.309 22705 RALLYDEBUG rally_openstack.cleanup.manager [-] Deleting neutron.port object s_rally_5751f148_ce2SZApe (e5d00e7f-b8ec-4516-82c6-18c0e74741dc)
2019-06-10 09:45:09.324 22705 RALLYDEBUG rally_openstack.cleanup.manager [-] Deleting neutron.port object s_rally_5751f148_aBFQYGxB (e614f9ea-339d-4cf8-8cd8-adc96dbe6a30)
2019-06-10 09:45:09.612 22705 RALLYDEBUG rally_openstack.cleanup.manager [-] Deleting neutron.port object s_rally_5751f148_5JysQ2WK (e80bf79c-ee41-46f1-95e6-f87aa56c510d)
2019-06-10 09:45:09.612 22705 RALLYDEBUG rally_openstack.cleanup.manager [-] Deleting neutron.port object s_rally_5751f148_vd6gRP5Y (e70f2f94-7bda-4691-9355-316d172fcc03)
2019-06-10 09:45:09.712 22705 RALLYDEBUG rally_openstack.cleanup.manager [-] Deleting neutron.port object s_rally_5751f148_GLgiRtD3 (e825d6f5-390f-4854-830f-e141cbef0da9)
2019-06-10 09:45:09.718 22705 RALLYDEBUG rally_openstack.cleanup.manager [-] Deleting neutron.port object s_rally_5751f148_EoxBhC60 (e84ef5f3-133b-4b94-8375-9b2dedace447)
2019-06-10 09:45:09.726 22705 RALLYDEBUG rally_openstack.cleanup.manager [-] Deleting neutron.port object s_rally_5751f148_IFB1z7Nm (e8e796e4-777d-4a92-80c2-5c33cb4f9dd2)
2019-06-10 09:45:10.023 22705 RALLYDEBUG rally_openstack.cleanup.manager [-] Deleting neutron.port object s_rally_5751f148_UhbptL3b (e90ea0f7-cce3-4867-b46a-547dde31b4e2)
2019-06-10 09:45:10.413 22705 RALLYDEBUG rally_openstack.cleanup.manager [-] Deleting neutron.port object s_rally_5751f148_O6yASfiq (e919d3e5-6d56-4b43-9fca-4395d668e779)
2019-06-10 09:45:10.620 22705 RALLYDEBUG rally_openstack.cleanup.manager [-] Deleting neutron.port object s_rally_5751f148_3uGTonmR (e9990e42-f0ac-4b25-b89e-644d00177f4a)
2019-06-10 09:45:10.706 22705 RALLYDEBUG rally_openstack.cleanup.manager [-] Deleting neutron.port object s_rally_5751f148_n59QSbnt (e9d63e18-1be3-4d68-8b6b-00d46579895e)
2019-06-10 09:45:10.827 22705 RALLYDEBUG rally_openstack.cleanup.manager [-] Deleting neutron.port object s_rally_5751f148_2xkiIYrV (e9e01b4c-6a60-4bb3-a7da-bc0ea318e00b)
2019-06-10 09:45:11.851 22705 RALLYDEBUG rally_openstack.cleanup.manager [-] Deleting neutron.port object s_rally_5751f148_llBDbTwn (ea462bb7-a565-41bd-a0a4-24b9d921b52e)
2019-06-10 09:45:12.123 22705 RALLYDEBUG rally_openstack.cleanup.manager [-] Deleting neutron.port object s_rally_5751f148_pAUHUsZT (eb128297-1ee6-4c99-8dbc-b5400db8952a)
2019-06-10 09:45:12.340 22705 RALLYDEBUG rally_openstack.cleanup.manager [-] Deleting neutron.port object s_rally_5751f148_pMARwY30 (ebd5d17a-9220-4efa-92da-0a543e111da3)
2019-06-10 09:45:12.460 22705 RALLYDEBUG rally_openstack.cleanup.manager [-] Deleting neutron.port object s_rally_5751f148_SOUZYK25 (ec02f40a-e662-49c2-9213-65bda4260d65)
2019-06-10 09:45:12.506 22705 RALLYDEBUG rally_openstack.cleanup.manager [-] Deleting neutron.port object s_rally_5751f148_8zWZiOUj (ec44f9ae-2aa4-46c9-a05a-3e9adb2d58ab)
2019-06-10 09:45:12.597 22705 RALLYDEBUG rally_openstack.cleanup.manager [-] Deleting neutron.port object s_rally_5751f148_6sz971Di (ec50232a-68f0-4831-8280-6e4882455c6a)
2019-06-10 09:45:12.633 22705 RALLYDEBUG rally_openstack.cleanup.manager [-] Deleting neutron.port object s_rally_5751f148_9JvOlwdc (ec615ddb-a054-40b5-b675-adcc4973dd96)
2019-06-10 09:45:12.723 22705 RALLYDEBUG rally_openstack.cleanup.manager [-] Deleting neutron.port object s_rally_5751f148_uO7AXLfJ (ecc447a4-4bd3-4594-a762-942a028f407f)
2019-06-10 09:45:12.800 22705 RALLYDEBUG rally_openstack.cleanup.manager [-] Deleting neutron.port object s_rally_5751f148_ljOBoZ4w (ecfa19aa-ed65-4307-b961-d124ad596824)
2019-06-10 09:45:12.813 22705 RALLYDEBUG rally_openstack.cleanup.manager [-] Deleting neutron.port object s_rally_5751f148_BOTF9IPx (ed1f63e2-e686-441a-8b1e-5861e2a37fe7)
2019-06-10 09:45:12.931 22705 RALLYDEBUG rally_openstack.cleanup.manager [-] Deleting neutron.port object s_rally_5751f148_1ZhxRGao (ee5d4929-e49d-403a-a27f-e77521d2a227)
2019-06-10 09:45:12.959 22705 RALLYDEBUG rally_openstack.cleanup.manager [-] Deleting neutron.port object s_rally_5751f148_Xh2k7hOW (ef5ee6e5-4d3e-4063-9e84-1b40a6061ba8)
2019-06-10 09:45:12.959 22705 RALLYDEBUG rally_openstack.cleanup.manager [-] Deleting neutron.port object s_rally_5751f148_b7GKnka2 (eeba55f3-3ef0-46d6-a51f-6a7bef70faf1)
2019-06-10 09:45:13.223 22705 RALLYDEBUG rally_openstack.cleanup.manager [-] Deleting neutron.port object s_rally_5751f148_4nCcMOuS (f2533b6b-0c94-4985-ab92-ecaf9915e5c5)
2019-06-10 09:45:13.279 22705 RALLYDEBUG rally_openstack.cleanup.manager [-] Deleting neutron.port object s_rally_5751f148_q6noPs6J (f3d1bacb-b7e3-404e-a9be-af55d3f0be9c)
2019-06-10 09:45:13.315 22705 RALLYDEBUG rally_openstack.cleanup.manager [-] Deleting neutron.port object s_rally_5751f148_8EfZtZl0 (f46fa857-b155-4b54-93a3-5a6bd60191d6)
2019-06-10 09:45:13.386 22705 RALLYDEBUG rally_openstack.cleanup.manager [-] Deleting neutron.port object s_rally_5751f148_x633qkNe (f4e095a0-96f6-46df-b5ee-6e1791789891)
2019-06-10 09:45:14.238 22705 RALLYDEBUG rally_openstack.cleanup.manager [-] Deleting neutron.port object s_rally_5751f148_boY4ecje (f50d1df1-9580-47bb-8ee9-8d1fc1f9c0a8)
2019-06-10 09:45:14.238 22705 RALLYDEBUG rally_openstack.cleanup.manager [-] Deleting neutron.port object s_rally_5751f148_DmJBBWpP (f55f9488-0050-4d6c-b4f9-a1c6c16e6edf)
2019-06-10 09:45:14.249 22705 RALLYDEBUG rally_openstack.cleanup.manager [-] Deleting neutron.port object s_rally_5751f148_s1CW5Crt (f6263857-f726-4d8a-b7d7-5a161dfda366)
2019-06-10 09:45:14.491 22705 RALLYDEBUG rally_openstack.cleanup.manager [-] Deleting neutron.port object s_rally_5751f148_eeLCUCG2 (f79f0713-62cb-4b9b-9546-c3bfed3fdbe7)
2019-06-10 09:45:14.530 22705 RALLYDEBUG rally_openstack.cleanup.manager [-] Deleting neutron.port object s_rally_5751f148_JE7tFdXh (f7e6cd25-396d-48b6-8565-246ec84f6e53)
2019-06-10 09:45:15.087 22705 RALLYDEBUG rally_openstack.cleanup.manager [-] Deleting neutron.port object s_rally_5751f148_ii8kuQkz (f9f8c1fc-5d00-473a-8078-f9128d70b6cb)
2019-06-10 09:45:15.232 22705 RALLYDEBUG rally_openstack.cleanup.manager [-] Deleting neutron.port object s_rally_5751f148_ESCGByAx (fb03970c-e523-48d5-b45f-542e52c1297b)
2019-06-10 09:45:15.535 22705 RALLYDEBUG rally_openstack.cleanup.manager [-] Deleting neutron.port object s_rally_5751f148_4kUnwSXV (fb35bd04-0cc7-4c60-aecb-f550fdc1e8f4)
2019-06-10 09:45:15.750 22705 RALLYDEBUG rally_openstack.cleanup.manager [-] Deleting neutron.port object s_rally_5751f148_YVI4Jvbi (fc99a27d-57d1-4ced-b44d-fad519da4326)
2019-06-10 09:45:16.225 22705 RALLYDEBUG rally_openstack.cleanup.manager [-] Deleting neutron.port object s_rally_5751f148_905Dct3X (fd32d7f9-8f48-4edb-8b45-9b8eedb581a7)
2019-06-10 09:45:16.489 22705 RALLYDEBUG rally_openstack.cleanup.manager [-] Deleting neutron.port object s_rally_5751f148_TfYZzQmb (fd619b2d-56d6-4b29-a9eb-add5475576fd)
2019-06-10 09:45:16.502 22705 RALLYDEBUG rally_openstack.cleanup.manager [-] Deleting neutron.port object s_rally_5751f148_C9U8YmZc (fda87b2d-eaeb-4a52-9369-1c587013bc66)
2019-06-10 09:45:16.565 22705 RALLYDEBUG rally_openstack.cleanup.manager [-] Deleting neutron.port object s_rally_5751f148_IQyYoJdf (fe1f1679-d39e-4b83-a0c6-41c4d5e350ae)
2019-06-10 09:45:16.570 22705 RALLYDEBUG rally_openstack.cleanup.manager [-] Deleting neutron.port object s_rally_5751f148_yWOoEs2F (fe32cf7d-d1f8-48b1-87fb-41192b52f982)
2019-06-10 09:45:16.620 22705 RALLYDEBUG rally_openstack.cleanup.manager [-] Deleting neutron.port object s_rally_5751f148_BNFEqrG8 (fe3d52df-0a55-4c3a-a600-0d39db0d2e0a)
2019-06-10 09:45:19.409 22705 RALLYDEBUG rally_openstack.cleanup.manager [-] Cleaning up neutron subnet objects
2019-06-10 09:45:20.200 22705 RALLYDEBUG rally_openstack.cleanup.manager [-] Cleaning up neutron network objects
2019-06-10 09:45:20.903 22705 RALLYDEBUG rally_openstack.cleanup.manager [-] Deleting neutron.network object s_rally_5751f148_SnLSS6xL (120686af-95cf-493f-b552-385cfdb34039)
2019-06-10 09:45:20.911 22705 RALLYDEBUG rally_openstack.cleanup.manager [-] Deleting neutron.network object s_rally_5751f148_aL5BnSZU (49e4279d-4746-417a-ae12-20cbdc3f66e3)
2019-06-10 09:45:20.919 22705 RALLYDEBUG rally_openstack.cleanup.manager [-] Deleting neutron.network object s_rally_5751f148_4Dw8fVCx (68d79a8c-61dd-483c-8c97-7d12f6f6a463)
2019-06-10 09:45:20.929 22705 RALLYDEBUG rally_openstack.cleanup.manager [-] Deleting neutron.network object s_rally_5751f148_0amgigwo (9ebee0ae-d327-48c9-88f3-15a9fbdb742a)
2019-06-10 09:45:20.929 22705 RALLYDEBUG rally_openstack.cleanup.manager [-] Deleting neutron.network object s_rally_5751f148_Luc5xqZ9 (7cb6c8a6-ce6c-49bf-b1c7-39cb405fe5b0)
2019-06-10 09:45:20.941 22705 RALLYDEBUG rally_openstack.cleanup.manager [-] Deleting neutron.network object s_rally_5751f148_QlMCh7du (a3dd5d97-9d66-43ba-9e2c-42546d732f87)
2019-06-10 09:45:20.951 22705 RALLYDEBUG rally_openstack.cleanup.manager [-] Deleting neutron.network object s_rally_5751f148_S7CCr0Jk (c2ee07c3-89be-43bf-a833-e8623b86eb2a)
2019-06-10 09:45:20.961 22705 RALLYDEBUG rally_openstack.cleanup.manager [-] Deleting neutron.network object s_rally_5751f148_vhVnSvgB (cd92480f-1941-4a33-a77c-843d2685b62a)
2019-06-10 09:45:25.829 22705 RALLYDEBUG rally_openstack.cleanup.manager [-] Cleaning up neutron router objects
2019-06-10 09:45:26.494 22705 RALLYDEBUG rally_openstack.cleanup.manager [-] Cleaning up neutron security_group objects
2019-06-10 09:45:27.233 22705 INFO rally.task.context [-] Task 7744fe87-7d2d-4bc0-bdb7-fd40811e4a5f | Context cleanup@openstack cleanup() finished in 1.32 min
2019-06-10 09:45:27.234 22705 INFO rally.task.context [-] Task 7744fe87-7d2d-4bc0-bdb7-fd40811e4a5f | Context quotas@openstack cleanup() started
2019-06-10 09:45:27.458 22705 INFO rally.task.context [-] Task 7744fe87-7d2d-4bc0-bdb7-fd40811e4a5f | Context quotas@openstack cleanup() finished in 0.22 sec
2019-06-10 09:45:27.459 22705 INFO rally.task.context [-] Task 7744fe87-7d2d-4bc0-bdb7-fd40811e4a5f | Context users@openstack cleanup() started
2019-06-10 09:45:32.142 22705 INFO rally.task.context [-] Task 7744fe87-7d2d-4bc0-bdb7-fd40811e4a5f | Context users@openstack cleanup() finished in 4.68 sec
2019-06-10 09:45:33.958 22705 INFO rally.task.engine [-] Load duration is: 101.300462
2019-06-10 09:45:33.959 22705 INFO rally.task.engine [-] Full runner duration is: 101.348418
2019-06-10 09:45:33.959 22705 INFO rally.task.engine [-] Full duration is: 190.924973
2019-06-10 09:45:34.172 22705 INFO rally.task.engine [-] Running workload: position = 1 config = { "version": 2, "title": "A cropped version of a bigger task.", "description": "Auto-generated task from a single workload (uuid=082117a5-9451-4c1a-b28f-78e03aedd5ae)", "subtasks": [ { "title": "NeutronNetworks.create_and_update_ports", "description": "Create and update a given number of ports.", "scenario": { "NeutronNetworks.create_and_update_ports": { "network_create_args": {}, "port_create_args": {}, "ports_per_network": 5, "port_update_args": { "admin_state_up": false, "device_id": "dummy_id", "device_owner": "dummy_owner", "name": "_port_updated" } } }, "contexts": { "users": { "tenants": 1, "users_per_tenant": 1 }, "quotas": { "neutron": { "network": -1, "port": -1 } } }, "runner": { "constant": { "times": 40, "concurrency": 20 } }, "hooks": [], "sla": { "failure_rate": { "max": 0 } } } ] }
2019-06-10 09:45:34.195 22705 RALLYDEBUG rally_openstack.contexts.keystone.users [-] Creating 1 tenants using 20 threads
2019-06-10 09:45:35.730 22705 RALLYDEBUG rally_openstack.contexts.keystone.users [-] Creating 1 users using 20 threads
2019-06-10 09:45:38.229 22705 INFO rally.task.context [-] Task 7744fe87-7d2d-4bc0-bdb7-fd40811e4a5f | Context users@openstack setup() finished in 4.03 sec
2019-06-10 09:45:38.971 22705 INFO rally.task.context [-] Task 7744fe87-7d2d-4bc0-bdb7-fd40811e4a5f | Context quotas@openstack setup() finished in 0.74 sec
2019-06-10 09:45:38.972 22705 INFO rally.task.context [-] Task 7744fe87-7d2d-4bc0-bdb7-fd40811e4a5f | Context cleanup@openstack setup() finished in 0.01 msec
2019-06-10 09:45:38.979 22705 RALLYDEBUG rally.task.runner [-] Starting the constant runner (task UUID: 7744fe87-7d2d-4bc0-bdb7-fd40811e4a5f). timeout: 0 concurrency: 20 concurrency_per_worker: 1 times: 40 concurrency_overhead: 4 processes_to_start: 16 max_cpu_used: 16
2019-06-10 09:45:38.992 26581 RALLYDEBUG rally.task.runner [-] Starting a worker. concurrency: 2 args: {"network_create_args": {}, "port_create_args": {}, "ports_per_network": 5, "port_update_args": {"admin_state_up": false, "device_id": "dummy_id", "device_owner": "dummy_owner", "name": "_port_updated"}} times: 40 method_name: run timeout: 0 duration: None cls:
2019-06-10 09:45:38.995 26582 RALLYDEBUG rally.task.runner [-] Starting a worker. concurrency: 2 args: {"network_create_args": {}, "port_create_args": {}, "ports_per_network": 5, "port_update_args": {"admin_state_up": false, "device_id": "dummy_id", "device_owner": "dummy_owner", "name": "_port_updated"}} times: 40 method_name: run timeout: 0 duration: None cls:
2019-06-10 09:45:38.998 26581 INFO rally.task.runner [-] Task 7744fe87-7d2d-4bc0-bdb7-fd40811e4a5f | ITER: 1 START
2019-06-10 09:45:38.998 26583 RALLYDEBUG rally.task.runner [-] Starting a worker. concurrency: 2 args: {"network_create_args": {}, "port_create_args": {}, "ports_per_network": 5, "port_update_args": {"admin_state_up": false, "device_id": "dummy_id", "device_owner": "dummy_owner", "name": "_port_updated"}} times: 40 method_name: run timeout: 0 duration: None cls:
2019-06-10 09:45:39.000 26584 RALLYDEBUG rally.task.runner [-] Starting a worker. concurrency: 2 args: {"network_create_args": {}, "port_create_args": {}, "ports_per_network": 5, "port_update_args": {"admin_state_up": false, "device_id": "dummy_id", "device_owner": "dummy_owner", "name": "_port_updated"}} times: 40 method_name: run timeout: 0 duration: None cls:
2019-06-10 09:45:39.002 26581 WARNING rally_openstack.scenarios.neutron.utils [-] Running this scenario without either the 'network' or 'existing_network' context is deprecated
2019-06-10 09:45:39.003 26582 INFO rally.task.runner [-] Task 7744fe87-7d2d-4bc0-bdb7-fd40811e4a5f | ITER: 2 START
2019-06-10 09:45:39.003 26586 RALLYDEBUG rally.task.runner [-] Starting a worker. concurrency: 1 args: {"network_create_args": {}, "port_create_args": {}, "ports_per_network": 5, "port_update_args": {"admin_state_up": false, "device_id": "dummy_id", "device_owner": "dummy_owner", "name": "_port_updated"}} times: 40 method_name: run timeout: 0 duration: None cls:
2019-06-10 09:45:39.006 26583 INFO rally.task.runner [-] Task 7744fe87-7d2d-4bc0-bdb7-fd40811e4a5f | ITER: 4 START
2019-06-10 09:45:39.007 26583 WARNING rally_openstack.scenarios.neutron.utils [-] Running this scenario without either the 'network' or 'existing_network' context is deprecated
2019-06-10 09:45:39.008 26582 WARNING rally_openstack.scenarios.neutron.utils [-] Running this scenario without either the 'network' or 'existing_network' context is deprecated
2019-06-10 09:45:39.009 26584 INFO rally.task.runner [-] Task 7744fe87-7d2d-4bc0-bdb7-fd40811e4a5f | ITER: 6 START
2019-06-10 09:45:39.011 26582 INFO rally.task.runner [-] Task 7744fe87-7d2d-4bc0-bdb7-fd40811e4a5f | ITER: 5 START
2019-06-10 09:45:39.011 26594 RALLYDEBUG rally.task.runner [-] Starting a worker. concurrency: 1 args: {"network_create_args": {}, "port_create_args": {}, "ports_per_network": 5, "port_update_args": {"admin_state_up": false, "device_id": "dummy_id", "device_owner": "dummy_owner", "name": "_port_updated"}} times: 40 method_name: run timeout: 0 duration: None cls:
2019-06-10 09:45:39.011 26589 RALLYDEBUG rally.task.runner [-] Starting a worker. concurrency: 1 args: {"network_create_args": {}, "port_create_args": {}, "ports_per_network": 5, "port_update_args": {"admin_state_up": false, "device_id": "dummy_id", "device_owner": "dummy_owner", "name": "_port_updated"}} times: 40 method_name: run timeout: 0 duration: None cls:
2019-06-10 09:45:39.012 26582 WARNING rally_openstack.scenarios.neutron.utils [-] Running this scenario without either the 'network' or 'existing_network' context is deprecated
2019-06-10 09:45:39.010 26584 INFO rally.task.runner [-] Task 7744fe87-7d2d-4bc0-bdb7-fd40811e4a5f | ITER: 8 START
2019-06-10 09:45:39.012 26584 WARNING rally_openstack.scenarios.neutron.utils [-] Running this scenario without either the 'network' or 'existing_network' context is deprecated
2019-06-10 09:45:39.013 26586 INFO rally.task.runner [-] Task 7744fe87-7d2d-4bc0-bdb7-fd40811e4a5f | ITER: 9 START
2019-06-10 09:45:39.015 26586 WARNING rally_openstack.scenarios.neutron.utils [-] Running this scenario without either the 'network' or 'existing_network' context is deprecated
2019-06-10 09:45:39.015 26597 RALLYDEBUG rally.task.runner [-] Starting a worker. concurrency: 1 args: {"network_create_args": {}, "port_create_args": {}, "ports_per_network": 5, "port_update_args": {"admin_state_up": false, "device_id": "dummy_id", "device_owner": "dummy_owner", "name": "_port_updated"}} times: 40 method_name: run timeout: 0 duration: None cls:
2019-06-10 09:45:39.018 26589 INFO rally.task.runner [-] Task 7744fe87-7d2d-4bc0-bdb7-fd40811e4a5f | ITER: 11 START
2019-06-10 09:45:39.020 26594 INFO rally.task.runner [-] Task 7744fe87-7d2d-4bc0-bdb7-fd40811e4a5f | ITER: 10 START
2019-06-10 09:45:39.020 26589 WARNING rally_openstack.scenarios.neutron.utils [-] Running this scenario without either the 'network' or 'existing_network' context is deprecated
2019-06-10 09:45:39.009 26583 INFO rally.task.runner [-] Task 7744fe87-7d2d-4bc0-bdb7-fd40811e4a5f | ITER: 7 START
2019-06-10 09:45:39.019 26603 RALLYDEBUG rally.task.runner [-] Starting a worker. concurrency: 1 args: {"network_create_args": {}, "port_create_args": {}, "ports_per_network": 5, "port_update_args": {"admin_state_up": false, "device_id": "dummy_id", "device_owner": "dummy_owner", "name": "_port_updated"}} times: 40 method_name: run timeout: 0 duration: None cls:
2019-06-10 09:45:39.021 26583 WARNING rally_openstack.scenarios.neutron.utils [-] Running this scenario without either the 'network' or 'existing_network' context is deprecated
2019-06-10 09:45:39.021 26581 INFO rally.task.runner [-] Task 7744fe87-7d2d-4bc0-bdb7-fd40811e4a5f | ITER: 3 START
2019-06-10 09:45:39.022 26594 WARNING rally_openstack.scenarios.neutron.utils [-] Running this scenario without either the 'network' or 'existing_network' context is deprecated
2019-06-10 09:45:39.022 26581 WARNING rally_openstack.scenarios.neutron.utils [-] Running this scenario without either the 'network' or 'existing_network' context is deprecated
2019-06-10 09:45:39.013 26584 WARNING rally_openstack.scenarios.neutron.utils [-] Running this scenario without either the 'network' or 'existing_network' context is deprecated
2019-06-10 09:45:39.022 26604 RALLYDEBUG rally.task.runner [-] Starting a worker. concurrency: 1 args: {"network_create_args": {}, "port_create_args": {}, "ports_per_network": 5, "port_update_args": {"admin_state_up": false, "device_id": "dummy_id", "device_owner": "dummy_owner", "name": "_port_updated"}} times: 40 method_name: run timeout: 0 duration: None cls:
2019-06-10 09:45:39.024 26597 INFO rally.task.runner [-] Task 7744fe87-7d2d-4bc0-bdb7-fd40811e4a5f | ITER: 12 START
2019-06-10 09:45:39.024 26605 RALLYDEBUG rally.task.runner [-] Starting a worker. concurrency: 1 args: {"network_create_args": {}, "port_create_args": {}, "ports_per_network": 5, "port_update_args": {"admin_state_up": false, "device_id": "dummy_id", "device_owner": "dummy_owner", "name": "_port_updated"}} times: 40 method_name: run timeout: 0 duration: None cls:
2019-06-10 09:45:39.026 26597 WARNING rally_openstack.scenarios.neutron.utils [-] Running this scenario without either the 'network' or 'existing_network' context is deprecated
2019-06-10 09:45:39.027 26603 INFO rally.task.runner [-] Task 7744fe87-7d2d-4bc0-bdb7-fd40811e4a5f | ITER: 13 START
2019-06-10 09:45:39.027 26610 RALLYDEBUG rally.task.runner [-] Starting a worker. concurrency: 1 args: {"network_create_args": {}, "port_create_args": {}, "ports_per_network": 5, "port_update_args": {"admin_state_up": false, "device_id": "dummy_id", "device_owner": "dummy_owner", "name": "_port_updated"}} times: 40 method_name: run timeout: 0 duration: None cls:
2019-06-10 09:45:39.029 26603 WARNING rally_openstack.scenarios.neutron.utils [-] Running this scenario without either the 'network' or 'existing_network' context is deprecated
2019-06-10 09:45:39.033 26605 INFO rally.task.runner [-] Task 7744fe87-7d2d-4bc0-bdb7-fd40811e4a5f | ITER: 15 START
2019-06-10 09:45:39.035 26605 WARNING rally_openstack.scenarios.neutron.utils [-] Running this scenario without either the 'network' or 'existing_network' context is deprecated
2019-06-10 09:45:39.035 26610 INFO rally.task.runner [-] Task 7744fe87-7d2d-4bc0-bdb7-fd40811e4a5f | ITER: 16 START
2019-06-10 09:45:39.036 26604 INFO rally.task.runner [-] Task 7744fe87-7d2d-4bc0-bdb7-fd40811e4a5f | ITER: 14 START
2019-06-10 09:45:39.037 26610 WARNING rally_openstack.scenarios.neutron.utils [-] Running this scenario without either the 'network' or 'existing_network' context is deprecated
2019-06-10 09:45:39.037 26604 WARNING rally_openstack.scenarios.neutron.utils [-] Running this scenario without either the 'network' or 'existing_network' context is deprecated
2019-06-10 09:45:39.045 26618 RALLYDEBUG rally.task.runner [-] Starting a worker. concurrency: 1 args: {"network_create_args": {}, "port_create_args": {}, "ports_per_network": 5, "port_update_args": {"admin_state_up": false, "device_id": "dummy_id", "device_owner": "dummy_owner", "name": "_port_updated"}} times: 40 method_name: run timeout: 0 duration: None cls:
2019-06-10 09:45:39.048 26623 RALLYDEBUG rally.task.runner [-] Starting a worker. concurrency: 1 args: {"network_create_args": {}, "port_create_args": {}, "ports_per_network": 5, "port_update_args": {"admin_state_up": false, "device_id": "dummy_id", "device_owner": "dummy_owner", "name": "_port_updated"}} times: 40 method_name: run timeout: 0 duration: None cls:
2019-06-10 09:45:39.055 26622 RALLYDEBUG rally.task.runner [-] Starting a worker. concurrency: 1 args: {"network_create_args": {}, "port_create_args": {}, "ports_per_network": 5, "port_update_args": {"admin_state_up": false, "device_id": "dummy_id", "device_owner": "dummy_owner", "name": "_port_updated"}} times: 40 method_name: run timeout: 0 duration: None cls:
2019-06-10 09:45:39.057 26618 INFO rally.task.runner [-] Task 7744fe87-7d2d-4bc0-bdb7-fd40811e4a5f | ITER: 17 START
2019-06-10 09:45:39.058 26623 INFO rally.task.runner [-] Task 7744fe87-7d2d-4bc0-bdb7-fd40811e4a5f | ITER: 18 START
2019-06-10 09:45:39.058 26625 RALLYDEBUG rally.task.runner [-] Starting a worker. concurrency: 1 args: {"network_create_args": {}, "port_create_args": {}, "ports_per_network": 5, "port_update_args": {"admin_state_up": false, "device_id": "dummy_id", "device_owner": "dummy_owner", "name": "_port_updated"}} times: 40 method_name: run timeout: 0 duration: None cls:
2019-06-10 09:45:39.059 26618 WARNING rally_openstack.scenarios.neutron.utils [-] Running this scenario without either the 'network' or 'existing_network' context is deprecated
2019-06-10 09:45:39.059 26623 WARNING rally_openstack.scenarios.neutron.utils [-] Running this scenario without either the 'network' or 'existing_network' context is deprecated
2019-06-10 09:45:39.062 26622 INFO rally.task.runner [-] Task 7744fe87-7d2d-4bc0-bdb7-fd40811e4a5f | ITER: 19 START
2019-06-10 09:45:39.063 26625 INFO rally.task.runner [-] Task 7744fe87-7d2d-4bc0-bdb7-fd40811e4a5f | ITER: 20 START
2019-06-10 09:45:39.063 26622 WARNING rally_openstack.scenarios.neutron.utils [-] Running this scenario without either the 'network' or 'existing_network' context is deprecated
2019-06-10 09:45:39.065 26625 WARNING rally_openstack.scenarios.neutron.utils [-] Running this scenario without either the 'network' or 'existing_network' context is deprecated
2019-06-10 09:45:49.072 26582 INFO rally.task.runner [-] Task 7744fe87-7d2d-4bc0-bdb7-fd40811e4a5f | ITER: 5 END: OK
2019-06-10 09:45:49.077 26582 INFO rally.task.runner [-] Task 7744fe87-7d2d-4bc0-bdb7-fd40811e4a5f | ITER: 21 START
2019-06-10 09:45:49.078 26582 WARNING rally_openstack.scenarios.neutron.utils [-] Running this scenario without either the 'network' or 'existing_network' context is deprecated
2019-06-10 09:45:53.529 26583 INFO rally.task.runner [-] Task 7744fe87-7d2d-4bc0-bdb7-fd40811e4a5f | ITER: 4 END: OK
2019-06-10 09:45:53.534 26583 INFO rally.task.runner [-] Task 7744fe87-7d2d-4bc0-bdb7-fd40811e4a5f | ITER: 22 START
2019-06-10 09:45:53.535 26605 INFO rally.task.runner [-] Task 7744fe87-7d2d-4bc0-bdb7-fd40811e4a5f | ITER: 15 END: OK
2019-06-10 09:45:53.535 26583 WARNING rally_openstack.scenarios.neutron.utils [-] Running this scenario without either the 'network' or 'existing_network' context is deprecated
2019-06-10 09:45:53.539 26605 INFO rally.task.runner [-] Task 7744fe87-7d2d-4bc0-bdb7-fd40811e4a5f | ITER: 23 START
2019-06-10 09:45:53.540 26605 WARNING rally_openstack.scenarios.neutron.utils [-] Running this scenario without either the 'network' or 'existing_network' context is deprecated
2019-06-10 09:45:53.550 26583 INFO rally.task.runner [-] Task 7744fe87-7d2d-4bc0-bdb7-fd40811e4a5f | ITER: 7 END: OK
2019-06-10 09:45:53.556 26586 INFO rally.task.runner [-] Task 7744fe87-7d2d-4bc0-bdb7-fd40811e4a5f | ITER: 9 END: OK
2019-06-10 09:45:53.557 26583 INFO rally.task.runner [-] Task 7744fe87-7d2d-4bc0-bdb7-fd40811e4a5f | ITER: 24 START
2019-06-10 09:45:53.557 26583 WARNING rally_openstack.scenarios.neutron.utils [-] Running this scenario without either the 'network' or 'existing_network' context is deprecated
2019-06-10 09:45:53.561 26586 INFO rally.task.runner [-] Task 7744fe87-7d2d-4bc0-bdb7-fd40811e4a5f | ITER: 25 START
2019-06-10 09:45:53.561 26586 WARNING rally_openstack.scenarios.neutron.utils [-] Running this scenario without either the 'network' or 'existing_network' context is deprecated
2019-06-10 09:45:54.270 26581 INFO rally.task.runner [-] Task 7744fe87-7d2d-4bc0-bdb7-fd40811e4a5f | ITER: 1 END: OK
2019-06-10 09:45:54.271 26581 INFO rally.task.runner [-] Task 7744fe87-7d2d-4bc0-bdb7-fd40811e4a5f | ITER: 3 END: OK
2019-06-10 09:45:54.278 26581 INFO rally.task.runner [-] Task 7744fe87-7d2d-4bc0-bdb7-fd40811e4a5f | ITER: 27 START
2019-06-10 09:45:54.279 26581 WARNING rally_openstack.scenarios.neutron.utils [-] Running this scenario without either the 'network' or 'existing_network' context is deprecated
2019-06-10 09:45:54.280 26581 INFO rally.task.runner [-] Task 7744fe87-7d2d-4bc0-bdb7-fd40811e4a5f | ITER: 26 START
2019-06-10 09:45:54.284 26581 WARNING rally_openstack.scenarios.neutron.utils [-] Running this scenario without either the 'network' or 'existing_network' context is deprecated
2019-06-10 09:45:54.633 26584 INFO rally.task.runner [-] Task 7744fe87-7d2d-4bc0-bdb7-fd40811e4a5f | ITER: 6 END: OK
2019-06-10 09:45:54.638 26584 INFO rally.task.runner [-] Task 7744fe87-7d2d-4bc0-bdb7-fd40811e4a5f | ITER: 28 START
2019-06-10 09:45:54.638 26584 WARNING rally_openstack.scenarios.neutron.utils [-] Running this scenario without either the 'network' or 'existing_network' context is deprecated
2019-06-10 09:45:55.301 26618 INFO rally.task.runner [-] Task 7744fe87-7d2d-4bc0-bdb7-fd40811e4a5f | ITER: 17 END: OK
2019-06-10 09:45:55.305 26618 INFO rally.task.runner [-] Task 7744fe87-7d2d-4bc0-bdb7-fd40811e4a5f | ITER: 29 START
2019-06-10 09:45:55.306 26618 WARNING rally_openstack.scenarios.neutron.utils [-] Running this scenario without either the 'network' or 'existing_network' context is deprecated
2019-06-10 09:45:56.483 26623 INFO rally.task.runner [-] Task 7744fe87-7d2d-4bc0-bdb7-fd40811e4a5f | ITER: 18 END: OK
2019-06-10 09:45:56.488 26623 INFO rally.task.runner [-] Task 7744fe87-7d2d-4bc0-bdb7-fd40811e4a5f | ITER: 30 START
2019-06-10 09:45:56.489 26623 WARNING rally_openstack.scenarios.neutron.utils [-] Running this scenario without either the 'network' or 'existing_network' context is deprecated
2019-06-10 09:45:57.520 26622 INFO rally.task.runner [-] Task 7744fe87-7d2d-4bc0-bdb7-fd40811e4a5f | ITER: 19 END: OK
2019-06-10 09:45:57.525 26622 INFO rally.task.runner [-] Task 7744fe87-7d2d-4bc0-bdb7-fd40811e4a5f | ITER: 31 START
2019-06-10 09:45:57.525 26622 WARNING rally_openstack.scenarios.neutron.utils [-] Running this scenario without either the 'network' or 'existing_network' context is deprecated
2019-06-10 09:45:58.550 26582 INFO rally.task.runner [-] Task 7744fe87-7d2d-4bc0-bdb7-fd40811e4a5f | ITER: 21 END: OK
2019-06-10 09:45:58.554 26582 INFO rally.task.runner [-] Task 7744fe87-7d2d-4bc0-bdb7-fd40811e4a5f | ITER: 32 START
2019-06-10 09:45:58.555 26582 WARNING rally_openstack.scenarios.neutron.utils [-] Running this scenario without either the 'network' or 'existing_network' context is deprecated
2019-06-10 09:46:04.180 26581 INFO rally.task.runner [-] Task 7744fe87-7d2d-4bc0-bdb7-fd40811e4a5f | ITER: 26 END: OK
2019-06-10 09:46:04.185 26581 INFO rally.task.runner [-] Task 7744fe87-7d2d-4bc0-bdb7-fd40811e4a5f | ITER: 33 START
2019-06-10 09:46:04.185 26581 WARNING rally_openstack.scenarios.neutron.utils [-] Running this scenario without either the 'network' or 'existing_network' context is deprecated
2019-06-10 09:46:05.016 26584 INFO rally.task.runner [-] Task 7744fe87-7d2d-4bc0-bdb7-fd40811e4a5f | ITER: 28 END: OK
2019-06-10 09:46:05.020 26584 INFO rally.task.runner [-] Task 7744fe87-7d2d-4bc0-bdb7-fd40811e4a5f | ITER: 34 START
2019-06-10 09:46:05.020 26584 WARNING rally_openstack.scenarios.neutron.utils [-] Running this scenario without either the 'network' or 'existing_network' context is deprecated
2019-06-10 09:46:05.297 26618 INFO rally.task.runner [-] Task 7744fe87-7d2d-4bc0-bdb7-fd40811e4a5f | ITER: 29 END: OK
2019-06-10 09:46:05.302 26618 INFO rally.task.runner [-] Task 7744fe87-7d2d-4bc0-bdb7-fd40811e4a5f | ITER: 35 START
2019-06-10 09:46:05.303 26618 WARNING rally_openstack.scenarios.neutron.utils [-] Running this scenario without either the 'network' or 'existing_network' context is deprecated
2019-06-10 09:46:06.515 26623 INFO rally.task.runner [-] Task 7744fe87-7d2d-4bc0-bdb7-fd40811e4a5f | ITER: 30 END: OK
2019-06-10 09:46:06.519 26623 INFO rally.task.runner [-] Task 7744fe87-7d2d-4bc0-bdb7-fd40811e4a5f | ITER: 36 START
2019-06-10 09:46:06.520 26623 WARNING rally_openstack.scenarios.neutron.utils [-] Running this scenario without either the 'network' or 'existing_network' context is deprecated
2019-06-10 09:46:08.080 26582 INFO rally.task.runner [-] Task 7744fe87-7d2d-4bc0-bdb7-fd40811e4a5f | ITER: 32 END: OK
2019-06-10 09:46:08.085 26582 INFO rally.task.runner [-] Task 7744fe87-7d2d-4bc0-bdb7-fd40811e4a5f | ITER: 37 START
2019-06-10 09:46:08.086 26582 WARNING rally_openstack.scenarios.neutron.utils [-] Running this scenario without either the 'network' or 'existing_network' context is deprecated
2019-06-10 09:46:08.875 26605 INFO rally.task.runner [-] Task 7744fe87-7d2d-4bc0-bdb7-fd40811e4a5f | ITER: 23 END: OK
2019-06-10 09:46:08.883 26605 INFO rally.task.runner [-] Task 7744fe87-7d2d-4bc0-bdb7-fd40811e4a5f | ITER: 38 START
2019-06-10 09:46:08.884 26605 WARNING rally_openstack.scenarios.neutron.utils [-] Running this scenario without either the 'network' or 'existing_network' context is deprecated
2019-06-10 09:46:08.934 26583 INFO rally.task.runner [-] Task 7744fe87-7d2d-4bc0-bdb7-fd40811e4a5f | ITER: 24 END: OK
2019-06-10 09:46:08.938 26583 INFO rally.task.runner [-] Task 7744fe87-7d2d-4bc0-bdb7-fd40811e4a5f | ITER: 39 START
2019-06-10 09:46:08.939 26583 WARNING rally_openstack.scenarios.neutron.utils [-] Running this scenario without either the 'network' or 'existing_network' context is deprecated
2019-06-10 09:46:09.609 26586 INFO rally.task.runner [-] Task 7744fe87-7d2d-4bc0-bdb7-fd40811e4a5f | ITER: 25 END: OK
2019-06-10 09:46:09.613 26586 INFO rally.task.runner [-] Task 7744fe87-7d2d-4bc0-bdb7-fd40811e4a5f | ITER: 40 START
2019-06-10 09:46:09.614 26586 WARNING rally_openstack.scenarios.neutron.utils [-] Running this scenario without either the 'network' or 'existing_network' context is deprecated
2019-06-10 09:46:09.855 26583 INFO rally.task.runner [-] Task 7744fe87-7d2d-4bc0-bdb7-fd40811e4a5f | ITER: 22 END: OK
2019-06-10 09:46:10.022 26581 INFO rally.task.runner [-] Task 7744fe87-7d2d-4bc0-bdb7-fd40811e4a5f | ITER: 27 END: OK
2019-06-10 09:46:11.870 26589 INFO rally.task.runner [-] Task 7744fe87-7d2d-4bc0-bdb7-fd40811e4a5f | ITER: 11 END: OK
2019-06-10 09:46:12.367 26594 INFO rally.task.runner [-] Task 7744fe87-7d2d-4bc0-bdb7-fd40811e4a5f | ITER: 10 END: OK
2019-06-10 09:46:12.390 26603 INFO rally.task.runner [-] Task 7744fe87-7d2d-4bc0-bdb7-fd40811e4a5f | ITER: 13 END: OK
2019-06-10 09:46:12.574 26597 INFO rally.task.runner [-] Task 7744fe87-7d2d-4bc0-bdb7-fd40811e4a5f | ITER: 12 END: OK
2019-06-10 09:46:13.202 26622 INFO rally.task.runner [-] Task 7744fe87-7d2d-4bc0-bdb7-fd40811e4a5f | ITER: 31 END: OK
2019-06-10 09:46:13.377 26581 INFO rally.task.runner [-] Task 7744fe87-7d2d-4bc0-bdb7-fd40811e4a5f | ITER: 33 END: OK
2019-06-10 09:46:13.890 26618 INFO rally.task.runner [-] Task 7744fe87-7d2d-4bc0-bdb7-fd40811e4a5f | ITER: 35 END: OK
2019-06-10 09:46:14.677 26584 INFO rally.task.runner [-] Task 7744fe87-7d2d-4bc0-bdb7-fd40811e4a5f | ITER: 34 END: OK
2019-06-10 09:46:16.855 26582 INFO rally.task.runner [-] Task 7744fe87-7d2d-4bc0-bdb7-fd40811e4a5f | ITER: 37 END: OK
2019-06-10 09:46:17.515 26605 INFO rally.task.runner [-] Task 7744fe87-7d2d-4bc0-bdb7-fd40811e4a5f | ITER: 38 END: OK
2019-06-10 09:46:18.029 26586 INFO rally.task.runner [-] Task 7744fe87-7d2d-4bc0-bdb7-fd40811e4a5f | ITER: 40 END: OK
2019-06-10 09:46:18.209 26582 INFO rally.task.runner [-] Task 7744fe87-7d2d-4bc0-bdb7-fd40811e4a5f | ITER: 2 END: OK
2019-06-10 09:46:19.054 26625 INFO rally.task.runner [-] Task 7744fe87-7d2d-4bc0-bdb7-fd40811e4a5f | ITER: 20 END: OK
2019-06-10 09:46:19.076 26623 INFO rally.task.runner [-] Task 7744fe87-7d2d-4bc0-bdb7-fd40811e4a5f | ITER: 36 END: OK
2019-06-10 09:46:19.169 26604 INFO rally.task.runner [-] Task 7744fe87-7d2d-4bc0-bdb7-fd40811e4a5f | ITER: 14 END: OK
2019-06-10 09:46:19.299 26584 INFO rally.task.runner [-] Task 7744fe87-7d2d-4bc0-bdb7-fd40811e4a5f | ITER: 8 END: OK
2019-06-10 09:46:19.308 26610 INFO rally.task.runner [-] Task 7744fe87-7d2d-4bc0-bdb7-fd40811e4a5f | ITER: 16 END: OK
2019-06-10 09:46:20.737 26583 INFO rally.task.runner [-] Task 7744fe87-7d2d-4bc0-bdb7-fd40811e4a5f | ITER: 39 END: OK
2019-06-10 09:46:20.762 22705 INFO rally.task.context [-] Task 7744fe87-7d2d-4bc0-bdb7-fd40811e4a5f | Context cleanup@openstack cleanup() started
2019-06-10 09:46:20.764 22705 RALLYDEBUG rally_openstack.cleanup.manager [-] Cleaning up neutron vip objects
2019-06-10 09:46:21.383 22705 RALLYDEBUG rally_openstack.cleanup.manager [-] Cleaning up neutron health_monitor objects
2019-06-10 09:46:21.990 22705 RALLYDEBUG rally_openstack.cleanup.manager [-] Cleaning up neutron pool objects
2019-06-10 09:46:22.707 22705 RALLYDEBUG rally_openstack.cleanup.manager [-] Cleaning up neutron loadbalancer objects
2019-06-10 09:46:23.407 22705 RALLYDEBUG rally_openstack.cleanup.manager [-] Cleaning up neutron floatingip objects
2019-06-10 09:46:24.058 22705 RALLYDEBUG rally_openstack.cleanup.manager [-] Cleaning up neutron port objects
2019-06-10 09:46:25.177 22705 RALLYDEBUG rally_openstack.cleanup.manager [-] Deleting neutron.port object s_rally_082117a5_7BAPiSUL (0a30e551-2d04-4e1b-a01e-aa02f19c4933)
2019-06-10 09:46:25.178 22705 RALLYDEBUG rally_openstack.cleanup.manager [-] Deleting neutron.port object s_rally_082117a5_ePKgHzlr (014cf41a-2cb9-49e7-a7df-aa0dfdedb0e1)
2019-06-10 09:46:25.183 22705 RALLYDEBUG rally_openstack.cleanup.manager [-] Deleting neutron.port object s_rally_082117a5_FfjqWmwE (07ce4924-e85c-4ed9-9ae4-be56bcad7b54)
2019-06-10 09:46:25.185 22705 RALLYDEBUG rally_openstack.cleanup.manager [-] Deleting neutron.port object s_rally_082117a5_x0szAaAL (0b975237-3b75-47ff-b2f1-2c3a50e1b3ee)
2019-06-10 09:46:25.190 22705 RALLYDEBUG rally_openstack.cleanup.manager [-] Deleting neutron.port object s_rally_082117a5_4mvHdALz (0cd4d098-18a9-43fc-b7cf-e07a9ff78ca6)
2019-06-10 09:46:25.192 22705 RALLYDEBUG rally_openstack.cleanup.manager [-] Deleting neutron.port object s_rally_082117a5_35peJZz1 (0c4d3ad1-1c96-4e93-8700-a6ec40240124)
2019-06-10 09:46:25.195 22705 RALLYDEBUG rally_openstack.cleanup.manager [-] Deleting neutron.port object s_rally_082117a5_fQVwW02d (0255b3c7-c3d9-4d31-b4f8-6838347b1b30)
2019-06-10 09:46:25.196 22705 RALLYDEBUG rally_openstack.cleanup.manager [-] Deleting neutron.port object s_rally_082117a5_OIHCqjrW (0af6479b-1ed7-4685-94b5-18702741a7e9)
2019-06-10 09:46:25.197 22705 RALLYDEBUG rally_openstack.cleanup.manager [-] Deleting neutron.port object s_rally_082117a5_ZzSUNj26 (021c2a66-cc6f-4096-b415-595778f6a8d5)
2019-06-10 09:46:25.206 22705 RALLYDEBUG rally_openstack.cleanup.manager [-] Deleting neutron.port object s_rally_082117a5_GaYuhwoY (0135f75f-946b-4080-9df2-dcbc664a67ea)
2019-06-10 09:46:25.213 22705 RALLYDEBUG rally_openstack.cleanup.manager [-] Deleting neutron.port object s_rally_082117a5_M7uZUmkV (0ab125e6-a566-47dd-bf0a-4ceaee36da36)
2019-06-10 09:46:25.220 22705 RALLYDEBUG rally_openstack.cleanup.manager [-] Deleting neutron.port object s_rally_082117a5_UVMe8Amn (0cf9baf7-67a0-4465-af07-4cab389251ef)
2019-06-10 09:46:25.226 22705 RALLYDEBUG rally_openstack.cleanup.manager [-] Deleting neutron.port object s_rally_082117a5_nCRkE98P (094dc17a-0bdb-48b7-8a93-6eb8710dc1de)
2019-06-10 09:46:25.242 22705 RALLYDEBUG rally_openstack.cleanup.manager [-] Deleting neutron.port object s_rally_082117a5_TC2Fs1GF (10a2e774-f3ee-4760-affb-ee0d9012f3cf)
2019-06-10 09:46:25.243 22705 RALLYDEBUG rally_openstack.cleanup.manager [-] Deleting neutron.port object s_rally_082117a5_eOmNHb8d (0dcc32da-0077-463b-b942-f486bbda80a1)
2019-06-10 09:46:25.247 22705 RALLYDEBUG rally_openstack.cleanup.manager [-] Deleting neutron.port object s_rally_082117a5_6Mzk4gpP (158b41e8-aa1d-4fbe-bd50-3ecb498ea57e)
2019-06-10 09:46:25.255 22705 RALLYDEBUG rally_openstack.cleanup.manager [-] Deleting neutron.port object s_rally_082117a5_trJzNbZC (13f39ced-6961-42db-aed8-a21692e6f26a)
2019-06-10 09:46:25.254 22705 RALLYDEBUG rally_openstack.cleanup.manager [-] Deleting neutron.port object s_rally_082117a5_LcmXamqz (0309f36a-e909-4a91-81e3-503248065469)
2019-06-10 09:46:25.259 22705 RALLYDEBUG rally_openstack.cleanup.manager [-] Deleting neutron.port object s_rally_082117a5_3SCb8Dkw (139ed5eb-a0ec-4405-9b2d-c947f0edf4c3)
2019-06-10 09:46:25.297 22705 RALLYDEBUG rally_openstack.cleanup.manager [-] Deleting neutron.port object s_rally_082117a5_axVM4LqN (164a9c06-f37d-4de4-947b-bbf85b82dd38)
2019-06-10 09:46:27.607 22705 RALLYDEBUG rally_openstack.cleanup.manager [-] Deleting neutron.port object s_rally_082117a5_0arkk682 (16ee82e7-271e-4576-89fa-085920c8b41b)
2019-06-10 09:46:27.660 22705 RALLYDEBUG rally_openstack.cleanup.manager [-] Deleting neutron.port object s_rally_082117a5_3KWZvMzq (1949c6da-1bf3-4658-a849-c26985a0a842)
2019-06-10 09:46:29.368 22705 RALLYDEBUG rally_openstack.cleanup.manager [-] Deleting neutron.port object s_rally_082117a5_gQVGOgKK (1d1a08dd-aa56-481d-972c-f658e8523de9)
2019-06-10 09:46:31.193 22705 RALLYDEBUG rally_openstack.cleanup.manager [-] Deleting neutron.port object s_rally_082117a5_diiWClJN (1dc1078c-3d35-45fa-a809-4d994078da3f)
2019-06-10 09:46:31.194 22705 RALLYDEBUG rally_openstack.cleanup.manager [-] Deleting neutron.port object s_rally_082117a5_Xcr0PbjE (1f4dda5f-0827-42b7-a81d-509ef6d366f0)
2019-06-10 09:46:31.312 22705 RALLYDEBUG rally_openstack.cleanup.manager [-] Deleting neutron.port object s_rally_082117a5_z8GCHA4E (213217ce-c51e-4938-be05-f977d7e36065)
2019-06-10 09:46:31.641 22705 RALLYDEBUG rally_openstack.cleanup.manager [-] Deleting neutron.port object s_rally_082117a5_Y7eISOpL (2156a87a-2221-489b-a992-94a733539c7b)
2019-06-10 09:46:31.657 22705 RALLYDEBUG rally_openstack.cleanup.manager [-] Deleting neutron.port object s_rally_082117a5_uuic2N1C (221cc436-c862-4f2e-b865-47f0c159b11a)
2019-06-10 09:46:31.660 22705 RALLYDEBUG rally_openstack.cleanup.manager [-] Deleting neutron.port object s_rally_082117a5_L6Pg2kth (23be29ad-0ea9-410e-bdde-568bd7882700)
2019-06-10 09:46:31.665 22705 RALLYDEBUG rally_openstack.cleanup.manager [-] Deleting neutron.port object s_rally_082117a5_31H4ziMD (274bc3c1-0092-4e3a-9bd2-7af2fde5742e)
2019-06-10 09:46:31.670 22705 RALLYDEBUG rally_openstack.cleanup.manager [-] Deleting neutron.port object s_rally_082117a5_b2Fc9fSQ (245e6106-9f03-444e-a5f2-abf36c85bdbd)
2019-06-10 09:46:32.027 22705 RALLYDEBUG rally_openstack.cleanup.manager [-] Deleting neutron.port object s_rally_082117a5_coxevXzs (28835056-4995-41ce-b3b4-bf45c7acb75c)
2019-06-10 09:46:32.444 22705 RALLYDEBUG rally_openstack.cleanup.manager [-] Deleting neutron.port object s_rally_082117a5_kShljFFl (2ed6333a-6c68-4604-bd22-a4a3fc4ead4b)
2019-06-10 09:46:32.447 22705 RALLYDEBUG rally_openstack.cleanup.manager [-] Deleting neutron.port object s_rally_082117a5_pubumMuU (2c3fd8fd-fc1a-469f-a19a-85225af45e89)
2019-06-10 09:46:32.496 22705 RALLYDEBUG rally_openstack.cleanup.manager [-] Deleting neutron.port object s_rally_082117a5_DXnNoZlm (2f6d302d-deaf-49a3-a510-56af548a1726)
2019-06-10 09:46:32.541 22705 RALLYDEBUG rally_openstack.cleanup.manager [-] Deleting neutron.port object s_rally_082117a5_sCE5tYG5 (308b1560-09bb-42fc-81e8-6f591ef14d79)
2019-06-10 09:46:32.585 22705 RALLYDEBUG rally_openstack.cleanup.manager [-] Deleting neutron.port object s_rally_082117a5_dbl3SCPB (3252a7f3-ebb3-4097-8842-db6a6147c762)
2019-06-10 09:46:33.338 22705 RALLYDEBUG rally_openstack.cleanup.manager [-] Deleting neutron.port object s_rally_082117a5_CR1DDPA9 (33662fc7-449e-4d35-9706-aac979daec0f)
2019-06-10 09:46:33.351 22705 RALLYDEBUG rally_openstack.cleanup.manager [-] Deleting neutron.port object s_rally_082117a5_iDBJVfuN (35788dc1-f418-4d99-97b4-afd27a301fd0)
2019-06-10 09:46:33.406 22705 RALLYDEBUG rally_openstack.cleanup.manager [-] Deleting neutron.port object s_rally_082117a5_haW8QgdP (3837dcdc-3b18-4e21-8baf-b01f6dc0e48c)
2019-06-10 09:46:33.413 22705 RALLYDEBUG rally_openstack.cleanup.manager [-] Deleting neutron.port object s_rally_082117a5_ir4TfKG2 (38a36328-f85d-420c-99ae-cf4633db2531)
2019-06-10 09:46:33.417 22705 RALLYDEBUG rally_openstack.cleanup.manager [-] Deleting neutron.port object s_rally_082117a5_COjJFnLB (38ca1a14-61ec-49ee-a4c8-ba42d1d1f8b9)
2019-06-10 09:46:33.429 22705 RALLYDEBUG rally_openstack.cleanup.manager [-] Deleting neutron.port object s_rally_082117a5_JL3m79rf (38eef87e-ada1-4385-9367-2fc365b6a26d)
2019-06-10 09:46:33.457 22705 RALLYDEBUG rally_openstack.cleanup.manager [-] Deleting neutron.port object s_rally_082117a5_vmULihRD (39056a89-70e7-4e77-971b-e66ae145cf7e)
2019-06-10 09:46:33.943 22705 RALLYDEBUG rally_openstack.cleanup.manager [-] Deleting neutron.port object s_rally_082117a5_mtX1tBTG (3b543f44-877c-443a-9abb-f977755ae4fa)
2019-06-10 09:46:34.000 22705 RALLYDEBUG rally_openstack.cleanup.manager [-] Deleting neutron.port object s_rally_082117a5_R8Rw8tnR (3b92047e-766f-4162-87bf-69855d2fbdb6)
2019-06-10 09:46:34.112 22705 RALLYDEBUG rally_openstack.cleanup.manager [-] Deleting neutron.port object s_rally_082117a5_Hs5Y3KCH (3ca78e63-cb12-42ec-946f-c8b6ca8cf488)
2019-06-10 09:46:34.273 22705 RALLYDEBUG rally_openstack.cleanup.manager [-] Deleting neutron.port object s_rally_082117a5_O78b1HnQ (3dbc6446-48a5-4522-8ace-735e19f4904e)
2019-06-10 09:46:34.320 22705 RALLYDEBUG rally_openstack.cleanup.manager [-] Deleting neutron.port object s_rally_082117a5_QyxHcRvD (3e0aa027-ce76-4d60-a1c7-8e57dac34a66)
2019-06-10 09:46:34.708 22705 RALLYDEBUG rally_openstack.cleanup.manager [-] Deleting neutron.port object s_rally_082117a5_KSGgjwd8 (3ee2b65a-41e6-4ba8-a130-65b0f1866cca)
2019-06-10 09:46:34.868 22705 RALLYDEBUG rally_openstack.cleanup.manager [-] Deleting neutron.port object s_rally_082117a5_AAYsrjMe (3f183652-68e4-498e-9ef2-a0b6560f68f7)
2019-06-10 09:46:34.868 22705 RALLYDEBUG rally_openstack.cleanup.manager [-] Deleting neutron.port object s_rally_082117a5_jSU7Z0eU (3f54d8c4-5b0f-4d24-b8d7-5b6d04940d31)
2019-06-10 09:46:34.879 22705 RALLYDEBUG rally_openstack.cleanup.manager [-] Deleting neutron.port object s_rally_082117a5_J2ILVXtD (3f7b162c-0726-4fce-8471-89479673c532)
2019-06-10 09:46:35.033 22705 RALLYDEBUG rally_openstack.cleanup.manager [-] Deleting neutron.port object s_rally_082117a5_i2bLBmFx (3fc6dbe8-832b-4de0-be8e-bdc28f193b23)
2019-06-10 09:46:35.929 22705 RALLYDEBUG rally_openstack.cleanup.manager [-] Deleting neutron.port object s_rally_082117a5_Wm5HoEcu (3fe6f28d-1f3b-408b-84ab-86315d16ba18)
2019-06-10 09:46:35.944 22705 RALLYDEBUG rally_openstack.cleanup.manager [-] Deleting neutron.port object s_rally_082117a5_DNd6KXs3 (42b2b10f-9fa8-4884-bcb2-dc0115b86bc3)
2019-06-10 09:46:36.028 22705 RALLYDEBUG rally_openstack.cleanup.manager [-] Deleting neutron.port object s_rally_082117a5_NXnsGtTd (42d8f2d8-423b-4a0b-b425-799105d57088)
2019-06-10 09:46:36.050 22705 RALLYDEBUG rally_openstack.cleanup.manager [-] Deleting neutron.port object s_rally_082117a5_OrudaMUJ (42e73e92-7c5a-40be-9307-d48efb921d4b)
2019-06-10 09:46:36.209 22705 RALLYDEBUG rally_openstack.cleanup.manager [-] Deleting neutron.port object s_rally_082117a5_yQ97k5vW (43309704-c3de-4225-a0b6-e1555da1fbb4)
2019-06-10 09:46:36.352 22705 RALLYDEBUG rally_openstack.cleanup.manager [-] Deleting neutron.port object s_rally_082117a5_ZYhl5Oxa (44547a0f-b0a3-475a-a298-f254bfc44a9a)
2019-06-10 09:46:36.713 22705 RALLYDEBUG rally_openstack.cleanup.manager [-] Deleting neutron.port object s_rally_082117a5_lQPnJNLa (469bdb35-65b4-4d5d-afb0-1cea4c2a6132)
2019-06-10 09:46:36.722 22705 RALLYDEBUG rally_openstack.cleanup.manager [-] Deleting neutron.port object s_rally_082117a5_4MOjdqGS (4b087bdf-3f11-4d6e-a830-e475978ce18e)
2019-06-10 09:46:36.738 22705 RALLYDEBUG rally_openstack.cleanup.manager [-] Deleting neutron.port object s_rally_082117a5_wHHo8m3a (4baadf97-9fab-41f7-a4ea-705ed54d0108)
2019-06-10 09:46:36.748 22705 RALLYDEBUG rally_openstack.cleanup.manager [-] Deleting neutron.port object s_rally_082117a5_cxYluEm3 (4d360605-0086-4f76-90b4-36a70d621e5e)
2019-06-10 09:46:36.781 22705 RALLYDEBUG rally_openstack.cleanup.manager [-] Deleting neutron.port object s_rally_082117a5_gitaKvmp (4de96aef-559e-4018-a2a0-6b60ba40abf3)
2019-06-10 09:46:37.237 22705 RALLYDEBUG rally_openstack.cleanup.manager [-] Deleting neutron.port object s_rally_082117a5_fbDaUfhX (4efe44e7-3fbb-41b8-8ce8-b0f1aa29f6ad)
2019-06-10 09:46:37.240 22705 RALLYDEBUG rally_openstack.cleanup.manager [-] Deleting neutron.port object s_rally_082117a5_WDboHE1f (4ef7c65d-ad0a-47ee-975c-bd1961e11dc3)
2019-06-10 09:46:37.307 22705 RALLYDEBUG rally_openstack.cleanup.manager [-] Deleting neutron.port object s_rally_082117a5_MGY6XIz4 (502add51-ceba-4260-b8a5-82bf87640f29)
2019-06-10 09:46:37.449 22705 RALLYDEBUG rally_openstack.cleanup.manager [-] Deleting neutron.port object s_rally_082117a5_27NbF7ra (5076a7ee-c59a-4523-a8ac-d551a19b236c)
