2019-06-10 09:25:36.783 22696 RALLYDEBUG rally.api [-] INFO logs from urllib3 and requests module are hide.
2019-06-10 09:25:36.783 22696 RALLYDEBUG rally.api [-] urllib3 insecure warnings are hidden.
2019-06-10 09:25:36.783 22696 RALLYDEBUG rally.api [-] ERROR log from boto module is hide.
2019-06-10 09:25:39.130 22698 RALLYDEBUG rally.api [-] INFO logs from urllib3 and requests module are hide.
2019-06-10 09:25:39.130 22698 RALLYDEBUG rally.api [-] urllib3 insecure warnings are hidden.
2019-06-10 09:25:39.130 22698 RALLYDEBUG rally.api [-] ERROR log from boto module is hide.
2019-06-10 09:25:40.431 22698 WARNING rally_openstack.platforms.existing [-] endpoint is deprecated and not used.
2019-06-10 09:25:41.406 22700 RALLYDEBUG rally.api [-] INFO logs from urllib3 and requests module are hide.
2019-06-10 09:25:41.406 22700 RALLYDEBUG rally.api [-] urllib3 insecure warnings are hidden.
2019-06-10 09:25:41.406 22700 RALLYDEBUG rally.api [-] ERROR log from boto module is hide.
2019-06-10 09:25:44.674 22703 RALLYDEBUG rally.api [-] INFO logs from urllib3 and requests module are hide.
2019-06-10 09:25:44.674 22703 RALLYDEBUG rally.api [-] urllib3 insecure warnings are hidden.
2019-06-10 09:25:44.674 22703 RALLYDEBUG rally.api [-] ERROR log from boto module is hide.
2019-06-10 09:25:46.639 22705 RALLYDEBUG rally.api [-] INFO logs from urllib3 and requests module are hide.
2019-06-10 09:25:46.639 22705 RALLYDEBUG rally.api [-] urllib3 insecure warnings are hidden.
2019-06-10 09:25:46.639 22705 RALLYDEBUG rally.api [-] ERROR log from boto module is hide.
2019-06-10 09:25:47.835 22705 INFO rally.common.plugin.discover [-] Loading plugins from directories /root/.rally/plugins/*
2019-06-10 09:25:47.835 22705 INFO rally.common.plugin.discover [-] Loaded module with plugins: /root/.rally/plugins/__init__.py
2019-06-10 09:25:47.838 22705 INFO rally.common.plugin.discover [-] Loaded module with plugins: /root/.rally/plugins/trunk_scenario.py
2019-06-10 09:25:48.036 22705 INFO rally.task.engine [-] Task 7744fe87-7d2d-4bc0-bdb7-fd40811e4a5f | Starting: Task validation.
2019-06-10 09:25:48.083 22705 INFO rally.task.engine [-] Task 7744fe87-7d2d-4bc0-bdb7-fd40811e4a5f | Starting: Task validation of syntax.
2019-06-10 09:25:48.322 22705 INFO rally.task.engine [-] Task 7744fe87-7d2d-4bc0-bdb7-fd40811e4a5f | Completed: Task validation of syntax.
2019-06-10 09:25:48.323 22705 INFO rally.task.engine [-] Task 7744fe87-7d2d-4bc0-bdb7-fd40811e4a5f | Starting: Task validation of required platforms.
2019-06-10 09:25:48.398 22705 INFO rally.task.engine [-] Task 7744fe87-7d2d-4bc0-bdb7-fd40811e4a5f | Completed: Task validation of required platforms.
2019-06-10 09:25:48.398 22705 INFO rally.task.engine [-] Task 7744fe87-7d2d-4bc0-bdb7-fd40811e4a5f | Starting: Task validation of semantic.
2019-06-10 09:25:48.398 22705 INFO rally.task.engine [-] Check health of the environment '73e6a5c5-7743-480e-8dd1-70abbed74bdc'.
2019-06-10 09:25:49.205 22705 INFO rally.task.engine [-] Platform existing@openstack (available: True): OK!
2019-06-10 09:25:49.223 22705 RALLYDEBUG rally_openstack.contexts.keystone.users [-] Creating 1 tenants using 20 threads
2019-06-10 09:25:51.010 22705 RALLYDEBUG rally_openstack.contexts.keystone.users [-] Creating 1 users using 20 threads
2019-06-10 09:25:53.488 22705 INFO rally.task.context [-] Task 7744fe87-7d2d-4bc0-bdb7-fd40811e4a5f | Context users@openstack setup() finished in 4.26 sec
2019-06-10 09:25:59.834 22705 INFO rally.task.context [-] Task 7744fe87-7d2d-4bc0-bdb7-fd40811e4a5f | Context users@openstack cleanup() started
2019-06-10 09:26:04.183 22705 INFO rally.task.context [-] Task 7744fe87-7d2d-4bc0-bdb7-fd40811e4a5f | Context users@openstack cleanup() finished in 4.35 sec
2019-06-10 09:26:04.184 22705 INFO rally.task.engine [-] Task 7744fe87-7d2d-4bc0-bdb7-fd40811e4a5f | Completed: Task validation of semantic.
2019-06-10 09:26:04.184 22705 INFO rally.task.engine [-] Task 7744fe87-7d2d-4bc0-bdb7-fd40811e4a5f | Completed: Task validation.
2019-06-10 09:26:04.185 22705 INFO rally.api [-] Task 7744fe87-7d2d-4bc0-bdb7-fd40811e4a5f input file is valid.
2019-06-10 09:26:04.185 22705 INFO rally.api [-] Run Task 7744fe87-7d2d-4bc0-bdb7-fd40811e4a5f against Deployment 73e6a5c5-7743-480e-8dd1-70abbed74bdc
2019-06-10 09:26:04.185 22705 INFO rally.task.engine [-] Task 7744fe87-7d2d-4bc0-bdb7-fd40811e4a5f | Starting: Running task.
2019-06-10 09:26:04.366 22705 INFO rally.task.engine [-] Running workload: position = 0 config = { "version": 2, "title": "A cropped version of a bigger task.", "description": "Auto-generated task from a single workload (uuid=a8a08a66-1365-4c1c-b5d1-ef8e7de2cde0)", "subtasks": [ { "title": "NeutronNetworks.create_and_list_networks", "description": "Check performance of list_networks action and ensure > network quotas are not exceeded", "scenario": { "NeutronNetworks.create_and_list_networks": {} }, "contexts": { "users": { "tenants": 1, "users_per_tenant": 1 }, "quotas": { "neutron": { "network": 119 } } }, "runner": { "constant": { "times": 100, "concurrency": 20 } }, "hooks": [], "sla": { "max_avg_duration_per_atomic": { "neutron.list_networks": 15 }, "failure_rate": { "max": 0 } } } ] }
2019-06-10 09:26:04.389 22705 RALLYDEBUG rally_openstack.contexts.keystone.users [-] Creating 1 tenants using 20 threads
2019-06-10 09:26:06.172 22705 RALLYDEBUG rally_openstack.contexts.keystone.users [-] Creating 1 users using 20 threads
2019-06-10 09:26:08.724 22705 INFO rally.task.context [-] Task 7744fe87-7d2d-4bc0-bdb7-fd40811e4a5f | Context users@openstack setup() finished in 4.34 sec
2019-06-10 09:26:09.452 22705 INFO rally.task.context [-] Task 7744fe87-7d2d-4bc0-bdb7-fd40811e4a5f | Context quotas@openstack setup() finished in 0.73 sec
2019-06-10 09:26:09.453 22705 INFO rally.task.context [-] Task 7744fe87-7d2d-4bc0-bdb7-fd40811e4a5f | Context cleanup@openstack setup() finished in 0.03 msec
2019-06-10 09:26:09.460 22705 RALLYDEBUG rally.task.runner [-] Starting the constant runner (task UUID: 7744fe87-7d2d-4bc0-bdb7-fd40811e4a5f). timeout: 0 concurrency: 20 concurrency_per_worker: 1 times: 100 concurrency_overhead: 4 processes_to_start: 16 max_cpu_used: 16
2019-06-10 09:26:09.473 22829 RALLYDEBUG rally.task.runner [-] Starting a worker. concurrency: 2 args: {} times: 100 method_name: run timeout: 0 duration: None cls:
2019-06-10 09:26:09.475 22830 RALLYDEBUG rally.task.runner [-] Starting a worker. concurrency: 2 args: {} times: 100 method_name: run timeout: 0 duration: None cls:
2019-06-10 09:26:09.477 22831 RALLYDEBUG rally.task.runner [-] Starting a worker. concurrency: 2 args: {} times: 100 method_name: run timeout: 0 duration: None cls:
2019-06-10 09:26:09.480 22832 RALLYDEBUG rally.task.runner [-] Starting a worker. concurrency: 2 args: {} times: 100 method_name: run timeout: 0 duration: None cls:
2019-06-10 09:26:09.482 22829 INFO rally.task.runner [-] Task 7744fe87-7d2d-4bc0-bdb7-fd40811e4a5f | ITER: 1 START
2019-06-10 09:26:09.483 22831 INFO rally.task.runner [-] Task 7744fe87-7d2d-4bc0-bdb7-fd40811e4a5f | ITER: 4 START
2019-06-10 09:26:09.484 22830 INFO rally.task.runner [-] Task 7744fe87-7d2d-4bc0-bdb7-fd40811e4a5f | ITER: 2 START
2019-06-10 09:26:09.484 22835 RALLYDEBUG rally.task.runner [-] Starting a worker. concurrency: 1 args: {} times: 100 method_name: run timeout: 0 duration: None cls:
2019-06-10 09:26:09.486 22838 RALLYDEBUG rally.task.runner [-] Starting a worker. concurrency: 1 args: {} times: 100 method_name: run timeout: 0 duration: None cls:
2019-06-10 09:26:09.490 22832 INFO rally.task.runner [-] Task 7744fe87-7d2d-4bc0-bdb7-fd40811e4a5f | ITER: 6 START
2019-06-10 09:26:09.491 22831 INFO rally.task.runner [-] Task 7744fe87-7d2d-4bc0-bdb7-fd40811e4a5f | ITER: 7 START
2019-06-10 09:26:09.490 22842 RALLYDEBUG rally.task.runner [-] Starting a worker. concurrency: 1 args: {} times: 100 method_name: run timeout: 0 duration: None cls:
2019-06-10 09:26:09.483 22829 INFO rally.task.runner [-] Task 7744fe87-7d2d-4bc0-bdb7-fd40811e4a5f | ITER: 3 START
2019-06-10 09:26:09.493 22844 RALLYDEBUG rally.task.runner [-] Starting a worker. concurrency: 1 args: {} times: 100 method_name: run timeout: 0 duration: None cls:
2019-06-10 09:26:09.496 22838 INFO rally.task.runner [-] Task 7744fe87-7d2d-4bc0-bdb7-fd40811e4a5f | ITER: 10 START
2019-06-10 09:26:09.497 22830 INFO rally.task.runner [-] Task 7744fe87-7d2d-4bc0-bdb7-fd40811e4a5f | ITER: 5 START
2019-06-10 09:26:09.494 22835 INFO rally.task.runner [-] Task 7744fe87-7d2d-4bc0-bdb7-fd40811e4a5f | ITER: 9 START
2019-06-10 09:26:09.497 22848 RALLYDEBUG rally.task.runner [-] Starting a worker. concurrency: 1 args: {} times: 100 method_name: run timeout: 0 duration: None cls:
2019-06-10 09:26:09.499 22842 INFO rally.task.runner [-] Task 7744fe87-7d2d-4bc0-bdb7-fd40811e4a5f | ITER: 11 START
2019-06-10 09:26:09.502 22832 INFO rally.task.runner [-] Task 7744fe87-7d2d-4bc0-bdb7-fd40811e4a5f | ITER: 8 START
2019-06-10 09:26:09.502 22857 RALLYDEBUG rally.task.runner [-] Starting a worker. concurrency: 1 args: {} times: 100 method_name: run timeout: 0 duration: None cls:
2019-06-10 09:26:09.503 22844 INFO rally.task.runner [-] Task 7744fe87-7d2d-4bc0-bdb7-fd40811e4a5f | ITER: 12 START
2019-06-10 09:26:09.507 22848 INFO rally.task.runner [-] Task 7744fe87-7d2d-4bc0-bdb7-fd40811e4a5f | ITER: 13 START
2019-06-10 09:26:09.509 22860 RALLYDEBUG rally.task.runner [-] Starting a worker. concurrency: 1 args: {} times: 100 method_name: run timeout: 0 duration: None cls:
2019-06-10 09:26:09.510 22857 INFO rally.task.runner [-] Task 7744fe87-7d2d-4bc0-bdb7-fd40811e4a5f | ITER: 14 START
2019-06-10 09:26:09.511 22852 RALLYDEBUG rally.task.runner [-] Starting a worker. concurrency: 1 args: {} times: 100 method_name: run timeout: 0 duration: None cls:
2019-06-10 09:26:09.517 22860 INFO rally.task.runner [-] Task 7744fe87-7d2d-4bc0-bdb7-fd40811e4a5f | ITER: 15 START
2019-06-10 09:26:09.518 22852 INFO rally.task.runner [-] Task 7744fe87-7d2d-4bc0-bdb7-fd40811e4a5f | ITER: 16 START
2019-06-10 09:26:09.522 22868 RALLYDEBUG rally.task.runner [-] Starting a worker. concurrency: 1 args: {} times: 100 method_name: run timeout: 0 duration: None cls:
2019-06-10 09:26:09.527 22870 RALLYDEBUG rally.task.runner [-] Starting a worker. concurrency: 1 args: {} times: 100 method_name: run timeout: 0 duration: None cls:
2019-06-10 09:26:09.529 22868 INFO rally.task.runner [-] Task 7744fe87-7d2d-4bc0-bdb7-fd40811e4a5f | ITER: 17 START
2019-06-10 09:26:09.532 22871 RALLYDEBUG rally.task.runner [-] Starting a worker. concurrency: 1 args: {} times: 100 method_name: run timeout: 0 duration: None cls:
2019-06-10 09:26:09.533 22870 INFO rally.task.runner [-] Task 7744fe87-7d2d-4bc0-bdb7-fd40811e4a5f | ITER: 18 START
2019-06-10 09:26:09.539 22871 INFO rally.task.runner [-] Task 7744fe87-7d2d-4bc0-bdb7-fd40811e4a5f | ITER: 19 START
2019-06-10 09:26:09.539 22876 RALLYDEBUG rally.task.runner [-] Starting a worker. concurrency: 1 args: {} times: 100 method_name: run timeout: 0 duration: None cls:
2019-06-10 09:26:09.545 22876 INFO rally.task.runner [-] Task 7744fe87-7d2d-4bc0-bdb7-fd40811e4a5f | ITER: 20 START
2019-06-10 09:26:11.006 22842 INFO rally.task.runner [-] Task 7744fe87-7d2d-4bc0-bdb7-fd40811e4a5f | ITER: 11 END: OK
2019-06-10 09:26:11.010 22842 INFO rally.task.runner [-] Task 7744fe87-7d2d-4bc0-bdb7-fd40811e4a5f | ITER: 21 START
2019-06-10 09:26:11.083 22830 INFO rally.task.runner [-] Task 7744fe87-7d2d-4bc0-bdb7-fd40811e4a5f | ITER: 5 END: OK
2019-06-10 09:26:11.087 22830 INFO rally.task.runner [-] Task 7744fe87-7d2d-4bc0-bdb7-fd40811e4a5f | ITER: 22 START
2019-06-10 09:26:11.238 22838 INFO rally.task.runner [-] Task 7744fe87-7d2d-4bc0-bdb7-fd40811e4a5f | ITER: 10 END: OK
2019-06-10 09:26:11.243 22838 INFO rally.task.runner [-] Task 7744fe87-7d2d-4bc0-bdb7-fd40811e4a5f | ITER: 23 START
2019-06-10 09:26:11.910 22831 INFO rally.task.runner [-] Task 7744fe87-7d2d-4bc0-bdb7-fd40811e4a5f | ITER: 4 END: OK
2019-06-10 09:26:11.914 22831 INFO rally.task.runner [-] Task 7744fe87-7d2d-4bc0-bdb7-fd40811e4a5f | ITER: 24 START
2019-06-10 09:26:12.048 22832 INFO rally.task.runner [-] Task 7744fe87-7d2d-4bc0-bdb7-fd40811e4a5f | ITER: 6 END: OK
2019-06-10 09:26:12.053 22832 INFO rally.task.runner [-] Task 7744fe87-7d2d-4bc0-bdb7-fd40811e4a5f | ITER: 25 START
2019-06-10 09:26:12.123 22830 INFO rally.task.runner [-] Task 7744fe87-7d2d-4bc0-bdb7-fd40811e4a5f | ITER: 2 END: OK
2019-06-10 09:26:12.127 22830 INFO rally.task.runner [-] Task 7744fe87-7d2d-4bc0-bdb7-fd40811e4a5f | ITER: 26 START
2019-06-10 09:26:12.143 22835 INFO rally.task.runner [-] Task 7744fe87-7d2d-4bc0-bdb7-fd40811e4a5f | ITER: 9 END: OK
2019-06-10 09:26:12.146 22835 INFO rally.task.runner [-] Task 7744fe87-7d2d-4bc0-bdb7-fd40811e4a5f | ITER: 27 START
2019-06-10 09:26:12.429 22832 INFO rally.task.runner [-] Task 7744fe87-7d2d-4bc0-bdb7-fd40811e4a5f | ITER: 8 END: OK
2019-06-10 09:26:12.432 22832 INFO rally.task.runner [-] Task 7744fe87-7d2d-4bc0-bdb7-fd40811e4a5f | ITER: 28 START
2019-06-10 09:26:12.519 22829 INFO rally.task.runner [-] Task 7744fe87-7d2d-4bc0-bdb7-fd40811e4a5f | ITER: 3 END: OK
2019-06-10 09:26:12.524 22829 INFO rally.task.runner [-] Task 7744fe87-7d2d-4bc0-bdb7-fd40811e4a5f | ITER: 29 START
2019-06-10 09:26:12.677 22831 INFO rally.task.runner [-] Task 7744fe87-7d2d-4bc0-bdb7-fd40811e4a5f | ITER: 7 END: OK
2019-06-10 09:26:12.681 22831 INFO rally.task.runner [-] Task 7744fe87-7d2d-4bc0-bdb7-fd40811e4a5f | ITER: 30 START
2019-06-10 09:26:12.931 22829 INFO rally.task.runner [-] Task 7744fe87-7d2d-4bc0-bdb7-fd40811e4a5f | ITER: 1 END: OK
2019-06-10 09:26:12.934 22829 INFO rally.task.runner [-] Task 7744fe87-7d2d-4bc0-bdb7-fd40811e4a5f | ITER: 31 START
2019-06-10 09:26:13.042 22844 INFO rally.task.runner [-] Task 7744fe87-7d2d-4bc0-bdb7-fd40811e4a5f | ITER: 12 END: OK
2019-06-10 09:26:13.046 22844 INFO rally.task.runner [-] Task 7744fe87-7d2d-4bc0-bdb7-fd40811e4a5f | ITER: 32 START
2019-06-10 09:26:13.246 22860 INFO rally.task.runner [-] Task 7744fe87-7d2d-4bc0-bdb7-fd40811e4a5f | ITER: 15 END: OK
2019-06-10 09:26:13.251 22848 INFO rally.task.runner [-] Task 7744fe87-7d2d-4bc0-bdb7-fd40811e4a5f | ITER: 13 END: OK
2019-06-10 09:26:13.251 22860 INFO rally.task.runner [-] Task 7744fe87-7d2d-4bc0-bdb7-fd40811e4a5f | ITER: 33 START
2019-06-10 09:26:13.255 22848 INFO rally.task.runner [-] Task 7744fe87-7d2d-4bc0-bdb7-fd40811e4a5f | ITER: 34 START
2019-06-10 09:26:13.272 22857 INFO rally.task.runner [-] Task 7744fe87-7d2d-4bc0-bdb7-fd40811e4a5f | ITER: 14 END: OK
2019-06-10 09:26:13.276 22857 INFO rally.task.runner [-] Task 7744fe87-7d2d-4bc0-bdb7-fd40811e4a5f | ITER: 35 START
2019-06-10 09:26:13.439 22852 INFO rally.task.runner [-] Task 7744fe87-7d2d-4bc0-bdb7-fd40811e4a5f | ITER: 16 END: OK
2019-06-10 09:26:13.443 22852 INFO rally.task.runner [-] Task 7744fe87-7d2d-4bc0-bdb7-fd40811e4a5f | ITER: 36 START
2019-06-10 09:26:13.992 22868 INFO rally.task.runner [-] Task 7744fe87-7d2d-4bc0-bdb7-fd40811e4a5f | ITER: 17 END: OK
2019-06-10 09:26:13.995 22868 INFO rally.task.runner [-] Task 7744fe87-7d2d-4bc0-bdb7-fd40811e4a5f | ITER: 37 START
2019-06-10 09:26:14.060 22870 INFO rally.task.runner [-] Task 7744fe87-7d2d-4bc0-bdb7-fd40811e4a5f | ITER: 18 END: OK
2019-06-10 09:26:14.064 22870 INFO rally.task.runner [-] Task 7744fe87-7d2d-4bc0-bdb7-fd40811e4a5f | ITER: 38 START
2019-06-10 09:26:14.202 22876 INFO rally.task.runner [-] Task 7744fe87-7d2d-4bc0-bdb7-fd40811e4a5f | ITER: 20 END: OK
2019-06-10 09:26:14.205 22876 INFO rally.task.runner [-] Task 7744fe87-7d2d-4bc0-bdb7-fd40811e4a5f | ITER: 39 START
2019-06-10 09:26:14.336 22871 INFO rally.task.runner [-] Task 7744fe87-7d2d-4bc0-bdb7-fd40811e4a5f | ITER: 19 END: OK
2019-06-10 09:26:14.340 22871 INFO rally.task.runner [-] Task 7744fe87-7d2d-4bc0-bdb7-fd40811e4a5f | ITER: 40 START
2019-06-10 09:26:14.870 22830 INFO rally.task.runner [-] Task 7744fe87-7d2d-4bc0-bdb7-fd40811e4a5f | ITER: 22 END: OK
2019-06-10 09:26:14.873 22830 INFO rally.task.runner [-] Task 7744fe87-7d2d-4bc0-bdb7-fd40811e4a5f | ITER: 41 START
2019-06-10 09:26:14.888 22842 INFO rally.task.runner [-] Task 7744fe87-7d2d-4bc0-bdb7-fd40811e4a5f | ITER: 21 END: OK
2019-06-10 09:26:14.891 22842 INFO rally.task.runner [-] Task 7744fe87-7d2d-4bc0-bdb7-fd40811e4a5f | ITER: 42 START
2019-06-10 09:26:14.958 22832 INFO rally.task.runner [-] Task 7744fe87-7d2d-4bc0-bdb7-fd40811e4a5f | ITER: 28 END: OK
2019-06-10 09:26:14.961 22832 INFO rally.task.runner [-] Task 7744fe87-7d2d-4bc0-bdb7-fd40811e4a5f | ITER: 43 START
2019-06-10 09:26:15.175 22831 INFO rally.task.runner [-] Task 7744fe87-7d2d-4bc0-bdb7-fd40811e4a5f | ITER: 24 END: OK
2019-06-10 09:26:15.178 22831 INFO rally.task.runner [-] Task 7744fe87-7d2d-4bc0-bdb7-fd40811e4a5f | ITER: 44 START
2019-06-10 09:26:15.199 22838 INFO rally.task.runner [-] Task 7744fe87-7d2d-4bc0-bdb7-fd40811e4a5f | ITER: 23 END: OK
2019-06-10 09:26:15.202 22838 INFO rally.task.runner [-] Task 7744fe87-7d2d-4bc0-bdb7-fd40811e4a5f | ITER: 45 START
2019-06-10 09:26:15.387 22829 INFO rally.task.runner [-] Task 7744fe87-7d2d-4bc0-bdb7-fd40811e4a5f | ITER: 29 END: OK
2019-06-10 09:26:15.390 22829 INFO rally.task.runner [-] Task 7744fe87-7d2d-4bc0-bdb7-fd40811e4a5f | ITER: 46 START
2019-06-10 09:26:15.425 22844 INFO rally.task.runner [-] Task 7744fe87-7d2d-4bc0-bdb7-fd40811e4a5f | ITER: 32 END: OK
2019-06-10 09:26:15.428 22844 INFO rally.task.runner [-] Task 7744fe87-7d2d-4bc0-bdb7-fd40811e4a5f | ITER: 47 START
2019-06-10 09:26:15.611 22830 INFO rally.task.runner [-] Task 7744fe87-7d2d-4bc0-bdb7-fd40811e4a5f | ITER: 26 END: OK
2019-06-10 09:26:15.614 22830 INFO rally.task.runner [-] Task 7744fe87-7d2d-4bc0-bdb7-fd40811e4a5f | ITER: 48 START
2019-06-10 09:26:15.975 22832 INFO rally.task.runner [-] Task 7744fe87-7d2d-4bc0-bdb7-fd40811e4a5f | ITER: 25 END: OK
2019-06-10 09:26:15.978 22832 INFO rally.task.runner [-] Task 7744fe87-7d2d-4bc0-bdb7-fd40811e4a5f | ITER: 49 START
2019-06-10 09:26:15.997 22829 INFO rally.task.runner [-] Task 7744fe87-7d2d-4bc0-bdb7-fd40811e4a5f | ITER: 31 END: OK
2019-06-10 09:26:16.000 22829 INFO rally.task.runner [-] Task 7744fe87-7d2d-4bc0-bdb7-fd40811e4a5f | ITER: 50 START
2019-06-10 09:26:16.084 22835 INFO rally.task.runner [-] Task 7744fe87-7d2d-4bc0-bdb7-fd40811e4a5f | ITER: 27 END: OK
2019-06-10 09:26:16.087 22835 INFO rally.task.runner [-] Task 7744fe87-7d2d-4bc0-bdb7-fd40811e4a5f | ITER: 51 START
2019-06-10 09:26:16.715 22831 INFO rally.task.runner [-] Task 7744fe87-7d2d-4bc0-bdb7-fd40811e4a5f | ITER: 30 END: OK
2019-06-10 09:26:16.718 22831 INFO rally.task.runner [-] Task 7744fe87-7d2d-4bc0-bdb7-fd40811e4a5f | ITER: 52 START
2019-06-10 09:26:16.737 22848 INFO rally.task.runner [-] Task 7744fe87-7d2d-4bc0-bdb7-fd40811e4a5f | ITER: 34 END: OK
2019-06-10 09:26:16.740 22848 INFO rally.task.runner [-] Task 7744fe87-7d2d-4bc0-bdb7-fd40811e4a5f | ITER: 53 START
2019-06-10 09:26:16.826 22870 INFO rally.task.runner [-] Task 7744fe87-7d2d-4bc0-bdb7-fd40811e4a5f | ITER: 38 END: OK
2019-06-10 09:26:16.829 22870 INFO rally.task.runner [-] Task 7744fe87-7d2d-4bc0-bdb7-fd40811e4a5f | ITER: 54 START
2019-06-10 09:26:16.844 22852 INFO rally.task.runner [-] Task 7744fe87-7d2d-4bc0-bdb7-fd40811e4a5f | ITER: 36 END: OK
2019-06-10 09:26:16.847 22852 INFO rally.task.runner [-] Task 7744fe87-7d2d-4bc0-bdb7-fd40811e4a5f | ITER: 55 START
2019-06-10 09:26:17.097 22876 INFO rally.task.runner [-] Task 7744fe87-7d2d-4bc0-bdb7-fd40811e4a5f | ITER: 39 END: OK
2019-06-10 09:26:17.100 22876 INFO rally.task.runner [-] Task 7744fe87-7d2d-4bc0-bdb7-fd40811e4a5f | ITER: 56 START
2019-06-10 09:26:17.118 22871 INFO rally.task.runner [-] Task 7744fe87-7d2d-4bc0-bdb7-fd40811e4a5f | ITER: 40 END: OK
2019-06-10 09:26:17.121 22871 INFO rally.task.runner [-] Task 7744fe87-7d2d-4bc0-bdb7-fd40811e4a5f | ITER: 57 START
2019-06-10 09:26:17.177 22842 INFO rally.task.runner [-] Task 7744fe87-7d2d-4bc0-bdb7-fd40811e4a5f | ITER: 42 END: OK
2019-06-10 09:26:17.179 22842 INFO rally.task.runner [-] Task 7744fe87-7d2d-4bc0-bdb7-fd40811e4a5f | ITER: 58 START
2019-06-10 09:26:17.198 22860 INFO rally.task.runner [-] Task 7744fe87-7d2d-4bc0-bdb7-fd40811e4a5f | ITER: 33 END: OK
2019-06-10 09:26:17.200 22860 INFO rally.task.runner [-] Task 7744fe87-7d2d-4bc0-bdb7-fd40811e4a5f | ITER: 59 START
2019-06-10 09:26:17.278 22857 INFO rally.task.runner [-] Task 7744fe87-7d2d-4bc0-bdb7-fd40811e4a5f | ITER: 35 END: OK
2019-06-10 09:26:17.281 22857 INFO rally.task.runner [-] Task 7744fe87-7d2d-4bc0-bdb7-fd40811e4a5f | ITER: 60 START
2019-06-10 09:26:17.457 22831 INFO rally.task.runner [-] Task 7744fe87-7d2d-4bc0-bdb7-fd40811e4a5f | ITER: 44 END: OK
2019-06-10 09:26:17.460 22831 INFO rally.task.runner [-] Task 7744fe87-7d2d-4bc0-bdb7-fd40811e4a5f | ITER: 61 START
2019-06-10 09:26:17.829 22868 INFO rally.task.runner [-] Task 7744fe87-7d2d-4bc0-bdb7-fd40811e4a5f | ITER: 37 END: OK
2019-06-10 09:26:17.833 22868 INFO rally.task.runner [-] Task 7744fe87-7d2d-4bc0-bdb7-fd40811e4a5f | ITER: 62 START
2019-06-10 09:26:17.861 22829 INFO rally.task.runner [-] Task 7744fe87-7d2d-4bc0-bdb7-fd40811e4a5f | ITER: 46 END: OK
2019-06-10 09:26:17.864 22829 INFO rally.task.runner [-] Task 7744fe87-7d2d-4bc0-bdb7-fd40811e4a5f | ITER: 63 START
2019-06-10 09:26:17.885 22832 INFO rally.task.runner [-] Task 7744fe87-7d2d-4bc0-bdb7-fd40811e4a5f | ITER: 43 END: OK
2019-06-10 09:26:17.888 22832 INFO rally.task.runner [-] Task 7744fe87-7d2d-4bc0-bdb7-fd40811e4a5f | ITER: 64 START
2019-06-10 09:26:18.025 22830 INFO rally.task.runner [-] Task 7744fe87-7d2d-4bc0-bdb7-fd40811e4a5f | ITER: 41 END: OK
2019-06-10 09:26:18.029 22830 INFO rally.task.runner [-] Task 7744fe87-7d2d-4bc0-bdb7-fd40811e4a5f | ITER: 65 START
2019-06-10 09:26:18.282 22838 INFO rally.task.runner [-] Task 7744fe87-7d2d-4bc0-bdb7-fd40811e4a5f | ITER: 45 END: OK
2019-06-10 09:26:18.285 22838 INFO rally.task.runner [-] Task 7744fe87-7d2d-4bc0-bdb7-fd40811e4a5f | ITER: 66 START
2019-06-10 09:26:18.771 22831 INFO rally.task.runner [-] Task 7744fe87-7d2d-4bc0-bdb7-fd40811e4a5f | ITER: 52 END: OK
2019-06-10 09:26:18.774 22831 INFO rally.task.runner [-] Task 7744fe87-7d2d-4bc0-bdb7-fd40811e4a5f | ITER: 67 START
2019-06-10 09:26:18.819 22870 INFO rally.task.runner [-] Task 7744fe87-7d2d-4bc0-bdb7-fd40811e4a5f | ITER: 54 END: OK
2019-06-10 09:26:18.819 22844 INFO rally.task.runner [-] Task 7744fe87-7d2d-4bc0-bdb7-fd40811e4a5f | ITER: 47 END: OK
2019-06-10 09:26:18.822 22870 INFO rally.task.runner [-] Task 7744fe87-7d2d-4bc0-bdb7-fd40811e4a5f | ITER: 68 START
2019-06-10 09:26:18.822 22844 INFO rally.task.runner [-] Task 7744fe87-7d2d-4bc0-bdb7-fd40811e4a5f | ITER: 69 START
2019-06-10 09:26:18.824 22829 INFO rally.task.runner [-] Task 7744fe87-7d2d-4bc0-bdb7-fd40811e4a5f | ITER: 50 END: OK
2019-06-10 09:26:18.827 22829 INFO rally.task.runner [-] Task 7744fe87-7d2d-4bc0-bdb7-fd40811e4a5f | ITER: 70 START
2019-06-10 09:26:18.849 22830 INFO rally.task.runner [-] Task 7744fe87-7d2d-4bc0-bdb7-fd40811e4a5f | ITER: 48 END: OK
2019-06-10 09:26:18.850 22832 INFO rally.task.runner [-] Task 7744fe87-7d2d-4bc0-bdb7-fd40811e4a5f | ITER: 49 END: OK
2019-06-10 09:26:18.853 22832 INFO rally.task.runner [-] Task 7744fe87-7d2d-4bc0-bdb7-fd40811e4a5f | ITER: 72 START
2019-06-10 09:26:18.853 22830 INFO rally.task.runner [-] Task 7744fe87-7d2d-4bc0-bdb7-fd40811e4a5f | ITER: 71 START
2019-06-10 09:26:18.861 22842 INFO rally.task.runner [-] Task 7744fe87-7d2d-4bc0-bdb7-fd40811e4a5f | ITER: 58 END: OK
2019-06-10 09:26:18.864 22842 INFO rally.task.runner [-] Task 7744fe87-7d2d-4bc0-bdb7-fd40811e4a5f | ITER: 73 START
2019-06-10 09:26:19.007 22852 INFO rally.task.runner [-] Task 7744fe87-7d2d-4bc0-bdb7-fd40811e4a5f | ITER: 55 END: OK
2019-06-10 09:26:19.011 22852 INFO rally.task.runner [-] Task 7744fe87-7d2d-4bc0-bdb7-fd40811e4a5f | ITER: 74 START
2019-06-10 09:26:19.199 22835 INFO rally.task.runner [-] Task 7744fe87-7d2d-4bc0-bdb7-fd40811e4a5f | ITER: 51 END: OK
2019-06-10 09:26:19.202 22835 INFO rally.task.runner [-] Task 7744fe87-7d2d-4bc0-bdb7-fd40811e4a5f | ITER: 75 START
2019-06-10 09:26:19.250 22857 INFO rally.task.runner [-] Task 7744fe87-7d2d-4bc0-bdb7-fd40811e4a5f | ITER: 60 END: OK
2019-06-10 09:26:19.253 22857 INFO rally.task.runner [-] Task 7744fe87-7d2d-4bc0-bdb7-fd40811e4a5f | ITER: 76 START
2019-06-10 09:26:19.445 22848 INFO rally.task.runner [-] Task 7744fe87-7d2d-4bc0-bdb7-fd40811e4a5f | ITER: 53 END: OK
2019-06-10 09:26:19.448 22848 INFO rally.task.runner [-] Task 7744fe87-7d2d-4bc0-bdb7-fd40811e4a5f | ITER: 77 START
2019-06-10 09:26:19.539 22829 INFO rally.task.runner [-] Task 7744fe87-7d2d-4bc0-bdb7-fd40811e4a5f | ITER: 63 END: OK
2019-06-10 09:26:19.542 22829 INFO rally.task.runner [-] Task 7744fe87-7d2d-4bc0-bdb7-fd40811e4a5f | ITER: 78 START
2019-06-10 09:26:19.581 22868 INFO rally.task.runner [-] Task 7744fe87-7d2d-4bc0-bdb7-fd40811e4a5f | ITER: 62 END: OK
2019-06-10 09:26:19.584 22868 INFO rally.task.runner [-] Task 7744fe87-7d2d-4bc0-bdb7-fd40811e4a5f | ITER: 79 START
2019-06-10 09:26:19.761 22831 INFO rally.task.runner [-] Task 7744fe87-7d2d-4bc0-bdb7-fd40811e4a5f | ITER: 61 END: OK
2019-06-10 09:26:19.763 22831 INFO rally.task.runner [-] Task 7744fe87-7d2d-4bc0-bdb7-fd40811e4a5f | ITER: 80 START
2019-06-10 09:26:19.874 22832 INFO rally.task.runner [-] Task 7744fe87-7d2d-4bc0-bdb7-fd40811e4a5f | ITER: 64 END: OK
2019-06-10 09:26:19.878 22832 INFO rally.task.runner [-] Task 7744fe87-7d2d-4bc0-bdb7-fd40811e4a5f | ITER: 81 START
2019-06-10 09:26:20.003 22860 INFO rally.task.runner [-] Task 7744fe87-7d2d-4bc0-bdb7-fd40811e4a5f | ITER: 59 END: OK
2019-06-10 09:26:20.006 22860 INFO rally.task.runner [-] Task 7744fe87-7d2d-4bc0-bdb7-fd40811e4a5f | ITER: 82 START
2019-06-10 09:26:20.126 22876 INFO rally.task.runner [-] Task 7744fe87-7d2d-4bc0-bdb7-fd40811e4a5f | ITER: 56 END: OK
2019-06-10 09:26:20.129 22876 INFO rally.task.runner [-] Task 7744fe87-7d2d-4bc0-bdb7-fd40811e4a5f | ITER: 83 START
2019-06-10 09:26:20.160 22871 INFO rally.task.runner [-] Task 7744fe87-7d2d-4bc0-bdb7-fd40811e4a5f | ITER: 57 END: OK
2019-06-10 09:26:20.163 22871 INFO rally.task.runner [-] Task 7744fe87-7d2d-4bc0-bdb7-fd40811e4a5f | ITER: 84 START
2019-06-10 09:26:20.230 22830 INFO rally.task.runner [-] Task 7744fe87-7d2d-4bc0-bdb7-fd40811e4a5f | ITER: 65 END: OK
2019-06-10 09:26:20.233 22830 INFO rally.task.runner [-] Task 7744fe87-7d2d-4bc0-bdb7-fd40811e4a5f | ITER: 85 START
2019-06-10 09:26:20.837 22838 INFO rally.task.runner [-] Task 7744fe87-7d2d-4bc0-bdb7-fd40811e4a5f | ITER: 66 END: OK
2019-06-10 09:26:20.841 22838 INFO rally.task.runner [-] Task 7744fe87-7d2d-4bc0-bdb7-fd40811e4a5f | ITER: 86 START
2019-06-10 09:26:20.877 22831 INFO rally.task.runner [-] Task 7744fe87-7d2d-4bc0-bdb7-fd40811e4a5f | ITER: 67 END: OK
2019-06-10 09:26:20.880 22831 INFO rally.task.runner [-] Task 7744fe87-7d2d-4bc0-bdb7-fd40811e4a5f | ITER: 87 START
2019-06-10 09:26:20.935 22870 INFO rally.task.runner [-] Task 7744fe87-7d2d-4bc0-bdb7-fd40811e4a5f | ITER: 68 END: OK
2019-06-10 09:26:20.938 22870 INFO rally.task.runner [-] Task 7744fe87-7d2d-4bc0-bdb7-fd40811e4a5f | ITER: 88 START
2019-06-10 09:26:21.144 22832 INFO rally.task.runner [-] Task 7744fe87-7d2d-4bc0-bdb7-fd40811e4a5f | ITER: 72 END: OK
2019-06-10 09:26:21.147 22832 INFO rally.task.runner [-] Task 7744fe87-7d2d-4bc0-bdb7-fd40811e4a5f | ITER: 89 START
2019-06-10 09:26:21.735 22829 INFO rally.task.runner [-] Task 7744fe87-7d2d-4bc0-bdb7-fd40811e4a5f | ITER: 70 END: OK
2019-06-10 09:26:21.738 22829 INFO rally.task.runner [-] Task 7744fe87-7d2d-4bc0-bdb7-fd40811e4a5f | ITER: 90 START
2019-06-10 09:26:21.783 22844 INFO rally.task.runner [-] Task 7744fe87-7d2d-4bc0-bdb7-fd40811e4a5f | ITER: 69 END: OK
2019-06-10 09:26:21.786 22844 INFO rally.task.runner [-] Task 7744fe87-7d2d-4bc0-bdb7-fd40811e4a5f | ITER: 91 START
2019-06-10 09:26:22.096 22835 INFO rally.task.runner [-] Task 7744fe87-7d2d-4bc0-bdb7-fd40811e4a5f | ITER: 75 END: OK
2019-06-10 09:26:22.099 22835 INFO rally.task.runner [-] Task 7744fe87-7d2d-4bc0-bdb7-fd40811e4a5f | ITER: 92 START
2019-06-10 09:26:22.110 22842 INFO rally.task.runner [-] Task 7744fe87-7d2d-4bc0-bdb7-fd40811e4a5f | ITER: 73 END: OK
2019-06-10 09:26:22.111 22829 INFO rally.task.runner [-] Task 7744fe87-7d2d-4bc0-bdb7-fd40811e4a5f | ITER: 78 END: OK
2019-06-10 09:26:22.113 22842 INFO rally.task.runner [-] Task 7744fe87-7d2d-4bc0-bdb7-fd40811e4a5f | ITER: 93 START
2019-06-10 09:26:22.114 22829 INFO rally.task.runner [-] Task 7744fe87-7d2d-4bc0-bdb7-fd40811e4a5f | ITER: 94 START
2019-06-10 09:26:22.146 22868 INFO rally.task.runner [-] Task 7744fe87-7d2d-4bc0-bdb7-fd40811e4a5f | ITER: 79 END: OK
2019-06-10 09:26:22.148 22868 INFO rally.task.runner [-] Task 7744fe87-7d2d-4bc0-bdb7-fd40811e4a5f | ITER: 95 START
2019-06-10 09:26:22.155 22832 INFO rally.task.runner [-] Task 7744fe87-7d2d-4bc0-bdb7-fd40811e4a5f | ITER: 81 END: OK
2019-06-10 09:26:22.156 22830 INFO rally.task.runner [-] Task 7744fe87-7d2d-4bc0-bdb7-fd40811e4a5f | ITER: 71 END: OK
2019-06-10 09:26:22.158 22832 INFO rally.task.runner [-] Task 7744fe87-7d2d-4bc0-bdb7-fd40811e4a5f | ITER: 96 START
2019-06-10 09:26:22.159 22830 INFO rally.task.runner [-] Task 7744fe87-7d2d-4bc0-bdb7-fd40811e4a5f | ITER: 97 START
2019-06-10 09:26:22.197 22831 INFO rally.task.runner [-] Task 7744fe87-7d2d-4bc0-bdb7-fd40811e4a5f | ITER: 80 END: OK
2019-06-10 09:26:22.200 22831 INFO rally.task.runner [-] Task 7744fe87-7d2d-4bc0-bdb7-fd40811e4a5f | ITER: 98 START
2019-06-10 09:26:22.431 22852 INFO rally.task.runner [-] Task 7744fe87-7d2d-4bc0-bdb7-fd40811e4a5f | ITER: 74 END: OK
2019-06-10 09:26:22.434 22852 INFO rally.task.runner [-] Task 7744fe87-7d2d-4bc0-bdb7-fd40811e4a5f | ITER: 99 START
2019-06-10 09:26:22.855 22848 INFO rally.task.runner [-] Task 7744fe87-7d2d-4bc0-bdb7-fd40811e4a5f | ITER: 77 END: OK
2019-06-10 09:26:22.856 22871 INFO rally.task.runner [-] Task 7744fe87-7d2d-4bc0-bdb7-fd40811e4a5f | ITER: 84 END: OK
2019-06-10 09:26:22.858 22848 INFO rally.task.runner [-] Task 7744fe87-7d2d-4bc0-bdb7-fd40811e4a5f | ITER: 100 START
2019-06-10 09:26:22.957 22857 INFO rally.task.runner [-] Task 7744fe87-7d2d-4bc0-bdb7-fd40811e4a5f | ITER: 76 END: OK
2019-06-10 09:26:23.056 22860 INFO rally.task.runner [-] Task 7744fe87-7d2d-4bc0-bdb7-fd40811e4a5f | ITER: 82 END: OK
2019-06-10 09:26:23.256 22876 INFO rally.task.runner [-] Task 7744fe87-7d2d-4bc0-bdb7-fd40811e4a5f | ITER: 83 END: OK
2019-06-10 09:26:23.562 22830 INFO rally.task.runner [-] Task 7744fe87-7d2d-4bc0-bdb7-fd40811e4a5f | ITER: 85 END: OK
2019-06-10 09:26:23.608 22832 INFO rally.task.runner [-] Task 7744fe87-7d2d-4bc0-bdb7-fd40811e4a5f | ITER: 89 END: OK
2019-06-10 09:26:23.647 22870 INFO rally.task.runner [-] Task 7744fe87-7d2d-4bc0-bdb7-fd40811e4a5f | ITER: 88 END: OK
2019-06-10 09:26:23.861 22829 INFO rally.task.runner [-] Task 7744fe87-7d2d-4bc0-bdb7-fd40811e4a5f | ITER: 90 END: OK
2019-06-10 09:26:23.887 22838 INFO rally.task.runner [-] Task 7744fe87-7d2d-4bc0-bdb7-fd40811e4a5f | ITER: 86 END: OK
2019-06-10 09:26:23.924 22842 INFO rally.task.runner [-] Task 7744fe87-7d2d-4bc0-bdb7-fd40811e4a5f | ITER: 93 END: OK
2019-06-10 09:26:23.924 22831 INFO rally.task.runner [-] Task 7744fe87-7d2d-4bc0-bdb7-fd40811e4a5f | ITER: 87 END: OK
2019-06-10 09:26:23.930 22835 INFO rally.task.runner [-] Task 7744fe87-7d2d-4bc0-bdb7-fd40811e4a5f | ITER: 92 END: OK
2019-06-10 09:26:23.936 22829 INFO rally.task.runner [-] Task 7744fe87-7d2d-4bc0-bdb7-fd40811e4a5f | ITER: 94 END: OK
2019-06-10 09:26:23.937 22844 INFO rally.task.runner [-] Task 7744fe87-7d2d-4bc0-bdb7-fd40811e4a5f | ITER: 91 END: OK
2019-06-10 09:26:24.195 22852 INFO rally.task.runner [-] Task 7744fe87-7d2d-4bc0-bdb7-fd40811e4a5f | ITER: 99 END: OK
2019-06-10 09:26:24.422 22832 INFO rally.task.runner [-] Task 7744fe87-7d2d-4bc0-bdb7-fd40811e4a5f | ITER: 96 END: OK
2019-06-10 09:26:24.645 22830 INFO rally.task.runner [-] Task 7744fe87-7d2d-4bc0-bdb7-fd40811e4a5f | ITER: 97 END: OK
2019-06-10 09:26:24.743 22848 INFO rally.task.runner [-] Task 7744fe87-7d2d-4bc0-bdb7-fd40811e4a5f | ITER: 100 END: OK
2019-06-10 09:26:24.795 22868 INFO rally.task.runner [-] Task 7744fe87-7d2d-4bc0-bdb7-fd40811e4a5f | ITER: 95 END: OK
2019-06-10 09:26:25.195 22831 INFO rally.task.runner [-] Task 7744fe87-7d2d-4bc0-bdb7-fd40811e4a5f | ITER: 98 END: OK
2019-06-10 09:26:25.219 22705 INFO rally.task.context [-] Task 7744fe87-7d2d-4bc0-bdb7-fd40811e4a5f | Context cleanup@openstack cleanup() started
2019-06-10 09:26:25.222 22705 RALLYDEBUG rally_openstack.cleanup.manager [-] Cleaning up neutron vip objects
2019-06-10 09:26:25.858 22705 RALLYDEBUG rally_openstack.cleanup.manager [-] Cleaning up neutron health_monitor objects
2019-06-10 09:26:26.463 22705 RALLYDEBUG rally_openstack.cleanup.manager [-] Cleaning up neutron pool objects
2019-06-10 09:26:27.075 22705 RALLYDEBUG rally_openstack.cleanup.manager [-] Cleaning up neutron loadbalancer objects
2019-06-10 09:26:27.686 22705 RALLYDEBUG rally_openstack.cleanup.manager [-] Cleaning up neutron floatingip objects
2019-06-10 09:26:28.455 22705 RALLYDEBUG rally_openstack.cleanup.manager [-] Cleaning up neutron port objects
2019-06-10 09:26:29.269 22705 RALLYDEBUG rally_openstack.cleanup.manager [-] Cleaning up neutron subnet objects
2019-06-10 09:26:29.916 22705 RALLYDEBUG rally_openstack.cleanup.manager [-] Cleaning up neutron network objects
2019-06-10 09:26:31.133 22705 RALLYDEBUG rally_openstack.cleanup.manager [-] Deleting neutron.network object s_rally_a8a08a66_LhARFjlh (0cab3251-2277-4c30-90fd-8e4f395592e1)
2019-06-10 09:26:31.137 22705 RALLYDEBUG rally_openstack.cleanup.manager [-] Deleting neutron.network object s_rally_a8a08a66_WZCTdmN7 (0e3b4c09-88b7-4fbf-9637-a4c38904922f)
2019-06-10 09:26:31.147 22705 RALLYDEBUG rally_openstack.cleanup.manager [-] Deleting neutron.network object s_rally_a8a08a66_6kFLKBKe (0903ab2a-5e11-4edb-b1c6-ff641f4525d5)
2019-06-10 09:26:31.149 22705 RALLYDEBUG rally_openstack.cleanup.manager [-] Deleting neutron.network object s_rally_a8a08a66_LBF9Bw2b (153d3bd8-c618-42fb-9af8-442c57e70e29)
2019-06-10 09:26:31.151 22705 RALLYDEBUG rally_openstack.cleanup.manager [-] Deleting neutron.network object s_rally_a8a08a66_yUXxdb3F (11f66839-b889-4c35-aad8-c34da26b4446)
2019-06-10 09:26:31.153 22705 RALLYDEBUG rally_openstack.cleanup.manager [-] Deleting neutron.network object s_rally_a8a08a66_KsHJBQCD (0d83f15a-1c4e-4c19-8081-10d5577b9592)
2019-06-10 09:26:31.163 22705 RALLYDEBUG rally_openstack.cleanup.manager [-] Deleting neutron.network object s_rally_a8a08a66_woAgWynp (113d2839-d4c5-4f04-a635-339b0287dd79)
2019-06-10 09:26:31.164 22705 RALLYDEBUG rally_openstack.cleanup.manager [-] Deleting neutron.network object s_rally_a8a08a66_IdIru60O (049780b7-acfd-4c68-8a36-57fded2cd1a5)
2019-06-10 09:26:31.169 22705 RALLYDEBUG rally_openstack.cleanup.manager [-] Deleting neutron.network object s_rally_a8a08a66_yiaUZEi4 (1b73d2f1-b02a-4e14-911b-2f69e5b231f9)
2019-06-10 09:26:31.169 22705 RALLYDEBUG rally_openstack.cleanup.manager [-] Deleting neutron.network object s_rally_a8a08a66_I0da5zrJ (1547b522-34de-4adf-9862-6b90a75c7700)
2019-06-10 09:26:31.171 22705 RALLYDEBUG rally_openstack.cleanup.manager [-] Deleting neutron.network object s_rally_a8a08a66_4yc08WtY (15e98a35-874e-410f-86c9-3c067f73d87d)
2019-06-10 09:26:31.175 22705 RALLYDEBUG rally_openstack.cleanup.manager [-] Deleting neutron.network object s_rally_a8a08a66_s4lxqgry (20a8be4c-2bd9-42ee-b156-245e8790f786)
2019-06-10 09:26:31.181 22705 RALLYDEBUG rally_openstack.cleanup.manager [-] Deleting neutron.network object s_rally_a8a08a66_B6UvIcg5 (059d6b54-bd5f-48ab-bc21-111d8c701521)
2019-06-10 09:26:31.195 22705 RALLYDEBUG rally_openstack.cleanup.manager [-] Deleting neutron.network object s_rally_a8a08a66_XHkLQdR8 (29a7c380-4bb6-4afd-a46c-9a3c2f67e0ca)
2019-06-10 09:26:31.214 22705 RALLYDEBUG rally_openstack.cleanup.manager [-] Deleting neutron.network object s_rally_a8a08a66_Pz6KwAz0 (2b6847a2-c5bc-4346-8951-14694e6d60ed)
2019-06-10 09:26:31.225 22705 RALLYDEBUG rally_openstack.cleanup.manager [-] Deleting neutron.network object s_rally_a8a08a66_uqJ3cRg7 (2bab486b-e42d-41ec-88da-39a328c4fd37)
2019-06-10 09:26:31.227 22705 RALLYDEBUG rally_openstack.cleanup.manager [-] Deleting neutron.network object s_rally_a8a08a66_oMVpUuOE (145efe7d-020f-46d2-861e-ab6bd7c0cf50)
2019-06-10 09:26:31.249 22705 RALLYDEBUG rally_openstack.cleanup.manager [-] Deleting neutron.network object s_rally_a8a08a66_7rchwkvB (2ead30a5-56d8-4034-9bc8-91504acd105e)
2019-06-10 09:26:31.251 22705 RALLYDEBUG rally_openstack.cleanup.manager [-] Deleting neutron.network object s_rally_a8a08a66_qnlXxUJ6 (3656739b-2058-4b4e-9a14-a767dd76ccea)
2019-06-10 09:26:31.271 22705 RALLYDEBUG rally_openstack.cleanup.manager [-] Deleting neutron.network object s_rally_a8a08a66_mS2xi6wk (20e39bd1-8aa4-4a8f-9231-4c6f3b52f62f)
2019-06-10 09:26:34.741 22705 RALLYDEBUG rally_openstack.cleanup.manager [-] Deleting neutron.network object s_rally_a8a08a66_fvHkhX5J (3d64b557-9897-4d85-967f-6762f044c9a9)
2019-06-10 09:26:35.094 22705 RALLYDEBUG rally_openstack.cleanup.manager [-] Deleting neutron.network object s_rally_a8a08a66_LWxYtW37 (3ea100fd-4dd5-4cee-b0ab-c1c9159e5a2f)
2019-06-10 09:26:35.110 22705 RALLYDEBUG rally_openstack.cleanup.manager [-] Deleting neutron.network object s_rally_a8a08a66_jdgsv1Mx (43e8168e-70f7-49fc-bdc4-08de5a198d39)
2019-06-10 09:26:35.311 22705 RALLYDEBUG rally_openstack.cleanup.manager [-] Deleting neutron.network object s_rally_a8a08a66_b6R0Vckq (44071760-4b3c-4e06-ac61-06ef2041ba89)
2019-06-10 09:26:35.336 22705 RALLYDEBUG rally_openstack.cleanup.manager [-] Deleting neutron.network object s_rally_a8a08a66_EaSkZIHx (44f2229c-421d-4ad3-8c19-0af4aa581316)
2019-06-10 09:26:35.584 22705 RALLYDEBUG rally_openstack.cleanup.manager [-] Deleting neutron.network object s_rally_a8a08a66_TIvGTNg9 (467d0107-6fe4-476c-819c-99a3b65a3622)
2019-06-10 09:26:35.595 22705 RALLYDEBUG rally_openstack.cleanup.manager [-] Deleting neutron.network object s_rally_a8a08a66_673WAF1u (480111f2-974f-4b56-a9a3-e38990a83f42)
2019-06-10 09:26:35.638 22705 RALLYDEBUG rally_openstack.cleanup.manager [-] Deleting neutron.network object s_rally_a8a08a66_RyXGStEB (496e8320-dca5-4463-9f38-314ec2f2c348)
2019-06-10 09:26:35.672 22705 RALLYDEBUG rally_openstack.cleanup.manager [-] Deleting neutron.network object s_rally_a8a08a66_e2eEkqVH (4ba264a1-cdd7-4a03-ac76-6c6a9f598c1c)
2019-06-10 09:26:35.677 22705 RALLYDEBUG rally_openstack.cleanup.manager [-] Deleting neutron.network object s_rally_a8a08a66_kUGR5Koq (4d0cafc3-328f-48b8-a38c-bb57c0f9dbd8)
2019-06-10 09:26:35.716 22705 RALLYDEBUG rally_openstack.cleanup.manager [-] Deleting neutron.network object s_rally_a8a08a66_zClM0T2r (503ba394-ee1a-4fd9-8f28-e69cc10be7e5)
2019-06-10 09:26:35.724 22705 RALLYDEBUG rally_openstack.cleanup.manager [-] Deleting neutron.network object s_rally_a8a08a66_84rLPdmY (526a6d79-c7c1-4718-b5d1-c5ef6738e65c)
2019-06-10 09:26:35.950 22705 RALLYDEBUG rally_openstack.cleanup.manager [-] Deleting neutron.network object s_rally_a8a08a66_NFu3Xu4F (53b42776-3ae7-419a-8441-d7dcf8be29e6)
2019-06-10 09:26:35.966 22705 RALLYDEBUG rally_openstack.cleanup.manager [-] Deleting neutron.network object s_rally_a8a08a66_th3EH59d (53c27af6-eb21-4537-b7b2-eb14ff8c6bf7)
2019-06-10 09:26:35.984 22705 RALLYDEBUG rally_openstack.cleanup.manager [-] Deleting neutron.network object s_rally_a8a08a66_OLbYTTmK (5547a4a8-f3d0-48b9-9e79-d3e82ea277cf)
2019-06-10 09:26:36.295 22705 RALLYDEBUG rally_openstack.cleanup.manager [-] Deleting neutron.network object s_rally_a8a08a66_Uw02jcKk (596b9ee7-b054-438e-ae43-597f4dce49de)
2019-06-10 09:26:36.307 22705 RALLYDEBUG rally_openstack.cleanup.manager [-] Deleting neutron.network object s_rally_a8a08a66_8tvBoSR2 (5c050cc5-d63b-46b9-96b5-7220a5ca6f7f)
2019-06-10 09:26:36.310 22705 RALLYDEBUG rally_openstack.cleanup.manager [-] Deleting neutron.network object s_rally_a8a08a66_mrGsjMfb (5adb04e3-49f2-439a-b741-b99f0a25fec7)
2019-06-10 09:26:36.728 22705 RALLYDEBUG rally_openstack.cleanup.manager [-] Deleting neutron.network object s_rally_a8a08a66_UUEzFbEz (5d7c1767-c1c1-4800-8df4-274d803f7b1d)
2019-06-10 09:26:36.775 22705 RALLYDEBUG rally_openstack.cleanup.manager [-] Deleting neutron.network object s_rally_a8a08a66_qfbL4vmA (61f298ef-3128-4e15-97fd-e1dce18dcbfb)
2019-06-10 09:26:37.805 22705 RALLYDEBUG rally_openstack.cleanup.manager [-] Deleting neutron.network object s_rally_a8a08a66_2SsdJdh0 (67ab8d31-222a-4bd8-b52a-e8567a3cb330)
2019-06-10 09:26:38.309 22705 RALLYDEBUG rally_openstack.cleanup.manager [-] Deleting neutron.network object s_rally_a8a08a66_zEUxTL8n (69386894-7499-4453-8185-00750ed0cca8)
2019-06-10 09:26:38.581 22705 RALLYDEBUG rally_openstack.cleanup.manager [-] Deleting neutron.network object s_rally_a8a08a66_gN6Da9a9 (6a61c238-794d-4420-8d0f-786ae3fa88e7)
2019-06-10 09:26:39.185 22705 RALLYDEBUG rally_openstack.cleanup.manager [-] Deleting neutron.network object s_rally_a8a08a66_fYPtkyZO (7198d6d0-e346-465b-8f46-daed3c081dec)
2019-06-10 09:26:39.208 22705 RALLYDEBUG rally_openstack.cleanup.manager [-] Deleting neutron.network object s_rally_a8a08a66_aj6JBObl (71f17b31-4a30-43a1-9d0b-1339e2910703)
2019-06-10 09:26:39.521 22705 RALLYDEBUG rally_openstack.cleanup.manager [-] Deleting neutron.network object s_rally_a8a08a66_aywT1EOS (727cede5-275c-486a-9d2f-9257ca701918)
2019-06-10 09:26:39.903 22705 RALLYDEBUG rally_openstack.cleanup.manager [-] Deleting neutron.network object s_rally_a8a08a66_iGBI2pp6 (754dd144-e5e8-409c-a8ae-0f69c0eeda6f)
2019-06-10 09:26:40.081 22705 RALLYDEBUG rally_openstack.cleanup.manager [-] Deleting neutron.network object s_rally_a8a08a66_8vdxhFyk (755ee704-02f8-43f4-a955-c57ecf01e3e2)
2019-06-10 09:26:40.324 22705 RALLYDEBUG rally_openstack.cleanup.manager [-] Deleting neutron.network object s_rally_a8a08a66_EIOhVEso (76f23981-1e5e-4d3c-8ca3-a6dc7811db57)
2019-06-10 09:26:40.367 22705 RALLYDEBUG rally_openstack.cleanup.manager [-] Deleting neutron.network object s_rally_a8a08a66_OH2X0GQu (771da948-e706-42b8-89c3-d8cae1b60286)
2019-06-10 09:26:40.645 22705 RALLYDEBUG rally_openstack.cleanup.manager [-] Deleting neutron.network object s_rally_a8a08a66_VpfsnOI5 (7ae5fdf8-e831-47fd-913e-81c628b2eddf)
2019-06-10 09:26:40.727 22705 RALLYDEBUG rally_openstack.cleanup.manager [-] Deleting neutron.network object s_rally_a8a08a66_WR4uKLHQ (7f6ecf0a-f514-498d-bbb5-80d2a826a404)
2019-06-10 09:26:40.772 22705 RALLYDEBUG rally_openstack.cleanup.manager [-] Deleting neutron.network object s_rally_a8a08a66_srbMMe7z (80fbdad4-5126-4072-972e-8b1f68aaab00)
2019-06-10 09:26:40.783 22705 RALLYDEBUG rally_openstack.cleanup.manager [-] Deleting neutron.network object s_rally_a8a08a66_2Jrwg43T (822200b3-95a9-449e-9566-c3b7c4190937)
2019-06-10 09:26:40.793 22705 RALLYDEBUG rally_openstack.cleanup.manager [-] Deleting neutron.network object s_rally_a8a08a66_UHUVO5sn (830cd41f-7560-47c2-9ac7-7fcce88b876d)
2019-06-10 09:26:40.813 22705 RALLYDEBUG rally_openstack.cleanup.manager [-] Deleting neutron.network object s_rally_a8a08a66_YoHiipfI (845f38a6-b03c-4773-992e-b754bd0d7b26)
2019-06-10 09:26:40.859 22705 RALLYDEBUG rally_openstack.cleanup.manager [-] Deleting neutron.network object s_rally_a8a08a66_Y8VFH0uH (88f4471c-5743-45cf-90a3-2509da54a5dc)
2019-06-10 09:26:41.050 22705 RALLYDEBUG rally_openstack.cleanup.manager [-] Deleting neutron.network object s_rally_a8a08a66_gXON7P1J (8af4a263-8479-4cd9-9d3b-52cc13c08891)
2019-06-10 09:26:41.170 22705 RALLYDEBUG rally_openstack.cleanup.manager [-] Deleting neutron.network object s_rally_a8a08a66_OqASsDkq (8c869684-46a9-4d78-b815-7f0b6ce0fc92)
2019-06-10 09:26:41.366 22705 RALLYDEBUG rally_openstack.cleanup.manager [-] Deleting neutron.network object s_rally_a8a08a66_BNuZXx5I (8dc17623-208a-4601-9df1-4813a651532c)
2019-06-10 09:26:41.460 22705 RALLYDEBUG rally_openstack.cleanup.manager [-] Deleting neutron.network object s_rally_a8a08a66_T9gmDpbh (8ff1301d-4e7e-4518-9a4b-4f98ef948eb3)
2019-06-10 09:26:41.568 22705 RALLYDEBUG rally_openstack.cleanup.manager [-] Deleting neutron.network object s_rally_a8a08a66_5QqpB1Nk (9033b399-7c28-434b-b743-0a9d396d39f5)
2019-06-10 09:26:41.597 22705 RALLYDEBUG rally_openstack.cleanup.manager [-] Deleting neutron.network object s_rally_a8a08a66_U1cqeZuQ (972f79e0-3c08-4817-86ce-200455ac0eed)
2019-06-10 09:26:41.830 22705 RALLYDEBUG rally_openstack.cleanup.manager [-] Deleting neutron.network object s_rally_a8a08a66_JzmENUiG (9cd72bfe-f5e9-4438-9f0a-bbdda1aefa79)
2019-06-10 09:26:42.154 22705 RALLYDEBUG rally_openstack.cleanup.manager [-] Deleting neutron.network object s_rally_a8a08a66_2obIhEeo (9dd078fa-cc3a-4e9a-a8e4-297669000621)
2019-06-10 09:26:42.368 22705 RALLYDEBUG rally_openstack.cleanup.manager [-] Deleting neutron.network object s_rally_a8a08a66_b0trvLsX (9e28cdc1-6268-4984-9408-cbf0b6629114)
2019-06-10 09:26:42.368 22705 RALLYDEBUG rally_openstack.cleanup.manager [-] Deleting neutron.network object s_rally_a8a08a66_x44IJxEB (a14a9a8d-35d6-4ca5-8f9f-bbd9bcb59bc2)
2019-06-10 09:26:43.347 22705 RALLYDEBUG rally_openstack.cleanup.manager [-] Deleting neutron.network object s_rally_a8a08a66_axVpzEeZ (a1ccb0be-325f-4fbc-a3c9-9fb389232640)
2019-06-10 09:26:44.126 22705 RALLYDEBUG rally_openstack.cleanup.manager [-] Deleting neutron.network object s_rally_a8a08a66_olF5Pc3e (a2ebd5ad-671c-4ed6-a3c1-d9fee34feb35)
2019-06-10 09:26:44.193 22705 RALLYDEBUG rally_openstack.cleanup.manager [-] Deleting neutron.network object s_rally_a8a08a66_cYLgow4b (a3cdb9be-e536-47d7-b5aa-b4b4abb9eeac)
2019-06-10 09:26:44.207 22705 RALLYDEBUG rally_openstack.cleanup.manager [-] Deleting neutron.network object s_rally_a8a08a66_oLU8XyF4 (a6fbce72-e84d-4a3c-861c-e1066b883db1)
2019-06-10 09:26:44.210 22705 RALLYDEBUG rally_openstack.cleanup.manager [-] Deleting neutron.network object s_rally_a8a08a66_YGWEeHWZ (b12b0a85-70bf-4642-8174-35b5a29ca928)
2019-06-10 09:26:44.223 22705 RALLYDEBUG rally_openstack.cleanup.manager [-] Deleting neutron.network object s_rally_a8a08a66_7ysU5VQf (b2e58131-71f1-4a12-978d-898f84db84ea)
2019-06-10 09:26:44.320 22705 RALLYDEBUG rally_openstack.cleanup.manager [-] Deleting neutron.network object s_rally_a8a08a66_IMsuILHl (bb6cf0ed-e952-4ce9-9ddf-11b43d390d45)
2019-06-10 09:26:44.375 22705 RALLYDEBUG rally_openstack.cleanup.manager [-] Deleting neutron.network object s_rally_a8a08a66_gpeQxzmB (bcb21014-8550-4adb-9eda-8bf87accb313)
2019-06-10 09:26:44.539 22705 RALLYDEBUG rally_openstack.cleanup.manager [-] Deleting neutron.network object s_rally_a8a08a66_TaXre5tb (bcde23c7-189a-4ad4-9e34-09408b7c20ff)
2019-06-10 09:26:44.721 22705 RALLYDEBUG rally_openstack.cleanup.manager [-] Deleting neutron.network object s_rally_a8a08a66_K54vGNEj (bd2283e8-5d62-46c5-be95-3a22d2eb35cc)
2019-06-10 09:26:44.960 22705 RALLYDEBUG rally_openstack.cleanup.manager [-] Deleting neutron.network object s_rally_a8a08a66_k2FlEIZw (bd4c7f03-6972-42da-93c5-4fd903e8236c)
2019-06-10 09:26:45.045 22705 RALLYDEBUG rally_openstack.cleanup.manager [-] Deleting neutron.network object s_rally_a8a08a66_VN8GVDUs (bdcab131-4025-4484-9a55-a6b068a8fd0e)
2019-06-10 09:26:45.156 22705 RALLYDEBUG rally_openstack.cleanup.manager [-] Deleting neutron.network object s_rally_a8a08a66_aCdQbFK8 (c5f455d0-6dae-4a2a-9f5b-9ebc5644d09b)
2019-06-10 09:26:45.158 22705 RALLYDEBUG rally_openstack.cleanup.manager [-] Deleting neutron.network object s_rally_a8a08a66_dU1QkCmj (be2782b2-d53a-4c33-8672-388755449eec)
2019-06-10 09:26:45.164 22705 RALLYDEBUG rally_openstack.cleanup.manager [-] Deleting neutron.network object s_rally_a8a08a66_YvRkRmlR (c9e4da12-cf8f-4589-8ecf-1e71e08dc928)
2019-06-10 09:26:45.202 22705 RALLYDEBUG rally_openstack.cleanup.manager [-] Deleting neutron.network object s_rally_a8a08a66_7G50qACu (cb498248-34b1-4599-b23a-317b233c51b7)
2019-06-10 09:26:46.081 22705 RALLYDEBUG rally_openstack.cleanup.manager [-] Deleting neutron.network object s_rally_a8a08a66_Ei4vShYu (cd97ae01-7ab3-4643-ae1c-eb82880db326)
2019-06-10 09:26:46.555 22705 RALLYDEBUG rally_openstack.cleanup.manager [-] Deleting neutron.network object s_rally_a8a08a66_ZhFGkIbF (cece8ec0-5eeb-45d7-bac8-9bf7e38eddbf)
2019-06-10 09:26:46.627 22705 RALLYDEBUG rally_openstack.cleanup.manager [-] Deleting neutron.network object s_rally_a8a08a66_nuNGvWqH (cf138f00-b471-4047-93d0-a40559ca851a)
2019-06-10 09:26:46.650 22705 RALLYDEBUG rally_openstack.cleanup.manager [-] Deleting neutron.network object s_rally_a8a08a66_q6D5Qxds (d009ff10-b745-499c-982a-451ff29a53ed)
2019-06-10 09:26:46.662 22705 RALLYDEBUG rally_openstack.cleanup.manager [-] Deleting neutron.network object s_rally_a8a08a66_2axR55ID (d3670cbe-deed-403c-b730-4795bd830a58)
2019-06-10 09:26:46.882 22705 RALLYDEBUG rally_openstack.cleanup.manager [-] Deleting neutron.network object s_rally_a8a08a66_4VhPnGBv (d5f18237-0b84-4d44-9e51-f37620fe29dd)
2019-06-10 09:26:47.493 22705 RALLYDEBUG rally_openstack.cleanup.manager [-] Deleting neutron.network object s_rally_a8a08a66_1ACZevlF (d7dac531-e62c-4b9b-aee0-23ba5969d830)
2019-06-10 09:26:47.586 22705 RALLYDEBUG rally_openstack.cleanup.manager [-] Deleting neutron.network object s_rally_a8a08a66_VwGgFUmB (db60bb9d-047c-4cde-9761-336e697a27da)
2019-06-10 09:26:47.752 22705 RALLYDEBUG rally_openstack.cleanup.manager [-] Deleting neutron.network object s_rally_a8a08a66_LDkySRzl (e153d480-546a-4fc4-9a9a-1636e6ef5534)
2019-06-10 09:26:47.881 22705 RALLYDEBUG rally_openstack.cleanup.manager [-] Deleting neutron.network object s_rally_a8a08a66_wy6TnwZT (ebbb1b99-c494-49e8-a3fd-482f6457a98c)
2019-06-10 09:26:47.930 22705 RALLYDEBUG rally_openstack.cleanup.manager [-] Deleting neutron.network object s_rally_a8a08a66_Ui1tU0P8 (f1f1c5fe-6a99-49f7-8805-60a98e7f6bf1)
2019-06-10 09:26:48.090 22705 RALLYDEBUG rally_openstack.cleanup.manager [-] Deleting neutron.network object s_rally_a8a08a66_38nkGnFL (f24bb10e-01dc-446c-82d9-c3da08b34c02)
2019-06-10 09:26:48.177 22705 RALLYDEBUG rally_openstack.cleanup.manager [-] Deleting neutron.network object s_rally_a8a08a66_99zNH3xo (f7419cde-1661-42b6-8c52-2712e3f1a150)
