2019-06-10 09:46:37.457 22705 RALLYDEBUG rally_openstack.cleanup.manager [-] Deleting neutron.port object s_rally_082117a5_leTtydXi (51972661-0234-4f77-b02b-d98544e226ae)
2019-06-10 09:46:37.525 22705 RALLYDEBUG rally_openstack.cleanup.manager [-] Deleting neutron.port object s_rally_082117a5_BMw7SUZ8 (51a79886-cd11-4a74-9b6d-80bb00c57efe)
2019-06-10 09:46:37.661 22705 RALLYDEBUG rally_openstack.cleanup.manager [-] Deleting neutron.port object s_rally_082117a5_7W8FrHKc (54841480-88c4-4811-9788-60110e64a427)
2019-06-10 09:46:37.975 22705 RALLYDEBUG rally_openstack.cleanup.manager [-] Deleting neutron.port object s_rally_082117a5_Jx5s6D4Z (57100a18-3554-417f-9617-6867585ddbc3)
2019-06-10 09:46:38.136 22705 RALLYDEBUG rally_openstack.cleanup.manager [-] Deleting neutron.port object s_rally_082117a5_rqpPAEJw (57141bfb-c45a-40ab-ad9a-ddca8ac95666)
2019-06-10 09:46:38.457 22705 RALLYDEBUG rally_openstack.cleanup.manager [-] Deleting neutron.port object s_rally_082117a5_BeJfx0Hs (59048b66-2db7-4e06-9157-30bc5cd39948)
2019-06-10 09:46:38.492 22705 RALLYDEBUG rally_openstack.cleanup.manager [-] Deleting neutron.port object s_rally_082117a5_SXO2l26C (59868038-b6b3-4e18-b914-0edf46b06077)
2019-06-10 09:46:38.991 22705 RALLYDEBUG rally_openstack.cleanup.manager [-] Deleting neutron.port object s_rally_082117a5_BxJNzcX7 (59b56262-6a38-44b0-a795-558bba191fe7)
2019-06-10 09:46:39.088 22705 RALLYDEBUG rally_openstack.cleanup.manager [-] Deleting neutron.port object s_rally_082117a5_gt4IDncZ (5a0141fb-e6cb-4705-a49d-684757d24881)
2019-06-10 09:46:39.246 22705 RALLYDEBUG rally_openstack.cleanup.manager [-] Deleting neutron.port object s_rally_082117a5_Ddq50vXZ (5c99d984-a894-4a08-864d-37e978854f41)
2019-06-10 09:46:39.374 22705 RALLYDEBUG rally_openstack.cleanup.manager [-] Deleting neutron.port object s_rally_082117a5_ryPCcdEC (5cdec607-8e31-41e8-95d6-70df5292846b)
2019-06-10 09:46:39.582 22705 RALLYDEBUG rally_openstack.cleanup.manager [-] Deleting neutron.port object s_rally_082117a5_WsfeBmk0 (5eebafa2-017f-48a1-aa8c-16f0be150a5b)
2019-06-10 09:46:40.090 22705 RALLYDEBUG rally_openstack.cleanup.manager [-] Deleting neutron.port object s_rally_082117a5_VLlvJwCw (6496a993-782a-424c-a240-98f389b1db7a)
2019-06-10 09:46:40.090 22705 RALLYDEBUG rally_openstack.cleanup.manager [-] Deleting neutron.port object s_rally_082117a5_i1yPsLcR (5ef54d4d-9dfa-46a4-9f1b-d5f780bbd1d4)
2019-06-10 09:46:40.178 22705 RALLYDEBUG rally_openstack.cleanup.manager [-] Deleting neutron.port object s_rally_082117a5_7xGDasFF (65954d97-ea94-40d0-8a6b-37eef1210650)
2019-06-10 09:46:40.182 22705 RALLYDEBUG rally_openstack.cleanup.manager [-] Deleting neutron.port object s_rally_082117a5_NEhyVVE9 (69a74ec3-0cc7-4607-a7d6-4f570556dd66)
2019-06-10 09:46:40.522 22705 RALLYDEBUG rally_openstack.cleanup.manager [-] Deleting neutron.port object s_rally_082117a5_HthRYt7d (6b36ce6f-2004-4dbf-9f3c-ab4520c79c96)
2019-06-10 09:46:40.646 22705 RALLYDEBUG rally_openstack.cleanup.manager [-] Deleting neutron.port object s_rally_082117a5_KGCikfcy (6b504229-d375-4209-ac3d-1df55146dedd)
2019-06-10 09:46:40.659 22705 RALLYDEBUG rally_openstack.cleanup.manager [-] Deleting neutron.port object s_rally_082117a5_inJF1QGd (6e983b95-e88f-4d35-8049-71f314018784)
2019-06-10 09:46:40.693 22705 RALLYDEBUG rally_openstack.cleanup.manager [-] Deleting neutron.port object s_rally_082117a5_YIlehbjx (6f4f7091-0268-4e1b-a908-ac1c14406801)
2019-06-10 09:46:40.821 22705 RALLYDEBUG rally_openstack.cleanup.manager [-] Deleting neutron.port object s_rally_082117a5_cEGdxisS (6f9efa09-3b98-4e74-b03f-84f44004c674)
2019-06-10 09:46:40.850 22705 RALLYDEBUG rally_openstack.cleanup.manager [-] Deleting neutron.port object s_rally_082117a5_004SCxC9 (6fee7821-6eaf-4ad1-9d27-4a44b5c68cca)
2019-06-10 09:46:40.894 22705 RALLYDEBUG rally_openstack.cleanup.manager [-] Deleting neutron.port object s_rally_082117a5_aLadorbK (70d163e6-2078-478b-a065-4424b268d649)
2019-06-10 09:46:41.280 22705 RALLYDEBUG rally_openstack.cleanup.manager [-] Deleting neutron.port object s_rally_082117a5_FSNz2xGq (7218834e-1c5d-486e-bf4a-7103c40d8858)
2019-06-10 09:46:41.303 22705 RALLYDEBUG rally_openstack.cleanup.manager [-] Deleting neutron.port object s_rally_082117a5_d9l7b9XR (75fb8532-6668-46c6-9acf-afe585594877)
2019-06-10 09:46:41.475 22705 RALLYDEBUG rally_openstack.cleanup.manager [-] Deleting neutron.port object s_rally_082117a5_u6f6Vdvo (77afeb50-ae05-4523-805a-ae857a64eb6e)
2019-06-10 09:46:41.510 22705 RALLYDEBUG rally_openstack.cleanup.manager [-] Deleting neutron.port object s_rally_082117a5_dZx8UqxQ (791b65c2-87ca-4376-bb2d-7f570ac53714)
2019-06-10 09:46:41.511 22705 RALLYDEBUG rally_openstack.cleanup.manager [-] Deleting neutron.port object s_rally_082117a5_cll9FoDr (77bfd39f-aa0a-4a53-809b-86a521c2613f)
2019-06-10 09:46:42.238 22705 RALLYDEBUG rally_openstack.cleanup.manager [-] Deleting neutron.port object s_rally_082117a5_Nik1ToJ2 (7b833c8c-a9f5-4a2e-90c0-41b9a84ae5db)
2019-06-10 09:46:42.260 22705 RALLYDEBUG rally_openstack.cleanup.manager [-] Deleting neutron.port object s_rally_082117a5_B6xSYn2r (7e054246-f81c-44ab-9073-013dbcac6aac)
2019-06-10 09:46:42.366 22705 RALLYDEBUG rally_openstack.cleanup.manager [-] Deleting neutron.port object s_rally_082117a5_mbTxpTfc (7e832ebb-e953-46fd-9b88-669c74518894)
2019-06-10 09:46:42.426 22705 RALLYDEBUG rally_openstack.cleanup.manager [-] Deleting neutron.port object s_rally_082117a5_couZ98C2 (7fed317c-0bfa-492c-bcf9-9a7d5af4286e)
2019-06-10 09:46:42.615 22705 RALLYDEBUG rally_openstack.cleanup.manager [-] Deleting neutron.port object s_rally_082117a5_VCTLH5Pl (814aecba-36da-429f-be0b-3df51b354792)
2019-06-10 09:46:43.320 22705 RALLYDEBUG rally_openstack.cleanup.manager [-] Deleting neutron.port object s_rally_082117a5_WuyTmLA0 (85abbfa2-3f23-47e7-a44f-6f9ccc294a4f)
2019-06-10 09:46:43.359 22705 RALLYDEBUG rally_openstack.cleanup.manager [-] Deleting neutron.port object s_rally_082117a5_CKqiu7mt (869d49bf-1cf3-4612-bfd2-e85681ac096d)
2019-06-10 09:46:43.393 22705 RALLYDEBUG rally_openstack.cleanup.manager [-] Deleting neutron.port object s_rally_082117a5_fZJwcBvq (8cfcde8c-0f93-405b-9956-da0e6d64586d)
2019-06-10 09:46:43.592 22705 RALLYDEBUG rally_openstack.cleanup.manager [-] Deleting neutron.port object s_rally_082117a5_2tlybmPh (8d274aa3-2059-4934-be53-f08fa1efef1c)
2019-06-10 09:46:43.903 22705 RALLYDEBUG rally_openstack.cleanup.manager [-] Deleting neutron.port object s_rally_082117a5_FLXwUP9s (8f24a040-bfce-4690-aba8-459c17faa380)
2019-06-10 09:46:43.964 22705 RALLYDEBUG rally_openstack.cleanup.manager [-] Deleting neutron.port object s_rally_082117a5_ivmfQO8n (8f8d3577-fabc-4897-9f07-11e687658ed4)
2019-06-10 09:46:43.973 22705 RALLYDEBUG rally_openstack.cleanup.manager [-] Deleting neutron.port object s_rally_082117a5_eC8Kc535 (904bfcf0-cc65-4bda-90e4-4df6e7a35010)
2019-06-10 09:46:44.014 22705 RALLYDEBUG rally_openstack.cleanup.manager [-] Deleting neutron.port object s_rally_082117a5_0bpJKT9e (911883ea-0d2c-4b79-9951-28e59e8f8294)
2019-06-10 09:46:44.105 22705 RALLYDEBUG rally_openstack.cleanup.manager [-] Deleting neutron.port object s_rally_082117a5_2qOnh4Bg (91b446d0-f750-4acf-bc24-d1948e3ebe48)
2019-06-10 09:46:44.127 22705 RALLYDEBUG rally_openstack.cleanup.manager [-] Deleting neutron.port object s_rally_082117a5_TMkL3CPV (926f3544-8047-4531-99fb-254ce600c1e7)
2019-06-10 09:46:44.138 22705 RALLYDEBUG rally_openstack.cleanup.manager [-] Deleting neutron.port object s_rally_082117a5_53tQ2Wa5 (928e8181-7942-4950-96b2-87bf58fb0795)
2019-06-10 09:46:44.242 22705 RALLYDEBUG rally_openstack.cleanup.manager [-] Deleting neutron.port object s_rally_082117a5_fs3mtTTU (947ddc6f-62b3-4e1b-8fa6-d29e5efaa798)
2019-06-10 09:46:44.483 22705 RALLYDEBUG rally_openstack.cleanup.manager [-] Deleting neutron.port object s_rally_082117a5_YVUksEs6 (95147e18-7ef7-461f-be43-ac10bf5995ba)
2019-06-10 09:46:44.891 22705 RALLYDEBUG rally_openstack.cleanup.manager [-] Deleting neutron.port object s_rally_082117a5_I9z4SNqT (957705da-7b54-4fd5-8770-0afed8d37014)
2019-06-10 09:46:44.898 22705 RALLYDEBUG rally_openstack.cleanup.manager [-] Deleting neutron.port object s_rally_082117a5_VfbAfBoA (95850190-7ad0-4299-b5c9-90cb1d5f68e3)
2019-06-10 09:46:44.903 22705 RALLYDEBUG rally_openstack.cleanup.manager [-] Deleting neutron.port object s_rally_082117a5_mNJnlgaV (9658b9c1-9bba-4112-b531-138e3f4f87ce)
2019-06-10 09:46:44.956 22705 RALLYDEBUG rally_openstack.cleanup.manager [-] Deleting neutron.port object s_rally_082117a5_XUNkZWiP (97ef1f6b-c43f-46ed-8656-8a8e17f2aca9)
2019-06-10 09:46:45.989 22705 RALLYDEBUG rally_openstack.cleanup.manager [-] Deleting neutron.port object s_rally_082117a5_fYmrkhQk (98c8acb0-98ca-4d5d-b1fd-bcf16f6f0a2b)
2019-06-10 09:46:45.995 22705 RALLYDEBUG rally_openstack.cleanup.manager [-] Deleting neutron.port object s_rally_082117a5_P6Z1tf2U (9ae56596-e412-488f-9f4a-d46a2dd93bab)
2019-06-10 09:46:46.057 22705 RALLYDEBUG rally_openstack.cleanup.manager [-] Deleting neutron.port object s_rally_082117a5_BQqrLb17 (9b4bb2e1-9727-48fa-a0ea-713f1dfb8cdf)
2019-06-10 09:46:46.189 22705 RALLYDEBUG rally_openstack.cleanup.manager [-] Deleting neutron.port object s_rally_082117a5_Y88hpsM3 (9b589982-70d6-4be1-94dc-4940948c0987)
2019-06-10 09:46:46.250 22705 RALLYDEBUG rally_openstack.cleanup.manager [-] Deleting neutron.port object s_rally_082117a5_zGmdH4c2 (9c60c1fd-5e2a-45de-8448-22fd6a368793)
2019-06-10 09:46:46.252 22705 RALLYDEBUG rally_openstack.cleanup.manager [-] Deleting neutron.port object s_rally_082117a5_5UvZOfCU (9b899554-7a03-4720-b4b6-18106cce4050)
2019-06-10 09:46:46.261 22705 RALLYDEBUG rally_openstack.cleanup.manager [-] Deleting neutron.port object s_rally_082117a5_mmKQsXoF (9cdf2391-ef92-4291-90e7-3a96e5efeaa8)
2019-06-10 09:46:46.566 22705 RALLYDEBUG rally_openstack.cleanup.manager [-] Deleting neutron.port object s_rally_082117a5_AlHMHksw (a00904a3-6125-460d-b959-e8b709ed5dae)
2019-06-10 09:46:46.760 22705 RALLYDEBUG rally_openstack.cleanup.manager [-] Deleting neutron.port object s_rally_082117a5_TnlCNM9Z (a3bfa696-c75f-4b53-8ef6-358ea5464d02)
2019-06-10 09:46:46.858 22705 RALLYDEBUG rally_openstack.cleanup.manager [-] Deleting neutron.port object s_rally_082117a5_YQghfnqu (a3ed2c08-81d5-44e8-86cb-f34444ad4b71)
2019-06-10 09:46:46.865 22705 RALLYDEBUG rally_openstack.cleanup.manager [-] Deleting neutron.port object s_rally_082117a5_vnwYUAj4 (a48fb47e-a5cc-44a3-96a3-e5c1f2c0f002)
2019-06-10 09:46:47.244 22705 RALLYDEBUG rally_openstack.cleanup.manager [-] Deleting neutron.port object s_rally_082117a5_mIL7jOu3 (a50919ad-8a4a-4ead-a3a1-58a3f6e6474a)
2019-06-10 09:46:47.444 22705 RALLYDEBUG rally_openstack.cleanup.manager [-] Deleting neutron.port object s_rally_082117a5_cPc1Z8t1 (a558d0dc-88f8-4cd2-bb5a-983eb2b0b1d0)
2019-06-10 09:46:47.491 22705 RALLYDEBUG rally_openstack.cleanup.manager [-] Deleting neutron.port object s_rally_082117a5_izSDnCMG (a6f90446-354f-4f06-9a09-1b05a3739d47)
2019-06-10 09:46:47.497 22705 RALLYDEBUG rally_openstack.cleanup.manager [-] Deleting neutron.port object s_rally_082117a5_TLvJhxf2 (a779a4ca-ce3e-4da2-bc14-b3b360b50ad6)
2019-06-10 09:46:47.501 22705 RALLYDEBUG rally_openstack.cleanup.manager [-] Deleting neutron.port object s_rally_082117a5_mGenC0HH (a8c4fa2c-3247-4453-b2c9-33239b61da06)
2019-06-10 09:46:47.794 22705 RALLYDEBUG rally_openstack.cleanup.manager [-] Deleting neutron.port object s_rally_082117a5_Lnkon5xw (a949354d-c90e-4cca-a3e1-bd2462f57ba7)
2019-06-10 09:46:48.379 22705 RALLYDEBUG rally_openstack.cleanup.manager [-] Deleting neutron.port object s_rally_082117a5_76ZMvauZ (aa33c455-537a-4f05-8d1c-f02950ef4675)
2019-06-10 09:46:48.532 22705 RALLYDEBUG rally_openstack.cleanup.manager [-] Deleting neutron.port object s_rally_082117a5_9f2fn18F (ab0d3d99-ac5a-4c0b-83fc-92f1ce879d8c)
2019-06-10 09:46:48.703 22705 RALLYDEBUG rally_openstack.cleanup.manager [-] Deleting neutron.port object s_rally_082117a5_ppydV18v (abb0d2e1-d1f1-4153-8a38-eba1fd421c23)
2019-06-10 09:46:48.763 22705 RALLYDEBUG rally_openstack.cleanup.manager [-] Deleting neutron.port object s_rally_082117a5_ZeVagLMZ (abe69f61-d511-4a1f-b509-a8fc5441ce6e)
2019-06-10 09:46:48.789 22705 RALLYDEBUG rally_openstack.cleanup.manager [-] Deleting neutron.port object s_rally_082117a5_8Mqw5K4c (ace9035a-4d38-4bbc-97e2-1f66edcc0e58)
2019-06-10 09:46:48.796 22705 RALLYDEBUG rally_openstack.cleanup.manager [-] Deleting neutron.port object s_rally_082117a5_2na6luCK (ae32ab20-01db-4d45-9234-b177b073f737)
2019-06-10 09:46:48.801 22705 RALLYDEBUG rally_openstack.cleanup.manager [-] Deleting neutron.port object s_rally_082117a5_696Q0QQa (afefcdc0-ed2a-455c-9aff-81b3d1255ee9)
2019-06-10 09:46:49.230 22705 RALLYDEBUG rally_openstack.cleanup.manager [-] Deleting neutron.port object s_rally_082117a5_eupZpFYI (b02ae39b-d9de-42ba-8471-d905f11819a1)
2019-06-10 09:46:49.397 22705 RALLYDEBUG rally_openstack.cleanup.manager [-] Deleting neutron.port object s_rally_082117a5_4e1qDqgO (b069ec95-9902-4395-adea-be2c748629c2)
2019-06-10 09:46:49.545 22705 RALLYDEBUG rally_openstack.cleanup.manager [-] Deleting neutron.port object s_rally_082117a5_aqTo5rJn (b1b41f86-bfc5-4ef5-bcb2-1fdd425f6a13)
2019-06-10 09:46:49.547 22705 RALLYDEBUG rally_openstack.cleanup.manager [-] Deleting neutron.port object s_rally_082117a5_J5YwLQS5 (b182e0d8-70b3-4bb7-9db9-bf8bbf06302f)
2019-06-10 09:46:49.881 22705 RALLYDEBUG rally_openstack.cleanup.manager [-] Deleting neutron.port object s_rally_082117a5_fetby5jG (b33fd054-8f83-46b3-aace-a24f10410556)
2019-06-10 09:46:49.923 22705 RALLYDEBUG rally_openstack.cleanup.manager [-] Deleting neutron.port object s_rally_082117a5_dOzH21xP (b3dcde0f-57dc-455d-8db9-da1d22ff3655)
2019-06-10 09:46:49.960 22705 RALLYDEBUG rally_openstack.cleanup.manager [-] Deleting neutron.port object s_rally_082117a5_02egXX6o (b455e959-8024-46b6-9cb6-d75f6872527a)
2019-06-10 09:46:50.251 22705 RALLYDEBUG rally_openstack.cleanup.manager [-] Deleting neutron.port object s_rally_082117a5_i1maDePs (b696551d-e452-4f08-9350-a931cc8993f2)
2019-06-10 09:46:50.258 22705 RALLYDEBUG rally_openstack.cleanup.manager [-] Deleting neutron.port object s_rally_082117a5_EVCE6uoH (b7c48190-6dd6-44dc-aa93-7c18997f66ea)
2019-06-10 09:46:50.261 22705 RALLYDEBUG rally_openstack.cleanup.manager [-] Deleting neutron.port object s_rally_082117a5_kRdJJgrJ (b853f3c6-999d-48d2-8189-8c287b328b5c)
2019-06-10 09:46:50.409 22705 RALLYDEBUG rally_openstack.cleanup.manager [-] Deleting neutron.port object s_rally_082117a5_xfrLaFRI (b9498212-56ad-4720-9821-d5146fef58c0)
2019-06-10 09:46:50.416 22705 RALLYDEBUG rally_openstack.cleanup.manager [-] Deleting neutron.port object s_rally_082117a5_jy4EVIWn (ba157524-14cb-460d-8718-546f7bdbbd4b)
2019-06-10 09:46:50.472 22705 RALLYDEBUG rally_openstack.cleanup.manager [-] Deleting neutron.port object s_rally_082117a5_kx6mwGyY (ba431709-a029-47ad-9b46-cfc99141af9e)
2019-06-10 09:46:51.244 22705 RALLYDEBUG rally_openstack.cleanup.manager [-] Deleting neutron.port object s_rally_082117a5_aejtjV0r (c070e555-b74b-4ab0-a715-7156086c22e0)
2019-06-10 09:46:51.380 22705 RALLYDEBUG rally_openstack.cleanup.manager [-] Deleting neutron.port object s_rally_082117a5_CwwFMjYY (c0afe14b-781e-4e3e-8d6f-91ee63b17b52)
2019-06-10 09:46:51.472 22705 RALLYDEBUG rally_openstack.cleanup.manager [-] Deleting neutron.port object s_rally_082117a5_v01N8NqI (c1b50750-ddbe-437c-8715-b2f86556e3f5)
2019-06-10 09:46:51.488 22705 RALLYDEBUG rally_openstack.cleanup.manager [-] Deleting neutron.port object s_rally_082117a5_5g2p7SC7 (c65a6f8a-3318-4439-9749-ad0edbf8923f)
2019-06-10 09:46:51.747 22705 RALLYDEBUG rally_openstack.cleanup.manager [-] Deleting neutron.port object s_rally_082117a5_n3wyz4qA (c7352c82-b641-4df1-89d3-048444dda369)
2019-06-10 09:46:52.262 22705 RALLYDEBUG rally_openstack.cleanup.manager [-] Deleting neutron.port object s_rally_082117a5_AeKywQoV (c85cd7d1-3b78-4449-8a02-2cdacd57ed6a)
2019-06-10 09:46:52.269 22705 RALLYDEBUG rally_openstack.cleanup.manager [-] Deleting neutron.port object s_rally_082117a5_sDak1zZn (c90c2661-4cdd-40fd-b950-a23758e9df07)
2019-06-10 09:46:52.357 22705 RALLYDEBUG rally_openstack.cleanup.manager [-] Deleting neutron.port object s_rally_082117a5_q5QzjdZR (c9755fca-44e7-408d-b624-4d05c50a9ae4)
2019-06-10 09:46:52.453 22705 RALLYDEBUG rally_openstack.cleanup.manager [-] Deleting neutron.port object s_rally_082117a5_kN1UAGXa (c99854c0-7093-4967-ad2e-3886e9684222)
2019-06-10 09:46:52.625 22705 RALLYDEBUG rally_openstack.cleanup.manager [-] Deleting neutron.port object s_rally_082117a5_6vXanBrU (cb5930f7-eb77-4e07-ac1b-4b24adb1bb7b)
2019-06-10 09:46:52.688 22705 RALLYDEBUG rally_openstack.cleanup.manager [-] Deleting neutron.port object s_rally_082117a5_CgNRIfto (cd3281d5-30eb-418c-8a54-afb825020bb4)
2019-06-10 09:46:52.766 22705 RALLYDEBUG rally_openstack.cleanup.manager [-] Deleting neutron.port object s_rally_082117a5_9PYt3TDj (ce51d864-bd91-4b16-9e84-e60a8052cbea)
2019-06-10 09:46:52.818 22705 RALLYDEBUG rally_openstack.cleanup.manager [-] Deleting neutron.port object s_rally_082117a5_J6HvYknu (cf5fcd30-c70b-4e68-80d9-7716e022252f)
2019-06-10 09:46:52.831 22705 RALLYDEBUG rally_openstack.cleanup.manager [-] Deleting neutron.port object s_rally_082117a5_UbChetp4 (d15332a1-ab1c-4cc8-9c95-4bd01ab325de)
2019-06-10 09:46:52.929 22705 RALLYDEBUG rally_openstack.cleanup.manager [-] Deleting neutron.port object s_rally_082117a5_xTweNfti (d26f94eb-7211-4127-850f-14a05370bb34)
2019-06-10 09:46:53.102 22705 RALLYDEBUG rally_openstack.cleanup.manager [-] Deleting neutron.port object s_rally_082117a5_UfBjHrcR (d3cb76d7-43f0-4374-92f8-5a2ca5339da8)
2019-06-10 09:46:53.122 22705 RALLYDEBUG rally_openstack.cleanup.manager [-] Deleting neutron.port object s_rally_082117a5_OKLoXyk5 (d67d2ace-5124-428f-aab6-9e1fe85dc2e7)
2019-06-10 09:46:53.842 22705 RALLYDEBUG rally_openstack.cleanup.manager [-] Deleting neutron.port object s_rally_082117a5_xnqlYQvc (d7185227-949b-4f34-b6b0-956259cddd4a)
2019-06-10 09:46:53.849 22705 RALLYDEBUG rally_openstack.cleanup.manager [-] Deleting neutron.port object s_rally_082117a5_Jzysg9qZ (d7438475-8b07-4144-a2f8-6e50e6e2fcfe)
2019-06-10 09:46:53.854 22705 RALLYDEBUG rally_openstack.cleanup.manager [-] Deleting neutron.port object s_rally_082117a5_zVQp8F2H (d8e0af21-7faf-44c8-905e-eb03ef9d6bf1)
2019-06-10 09:46:53.931 22705 RALLYDEBUG rally_openstack.cleanup.manager [-] Deleting neutron.port object s_rally_082117a5_581yxUhR (d91011cc-b21a-473b-b0fe-e4433bc3c07a)
2019-06-10 09:46:54.613 22705 RALLYDEBUG rally_openstack.cleanup.manager [-] Deleting neutron.port object s_rally_082117a5_OjbMF1NL (dae71103-2dc0-4b29-bd16-de6b2719b8d7)
2019-06-10 09:46:54.619 22705 RALLYDEBUG rally_openstack.cleanup.manager [-] Deleting neutron.port object s_rally_082117a5_FZvfUuu1 (dc0db514-506b-4023-8b9e-2978090041a2)
2019-06-10 09:46:54.732 22705 RALLYDEBUG rally_openstack.cleanup.manager [-] Deleting neutron.port object s_rally_082117a5_qUBlqsre (dfa045ce-287d-405f-9b73-0c76c429eea0)
2019-06-10 09:46:54.799 22705 RALLYDEBUG rally_openstack.cleanup.manager [-] Deleting neutron.port object s_rally_082117a5_IIEUHJfR (e03e4db9-849c-450a-98d1-1f0208134414)
2019-06-10 09:46:54.813 22705 RALLYDEBUG rally_openstack.cleanup.manager [-] Deleting neutron.port object s_rally_082117a5_reMJKrHL (e31c2474-fb5c-4d44-be06-e4aaf24b14c6)
2019-06-10 09:46:55.139 22705 RALLYDEBUG rally_openstack.cleanup.manager [-] Deleting neutron.port object s_rally_082117a5_fnnNEq33 (e443693c-bce9-4c54-b373-c3576c5e9b51)
2019-06-10 09:46:55.143 22705 RALLYDEBUG rally_openstack.cleanup.manager [-] Deleting neutron.port object s_rally_082117a5_J4IxxeSV (e53e33b7-d2b8-4a3d-a384-9be15d77edbe)
2019-06-10 09:46:55.149 22705 RALLYDEBUG rally_openstack.cleanup.manager [-] Deleting neutron.port object s_rally_082117a5_U9eBRcNd (e7b44134-1116-4603-ae7c-10085c4bde92)
2019-06-10 09:46:55.382 22705 RALLYDEBUG rally_openstack.cleanup.manager [-] Deleting neutron.port object s_rally_082117a5_K0Gc2wVg (e98bd86d-affb-411d-a89c-0c8b23484e18)
2019-06-10 09:46:55.555 22705 RALLYDEBUG rally_openstack.cleanup.manager [-] Deleting neutron.port object s_rally_082117a5_NoNTeY3r (ec9dfbb6-0ffb-489a-9783-b81e56de51a1)
2019-06-10 09:46:55.679 22705 RALLYDEBUG rally_openstack.cleanup.manager [-] Deleting neutron.port object s_rally_082117a5_07ciqB6z (ed4f18ce-cfcb-4936-bdb0-0e465ac33caa)
2019-06-10 09:46:56.451 22705 RALLYDEBUG rally_openstack.cleanup.manager [-] Deleting neutron.port object s_rally_082117a5_tYBw91oI (ed54b36b-95cc-4087-8b46-fe6b682e8936)
2019-06-10 09:46:56.518 22705 RALLYDEBUG rally_openstack.cleanup.manager [-] Deleting neutron.port object s_rally_082117a5_iAqcTKSB (f1fddf51-e849-44a5-88f6-7a99f3547114)
2019-06-10 09:46:56.955 22705 RALLYDEBUG rally_openstack.cleanup.manager [-] Deleting neutron.port object s_rally_082117a5_umIEneRQ (f210bc79-0499-4902-8f9c-f445584eec4b)
2019-06-10 09:46:56.966 22705 RALLYDEBUG rally_openstack.cleanup.manager [-] Deleting neutron.port object s_rally_082117a5_Yx5lUFpF (f4775a92-53f6-4f06-9779-9d4c93ce32d5)
2019-06-10 09:46:57.144 22705 RALLYDEBUG rally_openstack.cleanup.manager [-] Deleting neutron.port object s_rally_082117a5_B5s3hx1m (f5ca0475-5071-432a-8e0b-2369a09dbf6e)
2019-06-10 09:46:57.203 22705 RALLYDEBUG rally_openstack.cleanup.manager [-] Deleting neutron.port object s_rally_082117a5_MoyPtffo (f615549e-8a48-4b86-8b7c-76038e332015)
2019-06-10 09:46:57.321 22705 RALLYDEBUG rally_openstack.cleanup.manager [-] Deleting neutron.port object s_rally_082117a5_8hDlY15x (f6745011-f097-4d4f-ba49-8c41c71a6f23)
2019-06-10 09:46:57.331 22705 RALLYDEBUG rally_openstack.cleanup.manager [-] Deleting neutron.port object s_rally_082117a5_vcJfLfAK (f7645369-89ec-4a81-9d07-7c704245ec05)
2019-06-10 09:46:57.334 22705 RALLYDEBUG rally_openstack.cleanup.manager [-] Deleting neutron.port object s_rally_082117a5_A92xUebe (f685d1a4-4c53-4502-b2b5-29fa8244a5bf)
2019-06-10 09:46:57.375 22705 RALLYDEBUG rally_openstack.cleanup.manager [-] Deleting neutron.port object s_rally_082117a5_46j8XBzA (fa2e054c-8a35-40f3-b13d-87b3d6407662)
2019-06-10 09:46:57.434 22705 RALLYDEBUG rally_openstack.cleanup.manager [-] Deleting neutron.port object s_rally_082117a5_oHLSw6aN (ffe4a00f-80c7-45ea-a31b-9cf63f690d1e)
2019-06-10 09:46:57.434 22705 RALLYDEBUG rally_openstack.cleanup.manager [-] Deleting neutron.port object s_rally_082117a5_TRM25OjM (fcda0a77-f13a-4ed9-b6d1-b57e4ef8570e)
2019-06-10 09:47:00.671 22705 RALLYDEBUG rally_openstack.cleanup.manager [-] Cleaning up neutron subnet objects
2019-06-10 09:47:01.323 22705 RALLYDEBUG rally_openstack.cleanup.manager [-] Cleaning up neutron network objects
2019-06-10 09:47:02.235 22705 RALLYDEBUG rally_openstack.cleanup.manager [-] Deleting neutron.network object s_rally_082117a5_tShrET28 (07c14d35-fb5a-4e78-96b9-38d494eab44d)
2019-06-10 09:47:02.247 22705 RALLYDEBUG rally_openstack.cleanup.manager [-] Deleting neutron.network object s_rally_082117a5_hlQr6kdk (1bf852fb-3e70-4f22-813d-f0e88dd22f52)
2019-06-10 09:47:02.247 22705 RALLYDEBUG rally_openstack.cleanup.manager [-] Deleting neutron.network object s_rally_082117a5_qVexgcQm (152ddadc-be89-4ee0-b0f2-5aaf273d4895)
2019-06-10 09:47:02.253 22705 RALLYDEBUG rally_openstack.cleanup.manager [-] Deleting neutron.network object s_rally_082117a5_l9PQ99kJ (2953806c-f543-4e1b-9e1b-10ce8fa10b1d)
2019-06-10 09:47:02.257 22705 RALLYDEBUG rally_openstack.cleanup.manager [-] Deleting neutron.network object s_rally_082117a5_T6c5QSTQ (2c569786-dfa5-466b-a5bf-059d5bd16e0c)
2019-06-10 09:47:02.277 22705 RALLYDEBUG rally_openstack.cleanup.manager [-] Deleting neutron.network object s_rally_082117a5_pbRRb6lO (32f05173-f876-45fd-b657-d88ca339956e)
2019-06-10 09:47:02.293 22705 RALLYDEBUG rally_openstack.cleanup.manager [-] Deleting neutron.network object s_rally_082117a5_hLKpdYwm (36557c58-a5b7-4da6-832e-f1ca79c9d502)
2019-06-10 09:47:02.293 22705 RALLYDEBUG rally_openstack.cleanup.manager [-] Deleting neutron.network object s_rally_082117a5_xyLthIyd (368f4b95-4437-4efd-93ad-7ae64f03e2ab)
2019-06-10 09:47:02.308 22705 RALLYDEBUG rally_openstack.cleanup.manager [-] Deleting neutron.network object s_rally_082117a5_1ckAzO9N (3a4d6886-fbca-4402-a607-da2517989530)
2019-06-10 09:47:02.322 22705 RALLYDEBUG rally_openstack.cleanup.manager [-] Deleting neutron.network object s_rally_082117a5_U7LF27GV (421f8663-7f59-40ca-97b9-683fe5cc5b1a)
2019-06-10 09:47:02.344 22705 RALLYDEBUG rally_openstack.cleanup.manager [-] Deleting neutron.network object s_rally_082117a5_8p09kJb0 (46757860-4906-422e-ae86-29b8a3d3f23a)
2019-06-10 09:47:02.347 22705 RALLYDEBUG rally_openstack.cleanup.manager [-] Deleting neutron.network object s_rally_082117a5_aJqMSAA3 (5049af5d-6820-4d28-82b2-10fc0ae2fade)
2019-06-10 09:47:02.358 22705 RALLYDEBUG rally_openstack.cleanup.manager [-] Deleting neutron.network object s_rally_082117a5_FFMuSKc6 (513f4384-7b8b-42f7-8eac-c83daeadef70)
2019-06-10 09:47:02.387 22705 RALLYDEBUG rally_openstack.cleanup.manager [-] Deleting neutron.network object s_rally_082117a5_vCi8ivAt (568975ad-39dc-4a80-afb0-15e076ed9cc8)
2019-06-10 09:47:02.390 22705 RALLYDEBUG rally_openstack.cleanup.manager [-] Deleting neutron.network object s_rally_082117a5_3jdlY0Yi (5a0659c3-2fe9-4481-ab82-c61a2c151287)
2019-06-10 09:47:02.409 22705 RALLYDEBUG rally_openstack.cleanup.manager [-] Deleting neutron.network object s_rally_082117a5_kwul2xVH (5ffc148d-4349-417a-ac47-a0e047fb2d7c)
2019-06-10 09:47:02.431 22705 RALLYDEBUG rally_openstack.cleanup.manager [-] Deleting neutron.network object s_rally_082117a5_4VTxrY18 (7522f6fc-232a-4332-9694-cc8503d24956)
2019-06-10 09:47:02.440 22705 RALLYDEBUG rally_openstack.cleanup.manager [-] Deleting neutron.network object s_rally_082117a5_xTtkd2Td (5f8721e8-f994-4efe-b9d3-9b92ee4502a9)
2019-06-10 09:47:02.443 22705 RALLYDEBUG rally_openstack.cleanup.manager [-] Deleting neutron.network object s_rally_082117a5_CySFeSdD (79d1d2b4-cd6c-49bd-b979-ce7dcda66513)
2019-06-10 09:47:02.461 22705 RALLYDEBUG rally_openstack.cleanup.manager [-] Deleting neutron.network object s_rally_082117a5_FboLVnIn (84f5bf77-1d13-4f5e-a570-4e2fdf436bf5)
2019-06-10 09:47:05.722 22705 RALLYDEBUG rally_openstack.cleanup.manager [-] Deleting neutron.network object s_rally_082117a5_x7aENFdE (854c0b78-5ee0-479f-85a0-9053540dfbc8)
2019-06-10 09:47:05.837 22705 RALLYDEBUG rally_openstack.cleanup.manager [-] Deleting neutron.network object s_rally_082117a5_ek2POyzp (907b4f4f-7dc7-4963-923f-d4cfec7a007a)
2019-06-10 09:47:05.922 22705 RALLYDEBUG rally_openstack.cleanup.manager [-] Deleting neutron.network object s_rally_082117a5_Ztsvi7iA (a0dde4aa-386c-4524-9b6b-2d34fb851950)
2019-06-10 09:47:06.074 22705 RALLYDEBUG rally_openstack.cleanup.manager [-] Deleting neutron.network object s_rally_082117a5_CBPI9oEr (a7b4467a-adb9-46e1-ac34-43463218fcad)
2019-06-10 09:47:06.181 22705 RALLYDEBUG rally_openstack.cleanup.manager [-] Deleting neutron.network object s_rally_082117a5_tGTuZcAJ (ab8fdb27-4a26-4ccb-81e4-0a7b5ccefa72)
2019-06-10 09:47:06.191 22705 RALLYDEBUG rally_openstack.cleanup.manager [-] Deleting neutron.network object s_rally_082117a5_UTNdyrSc (ac128c63-f837-4eb7-8855-10ac1b87650f)
2019-06-10 09:47:06.310 22705 RALLYDEBUG rally_openstack.cleanup.manager [-] Deleting neutron.network object s_rally_082117a5_Xq4g6XWL (ac6e1b3e-1e48-4a77-bd62-b2602c404252)
2019-06-10 09:47:06.379 22705 RALLYDEBUG rally_openstack.cleanup.manager [-] Deleting neutron.network object s_rally_082117a5_5P7WgbD9 (af054640-c659-40c4-acfb-00ecff586af3)
2019-06-10 09:47:06.395 22705 RALLYDEBUG rally_openstack.cleanup.manager [-] Deleting neutron.network object s_rally_082117a5_OnC0UnTR (af74128b-9171-4664-a733-faf3e881bbca)
2019-06-10 09:47:06.514 22705 RALLYDEBUG rally_openstack.cleanup.manager [-] Deleting neutron.network object s_rally_082117a5_Ff6cN4Yn (b8131c66-a5e9-4c6a-8056-79f6e139adf4)
2019-06-10 09:47:07.106 22705 RALLYDEBUG rally_openstack.cleanup.manager [-] Deleting neutron.network object s_rally_082117a5_sIZAoAfw (c26eccab-cd54-480e-a5e2-8927d8143935)
2019-06-10 09:47:07.108 22705 RALLYDEBUG rally_openstack.cleanup.manager [-] Deleting neutron.network object s_rally_082117a5_dYVY6hAG (ba236df3-46d5-4d1e-bff2-2737f059c96d)
2019-06-10 09:47:07.371 22705 RALLYDEBUG rally_openstack.cleanup.manager [-] Deleting neutron.network object s_rally_082117a5_wj0UYflJ (d7672ff7-a03d-484a-9093-3950da2df440)
2019-06-10 09:47:07.420 22705 RALLYDEBUG rally_openstack.cleanup.manager [-] Deleting neutron.network object s_rally_082117a5_EG1OF5By (d8d69b87-3597-4c24-96ad-695bb862af8c)
2019-06-10 09:47:08.364 22705 RALLYDEBUG rally_openstack.cleanup.manager [-] Deleting neutron.network object s_rally_082117a5_3fSEs0b5 (eaa7c040-89a8-4f81-9584-569f85cc4011)
2019-06-10 09:47:08.896 22705 RALLYDEBUG rally_openstack.cleanup.manager [-] Deleting neutron.network object s_rally_082117a5_tWsj31Lo (f469235e-c55a-4c88-b5a3-3e027fc8ae2a)
2019-06-10 09:47:08.908 22705 RALLYDEBUG rally_openstack.cleanup.manager [-] Deleting neutron.network object s_rally_082117a5_6wzFyotU (f80ed21d-7103-4eaa-9222-52da9aafe773)
2019-06-10 09:47:09.121 22705 RALLYDEBUG rally_openstack.cleanup.manager [-] Deleting neutron.network object s_rally_082117a5_EtYC3Mhj (f88b138a-b08c-474b-b649-37cdee33cde7)
2019-06-10 09:47:09.474 22705 RALLYDEBUG rally_openstack.cleanup.manager [-] Deleting neutron.network object s_rally_082117a5_H2ZnVQBN (f93718e8-8bc5-44be-b2a4-791ca2f3b001)
2019-06-10 09:47:09.487 22705 RALLYDEBUG rally_openstack.cleanup.manager [-] Deleting neutron.network object s_rally_082117a5_UqEVgAI8 (f95a2726-42ab-4e58-8b83-945380b47601)
2019-06-10 09:47:12.125 22705 RALLYDEBUG rally_openstack.cleanup.manager [-] Cleaning up neutron router objects
2019-06-10 09:47:12.804 22705 RALLYDEBUG rally_openstack.cleanup.manager [-] Cleaning up neutron security_group objects
2019-06-10 09:47:13.734 22705 INFO rally.task.context [-] Task 7744fe87-7d2d-4bc0-bdb7-fd40811e4a5f | Context cleanup@openstack cleanup() finished in 52.97 sec
2019-06-10 09:47:13.735 22705 INFO rally.task.context [-] Task 7744fe87-7d2d-4bc0-bdb7-fd40811e4a5f | Context quotas@openstack cleanup() started
2019-06-10 09:47:13.948 22705 INFO rally.task.context [-] Task 7744fe87-7d2d-4bc0-bdb7-fd40811e4a5f | Context quotas@openstack cleanup() finished in 0.21 sec
2019-06-10 09:47:13.948 22705 INFO rally.task.context [-] Task 7744fe87-7d2d-4bc0-bdb7-fd40811e4a5f | Context users@openstack cleanup() started
2019-06-10 09:47:18.150 22705 INFO rally.task.context [-] Task 7744fe87-7d2d-4bc0-bdb7-fd40811e4a5f | Context users@openstack cleanup() finished in 4.20 sec
2019-06-10 09:47:18.605 22705 INFO rally.task.engine [-] Load duration is: 41.734548
2019-06-10 09:47:18.605 22705 INFO rally.task.engine [-] Full runner duration is: 41.782934
2019-06-10 09:47:18.606 22705 INFO rally.task.engine [-] Full duration is: 103.958754
2019-06-10 09:47:18.936 22705 INFO rally.task.engine [-] Running workload: position = 2 config = { "version": 2, "title": "A cropped version of a bigger task.", "description": "Auto-generated task from a single workload (uuid=f238d956-29fe-4fa5-8f26-bd1ea65e9ef5)", "subtasks": [ { "title": "NeutronNetworks.create_and_delete_ports", "description": "Create and delete a port.", "scenario": { "NeutronNetworks.create_and_delete_ports": { "network_create_args": {}, "port_create_args": {}, "ports_per_network": 5 } }, "contexts": { "users": { "tenants": 1, "users_per_tenant": 1 }, "quotas": { "neutron": { "network": -1, "port": -1 } } }, "runner": { "constant": { "times": 40, "concurrency": 20 } }, "hooks": [], "sla": { "failure_rate": { "max": 0 } } } ] }
2019-06-10 09:47:18.957 22705 RALLYDEBUG rally_openstack.contexts.keystone.users [-] Creating 1 tenants using 20 threads
2019-06-10 09:47:20.776 22705 RALLYDEBUG rally_openstack.contexts.keystone.users [-] Creating 1 users using 20 threads
2019-06-10 09:47:23.308 22705 INFO rally.task.context [-] Task 7744fe87-7d2d-4bc0-bdb7-fd40811e4a5f | Context users@openstack setup() finished in 4.35 sec
2019-06-10 09:47:24.071 22705 INFO rally.task.context [-] Task 7744fe87-7d2d-4bc0-bdb7-fd40811e4a5f | Context quotas@openstack setup() finished in 0.76 sec
2019-06-10 09:47:24.072 22705 INFO rally.task.context [-] Task 7744fe87-7d2d-4bc0-bdb7-fd40811e4a5f | Context cleanup@openstack setup() finished in 0.00 msec
2019-06-10 09:47:24.079 22705 RALLYDEBUG rally.task.runner [-] Starting the constant runner (task UUID: 7744fe87-7d2d-4bc0-bdb7-fd40811e4a5f). timeout: 0 concurrency: 20 concurrency_per_worker: 1 times: 40 concurrency_overhead: 4 processes_to_start: 16 max_cpu_used: 16
2019-06-10 09:47:24.092 26951 RALLYDEBUG rally.task.runner [-] Starting a worker. concurrency: 2 args: {"network_create_args": {}, "port_create_args": {}, "ports_per_network": 5} times: 40 method_name: run timeout: 0 duration: None cls:
2019-06-10 09:47:24.095 26952 RALLYDEBUG rally.task.runner [-] Starting a worker. concurrency: 2 args: {"network_create_args": {}, "port_create_args": {}, "ports_per_network": 5} times: 40 method_name: run timeout: 0 duration: None cls:
2019-06-10 09:47:24.098 26953 RALLYDEBUG rally.task.runner [-] Starting a worker. concurrency: 2 args: {"network_create_args": {}, "port_create_args": {}, "ports_per_network": 5} times: 40 method_name: run timeout: 0 duration: None cls:
2019-06-10 09:47:24.101 26954 RALLYDEBUG rally.task.runner [-] Starting a worker. concurrency: 2 args: {"network_create_args": {}, "port_create_args": {}, "ports_per_network": 5} times: 40 method_name: run timeout: 0 duration: None cls:
2019-06-10 09:47:24.102 26951 INFO rally.task.runner [-] Task 7744fe87-7d2d-4bc0-bdb7-fd40811e4a5f | ITER: 1 START
2019-06-10 09:47:24.104 26951 WARNING rally_openstack.scenarios.neutron.utils [-] Running this scenario without either the 'network' or 'existing_network' context is deprecated
2019-06-10 09:47:24.103 26952 INFO rally.task.runner [-] Task 7744fe87-7d2d-4bc0-bdb7-fd40811e4a5f | ITER: 2 START
2019-06-10 09:47:24.105 26956 RALLYDEBUG rally.task.runner [-] Starting a worker. concurrency: 1 args: {"network_create_args": {}, "port_create_args": {}, "ports_per_network": 5} times: 40 method_name: run timeout: 0 duration: None cls:
2019-06-10 09:47:24.105 26953 INFO rally.task.runner [-] Task 7744fe87-7d2d-4bc0-bdb7-fd40811e4a5f | ITER: 4 START
2019-06-10 09:47:24.108 26952 WARNING rally_openstack.scenarios.neutron.utils [-] Running this scenario without either the 'network' or 'existing_network' context is deprecated
2019-06-10 09:47:24.108 26951 INFO rally.task.runner [-] Task 7744fe87-7d2d-4bc0-bdb7-fd40811e4a5f | ITER: 3 START
2019-06-10 09:47:24.109 26954 INFO rally.task.runner [-] Task 7744fe87-7d2d-4bc0-bdb7-fd40811e4a5f | ITER: 6 START
2019-06-10 09:47:24.109 26953 WARNING rally_openstack.scenarios.neutron.utils [-] Running this scenario without either the 'network' or 'existing_network' context is deprecated
2019-06-10 09:47:24.109 26959 RALLYDEBUG rally.task.runner [-] Starting a worker. concurrency: 1 args: {"network_create_args": {}, "port_create_args": {}, "ports_per_network": 5} times: 40 method_name: run timeout: 0 duration: None cls:
2019-06-10 09:47:24.111 26954 WARNING rally_openstack.scenarios.neutron.utils [-] Running this scenario without either the 'network' or 'existing_network' context is deprecated
2019-06-10 09:47:24.111 26956 INFO rally.task.runner [-] Task 7744fe87-7d2d-4bc0-bdb7-fd40811e4a5f | ITER: 9 START
2019-06-10 09:47:24.112 26953 INFO rally.task.runner [-] Task 7744fe87-7d2d-4bc0-bdb7-fd40811e4a5f | ITER: 7 START
2019-06-10 09:47:24.112 26953 WARNING rally_openstack.scenarios.neutron.utils [-] Running this scenario without either the 'network' or 'existing_network' context is deprecated
2019-06-10 09:47:24.112 26956 WARNING rally_openstack.scenarios.neutron.utils [-] Running this scenario without either the 'network' or 'existing_network' context is deprecated
2019-06-10 09:47:24.112 26963 RALLYDEBUG rally.task.runner [-] Starting a worker. concurrency: 1 args: {"network_create_args": {}, "port_create_args": {}, "ports_per_network": 5} times: 40 method_name: run timeout: 0 duration: None cls:
2019-06-10 09:47:24.112 26951 WARNING rally_openstack.scenarios.neutron.utils [-] Running this scenario without either the 'network' or 'existing_network' context is deprecated
2019-06-10 09:47:24.116 26959 INFO rally.task.runner [-] Task 7744fe87-7d2d-4bc0-bdb7-fd40811e4a5f | ITER: 10 START
2019-06-10 09:47:24.116 26967 RALLYDEBUG rally.task.runner [-] Starting a worker. concurrency: 1 args: {"network_create_args": {}, "port_create_args": {}, "ports_per_network": 5} times: 40 method_name: run timeout: 0 duration: None cls:
2019-06-10 09:47:24.118 26959 WARNING rally_openstack.scenarios.neutron.utils [-] Running this scenario without either the 'network' or 'existing_network' context is deprecated
2019-06-10 09:47:24.118 26973 RALLYDEBUG rally.task.runner [-] Starting a worker. concurrency: 1 args: {"network_create_args": {}, "port_create_args": {}, "ports_per_network": 5} times: 40 method_name: run timeout: 0 duration: None cls:
2019-06-10 09:47:24.112 26954 INFO rally.task.runner [-] Task 7744fe87-7d2d-4bc0-bdb7-fd40811e4a5f | ITER: 8 START
2019-06-10 09:47:24.121 26954 WARNING rally_openstack.scenarios.neutron.utils [-] Running this scenario without either the 'network' or 'existing_network' context is deprecated
2019-06-10 09:47:24.118 26952 INFO rally.task.runner [-] Task 7744fe87-7d2d-4bc0-bdb7-fd40811e4a5f | ITER: 5 START
2019-06-10 09:47:24.122 26952 WARNING rally_openstack.scenarios.neutron.utils [-] Running this scenario without either the 'network' or 'existing_network' context is deprecated
2019-06-10 09:47:24.122 26963 INFO rally.task.runner [-] Task 7744fe87-7d2d-4bc0-bdb7-fd40811e4a5f | ITER: 11 START
2019-06-10 09:47:24.122 26975 RALLYDEBUG rally.task.runner [-] Starting a worker. concurrency: 1 args: {"network_create_args": {}, "port_create_args": {}, "ports_per_network": 5} times: 40 method_name: run timeout: 0 duration: None cls:
2019-06-10 09:47:24.124 26963 WARNING rally_openstack.scenarios.neutron.utils [-] Running this scenario without either the 'network' or 'existing_network' context is deprecated
2019-06-10 09:47:24.125 26967 INFO rally.task.runner [-] Task 7744fe87-7d2d-4bc0-bdb7-fd40811e4a5f | ITER: 12 START
2019-06-10 09:47:24.127 26967 WARNING rally_openstack.scenarios.neutron.utils [-] Running this scenario without either the 'network' or 'existing_network' context is deprecated
2019-06-10 09:47:24.128 26973 INFO rally.task.runner [-] Task 7744fe87-7d2d-4bc0-bdb7-fd40811e4a5f | ITER: 13 START
2019-06-10 09:47:24.129 26973 WARNING rally_openstack.scenarios.neutron.utils [-] Running this scenario without either the 'network' or 'existing_network' context is deprecated
2019-06-10 09:47:24.128 26975 INFO rally.task.runner [-] Task 7744fe87-7d2d-4bc0-bdb7-fd40811e4a5f | ITER: 14 START
2019-06-10 09:47:24.132 26975 WARNING rally_openstack.scenarios.neutron.utils [-] Running this scenario without either the 'network' or 'existing_network' context is deprecated
2019-06-10 09:47:24.131 26979 RALLYDEBUG rally.task.runner [-] Starting a worker. concurrency: 1 args: {"network_create_args": {}, "port_create_args": {}, "ports_per_network": 5} times: 40 method_name: run timeout: 0 duration: None cls:
2019-06-10 09:47:24.131 26981 RALLYDEBUG rally.task.runner [-] Starting a worker. concurrency: 1 args: {"network_create_args": {}, "port_create_args": {}, "ports_per_network": 5} times: 40 method_name: run timeout: 0 duration: None cls:
2019-06-10 09:47:24.132 26984 RALLYDEBUG rally.task.runner [-] Starting a worker. concurrency: 1 args: {"network_create_args": {}, "port_create_args": {}, "ports_per_network": 5} times: 40 method_name: run timeout: 0 duration: None cls:
2019-06-10 09:47:24.138 26979 INFO rally.task.runner [-] Task 7744fe87-7d2d-4bc0-bdb7-fd40811e4a5f | ITER: 15 START
2019-06-10 09:47:24.138 26981 INFO rally.task.runner [-] Task 7744fe87-7d2d-4bc0-bdb7-fd40811e4a5f | ITER: 16 START
2019-06-10 09:47:24.140 26981 WARNING rally_openstack.scenarios.neutron.utils [-] Running this scenario without either the 'network' or 'existing_network' context is deprecated
2019-06-10 09:47:24.140 26979 WARNING rally_openstack.scenarios.neutron.utils [-] Running this scenario without either the 'network' or 'existing_network' context is deprecated
2019-06-10 09:47:24.142 26984 INFO rally.task.runner [-] Task 7744fe87-7d2d-4bc0-bdb7-fd40811e4a5f | ITER: 17 START
2019-06-10 09:47:24.144 26984 WARNING rally_openstack.scenarios.neutron.utils [-] Running this scenario without either the 'network' or 'existing_network' context is deprecated
2019-06-10 09:47:24.144 26988 RALLYDEBUG rally.task.runner [-] Starting a worker. concurrency: 1 args: {"network_create_args": {}, "port_create_args": {}, "ports_per_network": 5} times: 40 method_name: run timeout: 0 duration: None cls:
2019-06-10 09:47:24.151 26988 INFO rally.task.runner [-] Task 7744fe87-7d2d-4bc0-bdb7-fd40811e4a5f | ITER: 18 START
2019-06-10 09:47:24.152 26988 WARNING rally_openstack.scenarios.neutron.utils [-] Running this scenario without either the 'network' or 'existing_network' context is deprecated
2019-06-10 09:47:24.155 26995 RALLYDEBUG rally.task.runner [-] Starting a worker. concurrency: 1 args: {"network_create_args": {}, "port_create_args": {}, "ports_per_network": 5} times: 40 method_name: run timeout: 0 duration: None cls:
2019-06-10 09:47:24.156 26997 RALLYDEBUG rally.task.runner [-] Starting a worker. concurrency: 1 args: {"network_create_args": {}, "port_create_args": {}, "ports_per_network": 5} times: 40 method_name: run timeout: 0 duration: None cls:
2019-06-10 09:47:24.160 26995 INFO rally.task.runner [-] Task 7744fe87-7d2d-4bc0-bdb7-fd40811e4a5f | ITER: 19 START
2019-06-10 09:47:24.161 26995 WARNING rally_openstack.scenarios.neutron.utils [-] Running this scenario without either the 'network' or 'existing_network' context is deprecated
2019-06-10 09:47:24.162 26997 INFO rally.task.runner [-] Task 7744fe87-7d2d-4bc0-bdb7-fd40811e4a5f | ITER: 20 START
2019-06-10 09:47:24.163 26997 WARNING rally_openstack.scenarios.neutron.utils [-] Running this scenario without either the 'network' or 'existing_network' context is deprecated
2019-06-10 09:47:33.396 26973 INFO rally.task.runner [-] Task 7744fe87-7d2d-4bc0-bdb7-fd40811e4a5f | ITER: 13 END: OK
2019-06-10 09:47:33.400 26973 INFO rally.task.runner [-] Task 7744fe87-7d2d-4bc0-bdb7-fd40811e4a5f | ITER: 21 START
2019-06-10 09:47:33.401 26973 WARNING rally_openstack.scenarios.neutron.utils [-] Running this scenario without either the 'network' or 'existing_network' context is deprecated
2019-06-10 09:47:38.558 26995 INFO rally.task.runner [-] Task 7744fe87-7d2d-4bc0-bdb7-fd40811e4a5f | ITER: 19 END: OK
2019-06-10 09:47:38.559 26981 INFO rally.task.runner [-] Task 7744fe87-7d2d-4bc0-bdb7-fd40811e4a5f | ITER: 16 END: OK
2019-06-10 09:47:38.563 26995 INFO rally.task.runner [-] Task 7744fe87-7d2d-4bc0-bdb7-fd40811e4a5f | ITER: 22 START
2019-06-10 09:47:38.563 26981 INFO rally.task.runner [-] Task 7744fe87-7d2d-4bc0-bdb7-fd40811e4a5f | ITER: 23 START
2019-06-10 09:47:38.564 26995 WARNING rally_openstack.scenarios.neutron.utils [-] Running this scenario without either the 'network' or 'existing_network' context is deprecated
2019-06-10 09:47:38.564 26981 WARNING rally_openstack.scenarios.neutron.utils [-] Running this scenario without either the 'network' or 'existing_network' context is deprecated
2019-06-10 09:47:41.300 26973 INFO rally.task.runner [-] Task 7744fe87-7d2d-4bc0-bdb7-fd40811e4a5f | ITER: 21 END: OK
2019-06-10 09:47:41.304 26973 INFO rally.task.runner [-] Task 7744fe87-7d2d-4bc0-bdb7-fd40811e4a5f | ITER: 24 START
2019-06-10 09:47:41.304 26973 WARNING rally_openstack.scenarios.neutron.utils [-] Running this scenario without either the 'network' or 'existing_network' context is deprecated
2019-06-10 09:47:43.980 26967 INFO rally.task.runner [-] Task 7744fe87-7d2d-4bc0-bdb7-fd40811e4a5f | ITER: 12 END: OK
2019-06-10 09:47:43.984 26967 INFO rally.task.runner [-] Task 7744fe87-7d2d-4bc0-bdb7-fd40811e4a5f | ITER: 25 START
2019-06-10 09:47:43.985 26967 WARNING rally_openstack.scenarios.neutron.utils [-] Running this scenario without either the 'network' or 'existing_network' context is deprecated
2019-06-10 09:47:45.179 26979 INFO rally.task.runner [-] Task 7744fe87-7d2d-4bc0-bdb7-fd40811e4a5f | ITER: 15 END: OK
2019-06-10 09:47:45.182 26979 INFO rally.task.runner [-] Task 7744fe87-7d2d-4bc0-bdb7-fd40811e4a5f | ITER: 26 START
2019-06-10 09:47:45.183 26979 WARNING rally_openstack.scenarios.neutron.utils [-] Running this scenario without either the 'network' or 'existing_network' context is deprecated
2019-06-10 09:47:45.197 26963 INFO rally.task.runner [-] Task 7744fe87-7d2d-4bc0-bdb7-fd40811e4a5f | ITER: 11 END: OK
2019-06-10 09:47:45.201 26963 INFO rally.task.runner [-] Task 7744fe87-7d2d-4bc0-bdb7-fd40811e4a5f | ITER: 27 START
2019-06-10 09:47:45.201 26963 WARNING rally_openstack.scenarios.neutron.utils [-] Running this scenario without either the 'network' or 'existing_network' context is deprecated
2019-06-10 09:47:45.732 26951 INFO rally.task.runner [-] Task 7744fe87-7d2d-4bc0-bdb7-fd40811e4a5f | ITER: 3 END: OK
2019-06-10 09:47:45.736 26951 INFO rally.task.runner [-] Task 7744fe87-7d2d-4bc0-bdb7-fd40811e4a5f | ITER: 28 START
2019-06-10 09:47:45.736 26951 WARNING rally_openstack.scenarios.neutron.utils [-] Running this scenario without either the 'network' or 'existing_network' context is deprecated
2019-06-10 09:47:45.740 26953 INFO rally.task.runner [-] Task 7744fe87-7d2d-4bc0-bdb7-fd40811e4a5f | ITER: 7 END: OK
2019-06-10 09:47:45.745 26953 INFO rally.task.runner [-] Task 7744fe87-7d2d-4bc0-bdb7-fd40811e4a5f | ITER: 29 START
2019-06-10 09:47:45.745 26953 WARNING rally_openstack.scenarios.neutron.utils [-] Running this scenario without either the 'network' or 'existing_network' context is deprecated
2019-06-10 09:47:45.755 26954 INFO rally.task.runner [-] Task 7744fe87-7d2d-4bc0-bdb7-fd40811e4a5f | ITER: 8 END: OK
2019-06-10 09:47:45.759 26954 INFO rally.task.runner [-] Task 7744fe87-7d2d-4bc0-bdb7-fd40811e4a5f | ITER: 30 START
2019-06-10 09:47:45.759 26954 WARNING rally_openstack.scenarios.neutron.utils [-] Running this scenario without either the 'network' or 'existing_network' context is deprecated
2019-06-10 09:47:46.245 26997 INFO rally.task.runner [-] Task 7744fe87-7d2d-4bc0-bdb7-fd40811e4a5f | ITER: 20 END: OK
2019-06-10 09:47:46.249 26997 INFO rally.task.runner [-] Task 7744fe87-7d2d-4bc0-bdb7-fd40811e4a5f | ITER: 31 START
2019-06-10 09:47:46.250 26997 WARNING rally_openstack.scenarios.neutron.utils [-] Running this scenario without either the 'network' or 'existing_network' context is deprecated
2019-06-10 09:47:46.284 26975 INFO rally.task.runner [-] Task 7744fe87-7d2d-4bc0-bdb7-fd40811e4a5f | ITER: 14 END: OK
2019-06-10 09:47:46.288 26975 INFO rally.task.runner [-] Task 7744fe87-7d2d-4bc0-bdb7-fd40811e4a5f | ITER: 32 START
2019-06-10 09:47:46.288 26975 WARNING rally_openstack.scenarios.neutron.utils [-] Running this scenario without either the 'network' or 'existing_network' context is deprecated
2019-06-10 09:47:46.457 26988 INFO rally.task.runner [-] Task 7744fe87-7d2d-4bc0-bdb7-fd40811e4a5f | ITER: 18 END: OK
2019-06-10 09:47:46.462 26988 INFO rally.task.runner [-] Task 7744fe87-7d2d-4bc0-bdb7-fd40811e4a5f | ITER: 33 START
2019-06-10 09:47:46.462 26988 WARNING rally_openstack.scenarios.neutron.utils [-] Running this scenario without either the 'network' or 'existing_network' context is deprecated
2019-06-10 09:47:47.194 26981 INFO rally.task.runner [-] Task 7744fe87-7d2d-4bc0-bdb7-fd40811e4a5f | ITER: 23 END: OK
2019-06-10 09:47:47.198 26981 INFO rally.task.runner [-] Task 7744fe87-7d2d-4bc0-bdb7-fd40811e4a5f | ITER: 34 START
2019-06-10 09:47:47.198 26981 WARNING rally_openstack.scenarios.neutron.utils [-] Running this scenario without either the 'network' or 'existing_network' context is deprecated
2019-06-10 09:47:47.558 26995 INFO rally.task.runner [-] Task 7744fe87-7d2d-4bc0-bdb7-fd40811e4a5f | ITER: 22 END: OK
2019-06-10 09:47:47.562 26995 INFO rally.task.runner [-] Task 7744fe87-7d2d-4bc0-bdb7-fd40811e4a5f | ITER: 35 START
2019-06-10 09:47:47.562 26995 WARNING rally_openstack.scenarios.neutron.utils [-] Running this scenario without either the 'network' or 'existing_network' context is deprecated
2019-06-10 09:47:52.463 26973 INFO rally.task.runner [-] Task 7744fe87-7d2d-4bc0-bdb7-fd40811e4a5f | ITER: 24 END: OK
2019-06-10 09:47:52.466 26973 INFO rally.task.runner [-] Task 7744fe87-7d2d-4bc0-bdb7-fd40811e4a5f | ITER: 36 START
2019-06-10 09:47:52.467 26973 WARNING rally_openstack.scenarios.neutron.utils [-] Running this scenario without either the 'network' or 'existing_network' context is deprecated
2019-06-10 09:47:53.930 26967 INFO rally.task.runner [-] Task 7744fe87-7d2d-4bc0-bdb7-fd40811e4a5f | ITER: 25 END: OK
2019-06-10 09:47:53.934 26967 INFO rally.task.runner [-] Task 7744fe87-7d2d-4bc0-bdb7-fd40811e4a5f | ITER: 37 START
2019-06-10 09:47:53.935 26967 WARNING rally_openstack.scenarios.neutron.utils [-] Running this scenario without either the 'network' or 'existing_network' context is deprecated
2019-06-10 09:47:55.036 26963 INFO rally.task.runner [-] Task 7744fe87-7d2d-4bc0-bdb7-fd40811e4a5f | ITER: 27 END: OK
2019-06-10 09:47:55.044 26963 INFO rally.task.runner [-] Task 7744fe87-7d2d-4bc0-bdb7-fd40811e4a5f | ITER: 38 START
2019-06-10 09:47:55.045 26963 WARNING rally_openstack.scenarios.neutron.utils [-] Running this scenario without either the 'network' or 'existing_network' context is deprecated
2019-06-10 09:47:55.362 26979 INFO rally.task.runner [-] Task 7744fe87-7d2d-4bc0-bdb7-fd40811e4a5f | ITER: 26 END: OK
2019-06-10 09:47:55.370 26979 INFO rally.task.runner [-] Task 7744fe87-7d2d-4bc0-bdb7-fd40811e4a5f | ITER: 39 START
