2019-06-10 09:47:55.371 26979 WARNING rally_openstack.scenarios.neutron.utils [-] Running this scenario without either the 'network' or 'existing_network' context is deprecated
2019-06-10 09:47:56.239 26954 INFO rally.task.runner [-] Task 7744fe87-7d2d-4bc0-bdb7-fd40811e4a5f | ITER: 30 END: OK
2019-06-10 09:47:56.245 26954 INFO rally.task.runner [-] Task 7744fe87-7d2d-4bc0-bdb7-fd40811e4a5f | ITER: 40 START
2019-06-10 09:47:56.246 26954 WARNING rally_openstack.scenarios.neutron.utils [-] Running this scenario without either the 'network' or 'existing_network' context is deprecated
2019-06-10 09:47:59.101 26981 INFO rally.task.runner [-] Task 7744fe87-7d2d-4bc0-bdb7-fd40811e4a5f | ITER: 34 END: OK
2019-06-10 09:48:01.527 26951 INFO rally.task.runner [-] Task 7744fe87-7d2d-4bc0-bdb7-fd40811e4a5f | ITER: 28 END: OK
2019-06-10 09:48:01.864 26973 INFO rally.task.runner [-] Task 7744fe87-7d2d-4bc0-bdb7-fd40811e4a5f | ITER: 36 END: OK
2019-06-10 09:48:02.390 26997 INFO rally.task.runner [-] Task 7744fe87-7d2d-4bc0-bdb7-fd40811e4a5f | ITER: 31 END: OK
2019-06-10 09:48:03.145 26953 INFO rally.task.runner [-] Task 7744fe87-7d2d-4bc0-bdb7-fd40811e4a5f | ITER: 29 END: OK
2019-06-10 09:48:03.357 26975 INFO rally.task.runner [-] Task 7744fe87-7d2d-4bc0-bdb7-fd40811e4a5f | ITER: 32 END: OK
2019-06-10 09:48:03.502 26988 INFO rally.task.runner [-] Task 7744fe87-7d2d-4bc0-bdb7-fd40811e4a5f | ITER: 33 END: OK
2019-06-10 09:48:03.609 26967 INFO rally.task.runner [-] Task 7744fe87-7d2d-4bc0-bdb7-fd40811e4a5f | ITER: 37 END: OK
2019-06-10 09:48:03.786 26995 INFO rally.task.runner [-] Task 7744fe87-7d2d-4bc0-bdb7-fd40811e4a5f | ITER: 35 END: OK
2019-06-10 09:48:04.175 26963 INFO rally.task.runner [-] Task 7744fe87-7d2d-4bc0-bdb7-fd40811e4a5f | ITER: 38 END: OK
2019-06-10 09:48:04.422 26979 INFO rally.task.runner [-] Task 7744fe87-7d2d-4bc0-bdb7-fd40811e4a5f | ITER: 39 END: OK
2019-06-10 09:48:04.949 26954 INFO rally.task.runner [-] Task 7744fe87-7d2d-4bc0-bdb7-fd40811e4a5f | ITER: 40 END: OK
2019-06-10 09:48:19.771 26952 INFO rally.task.runner [-] Task 7744fe87-7d2d-4bc0-bdb7-fd40811e4a5f | ITER: 2 END: OK
2019-06-10 09:48:20.100 26952 INFO rally.task.runner [-] Task 7744fe87-7d2d-4bc0-bdb7-fd40811e4a5f | ITER: 5 END: OK
2019-06-10 09:48:20.133 26953 INFO rally.task.runner [-] Task 7744fe87-7d2d-4bc0-bdb7-fd40811e4a5f | ITER: 4 END: OK
2019-06-10 09:48:20.424 26954 INFO rally.task.runner [-] Task 7744fe87-7d2d-4bc0-bdb7-fd40811e4a5f | ITER: 6 END: OK
2019-06-10 09:48:20.424 26984 INFO rally.task.runner [-] Task 7744fe87-7d2d-4bc0-bdb7-fd40811e4a5f | ITER: 17 END: OK
2019-06-10 09:48:20.431 26959 INFO rally.task.runner [-] Task 7744fe87-7d2d-4bc0-bdb7-fd40811e4a5f | ITER: 10 END: OK
2019-06-10 09:48:20.432 26956 INFO rally.task.runner [-] Task 7744fe87-7d2d-4bc0-bdb7-fd40811e4a5f | ITER: 9 END: OK
2019-06-10 09:48:20.436 26951 INFO rally.task.runner [-] Task 7744fe87-7d2d-4bc0-bdb7-fd40811e4a5f | ITER: 1 END: OK
2019-06-10 09:48:20.466 22705 INFO rally.task.context [-] Task 7744fe87-7d2d-4bc0-bdb7-fd40811e4a5f | Context cleanup@openstack cleanup() started
2019-06-10 09:48:20.468 22705 RALLYDEBUG rally_openstack.cleanup.manager [-] Cleaning up neutron vip objects
2019-06-10 09:48:21.292 22705 RALLYDEBUG rally_openstack.cleanup.manager [-] Cleaning up neutron health_monitor objects
2019-06-10 09:48:22.003 22705 RALLYDEBUG rally_openstack.cleanup.manager [-] Cleaning up neutron pool objects
2019-06-10 09:48:22.709 22705 RALLYDEBUG rally_openstack.cleanup.manager [-] Cleaning up neutron loadbalancer objects
2019-06-10 09:48:23.328 22705 RALLYDEBUG rally_openstack.cleanup.manager [-] Cleaning up neutron floatingip objects
2019-06-10 09:48:24.340 22705 RALLYDEBUG rally_openstack.cleanup.manager [-] Cleaning up neutron port objects
2019-06-10 09:48:25.130 22705 RALLYDEBUG rally_openstack.cleanup.manager [-] Cleaning up neutron subnet objects
2019-06-10 09:48:25.794 22705 RALLYDEBUG rally_openstack.cleanup.manager [-] Cleaning up neutron network objects
2019-06-10 09:48:26.705 22705 RALLYDEBUG rally_openstack.cleanup.manager [-] Deleting neutron.network object s_rally_f238d956_wKZqzKIy (05139948-909b-4112-ae95-8893ca5142b6)
2019-06-10 09:48:26.715 22705 RALLYDEBUG rally_openstack.cleanup.manager [-] Deleting neutron.network object s_rally_f238d956_SXhkHMoX (10f6d1dc-039c-4af1-9b48-413c89220d91)
2019-06-10 09:48:26.719 22705 RALLYDEBUG rally_openstack.cleanup.manager [-] Deleting neutron.network object s_rally_f238d956_yovG2tI7 (2a1d6510-3bbb-49be-b9fa-b8492253b47d)
2019-06-10 09:48:26.719 22705 RALLYDEBUG rally_openstack.cleanup.manager [-] Deleting neutron.network object s_rally_f238d956_LETyBon1 (062c48ed-188b-4fc4-bbbc-93f4e499d733)
2019-06-10 09:48:26.725 22705 RALLYDEBUG rally_openstack.cleanup.manager [-] Deleting neutron.network object s_rally_f238d956_UjamgOtR (20ffe385-61d5-4637-883a-7a7c4d176dd8)
2019-06-10 09:48:26.726 22705 RALLYDEBUG rally_openstack.cleanup.manager [-] Deleting neutron.network object s_rally_f238d956_muI552dC (0bc4713f-b068-41c2-8e60-90f6de63d330)
2019-06-10 09:48:26.740 22705 RALLYDEBUG rally_openstack.cleanup.manager [-] Deleting neutron.network object s_rally_f238d956_Ra5qxah9 (0b314d30-ff69-4cad-9ee6-28729b40ad96)
2019-06-10 09:48:26.747 22705 RALLYDEBUG rally_openstack.cleanup.manager [-] Deleting neutron.network object s_rally_f238d956_lKzvOnPS (052c483c-74c3-4f28-b26b-0833b2760a14)
2019-06-10 09:48:26.751 22705 RALLYDEBUG rally_openstack.cleanup.manager [-] Deleting neutron.network object s_rally_f238d956_pkYtbsqR (3154edaf-b893-45fb-a881-d3c02a001e0f)
2019-06-10 09:48:26.752 22705 RALLYDEBUG rally_openstack.cleanup.manager [-] Deleting neutron.network object s_rally_f238d956_StnYV5Kg (3b255bda-1651-41a4-b7ae-2790546e381b)
2019-06-10 09:48:26.759 22705 RALLYDEBUG rally_openstack.cleanup.manager [-] Deleting neutron.network object s_rally_f238d956_by2vvkct (144bc769-1c74-452e-919d-0f0b05f78a5b)
2019-06-10 09:48:26.774 22705 RALLYDEBUG rally_openstack.cleanup.manager [-] Deleting neutron.network object s_rally_f238d956_bd9Xzr35 (407a1499-2920-4fed-8f6a-04d766a0f0eb)
2019-06-10 09:48:26.803 22705 RALLYDEBUG rally_openstack.cleanup.manager [-] Deleting neutron.network object s_rally_f238d956_dzPsaCuV (508990ed-8c7f-49f8-a07c-45d7ac467e68)
2019-06-10 09:48:26.807 22705 RALLYDEBUG rally_openstack.cleanup.manager [-] Deleting neutron.network object s_rally_f238d956_Z1c0uUTK (07a54892-3bb4-461a-87a7-65f6c765cc91)
2019-06-10 09:48:26.803 22705 RALLYDEBUG rally_openstack.cleanup.manager [-] Deleting neutron.network object s_rally_f238d956_YhAFSlf5 (50aab4f2-0aa4-4e4e-ad33-2453ab3d2c20)
2019-06-10 09:48:26.811 22705 RALLYDEBUG rally_openstack.cleanup.manager [-] Deleting neutron.network object s_rally_f238d956_BGPD5Ksu (5323e6cf-a29d-46cf-b711-abdc3d992cb4)
2019-06-10 09:48:26.815 22705 RALLYDEBUG rally_openstack.cleanup.manager [-] Deleting neutron.network object s_rally_f238d956_98MG4QRB (646749ea-0ea6-4089-bc94-333ae93c8b01)
2019-06-10 09:48:26.839 22705 RALLYDEBUG rally_openstack.cleanup.manager [-] Deleting neutron.network object s_rally_f238d956_RxVPypgL (7ad99a42-bd72-4dcb-9297-7811153c3f98)
2019-06-10 09:48:26.855 22705 RALLYDEBUG rally_openstack.cleanup.manager [-] Deleting neutron.network object s_rally_f238d956_QWJYk6sK (7dd5b239-894a-4f72-91dd-1334ca8324ae)
2019-06-10 09:48:26.867 22705 RALLYDEBUG rally_openstack.cleanup.manager [-] Deleting neutron.network object s_rally_f238d956_iEtWPles (86a84a94-fa56-4dc7-b092-7ec88c7895b5)
2019-06-10 09:48:29.341 22705 RALLYDEBUG rally_openstack.cleanup.manager [-] Deleting neutron.network object s_rally_f238d956_3Mqf45J3 (8b3be4a7-2ad0-4b91-a228-427a25ec7d46)
2019-06-10 09:48:29.669 22705 RALLYDEBUG rally_openstack.cleanup.manager [-] Deleting neutron.network object s_rally_f238d956_7tuAWXhf (8dce9473-f133-4062-bb6a-4a366fb6d984)
2019-06-10 09:48:29.706 22705 RALLYDEBUG rally_openstack.cleanup.manager [-] Deleting neutron.network object s_rally_f238d956_RV6UizXg (9941bc7f-8781-4e53-8210-8a8234caacee)
2019-06-10 09:48:31.061 22705 RALLYDEBUG rally_openstack.cleanup.manager [-] Deleting neutron.network object s_rally_f238d956_BbeSy1TK (9b9f5fc1-5daa-4ed0-aa5d-c88bd06e555c)
2019-06-10 09:48:31.338 22705 RALLYDEBUG rally_openstack.cleanup.manager [-] Deleting neutron.network object s_rally_f238d956_WyyxnCo2 (a271ceb5-43e9-42c2-86ce-fbf9c4ec5914)
2019-06-10 09:48:31.664 22705 RALLYDEBUG rally_openstack.cleanup.manager [-] Deleting neutron.network object s_rally_f238d956_xoAflSms (bc4707fc-fa21-4e39-8e3b-a39a457794c3)
2019-06-10 09:48:32.023 22705 RALLYDEBUG rally_openstack.cleanup.manager [-] Deleting neutron.network object s_rally_f238d956_llV8JIds (c4239b79-69f3-40aa-a3eb-601be698a1ad)
2019-06-10 09:48:32.469 22705 RALLYDEBUG rally_openstack.cleanup.manager [-] Deleting neutron.network object s_rally_f238d956_xGNcDZRs (cbd7a4dd-f66d-41bf-bb0b-9bb451ab3213)
2019-06-10 09:48:32.772 22705 RALLYDEBUG rally_openstack.cleanup.manager [-] Deleting neutron.network object s_rally_f238d956_9EyeOypQ (cd96d1f1-e227-4002-bc9b-01cc193b0fd1)
2019-06-10 09:48:33.248 22705 RALLYDEBUG rally_openstack.cleanup.manager [-] Deleting neutron.network object s_rally_f238d956_fIXOR8Tr (d26f8c78-66f3-46fc-b420-acd17257f7f1)
2019-06-10 09:48:33.336 22705 RALLYDEBUG rally_openstack.cleanup.manager [-] Deleting neutron.network object s_rally_f238d956_WBjdGopH (d78fa58c-310e-45e1-888e-13fd601ffef4)
2019-06-10 09:48:33.571 22705 RALLYDEBUG rally_openstack.cleanup.manager [-] Deleting neutron.network object s_rally_f238d956_peTeVGL7 (dc31123c-1459-49d6-b9bd-3c0a5ca1895a)
2019-06-10 09:48:33.802 22705 RALLYDEBUG rally_openstack.cleanup.manager [-] Deleting neutron.network object s_rally_f238d956_NPI1wmN9 (dc7f3b3e-01ea-44d2-ab60-1d9c73d60f26)
2019-06-10 09:48:33.916 22705 RALLYDEBUG rally_openstack.cleanup.manager [-] Deleting neutron.network object s_rally_f238d956_wPRSX20u (dfe3b7b1-67f2-4563-ac27-b79938a00608)
2019-06-10 09:48:34.233 22705 RALLYDEBUG rally_openstack.cleanup.manager [-] Deleting neutron.network object s_rally_f238d956_oEAcMVK2 (e4db8250-37da-4cd9-b5bb-03f389d5f449)
2019-06-10 09:48:34.246 22705 RALLYDEBUG rally_openstack.cleanup.manager [-] Deleting neutron.network object s_rally_f238d956_p8io2rnA (e64487dc-2b66-45ca-a846-26407f439daa)
2019-06-10 09:48:34.386 22705 RALLYDEBUG rally_openstack.cleanup.manager [-] Deleting neutron.network object s_rally_f238d956_m2iBfhvt (ed27d982-700f-43b7-9cfd-4b8808eab8a0)
2019-06-10 09:48:34.486 22705 RALLYDEBUG rally_openstack.cleanup.manager [-] Deleting neutron.network object s_rally_f238d956_1zP3N9kd (f05406ae-6595-4453-894d-749b19629469)
2019-06-10 09:48:34.500 22705 RALLYDEBUG rally_openstack.cleanup.manager [-] Deleting neutron.network object s_rally_f238d956_l9gTJHs4 (f9bfe163-68da-474b-8722-83e46165d89a)
2019-06-10 09:48:34.538 22705 RALLYDEBUG rally_openstack.cleanup.manager [-] Deleting neutron.network object s_rally_f238d956_JBkOyoJH (ff94d61e-ff42-47f1-8d56-50dbaa51c859)
2019-06-10 09:48:37.879 22705 RALLYDEBUG rally_openstack.cleanup.manager [-] Cleaning up neutron router objects
2019-06-10 09:48:38.773 22705 RALLYDEBUG rally_openstack.cleanup.manager [-] Cleaning up neutron security_group objects
2019-06-10 09:48:39.452 22705 INFO rally.task.context [-] Task 7744fe87-7d2d-4bc0-bdb7-fd40811e4a5f | Context cleanup@openstack cleanup() finished in 18.99 sec
2019-06-10 09:48:39.453 22705 INFO rally.task.context [-] Task 7744fe87-7d2d-4bc0-bdb7-fd40811e4a5f | Context quotas@openstack cleanup() started
2019-06-10 09:48:39.479 22705 INFO rally.task.context [-] Task 7744fe87-7d2d-4bc0-bdb7-fd40811e4a5f | Context quotas@openstack cleanup() finished in 25.82 msec
2019-06-10 09:48:39.479 22705 INFO rally.task.context [-] Task 7744fe87-7d2d-4bc0-bdb7-fd40811e4a5f | Context users@openstack cleanup() started
2019-06-10 09:48:44.064 22705 INFO rally.task.context [-] Task 7744fe87-7d2d-4bc0-bdb7-fd40811e4a5f | Context users@openstack cleanup() finished in 4.58 sec
2019-06-10 09:48:45.275 22705 INFO rally.task.engine [-] Load duration is: 56.331714
2019-06-10 09:48:45.276 22705 INFO rally.task.engine [-] Full runner duration is: 56.386601
2019-06-10 09:48:45.276 22705 INFO rally.task.engine [-] Full duration is: 85.109098
2019-06-10 09:48:45.565 22705 INFO rally.task.engine [-] Running workload: position = 0 config = { "version": 2, "title": "A cropped version of a bigger task.", "description": "Auto-generated task from a single workload (uuid=d78ed5f5-6fb6-451f-a4f7-c9f229cdf28f)", "subtasks": [ { "title": "Quotas.neutron_update", "description": "Update quotas for neutron.", "scenario": { "Quotas.neutron_update": { "max_quota": 1024 } }, "contexts": { "users": { "tenants": 20, "users_per_tenant": 1 } }, "runner": { "constant": { "times": 40, "concurrency": 20 } }, "hooks": [], "sla": { "failure_rate": { "max": 0 } } } ] }
2019-06-10 09:48:45.591 22705 RALLYDEBUG rally_openstack.contexts.keystone.users [-] Creating 20 tenants using 20 threads
2019-06-10 09:48:50.654 22705 RALLYDEBUG rally_openstack.contexts.keystone.users [-] Creating 20 users using 20 threads
2019-06-10 09:48:56.143 22705 INFO rally.task.context [-] Task 7744fe87-7d2d-4bc0-bdb7-fd40811e4a5f | Context users@openstack setup() finished in 10.55 sec
2019-06-10 09:48:56.144 22705 INFO rally.task.context [-] Task 7744fe87-7d2d-4bc0-bdb7-fd40811e4a5f | Context admin_cleanup@openstack setup() finished in 0.00 msec
2019-06-10 09:48:56.151 22705 RALLYDEBUG rally.task.runner [-] Starting the constant runner (task UUID: 7744fe87-7d2d-4bc0-bdb7-fd40811e4a5f). timeout: 0 concurrency: 20 concurrency_per_worker: 1 times: 40 concurrency_overhead: 4 processes_to_start: 16 max_cpu_used: 16
2019-06-10 09:48:56.165 27321 RALLYDEBUG rally.task.runner [-] Starting a worker. concurrency: 2 args: {"max_quota": 1024} times: 40 method_name: run timeout: 0 duration: None cls:
2019-06-10 09:48:56.168 27322 RALLYDEBUG rally.task.runner [-] Starting a worker. concurrency: 2 args: {"max_quota": 1024} times: 40 method_name: run timeout: 0 duration: None cls:
2019-06-10 09:48:56.171 27323 RALLYDEBUG rally.task.runner [-] Starting a worker. concurrency: 2 args: {"max_quota": 1024} times: 40 method_name: run timeout: 0 duration: None cls:
2019-06-10 09:48:56.174 27324 RALLYDEBUG rally.task.runner [-] Starting a worker. concurrency: 2 args: {"max_quota": 1024} times: 40 method_name: run timeout: 0 duration: None cls:
2019-06-10 09:48:56.175 27321 INFO rally.task.runner [-] Task 7744fe87-7d2d-4bc0-bdb7-fd40811e4a5f | ITER: 1 START
2019-06-10 09:48:56.178 27325 RALLYDEBUG rally.task.runner [-] Starting a worker. concurrency: 1 args: {"max_quota": 1024} times: 40 method_name: run timeout: 0 duration: None cls:
2019-06-10 09:48:56.180 27322 INFO rally.task.runner [-] Task 7744fe87-7d2d-4bc0-bdb7-fd40811e4a5f | ITER: 2 START
2019-06-10 09:48:56.184 27328 RALLYDEBUG rally.task.runner [-] Starting a worker. concurrency: 1 args: {"max_quota": 1024} times: 40 method_name: run timeout: 0 duration: None cls:
2019-06-10 09:48:56.187 27323 INFO rally.task.runner [-] Task 7744fe87-7d2d-4bc0-bdb7-fd40811e4a5f | ITER: 3 START
2019-06-10 09:48:56.189 27325 INFO rally.task.runner [-] Task 7744fe87-7d2d-4bc0-bdb7-fd40811e4a5f | ITER: 8 START
2019-06-10 09:48:56.192 27324 INFO rally.task.runner [-] Task 7744fe87-7d2d-4bc0-bdb7-fd40811e4a5f | ITER: 5 START
2019-06-10 09:48:56.187 27323 INFO rally.task.runner [-] Task 7744fe87-7d2d-4bc0-bdb7-fd40811e4a5f | ITER: 7 START
2019-06-10 09:48:56.193 27321 INFO rally.task.runner [-] Task 7744fe87-7d2d-4bc0-bdb7-fd40811e4a5f | ITER: 4 START
2019-06-10 09:48:56.193 27335 RALLYDEBUG rally.task.runner [-] Starting a worker. concurrency: 1 args: {"max_quota": 1024} times: 40 method_name: run timeout: 0 duration: None cls:
2019-06-10 09:48:56.194 27328 INFO rally.task.runner [-] Task 7744fe87-7d2d-4bc0-bdb7-fd40811e4a5f | ITER: 10 START
2019-06-10 09:48:56.194 27324 INFO rally.task.runner [-] Task 7744fe87-7d2d-4bc0-bdb7-fd40811e4a5f | ITER: 9 START
2019-06-10 09:48:56.201 27322 INFO rally.task.runner [-] Task 7744fe87-7d2d-4bc0-bdb7-fd40811e4a5f | ITER: 6 START
2019-06-10 09:48:56.201 27335 INFO rally.task.runner [-] Task 7744fe87-7d2d-4bc0-bdb7-fd40811e4a5f | ITER: 11 START
2019-06-10 09:48:56.202 27343 RALLYDEBUG rally.task.runner [-] Starting a worker. concurrency: 1 args: {"max_quota": 1024} times: 40 method_name: run timeout: 0 duration: None cls:
2019-06-10 09:48:56.212 27343 INFO rally.task.runner [-] Task 7744fe87-7d2d-4bc0-bdb7-fd40811e4a5f | ITER: 12 START
2019-06-10 09:48:56.215 27347 RALLYDEBUG rally.task.runner [-] Starting a worker. concurrency: 1 args: {"max_quota": 1024} times: 40 method_name: run timeout: 0 duration: None cls:
2019-06-10 09:48:56.217 27348 RALLYDEBUG rally.task.runner [-] Starting a worker. concurrency: 1 args: {"max_quota": 1024} times: 40 method_name: run timeout: 0 duration: None cls:
2019-06-10 09:48:56.225 27347 INFO rally.task.runner [-] Task 7744fe87-7d2d-4bc0-bdb7-fd40811e4a5f | ITER: 13 START
2019-06-10 09:48:56.224 27351 RALLYDEBUG rally.task.runner [-] Starting a worker. concurrency: 1 args: {"max_quota": 1024} times: 40 method_name: run timeout: 0 duration: None cls:
2019-06-10 09:48:56.227 27348 INFO rally.task.runner [-] Task 7744fe87-7d2d-4bc0-bdb7-fd40811e4a5f | ITER: 14 START
2019-06-10 09:48:56.231 27353 RALLYDEBUG rally.task.runner [-] Starting a worker. concurrency: 1 args: {"max_quota": 1024} times: 40 method_name: run timeout: 0 duration: None cls:
2019-06-10 09:48:56.233 27351 INFO rally.task.runner [-] Task 7744fe87-7d2d-4bc0-bdb7-fd40811e4a5f | ITER: 15 START
2019-06-10 09:48:56.238 27357 RALLYDEBUG rally.task.runner [-] Starting a worker. concurrency: 1 args: {"max_quota": 1024} times: 40 method_name: run timeout: 0 duration: None cls:
2019-06-10 09:48:56.240 27353 INFO rally.task.runner [-] Task 7744fe87-7d2d-4bc0-bdb7-fd40811e4a5f | ITER: 16 START
2019-06-10 09:48:56.244 27357 INFO rally.task.runner [-] Task 7744fe87-7d2d-4bc0-bdb7-fd40811e4a5f | ITER: 17 START
2019-06-10 09:48:56.243 27360 RALLYDEBUG rally.task.runner [-] Starting a worker. concurrency: 1 args: {"max_quota": 1024} times: 40 method_name: run timeout: 0 duration: None cls:
2019-06-10 09:48:56.250 27360 INFO rally.task.runner [-] Task 7744fe87-7d2d-4bc0-bdb7-fd40811e4a5f | ITER: 18 START
2019-06-10 09:48:56.252 27365 RALLYDEBUG rally.task.runner [-] Starting a worker. concurrency: 1 args: {"max_quota": 1024} times: 40 method_name: run timeout: 0 duration: None cls:
2019-06-10 09:48:56.257 27368 RALLYDEBUG rally.task.runner [-] Starting a worker. concurrency: 1 args: {"max_quota": 1024} times: 40 method_name: run timeout: 0 duration: None cls:
2019-06-10 09:48:56.259 27365 INFO rally.task.runner [-] Task 7744fe87-7d2d-4bc0-bdb7-fd40811e4a5f | ITER: 19 START
2019-06-10 09:48:56.263 27368 INFO rally.task.runner [-] Task 7744fe87-7d2d-4bc0-bdb7-fd40811e4a5f | ITER: 20 START
2019-06-10 09:48:57.747 27328 INFO rally.task.runner [-] Task 7744fe87-7d2d-4bc0-bdb7-fd40811e4a5f | ITER: 10 END: OK
2019-06-10 09:48:57.754 27328 INFO rally.task.runner [-] Task 7744fe87-7d2d-4bc0-bdb7-fd40811e4a5f | ITER: 21 START
2019-06-10 09:48:57.769 27322 INFO rally.task.runner [-] Task 7744fe87-7d2d-4bc0-bdb7-fd40811e4a5f | ITER: 2 END: OK
2019-06-10 09:48:57.779 27322 INFO rally.task.runner [-] Task 7744fe87-7d2d-4bc0-bdb7-fd40811e4a5f | ITER: 22 START
2019-06-10 09:48:57.810 27323 INFO rally.task.runner [-] Task 7744fe87-7d2d-4bc0-bdb7-fd40811e4a5f | ITER: 7 END: OK
2019-06-10 09:48:57.814 27321 INFO rally.task.runner [-] Task 7744fe87-7d2d-4bc0-bdb7-fd40811e4a5f | ITER: 1 END: OK
2019-06-10 09:48:57.818 27323 INFO rally.task.runner [-] Task 7744fe87-7d2d-4bc0-bdb7-fd40811e4a5f | ITER: 23 START
2019-06-10 09:48:57.821 27321 INFO rally.task.runner [-] Task 7744fe87-7d2d-4bc0-bdb7-fd40811e4a5f | ITER: 24 START
2019-06-10 09:48:57.829 27323 INFO rally.task.runner [-] Task 7744fe87-7d2d-4bc0-bdb7-fd40811e4a5f | ITER: 3 END: OK
2019-06-10 09:48:57.839 27323 INFO rally.task.runner [-] Task 7744fe87-7d2d-4bc0-bdb7-fd40811e4a5f | ITER: 25 START
2019-06-10 09:48:57.855 27335 INFO rally.task.runner [-] Task 7744fe87-7d2d-4bc0-bdb7-fd40811e4a5f | ITER: 11 END: OK
2019-06-10 09:48:57.860 27335 INFO rally.task.runner [-] Task 7744fe87-7d2d-4bc0-bdb7-fd40811e4a5f | ITER: 26 START
2019-06-10 09:48:57.880 27322 INFO rally.task.runner [-] Task 7744fe87-7d2d-4bc0-bdb7-fd40811e4a5f | ITER: 6 END: OK
2019-06-10 09:48:57.884 27321 INFO rally.task.runner [-] Task 7744fe87-7d2d-4bc0-bdb7-fd40811e4a5f | ITER: 4 END: OK
2019-06-10 09:48:57.886 27322 INFO rally.task.runner [-] Task 7744fe87-7d2d-4bc0-bdb7-fd40811e4a5f | ITER: 27 START
2019-06-10 09:48:57.889 27321 INFO rally.task.runner [-] Task 7744fe87-7d2d-4bc0-bdb7-fd40811e4a5f | ITER: 28 START
2019-06-10 09:48:57.893 27325 INFO rally.task.runner [-] Task 7744fe87-7d2d-4bc0-bdb7-fd40811e4a5f | ITER: 8 END: OK
2019-06-10 09:48:57.898 27325 INFO rally.task.runner [-] Task 7744fe87-7d2d-4bc0-bdb7-fd40811e4a5f | ITER: 29 START
2019-06-10 09:48:57.900 27343 INFO rally.task.runner [-] Task 7744fe87-7d2d-4bc0-bdb7-fd40811e4a5f | ITER: 12 END: OK
2019-06-10 09:48:57.905 27343 INFO rally.task.runner [-] Task 7744fe87-7d2d-4bc0-bdb7-fd40811e4a5f | ITER: 30 START
2019-06-10 09:48:57.937 27324 INFO rally.task.runner [-] Task 7744fe87-7d2d-4bc0-bdb7-fd40811e4a5f | ITER: 5 END: OK
2019-06-10 09:48:57.943 27324 INFO rally.task.runner [-] Task 7744fe87-7d2d-4bc0-bdb7-fd40811e4a5f | ITER: 31 START
2019-06-10 09:48:57.947 27324 INFO rally.task.runner [-] Task 7744fe87-7d2d-4bc0-bdb7-fd40811e4a5f | ITER: 9 END: OK
2019-06-10 09:48:57.952 27324 INFO rally.task.runner [-] Task 7744fe87-7d2d-4bc0-bdb7-fd40811e4a5f | ITER: 32 START
2019-06-10 09:48:58.142 27348 INFO rally.task.runner [-] Task 7744fe87-7d2d-4bc0-bdb7-fd40811e4a5f | ITER: 14 END: OK
2019-06-10 09:48:58.147 27347 INFO rally.task.runner [-] Task 7744fe87-7d2d-4bc0-bdb7-fd40811e4a5f | ITER: 13 END: OK
2019-06-10 09:48:58.149 27348 INFO rally.task.runner [-] Task 7744fe87-7d2d-4bc0-bdb7-fd40811e4a5f | ITER: 33 START
2019-06-10 09:48:58.153 27347 INFO rally.task.runner [-] Task 7744fe87-7d2d-4bc0-bdb7-fd40811e4a5f | ITER: 34 START
2019-06-10 09:48:58.181 27351 INFO rally.task.runner [-] Task 7744fe87-7d2d-4bc0-bdb7-fd40811e4a5f | ITER: 15 END: OK
2019-06-10 09:48:58.187 27351 INFO rally.task.runner [-] Task 7744fe87-7d2d-4bc0-bdb7-fd40811e4a5f | ITER: 35 START
2019-06-10 09:48:58.221 27360 INFO rally.task.runner [-] Task 7744fe87-7d2d-4bc0-bdb7-fd40811e4a5f | ITER: 18 END: OK
2019-06-10 09:48:58.227 27360 INFO rally.task.runner [-] Task 7744fe87-7d2d-4bc0-bdb7-fd40811e4a5f | ITER: 36 START
2019-06-10 09:48:58.240 27368 INFO rally.task.runner [-] Task 7744fe87-7d2d-4bc0-bdb7-fd40811e4a5f | ITER: 20 END: OK
2019-06-10 09:48:58.246 27368 INFO rally.task.runner [-] Task 7744fe87-7d2d-4bc0-bdb7-fd40811e4a5f | ITER: 37 START
2019-06-10 09:48:58.257 27353 INFO rally.task.runner [-] Task 7744fe87-7d2d-4bc0-bdb7-fd40811e4a5f | ITER: 16 END: OK
2019-06-10 09:48:58.262 27365 INFO rally.task.runner [-] Task 7744fe87-7d2d-4bc0-bdb7-fd40811e4a5f | ITER: 19 END: OK
2019-06-10 09:48:58.264 27353 INFO rally.task.runner [-] Task 7744fe87-7d2d-4bc0-bdb7-fd40811e4a5f | ITER: 38 START
2019-06-10 09:48:58.267 27365 INFO rally.task.runner [-] Task 7744fe87-7d2d-4bc0-bdb7-fd40811e4a5f | ITER: 39 START
2019-06-10 09:48:58.321 27357 INFO rally.task.runner [-] Task 7744fe87-7d2d-4bc0-bdb7-fd40811e4a5f | ITER: 17 END: OK
2019-06-10 09:48:58.325 27357 INFO rally.task.runner [-] Task 7744fe87-7d2d-4bc0-bdb7-fd40811e4a5f | ITER: 40 START
2019-06-10 09:48:59.084 27328 INFO rally.task.runner [-] Task 7744fe87-7d2d-4bc0-bdb7-fd40811e4a5f | ITER: 21 END: OK
2019-06-10 09:48:59.105 27321 INFO rally.task.runner [-] Task 7744fe87-7d2d-4bc0-bdb7-fd40811e4a5f | ITER: 24 END: OK
2019-06-10 09:48:59.201 27323 INFO rally.task.runner [-] Task 7744fe87-7d2d-4bc0-bdb7-fd40811e4a5f | ITER: 23 END: OK
2019-06-10 09:48:59.225 27322 INFO rally.task.runner [-] Task 7744fe87-7d2d-4bc0-bdb7-fd40811e4a5f | ITER: 22 END: OK
2019-06-10 09:48:59.228 27322 INFO rally.task.runner [-] Task 7744fe87-7d2d-4bc0-bdb7-fd40811e4a5f | ITER: 27 END: OK
2019-06-10 09:48:59.229 27323 INFO rally.task.runner [-] Task 7744fe87-7d2d-4bc0-bdb7-fd40811e4a5f | ITER: 25 END: OK
2019-06-10 09:48:59.258 27335 INFO rally.task.runner [-] Task 7744fe87-7d2d-4bc0-bdb7-fd40811e4a5f | ITER: 26 END: OK
2019-06-10 09:48:59.272 27343 INFO rally.task.runner [-] Task 7744fe87-7d2d-4bc0-bdb7-fd40811e4a5f | ITER: 30 END: OK
2019-06-10 09:48:59.320 27324 INFO rally.task.runner [-] Task 7744fe87-7d2d-4bc0-bdb7-fd40811e4a5f | ITER: 32 END: OK
2019-06-10 09:48:59.350 27324 INFO rally.task.runner [-] Task 7744fe87-7d2d-4bc0-bdb7-fd40811e4a5f | ITER: 31 END: OK
2019-06-10 09:48:59.377 27325 INFO rally.task.runner [-] Task 7744fe87-7d2d-4bc0-bdb7-fd40811e4a5f | ITER: 29 END: OK
2019-06-10 09:48:59.414 27321 INFO rally.task.runner [-] Task 7744fe87-7d2d-4bc0-bdb7-fd40811e4a5f | ITER: 28 END: OK
2019-06-10 09:48:59.506 27348 INFO rally.task.runner [-] Task 7744fe87-7d2d-4bc0-bdb7-fd40811e4a5f | ITER: 33 END: OK
2019-06-10 09:48:59.536 27347 INFO rally.task.runner [-] Task 7744fe87-7d2d-4bc0-bdb7-fd40811e4a5f | ITER: 34 END: OK
2019-06-10 09:48:59.570 27357 INFO rally.task.runner [-] Task 7744fe87-7d2d-4bc0-bdb7-fd40811e4a5f | ITER: 40 END: OK
2019-06-10 09:48:59.586 27351 INFO rally.task.runner [-] Task 7744fe87-7d2d-4bc0-bdb7-fd40811e4a5f | ITER: 35 END: OK
2019-06-10 09:48:59.639 27368 INFO rally.task.runner [-] Task 7744fe87-7d2d-4bc0-bdb7-fd40811e4a5f | ITER: 37 END: OK
2019-06-10 09:48:59.659 27360 INFO rally.task.runner [-] Task 7744fe87-7d2d-4bc0-bdb7-fd40811e4a5f | ITER: 36 END: OK
2019-06-10 09:48:59.668 27353 INFO rally.task.runner [-] Task 7744fe87-7d2d-4bc0-bdb7-fd40811e4a5f | ITER: 38 END: OK
2019-06-10 09:48:59.681 27365 INFO rally.task.runner [-] Task 7744fe87-7d2d-4bc0-bdb7-fd40811e4a5f | ITER: 39 END: OK
2019-06-10 09:48:59.698 22705 INFO rally.task.context [-] Task 7744fe87-7d2d-4bc0-bdb7-fd40811e4a5f | Context admin_cleanup@openstack cleanup() started
2019-06-10 09:48:59.700 22705 RALLYDEBUG rally_openstack.cleanup.manager [-] Cleaning up neutron quota objects
2019-06-10 09:49:03.424 22705 INFO rally.task.context [-] Task 7744fe87-7d2d-4bc0-bdb7-fd40811e4a5f | Context admin_cleanup@openstack cleanup() finished in 3.73 sec
2019-06-10 09:49:03.424 22705 INFO rally.task.context [-] Task 7744fe87-7d2d-4bc0-bdb7-fd40811e4a5f | Context users@openstack cleanup() started
2019-06-10 09:49:31.171 22705 INFO rally.task.context [-] Task 7744fe87-7d2d-4bc0-bdb7-fd40811e4a5f | Context users@openstack cleanup() finished in 27.75 sec
2019-06-10 09:49:31.777 22705 INFO rally.task.engine [-] Load duration is: 3.503733
2019-06-10 09:49:31.777 22705 INFO rally.task.engine [-] Full runner duration is: 3.54754
2019-06-10 09:49:31.778 22705 INFO rally.task.engine [-] Full duration is: 45.583867
2019-06-10 09:49:32.008 22705 INFO rally.task.engine [-] Running workload: position = 0 config = { "version": 2, "title": "A cropped version of a bigger task.", "description": "Auto-generated task from a single workload (uuid=6c865055-2f80-4c65-a4ed-37d40f1684a4)", "subtasks": [ { "title": "NeutronTrunks.create_and_list_trunk_subports", "description": "", "scenario": { "NeutronTrunks.create_and_list_trunk_subports": { "subport_count": 125 } }, "contexts": { "users": { "tenants": 1, "users_per_tenant": 1 }, "quotas": { "neutron": { "network": -1, "port": 1000 } } }, "runner": { "constant": { "times": 4, "concurrency": 4 } }, "hooks": [], "sla": { "failure_rate": { "max": 0 } } } ] }
2019-06-10 09:49:32.025 22705 RALLYDEBUG rally_openstack.contexts.keystone.users [-] Creating 1 tenants using 20 threads
2019-06-10 09:49:33.647 22705 RALLYDEBUG rally_openstack.contexts.keystone.users [-] Creating 1 users using 20 threads
2019-06-10 09:49:36.035 22705 INFO rally.task.context [-] Task 7744fe87-7d2d-4bc0-bdb7-fd40811e4a5f | Context users@openstack setup() finished in 4.01 sec
2019-06-10 09:49:36.793 22705 INFO rally.task.context [-] Task 7744fe87-7d2d-4bc0-bdb7-fd40811e4a5f | Context quotas@openstack setup() finished in 0.76 sec
2019-06-10 09:49:36.794 22705 INFO rally.task.context [-] Task 7744fe87-7d2d-4bc0-bdb7-fd40811e4a5f | Context cleanup@openstack setup() finished in 0.00 msec
2019-06-10 09:49:36.801 22705 RALLYDEBUG rally.task.runner [-] Starting the constant runner (task UUID: 7744fe87-7d2d-4bc0-bdb7-fd40811e4a5f). timeout: 0 concurrency: 4 concurrency_per_worker: 1 times: 4 concurrency_overhead: 0 processes_to_start: 4 max_cpu_used: 16
2019-06-10 09:49:36.814 27512 RALLYDEBUG rally.task.runner [-] Starting a worker. concurrency: 1 args: {"subport_count": 125} times: 4 method_name: run timeout: 0 duration: None cls:
2019-06-10 09:49:36.814 27511 RALLYDEBUG rally.task.runner [-] Starting a worker. concurrency: 1 args: {"subport_count": 125} times: 4 method_name: run timeout: 0 duration: None cls:
2019-06-10 09:49:36.818 27512 INFO rally.task.runner [-] Task 7744fe87-7d2d-4bc0-bdb7-fd40811e4a5f | ITER: 1 START
2019-06-10 09:49:36.819 27514 RALLYDEBUG rally.task.runner [-] Starting a worker. concurrency: 1 args: {"subport_count": 125} times: 4 method_name: run timeout: 0 duration: None cls:
2019-06-10 09:49:36.820 27511 INFO rally.task.runner [-] Task 7744fe87-7d2d-4bc0-bdb7-fd40811e4a5f | ITER: 2 START
2019-06-10 09:49:36.820 27513 RALLYDEBUG rally.task.runner [-] Starting a worker. concurrency: 1 args: {"subport_count": 125} times: 4 method_name: run timeout: 0 duration: None cls:
2019-06-10 09:49:36.822 27514 INFO rally.task.runner [-] Task 7744fe87-7d2d-4bc0-bdb7-fd40811e4a5f | ITER: 3 START
2019-06-10 09:49:36.825 27513 INFO rally.task.runner [-] Task 7744fe87-7d2d-4bc0-bdb7-fd40811e4a5f | ITER: 4 START
2019-06-10 09:53:47.738 27511 WARNING rally.task.atomic [-] 'optional_action_timer' is deprecated since rally v0.10.0.Please use action_timer instead, we have improved atomic actions, now do not need to explicitly close original action.
2019-06-10 09:53:47.780 27511 WARNING rally.task.atomic [-] 'optional_action_timer' is deprecated since rally v0.10.0.Please use action_timer instead, we have improved atomic actions, now do not need to explicitly close original action.
2019-06-10 09:53:49.184 27513 WARNING rally.task.atomic [-] 'optional_action_timer' is deprecated since rally v0.10.0.Please use action_timer instead, we have improved atomic actions, now do not need to explicitly close original action.
2019-06-10 09:53:49.255 27513 WARNING rally.task.atomic [-] 'optional_action_timer' is deprecated since rally v0.10.0.Please use action_timer instead, we have improved atomic actions, now do not need to explicitly close original action.
2019-06-10 09:53:49.271 27511 INFO rally.task.runner [-] Task 7744fe87-7d2d-4bc0-bdb7-fd40811e4a5f | ITER: 2 END: OK
2019-06-10 09:53:49.644 27512 WARNING rally.task.atomic [-] 'optional_action_timer' is deprecated since rally v0.10.0.Please use action_timer instead, we have improved atomic actions, now do not need to explicitly close original action.
2019-06-10 09:53:49.736 27512 WARNING rally.task.atomic [-] 'optional_action_timer' is deprecated since rally v0.10.0.Please use action_timer instead, we have improved atomic actions, now do not need to explicitly close original action.
2019-06-10 09:53:50.054 27514 WARNING rally.task.atomic [-] 'optional_action_timer' is deprecated since rally v0.10.0.Please use action_timer instead, we have improved atomic actions, now do not need to explicitly close original action.
2019-06-10 09:53:50.093 27514 WARNING rally.task.atomic [-] 'optional_action_timer' is deprecated since rally v0.10.0.Please use action_timer instead, we have improved atomic actions, now do not need to explicitly close original action.
2019-06-10 09:53:50.888 27513 INFO rally.task.runner [-] Task 7744fe87-7d2d-4bc0-bdb7-fd40811e4a5f | ITER: 4 END: OK
2019-06-10 09:53:50.925 27512 INFO rally.task.runner [-] Task 7744fe87-7d2d-4bc0-bdb7-fd40811e4a5f | ITER: 1 END: OK
2019-06-10 09:53:51.146 27514 INFO rally.task.runner [-] Task 7744fe87-7d2d-4bc0-bdb7-fd40811e4a5f | ITER: 3 END: OK
2019-06-10 09:53:51.169 22705 INFO rally.task.context [-] Task 7744fe87-7d2d-4bc0-bdb7-fd40811e4a5f | Context cleanup@openstack cleanup() started
2019-06-10 09:53:51.174 22705 RALLYDEBUG rally_openstack.cleanup.manager [-] Cleaning up neutron vip objects
2019-06-10 09:53:51.923 22705 RALLYDEBUG rally_openstack.cleanup.manager [-] Cleaning up neutron health_monitor objects
2019-06-10 09:53:52.652 22705 RALLYDEBUG rally_openstack.cleanup.manager [-] Cleaning up neutron pool objects
2019-06-10 09:53:53.369 22705 RALLYDEBUG rally_openstack.cleanup.manager [-] Cleaning up neutron loadbalancer objects
2019-06-10 09:53:54.489 22705 RALLYDEBUG rally_openstack.cleanup.manager [-] Cleaning up neutron floatingip objects
2019-06-10 09:53:55.327 22705 RALLYDEBUG rally_openstack.cleanup.manager [-] Cleaning up neutron port objects
2019-06-10 09:53:57.119 22705 RALLYDEBUG rally_openstack.cleanup.manager [-] Deleting neutron.port object s_rally_6c865055_SXEg8xMM (000224d9-8707-443d-b634-c687eae0b8cb)
2019-06-10 09:53:57.128 22705 RALLYDEBUG rally_openstack.cleanup.manager [-] Deleting neutron.port object s_rally_6c865055_ZCs7cpQT (01aecbaa-af51-4a83-b8f2-ff9ff047d3d8)
2019-06-10 09:53:57.132 22705 RALLYDEBUG rally_openstack.cleanup.manager [-] Deleting neutron.port object s_rally_6c865055_2FjDkAe6 (0426f015-f46e-4b48-993b-22d4a8c47cec)
2019-06-10 09:53:57.132 22705 RALLYDEBUG rally_openstack.cleanup.manager [-] Deleting neutron.port object s_rally_6c865055_afDa9YiN (04c0817d-8ac4-4807-905a-38e4259e6926)
2019-06-10 09:53:57.135 22705 RALLYDEBUG rally_openstack.cleanup.manager [-] Deleting neutron.port object s_rally_6c865055_vOaTC4T8 (00802450-6f80-4bf1-816f-cee7781fbf39)
2019-06-10 09:53:57.141 22705 RALLYDEBUG rally_openstack.cleanup.manager [-] Deleting neutron.port object s_rally_6c865055_r6FJKbu0 (04c69d25-9f7b-48ff-847a-32b7d2e223eb)
2019-06-10 09:53:57.142 22705 RALLYDEBUG rally_openstack.cleanup.manager [-] Deleting neutron.port object s_rally_6c865055_eDPUaUOW (0304260f-d42d-49d7-8bc3-6424fe6b5657)
2019-06-10 09:53:57.144 22705 RALLYDEBUG rally_openstack.cleanup.manager [-] Deleting neutron.port object s_rally_6c865055_KaWj8jRw (02cfde77-ad60-4b38-806b-c0f5451dadf0)
2019-06-10 09:53:57.145 22705 RALLYDEBUG rally_openstack.cleanup.manager [-] Deleting neutron.port object s_rally_6c865055_igzpbVL5 (0100cd2c-0ae7-4ce0-96d3-12ed8a23c849)
2019-06-10 09:53:57.146 22705 RALLYDEBUG rally_openstack.cleanup.manager [-] Deleting neutron.port object s_rally_6c865055_7thErpgu (031fb179-f45a-4e3b-81ef-2dfa685a4f20)
2019-06-10 09:53:57.154 22705 RALLYDEBUG rally_openstack.cleanup.manager [-] Deleting neutron.port object s_rally_6c865055_HhE1ljCq (04d7e11a-4604-4404-b81d-47464e4c113a)
2019-06-10 09:53:57.177 22705 RALLYDEBUG rally_openstack.cleanup.manager [-] Deleting neutron.port object s_rally_6c865055_g0wZIQPJ (04e4e9b8-750e-463f-843f-86a429ffe7c0)
2019-06-10 09:53:57.191 22705 RALLYDEBUG rally_openstack.cleanup.manager [-] Deleting neutron.port object s_rally_6c865055_42fI2buS (05bb1028-26db-48ec-bd72-8961f44e67bb)
2019-06-10 09:53:57.199 22705 RALLYDEBUG rally_openstack.cleanup.manager [-] Deleting neutron.port object s_rally_6c865055_ixFhMFWg (0688b706-c397-41e1-b68e-9620ae8c28c5)
2019-06-10 09:53:57.214 22705 RALLYDEBUG rally_openstack.cleanup.manager [-] Deleting neutron.port object s_rally_6c865055_AkkzqzUr (074e38db-81b5-4e39-9075-3747322ca585)
2019-06-10 09:53:57.219 22705 RALLYDEBUG rally_openstack.cleanup.manager [-] Deleting neutron.port object s_rally_6c865055_Mm2kxaRG (0732ba3f-a3a6-4924-9024-ae0620ce9c75)
2019-06-10 09:53:57.236 22705 RALLYDEBUG rally_openstack.cleanup.manager [-] Deleting neutron.port object s_rally_6c865055_s2uL3nRQ (08074492-cb89-4333-9724-15880895b49a)
2019-06-10 09:53:57.242 22705 RALLYDEBUG rally_openstack.cleanup.manager [-] Deleting neutron.port object s_rally_6c865055_3NnxORFr (081a5dec-00f7-4ea5-9922-de23849f3590)
2019-06-10 09:53:57.255 22705 RALLYDEBUG rally_openstack.cleanup.manager [-] Deleting neutron.port object s_rally_6c865055_xTkXj7wN (08e89c90-beaf-4bd4-b65a-35dfd5e715db)
2019-06-10 09:53:57.270 22705 RALLYDEBUG rally_openstack.cleanup.manager [-] Deleting neutron.port object s_rally_6c865055_WfWE46Rf (0be1317a-b5d9-464d-a7a6-f2f9b86995f9)
2019-06-10 09:53:59.714 22705 RALLYDEBUG rally_openstack.cleanup.manager [-] Deleting neutron.port object s_rally_6c865055_aGflNSu3 (0c1c391d-78c2-4ded-816a-c1529c75d5ca)
2019-06-10 09:53:59.815 22705 RALLYDEBUG rally_openstack.cleanup.manager [-] Deleting neutron.port object s_rally_6c865055_E6eI2Plq (0c833681-f750-4531-a60b-a677a69b1321)
2019-06-10 09:54:00.060 22705 RALLYDEBUG rally_openstack.cleanup.manager [-] Deleting neutron.port object s_rally_6c865055_eWvkreyG (0cc2c581-07ab-4620-ac6d-11cac01d45c3)
2019-06-10 09:54:01.466 22705 RALLYDEBUG rally_openstack.cleanup.manager [-] Deleting neutron.port object s_rally_6c865055_T1ycQcoy (0da10a63-ce06-4602-bea5-46216088f1c1)
2019-06-10 09:54:02.003 22705 RALLYDEBUG rally_openstack.cleanup.manager [-] Deleting neutron.port object s_rally_6c865055_L4dLAWlP (0e277d53-0b7c-4679-8e8e-313178d7fe8b)
2019-06-10 09:54:02.098 22705 RALLYDEBUG rally_openstack.cleanup.manager [-] Deleting neutron.port object s_rally_6c865055_ZPBebw28 (0e9a63d9-99b8-4561-adb3-ea82a7e45301)
2019-06-10 09:54:02.782 22705 RALLYDEBUG rally_openstack.cleanup.manager [-] Deleting neutron.port object s_rally_6c865055_rSrsfRQw (0ee89abd-f46f-4815-a39d-7d0daa0c0d93)
2019-06-10 09:54:04.114 22705 RALLYDEBUG rally_openstack.cleanup.manager [-] Deleting neutron.port object s_rally_6c865055_NmhLCGlU (0f14dbb9-0e8b-47dd-b679-cbbd11635063)
2019-06-10 09:54:04.149 22705 RALLYDEBUG rally_openstack.cleanup.manager [-] Deleting neutron.port object s_rally_6c865055_lMk14gRA (1039e273-5af0-4ee2-91ee-4c26e27ab226)
2019-06-10 09:54:05.410 22705 RALLYDEBUG rally_openstack.cleanup.manager [-] Deleting neutron.port object s_rally_6c865055_nD16oqw5 (104155ff-8e1c-49ab-92bc-24c6a722e714)
2019-06-10 09:54:05.417 22705 RALLYDEBUG rally_openstack.cleanup.manager [-] Deleting neutron.port object s_rally_6c865055_qrHlqKQp (1130ae4b-026b-4552-bcfb-37c0487c88c3)
2019-06-10 09:54:05.469 22705 RALLYDEBUG rally_openstack.cleanup.manager [-] Deleting neutron.port object s_rally_6c865055_x097M4iU (116c559b-c9e3-4872-b211-8064c98b3595)
2019-06-10 09:54:05.470 22705 RALLYDEBUG rally_openstack.cleanup.manager [-] Deleting neutron.port object s_rally_6c865055_CNxs6mo9 (131293e8-1390-4474-9e28-1ea9b3b6cc9c)
2019-06-10 09:54:05.736 22705 RALLYDEBUG rally_openstack.cleanup.manager [-] Deleting neutron.port object s_rally_6c865055_j3gAArFB (131af78b-5163-454d-9dc1-e2353c03cbdc)
2019-06-10 09:54:05.751 22705 RALLYDEBUG rally_openstack.cleanup.manager [-] Deleting neutron.port object s_rally_6c865055_xlWepZj8 (1544769b-a29e-4e07-bc28-e16f6c43f6f2)
2019-06-10 09:54:06.366 22705 RALLYDEBUG rally_openstack.cleanup.manager [-] Deleting neutron.port object s_rally_6c865055_cYbJvreX (1595306f-6d55-491a-9c5c-d8a0b17eb87a)
2019-06-10 09:54:06.378 22705 RALLYDEBUG rally_openstack.cleanup.manager [-] Deleting neutron.port object s_rally_6c865055_bF3lEJVr (173826c0-718a-438a-963c-3f14d086cd52)
2019-06-10 09:54:06.387 22705 RALLYDEBUG rally_openstack.cleanup.manager [-] Deleting neutron.port object s_rally_6c865055_AGmEHszC (1771617c-c69f-4aa6-8fd2-f152534f5ec5)
2019-06-10 09:54:06.417 22705 RALLYDEBUG rally_openstack.cleanup.manager [-] Deleting neutron.port object s_rally_6c865055_HUW5Z7IW (17bc2da4-d6c7-4517-97d7-ed88d83137a4)
2019-06-10 09:54:06.425 22705 RALLYDEBUG rally_openstack.cleanup.manager [-] Deleting neutron.port object s_rally_6c865055_xaNGbzS5 (18149385-fd9b-475d-8932-af3863a3fd4d)
2019-06-10 09:54:06.441 22705 RALLYDEBUG rally_openstack.cleanup.manager [-] Deleting neutron.port object s_rally_6c865055_09tJPmNE (188cb73c-a2aa-4d47-98c2-2b70e5eff4bb)
2019-06-10 09:54:06.450 22705 RALLYDEBUG rally_openstack.cleanup.manager [-] Deleting neutron.port object s_rally_6c865055_MxFKlayw (1891d28c-7a05-4bc4-8d7c-3250762ec3ce)
2019-06-10 09:54:06.673 22705 RALLYDEBUG rally_openstack.cleanup.manager [-] Deleting neutron.port object s_rally_6c865055_vPejNZ51 (18a56e62-0d2e-4a3b-b142-f06060a949c6)
2019-06-10 09:54:07.332 22705 RALLYDEBUG rally_openstack.cleanup.manager [-] Deleting neutron.port object s_rally_6c865055_hQMxPeVq (19bc5ee6-a2b4-4f61-bf97-b85a25dcdabc)
2019-06-10 09:54:07.334 22705 RALLYDEBUG rally_openstack.cleanup.manager [-] Deleting neutron.port object s_rally_6c865055_VZ0PipvU (1a5f15f7-937b-4881-b8ad-750790a71b15)
2019-06-10 09:54:08.020 22705 RALLYDEBUG rally_openstack.cleanup.manager [-] Deleting neutron.port object s_rally_6c865055_0Tbl4iEM (1adf99f8-ae7b-478c-9c07-aa7616d612e3)
2019-06-10 09:54:08.020 22705 RALLYDEBUG rally_openstack.cleanup.manager [-] Deleting neutron.port object s_rally_6c865055_Wx7BGf4c (1b51a6b3-11fd-456d-97d1-1850b078b6fa)
2019-06-10 09:54:08.027 22705 RALLYDEBUG rally_openstack.cleanup.manager [-] Deleting neutron.port object s_rally_6c865055_JEjkAao4 (1be0a4be-4352-4d9b-8cc2-3f2821e633af)
2019-06-10 09:54:08.029 22705 RALLYDEBUG rally_openstack.cleanup.manager [-] Deleting neutron.port object s_rally_6c865055_wpt0rZNx (1ce15624-d087-40fe-9664-fba107fa6973)
2019-06-10 09:54:08.601 22705 RALLYDEBUG rally_openstack.cleanup.manager [-] Deleting neutron.port object s_rally_6c865055_nFe3MHrC (1d80f4b8-92db-4cea-92cb-0ce13dc87f32)
2019-06-10 09:54:08.639 22705 RALLYDEBUG rally_openstack.cleanup.manager [-] Deleting neutron.port object s_rally_6c865055_3ILkbP7x (1db0816b-2577-43b7-9e71-72252c0cc485)
2019-06-10 09:54:08.671 22705 RALLYDEBUG rally_openstack.cleanup.manager [-] Deleting neutron.port object s_rally_6c865055_BTZDRASe (1dc770b6-bd40-47d3-bbcf-fc238cce921e)
2019-06-10 09:54:08.701 22705 RALLYDEBUG rally_openstack.cleanup.manager [-] Deleting neutron.port object s_rally_6c865055_Gddii0NO (1e3a2ea3-6934-49a0-af71-156553194fa3)
2019-06-10 09:54:09.180 22705 RALLYDEBUG rally_openstack.cleanup.manager [-] Deleting neutron.port object s_rally_6c865055_aeSxpzG6 (1fc6554c-7fb1-4770-9d8d-307f9317f9a0)
2019-06-10 09:54:09.188 22705 RALLYDEBUG rally_openstack.cleanup.manager [-] Deleting neutron.port object s_rally_6c865055_65BpdpM0 (1fe37675-9ebc-47c0-ba0b-7677f806b555)
2019-06-10 09:54:09.305 22705 RALLYDEBUG rally_openstack.cleanup.manager [-] Deleting neutron.port object s_rally_6c865055_ngSbM7qt (1ff4d766-bf4a-495d-9997-4c170a0f088f)
2019-06-10 09:54:09.338 22705 RALLYDEBUG rally_openstack.cleanup.manager [-] Deleting neutron.port object s_rally_6c865055_wwiEb3Q3 (2092039a-08c6-421d-aaa6-1e6564e7b5e7)
2019-06-10 09:54:09.375 22705 RALLYDEBUG rally_openstack.cleanup.manager [-] Deleting neutron.port object s_rally_6c865055_vgeATjTF (21371f53-0d0d-4dac-8075-e5ea716de3f9)
2019-06-10 09:54:09.792 22705 RALLYDEBUG rally_openstack.cleanup.manager [-] Deleting neutron.port object s_rally_6c865055_ahHhJT47 (21946946-7210-4ff9-b34b-d7e77c6367e0)
2019-06-10 09:54:09.995 22705 RALLYDEBUG rally_openstack.cleanup.manager [-] Deleting neutron.port object s_rally_6c865055_TZ6UmYnB (21aa3894-3a54-4be9-b336-bdfe5e539c00)
2019-06-10 09:54:10.201 22705 RALLYDEBUG rally_openstack.cleanup.manager [-] Deleting neutron.port object s_rally_6c865055_BCBcgm0t (21b3f6ba-822b-49ee-ac31-aef213b0a865)
2019-06-10 09:54:10.342 22705 RALLYDEBUG rally_openstack.cleanup.manager [-] Deleting neutron.port object s_rally_6c865055_oY14NAg7 (22f17de7-e84a-4676-95de-b9906a4a0a21)
2019-06-10 09:54:10.433 22705 RALLYDEBUG rally_openstack.cleanup.manager [-] Deleting neutron.port object s_rally_6c865055_EDSymqLj (2335496a-5792-4658-95d6-6e88b84953da)
2019-06-10 09:54:10.465 22705 RALLYDEBUG rally_openstack.cleanup.manager [-] Deleting neutron.port object s_rally_6c865055_sOwKL8Eh (23a55c9e-62b3-4dcb-a8e5-59feac1e3e03)
2019-06-10 09:54:10.940 22705 RALLYDEBUG rally_openstack.cleanup.manager [-] Deleting neutron.port object s_rally_6c865055_4ckH7HLb (240e9510-b798-4b90-9337-a10ebbe52136)
2019-06-10 09:54:11.218 22705 RALLYDEBUG rally_openstack.cleanup.manager [-] Deleting neutron.port object s_rally_6c865055_7Wb3kkhO (24872fd1-cf3b-4237-a040-ef1ad7b8fb27)
2019-06-10 09:54:12.112 22705 RALLYDEBUG rally_openstack.cleanup.manager [-] Deleting neutron.port object s_rally_6c865055_blgnNW4E (24c5875f-c5b1-4e4c-ab36-f4702531c111)
2019-06-10 09:54:12.133 22705 RALLYDEBUG rally_openstack.cleanup.manager [-] Deleting neutron.port object s_rally_6c865055_xUnZbKY0 (24f207b1-4ce6-4cff-b946-7bbbad06a86a)
2019-06-10 09:54:12.162 22705 RALLYDEBUG rally_openstack.cleanup.manager [-] Deleting neutron.port object s_rally_6c865055_CZTq2peT (252343a5-9119-4c08-a432-63dd9643dcb1)
2019-06-10 09:54:12.188 22705 RALLYDEBUG rally_openstack.cleanup.manager [-] Deleting neutron.port object s_rally_6c865055_wd6PGP8z (255bd799-e3ce-43fa-9fcd-ea752e922814)
2019-06-10 09:54:12.199 22705 RALLYDEBUG rally_openstack.cleanup.manager [-] Deleting neutron.port object s_rally_6c865055_aIenzLmW (26a7afb1-da4b-4dc1-a3ab-dd7ceb1c02bd)
2019-06-10 09:54:12.294 22705 RALLYDEBUG rally_openstack.cleanup.manager [-] Deleting neutron.port object s_rally_6c865055_1EpezCR3 (2752f6b9-c79c-4fd0-ab3d-19a3a6909974)
2019-06-10 09:54:12.455 22705 RALLYDEBUG rally_openstack.cleanup.manager [-] Deleting neutron.port object s_rally_6c865055_yOW3bnR8 (291d15dc-1412-4a24-a2c4-489b79556e1d)
2019-06-10 09:54:12.494 22705 RALLYDEBUG rally_openstack.cleanup.manager [-] Deleting neutron.port object s_rally_6c865055_34IP9CjH (2940b0fe-612a-43aa-b09b-d50d89db5278)
2019-06-10 09:54:12.586 22705 RALLYDEBUG rally_openstack.cleanup.manager [-] Deleting neutron.port object s_rally_6c865055_xFU0OojX (2a0d49f6-1d1f-417b-9792-61d0d4ef0828)
2019-06-10 09:54:12.955 22705 RALLYDEBUG rally_openstack.cleanup.manager [-] Deleting neutron.port object s_rally_6c865055_c3K5QiEa (2a495b5a-a139-4569-8b26-0fc61a425314)
2019-06-10 09:54:13.128 22705 RALLYDEBUG rally_openstack.cleanup.manager [-] Deleting neutron.port object s_rally_6c865055_VoE8VopM (2acb6038-0d13-4f7b-afc0-c07bd0350856)
2019-06-10 09:54:13.180 22705 RALLYDEBUG rally_openstack.cleanup.manager [-] Deleting neutron.port object s_rally_6c865055_nzQJqR5m (2bc9d62d-876f-4d38-86c3-15b8dbb36c9e)
2019-06-10 09:54:13.210 22705 RALLYDEBUG rally_openstack.cleanup.manager [-] Deleting neutron.port object s_rally_6c865055_yDfOknhr (2db4f07e-fd94-43a0-9781-fae5ab6ee295)
2019-06-10 09:54:13.305 22705 RALLYDEBUG rally_openstack.cleanup.manager [-] Deleting neutron.port object s_rally_6c865055_PJzjr61Z (2de497d0-2ecd-418c-aa68-778f14248f96)
2019-06-10 09:54:13.778 22705 RALLYDEBUG rally_openstack.cleanup.manager [-] Deleting neutron.port object s_rally_6c865055_w8CyTwO0 (2e34da8d-e995-497a-a05d-ef017d413de1)
2019-06-10 09:54:13.828 22705 RALLYDEBUG rally_openstack.cleanup.manager [-] Deleting neutron.port object s_rally_6c865055_HuoBDtQr (2e379609-de68-4677-bb98-7f68957c9c7b)
2019-06-10 09:54:13.870 22705 RALLYDEBUG rally_openstack.cleanup.manager [-] Deleting neutron.port object s_rally_6c865055_mZlWjGRQ (2e78390b-92d9-4bf2-a170-675bd875ddd3)
2019-06-10 09:54:13.873 22705 RALLYDEBUG rally_openstack.cleanup.manager [-] Deleting neutron.port object s_rally_6c865055_0Y8Dj0Bp (2e8ccd14-ce12-4195-a2e2-fc15cbeb5eba)
2019-06-10 09:54:13.927 22705 RALLYDEBUG rally_openstack.cleanup.manager [-] Deleting neutron.port object s_rally_6c865055_CytXHfc6 (2ee55b9d-af4e-44cb-9ef8-d041cba9ecc8)
2019-06-10 09:54:14.155 22705 RALLYDEBUG rally_openstack.cleanup.manager [-] Deleting neutron.port object s_rally_6c865055_1mH4G5DL (2eecd1cf-d22b-47ce-b8b1-41a49b8657cb)
2019-06-10 09:54:14.883 22705 RALLYDEBUG rally_openstack.cleanup.manager [-] Deleting neutron.port object s_rally_6c865055_REQamXNQ (2f022689-4783-4a65-b861-04b59824fabf)
2019-06-10 09:54:15.021 22705 RALLYDEBUG rally_openstack.cleanup.manager [-] Deleting neutron.port object s_rally_6c865055_0km3exuv (30487702-d28d-452f-8951-a8a53d9300de)
2019-06-10 09:54:15.252 22705 RALLYDEBUG rally_openstack.cleanup.manager [-] Deleting neutron.port object s_rally_6c865055_Ri3wClKp (30f77689-09df-432a-b6cb-d0679b1f6f37)
2019-06-10 09:54:15.477 22705 RALLYDEBUG rally_openstack.cleanup.manager [-] Deleting neutron.port object s_rally_6c865055_9LeswlnI (315bb14d-f91f-41eb-98da-a52e1e1e5bbf)
2019-06-10 09:54:15.884 22705 RALLYDEBUG rally_openstack.cleanup.manager [-] Deleting neutron.port object s_rally_6c865055_ueYE2R7A (319c3a77-819c-47e6-89c7-4e8a8e8941c3)
2019-06-10 09:54:15.911 22705 RALLYDEBUG rally_openstack.cleanup.manager [-] Deleting neutron.port object s_rally_6c865055_0CNeTzLI (32cc302b-9fa3-48f1-9333-19d3baeae96c)
2019-06-10 09:54:16.029 22705 RALLYDEBUG rally_openstack.cleanup.manager [-] Deleting neutron.port object s_rally_6c865055_F2UCGPTQ (335d1c98-da7a-4b93-b2e5-4292cbfb1646)
2019-06-10 09:54:16.035 22705 RALLYDEBUG rally_openstack.cleanup.manager [-] Deleting neutron.port object s_rally_6c865055_FmYVZ17z (33bc66f8-0766-422b-b821-97ad91759277)
2019-06-10 09:54:16.090 22705 RALLYDEBUG rally_openstack.cleanup.manager [-] Deleting neutron.port object s_rally_6c865055_wmnUWSQa (34a9614d-8c65-423f-8497-31bb7ba3cfd9)
2019-06-10 09:54:16.157 22705 RALLYDEBUG rally_openstack.cleanup.manager [-] Deleting neutron.port object s_rally_6c865055_RJy9qqMa (34d5d7f2-3bd8-418b-99ea-3cd628d506be)
2019-06-10 09:54:16.527 22705 RALLYDEBUG rally_openstack.cleanup.manager [-] Deleting neutron.port object s_rally_6c865055_iB6ctnMO (35497564-d1ce-4482-b50f-2728e3083253)
2019-06-10 09:54:16.666 22705 RALLYDEBUG rally_openstack.cleanup.manager [-] Deleting neutron.port object s_rally_6c865055_jcOcGF03 (3597df9a-7cba-4c61-8d29-78ca801ed1d5)
2019-06-10 09:54:16.839 22705 RALLYDEBUG rally_openstack.cleanup.manager [-] Deleting neutron.port object s_rally_6c865055_75teH6MY (35d8b6f5-061f-4f90-ae8b-bcddb1756917)
