2019-06-10 09:32:10.617 24815 RALLYDEBUG rally.task.runner [-] Starting a worker. concurrency: 1 args: {"network_create_args": {}, "subnet_create_args": {}, "subnet_cidr_start": "1.1.0.0/30", "subnets_per_network": 2} times: 40 method_name: run timeout: 0 duration: None cls:
2019-06-10 09:32:10.615 24802 INFO rally.task.runner [-] Task 7744fe87-7d2d-4bc0-bdb7-fd40811e4a5f | ITER: 9 START
2019-06-10 09:32:10.616 24812 RALLYDEBUG rally.task.runner [-] Starting a worker. concurrency: 1 args: {"network_create_args": {}, "subnet_create_args": {}, "subnet_cidr_start": "1.1.0.0/30", "subnets_per_network": 2} times: 40 method_name: run timeout: 0 duration: None cls:
2019-06-10 09:32:10.618 24802 WARNING rally_openstack.scenarios.neutron.utils [-] Running this scenario without either the 'network' or 'existing_network' context is deprecated
2019-06-10 09:32:10.606 24799 WARNING rally_openstack.scenarios.neutron.utils [-] Running this scenario without either the 'network' or 'existing_network' context is deprecated
2019-06-10 09:32:10.619 24809 INFO rally.task.runner [-] Task 7744fe87-7d2d-4bc0-bdb7-fd40811e4a5f | ITER: 10 START
2019-06-10 09:32:10.621 24809 WARNING rally_openstack.scenarios.neutron.utils [-] Running this scenario without either the 'network' or 'existing_network' context is deprecated
2019-06-10 09:32:10.620 24819 RALLYDEBUG rally.task.runner [-] Starting a worker. concurrency: 1 args: {"network_create_args": {}, "subnet_create_args": {}, "subnet_cidr_start": "1.1.0.0/30", "subnets_per_network": 2} times: 40 method_name: run timeout: 0 duration: None cls:
2019-06-10 09:32:10.622 24815 INFO rally.task.runner [-] Task 7744fe87-7d2d-4bc0-bdb7-fd40811e4a5f | ITER: 11 START
2019-06-10 09:32:10.623 24815 WARNING rally_openstack.scenarios.neutron.utils [-] Running this scenario without either the 'network' or 'existing_network' context is deprecated
2019-06-10 09:32:10.623 24800 WARNING rally_openstack.scenarios.neutron.utils [-] Running this scenario without either the 'network' or 'existing_network' context is deprecated
2019-06-10 09:32:10.619 24802 WARNING rally_openstack.scenarios.neutron.utils [-] Running this scenario without either the 'network' or 'existing_network' context is deprecated
2019-06-10 09:32:10.624 24812 INFO rally.task.runner [-] Task 7744fe87-7d2d-4bc0-bdb7-fd40811e4a5f | ITER: 12 START
2019-06-10 09:32:10.625 24821 RALLYDEBUG rally.task.runner [-] Starting a worker. concurrency: 1 args: {"network_create_args": {}, "subnet_create_args": {}, "subnet_cidr_start": "1.1.0.0/30", "subnets_per_network": 2} times: 40 method_name: run timeout: 0 duration: None cls:
2019-06-10 09:32:10.626 24812 WARNING rally_openstack.scenarios.neutron.utils [-] Running this scenario without either the 'network' or 'existing_network' context is deprecated
2019-06-10 09:32:10.629 24819 INFO rally.task.runner [-] Task 7744fe87-7d2d-4bc0-bdb7-fd40811e4a5f | ITER: 13 START
2019-06-10 09:32:10.631 24821 INFO rally.task.runner [-] Task 7744fe87-7d2d-4bc0-bdb7-fd40811e4a5f | ITER: 14 START
2019-06-10 09:32:10.632 24821 WARNING rally_openstack.scenarios.neutron.utils [-] Running this scenario without either the 'network' or 'existing_network' context is deprecated
2019-06-10 09:32:10.632 24825 RALLYDEBUG rally.task.runner [-] Starting a worker. concurrency: 1 args: {"network_create_args": {}, "subnet_create_args": {}, "subnet_cidr_start": "1.1.0.0/30", "subnets_per_network": 2} times: 40 method_name: run timeout: 0 duration: None cls:
2019-06-10 09:32:10.633 24819 WARNING rally_openstack.scenarios.neutron.utils [-] Running this scenario without either the 'network' or 'existing_network' context is deprecated
2019-06-10 09:32:10.638 24825 INFO rally.task.runner [-] Task 7744fe87-7d2d-4bc0-bdb7-fd40811e4a5f | ITER: 15 START
2019-06-10 09:32:10.638 24834 RALLYDEBUG rally.task.runner [-] Starting a worker. concurrency: 1 args: {"network_create_args": {}, "subnet_create_args": {}, "subnet_cidr_start": "1.1.0.0/30", "subnets_per_network": 2} times: 40 method_name: run timeout: 0 duration: None cls:
2019-06-10 09:32:10.640 24825 WARNING rally_openstack.scenarios.neutron.utils [-] Running this scenario without either the 'network' or 'existing_network' context is deprecated
2019-06-10 09:32:10.646 24834 INFO rally.task.runner [-] Task 7744fe87-7d2d-4bc0-bdb7-fd40811e4a5f | ITER: 16 START
2019-06-10 09:32:10.648 24834 WARNING rally_openstack.scenarios.neutron.utils [-] Running this scenario without either the 'network' or 'existing_network' context is deprecated
2019-06-10 09:32:10.651 24838 RALLYDEBUG rally.task.runner [-] Starting a worker. concurrency: 1 args: {"network_create_args": {}, "subnet_create_args": {}, "subnet_cidr_start": "1.1.0.0/30", "subnets_per_network": 2} times: 40 method_name: run timeout: 0 duration: None cls:
2019-06-10 09:32:10.655 24838 INFO rally.task.runner [-] Task 7744fe87-7d2d-4bc0-bdb7-fd40811e4a5f | ITER: 17 START
2019-06-10 09:32:10.656 24838 WARNING rally_openstack.scenarios.neutron.utils [-] Running this scenario without either the 'network' or 'existing_network' context is deprecated
2019-06-10 09:32:10.664 24842 RALLYDEBUG rally.task.runner [-] Starting a worker. concurrency: 1 args: {"network_create_args": {}, "subnet_create_args": {}, "subnet_cidr_start": "1.1.0.0/30", "subnets_per_network": 2} times: 40 method_name: run timeout: 0 duration: None cls:
2019-06-10 09:32:10.668 24842 INFO rally.task.runner [-] Task 7744fe87-7d2d-4bc0-bdb7-fd40811e4a5f | ITER: 18 START
2019-06-10 09:32:10.668 24843 RALLYDEBUG rally.task.runner [-] Starting a worker. concurrency: 1 args: {"network_create_args": {}, "subnet_create_args": {}, "subnet_cidr_start": "1.1.0.0/30", "subnets_per_network": 2} times: 40 method_name: run timeout: 0 duration: None cls:
2019-06-10 09:32:10.669 24842 WARNING rally_openstack.scenarios.neutron.utils [-] Running this scenario without either the 'network' or 'existing_network' context is deprecated
2019-06-10 09:32:10.670 24844 RALLYDEBUG rally.task.runner [-] Starting a worker. concurrency: 1 args: {"network_create_args": {}, "subnet_create_args": {}, "subnet_cidr_start": "1.1.0.0/30", "subnets_per_network": 2} times: 40 method_name: run timeout: 0 duration: None cls:
2019-06-10 09:32:10.672 24843 INFO rally.task.runner [-] Task 7744fe87-7d2d-4bc0-bdb7-fd40811e4a5f | ITER: 19 START
2019-06-10 09:32:10.673 24843 WARNING rally_openstack.scenarios.neutron.utils [-] Running this scenario without either the 'network' or 'existing_network' context is deprecated
2019-06-10 09:32:10.674 24844 INFO rally.task.runner [-] Task 7744fe87-7d2d-4bc0-bdb7-fd40811e4a5f | ITER: 20 START
2019-06-10 09:32:10.675 24844 WARNING rally_openstack.scenarios.neutron.utils [-] Running this scenario without either the 'network' or 'existing_network' context is deprecated
2019-06-10 09:32:13.649 24800 RALLYDEBUG rally_openstack.wrappers.network [-] CIDR generated: 1.1.4.96/30
2019-06-10 09:32:13.677 24821 RALLYDEBUG rally_openstack.wrappers.network [-] CIDR generated: 1.1.4.100/30
2019-06-10 09:32:13.689 24815 RALLYDEBUG rally_openstack.wrappers.network [-] CIDR generated: 1.1.4.104/30
2019-06-10 09:32:13.694 24801 RALLYDEBUG rally_openstack.wrappers.network [-] CIDR generated: 1.1.4.108/30
2019-06-10 09:32:13.722 24799 RALLYDEBUG rally_openstack.wrappers.network [-] CIDR generated: 1.1.4.112/30
2019-06-10 09:32:13.752 24809 RALLYDEBUG rally_openstack.wrappers.network [-] CIDR generated: 1.1.4.116/30
2019-06-10 09:32:13.837 24799 RALLYDEBUG rally_openstack.wrappers.network [-] CIDR generated: 1.1.4.120/30
2019-06-10 09:32:13.841 24801 RALLYDEBUG rally_openstack.wrappers.network [-] CIDR generated: 1.1.4.124/30
2019-06-10 09:32:13.882 24812 RALLYDEBUG rally_openstack.wrappers.network [-] CIDR generated: 1.1.4.128/30
2019-06-10 09:32:13.983 24825 RALLYDEBUG rally_openstack.wrappers.network [-] CIDR generated: 1.1.4.132/30
2019-06-10 09:32:14.128 24804 RALLYDEBUG rally_openstack.wrappers.network [-] CIDR generated: 1.1.4.136/30
2019-06-10 09:32:14.210 24819 RALLYDEBUG rally_openstack.wrappers.network [-] CIDR generated: 1.1.4.140/30
2019-06-10 09:32:14.479 24843 RALLYDEBUG rally_openstack.wrappers.network [-] CIDR generated: 1.1.4.144/30
2019-06-10 09:32:14.717 24800 RALLYDEBUG rally_openstack.wrappers.network [-] CIDR generated: 1.1.4.148/30
2019-06-10 09:32:14.809 24844 RALLYDEBUG rally_openstack.wrappers.network [-] CIDR generated: 1.1.4.152/30
2019-06-10 09:32:14.856 24834 RALLYDEBUG rally_openstack.wrappers.network [-] CIDR generated: 1.1.4.156/30
2019-06-10 09:32:15.052 24802 RALLYDEBUG rally_openstack.wrappers.network [-] CIDR generated: 1.1.4.160/30
2019-06-10 09:32:15.155 24804 RALLYDEBUG rally_openstack.wrappers.network [-] CIDR generated: 1.1.4.164/30
2019-06-10 09:32:15.257 24842 RALLYDEBUG rally_openstack.wrappers.network [-] CIDR generated: 1.1.4.168/30
2019-06-10 09:32:15.335 24821 RALLYDEBUG rally_openstack.wrappers.network [-] CIDR generated: 1.1.4.172/30
2019-06-10 09:32:15.381 24838 RALLYDEBUG rally_openstack.wrappers.network [-] CIDR generated: 1.1.4.176/30
2019-06-10 09:32:15.480 24812 RALLYDEBUG rally_openstack.wrappers.network [-] CIDR generated: 1.1.4.180/30
2019-06-10 09:32:15.787 24802 RALLYDEBUG rally_openstack.wrappers.network [-] CIDR generated: 1.1.4.184/30
2019-06-10 09:32:16.093 24825 RALLYDEBUG rally_openstack.wrappers.network [-] CIDR generated: 1.1.4.188/30
2019-06-10 09:32:16.199 24799 RALLYDEBUG rally_openstack.wrappers.network [-] CIDR generated: 1.1.4.192/30
2019-06-10 09:32:16.375 24800 RALLYDEBUG rally_openstack.wrappers.network [-] CIDR generated: 1.1.4.196/30
2019-06-10 09:32:16.389 24801 RALLYDEBUG rally_openstack.wrappers.network [-] CIDR generated: 1.1.4.200/30
2019-06-10 09:32:16.530 24801 RALLYDEBUG rally_openstack.wrappers.network [-] CIDR generated: 1.1.4.204/30
2019-06-10 09:32:17.071 24844 RALLYDEBUG rally_openstack.wrappers.network [-] CIDR generated: 1.1.4.208/30
2019-06-10 09:32:17.849 24815 RALLYDEBUG rally_openstack.wrappers.network [-] CIDR generated: 1.1.4.212/30
2019-06-10 09:32:19.063 24800 RALLYDEBUG rally_openstack.wrappers.network [-] CIDR generated: 1.1.4.216/30
2019-06-10 09:32:19.463 24802 RALLYDEBUG rally_openstack.wrappers.network [-] CIDR generated: 1.1.4.220/30
2019-06-10 09:32:20.129 24809 RALLYDEBUG rally_openstack.wrappers.network [-] CIDR generated: 1.1.4.224/30
2019-06-10 09:32:22.119 24804 INFO rally.task.runner [-] Task 7744fe87-7d2d-4bc0-bdb7-fd40811e4a5f | ITER: 8 END: OK
2019-06-10 09:32:22.122 24804 INFO rally.task.runner [-] Task 7744fe87-7d2d-4bc0-bdb7-fd40811e4a5f | ITER: 21 START
2019-06-10 09:32:22.122 24804 WARNING rally_openstack.scenarios.neutron.utils [-] Running this scenario without either the 'network' or 'existing_network' context is deprecated
2019-06-10 09:32:22.131 24821 INFO rally.task.runner [-] Task 7744fe87-7d2d-4bc0-bdb7-fd40811e4a5f | ITER: 14 END: OK
2019-06-10 09:32:22.134 24821 INFO rally.task.runner [-] Task 7744fe87-7d2d-4bc0-bdb7-fd40811e4a5f | ITER: 22 START
2019-06-10 09:32:22.135 24821 WARNING rally_openstack.scenarios.neutron.utils [-] Running this scenario without either the 'network' or 'existing_network' context is deprecated
2019-06-10 09:32:22.182 24842 RALLYDEBUG rally_openstack.wrappers.network [-] CIDR generated: 1.1.4.228/30
2019-06-10 09:32:22.186 24834 RALLYDEBUG rally_openstack.wrappers.network [-] CIDR generated: 1.1.4.232/30
2019-06-10 09:32:22.188 24819 RALLYDEBUG rally_openstack.wrappers.network [-] CIDR generated: 1.1.4.236/30
2019-06-10 09:32:22.189 24799 RALLYDEBUG rally_openstack.wrappers.network [-] CIDR generated: 1.1.4.240/30
2019-06-10 09:32:22.192 24802 RALLYDEBUG rally_openstack.wrappers.network [-] CIDR generated: 1.1.4.244/30
2019-06-10 09:32:22.194 24838 RALLYDEBUG rally_openstack.wrappers.network [-] CIDR generated: 1.1.4.248/30
2019-06-10 09:32:22.198 24843 RALLYDEBUG rally_openstack.wrappers.network [-] CIDR generated: 1.1.4.252/30
2019-06-10 09:32:22.688 24812 INFO rally.task.runner [-] Task 7744fe87-7d2d-4bc0-bdb7-fd40811e4a5f | ITER: 12 END: OK
2019-06-10 09:32:22.693 24812 INFO rally.task.runner [-] Task 7744fe87-7d2d-4bc0-bdb7-fd40811e4a5f | ITER: 23 START
2019-06-10 09:32:22.693 24812 WARNING rally_openstack.scenarios.neutron.utils [-] Running this scenario without either the 'network' or 'existing_network' context is deprecated
2019-06-10 09:32:23.510 24844 INFO rally.task.runner [-] Task 7744fe87-7d2d-4bc0-bdb7-fd40811e4a5f | ITER: 20 END: OK
2019-06-10 09:32:23.515 24844 INFO rally.task.runner [-] Task 7744fe87-7d2d-4bc0-bdb7-fd40811e4a5f | ITER: 24 START
2019-06-10 09:32:23.516 24844 WARNING rally_openstack.scenarios.neutron.utils [-] Running this scenario without either the 'network' or 'existing_network' context is deprecated
2019-06-10 09:32:23.674 24804 RALLYDEBUG rally_openstack.wrappers.network [-] CIDR generated: 1.1.5.0/30
2019-06-10 09:32:24.213 24812 RALLYDEBUG rally_openstack.wrappers.network [-] CIDR generated: 1.1.5.4/30
2019-06-10 09:32:24.218 24825 INFO rally.task.runner [-] Task 7744fe87-7d2d-4bc0-bdb7-fd40811e4a5f | ITER: 15 END: OK
2019-06-10 09:32:24.222 24825 INFO rally.task.runner [-] Task 7744fe87-7d2d-4bc0-bdb7-fd40811e4a5f | ITER: 25 START
2019-06-10 09:32:24.223 24825 WARNING rally_openstack.scenarios.neutron.utils [-] Running this scenario without either the 'network' or 'existing_network' context is deprecated
2019-06-10 09:32:24.303 24821 RALLYDEBUG rally_openstack.wrappers.network [-] CIDR generated: 1.1.5.8/30
2019-06-10 09:32:25.247 24844 RALLYDEBUG rally_openstack.wrappers.network [-] CIDR generated: 1.1.5.12/30
2019-06-10 09:32:25.261 24825 RALLYDEBUG rally_openstack.wrappers.network [-] CIDR generated: 1.1.5.16/30
2019-06-10 09:32:25.394 24800 INFO rally.task.runner [-] Task 7744fe87-7d2d-4bc0-bdb7-fd40811e4a5f | ITER: 5 END: OK
2019-06-10 09:32:25.398 24801 INFO rally.task.runner [-] Task 7744fe87-7d2d-4bc0-bdb7-fd40811e4a5f | ITER: 6 END: OK
2019-06-10 09:32:25.399 24800 INFO rally.task.runner [-] Task 7744fe87-7d2d-4bc0-bdb7-fd40811e4a5f | ITER: 26 START
2019-06-10 09:32:25.400 24800 WARNING rally_openstack.scenarios.neutron.utils [-] Running this scenario without either the 'network' or 'existing_network' context is deprecated
2019-06-10 09:32:25.403 24801 INFO rally.task.runner [-] Task 7744fe87-7d2d-4bc0-bdb7-fd40811e4a5f | ITER: 27 START
2019-06-10 09:32:25.403 24801 WARNING rally_openstack.scenarios.neutron.utils [-] Running this scenario without either the 'network' or 'existing_network' context is deprecated
2019-06-10 09:32:25.572 24799 INFO rally.task.runner [-] Task 7744fe87-7d2d-4bc0-bdb7-fd40811e4a5f | ITER: 3 END: OK
2019-06-10 09:32:25.573 24801 INFO rally.task.runner [-] Task 7744fe87-7d2d-4bc0-bdb7-fd40811e4a5f | ITER: 4 END: OK
2019-06-10 09:32:25.576 24799 INFO rally.task.runner [-] Task 7744fe87-7d2d-4bc0-bdb7-fd40811e4a5f | ITER: 28 START
2019-06-10 09:32:25.576 24799 WARNING rally_openstack.scenarios.neutron.utils [-] Running this scenario without either the 'network' or 'existing_network' context is deprecated
2019-06-10 09:32:25.577 24801 INFO rally.task.runner [-] Task 7744fe87-7d2d-4bc0-bdb7-fd40811e4a5f | ITER: 29 START
2019-06-10 09:32:25.578 24801 WARNING rally_openstack.scenarios.neutron.utils [-] Running this scenario without either the 'network' or 'existing_network' context is deprecated
2019-06-10 09:32:26.061 24815 INFO rally.task.runner [-] Task 7744fe87-7d2d-4bc0-bdb7-fd40811e4a5f | ITER: 11 END: OK
2019-06-10 09:32:26.066 24815 INFO rally.task.runner [-] Task 7744fe87-7d2d-4bc0-bdb7-fd40811e4a5f | ITER: 30 START
2019-06-10 09:32:26.066 24815 WARNING rally_openstack.scenarios.neutron.utils [-] Running this scenario without either the 'network' or 'existing_network' context is deprecated
2019-06-10 09:32:26.263 24804 RALLYDEBUG rally_openstack.wrappers.network [-] CIDR generated: 1.1.5.20/30
2019-06-10 09:32:26.411 24812 RALLYDEBUG rally_openstack.wrappers.network [-] CIDR generated: 1.1.5.24/30
2019-06-10 09:32:26.691 24821 RALLYDEBUG rally_openstack.wrappers.network [-] CIDR generated: 1.1.5.28/30
2019-06-10 09:32:26.782 24801 RALLYDEBUG rally_openstack.wrappers.network [-] CIDR generated: 1.1.5.32/30
2019-06-10 09:32:27.029 24799 RALLYDEBUG rally_openstack.wrappers.network [-] CIDR generated: 1.1.5.36/30
2019-06-10 09:32:27.117 24800 RALLYDEBUG rally_openstack.wrappers.network [-] CIDR generated: 1.1.5.40/30
2019-06-10 09:32:27.330 24825 RALLYDEBUG rally_openstack.wrappers.network [-] CIDR generated: 1.1.5.44/30
2019-06-10 09:32:27.725 24801 RALLYDEBUG rally_openstack.wrappers.network [-] CIDR generated: 1.1.5.48/30
2019-06-10 09:32:27.788 24844 RALLYDEBUG rally_openstack.wrappers.network [-] CIDR generated: 1.1.5.52/30
2019-06-10 09:32:27.903 24800 INFO rally.task.runner [-] Task 7744fe87-7d2d-4bc0-bdb7-fd40811e4a5f | ITER: 2 END: OK
2019-06-10 09:32:27.907 24800 INFO rally.task.runner [-] Task 7744fe87-7d2d-4bc0-bdb7-fd40811e4a5f | ITER: 31 START
2019-06-10 09:32:27.907 24800 WARNING rally_openstack.scenarios.neutron.utils [-] Running this scenario without either the 'network' or 'existing_network' context is deprecated
2019-06-10 09:32:28.283 24815 RALLYDEBUG rally_openstack.wrappers.network [-] CIDR generated: 1.1.5.56/30
2019-06-10 09:32:28.554 24801 RALLYDEBUG rally_openstack.wrappers.network [-] CIDR generated: 1.1.5.60/30
2019-06-10 09:32:28.562 24802 INFO rally.task.runner [-] Task 7744fe87-7d2d-4bc0-bdb7-fd40811e4a5f | ITER: 7 END: OK
2019-06-10 09:32:28.566 24802 INFO rally.task.runner [-] Task 7744fe87-7d2d-4bc0-bdb7-fd40811e4a5f | ITER: 32 START
2019-06-10 09:32:28.567 24802 WARNING rally_openstack.scenarios.neutron.utils [-] Running this scenario without either the 'network' or 'existing_network' context is deprecated
2019-06-10 09:32:29.316 24800 RALLYDEBUG rally_openstack.wrappers.network [-] CIDR generated: 1.1.5.64/30
2019-06-10 09:32:29.922 24800 RALLYDEBUG rally_openstack.wrappers.network [-] CIDR generated: 1.1.5.68/30
2019-06-10 09:32:30.032 24802 RALLYDEBUG rally_openstack.wrappers.network [-] CIDR generated: 1.1.5.72/30
2019-06-10 09:32:31.030 24799 RALLYDEBUG rally_openstack.wrappers.network [-] CIDR generated: 1.1.5.76/30
2019-06-10 09:32:31.260 24800 RALLYDEBUG rally_openstack.wrappers.network [-] CIDR generated: 1.1.5.80/30
2019-06-10 09:32:31.828 24801 RALLYDEBUG rally_openstack.wrappers.network [-] CIDR generated: 1.1.5.84/30
2019-06-10 09:32:32.150 24815 RALLYDEBUG rally_openstack.wrappers.network [-] CIDR generated: 1.1.5.88/30
2019-06-10 09:32:32.169 24802 RALLYDEBUG rally_openstack.wrappers.network [-] CIDR generated: 1.1.5.92/30
2019-06-10 09:32:32.379 24809 INFO rally.task.runner [-] Task 7744fe87-7d2d-4bc0-bdb7-fd40811e4a5f | ITER: 10 END: OK
2019-06-10 09:32:32.384 24809 INFO rally.task.runner [-] Task 7744fe87-7d2d-4bc0-bdb7-fd40811e4a5f | ITER: 33 START
2019-06-10 09:32:32.385 24809 WARNING rally_openstack.scenarios.neutron.utils [-] Running this scenario without either the 'network' or 'existing_network' context is deprecated
2019-06-10 09:32:32.481 24804 INFO rally.task.runner [-] Task 7744fe87-7d2d-4bc0-bdb7-fd40811e4a5f | ITER: 21 END: OK
2019-06-10 09:32:32.484 24804 INFO rally.task.runner [-] Task 7744fe87-7d2d-4bc0-bdb7-fd40811e4a5f | ITER: 34 START
2019-06-10 09:32:32.484 24804 WARNING rally_openstack.scenarios.neutron.utils [-] Running this scenario without either the 'network' or 'existing_network' context is deprecated
2019-06-10 09:32:32.796 24812 INFO rally.task.runner [-] Task 7744fe87-7d2d-4bc0-bdb7-fd40811e4a5f | ITER: 23 END: OK
2019-06-10 09:32:32.799 24812 INFO rally.task.runner [-] Task 7744fe87-7d2d-4bc0-bdb7-fd40811e4a5f | ITER: 35 START
2019-06-10 09:32:32.800 24812 WARNING rally_openstack.scenarios.neutron.utils [-] Running this scenario without either the 'network' or 'existing_network' context is deprecated
2019-06-10 09:32:33.146 24801 INFO rally.task.runner [-] Task 7744fe87-7d2d-4bc0-bdb7-fd40811e4a5f | ITER: 27 END: OK
2019-06-10 09:32:33.150 24801 INFO rally.task.runner [-] Task 7744fe87-7d2d-4bc0-bdb7-fd40811e4a5f | ITER: 36 START
2019-06-10 09:32:33.150 24801 WARNING rally_openstack.scenarios.neutron.utils [-] Running this scenario without either the 'network' or 'existing_network' context is deprecated
2019-06-10 09:32:33.290 24821 INFO rally.task.runner [-] Task 7744fe87-7d2d-4bc0-bdb7-fd40811e4a5f | ITER: 22 END: OK
2019-06-10 09:32:33.294 24821 INFO rally.task.runner [-] Task 7744fe87-7d2d-4bc0-bdb7-fd40811e4a5f | ITER: 37 START
2019-06-10 09:32:33.295 24821 WARNING rally_openstack.scenarios.neutron.utils [-] Running this scenario without either the 'network' or 'existing_network' context is deprecated
2019-06-10 09:32:33.736 24842 INFO rally.task.runner [-] Task 7744fe87-7d2d-4bc0-bdb7-fd40811e4a5f | ITER: 18 END: OK
2019-06-10 09:32:33.741 24842 INFO rally.task.runner [-] Task 7744fe87-7d2d-4bc0-bdb7-fd40811e4a5f | ITER: 38 START
2019-06-10 09:32:33.741 24842 WARNING rally_openstack.scenarios.neutron.utils [-] Running this scenario without either the 'network' or 'existing_network' context is deprecated
2019-06-10 09:32:33.847 24844 INFO rally.task.runner [-] Task 7744fe87-7d2d-4bc0-bdb7-fd40811e4a5f | ITER: 24 END: OK
2019-06-10 09:32:33.850 24844 INFO rally.task.runner [-] Task 7744fe87-7d2d-4bc0-bdb7-fd40811e4a5f | ITER: 39 START
2019-06-10 09:32:33.851 24844 WARNING rally_openstack.scenarios.neutron.utils [-] Running this scenario without either the 'network' or 'existing_network' context is deprecated
2019-06-10 09:32:34.107 24834 INFO rally.task.runner [-] Task 7744fe87-7d2d-4bc0-bdb7-fd40811e4a5f | ITER: 16 END: OK
2019-06-10 09:32:34.111 24834 INFO rally.task.runner [-] Task 7744fe87-7d2d-4bc0-bdb7-fd40811e4a5f | ITER: 40 START
2019-06-10 09:32:34.112 24834 WARNING rally_openstack.scenarios.neutron.utils [-] Running this scenario without either the 'network' or 'existing_network' context is deprecated
2019-06-10 09:32:34.250 24809 RALLYDEBUG rally_openstack.wrappers.network [-] CIDR generated: 1.1.5.96/30
2019-06-10 09:32:34.465 24825 INFO rally.task.runner [-] Task 7744fe87-7d2d-4bc0-bdb7-fd40811e4a5f | ITER: 25 END: OK
2019-06-10 09:32:34.545 24843 INFO rally.task.runner [-] Task 7744fe87-7d2d-4bc0-bdb7-fd40811e4a5f | ITER: 19 END: OK
2019-06-10 09:32:35.053 24799 INFO rally.task.runner [-] Task 7744fe87-7d2d-4bc0-bdb7-fd40811e4a5f | ITER: 1 END: OK
2019-06-10 09:32:35.089 24812 RALLYDEBUG rally_openstack.wrappers.network [-] CIDR generated: 1.1.5.100/30
2019-06-10 09:32:35.646 24819 INFO rally.task.runner [-] Task 7744fe87-7d2d-4bc0-bdb7-fd40811e4a5f | ITER: 13 END: OK
2019-06-10 09:32:35.669 24804 RALLYDEBUG rally_openstack.wrappers.network [-] CIDR generated: 1.1.5.104/30
2019-06-10 09:32:35.680 24801 RALLYDEBUG rally_openstack.wrappers.network [-] CIDR generated: 1.1.5.108/30
2019-06-10 09:32:35.817 24821 RALLYDEBUG rally_openstack.wrappers.network [-] CIDR generated: 1.1.5.112/30
2019-06-10 09:32:36.218 24809 RALLYDEBUG rally_openstack.wrappers.network [-] CIDR generated: 1.1.5.116/30
2019-06-10 09:32:36.221 24844 RALLYDEBUG rally_openstack.wrappers.network [-] CIDR generated: 1.1.5.120/30
2019-06-10 09:32:36.373 24834 RALLYDEBUG rally_openstack.wrappers.network [-] CIDR generated: 1.1.5.124/30
2019-06-10 09:32:36.509 24800 INFO rally.task.runner [-] Task 7744fe87-7d2d-4bc0-bdb7-fd40811e4a5f | ITER: 26 END: OK
2019-06-10 09:32:37.102 24800 INFO rally.task.runner [-] Task 7744fe87-7d2d-4bc0-bdb7-fd40811e4a5f | ITER: 31 END: OK
2019-06-10 09:32:37.258 24838 INFO rally.task.runner [-] Task 7744fe87-7d2d-4bc0-bdb7-fd40811e4a5f | ITER: 17 END: OK
2019-06-10 09:32:37.370 24812 RALLYDEBUG rally_openstack.wrappers.network [-] CIDR generated: 1.1.5.128/30
2019-06-10 09:32:37.439 24802 INFO rally.task.runner [-] Task 7744fe87-7d2d-4bc0-bdb7-fd40811e4a5f | ITER: 9 END: OK
2019-06-10 09:32:37.444 24842 RALLYDEBUG rally_openstack.wrappers.network [-] CIDR generated: 1.1.5.132/30
2019-06-10 09:32:37.972 24804 RALLYDEBUG rally_openstack.wrappers.network [-] CIDR generated: 1.1.5.136/30
2019-06-10 09:32:38.319 24802 INFO rally.task.runner [-] Task 7744fe87-7d2d-4bc0-bdb7-fd40811e4a5f | ITER: 32 END: OK
2019-06-10 09:32:38.528 24834 RALLYDEBUG rally_openstack.wrappers.network [-] CIDR generated: 1.1.5.140/30
2019-06-10 09:32:38.537 24801 RALLYDEBUG rally_openstack.wrappers.network [-] CIDR generated: 1.1.5.144/30
2019-06-10 09:32:40.235 24821 RALLYDEBUG rally_openstack.wrappers.network [-] CIDR generated: 1.1.5.148/30
2019-06-10 09:32:40.382 24844 RALLYDEBUG rally_openstack.wrappers.network [-] CIDR generated: 1.1.5.152/30
2019-06-10 09:32:40.716 24842 RALLYDEBUG rally_openstack.wrappers.network [-] CIDR generated: 1.1.5.156/30
2019-06-10 09:32:40.871 24809 INFO rally.task.runner [-] Task 7744fe87-7d2d-4bc0-bdb7-fd40811e4a5f | ITER: 33 END: OK
2019-06-10 09:32:41.309 24812 INFO rally.task.runner [-] Task 7744fe87-7d2d-4bc0-bdb7-fd40811e4a5f | ITER: 35 END: OK
2019-06-10 09:32:41.682 24804 INFO rally.task.runner [-] Task 7744fe87-7d2d-4bc0-bdb7-fd40811e4a5f | ITER: 34 END: OK
2019-06-10 09:32:41.955 24801 INFO rally.task.runner [-] Task 7744fe87-7d2d-4bc0-bdb7-fd40811e4a5f | ITER: 36 END: OK
2019-06-10 09:32:42.024 24834 INFO rally.task.runner [-] Task 7744fe87-7d2d-4bc0-bdb7-fd40811e4a5f | ITER: 40 END: OK
2019-06-10 09:32:44.035 24801 INFO rally.task.runner [-] Task 7744fe87-7d2d-4bc0-bdb7-fd40811e4a5f | ITER: 29 END: OK
2019-06-10 09:32:44.444 24799 INFO rally.task.runner [-] Task 7744fe87-7d2d-4bc0-bdb7-fd40811e4a5f | ITER: 28 END: OK
2019-06-10 09:32:44.513 24815 INFO rally.task.runner [-] Task 7744fe87-7d2d-4bc0-bdb7-fd40811e4a5f | ITER: 30 END: OK
2019-06-10 09:32:45.777 24821 INFO rally.task.runner [-] Task 7744fe87-7d2d-4bc0-bdb7-fd40811e4a5f | ITER: 37 END: OK
2019-06-10 09:32:45.840 24844 INFO rally.task.runner [-] Task 7744fe87-7d2d-4bc0-bdb7-fd40811e4a5f | ITER: 39 END: OK
2019-06-10 09:32:45.875 24842 INFO rally.task.runner [-] Task 7744fe87-7d2d-4bc0-bdb7-fd40811e4a5f | ITER: 38 END: OK
2019-06-10 09:32:45.899 22705 INFO rally.task.context [-] Task 7744fe87-7d2d-4bc0-bdb7-fd40811e4a5f | Context cleanup@openstack cleanup() started
2019-06-10 09:32:45.901 22705 RALLYDEBUG rally_openstack.cleanup.manager [-] Cleaning up neutron vip objects
2019-06-10 09:32:46.547 22705 RALLYDEBUG rally_openstack.cleanup.manager [-] Cleaning up neutron health_monitor objects
2019-06-10 09:32:47.305 22705 RALLYDEBUG rally_openstack.cleanup.manager [-] Cleaning up neutron pool objects
2019-06-10 09:32:48.115 22705 RALLYDEBUG rally_openstack.cleanup.manager [-] Cleaning up neutron loadbalancer objects
2019-06-10 09:32:48.910 22705 RALLYDEBUG rally_openstack.cleanup.manager [-] Cleaning up neutron floatingip objects
2019-06-10 09:32:49.678 22705 RALLYDEBUG rally_openstack.cleanup.manager [-] Cleaning up neutron port objects
2019-06-10 09:32:50.485 22705 RALLYDEBUG rally_openstack.cleanup.manager [-] Cleaning up neutron subnet objects
2019-06-10 09:32:51.188 22705 RALLYDEBUG rally_openstack.cleanup.manager [-] Cleaning up neutron network objects
2019-06-10 09:32:52.159 22705 RALLYDEBUG rally_openstack.cleanup.manager [-] Deleting neutron.network object s_rally_d3e14206_Dx9J93wM (0dbd705d-a902-4974-bebd-518423371d4e)
2019-06-10 09:32:52.165 22705 RALLYDEBUG rally_openstack.cleanup.manager [-] Deleting neutron.network object s_rally_d3e14206_5O6oI42e (16e433d5-d529-4d10-96f1-2812ebc75699)
2019-06-10 09:32:52.170 22705 RALLYDEBUG rally_openstack.cleanup.manager [-] Deleting neutron.network object s_rally_d3e14206_goDMl6QD (18cf6d74-1784-413f-8ad9-2dfb5f7195ba)
2019-06-10 09:32:52.175 22705 RALLYDEBUG rally_openstack.cleanup.manager [-] Deleting neutron.network object s_rally_d3e14206_EoBt6ioe (1b641fbe-4350-4276-a48b-a7fc9df8e0ff)
2019-06-10 09:32:52.185 22705 RALLYDEBUG rally_openstack.cleanup.manager [-] Deleting neutron.network object s_rally_d3e14206_QqXx9cAI (1f641c65-a08a-439a-a955-c2f16ab5e500)
2019-06-10 09:32:52.193 22705 RALLYDEBUG rally_openstack.cleanup.manager [-] Deleting neutron.network object s_rally_d3e14206_IJt0KVty (2eb4be1e-9a18-4ced-a830-8e0364ad1e2d)
2019-06-10 09:32:52.218 22705 RALLYDEBUG rally_openstack.cleanup.manager [-] Deleting neutron.network object s_rally_d3e14206_WQAl2qAY (2fff5467-294d-464f-aff4-dcf8776f60af)
2019-06-10 09:32:52.224 22705 RALLYDEBUG rally_openstack.cleanup.manager [-] Deleting neutron.network object s_rally_d3e14206_QTOa2xVv (406140bc-fb34-468c-ad34-9ce7c91c6e9f)
2019-06-10 09:32:52.227 22705 RALLYDEBUG rally_openstack.cleanup.manager [-] Deleting neutron.network object s_rally_d3e14206_jolbOrH8 (36094739-eef9-4d81-9377-761cc2c573f2)
2019-06-10 09:32:52.227 22705 RALLYDEBUG rally_openstack.cleanup.manager [-] Deleting neutron.network object s_rally_d3e14206_3rEgCm4v (3932fa65-5275-455c-89a4-29e2c9851714)
2019-06-10 09:32:52.245 22705 RALLYDEBUG rally_openstack.cleanup.manager [-] Deleting neutron.network object s_rally_d3e14206_ZRMBIcZJ (4b3c8073-1784-4387-b36c-501bc20cfeb8)
2019-06-10 09:32:52.263 22705 RALLYDEBUG rally_openstack.cleanup.manager [-] Deleting neutron.network object s_rally_d3e14206_ZmZ3MXK9 (466efc7c-4000-42e1-850b-c2f710446ef7)
2019-06-10 09:32:52.264 22705 RALLYDEBUG rally_openstack.cleanup.manager [-] Deleting neutron.network object s_rally_d3e14206_TaLzVfLi (4117669f-4568-4455-b89f-a6b4e4af26ae)
2019-06-10 09:32:52.274 22705 RALLYDEBUG rally_openstack.cleanup.manager [-] Deleting neutron.network object s_rally_d3e14206_WC6dCUye (4c104f16-7260-46f1-aefd-c841e3200883)
2019-06-10 09:32:52.296 22705 RALLYDEBUG rally_openstack.cleanup.manager [-] Deleting neutron.network object s_rally_d3e14206_TBcp6dUf (519c5e14-4318-42f6-b04c-ba04b82489c5)
2019-06-10 09:32:52.310 22705 RALLYDEBUG rally_openstack.cleanup.manager [-] Deleting neutron.network object s_rally_d3e14206_MBvLwg2U (63109368-8e4b-487f-b528-01aa843b3329)
2019-06-10 09:32:52.322 22705 RALLYDEBUG rally_openstack.cleanup.manager [-] Deleting neutron.network object s_rally_d3e14206_YnURLPqv (6527d52d-f43e-4d6d-84e5-a93d62114755)
2019-06-10 09:32:52.339 22705 RALLYDEBUG rally_openstack.cleanup.manager [-] Deleting neutron.network object s_rally_d3e14206_T1XDz1tr (51d9bf61-0663-4ead-8466-1ddeb326c023)
2019-06-10 09:32:52.354 22705 RALLYDEBUG rally_openstack.cleanup.manager [-] Deleting neutron.network object s_rally_d3e14206_FZsR9mun (6d727aa3-9f4d-4f07-b580-78027c2c92b6)
2019-06-10 09:32:52.374 22705 RALLYDEBUG rally_openstack.cleanup.manager [-] Deleting neutron.network object s_rally_d3e14206_EvibWR4J (6eb49f2e-5ccd-410b-bf17-c85efa16f6d6)
2019-06-10 09:32:55.992 22705 RALLYDEBUG rally_openstack.cleanup.manager [-] Deleting neutron.network object s_rally_d3e14206_FcpPDcSX (71233a2d-0579-4085-a69c-9aafadc32ae8)
2019-06-10 09:32:56.231 22705 RALLYDEBUG rally_openstack.cleanup.manager [-] Deleting neutron.network object s_rally_d3e14206_yseDKldn (719ec858-6283-44ab-b2c9-6208829c8c93)
2019-06-10 09:32:56.337 22705 RALLYDEBUG rally_openstack.cleanup.manager [-] Deleting neutron.network object s_rally_d3e14206_NigrB99A (76833b2d-9849-43c1-9c98-f38a98a63c41)
2019-06-10 09:32:56.388 22705 RALLYDEBUG rally_openstack.cleanup.manager [-] Deleting neutron.network object s_rally_d3e14206_ZGdHX48Z (79b12b38-e3fc-4614-8da3-4575ee175dd9)
2019-06-10 09:32:56.803 22705 RALLYDEBUG rally_openstack.cleanup.manager [-] Deleting neutron.network object s_rally_d3e14206_INP8m1wx (82f582fc-2af2-47d5-a44f-fa9851cb3d31)
2019-06-10 09:32:56.989 22705 RALLYDEBUG rally_openstack.cleanup.manager [-] Deleting neutron.network object s_rally_d3e14206_6YNd3N2n (894a2f73-e9c4-4a4f-bccb-2692847dd97e)
2019-06-10 09:32:57.795 22705 RALLYDEBUG rally_openstack.cleanup.manager [-] Deleting neutron.network object s_rally_d3e14206_vo1nNFTL (928de9b7-d96d-44b4-8cfc-4ab925762b48)
2019-06-10 09:32:57.977 22705 RALLYDEBUG rally_openstack.cleanup.manager [-] Deleting neutron.network object s_rally_d3e14206_BtZWEeQF (962b1078-8dd4-48cb-a625-7c260bbcc462)
2019-06-10 09:32:58.511 22705 RALLYDEBUG rally_openstack.cleanup.manager [-] Deleting neutron.network object s_rally_d3e14206_E5uxZEXt (9cdff2e3-2cf7-47c0-a7bb-7ade146d4fed)
2019-06-10 09:32:58.785 22705 RALLYDEBUG rally_openstack.cleanup.manager [-] Deleting neutron.network object s_rally_d3e14206_amx2xs1g (a9fa8450-4301-4805-8e65-986797cb123d)
2019-06-10 09:32:59.216 22705 RALLYDEBUG rally_openstack.cleanup.manager [-] Deleting neutron.network object s_rally_d3e14206_1cAiijXL (aac32e1b-c268-4583-bb42-3be4899542a8)
2019-06-10 09:32:59.647 22705 RALLYDEBUG rally_openstack.cleanup.manager [-] Deleting neutron.network object s_rally_d3e14206_kSUS5ZwH (b0c17f53-eaee-451f-9fa3-23ca903c03ba)
2019-06-10 09:32:59.764 22705 RALLYDEBUG rally_openstack.cleanup.manager [-] Deleting neutron.network object s_rally_d3e14206_rtB0CYDM (bf57335b-50ec-4a61-950d-f7e1ecb7181f)
2019-06-10 09:32:59.857 22705 RALLYDEBUG rally_openstack.cleanup.manager [-] Deleting neutron.network object s_rally_d3e14206_vxJ1ThDX (cfd61bdb-2486-4223-8c78-0c3b5bd2e65a)
2019-06-10 09:32:59.888 22705 RALLYDEBUG rally_openstack.cleanup.manager [-] Deleting neutron.network object s_rally_d3e14206_Qd1IlP6T (d8f7ed01-3cc5-4d5b-a5a7-b3b0945f4827)
2019-06-10 09:33:00.026 22705 RALLYDEBUG rally_openstack.cleanup.manager [-] Deleting neutron.network object s_rally_d3e14206_bMk6G5J0 (df2d14ab-a9ac-4bc2-9a13-a36c89ab6e52)
2019-06-10 09:33:00.229 22705 RALLYDEBUG rally_openstack.cleanup.manager [-] Deleting neutron.network object s_rally_d3e14206_Tr8BTaQP (e348ae7e-e5d8-4fbe-9211-a40e60a61dc0)
2019-06-10 09:33:00.311 22705 RALLYDEBUG rally_openstack.cleanup.manager [-] Deleting neutron.network object s_rally_d3e14206_6wDl0f3M (eb4bf25a-5352-44f5-8723-e99b84dde385)
2019-06-10 09:33:00.337 22705 RALLYDEBUG rally_openstack.cleanup.manager [-] Deleting neutron.network object s_rally_d3e14206_vJyPAeTw (ed2e145a-6105-415b-acf1-714ca4bc8576)
2019-06-10 09:33:00.561 22705 RALLYDEBUG rally_openstack.cleanup.manager [-] Deleting neutron.network object s_rally_d3e14206_fuDqs80b (fa617b52-51db-44c2-8d95-cc0a609f87ee)
2019-06-10 09:33:04.451 22705 RALLYDEBUG rally_openstack.cleanup.manager [-] Cleaning up neutron router objects
2019-06-10 09:33:05.136 22705 RALLYDEBUG rally_openstack.cleanup.manager [-] Cleaning up neutron security_group objects
2019-06-10 09:33:05.810 22705 INFO rally.task.context [-] Task 7744fe87-7d2d-4bc0-bdb7-fd40811e4a5f | Context cleanup@openstack cleanup() finished in 19.91 sec
2019-06-10 09:33:05.811 22705 INFO rally.task.context [-] Task 7744fe87-7d2d-4bc0-bdb7-fd40811e4a5f | Context quotas@openstack cleanup() started
2019-06-10 09:33:06.028 22705 INFO rally.task.context [-] Task 7744fe87-7d2d-4bc0-bdb7-fd40811e4a5f | Context quotas@openstack cleanup() finished in 0.22 sec
2019-06-10 09:33:06.029 22705 INFO rally.task.context [-] Task 7744fe87-7d2d-4bc0-bdb7-fd40811e4a5f | Context users@openstack cleanup() started
2019-06-10 09:33:10.405 22705 INFO rally.task.context [-] Task 7744fe87-7d2d-4bc0-bdb7-fd40811e4a5f | Context users@openstack cleanup() finished in 4.38 sec
2019-06-10 09:33:11.778 22705 INFO rally.task.engine [-] Load duration is: 35.269703
2019-06-10 09:33:11.778 22705 INFO rally.task.engine [-] Full runner duration is: 35.318972
2019-06-10 09:33:11.778 22705 INFO rally.task.engine [-] Full duration is: 64.880048
2019-06-10 09:33:12.040 22705 INFO rally.task.engine [-] Running workload: position = 0 config = { "version": 2, "title": "A cropped version of a bigger task.", "description": "Auto-generated task from a single workload (uuid=9b52de34-422f-42f0-8076-d1657cb8b183)", "subtasks": [ { "title": "NeutronNetworks.create_and_list_routers", "description": "Create and a given number of routers and list all routers.", "scenario": { "NeutronNetworks.create_and_list_routers": { "network_create_args": null, "subnet_create_args": null, "subnet_cidr_start": "1.1.0.0/30", "subnets_per_network": 2, "router_create_args": null } }, "contexts": { "users": { "tenants": 1, "users_per_tenant": 1 }, "quotas": { "neutron": { "network": -1, "subnet": -1, "router": -1 } } }, "runner": { "constant": { "times": 40, "concurrency": 20 } }, "hooks": [], "sla": { "failure_rate": { "max": 0 } } } ] }
2019-06-10 09:33:12.065 22705 RALLYDEBUG rally_openstack.contexts.keystone.users [-] Creating 1 tenants using 20 threads
2019-06-10 09:33:13.968 22705 RALLYDEBUG rally_openstack.contexts.keystone.users [-] Creating 1 users using 20 threads
2019-06-10 09:33:16.708 22705 INFO rally.task.context [-] Task 7744fe87-7d2d-4bc0-bdb7-fd40811e4a5f | Context users@openstack setup() finished in 4.64 sec
2019-06-10 09:33:17.428 22705 INFO rally.task.context [-] Task 7744fe87-7d2d-4bc0-bdb7-fd40811e4a5f | Context quotas@openstack setup() finished in 0.72 sec
2019-06-10 09:33:17.428 22705 INFO rally.task.context [-] Task 7744fe87-7d2d-4bc0-bdb7-fd40811e4a5f | Context cleanup@openstack setup() finished in 0.00 msec
2019-06-10 09:33:17.436 22705 RALLYDEBUG rally.task.runner [-] Starting the constant runner (task UUID: 7744fe87-7d2d-4bc0-bdb7-fd40811e4a5f). timeout: 0 concurrency: 20 concurrency_per_worker: 1 times: 40 concurrency_overhead: 4 processes_to_start: 16 max_cpu_used: 16
2019-06-10 09:33:17.449 25169 RALLYDEBUG rally.task.runner [-] Starting a worker. concurrency: 2 args: {"network_create_args": null, "subnet_create_args": null, "subnet_cidr_start": "1.1.0.0/30", "subnets_per_network": 2, "router_create_args": null} times: 40 method_name: run timeout: 0 duration: None cls:
2019-06-10 09:33:17.452 25170 RALLYDEBUG rally.task.runner [-] Starting a worker. concurrency: 2 args: {"network_create_args": null, "subnet_create_args": null, "subnet_cidr_start": "1.1.0.0/30", "subnets_per_network": 2, "router_create_args": null} times: 40 method_name: run timeout: 0 duration: None cls:
2019-06-10 09:33:17.455 25171 RALLYDEBUG rally.task.runner [-] Starting a worker. concurrency: 2 args: {"network_create_args": null, "subnet_create_args": null, "subnet_cidr_start": "1.1.0.0/30", "subnets_per_network": 2, "router_create_args": null} times: 40 method_name: run timeout: 0 duration: None cls:
2019-06-10 09:33:17.456 25169 INFO rally.task.runner [-] Task 7744fe87-7d2d-4bc0-bdb7-fd40811e4a5f | ITER: 1 START
2019-06-10 09:33:17.458 25172 RALLYDEBUG rally.task.runner [-] Starting a worker. concurrency: 2 args: {"network_create_args": null, "subnet_create_args": null, "subnet_cidr_start": "1.1.0.0/30", "subnets_per_network": 2, "router_create_args": null} times: 40 method_name: run timeout: 0 duration: None cls:
2019-06-10 09:33:17.459 25170 INFO rally.task.runner [-] Task 7744fe87-7d2d-4bc0-bdb7-fd40811e4a5f | ITER: 3 START
2019-06-10 09:33:17.463 25174 RALLYDEBUG rally.task.runner [-] Starting a worker. concurrency: 1 args: {"network_create_args": null, "subnet_create_args": null, "subnet_cidr_start": "1.1.0.0/30", "subnets_per_network": 2, "router_create_args": null} times: 40 method_name: run timeout: 0 duration: None cls:
2019-06-10 09:33:17.464 25171 INFO rally.task.runner [-] Task 7744fe87-7d2d-4bc0-bdb7-fd40811e4a5f | ITER: 4 START
2019-06-10 09:33:17.464 25177 RALLYDEBUG rally.task.runner [-] Starting a worker. concurrency: 1 args: {"network_create_args": null, "subnet_create_args": null, "subnet_cidr_start": "1.1.0.0/30", "subnets_per_network": 2, "router_create_args": null} times: 40 method_name: run timeout: 0 duration: None cls:
2019-06-10 09:33:17.466 25172 INFO rally.task.runner [-] Task 7744fe87-7d2d-4bc0-bdb7-fd40811e4a5f | ITER: 6 START
2019-06-10 09:33:17.466 25172 INFO rally.task.runner [-] Task 7744fe87-7d2d-4bc0-bdb7-fd40811e4a5f | ITER: 8 START
2019-06-10 09:33:17.470 25174 INFO rally.task.runner [-] Task 7744fe87-7d2d-4bc0-bdb7-fd40811e4a5f | ITER: 9 START
2019-06-10 09:33:17.470 25177 INFO rally.task.runner [-] Task 7744fe87-7d2d-4bc0-bdb7-fd40811e4a5f | ITER: 10 START
2019-06-10 09:33:17.471 25170 INFO rally.task.runner [-] Task 7744fe87-7d2d-4bc0-bdb7-fd40811e4a5f | ITER: 5 START
2019-06-10 09:33:17.470 25181 RALLYDEBUG rally.task.runner [-] Starting a worker. concurrency: 1 args: {"network_create_args": null, "subnet_create_args": null, "subnet_cidr_start": "1.1.0.0/30", "subnets_per_network": 2, "router_create_args": null} times: 40 method_name: run timeout: 0 duration: None cls:
2019-06-10 09:33:17.472 25169 INFO rally.task.runner [-] Task 7744fe87-7d2d-4bc0-bdb7-fd40811e4a5f | ITER: 2 START
2019-06-10 09:33:17.471 25186 RALLYDEBUG rally.task.runner [-] Starting a worker. concurrency: 1 args: {"network_create_args": null, "subnet_create_args": null, "subnet_cidr_start": "1.1.0.0/30", "subnets_per_network": 2, "router_create_args": null} times: 40 method_name: run timeout: 0 duration: None cls:
2019-06-10 09:33:17.472 25171 INFO rally.task.runner [-] Task 7744fe87-7d2d-4bc0-bdb7-fd40811e4a5f | ITER: 7 START
2019-06-10 09:33:17.479 25181 INFO rally.task.runner [-] Task 7744fe87-7d2d-4bc0-bdb7-fd40811e4a5f | ITER: 11 START
2019-06-10 09:33:17.479 25186 INFO rally.task.runner [-] Task 7744fe87-7d2d-4bc0-bdb7-fd40811e4a5f | ITER: 12 START
2019-06-10 09:33:17.482 25193 RALLYDEBUG rally.task.runner [-] Starting a worker. concurrency: 1 args: {"network_create_args": null, "subnet_create_args": null, "subnet_cidr_start": "1.1.0.0/30", "subnets_per_network": 2, "router_create_args": null} times: 40 method_name: run timeout: 0 duration: None cls:
2019-06-10 09:33:17.486 25197 RALLYDEBUG rally.task.runner [-] Starting a worker. concurrency: 1 args: {"network_create_args": null, "subnet_create_args": null, "subnet_cidr_start": "1.1.0.0/30", "subnets_per_network": 2, "router_create_args": null} times: 40 method_name: run timeout: 0 duration: None cls:
2019-06-10 09:33:17.492 25193 INFO rally.task.runner [-] Task 7744fe87-7d2d-4bc0-bdb7-fd40811e4a5f | ITER: 13 START
2019-06-10 09:33:17.493 25197 INFO rally.task.runner [-] Task 7744fe87-7d2d-4bc0-bdb7-fd40811e4a5f | ITER: 14 START
2019-06-10 09:33:17.494 25199 RALLYDEBUG rally.task.runner [-] Starting a worker. concurrency: 1 args: {"network_create_args": null, "subnet_create_args": null, "subnet_cidr_start": "1.1.0.0/30", "subnets_per_network": 2, "router_create_args": null} times: 40 method_name: run timeout: 0 duration: None cls:
2019-06-10 09:33:17.500 25199 INFO rally.task.runner [-] Task 7744fe87-7d2d-4bc0-bdb7-fd40811e4a5f | ITER: 15 START
2019-06-10 09:33:17.504 25204 RALLYDEBUG rally.task.runner [-] Starting a worker. concurrency: 1 args: {"network_create_args": null, "subnet_create_args": null, "subnet_cidr_start": "1.1.0.0/30", "subnets_per_network": 2, "router_create_args": null} times: 40 method_name: run timeout: 0 duration: None cls:
2019-06-10 09:33:17.509 25204 INFO rally.task.runner [-] Task 7744fe87-7d2d-4bc0-bdb7-fd40811e4a5f | ITER: 16 START
2019-06-10 09:33:17.511 25207 RALLYDEBUG rally.task.runner [-] Starting a worker. concurrency: 1 args: {"network_create_args": null, "subnet_create_args": null, "subnet_cidr_start": "1.1.0.0/30", "subnets_per_network": 2, "router_create_args": null} times: 40 method_name: run timeout: 0 duration: None cls:
2019-06-10 09:33:17.517 25207 INFO rally.task.runner [-] Task 7744fe87-7d2d-4bc0-bdb7-fd40811e4a5f | ITER: 17 START
2019-06-10 09:33:17.518 25210 RALLYDEBUG rally.task.runner [-] Starting a worker. concurrency: 1 args: {"network_create_args": null, "subnet_create_args": null, "subnet_cidr_start": "1.1.0.0/30", "subnets_per_network": 2, "router_create_args": null} times: 40 method_name: run timeout: 0 duration: None cls:
2019-06-10 09:33:17.524 25210 INFO rally.task.runner [-] Task 7744fe87-7d2d-4bc0-bdb7-fd40811e4a5f | ITER: 18 START
2019-06-10 09:33:17.524 25213 RALLYDEBUG rally.task.runner [-] Starting a worker. concurrency: 1 args: {"network_create_args": null, "subnet_create_args": null, "subnet_cidr_start": "1.1.0.0/30", "subnets_per_network": 2, "router_create_args": null} times: 40 method_name: run timeout: 0 duration: None cls:
2019-06-10 09:33:17.529 25213 INFO rally.task.runner [-] Task 7744fe87-7d2d-4bc0-bdb7-fd40811e4a5f | ITER: 19 START
2019-06-10 09:33:17.531 25216 RALLYDEBUG rally.task.runner [-] Starting a worker. concurrency: 1 args: {"network_create_args": null, "subnet_create_args": null, "subnet_cidr_start": "1.1.0.0/30", "subnets_per_network": 2, "router_create_args": null} times: 40 method_name: run timeout: 0 duration: None cls:
2019-06-10 09:33:17.536 25216 INFO rally.task.runner [-] Task 7744fe87-7d2d-4bc0-bdb7-fd40811e4a5f | ITER: 20 START
2019-06-10 09:33:19.126 25177 RALLYDEBUG rally_openstack.wrappers.network [-] CIDR generated: 1.1.5.160/30
2019-06-10 09:33:19.159 25172 RALLYDEBUG rally_openstack.wrappers.network [-] CIDR generated: 1.1.5.164/30
2019-06-10 09:33:19.190 25181 RALLYDEBUG rally_openstack.wrappers.network [-] CIDR generated: 1.1.5.168/30
2019-06-10 09:33:19.324 25186 RALLYDEBUG rally_openstack.wrappers.network [-] CIDR generated: 1.1.5.172/30
2019-06-10 09:33:19.462 25172 RALLYDEBUG rally_openstack.wrappers.network [-] CIDR generated: 1.1.5.176/30
2019-06-10 09:33:19.492 25213 RALLYDEBUG rally_openstack.wrappers.network [-] CIDR generated: 1.1.5.180/30
2019-06-10 09:33:19.502 25193 RALLYDEBUG rally_openstack.wrappers.network [-] CIDR generated: 1.1.5.184/30
2019-06-10 09:33:19.555 25169 RALLYDEBUG rally_openstack.wrappers.network [-] CIDR generated: 1.1.5.188/30
2019-06-10 09:33:19.607 25171 RALLYDEBUG rally_openstack.wrappers.network [-] CIDR generated: 1.1.5.192/30
2019-06-10 09:33:19.618 25204 RALLYDEBUG rally_openstack.wrappers.network [-] CIDR generated: 1.1.5.196/30
2019-06-10 09:33:20.373 25170 RALLYDEBUG rally_openstack.wrappers.network [-] CIDR generated: 1.1.5.200/30
2019-06-10 09:33:20.470 25170 RALLYDEBUG rally_openstack.wrappers.network [-] CIDR generated: 1.1.5.204/30
2019-06-10 09:33:20.471 25171 RALLYDEBUG rally_openstack.wrappers.network [-] CIDR generated: 1.1.5.208/30
2019-06-10 09:33:20.473 25174 RALLYDEBUG rally_openstack.wrappers.network [-] CIDR generated: 1.1.5.212/30
2019-06-10 09:33:20.473 25169 RALLYDEBUG rally_openstack.wrappers.network [-] CIDR generated: 1.1.5.216/30
2019-06-10 09:33:20.681 25199 RALLYDEBUG rally_openstack.wrappers.network [-] CIDR generated: 1.1.5.220/30
2019-06-10 09:33:20.683 25210 RALLYDEBUG rally_openstack.wrappers.network [-] CIDR generated: 1.1.5.224/30
2019-06-10 09:33:20.684 25207 RALLYDEBUG rally_openstack.wrappers.network [-] CIDR generated: 1.1.5.228/30
2019-06-10 09:33:20.839 25177 RALLYDEBUG rally_openstack.wrappers.network [-] CIDR generated: 1.1.5.232/30
2019-06-10 09:33:21.322 25197 RALLYDEBUG rally_openstack.wrappers.network [-] CIDR generated: 1.1.5.236/30
2019-06-10 09:33:21.404 25213 RALLYDEBUG rally_openstack.wrappers.network [-] CIDR generated: 1.1.5.240/30
2019-06-10 09:33:21.504 25216 RALLYDEBUG rally_openstack.wrappers.network [-] CIDR generated: 1.1.5.244/30
2019-06-10 09:33:21.542 25193 RALLYDEBUG rally_openstack.wrappers.network [-] CIDR generated: 1.1.5.248/30
2019-06-10 09:33:21.952 25181 RALLYDEBUG rally_openstack.wrappers.network [-] CIDR generated: 1.1.5.252/30
2019-06-10 09:33:22.744 25204 RALLYDEBUG rally_openstack.wrappers.network [-] CIDR generated: 1.1.6.0/30
2019-06-10 09:33:23.997 25210 RALLYDEBUG rally_openstack.wrappers.network [-] CIDR generated: 1.1.6.4/30
2019-06-10 09:33:24.166 25207 RALLYDEBUG rally_openstack.wrappers.network [-] CIDR generated: 1.1.6.8/30
2019-06-10 09:33:24.327 25186 RALLYDEBUG rally_openstack.wrappers.network [-] CIDR generated: 1.1.6.12/30
2019-06-10 09:33:24.331 25172 RALLYDEBUG rally_openstack.wrappers.network [-] CIDR generated: 1.1.6.16/30
2019-06-10 09:33:24.378 25171 RALLYDEBUG rally_openstack.wrappers.network [-] CIDR generated: 1.1.6.20/30
2019-06-10 09:33:24.574 25169 RALLYDEBUG rally_openstack.wrappers.network [-] CIDR generated: 1.1.6.24/30
2019-06-10 09:33:24.780 25199 RALLYDEBUG rally_openstack.wrappers.network [-] CIDR generated: 1.1.6.28/30
2019-06-10 09:33:25.042 25171 RALLYDEBUG rally_openstack.wrappers.network [-] CIDR generated: 1.1.6.32/30
2019-06-10 09:33:25.353 25172 RALLYDEBUG rally_openstack.wrappers.network [-] CIDR generated: 1.1.6.36/30
2019-06-10 09:33:25.417 25174 RALLYDEBUG rally_openstack.wrappers.network [-] CIDR generated: 1.1.6.40/30
2019-06-10 09:33:25.505 25170 RALLYDEBUG rally_openstack.wrappers.network [-] CIDR generated: 1.1.6.44/30
2019-06-10 09:33:25.549 25170 RALLYDEBUG rally_openstack.wrappers.network [-] CIDR generated: 1.1.6.48/30
2019-06-10 09:33:25.637 25169 RALLYDEBUG rally_openstack.wrappers.network [-] CIDR generated: 1.1.6.52/30
2019-06-10 09:33:26.210 25197 RALLYDEBUG rally_openstack.wrappers.network [-] CIDR generated: 1.1.6.56/30
2019-06-10 09:33:26.224 25216 RALLYDEBUG rally_openstack.wrappers.network [-] CIDR generated: 1.1.6.60/30
2019-06-10 09:33:31.490 25177 INFO rally.task.runner [-] Task 7744fe87-7d2d-4bc0-bdb7-fd40811e4a5f | ITER: 10 END: OK
2019-06-10 09:33:31.495 25177 INFO rally.task.runner [-] Task 7744fe87-7d2d-4bc0-bdb7-fd40811e4a5f | ITER: 21 START
2019-06-10 09:33:32.264 25213 INFO rally.task.runner [-] Task 7744fe87-7d2d-4bc0-bdb7-fd40811e4a5f | ITER: 19 END: OK
2019-06-10 09:33:32.268 25213 INFO rally.task.runner [-] Task 7744fe87-7d2d-4bc0-bdb7-fd40811e4a5f | ITER: 22 START
2019-06-10 09:33:32.628 25177 RALLYDEBUG rally_openstack.wrappers.network [-] CIDR generated: 1.1.6.64/30
2019-06-10 09:33:32.777 25193 INFO rally.task.runner [-] Task 7744fe87-7d2d-4bc0-bdb7-fd40811e4a5f | ITER: 13 END: OK
2019-06-10 09:33:32.781 25193 INFO rally.task.runner [-] Task 7744fe87-7d2d-4bc0-bdb7-fd40811e4a5f | ITER: 23 START
2019-06-10 09:33:33.882 25213 RALLYDEBUG rally_openstack.wrappers.network [-] CIDR generated: 1.1.6.68/30
2019-06-10 09:33:34.715 25193 RALLYDEBUG rally_openstack.wrappers.network [-] CIDR generated: 1.1.6.72/30
2019-06-10 09:33:34.851 25177 RALLYDEBUG rally_openstack.wrappers.network [-] CIDR generated: 1.1.6.76/30
2019-06-10 09:33:35.700 25213 RALLYDEBUG rally_openstack.wrappers.network [-] CIDR generated: 1.1.6.80/30
2019-06-10 09:33:36.758 25193 RALLYDEBUG rally_openstack.wrappers.network [-] CIDR generated: 1.1.6.84/30
2019-06-10 09:33:39.907 25181 INFO rally.task.runner [-] Task 7744fe87-7d2d-4bc0-bdb7-fd40811e4a5f | ITER: 11 END: OK
