2019-06-10 08:00:15.448 3842 RALLYDEBUG rally.task.runner [-] Starting a worker. concurrency: 1 args: {"detailed": true} times: 10 method_name: run timeout: 0 duration: None cls:
2019-06-10 08:00:15.451 3843 RALLYDEBUG rally.task.runner [-] Starting a worker. concurrency: 1 args: {"detailed": true} times: 10 method_name: run timeout: 0 duration: None cls:
2019-06-10 08:00:15.454 3844 RALLYDEBUG rally.task.runner [-] Starting a worker. concurrency: 1 args: {"detailed": true} times: 10 method_name: run timeout: 0 duration: None cls:
2019-06-10 08:00:15.457 3842 INFO rally.task.runner [-] Task d09cdaa9-c677-4d8f-a96d-c4fcd124cbc8 | ITER: 1 START
2019-06-10 08:00:15.457 3845 RALLYDEBUG rally.task.runner [-] Starting a worker. concurrency: 1 args: {"detailed": true} times: 10 method_name: run timeout: 0 duration: None cls:
2019-06-10 08:00:15.459 3843 INFO rally.task.runner [-] Task d09cdaa9-c677-4d8f-a96d-c4fcd124cbc8 | ITER: 2 START
2019-06-10 08:00:15.462 3844 INFO rally.task.runner [-] Task d09cdaa9-c677-4d8f-a96d-c4fcd124cbc8 | ITER: 3 START
2019-06-10 08:00:15.465 3845 INFO rally.task.runner [-] Task d09cdaa9-c677-4d8f-a96d-c4fcd124cbc8 | ITER: 4 START
2019-06-10 08:00:16.206 3845 INFO rally.task.runner [-] Task d09cdaa9-c677-4d8f-a96d-c4fcd124cbc8 | ITER: 4 END: OK
2019-06-10 08:00:16.210 3844 INFO rally.task.runner [-] Task d09cdaa9-c677-4d8f-a96d-c4fcd124cbc8 | ITER: 3 END: OK
2019-06-10 08:00:16.212 3845 INFO rally.task.runner [-] Task d09cdaa9-c677-4d8f-a96d-c4fcd124cbc8 | ITER: 5 START
2019-06-10 08:00:16.216 3844 INFO rally.task.runner [-] Task d09cdaa9-c677-4d8f-a96d-c4fcd124cbc8 | ITER: 6 START
2019-06-10 08:00:16.221 3842 INFO rally.task.runner [-] Task d09cdaa9-c677-4d8f-a96d-c4fcd124cbc8 | ITER: 1 END: OK
2019-06-10 08:00:16.226 3842 INFO rally.task.runner [-] Task d09cdaa9-c677-4d8f-a96d-c4fcd124cbc8 | ITER: 7 START
2019-06-10 08:00:16.346 3843 INFO rally.task.runner [-] Task d09cdaa9-c677-4d8f-a96d-c4fcd124cbc8 | ITER: 2 END: OK
2019-06-10 08:00:16.352 3843 INFO rally.task.runner [-] Task d09cdaa9-c677-4d8f-a96d-c4fcd124cbc8 | ITER: 8 START
2019-06-10 08:00:16.925 3845 INFO rally.task.runner [-] Task d09cdaa9-c677-4d8f-a96d-c4fcd124cbc8 | ITER: 5 END: OK
2019-06-10 08:00:16.932 3845 INFO rally.task.runner [-] Task d09cdaa9-c677-4d8f-a96d-c4fcd124cbc8 | ITER: 9 START
2019-06-10 08:00:16.933 3844 INFO rally.task.runner [-] Task d09cdaa9-c677-4d8f-a96d-c4fcd124cbc8 | ITER: 6 END: OK
2019-06-10 08:00:16.940 3844 INFO rally.task.runner [-] Task d09cdaa9-c677-4d8f-a96d-c4fcd124cbc8 | ITER: 10 START
2019-06-10 08:00:17.068 3842 INFO rally.task.runner [-] Task d09cdaa9-c677-4d8f-a96d-c4fcd124cbc8 | ITER: 7 END: OK
2019-06-10 08:00:17.167 3843 INFO rally.task.runner [-] Task d09cdaa9-c677-4d8f-a96d-c4fcd124cbc8 | ITER: 8 END: OK
2019-06-10 08:00:17.643 3844 INFO rally.task.runner [-] Task d09cdaa9-c677-4d8f-a96d-c4fcd124cbc8 | ITER: 10 END: OK
2019-06-10 08:00:17.791 3845 INFO rally.task.runner [-] Task d09cdaa9-c677-4d8f-a96d-c4fcd124cbc8 | ITER: 9 END: OK
2019-06-10 08:00:17.814 1842 INFO rally.task.context [-] Task d09cdaa9-c677-4d8f-a96d-c4fcd124cbc8 | Context volumes@openstack cleanup() started
2019-06-10 08:00:17.815 1842 RALLYDEBUG rally_openstack.cleanup.manager [-] Cleaning up cinder volumes objects
2019-06-10 08:00:19.962 1842 RALLYDEBUG rally_openstack.cleanup.manager [-] Deleting cinder.volumes object c_rally_3824e8cf_oxFBp1J3 (d7d444bb-a21b-442c-9780-0df6f355bf62)
2019-06-10 08:00:19.963 1842 RALLYDEBUG rally_openstack.cleanup.manager [-] Deleting cinder.volumes object c_rally_3824e8cf_2XJtEN7w (47c19d7f-f618-42b8-abb3-057627ce95a5)
2019-06-10 08:00:19.967 1842 RALLYDEBUG rally_openstack.cleanup.manager [-] Deleting cinder.volumes object c_rally_3824e8cf_WakyX7k4 (7d2efe2d-d40c-4dfb-ba08-e1ff29a50e93)
2019-06-10 08:00:19.975 1842 RALLYDEBUG rally_openstack.cleanup.manager [-] Deleting cinder.volumes object c_rally_3824e8cf_WS7XmCnJ (557128cc-fa3b-46d9-9ecc-eaeadbbbb223)
2019-06-10 08:00:19.977 1842 RALLYDEBUG rally_openstack.cleanup.manager [-] Deleting cinder.volumes object c_rally_3824e8cf_veOUEzGG (b97e875e-9bb8-4e29-8149-b80b454c0446)
2019-06-10 08:00:19.988 1842 RALLYDEBUG rally_openstack.cleanup.manager [-] Deleting cinder.volumes object c_rally_3824e8cf_2kVIZynt (40282358-0606-4216-a280-fb531813b2f7)
2019-06-10 08:00:19.988 1842 RALLYDEBUG rally_openstack.cleanup.manager [-] Deleting cinder.volumes object c_rally_3824e8cf_VBDKpwu5 (144a4afa-e8a0-4790-b054-daa67c89bc6f)
2019-06-10 08:00:19.998 1842 RALLYDEBUG rally_openstack.cleanup.manager [-] Deleting cinder.volumes object c_rally_3824e8cf_oSNMH8WV (a23ebae4-4015-47d7-87e0-18008c6053b6)
2019-06-10 08:00:19.997 1842 RALLYDEBUG rally_openstack.cleanup.manager [-] Deleting cinder.volumes object c_rally_3824e8cf_2pQaL1ju (16b7e772-42c2-4a92-94fa-54f1f207e6b0)
2019-06-10 08:00:20.007 1842 RALLYDEBUG rally_openstack.cleanup.manager [-] Deleting cinder.volumes object c_rally_3824e8cf_TpQryt7p (35f05eb9-3c5b-4a61-814e-8682f8779576)
2019-06-10 08:00:20.016 1842 RALLYDEBUG rally_openstack.cleanup.manager [-] Deleting cinder.volumes object c_rally_3824e8cf_42flI1bZ (d5b1ab24-89e6-4efe-b190-cd547c0f9031)
2019-06-10 08:00:20.037 1842 RALLYDEBUG rally_openstack.cleanup.manager [-] Deleting cinder.volumes object c_rally_3824e8cf_6p11gtof (4156f4cf-9ba9-4d58-af2d-1350efa8b3eb)
2019-06-10 08:00:24.630 1842 INFO rally.task.context [-] Task d09cdaa9-c677-4d8f-a96d-c4fcd124cbc8 | Context volumes@openstack cleanup() finished in 6.82 sec
2019-06-10 08:00:24.631 1842 INFO rally.task.context [-] Task d09cdaa9-c677-4d8f-a96d-c4fcd124cbc8 | Context quotas@openstack cleanup() started
2019-06-10 08:00:24.716 1842 INFO rally.task.context [-] Task d09cdaa9-c677-4d8f-a96d-c4fcd124cbc8 | Context quotas@openstack cleanup() finished in 85.78 msec
2019-06-10 08:00:24.717 1842 INFO rally.task.context [-] Task d09cdaa9-c677-4d8f-a96d-c4fcd124cbc8 | Context api_versions@openstack cleanup() started
2019-06-10 08:00:24.717 1842 INFO rally.task.context [-] Task d09cdaa9-c677-4d8f-a96d-c4fcd124cbc8 | Context api_versions@openstack cleanup() finished in 0.32 msec
2019-06-10 08:00:24.718 1842 INFO rally.task.context [-] Task d09cdaa9-c677-4d8f-a96d-c4fcd124cbc8 | Context users@openstack cleanup() started
2019-06-10 08:00:31.747 1842 INFO rally.task.context [-] Task d09cdaa9-c677-4d8f-a96d-c4fcd124cbc8 | Context users@openstack cleanup() finished in 7.03 sec
2019-06-10 08:00:33.367 1842 INFO rally.task.engine [-] Load duration is: 2.329767
2019-06-10 08:00:33.368 1842 INFO rally.task.engine [-] Full runner duration is: 2.380617
2019-06-10 08:00:33.368 1842 INFO rally.task.engine [-] Full duration is: 58.760339
2019-06-10 08:00:33.632 1842 INFO rally.task.engine [-] Running workload: position = 0 config = { "version": 2, "title": "A cropped version of a bigger task.", "description": "Auto-generated task from a single workload (uuid=c3601fd0-c470-4f19-954b-286c5bd481b6)", "subtasks": [ { "title": "CinderVolumes.create_and_delete_snapshot", "description": "Create and then delete a volume-snapshot.", "scenario": { "CinderVolumes.create_and_delete_snapshot": { "force": false } }, "contexts": { "users": { "tenants": 3, "users_per_tenant": 2 }, "quotas": { "cinder": { "gigabytes": -1, "snapshots": -1, "volumes": -1 } }, "api_versions": { "cinder": { "version": 3, "service_type": "volumev3" } }, "volumes": { "size": 1, "volumes_per_tenant": 1 } }, "runner": { "constant": { "concurrency": 4, "times": 10 } }, "hooks": [], "sla": { "failure_rate": { "max": 0 } } } ] }
2019-06-10 08:00:33.659 1842 RALLYDEBUG rally_openstack.contexts.keystone.users [-] Creating 3 tenants using 20 threads
2019-06-10 08:00:35.930 1842 RALLYDEBUG rally_openstack.contexts.keystone.users [-] Creating 6 users using 20 threads
2019-06-10 08:00:38.608 1842 INFO rally.task.context [-] Task d09cdaa9-c677-4d8f-a96d-c4fcd124cbc8 | Context users@openstack setup() finished in 4.95 sec
2019-06-10 08:00:39.032 1842 INFO rally.task.context [-] Task d09cdaa9-c677-4d8f-a96d-c4fcd124cbc8 | Context api_versions@openstack setup() finished in 0.42 sec
2019-06-10 08:00:40.663 1842 INFO rally.task.context [-] Task d09cdaa9-c677-4d8f-a96d-c4fcd124cbc8 | Context quotas@openstack setup() finished in 1.63 sec
2019-06-10 08:00:51.178 1842 INFO rally.task.context [-] Task d09cdaa9-c677-4d8f-a96d-c4fcd124cbc8 | Context volumes@openstack setup() finished in 10.51 sec
2019-06-10 08:00:51.178 1842 INFO rally.task.context [-] Task d09cdaa9-c677-4d8f-a96d-c4fcd124cbc8 | Context cleanup@openstack setup() finished in 0.01 msec
2019-06-10 08:00:51.187 1842 RALLYDEBUG rally.task.runner [-] Starting the constant runner (task UUID: d09cdaa9-c677-4d8f-a96d-c4fcd124cbc8). timeout: 0 concurrency: 4 concurrency_per_worker: 1 times: 10 concurrency_overhead: 0 processes_to_start: 4 max_cpu_used: 16
2019-06-10 08:00:51.200 3966 RALLYDEBUG rally.task.runner [-] Starting a worker. concurrency: 1 args: {"force": false} times: 10 method_name: run timeout: 0 duration: None cls:
2019-06-10 08:00:51.203 3967 RALLYDEBUG rally.task.runner [-] Starting a worker. concurrency: 1 args: {"force": false} times: 10 method_name: run timeout: 0 duration: None cls:
2019-06-10 08:00:51.206 3968 RALLYDEBUG rally.task.runner [-] Starting a worker. concurrency: 1 args: {"force": false} times: 10 method_name: run timeout: 0 duration: None cls:
2019-06-10 08:00:51.208 3966 INFO rally.task.runner [-] Task d09cdaa9-c677-4d8f-a96d-c4fcd124cbc8 | ITER: 1 START
2019-06-10 08:00:51.208 3969 RALLYDEBUG rally.task.runner [-] Starting a worker. concurrency: 1 args: {"force": false} times: 10 method_name: run timeout: 0 duration: None cls:
2019-06-10 08:00:51.211 3967 INFO rally.task.runner [-] Task d09cdaa9-c677-4d8f-a96d-c4fcd124cbc8 | ITER: 2 START
2019-06-10 08:00:51.214 3968 INFO rally.task.runner [-] Task d09cdaa9-c677-4d8f-a96d-c4fcd124cbc8 | ITER: 3 START
2019-06-10 08:00:51.215 3969 INFO rally.task.runner [-] Task d09cdaa9-c677-4d8f-a96d-c4fcd124cbc8 | ITER: 4 START
2019-06-10 08:00:54.911 3967 RALLYDEBUG rally.task.utils [-] Waiting for resource s_rally_c3601fd0_mFayzMDE. Status changed: AVAILABLE => DELETING in 0.0293951034546
2019-06-10 08:00:54.922 3968 RALLYDEBUG rally.task.utils [-] Waiting for resource s_rally_c3601fd0_6hFheIwd. Status changed: AVAILABLE => DELETING in 0.0261731147766
2019-06-10 08:00:55.060 3966 RALLYDEBUG rally.task.utils [-] Waiting for resource s_rally_c3601fd0_TAag0XO9. Status changed: AVAILABLE => DELETING in 0.221018075943
2019-06-10 08:00:55.109 3969 RALLYDEBUG rally.task.utils [-] Waiting for resource s_rally_c3601fd0_9wSGZKJl. Status changed: AVAILABLE => DELETING in 0.0249569416046
2019-06-10 08:00:57.157 3968 INFO rally.task.runner [-] Task d09cdaa9-c677-4d8f-a96d-c4fcd124cbc8 | ITER: 3 END: OK
2019-06-10 08:00:57.160 3968 INFO rally.task.runner [-] Task d09cdaa9-c677-4d8f-a96d-c4fcd124cbc8 | ITER: 5 START
2019-06-10 08:00:57.163 3967 INFO rally.task.runner [-] Task d09cdaa9-c677-4d8f-a96d-c4fcd124cbc8 | ITER: 2 END: OK
2019-06-10 08:00:57.168 3967 INFO rally.task.runner [-] Task d09cdaa9-c677-4d8f-a96d-c4fcd124cbc8 | ITER: 6 START
2019-06-10 08:00:57.321 3969 INFO rally.task.runner [-] Task d09cdaa9-c677-4d8f-a96d-c4fcd124cbc8 | ITER: 4 END: OK
2019-06-10 08:00:57.326 3969 INFO rally.task.runner [-] Task d09cdaa9-c677-4d8f-a96d-c4fcd124cbc8 | ITER: 7 START
2019-06-10 08:00:57.398 3966 INFO rally.task.runner [-] Task d09cdaa9-c677-4d8f-a96d-c4fcd124cbc8 | ITER: 1 END: OK
2019-06-10 08:00:57.403 3966 INFO rally.task.runner [-] Task d09cdaa9-c677-4d8f-a96d-c4fcd124cbc8 | ITER: 8 START
2019-06-10 08:01:00.912 3967 RALLYDEBUG rally.task.utils [-] Waiting for resource s_rally_c3601fd0_mbggGA61. Status changed: AVAILABLE => DELETING in 0.23442697525
2019-06-10 08:01:00.912 3968 RALLYDEBUG rally.task.utils [-] Waiting for resource s_rally_c3601fd0_uI5h0GYy. Status changed: AVAILABLE => DELETING in 0.0249078273773
2019-06-10 08:01:01.233 3966 RALLYDEBUG rally.task.utils [-] Waiting for resource s_rally_c3601fd0_vyAmbsQn. Status changed: AVAILABLE => DELETING in 0.214938879013
2019-06-10 08:01:01.314 3969 RALLYDEBUG rally.task.utils [-] Waiting for resource s_rally_c3601fd0_6C4E8CXg. Status changed: AVAILABLE => DELETING in 0.307348012924
2019-06-10 08:01:03.129 3967 INFO rally.task.runner [-] Task d09cdaa9-c677-4d8f-a96d-c4fcd124cbc8 | ITER: 6 END: OK
2019-06-10 08:01:03.133 3968 INFO rally.task.runner [-] Task d09cdaa9-c677-4d8f-a96d-c4fcd124cbc8 | ITER: 5 END: OK
2019-06-10 08:01:03.135 3967 INFO rally.task.runner [-] Task d09cdaa9-c677-4d8f-a96d-c4fcd124cbc8 | ITER: 9 START
2019-06-10 08:01:03.142 3968 INFO rally.task.runner [-] Task d09cdaa9-c677-4d8f-a96d-c4fcd124cbc8 | ITER: 10 START
2019-06-10 08:01:03.346 3969 INFO rally.task.runner [-] Task d09cdaa9-c677-4d8f-a96d-c4fcd124cbc8 | ITER: 7 END: OK
2019-06-10 08:01:03.470 3966 INFO rally.task.runner [-] Task d09cdaa9-c677-4d8f-a96d-c4fcd124cbc8 | ITER: 8 END: OK
2019-06-10 08:01:06.701 3967 RALLYDEBUG rally.task.utils [-] Waiting for resource s_rally_c3601fd0_gmhv3Pu3. Status changed: AVAILABLE => DELETING in 0.212671995163
2019-06-10 08:01:06.970 3968 RALLYDEBUG rally.task.utils [-] Waiting for resource s_rally_c3601fd0_YM46xhqL. Status changed: AVAILABLE => DELETING in 0.213068962097
2019-06-10 08:01:08.723 3967 INFO rally.task.runner [-] Task d09cdaa9-c677-4d8f-a96d-c4fcd124cbc8 | ITER: 9 END: OK
2019-06-10 08:01:08.996 3968 INFO rally.task.runner [-] Task d09cdaa9-c677-4d8f-a96d-c4fcd124cbc8 | ITER: 10 END: OK
2019-06-10 08:01:09.018 1842 INFO rally.task.context [-] Task d09cdaa9-c677-4d8f-a96d-c4fcd124cbc8 | Context cleanup@openstack cleanup() started
2019-06-10 08:01:09.020 1842 RALLYDEBUG rally_openstack.cleanup.manager [-] Cleaning up cinder backups objects
2019-06-10 08:01:11.032 1842 RALLYDEBUG rally_openstack.cleanup.manager [-] Cleaning up cinder volume_snapshots objects
2019-06-10 08:01:13.083 1842 RALLYDEBUG rally_openstack.cleanup.manager [-] Cleaning up cinder transfers objects
2019-06-10 08:01:15.144 1842 RALLYDEBUG rally_openstack.cleanup.manager [-] Cleaning up cinder volumes objects
2019-06-10 08:01:17.342 1842 INFO rally.task.context [-] Task d09cdaa9-c677-4d8f-a96d-c4fcd124cbc8 | Context cleanup@openstack cleanup() finished in 8.32 sec
2019-06-10 08:01:17.343 1842 INFO rally.task.context [-] Task d09cdaa9-c677-4d8f-a96d-c4fcd124cbc8 | Context volumes@openstack cleanup() started
2019-06-10 08:01:17.344 1842 RALLYDEBUG rally_openstack.cleanup.manager [-] Cleaning up cinder volumes objects
2019-06-10 08:01:19.516 1842 RALLYDEBUG rally_openstack.cleanup.manager [-] Deleting cinder.volumes object c_rally_c3601fd0_IjnJmOcI (5529395f-0c64-4af3-a073-1e350713ab62)
2019-06-10 08:01:19.516 1842 RALLYDEBUG rally_openstack.cleanup.manager [-] Deleting cinder.volumes object c_rally_c3601fd0_upmuZxnS (09e11101-8cfd-493e-9ff0-b509b90236ec)
2019-06-10 08:01:19.525 1842 RALLYDEBUG rally_openstack.cleanup.manager [-] Deleting cinder.volumes object c_rally_c3601fd0_dfE8ISic (83085044-aa77-43d4-9637-63214a558745)
2019-06-10 08:01:22.881 1842 INFO rally.task.context [-] Task d09cdaa9-c677-4d8f-a96d-c4fcd124cbc8 | Context volumes@openstack cleanup() finished in 5.54 sec
2019-06-10 08:01:22.881 1842 INFO rally.task.context [-] Task d09cdaa9-c677-4d8f-a96d-c4fcd124cbc8 | Context quotas@openstack cleanup() started
2019-06-10 08:01:23.354 1842 INFO rally.task.context [-] Task d09cdaa9-c677-4d8f-a96d-c4fcd124cbc8 | Context quotas@openstack cleanup() finished in 0.47 sec
2019-06-10 08:01:23.355 1842 INFO rally.task.context [-] Task d09cdaa9-c677-4d8f-a96d-c4fcd124cbc8 | Context api_versions@openstack cleanup() started
2019-06-10 08:01:23.355 1842 INFO rally.task.context [-] Task d09cdaa9-c677-4d8f-a96d-c4fcd124cbc8 | Context api_versions@openstack cleanup() finished in 0.31 msec
2019-06-10 08:01:23.355 1842 INFO rally.task.context [-] Task d09cdaa9-c677-4d8f-a96d-c4fcd124cbc8 | Context users@openstack cleanup() started
2019-06-10 08:01:30.588 1842 INFO rally.task.context [-] Task d09cdaa9-c677-4d8f-a96d-c4fcd124cbc8 | Context users@openstack cleanup() finished in 7.23 sec
2019-06-10 08:01:31.874 1842 INFO rally.task.engine [-] Load duration is: 17.784042
2019-06-10 08:01:31.874 1842 INFO rally.task.engine [-] Full runner duration is: 17.831021
2019-06-10 08:01:31.875 1842 INFO rally.task.engine [-] Full duration is: 56.93457
2019-06-10 08:01:32.166 1842 INFO rally.task.engine [-] Running workload: position = 0 config = { "version": 2, "title": "A cropped version of a bigger task.", "description": "Auto-generated task from a single workload (uuid=7a0ccb4f-2648-44a5-a26a-7f311f4dd7f0)", "subtasks": [ { "title": "CinderVolumes.create_and_delete_volume", "description": "Create and then delete a volume.", "scenario": { "CinderVolumes.create_and_delete_volume": { "size": { "max": 1, "min": 1 } } }, "contexts": { "users": { "tenants": 3, "users_per_tenant": 2 }, "quotas": { "cinder": { "gigabytes": -1, "snapshots": -1, "volumes": -1 } }, "api_versions": { "cinder": { "version": 3, "service_type": "volumev3" } } }, "runner": { "constant": { "concurrency": 4, "times": 10 } }, "hooks": [], "sla": { "failure_rate": { "max": 0 } } } ] }
2019-06-10 08:01:32.189 1842 RALLYDEBUG rally_openstack.contexts.keystone.users [-] Creating 3 tenants using 20 threads
2019-06-10 08:01:34.082 1842 RALLYDEBUG rally_openstack.contexts.keystone.users [-] Creating 6 users using 20 threads
2019-06-10 08:01:36.786 1842 INFO rally.task.context [-] Task d09cdaa9-c677-4d8f-a96d-c4fcd124cbc8 | Context users@openstack setup() finished in 4.60 sec
2019-06-10 08:01:37.222 1842 INFO rally.task.context [-] Task d09cdaa9-c677-4d8f-a96d-c4fcd124cbc8 | Context api_versions@openstack setup() finished in 0.44 sec
2019-06-10 08:01:38.773 1842 INFO rally.task.context [-] Task d09cdaa9-c677-4d8f-a96d-c4fcd124cbc8 | Context quotas@openstack setup() finished in 1.55 sec
2019-06-10 08:01:38.774 1842 INFO rally.task.context [-] Task d09cdaa9-c677-4d8f-a96d-c4fcd124cbc8 | Context cleanup@openstack setup() finished in 0.00 msec
2019-06-10 08:01:38.782 1842 RALLYDEBUG rally.task.runner [-] Starting the constant runner (task UUID: d09cdaa9-c677-4d8f-a96d-c4fcd124cbc8). timeout: 0 concurrency: 4 concurrency_per_worker: 1 times: 10 concurrency_overhead: 0 processes_to_start: 4 max_cpu_used: 16
2019-06-10 08:01:38.795 4170 RALLYDEBUG rally.task.runner [-] Starting a worker. concurrency: 1 args: {"size": {"max": 1, "min": 1}} times: 10 method_name: run timeout: 0 duration: None cls:
2019-06-10 08:01:38.797 4171 RALLYDEBUG rally.task.runner [-] Starting a worker. concurrency: 1 args: {"size": {"max": 1, "min": 1}} times: 10 method_name: run timeout: 0 duration: None cls:
2019-06-10 08:01:38.800 4172 RALLYDEBUG rally.task.runner [-] Starting a worker. concurrency: 1 args: {"size": {"max": 1, "min": 1}} times: 10 method_name: run timeout: 0 duration: None cls:
2019-06-10 08:01:38.803 4170 INFO rally.task.runner [-] Task d09cdaa9-c677-4d8f-a96d-c4fcd124cbc8 | ITER: 1 START
2019-06-10 08:01:38.804 4173 RALLYDEBUG rally.task.runner [-] Starting a worker. concurrency: 1 args: {"size": {"max": 1, "min": 1}} times: 10 method_name: run timeout: 0 duration: None cls:
2019-06-10 08:01:38.805 4171 INFO rally.task.runner [-] Task d09cdaa9-c677-4d8f-a96d-c4fcd124cbc8 | ITER: 2 START
2019-06-10 08:01:38.808 4172 INFO rally.task.runner [-] Task d09cdaa9-c677-4d8f-a96d-c4fcd124cbc8 | ITER: 3 START
2019-06-10 08:01:38.811 4173 INFO rally.task.runner [-] Task d09cdaa9-c677-4d8f-a96d-c4fcd124cbc8 | ITER: 4 START
2019-06-10 08:01:42.812 4170 RALLYDEBUG rally.task.utils [-] Waiting for resource s_rally_7a0ccb4f_3GjBb6EY. Status changed: AVAILABLE => DELETING in 0.272258996964
2019-06-10 08:01:42.852 4172 INFO rally.task.runner [-] Task d09cdaa9-c677-4d8f-a96d-c4fcd124cbc8 | ITER: 3 END: OK
2019-06-10 08:01:42.857 4172 INFO rally.task.runner [-] Task d09cdaa9-c677-4d8f-a96d-c4fcd124cbc8 | ITER: 5 START
2019-06-10 08:01:43.037 4171 RALLYDEBUG rally.task.utils [-] Waiting for resource s_rally_7a0ccb4f_PumqTSB0. Status changed: AVAILABLE => DELETING in 0.341141939163
2019-06-10 08:01:43.062 4173 RALLYDEBUG rally.task.utils [-] Waiting for resource s_rally_7a0ccb4f_clKa1DKg. Status changed: AVAILABLE => DELETING in 0.258923768997
2019-06-10 08:01:45.029 4170 INFO rally.task.runner [-] Task d09cdaa9-c677-4d8f-a96d-c4fcd124cbc8 | ITER: 1 END: OK
2019-06-10 08:01:45.035 4170 INFO rally.task.runner [-] Task d09cdaa9-c677-4d8f-a96d-c4fcd124cbc8 | ITER: 6 START
2019-06-10 08:01:45.098 4173 INFO rally.task.runner [-] Task d09cdaa9-c677-4d8f-a96d-c4fcd124cbc8 | ITER: 4 END: OK
2019-06-10 08:01:45.104 4173 INFO rally.task.runner [-] Task d09cdaa9-c677-4d8f-a96d-c4fcd124cbc8 | ITER: 7 START
2019-06-10 08:01:45.262 4171 INFO rally.task.runner [-] Task d09cdaa9-c677-4d8f-a96d-c4fcd124cbc8 | ITER: 2 END: OK
2019-06-10 08:01:45.268 4171 INFO rally.task.runner [-] Task d09cdaa9-c677-4d8f-a96d-c4fcd124cbc8 | ITER: 8 START
2019-06-10 08:01:46.788 4172 INFO rally.task.runner [-] Task d09cdaa9-c677-4d8f-a96d-c4fcd124cbc8 | ITER: 5 END: OK
2019-06-10 08:01:46.794 4172 INFO rally.task.runner [-] Task d09cdaa9-c677-4d8f-a96d-c4fcd124cbc8 | ITER: 9 START
2019-06-10 08:01:48.941 4173 RALLYDEBUG rally.task.utils [-] Waiting for resource s_rally_7a0ccb4f_UNY1Puf7. Status changed: AVAILABLE => DELETING in 0.0528011322021
2019-06-10 08:01:49.137 4170 RALLYDEBUG rally.task.utils [-] Waiting for resource s_rally_7a0ccb4f_lvivswBM. Status changed: AVAILABLE => DELETING in 0.254100084305
2019-06-10 08:01:49.521 4171 RALLYDEBUG rally.task.utils [-] Waiting for resource s_rally_7a0ccb4f_CuRVTAYO. Status changed: AVAILABLE => DELETING in 0.392963886261
2019-06-10 08:01:50.730 4172 INFO rally.task.runner [-] Task d09cdaa9-c677-4d8f-a96d-c4fcd124cbc8 | ITER: 9 END: OK
2019-06-10 08:01:50.735 4172 INFO rally.task.runner [-] Task d09cdaa9-c677-4d8f-a96d-c4fcd124cbc8 | ITER: 10 START
2019-06-10 08:01:51.174 4170 INFO rally.task.runner [-] Task d09cdaa9-c677-4d8f-a96d-c4fcd124cbc8 | ITER: 6 END: OK
2019-06-10 08:01:51.176 4173 INFO rally.task.runner [-] Task d09cdaa9-c677-4d8f-a96d-c4fcd124cbc8 | ITER: 7 END: OK
2019-06-10 08:01:51.558 4171 INFO rally.task.runner [-] Task d09cdaa9-c677-4d8f-a96d-c4fcd124cbc8 | ITER: 8 END: OK
2019-06-10 08:01:54.570 4172 RALLYDEBUG rally.task.utils [-] Waiting for resource s_rally_7a0ccb4f_1YKcAmdL. Status changed: AVAILABLE => DELETING in 0.0521199703217
2019-06-10 08:01:56.892 4172 INFO rally.task.runner [-] Task d09cdaa9-c677-4d8f-a96d-c4fcd124cbc8 | ITER: 10 END: OK
2019-06-10 08:01:56.922 1842 INFO rally.task.context [-] Task d09cdaa9-c677-4d8f-a96d-c4fcd124cbc8 | Context cleanup@openstack cleanup() started
2019-06-10 08:01:56.924 1842 RALLYDEBUG rally_openstack.cleanup.manager [-] Cleaning up cinder backups objects
2019-06-10 08:01:58.866 1842 RALLYDEBUG rally_openstack.cleanup.manager [-] Cleaning up cinder volume_snapshots objects
2019-06-10 08:02:00.885 1842 RALLYDEBUG rally_openstack.cleanup.manager [-] Cleaning up cinder transfers objects
2019-06-10 08:02:03.084 1842 RALLYDEBUG rally_openstack.cleanup.manager [-] Cleaning up cinder volumes objects
2019-06-10 08:02:05.255 1842 INFO rally.task.context [-] Task d09cdaa9-c677-4d8f-a96d-c4fcd124cbc8 | Context cleanup@openstack cleanup() finished in 8.33 sec
2019-06-10 08:02:05.255 1842 INFO rally.task.context [-] Task d09cdaa9-c677-4d8f-a96d-c4fcd124cbc8 | Context quotas@openstack cleanup() started
2019-06-10 08:02:05.762 1842 INFO rally.task.context [-] Task d09cdaa9-c677-4d8f-a96d-c4fcd124cbc8 | Context quotas@openstack cleanup() finished in 0.51 sec
2019-06-10 08:02:05.763 1842 INFO rally.task.context [-] Task d09cdaa9-c677-4d8f-a96d-c4fcd124cbc8 | Context api_versions@openstack cleanup() started
2019-06-10 08:02:05.763 1842 INFO rally.task.context [-] Task d09cdaa9-c677-4d8f-a96d-c4fcd124cbc8 | Context api_versions@openstack cleanup() finished in 0.32 msec
2019-06-10 08:02:05.764 1842 INFO rally.task.context [-] Task d09cdaa9-c677-4d8f-a96d-c4fcd124cbc8 | Context users@openstack cleanup() started
2019-06-10 08:02:12.930 1842 INFO rally.task.context [-] Task d09cdaa9-c677-4d8f-a96d-c4fcd124cbc8 | Context users@openstack cleanup() finished in 7.17 sec
2019-06-10 08:02:14.350 1842 INFO rally.task.engine [-] Load duration is: 18.086561
2019-06-10 08:02:14.350 1842 INFO rally.task.engine [-] Full runner duration is: 18.140335
2019-06-10 08:02:14.351 1842 INFO rally.task.engine [-] Full duration is: 40.744311
2019-06-10 08:02:14.540 1842 INFO rally.task.engine [-] Running workload: position = 1 config = { "version": 2, "title": "A cropped version of a bigger task.", "description": "Auto-generated task from a single workload (uuid=4763398a-9e13-4741-b2a3-8717b22f0516)", "subtasks": [ { "title": "CinderVolumes.create_and_delete_volume", "description": "Create and then delete a volume.", "scenario": { "CinderVolumes.create_and_delete_volume": { "image": { "name": "rally_full-img_059cba28-570c-427d-b841-d16adb4c7ced" }, "size": 1 } }, "contexts": { "users": { "tenants": 3, "users_per_tenant": 2 }, "quotas": { "cinder": { "gigabytes": -1, "snapshots": -1, "volumes": -1 } }, "api_versions": { "cinder": { "version": 3, "service_type": "volumev3" } } }, "runner": { "constant": { "concurrency": 4, "times": 10 } }, "hooks": [], "sla": { "failure_rate": { "max": 0 } } } ] }
2019-06-10 08:02:14.564 1842 RALLYDEBUG rally_openstack.contexts.keystone.users [-] Creating 3 tenants using 20 threads
2019-06-10 08:02:16.478 1842 RALLYDEBUG rally_openstack.contexts.keystone.users [-] Creating 6 users using 20 threads
2019-06-10 08:02:19.141 1842 INFO rally.task.context [-] Task d09cdaa9-c677-4d8f-a96d-c4fcd124cbc8 | Context users@openstack setup() finished in 4.58 sec
2019-06-10 08:02:19.562 1842 INFO rally.task.context [-] Task d09cdaa9-c677-4d8f-a96d-c4fcd124cbc8 | Context api_versions@openstack setup() finished in 0.42 sec
2019-06-10 08:02:21.176 1842 INFO rally.task.context [-] Task d09cdaa9-c677-4d8f-a96d-c4fcd124cbc8 | Context quotas@openstack setup() finished in 1.61 sec
2019-06-10 08:02:21.177 1842 INFO rally.task.context [-] Task d09cdaa9-c677-4d8f-a96d-c4fcd124cbc8 | Context cleanup@openstack setup() finished in 0.00 msec
2019-06-10 08:02:21.919 1842 RALLYDEBUG rally.task.runner [-] Starting the constant runner (task UUID: d09cdaa9-c677-4d8f-a96d-c4fcd124cbc8). timeout: 0 concurrency: 4 concurrency_per_worker: 1 times: 10 concurrency_overhead: 0 processes_to_start: 4 max_cpu_used: 16
2019-06-10 08:02:21.932 4354 RALLYDEBUG rally.task.runner [-] Starting a worker. concurrency: 1 args: {"image": "aed72b10-b221-419f-8001-c7a5bdc2b3cb", "size": 1} times: 10 method_name: run timeout: 0 duration: None cls:
2019-06-10 08:02:21.934 4355 RALLYDEBUG rally.task.runner [-] Starting a worker. concurrency: 1 args: {"image": "aed72b10-b221-419f-8001-c7a5bdc2b3cb", "size": 1} times: 10 method_name: run timeout: 0 duration: None cls:
2019-06-10 08:02:21.937 4356 RALLYDEBUG rally.task.runner [-] Starting a worker. concurrency: 1 args: {"image": "aed72b10-b221-419f-8001-c7a5bdc2b3cb", "size": 1} times: 10 method_name: run timeout: 0 duration: None cls:
2019-06-10 08:02:21.940 4357 RALLYDEBUG rally.task.runner [-] Starting a worker. concurrency: 1 args: {"image": "aed72b10-b221-419f-8001-c7a5bdc2b3cb", "size": 1} times: 10 method_name: run timeout: 0 duration: None cls:
2019-06-10 08:02:21.941 4354 INFO rally.task.runner [-] Task d09cdaa9-c677-4d8f-a96d-c4fcd124cbc8 | ITER: 1 START
2019-06-10 08:02:21.944 4355 INFO rally.task.runner [-] Task d09cdaa9-c677-4d8f-a96d-c4fcd124cbc8 | ITER: 2 START
2019-06-10 08:02:21.945 4356 INFO rally.task.runner [-] Task d09cdaa9-c677-4d8f-a96d-c4fcd124cbc8 | ITER: 3 START
2019-06-10 08:02:21.948 4357 INFO rally.task.runner [-] Task d09cdaa9-c677-4d8f-a96d-c4fcd124cbc8 | ITER: 4 START
2019-06-10 08:02:28.610 4356 RALLYDEBUG rally.task.utils [-] Waiting for resource s_rally_4763398a_fLZpfbNZ. Status changed: DOWNLOADING => AVAILABLE in 2.86696887016
2019-06-10 08:02:28.771 4354 RALLYDEBUG rally.task.utils [-] Waiting for resource s_rally_4763398a_Fq6NnDOZ. Status changed: DOWNLOADING => AVAILABLE in 2.9507598877
2019-06-10 08:02:28.903 4355 RALLYDEBUG rally.task.utils [-] Waiting for resource s_rally_4763398a_DC8vk3Oj. Status changed: DOWNLOADING => AVAILABLE in 3.05299687386
2019-06-10 08:02:28.940 4356 RALLYDEBUG rally.task.utils [-] Waiting for resource s_rally_4763398a_fLZpfbNZ. Status changed: AVAILABLE => DELETING in 0.0578310489655
2019-06-10 08:02:29.013 4357 RALLYDEBUG rally.task.utils [-] Waiting for resource s_rally_4763398a_1jvJHl3g. Status changed: DOWNLOADING => AVAILABLE in 3.17493700981
2019-06-10 08:02:29.332 4354 RALLYDEBUG rally.task.utils [-] Waiting for resource s_rally_4763398a_Fq6NnDOZ. Status changed: AVAILABLE => DELETING in 0.25316286087
2019-06-10 08:02:29.469 4355 RALLYDEBUG rally.task.utils [-] Waiting for resource s_rally_4763398a_DC8vk3Oj. Status changed: AVAILABLE => DELETING in 0.274842977524
2019-06-10 08:02:29.624 4357 RALLYDEBUG rally.task.utils [-] Waiting for resource s_rally_4763398a_1jvJHl3g. Status changed: AVAILABLE => DELETING in 0.24390912056
2019-06-10 08:02:30.983 4356 INFO rally.task.runner [-] Task d09cdaa9-c677-4d8f-a96d-c4fcd124cbc8 | ITER: 3 END: OK
2019-06-10 08:02:30.989 4356 INFO rally.task.runner [-] Task d09cdaa9-c677-4d8f-a96d-c4fcd124cbc8 | ITER: 5 START
2019-06-10 08:02:31.373 4354 INFO rally.task.runner [-] Task d09cdaa9-c677-4d8f-a96d-c4fcd124cbc8 | ITER: 1 END: OK
2019-06-10 08:02:31.378 4354 INFO rally.task.runner [-] Task d09cdaa9-c677-4d8f-a96d-c4fcd124cbc8 | ITER: 6 START
2019-06-10 08:02:31.660 4357 INFO rally.task.runner [-] Task d09cdaa9-c677-4d8f-a96d-c4fcd124cbc8 | ITER: 4 END: OK
2019-06-10 08:02:31.663 4357 INFO rally.task.runner [-] Task d09cdaa9-c677-4d8f-a96d-c4fcd124cbc8 | ITER: 7 START
2019-06-10 08:02:31.714 4355 INFO rally.task.runner [-] Task d09cdaa9-c677-4d8f-a96d-c4fcd124cbc8 | ITER: 2 END: OK
2019-06-10 08:02:31.720 4355 INFO rally.task.runner [-] Task d09cdaa9-c677-4d8f-a96d-c4fcd124cbc8 | ITER: 8 START
2019-06-10 08:02:35.402 4354 RALLYDEBUG rally.task.utils [-] Waiting for resource s_rally_4763398a_pPDoCOwk. Status changed: CREATING => DOWNLOADING in 0.596556901932
2019-06-10 08:02:37.478 4354 RALLYDEBUG rally.task.utils [-] Waiting for resource s_rally_4763398a_pPDoCOwk. Status changed: DOWNLOADING => AVAILABLE in 2.0753891468
2019-06-10 08:02:37.549 4356 RALLYDEBUG rally.task.utils [-] Waiting for resource s_rally_4763398a_mL17bOWk. Status changed: DOWNLOADING => AVAILABLE in 2.79912519455
2019-06-10 08:02:38.103 4354 RALLYDEBUG rally.task.utils [-] Waiting for resource s_rally_4763398a_pPDoCOwk. Status changed: AVAILABLE => DELETING in 0.280009031296
2019-06-10 08:02:38.140 4356 RALLYDEBUG rally.task.utils [-] Waiting for resource s_rally_4763398a_mL17bOWk. Status changed: AVAILABLE => DELETING in 0.334790945053
2019-06-10 08:02:38.182 4355 RALLYDEBUG rally.task.utils [-] Waiting for resource s_rally_4763398a_J3TN3sT8. Status changed: DOWNLOADING => AVAILABLE in 3.1374900341
2019-06-10 08:02:38.722 4355 RALLYDEBUG rally.task.utils [-] Waiting for resource s_rally_4763398a_J3TN3sT8. Status changed: AVAILABLE => DELETING in 0.256335020065
2019-06-10 08:02:40.013 4357 RALLYDEBUG rally.task.utils [-] Waiting for resource s_rally_4763398a_WpK2H8UM. Status changed: DOWNLOADING => AVAILABLE in 4.99391198158
2019-06-10 08:02:40.343 4354 INFO rally.task.runner [-] Task d09cdaa9-c677-4d8f-a96d-c4fcd124cbc8 | ITER: 6 END: OK
2019-06-10 08:02:40.348 4354 INFO rally.task.runner [-] Task d09cdaa9-c677-4d8f-a96d-c4fcd124cbc8 | ITER: 9 START
2019-06-10 08:02:40.388 4356 INFO rally.task.runner [-] Task d09cdaa9-c677-4d8f-a96d-c4fcd124cbc8 | ITER: 5 END: OK
2019-06-10 08:02:40.393 4356 INFO rally.task.runner [-] Task d09cdaa9-c677-4d8f-a96d-c4fcd124cbc8 | ITER: 10 START
2019-06-10 08:02:40.449 4357 RALLYDEBUG rally.task.utils [-] Waiting for resource s_rally_4763398a_WpK2H8UM. Status changed: AVAILABLE => DELETING in 0.0675268173218
2019-06-10 08:02:40.765 4355 INFO rally.task.runner [-] Task d09cdaa9-c677-4d8f-a96d-c4fcd124cbc8 | ITER: 8 END: OK
2019-06-10 08:02:42.488 4357 INFO rally.task.runner [-] Task d09cdaa9-c677-4d8f-a96d-c4fcd124cbc8 | ITER: 7 END: OK
2019-06-10 08:02:46.334 4354 RALLYDEBUG rally.task.utils [-] Waiting for resource s_rally_4763398a_LGnmb0PD. Status changed: DOWNLOADING => AVAILABLE in 2.72598409653
2019-06-10 08:02:46.448 4356 RALLYDEBUG rally.task.utils [-] Waiting for resource s_rally_4763398a_dDoyNvKG. Status changed: DOWNLOADING => AVAILABLE in 2.73011493683
2019-06-10 08:02:46.809 4356 RALLYDEBUG rally.task.utils [-] Waiting for resource s_rally_4763398a_dDoyNvKG. Status changed: AVAILABLE => DELETING in 0.280658006668
2019-06-10 08:02:46.949 4354 INFO rally.task.runner [-] Task d09cdaa9-c677-4d8f-a96d-c4fcd124cbc8 | ITER: 9 END: OK
2019-06-10 08:02:49.052 4356 INFO rally.task.runner [-] Task d09cdaa9-c677-4d8f-a96d-c4fcd124cbc8 | ITER: 10 END: OK
2019-06-10 08:02:49.076 1842 INFO rally.task.context [-] Task d09cdaa9-c677-4d8f-a96d-c4fcd124cbc8 | Context cleanup@openstack cleanup() started
2019-06-10 08:02:49.079 1842 RALLYDEBUG rally_openstack.cleanup.manager [-] Cleaning up cinder backups objects
2019-06-10 08:02:51.093 1842 RALLYDEBUG rally_openstack.cleanup.manager [-] Cleaning up cinder volume_snapshots objects
2019-06-10 08:02:53.107 1842 RALLYDEBUG rally_openstack.cleanup.manager [-] Cleaning up cinder transfers objects
2019-06-10 08:02:54.971 1842 RALLYDEBUG rally_openstack.cleanup.manager [-] Cleaning up cinder volumes objects
2019-06-10 08:02:57.249 1842 INFO rally.task.context [-] Task d09cdaa9-c677-4d8f-a96d-c4fcd124cbc8 | Context cleanup@openstack cleanup() finished in 8.17 sec
2019-06-10 08:02:57.249 1842 INFO rally.task.context [-] Task d09cdaa9-c677-4d8f-a96d-c4fcd124cbc8 | Context quotas@openstack cleanup() started
2019-06-10 08:02:57.893 1842 INFO rally.task.context [-] Task d09cdaa9-c677-4d8f-a96d-c4fcd124cbc8 | Context quotas@openstack cleanup() finished in 0.64 sec
2019-06-10 08:02:57.893 1842 INFO rally.task.context [-] Task d09cdaa9-c677-4d8f-a96d-c4fcd124cbc8 | Context api_versions@openstack cleanup() started
2019-06-10 08:02:57.894 1842 INFO rally.task.context [-] Task d09cdaa9-c677-4d8f-a96d-c4fcd124cbc8 | Context api_versions@openstack cleanup() finished in 0.32 msec
2019-06-10 08:02:57.894 1842 INFO rally.task.context [-] Task d09cdaa9-c677-4d8f-a96d-c4fcd124cbc8 | Context users@openstack cleanup() started
2019-06-10 08:03:04.948 1842 INFO rally.task.context [-] Task d09cdaa9-c677-4d8f-a96d-c4fcd124cbc8 | Context users@openstack cleanup() finished in 7.05 sec
2019-06-10 08:03:06.789 1842 INFO rally.task.engine [-] Load duration is: 27.107194
2019-06-10 08:03:06.790 1842 INFO rally.task.engine [-] Full runner duration is: 27.158131
2019-06-10 08:03:06.790 1842 INFO rally.task.engine [-] Full duration is: 50.387564
2019-06-10 08:03:06.980 1842 INFO rally.task.engine [-] Running workload: position = 2 config = { "version": 2, "title": "A cropped version of a bigger task.", "description": "Auto-generated task from a single workload (uuid=eb447166-04f4-4221-8019-0de1a3f0d95d)", "subtasks": [ { "title": "CinderVolumes.create_and_delete_volume", "description": "Create and then delete a volume.", "scenario": { "CinderVolumes.create_and_delete_volume": { "size": 1 } }, "contexts": { "users": { "tenants": 3, "users_per_tenant": 2 }, "quotas": { "cinder": { "gigabytes": -1, "snapshots": -1, "volumes": -1 } }, "api_versions": { "cinder": { "version": 3, "service_type": "volumev3" } } }, "runner": { "constant": { "concurrency": 4, "times": 10 } }, "hooks": [], "sla": { "failure_rate": { "max": 0 } } } ] }
2019-06-10 08:03:06.997 1842 RALLYDEBUG rally_openstack.contexts.keystone.users [-] Creating 3 tenants using 20 threads
2019-06-10 08:03:08.837 1842 RALLYDEBUG rally_openstack.contexts.keystone.users [-] Creating 6 users using 20 threads
2019-06-10 08:03:11.419 1842 INFO rally.task.context [-] Task d09cdaa9-c677-4d8f-a96d-c4fcd124cbc8 | Context users@openstack setup() finished in 4.42 sec
2019-06-10 08:03:11.832 1842 INFO rally.task.context [-] Task d09cdaa9-c677-4d8f-a96d-c4fcd124cbc8 | Context api_versions@openstack setup() finished in 0.41 sec
2019-06-10 08:03:13.488 1842 INFO rally.task.context [-] Task d09cdaa9-c677-4d8f-a96d-c4fcd124cbc8 | Context quotas@openstack setup() finished in 1.66 sec
2019-06-10 08:03:13.489 1842 INFO rally.task.context [-] Task d09cdaa9-c677-4d8f-a96d-c4fcd124cbc8 | Context cleanup@openstack setup() finished in 0.01 msec
2019-06-10 08:03:13.497 1842 RALLYDEBUG rally.task.runner [-] Starting the constant runner (task UUID: d09cdaa9-c677-4d8f-a96d-c4fcd124cbc8). timeout: 0 concurrency: 4 concurrency_per_worker: 1 times: 10 concurrency_overhead: 0 processes_to_start: 4 max_cpu_used: 16
2019-06-10 08:03:13.510 4538 RALLYDEBUG rally.task.runner [-] Starting a worker. concurrency: 1 args: {"size": 1} times: 10 method_name: run timeout: 0 duration: None cls:
2019-06-10 08:03:13.513 4539 RALLYDEBUG rally.task.runner [-] Starting a worker. concurrency: 1 args: {"size": 1} times: 10 method_name: run timeout: 0 duration: None cls:
2019-06-10 08:03:13.517 4540 RALLYDEBUG rally.task.runner [-] Starting a worker. concurrency: 1 args: {"size": 1} times: 10 method_name: run timeout: 0 duration: None cls:
2019-06-10 08:03:13.518 4538 INFO rally.task.runner [-] Task d09cdaa9-c677-4d8f-a96d-c4fcd124cbc8 | ITER: 1 START
2019-06-10 08:03:13.519 4541 RALLYDEBUG rally.task.runner [-] Starting a worker. concurrency: 1 args: {"size": 1} times: 10 method_name: run timeout: 0 duration: None cls:
2019-06-10 08:03:13.520 4539 INFO rally.task.runner [-] Task d09cdaa9-c677-4d8f-a96d-c4fcd124cbc8 | ITER: 2 START
2019-06-10 08:03:13.525 4540 INFO rally.task.runner [-] Task d09cdaa9-c677-4d8f-a96d-c4fcd124cbc8 | ITER: 3 START
2019-06-10 08:03:13.527 4541 INFO rally.task.runner [-] Task d09cdaa9-c677-4d8f-a96d-c4fcd124cbc8 | ITER: 4 START
2019-06-10 08:03:17.695 4539 RALLYDEBUG rally.task.utils [-] Waiting for resource s_rally_eb447166_tZguKoSt. Status changed: AVAILABLE => DELETING in 0.0707039833069
2019-06-10 08:03:17.755 4538 RALLYDEBUG rally.task.utils [-] Waiting for resource s_rally_eb447166_joEOoSt8. Status changed: AVAILABLE => DELETING in 0.285224914551
2019-06-10 08:03:17.813 4540 RALLYDEBUG rally.task.utils [-] Waiting for resource s_rally_eb447166_97YzBa3b. Status changed: AVAILABLE => DELETING in 0.39195394516
2019-06-10 08:03:17.827 4541 RALLYDEBUG rally.task.utils [-] Waiting for resource s_rally_eb447166_mOHHHs5z. Status changed: AVAILABLE => DELETING in 0.393986940384
2019-06-10 08:03:19.939 4539 INFO rally.task.runner [-] Task d09cdaa9-c677-4d8f-a96d-c4fcd124cbc8 | ITER: 2 END: OK
2019-06-10 08:03:19.944 4539 INFO rally.task.runner [-] Task d09cdaa9-c677-4d8f-a96d-c4fcd124cbc8 | ITER: 5 START
2019-06-10 08:03:20.007 4538 INFO rally.task.runner [-] Task d09cdaa9-c677-4d8f-a96d-c4fcd124cbc8 | ITER: 1 END: OK
2019-06-10 08:03:20.012 4538 INFO rally.task.runner [-] Task d09cdaa9-c677-4d8f-a96d-c4fcd124cbc8 | ITER: 6 START
2019-06-10 08:03:20.061 4540 INFO rally.task.runner [-] Task d09cdaa9-c677-4d8f-a96d-c4fcd124cbc8 | ITER: 3 END: OK
2019-06-10 08:03:20.061 4541 INFO rally.task.runner [-] Task d09cdaa9-c677-4d8f-a96d-c4fcd124cbc8 | ITER: 4 END: OK
2019-06-10 08:03:20.066 4540 INFO rally.task.runner [-] Task d09cdaa9-c677-4d8f-a96d-c4fcd124cbc8 | ITER: 7 START
2019-06-10 08:03:20.067 4541 INFO rally.task.runner [-] Task d09cdaa9-c677-4d8f-a96d-c4fcd124cbc8 | ITER: 8 START
2019-06-10 08:03:23.929 4540 INFO rally.task.runner [-] Task d09cdaa9-c677-4d8f-a96d-c4fcd124cbc8 | ITER: 7 END: OK
2019-06-10 08:03:23.934 4540 INFO rally.task.runner [-] Task d09cdaa9-c677-4d8f-a96d-c4fcd124cbc8 | ITER: 9 START
2019-06-10 08:03:23.951 4539 RALLYDEBUG rally.task.utils [-] Waiting for resource s_rally_eb447166_7LN6S1YD. Status changed: AVAILABLE => DELETING in 0.289611101151
2019-06-10 08:03:23.994 4538 RALLYDEBUG rally.task.utils [-] Waiting for resource s_rally_eb447166_nSBTAsaE. Status changed: AVAILABLE => DELETING in 0.0633251667023
2019-06-10 08:03:24.028 4541 RALLYDEBUG rally.task.utils [-] Waiting for resource s_rally_eb447166_MoGGQADS. Status changed: AVAILABLE => DELETING in 0.269098997116
2019-06-10 08:03:26.182 4539 INFO rally.task.runner [-] Task d09cdaa9-c677-4d8f-a96d-c4fcd124cbc8 | ITER: 5 END: OK
2019-06-10 08:03:26.187 4539 INFO rally.task.runner [-] Task d09cdaa9-c677-4d8f-a96d-c4fcd124cbc8 | ITER: 10 START
2019-06-10 08:03:26.227 4538 INFO rally.task.runner [-] Task d09cdaa9-c677-4d8f-a96d-c4fcd124cbc8 | ITER: 6 END: OK
2019-06-10 08:03:26.256 4541 INFO rally.task.runner [-] Task d09cdaa9-c677-4d8f-a96d-c4fcd124cbc8 | ITER: 8 END: OK
2019-06-10 08:03:28.102 4540 INFO rally.task.runner [-] Task d09cdaa9-c677-4d8f-a96d-c4fcd124cbc8 | ITER: 9 END: OK
2019-06-10 08:03:29.989 4539 INFO rally.task.runner [-] Task d09cdaa9-c677-4d8f-a96d-c4fcd124cbc8 | ITER: 10 END: OK
2019-06-10 08:03:30.014 1842 INFO rally.task.context [-] Task d09cdaa9-c677-4d8f-a96d-c4fcd124cbc8 | Context cleanup@openstack cleanup() started
2019-06-10 08:03:30.016 1842 RALLYDEBUG rally_openstack.cleanup.manager [-] Cleaning up cinder backups objects
2019-06-10 08:03:31.916 1842 RALLYDEBUG rally_openstack.cleanup.manager [-] Cleaning up cinder volume_snapshots objects
2019-06-10 08:03:33.883 1842 RALLYDEBUG rally_openstack.cleanup.manager [-] Cleaning up cinder transfers objects
2019-06-10 08:03:35.791 1842 RALLYDEBUG rally_openstack.cleanup.manager [-] Cleaning up cinder volumes objects
2019-06-10 08:03:37.860 1842 INFO rally.task.context [-] Task d09cdaa9-c677-4d8f-a96d-c4fcd124cbc8 | Context cleanup@openstack cleanup() finished in 7.85 sec
2019-06-10 08:03:37.861 1842 INFO rally.task.context [-] Task d09cdaa9-c677-4d8f-a96d-c4fcd124cbc8 | Context quotas@openstack cleanup() started
2019-06-10 08:03:38.324 1842 INFO rally.task.context [-] Task d09cdaa9-c677-4d8f-a96d-c4fcd124cbc8 | Context quotas@openstack cleanup() finished in 0.46 sec
2019-06-10 08:03:38.325 1842 INFO rally.task.context [-] Task d09cdaa9-c677-4d8f-a96d-c4fcd124cbc8 | Context api_versions@openstack cleanup() started
2019-06-10 08:03:38.325 1842 INFO rally.task.context [-] Task d09cdaa9-c677-4d8f-a96d-c4fcd124cbc8 | Context api_versions@openstack cleanup() finished in 0.32 msec
2019-06-10 08:03:38.325 1842 INFO rally.task.context [-] Task d09cdaa9-c677-4d8f-a96d-c4fcd124cbc8 | Context users@openstack cleanup() started
2019-06-10 08:03:45.235 1842 INFO rally.task.context [-] Task d09cdaa9-c677-4d8f-a96d-c4fcd124cbc8 | Context users@openstack cleanup() finished in 6.91 sec
2019-06-10 08:03:47.157 1842 INFO rally.task.engine [-] Load duration is: 16.46692
2019-06-10 08:03:47.157 1842 INFO rally.task.engine [-] Full runner duration is: 16.517721
2019-06-10 08:03:47.157 1842 INFO rally.task.engine [-] Full duration is: 38.242649
2019-06-10 08:03:47.382 1842 INFO rally.task.engine [-] Running workload: position = 0 config = { "version": 2, "title": "A cropped version of a bigger task.", "description": "Auto-generated task from a single workload (uuid=6902b5ad-e9cc-4b2f-a12f-ebf992b01342)", "subtasks": [ { "title": "CinderVolumes.create_and_extend_volume", "description": "Create and extend a volume and then delete it.", "scenario": { "CinderVolumes.create_and_extend_volume": { "new_size": 2, "size": 1 } }, "contexts": { "users": { "tenants": 3, "users_per_tenant": 2 }, "quotas": { "cinder": { "gigabytes": -1, "snapshots": -1, "volumes": -1 } }, "api_versions": { "cinder": { "version": 3, "service_type": "volumev3" } } }, "runner": { "constant": { "concurrency": 4, "times": 10 } }, "hooks": [], "sla": { "failure_rate": { "max": 0 } } } ] }
2019-06-10 08:03:47.408 1842 RALLYDEBUG rally_openstack.contexts.keystone.users [-] Creating 3 tenants using 20 threads
2019-06-10 08:03:49.167 1842 RALLYDEBUG rally_openstack.contexts.keystone.users [-] Creating 6 users using 20 threads
2019-06-10 08:03:51.923 1842 INFO rally.task.context [-] Task d09cdaa9-c677-4d8f-a96d-c4fcd124cbc8 | Context users@openstack setup() finished in 4.52 sec
2019-06-10 08:03:52.333 1842 INFO rally.task.context [-] Task d09cdaa9-c677-4d8f-a96d-c4fcd124cbc8 | Context api_versions@openstack setup() finished in 0.41 sec
2019-06-10 08:03:53.925 1842 INFO rally.task.context [-] Task d09cdaa9-c677-4d8f-a96d-c4fcd124cbc8 | Context quotas@openstack setup() finished in 1.59 sec
2019-06-10 08:03:53.925 1842 INFO rally.task.context [-] Task d09cdaa9-c677-4d8f-a96d-c4fcd124cbc8 | Context cleanup@openstack setup() finished in 0.00 msec
2019-06-10 08:03:53.932 1842 RALLYDEBUG rally.task.runner [-] Starting the constant runner (task UUID: d09cdaa9-c677-4d8f-a96d-c4fcd124cbc8). timeout: 0 concurrency: 4 concurrency_per_worker: 1 times: 10 concurrency_overhead: 0 processes_to_start: 4 max_cpu_used: 16
2019-06-10 08:03:53.943 4722 RALLYDEBUG rally.task.runner [-] Starting a worker. concurrency: 1 args: {"new_size": 2, "size": 1} times: 10 method_name: run timeout: 0 duration: None cls:
2019-06-10 08:03:53.946 4723 RALLYDEBUG rally.task.runner [-] Starting a worker. concurrency: 1 args: {"new_size": 2, "size": 1} times: 10 method_name: run timeout: 0 duration: None cls:
2019-06-10 08:03:53.948 4724 RALLYDEBUG rally.task.runner [-] Starting a worker. concurrency: 1 args: {"new_size": 2, "size": 1} times: 10 method_name: run timeout: 0 duration: None cls:
2019-06-10 08:03:53.951 4722 INFO rally.task.runner [-] Task d09cdaa9-c677-4d8f-a96d-c4fcd124cbc8 | ITER: 1 START
2019-06-10 08:03:53.951 4725 RALLYDEBUG rally.task.runner [-] Starting a worker. concurrency: 1 args: {"new_size": 2, "size": 1} times: 10 method_name: run timeout: 0 duration: None cls:
2019-06-10 08:03:53.955 4724 INFO rally.task.runner [-] Task d09cdaa9-c677-4d8f-a96d-c4fcd124cbc8 | ITER: 3 START
2019-06-10 08:03:53.955 4723 INFO rally.task.runner [-] Task d09cdaa9-c677-4d8f-a96d-c4fcd124cbc8 | ITER: 2 START
2019-06-10 08:03:53.960 4725 INFO rally.task.runner [-] Task d09cdaa9-c677-4d8f-a96d-c4fcd124cbc8 | ITER: 4 START
2019-06-10 08:03:58.074 4724 RALLYDEBUG rally.task.utils [-] Waiting for resource s_rally_6902b5ad_tN6qjc2O. Status changed: AVAILABLE => EXTENDING in 0.0633280277252
2019-06-10 08:03:58.083 4722 RALLYDEBUG rally.task.utils [-] Waiting for resource s_rally_6902b5ad_yaBmQkHe. Status changed: AVAILABLE => EXTENDING in 0.0582940578461
2019-06-10 08:03:58.239 4723 RALLYDEBUG rally.task.utils [-] Waiting for resource s_rally_6902b5ad_EqjlCn2p. Status changed: AVAILABLE => EXTENDING in 0.289608001709
2019-06-10 08:03:58.595 4725 INFO rally.task.runner [-] Task d09cdaa9-c677-4d8f-a96d-c4fcd124cbc8 | ITER: 4 END: OK
2019-06-10 08:03:58.598 4725 INFO rally.task.runner [-] Task d09cdaa9-c677-4d8f-a96d-c4fcd124cbc8 | ITER: 5 START
2019-06-10 08:04:00.145 4724 RALLYDEBUG rally.task.utils [-] Waiting for resource s_rally_6902b5ad_tN6qjc2O. Status changed: EXTENDING => AVAILABLE in 2.07057404518
2019-06-10 08:04:00.151 4722 RALLYDEBUG rally.task.utils [-] Waiting for resource s_rally_6902b5ad_yaBmQkHe. Status changed: EXTENDING => AVAILABLE in 2.06827688217
2019-06-10 08:04:00.439 4722 INFO rally.task.runner [-] Task d09cdaa9-c677-4d8f-a96d-c4fcd124cbc8 | ITER: 1 END: OK
2019-06-10 08:04:00.444 4722 INFO rally.task.runner [-] Task d09cdaa9-c677-4d8f-a96d-c4fcd124cbc8 | ITER: 6 START
2019-06-10 08:04:00.457 4724 RALLYDEBUG rally.task.utils [-] Waiting for resource s_rally_6902b5ad_tN6qjc2O. Status changed: AVAILABLE => DELETING in 0.0537948608398
2019-06-10 08:04:00.489 4723 RALLYDEBUG rally.task.utils [-] Waiting for resource s_rally_6902b5ad_EqjlCn2p. Status changed: EXTENDING => AVAILABLE in 2.24954509735
2019-06-10 08:04:00.814 4723 RALLYDEBUG rally.task.utils [-] Waiting for resource s_rally_6902b5ad_EqjlCn2p. Status changed: AVAILABLE => DELETING in 0.0566468238831
2019-06-10 08:04:02.496 4724 INFO rally.task.runner [-] Task d09cdaa9-c677-4d8f-a96d-c4fcd124cbc8 | ITER: 3 END: OK
2019-06-10 08:04:02.501 4724 INFO rally.task.runner [-] Task d09cdaa9-c677-4d8f-a96d-c4fcd124cbc8 | ITER: 7 START
2019-06-10 08:04:02.774 4725 INFO rally.task.runner [-] Task d09cdaa9-c677-4d8f-a96d-c4fcd124cbc8 | ITER: 5 END: OK
2019-06-10 08:04:02.778 4725 INFO rally.task.runner [-] Task d09cdaa9-c677-4d8f-a96d-c4fcd124cbc8 | ITER: 8 START
2019-06-10 08:04:02.854 4723 INFO rally.task.runner [-] Task d09cdaa9-c677-4d8f-a96d-c4fcd124cbc8 | ITER: 2 END: OK
2019-06-10 08:04:02.859 4723 INFO rally.task.runner [-] Task d09cdaa9-c677-4d8f-a96d-c4fcd124cbc8 | ITER: 9 START
2019-06-10 08:04:04.945 4722 INFO rally.task.runner [-] Task d09cdaa9-c677-4d8f-a96d-c4fcd124cbc8 | ITER: 6 END: OK
2019-06-10 08:04:04.950 4722 INFO rally.task.runner [-] Task d09cdaa9-c677-4d8f-a96d-c4fcd124cbc8 | ITER: 10 START
2019-06-10 08:04:06.858 4723 RALLYDEBUG rally.task.utils [-] Waiting for resource s_rally_6902b5ad_vVjA7AYI. Status changed: AVAILABLE => EXTENDING in 0.0549879074097
2019-06-10 08:04:07.043 4724 RALLYDEBUG rally.task.utils [-] Waiting for resource s_rally_6902b5ad_iGD7XMML. Status changed: AVAILABLE => DELETING in 0.28862786293
2019-06-10 08:04:07.520 4725 RALLYDEBUG rally.task.utils [-] Waiting for resource s_rally_6902b5ad_K1bseKUf. Status changed: AVAILABLE => DELETING in 0.0722131729126
2019-06-10 08:04:09.090 4724 INFO rally.task.runner [-] Task d09cdaa9-c677-4d8f-a96d-c4fcd124cbc8 | ITER: 7 END: OK
2019-06-10 08:04:09.122 4723 RALLYDEBUG rally.task.utils [-] Waiting for resource s_rally_6902b5ad_vVjA7AYI. Status changed: EXTENDING => AVAILABLE in 2.26466393471
2019-06-10 08:04:09.233 4722 INFO rally.task.runner [-] Task d09cdaa9-c677-4d8f-a96d-c4fcd124cbc8 | ITER: 10 END: OK
2019-06-10 08:04:09.569 4725 INFO rally.task.runner [-] Task d09cdaa9-c677-4d8f-a96d-c4fcd124cbc8 | ITER: 8 END: OK
2019-06-10 08:04:09.980 4723 INFO rally.task.runner [-] Task d09cdaa9-c677-4d8f-a96d-c4fcd124cbc8 | ITER: 9 END: OK
