2019-06-10 07:37:47.711 7 RALLYDEBUG rally.api [-] INFO logs from urllib3 and requests module are hide.
2019-06-10 07:37:47.711 7 RALLYDEBUG rally.api [-] urllib3 insecure warnings are hidden.
2019-06-10 07:37:47.711 7 RALLYDEBUG rally.api [-] ERROR log from boto module is hide.
2019-06-10 07:37:49.007 7 ERROR rally.cli.cliutils [-] Unexpected exception in CLI: DBRecordNotFound: Record for uuid or name is opnfv-rally not found in table envs
2019-06-10 07:37:49.007 7 ERROR rally.cli.cliutils
Traceback (most recent call last):
2019-06-10 07:37:49.007 7 ERROR rally.cli.cliutils
File "/usr/lib/python2.7/site-packages/rally/cli/cliutils.py", line 674, in run
2019-06-10 07:37:49.007 7 ERROR rally.cli.cliutils ret = fn(*fn_args, **fn_kwargs)
2019-06-10 07:37:49.007 7 ERROR rally.cli.cliutils File "", line 2, in destroy
2019-06-10 07:37:49.007 7 ERROR rally.cli.cliutils
File "/usr/lib/python2.7/site-packages/rally/cli/envutils.py", line 69, in default_from_global
2019-06-10 07:37:49.007 7 ERROR rally.cli.cliutils return f(*args, **kwargs)
2019-06-10 07:37:49.007 7 ERROR rally.cli.cliutils File "", line 2, in destroy
2019-06-10 07:37:49.007 7 ERROR rally.cli.cliutils
File "/usr/lib/python2.7/site-packages/rally/plugins/__init__.py", line 51, in ensure_plugins_are_loaded
2019-06-10 07:37:49.007 7 ERROR rally.cli.cliutils return f(*args, **kwargs)
2019-06-10 07:37:49.007 7 ERROR rally.cli.cliutils
File "/usr/lib/python2.7/site-packages/rally/cli/commands/deployment.py", line 140, in destroy
2019-06-10 07:37:49.007 7 ERROR rally.cli.cliutils api.deployment.destroy(deployment=deployment)
2019-06-10 07:37:49.007 7 ERROR rally.cli.cliutils
File "/usr/lib/python2.7/site-packages/rally/api.py", line 115, in destroy
2019-06-10 07:37:49.007 7 ERROR rally.cli.cliutils deploy = objects.Deployment.get(deployment)
2019-06-10 07:37:49.007 7 ERROR rally.cli.cliutils
File "/usr/lib/python2.7/site-packages/rally/common/objects/deploy.py", line 124, in get
2019-06-10 07:37:49.007 7 ERROR rally.cli.cliutils return Deployment(env_mgr.EnvManager.get(deploy))
2019-06-10 07:37:49.007 7 ERROR rally.cli.cliutils
File "/usr/lib/python2.7/site-packages/rally/env/env_mgr.py", line 212, in get
2019-06-10 07:37:49.007 7 ERROR rally.cli.cliutils return cls(db.env_get(uuid_or_name))
2019-06-10 07:37:49.007 7 ERROR rally.cli.cliutils
File "/usr/lib/python2.7/site-packages/rally/common/db/api.py", line 135, in wrapper
2019-06-10 07:37:49.007 7 ERROR rally.cli.cliutils result = f(session, *args, **kwargs)
2019-06-10 07:37:49.007 7 ERROR rally.cli.cliutils
File "/usr/lib/python2.7/site-packages/rally/common/db/api.py", line 521, in env_get
2019-06-10 07:37:49.007 7 ERROR rally.cli.cliutils criteria="uuid or name is %s" % uuid_or_name, table="envs")
2019-06-10 07:37:49.007 7 ERROR rally.cli.cliutils DBRecordNotFound: Record for uuid or name is opnfv-rally not found in table envs
2019-06-10 07:37:49.007 7 ERROR rally.cli.cliutils
2019-06-10 07:37:49.868 9 RALLYDEBUG rally.api [-] INFO logs from urllib3 and requests module are hide.
2019-06-10 07:37:49.868 9 RALLYDEBUG rally.api [-] urllib3 insecure warnings are hidden.
2019-06-10 07:37:49.869 9 RALLYDEBUG rally.api [-] ERROR log from boto module is hide.
2019-06-10 07:37:51.156 9 WARNING rally_openstack.platforms.existing [-] endpoint is deprecated and not used.
2019-06-10 07:37:52.073 11 RALLYDEBUG rally.api [-] INFO logs from urllib3 and requests module are hide.
2019-06-10 07:37:52.074 11 RALLYDEBUG rally.api [-] urllib3 insecure warnings are hidden.
2019-06-10 07:37:52.074 11 RALLYDEBUG rally.api [-] ERROR log from boto module is hide.
2019-06-10 07:37:55.416 14 RALLYDEBUG rally.api [-] INFO logs from urllib3 and requests module are hide.
2019-06-10 07:37:55.416 14 RALLYDEBUG rally.api [-] urllib3 insecure warnings are hidden.
2019-06-10 07:37:55.416 14 RALLYDEBUG rally.api [-] ERROR log from boto module is hide.
2019-06-10 07:37:57.100 16 RALLYDEBUG rally.api [-] INFO logs from urllib3 and requests module are hide.
2019-06-10 07:37:57.100 16 RALLYDEBUG rally.api [-] urllib3 insecure warnings are hidden.
2019-06-10 07:37:57.100 16 RALLYDEBUG rally.api [-] ERROR log from boto module is hide.
2019-06-10 07:37:58.429 16 INFO rally.task.engine [-] Task 93e3b2c7-737a-4ef8-b898-bc4b106cce9e | Starting: Task validation.
2019-06-10 07:37:58.478 16 INFO rally.task.engine [-] Task 93e3b2c7-737a-4ef8-b898-bc4b106cce9e | Starting: Task validation of syntax.
2019-06-10 07:37:58.558 16 INFO rally.task.engine [-] Task 93e3b2c7-737a-4ef8-b898-bc4b106cce9e | Completed: Task validation of syntax.
2019-06-10 07:37:58.558 16 INFO rally.task.engine [-] Task 93e3b2c7-737a-4ef8-b898-bc4b106cce9e | Starting: Task validation of required platforms.
2019-06-10 07:37:58.595 16 INFO rally.task.engine [-] Task 93e3b2c7-737a-4ef8-b898-bc4b106cce9e | Completed: Task validation of required platforms.
2019-06-10 07:37:58.595 16 INFO rally.task.engine [-] Task 93e3b2c7-737a-4ef8-b898-bc4b106cce9e | Starting: Task validation of semantic.
2019-06-10 07:37:58.596 16 INFO rally.task.engine [-] Check health of the environment '728250a1-b2ab-44f2-a09c-9025d95f68ae'.
2019-06-10 07:37:59.415 16 INFO rally.task.engine [-] Platform existing@openstack (available: True): OK!
2019-06-10 07:37:59.433 16 RALLYDEBUG rally_openstack.contexts.keystone.users [-] Creating 1 tenants using 20 threads
2019-06-10 07:38:01.177 16 RALLYDEBUG rally_openstack.contexts.keystone.users [-] Creating 1 users using 20 threads
2019-06-10 07:38:03.619 16 INFO rally.task.context [-] Task 93e3b2c7-737a-4ef8-b898-bc4b106cce9e | Context users@openstack setup() finished in 4.19 sec
2019-06-10 07:38:03.666 16 INFO rally.task.context [-] Task 93e3b2c7-737a-4ef8-b898-bc4b106cce9e | Context users@openstack cleanup() started
2019-06-10 07:38:08.351 16 INFO rally.task.context [-] Task 93e3b2c7-737a-4ef8-b898-bc4b106cce9e | Context users@openstack cleanup() finished in 4.69 sec
2019-06-10 07:38:08.352 16 INFO rally.task.engine [-] Task 93e3b2c7-737a-4ef8-b898-bc4b106cce9e | Completed: Task validation of semantic.
2019-06-10 07:38:08.352 16 INFO rally.task.engine [-] Task 93e3b2c7-737a-4ef8-b898-bc4b106cce9e | Completed: Task validation.
2019-06-10 07:38:08.353 16 INFO rally.api [-] Task 93e3b2c7-737a-4ef8-b898-bc4b106cce9e input file is valid.
2019-06-10 07:38:08.353 16 INFO rally.api [-] Run Task 93e3b2c7-737a-4ef8-b898-bc4b106cce9e against Deployment 728250a1-b2ab-44f2-a09c-9025d95f68ae
2019-06-10 07:38:08.353 16 INFO rally.task.engine [-] Task 93e3b2c7-737a-4ef8-b898-bc4b106cce9e | Starting: Running task.
2019-06-10 07:38:08.512 16 INFO rally.task.engine [-] Running workload: position = 0 config = { "version": 2, "title": "A cropped version of a bigger task.", "description": "Auto-generated task from a single workload (uuid=43915213-4d73-44c6-a1b8-1b6f6d836d6a)", "subtasks": [ { "title": "Authenticate.keystone", "description": "Check Keystone Client.", "scenario": { "Authenticate.keystone": {} }, "contexts": { "users": { "tenants": 3, "users_per_tenant": 2 } }, "runner": { "constant": { "concurrency": 4, "times": 10 } }, "hooks": [], "sla": { "failure_rate": { "max": 0 } } } ] }
2019-06-10 07:38:08.532 16 RALLYDEBUG rally_openstack.contexts.keystone.users [-] Creating 3 tenants using 20 threads
2019-06-10 07:38:10.351 16 RALLYDEBUG rally_openstack.contexts.keystone.users [-] Creating 6 users using 20 threads
2019-06-10 07:38:13.170 16 INFO rally.task.context [-] Task 93e3b2c7-737a-4ef8-b898-bc4b106cce9e | Context users@openstack setup() finished in 4.64 sec
2019-06-10 07:38:13.178 16 RALLYDEBUG rally.task.runner [-] Starting the constant runner (task UUID: 93e3b2c7-737a-4ef8-b898-bc4b106cce9e). timeout: 0 concurrency: 4 concurrency_per_worker: 1 times: 10 concurrency_overhead: 0 processes_to_start: 4 max_cpu_used: 16
2019-06-10 07:38:13.191 140 RALLYDEBUG rally.task.runner [-] Starting a worker. concurrency: 1 args: {} times: 10 method_name: run timeout: 0 duration: None cls:
2019-06-10 07:38:13.193 141 RALLYDEBUG rally.task.runner [-] Starting a worker. concurrency: 1 args: {} times: 10 method_name: run timeout: 0 duration: None cls:
2019-06-10 07:38:13.197 140 INFO rally.task.runner [-] Task 93e3b2c7-737a-4ef8-b898-bc4b106cce9e | ITER: 1 START
2019-06-10 07:38:13.197 143 RALLYDEBUG rally.task.runner [-] Starting a worker. concurrency: 1 args: {} times: 10 method_name: run timeout: 0 duration: None cls:
2019-06-10 07:38:13.197 142 RALLYDEBUG rally.task.runner [-] Starting a worker. concurrency: 1 args: {} times: 10 method_name: run timeout: 0 duration: None cls:
2019-06-10 07:38:13.198 141 INFO rally.task.runner [-] Task 93e3b2c7-737a-4ef8-b898-bc4b106cce9e | ITER: 2 START
2019-06-10 07:38:13.201 143 INFO rally.task.runner [-] Task 93e3b2c7-737a-4ef8-b898-bc4b106cce9e | ITER: 3 START
2019-06-10 07:38:13.203 142 INFO rally.task.runner [-] Task 93e3b2c7-737a-4ef8-b898-bc4b106cce9e | ITER: 4 START
2019-06-10 07:38:13.747 143 INFO rally.task.runner [-] Task 93e3b2c7-737a-4ef8-b898-bc4b106cce9e | ITER: 3 END: OK
2019-06-10 07:38:13.751 143 INFO rally.task.runner [-] Task 93e3b2c7-737a-4ef8-b898-bc4b106cce9e | ITER: 5 START
2019-06-10 07:38:13.793 142 INFO rally.task.runner [-] Task 93e3b2c7-737a-4ef8-b898-bc4b106cce9e | ITER: 4 END: OK
2019-06-10 07:38:13.797 142 INFO rally.task.runner [-] Task 93e3b2c7-737a-4ef8-b898-bc4b106cce9e | ITER: 6 START
2019-06-10 07:38:13.810 141 INFO rally.task.runner [-] Task 93e3b2c7-737a-4ef8-b898-bc4b106cce9e | ITER: 2 END: OK
2019-06-10 07:38:13.814 141 INFO rally.task.runner [-] Task 93e3b2c7-737a-4ef8-b898-bc4b106cce9e | ITER: 7 START
2019-06-10 07:38:13.952 140 INFO rally.task.runner [-] Task 93e3b2c7-737a-4ef8-b898-bc4b106cce9e | ITER: 1 END: OK
2019-06-10 07:38:13.955 140 INFO rally.task.runner [-] Task 93e3b2c7-737a-4ef8-b898-bc4b106cce9e | ITER: 8 START
2019-06-10 07:38:14.357 143 INFO rally.task.runner [-] Task 93e3b2c7-737a-4ef8-b898-bc4b106cce9e | ITER: 5 END: OK
2019-06-10 07:38:14.360 143 INFO rally.task.runner [-] Task 93e3b2c7-737a-4ef8-b898-bc4b106cce9e | ITER: 9 START
2019-06-10 07:38:14.405 142 INFO rally.task.runner [-] Task 93e3b2c7-737a-4ef8-b898-bc4b106cce9e | ITER: 6 END: OK
2019-06-10 07:38:14.408 142 INFO rally.task.runner [-] Task 93e3b2c7-737a-4ef8-b898-bc4b106cce9e | ITER: 10 START
2019-06-10 07:38:14.410 141 INFO rally.task.runner [-] Task 93e3b2c7-737a-4ef8-b898-bc4b106cce9e | ITER: 7 END: OK
2019-06-10 07:38:14.544 140 INFO rally.task.runner [-] Task 93e3b2c7-737a-4ef8-b898-bc4b106cce9e | ITER: 8 END: OK
2019-06-10 07:38:14.952 143 INFO rally.task.runner [-] Task 93e3b2c7-737a-4ef8-b898-bc4b106cce9e | ITER: 9 END: OK
2019-06-10 07:38:14.992 142 INFO rally.task.runner [-] Task 93e3b2c7-737a-4ef8-b898-bc4b106cce9e | ITER: 10 END: OK
2019-06-10 07:38:15.011 16 INFO rally.task.context [-] Task 93e3b2c7-737a-4ef8-b898-bc4b106cce9e | Context users@openstack cleanup() started
2019-06-10 07:38:22.042 16 INFO rally.task.context [-] Task 93e3b2c7-737a-4ef8-b898-bc4b106cce9e | Context users@openstack cleanup() finished in 7.03 sec
2019-06-10 07:38:22.596 16 INFO rally.task.engine [-] Load duration is: 1.793711
2019-06-10 07:38:22.597 16 INFO rally.task.engine [-] Full runner duration is: 1.833914
2019-06-10 07:38:22.597 16 INFO rally.task.engine [-] Full duration is: 13.512594
2019-06-10 07:38:22.830 16 INFO rally.task.engine [-] Running workload: position = 0 config = { "version": 2, "title": "A cropped version of a bigger task.", "description": "Auto-generated task from a single workload (uuid=35c59e5b-419c-48a8-9db4-c91a0c34dcc1)", "subtasks": [ { "title": "Authenticate.validate_cinder", "description": "Check Cinder Client to ensure validation of token.", "scenario": { "Authenticate.validate_cinder": { "repetitions": 2 } }, "contexts": { "users": { "tenants": 3, "users_per_tenant": 2 } }, "runner": { "constant": { "concurrency": 4, "times": 10 } }, "hooks": [], "sla": { "failure_rate": { "max": 0 } } } ] }
2019-06-10 07:38:22.851 16 RALLYDEBUG rally_openstack.contexts.keystone.users [-] Creating 3 tenants using 20 threads
2019-06-10 07:38:24.679 16 RALLYDEBUG rally_openstack.contexts.keystone.users [-] Creating 6 users using 20 threads
2019-06-10 07:38:27.329 16 INFO rally.task.context [-] Task 93e3b2c7-737a-4ef8-b898-bc4b106cce9e | Context users@openstack setup() finished in 4.48 sec
2019-06-10 07:38:27.338 16 RALLYDEBUG rally.task.runner [-] Starting the constant runner (task UUID: 93e3b2c7-737a-4ef8-b898-bc4b106cce9e). timeout: 0 concurrency: 4 concurrency_per_worker: 1 times: 10 concurrency_overhead: 0 processes_to_start: 4 max_cpu_used: 16
2019-06-10 07:38:27.353 244 RALLYDEBUG rally.task.runner [-] Starting a worker. concurrency: 1 args: {"repetitions": 2} times: 10 method_name: run timeout: 0 duration: None cls:
2019-06-10 07:38:27.357 245 RALLYDEBUG rally.task.runner [-] Starting a worker. concurrency: 1 args: {"repetitions": 2} times: 10 method_name: run timeout: 0 duration: None cls:
2019-06-10 07:38:27.359 244 INFO rally.task.runner [-] Task 93e3b2c7-737a-4ef8-b898-bc4b106cce9e | ITER: 1 START
2019-06-10 07:38:27.360 246 RALLYDEBUG rally.task.runner [-] Starting a worker. concurrency: 1 args: {"repetitions": 2} times: 10 method_name: run timeout: 0 duration: None cls:
2019-06-10 07:38:27.362 247 RALLYDEBUG rally.task.runner [-] Starting a worker. concurrency: 1 args: {"repetitions": 2} times: 10 method_name: run timeout: 0 duration: None cls:
2019-06-10 07:38:27.363 245 INFO rally.task.runner [-] Task 93e3b2c7-737a-4ef8-b898-bc4b106cce9e | ITER: 2 START
2019-06-10 07:38:27.366 246 INFO rally.task.runner [-] Task 93e3b2c7-737a-4ef8-b898-bc4b106cce9e | ITER: 3 START
2019-06-10 07:38:27.366 247 INFO rally.task.runner [-] Task 93e3b2c7-737a-4ef8-b898-bc4b106cce9e | ITER: 4 START
2019-06-10 07:38:28.822 244 INFO rally.task.runner [-] Task 93e3b2c7-737a-4ef8-b898-bc4b106cce9e | ITER: 1 END: OK
2019-06-10 07:38:28.827 244 INFO rally.task.runner [-] Task 93e3b2c7-737a-4ef8-b898-bc4b106cce9e | ITER: 5 START
2019-06-10 07:38:29.241 246 INFO rally.task.runner [-] Task 93e3b2c7-737a-4ef8-b898-bc4b106cce9e | ITER: 3 END: OK
2019-06-10 07:38:29.246 246 INFO rally.task.runner [-] Task 93e3b2c7-737a-4ef8-b898-bc4b106cce9e | ITER: 6 START
2019-06-10 07:38:29.269 245 INFO rally.task.runner [-] Task 93e3b2c7-737a-4ef8-b898-bc4b106cce9e | ITER: 2 END: OK
2019-06-10 07:38:29.272 245 INFO rally.task.runner [-] Task 93e3b2c7-737a-4ef8-b898-bc4b106cce9e | ITER: 7 START
2019-06-10 07:38:29.327 247 INFO rally.task.runner [-] Task 93e3b2c7-737a-4ef8-b898-bc4b106cce9e | ITER: 4 END: OK
2019-06-10 07:38:29.331 247 INFO rally.task.runner [-] Task 93e3b2c7-737a-4ef8-b898-bc4b106cce9e | ITER: 8 START
2019-06-10 07:38:30.223 246 INFO rally.task.runner [-] Task 93e3b2c7-737a-4ef8-b898-bc4b106cce9e | ITER: 6 END: OK
2019-06-10 07:38:30.227 246 INFO rally.task.runner [-] Task 93e3b2c7-737a-4ef8-b898-bc4b106cce9e | ITER: 9 START
2019-06-10 07:38:32.229 244 INFO rally.task.runner [-] Task 93e3b2c7-737a-4ef8-b898-bc4b106cce9e | ITER: 5 END: OK
2019-06-10 07:38:32.233 244 INFO rally.task.runner [-] Task 93e3b2c7-737a-4ef8-b898-bc4b106cce9e | ITER: 10 START
2019-06-10 07:38:32.311 247 INFO rally.task.runner [-] Task 93e3b2c7-737a-4ef8-b898-bc4b106cce9e | ITER: 8 END: OK
2019-06-10 07:38:32.425 245 INFO rally.task.runner [-] Task 93e3b2c7-737a-4ef8-b898-bc4b106cce9e | ITER: 7 END: OK
2019-06-10 07:38:32.858 246 INFO rally.task.runner [-] Task 93e3b2c7-737a-4ef8-b898-bc4b106cce9e | ITER: 9 END: OK
2019-06-10 07:38:33.576 244 INFO rally.task.runner [-] Task 93e3b2c7-737a-4ef8-b898-bc4b106cce9e | ITER: 10 END: OK
2019-06-10 07:38:33.601 16 INFO rally.task.context [-] Task 93e3b2c7-737a-4ef8-b898-bc4b106cce9e | Context users@openstack cleanup() started
2019-06-10 07:38:40.740 16 INFO rally.task.context [-] Task 93e3b2c7-737a-4ef8-b898-bc4b106cce9e | Context users@openstack cleanup() finished in 7.14 sec
2019-06-10 07:38:40.936 16 INFO rally.task.engine [-] Load duration is: 6.21504
2019-06-10 07:38:40.937 16 INFO rally.task.engine [-] Full runner duration is: 6.264182
2019-06-10 07:38:40.937 16 INFO rally.task.engine [-] Full duration is: 17.890366
2019-06-10 07:38:41.219 16 INFO rally.task.engine [-] Running workload: position = 0 config = { "version": 2, "title": "A cropped version of a bigger task.", "description": "Auto-generated task from a single workload (uuid=2c1475ac-b714-41f2-a658-c51e5bf7bf5b)", "subtasks": [ { "title": "Authenticate.validate_glance", "description": "Check Glance Client to ensure validation of token.", "scenario": { "Authenticate.validate_glance": { "repetitions": 2 } }, "contexts": { "users": { "tenants": 3, "users_per_tenant": 2 } }, "runner": { "constant": { "concurrency": 4, "times": 10 } }, "hooks": [], "sla": { "failure_rate": { "max": 0 } } } ] }
2019-06-10 07:38:41.241 16 RALLYDEBUG rally_openstack.contexts.keystone.users [-] Creating 3 tenants using 20 threads
2019-06-10 07:38:43.016 16 RALLYDEBUG rally_openstack.contexts.keystone.users [-] Creating 6 users using 20 threads
2019-06-10 07:38:45.903 16 INFO rally.task.context [-] Task 93e3b2c7-737a-4ef8-b898-bc4b106cce9e | Context users@openstack setup() finished in 4.66 sec
2019-06-10 07:38:45.910 16 RALLYDEBUG rally.task.runner [-] Starting the constant runner (task UUID: 93e3b2c7-737a-4ef8-b898-bc4b106cce9e). timeout: 0 concurrency: 4 concurrency_per_worker: 1 times: 10 concurrency_overhead: 0 processes_to_start: 4 max_cpu_used: 16
2019-06-10 07:38:45.923 348 RALLYDEBUG rally.task.runner [-] Starting a worker. concurrency: 1 args: {"repetitions": 2} times: 10 method_name: run timeout: 0 duration: None cls:
2019-06-10 07:38:45.925 349 RALLYDEBUG rally.task.runner [-] Starting a worker. concurrency: 1 args: {"repetitions": 2} times: 10 method_name: run timeout: 0 duration: None cls:
2019-06-10 07:38:45.927 350 RALLYDEBUG rally.task.runner [-] Starting a worker. concurrency: 1 args: {"repetitions": 2} times: 10 method_name: run timeout: 0 duration: None cls:
2019-06-10 07:38:45.929 348 INFO rally.task.runner [-] Task 93e3b2c7-737a-4ef8-b898-bc4b106cce9e | ITER: 1 START
2019-06-10 07:38:45.931 349 INFO rally.task.runner [-] Task 93e3b2c7-737a-4ef8-b898-bc4b106cce9e | ITER: 2 START
2019-06-10 07:38:45.931 351 RALLYDEBUG rally.task.runner [-] Starting a worker. concurrency: 1 args: {"repetitions": 2} times: 10 method_name: run timeout: 0 duration: None cls:
2019-06-10 07:38:45.933 350 INFO rally.task.runner [-] Task 93e3b2c7-737a-4ef8-b898-bc4b106cce9e | ITER: 3 START
2019-06-10 07:38:45.937 351 INFO rally.task.runner [-] Task 93e3b2c7-737a-4ef8-b898-bc4b106cce9e | ITER: 4 START
2019-06-10 07:38:46.744 349 INFO rally.task.runner [-] Task 93e3b2c7-737a-4ef8-b898-bc4b106cce9e | ITER: 2 END: OK
2019-06-10 07:38:46.750 349 INFO rally.task.runner [-] Task 93e3b2c7-737a-4ef8-b898-bc4b106cce9e | ITER: 5 START
2019-06-10 07:38:46.769 348 INFO rally.task.runner [-] Task 93e3b2c7-737a-4ef8-b898-bc4b106cce9e | ITER: 1 END: OK
2019-06-10 07:38:46.773 348 INFO rally.task.runner [-] Task 93e3b2c7-737a-4ef8-b898-bc4b106cce9e | ITER: 6 START
2019-06-10 07:38:46.787 351 INFO rally.task.runner [-] Task 93e3b2c7-737a-4ef8-b898-bc4b106cce9e | ITER: 4 END: OK
2019-06-10 07:38:46.791 351 INFO rally.task.runner [-] Task 93e3b2c7-737a-4ef8-b898-bc4b106cce9e | ITER: 7 START
2019-06-10 07:38:46.864 350 INFO rally.task.runner [-] Task 93e3b2c7-737a-4ef8-b898-bc4b106cce9e | ITER: 3 END: OK
2019-06-10 07:38:46.869 350 INFO rally.task.runner [-] Task 93e3b2c7-737a-4ef8-b898-bc4b106cce9e | ITER: 8 START
2019-06-10 07:38:47.574 351 INFO rally.task.runner [-] Task 93e3b2c7-737a-4ef8-b898-bc4b106cce9e | ITER: 7 END: OK
2019-06-10 07:38:47.578 351 INFO rally.task.runner [-] Task 93e3b2c7-737a-4ef8-b898-bc4b106cce9e | ITER: 9 START
2019-06-10 07:38:47.639 349 INFO rally.task.runner [-] Task 93e3b2c7-737a-4ef8-b898-bc4b106cce9e | ITER: 5 END: OK
2019-06-10 07:38:47.643 349 INFO rally.task.runner [-] Task 93e3b2c7-737a-4ef8-b898-bc4b106cce9e | ITER: 10 START
2019-06-10 07:38:47.645 350 INFO rally.task.runner [-] Task 93e3b2c7-737a-4ef8-b898-bc4b106cce9e | ITER: 8 END: OK
2019-06-10 07:38:47.685 348 INFO rally.task.runner [-] Task 93e3b2c7-737a-4ef8-b898-bc4b106cce9e | ITER: 6 END: OK
2019-06-10 07:38:48.372 351 INFO rally.task.runner [-] Task 93e3b2c7-737a-4ef8-b898-bc4b106cce9e | ITER: 9 END: OK
2019-06-10 07:38:48.373 349 INFO rally.task.runner [-] Task 93e3b2c7-737a-4ef8-b898-bc4b106cce9e | ITER: 10 END: OK
2019-06-10 07:38:48.396 16 INFO rally.task.context [-] Task 93e3b2c7-737a-4ef8-b898-bc4b106cce9e | Context users@openstack cleanup() started
2019-06-10 07:38:55.072 16 INFO rally.task.context [-] Task 93e3b2c7-737a-4ef8-b898-bc4b106cce9e | Context users@openstack cleanup() finished in 6.68 sec
2019-06-10 07:38:55.344 16 INFO rally.task.engine [-] Load duration is: 2.442219
2019-06-10 07:38:55.344 16 INFO rally.task.engine [-] Full runner duration is: 2.486622
2019-06-10 07:38:55.344 16 INFO rally.task.engine [-] Full duration is: 13.834282
2019-06-10 07:38:55.645 16 INFO rally.task.engine [-] Running workload: position = 0 config = { "version": 2, "title": "A cropped version of a bigger task.", "description": "Auto-generated task from a single workload (uuid=705966a7-c691-4e90-a25c-c36ac0c17b41)", "subtasks": [ { "title": "Authenticate.validate_heat", "description": "Check Heat Client to ensure validation of token.", "scenario": { "Authenticate.validate_heat": { "repetitions": 2 } }, "contexts": { "users": { "tenants": 3, "users_per_tenant": 2 } }, "runner": { "constant": { "concurrency": 4, "times": 10 } }, "hooks": [], "sla": { "failure_rate": { "max": 0 } } } ] }
2019-06-10 07:38:55.665 16 RALLYDEBUG rally_openstack.contexts.keystone.users [-] Creating 3 tenants using 20 threads
2019-06-10 07:38:57.534 16 RALLYDEBUG rally_openstack.contexts.keystone.users [-] Creating 6 users using 20 threads
2019-06-10 07:39:00.161 16 INFO rally.task.context [-] Task 93e3b2c7-737a-4ef8-b898-bc4b106cce9e | Context users@openstack setup() finished in 4.50 sec
2019-06-10 07:39:00.167 16 RALLYDEBUG rally.task.runner [-] Starting the constant runner (task UUID: 93e3b2c7-737a-4ef8-b898-bc4b106cce9e). timeout: 0 concurrency: 4 concurrency_per_worker: 1 times: 10 concurrency_overhead: 0 processes_to_start: 4 max_cpu_used: 16
2019-06-10 07:39:00.179 452 RALLYDEBUG rally.task.runner [-] Starting a worker. concurrency: 1 args: {"repetitions": 2} times: 10 method_name: run timeout: 0 duration: None cls:
2019-06-10 07:39:00.181 453 RALLYDEBUG rally.task.runner [-] Starting a worker. concurrency: 1 args: {"repetitions": 2} times: 10 method_name: run timeout: 0 duration: None cls:
2019-06-10 07:39:00.183 454 RALLYDEBUG rally.task.runner [-] Starting a worker. concurrency: 1 args: {"repetitions": 2} times: 10 method_name: run timeout: 0 duration: None cls:
2019-06-10 07:39:00.185 455 RALLYDEBUG rally.task.runner [-] Starting a worker. concurrency: 1 args: {"repetitions": 2} times: 10 method_name: run timeout: 0 duration: None cls:
2019-06-10 07:39:00.188 452 INFO rally.task.runner [-] Task 93e3b2c7-737a-4ef8-b898-bc4b106cce9e | ITER: 1 START
2019-06-10 07:39:00.188 453 INFO rally.task.runner [-] Task 93e3b2c7-737a-4ef8-b898-bc4b106cce9e | ITER: 2 START
2019-06-10 07:39:00.190 454 INFO rally.task.runner [-] Task 93e3b2c7-737a-4ef8-b898-bc4b106cce9e | ITER: 3 START
2019-06-10 07:39:00.191 455 INFO rally.task.runner [-] Task 93e3b2c7-737a-4ef8-b898-bc4b106cce9e | ITER: 4 START
2019-06-10 07:39:01.771 452 INFO rally.task.runner [-] Task 93e3b2c7-737a-4ef8-b898-bc4b106cce9e | ITER: 1 END: OK
2019-06-10 07:39:01.775 452 INFO rally.task.runner [-] Task 93e3b2c7-737a-4ef8-b898-bc4b106cce9e | ITER: 5 START
2019-06-10 07:39:02.096 453 INFO rally.task.runner [-] Task 93e3b2c7-737a-4ef8-b898-bc4b106cce9e | ITER: 2 END: OK
2019-06-10 07:39:02.099 453 INFO rally.task.runner [-] Task 93e3b2c7-737a-4ef8-b898-bc4b106cce9e | ITER: 6 START
2019-06-10 07:39:02.113 454 INFO rally.task.runner [-] Task 93e3b2c7-737a-4ef8-b898-bc4b106cce9e | ITER: 3 END: OK
2019-06-10 07:39:02.117 454 INFO rally.task.runner [-] Task 93e3b2c7-737a-4ef8-b898-bc4b106cce9e | ITER: 7 START
2019-06-10 07:39:02.226 455 INFO rally.task.runner [-] Task 93e3b2c7-737a-4ef8-b898-bc4b106cce9e | ITER: 4 END: OK
2019-06-10 07:39:02.230 455 INFO rally.task.runner [-] Task 93e3b2c7-737a-4ef8-b898-bc4b106cce9e | ITER: 8 START
2019-06-10 07:39:03.291 452 INFO rally.task.runner [-] Task 93e3b2c7-737a-4ef8-b898-bc4b106cce9e | ITER: 5 END: OK
2019-06-10 07:39:03.294 452 INFO rally.task.runner [-] Task 93e3b2c7-737a-4ef8-b898-bc4b106cce9e | ITER: 9 START
2019-06-10 07:39:03.406 453 INFO rally.task.runner [-] Task 93e3b2c7-737a-4ef8-b898-bc4b106cce9e | ITER: 6 END: OK
2019-06-10 07:39:03.410 453 INFO rally.task.runner [-] Task 93e3b2c7-737a-4ef8-b898-bc4b106cce9e | ITER: 10 START
2019-06-10 07:39:03.478 454 INFO rally.task.runner [-] Task 93e3b2c7-737a-4ef8-b898-bc4b106cce9e | ITER: 7 END: OK
2019-06-10 07:39:03.565 455 INFO rally.task.runner [-] Task 93e3b2c7-737a-4ef8-b898-bc4b106cce9e | ITER: 8 END: OK
2019-06-10 07:39:04.247 452 INFO rally.task.runner [-] Task 93e3b2c7-737a-4ef8-b898-bc4b106cce9e | ITER: 9 END: OK
2019-06-10 07:39:04.334 453 INFO rally.task.runner [-] Task 93e3b2c7-737a-4ef8-b898-bc4b106cce9e | ITER: 10 END: OK
2019-06-10 07:39:04.357 16 INFO rally.task.context [-] Task 93e3b2c7-737a-4ef8-b898-bc4b106cce9e | Context users@openstack cleanup() started
2019-06-10 07:39:13.510 16 INFO rally.task.context [-] Task 93e3b2c7-737a-4ef8-b898-bc4b106cce9e | Context users@openstack cleanup() finished in 9.15 sec
2019-06-10 07:39:13.753 16 INFO rally.task.engine [-] Load duration is: 4.144264
2019-06-10 07:39:13.753 16 INFO rally.task.engine [-] Full runner duration is: 4.190902
2019-06-10 07:39:13.753 16 INFO rally.task.engine [-] Full duration is: 17.846017
2019-06-10 07:39:14.062 16 INFO rally.task.engine [-] Running workload: position = 0 config = { "version": 2, "title": "A cropped version of a bigger task.", "description": "Auto-generated task from a single workload (uuid=c8a8f9b8-4baf-48b3-8eb5-54cb13dad734)", "subtasks": [ { "title": "Authenticate.validate_neutron", "description": "Check Neutron Client to ensure validation of token.", "scenario": { "Authenticate.validate_neutron": { "repetitions": 2 } }, "contexts": { "users": { "tenants": 3, "users_per_tenant": 2 } }, "runner": { "constant": { "concurrency": 4, "times": 10 } }, "hooks": [], "sla": { "failure_rate": { "max": 0 } } } ] }
2019-06-10 07:39:14.083 16 RALLYDEBUG rally_openstack.contexts.keystone.users [-] Creating 3 tenants using 20 threads
2019-06-10 07:39:16.070 16 RALLYDEBUG rally_openstack.contexts.keystone.users [-] Creating 6 users using 20 threads
2019-06-10 07:39:18.698 16 INFO rally.task.context [-] Task 93e3b2c7-737a-4ef8-b898-bc4b106cce9e | Context users@openstack setup() finished in 4.62 sec
2019-06-10 07:39:18.706 16 RALLYDEBUG rally.task.runner [-] Starting the constant runner (task UUID: 93e3b2c7-737a-4ef8-b898-bc4b106cce9e). timeout: 0 concurrency: 4 concurrency_per_worker: 1 times: 10 concurrency_overhead: 0 processes_to_start: 4 max_cpu_used: 16
2019-06-10 07:39:18.718 556 RALLYDEBUG rally.task.runner [-] Starting a worker. concurrency: 1 args: {"repetitions": 2} times: 10 method_name: run timeout: 0 duration: None cls:
2019-06-10 07:39:18.720 557 RALLYDEBUG rally.task.runner [-] Starting a worker. concurrency: 1 args: {"repetitions": 2} times: 10 method_name: run timeout: 0 duration: None cls:
2019-06-10 07:39:18.725 556 INFO rally.task.runner [-] Task 93e3b2c7-737a-4ef8-b898-bc4b106cce9e | ITER: 1 START
2019-06-10 07:39:18.724 558 RALLYDEBUG rally.task.runner [-] Starting a worker. concurrency: 1 args: {"repetitions": 2} times: 10 method_name: run timeout: 0 duration: None cls:
2019-06-10 07:39:18.726 557 INFO rally.task.runner [-] Task 93e3b2c7-737a-4ef8-b898-bc4b106cce9e | ITER: 2 START
2019-06-10 07:39:18.728 559 RALLYDEBUG rally.task.runner [-] Starting a worker. concurrency: 1 args: {"repetitions": 2} times: 10 method_name: run timeout: 0 duration: None cls:
2019-06-10 07:39:18.731 558 INFO rally.task.runner [-] Task 93e3b2c7-737a-4ef8-b898-bc4b106cce9e | ITER: 3 START
2019-06-10 07:39:18.734 559 INFO rally.task.runner [-] Task 93e3b2c7-737a-4ef8-b898-bc4b106cce9e | ITER: 4 START
2019-06-10 07:39:19.700 559 INFO rally.task.runner [-] Task 93e3b2c7-737a-4ef8-b898-bc4b106cce9e | ITER: 4 END: OK
2019-06-10 07:39:19.705 559 INFO rally.task.runner [-] Task 93e3b2c7-737a-4ef8-b898-bc4b106cce9e | ITER: 5 START
2019-06-10 07:39:19.718 557 INFO rally.task.runner [-] Task 93e3b2c7-737a-4ef8-b898-bc4b106cce9e | ITER: 2 END: OK
2019-06-10 07:39:19.722 557 INFO rally.task.runner [-] Task 93e3b2c7-737a-4ef8-b898-bc4b106cce9e | ITER: 6 START
2019-06-10 07:39:20.181 556 INFO rally.task.runner [-] Task 93e3b2c7-737a-4ef8-b898-bc4b106cce9e | ITER: 1 END: OK
2019-06-10 07:39:20.186 556 INFO rally.task.runner [-] Task 93e3b2c7-737a-4ef8-b898-bc4b106cce9e | ITER: 7 START
2019-06-10 07:39:20.187 558 INFO rally.task.runner [-] Task 93e3b2c7-737a-4ef8-b898-bc4b106cce9e | ITER: 3 END: OK
2019-06-10 07:39:20.191 558 INFO rally.task.runner [-] Task 93e3b2c7-737a-4ef8-b898-bc4b106cce9e | ITER: 8 START
2019-06-10 07:39:20.795 559 INFO rally.task.runner [-] Task 93e3b2c7-737a-4ef8-b898-bc4b106cce9e | ITER: 5 END: OK
2019-06-10 07:39:20.800 557 INFO rally.task.runner [-] Task 93e3b2c7-737a-4ef8-b898-bc4b106cce9e | ITER: 6 END: OK
2019-06-10 07:39:20.801 559 INFO rally.task.runner [-] Task 93e3b2c7-737a-4ef8-b898-bc4b106cce9e | ITER: 9 START
2019-06-10 07:39:20.805 557 INFO rally.task.runner [-] Task 93e3b2c7-737a-4ef8-b898-bc4b106cce9e | ITER: 10 START
2019-06-10 07:39:21.214 556 INFO rally.task.runner [-] Task 93e3b2c7-737a-4ef8-b898-bc4b106cce9e | ITER: 7 END: OK
2019-06-10 07:39:21.304 558 INFO rally.task.runner [-] Task 93e3b2c7-737a-4ef8-b898-bc4b106cce9e | ITER: 8 END: OK
2019-06-10 07:39:21.637 559 INFO rally.task.runner [-] Task 93e3b2c7-737a-4ef8-b898-bc4b106cce9e | ITER: 9 END: OK
2019-06-10 07:39:21.705 557 INFO rally.task.runner [-] Task 93e3b2c7-737a-4ef8-b898-bc4b106cce9e | ITER: 10 END: OK
2019-06-10 07:39:21.728 16 INFO rally.task.context [-] Task 93e3b2c7-737a-4ef8-b898-bc4b106cce9e | Context users@openstack cleanup() started
2019-06-10 07:39:28.233 16 INFO rally.task.context [-] Task 93e3b2c7-737a-4ef8-b898-bc4b106cce9e | Context users@openstack cleanup() finished in 6.51 sec
2019-06-10 07:39:30.202 16 INFO rally.task.engine [-] Load duration is: 2.979334
2019-06-10 07:39:30.203 16 INFO rally.task.engine [-] Full runner duration is: 3.022502
2019-06-10 07:39:30.203 16 INFO rally.task.engine [-] Full duration is: 14.151023
2019-06-10 07:39:30.460 16 INFO rally.task.engine [-] Running workload: position = 0 config = { "version": 2, "title": "A cropped version of a bigger task.", "description": "Auto-generated task from a single workload (uuid=a69284ed-ac67-4b97-93d0-6bc1a5b4bdab)", "subtasks": [ { "title": "Authenticate.validate_nova", "description": "Check Nova Client to ensure validation of token.", "scenario": { "Authenticate.validate_nova": { "repetitions": 2 } }, "contexts": { "users": { "tenants": 3, "users_per_tenant": 2 } }, "runner": { "constant": { "concurrency": 4, "times": 10 } }, "hooks": [], "sla": { "failure_rate": { "max": 0 } } } ] }
2019-06-10 07:39:30.480 16 RALLYDEBUG rally_openstack.contexts.keystone.users [-] Creating 3 tenants using 20 threads
2019-06-10 07:39:32.230 16 RALLYDEBUG rally_openstack.contexts.keystone.users [-] Creating 6 users using 20 threads
2019-06-10 07:39:34.946 16 INFO rally.task.context [-] Task 93e3b2c7-737a-4ef8-b898-bc4b106cce9e | Context users@openstack setup() finished in 4.47 sec
2019-06-10 07:39:34.953 16 RALLYDEBUG rally.task.runner [-] Starting the constant runner (task UUID: 93e3b2c7-737a-4ef8-b898-bc4b106cce9e). timeout: 0 concurrency: 4 concurrency_per_worker: 1 times: 10 concurrency_overhead: 0 processes_to_start: 4 max_cpu_used: 16
2019-06-10 07:39:34.962 660 RALLYDEBUG rally.task.runner [-] Starting a worker. concurrency: 1 args: {"repetitions": 2} times: 10 method_name: run timeout: 0 duration: None cls:
2019-06-10 07:39:34.967 660 INFO rally.task.runner [-] Task 93e3b2c7-737a-4ef8-b898-bc4b106cce9e | ITER: 1 START
2019-06-10 07:39:34.968 661 RALLYDEBUG rally.task.runner [-] Starting a worker. concurrency: 1 args: {"repetitions": 2} times: 10 method_name: run timeout: 0 duration: None cls:
2019-06-10 07:39:34.971 662 RALLYDEBUG rally.task.runner [-] Starting a worker. concurrency: 1 args: {"repetitions": 2} times: 10 method_name: run timeout: 0 duration: None cls:
2019-06-10 07:39:34.972 665 RALLYDEBUG rally.task.runner [-] Starting a worker. concurrency: 1 args: {"repetitions": 2} times: 10 method_name: run timeout: 0 duration: None cls:
2019-06-10 07:39:34.974 661 INFO rally.task.runner [-] Task 93e3b2c7-737a-4ef8-b898-bc4b106cce9e | ITER: 2 START
2019-06-10 07:39:34.975 665 INFO rally.task.runner [-] Task 93e3b2c7-737a-4ef8-b898-bc4b106cce9e | ITER: 4 START
2019-06-10 07:39:34.977 662 INFO rally.task.runner [-] Task 93e3b2c7-737a-4ef8-b898-bc4b106cce9e | ITER: 3 START
2019-06-10 07:39:35.457 665 DEBUG novaclient.v2.client [-] REQ: curl -g -i -X GET http://172.30.9.21:8774/v2.1/flavors/detail -H "Accept: application/json" -H "User-Agent: python-novaclient" -H "X-Auth-Token: {SHA1}12d626e3aff8059daa94b759d801eba28cacb2e6" _http_log_request /usr/lib/python2.7/site-packages/keystoneauth1/session.py:448
2019-06-10 07:39:35.458 662 DEBUG novaclient.v2.client [-] REQ: curl -g -i -X GET http://172.30.9.21:8774/v2.1/flavors/detail -H "Accept: application/json" -H "User-Agent: python-novaclient" -H "X-Auth-Token: {SHA1}f2138f1166b504fa9892187edc3b7de8cf412090" _http_log_request /usr/lib/python2.7/site-packages/keystoneauth1/session.py:448
2019-06-10 07:39:35.483 660 DEBUG novaclient.v2.client [-] REQ: curl -g -i -X GET http://172.30.9.21:8774/v2.1/flavors/detail -H "Accept: application/json" -H "User-Agent: python-novaclient" -H "X-Auth-Token: {SHA1}0e50b244ad0a70d83bc6139edef7d0637f74e6f1" _http_log_request /usr/lib/python2.7/site-packages/keystoneauth1/session.py:448
2019-06-10 07:39:35.492 661 DEBUG novaclient.v2.client [-] REQ: curl -g -i -X GET http://172.30.9.21:8774/v2.1/flavors/detail -H "Accept: application/json" -H "User-Agent: python-novaclient" -H "X-Auth-Token: {SHA1}00e2be2501f9a46954e7531f98c254ec76672101" _http_log_request /usr/lib/python2.7/site-packages/keystoneauth1/session.py:448
2019-06-10 07:39:35.757 662 DEBUG novaclient.v2.client [-] RESP: [200] Content-Encoding: gzip Content-Length: 364 Content-Type: application/json Date: Mon, 10 Jun 2019 07:39:35 GMT OpenStack-API-Version: compute 2.1 Server: Apache Vary: OpenStack-API-Version,X-OpenStack-Nova-API-Version,Accept-Encoding X-OpenStack-Nova-API-Version: 2.1 x-compute-request-id: req-528339e9-173d-407e-a9be-e694c21404ad x-openstack-request-id: req-528339e9-173d-407e-a9be-e694c21404ad _http_log_response /usr/lib/python2.7/site-packages/keystoneauth1/session.py:479
2019-06-10 07:39:35.758 662 DEBUG novaclient.v2.client [-] RESP BODY: {"flavors": [{"name": "rally_full-flavor_059cba28-570c-427d-b841-d16adb4c7ced", "links": [{"href": "http://172.30.9.21:8774/v2.1/flavors/33a189d3-0d5c-4be3-8fd5-ccbe66c846c4", "rel": "self"}, {"href": "http://172.30.9.21:8774/flavors/33a189d3-0d5c-4be3-8fd5-ccbe66c846c4", "rel": "bookmark"}], "ram": 512, "OS-FLV-DISABLED:disabled": false, "vcpus": 1, "swap": "", "os-flavor-access:is_public": true, "rxtx_factor": 1.0, "OS-FLV-EXT-DATA:ephemeral": 0, "disk": 1, "id": "33a189d3-0d5c-4be3-8fd5-ccbe66c846c4"}, {"name": "rally_full-flavor_alt_059cba28-570c-427d-b841-d16adb4c7ced", "links": [{"href": "http://172.30.9.21:8774/v2.1/flavors/779c0713-b027-49df-bb87-be4eb24df05a", "rel": "self"}, {"href": "http://172.30.9.21:8774/flavors/779c0713-b027-49df-bb87-be4eb24df05a", "rel": "bookmark"}], "ram": 1024, "OS-FLV-DISABLED:disabled": false, "vcpus": 1, "swap": "", "os-flavor-access:is_public": true, "rxtx_factor": 1.0, "OS-FLV-EXT-DATA:ephemeral": 0, "disk": 1, "id": "779c0713-b027-49df-bb87-be4eb24df05a"}]} _http_log_response /usr/lib/python2.7/site-packages/keystoneauth1/session.py:511
2019-06-10 07:39:35.758 662 DEBUG novaclient.v2.client [-] GET call to compute for http://172.30.9.21:8774/v2.1/flavors/detail used request id req-528339e9-173d-407e-a9be-e694c21404ad request /usr/lib/python2.7/site-packages/keystoneauth1/session.py:844
2019-06-10 07:39:35.760 662 DEBUG novaclient.v2.client [-] REQ: curl -g -i -X GET http://172.30.9.21:8774/v2.1/flavors/detail -H "Accept: application/json" -H "User-Agent: python-novaclient" -H "X-Auth-Token: {SHA1}f2138f1166b504fa9892187edc3b7de8cf412090" _http_log_request /usr/lib/python2.7/site-packages/keystoneauth1/session.py:448
2019-06-10 07:39:35.782 662 DEBUG novaclient.v2.client [-] RESP: [200] Content-Encoding: gzip Content-Length: 364 Content-Type: application/json Date: Mon, 10 Jun 2019 07:39:35 GMT OpenStack-API-Version: compute 2.1 Server: Apache Vary: OpenStack-API-Version,X-OpenStack-Nova-API-Version,Accept-Encoding X-OpenStack-Nova-API-Version: 2.1 x-compute-request-id: req-d292bc8e-915b-470e-a468-c64a81b0ea64 x-openstack-request-id: req-d292bc8e-915b-470e-a468-c64a81b0ea64 _http_log_response /usr/lib/python2.7/site-packages/keystoneauth1/session.py:479
2019-06-10 07:39:35.783 662 DEBUG novaclient.v2.client [-] RESP BODY: {"flavors": [{"name": "rally_full-flavor_059cba28-570c-427d-b841-d16adb4c7ced", "links": [{"href": "http://172.30.9.21:8774/v2.1/flavors/33a189d3-0d5c-4be3-8fd5-ccbe66c846c4", "rel": "self"}, {"href": "http://172.30.9.21:8774/flavors/33a189d3-0d5c-4be3-8fd5-ccbe66c846c4", "rel": "bookmark"}], "ram": 512, "OS-FLV-DISABLED:disabled": false, "vcpus": 1, "swap": "", "os-flavor-access:is_public": true, "rxtx_factor": 1.0, "OS-FLV-EXT-DATA:ephemeral": 0, "disk": 1, "id": "33a189d3-0d5c-4be3-8fd5-ccbe66c846c4"}, {"name": "rally_full-flavor_alt_059cba28-570c-427d-b841-d16adb4c7ced", "links": [{"href": "http://172.30.9.21:8774/v2.1/flavors/779c0713-b027-49df-bb87-be4eb24df05a", "rel": "self"}, {"href": "http://172.30.9.21:8774/flavors/779c0713-b027-49df-bb87-be4eb24df05a", "rel": "bookmark"}], "ram": 1024, "OS-FLV-DISABLED:disabled": false, "vcpus": 1, "swap": "", "os-flavor-access:is_public": true, "rxtx_factor": 1.0, "OS-FLV-EXT-DATA:ephemeral": 0, "disk": 1, "id": "779c0713-b027-49df-bb87-be4eb24df05a"}]} _http_log_response /usr/lib/python2.7/site-packages/keystoneauth1/session.py:511
2019-06-10 07:39:35.783 662 DEBUG novaclient.v2.client [-] GET call to compute for http://172.30.9.21:8774/v2.1/flavors/detail used request id req-d292bc8e-915b-470e-a468-c64a81b0ea64 request /usr/lib/python2.7/site-packages/keystoneauth1/session.py:844
2019-06-10 07:39:35.784 662 INFO rally.task.runner [-] Task 93e3b2c7-737a-4ef8-b898-bc4b106cce9e | ITER: 3 END: OK
2019-06-10 07:39:35.788 662 INFO rally.task.runner [-] Task 93e3b2c7-737a-4ef8-b898-bc4b106cce9e | ITER: 5 START
2019-06-10 07:39:35.788 661 DEBUG novaclient.v2.client [-] RESP: [200] Content-Encoding: gzip Content-Length: 364 Content-Type: application/json Date: Mon, 10 Jun 2019 07:39:35 GMT OpenStack-API-Version: compute 2.1 Server: Apache Vary: OpenStack-API-Version,X-OpenStack-Nova-API-Version,Accept-Encoding X-OpenStack-Nova-API-Version: 2.1 x-compute-request-id: req-e2c00319-5fd1-4b3e-9f3f-f9c24efb9d9b x-openstack-request-id: req-e2c00319-5fd1-4b3e-9f3f-f9c24efb9d9b _http_log_response /usr/lib/python2.7/site-packages/keystoneauth1/session.py:479
2019-06-10 07:39:35.789 661 DEBUG novaclient.v2.client [-] RESP BODY: {"flavors": [{"name": "rally_full-flavor_059cba28-570c-427d-b841-d16adb4c7ced", "links": [{"href": "http://172.30.9.21:8774/v2.1/flavors/33a189d3-0d5c-4be3-8fd5-ccbe66c846c4", "rel": "self"}, {"href": "http://172.30.9.21:8774/flavors/33a189d3-0d5c-4be3-8fd5-ccbe66c846c4", "rel": "bookmark"}], "ram": 512, "OS-FLV-DISABLED:disabled": false, "vcpus": 1, "swap": "", "os-flavor-access:is_public": true, "rxtx_factor": 1.0, "OS-FLV-EXT-DATA:ephemeral": 0, "disk": 1, "id": "33a189d3-0d5c-4be3-8fd5-ccbe66c846c4"}, {"name": "rally_full-flavor_alt_059cba28-570c-427d-b841-d16adb4c7ced", "links": [{"href": "http://172.30.9.21:8774/v2.1/flavors/779c0713-b027-49df-bb87-be4eb24df05a", "rel": "self"}, {"href": "http://172.30.9.21:8774/flavors/779c0713-b027-49df-bb87-be4eb24df05a", "rel": "bookmark"}], "ram": 1024, "OS-FLV-DISABLED:disabled": false, "vcpus": 1, "swap": "", "os-flavor-access:is_public": true, "rxtx_factor": 1.0, "OS-FLV-EXT-DATA:ephemeral": 0, "disk": 1, "id": "779c0713-b027-49df-bb87-be4eb24df05a"}]} _http_log_response /usr/lib/python2.7/site-packages/keystoneauth1/session.py:511
2019-06-10 07:39:35.789 661 DEBUG novaclient.v2.client [-] GET call to compute for http://172.30.9.21:8774/v2.1/flavors/detail used request id req-e2c00319-5fd1-4b3e-9f3f-f9c24efb9d9b request /usr/lib/python2.7/site-packages/keystoneauth1/session.py:844
2019-06-10 07:39:35.789 660 DEBUG novaclient.v2.client [-] RESP: [200] Content-Encoding: gzip Content-Length: 364 Content-Type: application/json Date: Mon, 10 Jun 2019 07:39:35 GMT OpenStack-API-Version: compute 2.1 Server: Apache Vary: OpenStack-API-Version,X-OpenStack-Nova-API-Version,Accept-Encoding X-OpenStack-Nova-API-Version: 2.1 x-compute-request-id: req-3622c1a1-455b-4316-bb56-28fd03e50699 x-openstack-request-id: req-3622c1a1-455b-4316-bb56-28fd03e50699 _http_log_response /usr/lib/python2.7/site-packages/keystoneauth1/session.py:479
2019-06-10 07:39:35.790 660 DEBUG novaclient.v2.client [-] RESP BODY: {"flavors": [{"name": "rally_full-flavor_059cba28-570c-427d-b841-d16adb4c7ced", "links": [{"href": "http://172.30.9.21:8774/v2.1/flavors/33a189d3-0d5c-4be3-8fd5-ccbe66c846c4", "rel": "self"}, {"href": "http://172.30.9.21:8774/flavors/33a189d3-0d5c-4be3-8fd5-ccbe66c846c4", "rel": "bookmark"}], "ram": 512, "OS-FLV-DISABLED:disabled": false, "vcpus": 1, "swap": "", "os-flavor-access:is_public": true, "rxtx_factor": 1.0, "OS-FLV-EXT-DATA:ephemeral": 0, "disk": 1, "id": "33a189d3-0d5c-4be3-8fd5-ccbe66c846c4"}, {"name": "rally_full-flavor_alt_059cba28-570c-427d-b841-d16adb4c7ced", "links": [{"href": "http://172.30.9.21:8774/v2.1/flavors/779c0713-b027-49df-bb87-be4eb24df05a", "rel": "self"}, {"href": "http://172.30.9.21:8774/flavors/779c0713-b027-49df-bb87-be4eb24df05a", "rel": "bookmark"}], "ram": 1024, "OS-FLV-DISABLED:disabled": false, "vcpus": 1, "swap": "", "os-flavor-access:is_public": true, "rxtx_factor": 1.0, "OS-FLV-EXT-DATA:ephemeral": 0, "disk": 1, "id": "779c0713-b027-49df-bb87-be4eb24df05a"}]} _http_log_response /usr/lib/python2.7/site-packages/keystoneauth1/session.py:511
2019-06-10 07:39:35.790 660 DEBUG novaclient.v2.client [-] GET call to compute for http://172.30.9.21:8774/v2.1/flavors/detail used request id req-3622c1a1-455b-4316-bb56-28fd03e50699 request /usr/lib/python2.7/site-packages/keystoneauth1/session.py:844
2019-06-10 07:39:35.791 661 DEBUG novaclient.v2.client [-] REQ: curl -g -i -X GET http://172.30.9.21:8774/v2.1/flavors/detail -H "Accept: application/json" -H "User-Agent: python-novaclient" -H "X-Auth-Token: {SHA1}00e2be2501f9a46954e7531f98c254ec76672101" _http_log_request /usr/lib/python2.7/site-packages/keystoneauth1/session.py:448
2019-06-10 07:39:35.791 660 DEBUG novaclient.v2.client [-] REQ: curl -g -i -X GET http://172.30.9.21:8774/v2.1/flavors/detail -H "Accept: application/json" -H "User-Agent: python-novaclient" -H "X-Auth-Token: {SHA1}0e50b244ad0a70d83bc6139edef7d0637f74e6f1" _http_log_request /usr/lib/python2.7/site-packages/keystoneauth1/session.py:448
2019-06-10 07:39:35.810 661 DEBUG novaclient.v2.client [-] RESP: [200] Content-Encoding: gzip Content-Length: 364 Content-Type: application/json Date: Mon, 10 Jun 2019 07:39:35 GMT OpenStack-API-Version: compute 2.1 Server: Apache Vary: OpenStack-API-Version,X-OpenStack-Nova-API-Version,Accept-Encoding X-OpenStack-Nova-API-Version: 2.1 x-compute-request-id: req-4c7d00cd-f1fe-4a48-a55a-86ddbf5fccaf x-openstack-request-id: req-4c7d00cd-f1fe-4a48-a55a-86ddbf5fccaf _http_log_response /usr/lib/python2.7/site-packages/keystoneauth1/session.py:479
2019-06-10 07:39:35.811 661 DEBUG novaclient.v2.client [-] RESP BODY: {"flavors": [{"name": "rally_full-flavor_059cba28-570c-427d-b841-d16adb4c7ced", "links": [{"href": "http://172.30.9.21:8774/v2.1/flavors/33a189d3-0d5c-4be3-8fd5-ccbe66c846c4", "rel": "self"}, {"href": "http://172.30.9.21:8774/flavors/33a189d3-0d5c-4be3-8fd5-ccbe66c846c4", "rel": "bookmark"}], "ram": 512, "OS-FLV-DISABLED:disabled": false, "vcpus": 1, "swap": "", "os-flavor-access:is_public": true, "rxtx_factor": 1.0, "OS-FLV-EXT-DATA:ephemeral": 0, "disk": 1, "id": "33a189d3-0d5c-4be3-8fd5-ccbe66c846c4"}, {"name": "rally_full-flavor_alt_059cba28-570c-427d-b841-d16adb4c7ced", "links": [{"href": "http://172.30.9.21:8774/v2.1/flavors/779c0713-b027-49df-bb87-be4eb24df05a", "rel": "self"}, {"href": "http://172.30.9.21:8774/flavors/779c0713-b027-49df-bb87-be4eb24df05a", "rel": "bookmark"}], "ram": 1024, "OS-FLV-DISABLED:disabled": false, "vcpus": 1, "swap": "", "os-flavor-access:is_public": true, "rxtx_factor": 1.0, "OS-FLV-EXT-DATA:ephemeral": 0, "disk": 1, "id": "779c0713-b027-49df-bb87-be4eb24df05a"}]} _http_log_response /usr/lib/python2.7/site-packages/keystoneauth1/session.py:511
2019-06-10 07:39:35.811 661 DEBUG novaclient.v2.client [-] GET call to compute for http://172.30.9.21:8774/v2.1/flavors/detail used request id req-4c7d00cd-f1fe-4a48-a55a-86ddbf5fccaf request /usr/lib/python2.7/site-packages/keystoneauth1/session.py:844
2019-06-10 07:39:35.812 661 INFO rally.task.runner [-] Task 93e3b2c7-737a-4ef8-b898-bc4b106cce9e | ITER: 2 END: OK
2019-06-10 07:39:35.813 660 DEBUG novaclient.v2.client [-] RESP: [200] Content-Encoding: gzip Content-Length: 364 Content-Type: application/json Date: Mon, 10 Jun 2019 07:39:35 GMT OpenStack-API-Version: compute 2.1 Server: Apache Vary: OpenStack-API-Version,X-OpenStack-Nova-API-Version,Accept-Encoding X-OpenStack-Nova-API-Version: 2.1 x-compute-request-id: req-0280390c-0d71-49db-b4d8-da9a917d89e9 x-openstack-request-id: req-0280390c-0d71-49db-b4d8-da9a917d89e9 _http_log_response /usr/lib/python2.7/site-packages/keystoneauth1/session.py:479
2019-06-10 07:39:35.814 660 DEBUG novaclient.v2.client [-] RESP BODY: {"flavors": [{"name": "rally_full-flavor_059cba28-570c-427d-b841-d16adb4c7ced", "links": [{"href": "http://172.30.9.21:8774/v2.1/flavors/33a189d3-0d5c-4be3-8fd5-ccbe66c846c4", "rel": "self"}, {"href": "http://172.30.9.21:8774/flavors/33a189d3-0d5c-4be3-8fd5-ccbe66c846c4", "rel": "bookmark"}], "ram": 512, "OS-FLV-DISABLED:disabled": false, "vcpus": 1, "swap": "", "os-flavor-access:is_public": true, "rxtx_factor": 1.0, "OS-FLV-EXT-DATA:ephemeral": 0, "disk": 1, "id": "33a189d3-0d5c-4be3-8fd5-ccbe66c846c4"}, {"name": "rally_full-flavor_alt_059cba28-570c-427d-b841-d16adb4c7ced", "links": [{"href": "http://172.30.9.21:8774/v2.1/flavors/779c0713-b027-49df-bb87-be4eb24df05a", "rel": "self"}, {"href": "http://172.30.9.21:8774/flavors/779c0713-b027-49df-bb87-be4eb24df05a", "rel": "bookmark"}], "ram": 1024, "OS-FLV-DISABLED:disabled": false, "vcpus": 1, "swap": "", "os-flavor-access:is_public": true, "rxtx_factor": 1.0, "OS-FLV-EXT-DATA:ephemeral": 0, "disk": 1, "id": "779c0713-b027-49df-bb87-be4eb24df05a"}]} _http_log_response /usr/lib/python2.7/site-packages/keystoneauth1/session.py:511
2019-06-10 07:39:35.814 660 DEBUG novaclient.v2.client [-] GET call to compute for http://172.30.9.21:8774/v2.1/flavors/detail used request id req-0280390c-0d71-49db-b4d8-da9a917d89e9 request /usr/lib/python2.7/site-packages/keystoneauth1/session.py:844
2019-06-10 07:39:35.815 660 INFO rally.task.runner [-] Task 93e3b2c7-737a-4ef8-b898-bc4b106cce9e | ITER: 1 END: OK
2019-06-10 07:39:35.816 661 INFO rally.task.runner [-] Task 93e3b2c7-737a-4ef8-b898-bc4b106cce9e | ITER: 6 START
2019-06-10 07:39:35.819 660 INFO rally.task.runner [-] Task 93e3b2c7-737a-4ef8-b898-bc4b106cce9e | ITER: 7 START
2019-06-10 07:39:35.857 665 DEBUG novaclient.v2.client [-] RESP: [200] Content-Encoding: gzip Content-Length: 364 Content-Type: application/json Date: Mon, 10 Jun 2019 07:39:35 GMT OpenStack-API-Version: compute 2.1 Server: Apache Vary: OpenStack-API-Version,X-OpenStack-Nova-API-Version,Accept-Encoding X-OpenStack-Nova-API-Version: 2.1 x-compute-request-id: req-4e02cedf-8ea1-478c-9293-92c922eabed4 x-openstack-request-id: req-4e02cedf-8ea1-478c-9293-92c922eabed4 _http_log_response /usr/lib/python2.7/site-packages/keystoneauth1/session.py:479
2019-06-10 07:39:35.858 665 DEBUG novaclient.v2.client [-] RESP BODY: {"flavors": [{"name": "rally_full-flavor_059cba28-570c-427d-b841-d16adb4c7ced", "links": [{"href": "http://172.30.9.21:8774/v2.1/flavors/33a189d3-0d5c-4be3-8fd5-ccbe66c846c4", "rel": "self"}, {"href": "http://172.30.9.21:8774/flavors/33a189d3-0d5c-4be3-8fd5-ccbe66c846c4", "rel": "bookmark"}], "ram": 512, "OS-FLV-DISABLED:disabled": false, "vcpus": 1, "swap": "", "os-flavor-access:is_public": true, "rxtx_factor": 1.0, "OS-FLV-EXT-DATA:ephemeral": 0, "disk": 1, "id": "33a189d3-0d5c-4be3-8fd5-ccbe66c846c4"}, {"name": "rally_full-flavor_alt_059cba28-570c-427d-b841-d16adb4c7ced", "links": [{"href": "http://172.30.9.21:8774/v2.1/flavors/779c0713-b027-49df-bb87-be4eb24df05a", "rel": "self"}, {"href": "http://172.30.9.21:8774/flavors/779c0713-b027-49df-bb87-be4eb24df05a", "rel": "bookmark"}], "ram": 1024, "OS-FLV-DISABLED:disabled": false, "vcpus": 1, "swap": "", "os-flavor-access:is_public": true, "rxtx_factor": 1.0, "OS-FLV-EXT-DATA:ephemeral": 0, "disk": 1, "id": "779c0713-b027-49df-bb87-be4eb24df05a"}]} _http_log_response /usr/lib/python2.7/site-packages/keystoneauth1/session.py:511
2019-06-10 07:39:35.858 665 DEBUG novaclient.v2.client [-] GET call to compute for http://172.30.9.21:8774/v2.1/flavors/detail used request id req-4e02cedf-8ea1-478c-9293-92c922eabed4 request /usr/lib/python2.7/site-packages/keystoneauth1/session.py:844
