2019-06-10 08:04:10.010 1842 INFO rally.task.context [-] Task d09cdaa9-c677-4d8f-a96d-c4fcd124cbc8 | Context cleanup@openstack cleanup() started
2019-06-10 08:04:10.012 1842 RALLYDEBUG rally_openstack.cleanup.manager [-] Cleaning up cinder backups objects
2019-06-10 08:04:12.012 1842 RALLYDEBUG rally_openstack.cleanup.manager [-] Cleaning up cinder volume_snapshots objects
2019-06-10 08:04:13.906 1842 RALLYDEBUG rally_openstack.cleanup.manager [-] Cleaning up cinder transfers objects
2019-06-10 08:04:15.926 1842 RALLYDEBUG rally_openstack.cleanup.manager [-] Cleaning up cinder volumes objects
2019-06-10 08:04:17.885 1842 INFO rally.task.context [-] Task d09cdaa9-c677-4d8f-a96d-c4fcd124cbc8 | Context cleanup@openstack cleanup() finished in 7.88 sec
2019-06-10 08:04:17.886 1842 INFO rally.task.context [-] Task d09cdaa9-c677-4d8f-a96d-c4fcd124cbc8 | Context quotas@openstack cleanup() started
2019-06-10 08:04:18.607 1842 INFO rally.task.context [-] Task d09cdaa9-c677-4d8f-a96d-c4fcd124cbc8 | Context quotas@openstack cleanup() finished in 0.72 sec
2019-06-10 08:04:18.608 1842 INFO rally.task.context [-] Task d09cdaa9-c677-4d8f-a96d-c4fcd124cbc8 | Context api_versions@openstack cleanup() started
2019-06-10 08:04:18.608 1842 INFO rally.task.context [-] Task d09cdaa9-c677-4d8f-a96d-c4fcd124cbc8 | Context api_versions@openstack cleanup() finished in 0.30 msec
2019-06-10 08:04:18.608 1842 INFO rally.task.context [-] Task d09cdaa9-c677-4d8f-a96d-c4fcd124cbc8 | Context users@openstack cleanup() started
2019-06-10 08:04:25.598 1842 INFO rally.task.context [-] Task d09cdaa9-c677-4d8f-a96d-c4fcd124cbc8 | Context users@openstack cleanup() finished in 6.99 sec
2019-06-10 08:04:27.566 1842 INFO rally.task.engine [-] Load duration is: 16.025504
2019-06-10 08:04:27.566 1842 INFO rally.task.engine [-] Full runner duration is: 16.07797
2019-06-10 08:04:27.566 1842 INFO rally.task.engine [-] Full duration is: 38.194812
2019-06-10 08:04:27.808 1842 INFO rally.task.engine [-] Running workload: position = 0 config = { "version": 2, "title": "A cropped version of a bigger task.", "description": "Auto-generated task from a single workload (uuid=77006257-aaf7-4396-a1fe-ed2747a24887)", "subtasks": [ { "title": "CinderVolumes.create_from_volume_and_delete_volume", "description": "Create volume from volume and then delete it.", "scenario": { "CinderVolumes.create_from_volume_and_delete_volume": { "size": 1 } }, "contexts": { "users": { "tenants": 3, "users_per_tenant": 2 }, "quotas": { "cinder": { "gigabytes": -1, "snapshots": -1, "volumes": -1 } }, "api_versions": { "cinder": { "version": 3, "service_type": "volumev3" } }, "volumes": { "size": 1, "volumes_per_tenant": 1 } }, "runner": { "constant": { "concurrency": 4, "times": 10 } }, "hooks": [], "sla": { "failure_rate": { "max": 0 } } } ] }
2019-06-10 08:04:27.833 1842 RALLYDEBUG rally_openstack.contexts.keystone.users [-] Creating 3 tenants using 20 threads
2019-06-10 08:04:29.736 1842 RALLYDEBUG rally_openstack.contexts.keystone.users [-] Creating 6 users using 20 threads
2019-06-10 08:04:32.298 1842 INFO rally.task.context [-] Task d09cdaa9-c677-4d8f-a96d-c4fcd124cbc8 | Context users@openstack setup() finished in 4.46 sec
2019-06-10 08:04:32.715 1842 INFO rally.task.context [-] Task d09cdaa9-c677-4d8f-a96d-c4fcd124cbc8 | Context api_versions@openstack setup() finished in 0.42 sec
2019-06-10 08:04:34.249 1842 INFO rally.task.context [-] Task d09cdaa9-c677-4d8f-a96d-c4fcd124cbc8 | Context quotas@openstack setup() finished in 1.53 sec
2019-06-10 08:04:44.871 1842 INFO rally.task.context [-] Task d09cdaa9-c677-4d8f-a96d-c4fcd124cbc8 | Context volumes@openstack setup() finished in 10.62 sec
2019-06-10 08:04:44.871 1842 INFO rally.task.context [-] Task d09cdaa9-c677-4d8f-a96d-c4fcd124cbc8 | Context cleanup@openstack setup() finished in 0.00 msec
2019-06-10 08:04:44.880 1842 RALLYDEBUG rally.task.runner [-] Starting the constant runner (task UUID: d09cdaa9-c677-4d8f-a96d-c4fcd124cbc8). timeout: 0 concurrency: 4 concurrency_per_worker: 1 times: 10 concurrency_overhead: 0 processes_to_start: 4 max_cpu_used: 16
2019-06-10 08:04:44.891 4906 RALLYDEBUG rally.task.runner [-] Starting a worker. concurrency: 1 args: {"size": 1} times: 10 method_name: run timeout: 0 duration: None cls:
2019-06-10 08:04:44.894 4907 RALLYDEBUG rally.task.runner [-] Starting a worker. concurrency: 1 args: {"size": 1} times: 10 method_name: run timeout: 0 duration: None cls:
2019-06-10 08:04:44.896 4908 RALLYDEBUG rally.task.runner [-] Starting a worker. concurrency: 1 args: {"size": 1} times: 10 method_name: run timeout: 0 duration: None cls:
2019-06-10 08:04:44.899 4906 INFO rally.task.runner [-] Task d09cdaa9-c677-4d8f-a96d-c4fcd124cbc8 | ITER: 1 START
2019-06-10 08:04:44.899 4909 RALLYDEBUG rally.task.runner [-] Starting a worker. concurrency: 1 args: {"size": 1} times: 10 method_name: run timeout: 0 duration: None cls:
2019-06-10 08:04:44.902 4907 INFO rally.task.runner [-] Task d09cdaa9-c677-4d8f-a96d-c4fcd124cbc8 | ITER: 2 START
2019-06-10 08:04:44.904 4908 INFO rally.task.runner [-] Task d09cdaa9-c677-4d8f-a96d-c4fcd124cbc8 | ITER: 3 START
2019-06-10 08:04:44.907 4909 INFO rally.task.runner [-] Task d09cdaa9-c677-4d8f-a96d-c4fcd124cbc8 | ITER: 4 START
2019-06-10 08:04:48.706 4906 RALLYDEBUG rally.task.utils [-] Waiting for resource s_rally_77006257_pTAiFfjw. Status changed: CREATING => AVAILABLE in 0.561215877533
2019-06-10 08:04:49.055 4909 RALLYDEBUG rally.task.utils [-] Waiting for resource s_rally_77006257_qRT1vKvD. Status changed: AVAILABLE => DELETING in 0.258635997772
2019-06-10 08:04:49.110 4908 RALLYDEBUG rally.task.utils [-] Waiting for resource s_rally_77006257_rpTur1X6. Status changed: AVAILABLE => DELETING in 0.258970975876
2019-06-10 08:04:49.569 4906 RALLYDEBUG rally.task.utils [-] Waiting for resource s_rally_77006257_pTAiFfjw. Status changed: AVAILABLE => DELETING in 0.390515089035
2019-06-10 08:04:51.100 4907 RALLYDEBUG rally.task.utils [-] Waiting for resource s_rally_77006257_TUq3FvjR. Status changed: CREATING => AVAILABLE in 2.84753990173
2019-06-10 08:04:51.618 4907 RALLYDEBUG rally.task.utils [-] Waiting for resource s_rally_77006257_TUq3FvjR. Status changed: AVAILABLE => DELETING in 0.249101877213
2019-06-10 08:04:53.342 4909 INFO rally.task.runner [-] Task d09cdaa9-c677-4d8f-a96d-c4fcd124cbc8 | ITER: 4 END: OK
2019-06-10 08:04:53.347 4909 INFO rally.task.runner [-] Task d09cdaa9-c677-4d8f-a96d-c4fcd124cbc8 | ITER: 5 START
2019-06-10 08:04:53.585 4908 INFO rally.task.runner [-] Task d09cdaa9-c677-4d8f-a96d-c4fcd124cbc8 | ITER: 3 END: OK
2019-06-10 08:04:53.593 4908 INFO rally.task.runner [-] Task d09cdaa9-c677-4d8f-a96d-c4fcd124cbc8 | ITER: 6 START
2019-06-10 08:04:54.113 4906 INFO rally.task.runner [-] Task d09cdaa9-c677-4d8f-a96d-c4fcd124cbc8 | ITER: 1 END: OK
2019-06-10 08:04:54.118 4906 INFO rally.task.runner [-] Task d09cdaa9-c677-4d8f-a96d-c4fcd124cbc8 | ITER: 7 START
2019-06-10 08:04:55.901 4907 INFO rally.task.runner [-] Task d09cdaa9-c677-4d8f-a96d-c4fcd124cbc8 | ITER: 2 END: OK
2019-06-10 08:04:55.907 4907 INFO rally.task.runner [-] Task d09cdaa9-c677-4d8f-a96d-c4fcd124cbc8 | ITER: 8 START
2019-06-10 08:04:57.399 4909 RALLYDEBUG rally.task.utils [-] Waiting for resource s_rally_77006257_923vJjzy. Status changed: AVAILABLE => DELETING in 0.0582120418549
2019-06-10 08:04:57.511 4908 RALLYDEBUG rally.task.utils [-] Waiting for resource s_rally_77006257_xk0Eh8BN. Status changed: AVAILABLE => DELETING in 0.265699863434
2019-06-10 08:04:58.613 4906 RALLYDEBUG rally.task.utils [-] Waiting for resource s_rally_77006257_BeyUyaDx. Status changed: AVAILABLE => DELETING in 0.241285800934
2019-06-10 08:05:01.644 4907 RALLYDEBUG rally.task.utils [-] Waiting for resource s_rally_77006257_cOr6d5uY. Status changed: CREATING => AVAILABLE in 2.74785900116
2019-06-10 08:05:02.022 4909 INFO rally.task.runner [-] Task d09cdaa9-c677-4d8f-a96d-c4fcd124cbc8 | ITER: 5 END: OK
2019-06-10 08:05:02.027 4909 INFO rally.task.runner [-] Task d09cdaa9-c677-4d8f-a96d-c4fcd124cbc8 | ITER: 9 START
2019-06-10 08:05:02.057 4908 INFO rally.task.runner [-] Task d09cdaa9-c677-4d8f-a96d-c4fcd124cbc8 | ITER: 6 END: OK
2019-06-10 08:05:02.061 4908 INFO rally.task.runner [-] Task d09cdaa9-c677-4d8f-a96d-c4fcd124cbc8 | ITER: 10 START
2019-06-10 08:05:02.176 4907 RALLYDEBUG rally.task.utils [-] Waiting for resource s_rally_77006257_cOr6d5uY. Status changed: AVAILABLE => DELETING in 0.266126871109
2019-06-10 08:05:02.716 4906 INFO rally.task.runner [-] Task d09cdaa9-c677-4d8f-a96d-c4fcd124cbc8 | ITER: 7 END: OK
2019-06-10 08:05:04.492 4907 INFO rally.task.runner [-] Task d09cdaa9-c677-4d8f-a96d-c4fcd124cbc8 | ITER: 8 END: OK
2019-06-10 08:05:05.801 4909 RALLYDEBUG rally.task.utils [-] Waiting for resource s_rally_77006257_N2Z7aliZ. Status changed: AVAILABLE => DELETING in 0.0606429576874
2019-06-10 08:05:06.209 4908 RALLYDEBUG rally.task.utils [-] Waiting for resource s_rally_77006257_ZoE6vlTJ. Status changed: AVAILABLE => DELETING in 0.246736049652
2019-06-10 08:05:08.029 4909 INFO rally.task.runner [-] Task d09cdaa9-c677-4d8f-a96d-c4fcd124cbc8 | ITER: 9 END: OK
2019-06-10 08:05:08.249 4908 INFO rally.task.runner [-] Task d09cdaa9-c677-4d8f-a96d-c4fcd124cbc8 | ITER: 10 END: OK
2019-06-10 08:05:08.270 1842 INFO rally.task.context [-] Task d09cdaa9-c677-4d8f-a96d-c4fcd124cbc8 | Context cleanup@openstack cleanup() started
2019-06-10 08:05:08.273 1842 RALLYDEBUG rally_openstack.cleanup.manager [-] Cleaning up cinder backups objects
2019-06-10 08:05:10.189 1842 RALLYDEBUG rally_openstack.cleanup.manager [-] Cleaning up cinder volume_snapshots objects
2019-06-10 08:05:12.156 1842 RALLYDEBUG rally_openstack.cleanup.manager [-] Cleaning up cinder transfers objects
2019-06-10 08:05:14.166 1842 RALLYDEBUG rally_openstack.cleanup.manager [-] Cleaning up cinder volumes objects
2019-06-10 08:05:16.162 1842 INFO rally.task.context [-] Task d09cdaa9-c677-4d8f-a96d-c4fcd124cbc8 | Context cleanup@openstack cleanup() finished in 7.89 sec
2019-06-10 08:05:16.163 1842 INFO rally.task.context [-] Task d09cdaa9-c677-4d8f-a96d-c4fcd124cbc8 | Context volumes@openstack cleanup() started
2019-06-10 08:05:16.163 1842 RALLYDEBUG rally_openstack.cleanup.manager [-] Cleaning up cinder volumes objects
2019-06-10 08:05:18.155 1842 RALLYDEBUG rally_openstack.cleanup.manager [-] Deleting cinder.volumes object c_rally_77006257_iaD3qQJP (4c405061-ab94-4e58-8cf2-d880aa04d385)
2019-06-10 08:05:18.159 1842 RALLYDEBUG rally_openstack.cleanup.manager [-] Deleting cinder.volumes object c_rally_77006257_EuB5kBJO (e58f1881-49b4-48a2-bcd9-5301be644e8f)
2019-06-10 08:05:18.164 1842 RALLYDEBUG rally_openstack.cleanup.manager [-] Deleting cinder.volumes object c_rally_77006257_Bd315eLJ (cb24deaf-e57b-4263-bf98-9720c0c7f3a9)
2019-06-10 08:05:21.479 1842 INFO rally.task.context [-] Task d09cdaa9-c677-4d8f-a96d-c4fcd124cbc8 | Context volumes@openstack cleanup() finished in 5.32 sec
2019-06-10 08:05:21.480 1842 INFO rally.task.context [-] Task d09cdaa9-c677-4d8f-a96d-c4fcd124cbc8 | Context quotas@openstack cleanup() started
2019-06-10 08:05:22.024 1842 INFO rally.task.context [-] Task d09cdaa9-c677-4d8f-a96d-c4fcd124cbc8 | Context quotas@openstack cleanup() finished in 0.54 sec
2019-06-10 08:05:22.025 1842 INFO rally.task.context [-] Task d09cdaa9-c677-4d8f-a96d-c4fcd124cbc8 | Context api_versions@openstack cleanup() started
2019-06-10 08:05:22.025 1842 INFO rally.task.context [-] Task d09cdaa9-c677-4d8f-a96d-c4fcd124cbc8 | Context api_versions@openstack cleanup() finished in 0.29 msec
2019-06-10 08:05:22.025 1842 INFO rally.task.context [-] Task d09cdaa9-c677-4d8f-a96d-c4fcd124cbc8 | Context users@openstack cleanup() started
2019-06-10 08:05:29.079 1842 INFO rally.task.context [-] Task d09cdaa9-c677-4d8f-a96d-c4fcd124cbc8 | Context users@openstack cleanup() finished in 7.05 sec
2019-06-10 08:05:30.239 1842 INFO rally.task.engine [-] Load duration is: 23.347162
2019-06-10 08:05:30.240 1842 INFO rally.task.engine [-] Full runner duration is: 23.391876
2019-06-10 08:05:30.240 1842 INFO rally.task.engine [-] Full duration is: 61.249852
2019-06-10 08:05:30.544 1842 INFO rally.task.engine [-] Running workload: position = 0 config = { "version": 2, "title": "A cropped version of a bigger task.", "description": "Auto-generated task from a single workload (uuid=f48189d1-0575-426c-aeed-c56dca134d0b)", "subtasks": [ { "title": "CinderQos.create_and_get_qos", "description": "Create a qos, then get details of the qos.", "scenario": { "CinderQos.create_and_get_qos": { "consumer": "both", "write_iops_sec": "10", "read_iops_sec": "1000" } }, "contexts": { "users": { "tenants": 3, "users_per_tenant": 2 }, "api_versions": { "cinder": { "version": 3, "service_type": "volumev3" } } }, "runner": { "constant": { "concurrency": 4, "times": 10 } }, "hooks": [], "sla": { "failure_rate": { "max": 0 } } } ] }
2019-06-10 08:05:30.566 1842 RALLYDEBUG rally_openstack.contexts.keystone.users [-] Creating 3 tenants using 20 threads
2019-06-10 08:05:32.397 1842 RALLYDEBUG rally_openstack.contexts.keystone.users [-] Creating 6 users using 20 threads
2019-06-10 08:05:35.047 1842 INFO rally.task.context [-] Task d09cdaa9-c677-4d8f-a96d-c4fcd124cbc8 | Context users@openstack setup() finished in 4.48 sec
2019-06-10 08:05:35.574 1842 INFO rally.task.context [-] Task d09cdaa9-c677-4d8f-a96d-c4fcd124cbc8 | Context api_versions@openstack setup() finished in 0.53 sec
2019-06-10 08:05:35.575 1842 INFO rally.task.context [-] Task d09cdaa9-c677-4d8f-a96d-c4fcd124cbc8 | Context admin_cleanup@openstack setup() finished in 0.01 msec
2019-06-10 08:05:35.582 1842 RALLYDEBUG rally.task.runner [-] Starting the constant runner (task UUID: d09cdaa9-c677-4d8f-a96d-c4fcd124cbc8). timeout: 0 concurrency: 4 concurrency_per_worker: 1 times: 10 concurrency_overhead: 0 processes_to_start: 4 max_cpu_used: 16
2019-06-10 08:05:35.595 5111 RALLYDEBUG rally.task.runner [-] Starting a worker. concurrency: 1 args: {"consumer": "both", "write_iops_sec": "10", "read_iops_sec": "1000"} times: 10 method_name: run timeout: 0 duration: None cls:
2019-06-10 08:05:35.595 5110 RALLYDEBUG rally.task.runner [-] Starting a worker. concurrency: 1 args: {"consumer": "both", "write_iops_sec": "10", "read_iops_sec": "1000"} times: 10 method_name: run timeout: 0 duration: None cls:
2019-06-10 08:05:35.599 5112 RALLYDEBUG rally.task.runner [-] Starting a worker. concurrency: 1 args: {"consumer": "both", "write_iops_sec": "10", "read_iops_sec": "1000"} times: 10 method_name: run timeout: 0 duration: None cls:
2019-06-10 08:05:35.602 5111 INFO rally.task.runner [-] Task d09cdaa9-c677-4d8f-a96d-c4fcd124cbc8 | ITER: 1 START
2019-06-10 08:05:35.602 5113 RALLYDEBUG rally.task.runner [-] Starting a worker. concurrency: 1 args: {"consumer": "both", "write_iops_sec": "10", "read_iops_sec": "1000"} times: 10 method_name: run timeout: 0 duration: None cls:
2019-06-10 08:05:35.603 5110 INFO rally.task.runner [-] Task d09cdaa9-c677-4d8f-a96d-c4fcd124cbc8 | ITER: 2 START
2019-06-10 08:05:35.605 5112 INFO rally.task.runner [-] Task d09cdaa9-c677-4d8f-a96d-c4fcd124cbc8 | ITER: 3 START
2019-06-10 08:05:35.610 5113 INFO rally.task.runner [-] Task d09cdaa9-c677-4d8f-a96d-c4fcd124cbc8 | ITER: 4 START
2019-06-10 08:05:36.691 5112 INFO rally.task.runner [-] Task d09cdaa9-c677-4d8f-a96d-c4fcd124cbc8 | ITER: 3 END: OK
2019-06-10 08:05:36.695 5110 INFO rally.task.runner [-] Task d09cdaa9-c677-4d8f-a96d-c4fcd124cbc8 | ITER: 2 END: OK
2019-06-10 08:05:36.696 5112 INFO rally.task.runner [-] Task d09cdaa9-c677-4d8f-a96d-c4fcd124cbc8 | ITER: 5 START
2019-06-10 08:05:36.701 5110 INFO rally.task.runner [-] Task d09cdaa9-c677-4d8f-a96d-c4fcd124cbc8 | ITER: 6 START
2019-06-10 08:05:36.702 5113 INFO rally.task.runner [-] Task d09cdaa9-c677-4d8f-a96d-c4fcd124cbc8 | ITER: 4 END: OK
2019-06-10 08:05:36.707 5111 INFO rally.task.runner [-] Task d09cdaa9-c677-4d8f-a96d-c4fcd124cbc8 | ITER: 1 END: OK
2019-06-10 08:05:36.707 5113 INFO rally.task.runner [-] Task d09cdaa9-c677-4d8f-a96d-c4fcd124cbc8 | ITER: 7 START
2019-06-10 08:05:36.714 5111 INFO rally.task.runner [-] Task d09cdaa9-c677-4d8f-a96d-c4fcd124cbc8 | ITER: 8 START
2019-06-10 08:05:37.600 5111 INFO rally.task.runner [-] Task d09cdaa9-c677-4d8f-a96d-c4fcd124cbc8 | ITER: 8 END: OK
2019-06-10 08:05:37.605 5111 INFO rally.task.runner [-] Task d09cdaa9-c677-4d8f-a96d-c4fcd124cbc8 | ITER: 9 START
2019-06-10 08:05:37.658 5110 INFO rally.task.runner [-] Task d09cdaa9-c677-4d8f-a96d-c4fcd124cbc8 | ITER: 6 END: OK
2019-06-10 08:05:37.662 5110 INFO rally.task.runner [-] Task d09cdaa9-c677-4d8f-a96d-c4fcd124cbc8 | ITER: 10 START
2019-06-10 08:05:37.666 5113 INFO rally.task.runner [-] Task d09cdaa9-c677-4d8f-a96d-c4fcd124cbc8 | ITER: 7 END: OK
2019-06-10 08:05:37.695 5112 INFO rally.task.runner [-] Task d09cdaa9-c677-4d8f-a96d-c4fcd124cbc8 | ITER: 5 END: OK
2019-06-10 08:05:38.483 5111 INFO rally.task.runner [-] Task d09cdaa9-c677-4d8f-a96d-c4fcd124cbc8 | ITER: 9 END: OK
2019-06-10 08:05:38.673 5110 INFO rally.task.runner [-] Task d09cdaa9-c677-4d8f-a96d-c4fcd124cbc8 | ITER: 10 END: OK
2019-06-10 08:05:38.695 1842 INFO rally.task.context [-] Task d09cdaa9-c677-4d8f-a96d-c4fcd124cbc8 | Context admin_cleanup@openstack cleanup() started
2019-06-10 08:05:38.697 1842 RALLYDEBUG rally_openstack.cleanup.manager [-] Cleaning up cinder volume_types objects
2019-06-10 08:05:39.362 1842 RALLYDEBUG rally_openstack.cleanup.manager [-] Cleaning up cinder image_volumes_cache objects
2019-06-10 08:05:40.724 1842 RALLYDEBUG rally_openstack.cleanup.manager [-] Cleaning up cinder quotas objects
2019-06-10 08:05:42.434 1842 RALLYDEBUG rally_openstack.cleanup.manager [-] Cleaning up cinder qos_specs objects
2019-06-10 08:05:43.072 1842 RALLYDEBUG rally_openstack.cleanup.manager [-] Deleting cinder.qos_specs object s_rally_f48189d1_bmkjcBAf (b0d89eff-ce20-459a-8109-77d1b25316c6)
2019-06-10 08:05:43.078 1842 RALLYDEBUG rally_openstack.cleanup.manager [-] Deleting cinder.qos_specs object s_rally_f48189d1_81kQSwfp (96ab7d56-45f5-419c-b3e1-18ccc8a13fc1)
2019-06-10 08:05:43.087 1842 RALLYDEBUG rally_openstack.cleanup.manager [-] Deleting cinder.qos_specs object s_rally_f48189d1_Yvhxtz0F (bb0051dc-bc57-42fb-8835-3ca87168a92e)
2019-06-10 08:05:43.095 1842 RALLYDEBUG rally_openstack.cleanup.manager [-] Deleting cinder.qos_specs object s_rally_f48189d1_8flHYyvz (8f5ff1b6-4028-4677-8c4d-24d39b71fd82)
2019-06-10 08:05:43.103 1842 RALLYDEBUG rally_openstack.cleanup.manager [-] Deleting cinder.qos_specs object s_rally_f48189d1_djbvNQTb (71bd9a0b-9efe-4076-ae6a-340977222d96)
2019-06-10 08:05:43.112 1842 RALLYDEBUG rally_openstack.cleanup.manager [-] Deleting cinder.qos_specs object s_rally_f48189d1_mjb5UCnW (5927a5a2-f5df-454f-8e94-cf24962ea942)
2019-06-10 08:05:43.127 1842 RALLYDEBUG rally_openstack.cleanup.manager [-] Deleting cinder.qos_specs object s_rally_f48189d1_3Qpwsrq4 (b89a489f-9ba4-44b7-a359-50aa626a0175)
2019-06-10 08:05:43.140 1842 RALLYDEBUG rally_openstack.cleanup.manager [-] Deleting cinder.qos_specs object s_rally_f48189d1_OthqjIeo (b72e3385-6dbc-4810-a7eb-79e8b76a3205)
2019-06-10 08:05:43.141 1842 RALLYDEBUG rally_openstack.cleanup.manager [-] Deleting cinder.qos_specs object s_rally_f48189d1_EbVshadv (a0293390-4a9f-4291-a8a8-96db9050f61e)
2019-06-10 08:05:43.166 1842 RALLYDEBUG rally_openstack.cleanup.manager [-] Deleting cinder.qos_specs object s_rally_f48189d1_arzsAJYT (4fd30e04-b79b-4413-be72-dc35aa1df7c7)
2019-06-10 08:05:45.586 1842 INFO rally.task.context [-] Task d09cdaa9-c677-4d8f-a96d-c4fcd124cbc8 | Context admin_cleanup@openstack cleanup() finished in 6.89 sec
2019-06-10 08:05:45.587 1842 INFO rally.task.context [-] Task d09cdaa9-c677-4d8f-a96d-c4fcd124cbc8 | Context api_versions@openstack cleanup() started
2019-06-10 08:05:45.587 1842 INFO rally.task.context [-] Task d09cdaa9-c677-4d8f-a96d-c4fcd124cbc8 | Context api_versions@openstack cleanup() finished in 0.30 msec
2019-06-10 08:05:45.587 1842 INFO rally.task.context [-] Task d09cdaa9-c677-4d8f-a96d-c4fcd124cbc8 | Context users@openstack cleanup() started
2019-06-10 08:05:54.078 1842 INFO rally.task.context [-] Task d09cdaa9-c677-4d8f-a96d-c4fcd124cbc8 | Context users@openstack cleanup() finished in 8.49 sec
2019-06-10 08:05:54.677 1842 INFO rally.task.engine [-] Load duration is: 3.069133
2019-06-10 08:05:54.677 1842 INFO rally.task.engine [-] Full runner duration is: 3.11333
2019-06-10 08:05:54.678 1842 INFO rally.task.engine [-] Full duration is: 23.514978
2019-06-10 08:05:54.963 1842 INFO rally.task.engine [-] Running workload: position = 0 config = { "version": 2, "title": "A cropped version of a bigger task.", "description": "Auto-generated task from a single workload (uuid=e27e9851-e19e-40bd-9f22-279ba8997824)", "subtasks": [ { "title": "CinderQos.create_and_list_qos", "description": "Create a qos, then list all qos.", "scenario": { "CinderQos.create_and_list_qos": { "consumer": "both", "write_iops_sec": "10", "read_iops_sec": "1000" } }, "contexts": { "users": { "tenants": 3, "users_per_tenant": 2 }, "api_versions": { "cinder": { "version": 3, "service_type": "volumev3" } } }, "runner": { "constant": { "concurrency": 4, "times": 10 } }, "hooks": [], "sla": { "failure_rate": { "max": 0 } } } ] }
2019-06-10 08:05:54.985 1842 RALLYDEBUG rally_openstack.contexts.keystone.users [-] Creating 3 tenants using 20 threads
2019-06-10 08:05:56.920 1842 RALLYDEBUG rally_openstack.contexts.keystone.users [-] Creating 6 users using 20 threads
2019-06-10 08:05:59.677 1842 INFO rally.task.context [-] Task d09cdaa9-c677-4d8f-a96d-c4fcd124cbc8 | Context users@openstack setup() finished in 4.69 sec
2019-06-10 08:06:00.145 1842 INFO rally.task.context [-] Task d09cdaa9-c677-4d8f-a96d-c4fcd124cbc8 | Context api_versions@openstack setup() finished in 0.47 sec
2019-06-10 08:06:00.146 1842 INFO rally.task.context [-] Task d09cdaa9-c677-4d8f-a96d-c4fcd124cbc8 | Context admin_cleanup@openstack setup() finished in 0.00 msec
2019-06-10 08:06:00.152 1842 RALLYDEBUG rally.task.runner [-] Starting the constant runner (task UUID: d09cdaa9-c677-4d8f-a96d-c4fcd124cbc8). timeout: 0 concurrency: 4 concurrency_per_worker: 1 times: 10 concurrency_overhead: 0 processes_to_start: 4 max_cpu_used: 16
2019-06-10 08:06:00.164 5294 RALLYDEBUG rally.task.runner [-] Starting a worker. concurrency: 1 args: {"consumer": "both", "write_iops_sec": "10", "read_iops_sec": "1000"} times: 10 method_name: run timeout: 0 duration: None cls:
2019-06-10 08:06:00.166 5295 RALLYDEBUG rally.task.runner [-] Starting a worker. concurrency: 1 args: {"consumer": "both", "write_iops_sec": "10", "read_iops_sec": "1000"} times: 10 method_name: run timeout: 0 duration: None cls:
2019-06-10 08:06:00.170 5297 RALLYDEBUG rally.task.runner [-] Starting a worker. concurrency: 1 args: {"consumer": "both", "write_iops_sec": "10", "read_iops_sec": "1000"} times: 10 method_name: run timeout: 0 duration: None cls:
2019-06-10 08:06:00.170 5296 RALLYDEBUG rally.task.runner [-] Starting a worker. concurrency: 1 args: {"consumer": "both", "write_iops_sec": "10", "read_iops_sec": "1000"} times: 10 method_name: run timeout: 0 duration: None cls:
2019-06-10 08:06:00.172 5294 INFO rally.task.runner [-] Task d09cdaa9-c677-4d8f-a96d-c4fcd124cbc8 | ITER: 1 START
2019-06-10 08:06:00.173 5295 INFO rally.task.runner [-] Task d09cdaa9-c677-4d8f-a96d-c4fcd124cbc8 | ITER: 2 START
2019-06-10 08:06:00.177 5297 INFO rally.task.runner [-] Task d09cdaa9-c677-4d8f-a96d-c4fcd124cbc8 | ITER: 3 START
2019-06-10 08:06:00.178 5296 INFO rally.task.runner [-] Task d09cdaa9-c677-4d8f-a96d-c4fcd124cbc8 | ITER: 4 START
2019-06-10 08:06:01.236 5295 INFO rally.task.runner [-] Task d09cdaa9-c677-4d8f-a96d-c4fcd124cbc8 | ITER: 2 END: OK
2019-06-10 08:06:01.240 5295 INFO rally.task.runner [-] Task d09cdaa9-c677-4d8f-a96d-c4fcd124cbc8 | ITER: 5 START
2019-06-10 08:06:01.259 5297 INFO rally.task.runner [-] Task d09cdaa9-c677-4d8f-a96d-c4fcd124cbc8 | ITER: 3 END: OK
2019-06-10 08:06:01.263 5297 INFO rally.task.runner [-] Task d09cdaa9-c677-4d8f-a96d-c4fcd124cbc8 | ITER: 6 START
2019-06-10 08:06:01.273 5294 INFO rally.task.runner [-] Task d09cdaa9-c677-4d8f-a96d-c4fcd124cbc8 | ITER: 1 END: OK
2019-06-10 08:06:01.274 5296 INFO rally.task.runner [-] Task d09cdaa9-c677-4d8f-a96d-c4fcd124cbc8 | ITER: 4 END: OK
2019-06-10 08:06:01.276 5294 INFO rally.task.runner [-] Task d09cdaa9-c677-4d8f-a96d-c4fcd124cbc8 | ITER: 7 START
2019-06-10 08:06:01.278 5296 INFO rally.task.runner [-] Task d09cdaa9-c677-4d8f-a96d-c4fcd124cbc8 | ITER: 8 START
2019-06-10 08:06:02.205 5297 INFO rally.task.runner [-] Task d09cdaa9-c677-4d8f-a96d-c4fcd124cbc8 | ITER: 6 END: OK
2019-06-10 08:06:02.210 5297 INFO rally.task.runner [-] Task d09cdaa9-c677-4d8f-a96d-c4fcd124cbc8 | ITER: 9 START
2019-06-10 08:06:02.236 5295 INFO rally.task.runner [-] Task d09cdaa9-c677-4d8f-a96d-c4fcd124cbc8 | ITER: 5 END: OK
2019-06-10 08:06:02.241 5295 INFO rally.task.runner [-] Task d09cdaa9-c677-4d8f-a96d-c4fcd124cbc8 | ITER: 10 START
2019-06-10 08:06:02.282 5294 INFO rally.task.runner [-] Task d09cdaa9-c677-4d8f-a96d-c4fcd124cbc8 | ITER: 7 END: OK
2019-06-10 08:06:02.393 5296 INFO rally.task.runner [-] Task d09cdaa9-c677-4d8f-a96d-c4fcd124cbc8 | ITER: 8 END: OK
2019-06-10 08:06:03.092 5297 INFO rally.task.runner [-] Task d09cdaa9-c677-4d8f-a96d-c4fcd124cbc8 | ITER: 9 END: OK
2019-06-10 08:06:03.215 5295 INFO rally.task.runner [-] Task d09cdaa9-c677-4d8f-a96d-c4fcd124cbc8 | ITER: 10 END: OK
2019-06-10 08:06:03.245 1842 INFO rally.task.context [-] Task d09cdaa9-c677-4d8f-a96d-c4fcd124cbc8 | Context admin_cleanup@openstack cleanup() started
2019-06-10 08:06:03.247 1842 RALLYDEBUG rally_openstack.cleanup.manager [-] Cleaning up cinder volume_types objects
2019-06-10 08:06:03.991 1842 RALLYDEBUG rally_openstack.cleanup.manager [-] Cleaning up cinder image_volumes_cache objects
2019-06-10 08:06:04.964 1842 RALLYDEBUG rally_openstack.cleanup.manager [-] Cleaning up cinder quotas objects
2019-06-10 08:06:06.461 1842 RALLYDEBUG rally_openstack.cleanup.manager [-] Cleaning up cinder qos_specs objects
2019-06-10 08:06:07.195 1842 RALLYDEBUG rally_openstack.cleanup.manager [-] Deleting cinder.qos_specs object s_rally_e27e9851_Yxqc1hCE (8d8ee624-d1b2-41a3-84bb-493e4dd84241)
2019-06-10 08:06:07.195 1842 RALLYDEBUG rally_openstack.cleanup.manager [-] Deleting cinder.qos_specs object s_rally_e27e9851_2SxNHUR1 (a5ef5796-e2f5-4f1c-9d0a-498cec72ad70)
2019-06-10 08:06:07.208 1842 RALLYDEBUG rally_openstack.cleanup.manager [-] Deleting cinder.qos_specs object s_rally_e27e9851_aAO35N1h (901618f4-472f-4b4e-92d1-2d5e0eca853f)
2019-06-10 08:06:07.208 1842 RALLYDEBUG rally_openstack.cleanup.manager [-] Deleting cinder.qos_specs object s_rally_e27e9851_GuT79XZb (04d71cfe-e3bf-42d1-9969-6c279c0875b3)
2019-06-10 08:06:07.225 1842 RALLYDEBUG rally_openstack.cleanup.manager [-] Deleting cinder.qos_specs object s_rally_e27e9851_aoqjlWxA (6df547ef-b716-4e5c-8f24-5da4f4407aa8)
2019-06-10 08:06:07.235 1842 RALLYDEBUG rally_openstack.cleanup.manager [-] Deleting cinder.qos_specs object s_rally_e27e9851_IiPipEPd (dd1199d2-3eb4-4290-967d-585aeb844685)
2019-06-10 08:06:07.236 1842 RALLYDEBUG rally_openstack.cleanup.manager [-] Deleting cinder.qos_specs object s_rally_e27e9851_Bsg2E8RA (2ef02f55-67e3-4597-a3a6-d60a5b0cacbd)
2019-06-10 08:06:07.257 1842 RALLYDEBUG rally_openstack.cleanup.manager [-] Deleting cinder.qos_specs object s_rally_e27e9851_lkHGtKML (7d43653d-9fc8-4304-9d28-8d06e165fc7d)
2019-06-10 08:06:07.260 1842 RALLYDEBUG rally_openstack.cleanup.manager [-] Deleting cinder.qos_specs object s_rally_e27e9851_SRmEslXU (9ba74edd-92ca-4fd3-8584-04f79138a073)
2019-06-10 08:06:07.288 1842 RALLYDEBUG rally_openstack.cleanup.manager [-] Deleting cinder.qos_specs object s_rally_e27e9851_MFypmraS (2705b4d7-f5ed-4f6c-a038-4ed884c21ea9)
2019-06-10 08:06:09.687 1842 INFO rally.task.context [-] Task d09cdaa9-c677-4d8f-a96d-c4fcd124cbc8 | Context admin_cleanup@openstack cleanup() finished in 6.44 sec
2019-06-10 08:06:09.688 1842 INFO rally.task.context [-] Task d09cdaa9-c677-4d8f-a96d-c4fcd124cbc8 | Context api_versions@openstack cleanup() started
2019-06-10 08:06:09.688 1842 INFO rally.task.context [-] Task d09cdaa9-c677-4d8f-a96d-c4fcd124cbc8 | Context api_versions@openstack cleanup() finished in 0.32 msec
2019-06-10 08:06:09.688 1842 INFO rally.task.context [-] Task d09cdaa9-c677-4d8f-a96d-c4fcd124cbc8 | Context users@openstack cleanup() started
2019-06-10 08:06:17.063 1842 INFO rally.task.context [-] Task d09cdaa9-c677-4d8f-a96d-c4fcd124cbc8 | Context users@openstack cleanup() finished in 7.37 sec
2019-06-10 08:06:17.136 1842 INFO rally.task.engine [-] Load duration is: 3.039413
2019-06-10 08:06:17.137 1842 INFO rally.task.engine [-] Full runner duration is: 3.09233
2019-06-10 08:06:17.137 1842 INFO rally.task.engine [-] Full duration is: 22.080161
2019-06-10 08:06:17.414 1842 INFO rally.task.engine [-] Running workload: position = 0 config = { "version": 2, "title": "A cropped version of a bigger task.", "description": "Auto-generated task from a single workload (uuid=69b2c4c1-c241-4229-8cdf-1369831028f3)", "subtasks": [ { "title": "CinderQos.create_and_set_qos", "description": "Create a qos, then Add/Update keys in qos specs.", "scenario": { "CinderQos.create_and_set_qos": { "consumer": "back-end", "write_iops_sec": "10", "read_iops_sec": "1000", "set_consumer": "both", "set_write_iops_sec": "11", "set_read_iops_sec": "1001" } }, "contexts": { "users": { "tenants": 3, "users_per_tenant": 2 }, "api_versions": { "cinder": { "version": 3, "service_type": "volumev3" } } }, "runner": { "constant": { "concurrency": 4, "times": 10 } }, "hooks": [], "sla": { "failure_rate": { "max": 0 } } } ] }
2019-06-10 08:06:17.439 1842 RALLYDEBUG rally_openstack.contexts.keystone.users [-] Creating 3 tenants using 20 threads
2019-06-10 08:06:19.258 1842 RALLYDEBUG rally_openstack.contexts.keystone.users [-] Creating 6 users using 20 threads
2019-06-10 08:06:21.957 1842 INFO rally.task.context [-] Task d09cdaa9-c677-4d8f-a96d-c4fcd124cbc8 | Context users@openstack setup() finished in 4.52 sec
2019-06-10 08:06:22.391 1842 INFO rally.task.context [-] Task d09cdaa9-c677-4d8f-a96d-c4fcd124cbc8 | Context api_versions@openstack setup() finished in 0.43 sec
2019-06-10 08:06:22.392 1842 INFO rally.task.context [-] Task d09cdaa9-c677-4d8f-a96d-c4fcd124cbc8 | Context admin_cleanup@openstack setup() finished in 0.01 msec
2019-06-10 08:06:22.399 1842 RALLYDEBUG rally.task.runner [-] Starting the constant runner (task UUID: d09cdaa9-c677-4d8f-a96d-c4fcd124cbc8). timeout: 0 concurrency: 4 concurrency_per_worker: 1 times: 10 concurrency_overhead: 0 processes_to_start: 4 max_cpu_used: 16
2019-06-10 08:06:22.411 5478 RALLYDEBUG rally.task.runner [-] Starting a worker. concurrency: 1 args: {"consumer": "back-end", "write_iops_sec": "10", "read_iops_sec": "1000", "set_consumer": "both", "set_write_iops_sec": "11", "set_read_iops_sec": "1001"} times: 10 method_name: run timeout: 0 duration: None cls:
2019-06-10 08:06:22.416 5479 RALLYDEBUG rally.task.runner [-] Starting a worker. concurrency: 1 args: {"consumer": "back-end", "write_iops_sec": "10", "read_iops_sec": "1000", "set_consumer": "both", "set_write_iops_sec": "11", "set_read_iops_sec": "1001"} times: 10 method_name: run timeout: 0 duration: None cls:
2019-06-10 08:06:22.417 5480 RALLYDEBUG rally.task.runner [-] Starting a worker. concurrency: 1 args: {"consumer": "back-end", "write_iops_sec": "10", "read_iops_sec": "1000", "set_consumer": "both", "set_write_iops_sec": "11", "set_read_iops_sec": "1001"} times: 10 method_name: run timeout: 0 duration: None cls:
2019-06-10 08:06:22.418 5478 INFO rally.task.runner [-] Task d09cdaa9-c677-4d8f-a96d-c4fcd124cbc8 | ITER: 1 START
2019-06-10 08:06:22.422 5481 RALLYDEBUG rally.task.runner [-] Starting a worker. concurrency: 1 args: {"consumer": "back-end", "write_iops_sec": "10", "read_iops_sec": "1000", "set_consumer": "both", "set_write_iops_sec": "11", "set_read_iops_sec": "1001"} times: 10 method_name: run timeout: 0 duration: None cls:
2019-06-10 08:06:22.425 5480 INFO rally.task.runner [-] Task d09cdaa9-c677-4d8f-a96d-c4fcd124cbc8 | ITER: 3 START
2019-06-10 08:06:22.426 5479 INFO rally.task.runner [-] Task d09cdaa9-c677-4d8f-a96d-c4fcd124cbc8 | ITER: 2 START
2019-06-10 08:06:22.430 5481 INFO rally.task.runner [-] Task d09cdaa9-c677-4d8f-a96d-c4fcd124cbc8 | ITER: 4 START
2019-06-10 08:06:23.494 5479 INFO rally.task.runner [-] Task d09cdaa9-c677-4d8f-a96d-c4fcd124cbc8 | ITER: 2 END: OK
2019-06-10 08:06:23.501 5479 INFO rally.task.runner [-] Task d09cdaa9-c677-4d8f-a96d-c4fcd124cbc8 | ITER: 5 START
2019-06-10 08:06:23.505 5478 INFO rally.task.runner [-] Task d09cdaa9-c677-4d8f-a96d-c4fcd124cbc8 | ITER: 1 END: OK
2019-06-10 08:06:23.510 5478 INFO rally.task.runner [-] Task d09cdaa9-c677-4d8f-a96d-c4fcd124cbc8 | ITER: 6 START
2019-06-10 08:06:23.529 5480 INFO rally.task.runner [-] Task d09cdaa9-c677-4d8f-a96d-c4fcd124cbc8 | ITER: 3 END: OK
2019-06-10 08:06:23.534 5480 INFO rally.task.runner [-] Task d09cdaa9-c677-4d8f-a96d-c4fcd124cbc8 | ITER: 7 START
2019-06-10 08:06:23.535 5481 INFO rally.task.runner [-] Task d09cdaa9-c677-4d8f-a96d-c4fcd124cbc8 | ITER: 4 END: OK
2019-06-10 08:06:23.539 5481 INFO rally.task.runner [-] Task d09cdaa9-c677-4d8f-a96d-c4fcd124cbc8 | ITER: 8 START
2019-06-10 08:06:24.521 5478 INFO rally.task.runner [-] Task d09cdaa9-c677-4d8f-a96d-c4fcd124cbc8 | ITER: 6 END: OK
2019-06-10 08:06:24.526 5478 INFO rally.task.runner [-] Task d09cdaa9-c677-4d8f-a96d-c4fcd124cbc8 | ITER: 9 START
2019-06-10 08:06:24.564 5481 INFO rally.task.runner [-] Task d09cdaa9-c677-4d8f-a96d-c4fcd124cbc8 | ITER: 8 END: OK
2019-06-10 08:06:24.567 5481 INFO rally.task.runner [-] Task d09cdaa9-c677-4d8f-a96d-c4fcd124cbc8 | ITER: 10 START
2019-06-10 08:06:24.570 5479 INFO rally.task.runner [-] Task d09cdaa9-c677-4d8f-a96d-c4fcd124cbc8 | ITER: 5 END: OK
2019-06-10 08:06:24.648 5480 INFO rally.task.runner [-] Task d09cdaa9-c677-4d8f-a96d-c4fcd124cbc8 | ITER: 7 END: OK
2019-06-10 08:06:25.468 5481 INFO rally.task.runner [-] Task d09cdaa9-c677-4d8f-a96d-c4fcd124cbc8 | ITER: 10 END: OK
2019-06-10 08:06:25.510 5478 INFO rally.task.runner [-] Task d09cdaa9-c677-4d8f-a96d-c4fcd124cbc8 | ITER: 9 END: OK
2019-06-10 08:06:25.538 1842 INFO rally.task.context [-] Task d09cdaa9-c677-4d8f-a96d-c4fcd124cbc8 | Context admin_cleanup@openstack cleanup() started
2019-06-10 08:06:25.540 1842 RALLYDEBUG rally_openstack.cleanup.manager [-] Cleaning up cinder volume_types objects
2019-06-10 08:06:26.196 1842 RALLYDEBUG rally_openstack.cleanup.manager [-] Cleaning up cinder image_volumes_cache objects
2019-06-10 08:06:27.135 1842 RALLYDEBUG rally_openstack.cleanup.manager [-] Cleaning up cinder quotas objects
2019-06-10 08:06:28.587 1842 RALLYDEBUG rally_openstack.cleanup.manager [-] Cleaning up cinder qos_specs objects
2019-06-10 08:06:29.311 1842 RALLYDEBUG rally_openstack.cleanup.manager [-] Deleting cinder.qos_specs object s_rally_69b2c4c1_qUhBPET0 (ad23398f-0a23-4521-8d76-a536cb27c49c)
2019-06-10 08:06:29.315 1842 RALLYDEBUG rally_openstack.cleanup.manager [-] Deleting cinder.qos_specs object s_rally_69b2c4c1_Wzh3x1eo (170443ec-af7b-4df5-9ede-938ad1435b26)
2019-06-10 08:06:29.321 1842 RALLYDEBUG rally_openstack.cleanup.manager [-] Deleting cinder.qos_specs object s_rally_69b2c4c1_Y2HSqoML (f87c4771-fc3e-4816-a98d-5b1e99d933a8)
2019-06-10 08:06:29.336 1842 RALLYDEBUG rally_openstack.cleanup.manager [-] Deleting cinder.qos_specs object s_rally_69b2c4c1_o2VY6KC8 (80d111c1-584d-45e5-8d72-af9eed1b743a)
2019-06-10 08:06:29.337 1842 RALLYDEBUG rally_openstack.cleanup.manager [-] Deleting cinder.qos_specs object s_rally_69b2c4c1_UF4WVFIX (b3c8f15f-0ac6-490d-854e-fcdcd86fa739)
2019-06-10 08:06:29.350 1842 RALLYDEBUG rally_openstack.cleanup.manager [-] Deleting cinder.qos_specs object s_rally_69b2c4c1_Ga3QId8f (4fe7835c-07f6-4ae5-8eab-b24f6ef9b8b0)
2019-06-10 08:06:29.353 1842 RALLYDEBUG rally_openstack.cleanup.manager [-] Deleting cinder.qos_specs object s_rally_69b2c4c1_DqGmXduK (0b7da739-686a-416f-860f-579ff62deff8)
2019-06-10 08:06:29.374 1842 RALLYDEBUG rally_openstack.cleanup.manager [-] Deleting cinder.qos_specs object s_rally_69b2c4c1_GZkX7ePP (3f5c855c-a45d-48d2-b9ce-e9ec67504b9a)
2019-06-10 08:06:29.379 1842 RALLYDEBUG rally_openstack.cleanup.manager [-] Deleting cinder.qos_specs object s_rally_69b2c4c1_Zy5vKhkg (3cbadda9-6766-409c-8022-93e32122cbff)
2019-06-10 08:06:29.407 1842 RALLYDEBUG rally_openstack.cleanup.manager [-] Deleting cinder.qos_specs object s_rally_69b2c4c1_B1siZ4d7 (023dfaa5-99a1-4363-81ea-807b87a348d5)
2019-06-10 08:06:31.762 1842 INFO rally.task.context [-] Task d09cdaa9-c677-4d8f-a96d-c4fcd124cbc8 | Context admin_cleanup@openstack cleanup() finished in 6.22 sec
2019-06-10 08:06:31.762 1842 INFO rally.task.context [-] Task d09cdaa9-c677-4d8f-a96d-c4fcd124cbc8 | Context api_versions@openstack cleanup() started
2019-06-10 08:06:31.763 1842 INFO rally.task.context [-] Task d09cdaa9-c677-4d8f-a96d-c4fcd124cbc8 | Context api_versions@openstack cleanup() finished in 0.32 msec
2019-06-10 08:06:31.763 1842 INFO rally.task.context [-] Task d09cdaa9-c677-4d8f-a96d-c4fcd124cbc8 | Context users@openstack cleanup() started
2019-06-10 08:06:38.904 1842 INFO rally.task.context [-] Task d09cdaa9-c677-4d8f-a96d-c4fcd124cbc8 | Context users@openstack cleanup() finished in 7.14 sec
2019-06-10 08:06:39.535 1842 INFO rally.task.engine [-] Load duration is: 3.089079
2019-06-10 08:06:39.535 1842 INFO rally.task.engine [-] Full runner duration is: 3.139414
2019-06-10 08:06:39.535 1842 INFO rally.task.engine [-] Full duration is: 21.468599
2019-06-10 08:06:39.836 1842 INFO rally.task.engine [-] Running workload: position = 0 config = { "version": 2, "title": "A cropped version of a bigger task.", "description": "Auto-generated task from a single workload (uuid=5c34095d-a805-4188-995c-9de8451ba448)", "subtasks": [ { "title": "CinderVolumeTypes.create_and_get_volume_type", "description": "Create a volume Type, then get the details of the type.", "scenario": { "CinderVolumeTypes.create_and_get_volume_type": { "description": "rally tests creating types" } }, "contexts": { "users": { "tenants": 3, "users_per_tenant": 2 }, "api_versions": { "cinder": { "version": 3, "service_type": "volumev3" } } }, "runner": { "constant": { "concurrency": 4, "times": 10 } }, "hooks": [], "sla": { "failure_rate": { "max": 0 } } } ] }
2019-06-10 08:06:39.860 1842 RALLYDEBUG rally_openstack.contexts.keystone.users [-] Creating 3 tenants using 20 threads
2019-06-10 08:06:41.884 1842 RALLYDEBUG rally_openstack.contexts.keystone.users [-] Creating 6 users using 20 threads
2019-06-10 08:06:44.487 1842 INFO rally.task.context [-] Task d09cdaa9-c677-4d8f-a96d-c4fcd124cbc8 | Context users@openstack setup() finished in 4.63 sec
2019-06-10 08:06:44.901 1842 INFO rally.task.context [-] Task d09cdaa9-c677-4d8f-a96d-c4fcd124cbc8 | Context api_versions@openstack setup() finished in 0.41 sec
2019-06-10 08:06:44.902 1842 INFO rally.task.context [-] Task d09cdaa9-c677-4d8f-a96d-c4fcd124cbc8 | Context admin_cleanup@openstack setup() finished in 0.00 msec
2019-06-10 08:06:44.910 1842 RALLYDEBUG rally.task.runner [-] Starting the constant runner (task UUID: d09cdaa9-c677-4d8f-a96d-c4fcd124cbc8). timeout: 0 concurrency: 4 concurrency_per_worker: 1 times: 10 concurrency_overhead: 0 processes_to_start: 4 max_cpu_used: 16
2019-06-10 08:06:44.922 5662 RALLYDEBUG rally.task.runner [-] Starting a worker. concurrency: 1 args: {"description": "rally tests creating types"} times: 10 method_name: run timeout: 0 duration: None cls:
2019-06-10 08:06:44.926 5663 RALLYDEBUG rally.task.runner [-] Starting a worker. concurrency: 1 args: {"description": "rally tests creating types"} times: 10 method_name: run timeout: 0 duration: None cls:
2019-06-10 08:06:44.928 5664 RALLYDEBUG rally.task.runner [-] Starting a worker. concurrency: 1 args: {"description": "rally tests creating types"} times: 10 method_name: run timeout: 0 duration: None cls:
2019-06-10 08:06:44.931 5662 INFO rally.task.runner [-] Task d09cdaa9-c677-4d8f-a96d-c4fcd124cbc8 | ITER: 1 START
2019-06-10 08:06:44.931 5665 RALLYDEBUG rally.task.runner [-] Starting a worker. concurrency: 1 args: {"description": "rally tests creating types"} times: 10 method_name: run timeout: 0 duration: None cls:
2019-06-10 08:06:44.934 5663 INFO rally.task.runner [-] Task d09cdaa9-c677-4d8f-a96d-c4fcd124cbc8 | ITER: 2 START
2019-06-10 08:06:44.935 5664 INFO rally.task.runner [-] Task d09cdaa9-c677-4d8f-a96d-c4fcd124cbc8 | ITER: 3 START
2019-06-10 08:06:44.938 5665 INFO rally.task.runner [-] Task d09cdaa9-c677-4d8f-a96d-c4fcd124cbc8 | ITER: 4 START
2019-06-10 08:06:45.999 5664 INFO rally.task.runner [-] Task d09cdaa9-c677-4d8f-a96d-c4fcd124cbc8 | ITER: 3 END: OK
2019-06-10 08:06:46.004 5664 INFO rally.task.runner [-] Task d09cdaa9-c677-4d8f-a96d-c4fcd124cbc8 | ITER: 5 START
2019-06-10 08:06:46.029 5663 INFO rally.task.runner [-] Task d09cdaa9-c677-4d8f-a96d-c4fcd124cbc8 | ITER: 2 END: OK
2019-06-10 08:06:46.035 5663 INFO rally.task.runner [-] Task d09cdaa9-c677-4d8f-a96d-c4fcd124cbc8 | ITER: 6 START
2019-06-10 08:06:46.060 5662 INFO rally.task.runner [-] Task d09cdaa9-c677-4d8f-a96d-c4fcd124cbc8 | ITER: 1 END: OK
2019-06-10 08:06:46.066 5662 INFO rally.task.runner [-] Task d09cdaa9-c677-4d8f-a96d-c4fcd124cbc8 | ITER: 7 START
2019-06-10 08:06:46.069 5665 INFO rally.task.runner [-] Task d09cdaa9-c677-4d8f-a96d-c4fcd124cbc8 | ITER: 4 END: OK
2019-06-10 08:06:46.074 5665 INFO rally.task.runner [-] Task d09cdaa9-c677-4d8f-a96d-c4fcd124cbc8 | ITER: 8 START
2019-06-10 08:06:46.979 5665 INFO rally.task.runner [-] Task d09cdaa9-c677-4d8f-a96d-c4fcd124cbc8 | ITER: 8 END: OK
2019-06-10 08:06:46.983 5665 INFO rally.task.runner [-] Task d09cdaa9-c677-4d8f-a96d-c4fcd124cbc8 | ITER: 9 START
2019-06-10 08:06:47.010 5662 INFO rally.task.runner [-] Task d09cdaa9-c677-4d8f-a96d-c4fcd124cbc8 | ITER: 7 END: OK
2019-06-10 08:06:47.014 5662 INFO rally.task.runner [-] Task d09cdaa9-c677-4d8f-a96d-c4fcd124cbc8 | ITER: 10 START
2019-06-10 08:06:47.065 5663 INFO rally.task.runner [-] Task d09cdaa9-c677-4d8f-a96d-c4fcd124cbc8 | ITER: 6 END: OK
2019-06-10 08:06:47.117 5664 INFO rally.task.runner [-] Task d09cdaa9-c677-4d8f-a96d-c4fcd124cbc8 | ITER: 5 END: OK
2019-06-10 08:06:47.906 5662 INFO rally.task.runner [-] Task d09cdaa9-c677-4d8f-a96d-c4fcd124cbc8 | ITER: 10 END: OK
2019-06-10 08:06:47.940 5665 INFO rally.task.runner [-] Task d09cdaa9-c677-4d8f-a96d-c4fcd124cbc8 | ITER: 9 END: OK
2019-06-10 08:06:47.964 1842 INFO rally.task.context [-] Task d09cdaa9-c677-4d8f-a96d-c4fcd124cbc8 | Context admin_cleanup@openstack cleanup() started
2019-06-10 08:06:47.966 1842 RALLYDEBUG rally_openstack.cleanup.manager [-] Cleaning up cinder volume_types objects
2019-06-10 08:06:48.667 1842 RALLYDEBUG rally_openstack.cleanup.manager [-] Deleting cinder.volume_types object s_rally_5c34095d_No5GEZ8K (92aa7c67-217b-4171-a376-f33d9c7b4702)
2019-06-10 08:06:48.671 1842 RALLYDEBUG rally_openstack.cleanup.manager [-] Deleting cinder.volume_types object s_rally_5c34095d_KWKOm53g (4a9dd202-4af8-45d6-9551-fc42dd4f308b)
2019-06-10 08:06:48.677 1842 RALLYDEBUG rally_openstack.cleanup.manager [-] Deleting cinder.volume_types object s_rally_5c34095d_L7BWEaZm (9792ab63-89a6-4a3b-997c-deab271e1303)
2019-06-10 08:06:48.680 1842 RALLYDEBUG rally_openstack.cleanup.manager [-] Deleting cinder.volume_types object s_rally_5c34095d_dlbK7sSD (6504857d-6260-43ad-88a0-1b42c7a2ff2a)
2019-06-10 08:06:48.692 1842 RALLYDEBUG rally_openstack.cleanup.manager [-] Deleting cinder.volume_types object s_rally_5c34095d_yFKhLaKK (bcb8717f-c098-409a-b1a7-c005b4753fb3)
2019-06-10 08:06:48.694 1842 RALLYDEBUG rally_openstack.cleanup.manager [-] Deleting cinder.volume_types object s_rally_5c34095d_28a1NYOZ (70b8f81d-e44b-42e4-9ee5-c1114342ad6f)
2019-06-10 08:06:48.695 1842 RALLYDEBUG rally_openstack.cleanup.manager [-] Deleting cinder.volume_types object s_rally_5c34095d_tGPjQsE4 (0963fae2-b260-44f2-9afb-78a7c4f9812b)
2019-06-10 08:06:48.700 1842 RALLYDEBUG rally_openstack.cleanup.manager [-] Deleting cinder.volume_types object s_rally_5c34095d_yujjYngl (c1d45414-9f9d-4178-ae74-fb95cdc07bdc)
2019-06-10 08:06:48.715 1842 RALLYDEBUG rally_openstack.cleanup.manager [-] Deleting cinder.volume_types object s_rally_5c34095d_kQcL1K8x (cdb9cb3e-e9c1-4782-b84f-d1b686c6bd33)
2019-06-10 08:06:48.716 1842 RALLYDEBUG rally_openstack.cleanup.manager [-] Deleting cinder.volume_types object s_rally_5c34095d_4vYTRyHV (7f309269-5dc1-4eb2-958f-088adeb2ea7e)
2019-06-10 08:06:51.060 1842 RALLYDEBUG rally_openstack.cleanup.manager [-] Cleaning up cinder image_volumes_cache objects
2019-06-10 08:06:52.013 1842 RALLYDEBUG rally_openstack.cleanup.manager [-] Cleaning up cinder quotas objects
2019-06-10 08:06:53.629 1842 RALLYDEBUG rally_openstack.cleanup.manager [-] Cleaning up cinder qos_specs objects
2019-06-10 08:06:54.275 1842 INFO rally.task.context [-] Task d09cdaa9-c677-4d8f-a96d-c4fcd124cbc8 | Context admin_cleanup@openstack cleanup() finished in 6.31 sec
2019-06-10 08:06:54.276 1842 INFO rally.task.context [-] Task d09cdaa9-c677-4d8f-a96d-c4fcd124cbc8 | Context api_versions@openstack cleanup() started
2019-06-10 08:06:54.276 1842 INFO rally.task.context [-] Task d09cdaa9-c677-4d8f-a96d-c4fcd124cbc8 | Context api_versions@openstack cleanup() finished in 0.32 msec
2019-06-10 08:06:54.276 1842 INFO rally.task.context [-] Task d09cdaa9-c677-4d8f-a96d-c4fcd124cbc8 | Context users@openstack cleanup() started
2019-06-10 08:07:01.044 1842 INFO rally.task.context [-] Task d09cdaa9-c677-4d8f-a96d-c4fcd124cbc8 | Context users@openstack cleanup() finished in 6.77 sec
2019-06-10 08:07:01.958 1842 INFO rally.task.engine [-] Load duration is: 3.005433
2019-06-10 08:07:01.958 1842 INFO rally.task.engine [-] Full runner duration is: 3.055564
2019-06-10 08:07:01.959 1842 INFO rally.task.engine [-] Full duration is: 21.188587
2019-06-10 08:07:02.261 1842 INFO rally.task.engine [-] Running workload: position = 0 config = { "version": 2, "title": "A cropped version of a bigger task.", "description": "Auto-generated task from a single workload (uuid=98cd01cd-eb7d-4e5c-94ef-a0883db80113)", "subtasks": [ { "title": "CinderVolumeTypes.create_and_list_volume_types", "description": "Create a volume Type, then list all types.", "scenario": { "CinderVolumeTypes.create_and_list_volume_types": { "description": "rally tests creating types" } }, "contexts": { "users": { "tenants": 3, "users_per_tenant": 2 }, "api_versions": { "cinder": { "version": 3, "service_type": "volumev3" } } }, "runner": { "constant": { "concurrency": 4, "times": 10 } }, "hooks": [], "sla": { "failure_rate": { "max": 0 } } } ] }
2019-06-10 08:07:02.283 1842 RALLYDEBUG rally_openstack.contexts.keystone.users [-] Creating 3 tenants using 20 threads
2019-06-10 08:07:04.216 1842 RALLYDEBUG rally_openstack.contexts.keystone.users [-] Creating 6 users using 20 threads
2019-06-10 08:07:06.889 1842 INFO rally.task.context [-] Task d09cdaa9-c677-4d8f-a96d-c4fcd124cbc8 | Context users@openstack setup() finished in 4.61 sec
2019-06-10 08:07:07.309 1842 INFO rally.task.context [-] Task d09cdaa9-c677-4d8f-a96d-c4fcd124cbc8 | Context api_versions@openstack setup() finished in 0.42 sec
2019-06-10 08:07:07.310 1842 INFO rally.task.context [-] Task d09cdaa9-c677-4d8f-a96d-c4fcd124cbc8 | Context admin_cleanup@openstack setup() finished in 0.01 msec
2019-06-10 08:07:07.317 1842 RALLYDEBUG rally.task.runner [-] Starting the constant runner (task UUID: d09cdaa9-c677-4d8f-a96d-c4fcd124cbc8). timeout: 0 concurrency: 4 concurrency_per_worker: 1 times: 10 concurrency_overhead: 0 processes_to_start: 4 max_cpu_used: 16
2019-06-10 08:07:07.330 5846 RALLYDEBUG rally.task.runner [-] Starting a worker. concurrency: 1 args: {"description": "rally tests creating types"} times: 10 method_name: run timeout: 0 duration: None cls:
2019-06-10 08:07:07.331 5847 RALLYDEBUG rally.task.runner [-] Starting a worker. concurrency: 1 args: {"description": "rally tests creating types"} times: 10 method_name: run timeout: 0 duration: None cls:
2019-06-10 08:07:07.336 5848 RALLYDEBUG rally.task.runner [-] Starting a worker. concurrency: 1 args: {"description": "rally tests creating types"} times: 10 method_name: run timeout: 0 duration: None cls:
2019-06-10 08:07:07.337 5847 INFO rally.task.runner [-] Task d09cdaa9-c677-4d8f-a96d-c4fcd124cbc8 | ITER: 2 START
2019-06-10 08:07:07.338 5846 INFO rally.task.runner [-] Task d09cdaa9-c677-4d8f-a96d-c4fcd124cbc8 | ITER: 1 START
2019-06-10 08:07:07.338 5849 RALLYDEBUG rally.task.runner [-] Starting a worker. concurrency: 1 args: {"description": "rally tests creating types"} times: 10 method_name: run timeout: 0 duration: None cls:
2019-06-10 08:07:07.342 5848 INFO rally.task.runner [-] Task d09cdaa9-c677-4d8f-a96d-c4fcd124cbc8 | ITER: 3 START
2019-06-10 08:07:07.345 5849 INFO rally.task.runner [-] Task d09cdaa9-c677-4d8f-a96d-c4fcd124cbc8 | ITER: 4 START
2019-06-10 08:07:08.428 5847 INFO rally.task.runner [-] Task d09cdaa9-c677-4d8f-a96d-c4fcd124cbc8 | ITER: 2 END: OK
2019-06-10 08:07:08.431 5848 INFO rally.task.runner [-] Task d09cdaa9-c677-4d8f-a96d-c4fcd124cbc8 | ITER: 3 END: OK
2019-06-10 08:07:08.434 5847 INFO rally.task.runner [-] Task d09cdaa9-c677-4d8f-a96d-c4fcd124cbc8 | ITER: 5 START
2019-06-10 08:07:08.436 5848 INFO rally.task.runner [-] Task d09cdaa9-c677-4d8f-a96d-c4fcd124cbc8 | ITER: 6 START
2019-06-10 08:07:08.507 5849 INFO rally.task.runner [-] Task d09cdaa9-c677-4d8f-a96d-c4fcd124cbc8 | ITER: 4 END: OK
2019-06-10 08:07:08.512 5849 INFO rally.task.runner [-] Task d09cdaa9-c677-4d8f-a96d-c4fcd124cbc8 | ITER: 7 START
2019-06-10 08:07:08.523 5846 INFO rally.task.runner [-] Task d09cdaa9-c677-4d8f-a96d-c4fcd124cbc8 | ITER: 1 END: OK
2019-06-10 08:07:08.528 5846 INFO rally.task.runner [-] Task d09cdaa9-c677-4d8f-a96d-c4fcd124cbc8 | ITER: 8 START
2019-06-10 08:07:09.432 5848 INFO rally.task.runner [-] Task d09cdaa9-c677-4d8f-a96d-c4fcd124cbc8 | ITER: 6 END: OK
