2019-06-10 07:43:17.300 725 RALLYDEBUG rally_openstack.cleanup.manager [-] Deleting glance.images object s_rally_f5304d7b_27w5Twgf (57fd0615-a299-4f12-b866-e081ab0e43b5)
2019-06-10 07:43:17.310 725 RALLYDEBUG rally_openstack.cleanup.manager [-] Deleting glance.images object s_rally_f5304d7b_oKeAaTTE (4b99bfb6-577e-4beb-be2a-742422b34f3b)
2019-06-10 07:43:17.329 725 RALLYDEBUG rally_openstack.cleanup.manager [-] Deleting glance.images object s_rally_f5304d7b_3W5vBQAC (ed1b0f5d-0936-439f-9311-087bfc236911)
2019-06-10 07:43:19.366 725 DEBUG glanceclient.common.http [-] Request returned failure status 404. _handle_response /usr/lib/python2.7/site-packages/glanceclient/common/http.py:125
2019-06-10 07:43:19.381 725 DEBUG glanceclient.common.http [-] Request returned failure status 404. _handle_response /usr/lib/python2.7/site-packages/glanceclient/common/http.py:125
2019-06-10 07:43:19.381 725 DEBUG glanceclient.common.http [-] Request returned failure status 404. _handle_response /usr/lib/python2.7/site-packages/glanceclient/common/http.py:125
2019-06-10 07:43:19.392 725 DEBUG glanceclient.common.http [-] Request returned failure status 404. _handle_response /usr/lib/python2.7/site-packages/glanceclient/common/http.py:125
2019-06-10 07:43:19.399 725 DEBUG glanceclient.common.http [-] Request returned failure status 404. _handle_response /usr/lib/python2.7/site-packages/glanceclient/common/http.py:125
2019-06-10 07:43:19.407 725 DEBUG glanceclient.common.http [-] Request returned failure status 404. _handle_response /usr/lib/python2.7/site-packages/glanceclient/common/http.py:125
2019-06-10 07:43:20.527 725 DEBUG glanceclient.common.http [-] Request returned failure status 404. _handle_response /usr/lib/python2.7/site-packages/glanceclient/common/http.py:125
2019-06-10 07:43:20.544 725 DEBUG glanceclient.common.http [-] Request returned failure status 404. _handle_response /usr/lib/python2.7/site-packages/glanceclient/common/http.py:125
2019-06-10 07:43:20.548 725 DEBUG glanceclient.common.http [-] Request returned failure status 404. _handle_response /usr/lib/python2.7/site-packages/glanceclient/common/http.py:125
2019-06-10 07:43:20.558 725 DEBUG glanceclient.common.http [-] Request returned failure status 404. _handle_response /usr/lib/python2.7/site-packages/glanceclient/common/http.py:125
2019-06-10 07:43:23.650 725 DEBUG glanceclient.common.http [-] Request returned failure status 404. _handle_response /usr/lib/python2.7/site-packages/glanceclient/common/http.py:125
2019-06-10 07:43:23.677 725 DEBUG glanceclient.common.http [-] Request returned failure status 404. _handle_response /usr/lib/python2.7/site-packages/glanceclient/common/http.py:125
2019-06-10 07:43:23.683 725 DEBUG glanceclient.common.http [-] Request returned failure status 404. _handle_response /usr/lib/python2.7/site-packages/glanceclient/common/http.py:125
2019-06-10 07:43:23.708 725 DEBUG glanceclient.common.http [-] Request returned failure status 404. _handle_response /usr/lib/python2.7/site-packages/glanceclient/common/http.py:125
2019-06-10 07:43:23.709 725 DEBUG glanceclient.common.http [-] Request returned failure status 404. _handle_response /usr/lib/python2.7/site-packages/glanceclient/common/http.py:125
2019-06-10 07:43:23.734 725 DEBUG glanceclient.common.http [-] Request returned failure status 404. _handle_response /usr/lib/python2.7/site-packages/glanceclient/common/http.py:125
2019-06-10 07:43:23.739 725 DEBUG glanceclient.common.http [-] Request returned failure status 404. _handle_response /usr/lib/python2.7/site-packages/glanceclient/common/http.py:125
2019-06-10 07:43:23.742 725 DEBUG glanceclient.common.http [-] Request returned failure status 404. _handle_response /usr/lib/python2.7/site-packages/glanceclient/common/http.py:125
2019-06-10 07:43:23.743 725 DEBUG glanceclient.common.http [-] Request returned failure status 404. _handle_response /usr/lib/python2.7/site-packages/glanceclient/common/http.py:125
2019-06-10 07:43:23.759 725 DEBUG glanceclient.common.http [-] Request returned failure status 404. _handle_response /usr/lib/python2.7/site-packages/glanceclient/common/http.py:125
2019-06-10 07:43:24.761 725 INFO rally.task.context [-] Task c0062142-5cff-4033-9a18-f9817c209fa5 | Context cleanup@openstack cleanup() finished in 35.57 sec
2019-06-10 07:43:24.762 725 INFO rally.task.context [-] Task c0062142-5cff-4033-9a18-f9817c209fa5 | Context quotas@openstack cleanup() started
2019-06-10 07:43:24.763 725 DEBUG novaclient.v2.client [-] REQ: curl -g -i -X DELETE http://172.30.9.21:8774/v2.1/os-quota-sets/cb65e72ba82b46a9bd1145cc933d136a -H "Accept: application/json" -H "User-Agent: python-novaclient" -H "X-Auth-Token: {SHA1}98539823429bd327d5ab34eaaee6186ec85ed757" _http_log_request /usr/lib/python2.7/site-packages/keystoneauth1/session.py:448
2019-06-10 07:43:24.802 725 DEBUG novaclient.v2.client [-] RESP: [202] Content-Length: 0 Content-Type: application/json Date: Mon, 10 Jun 2019 07:43:24 GMT OpenStack-API-Version: compute 2.1 Server: Apache Vary: OpenStack-API-Version,X-OpenStack-Nova-API-Version X-OpenStack-Nova-API-Version: 2.1 x-compute-request-id: req-b40cf43f-7b88-4712-af8d-29a05a926f91 x-openstack-request-id: req-b40cf43f-7b88-4712-af8d-29a05a926f91 _http_log_response /usr/lib/python2.7/site-packages/keystoneauth1/session.py:479
2019-06-10 07:43:24.802 725 DEBUG novaclient.v2.client [-] DELETE call to compute for http://172.30.9.21:8774/v2.1/os-quota-sets/cb65e72ba82b46a9bd1145cc933d136a used request id req-b40cf43f-7b88-4712-af8d-29a05a926f91 request /usr/lib/python2.7/site-packages/keystoneauth1/session.py:844
2019-06-10 07:43:24.803 725 DEBUG novaclient.v2.client [-] REQ: curl -g -i -X DELETE http://172.30.9.21:8774/v2.1/os-quota-sets/aec1ff9caaec465f94e14559b487d875 -H "Accept: application/json" -H "User-Agent: python-novaclient" -H "X-Auth-Token: {SHA1}98539823429bd327d5ab34eaaee6186ec85ed757" _http_log_request /usr/lib/python2.7/site-packages/keystoneauth1/session.py:448
2019-06-10 07:43:24.838 725 DEBUG novaclient.v2.client [-] RESP: [202] Content-Length: 0 Content-Type: application/json Date: Mon, 10 Jun 2019 07:43:24 GMT OpenStack-API-Version: compute 2.1 Server: Apache Vary: OpenStack-API-Version,X-OpenStack-Nova-API-Version X-OpenStack-Nova-API-Version: 2.1 x-compute-request-id: req-165929aa-8efb-4e17-bc10-0d52acb87b7e x-openstack-request-id: req-165929aa-8efb-4e17-bc10-0d52acb87b7e _http_log_response /usr/lib/python2.7/site-packages/keystoneauth1/session.py:479
2019-06-10 07:43:24.838 725 DEBUG novaclient.v2.client [-] DELETE call to compute for http://172.30.9.21:8774/v2.1/os-quota-sets/aec1ff9caaec465f94e14559b487d875 used request id req-165929aa-8efb-4e17-bc10-0d52acb87b7e request /usr/lib/python2.7/site-packages/keystoneauth1/session.py:844
2019-06-10 07:43:24.840 725 DEBUG novaclient.v2.client [-] REQ: curl -g -i -X DELETE http://172.30.9.21:8774/v2.1/os-quota-sets/56d64ce1cc47487f9351d29502ac6e66 -H "Accept: application/json" -H "User-Agent: python-novaclient" -H "X-Auth-Token: {SHA1}98539823429bd327d5ab34eaaee6186ec85ed757" _http_log_request /usr/lib/python2.7/site-packages/keystoneauth1/session.py:448
2019-06-10 07:43:24.864 725 DEBUG novaclient.v2.client [-] RESP: [202] Content-Length: 0 Content-Type: application/json Date: Mon, 10 Jun 2019 07:43:24 GMT OpenStack-API-Version: compute 2.1 Server: Apache Vary: OpenStack-API-Version,X-OpenStack-Nova-API-Version X-OpenStack-Nova-API-Version: 2.1 x-compute-request-id: req-7aa7a7bf-feb3-4b03-8761-31841f82e44f x-openstack-request-id: req-7aa7a7bf-feb3-4b03-8761-31841f82e44f _http_log_response /usr/lib/python2.7/site-packages/keystoneauth1/session.py:479
2019-06-10 07:43:24.864 725 DEBUG novaclient.v2.client [-] DELETE call to compute for http://172.30.9.21:8774/v2.1/os-quota-sets/56d64ce1cc47487f9351d29502ac6e66 used request id req-7aa7a7bf-feb3-4b03-8761-31841f82e44f request /usr/lib/python2.7/site-packages/keystoneauth1/session.py:844
2019-06-10 07:43:24.864 725 INFO rally.task.context [-] Task c0062142-5cff-4033-9a18-f9817c209fa5 | Context quotas@openstack cleanup() finished in 0.10 sec
2019-06-10 07:43:24.865 725 INFO rally.task.context [-] Task c0062142-5cff-4033-9a18-f9817c209fa5 | Context users@openstack cleanup() started
2019-06-10 07:43:31.515 725 INFO rally.task.context [-] Task c0062142-5cff-4033-9a18-f9817c209fa5 | Context users@openstack cleanup() finished in 6.65 sec
2019-06-10 07:43:32.324 725 INFO rally.task.engine [-] Load duration is: 68.009628
2019-06-10 07:43:32.324 725 INFO rally.task.engine [-] Full runner duration is: 69.939236
2019-06-10 07:43:32.325 725 INFO rally.task.engine [-] Full duration is: 119.636809
2019-06-10 07:43:32.653 725 INFO rally.task.engine [-] Running workload: position = 0 config = { "version": 2, "title": "A cropped version of a bigger task.", "description": "Auto-generated task from a single workload (uuid=d8a82524-6099-4236-bfcb-68c82ca3be97)", "subtasks": [ { "title": "GlanceImages.create_and_deactivate_image", "description": "Create an image, then deactivate it.", "scenario": { "GlanceImages.create_and_deactivate_image": { "container_format": "bare", "disk_format": "qcow2", "image_location": "/home/opnfv/functest/images/cirros-0.4.0-x86_64-disk.img" } }, "contexts": { "users": { "tenants": 3, "users_per_tenant": 2 } }, "runner": { "constant": { "concurrency": 4, "times": 10 } }, "hooks": [], "sla": { "failure_rate": { "max": 0 } } } ] }
2019-06-10 07:43:32.698 725 RALLYDEBUG rally_openstack.contexts.keystone.users [-] Creating 3 tenants using 20 threads
2019-06-10 07:43:34.500 725 RALLYDEBUG rally_openstack.contexts.keystone.users [-] Creating 6 users using 20 threads
2019-06-10 07:43:37.296 725 INFO rally.task.context [-] Task c0062142-5cff-4033-9a18-f9817c209fa5 | Context users@openstack setup() finished in 4.60 sec
2019-06-10 07:43:37.296 725 INFO rally.task.context [-] Task c0062142-5cff-4033-9a18-f9817c209fa5 | Context cleanup@openstack setup() finished in 0.04 msec
2019-06-10 07:43:37.307 725 RALLYDEBUG rally.task.runner [-] Starting the constant runner (task UUID: c0062142-5cff-4033-9a18-f9817c209fa5). timeout: 0 concurrency: 4 concurrency_per_worker: 1 times: 10 concurrency_overhead: 0 processes_to_start: 4 max_cpu_used: 16
2019-06-10 07:43:37.320 1385 RALLYDEBUG rally.task.runner [-] Starting a worker. concurrency: 1 args: {"container_format": "bare", "disk_format": "qcow2", "image_location": "/home/opnfv/functest/images/cirros-0.4.0-x86_64-disk.img"} times: 10 method_name: run timeout: 0 duration: None cls:
2019-06-10 07:43:37.323 1386 RALLYDEBUG rally.task.runner [-] Starting a worker. concurrency: 1 args: {"container_format": "bare", "disk_format": "qcow2", "image_location": "/home/opnfv/functest/images/cirros-0.4.0-x86_64-disk.img"} times: 10 method_name: run timeout: 0 duration: None cls:
2019-06-10 07:43:37.326 1385 INFO rally.task.runner [-] Task c0062142-5cff-4033-9a18-f9817c209fa5 | ITER: 1 START
2019-06-10 07:43:37.327 1387 RALLYDEBUG rally.task.runner [-] Starting a worker. concurrency: 1 args: {"container_format": "bare", "disk_format": "qcow2", "image_location": "/home/opnfv/functest/images/cirros-0.4.0-x86_64-disk.img"} times: 10 method_name: run timeout: 0 duration: None cls:
2019-06-10 07:43:37.328 1388 RALLYDEBUG rally.task.runner [-] Starting a worker. concurrency: 1 args: {"container_format": "bare", "disk_format": "qcow2", "image_location": "/home/opnfv/functest/images/cirros-0.4.0-x86_64-disk.img"} times: 10 method_name: run timeout: 0 duration: None cls:
2019-06-10 07:43:37.330 1386 INFO rally.task.runner [-] Task c0062142-5cff-4033-9a18-f9817c209fa5 | ITER: 2 START
2019-06-10 07:43:37.333 1387 INFO rally.task.runner [-] Task c0062142-5cff-4033-9a18-f9817c209fa5 | ITER: 3 START
2019-06-10 07:43:37.334 1388 INFO rally.task.runner [-] Task c0062142-5cff-4033-9a18-f9817c209fa5 | ITER: 4 START
2019-06-10 07:43:40.612 1386 RALLYDEBUG rally.task.utils [-] Waiting for resource u'03109785-75fb-4d39-b557-416b03a5c202'. Status changed: NONE => QUEUED in 0.0314481258392
2019-06-10 07:43:40.640 1387 RALLYDEBUG rally.task.utils [-] Waiting for resource u'0a206fe5-b5b4-4edd-bd27-c58ed46f3b5a'. Status changed: NONE => QUEUED in 0.0296361446381
2019-06-10 07:43:40.665 1385 RALLYDEBUG rally.task.utils [-] Waiting for resource u'96e71b5a-f72b-4bde-901a-2b57d66ba436'. Status changed: NONE => QUEUED in 0.0453169345856
2019-06-10 07:43:41.276 1388 RALLYDEBUG rally.task.utils [-] Waiting for resource u'40b1b934-fb30-4d58-9b6a-aa3c886deb86'. Status changed: NONE => QUEUED in 0.566998958588
2019-06-10 07:43:41.427 1387 RALLYDEBUG rally.task.utils [-] Waiting for resource s_rally_d8a82524_bgGZPAg0. Status changed: QUEUED => ACTIVE in 0.0937469005585
2019-06-10 07:43:42.353 1386 RALLYDEBUG rally.task.utils [-] Waiting for resource s_rally_d8a82524_YC08CfLa. Status changed: QUEUED => ACTIVE in 0.0235469341278
2019-06-10 07:43:42.391 1385 RALLYDEBUG rally.task.utils [-] Waiting for resource s_rally_d8a82524_OhMhV5sc. Status changed: QUEUED => ACTIVE in 0.0262470245361
2019-06-10 07:43:42.398 1387 INFO rally.task.runner [-] Task c0062142-5cff-4033-9a18-f9817c209fa5 | ITER: 3 END: OK
2019-06-10 07:43:42.402 1387 INFO rally.task.runner [-] Task c0062142-5cff-4033-9a18-f9817c209fa5 | ITER: 5 START
2019-06-10 07:43:42.405 1388 RALLYDEBUG rally.task.utils [-] Waiting for resource s_rally_d8a82524_YiXGRpda. Status changed: QUEUED => ACTIVE in 0.0242650508881
2019-06-10 07:43:42.484 1388 INFO rally.task.runner [-] Task c0062142-5cff-4033-9a18-f9817c209fa5 | ITER: 4 END: OK
2019-06-10 07:43:42.488 1388 INFO rally.task.runner [-] Task c0062142-5cff-4033-9a18-f9817c209fa5 | ITER: 6 START
2019-06-10 07:43:42.598 1386 INFO rally.task.runner [-] Task c0062142-5cff-4033-9a18-f9817c209fa5 | ITER: 2 END: OK
2019-06-10 07:43:42.601 1385 INFO rally.task.runner [-] Task c0062142-5cff-4033-9a18-f9817c209fa5 | ITER: 1 END: OK
2019-06-10 07:43:42.602 1386 INFO rally.task.runner [-] Task c0062142-5cff-4033-9a18-f9817c209fa5 | ITER: 7 START
2019-06-10 07:43:42.605 1385 INFO rally.task.runner [-] Task c0062142-5cff-4033-9a18-f9817c209fa5 | ITER: 8 START
2019-06-10 07:43:45.704 1387 RALLYDEBUG rally.task.utils [-] Waiting for resource u'd2358d3e-a11d-423d-8df7-fd6f45bfefeb'. Status changed: NONE => QUEUED in 0.0273599624634
2019-06-10 07:43:45.711 1388 RALLYDEBUG rally.task.utils [-] Waiting for resource u'6ecedb04-8f07-42cf-b2d6-2135f1f9b0bf'. Status changed: NONE => QUEUED in 0.0264329910278
2019-06-10 07:43:45.813 1385 RALLYDEBUG rally.task.utils [-] Waiting for resource u'7360df3e-a6dc-4687-9675-e00280d6096b'. Status changed: NONE => QUEUED in 0.0289959907532
2019-06-10 07:43:46.118 1386 RALLYDEBUG rally.task.utils [-] Waiting for resource u'4129fb74-52f8-47c8-8df8-15760ff27542'. Status changed: NONE => QUEUED in 0.229336977005
2019-06-10 07:43:46.159 1387 RALLYDEBUG rally.task.utils [-] Waiting for resource s_rally_d8a82524_O09pJAqa. Status changed: QUEUED => ACTIVE in 0.0174381732941
2019-06-10 07:43:46.190 1388 RALLYDEBUG rally.task.utils [-] Waiting for resource s_rally_d8a82524_har2aecw. Status changed: QUEUED => ACTIVE in 0.0266509056091
2019-06-10 07:43:46.239 1387 INFO rally.task.runner [-] Task c0062142-5cff-4033-9a18-f9817c209fa5 | ITER: 5 END: OK
2019-06-10 07:43:46.242 1387 INFO rally.task.runner [-] Task c0062142-5cff-4033-9a18-f9817c209fa5 | ITER: 9 START
2019-06-10 07:43:47.184 1388 INFO rally.task.runner [-] Task c0062142-5cff-4033-9a18-f9817c209fa5 | ITER: 6 END: OK
2019-06-10 07:43:47.187 1388 INFO rally.task.runner [-] Task c0062142-5cff-4033-9a18-f9817c209fa5 | ITER: 10 START
2019-06-10 07:43:47.193 1385 RALLYDEBUG rally.task.utils [-] Waiting for resource s_rally_d8a82524_HvjxVHHo. Status changed: QUEUED => ACTIVE in 0.0195469856262
2019-06-10 07:43:47.204 1386 RALLYDEBUG rally.task.utils [-] Waiting for resource s_rally_d8a82524_pV8o09hT. Status changed: QUEUED => ACTIVE in 0.0240960121155
2019-06-10 07:43:47.284 1386 INFO rally.task.runner [-] Task c0062142-5cff-4033-9a18-f9817c209fa5 | ITER: 7 END: OK
2019-06-10 07:43:47.307 1385 INFO rally.task.runner [-] Task c0062142-5cff-4033-9a18-f9817c209fa5 | ITER: 8 END: OK
2019-06-10 07:43:49.530 1387 RALLYDEBUG rally.task.utils [-] Waiting for resource u'c59b4b04-1d13-4ff9-b9ec-86d8324148b8'. Status changed: NONE => QUEUED in 0.0291359424591
2019-06-10 07:43:49.957 1387 RALLYDEBUG rally.task.utils [-] Waiting for resource s_rally_d8a82524_uCiSupso. Status changed: QUEUED => ACTIVE in 0.0179998874664
2019-06-10 07:43:50.030 1387 INFO rally.task.runner [-] Task c0062142-5cff-4033-9a18-f9817c209fa5 | ITER: 9 END: OK
2019-06-10 07:43:50.416 1388 RALLYDEBUG rally.task.utils [-] Waiting for resource u'6d7e3b9d-8fc7-4b33-a3ca-28f213901fe4'. Status changed: NONE => QUEUED in 0.0309751033783
2019-06-10 07:43:51.039 1388 RALLYDEBUG rally.task.utils [-] Waiting for resource s_rally_d8a82524_edcH4blS. Status changed: QUEUED => ACTIVE in 0.0209720134735
2019-06-10 07:43:51.096 1388 INFO rally.task.runner [-] Task c0062142-5cff-4033-9a18-f9817c209fa5 | ITER: 10 END: OK
2019-06-10 07:43:51.126 725 INFO rally.task.context [-] Task c0062142-5cff-4033-9a18-f9817c209fa5 | Context cleanup@openstack cleanup() started
2019-06-10 07:43:51.129 725 RALLYDEBUG rally_openstack.cleanup.manager [-] Cleaning up glance images objects
2019-06-10 07:43:53.349 725 RALLYDEBUG rally_openstack.cleanup.manager [-] Deleting glance.images object s_rally_d8a82524_edcH4blS (6d7e3b9d-8fc7-4b33-a3ca-28f213901fe4)
2019-06-10 07:43:53.350 725 RALLYDEBUG rally_openstack.cleanup.manager [-] Deleting glance.images object s_rally_d8a82524_YiXGRpda (40b1b934-fb30-4d58-9b6a-aa3c886deb86)
2019-06-10 07:43:53.350 725 RALLYDEBUG rally_openstack.cleanup.manager [-] Deleting glance.images object s_rally_d8a82524_pV8o09hT (4129fb74-52f8-47c8-8df8-15760ff27542)
2019-06-10 07:43:53.351 725 RALLYDEBUG rally_openstack.cleanup.manager [-] Deleting glance.images object s_rally_d8a82524_bgGZPAg0 (0a206fe5-b5b4-4edd-bd27-c58ed46f3b5a)
2019-06-10 07:43:53.354 725 RALLYDEBUG rally_openstack.cleanup.manager [-] Deleting glance.images object s_rally_d8a82524_OhMhV5sc (96e71b5a-f72b-4bde-901a-2b57d66ba436)
2019-06-10 07:43:53.372 725 RALLYDEBUG rally_openstack.cleanup.manager [-] Deleting glance.images object s_rally_d8a82524_YC08CfLa (03109785-75fb-4d39-b557-416b03a5c202)
2019-06-10 07:43:53.376 725 RALLYDEBUG rally_openstack.cleanup.manager [-] Deleting glance.images object s_rally_d8a82524_HvjxVHHo (7360df3e-a6dc-4687-9675-e00280d6096b)
2019-06-10 07:43:53.381 725 RALLYDEBUG rally_openstack.cleanup.manager [-] Deleting glance.images object s_rally_d8a82524_uCiSupso (c59b4b04-1d13-4ff9-b9ec-86d8324148b8)
2019-06-10 07:43:53.381 725 RALLYDEBUG rally_openstack.cleanup.manager [-] Deleting glance.images object s_rally_d8a82524_har2aecw (6ecedb04-8f07-42cf-b2d6-2135f1f9b0bf)
2019-06-10 07:43:53.385 725 RALLYDEBUG rally_openstack.cleanup.manager [-] Deleting glance.images object s_rally_d8a82524_O09pJAqa (d2358d3e-a11d-423d-8df7-fd6f45bfefeb)
2019-06-10 07:43:55.414 725 DEBUG glanceclient.common.http [-] Request returned failure status 404. _handle_response /usr/lib/python2.7/site-packages/glanceclient/common/http.py:125
2019-06-10 07:43:55.417 725 DEBUG glanceclient.common.http [-] Request returned failure status 404. _handle_response /usr/lib/python2.7/site-packages/glanceclient/common/http.py:125
2019-06-10 07:43:55.431 725 DEBUG glanceclient.common.http [-] Request returned failure status 404. _handle_response /usr/lib/python2.7/site-packages/glanceclient/common/http.py:125
2019-06-10 07:43:55.438 725 DEBUG glanceclient.common.http [-] Request returned failure status 404. _handle_response /usr/lib/python2.7/site-packages/glanceclient/common/http.py:125
2019-06-10 07:43:55.439 725 DEBUG glanceclient.common.http [-] Request returned failure status 404. _handle_response /usr/lib/python2.7/site-packages/glanceclient/common/http.py:125
2019-06-10 07:43:55.441 725 DEBUG glanceclient.common.http [-] Request returned failure status 404. _handle_response /usr/lib/python2.7/site-packages/glanceclient/common/http.py:125
2019-06-10 07:43:55.445 725 DEBUG glanceclient.common.http [-] Request returned failure status 404. _handle_response /usr/lib/python2.7/site-packages/glanceclient/common/http.py:125
2019-06-10 07:43:55.458 725 DEBUG glanceclient.common.http [-] Request returned failure status 404. _handle_response /usr/lib/python2.7/site-packages/glanceclient/common/http.py:125
2019-06-10 07:43:55.522 725 DEBUG glanceclient.common.http [-] Request returned failure status 404. _handle_response /usr/lib/python2.7/site-packages/glanceclient/common/http.py:125
2019-06-10 07:43:55.526 725 DEBUG glanceclient.common.http [-] Request returned failure status 404. _handle_response /usr/lib/python2.7/site-packages/glanceclient/common/http.py:125
2019-06-10 07:43:55.538 725 DEBUG glanceclient.common.http [-] Request returned failure status 404. _handle_response /usr/lib/python2.7/site-packages/glanceclient/common/http.py:125
2019-06-10 07:43:55.541 725 DEBUG glanceclient.common.http [-] Request returned failure status 404. _handle_response /usr/lib/python2.7/site-packages/glanceclient/common/http.py:125
2019-06-10 07:43:56.385 725 DEBUG glanceclient.common.http [-] Request returned failure status 404. _handle_response /usr/lib/python2.7/site-packages/glanceclient/common/http.py:125
2019-06-10 07:43:56.402 725 DEBUG glanceclient.common.http [-] Request returned failure status 404. _handle_response /usr/lib/python2.7/site-packages/glanceclient/common/http.py:125
2019-06-10 07:43:56.454 725 DEBUG glanceclient.common.http [-] Request returned failure status 404. _handle_response /usr/lib/python2.7/site-packages/glanceclient/common/http.py:125
2019-06-10 07:43:56.456 725 DEBUG glanceclient.common.http [-] Request returned failure status 404. _handle_response /usr/lib/python2.7/site-packages/glanceclient/common/http.py:125
2019-06-10 07:43:56.469 725 DEBUG glanceclient.common.http [-] Request returned failure status 404. _handle_response /usr/lib/python2.7/site-packages/glanceclient/common/http.py:125
2019-06-10 07:43:56.472 725 DEBUG glanceclient.common.http [-] Request returned failure status 404. _handle_response /usr/lib/python2.7/site-packages/glanceclient/common/http.py:125
2019-06-10 07:43:56.475 725 DEBUG glanceclient.common.http [-] Request returned failure status 404. _handle_response /usr/lib/python2.7/site-packages/glanceclient/common/http.py:125
2019-06-10 07:43:56.482 725 DEBUG glanceclient.common.http [-] Request returned failure status 404. _handle_response /usr/lib/python2.7/site-packages/glanceclient/common/http.py:125
2019-06-10 07:43:57.485 725 INFO rally.task.context [-] Task c0062142-5cff-4033-9a18-f9817c209fa5 | Context cleanup@openstack cleanup() finished in 6.36 sec
2019-06-10 07:43:57.485 725 INFO rally.task.context [-] Task c0062142-5cff-4033-9a18-f9817c209fa5 | Context users@openstack cleanup() started
2019-06-10 07:44:04.520 725 INFO rally.task.context [-] Task c0062142-5cff-4033-9a18-f9817c209fa5 | Context users@openstack cleanup() finished in 7.03 sec
2019-06-10 07:44:04.840 725 INFO rally.task.engine [-] Load duration is: 12.901148
2019-06-10 07:44:04.841 725 INFO rally.task.engine [-] Full runner duration is: 13.82016
2019-06-10 07:44:04.841 725 INFO rally.task.engine [-] Full duration is: 31.82441
2019-06-10 07:44:05.165 725 INFO rally.task.engine [-] Running workload: position = 0 config = { "version": 2, "title": "A cropped version of a bigger task.", "description": "Auto-generated task from a single workload (uuid=31299c7a-f8bb-440d-8395-385a92a0540f)", "subtasks": [ { "title": "GlanceImages.create_and_download_image", "description": "Create an image, then download data of the image.", "scenario": { "GlanceImages.create_and_download_image": { "container_format": "bare", "disk_format": "qcow2", "image_location": "/home/opnfv/functest/images/cirros-0.4.0-x86_64-disk.img" } }, "contexts": { "users": { "tenants": 3, "users_per_tenant": 2 } }, "runner": { "constant": { "concurrency": 4, "times": 10 } }, "hooks": [], "sla": { "failure_rate": { "max": 0 } } } ] }
2019-06-10 07:44:05.190 725 RALLYDEBUG rally_openstack.contexts.keystone.users [-] Creating 3 tenants using 20 threads
2019-06-10 07:44:07.016 725 RALLYDEBUG rally_openstack.contexts.keystone.users [-] Creating 6 users using 20 threads
2019-06-10 07:44:09.830 725 INFO rally.task.context [-] Task c0062142-5cff-4033-9a18-f9817c209fa5 | Context users@openstack setup() finished in 4.64 sec
2019-06-10 07:44:09.831 725 INFO rally.task.context [-] Task c0062142-5cff-4033-9a18-f9817c209fa5 | Context cleanup@openstack setup() finished in 0.01 msec
2019-06-10 07:44:09.839 725 RALLYDEBUG rally.task.runner [-] Starting the constant runner (task UUID: c0062142-5cff-4033-9a18-f9817c209fa5). timeout: 0 concurrency: 4 concurrency_per_worker: 1 times: 10 concurrency_overhead: 0 processes_to_start: 4 max_cpu_used: 16
2019-06-10 07:44:09.852 1509 RALLYDEBUG rally.task.runner [-] Starting a worker. concurrency: 1 args: {"container_format": "bare", "disk_format": "qcow2", "image_location": "/home/opnfv/functest/images/cirros-0.4.0-x86_64-disk.img"} times: 10 method_name: run timeout: 0 duration: None cls:
2019-06-10 07:44:09.854 1510 RALLYDEBUG rally.task.runner [-] Starting a worker. concurrency: 1 args: {"container_format": "bare", "disk_format": "qcow2", "image_location": "/home/opnfv/functest/images/cirros-0.4.0-x86_64-disk.img"} times: 10 method_name: run timeout: 0 duration: None cls:
2019-06-10 07:44:09.857 1511 RALLYDEBUG rally.task.runner [-] Starting a worker. concurrency: 1 args: {"container_format": "bare", "disk_format": "qcow2", "image_location": "/home/opnfv/functest/images/cirros-0.4.0-x86_64-disk.img"} times: 10 method_name: run timeout: 0 duration: None cls:
2019-06-10 07:44:09.860 1510 INFO rally.task.runner [-] Task c0062142-5cff-4033-9a18-f9817c209fa5 | ITER: 2 START
2019-06-10 07:44:09.860 1512 RALLYDEBUG rally.task.runner [-] Starting a worker. concurrency: 1 args: {"container_format": "bare", "disk_format": "qcow2", "image_location": "/home/opnfv/functest/images/cirros-0.4.0-x86_64-disk.img"} times: 10 method_name: run timeout: 0 duration: None cls:
2019-06-10 07:44:09.861 1509 INFO rally.task.runner [-] Task c0062142-5cff-4033-9a18-f9817c209fa5 | ITER: 1 START
2019-06-10 07:44:09.864 1511 INFO rally.task.runner [-] Task c0062142-5cff-4033-9a18-f9817c209fa5 | ITER: 3 START
2019-06-10 07:44:09.867 1512 INFO rally.task.runner [-] Task c0062142-5cff-4033-9a18-f9817c209fa5 | ITER: 4 START
2019-06-10 07:44:13.141 1511 RALLYDEBUG rally.task.utils [-] Waiting for resource u'91b89521-afa3-492c-925b-86f91c316854'. Status changed: NONE => QUEUED in 0.0299820899963
2019-06-10 07:44:13.151 1510 RALLYDEBUG rally.task.utils [-] Waiting for resource u'aebc53ac-b9c8-4e6e-b068-cabdafd2d51b'. Status changed: NONE => QUEUED in 0.0307598114014
2019-06-10 07:44:13.231 1509 RALLYDEBUG rally.task.utils [-] Waiting for resource u'b7d787f7-d317-4dd5-a38d-2aee0e7ea248'. Status changed: NONE => QUEUED in 0.0387020111084
2019-06-10 07:44:13.231 1512 RALLYDEBUG rally.task.utils [-] Waiting for resource u'2c749eb1-88ba-4d7f-8833-833a04cee375'. Status changed: NONE => QUEUED in 0.0288090705872
2019-06-10 07:44:13.811 1510 RALLYDEBUG rally.task.utils [-] Waiting for resource s_rally_31299c7a_JqVxW4V6. Status changed: QUEUED => ACTIVE in 0.0188732147217
2019-06-10 07:44:13.811 1511 RALLYDEBUG rally.task.utils [-] Waiting for resource s_rally_31299c7a_LISgjUBz. Status changed: QUEUED => ACTIVE in 0.0187749862671
2019-06-10 07:44:13.979 1510 INFO rally.task.runner [-] Task c0062142-5cff-4033-9a18-f9817c209fa5 | ITER: 2 END: OK
2019-06-10 07:44:13.981 1511 INFO rally.task.runner [-] Task c0062142-5cff-4033-9a18-f9817c209fa5 | ITER: 3 END: OK
2019-06-10 07:44:13.983 1510 INFO rally.task.runner [-] Task c0062142-5cff-4033-9a18-f9817c209fa5 | ITER: 5 START
2019-06-10 07:44:13.984 1511 INFO rally.task.runner [-] Task c0062142-5cff-4033-9a18-f9817c209fa5 | ITER: 6 START
2019-06-10 07:44:15.988 1509 RALLYDEBUG rally.task.utils [-] Waiting for resource s_rally_31299c7a_8SWvECyN. Status changed: QUEUED => ACTIVE in 0.0209159851074
2019-06-10 07:44:16.013 1512 RALLYDEBUG rally.task.utils [-] Waiting for resource s_rally_31299c7a_liybE7N7. Status changed: QUEUED => ACTIVE in 0.0211219787598
2019-06-10 07:44:16.147 1509 INFO rally.task.runner [-] Task c0062142-5cff-4033-9a18-f9817c209fa5 | ITER: 1 END: OK
2019-06-10 07:44:16.151 1509 INFO rally.task.runner [-] Task c0062142-5cff-4033-9a18-f9817c209fa5 | ITER: 7 START
2019-06-10 07:44:16.274 1512 INFO rally.task.runner [-] Task c0062142-5cff-4033-9a18-f9817c209fa5 | ITER: 4 END: OK
2019-06-10 07:44:16.278 1512 INFO rally.task.runner [-] Task c0062142-5cff-4033-9a18-f9817c209fa5 | ITER: 8 START
2019-06-10 07:44:17.201 1511 RALLYDEBUG rally.task.utils [-] Waiting for resource u'bc0778c8-0c08-45e9-a908-b0f705921a21'. Status changed: NONE => QUEUED in 0.0280020236969
2019-06-10 07:44:17.245 1510 RALLYDEBUG rally.task.utils [-] Waiting for resource u'e84b9a5a-b118-4e2d-9fd6-1c34f8fc6f65'. Status changed: NONE => QUEUED in 0.0262200832367
2019-06-10 07:44:18.060 1511 RALLYDEBUG rally.task.utils [-] Waiting for resource s_rally_31299c7a_h82gzVWC. Status changed: QUEUED => ACTIVE in 0.0178329944611
2019-06-10 07:44:18.064 1510 RALLYDEBUG rally.task.utils [-] Waiting for resource s_rally_31299c7a_4cjI59VU. Status changed: QUEUED => ACTIVE in 0.0179090499878
2019-06-10 07:44:18.207 1510 INFO rally.task.runner [-] Task c0062142-5cff-4033-9a18-f9817c209fa5 | ITER: 5 END: OK
2019-06-10 07:44:18.208 1511 INFO rally.task.runner [-] Task c0062142-5cff-4033-9a18-f9817c209fa5 | ITER: 6 END: OK
2019-06-10 07:44:18.210 1510 INFO rally.task.runner [-] Task c0062142-5cff-4033-9a18-f9817c209fa5 | ITER: 9 START
2019-06-10 07:44:18.211 1511 INFO rally.task.runner [-] Task c0062142-5cff-4033-9a18-f9817c209fa5 | ITER: 10 START
2019-06-10 07:44:19.581 1512 RALLYDEBUG rally.task.utils [-] Waiting for resource u'e29e2ff7-02fd-4882-9249-79c000b51453'. Status changed: NONE => QUEUED in 0.0273320674896
2019-06-10 07:44:20.081 1509 RALLYDEBUG rally.task.utils [-] Waiting for resource u'8619fa74-f521-43a8-b0c2-d0cad9e6085c'. Status changed: NONE => QUEUED in 0.0310759544373
2019-06-10 07:44:20.169 1512 RALLYDEBUG rally.task.utils [-] Waiting for resource s_rally_31299c7a_QINQkTam. Status changed: QUEUED => ACTIVE in 0.0175728797913
2019-06-10 07:44:20.327 1512 INFO rally.task.runner [-] Task c0062142-5cff-4033-9a18-f9817c209fa5 | ITER: 8 END: OK
2019-06-10 07:44:21.269 1509 RALLYDEBUG rally.task.utils [-] Waiting for resource s_rally_31299c7a_L47noTiv. Status changed: QUEUED => ACTIVE in 0.0170030593872
2019-06-10 07:44:21.397 1511 RALLYDEBUG rally.task.utils [-] Waiting for resource u'3f800a22-a7bd-4cfc-b08c-266a52efff9a'. Status changed: NONE => QUEUED in 0.0289001464844
2019-06-10 07:44:21.409 1509 INFO rally.task.runner [-] Task c0062142-5cff-4033-9a18-f9817c209fa5 | ITER: 7 END: OK
2019-06-10 07:44:21.597 1510 RALLYDEBUG rally.task.utils [-] Waiting for resource u'1d5aab24-18f2-4a47-95a5-796ef97e0da1'. Status changed: NONE => QUEUED in 0.0301568508148
2019-06-10 07:44:22.351 1510 RALLYDEBUG rally.task.utils [-] Waiting for resource s_rally_31299c7a_HqaQUHrJ. Status changed: QUEUED => ACTIVE in 0.0181519985199
2019-06-10 07:44:22.352 1511 RALLYDEBUG rally.task.utils [-] Waiting for resource s_rally_31299c7a_NlC9vCcJ. Status changed: QUEUED => ACTIVE in 0.0194640159607
2019-06-10 07:44:22.497 1510 INFO rally.task.runner [-] Task c0062142-5cff-4033-9a18-f9817c209fa5 | ITER: 9 END: OK
2019-06-10 07:44:22.508 1511 INFO rally.task.runner [-] Task c0062142-5cff-4033-9a18-f9817c209fa5 | ITER: 10 END: OK
2019-06-10 07:44:22.527 725 INFO rally.task.context [-] Task c0062142-5cff-4033-9a18-f9817c209fa5 | Context cleanup@openstack cleanup() started
2019-06-10 07:44:22.530 725 RALLYDEBUG rally_openstack.cleanup.manager [-] Cleaning up glance images objects
2019-06-10 07:44:24.801 725 RALLYDEBUG rally_openstack.cleanup.manager [-] Deleting glance.images object s_rally_31299c7a_NlC9vCcJ (3f800a22-a7bd-4cfc-b08c-266a52efff9a)
2019-06-10 07:44:24.802 725 RALLYDEBUG rally_openstack.cleanup.manager [-] Deleting glance.images object s_rally_31299c7a_JqVxW4V6 (aebc53ac-b9c8-4e6e-b068-cabdafd2d51b)
2019-06-10 07:44:24.810 725 RALLYDEBUG rally_openstack.cleanup.manager [-] Deleting glance.images object s_rally_31299c7a_QINQkTam (e29e2ff7-02fd-4882-9249-79c000b51453)
2019-06-10 07:44:24.816 725 RALLYDEBUG rally_openstack.cleanup.manager [-] Deleting glance.images object s_rally_31299c7a_HqaQUHrJ (1d5aab24-18f2-4a47-95a5-796ef97e0da1)
2019-06-10 07:44:24.819 725 RALLYDEBUG rally_openstack.cleanup.manager [-] Deleting glance.images object s_rally_31299c7a_L47noTiv (8619fa74-f521-43a8-b0c2-d0cad9e6085c)
2019-06-10 07:44:24.830 725 RALLYDEBUG rally_openstack.cleanup.manager [-] Deleting glance.images object s_rally_31299c7a_LISgjUBz (91b89521-afa3-492c-925b-86f91c316854)
2019-06-10 07:44:24.835 725 RALLYDEBUG rally_openstack.cleanup.manager [-] Deleting glance.images object s_rally_31299c7a_h82gzVWC (bc0778c8-0c08-45e9-a908-b0f705921a21)
2019-06-10 07:44:24.836 725 RALLYDEBUG rally_openstack.cleanup.manager [-] Deleting glance.images object s_rally_31299c7a_liybE7N7 (2c749eb1-88ba-4d7f-8833-833a04cee375)
2019-06-10 07:44:24.843 725 RALLYDEBUG rally_openstack.cleanup.manager [-] Deleting glance.images object s_rally_31299c7a_8SWvECyN (b7d787f7-d317-4dd5-a38d-2aee0e7ea248)
2019-06-10 07:44:24.845 725 RALLYDEBUG rally_openstack.cleanup.manager [-] Deleting glance.images object s_rally_31299c7a_4cjI59VU (e84b9a5a-b118-4e2d-9fd6-1c34f8fc6f65)
2019-06-10 07:44:25.993 725 DEBUG glanceclient.common.http [-] Request returned failure status 404. _handle_response /usr/lib/python2.7/site-packages/glanceclient/common/http.py:125
2019-06-10 07:44:26.008 725 DEBUG glanceclient.common.http [-] Request returned failure status 404. _handle_response /usr/lib/python2.7/site-packages/glanceclient/common/http.py:125
2019-06-10 07:44:27.059 725 DEBUG glanceclient.common.http [-] Request returned failure status 404. _handle_response /usr/lib/python2.7/site-packages/glanceclient/common/http.py:125
2019-06-10 07:44:27.072 725 DEBUG glanceclient.common.http [-] Request returned failure status 404. _handle_response /usr/lib/python2.7/site-packages/glanceclient/common/http.py:125
2019-06-10 07:44:27.078 725 DEBUG glanceclient.common.http [-] Request returned failure status 404. _handle_response /usr/lib/python2.7/site-packages/glanceclient/common/http.py:125
2019-06-10 07:44:27.084 725 DEBUG glanceclient.common.http [-] Request returned failure status 404. _handle_response /usr/lib/python2.7/site-packages/glanceclient/common/http.py:125
2019-06-10 07:44:27.092 725 DEBUG glanceclient.common.http [-] Request returned failure status 404. _handle_response /usr/lib/python2.7/site-packages/glanceclient/common/http.py:125
2019-06-10 07:44:27.099 725 DEBUG glanceclient.common.http [-] Request returned failure status 404. _handle_response /usr/lib/python2.7/site-packages/glanceclient/common/http.py:125
2019-06-10 07:44:28.042 725 DEBUG glanceclient.common.http [-] Request returned failure status 404. _handle_response /usr/lib/python2.7/site-packages/glanceclient/common/http.py:125
2019-06-10 07:44:28.043 725 DEBUG glanceclient.common.http [-] Request returned failure status 404. _handle_response /usr/lib/python2.7/site-packages/glanceclient/common/http.py:125
2019-06-10 07:44:28.054 725 DEBUG glanceclient.common.http [-] Request returned failure status 404. _handle_response /usr/lib/python2.7/site-packages/glanceclient/common/http.py:125
2019-06-10 07:44:28.068 725 DEBUG glanceclient.common.http [-] Request returned failure status 404. _handle_response /usr/lib/python2.7/site-packages/glanceclient/common/http.py:125
2019-06-10 07:44:28.069 725 DEBUG glanceclient.common.http [-] Request returned failure status 404. _handle_response /usr/lib/python2.7/site-packages/glanceclient/common/http.py:125
2019-06-10 07:44:28.082 725 DEBUG glanceclient.common.http [-] Request returned failure status 404. _handle_response /usr/lib/python2.7/site-packages/glanceclient/common/http.py:125
2019-06-10 07:44:28.084 725 DEBUG glanceclient.common.http [-] Request returned failure status 404. _handle_response /usr/lib/python2.7/site-packages/glanceclient/common/http.py:125
2019-06-10 07:44:28.085 725 DEBUG glanceclient.common.http [-] Request returned failure status 404. _handle_response /usr/lib/python2.7/site-packages/glanceclient/common/http.py:125
2019-06-10 07:44:28.119 725 DEBUG glanceclient.common.http [-] Request returned failure status 404. _handle_response /usr/lib/python2.7/site-packages/glanceclient/common/http.py:125
2019-06-10 07:44:28.135 725 DEBUG glanceclient.common.http [-] Request returned failure status 404. _handle_response /usr/lib/python2.7/site-packages/glanceclient/common/http.py:125
2019-06-10 07:44:28.148 725 DEBUG glanceclient.common.http [-] Request returned failure status 404. _handle_response /usr/lib/python2.7/site-packages/glanceclient/common/http.py:125
2019-06-10 07:44:28.160 725 DEBUG glanceclient.common.http [-] Request returned failure status 404. _handle_response /usr/lib/python2.7/site-packages/glanceclient/common/http.py:125
2019-06-10 07:44:29.163 725 INFO rally.task.context [-] Task c0062142-5cff-4033-9a18-f9817c209fa5 | Context cleanup@openstack cleanup() finished in 6.64 sec
2019-06-10 07:44:29.163 725 INFO rally.task.context [-] Task c0062142-5cff-4033-9a18-f9817c209fa5 | Context users@openstack cleanup() started
2019-06-10 07:44:36.546 725 INFO rally.task.context [-] Task c0062142-5cff-4033-9a18-f9817c209fa5 | Context users@openstack cleanup() finished in 7.38 sec
2019-06-10 07:44:37.335 725 INFO rally.task.engine [-] Load duration is: 11.786193
2019-06-10 07:44:37.335 725 INFO rally.task.engine [-] Full runner duration is: 12.688848
2019-06-10 07:44:37.336 725 INFO rally.task.engine [-] Full duration is: 31.359474
2019-06-10 07:44:37.591 725 INFO rally.task.engine [-] Running workload: position = 0 config = { "version": 2, "title": "A cropped version of a bigger task.", "description": "Auto-generated task from a single workload (uuid=1527b02e-f6db-44f4-926f-83487e089e41)", "subtasks": [ { "title": "GlanceImages.create_and_get_image", "description": "Create and get detailed information of an image.", "scenario": { "GlanceImages.create_and_get_image": { "container_format": "bare", "disk_format": "qcow2", "image_location": "/home/opnfv/functest/images/cirros-0.4.0-x86_64-disk.img" } }, "contexts": { "users": { "tenants": 3, "users_per_tenant": 2 } }, "runner": { "constant": { "concurrency": 4, "times": 10 } }, "hooks": [], "sla": { "failure_rate": { "max": 0 } } } ] }
2019-06-10 07:44:37.612 725 RALLYDEBUG rally_openstack.contexts.keystone.users [-] Creating 3 tenants using 20 threads
2019-06-10 07:44:39.437 725 RALLYDEBUG rally_openstack.contexts.keystone.users [-] Creating 6 users using 20 threads
2019-06-10 07:44:42.079 725 INFO rally.task.context [-] Task c0062142-5cff-4033-9a18-f9817c209fa5 | Context users@openstack setup() finished in 4.47 sec
2019-06-10 07:44:42.079 725 INFO rally.task.context [-] Task c0062142-5cff-4033-9a18-f9817c209fa5 | Context cleanup@openstack setup() finished in 0.01 msec
2019-06-10 07:44:42.087 725 RALLYDEBUG rally.task.runner [-] Starting the constant runner (task UUID: c0062142-5cff-4033-9a18-f9817c209fa5). timeout: 0 concurrency: 4 concurrency_per_worker: 1 times: 10 concurrency_overhead: 0 processes_to_start: 4 max_cpu_used: 16
2019-06-10 07:44:42.100 1634 RALLYDEBUG rally.task.runner [-] Starting a worker. concurrency: 1 args: {"container_format": "bare", "disk_format": "qcow2", "image_location": "/home/opnfv/functest/images/cirros-0.4.0-x86_64-disk.img"} times: 10 method_name: run timeout: 0 duration: None cls:
2019-06-10 07:44:42.100 1633 RALLYDEBUG rally.task.runner [-] Starting a worker. concurrency: 1 args: {"container_format": "bare", "disk_format": "qcow2", "image_location": "/home/opnfv/functest/images/cirros-0.4.0-x86_64-disk.img"} times: 10 method_name: run timeout: 0 duration: None cls:
2019-06-10 07:44:42.105 1635 RALLYDEBUG rally.task.runner [-] Starting a worker. concurrency: 1 args: {"container_format": "bare", "disk_format": "qcow2", "image_location": "/home/opnfv/functest/images/cirros-0.4.0-x86_64-disk.img"} times: 10 method_name: run timeout: 0 duration: None cls:
2019-06-10 07:44:42.105 1634 INFO rally.task.runner [-] Task c0062142-5cff-4033-9a18-f9817c209fa5 | ITER: 1 START
2019-06-10 07:44:42.106 1633 INFO rally.task.runner [-] Task c0062142-5cff-4033-9a18-f9817c209fa5 | ITER: 2 START
2019-06-10 07:44:42.110 1635 INFO rally.task.runner [-] Task c0062142-5cff-4033-9a18-f9817c209fa5 | ITER: 3 START
2019-06-10 07:44:42.109 1636 RALLYDEBUG rally.task.runner [-] Starting a worker. concurrency: 1 args: {"container_format": "bare", "disk_format": "qcow2", "image_location": "/home/opnfv/functest/images/cirros-0.4.0-x86_64-disk.img"} times: 10 method_name: run timeout: 0 duration: None cls:
2019-06-10 07:44:42.115 1636 INFO rally.task.runner [-] Task c0062142-5cff-4033-9a18-f9817c209fa5 | ITER: 4 START
2019-06-10 07:44:45.447 1634 RALLYDEBUG rally.task.utils [-] Waiting for resource u'033b4cdd-1de7-4844-8224-81eda9e62e20'. Status changed: NONE => QUEUED in 0.0289890766144
2019-06-10 07:44:45.460 1636 RALLYDEBUG rally.task.utils [-] Waiting for resource u'693c3406-c8eb-4b2a-b494-11b057f223d1'. Status changed: NONE => QUEUED in 0.0295941829681
2019-06-10 07:44:45.494 1635 RALLYDEBUG rally.task.utils [-] Waiting for resource u'ef3b44eb-f32b-40c6-b88f-67ee21e66081'. Status changed: NONE => QUEUED in 0.0352931022644
2019-06-10 07:44:45.842 1633 RALLYDEBUG rally.task.utils [-] Waiting for resource u'07134f6c-6696-4380-89d5-761963e2c9fe'. Status changed: NONE => QUEUED in 0.327566146851
2019-06-10 07:44:45.889 1636 RALLYDEBUG rally.task.utils [-] Waiting for resource s_rally_1527b02e_fFrSgryS. Status changed: QUEUED => ACTIVE in 0.0164260864258
2019-06-10 07:44:45.895 1635 RALLYDEBUG rally.task.utils [-] Waiting for resource s_rally_1527b02e_zxXmiAyf. Status changed: QUEUED => ACTIVE in 0.0230841636658
2019-06-10 07:44:45.906 1636 INFO rally.task.runner [-] Task c0062142-5cff-4033-9a18-f9817c209fa5 | ITER: 4 END: OK
2019-06-10 07:44:45.910 1636 INFO rally.task.runner [-] Task c0062142-5cff-4033-9a18-f9817c209fa5 | ITER: 5 START
2019-06-10 07:44:45.917 1635 INFO rally.task.runner [-] Task c0062142-5cff-4033-9a18-f9817c209fa5 | ITER: 3 END: OK
2019-06-10 07:44:45.921 1635 INFO rally.task.runner [-] Task c0062142-5cff-4033-9a18-f9817c209fa5 | ITER: 6 START
2019-06-10 07:44:46.871 1634 RALLYDEBUG rally.task.utils [-] Waiting for resource s_rally_1527b02e_sM4H5Vgg. Status changed: QUEUED => ACTIVE in 0.968199014664
2019-06-10 07:44:46.902 1634 INFO rally.task.runner [-] Task c0062142-5cff-4033-9a18-f9817c209fa5 | ITER: 1 END: OK
2019-06-10 07:44:46.906 1634 INFO rally.task.runner [-] Task c0062142-5cff-4033-9a18-f9817c209fa5 | ITER: 7 START
2019-06-10 07:44:46.952 1633 RALLYDEBUG rally.task.utils [-] Waiting for resource s_rally_1527b02e_2rTX5SQw. Status changed: QUEUED => ACTIVE in 0.0238039493561
2019-06-10 07:44:46.970 1633 INFO rally.task.runner [-] Task c0062142-5cff-4033-9a18-f9817c209fa5 | ITER: 2 END: OK
2019-06-10 07:44:46.974 1633 INFO rally.task.runner [-] Task c0062142-5cff-4033-9a18-f9817c209fa5 | ITER: 8 START
2019-06-10 07:44:49.131 1635 RALLYDEBUG rally.task.utils [-] Waiting for resource u'5c67204c-9a82-4915-91bd-622557b4bb1f'. Status changed: NONE => QUEUED in 0.0289149284363
2019-06-10 07:44:49.173 1636 RALLYDEBUG rally.task.utils [-] Waiting for resource u'307c8870-6093-4a1e-b676-56867f3f4421'. Status changed: NONE => QUEUED in 0.0261299610138
2019-06-10 07:44:50.023 1635 RALLYDEBUG rally.task.utils [-] Waiting for resource s_rally_1527b02e_dsiyqNjP. Status changed: QUEUED => ACTIVE in 0.0183010101318
2019-06-10 07:44:50.025 1636 RALLYDEBUG rally.task.utils [-] Waiting for resource s_rally_1527b02e_qKLlmVMX. Status changed: QUEUED => ACTIVE in 0.0202469825745
2019-06-10 07:44:50.042 1635 INFO rally.task.runner [-] Task c0062142-5cff-4033-9a18-f9817c209fa5 | ITER: 6 END: OK
2019-06-10 07:44:50.046 1635 INFO rally.task.runner [-] Task c0062142-5cff-4033-9a18-f9817c209fa5 | ITER: 9 START
2019-06-10 07:44:50.048 1636 INFO rally.task.runner [-] Task c0062142-5cff-4033-9a18-f9817c209fa5 | ITER: 5 END: OK
2019-06-10 07:44:50.051 1636 INFO rally.task.runner [-] Task c0062142-5cff-4033-9a18-f9817c209fa5 | ITER: 10 START
2019-06-10 07:44:50.172 1634 RALLYDEBUG rally.task.utils [-] Waiting for resource u'f45a0626-fbe1-434b-81d8-71dd3c0fb6bd'. Status changed: NONE => QUEUED in 0.0299258232117
2019-06-10 07:44:50.345 1633 RALLYDEBUG rally.task.utils [-] Waiting for resource u'099313fb-03d8-4c1a-b123-759e5158dbc5'. Status changed: NONE => QUEUED in 0.0276141166687
2019-06-10 07:44:51.066 1634 RALLYDEBUG rally.task.utils [-] Waiting for resource s_rally_1527b02e_MBpjsoZD. Status changed: QUEUED => ACTIVE in 0.0194900035858
2019-06-10 07:44:51.073 1633 RALLYDEBUG rally.task.utils [-] Waiting for resource s_rally_1527b02e_vjGYxnwR. Status changed: QUEUED => ACTIVE in 0.0240569114685
2019-06-10 07:44:51.089 1634 INFO rally.task.runner [-] Task c0062142-5cff-4033-9a18-f9817c209fa5 | ITER: 7 END: OK
2019-06-10 07:44:51.091 1633 INFO rally.task.runner [-] Task c0062142-5cff-4033-9a18-f9817c209fa5 | ITER: 8 END: OK
2019-06-10 07:44:53.375 1636 RALLYDEBUG rally.task.utils [-] Waiting for resource u'0ff80e6d-c1a7-4565-af0e-16c83ac2d168'. Status changed: NONE => QUEUED in 0.0298249721527
2019-06-10 07:44:53.581 1635 RALLYDEBUG rally.task.utils [-] Waiting for resource u'10cdfed1-5f6a-476d-9b37-8300370fa9b2'. Status changed: NONE => QUEUED in 0.0285348892212
2019-06-10 07:44:54.320 1636 RALLYDEBUG rally.task.utils [-] Waiting for resource s_rally_1527b02e_JZp4LSHE. Status changed: QUEUED => ACTIVE in 0.020674943924
2019-06-10 07:44:54.320 1635 RALLYDEBUG rally.task.utils [-] Waiting for resource s_rally_1527b02e_3MgLXvHJ. Status changed: QUEUED => ACTIVE in 0.0214259624481
2019-06-10 07:44:54.340 1636 INFO rally.task.runner [-] Task c0062142-5cff-4033-9a18-f9817c209fa5 | ITER: 10 END: OK
2019-06-10 07:44:54.340 1635 INFO rally.task.runner [-] Task c0062142-5cff-4033-9a18-f9817c209fa5 | ITER: 9 END: OK
2019-06-10 07:44:54.363 725 INFO rally.task.context [-] Task c0062142-5cff-4033-9a18-f9817c209fa5 | Context cleanup@openstack cleanup() started
2019-06-10 07:44:54.365 725 RALLYDEBUG rally_openstack.cleanup.manager [-] Cleaning up glance images objects
2019-06-10 07:44:56.610 725 RALLYDEBUG rally_openstack.cleanup.manager [-] Deleting glance.images object s_rally_1527b02e_3MgLXvHJ (10cdfed1-5f6a-476d-9b37-8300370fa9b2)
2019-06-10 07:44:56.611 725 RALLYDEBUG rally_openstack.cleanup.manager [-] Deleting glance.images object s_rally_1527b02e_JZp4LSHE (0ff80e6d-c1a7-4565-af0e-16c83ac2d168)
2019-06-10 07:44:56.616 725 RALLYDEBUG rally_openstack.cleanup.manager [-] Deleting glance.images object s_rally_1527b02e_dsiyqNjP (5c67204c-9a82-4915-91bd-622557b4bb1f)
2019-06-10 07:44:56.625 725 RALLYDEBUG rally_openstack.cleanup.manager [-] Deleting glance.images object s_rally_1527b02e_fFrSgryS (693c3406-c8eb-4b2a-b494-11b057f223d1)
2019-06-10 07:44:56.626 725 RALLYDEBUG rally_openstack.cleanup.manager [-] Deleting glance.images object s_rally_1527b02e_MBpjsoZD (f45a0626-fbe1-434b-81d8-71dd3c0fb6bd)
2019-06-10 07:44:56.628 725 RALLYDEBUG rally_openstack.cleanup.manager [-] Deleting glance.images object s_rally_1527b02e_2rTX5SQw (07134f6c-6696-4380-89d5-761963e2c9fe)
2019-06-10 07:44:56.631 725 RALLYDEBUG rally_openstack.cleanup.manager [-] Deleting glance.images object s_rally_1527b02e_sM4H5Vgg (033b4cdd-1de7-4844-8224-81eda9e62e20)
2019-06-10 07:44:56.644 725 RALLYDEBUG rally_openstack.cleanup.manager [-] Deleting glance.images object s_rally_1527b02e_vjGYxnwR (099313fb-03d8-4c1a-b123-759e5158dbc5)
2019-06-10 07:44:56.646 725 RALLYDEBUG rally_openstack.cleanup.manager [-] Deleting glance.images object s_rally_1527b02e_zxXmiAyf (ef3b44eb-f32b-40c6-b88f-67ee21e66081)
2019-06-10 07:44:56.652 725 RALLYDEBUG rally_openstack.cleanup.manager [-] Deleting glance.images object s_rally_1527b02e_qKLlmVMX (307c8870-6093-4a1e-b676-56867f3f4421)
2019-06-10 07:44:57.735 725 DEBUG glanceclient.common.http [-] Request returned failure status 404. _handle_response /usr/lib/python2.7/site-packages/glanceclient/common/http.py:125
2019-06-10 07:44:57.750 725 DEBUG glanceclient.common.http [-] Request returned failure status 404. _handle_response /usr/lib/python2.7/site-packages/glanceclient/common/http.py:125
2019-06-10 07:44:58.771 725 DEBUG glanceclient.common.http [-] Request returned failure status 404. _handle_response /usr/lib/python2.7/site-packages/glanceclient/common/http.py:125
2019-06-10 07:44:58.784 725 DEBUG glanceclient.common.http [-] Request returned failure status 404. _handle_response /usr/lib/python2.7/site-packages/glanceclient/common/http.py:125
2019-06-10 07:44:59.882 725 DEBUG glanceclient.common.http [-] Request returned failure status 404. _handle_response /usr/lib/python2.7/site-packages/glanceclient/common/http.py:125
2019-06-10 07:44:59.892 725 DEBUG glanceclient.common.http [-] Request returned failure status 404. _handle_response /usr/lib/python2.7/site-packages/glanceclient/common/http.py:125
2019-06-10 07:44:59.908 725 DEBUG glanceclient.common.http [-] Request returned failure status 404. _handle_response /usr/lib/python2.7/site-packages/glanceclient/common/http.py:125
2019-06-10 07:44:59.910 725 DEBUG glanceclient.common.http [-] Request returned failure status 404. _handle_response /usr/lib/python2.7/site-packages/glanceclient/common/http.py:125
