2019-06-09 08:45:02.971 22705 RALLYDEBUG rally_openstack.cleanup.manager [-] Deleting neutron.port object s_rally_a274d668_chTOm3Pg (d5319c08-b86c-4463-9169-90b51626bbe9)
2019-06-09 08:45:02.973 22705 RALLYDEBUG rally_openstack.cleanup.manager [-] Deleting neutron.port object s_rally_a274d668_vRnKfd3A (d51997ec-a787-4f43-b01c-baaf4b7ec24b)
2019-06-09 08:45:03.080 22705 RALLYDEBUG rally_openstack.cleanup.manager [-] Deleting neutron.port object s_rally_a274d668_9VaTZYyb (d560d066-fe80-4ed4-b771-f7b255e6f3e2)
2019-06-09 08:45:03.171 22705 RALLYDEBUG rally_openstack.cleanup.manager [-] Deleting neutron.port object s_rally_a274d668_HJiG0PY0 (d7546ee8-a09f-4561-a3d4-71388f87c113)
2019-06-09 08:45:03.176 22705 RALLYDEBUG rally_openstack.cleanup.manager [-] Deleting neutron.port object s_rally_a274d668_9nt5Eg8V (d764a266-d257-49e9-836f-4eb94f533d34)
2019-06-09 08:45:03.262 22705 RALLYDEBUG rally_openstack.cleanup.manager [-] Deleting neutron.port object s_rally_a274d668_DuYF5MMh (d84f9840-d0c1-4ced-a8a2-b667f22841e8)
2019-06-09 08:45:03.274 22705 RALLYDEBUG rally_openstack.cleanup.manager [-] Deleting neutron.port object s_rally_a274d668_2M58p5BZ (da3d9f43-9c4b-407b-a8ec-e9db744168c8)
2019-06-09 08:45:03.467 22705 RALLYDEBUG rally_openstack.cleanup.manager [-] Deleting neutron.port object s_rally_a274d668_MRrckLfP (daf5fd16-f205-4f39-a570-f05406c435d7)
2019-06-09 08:45:03.973 22705 RALLYDEBUG rally_openstack.cleanup.manager [-] Deleting neutron.port object s_rally_a274d668_cxmlW2kN (dbc8c3b0-0b7b-484b-a6db-16f103a42b6a)
2019-06-09 08:45:03.974 22705 RALLYDEBUG rally_openstack.cleanup.manager [-] Deleting neutron.port object s_rally_a274d668_e1rM4AnZ (db972ed0-4215-4fb4-afc3-f8ac0535c6f9)
2019-06-09 08:45:04.155 22705 RALLYDEBUG rally_openstack.cleanup.manager [-] Deleting neutron.port object s_rally_a274d668_4g2IDK5L (dc52bc50-d1ce-4b45-809c-d31f022cb2cc)
2019-06-09 08:45:04.172 22705 RALLYDEBUG rally_openstack.cleanup.manager [-] Deleting neutron.port object s_rally_a274d668_UEM25oKd (dc69a46a-ba3a-459f-b32c-eec244ccf328)
2019-06-09 08:45:04.317 22705 RALLYDEBUG rally_openstack.cleanup.manager [-] Deleting neutron.port object s_rally_a274d668_GAWK4ELO (dc72345d-3ce8-40e4-b3fc-87af2a07c972)
2019-06-09 08:45:04.591 22705 RALLYDEBUG rally_openstack.cleanup.manager [-] Deleting neutron.port object s_rally_a274d668_Htqz6wVx (dcf429d7-0b04-4fef-a822-499f28dcf2f7)
2019-06-09 08:45:04.759 22705 RALLYDEBUG rally_openstack.cleanup.manager [-] Deleting neutron.port object s_rally_a274d668_j8J3Znjb (de292ee7-04c6-4d3b-ace8-5e93f6d9ade6)
2019-06-09 08:45:04.779 22705 RALLYDEBUG rally_openstack.cleanup.manager [-] Deleting neutron.port object s_rally_a274d668_WAteGoW3 (de2a3f13-85ab-40ea-8742-34db8bf88757)
2019-06-09 08:45:05.033 22705 RALLYDEBUG rally_openstack.cleanup.manager [-] Deleting neutron.port object s_rally_a274d668_L0Owtqq5 (de9206b2-88c4-4e00-9c46-3692b94de505)
2019-06-09 08:45:05.047 22705 RALLYDEBUG rally_openstack.cleanup.manager [-] Deleting neutron.port object s_rally_a274d668_hNJodQV7 (dec343d5-5496-44ea-8993-8ae687f66c6e)
2019-06-09 08:45:05.071 22705 RALLYDEBUG rally_openstack.cleanup.manager [-] Deleting neutron.port object s_rally_a274d668_xXEPdMbJ (df027302-64a5-48d2-9493-356a20c12653)
2019-06-09 08:45:05.309 22705 RALLYDEBUG rally_openstack.cleanup.manager [-] Deleting neutron.port object s_rally_a274d668_nProEmhM (e1d17752-f9e4-420d-a34c-94ba8d4f9a52)
2019-06-09 08:45:05.388 22705 RALLYDEBUG rally_openstack.cleanup.manager [-] Deleting neutron.port object s_rally_a274d668_WfhpEYUj (e1f7f27c-3f8b-4734-8be0-e91709f86d2e)
2019-06-09 08:45:05.578 22705 RALLYDEBUG rally_openstack.cleanup.manager [-] Deleting neutron.port object s_rally_a274d668_3pEC2w8v (e230496b-d141-4232-ae5f-67d61cb35d8d)
2019-06-09 08:45:05.596 22705 RALLYDEBUG rally_openstack.cleanup.manager [-] Deleting neutron.port object s_rally_a274d668_IdYigL7t (e31ba2e3-fe4b-4d19-a188-96b33fbd708f)
2019-06-09 08:45:05.666 22705 RALLYDEBUG rally_openstack.cleanup.manager [-] Deleting neutron.port object s_rally_a274d668_NoeR38EL (e32b8395-0553-4b8e-ab84-24b0104c7fff)
2019-06-09 08:45:05.739 22705 RALLYDEBUG rally_openstack.cleanup.manager [-] Deleting neutron.port object s_rally_a274d668_M27PIMEe (e3808636-cbb9-46cb-af0e-36a1fc7fbe35)
2019-06-09 08:45:06.082 22705 RALLYDEBUG rally_openstack.cleanup.manager [-] Deleting neutron.port object s_rally_a274d668_nS93fsh1 (e3dfebfe-6e23-437c-845c-8c5638e83dfa)
2019-06-09 08:45:06.297 22705 RALLYDEBUG rally_openstack.cleanup.manager [-] Deleting neutron.port object s_rally_a274d668_QTco35bx (e4ff2c14-ddc8-4eb8-894f-3c90b7d9bd4e)
2019-06-09 08:45:06.476 22705 RALLYDEBUG rally_openstack.cleanup.manager [-] Deleting neutron.port object s_rally_a274d668_w1pzdZSf (e7d6b378-e5d0-4588-b289-74dba1c2da9e)
2019-06-09 08:45:06.518 22705 RALLYDEBUG rally_openstack.cleanup.manager [-] Deleting neutron.port object s_rally_a274d668_UaDrP5ui (e8658313-d571-4c2c-aa58-a837ec1a8d56)
2019-06-09 08:45:06.716 22705 RALLYDEBUG rally_openstack.cleanup.manager [-] Deleting neutron.port object s_rally_a274d668_KYF3wMl6 (e8d8ffd5-0ce4-4a38-8b8a-6da4d0574c16)
2019-06-09 08:45:06.750 22705 RALLYDEBUG rally_openstack.cleanup.manager [-] Deleting neutron.port object s_rally_a274d668_opEJnHdW (ea03ad37-bf53-4587-93a2-12655561726a)
2019-06-09 08:45:06.855 22705 RALLYDEBUG rally_openstack.cleanup.manager [-] Deleting neutron.port object s_rally_a274d668_y9U7S4cp (ea063152-98db-4563-bc1f-90865dcd0026)
2019-06-09 08:45:07.076 22705 RALLYDEBUG rally_openstack.cleanup.manager [-] Deleting neutron.port object s_rally_a274d668_YFPYh2Xz (ea7b29b9-c367-4891-9e66-ce656b513cd6)
2019-06-09 08:45:07.124 22705 RALLYDEBUG rally_openstack.cleanup.manager [-] Deleting neutron.port object s_rally_a274d668_kAQPtXW4 (ea91ca5e-4b77-4866-9371-7f63d6776ce3)
2019-06-09 08:45:07.140 22705 RALLYDEBUG rally_openstack.cleanup.manager [-] Deleting neutron.port object s_rally_a274d668_HOiKKM6f (ebda5fd9-7f45-4004-8e5f-8e19221225bb)
2019-06-09 08:45:07.207 22705 RALLYDEBUG rally_openstack.cleanup.manager [-] Deleting neutron.port object s_rally_a274d668_bnhtSrXW (ebe0ddb4-4e46-4136-950c-06f69fab2763)
2019-06-09 08:45:07.357 22705 RALLYDEBUG rally_openstack.cleanup.manager [-] Deleting neutron.port object s_rally_a274d668_cFOT1rBl (ebe4c4ba-e103-44e7-9640-f35caf0df093)
2019-06-09 08:45:07.471 22705 RALLYDEBUG rally_openstack.cleanup.manager [-] Deleting neutron.port object s_rally_a274d668_wUxGLgJm (ed5c4f90-2cb3-4973-8ac1-974ef5e3c787)
2019-06-09 08:45:07.483 22705 RALLYDEBUG rally_openstack.cleanup.manager [-] Deleting neutron.port object s_rally_a274d668_YUeXRFTy (ed6be5be-9055-4777-aa95-961082a6ec93)
2019-06-09 08:45:07.722 22705 RALLYDEBUG rally_openstack.cleanup.manager [-] Deleting neutron.port object s_rally_a274d668_QcwiOK9C (ef51388f-72ab-4887-9b92-5ebb6b0e3de4)
2019-06-09 08:45:07.861 22705 RALLYDEBUG rally_openstack.cleanup.manager [-] Deleting neutron.port object s_rally_a274d668_dWtMCxa6 (f00d2f57-9dfc-46ef-aa3f-cb1aee79f721)
2019-06-09 08:45:07.913 22705 RALLYDEBUG rally_openstack.cleanup.manager [-] Deleting neutron.port object s_rally_a274d668_xOSOnClP (f080c78a-1dd8-4295-af44-fee12e68d50b)
2019-06-09 08:45:08.072 22705 RALLYDEBUG rally_openstack.cleanup.manager [-] Deleting neutron.port object s_rally_a274d668_BDrF9r5Q (f0e94e80-ea8d-48eb-ab34-3aa8e5fc1ddf)
2019-06-09 08:45:08.099 22705 RALLYDEBUG rally_openstack.cleanup.manager [-] Deleting neutron.port object s_rally_a274d668_XBggEGrm (f29f7172-d532-4b6b-90db-1d7bee91c48e)
2019-06-09 08:45:08.357 22705 RALLYDEBUG rally_openstack.cleanup.manager [-] Deleting neutron.port object s_rally_a274d668_KKK9wQs3 (f2c6aa6d-145d-4c86-91b0-357d32db2a4d)
2019-06-09 08:45:08.767 22705 RALLYDEBUG rally_openstack.cleanup.manager [-] Deleting neutron.port object s_rally_a274d668_igljPJlf (f2ddc854-0b71-4310-8323-ffe86b3570b4)
2019-06-09 08:45:08.784 22705 RALLYDEBUG rally_openstack.cleanup.manager [-] Deleting neutron.port object s_rally_a274d668_V8vgSURK (f34fa151-c50e-4323-bfd8-1eb896e3350e)
2019-06-09 08:45:09.017 22705 RALLYDEBUG rally_openstack.cleanup.manager [-] Deleting neutron.port object s_rally_a274d668_4GrgBl7L (f3ccc5c9-041a-4ccc-8254-7aaaa9059682)
2019-06-09 08:45:09.049 22705 RALLYDEBUG rally_openstack.cleanup.manager [-] Deleting neutron.port object s_rally_a274d668_eOcJ0Z5t (f6415466-d346-4cfd-83d4-e42038e1527b)
2019-06-09 08:45:09.173 22705 RALLYDEBUG rally_openstack.cleanup.manager [-] Deleting neutron.port object s_rally_a274d668_0moVv4wN (f7653686-2f8d-49a1-ab58-7f435ad3c216)
2019-06-09 08:45:09.195 22705 RALLYDEBUG rally_openstack.cleanup.manager [-] Deleting neutron.port object s_rally_a274d668_CnytfOmU (f98479f5-e989-4a6f-8169-914539da5017)
2019-06-09 08:45:09.211 22705 RALLYDEBUG rally_openstack.cleanup.manager [-] Deleting neutron.port object s_rally_a274d668_RZIMTloQ (fa4e5162-c5e3-408f-bddb-29bb304bda44)
2019-06-09 08:45:09.462 22705 RALLYDEBUG rally_openstack.cleanup.manager [-] Deleting neutron.port object s_rally_a274d668_Hf39ES0N (fa8d301c-7077-4366-b6d9-c7cde2531d87)
2019-06-09 08:45:09.489 22705 RALLYDEBUG rally_openstack.cleanup.manager [-] Deleting neutron.port object s_rally_a274d668_VmxYr38N (faa419ea-e57e-4673-8fa2-9f4153fed8e2)
2019-06-09 08:45:09.665 22705 RALLYDEBUG rally_openstack.cleanup.manager [-] Deleting neutron.port object s_rally_a274d668_3fb3HmGZ (fc46e9ab-b40f-43f0-bb77-3665ad6013fc)
2019-06-09 08:45:09.717 22705 RALLYDEBUG rally_openstack.cleanup.manager [-] Deleting neutron.port object s_rally_a274d668_xkpqkNfU (fd140bb4-89c1-4a04-b310-2586afcaa700)
2019-06-09 08:45:09.880 22705 RALLYDEBUG rally_openstack.cleanup.manager [-] Deleting neutron.port object s_rally_a274d668_4huNBlPN (fddb22b4-52bc-42f6-b395-d97add3656fa)
2019-06-09 08:45:09.901 22705 RALLYDEBUG rally_openstack.cleanup.manager [-] Deleting neutron.port object s_rally_a274d668_ETSoekOI (ff3eeafa-738f-436e-9909-7d76ae47fa0c)
2019-06-09 08:45:09.986 22705 RALLYDEBUG rally_openstack.cleanup.manager [-] Deleting neutron.port object s_rally_a274d668_BXEQZkia (ff747736-2a94-4929-afba-9914d6ed1aee)
2019-06-09 08:45:10.221 22705 RALLYDEBUG rally_openstack.cleanup.manager [-] Deleting neutron.port object s_rally_a274d668_HMDtSlNl (ff87bc9d-9b8b-4615-8aa8-2eee7bd5dfb1)
2019-06-09 08:45:12.835 22705 RALLYDEBUG rally_openstack.cleanup.manager [-] Cleaning up neutron subnet objects
2019-06-09 08:45:13.678 22705 RALLYDEBUG rally_openstack.cleanup.manager [-] Cleaning up neutron network objects
2019-06-09 08:45:14.482 22705 RALLYDEBUG rally_openstack.cleanup.manager [-] Deleting neutron.network object s_rally_a274d668_mk8ccaYN (0867bf9b-0cbe-4561-81f5-cd70ce6858b4)
2019-06-09 08:45:14.488 22705 RALLYDEBUG rally_openstack.cleanup.manager [-] Deleting neutron.network object s_rally_a274d668_mzoy8Llf (22e8e967-3c52-4622-a931-15ac51662c92)
2019-06-09 08:45:14.493 22705 RALLYDEBUG rally_openstack.cleanup.manager [-] Deleting neutron.network object s_rally_a274d668_VGkIOxtZ (23d83576-6e37-45f6-9fd8-5b5b59648a37)
2019-06-09 08:45:14.506 22705 RALLYDEBUG rally_openstack.cleanup.manager [-] Deleting neutron.network object s_rally_a274d668_s6uWV7TK (26299489-1714-4507-a5dd-cde89263e4aa)
2019-06-09 08:45:14.513 22705 RALLYDEBUG rally_openstack.cleanup.manager [-] Deleting neutron.network object s_rally_a274d668_Xc8NSNRa (59fa8ecf-b60e-4795-ad09-e93fcc7a04ff)
2019-06-09 08:45:14.526 22705 RALLYDEBUG rally_openstack.cleanup.manager [-] Deleting neutron.network object s_rally_a274d668_jcMusmSM (bb857fb5-ec94-4ed9-a808-944ef09ac2b2)
2019-06-09 08:45:14.534 22705 RALLYDEBUG rally_openstack.cleanup.manager [-] Deleting neutron.network object s_rally_a274d668_gPXaAVRw (7338678c-deed-49f4-b4d7-4a538a15fe24)
2019-06-09 08:45:14.537 22705 RALLYDEBUG rally_openstack.cleanup.manager [-] Deleting neutron.network object s_rally_a274d668_JTGrpb14 (ecc4764e-3e9e-4d0e-911b-a18ed2d78064)
2019-06-09 08:45:20.097 22705 RALLYDEBUG rally_openstack.cleanup.manager [-] Cleaning up neutron router objects
2019-06-09 08:45:20.806 22705 RALLYDEBUG rally_openstack.cleanup.manager [-] Cleaning up neutron security_group objects
2019-06-09 08:45:21.593 22705 INFO rally.task.context [-] Task 4f99d2c7-44b4-44d1-a539-5f80ec87a56a | Context cleanup@openstack cleanup() finished in 1.14 min
2019-06-09 08:45:21.593 22705 INFO rally.task.context [-] Task 4f99d2c7-44b4-44d1-a539-5f80ec87a56a | Context quotas@openstack cleanup() started
2019-06-09 08:45:21.858 22705 INFO rally.task.context [-] Task 4f99d2c7-44b4-44d1-a539-5f80ec87a56a | Context quotas@openstack cleanup() finished in 0.26 sec
2019-06-09 08:45:21.858 22705 INFO rally.task.context [-] Task 4f99d2c7-44b4-44d1-a539-5f80ec87a56a | Context users@openstack cleanup() started
2019-06-09 08:45:26.943 22705 INFO rally.task.context [-] Task 4f99d2c7-44b4-44d1-a539-5f80ec87a56a | Context users@openstack cleanup() finished in 5.08 sec
2019-06-09 08:45:27.186 22705 INFO rally.task.engine [-] Load duration is: 111.220556
2019-06-09 08:45:27.186 22705 INFO rally.task.engine [-] Full runner duration is: 111.271349
2019-06-09 08:45:27.187 22705 INFO rally.task.engine [-] Full duration is: 190.462128
2019-06-09 08:45:27.419 22705 INFO rally.task.engine [-] Running workload: position = 1 config = { "version": 2, "title": "A cropped version of a bigger task.", "description": "Auto-generated task from a single workload (uuid=574dd333-f7ff-4e67-bd51-94d8ba22bd69)", "subtasks": [ { "title": "NeutronNetworks.create_and_update_ports", "description": "Create and update a given number of ports.", "scenario": { "NeutronNetworks.create_and_update_ports": { "network_create_args": {}, "port_create_args": {}, "ports_per_network": 5, "port_update_args": { "admin_state_up": false, "device_id": "dummy_id", "device_owner": "dummy_owner", "name": "_port_updated" } } }, "contexts": { "users": { "tenants": 1, "users_per_tenant": 1 }, "quotas": { "neutron": { "network": -1, "port": -1 } } }, "runner": { "constant": { "times": 40, "concurrency": 20 } }, "hooks": [], "sla": { "failure_rate": { "max": 0 } } } ] }
2019-06-09 08:45:27.440 22705 RALLYDEBUG rally_openstack.contexts.keystone.users [-] Creating 1 tenants using 20 threads
2019-06-09 08:45:29.292 22705 RALLYDEBUG rally_openstack.contexts.keystone.users [-] Creating 1 users using 20 threads
2019-06-09 08:45:32.088 22705 INFO rally.task.context [-] Task 4f99d2c7-44b4-44d1-a539-5f80ec87a56a | Context users@openstack setup() finished in 4.65 sec
2019-06-09 08:45:32.893 22705 INFO rally.task.context [-] Task 4f99d2c7-44b4-44d1-a539-5f80ec87a56a | Context quotas@openstack setup() finished in 0.80 sec
2019-06-09 08:45:32.894 22705 INFO rally.task.context [-] Task 4f99d2c7-44b4-44d1-a539-5f80ec87a56a | Context cleanup@openstack setup() finished in 0.00 msec
2019-06-09 08:45:32.901 22705 RALLYDEBUG rally.task.runner [-] Starting the constant runner (task UUID: 4f99d2c7-44b4-44d1-a539-5f80ec87a56a). timeout: 0 concurrency: 20 concurrency_per_worker: 1 times: 40 concurrency_overhead: 4 processes_to_start: 16 max_cpu_used: 16
2019-06-09 08:45:32.915 26581 RALLYDEBUG rally.task.runner [-] Starting a worker. concurrency: 2 args: {"network_create_args": {}, "port_create_args": {}, "ports_per_network": 5, "port_update_args": {"admin_state_up": false, "device_id": "dummy_id", "device_owner": "dummy_owner", "name": "_port_updated"}} times: 40 method_name: run timeout: 0 duration: None cls:
2019-06-09 08:45:32.917 26582 RALLYDEBUG rally.task.runner [-] Starting a worker. concurrency: 2 args: {"network_create_args": {}, "port_create_args": {}, "ports_per_network": 5, "port_update_args": {"admin_state_up": false, "device_id": "dummy_id", "device_owner": "dummy_owner", "name": "_port_updated"}} times: 40 method_name: run timeout: 0 duration: None cls:
2019-06-09 08:45:32.921 26583 RALLYDEBUG rally.task.runner [-] Starting a worker. concurrency: 2 args: {"network_create_args": {}, "port_create_args": {}, "ports_per_network": 5, "port_update_args": {"admin_state_up": false, "device_id": "dummy_id", "device_owner": "dummy_owner", "name": "_port_updated"}} times: 40 method_name: run timeout: 0 duration: None cls:
2019-06-09 08:45:32.923 26584 RALLYDEBUG rally.task.runner [-] Starting a worker. concurrency: 2 args: {"network_create_args": {}, "port_create_args": {}, "ports_per_network": 5, "port_update_args": {"admin_state_up": false, "device_id": "dummy_id", "device_owner": "dummy_owner", "name": "_port_updated"}} times: 40 method_name: run timeout: 0 duration: None cls:
2019-06-09 08:45:32.924 26582 INFO rally.task.runner [-] Task 4f99d2c7-44b4-44d1-a539-5f80ec87a56a | ITER: 2 START
2019-06-09 08:45:32.925 26581 INFO rally.task.runner [-] Task 4f99d2c7-44b4-44d1-a539-5f80ec87a56a | ITER: 1 START
2019-06-09 08:45:32.927 26582 WARNING rally_openstack.scenarios.neutron.utils [-] Running this scenario without either the 'network' or 'existing_network' context is deprecated
2019-06-09 08:45:32.926 26581 WARNING rally_openstack.scenarios.neutron.utils [-] Running this scenario without either the 'network' or 'existing_network' context is deprecated
2019-06-09 08:45:32.928 26586 RALLYDEBUG rally.task.runner [-] Starting a worker. concurrency: 1 args: {"network_create_args": {}, "port_create_args": {}, "ports_per_network": 5, "port_update_args": {"admin_state_up": false, "device_id": "dummy_id", "device_owner": "dummy_owner", "name": "_port_updated"}} times: 40 method_name: run timeout: 0 duration: None cls:
2019-06-09 08:45:32.930 26583 INFO rally.task.runner [-] Task 4f99d2c7-44b4-44d1-a539-5f80ec87a56a | ITER: 5 START
2019-06-09 08:45:32.931 26583 INFO rally.task.runner [-] Task 4f99d2c7-44b4-44d1-a539-5f80ec87a56a | ITER: 7 START
2019-06-09 08:45:32.931 26591 RALLYDEBUG rally.task.runner [-] Starting a worker. concurrency: 1 args: {"network_create_args": {}, "port_create_args": {}, "ports_per_network": 5, "port_update_args": {"admin_state_up": false, "device_id": "dummy_id", "device_owner": "dummy_owner", "name": "_port_updated"}} times: 40 method_name: run timeout: 0 duration: None cls:
2019-06-09 08:45:32.933 26584 INFO rally.task.runner [-] Task 4f99d2c7-44b4-44d1-a539-5f80ec87a56a | ITER: 8 START
2019-06-09 08:45:32.933 26583 WARNING rally_openstack.scenarios.neutron.utils [-] Running this scenario without either the 'network' or 'existing_network' context is deprecated
2019-06-09 08:45:32.931 26581 INFO rally.task.runner [-] Task 4f99d2c7-44b4-44d1-a539-5f80ec87a56a | ITER: 3 START
2019-06-09 08:45:32.934 26584 WARNING rally_openstack.scenarios.neutron.utils [-] Running this scenario without either the 'network' or 'existing_network' context is deprecated
2019-06-09 08:45:32.935 26586 INFO rally.task.runner [-] Task 4f99d2c7-44b4-44d1-a539-5f80ec87a56a | ITER: 9 START
2019-06-09 08:45:32.935 26594 RALLYDEBUG rally.task.runner [-] Starting a worker. concurrency: 1 args: {"network_create_args": {}, "port_create_args": {}, "ports_per_network": 5, "port_update_args": {"admin_state_up": false, "device_id": "dummy_id", "device_owner": "dummy_owner", "name": "_port_updated"}} times: 40 method_name: run timeout: 0 duration: None cls:
2019-06-09 08:45:32.935 26581 WARNING rally_openstack.scenarios.neutron.utils [-] Running this scenario without either the 'network' or 'existing_network' context is deprecated
2019-06-09 08:45:32.937 26586 WARNING rally_openstack.scenarios.neutron.utils [-] Running this scenario without either the 'network' or 'existing_network' context is deprecated
2019-06-09 08:45:32.939 26591 INFO rally.task.runner [-] Task 4f99d2c7-44b4-44d1-a539-5f80ec87a56a | ITER: 10 START
2019-06-09 08:45:32.933 26583 WARNING rally_openstack.scenarios.neutron.utils [-] Running this scenario without either the 'network' or 'existing_network' context is deprecated
2019-06-09 08:45:32.941 26591 WARNING rally_openstack.scenarios.neutron.utils [-] Running this scenario without either the 'network' or 'existing_network' context is deprecated
2019-06-09 08:45:32.940 26599 RALLYDEBUG rally.task.runner [-] Starting a worker. concurrency: 1 args: {"network_create_args": {}, "port_create_args": {}, "ports_per_network": 5, "port_update_args": {"admin_state_up": false, "device_id": "dummy_id", "device_owner": "dummy_owner", "name": "_port_updated"}} times: 40 method_name: run timeout: 0 duration: None cls:
2019-06-09 08:45:32.935 26584 INFO rally.task.runner [-] Task 4f99d2c7-44b4-44d1-a539-5f80ec87a56a | ITER: 6 START
2019-06-09 08:45:32.942 26594 INFO rally.task.runner [-] Task 4f99d2c7-44b4-44d1-a539-5f80ec87a56a | ITER: 11 START
2019-06-09 08:45:32.943 26582 INFO rally.task.runner [-] Task 4f99d2c7-44b4-44d1-a539-5f80ec87a56a | ITER: 4 START
2019-06-09 08:45:32.943 26584 WARNING rally_openstack.scenarios.neutron.utils [-] Running this scenario without either the 'network' or 'existing_network' context is deprecated
2019-06-09 08:45:32.944 26594 WARNING rally_openstack.scenarios.neutron.utils [-] Running this scenario without either the 'network' or 'existing_network' context is deprecated
2019-06-09 08:45:32.944 26582 WARNING rally_openstack.scenarios.neutron.utils [-] Running this scenario without either the 'network' or 'existing_network' context is deprecated
2019-06-09 08:45:32.945 26603 RALLYDEBUG rally.task.runner [-] Starting a worker. concurrency: 1 args: {"network_create_args": {}, "port_create_args": {}, "ports_per_network": 5, "port_update_args": {"admin_state_up": false, "device_id": "dummy_id", "device_owner": "dummy_owner", "name": "_port_updated"}} times: 40 method_name: run timeout: 0 duration: None cls:
2019-06-09 08:45:32.947 26599 INFO rally.task.runner [-] Task 4f99d2c7-44b4-44d1-a539-5f80ec87a56a | ITER: 12 START
2019-06-09 08:45:32.949 26599 WARNING rally_openstack.scenarios.neutron.utils [-] Running this scenario without either the 'network' or 'existing_network' context is deprecated
2019-06-09 08:45:32.950 26608 RALLYDEBUG rally.task.runner [-] Starting a worker. concurrency: 1 args: {"network_create_args": {}, "port_create_args": {}, "ports_per_network": 5, "port_update_args": {"admin_state_up": false, "device_id": "dummy_id", "device_owner": "dummy_owner", "name": "_port_updated"}} times: 40 method_name: run timeout: 0 duration: None cls:
2019-06-09 08:45:32.952 26603 INFO rally.task.runner [-] Task 4f99d2c7-44b4-44d1-a539-5f80ec87a56a | ITER: 13 START
2019-06-09 08:45:32.954 26603 WARNING rally_openstack.scenarios.neutron.utils [-] Running this scenario without either the 'network' or 'existing_network' context is deprecated
2019-06-09 08:45:32.956 26608 INFO rally.task.runner [-] Task 4f99d2c7-44b4-44d1-a539-5f80ec87a56a | ITER: 14 START
2019-06-09 08:45:32.957 26608 WARNING rally_openstack.scenarios.neutron.utils [-] Running this scenario without either the 'network' or 'existing_network' context is deprecated
2019-06-09 08:45:32.956 26609 RALLYDEBUG rally.task.runner [-] Starting a worker. concurrency: 1 args: {"network_create_args": {}, "port_create_args": {}, "ports_per_network": 5, "port_update_args": {"admin_state_up": false, "device_id": "dummy_id", "device_owner": "dummy_owner", "name": "_port_updated"}} times: 40 method_name: run timeout: 0 duration: None cls:
2019-06-09 08:45:32.957 26612 RALLYDEBUG rally.task.runner [-] Starting a worker. concurrency: 1 args: {"network_create_args": {}, "port_create_args": {}, "ports_per_network": 5, "port_update_args": {"admin_state_up": false, "device_id": "dummy_id", "device_owner": "dummy_owner", "name": "_port_updated"}} times: 40 method_name: run timeout: 0 duration: None cls:
2019-06-09 08:45:32.964 26609 INFO rally.task.runner [-] Task 4f99d2c7-44b4-44d1-a539-5f80ec87a56a | ITER: 15 START
2019-06-09 08:45:32.964 26612 INFO rally.task.runner [-] Task 4f99d2c7-44b4-44d1-a539-5f80ec87a56a | ITER: 16 START
2019-06-09 08:45:32.965 26612 WARNING rally_openstack.scenarios.neutron.utils [-] Running this scenario without either the 'network' or 'existing_network' context is deprecated
2019-06-09 08:45:32.966 26609 WARNING rally_openstack.scenarios.neutron.utils [-] Running this scenario without either the 'network' or 'existing_network' context is deprecated
2019-06-09 08:45:32.966 26617 RALLYDEBUG rally.task.runner [-] Starting a worker. concurrency: 1 args: {"network_create_args": {}, "port_create_args": {}, "ports_per_network": 5, "port_update_args": {"admin_state_up": false, "device_id": "dummy_id", "device_owner": "dummy_owner", "name": "_port_updated"}} times: 40 method_name: run timeout: 0 duration: None cls:
2019-06-09 08:45:32.973 26617 INFO rally.task.runner [-] Task 4f99d2c7-44b4-44d1-a539-5f80ec87a56a | ITER: 17 START
2019-06-09 08:45:32.974 26617 WARNING rally_openstack.scenarios.neutron.utils [-] Running this scenario without either the 'network' or 'existing_network' context is deprecated
2019-06-09 08:45:32.976 26622 RALLYDEBUG rally.task.runner [-] Starting a worker. concurrency: 1 args: {"network_create_args": {}, "port_create_args": {}, "ports_per_network": 5, "port_update_args": {"admin_state_up": false, "device_id": "dummy_id", "device_owner": "dummy_owner", "name": "_port_updated"}} times: 40 method_name: run timeout: 0 duration: None cls:
2019-06-09 08:45:32.981 26622 INFO rally.task.runner [-] Task 4f99d2c7-44b4-44d1-a539-5f80ec87a56a | ITER: 18 START
2019-06-09 08:45:32.982 26622 WARNING rally_openstack.scenarios.neutron.utils [-] Running this scenario without either the 'network' or 'existing_network' context is deprecated
2019-06-09 08:45:32.983 26625 RALLYDEBUG rally.task.runner [-] Starting a worker. concurrency: 1 args: {"network_create_args": {}, "port_create_args": {}, "ports_per_network": 5, "port_update_args": {"admin_state_up": false, "device_id": "dummy_id", "device_owner": "dummy_owner", "name": "_port_updated"}} times: 40 method_name: run timeout: 0 duration: None cls:
2019-06-09 08:45:32.988 26625 INFO rally.task.runner [-] Task 4f99d2c7-44b4-44d1-a539-5f80ec87a56a | ITER: 19 START
2019-06-09 08:45:32.990 26625 WARNING rally_openstack.scenarios.neutron.utils [-] Running this scenario without either the 'network' or 'existing_network' context is deprecated
2019-06-09 08:45:32.991 26628 RALLYDEBUG rally.task.runner [-] Starting a worker. concurrency: 1 args: {"network_create_args": {}, "port_create_args": {}, "ports_per_network": 5, "port_update_args": {"admin_state_up": false, "device_id": "dummy_id", "device_owner": "dummy_owner", "name": "_port_updated"}} times: 40 method_name: run timeout: 0 duration: None cls:
2019-06-09 08:45:32.996 26628 INFO rally.task.runner [-] Task 4f99d2c7-44b4-44d1-a539-5f80ec87a56a | ITER: 20 START
2019-06-09 08:45:32.997 26628 WARNING rally_openstack.scenarios.neutron.utils [-] Running this scenario without either the 'network' or 'existing_network' context is deprecated
2019-06-09 08:45:47.130 26603 INFO rally.task.runner [-] Task 4f99d2c7-44b4-44d1-a539-5f80ec87a56a | ITER: 13 END: OK
2019-06-09 08:45:47.134 26603 INFO rally.task.runner [-] Task 4f99d2c7-44b4-44d1-a539-5f80ec87a56a | ITER: 21 START
2019-06-09 08:45:47.134 26603 WARNING rally_openstack.scenarios.neutron.utils [-] Running this scenario without either the 'network' or 'existing_network' context is deprecated
2019-06-09 08:45:49.981 26581 INFO rally.task.runner [-] Task 4f99d2c7-44b4-44d1-a539-5f80ec87a56a | ITER: 3 END: OK
2019-06-09 08:45:49.984 26581 INFO rally.task.runner [-] Task 4f99d2c7-44b4-44d1-a539-5f80ec87a56a | ITER: 22 START
2019-06-09 08:45:49.985 26581 WARNING rally_openstack.scenarios.neutron.utils [-] Running this scenario without either the 'network' or 'existing_network' context is deprecated
2019-06-09 08:45:51.272 26608 INFO rally.task.runner [-] Task 4f99d2c7-44b4-44d1-a539-5f80ec87a56a | ITER: 14 END: OK
2019-06-09 08:45:51.276 26608 INFO rally.task.runner [-] Task 4f99d2c7-44b4-44d1-a539-5f80ec87a56a | ITER: 23 START
2019-06-09 08:45:51.276 26608 WARNING rally_openstack.scenarios.neutron.utils [-] Running this scenario without either the 'network' or 'existing_network' context is deprecated
2019-06-09 08:45:51.974 26591 INFO rally.task.runner [-] Task 4f99d2c7-44b4-44d1-a539-5f80ec87a56a | ITER: 10 END: OK
2019-06-09 08:45:51.979 26591 INFO rally.task.runner [-] Task 4f99d2c7-44b4-44d1-a539-5f80ec87a56a | ITER: 24 START
2019-06-09 08:45:51.980 26591 WARNING rally_openstack.scenarios.neutron.utils [-] Running this scenario without either the 'network' or 'existing_network' context is deprecated
2019-06-09 08:45:52.609 26584 INFO rally.task.runner [-] Task 4f99d2c7-44b4-44d1-a539-5f80ec87a56a | ITER: 8 END: OK
2019-06-09 08:45:52.614 26584 INFO rally.task.runner [-] Task 4f99d2c7-44b4-44d1-a539-5f80ec87a56a | ITER: 25 START
2019-06-09 08:45:52.615 26584 WARNING rally_openstack.scenarios.neutron.utils [-] Running this scenario without either the 'network' or 'existing_network' context is deprecated
2019-06-09 08:45:52.797 26586 INFO rally.task.runner [-] Task 4f99d2c7-44b4-44d1-a539-5f80ec87a56a | ITER: 9 END: OK
2019-06-09 08:45:52.801 26586 INFO rally.task.runner [-] Task 4f99d2c7-44b4-44d1-a539-5f80ec87a56a | ITER: 26 START
2019-06-09 08:45:52.802 26586 WARNING rally_openstack.scenarios.neutron.utils [-] Running this scenario without either the 'network' or 'existing_network' context is deprecated
2019-06-09 08:45:53.222 26617 INFO rally.task.runner [-] Task 4f99d2c7-44b4-44d1-a539-5f80ec87a56a | ITER: 17 END: OK
2019-06-09 08:45:53.226 26617 INFO rally.task.runner [-] Task 4f99d2c7-44b4-44d1-a539-5f80ec87a56a | ITER: 27 START
2019-06-09 08:45:53.227 26617 WARNING rally_openstack.scenarios.neutron.utils [-] Running this scenario without either the 'network' or 'existing_network' context is deprecated
2019-06-09 08:45:53.449 26581 INFO rally.task.runner [-] Task 4f99d2c7-44b4-44d1-a539-5f80ec87a56a | ITER: 1 END: OK
2019-06-09 08:45:53.453 26581 INFO rally.task.runner [-] Task 4f99d2c7-44b4-44d1-a539-5f80ec87a56a | ITER: 28 START
2019-06-09 08:45:53.454 26581 WARNING rally_openstack.scenarios.neutron.utils [-] Running this scenario without either the 'network' or 'existing_network' context is deprecated
2019-06-09 08:45:54.382 26628 INFO rally.task.runner [-] Task 4f99d2c7-44b4-44d1-a539-5f80ec87a56a | ITER: 20 END: OK
2019-06-09 08:45:54.388 26628 INFO rally.task.runner [-] Task 4f99d2c7-44b4-44d1-a539-5f80ec87a56a | ITER: 29 START
2019-06-09 08:45:54.388 26628 WARNING rally_openstack.scenarios.neutron.utils [-] Running this scenario without either the 'network' or 'existing_network' context is deprecated
2019-06-09 08:45:55.243 26612 INFO rally.task.runner [-] Task 4f99d2c7-44b4-44d1-a539-5f80ec87a56a | ITER: 16 END: OK
2019-06-09 08:45:55.247 26612 INFO rally.task.runner [-] Task 4f99d2c7-44b4-44d1-a539-5f80ec87a56a | ITER: 30 START
2019-06-09 08:45:55.247 26612 WARNING rally_openstack.scenarios.neutron.utils [-] Running this scenario without either the 'network' or 'existing_network' context is deprecated
2019-06-09 08:45:55.249 26583 INFO rally.task.runner [-] Task 4f99d2c7-44b4-44d1-a539-5f80ec87a56a | ITER: 7 END: OK
2019-06-09 08:45:55.253 26583 INFO rally.task.runner [-] Task 4f99d2c7-44b4-44d1-a539-5f80ec87a56a | ITER: 31 START
2019-06-09 08:45:55.254 26583 WARNING rally_openstack.scenarios.neutron.utils [-] Running this scenario without either the 'network' or 'existing_network' context is deprecated
2019-06-09 08:45:55.527 26584 INFO rally.task.runner [-] Task 4f99d2c7-44b4-44d1-a539-5f80ec87a56a | ITER: 6 END: OK
2019-06-09 08:45:55.532 26584 INFO rally.task.runner [-] Task 4f99d2c7-44b4-44d1-a539-5f80ec87a56a | ITER: 32 START
2019-06-09 08:45:55.532 26584 WARNING rally_openstack.scenarios.neutron.utils [-] Running this scenario without either the 'network' or 'existing_network' context is deprecated
2019-06-09 08:45:55.613 26582 INFO rally.task.runner [-] Task 4f99d2c7-44b4-44d1-a539-5f80ec87a56a | ITER: 4 END: OK
2019-06-09 08:45:55.616 26582 INFO rally.task.runner [-] Task 4f99d2c7-44b4-44d1-a539-5f80ec87a56a | ITER: 33 START
2019-06-09 08:45:55.617 26582 WARNING rally_openstack.scenarios.neutron.utils [-] Running this scenario without either the 'network' or 'existing_network' context is deprecated
2019-06-09 08:45:55.805 26582 INFO rally.task.runner [-] Task 4f99d2c7-44b4-44d1-a539-5f80ec87a56a | ITER: 2 END: OK
2019-06-09 08:45:55.808 26582 INFO rally.task.runner [-] Task 4f99d2c7-44b4-44d1-a539-5f80ec87a56a | ITER: 34 START
2019-06-09 08:45:55.809 26582 WARNING rally_openstack.scenarios.neutron.utils [-] Running this scenario without either the 'network' or 'existing_network' context is deprecated
2019-06-09 08:45:56.324 26622 INFO rally.task.runner [-] Task 4f99d2c7-44b4-44d1-a539-5f80ec87a56a | ITER: 18 END: OK
2019-06-09 08:45:56.327 26622 INFO rally.task.runner [-] Task 4f99d2c7-44b4-44d1-a539-5f80ec87a56a | ITER: 35 START
2019-06-09 08:45:56.328 26622 WARNING rally_openstack.scenarios.neutron.utils [-] Running this scenario without either the 'network' or 'existing_network' context is deprecated
2019-06-09 08:45:56.391 26594 INFO rally.task.runner [-] Task 4f99d2c7-44b4-44d1-a539-5f80ec87a56a | ITER: 11 END: OK
2019-06-09 08:45:56.394 26594 INFO rally.task.runner [-] Task 4f99d2c7-44b4-44d1-a539-5f80ec87a56a | ITER: 36 START
2019-06-09 08:45:56.394 26594 WARNING rally_openstack.scenarios.neutron.utils [-] Running this scenario without either the 'network' or 'existing_network' context is deprecated
2019-06-09 08:45:57.032 26625 INFO rally.task.runner [-] Task 4f99d2c7-44b4-44d1-a539-5f80ec87a56a | ITER: 19 END: OK
2019-06-09 08:45:57.037 26625 INFO rally.task.runner [-] Task 4f99d2c7-44b4-44d1-a539-5f80ec87a56a | ITER: 37 START
2019-06-09 08:45:57.037 26625 WARNING rally_openstack.scenarios.neutron.utils [-] Running this scenario without either the 'network' or 'existing_network' context is deprecated
2019-06-09 08:45:57.048 26609 INFO rally.task.runner [-] Task 4f99d2c7-44b4-44d1-a539-5f80ec87a56a | ITER: 15 END: OK
2019-06-09 08:45:57.052 26609 INFO rally.task.runner [-] Task 4f99d2c7-44b4-44d1-a539-5f80ec87a56a | ITER: 38 START
2019-06-09 08:45:57.053 26609 WARNING rally_openstack.scenarios.neutron.utils [-] Running this scenario without either the 'network' or 'existing_network' context is deprecated
2019-06-09 08:45:57.602 26583 INFO rally.task.runner [-] Task 4f99d2c7-44b4-44d1-a539-5f80ec87a56a | ITER: 5 END: OK
2019-06-09 08:45:57.606 26583 INFO rally.task.runner [-] Task 4f99d2c7-44b4-44d1-a539-5f80ec87a56a | ITER: 39 START
2019-06-09 08:45:57.607 26583 WARNING rally_openstack.scenarios.neutron.utils [-] Running this scenario without either the 'network' or 'existing_network' context is deprecated
2019-06-09 08:45:58.456 26599 INFO rally.task.runner [-] Task 4f99d2c7-44b4-44d1-a539-5f80ec87a56a | ITER: 12 END: OK
2019-06-09 08:45:58.460 26599 INFO rally.task.runner [-] Task 4f99d2c7-44b4-44d1-a539-5f80ec87a56a | ITER: 40 START
2019-06-09 08:45:58.461 26599 WARNING rally_openstack.scenarios.neutron.utils [-] Running this scenario without either the 'network' or 'existing_network' context is deprecated
2019-06-09 08:46:05.628 26603 INFO rally.task.runner [-] Task 4f99d2c7-44b4-44d1-a539-5f80ec87a56a | ITER: 21 END: OK
2019-06-09 08:46:06.837 26581 INFO rally.task.runner [-] Task 4f99d2c7-44b4-44d1-a539-5f80ec87a56a | ITER: 22 END: OK
2019-06-09 08:46:08.942 26608 INFO rally.task.runner [-] Task 4f99d2c7-44b4-44d1-a539-5f80ec87a56a | ITER: 23 END: OK
2019-06-09 08:46:09.071 26591 INFO rally.task.runner [-] Task 4f99d2c7-44b4-44d1-a539-5f80ec87a56a | ITER: 24 END: OK
2019-06-09 08:46:09.316 26584 INFO rally.task.runner [-] Task 4f99d2c7-44b4-44d1-a539-5f80ec87a56a | ITER: 25 END: OK
2019-06-09 08:46:09.548 26617 INFO rally.task.runner [-] Task 4f99d2c7-44b4-44d1-a539-5f80ec87a56a | ITER: 27 END: OK
2019-06-09 08:46:10.747 26586 INFO rally.task.runner [-] Task 4f99d2c7-44b4-44d1-a539-5f80ec87a56a | ITER: 26 END: OK
2019-06-09 08:46:11.260 26581 INFO rally.task.runner [-] Task 4f99d2c7-44b4-44d1-a539-5f80ec87a56a | ITER: 28 END: OK
2019-06-09 08:46:11.456 26584 INFO rally.task.runner [-] Task 4f99d2c7-44b4-44d1-a539-5f80ec87a56a | ITER: 32 END: OK
2019-06-09 08:46:11.558 26612 INFO rally.task.runner [-] Task 4f99d2c7-44b4-44d1-a539-5f80ec87a56a | ITER: 30 END: OK
2019-06-09 08:46:12.037 26622 INFO rally.task.runner [-] Task 4f99d2c7-44b4-44d1-a539-5f80ec87a56a | ITER: 35 END: OK
2019-06-09 08:46:12.069 26582 INFO rally.task.runner [-] Task 4f99d2c7-44b4-44d1-a539-5f80ec87a56a | ITER: 33 END: OK
2019-06-09 08:46:12.205 26583 INFO rally.task.runner [-] Task 4f99d2c7-44b4-44d1-a539-5f80ec87a56a | ITER: 31 END: OK
2019-06-09 08:46:12.510 26628 INFO rally.task.runner [-] Task 4f99d2c7-44b4-44d1-a539-5f80ec87a56a | ITER: 29 END: OK
2019-06-09 08:46:13.144 26583 INFO rally.task.runner [-] Task 4f99d2c7-44b4-44d1-a539-5f80ec87a56a | ITER: 39 END: OK
2019-06-09 08:46:13.297 26594 INFO rally.task.runner [-] Task 4f99d2c7-44b4-44d1-a539-5f80ec87a56a | ITER: 36 END: OK
2019-06-09 08:46:14.246 26625 INFO rally.task.runner [-] Task 4f99d2c7-44b4-44d1-a539-5f80ec87a56a | ITER: 37 END: OK
2019-06-09 08:46:14.558 26582 INFO rally.task.runner [-] Task 4f99d2c7-44b4-44d1-a539-5f80ec87a56a | ITER: 34 END: OK
2019-06-09 08:46:15.127 26609 INFO rally.task.runner [-] Task 4f99d2c7-44b4-44d1-a539-5f80ec87a56a | ITER: 38 END: OK
2019-06-09 08:46:18.643 26599 INFO rally.task.runner [-] Task 4f99d2c7-44b4-44d1-a539-5f80ec87a56a | ITER: 40 END: OK
2019-06-09 08:46:18.669 22705 INFO rally.task.context [-] Task 4f99d2c7-44b4-44d1-a539-5f80ec87a56a | Context cleanup@openstack cleanup() started
2019-06-09 08:46:18.672 22705 RALLYDEBUG rally_openstack.cleanup.manager [-] Cleaning up neutron vip objects
2019-06-09 08:46:19.318 22705 RALLYDEBUG rally_openstack.cleanup.manager [-] Cleaning up neutron health_monitor objects
2019-06-09 08:46:20.047 22705 RALLYDEBUG rally_openstack.cleanup.manager [-] Cleaning up neutron pool objects
2019-06-09 08:46:20.893 22705 RALLYDEBUG rally_openstack.cleanup.manager [-] Cleaning up neutron loadbalancer objects
2019-06-09 08:46:21.613 22705 RALLYDEBUG rally_openstack.cleanup.manager [-] Cleaning up neutron floatingip objects
2019-06-09 08:46:22.450 22705 RALLYDEBUG rally_openstack.cleanup.manager [-] Cleaning up neutron port objects
2019-06-09 08:46:24.167 22705 RALLYDEBUG rally_openstack.cleanup.manager [-] Deleting neutron.port object s_rally_574dd333_SY9CgeCe (048baa1b-dc31-485b-821a-7dec806f8652)
2019-06-09 08:46:24.168 22705 RALLYDEBUG rally_openstack.cleanup.manager [-] Deleting neutron.port object s_rally_574dd333_eNvqI1Zm (083e3b49-954a-4a3e-a10f-36aae60c3c28)
2019-06-09 08:46:24.172 22705 RALLYDEBUG rally_openstack.cleanup.manager [-] Deleting neutron.port object s_rally_574dd333_UVmsDga3 (0bcc6417-24dc-43ca-9710-a9d0daf1c144)
2019-06-09 08:46:24.188 22705 RALLYDEBUG rally_openstack.cleanup.manager [-] Deleting neutron.port object s_rally_574dd333_LuO0V9Hf (0dce1c0c-4888-461e-931a-a79f2cd0254d)
2019-06-09 08:46:24.193 22705 RALLYDEBUG rally_openstack.cleanup.manager [-] Deleting neutron.port object s_rally_574dd333_OIthTfO9 (07c4fc79-11c2-4e5c-8c12-0a9a7367d1de)
2019-06-09 08:46:24.193 22705 RALLYDEBUG rally_openstack.cleanup.manager [-] Deleting neutron.port object s_rally_574dd333_rcLdwdC8 (0c2ba1fc-7eb5-45ae-b2ae-2dc0601daae4)
2019-06-09 08:46:24.196 22705 RALLYDEBUG rally_openstack.cleanup.manager [-] Deleting neutron.port object s_rally_574dd333_H57b1ex4 (08168876-f9e9-4c1f-966c-3990027a0035)
2019-06-09 08:46:24.210 22705 RALLYDEBUG rally_openstack.cleanup.manager [-] Deleting neutron.port object s_rally_574dd333_WRibZE2a (0e558b77-0280-400b-a85b-693c514695ec)
2019-06-09 08:46:24.210 22705 RALLYDEBUG rally_openstack.cleanup.manager [-] Deleting neutron.port object s_rally_574dd333_Pdb8LfCt (06fb3cbc-fe54-4975-86c6-fbd08514ada5)
2019-06-09 08:46:24.210 22705 RALLYDEBUG rally_openstack.cleanup.manager [-] Deleting neutron.port object s_rally_574dd333_KXs7Afly (04cdacd9-1436-4093-a080-e2e925bb8cd4)
2019-06-09 08:46:24.220 22705 RALLYDEBUG rally_openstack.cleanup.manager [-] Deleting neutron.port object s_rally_574dd333_EGWU7mwc (0f55b28c-b2e2-4d82-98d7-66acc4edd2aa)
2019-06-09 08:46:24.222 22705 RALLYDEBUG rally_openstack.cleanup.manager [-] Deleting neutron.port object s_rally_574dd333_OAUXlEAl (0f396c04-2474-4f13-ac7c-0de6f0fadad7)
2019-06-09 08:46:24.230 22705 RALLYDEBUG rally_openstack.cleanup.manager [-] Deleting neutron.port object s_rally_574dd333_BHbhkHNp (10ed4617-b195-42cd-9fc1-a33530b46d23)
2019-06-09 08:46:24.243 22705 RALLYDEBUG rally_openstack.cleanup.manager [-] Deleting neutron.port object s_rally_574dd333_znVsIlhN (1102a452-5012-446e-9648-ed691dc65e7b)
2019-06-09 08:46:24.247 22705 RALLYDEBUG rally_openstack.cleanup.manager [-] Deleting neutron.port object s_rally_574dd333_4DN0l3R8 (11c2958c-d5e6-4ca9-906a-18cf7cb74a9e)
2019-06-09 08:46:24.260 22705 RALLYDEBUG rally_openstack.cleanup.manager [-] Deleting neutron.port object s_rally_574dd333_GWpCd5jj (168b996d-a910-4309-b46f-f19af5a99796)
2019-06-09 08:46:24.285 22705 RALLYDEBUG rally_openstack.cleanup.manager [-] Deleting neutron.port object s_rally_574dd333_KuKI9lx9 (18a71ed8-e42b-436a-ab9d-f8c94b4d57ae)
2019-06-09 08:46:24.295 22705 RALLYDEBUG rally_openstack.cleanup.manager [-] Deleting neutron.port object s_rally_574dd333_fNT6uE3R (18bc5832-a607-474a-8050-2131c361065a)
2019-06-09 08:46:24.336 22705 RALLYDEBUG rally_openstack.cleanup.manager [-] Deleting neutron.port object s_rally_574dd333_9RWBAZ2U (1ce48758-baf7-420f-8d2d-2a5fb17dee5c)
2019-06-09 08:46:24.341 22705 RALLYDEBUG rally_openstack.cleanup.manager [-] Deleting neutron.port object s_rally_574dd333_hgZlxv4C (1c151172-6c97-44c4-9654-c0544bbac157)
2019-06-09 08:46:26.822 22705 RALLYDEBUG rally_openstack.cleanup.manager [-] Deleting neutron.port object s_rally_574dd333_xmyy2I5t (1d0b6180-c79c-432c-8527-10d81c137d98)
2019-06-09 08:46:26.927 22705 RALLYDEBUG rally_openstack.cleanup.manager [-] Deleting neutron.port object s_rally_574dd333_1kWdT9wx (1d0c6dc2-9830-4b0c-9915-0d2b07d73527)
2019-06-09 08:46:26.948 22705 RALLYDEBUG rally_openstack.cleanup.manager [-] Deleting neutron.port object s_rally_574dd333_aWgvC4iK (1efb3e35-442e-4493-bb25-32c7432c3b7f)
2019-06-09 08:46:26.951 22705 RALLYDEBUG rally_openstack.cleanup.manager [-] Deleting neutron.port object s_rally_574dd333_ub9SdSoB (1d2459bb-6011-4f97-ac6f-6eac36556130)
2019-06-09 08:46:27.000 22705 RALLYDEBUG rally_openstack.cleanup.manager [-] Deleting neutron.port object s_rally_574dd333_zqp1arc0 (1f26f6b5-d601-4dea-b31f-160ee4b417b8)
2019-06-09 08:46:27.003 22705 RALLYDEBUG rally_openstack.cleanup.manager [-] Deleting neutron.port object s_rally_574dd333_UYeHFc6A (22760195-3f8e-4c6a-ab4d-8ebb792bd340)
2019-06-09 08:46:27.132 22705 RALLYDEBUG rally_openstack.cleanup.manager [-] Deleting neutron.port object s_rally_574dd333_N3sggTlu (22b94f29-23ff-4eea-a296-0679c09427bb)
2019-06-09 08:46:27.204 22705 RALLYDEBUG rally_openstack.cleanup.manager [-] Deleting neutron.port object s_rally_574dd333_PFhrRFmX (2451b6ac-e978-4a1d-940f-11075fffafa4)
2019-06-09 08:46:27.225 22705 RALLYDEBUG rally_openstack.cleanup.manager [-] Deleting neutron.port object s_rally_574dd333_0Im4RgRZ (26ea4185-7af4-4e04-8ae1-7855e17339b4)
2019-06-09 08:46:27.234 22705 RALLYDEBUG rally_openstack.cleanup.manager [-] Deleting neutron.port object s_rally_574dd333_CXG0WQGm (271ef6d1-3a6e-4a2b-92b3-3dbfacdfeccd)
2019-06-09 08:46:27.326 22705 RALLYDEBUG rally_openstack.cleanup.manager [-] Deleting neutron.port object s_rally_574dd333_T8evdgKP (273e8a4b-a5de-4ffd-b8e6-1af11e458eb9)
2019-06-09 08:46:27.974 22705 RALLYDEBUG rally_openstack.cleanup.manager [-] Deleting neutron.port object s_rally_574dd333_LFKoAnfr (276d05d6-d7f1-47ee-a666-03d56c146ea9)
2019-06-09 08:46:27.976 22705 RALLYDEBUG rally_openstack.cleanup.manager [-] Deleting neutron.port object s_rally_574dd333_zd3O6cfR (2772f41e-603c-458e-9220-5275d52eb27b)
2019-06-09 08:46:27.991 22705 RALLYDEBUG rally_openstack.cleanup.manager [-] Deleting neutron.port object s_rally_574dd333_70o19AgB (297bf34a-5d11-40df-9f78-6fe1a0ee1ab8)
2019-06-09 08:46:28.327 22705 RALLYDEBUG rally_openstack.cleanup.manager [-] Deleting neutron.port object s_rally_574dd333_Ozx8gNOK (2aec7e2d-1a65-41d5-962c-2dc363e26f4d)
2019-06-09 08:46:28.363 22705 RALLYDEBUG rally_openstack.cleanup.manager [-] Deleting neutron.port object s_rally_574dd333_ThF6dTa1 (2e55f4bc-ee26-4753-be02-924c1aa921a0)
2019-06-09 08:46:28.369 22705 RALLYDEBUG rally_openstack.cleanup.manager [-] Deleting neutron.port object s_rally_574dd333_28T8el4x (2ee8ff53-1d4f-44d6-9579-1cbe954c0fb1)
2019-06-09 08:46:28.545 22705 RALLYDEBUG rally_openstack.cleanup.manager [-] Deleting neutron.port object s_rally_574dd333_NvuxM3tD (2eee4197-c2ad-43ad-8515-c6632ca4d882)
2019-06-09 08:46:28.552 22705 RALLYDEBUG rally_openstack.cleanup.manager [-] Deleting neutron.port object s_rally_574dd333_6CkgTqcX (3116be84-1784-487c-826a-dab69b2abea5)
2019-06-09 08:46:28.558 22705 RALLYDEBUG rally_openstack.cleanup.manager [-] Deleting neutron.port object s_rally_574dd333_42rI6eyb (3193f17e-81af-4fc5-8d2c-365adcd35f39)
2019-06-09 08:46:29.182 22705 RALLYDEBUG rally_openstack.cleanup.manager [-] Deleting neutron.port object s_rally_574dd333_1S3dtbjy (3254fca3-b234-4ade-b16b-9f1c661c4b6d)
2019-06-09 08:46:29.220 22705 RALLYDEBUG rally_openstack.cleanup.manager [-] Deleting neutron.port object s_rally_574dd333_SlFcq9ps (3460b7e8-f1cf-49b6-87d0-c924a3a45fa4)
2019-06-09 08:46:29.476 22705 RALLYDEBUG rally_openstack.cleanup.manager [-] Deleting neutron.port object s_rally_574dd333_F1KLydUD (34c91a20-cc23-4053-a734-2d4b60907529)
2019-06-09 08:46:29.565 22705 RALLYDEBUG rally_openstack.cleanup.manager [-] Deleting neutron.port object s_rally_574dd333_muuHTVM6 (351131ca-8a0e-4950-8d7f-d1245606507d)
2019-06-09 08:46:29.590 22705 RALLYDEBUG rally_openstack.cleanup.manager [-] Deleting neutron.port object s_rally_574dd333_aaXWZT5E (35423dbc-6363-4939-aa47-3dbf51c45024)
2019-06-09 08:46:29.613 22705 RALLYDEBUG rally_openstack.cleanup.manager [-] Deleting neutron.port object s_rally_574dd333_MV0QNnrZ (360b40e6-2829-40bd-82f0-6bceb55ed0b4)
2019-06-09 08:46:29.673 22705 RALLYDEBUG rally_openstack.cleanup.manager [-] Deleting neutron.port object s_rally_574dd333_8C7205tj (37576d34-dc3b-49d4-a047-2ba8d943fdd1)
2019-06-09 08:46:29.751 22705 RALLYDEBUG rally_openstack.cleanup.manager [-] Deleting neutron.port object s_rally_574dd333_ts3GZ7UO (385af940-12bd-49cc-938c-6522066a59cc)
2019-06-09 08:46:30.298 22705 RALLYDEBUG rally_openstack.cleanup.manager [-] Deleting neutron.port object s_rally_574dd333_ZNM9rkJK (38eef16b-ae51-4228-80ea-55878e4f2618)
2019-06-09 08:46:30.453 22705 RALLYDEBUG rally_openstack.cleanup.manager [-] Deleting neutron.port object s_rally_574dd333_D79dM7QH (393e4228-c132-4d97-91a6-5865d662be63)
2019-06-09 08:46:30.463 22705 RALLYDEBUG rally_openstack.cleanup.manager [-] Deleting neutron.port object s_rally_574dd333_LZhWgCFX (39818529-0819-4437-bb87-a03e6aa9004d)
2019-06-09 08:46:30.482 22705 RALLYDEBUG rally_openstack.cleanup.manager [-] Deleting neutron.port object s_rally_574dd333_E3ru6dMx (39994c5f-21b1-4e57-abbd-41ea53e5b0f4)
2019-06-09 08:46:30.521 22705 RALLYDEBUG rally_openstack.cleanup.manager [-] Deleting neutron.port object s_rally_574dd333_OGcRM9iQ (3a1a236b-ae85-40dc-975b-541b32db105c)
2019-06-09 08:46:30.594 22705 RALLYDEBUG rally_openstack.cleanup.manager [-] Deleting neutron.port object s_rally_574dd333_snZJLlc2 (3b8a6d6a-cb12-4238-b106-9fbe6075d982)
2019-06-09 08:46:30.680 22705 RALLYDEBUG rally_openstack.cleanup.manager [-] Deleting neutron.port object s_rally_574dd333_Pad4qSXq (3c4176cc-fcac-446a-9753-781abca68098)
2019-06-09 08:46:30.702 22705 RALLYDEBUG rally_openstack.cleanup.manager [-] Deleting neutron.port object s_rally_574dd333_EoZlMChQ (3fb95140-a289-4835-9460-322fef90f88d)
2019-06-09 08:46:30.739 22705 RALLYDEBUG rally_openstack.cleanup.manager [-] Deleting neutron.port object s_rally_574dd333_LIWZYzLX (407837d4-8235-4edb-bb27-c05bbba17bae)
2019-06-09 08:46:30.782 22705 RALLYDEBUG rally_openstack.cleanup.manager [-] Deleting neutron.port object s_rally_574dd333_4zUvinGf (435c48c0-44db-4137-b4e2-a6e5727be03e)
2019-06-09 08:46:30.843 22705 RALLYDEBUG rally_openstack.cleanup.manager [-] Deleting neutron.port object s_rally_574dd333_SKR9SgdE (43ec6e43-c363-43dd-9a44-9d479cf6392c)
2019-06-09 08:46:31.126 22705 RALLYDEBUG rally_openstack.cleanup.manager [-] Deleting neutron.port object s_rally_574dd333_6jK4i5j0 (44d8b720-975e-4163-a5ad-b53746f63838)
2019-06-09 08:46:31.571 22705 RALLYDEBUG rally_openstack.cleanup.manager [-] Deleting neutron.port object s_rally_574dd333_mm6ScTNg (44ff4549-9871-483e-982a-f4e150d67e69)
2019-06-09 08:46:31.794 22705 RALLYDEBUG rally_openstack.cleanup.manager [-] Deleting neutron.port object s_rally_574dd333_OLNFypfs (456ded57-f96a-4d36-824e-8d8f4da87622)
2019-06-09 08:46:31.820 22705 RALLYDEBUG rally_openstack.cleanup.manager [-] Deleting neutron.port object s_rally_574dd333_qVMRazqY (45c8ee22-8cdd-431c-99fb-da5ad0eeefd4)
2019-06-09 08:46:31.863 22705 RALLYDEBUG rally_openstack.cleanup.manager [-] Deleting neutron.port object s_rally_574dd333_lwciPNjy (46680d25-d48f-4bb1-a6c3-933ef0fe61a6)
2019-06-09 08:46:31.918 22705 RALLYDEBUG rally_openstack.cleanup.manager [-] Deleting neutron.port object s_rally_574dd333_RA6l33s6 (49595277-e108-4fe4-a10b-3777475db2c2)
2019-06-09 08:46:31.932 22705 RALLYDEBUG rally_openstack.cleanup.manager [-] Deleting neutron.port object s_rally_574dd333_0hZPwBD8 (4a67d7d5-c16c-4723-8081-ddf537b16903)
2019-06-09 08:46:32.169 22705 RALLYDEBUG rally_openstack.cleanup.manager [-] Deleting neutron.port object s_rally_574dd333_7iKC3Tsj (4ab6dfb5-e38c-4422-8a04-8b3c1e27c390)
2019-06-09 08:46:32.189 22705 RALLYDEBUG rally_openstack.cleanup.manager [-] Deleting neutron.port object s_rally_574dd333_nAgtEhJD (4b947adf-36a3-42e3-9f00-5085f1876539)
2019-06-09 08:46:32.650 22705 RALLYDEBUG rally_openstack.cleanup.manager [-] Deleting neutron.port object s_rally_574dd333_hzMhC7HF (4d1e7a87-2a2c-4102-8e91-7e5a8c7f0a05)
