2019-06-09 08:47:40.821 26953 WARNING rally_openstack.scenarios.neutron.utils [-] Running this scenario without either the 'network' or 'existing_network' context is deprecated
2019-06-09 08:47:41.241 26963 INFO rally.task.runner [-] Task 4f99d2c7-44b4-44d1-a539-5f80ec87a56a | ITER: 11 END: OK
2019-06-09 08:47:41.245 26963 INFO rally.task.runner [-] Task 4f99d2c7-44b4-44d1-a539-5f80ec87a56a | ITER: 40 START
2019-06-09 08:47:41.246 26963 WARNING rally_openstack.scenarios.neutron.utils [-] Running this scenario without either the 'network' or 'existing_network' context is deprecated
2019-06-09 08:47:50.147 26987 INFO rally.task.runner [-] Task 4f99d2c7-44b4-44d1-a539-5f80ec87a56a | ITER: 21 END: OK
2019-06-09 08:47:50.790 26954 INFO rally.task.runner [-] Task 4f99d2c7-44b4-44d1-a539-5f80ec87a56a | ITER: 25 END: OK
2019-06-09 08:47:51.246 26981 INFO rally.task.runner [-] Task 4f99d2c7-44b4-44d1-a539-5f80ec87a56a | ITER: 23 END: OK
2019-06-09 08:47:51.567 26972 INFO rally.task.runner [-] Task 4f99d2c7-44b4-44d1-a539-5f80ec87a56a | ITER: 24 END: OK
2019-06-09 08:47:51.692 26990 INFO rally.task.runner [-] Task 4f99d2c7-44b4-44d1-a539-5f80ec87a56a | ITER: 33 END: OK
2019-06-09 08:47:51.776 26993 INFO rally.task.runner [-] Task 4f99d2c7-44b4-44d1-a539-5f80ec87a56a | ITER: 26 END: OK
2019-06-09 08:47:52.193 26951 INFO rally.task.runner [-] Task 4f99d2c7-44b4-44d1-a539-5f80ec87a56a | ITER: 34 END: OK
2019-06-09 08:47:52.714 26954 INFO rally.task.runner [-] Task 4f99d2c7-44b4-44d1-a539-5f80ec87a56a | ITER: 22 END: OK
2019-06-09 08:47:52.803 26986 INFO rally.task.runner [-] Task 4f99d2c7-44b4-44d1-a539-5f80ec87a56a | ITER: 28 END: OK
2019-06-09 08:47:52.812 26977 INFO rally.task.runner [-] Task 4f99d2c7-44b4-44d1-a539-5f80ec87a56a | ITER: 29 END: OK
2019-06-09 08:47:53.282 26952 INFO rally.task.runner [-] Task 4f99d2c7-44b4-44d1-a539-5f80ec87a56a | ITER: 27 END: OK
2019-06-09 08:47:53.424 26957 INFO rally.task.runner [-] Task 4f99d2c7-44b4-44d1-a539-5f80ec87a56a | ITER: 31 END: OK
2019-06-09 08:47:53.863 26952 INFO rally.task.runner [-] Task 4f99d2c7-44b4-44d1-a539-5f80ec87a56a | ITER: 32 END: OK
2019-06-09 08:47:54.167 26998 INFO rally.task.runner [-] Task 4f99d2c7-44b4-44d1-a539-5f80ec87a56a | ITER: 36 END: OK
2019-06-09 08:47:55.160 26951 INFO rally.task.runner [-] Task 4f99d2c7-44b4-44d1-a539-5f80ec87a56a | ITER: 35 END: OK
2019-06-09 08:47:55.189 26978 INFO rally.task.runner [-] Task 4f99d2c7-44b4-44d1-a539-5f80ec87a56a | ITER: 30 END: OK
2019-06-09 08:47:55.977 26953 INFO rally.task.runner [-] Task 4f99d2c7-44b4-44d1-a539-5f80ec87a56a | ITER: 38 END: OK
2019-06-09 08:47:56.028 26959 INFO rally.task.runner [-] Task 4f99d2c7-44b4-44d1-a539-5f80ec87a56a | ITER: 37 END: OK
2019-06-09 08:47:56.362 26953 INFO rally.task.runner [-] Task 4f99d2c7-44b4-44d1-a539-5f80ec87a56a | ITER: 39 END: OK
2019-06-09 08:47:58.172 26963 INFO rally.task.runner [-] Task 4f99d2c7-44b4-44d1-a539-5f80ec87a56a | ITER: 40 END: OK
2019-06-09 08:47:58.195 22705 INFO rally.task.context [-] Task 4f99d2c7-44b4-44d1-a539-5f80ec87a56a | Context cleanup@openstack cleanup() started
2019-06-09 08:47:58.197 22705 RALLYDEBUG rally_openstack.cleanup.manager [-] Cleaning up neutron vip objects
2019-06-09 08:47:58.941 22705 RALLYDEBUG rally_openstack.cleanup.manager [-] Cleaning up neutron health_monitor objects
2019-06-09 08:47:59.685 22705 RALLYDEBUG rally_openstack.cleanup.manager [-] Cleaning up neutron pool objects
2019-06-09 08:48:00.344 22705 RALLYDEBUG rally_openstack.cleanup.manager [-] Cleaning up neutron loadbalancer objects
2019-06-09 08:48:01.132 22705 RALLYDEBUG rally_openstack.cleanup.manager [-] Cleaning up neutron floatingip objects
2019-06-09 08:48:01.911 22705 RALLYDEBUG rally_openstack.cleanup.manager [-] Cleaning up neutron port objects
2019-06-09 08:48:02.964 22705 RALLYDEBUG rally_openstack.cleanup.manager [-] Cleaning up neutron subnet objects
2019-06-09 08:48:03.649 22705 RALLYDEBUG rally_openstack.cleanup.manager [-] Cleaning up neutron network objects
2019-06-09 08:48:04.538 22705 RALLYDEBUG rally_openstack.cleanup.manager [-] Deleting neutron.network object s_rally_883c2071_V0Xjbi8J (0a3b77ea-5018-45c5-be0c-58537518522a)
2019-06-09 08:48:04.546 22705 RALLYDEBUG rally_openstack.cleanup.manager [-] Deleting neutron.network object s_rally_883c2071_AQ8ELDut (110c9bf0-1888-488b-bac2-72b04e90670a)
2019-06-09 08:48:04.555 22705 RALLYDEBUG rally_openstack.cleanup.manager [-] Deleting neutron.network object s_rally_883c2071_tUcwTfEn (13211fa3-cb78-4cc4-a178-ebd80a01b904)
2019-06-09 08:48:04.562 22705 RALLYDEBUG rally_openstack.cleanup.manager [-] Deleting neutron.network object s_rally_883c2071_pe3tXcMG (1fc0a1b6-a222-48e6-b38b-311541966e1d)
2019-06-09 08:48:04.568 22705 RALLYDEBUG rally_openstack.cleanup.manager [-] Deleting neutron.network object s_rally_883c2071_gSiXs0fK (2253c768-b898-4fbb-a2d5-cb79df67f4c5)
2019-06-09 08:48:04.578 22705 RALLYDEBUG rally_openstack.cleanup.manager [-] Deleting neutron.network object s_rally_883c2071_OO8BlQuv (2492b957-204d-4ac4-8859-38dbfa39bdc8)
2019-06-09 08:48:04.598 22705 RALLYDEBUG rally_openstack.cleanup.manager [-] Deleting neutron.network object s_rally_883c2071_h98c2H2s (2d3f862e-b854-40aa-a920-581e2953f23b)
2019-06-09 08:48:04.602 22705 RALLYDEBUG rally_openstack.cleanup.manager [-] Deleting neutron.network object s_rally_883c2071_U8zT9DUM (3b64d7b5-0763-4e11-8a54-184d758271e0)
2019-06-09 08:48:04.612 22705 RALLYDEBUG rally_openstack.cleanup.manager [-] Deleting neutron.network object s_rally_883c2071_yUIwClYr (2b580d4b-76fc-46ed-bf7a-2a0412fc6e0d)
2019-06-09 08:48:04.624 22705 RALLYDEBUG rally_openstack.cleanup.manager [-] Deleting neutron.network object s_rally_883c2071_vbI6NZv1 (41b54748-ad19-414b-b7f7-c41e7a337f56)
2019-06-09 08:48:04.625 22705 RALLYDEBUG rally_openstack.cleanup.manager [-] Deleting neutron.network object s_rally_883c2071_DuNXPJzK (55f8406c-6691-4ccf-8ae3-b6fcdbc5facd)
2019-06-09 08:48:04.633 22705 RALLYDEBUG rally_openstack.cleanup.manager [-] Deleting neutron.network object s_rally_883c2071_ozJx534T (573e3687-017a-417f-858e-7b7c14c7ac88)
2019-06-09 08:48:04.648 22705 RALLYDEBUG rally_openstack.cleanup.manager [-] Deleting neutron.network object s_rally_883c2071_7FUbe86e (60157862-8458-447d-ae6a-941e7775e2d8)
2019-06-09 08:48:04.666 22705 RALLYDEBUG rally_openstack.cleanup.manager [-] Deleting neutron.network object s_rally_883c2071_LzbmKzHz (628a6eba-6b64-4d13-bcc2-7757947c372a)
2019-06-09 08:48:04.673 22705 RALLYDEBUG rally_openstack.cleanup.manager [-] Deleting neutron.network object s_rally_883c2071_G9yEahKx (6d603ee3-1259-4e45-a982-630777bf5f26)
2019-06-09 08:48:04.692 22705 RALLYDEBUG rally_openstack.cleanup.manager [-] Deleting neutron.network object s_rally_883c2071_9aRV9Hfi (6b8fe53d-7dc3-4935-baaf-192eccd5b9a0)
2019-06-09 08:48:04.708 22705 RALLYDEBUG rally_openstack.cleanup.manager [-] Deleting neutron.network object s_rally_883c2071_UApgzRYC (6e4a5933-0275-4809-9785-2f725135cbb6)
2019-06-09 08:48:04.723 22705 RALLYDEBUG rally_openstack.cleanup.manager [-] Deleting neutron.network object s_rally_883c2071_Ymn7dSvl (6ebc71d0-88f7-4029-914e-001979ad46f3)
2019-06-09 08:48:04.735 22705 RALLYDEBUG rally_openstack.cleanup.manager [-] Deleting neutron.network object s_rally_883c2071_dUgtAMAQ (71d663ec-ec9f-412d-8b48-0e6d5302c1c3)
2019-06-09 08:48:04.749 22705 RALLYDEBUG rally_openstack.cleanup.manager [-] Deleting neutron.network object s_rally_883c2071_VfWGo3mq (7c97a711-1571-4669-91a1-5374b8586ae5)
2019-06-09 08:48:08.025 22705 RALLYDEBUG rally_openstack.cleanup.manager [-] Deleting neutron.network object s_rally_883c2071_D0UXsvmT (821381df-b045-4dab-acb9-12d65a8c6174)
2019-06-09 08:48:08.091 22705 RALLYDEBUG rally_openstack.cleanup.manager [-] Deleting neutron.network object s_rally_883c2071_g5gOHXBR (8627717e-23c2-4c26-a00c-7a2181580b73)
2019-06-09 08:48:08.118 22705 RALLYDEBUG rally_openstack.cleanup.manager [-] Deleting neutron.network object s_rally_883c2071_5d0GIMlq (8a5fc02d-0002-4267-a9dc-d94bb6a6f708)
2019-06-09 08:48:08.182 22705 RALLYDEBUG rally_openstack.cleanup.manager [-] Deleting neutron.network object s_rally_883c2071_9ksUFXdu (8b4bf484-da10-4e7c-b60d-41c05055eb22)
2019-06-09 08:48:08.276 22705 RALLYDEBUG rally_openstack.cleanup.manager [-] Deleting neutron.network object s_rally_883c2071_MRdUh4s1 (8fe335c6-8bc1-4a5f-81b9-9bda4cf37638)
2019-06-09 08:48:08.323 22705 RALLYDEBUG rally_openstack.cleanup.manager [-] Deleting neutron.network object s_rally_883c2071_uPsOOEDM (9396144f-1fd5-414a-95ef-a5f3783da9fb)
2019-06-09 08:48:08.385 22705 RALLYDEBUG rally_openstack.cleanup.manager [-] Deleting neutron.network object s_rally_883c2071_I93byD07 (9477ebca-33b7-4f3d-8449-37aac61447f4)
2019-06-09 08:48:11.186 22705 RALLYDEBUG rally_openstack.cleanup.manager [-] Deleting neutron.network object s_rally_883c2071_BFkisHxV (977e0cfd-b10f-4921-86b9-863efaeb19a5)
2019-06-09 08:48:11.284 22705 RALLYDEBUG rally_openstack.cleanup.manager [-] Deleting neutron.network object s_rally_883c2071_O6dzkay1 (9ee161a4-c94c-4eda-b0e8-6a9eb30d0d25)
2019-06-09 08:48:11.327 22705 RALLYDEBUG rally_openstack.cleanup.manager [-] Deleting neutron.network object s_rally_883c2071_22dBZ1Ic (aaa38373-abcf-4dc5-8ec5-fae17e99f53d)
2019-06-09 08:48:11.334 22705 RALLYDEBUG rally_openstack.cleanup.manager [-] Deleting neutron.network object s_rally_883c2071_3xZMgxHU (ba4f9c1b-43c1-4212-a396-a4ffa81ddddf)
2019-06-09 08:48:11.544 22705 RALLYDEBUG rally_openstack.cleanup.manager [-] Deleting neutron.network object s_rally_883c2071_PZhuzRcL (c26fd0ec-4d30-4793-a59d-c05712f78973)
2019-06-09 08:48:11.580 22705 RALLYDEBUG rally_openstack.cleanup.manager [-] Deleting neutron.network object s_rally_883c2071_NJ42F8GN (c2c60dfc-50e8-4234-be47-e424ca1c1a78)
2019-06-09 08:48:11.619 22705 RALLYDEBUG rally_openstack.cleanup.manager [-] Deleting neutron.network object s_rally_883c2071_yk3KW3wm (d287d0f8-004d-495b-9f89-a3876262d127)
2019-06-09 08:48:11.685 22705 RALLYDEBUG rally_openstack.cleanup.manager [-] Deleting neutron.network object s_rally_883c2071_LeNzjVd0 (d47c0f19-5d6d-4f9a-92c5-6203af78f4e6)
2019-06-09 08:48:11.809 22705 RALLYDEBUG rally_openstack.cleanup.manager [-] Deleting neutron.network object s_rally_883c2071_npqMyw9M (dceaa6a2-4e3d-4417-bf0c-eda360a57f21)
2019-06-09 08:48:11.936 22705 RALLYDEBUG rally_openstack.cleanup.manager [-] Deleting neutron.network object s_rally_883c2071_L4eE7C53 (e0b360d2-c70b-4600-808e-22d5569706bb)
2019-06-09 08:48:11.956 22705 RALLYDEBUG rally_openstack.cleanup.manager [-] Deleting neutron.network object s_rally_883c2071_5vovzrrn (e2c3ee0e-10b6-4310-8315-34df81053ee0)
2019-06-09 08:48:11.989 22705 RALLYDEBUG rally_openstack.cleanup.manager [-] Deleting neutron.network object s_rally_883c2071_5YYsKHgE (f4f25e91-1e1b-4998-ad73-aace09f35a1b)
2019-06-09 08:48:12.014 22705 RALLYDEBUG rally_openstack.cleanup.manager [-] Deleting neutron.network object s_rally_883c2071_O9PWEfdt (ff751826-47d2-4cf8-b46b-d76de2ab964d)
2019-06-09 08:48:16.054 22705 RALLYDEBUG rally_openstack.cleanup.manager [-] Cleaning up neutron router objects
2019-06-09 08:48:16.847 22705 RALLYDEBUG rally_openstack.cleanup.manager [-] Cleaning up neutron security_group objects
2019-06-09 08:48:17.542 22705 INFO rally.task.context [-] Task 4f99d2c7-44b4-44d1-a539-5f80ec87a56a | Context cleanup@openstack cleanup() finished in 19.35 sec
2019-06-09 08:48:17.543 22705 INFO rally.task.context [-] Task 4f99d2c7-44b4-44d1-a539-5f80ec87a56a | Context quotas@openstack cleanup() started
2019-06-09 08:48:17.841 22705 INFO rally.task.context [-] Task 4f99d2c7-44b4-44d1-a539-5f80ec87a56a | Context quotas@openstack cleanup() finished in 0.30 sec
2019-06-09 08:48:17.841 22705 INFO rally.task.context [-] Task 4f99d2c7-44b4-44d1-a539-5f80ec87a56a | Context users@openstack cleanup() started
2019-06-09 08:48:23.009 22705 INFO rally.task.context [-] Task 4f99d2c7-44b4-44d1-a539-5f80ec87a56a | Context users@openstack cleanup() finished in 5.17 sec
2019-06-09 08:48:24.322 22705 INFO rally.task.engine [-] Load duration is: 40.496528
2019-06-09 08:48:24.323 22705 INFO rally.task.engine [-] Full runner duration is: 40.544935
2019-06-09 08:48:24.323 22705 INFO rally.task.engine [-] Full duration is: 70.943858
2019-06-09 08:48:24.646 22705 INFO rally.task.engine [-] Running workload: position = 0 config = { "version": 2, "title": "A cropped version of a bigger task.", "description": "Auto-generated task from a single workload (uuid=2e3c79f1-2fd4-48c5-9e5a-88e26ada76f1)", "subtasks": [ { "title": "Quotas.neutron_update", "description": "Update quotas for neutron.", "scenario": { "Quotas.neutron_update": { "max_quota": 1024 } }, "contexts": { "users": { "tenants": 20, "users_per_tenant": 1 } }, "runner": { "constant": { "times": 40, "concurrency": 20 } }, "hooks": [], "sla": { "failure_rate": { "max": 0 } } } ] }
2019-06-09 08:48:24.668 22705 RALLYDEBUG rally_openstack.contexts.keystone.users [-] Creating 20 tenants using 20 threads
2019-06-09 08:48:27.329 22705 RALLYDEBUG rally_openstack.contexts.keystone.users [-] Creating 20 users using 20 threads
2019-06-09 08:48:31.028 22705 INFO rally.task.context [-] Task 4f99d2c7-44b4-44d1-a539-5f80ec87a56a | Context users@openstack setup() finished in 6.36 sec
2019-06-09 08:48:31.028 22705 INFO rally.task.context [-] Task 4f99d2c7-44b4-44d1-a539-5f80ec87a56a | Context admin_cleanup@openstack setup() finished in 0.01 msec
2019-06-09 08:48:31.035 22705 RALLYDEBUG rally.task.runner [-] Starting the constant runner (task UUID: 4f99d2c7-44b4-44d1-a539-5f80ec87a56a). timeout: 0 concurrency: 20 concurrency_per_worker: 1 times: 40 concurrency_overhead: 4 processes_to_start: 16 max_cpu_used: 16
2019-06-09 08:48:31.048 27321 RALLYDEBUG rally.task.runner [-] Starting a worker. concurrency: 2 args: {"max_quota": 1024} times: 40 method_name: run timeout: 0 duration: None cls:
2019-06-09 08:48:31.051 27323 RALLYDEBUG rally.task.runner [-] Starting a worker. concurrency: 2 args: {"max_quota": 1024} times: 40 method_name: run timeout: 0 duration: None cls:
2019-06-09 08:48:31.051 27322 RALLYDEBUG rally.task.runner [-] Starting a worker. concurrency: 2 args: {"max_quota": 1024} times: 40 method_name: run timeout: 0 duration: None cls:
2019-06-09 08:48:31.057 27323 INFO rally.task.runner [-] Task 4f99d2c7-44b4-44d1-a539-5f80ec87a56a | ITER: 2 START
2019-06-09 08:48:31.058 27324 RALLYDEBUG rally.task.runner [-] Starting a worker. concurrency: 2 args: {"max_quota": 1024} times: 40 method_name: run timeout: 0 duration: None cls:
2019-06-09 08:48:31.060 27321 INFO rally.task.runner [-] Task 4f99d2c7-44b4-44d1-a539-5f80ec87a56a | ITER: 1 START
2019-06-09 08:48:31.061 27328 RALLYDEBUG rally.task.runner [-] Starting a worker. concurrency: 1 args: {"max_quota": 1024} times: 40 method_name: run timeout: 0 duration: None cls:
2019-06-09 08:48:31.062 27325 RALLYDEBUG rally.task.runner [-] Starting a worker. concurrency: 1 args: {"max_quota": 1024} times: 40 method_name: run timeout: 0 duration: None cls:
2019-06-09 08:48:31.065 27328 INFO rally.task.runner [-] Task 4f99d2c7-44b4-44d1-a539-5f80ec87a56a | ITER: 8 START
2019-06-09 08:48:31.067 27322 INFO rally.task.runner [-] Task 4f99d2c7-44b4-44d1-a539-5f80ec87a56a | ITER: 3 START
2019-06-09 08:48:31.069 27332 RALLYDEBUG rally.task.runner [-] Starting a worker. concurrency: 1 args: {"max_quota": 1024} times: 40 method_name: run timeout: 0 duration: None cls:
2019-06-09 08:48:31.074 27325 INFO rally.task.runner [-] Task 4f99d2c7-44b4-44d1-a539-5f80ec87a56a | ITER: 9 START
2019-06-09 08:48:31.074 27334 RALLYDEBUG rally.task.runner [-] Starting a worker. concurrency: 1 args: {"max_quota": 1024} times: 40 method_name: run timeout: 0 duration: None cls:
2019-06-09 08:48:31.076 27338 RALLYDEBUG rally.task.runner [-] Starting a worker. concurrency: 1 args: {"max_quota": 1024} times: 40 method_name: run timeout: 0 duration: None cls:
2019-06-09 08:48:31.076 27323 INFO rally.task.runner [-] Task 4f99d2c7-44b4-44d1-a539-5f80ec87a56a | ITER: 5 START
2019-06-09 08:48:31.078 27321 INFO rally.task.runner [-] Task 4f99d2c7-44b4-44d1-a539-5f80ec87a56a | ITER: 4 START
2019-06-09 08:48:31.080 27322 INFO rally.task.runner [-] Task 4f99d2c7-44b4-44d1-a539-5f80ec87a56a | ITER: 6 START
2019-06-09 08:48:31.075 27324 INFO rally.task.runner [-] Task 4f99d2c7-44b4-44d1-a539-5f80ec87a56a | ITER: 7 START
2019-06-09 08:48:31.082 27332 INFO rally.task.runner [-] Task 4f99d2c7-44b4-44d1-a539-5f80ec87a56a | ITER: 11 START
2019-06-09 08:48:31.084 27334 INFO rally.task.runner [-] Task 4f99d2c7-44b4-44d1-a539-5f80ec87a56a | ITER: 12 START
2019-06-09 08:48:31.077 27324 INFO rally.task.runner [-] Task 4f99d2c7-44b4-44d1-a539-5f80ec87a56a | ITER: 10 START
2019-06-09 08:48:31.084 27338 INFO rally.task.runner [-] Task 4f99d2c7-44b4-44d1-a539-5f80ec87a56a | ITER: 13 START
2019-06-09 08:48:31.087 27345 RALLYDEBUG rally.task.runner [-] Starting a worker. concurrency: 1 args: {"max_quota": 1024} times: 40 method_name: run timeout: 0 duration: None cls:
2019-06-09 08:48:31.093 27352 RALLYDEBUG rally.task.runner [-] Starting a worker. concurrency: 1 args: {"max_quota": 1024} times: 40 method_name: run timeout: 0 duration: None cls:
2019-06-09 08:48:31.097 27345 INFO rally.task.runner [-] Task 4f99d2c7-44b4-44d1-a539-5f80ec87a56a | ITER: 14 START
2019-06-09 08:48:31.096 27354 RALLYDEBUG rally.task.runner [-] Starting a worker. concurrency: 1 args: {"max_quota": 1024} times: 40 method_name: run timeout: 0 duration: None cls:
2019-06-09 08:48:31.101 27355 RALLYDEBUG rally.task.runner [-] Starting a worker. concurrency: 1 args: {"max_quota": 1024} times: 40 method_name: run timeout: 0 duration: None cls:
2019-06-09 08:48:31.105 27352 INFO rally.task.runner [-] Task 4f99d2c7-44b4-44d1-a539-5f80ec87a56a | ITER: 15 START
2019-06-09 08:48:31.106 27358 RALLYDEBUG rally.task.runner [-] Starting a worker. concurrency: 1 args: {"max_quota": 1024} times: 40 method_name: run timeout: 0 duration: None cls:
2019-06-09 08:48:31.111 27354 INFO rally.task.runner [-] Task 4f99d2c7-44b4-44d1-a539-5f80ec87a56a | ITER: 16 START
2019-06-09 08:48:31.111 27361 RALLYDEBUG rally.task.runner [-] Starting a worker. concurrency: 1 args: {"max_quota": 1024} times: 40 method_name: run timeout: 0 duration: None cls:
2019-06-09 08:48:31.113 27355 INFO rally.task.runner [-] Task 4f99d2c7-44b4-44d1-a539-5f80ec87a56a | ITER: 17 START
2019-06-09 08:48:31.118 27358 INFO rally.task.runner [-] Task 4f99d2c7-44b4-44d1-a539-5f80ec87a56a | ITER: 18 START
2019-06-09 08:48:31.118 27361 INFO rally.task.runner [-] Task 4f99d2c7-44b4-44d1-a539-5f80ec87a56a | ITER: 19 START
2019-06-09 08:48:31.119 27365 RALLYDEBUG rally.task.runner [-] Starting a worker. concurrency: 1 args: {"max_quota": 1024} times: 40 method_name: run timeout: 0 duration: None cls:
2019-06-09 08:48:31.126 27365 INFO rally.task.runner [-] Task 4f99d2c7-44b4-44d1-a539-5f80ec87a56a | ITER: 20 START
2019-06-09 08:48:33.262 27323 INFO rally.task.runner [-] Task 4f99d2c7-44b4-44d1-a539-5f80ec87a56a | ITER: 5 END: OK
2019-06-09 08:48:33.269 27323 INFO rally.task.runner [-] Task 4f99d2c7-44b4-44d1-a539-5f80ec87a56a | ITER: 21 START
2019-06-09 08:48:33.457 27354 INFO rally.task.runner [-] Task 4f99d2c7-44b4-44d1-a539-5f80ec87a56a | ITER: 16 END: OK
2019-06-09 08:48:33.463 27354 INFO rally.task.runner [-] Task 4f99d2c7-44b4-44d1-a539-5f80ec87a56a | ITER: 22 START
2019-06-09 08:48:33.722 27328 INFO rally.task.runner [-] Task 4f99d2c7-44b4-44d1-a539-5f80ec87a56a | ITER: 8 END: OK
2019-06-09 08:48:33.728 27328 INFO rally.task.runner [-] Task 4f99d2c7-44b4-44d1-a539-5f80ec87a56a | ITER: 23 START
2019-06-09 08:48:33.777 27322 INFO rally.task.runner [-] Task 4f99d2c7-44b4-44d1-a539-5f80ec87a56a | ITER: 6 END: OK
2019-06-09 08:48:33.784 27322 INFO rally.task.runner [-] Task 4f99d2c7-44b4-44d1-a539-5f80ec87a56a | ITER: 24 START
2019-06-09 08:48:33.787 27365 INFO rally.task.runner [-] Task 4f99d2c7-44b4-44d1-a539-5f80ec87a56a | ITER: 20 END: OK
2019-06-09 08:48:33.794 27365 INFO rally.task.runner [-] Task 4f99d2c7-44b4-44d1-a539-5f80ec87a56a | ITER: 25 START
2019-06-09 08:48:33.838 27355 INFO rally.task.runner [-] Task 4f99d2c7-44b4-44d1-a539-5f80ec87a56a | ITER: 17 END: OK
2019-06-09 08:48:33.846 27355 INFO rally.task.runner [-] Task 4f99d2c7-44b4-44d1-a539-5f80ec87a56a | ITER: 26 START
2019-06-09 08:48:33.864 27345 INFO rally.task.runner [-] Task 4f99d2c7-44b4-44d1-a539-5f80ec87a56a | ITER: 14 END: OK
2019-06-09 08:48:33.869 27345 INFO rally.task.runner [-] Task 4f99d2c7-44b4-44d1-a539-5f80ec87a56a | ITER: 27 START
2019-06-09 08:48:33.900 27324 INFO rally.task.runner [-] Task 4f99d2c7-44b4-44d1-a539-5f80ec87a56a | ITER: 10 END: OK
2019-06-09 08:48:33.907 27324 INFO rally.task.runner [-] Task 4f99d2c7-44b4-44d1-a539-5f80ec87a56a | ITER: 28 START
2019-06-09 08:48:33.913 27332 INFO rally.task.runner [-] Task 4f99d2c7-44b4-44d1-a539-5f80ec87a56a | ITER: 11 END: OK
2019-06-09 08:48:33.919 27332 INFO rally.task.runner [-] Task 4f99d2c7-44b4-44d1-a539-5f80ec87a56a | ITER: 29 START
2019-06-09 08:48:33.928 27338 INFO rally.task.runner [-] Task 4f99d2c7-44b4-44d1-a539-5f80ec87a56a | ITER: 13 END: OK
2019-06-09 08:48:33.933 27358 INFO rally.task.runner [-] Task 4f99d2c7-44b4-44d1-a539-5f80ec87a56a | ITER: 18 END: OK
2019-06-09 08:48:33.934 27338 INFO rally.task.runner [-] Task 4f99d2c7-44b4-44d1-a539-5f80ec87a56a | ITER: 30 START
2019-06-09 08:48:33.939 27358 INFO rally.task.runner [-] Task 4f99d2c7-44b4-44d1-a539-5f80ec87a56a | ITER: 31 START
2019-06-09 08:48:34.001 27334 INFO rally.task.runner [-] Task 4f99d2c7-44b4-44d1-a539-5f80ec87a56a | ITER: 12 END: OK
2019-06-09 08:48:34.007 27334 INFO rally.task.runner [-] Task 4f99d2c7-44b4-44d1-a539-5f80ec87a56a | ITER: 32 START
2019-06-09 08:48:34.014 27322 INFO rally.task.runner [-] Task 4f99d2c7-44b4-44d1-a539-5f80ec87a56a | ITER: 3 END: OK
2019-06-09 08:48:34.020 27322 INFO rally.task.runner [-] Task 4f99d2c7-44b4-44d1-a539-5f80ec87a56a | ITER: 33 START
2019-06-09 08:48:34.028 27361 INFO rally.task.runner [-] Task 4f99d2c7-44b4-44d1-a539-5f80ec87a56a | ITER: 19 END: OK
2019-06-09 08:48:34.034 27361 INFO rally.task.runner [-] Task 4f99d2c7-44b4-44d1-a539-5f80ec87a56a | ITER: 34 START
2019-06-09 08:48:34.045 27323 INFO rally.task.runner [-] Task 4f99d2c7-44b4-44d1-a539-5f80ec87a56a | ITER: 2 END: OK
2019-06-09 08:48:34.050 27323 INFO rally.task.runner [-] Task 4f99d2c7-44b4-44d1-a539-5f80ec87a56a | ITER: 35 START
2019-06-09 08:48:34.059 27321 INFO rally.task.runner [-] Task 4f99d2c7-44b4-44d1-a539-5f80ec87a56a | ITER: 4 END: OK
2019-06-09 08:48:34.059 27352 INFO rally.task.runner [-] Task 4f99d2c7-44b4-44d1-a539-5f80ec87a56a | ITER: 15 END: OK
2019-06-09 08:48:34.064 27321 INFO rally.task.runner [-] Task 4f99d2c7-44b4-44d1-a539-5f80ec87a56a | ITER: 36 START
2019-06-09 08:48:34.064 27352 INFO rally.task.runner [-] Task 4f99d2c7-44b4-44d1-a539-5f80ec87a56a | ITER: 37 START
2019-06-09 08:48:34.072 27324 INFO rally.task.runner [-] Task 4f99d2c7-44b4-44d1-a539-5f80ec87a56a | ITER: 7 END: OK
2019-06-09 08:48:34.076 27324 INFO rally.task.runner [-] Task 4f99d2c7-44b4-44d1-a539-5f80ec87a56a | ITER: 38 START
2019-06-09 08:48:34.082 27321 INFO rally.task.runner [-] Task 4f99d2c7-44b4-44d1-a539-5f80ec87a56a | ITER: 1 END: OK
2019-06-09 08:48:34.088 27321 INFO rally.task.runner [-] Task 4f99d2c7-44b4-44d1-a539-5f80ec87a56a | ITER: 39 START
2019-06-09 08:48:34.099 27325 INFO rally.task.runner [-] Task 4f99d2c7-44b4-44d1-a539-5f80ec87a56a | ITER: 9 END: OK
2019-06-09 08:48:34.105 27325 INFO rally.task.runner [-] Task 4f99d2c7-44b4-44d1-a539-5f80ec87a56a | ITER: 40 START
2019-06-09 08:48:34.276 27323 INFO rally.task.runner [-] Task 4f99d2c7-44b4-44d1-a539-5f80ec87a56a | ITER: 21 END: OK
2019-06-09 08:48:34.509 27354 INFO rally.task.runner [-] Task 4f99d2c7-44b4-44d1-a539-5f80ec87a56a | ITER: 22 END: OK
2019-06-09 08:48:35.445 27332 INFO rally.task.runner [-] Task 4f99d2c7-44b4-44d1-a539-5f80ec87a56a | ITER: 29 END: OK
2019-06-09 08:48:35.692 27328 INFO rally.task.runner [-] Task 4f99d2c7-44b4-44d1-a539-5f80ec87a56a | ITER: 23 END: OK
2019-06-09 08:48:35.715 27324 INFO rally.task.runner [-] Task 4f99d2c7-44b4-44d1-a539-5f80ec87a56a | ITER: 28 END: OK
2019-06-09 08:48:35.729 27322 INFO rally.task.runner [-] Task 4f99d2c7-44b4-44d1-a539-5f80ec87a56a | ITER: 24 END: OK
2019-06-09 08:48:35.878 27338 INFO rally.task.runner [-] Task 4f99d2c7-44b4-44d1-a539-5f80ec87a56a | ITER: 30 END: OK
2019-06-09 08:48:35.903 27355 INFO rally.task.runner [-] Task 4f99d2c7-44b4-44d1-a539-5f80ec87a56a | ITER: 26 END: OK
2019-06-09 08:48:36.009 27358 INFO rally.task.runner [-] Task 4f99d2c7-44b4-44d1-a539-5f80ec87a56a | ITER: 31 END: OK
2019-06-09 08:48:36.058 27365 INFO rally.task.runner [-] Task 4f99d2c7-44b4-44d1-a539-5f80ec87a56a | ITER: 25 END: OK
2019-06-09 08:48:36.082 27345 INFO rally.task.runner [-] Task 4f99d2c7-44b4-44d1-a539-5f80ec87a56a | ITER: 27 END: OK
2019-06-09 08:48:36.128 27361 INFO rally.task.runner [-] Task 4f99d2c7-44b4-44d1-a539-5f80ec87a56a | ITER: 34 END: OK
2019-06-09 08:48:36.165 27324 INFO rally.task.runner [-] Task 4f99d2c7-44b4-44d1-a539-5f80ec87a56a | ITER: 38 END: OK
2019-06-09 08:48:36.201 27322 INFO rally.task.runner [-] Task 4f99d2c7-44b4-44d1-a539-5f80ec87a56a | ITER: 33 END: OK
2019-06-09 08:48:36.213 27323 INFO rally.task.runner [-] Task 4f99d2c7-44b4-44d1-a539-5f80ec87a56a | ITER: 35 END: OK
2019-06-09 08:48:36.225 27321 INFO rally.task.runner [-] Task 4f99d2c7-44b4-44d1-a539-5f80ec87a56a | ITER: 36 END: OK
2019-06-09 08:48:36.230 27321 INFO rally.task.runner [-] Task 4f99d2c7-44b4-44d1-a539-5f80ec87a56a | ITER: 39 END: OK
2019-06-09 08:48:36.237 27352 INFO rally.task.runner [-] Task 4f99d2c7-44b4-44d1-a539-5f80ec87a56a | ITER: 37 END: OK
2019-06-09 08:48:36.242 27325 INFO rally.task.runner [-] Task 4f99d2c7-44b4-44d1-a539-5f80ec87a56a | ITER: 40 END: OK
2019-06-09 08:48:36.247 27334 INFO rally.task.runner [-] Task 4f99d2c7-44b4-44d1-a539-5f80ec87a56a | ITER: 32 END: OK
2019-06-09 08:48:36.276 22705 INFO rally.task.context [-] Task 4f99d2c7-44b4-44d1-a539-5f80ec87a56a | Context admin_cleanup@openstack cleanup() started
2019-06-09 08:48:36.278 22705 RALLYDEBUG rally_openstack.cleanup.manager [-] Cleaning up neutron quota objects
2019-06-09 08:48:40.774 22705 INFO rally.task.context [-] Task 4f99d2c7-44b4-44d1-a539-5f80ec87a56a | Context admin_cleanup@openstack cleanup() finished in 4.50 sec
2019-06-09 08:48:40.775 22705 INFO rally.task.context [-] Task 4f99d2c7-44b4-44d1-a539-5f80ec87a56a | Context users@openstack cleanup() started
2019-06-09 08:49:13.355 22705 INFO rally.task.context [-] Task 4f99d2c7-44b4-44d1-a539-5f80ec87a56a | Context users@openstack cleanup() finished in 32.58 sec
2019-06-09 08:49:14.941 22705 INFO rally.task.engine [-] Load duration is: 5.185162
2019-06-09 08:49:14.942 22705 INFO rally.task.engine [-] Full runner duration is: 5.240617
2019-06-09 08:49:14.942 22705 INFO rally.task.engine [-] Full duration is: 48.689313
2019-06-09 08:49:15.178 22705 INFO rally.task.engine [-] Running workload: position = 0 config = { "version": 2, "title": "A cropped version of a bigger task.", "description": "Auto-generated task from a single workload (uuid=6222d574-020d-4cad-bab2-88c70f7cd7af)", "subtasks": [ { "title": "NeutronTrunks.create_and_list_trunk_subports", "description": "", "scenario": { "NeutronTrunks.create_and_list_trunk_subports": { "subport_count": 125 } }, "contexts": { "users": { "tenants": 1, "users_per_tenant": 1 }, "quotas": { "neutron": { "network": -1, "port": 1000 } } }, "runner": { "constant": { "times": 4, "concurrency": 4 } }, "hooks": [], "sla": { "failure_rate": { "max": 0 } } } ] }
2019-06-09 08:49:15.194 22705 RALLYDEBUG rally_openstack.contexts.keystone.users [-] Creating 1 tenants using 20 threads
2019-06-09 08:49:16.964 22705 RALLYDEBUG rally_openstack.contexts.keystone.users [-] Creating 1 users using 20 threads
2019-06-09 08:49:19.584 22705 INFO rally.task.context [-] Task 4f99d2c7-44b4-44d1-a539-5f80ec87a56a | Context users@openstack setup() finished in 4.39 sec
2019-06-09 08:49:20.410 22705 INFO rally.task.context [-] Task 4f99d2c7-44b4-44d1-a539-5f80ec87a56a | Context quotas@openstack setup() finished in 0.83 sec
2019-06-09 08:49:20.410 22705 INFO rally.task.context [-] Task 4f99d2c7-44b4-44d1-a539-5f80ec87a56a | Context cleanup@openstack setup() finished in 0.01 msec
2019-06-09 08:49:20.418 22705 RALLYDEBUG rally.task.runner [-] Starting the constant runner (task UUID: 4f99d2c7-44b4-44d1-a539-5f80ec87a56a). timeout: 0 concurrency: 4 concurrency_per_worker: 1 times: 4 concurrency_overhead: 0 processes_to_start: 4 max_cpu_used: 16
2019-06-09 08:49:20.432 27511 RALLYDEBUG rally.task.runner [-] Starting a worker. concurrency: 1 args: {"subport_count": 125} times: 4 method_name: run timeout: 0 duration: None cls:
2019-06-09 08:49:20.435 27512 RALLYDEBUG rally.task.runner [-] Starting a worker. concurrency: 1 args: {"subport_count": 125} times: 4 method_name: run timeout: 0 duration: None cls:
2019-06-09 08:49:20.438 27511 INFO rally.task.runner [-] Task 4f99d2c7-44b4-44d1-a539-5f80ec87a56a | ITER: 1 START
2019-06-09 08:49:20.437 27513 RALLYDEBUG rally.task.runner [-] Starting a worker. concurrency: 1 args: {"subport_count": 125} times: 4 method_name: run timeout: 0 duration: None cls:
2019-06-09 08:49:20.440 27514 RALLYDEBUG rally.task.runner [-] Starting a worker. concurrency: 1 args: {"subport_count": 125} times: 4 method_name: run timeout: 0 duration: None cls:
2019-06-09 08:49:20.441 27512 INFO rally.task.runner [-] Task 4f99d2c7-44b4-44d1-a539-5f80ec87a56a | ITER: 2 START
2019-06-09 08:49:20.442 27513 INFO rally.task.runner [-] Task 4f99d2c7-44b4-44d1-a539-5f80ec87a56a | ITER: 3 START
2019-06-09 08:49:20.444 27514 INFO rally.task.runner [-] Task 4f99d2c7-44b4-44d1-a539-5f80ec87a56a | ITER: 4 START
2019-06-09 08:54:05.090 27514 DEBUG neutronclient.v2_0.client [-] Error message:

504 Gateway Time-out

The server didn't respond in time. _handle_fault_response /usr/lib/python2.7/site-packages/neutronclient/v2_0/client.py:259
2019-06-09 08:54:05.100 27514 ERROR rally.task.runner [-] Iteration 4 raised Exception: NeutronClientException:

504 Gateway Time-out

The server didn't respond in time.
2019-06-09 08:54:05.100 27514 ERROR rally.task.runner
Traceback (most recent call last):
2019-06-09 08:54:05.100 27514 ERROR rally.task.runner
File "/usr/lib/python2.7/site-packages/rally/task/runner.py", line 71, in _run_scenario_once
2019-06-09 08:54:05.100 27514 ERROR rally.task.runner getattr(scenario_inst, method_name)(**scenario_kwargs)
2019-06-09 08:54:05.100 27514 ERROR rally.task.runner
File "/root/.rally/plugins/trunk_scenario.py", line 41, in run
2019-06-09 08:54:05.100 27514 ERROR rally.task.runner trunk = self._create_trunk(trunk_payload)
2019-06-09 08:54:05.100 27514 ERROR rally.task.runner
File "/usr/lib/python2.7/site-packages/rally/task/atomic.py", line 91, in func_atomic_actions
2019-06-09 08:54:05.100 27514 ERROR rally.task.runner f = func(self, *args, **kwargs)
2019-06-09 08:54:05.100 27514 ERROR rally.task.runner
File "/root/.rally/plugins/trunk_scenario.py", line 53, in _create_trunk
2019-06-09 08:54:05.100 27514 ERROR rally.task.runner return self.clients("neutron").create_trunk({'trunk': trunk_payload})
2019-06-09 08:54:05.100 27514 ERROR rally.task.runner
File "/usr/lib/python2.7/site-packages/neutronclient/v2_0/client.py", line 2091, in create_trunk
2019-06-09 08:54:05.100 27514 ERROR rally.task.runner return self.post(self.trunks_path, body=body)
2019-06-09 08:54:05.100 27514 ERROR rally.task.runner
File "/usr/lib/python2.7/site-packages/neutronclient/v2_0/client.py", line 359, in post
2019-06-09 08:54:05.100 27514 ERROR rally.task.runner headers=headers, params=params)
2019-06-09 08:54:05.100 27514 ERROR rally.task.runner
File "/usr/lib/python2.7/site-packages/neutronclient/v2_0/client.py", line 294, in do_request
2019-06-09 08:54:05.100 27514 ERROR rally.task.runner self._handle_fault_response(status_code, replybody, resp)
2019-06-09 08:54:05.100 27514 ERROR rally.task.runner
File "/usr/lib/python2.7/site-packages/neutronclient/v2_0/client.py", line 269, in _handle_fault_response
2019-06-09 08:54:05.100 27514 ERROR rally.task.runner exception_handler_v20(status_code, error_body)
2019-06-09 08:54:05.100 27514 ERROR rally.task.runner
File "/usr/lib/python2.7/site-packages/neutronclient/v2_0/client.py", line 93, in exception_handler_v20
2019-06-09 08:54:05.100 27514 ERROR rally.task.runner request_ids=request_ids)
2019-06-09 08:54:05.100 27514 ERROR rally.task.runner NeutronClientException:

504 Gateway Time-out

2019-06-09 08:54:05.100 27514 ERROR rally.task.runner The server didn't respond in time.
2019-06-09 08:54:05.100 27514 ERROR rally.task.runner
2019-06-09 08:54:05.100 27514 ERROR rally.task.runner
2019-06-09 08:54:05.100 27514 ERROR rally.task.runner
2019-06-09 08:54:05.101 27514 INFO rally.task.runner [-] Task 4f99d2c7-44b4-44d1-a539-5f80ec87a56a | ITER: 4 END: Error NeutronClientException:

504 Gateway Time-out

The server didn't respond in time.
2019-06-09 08:54:10.318 27512 DEBUG neutronclient.v2_0.client [-] Error message:

504 Gateway Time-out

The server didn't respond in time. _handle_fault_response /usr/lib/python2.7/site-packages/neutronclient/v2_0/client.py:259
2019-06-09 08:54:10.325 27512 ERROR rally.task.runner [-] Iteration 2 raised Exception: NeutronClientException:

504 Gateway Time-out

The server didn't respond in time.
2019-06-09 08:54:10.325 27512 ERROR rally.task.runner
Traceback (most recent call last):
2019-06-09 08:54:10.325 27512 ERROR rally.task.runner
File "/usr/lib/python2.7/site-packages/rally/task/runner.py", line 71, in _run_scenario_once
2019-06-09 08:54:10.325 27512 ERROR rally.task.runner getattr(scenario_inst, method_name)(**scenario_kwargs)
2019-06-09 08:54:10.325 27512 ERROR rally.task.runner
File "/root/.rally/plugins/trunk_scenario.py", line 41, in run
2019-06-09 08:54:10.325 27512 ERROR rally.task.runner trunk = self._create_trunk(trunk_payload)
2019-06-09 08:54:10.325 27512 ERROR rally.task.runner
File "/usr/lib/python2.7/site-packages/rally/task/atomic.py", line 91, in func_atomic_actions
2019-06-09 08:54:10.325 27512 ERROR rally.task.runner f = func(self, *args, **kwargs)
2019-06-09 08:54:10.325 27512 ERROR rally.task.runner
File "/root/.rally/plugins/trunk_scenario.py", line 53, in _create_trunk
2019-06-09 08:54:10.325 27512 ERROR rally.task.runner return self.clients("neutron").create_trunk({'trunk': trunk_payload})
2019-06-09 08:54:10.325 27512 ERROR rally.task.runner
File "/usr/lib/python2.7/site-packages/neutronclient/v2_0/client.py", line 2091, in create_trunk
2019-06-09 08:54:10.325 27512 ERROR rally.task.runner return self.post(self.trunks_path, body=body)
2019-06-09 08:54:10.325 27512 ERROR rally.task.runner
File "/usr/lib/python2.7/site-packages/neutronclient/v2_0/client.py", line 359, in post
2019-06-09 08:54:10.325 27512 ERROR rally.task.runner headers=headers, params=params)
2019-06-09 08:54:10.325 27512 ERROR rally.task.runner
File "/usr/lib/python2.7/site-packages/neutronclient/v2_0/client.py", line 294, in do_request
2019-06-09 08:54:10.325 27512 ERROR rally.task.runner self._handle_fault_response(status_code, replybody, resp)
2019-06-09 08:54:10.325 27512 ERROR rally.task.runner
File "/usr/lib/python2.7/site-packages/neutronclient/v2_0/client.py", line 269, in _handle_fault_response
2019-06-09 08:54:10.325 27512 ERROR rally.task.runner exception_handler_v20(status_code, error_body)
2019-06-09 08:54:10.325 27512 ERROR rally.task.runner
File "/usr/lib/python2.7/site-packages/neutronclient/v2_0/client.py", line 93, in exception_handler_v20
2019-06-09 08:54:10.325 27512 ERROR rally.task.runner request_ids=request_ids)
2019-06-09 08:54:10.325 27512 ERROR rally.task.runner NeutronClientException:

504 Gateway Time-out

2019-06-09 08:54:10.325 27512 ERROR rally.task.runner The server didn't respond in time.
2019-06-09 08:54:10.325 27512 ERROR rally.task.runner
2019-06-09 08:54:10.325 27512 ERROR rally.task.runner
2019-06-09 08:54:10.325 27512 ERROR rally.task.runner
2019-06-09 08:54:10.327 27512 INFO rally.task.runner [-] Task 4f99d2c7-44b4-44d1-a539-5f80ec87a56a | ITER: 2 END: Error NeutronClientException:

504 Gateway Time-out

The server didn't respond in time.
2019-06-09 08:54:10.864 27511 DEBUG neutronclient.v2_0.client [-] Error message:

504 Gateway Time-out

The server didn't respond in time. _handle_fault_response /usr/lib/python2.7/site-packages/neutronclient/v2_0/client.py:259
2019-06-09 08:54:10.872 27511 ERROR rally.task.runner [-] Iteration 1 raised Exception: NeutronClientException:

504 Gateway Time-out

The server didn't respond in time.
2019-06-09 08:54:10.872 27511 ERROR rally.task.runner
Traceback (most recent call last):
2019-06-09 08:54:10.872 27511 ERROR rally.task.runner
File "/usr/lib/python2.7/site-packages/rally/task/runner.py", line 71, in _run_scenario_once
2019-06-09 08:54:10.872 27511 ERROR rally.task.runner getattr(scenario_inst, method_name)(**scenario_kwargs)
2019-06-09 08:54:10.872 27511 ERROR rally.task.runner
File "/root/.rally/plugins/trunk_scenario.py", line 41, in run
2019-06-09 08:54:10.872 27511 ERROR rally.task.runner trunk = self._create_trunk(trunk_payload)
2019-06-09 08:54:10.872 27511 ERROR rally.task.runner
File "/usr/lib/python2.7/site-packages/rally/task/atomic.py", line 91, in func_atomic_actions
2019-06-09 08:54:10.872 27511 ERROR rally.task.runner f = func(self, *args, **kwargs)
2019-06-09 08:54:10.872 27511 ERROR rally.task.runner
File "/root/.rally/plugins/trunk_scenario.py", line 53, in _create_trunk
2019-06-09 08:54:10.872 27511 ERROR rally.task.runner return self.clients("neutron").create_trunk({'trunk': trunk_payload})
2019-06-09 08:54:10.872 27511 ERROR rally.task.runner
File "/usr/lib/python2.7/site-packages/neutronclient/v2_0/client.py", line 2091, in create_trunk
2019-06-09 08:54:10.872 27511 ERROR rally.task.runner return self.post(self.trunks_path, body=body)
2019-06-09 08:54:10.872 27511 ERROR rally.task.runner
File "/usr/lib/python2.7/site-packages/neutronclient/v2_0/client.py", line 359, in post
2019-06-09 08:54:10.872 27511 ERROR rally.task.runner headers=headers, params=params)
2019-06-09 08:54:10.872 27511 ERROR rally.task.runner
File "/usr/lib/python2.7/site-packages/neutronclient/v2_0/client.py", line 294, in do_request
2019-06-09 08:54:10.872 27511 ERROR rally.task.runner self._handle_fault_response(status_code, replybody, resp)
2019-06-09 08:54:10.872 27511 ERROR rally.task.runner
File "/usr/lib/python2.7/site-packages/neutronclient/v2_0/client.py", line 269, in _handle_fault_response
2019-06-09 08:54:10.872 27511 ERROR rally.task.runner exception_handler_v20(status_code, error_body)
2019-06-09 08:54:10.872 27511 ERROR rally.task.runner
File "/usr/lib/python2.7/site-packages/neutronclient/v2_0/client.py", line 93, in exception_handler_v20
2019-06-09 08:54:10.872 27511 ERROR rally.task.runner request_ids=request_ids)
2019-06-09 08:54:10.872 27511 ERROR rally.task.runner NeutronClientException:

504 Gateway Time-out

2019-06-09 08:54:10.872 27511 ERROR rally.task.runner The server didn't respond in time.
2019-06-09 08:54:10.872 27511 ERROR rally.task.runner
2019-06-09 08:54:10.872 27511 ERROR rally.task.runner
2019-06-09 08:54:10.872 27511 ERROR rally.task.runner
2019-06-09 08:54:10.874 27511 INFO rally.task.runner [-] Task 4f99d2c7-44b4-44d1-a539-5f80ec87a56a | ITER: 1 END: Error NeutronClientException:

504 Gateway Time-out

The server didn't respond in time.
2019-06-09 08:54:12.081 27513 DEBUG neutronclient.v2_0.client [-] Error message:

504 Gateway Time-out

The server didn't respond in time. _handle_fault_response /usr/lib/python2.7/site-packages/neutronclient/v2_0/client.py:259
2019-06-09 08:54:12.088 27513 ERROR rally.task.runner [-] Iteration 3 raised Exception: NeutronClientException:

504 Gateway Time-out

The server didn't respond in time.
2019-06-09 08:54:12.088 27513 ERROR rally.task.runner
Traceback (most recent call last):
2019-06-09 08:54:12.088 27513 ERROR rally.task.runner
File "/usr/lib/python2.7/site-packages/rally/task/runner.py", line 71, in _run_scenario_once
2019-06-09 08:54:12.088 27513 ERROR rally.task.runner getattr(scenario_inst, method_name)(**scenario_kwargs)
2019-06-09 08:54:12.088 27513 ERROR rally.task.runner
File "/root/.rally/plugins/trunk_scenario.py", line 41, in run
2019-06-09 08:54:12.088 27513 ERROR rally.task.runner trunk = self._create_trunk(trunk_payload)
2019-06-09 08:54:12.088 27513 ERROR rally.task.runner
File "/usr/lib/python2.7/site-packages/rally/task/atomic.py", line 91, in func_atomic_actions
2019-06-09 08:54:12.088 27513 ERROR rally.task.runner f = func(self, *args, **kwargs)
2019-06-09 08:54:12.088 27513 ERROR rally.task.runner
File "/root/.rally/plugins/trunk_scenario.py", line 53, in _create_trunk
2019-06-09 08:54:12.088 27513 ERROR rally.task.runner return self.clients("neutron").create_trunk({'trunk': trunk_payload})
2019-06-09 08:54:12.088 27513 ERROR rally.task.runner
File "/usr/lib/python2.7/site-packages/neutronclient/v2_0/client.py", line 2091, in create_trunk
2019-06-09 08:54:12.088 27513 ERROR rally.task.runner return self.post(self.trunks_path, body=body)
2019-06-09 08:54:12.088 27513 ERROR rally.task.runner
File "/usr/lib/python2.7/site-packages/neutronclient/v2_0/client.py", line 359, in post
2019-06-09 08:54:12.088 27513 ERROR rally.task.runner headers=headers, params=params)
2019-06-09 08:54:12.088 27513 ERROR rally.task.runner
File "/usr/lib/python2.7/site-packages/neutronclient/v2_0/client.py", line 294, in do_request
2019-06-09 08:54:12.088 27513 ERROR rally.task.runner self._handle_fault_response(status_code, replybody, resp)
2019-06-09 08:54:12.088 27513 ERROR rally.task.runner
File "/usr/lib/python2.7/site-packages/neutronclient/v2_0/client.py", line 269, in _handle_fault_response
2019-06-09 08:54:12.088 27513 ERROR rally.task.runner exception_handler_v20(status_code, error_body)
2019-06-09 08:54:12.088 27513 ERROR rally.task.runner
File "/usr/lib/python2.7/site-packages/neutronclient/v2_0/client.py", line 93, in exception_handler_v20
2019-06-09 08:54:12.088 27513 ERROR rally.task.runner request_ids=request_ids)
2019-06-09 08:54:12.088 27513 ERROR rally.task.runner NeutronClientException:

504 Gateway Time-out

2019-06-09 08:54:12.088 27513 ERROR rally.task.runner The server didn't respond in time.
2019-06-09 08:54:12.088 27513 ERROR rally.task.runner
2019-06-09 08:54:12.088 27513 ERROR rally.task.runner
2019-06-09 08:54:12.088 27513 ERROR rally.task.runner
2019-06-09 08:54:12.090 27513 INFO rally.task.runner [-] Task 4f99d2c7-44b4-44d1-a539-5f80ec87a56a | ITER: 3 END: Error NeutronClientException:

504 Gateway Time-out

The server didn't respond in time.
2019-06-09 08:54:12.119 22705 INFO rally.task.context [-] Task 4f99d2c7-44b4-44d1-a539-5f80ec87a56a | Context cleanup@openstack cleanup() started
2019-06-09 08:54:12.122 22705 RALLYDEBUG rally_openstack.cleanup.manager [-] Cleaning up neutron vip objects
2019-06-09 08:54:12.899 22705 RALLYDEBUG rally_openstack.cleanup.manager [-] Cleaning up neutron health_monitor objects
2019-06-09 08:54:13.634 22705 RALLYDEBUG rally_openstack.cleanup.manager [-] Cleaning up neutron pool objects
2019-06-09 08:54:14.431 22705 RALLYDEBUG rally_openstack.cleanup.manager [-] Cleaning up neutron loadbalancer objects
2019-06-09 08:54:15.198 22705 RALLYDEBUG rally_openstack.cleanup.manager [-] Cleaning up neutron floatingip objects
2019-06-09 08:54:15.977 22705 RALLYDEBUG rally_openstack.cleanup.manager [-] Cleaning up neutron port objects
2019-06-09 08:54:18.829 22705 RALLYDEBUG rally_openstack.cleanup.manager [-] Deleting neutron.port object s_rally_6222d574_AiZ2aQpE (0128f6e0-5436-4b2d-bca7-94e439111372)
2019-06-09 08:54:18.833 22705 RALLYDEBUG rally_openstack.cleanup.manager [-] Deleting neutron.port object s_rally_6222d574_pAekdVTN (0307e84a-4d5b-40de-9f99-294a2079432f)
2019-06-09 08:54:18.843 22705 RALLYDEBUG rally_openstack.cleanup.manager [-] Deleting neutron.port object s_rally_6222d574_RjizHqaO (090dcd41-0f6f-4cdf-96b7-4e2508cf49c9)
2019-06-09 08:54:18.845 22705 RALLYDEBUG rally_openstack.cleanup.manager [-] Deleting neutron.port object s_rally_6222d574_6wGySUZ5 (0906226d-4fe9-4488-8e59-4b4c4a457b99)
2019-06-09 08:54:18.849 22705 RALLYDEBUG rally_openstack.cleanup.manager [-] Deleting neutron.port object s_rally_6222d574_ve4NFfQW (01a672eb-7a1a-4927-a357-28fe21b7b199)
2019-06-09 08:54:18.850 22705 RALLYDEBUG rally_openstack.cleanup.manager [-] Deleting neutron.port object s_rally_6222d574_ZnOGluVz (09b4d35d-afc6-4438-b09e-22f33dc9d878)
2019-06-09 08:54:18.857 22705 RALLYDEBUG rally_openstack.cleanup.manager [-] Deleting neutron.port object s_rally_6222d574_tHvl7zVf (09c64a08-64ac-4cb8-96cc-b62a05acdd59)
2019-06-09 08:54:18.862 22705 RALLYDEBUG rally_openstack.cleanup.manager [-] Deleting neutron.port object s_rally_6222d574_NvFVM8vJ (02411dd8-fd5b-4c2a-8d76-386230b51902)
2019-06-09 08:54:18.869 22705 RALLYDEBUG rally_openstack.cleanup.manager [-] Deleting neutron.port object s_rally_6222d574_4wdpUqU2 (0a0e125c-90ee-4a38-9067-cdc99cde3435)
2019-06-09 08:54:18.878 22705 RALLYDEBUG rally_openstack.cleanup.manager [-] Deleting neutron.port object s_rally_6222d574_G6FCvTyD (0b293cae-4735-4183-9ea2-5dce761d3874)
2019-06-09 08:54:18.879 22705 RALLYDEBUG rally_openstack.cleanup.manager [-] Deleting neutron.port object s_rally_6222d574_oObMPc7Z (062fa9bc-5a6a-4b45-a02c-e5972804121c)
2019-06-09 08:54:18.880 22705 RALLYDEBUG rally_openstack.cleanup.manager [-] Deleting neutron.port object s_rally_6222d574_zHJOY5YQ (031fa259-0d7c-45fd-81b8-562600780af2)
2019-06-09 08:54:18.881 22705 RALLYDEBUG rally_openstack.cleanup.manager [-] Deleting neutron.port object s_rally_6222d574_XfBHAdtZ (0b2139f4-706c-4cbe-b298-756cf9b09ea7)
2019-06-09 08:54:18.887 22705 RALLYDEBUG rally_openstack.cleanup.manager [-] Deleting neutron.port object s_rally_6222d574_5E3OUiU2 (0b8229d4-a873-4872-9a8c-f3f12d495fe8)
2019-06-09 08:54:18.891 22705 RALLYDEBUG rally_openstack.cleanup.manager [-] Deleting neutron.port object s_rally_6222d574_lAgIV6kx (083e3a89-1151-4af5-a51e-240c437b85ce)
2019-06-09 08:54:18.896 22705 RALLYDEBUG rally_openstack.cleanup.manager [-] Deleting neutron.port object s_rally_6222d574_0E4Dv2ZL (0ba94752-0c01-4800-a16e-182590a1b0a2)
2019-06-09 08:54:18.920 22705 RALLYDEBUG rally_openstack.cleanup.manager [-] Deleting neutron.port object s_rally_6222d574_w3ynWGLY (0e2db837-483b-44c9-a848-b413875a591f)
2019-06-09 08:54:18.921 22705 RALLYDEBUG rally_openstack.cleanup.manager [-] Deleting neutron.port object s_rally_6222d574_GBA8t3Ib (0d9002ee-0af4-4b64-86ca-fd25acf6a884)
2019-06-09 08:54:18.923 22705 RALLYDEBUG rally_openstack.cleanup.manager [-] Deleting neutron.port object s_rally_6222d574_lFl1kKLr (0de828da-d5cd-426d-81ad-47fac3509e62)
2019-06-09 08:54:18.924 22705 RALLYDEBUG rally_openstack.cleanup.manager [-] Deleting neutron.port object s_rally_6222d574_nhDDxpTq (0d48d07c-acf2-45f1-8605-1e89d9b167f2)
2019-06-09 08:54:19.838 22705 DEBUG neutronclient.v2_0.client [-] Error message: {"NeutronError": {"message": "Port 0128f6e0-5436-4b2d-bca7-94e439111372 is currently a subport for trunk 28610ff2-a1ef-479c-909b-7857c4ce8aa8.", "type": "PortInUseAsSubPort", "detail": ""}} _handle_fault_response /usr/lib/python2.7/site-packages/neutronclient/v2_0/client.py:259
2019-06-09 08:54:20.009 22705 DEBUG neutronclient.v2_0.client [-] Error message: {"NeutronError": {"message": "Port 0307e84a-4d5b-40de-9f99-294a2079432f is currently a subport for trunk 8c3e5703-1446-4647-a774-0654ba0ba594.", "type": "PortInUseAsSubPort", "detail": ""}} _handle_fault_response /usr/lib/python2.7/site-packages/neutronclient/v2_0/client.py:259
2019-06-09 08:54:20.072 22705 DEBUG neutronclient.v2_0.client [-] Error message: {"NeutronError": {"message": "Port 031fa259-0d7c-45fd-81b8-562600780af2 is currently a subport for trunk 28610ff2-a1ef-479c-909b-7857c4ce8aa8.", "type": "PortInUseAsSubPort", "detail": ""}} _handle_fault_response /usr/lib/python2.7/site-packages/neutronclient/v2_0/client.py:259
2019-06-09 08:54:20.089 22705 DEBUG neutronclient.v2_0.client [-] Error message: {"NeutronError": {"message": "Port 0a0e125c-90ee-4a38-9067-cdc99cde3435 is currently a subport for trunk 28610ff2-a1ef-479c-909b-7857c4ce8aa8.", "type": "PortInUseAsSubPort", "detail": ""}} _handle_fault_response /usr/lib/python2.7/site-packages/neutronclient/v2_0/client.py:259
2019-06-09 08:54:20.118 22705 DEBUG neutronclient.v2_0.client [-] Error message: {"NeutronError": {"message": "Port 0b8229d4-a873-4872-9a8c-f3f12d495fe8 is currently a subport for trunk 8c3e5703-1446-4647-a774-0654ba0ba594.", "type": "PortInUseAsSubPort", "detail": ""}} _handle_fault_response /usr/lib/python2.7/site-packages/neutronclient/v2_0/client.py:259
2019-06-09 08:54:20.123 22705 DEBUG neutronclient.v2_0.client [-] Error message: {"NeutronError": {"message": "Port 0ba94752-0c01-4800-a16e-182590a1b0a2 is currently a subport for trunk 8c3e5703-1446-4647-a774-0654ba0ba594.", "type": "PortInUseAsSubPort", "detail": ""}} _handle_fault_response /usr/lib/python2.7/site-packages/neutronclient/v2_0/client.py:259
2019-06-09 08:54:20.138 22705 DEBUG neutronclient.v2_0.client [-] Error message: {"NeutronError": {"message": "Port 01a672eb-7a1a-4927-a357-28fe21b7b199 is currently a subport for trunk 34fab010-c2a6-49c7-b3c6-cdcdbdba6cdf.", "type": "PortInUseAsSubPort", "detail": ""}} _handle_fault_response /usr/lib/python2.7/site-packages/neutronclient/v2_0/client.py:259
2019-06-09 08:54:20.147 22705 DEBUG neutronclient.v2_0.client [-] Error message: {"NeutronError": {"message": "Port 09c64a08-64ac-4cb8-96cc-b62a05acdd59 is currently a subport for trunk 28610ff2-a1ef-479c-909b-7857c4ce8aa8.", "type": "PortInUseAsSubPort", "detail": ""}} _handle_fault_response /usr/lib/python2.7/site-packages/neutronclient/v2_0/client.py:259
