2019-06-09 08:46:33.084 22705 RALLYDEBUG rally_openstack.cleanup.manager [-] Deleting neutron.port object s_rally_574dd333_dcLIckrx (4da3b936-8ee7-4c9a-a22c-ae71f726af1c)
2019-06-09 08:46:33.239 22705 RALLYDEBUG rally_openstack.cleanup.manager [-] Deleting neutron.port object s_rally_574dd333_gUl7hM7b (4f0ecc13-f37b-4741-bd3e-0d7752d409f9)
2019-06-09 08:46:33.268 22705 RALLYDEBUG rally_openstack.cleanup.manager [-] Deleting neutron.port object s_rally_574dd333_CM4xwzfh (53d3c13d-b290-41a2-a511-7da421fe43db)
2019-06-09 08:46:33.345 22705 RALLYDEBUG rally_openstack.cleanup.manager [-] Deleting neutron.port object s_rally_574dd333_IV0uqXTQ (54c7c9e4-7757-4ac4-946c-d4366e3d824b)
2019-06-09 08:46:33.397 22705 RALLYDEBUG rally_openstack.cleanup.manager [-] Deleting neutron.port object s_rally_574dd333_d20aojfW (552da1c9-5cc9-4ac8-948f-022805af34c4)
2019-06-09 08:46:33.402 22705 RALLYDEBUG rally_openstack.cleanup.manager [-] Deleting neutron.port object s_rally_574dd333_Jd5Av3em (554ca786-a12b-4a2f-adb7-fac7f1ce1d04)
2019-06-09 08:46:33.419 22705 RALLYDEBUG rally_openstack.cleanup.manager [-] Deleting neutron.port object s_rally_574dd333_rQlGUv8L (5848f73a-f6e1-41b5-b658-b324dd91eac1)
2019-06-09 08:46:33.591 22705 RALLYDEBUG rally_openstack.cleanup.manager [-] Deleting neutron.port object s_rally_574dd333_RZCHCzDU (5ba76026-a7da-485e-a8ff-50032229b26a)
2019-06-09 08:46:33.616 22705 RALLYDEBUG rally_openstack.cleanup.manager [-] Deleting neutron.port object s_rally_574dd333_U6KBwnbx (5bfa25e0-0625-4066-afc5-b0eb6a5dfbcb)
2019-06-09 08:46:33.655 22705 RALLYDEBUG rally_openstack.cleanup.manager [-] Deleting neutron.port object s_rally_574dd333_Ljcqt4BM (5c863d0b-59be-4ae9-ba0c-f7b91d7c7963)
2019-06-09 08:46:33.828 22705 RALLYDEBUG rally_openstack.cleanup.manager [-] Deleting neutron.port object s_rally_574dd333_9sYSaGUU (612aae8f-71f2-4bfe-a51d-7f5b837de069)
2019-06-09 08:46:33.983 22705 RALLYDEBUG rally_openstack.cleanup.manager [-] Deleting neutron.port object s_rally_574dd333_cVuNnX1B (67b31dce-58ed-4a60-8655-dbc315500f73)
2019-06-09 08:46:34.193 22705 RALLYDEBUG rally_openstack.cleanup.manager [-] Deleting neutron.port object s_rally_574dd333_kZrminuO (69a62768-c023-40f8-84c0-eebcdcba9101)
2019-06-09 08:46:34.304 22705 RALLYDEBUG rally_openstack.cleanup.manager [-] Deleting neutron.port object s_rally_574dd333_izF0n20A (6a71675b-e0a0-4438-8aa7-68a017cfefac)
2019-06-09 08:46:34.335 22705 RALLYDEBUG rally_openstack.cleanup.manager [-] Deleting neutron.port object s_rally_574dd333_6yQJyPoV (6c6e2742-f1cd-4e0f-8f0d-a5e514e806c9)
2019-06-09 08:46:34.397 22705 RALLYDEBUG rally_openstack.cleanup.manager [-] Deleting neutron.port object s_rally_574dd333_836hAOXX (6d2082a7-0d4c-4f8d-92b1-a83663886faa)
2019-06-09 08:46:34.647 22705 RALLYDEBUG rally_openstack.cleanup.manager [-] Deleting neutron.port object s_rally_574dd333_15qZ5dlA (6df6ddf3-4d2e-4d70-a5ae-d0ac748960c8)
2019-06-09 08:46:34.799 22705 RALLYDEBUG rally_openstack.cleanup.manager [-] Deleting neutron.port object s_rally_574dd333_nJfQR9Xt (6fc57b4b-796d-483a-be7c-4d036380bfb3)
2019-06-09 08:46:34.888 22705 RALLYDEBUG rally_openstack.cleanup.manager [-] Deleting neutron.port object s_rally_574dd333_yBf1lXua (7157f996-5e4c-418a-9f15-1120a1f954d5)
2019-06-09 08:46:35.217 22705 RALLYDEBUG rally_openstack.cleanup.manager [-] Deleting neutron.port object s_rally_574dd333_9CJRrbCn (725b0c7b-fc00-4293-a65e-ae346979f486)
2019-06-09 08:46:35.761 22705 RALLYDEBUG rally_openstack.cleanup.manager [-] Deleting neutron.port object s_rally_574dd333_2INtOVat (727b794a-cbec-4b43-9789-28e0008c9792)
2019-06-09 08:46:35.784 22705 RALLYDEBUG rally_openstack.cleanup.manager [-] Deleting neutron.port object s_rally_574dd333_YhYGWrfH (741be344-4b11-434f-8e53-0412701ba8dc)
2019-06-09 08:46:35.924 22705 RALLYDEBUG rally_openstack.cleanup.manager [-] Deleting neutron.port object s_rally_574dd333_gHztepr4 (752d6de4-635b-4ff4-8cd6-f04281db0190)
2019-06-09 08:46:35.967 22705 RALLYDEBUG rally_openstack.cleanup.manager [-] Deleting neutron.port object s_rally_574dd333_rEDGe3ny (77cc0a2a-a1df-41d9-8ee9-faab7fbc04a5)
2019-06-09 08:46:36.100 22705 RALLYDEBUG rally_openstack.cleanup.manager [-] Deleting neutron.port object s_rally_574dd333_eZpzTZXP (77e48ccd-3759-41fe-8204-59559d862e98)
2019-06-09 08:46:36.152 22705 RALLYDEBUG rally_openstack.cleanup.manager [-] Deleting neutron.port object s_rally_574dd333_QlpM15Mr (7e2f1e0e-8301-41a9-969a-81815eb18616)
2019-06-09 08:46:36.184 22705 RALLYDEBUG rally_openstack.cleanup.manager [-] Deleting neutron.port object s_rally_574dd333_pjDS2Yrn (802c244d-bacf-4b97-b5ba-511e20f1c8bd)
2019-06-09 08:46:36.252 22705 RALLYDEBUG rally_openstack.cleanup.manager [-] Deleting neutron.port object s_rally_574dd333_WPChkpqn (83e8fd3a-2baf-4c5f-a82c-ff5a6bfadbe4)
2019-06-09 08:46:36.445 22705 RALLYDEBUG rally_openstack.cleanup.manager [-] Deleting neutron.port object s_rally_574dd333_rJDMDbXQ (851a5d64-b035-41c5-be40-88d38f5f7cc1)
2019-06-09 08:46:36.615 22705 RALLYDEBUG rally_openstack.cleanup.manager [-] Deleting neutron.port object s_rally_574dd333_XOk9vu1N (856daf0b-244c-487c-8d1e-879ae9ad51cd)
2019-06-09 08:46:36.740 22705 RALLYDEBUG rally_openstack.cleanup.manager [-] Deleting neutron.port object s_rally_574dd333_8YdFu1qs (8716fa57-4290-4350-8e38-b2c764bb6341)
2019-06-09 08:46:36.753 22705 RALLYDEBUG rally_openstack.cleanup.manager [-] Deleting neutron.port object s_rally_574dd333_jeNxI8V5 (87b60913-2b8b-4073-9f72-17e4ec77c939)
2019-06-09 08:46:36.818 22705 RALLYDEBUG rally_openstack.cleanup.manager [-] Deleting neutron.port object s_rally_574dd333_bLf5I6DB (87e62a9c-b268-42a0-b48f-d27aaf2f4917)
2019-06-09 08:46:36.943 22705 RALLYDEBUG rally_openstack.cleanup.manager [-] Deleting neutron.port object s_rally_574dd333_mMhkW0tQ (8948ec45-2965-461c-921b-c0b413cf1e8d)
2019-06-09 08:46:37.101 22705 RALLYDEBUG rally_openstack.cleanup.manager [-] Deleting neutron.port object s_rally_574dd333_UHEVdpso (8ae9f012-623c-45eb-b1ed-3168ec7c82d6)
2019-06-09 08:46:37.183 22705 RALLYDEBUG rally_openstack.cleanup.manager [-] Deleting neutron.port object s_rally_574dd333_EbJjQw5J (8af6a164-b09e-4982-bb5f-6ada68216faf)
2019-06-09 08:46:37.322 22705 RALLYDEBUG rally_openstack.cleanup.manager [-] Deleting neutron.port object s_rally_574dd333_jjpBC4CW (8b027a26-787d-42c7-a4a7-d08c0fbbe54a)
2019-06-09 08:46:37.329 22705 RALLYDEBUG rally_openstack.cleanup.manager [-] Deleting neutron.port object s_rally_574dd333_g4L2U2md (8be7f7bf-3c91-4a21-9c44-a18d65548854)
2019-06-09 08:46:37.583 22705 RALLYDEBUG rally_openstack.cleanup.manager [-] Deleting neutron.port object s_rally_574dd333_0jwFipZw (8ee7663f-b9c0-49fd-b77e-ae2a5d5f60c6)
2019-06-09 08:46:37.600 22705 RALLYDEBUG rally_openstack.cleanup.manager [-] Deleting neutron.port object s_rally_574dd333_oRNuPHs3 (8fb092cf-feb0-4c41-ac30-500cded35967)
2019-06-09 08:46:38.063 22705 RALLYDEBUG rally_openstack.cleanup.manager [-] Deleting neutron.port object s_rally_574dd333_lGPqR4PN (90e0a80e-d2ab-47ea-91c7-75a6d56800d7)
2019-06-09 08:46:38.437 22705 RALLYDEBUG rally_openstack.cleanup.manager [-] Deleting neutron.port object s_rally_574dd333_dwBVCiTb (9281fb8d-7038-49c2-b95b-5a17b3b22c57)
2019-06-09 08:46:38.513 22705 RALLYDEBUG rally_openstack.cleanup.manager [-] Deleting neutron.port object s_rally_574dd333_wb7Grk7D (93253544-696d-494b-974a-11a70e6340f5)
2019-06-09 08:46:38.630 22705 RALLYDEBUG rally_openstack.cleanup.manager [-] Deleting neutron.port object s_rally_574dd333_6lA7Z3N6 (935e2434-9c79-4b00-8d06-cd2456d30103)
2019-06-09 08:46:38.704 22705 RALLYDEBUG rally_openstack.cleanup.manager [-] Deleting neutron.port object s_rally_574dd333_KaxovKwd (93ea5ec6-6224-4cd8-b485-bdf13fb5bf31)
2019-06-09 08:46:38.884 22705 RALLYDEBUG rally_openstack.cleanup.manager [-] Deleting neutron.port object s_rally_574dd333_47SPM6If (9885009a-84a8-4acc-b393-eb0c3723b897)
2019-06-09 08:46:38.970 22705 RALLYDEBUG rally_openstack.cleanup.manager [-] Deleting neutron.port object s_rally_574dd333_fT9Jbvpf (990fb9c8-20fc-4826-bc39-e26f39d5a0c3)
2019-06-09 08:46:39.104 22705 RALLYDEBUG rally_openstack.cleanup.manager [-] Deleting neutron.port object s_rally_574dd333_eaLJDC6A (99ccb207-d298-4a59-a916-33e5f184671a)
2019-06-09 08:46:39.156 22705 RALLYDEBUG rally_openstack.cleanup.manager [-] Deleting neutron.port object s_rally_574dd333_aeZEb5XO (9a3bfeb8-d129-484a-b70a-2ffa2458ffab)
2019-06-09 08:46:39.264 22705 RALLYDEBUG rally_openstack.cleanup.manager [-] Deleting neutron.port object s_rally_574dd333_dwhRHKk1 (9b02781d-9600-44d1-becc-cb90d6e80f48)
2019-06-09 08:46:39.314 22705 RALLYDEBUG rally_openstack.cleanup.manager [-] Deleting neutron.port object s_rally_574dd333_aHBM7KBZ (9d3e975d-ca57-4eee-9464-16949fc2b946)
2019-06-09 08:46:39.472 22705 RALLYDEBUG rally_openstack.cleanup.manager [-] Deleting neutron.port object s_rally_574dd333_2kdd5K1Q (9e50f241-c793-4700-95a9-049c0def9562)
2019-06-09 08:46:39.488 22705 RALLYDEBUG rally_openstack.cleanup.manager [-] Deleting neutron.port object s_rally_574dd333_Mr195Mrr (a030c6b6-d718-41b8-8847-8fd33d042024)
2019-06-09 08:46:39.516 22705 RALLYDEBUG rally_openstack.cleanup.manager [-] Deleting neutron.port object s_rally_574dd333_YVt1hDD5 (a07d72bd-797b-486e-b82c-652f613359d9)
2019-06-09 08:46:39.678 22705 RALLYDEBUG rally_openstack.cleanup.manager [-] Deleting neutron.port object s_rally_574dd333_Ot5BNpCE (a0d2ee03-1c66-4948-8b12-317461fa0218)
2019-06-09 08:46:39.697 22705 RALLYDEBUG rally_openstack.cleanup.manager [-] Deleting neutron.port object s_rally_574dd333_QH7eoQmr (a2327ec4-8a89-4bcb-a5cf-753bb2650313)
2019-06-09 08:46:39.944 22705 RALLYDEBUG rally_openstack.cleanup.manager [-] Deleting neutron.port object s_rally_574dd333_JWZ94dsc (a525b21e-181e-4266-b4a2-6ba2e2a6d5c5)
2019-06-09 08:46:40.038 22705 RALLYDEBUG rally_openstack.cleanup.manager [-] Deleting neutron.port object s_rally_574dd333_DOEGu0h9 (a89e2050-43bf-4438-95d5-2c486dd52aec)
2019-06-09 08:46:40.068 22705 RALLYDEBUG rally_openstack.cleanup.manager [-] Deleting neutron.port object s_rally_574dd333_Ow9bmOIp (ab72db56-7a3b-499e-8236-e389927159d7)
2019-06-09 08:46:40.277 22705 RALLYDEBUG rally_openstack.cleanup.manager [-] Deleting neutron.port object s_rally_574dd333_R9GCgsCM (adcd54fd-c5ef-45cf-8280-5b56e78a79f3)
2019-06-09 08:46:40.342 22705 RALLYDEBUG rally_openstack.cleanup.manager [-] Deleting neutron.port object s_rally_574dd333_abMYCUwj (add5b4fb-08fd-43cd-a911-002fb6b49a62)
2019-06-09 08:46:40.728 22705 RALLYDEBUG rally_openstack.cleanup.manager [-] Deleting neutron.port object s_rally_574dd333_rtAvZIGN (ae85301a-057a-4a92-aa5f-6230b4858a44)
2019-06-09 08:46:40.747 22705 RALLYDEBUG rally_openstack.cleanup.manager [-] Deleting neutron.port object s_rally_574dd333_RW1VwTA4 (afce8cb2-dd77-44c2-83ca-059bc35f6ddb)
2019-06-09 08:46:41.126 22705 RALLYDEBUG rally_openstack.cleanup.manager [-] Deleting neutron.port object s_rally_574dd333_jItWNFwO (b55826ed-5a3a-4b91-8b1b-c6751757fda9)
2019-06-09 08:46:41.223 22705 RALLYDEBUG rally_openstack.cleanup.manager [-] Deleting neutron.port object s_rally_574dd333_HBdRdeRa (b5a0c866-26b5-40bd-b2d0-75a7aef418e0)
2019-06-09 08:46:41.264 22705 RALLYDEBUG rally_openstack.cleanup.manager [-] Deleting neutron.port object s_rally_574dd333_ZvtXFgzl (b74500dc-436b-4290-a5b3-a45e88be6a2c)
2019-06-09 08:46:41.406 22705 RALLYDEBUG rally_openstack.cleanup.manager [-] Deleting neutron.port object s_rally_574dd333_ecuDdN51 (b9622984-3d6d-46bf-a8e8-f4f00946e881)
2019-06-09 08:46:41.618 22705 RALLYDEBUG rally_openstack.cleanup.manager [-] Deleting neutron.port object s_rally_574dd333_puOXlEKU (ba90cd02-00bc-4359-ae86-adb834abd600)
2019-06-09 08:46:41.939 22705 RALLYDEBUG rally_openstack.cleanup.manager [-] Deleting neutron.port object s_rally_574dd333_GeNcB9Uc (bb306522-ebab-4807-932a-e00ed41bc4d1)
2019-06-09 08:46:41.972 22705 RALLYDEBUG rally_openstack.cleanup.manager [-] Deleting neutron.port object s_rally_574dd333_LAfwjFmB (bc680029-2987-4c6d-bb12-dc8766bd61dc)
2019-06-09 08:46:42.105 22705 RALLYDEBUG rally_openstack.cleanup.manager [-] Deleting neutron.port object s_rally_574dd333_KikD0GNE (be4bf9a4-8578-4dfc-8478-c7ec249ef7fc)
2019-06-09 08:46:42.245 22705 RALLYDEBUG rally_openstack.cleanup.manager [-] Deleting neutron.port object s_rally_574dd333_RbhAkMu2 (bf8ca714-7df5-4e80-82db-3571dfd7b512)
2019-06-09 08:46:42.312 22705 RALLYDEBUG rally_openstack.cleanup.manager [-] Deleting neutron.port object s_rally_574dd333_i45cwZrD (c185a700-b15a-4cd6-a94e-37c994486f53)
2019-06-09 08:46:42.360 22705 RALLYDEBUG rally_openstack.cleanup.manager [-] Deleting neutron.port object s_rally_574dd333_nUjDFrom (c448582c-73c4-423e-b1df-cf996df2e13e)
2019-06-09 08:46:42.366 22705 RALLYDEBUG rally_openstack.cleanup.manager [-] Deleting neutron.port object s_rally_574dd333_hU2g2sFf (c4fc1c61-d4f0-4752-bf5f-bcb55e259f4e)
2019-06-09 08:46:42.608 22705 RALLYDEBUG rally_openstack.cleanup.manager [-] Deleting neutron.port object s_rally_574dd333_NLe3lGff (c579a6aa-0d38-498d-bd7d-5e6aa407f197)
2019-06-09 08:46:42.654 22705 RALLYDEBUG rally_openstack.cleanup.manager [-] Deleting neutron.port object s_rally_574dd333_wh9XQAie (c5a57534-d544-4e6f-bcc1-1322b3f75b13)
2019-06-09 08:46:42.689 22705 RALLYDEBUG rally_openstack.cleanup.manager [-] Deleting neutron.port object s_rally_574dd333_Cb5qTRRB (c6054670-9b64-4d99-ae7b-d109e8c36173)
2019-06-09 08:46:42.727 22705 RALLYDEBUG rally_openstack.cleanup.manager [-] Deleting neutron.port object s_rally_574dd333_SP7eMyeJ (c61e2605-20e1-4adc-9bf2-501efe30c7e8)
2019-06-09 08:46:42.954 22705 RALLYDEBUG rally_openstack.cleanup.manager [-] Deleting neutron.port object s_rally_574dd333_Qw3ZgVU7 (c6c45827-44f8-413a-95c3-09612e25eebc)
2019-06-09 08:46:43.079 22705 RALLYDEBUG rally_openstack.cleanup.manager [-] Deleting neutron.port object s_rally_574dd333_fmBgJWbL (c6f2624a-cf35-442c-b9cc-ea35af3353d5)
2019-06-09 08:46:43.145 22705 RALLYDEBUG rally_openstack.cleanup.manager [-] Deleting neutron.port object s_rally_574dd333_1zzu5Z5T (cb5d3847-c4a9-4b98-ad49-7bba11791d13)
2019-06-09 08:46:43.192 22705 RALLYDEBUG rally_openstack.cleanup.manager [-] Deleting neutron.port object s_rally_574dd333_VJ2hzBCd (cd1a9c8d-99de-4b9f-9624-64a70cd8d6a0)
2019-06-09 08:46:43.498 22705 RALLYDEBUG rally_openstack.cleanup.manager [-] Deleting neutron.port object s_rally_574dd333_vTSrltr3 (ce0fde0e-3dd0-4ef7-8437-c4a82a525eef)
2019-06-09 08:46:44.011 22705 RALLYDEBUG rally_openstack.cleanup.manager [-] Deleting neutron.port object s_rally_574dd333_n5Ams9DS (ceb29636-3a73-47d3-b3f6-3864ee5c166c)
2019-06-09 08:46:44.035 22705 RALLYDEBUG rally_openstack.cleanup.manager [-] Deleting neutron.port object s_rally_574dd333_ZQ28911Y (cf16a1a8-7dbf-4061-8367-502b09bc2d0e)
2019-06-09 08:46:44.075 22705 RALLYDEBUG rally_openstack.cleanup.manager [-] Deleting neutron.port object s_rally_574dd333_bZf8Yprf (cf284431-82eb-467b-b597-030517af434e)
2019-06-09 08:46:44.332 22705 RALLYDEBUG rally_openstack.cleanup.manager [-] Deleting neutron.port object s_rally_574dd333_zaKF2BuW (cfff1bba-fe0a-450f-84e2-9173588e423c)
2019-06-09 08:46:44.387 22705 RALLYDEBUG rally_openstack.cleanup.manager [-] Deleting neutron.port object s_rally_574dd333_fZghulKF (d021d87e-1ec4-4de4-9378-c8ca82641587)
2019-06-09 08:46:44.406 22705 RALLYDEBUG rally_openstack.cleanup.manager [-] Deleting neutron.port object s_rally_574dd333_shs5NKoG (d0610ed6-156e-4db6-a842-491c980d74c1)
2019-06-09 08:46:44.426 22705 RALLYDEBUG rally_openstack.cleanup.manager [-] Deleting neutron.port object s_rally_574dd333_6qhTbGzy (d12d0d4e-1797-4508-a569-b5a31fe004a1)
2019-06-09 08:46:44.694 22705 RALLYDEBUG rally_openstack.cleanup.manager [-] Deleting neutron.port object s_rally_574dd333_gGnj2GuO (d1941608-2101-499e-8aa6-161788cdd752)
2019-06-09 08:46:44.879 22705 RALLYDEBUG rally_openstack.cleanup.manager [-] Deleting neutron.port object s_rally_574dd333_omQKCSuD (d2c2cdf8-4da0-48de-a2ba-2395dfc241e1)
2019-06-09 08:46:44.955 22705 RALLYDEBUG rally_openstack.cleanup.manager [-] Deleting neutron.port object s_rally_574dd333_C5bhCQt8 (d3278da4-22f1-44c4-b710-75c56db116df)
2019-06-09 08:46:45.072 22705 RALLYDEBUG rally_openstack.cleanup.manager [-] Deleting neutron.port object s_rally_574dd333_LSkBA1uw (d6b4c95a-bee8-468c-b789-b3a46813e302)
2019-06-09 08:46:45.084 22705 RALLYDEBUG rally_openstack.cleanup.manager [-] Deleting neutron.port object s_rally_574dd333_AjUyNheF (d6cbb83f-6a22-42dd-b523-433fc13b1b59)
2019-06-09 08:46:45.303 22705 RALLYDEBUG rally_openstack.cleanup.manager [-] Deleting neutron.port object s_rally_574dd333_25JzYakl (d6de730c-14bb-48cf-9643-79a6f5e15dac)
2019-06-09 08:46:45.410 22705 RALLYDEBUG rally_openstack.cleanup.manager [-] Deleting neutron.port object s_rally_574dd333_80lfbr2S (d777c441-3120-412c-8a51-6e6ae4e9f0ec)
2019-06-09 08:46:45.433 22705 RALLYDEBUG rally_openstack.cleanup.manager [-] Deleting neutron.port object s_rally_574dd333_4bKUWlz2 (d8d83171-8472-4889-a934-1ac2b9ddcbe6)
2019-06-09 08:46:45.575 22705 RALLYDEBUG rally_openstack.cleanup.manager [-] Deleting neutron.port object s_rally_574dd333_bhhNiFYO (d9d7a0a1-70fa-4044-a5ee-1a6f41707850)
2019-06-09 08:46:45.646 22705 RALLYDEBUG rally_openstack.cleanup.manager [-] Deleting neutron.port object s_rally_574dd333_tRj4YhaL (daef38c9-8150-4e33-8f10-d2eb0be5616c)
2019-06-09 08:46:45.846 22705 RALLYDEBUG rally_openstack.cleanup.manager [-] Deleting neutron.port object s_rally_574dd333_VXCJ9SpZ (db1ec862-7bbf-45a3-830f-a0808fc2074c)
2019-06-09 08:46:45.934 22705 RALLYDEBUG rally_openstack.cleanup.manager [-] Deleting neutron.port object s_rally_574dd333_rN3fLtCG (db9e1b8b-7022-4f27-a2dd-0725bec358e9)
2019-06-09 08:46:46.010 22705 RALLYDEBUG rally_openstack.cleanup.manager [-] Deleting neutron.port object s_rally_574dd333_niNKXqAs (ddc5d7e3-94af-4140-95e9-e4646e1aac45)
2019-06-09 08:46:46.353 22705 RALLYDEBUG rally_openstack.cleanup.manager [-] Deleting neutron.port object s_rally_574dd333_o5W69dAs (deff35e6-5b25-4288-b32e-0a20be342dd5)
2019-06-09 08:46:46.766 22705 RALLYDEBUG rally_openstack.cleanup.manager [-] Deleting neutron.port object s_rally_574dd333_qOUrpKF5 (df274542-c983-4d8d-8920-cc3e0c866afe)
2019-06-09 08:46:46.860 22705 RALLYDEBUG rally_openstack.cleanup.manager [-] Deleting neutron.port object s_rally_574dd333_vvzMnaoc (dfcdd7ea-efb2-43e3-ae77-fccbac92844b)
2019-06-09 08:46:46.886 22705 RALLYDEBUG rally_openstack.cleanup.manager [-] Deleting neutron.port object s_rally_574dd333_aymW8ECK (e17b6c6f-d6ca-4710-96a0-ce46b958a51a)
2019-06-09 08:46:46.949 22705 RALLYDEBUG rally_openstack.cleanup.manager [-] Deleting neutron.port object s_rally_574dd333_lgwrNkln (e40499d4-595a-49ae-93cd-81f4151cd1a9)
2019-06-09 08:46:47.174 22705 RALLYDEBUG rally_openstack.cleanup.manager [-] Deleting neutron.port object s_rally_574dd333_0Q4muRaW (e413aacf-907c-4bf0-b925-64be23abc768)
2019-06-09 08:46:47.246 22705 RALLYDEBUG rally_openstack.cleanup.manager [-] Deleting neutron.port object s_rally_574dd333_MNKHRpTo (e55e9146-6dc5-4450-b074-b49f548dd199)
2019-06-09 08:46:47.611 22705 RALLYDEBUG rally_openstack.cleanup.manager [-] Deleting neutron.port object s_rally_574dd333_OTaBocPv (e71a3239-4d5a-48ab-a4ba-4aac5a4e74f7)
2019-06-09 08:46:47.671 22705 RALLYDEBUG rally_openstack.cleanup.manager [-] Deleting neutron.port object s_rally_574dd333_epcJILwX (e79a984a-823a-4c96-9e0b-85f93cf44c12)
2019-06-09 08:46:47.937 22705 RALLYDEBUG rally_openstack.cleanup.manager [-] Deleting neutron.port object s_rally_574dd333_OO8WHGZV (e8e990f4-bef8-48b2-9296-a418774e3e2a)
2019-06-09 08:46:48.105 22705 RALLYDEBUG rally_openstack.cleanup.manager [-] Deleting neutron.port object s_rally_574dd333_IUVcASb1 (eac05eac-b8aa-41f1-85b1-fda9b99b3547)
2019-06-09 08:46:48.166 22705 RALLYDEBUG rally_openstack.cleanup.manager [-] Deleting neutron.port object s_rally_574dd333_DzQHbVLU (ec8efcbe-92e4-486d-ae16-45e69a261eca)
2019-06-09 08:46:48.417 22705 RALLYDEBUG rally_openstack.cleanup.manager [-] Deleting neutron.port object s_rally_574dd333_iHLea0k8 (ece3f010-c6ab-4056-ab66-23bc2dac5569)
2019-06-09 08:46:48.440 22705 RALLYDEBUG rally_openstack.cleanup.manager [-] Deleting neutron.port object s_rally_574dd333_GVYEKGLz (ee7cafe5-541c-429d-bffe-fe8559e3fd19)
2019-06-09 08:46:48.511 22705 RALLYDEBUG rally_openstack.cleanup.manager [-] Deleting neutron.port object s_rally_574dd333_li9oGEHc (ef1d7418-7c5c-4ae0-9e4f-2debe1fdc208)
2019-06-09 08:46:48.633 22705 RALLYDEBUG rally_openstack.cleanup.manager [-] Deleting neutron.port object s_rally_574dd333_sOMvBAaK (ef72b511-fb96-42dd-ab0a-292974722a98)
2019-06-09 08:46:48.680 22705 RALLYDEBUG rally_openstack.cleanup.manager [-] Deleting neutron.port object s_rally_574dd333_KMUr7TH8 (ef9872ef-0c72-4b30-bb0b-1e1eb24b6c78)
2019-06-09 08:46:48.689 22705 RALLYDEBUG rally_openstack.cleanup.manager [-] Deleting neutron.port object s_rally_574dd333_hTEevNnM (efb9853a-0b84-4ee7-96c4-1aecd6150508)
2019-06-09 08:46:48.746 22705 RALLYDEBUG rally_openstack.cleanup.manager [-] Deleting neutron.port object s_rally_574dd333_U87UO4Ag (f264db2a-d78b-482c-b80e-0a576c0fa6a8)
2019-06-09 08:46:48.960 22705 RALLYDEBUG rally_openstack.cleanup.manager [-] Deleting neutron.port object s_rally_574dd333_bPXjsHmS (f5986e66-7a8a-4d8b-96ad-cc1b5776d4f0)
2019-06-09 08:46:49.017 22705 RALLYDEBUG rally_openstack.cleanup.manager [-] Deleting neutron.port object s_rally_574dd333_BSmjGtcz (f8f0f0a8-6b69-40db-9796-020c965992a0)
2019-06-09 08:46:49.152 22705 RALLYDEBUG rally_openstack.cleanup.manager [-] Deleting neutron.port object s_rally_574dd333_l8oUq4eL (f9a0f93e-1638-43e2-8b98-1722685bf786)
2019-06-09 08:46:49.375 22705 RALLYDEBUG rally_openstack.cleanup.manager [-] Deleting neutron.port object s_rally_574dd333_0nrUiXjA (fc6fd92a-332b-4828-9502-21d449629f06)
2019-06-09 08:46:49.531 22705 RALLYDEBUG rally_openstack.cleanup.manager [-] Deleting neutron.port object s_rally_574dd333_k5oT9rjN (fd781d92-164c-4a8c-8744-1613151c56d2)
2019-06-09 08:46:49.640 22705 RALLYDEBUG rally_openstack.cleanup.manager [-] Deleting neutron.port object s_rally_574dd333_dBo8YATU (fda2b78f-6622-4460-9ca0-1d47e9649b18)
2019-06-09 08:46:49.690 22705 RALLYDEBUG rally_openstack.cleanup.manager [-] Deleting neutron.port object s_rally_574dd333_FQm5YA56 (fed85e05-fa62-45a1-a187-a8f490064e5d)
2019-06-09 08:46:49.737 22705 RALLYDEBUG rally_openstack.cleanup.manager [-] Deleting neutron.port object s_rally_574dd333_ciHT1nVW (ff9f7b5c-475f-4758-9900-9e035b3f1635)
2019-06-09 08:46:52.206 22705 RALLYDEBUG rally_openstack.cleanup.manager [-] Cleaning up neutron subnet objects
2019-06-09 08:46:52.989 22705 RALLYDEBUG rally_openstack.cleanup.manager [-] Cleaning up neutron network objects
2019-06-09 08:46:54.132 22705 RALLYDEBUG rally_openstack.cleanup.manager [-] Deleting neutron.network object s_rally_574dd333_AliVS0TH (05c0e151-dd07-4cd2-8763-a7561b70b328)
2019-06-09 08:46:54.136 22705 RALLYDEBUG rally_openstack.cleanup.manager [-] Deleting neutron.network object s_rally_574dd333_InYkbpJx (1ebe4140-888c-480c-a8f3-29d2f0ea6c09)
2019-06-09 08:46:54.145 22705 RALLYDEBUG rally_openstack.cleanup.manager [-] Deleting neutron.network object s_rally_574dd333_KRZZHaeZ (2095336b-c34f-4258-a2d1-a902a06b86a5)
2019-06-09 08:46:54.153 22705 RALLYDEBUG rally_openstack.cleanup.manager [-] Deleting neutron.network object s_rally_574dd333_yGHuUeV4 (2e2a4c27-159b-44f5-a1f0-fde1195f386b)
2019-06-09 08:46:54.164 22705 RALLYDEBUG rally_openstack.cleanup.manager [-] Deleting neutron.network object s_rally_574dd333_RTYFSU5e (3042f6e7-f100-4490-b1e8-6ed59cdcceb7)
2019-06-09 08:46:54.174 22705 RALLYDEBUG rally_openstack.cleanup.manager [-] Deleting neutron.network object s_rally_574dd333_FiVUTXPW (328da0bf-95ab-4655-875d-76d3065887d1)
2019-06-09 08:46:54.182 22705 RALLYDEBUG rally_openstack.cleanup.manager [-] Deleting neutron.network object s_rally_574dd333_ApoHfatU (4144f716-cc53-4690-8f9f-ba244ebc8162)
2019-06-09 08:46:54.203 22705 RALLYDEBUG rally_openstack.cleanup.manager [-] Deleting neutron.network object s_rally_574dd333_6pLoxPIr (450ccdc4-154d-43d4-8f2d-a84bce4f9509)
2019-06-09 08:46:54.204 22705 RALLYDEBUG rally_openstack.cleanup.manager [-] Deleting neutron.network object s_rally_574dd333_KlhTpdNm (41a30ca5-3c6a-478b-9059-bc2f2fdf8e07)
2019-06-09 08:46:54.212 22705 RALLYDEBUG rally_openstack.cleanup.manager [-] Deleting neutron.network object s_rally_574dd333_viRYrLOg (4cda0a23-886f-4ccf-bd90-101c78228eba)
2019-06-09 08:46:54.248 22705 RALLYDEBUG rally_openstack.cleanup.manager [-] Deleting neutron.network object s_rally_574dd333_NfJ5ycs3 (5e7d7e78-bd96-4c15-bbf9-26b7f3a4018a)
2019-06-09 08:46:54.257 22705 RALLYDEBUG rally_openstack.cleanup.manager [-] Deleting neutron.network object s_rally_574dd333_4QIeMms2 (5976c1ca-0ac5-413c-b5b3-a9c69f4df0f6)
2019-06-09 08:46:54.275 22705 RALLYDEBUG rally_openstack.cleanup.manager [-] Deleting neutron.network object s_rally_574dd333_G6YHJEvY (61dde9ef-9dd7-458b-add7-9f80fe79afb7)
2019-06-09 08:46:54.283 22705 RALLYDEBUG rally_openstack.cleanup.manager [-] Deleting neutron.network object s_rally_574dd333_rmKZub1k (6d5d8db8-e03c-4fce-b51c-d915edeaeb23)
2019-06-09 08:46:54.286 22705 RALLYDEBUG rally_openstack.cleanup.manager [-] Deleting neutron.network object s_rally_574dd333_psG04wbi (6d8fe852-bd7d-4ea9-856a-039b4379e04a)
2019-06-09 08:46:54.287 22705 RALLYDEBUG rally_openstack.cleanup.manager [-] Deleting neutron.network object s_rally_574dd333_hMTdCZHw (5ba19317-97e3-4ecb-ba68-76cbd93159df)
2019-06-09 08:46:54.308 22705 RALLYDEBUG rally_openstack.cleanup.manager [-] Deleting neutron.network object s_rally_574dd333_w3ExEKn8 (6d9875f8-35a6-4633-bd19-c886cafd0dc5)
2019-06-09 08:46:54.311 22705 RALLYDEBUG rally_openstack.cleanup.manager [-] Deleting neutron.network object s_rally_574dd333_CMTMydtz (701ffb7b-858d-4fa4-83d4-dc3e49a71db2)
2019-06-09 08:46:54.312 22705 RALLYDEBUG rally_openstack.cleanup.manager [-] Deleting neutron.network object s_rally_574dd333_c4ihFPBQ (5292575e-22f8-4bd1-81f4-3560ccdefc40)
2019-06-09 08:46:54.338 22705 RALLYDEBUG rally_openstack.cleanup.manager [-] Deleting neutron.network object s_rally_574dd333_U6wkoXMA (71ac2457-d117-4841-ab96-866d8da4964a)
2019-06-09 08:46:57.732 22705 RALLYDEBUG rally_openstack.cleanup.manager [-] Deleting neutron.network object s_rally_574dd333_r95LcoN3 (8d14ab05-079e-4ef4-8c9d-bb7325d2aa7b)
2019-06-09 08:46:57.738 22705 RALLYDEBUG rally_openstack.cleanup.manager [-] Deleting neutron.network object s_rally_574dd333_h41CF68l (9dfeb023-dcba-4dfa-9245-d907a0b8b659)
2019-06-09 08:46:57.783 22705 RALLYDEBUG rally_openstack.cleanup.manager [-] Deleting neutron.network object s_rally_574dd333_y7djEBGn (a8059360-bd60-46d7-aeba-b4faa47e21ce)
2019-06-09 08:46:57.847 22705 RALLYDEBUG rally_openstack.cleanup.manager [-] Deleting neutron.network object s_rally_574dd333_5T0W1aHK (a81c82a2-cac6-4413-b844-a498ec4c6ea8)
2019-06-09 08:46:57.971 22705 RALLYDEBUG rally_openstack.cleanup.manager [-] Deleting neutron.network object s_rally_574dd333_wBbovDVk (a9014978-183c-4ddb-9167-f11fbefff66f)
2019-06-09 08:46:58.010 22705 RALLYDEBUG rally_openstack.cleanup.manager [-] Deleting neutron.network object s_rally_574dd333_eYivglOe (aec5e85d-5461-43fe-970a-a01a8ab7f7c7)
2019-06-09 08:46:58.031 22705 RALLYDEBUG rally_openstack.cleanup.manager [-] Deleting neutron.network object s_rally_574dd333_LT9ASUw9 (b7abfe03-7d12-4e2c-8532-8bd53de10dca)
2019-06-09 08:46:58.080 22705 RALLYDEBUG rally_openstack.cleanup.manager [-] Deleting neutron.network object s_rally_574dd333_rBDIUR2x (b9617947-4ea9-4874-af3e-c63821b79633)
2019-06-09 08:46:58.209 22705 RALLYDEBUG rally_openstack.cleanup.manager [-] Deleting neutron.network object s_rally_574dd333_gw8lXK47 (bdd4946d-e071-45ac-8cf8-ad95680556d5)
2019-06-09 08:46:58.260 22705 RALLYDEBUG rally_openstack.cleanup.manager [-] Deleting neutron.network object s_rally_574dd333_YroXKice (c3f1ff75-0f90-4f10-9226-3902495a4a65)
2019-06-09 08:46:58.292 22705 RALLYDEBUG rally_openstack.cleanup.manager [-] Deleting neutron.network object s_rally_574dd333_6xhnnb0j (d0078dd1-698e-4ff3-950f-b67037b7068e)
2019-06-09 08:46:58.333 22705 RALLYDEBUG rally_openstack.cleanup.manager [-] Deleting neutron.network object s_rally_574dd333_ladqebp1 (d0ea6774-68d8-4ede-b0a6-9d00c030da3e)
2019-06-09 08:46:58.352 22705 RALLYDEBUG rally_openstack.cleanup.manager [-] Deleting neutron.network object s_rally_574dd333_D8YgKXhO (d3a26166-15c7-43e4-9b48-62ccf37732a2)
2019-06-09 08:46:58.358 22705 RALLYDEBUG rally_openstack.cleanup.manager [-] Deleting neutron.network object s_rally_574dd333_In8qOWEH (e30b0090-5b7e-444e-9dcf-f88147f14469)
2019-06-09 08:46:59.105 22705 RALLYDEBUG rally_openstack.cleanup.manager [-] Deleting neutron.network object s_rally_574dd333_xFZuigpo (e670e390-54f7-4f32-a590-ef7b8075c7e2)
2019-06-09 08:46:59.150 22705 RALLYDEBUG rally_openstack.cleanup.manager [-] Deleting neutron.network object s_rally_574dd333_zMX4khwP (e957f98b-1467-45e9-88f5-50685250c3d9)
2019-06-09 08:46:59.183 22705 RALLYDEBUG rally_openstack.cleanup.manager [-] Deleting neutron.network object s_rally_574dd333_JEf9j5E6 (ed0340e5-8335-4252-96de-4c492c1c0bb1)
2019-06-09 08:46:59.191 22705 RALLYDEBUG rally_openstack.cleanup.manager [-] Deleting neutron.network object s_rally_574dd333_Hk2bxo3V (f2552719-ab11-4bba-9cce-edd7335379c2)
2019-06-09 08:46:59.394 22705 RALLYDEBUG rally_openstack.cleanup.manager [-] Deleting neutron.network object s_rally_574dd333_Iqh8CGl3 (f5789d7e-4443-40f0-ae00-6fcd2e7e01ec)
2019-06-09 08:46:59.400 22705 RALLYDEBUG rally_openstack.cleanup.manager [-] Deleting neutron.network object s_rally_574dd333_SBYWdxn5 (f876cc45-0e0f-47ce-8f06-72378a9cf59a)
2019-06-09 08:47:03.099 22705 RALLYDEBUG rally_openstack.cleanup.manager [-] Cleaning up neutron router objects
2019-06-09 08:47:03.914 22705 RALLYDEBUG rally_openstack.cleanup.manager [-] Cleaning up neutron security_group objects
2019-06-09 08:47:04.616 22705 INFO rally.task.context [-] Task 4f99d2c7-44b4-44d1-a539-5f80ec87a56a | Context cleanup@openstack cleanup() finished in 45.95 sec
2019-06-09 08:47:04.617 22705 INFO rally.task.context [-] Task 4f99d2c7-44b4-44d1-a539-5f80ec87a56a | Context quotas@openstack cleanup() started
2019-06-09 08:47:04.966 22705 INFO rally.task.context [-] Task 4f99d2c7-44b4-44d1-a539-5f80ec87a56a | Context quotas@openstack cleanup() finished in 0.35 sec
2019-06-09 08:47:04.967 22705 INFO rally.task.context [-] Task 4f99d2c7-44b4-44d1-a539-5f80ec87a56a | Context users@openstack cleanup() started
2019-06-09 08:47:10.405 22705 INFO rally.task.context [-] Task 4f99d2c7-44b4-44d1-a539-5f80ec87a56a | Context users@openstack cleanup() finished in 5.44 sec
2019-06-09 08:47:11.855 22705 INFO rally.task.engine [-] Load duration is: 45.715971
2019-06-09 08:47:11.855 22705 INFO rally.task.engine [-] Full runner duration is: 45.767987
2019-06-09 08:47:11.855 22705 INFO rally.task.engine [-] Full duration is: 102.967044
2019-06-09 08:47:12.046 22705 INFO rally.task.engine [-] Running workload: position = 2 config = { "version": 2, "title": "A cropped version of a bigger task.", "description": "Auto-generated task from a single workload (uuid=883c2071-b73c-401a-a9ed-bb2f3a4ee278)", "subtasks": [ { "title": "NeutronNetworks.create_and_delete_ports", "description": "Create and delete a port.", "scenario": { "NeutronNetworks.create_and_delete_ports": { "network_create_args": {}, "port_create_args": {}, "ports_per_network": 5 } }, "contexts": { "users": { "tenants": 1, "users_per_tenant": 1 }, "quotas": { "neutron": { "network": -1, "port": -1 } } }, "runner": { "constant": { "times": 40, "concurrency": 20 } }, "hooks": [], "sla": { "failure_rate": { "max": 0 } } } ] }
2019-06-09 08:47:12.068 22705 RALLYDEBUG rally_openstack.contexts.keystone.users [-] Creating 1 tenants using 20 threads
2019-06-09 08:47:13.988 22705 RALLYDEBUG rally_openstack.contexts.keystone.users [-] Creating 1 users using 20 threads
2019-06-09 08:47:16.835 22705 INFO rally.task.context [-] Task 4f99d2c7-44b4-44d1-a539-5f80ec87a56a | Context users@openstack setup() finished in 4.77 sec
2019-06-09 08:47:17.642 22705 INFO rally.task.context [-] Task 4f99d2c7-44b4-44d1-a539-5f80ec87a56a | Context quotas@openstack setup() finished in 0.81 sec
2019-06-09 08:47:17.643 22705 INFO rally.task.context [-] Task 4f99d2c7-44b4-44d1-a539-5f80ec87a56a | Context cleanup@openstack setup() finished in 0.01 msec
2019-06-09 08:47:17.650 22705 RALLYDEBUG rally.task.runner [-] Starting the constant runner (task UUID: 4f99d2c7-44b4-44d1-a539-5f80ec87a56a). timeout: 0 concurrency: 20 concurrency_per_worker: 1 times: 40 concurrency_overhead: 4 processes_to_start: 16 max_cpu_used: 16
2019-06-09 08:47:17.663 26951 RALLYDEBUG rally.task.runner [-] Starting a worker. concurrency: 2 args: {"network_create_args": {}, "port_create_args": {}, "ports_per_network": 5} times: 40 method_name: run timeout: 0 duration: None cls:
2019-06-09 08:47:17.666 26952 RALLYDEBUG rally.task.runner [-] Starting a worker. concurrency: 2 args: {"network_create_args": {}, "port_create_args": {}, "ports_per_network": 5} times: 40 method_name: run timeout: 0 duration: None cls:
2019-06-09 08:47:17.669 26953 RALLYDEBUG rally.task.runner [-] Starting a worker. concurrency: 2 args: {"network_create_args": {}, "port_create_args": {}, "ports_per_network": 5} times: 40 method_name: run timeout: 0 duration: None cls:
2019-06-09 08:47:17.671 26954 RALLYDEBUG rally.task.runner [-] Starting a worker. concurrency: 2 args: {"network_create_args": {}, "port_create_args": {}, "ports_per_network": 5} times: 40 method_name: run timeout: 0 duration: None cls:
2019-06-09 08:47:17.671 26951 INFO rally.task.runner [-] Task 4f99d2c7-44b4-44d1-a539-5f80ec87a56a | ITER: 1 START
2019-06-09 08:47:17.675 26957 RALLYDEBUG rally.task.runner [-] Starting a worker. concurrency: 1 args: {"network_create_args": {}, "port_create_args": {}, "ports_per_network": 5} times: 40 method_name: run timeout: 0 duration: None cls:
2019-06-09 08:47:17.676 26952 INFO rally.task.runner [-] Task 4f99d2c7-44b4-44d1-a539-5f80ec87a56a | ITER: 2 START
2019-06-09 08:47:17.673 26951 INFO rally.task.runner [-] Task 4f99d2c7-44b4-44d1-a539-5f80ec87a56a | ITER: 3 START
2019-06-09 08:47:17.675 26951 WARNING rally_openstack.scenarios.neutron.utils [-] Running this scenario without either the 'network' or 'existing_network' context is deprecated
2019-06-09 08:47:17.677 26952 WARNING rally_openstack.scenarios.neutron.utils [-] Running this scenario without either the 'network' or 'existing_network' context is deprecated
2019-06-09 08:47:17.679 26953 INFO rally.task.runner [-] Task 4f99d2c7-44b4-44d1-a539-5f80ec87a56a | ITER: 4 START
2019-06-09 08:47:17.679 26959 RALLYDEBUG rally.task.runner [-] Starting a worker. concurrency: 1 args: {"network_create_args": {}, "port_create_args": {}, "ports_per_network": 5} times: 40 method_name: run timeout: 0 duration: None cls:
2019-06-09 08:47:17.679 26954 INFO rally.task.runner [-] Task 4f99d2c7-44b4-44d1-a539-5f80ec87a56a | ITER: 6 START
2019-06-09 08:47:17.680 26953 WARNING rally_openstack.scenarios.neutron.utils [-] Running this scenario without either the 'network' or 'existing_network' context is deprecated
2019-06-09 08:47:17.682 26957 INFO rally.task.runner [-] Task 4f99d2c7-44b4-44d1-a539-5f80ec87a56a | ITER: 9 START
2019-06-09 08:47:17.682 26963 RALLYDEBUG rally.task.runner [-] Starting a worker. concurrency: 1 args: {"network_create_args": {}, "port_create_args": {}, "ports_per_network": 5} times: 40 method_name: run timeout: 0 duration: None cls:
2019-06-09 08:47:17.680 26954 INFO rally.task.runner [-] Task 4f99d2c7-44b4-44d1-a539-5f80ec87a56a | ITER: 8 START
2019-06-09 08:47:17.682 26954 WARNING rally_openstack.scenarios.neutron.utils [-] Running this scenario without either the 'network' or 'existing_network' context is deprecated
2019-06-09 08:47:17.683 26957 WARNING rally_openstack.scenarios.neutron.utils [-] Running this scenario without either the 'network' or 'existing_network' context is deprecated
2019-06-09 08:47:17.684 26952 INFO rally.task.runner [-] Task 4f99d2c7-44b4-44d1-a539-5f80ec87a56a | ITER: 5 START
2019-06-09 08:47:17.685 26952 WARNING rally_openstack.scenarios.neutron.utils [-] Running this scenario without either the 'network' or 'existing_network' context is deprecated
2019-06-09 08:47:17.686 26959 INFO rally.task.runner [-] Task 4f99d2c7-44b4-44d1-a539-5f80ec87a56a | ITER: 10 START
2019-06-09 08:47:17.681 26953 INFO rally.task.runner [-] Task 4f99d2c7-44b4-44d1-a539-5f80ec87a56a | ITER: 7 START
2019-06-09 08:47:17.677 26951 WARNING rally_openstack.scenarios.neutron.utils [-] Running this scenario without either the 'network' or 'existing_network' context is deprecated
2019-06-09 08:47:17.688 26963 INFO rally.task.runner [-] Task 4f99d2c7-44b4-44d1-a539-5f80ec87a56a | ITER: 11 START
2019-06-09 08:47:17.688 26959 WARNING rally_openstack.scenarios.neutron.utils [-] Running this scenario without either the 'network' or 'existing_network' context is deprecated
2019-06-09 08:47:17.687 26953 WARNING rally_openstack.scenarios.neutron.utils [-] Running this scenario without either the 'network' or 'existing_network' context is deprecated
2019-06-09 08:47:17.690 26963 WARNING rally_openstack.scenarios.neutron.utils [-] Running this scenario without either the 'network' or 'existing_network' context is deprecated
2019-06-09 08:47:17.692 26972 RALLYDEBUG rally.task.runner [-] Starting a worker. concurrency: 1 args: {"network_create_args": {}, "port_create_args": {}, "ports_per_network": 5} times: 40 method_name: run timeout: 0 duration: None cls:
2019-06-09 08:47:17.683 26954 WARNING rally_openstack.scenarios.neutron.utils [-] Running this scenario without either the 'network' or 'existing_network' context is deprecated
2019-06-09 08:47:17.699 26978 RALLYDEBUG rally.task.runner [-] Starting a worker. concurrency: 1 args: {"network_create_args": {}, "port_create_args": {}, "ports_per_network": 5} times: 40 method_name: run timeout: 0 duration: None cls:
2019-06-09 08:47:17.700 26972 INFO rally.task.runner [-] Task 4f99d2c7-44b4-44d1-a539-5f80ec87a56a | ITER: 12 START
2019-06-09 08:47:17.699 26977 RALLYDEBUG rally.task.runner [-] Starting a worker. concurrency: 1 args: {"network_create_args": {}, "port_create_args": {}, "ports_per_network": 5} times: 40 method_name: run timeout: 0 duration: None cls:
2019-06-09 08:47:17.702 26972 WARNING rally_openstack.scenarios.neutron.utils [-] Running this scenario without either the 'network' or 'existing_network' context is deprecated
2019-06-09 08:47:17.704 26978 INFO rally.task.runner [-] Task 4f99d2c7-44b4-44d1-a539-5f80ec87a56a | ITER: 13 START
2019-06-09 08:47:17.705 26977 INFO rally.task.runner [-] Task 4f99d2c7-44b4-44d1-a539-5f80ec87a56a | ITER: 14 START
2019-06-09 08:47:17.706 26978 WARNING rally_openstack.scenarios.neutron.utils [-] Running this scenario without either the 'network' or 'existing_network' context is deprecated
2019-06-09 08:47:17.706 26977 WARNING rally_openstack.scenarios.neutron.utils [-] Running this scenario without either the 'network' or 'existing_network' context is deprecated
2019-06-09 08:47:17.712 26981 RALLYDEBUG rally.task.runner [-] Starting a worker. concurrency: 1 args: {"network_create_args": {}, "port_create_args": {}, "ports_per_network": 5} times: 40 method_name: run timeout: 0 duration: None cls:
2019-06-09 08:47:17.714 26986 RALLYDEBUG rally.task.runner [-] Starting a worker. concurrency: 1 args: {"network_create_args": {}, "port_create_args": {}, "ports_per_network": 5} times: 40 method_name: run timeout: 0 duration: None cls:
2019-06-09 08:47:17.718 26981 INFO rally.task.runner [-] Task 4f99d2c7-44b4-44d1-a539-5f80ec87a56a | ITER: 15 START
2019-06-09 08:47:17.720 26981 WARNING rally_openstack.scenarios.neutron.utils [-] Running this scenario without either the 'network' or 'existing_network' context is deprecated
2019-06-09 08:47:17.722 26987 RALLYDEBUG rally.task.runner [-] Starting a worker. concurrency: 1 args: {"network_create_args": {}, "port_create_args": {}, "ports_per_network": 5} times: 40 method_name: run timeout: 0 duration: None cls:
2019-06-09 08:47:17.725 26986 INFO rally.task.runner [-] Task 4f99d2c7-44b4-44d1-a539-5f80ec87a56a | ITER: 16 START
2019-06-09 08:47:17.726 26990 RALLYDEBUG rally.task.runner [-] Starting a worker. concurrency: 1 args: {"network_create_args": {}, "port_create_args": {}, "ports_per_network": 5} times: 40 method_name: run timeout: 0 duration: None cls:
2019-06-09 08:47:17.727 26986 WARNING rally_openstack.scenarios.neutron.utils [-] Running this scenario without either the 'network' or 'existing_network' context is deprecated
2019-06-09 08:47:17.729 26987 INFO rally.task.runner [-] Task 4f99d2c7-44b4-44d1-a539-5f80ec87a56a | ITER: 17 START
2019-06-09 08:47:17.731 26987 WARNING rally_openstack.scenarios.neutron.utils [-] Running this scenario without either the 'network' or 'existing_network' context is deprecated
2019-06-09 08:47:17.731 26990 INFO rally.task.runner [-] Task 4f99d2c7-44b4-44d1-a539-5f80ec87a56a | ITER: 18 START
2019-06-09 08:47:17.732 26990 WARNING rally_openstack.scenarios.neutron.utils [-] Running this scenario without either the 'network' or 'existing_network' context is deprecated
2019-06-09 08:47:17.733 26993 RALLYDEBUG rally.task.runner [-] Starting a worker. concurrency: 1 args: {"network_create_args": {}, "port_create_args": {}, "ports_per_network": 5} times: 40 method_name: run timeout: 0 duration: None cls:
2019-06-09 08:47:17.737 26998 RALLYDEBUG rally.task.runner [-] Starting a worker. concurrency: 1 args: {"network_create_args": {}, "port_create_args": {}, "ports_per_network": 5} times: 40 method_name: run timeout: 0 duration: None cls:
2019-06-09 08:47:17.739 26993 INFO rally.task.runner [-] Task 4f99d2c7-44b4-44d1-a539-5f80ec87a56a | ITER: 19 START
2019-06-09 08:47:17.740 26993 WARNING rally_openstack.scenarios.neutron.utils [-] Running this scenario without either the 'network' or 'existing_network' context is deprecated
2019-06-09 08:47:17.741 26998 INFO rally.task.runner [-] Task 4f99d2c7-44b4-44d1-a539-5f80ec87a56a | ITER: 20 START
2019-06-09 08:47:17.743 26998 WARNING rally_openstack.scenarios.neutron.utils [-] Running this scenario without either the 'network' or 'existing_network' context is deprecated
2019-06-09 08:47:33.491 26987 INFO rally.task.runner [-] Task 4f99d2c7-44b4-44d1-a539-5f80ec87a56a | ITER: 17 END: OK
2019-06-09 08:47:33.496 26987 INFO rally.task.runner [-] Task 4f99d2c7-44b4-44d1-a539-5f80ec87a56a | ITER: 21 START
2019-06-09 08:47:33.497 26987 WARNING rally_openstack.scenarios.neutron.utils [-] Running this scenario without either the 'network' or 'existing_network' context is deprecated
2019-06-09 08:47:33.803 26954 INFO rally.task.runner [-] Task 4f99d2c7-44b4-44d1-a539-5f80ec87a56a | ITER: 6 END: OK
2019-06-09 08:47:33.808 26954 INFO rally.task.runner [-] Task 4f99d2c7-44b4-44d1-a539-5f80ec87a56a | ITER: 22 START
2019-06-09 08:47:33.808 26954 WARNING rally_openstack.scenarios.neutron.utils [-] Running this scenario without either the 'network' or 'existing_network' context is deprecated
2019-06-09 08:47:34.363 26981 INFO rally.task.runner [-] Task 4f99d2c7-44b4-44d1-a539-5f80ec87a56a | ITER: 15 END: OK
2019-06-09 08:47:34.368 26981 INFO rally.task.runner [-] Task 4f99d2c7-44b4-44d1-a539-5f80ec87a56a | ITER: 23 START
2019-06-09 08:47:34.368 26981 WARNING rally_openstack.scenarios.neutron.utils [-] Running this scenario without either the 'network' or 'existing_network' context is deprecated
2019-06-09 08:47:34.493 26972 INFO rally.task.runner [-] Task 4f99d2c7-44b4-44d1-a539-5f80ec87a56a | ITER: 12 END: OK
2019-06-09 08:47:34.497 26972 INFO rally.task.runner [-] Task 4f99d2c7-44b4-44d1-a539-5f80ec87a56a | ITER: 24 START
2019-06-09 08:47:34.498 26972 WARNING rally_openstack.scenarios.neutron.utils [-] Running this scenario without either the 'network' or 'existing_network' context is deprecated
2019-06-09 08:47:34.557 26954 INFO rally.task.runner [-] Task 4f99d2c7-44b4-44d1-a539-5f80ec87a56a | ITER: 8 END: OK
2019-06-09 08:47:34.561 26954 INFO rally.task.runner [-] Task 4f99d2c7-44b4-44d1-a539-5f80ec87a56a | ITER: 25 START
2019-06-09 08:47:34.562 26954 WARNING rally_openstack.scenarios.neutron.utils [-] Running this scenario without either the 'network' or 'existing_network' context is deprecated
2019-06-09 08:47:35.543 26993 INFO rally.task.runner [-] Task 4f99d2c7-44b4-44d1-a539-5f80ec87a56a | ITER: 19 END: OK
2019-06-09 08:47:35.547 26993 INFO rally.task.runner [-] Task 4f99d2c7-44b4-44d1-a539-5f80ec87a56a | ITER: 26 START
2019-06-09 08:47:35.548 26993 WARNING rally_openstack.scenarios.neutron.utils [-] Running this scenario without either the 'network' or 'existing_network' context is deprecated
2019-06-09 08:47:35.735 26952 INFO rally.task.runner [-] Task 4f99d2c7-44b4-44d1-a539-5f80ec87a56a | ITER: 5 END: OK
2019-06-09 08:47:35.740 26952 INFO rally.task.runner [-] Task 4f99d2c7-44b4-44d1-a539-5f80ec87a56a | ITER: 27 START
2019-06-09 08:47:35.740 26952 WARNING rally_openstack.scenarios.neutron.utils [-] Running this scenario without either the 'network' or 'existing_network' context is deprecated
2019-06-09 08:47:35.824 26986 INFO rally.task.runner [-] Task 4f99d2c7-44b4-44d1-a539-5f80ec87a56a | ITER: 16 END: OK
2019-06-09 08:47:35.828 26986 INFO rally.task.runner [-] Task 4f99d2c7-44b4-44d1-a539-5f80ec87a56a | ITER: 28 START
2019-06-09 08:47:35.829 26986 WARNING rally_openstack.scenarios.neutron.utils [-] Running this scenario without either the 'network' or 'existing_network' context is deprecated
2019-06-09 08:47:35.993 26977 INFO rally.task.runner [-] Task 4f99d2c7-44b4-44d1-a539-5f80ec87a56a | ITER: 14 END: OK
2019-06-09 08:47:35.996 26977 INFO rally.task.runner [-] Task 4f99d2c7-44b4-44d1-a539-5f80ec87a56a | ITER: 29 START
2019-06-09 08:47:35.997 26977 WARNING rally_openstack.scenarios.neutron.utils [-] Running this scenario without either the 'network' or 'existing_network' context is deprecated
2019-06-09 08:47:36.048 26978 INFO rally.task.runner [-] Task 4f99d2c7-44b4-44d1-a539-5f80ec87a56a | ITER: 13 END: OK
2019-06-09 08:47:36.051 26978 INFO rally.task.runner [-] Task 4f99d2c7-44b4-44d1-a539-5f80ec87a56a | ITER: 30 START
2019-06-09 08:47:36.052 26978 WARNING rally_openstack.scenarios.neutron.utils [-] Running this scenario without either the 'network' or 'existing_network' context is deprecated
2019-06-09 08:47:36.450 26957 INFO rally.task.runner [-] Task 4f99d2c7-44b4-44d1-a539-5f80ec87a56a | ITER: 9 END: OK
2019-06-09 08:47:36.455 26957 INFO rally.task.runner [-] Task 4f99d2c7-44b4-44d1-a539-5f80ec87a56a | ITER: 31 START
2019-06-09 08:47:36.455 26957 WARNING rally_openstack.scenarios.neutron.utils [-] Running this scenario without either the 'network' or 'existing_network' context is deprecated
2019-06-09 08:47:36.763 26952 INFO rally.task.runner [-] Task 4f99d2c7-44b4-44d1-a539-5f80ec87a56a | ITER: 2 END: OK
2019-06-09 08:47:36.766 26952 INFO rally.task.runner [-] Task 4f99d2c7-44b4-44d1-a539-5f80ec87a56a | ITER: 32 START
2019-06-09 08:47:36.767 26952 WARNING rally_openstack.scenarios.neutron.utils [-] Running this scenario without either the 'network' or 'existing_network' context is deprecated
2019-06-09 08:47:37.113 26990 INFO rally.task.runner [-] Task 4f99d2c7-44b4-44d1-a539-5f80ec87a56a | ITER: 18 END: OK
2019-06-09 08:47:37.117 26990 INFO rally.task.runner [-] Task 4f99d2c7-44b4-44d1-a539-5f80ec87a56a | ITER: 33 START
2019-06-09 08:47:37.118 26990 WARNING rally_openstack.scenarios.neutron.utils [-] Running this scenario without either the 'network' or 'existing_network' context is deprecated
2019-06-09 08:47:37.945 26951 INFO rally.task.runner [-] Task 4f99d2c7-44b4-44d1-a539-5f80ec87a56a | ITER: 3 END: OK
2019-06-09 08:47:37.949 26951 INFO rally.task.runner [-] Task 4f99d2c7-44b4-44d1-a539-5f80ec87a56a | ITER: 34 START
2019-06-09 08:47:37.950 26951 WARNING rally_openstack.scenarios.neutron.utils [-] Running this scenario without either the 'network' or 'existing_network' context is deprecated
2019-06-09 08:47:38.460 26951 INFO rally.task.runner [-] Task 4f99d2c7-44b4-44d1-a539-5f80ec87a56a | ITER: 1 END: OK
2019-06-09 08:47:38.464 26951 INFO rally.task.runner [-] Task 4f99d2c7-44b4-44d1-a539-5f80ec87a56a | ITER: 35 START
2019-06-09 08:47:38.464 26951 WARNING rally_openstack.scenarios.neutron.utils [-] Running this scenario without either the 'network' or 'existing_network' context is deprecated
2019-06-09 08:47:38.617 26998 INFO rally.task.runner [-] Task 4f99d2c7-44b4-44d1-a539-5f80ec87a56a | ITER: 20 END: OK
2019-06-09 08:47:38.622 26998 INFO rally.task.runner [-] Task 4f99d2c7-44b4-44d1-a539-5f80ec87a56a | ITER: 36 START
2019-06-09 08:47:38.622 26998 WARNING rally_openstack.scenarios.neutron.utils [-] Running this scenario without either the 'network' or 'existing_network' context is deprecated
2019-06-09 08:47:39.149 26959 INFO rally.task.runner [-] Task 4f99d2c7-44b4-44d1-a539-5f80ec87a56a | ITER: 10 END: OK
2019-06-09 08:47:39.154 26959 INFO rally.task.runner [-] Task 4f99d2c7-44b4-44d1-a539-5f80ec87a56a | ITER: 37 START
2019-06-09 08:47:39.155 26959 WARNING rally_openstack.scenarios.neutron.utils [-] Running this scenario without either the 'network' or 'existing_network' context is deprecated
2019-06-09 08:47:39.743 26953 INFO rally.task.runner [-] Task 4f99d2c7-44b4-44d1-a539-5f80ec87a56a | ITER: 7 END: OK
2019-06-09 08:47:39.747 26953 INFO rally.task.runner [-] Task 4f99d2c7-44b4-44d1-a539-5f80ec87a56a | ITER: 38 START
2019-06-09 08:47:39.748 26953 WARNING rally_openstack.scenarios.neutron.utils [-] Running this scenario without either the 'network' or 'existing_network' context is deprecated
2019-06-09 08:47:40.816 26953 INFO rally.task.runner [-] Task 4f99d2c7-44b4-44d1-a539-5f80ec87a56a | ITER: 4 END: OK
2019-06-09 08:47:40.820 26953 INFO rally.task.runner [-] Task 4f99d2c7-44b4-44d1-a539-5f80ec87a56a | ITER: 39 START
