2019-06-09 08:35:17.204 24803 INFO rally.task.runner [-] Task 4f99d2c7-44b4-44d1-a539-5f80ec87a56a | ITER: 8 START
2019-06-09 08:35:17.204 24818 RALLYDEBUG rally.task.runner [-] Starting a worker. concurrency: 1 args: {"network_create_args": {}, "subnet_create_args": {}, "subnet_cidr_start": "1.1.0.0/30", "subnets_per_network": 2} times: 40 method_name: run timeout: 0 duration: None cls:
2019-06-09 08:35:17.203 24814 RALLYDEBUG rally.task.runner [-] Starting a worker. concurrency: 1 args: {"network_create_args": {}, "subnet_create_args": {}, "subnet_cidr_start": "1.1.0.0/30", "subnets_per_network": 2} times: 40 method_name: run timeout: 0 duration: None cls:
2019-06-09 08:35:17.206 24803 WARNING rally_openstack.scenarios.neutron.utils [-] Running this scenario without either the 'network' or 'existing_network' context is deprecated
2019-06-09 08:35:17.196 24800 INFO rally.task.runner [-] Task 4f99d2c7-44b4-44d1-a539-5f80ec87a56a | ITER: 5 START
2019-06-09 08:35:17.210 24812 INFO rally.task.runner [-] Task 4f99d2c7-44b4-44d1-a539-5f80ec87a56a | ITER: 11 START
2019-06-09 08:35:17.209 24820 RALLYDEBUG rally.task.runner [-] Starting a worker. concurrency: 1 args: {"network_create_args": {}, "subnet_create_args": {}, "subnet_cidr_start": "1.1.0.0/30", "subnets_per_network": 2} times: 40 method_name: run timeout: 0 duration: None cls:
2019-06-09 08:35:17.211 24818 INFO rally.task.runner [-] Task 4f99d2c7-44b4-44d1-a539-5f80ec87a56a | ITER: 12 START
2019-06-09 08:35:17.212 24812 WARNING rally_openstack.scenarios.neutron.utils [-] Running this scenario without either the 'network' or 'existing_network' context is deprecated
2019-06-09 08:35:17.210 24800 WARNING rally_openstack.scenarios.neutron.utils [-] Running this scenario without either the 'network' or 'existing_network' context is deprecated
2019-06-09 08:35:17.212 24806 INFO rally.task.runner [-] Task 4f99d2c7-44b4-44d1-a539-5f80ec87a56a | ITER: 10 START
2019-06-09 08:35:17.212 24814 INFO rally.task.runner [-] Task 4f99d2c7-44b4-44d1-a539-5f80ec87a56a | ITER: 13 START
2019-06-09 08:35:17.213 24818 WARNING rally_openstack.scenarios.neutron.utils [-] Running this scenario without either the 'network' or 'existing_network' context is deprecated
2019-06-09 08:35:17.213 24802 INFO rally.task.runner [-] Task 4f99d2c7-44b4-44d1-a539-5f80ec87a56a | ITER: 9 START
2019-06-09 08:35:17.213 24806 WARNING rally_openstack.scenarios.neutron.utils [-] Running this scenario without either the 'network' or 'existing_network' context is deprecated
2019-06-09 08:35:17.214 24814 WARNING rally_openstack.scenarios.neutron.utils [-] Running this scenario without either the 'network' or 'existing_network' context is deprecated
2019-06-09 08:35:17.215 24823 RALLYDEBUG rally.task.runner [-] Starting a worker. concurrency: 1 args: {"network_create_args": {}, "subnet_create_args": {}, "subnet_cidr_start": "1.1.0.0/30", "subnets_per_network": 2} times: 40 method_name: run timeout: 0 duration: None cls:
2019-06-09 08:35:17.216 24830 RALLYDEBUG rally.task.runner [-] Starting a worker. concurrency: 1 args: {"network_create_args": {}, "subnet_create_args": {}, "subnet_cidr_start": "1.1.0.0/30", "subnets_per_network": 2} times: 40 method_name: run timeout: 0 duration: None cls:
2019-06-09 08:35:17.215 24827 RALLYDEBUG rally.task.runner [-] Starting a worker. concurrency: 1 args: {"network_create_args": {}, "subnet_create_args": {}, "subnet_cidr_start": "1.1.0.0/30", "subnets_per_network": 2} times: 40 method_name: run timeout: 0 duration: None cls:
2019-06-09 08:35:17.215 24802 WARNING rally_openstack.scenarios.neutron.utils [-] Running this scenario without either the 'network' or 'existing_network' context is deprecated
2019-06-09 08:35:17.219 24801 INFO rally.task.runner [-] Task 4f99d2c7-44b4-44d1-a539-5f80ec87a56a | ITER: 6 START
2019-06-09 08:35:17.221 24801 WARNING rally_openstack.scenarios.neutron.utils [-] Running this scenario without either the 'network' or 'existing_network' context is deprecated
2019-06-09 08:35:17.223 24830 INFO rally.task.runner [-] Task 4f99d2c7-44b4-44d1-a539-5f80ec87a56a | ITER: 16 START
2019-06-09 08:35:17.224 24823 INFO rally.task.runner [-] Task 4f99d2c7-44b4-44d1-a539-5f80ec87a56a | ITER: 15 START
2019-06-09 08:35:17.225 24823 WARNING rally_openstack.scenarios.neutron.utils [-] Running this scenario without either the 'network' or 'existing_network' context is deprecated
2019-06-09 08:35:17.225 24830 WARNING rally_openstack.scenarios.neutron.utils [-] Running this scenario without either the 'network' or 'existing_network' context is deprecated
2019-06-09 08:35:17.227 24827 INFO rally.task.runner [-] Task 4f99d2c7-44b4-44d1-a539-5f80ec87a56a | ITER: 17 START
2019-06-09 08:35:17.226 24835 RALLYDEBUG rally.task.runner [-] Starting a worker. concurrency: 1 args: {"network_create_args": {}, "subnet_create_args": {}, "subnet_cidr_start": "1.1.0.0/30", "subnets_per_network": 2} times: 40 method_name: run timeout: 0 duration: None cls:
2019-06-09 08:35:17.229 24827 WARNING rally_openstack.scenarios.neutron.utils [-] Running this scenario without either the 'network' or 'existing_network' context is deprecated
2019-06-09 08:35:17.229 24820 INFO rally.task.runner [-] Task 4f99d2c7-44b4-44d1-a539-5f80ec87a56a | ITER: 14 START
2019-06-09 08:35:17.231 24820 WARNING rally_openstack.scenarios.neutron.utils [-] Running this scenario without either the 'network' or 'existing_network' context is deprecated
2019-06-09 08:35:17.234 24835 INFO rally.task.runner [-] Task 4f99d2c7-44b4-44d1-a539-5f80ec87a56a | ITER: 18 START
2019-06-09 08:35:17.235 24835 WARNING rally_openstack.scenarios.neutron.utils [-] Running this scenario without either the 'network' or 'existing_network' context is deprecated
2019-06-09 08:35:17.240 24843 RALLYDEBUG rally.task.runner [-] Starting a worker. concurrency: 1 args: {"network_create_args": {}, "subnet_create_args": {}, "subnet_cidr_start": "1.1.0.0/30", "subnets_per_network": 2} times: 40 method_name: run timeout: 0 duration: None cls:
2019-06-09 08:35:17.241 24846 RALLYDEBUG rally.task.runner [-] Starting a worker. concurrency: 1 args: {"network_create_args": {}, "subnet_create_args": {}, "subnet_cidr_start": "1.1.0.0/30", "subnets_per_network": 2} times: 40 method_name: run timeout: 0 duration: None cls:
2019-06-09 08:35:17.249 24843 INFO rally.task.runner [-] Task 4f99d2c7-44b4-44d1-a539-5f80ec87a56a | ITER: 19 START
2019-06-09 08:35:17.249 24846 INFO rally.task.runner [-] Task 4f99d2c7-44b4-44d1-a539-5f80ec87a56a | ITER: 20 START
2019-06-09 08:35:17.251 24843 WARNING rally_openstack.scenarios.neutron.utils [-] Running this scenario without either the 'network' or 'existing_network' context is deprecated
2019-06-09 08:35:17.251 24846 WARNING rally_openstack.scenarios.neutron.utils [-] Running this scenario without either the 'network' or 'existing_network' context is deprecated
2019-06-09 08:35:19.673 24818 RALLYDEBUG rally_openstack.wrappers.network [-] CIDR generated: 1.1.4.96/30
2019-06-09 08:35:19.731 24812 RALLYDEBUG rally_openstack.wrappers.network [-] CIDR generated: 1.1.4.100/30
2019-06-09 08:35:19.851 24799 RALLYDEBUG rally_openstack.wrappers.network [-] CIDR generated: 1.1.4.104/30
2019-06-09 08:35:19.959 24843 RALLYDEBUG rally_openstack.wrappers.network [-] CIDR generated: 1.1.4.108/30
2019-06-09 08:35:20.007 24846 RALLYDEBUG rally_openstack.wrappers.network [-] CIDR generated: 1.1.4.112/30
2019-06-09 08:35:21.286 24800 RALLYDEBUG rally_openstack.wrappers.network [-] CIDR generated: 1.1.4.116/30
2019-06-09 08:35:21.302 24820 RALLYDEBUG rally_openstack.wrappers.network [-] CIDR generated: 1.1.4.120/30
2019-06-09 08:35:21.479 24812 RALLYDEBUG rally_openstack.wrappers.network [-] CIDR generated: 1.1.4.124/30
2019-06-09 08:35:21.611 24818 RALLYDEBUG rally_openstack.wrappers.network [-] CIDR generated: 1.1.4.128/30
2019-06-09 08:35:21.640 24835 RALLYDEBUG rally_openstack.wrappers.network [-] CIDR generated: 1.1.4.132/30
2019-06-09 08:35:21.683 24814 RALLYDEBUG rally_openstack.wrappers.network [-] CIDR generated: 1.1.4.136/30
2019-06-09 08:35:21.772 24799 RALLYDEBUG rally_openstack.wrappers.network [-] CIDR generated: 1.1.4.140/30
2019-06-09 08:35:21.808 24843 RALLYDEBUG rally_openstack.wrappers.network [-] CIDR generated: 1.1.4.144/30
2019-06-09 08:35:21.900 24801 RALLYDEBUG rally_openstack.wrappers.network [-] CIDR generated: 1.1.4.148/30
2019-06-09 08:35:21.910 24827 RALLYDEBUG rally_openstack.wrappers.network [-] CIDR generated: 1.1.4.152/30
2019-06-09 08:35:21.932 24802 RALLYDEBUG rally_openstack.wrappers.network [-] CIDR generated: 1.1.4.156/30
2019-06-09 08:35:21.969 24802 RALLYDEBUG rally_openstack.wrappers.network [-] CIDR generated: 1.1.4.160/30
2019-06-09 08:35:22.318 24846 RALLYDEBUG rally_openstack.wrappers.network [-] CIDR generated: 1.1.4.164/30
2019-06-09 08:35:22.408 24799 RALLYDEBUG rally_openstack.wrappers.network [-] CIDR generated: 1.1.4.168/30
2019-06-09 08:35:23.821 24827 RALLYDEBUG rally_openstack.wrappers.network [-] CIDR generated: 1.1.4.172/30
2019-06-09 08:35:23.875 24800 RALLYDEBUG rally_openstack.wrappers.network [-] CIDR generated: 1.1.4.176/30
2019-06-09 08:35:23.965 24820 RALLYDEBUG rally_openstack.wrappers.network [-] CIDR generated: 1.1.4.180/30
2019-06-09 08:35:23.977 24835 RALLYDEBUG rally_openstack.wrappers.network [-] CIDR generated: 1.1.4.184/30
2019-06-09 08:35:24.553 24799 RALLYDEBUG rally_openstack.wrappers.network [-] CIDR generated: 1.1.4.188/30
2019-06-09 08:35:24.737 24802 RALLYDEBUG rally_openstack.wrappers.network [-] CIDR generated: 1.1.4.192/30
2019-06-09 08:35:24.774 24806 RALLYDEBUG rally_openstack.wrappers.network [-] CIDR generated: 1.1.4.196/30
2019-06-09 08:35:24.812 24801 RALLYDEBUG rally_openstack.wrappers.network [-] CIDR generated: 1.1.4.200/30
2019-06-09 08:35:24.875 24823 RALLYDEBUG rally_openstack.wrappers.network [-] CIDR generated: 1.1.4.204/30
2019-06-09 08:35:24.936 24830 RALLYDEBUG rally_openstack.wrappers.network [-] CIDR generated: 1.1.4.208/30
2019-06-09 08:35:25.031 24800 RALLYDEBUG rally_openstack.wrappers.network [-] CIDR generated: 1.1.4.212/30
2019-06-09 08:35:25.088 24803 RALLYDEBUG rally_openstack.wrappers.network [-] CIDR generated: 1.1.4.216/30
2019-06-09 08:35:27.175 24823 RALLYDEBUG rally_openstack.wrappers.network [-] CIDR generated: 1.1.4.220/30
2019-06-09 08:35:27.774 24830 RALLYDEBUG rally_openstack.wrappers.network [-] CIDR generated: 1.1.4.224/30
2019-06-09 08:35:27.871 24814 RALLYDEBUG rally_openstack.wrappers.network [-] CIDR generated: 1.1.4.228/30
2019-06-09 08:35:27.925 24812 INFO rally.task.runner [-] Task 4f99d2c7-44b4-44d1-a539-5f80ec87a56a | ITER: 11 END: OK
2019-06-09 08:35:27.930 24812 INFO rally.task.runner [-] Task 4f99d2c7-44b4-44d1-a539-5f80ec87a56a | ITER: 21 START
2019-06-09 08:35:27.930 24812 WARNING rally_openstack.scenarios.neutron.utils [-] Running this scenario without either the 'network' or 'existing_network' context is deprecated
2019-06-09 08:35:28.218 24802 RALLYDEBUG rally_openstack.wrappers.network [-] CIDR generated: 1.1.4.232/30
2019-06-09 08:35:28.476 24801 RALLYDEBUG rally_openstack.wrappers.network [-] CIDR generated: 1.1.4.236/30
2019-06-09 08:35:28.593 24801 RALLYDEBUG rally_openstack.wrappers.network [-] CIDR generated: 1.1.4.240/30
2019-06-09 08:35:28.719 24800 RALLYDEBUG rally_openstack.wrappers.network [-] CIDR generated: 1.1.4.244/30
2019-06-09 08:35:28.760 24818 INFO rally.task.runner [-] Task 4f99d2c7-44b4-44d1-a539-5f80ec87a56a | ITER: 12 END: OK
2019-06-09 08:35:28.764 24818 INFO rally.task.runner [-] Task 4f99d2c7-44b4-44d1-a539-5f80ec87a56a | ITER: 22 START
2019-06-09 08:35:28.765 24818 WARNING rally_openstack.scenarios.neutron.utils [-] Running this scenario without either the 'network' or 'existing_network' context is deprecated
2019-06-09 08:35:29.522 24806 RALLYDEBUG rally_openstack.wrappers.network [-] CIDR generated: 1.1.4.248/30
2019-06-09 08:35:29.545 24803 RALLYDEBUG rally_openstack.wrappers.network [-] CIDR generated: 1.1.4.252/30
2019-06-09 08:35:29.844 24846 INFO rally.task.runner [-] Task 4f99d2c7-44b4-44d1-a539-5f80ec87a56a | ITER: 20 END: OK
2019-06-09 08:35:29.849 24846 INFO rally.task.runner [-] Task 4f99d2c7-44b4-44d1-a539-5f80ec87a56a | ITER: 23 START
2019-06-09 08:35:29.849 24846 WARNING rally_openstack.scenarios.neutron.utils [-] Running this scenario without either the 'network' or 'existing_network' context is deprecated
2019-06-09 08:35:29.898 24799 INFO rally.task.runner [-] Task 4f99d2c7-44b4-44d1-a539-5f80ec87a56a | ITER: 1 END: OK
2019-06-09 08:35:29.902 24799 INFO rally.task.runner [-] Task 4f99d2c7-44b4-44d1-a539-5f80ec87a56a | ITER: 24 START
2019-06-09 08:35:29.902 24799 WARNING rally_openstack.scenarios.neutron.utils [-] Running this scenario without either the 'network' or 'existing_network' context is deprecated
2019-06-09 08:35:30.114 24812 RALLYDEBUG rally_openstack.wrappers.network [-] CIDR generated: 1.1.5.0/30
2019-06-09 08:35:30.173 24843 INFO rally.task.runner [-] Task 4f99d2c7-44b4-44d1-a539-5f80ec87a56a | ITER: 19 END: OK
2019-06-09 08:35:30.176 24843 INFO rally.task.runner [-] Task 4f99d2c7-44b4-44d1-a539-5f80ec87a56a | ITER: 25 START
2019-06-09 08:35:30.177 24843 WARNING rally_openstack.scenarios.neutron.utils [-] Running this scenario without either the 'network' or 'existing_network' context is deprecated
2019-06-09 08:35:30.220 24827 INFO rally.task.runner [-] Task 4f99d2c7-44b4-44d1-a539-5f80ec87a56a | ITER: 17 END: OK
2019-06-09 08:35:30.225 24827 INFO rally.task.runner [-] Task 4f99d2c7-44b4-44d1-a539-5f80ec87a56a | ITER: 26 START
2019-06-09 08:35:30.225 24827 WARNING rally_openstack.scenarios.neutron.utils [-] Running this scenario without either the 'network' or 'existing_network' context is deprecated
2019-06-09 08:35:30.639 24820 INFO rally.task.runner [-] Task 4f99d2c7-44b4-44d1-a539-5f80ec87a56a | ITER: 14 END: OK
2019-06-09 08:35:30.643 24820 INFO rally.task.runner [-] Task 4f99d2c7-44b4-44d1-a539-5f80ec87a56a | ITER: 27 START
2019-06-09 08:35:30.644 24820 WARNING rally_openstack.scenarios.neutron.utils [-] Running this scenario without either the 'network' or 'existing_network' context is deprecated
2019-06-09 08:35:30.982 24818 RALLYDEBUG rally_openstack.wrappers.network [-] CIDR generated: 1.1.5.4/30
2019-06-09 08:35:31.608 24799 INFO rally.task.runner [-] Task 4f99d2c7-44b4-44d1-a539-5f80ec87a56a | ITER: 3 END: OK
2019-06-09 08:35:31.612 24799 INFO rally.task.runner [-] Task 4f99d2c7-44b4-44d1-a539-5f80ec87a56a | ITER: 28 START
2019-06-09 08:35:31.612 24799 WARNING rally_openstack.scenarios.neutron.utils [-] Running this scenario without either the 'network' or 'existing_network' context is deprecated
2019-06-09 08:35:31.875 24846 RALLYDEBUG rally_openstack.wrappers.network [-] CIDR generated: 1.1.5.8/30
2019-06-09 08:35:32.614 24800 INFO rally.task.runner [-] Task 4f99d2c7-44b4-44d1-a539-5f80ec87a56a | ITER: 5 END: OK
2019-06-09 08:35:32.618 24800 INFO rally.task.runner [-] Task 4f99d2c7-44b4-44d1-a539-5f80ec87a56a | ITER: 29 START
2019-06-09 08:35:32.619 24800 WARNING rally_openstack.scenarios.neutron.utils [-] Running this scenario without either the 'network' or 'existing_network' context is deprecated
2019-06-09 08:35:32.743 24812 RALLYDEBUG rally_openstack.wrappers.network [-] CIDR generated: 1.1.5.12/30
2019-06-09 08:35:32.868 24835 INFO rally.task.runner [-] Task 4f99d2c7-44b4-44d1-a539-5f80ec87a56a | ITER: 18 END: OK
2019-06-09 08:35:32.873 24835 INFO rally.task.runner [-] Task 4f99d2c7-44b4-44d1-a539-5f80ec87a56a | ITER: 30 START
2019-06-09 08:35:32.873 24835 WARNING rally_openstack.scenarios.neutron.utils [-] Running this scenario without either the 'network' or 'existing_network' context is deprecated
2019-06-09 08:35:33.102 24799 RALLYDEBUG rally_openstack.wrappers.network [-] CIDR generated: 1.1.5.16/30
2019-06-09 08:35:33.133 24827 RALLYDEBUG rally_openstack.wrappers.network [-] CIDR generated: 1.1.5.20/30
2019-06-09 08:35:33.438 24801 INFO rally.task.runner [-] Task 4f99d2c7-44b4-44d1-a539-5f80ec87a56a | ITER: 4 END: OK
2019-06-09 08:35:33.442 24801 INFO rally.task.runner [-] Task 4f99d2c7-44b4-44d1-a539-5f80ec87a56a | ITER: 31 START
2019-06-09 08:35:33.442 24801 WARNING rally_openstack.scenarios.neutron.utils [-] Running this scenario without either the 'network' or 'existing_network' context is deprecated
2019-06-09 08:35:33.449 24820 RALLYDEBUG rally_openstack.wrappers.network [-] CIDR generated: 1.1.5.24/30
2019-06-09 08:35:33.461 24843 RALLYDEBUG rally_openstack.wrappers.network [-] CIDR generated: 1.1.5.28/30
2019-06-09 08:35:33.754 24846 RALLYDEBUG rally_openstack.wrappers.network [-] CIDR generated: 1.1.5.32/30
2019-06-09 08:35:33.821 24818 RALLYDEBUG rally_openstack.wrappers.network [-] CIDR generated: 1.1.5.36/30
2019-06-09 08:35:33.855 24802 INFO rally.task.runner [-] Task 4f99d2c7-44b4-44d1-a539-5f80ec87a56a | ITER: 7 END: OK
2019-06-09 08:35:33.859 24802 INFO rally.task.runner [-] Task 4f99d2c7-44b4-44d1-a539-5f80ec87a56a | ITER: 32 START
2019-06-09 08:35:33.860 24802 WARNING rally_openstack.scenarios.neutron.utils [-] Running this scenario without either the 'network' or 'existing_network' context is deprecated
2019-06-09 08:35:34.116 24823 INFO rally.task.runner [-] Task 4f99d2c7-44b4-44d1-a539-5f80ec87a56a | ITER: 15 END: OK
2019-06-09 08:35:34.119 24823 INFO rally.task.runner [-] Task 4f99d2c7-44b4-44d1-a539-5f80ec87a56a | ITER: 33 START
2019-06-09 08:35:34.120 24823 WARNING rally_openstack.scenarios.neutron.utils [-] Running this scenario without either the 'network' or 'existing_network' context is deprecated
2019-06-09 08:35:34.355 24830 INFO rally.task.runner [-] Task 4f99d2c7-44b4-44d1-a539-5f80ec87a56a | ITER: 16 END: OK
2019-06-09 08:35:34.359 24830 INFO rally.task.runner [-] Task 4f99d2c7-44b4-44d1-a539-5f80ec87a56a | ITER: 34 START
2019-06-09 08:35:34.360 24830 WARNING rally_openstack.scenarios.neutron.utils [-] Running this scenario without either the 'network' or 'existing_network' context is deprecated
2019-06-09 08:35:34.686 24799 RALLYDEBUG rally_openstack.wrappers.network [-] CIDR generated: 1.1.5.40/30
2019-06-09 08:35:35.000 24800 RALLYDEBUG rally_openstack.wrappers.network [-] CIDR generated: 1.1.5.44/30
2019-06-09 08:35:35.625 24801 RALLYDEBUG rally_openstack.wrappers.network [-] CIDR generated: 1.1.5.48/30
2019-06-09 08:35:35.857 24835 RALLYDEBUG rally_openstack.wrappers.network [-] CIDR generated: 1.1.5.52/30
2019-06-09 08:35:35.905 24820 RALLYDEBUG rally_openstack.wrappers.network [-] CIDR generated: 1.1.5.56/30
2019-06-09 08:35:35.940 24799 RALLYDEBUG rally_openstack.wrappers.network [-] CIDR generated: 1.1.5.60/30
2019-06-09 08:35:36.397 24814 INFO rally.task.runner [-] Task 4f99d2c7-44b4-44d1-a539-5f80ec87a56a | ITER: 13 END: OK
2019-06-09 08:35:36.401 24814 INFO rally.task.runner [-] Task 4f99d2c7-44b4-44d1-a539-5f80ec87a56a | ITER: 35 START
2019-06-09 08:35:36.402 24814 WARNING rally_openstack.scenarios.neutron.utils [-] Running this scenario without either the 'network' or 'existing_network' context is deprecated
2019-06-09 08:35:36.639 24800 INFO rally.task.runner [-] Task 4f99d2c7-44b4-44d1-a539-5f80ec87a56a | ITER: 2 END: OK
2019-06-09 08:35:36.643 24800 INFO rally.task.runner [-] Task 4f99d2c7-44b4-44d1-a539-5f80ec87a56a | ITER: 36 START
2019-06-09 08:35:36.644 24800 WARNING rally_openstack.scenarios.neutron.utils [-] Running this scenario without either the 'network' or 'existing_network' context is deprecated
2019-06-09 08:35:36.888 24827 RALLYDEBUG rally_openstack.wrappers.network [-] CIDR generated: 1.1.5.64/30
2019-06-09 08:35:36.898 24823 RALLYDEBUG rally_openstack.wrappers.network [-] CIDR generated: 1.1.5.68/30
2019-06-09 08:35:37.138 24830 RALLYDEBUG rally_openstack.wrappers.network [-] CIDR generated: 1.1.5.72/30
2019-06-09 08:35:37.175 24802 RALLYDEBUG rally_openstack.wrappers.network [-] CIDR generated: 1.1.5.76/30
2019-06-09 08:35:37.330 24800 RALLYDEBUG rally_openstack.wrappers.network [-] CIDR generated: 1.1.5.80/30
2019-06-09 08:35:37.479 24799 RALLYDEBUG rally_openstack.wrappers.network [-] CIDR generated: 1.1.5.84/30
2019-06-09 08:35:37.515 24843 RALLYDEBUG rally_openstack.wrappers.network [-] CIDR generated: 1.1.5.88/30
2019-06-09 08:35:37.746 24803 INFO rally.task.runner [-] Task 4f99d2c7-44b4-44d1-a539-5f80ec87a56a | ITER: 8 END: OK
2019-06-09 08:35:37.750 24803 INFO rally.task.runner [-] Task 4f99d2c7-44b4-44d1-a539-5f80ec87a56a | ITER: 37 START
2019-06-09 08:35:37.751 24803 WARNING rally_openstack.scenarios.neutron.utils [-] Running this scenario without either the 'network' or 'existing_network' context is deprecated
2019-06-09 08:35:37.787 24802 INFO rally.task.runner [-] Task 4f99d2c7-44b4-44d1-a539-5f80ec87a56a | ITER: 9 END: OK
2019-06-09 08:35:37.791 24802 INFO rally.task.runner [-] Task 4f99d2c7-44b4-44d1-a539-5f80ec87a56a | ITER: 38 START
2019-06-09 08:35:37.791 24802 WARNING rally_openstack.scenarios.neutron.utils [-] Running this scenario without either the 'network' or 'existing_network' context is deprecated
2019-06-09 08:35:37.970 24801 RALLYDEBUG rally_openstack.wrappers.network [-] CIDR generated: 1.1.5.92/30
2019-06-09 08:35:38.505 24806 INFO rally.task.runner [-] Task 4f99d2c7-44b4-44d1-a539-5f80ec87a56a | ITER: 10 END: OK
2019-06-09 08:35:38.509 24806 INFO rally.task.runner [-] Task 4f99d2c7-44b4-44d1-a539-5f80ec87a56a | ITER: 39 START
2019-06-09 08:35:38.510 24806 WARNING rally_openstack.scenarios.neutron.utils [-] Running this scenario without either the 'network' or 'existing_network' context is deprecated
2019-06-09 08:35:38.512 24801 INFO rally.task.runner [-] Task 4f99d2c7-44b4-44d1-a539-5f80ec87a56a | ITER: 6 END: OK
2019-06-09 08:35:38.515 24801 INFO rally.task.runner [-] Task 4f99d2c7-44b4-44d1-a539-5f80ec87a56a | ITER: 40 START
2019-06-09 08:35:38.516 24801 WARNING rally_openstack.scenarios.neutron.utils [-] Running this scenario without either the 'network' or 'existing_network' context is deprecated
2019-06-09 08:35:38.521 24835 RALLYDEBUG rally_openstack.wrappers.network [-] CIDR generated: 1.1.5.96/30
2019-06-09 08:35:38.656 24814 RALLYDEBUG rally_openstack.wrappers.network [-] CIDR generated: 1.1.5.100/30
2019-06-09 08:35:39.043 24800 RALLYDEBUG rally_openstack.wrappers.network [-] CIDR generated: 1.1.5.104/30
2019-06-09 08:35:39.187 24823 RALLYDEBUG rally_openstack.wrappers.network [-] CIDR generated: 1.1.5.108/30
2019-06-09 08:35:39.572 24812 INFO rally.task.runner [-] Task 4f99d2c7-44b4-44d1-a539-5f80ec87a56a | ITER: 21 END: OK
2019-06-09 08:35:39.767 24830 RALLYDEBUG rally_openstack.wrappers.network [-] CIDR generated: 1.1.5.112/30
2019-06-09 08:35:40.096 24803 RALLYDEBUG rally_openstack.wrappers.network [-] CIDR generated: 1.1.5.116/30
2019-06-09 08:35:40.180 24802 RALLYDEBUG rally_openstack.wrappers.network [-] CIDR generated: 1.1.5.120/30
2019-06-09 08:35:40.408 24846 INFO rally.task.runner [-] Task 4f99d2c7-44b4-44d1-a539-5f80ec87a56a | ITER: 23 END: OK
2019-06-09 08:35:40.551 24801 RALLYDEBUG rally_openstack.wrappers.network [-] CIDR generated: 1.1.5.124/30
2019-06-09 08:35:40.857 24806 RALLYDEBUG rally_openstack.wrappers.network [-] CIDR generated: 1.1.5.128/30
2019-06-09 08:35:41.078 24800 RALLYDEBUG rally_openstack.wrappers.network [-] CIDR generated: 1.1.5.132/30
2019-06-09 08:35:41.156 24814 RALLYDEBUG rally_openstack.wrappers.network [-] CIDR generated: 1.1.5.136/30
2019-06-09 08:35:41.564 24802 RALLYDEBUG rally_openstack.wrappers.network [-] CIDR generated: 1.1.5.140/30
2019-06-09 08:35:41.575 24820 INFO rally.task.runner [-] Task 4f99d2c7-44b4-44d1-a539-5f80ec87a56a | ITER: 27 END: OK
2019-06-09 08:35:42.018 24803 RALLYDEBUG rally_openstack.wrappers.network [-] CIDR generated: 1.1.5.144/30
2019-06-09 08:35:42.419 24802 RALLYDEBUG rally_openstack.wrappers.network [-] CIDR generated: 1.1.5.148/30
2019-06-09 08:35:42.750 24818 INFO rally.task.runner [-] Task 4f99d2c7-44b4-44d1-a539-5f80ec87a56a | ITER: 22 END: OK
2019-06-09 08:35:42.848 24801 RALLYDEBUG rally_openstack.wrappers.network [-] CIDR generated: 1.1.5.152/30
2019-06-09 08:35:42.877 24799 INFO rally.task.runner [-] Task 4f99d2c7-44b4-44d1-a539-5f80ec87a56a | ITER: 24 END: OK
2019-06-09 08:35:43.115 24799 INFO rally.task.runner [-] Task 4f99d2c7-44b4-44d1-a539-5f80ec87a56a | ITER: 28 END: OK
2019-06-09 08:35:43.203 24806 RALLYDEBUG rally_openstack.wrappers.network [-] CIDR generated: 1.1.5.156/30
2019-06-09 08:35:44.359 24827 INFO rally.task.runner [-] Task 4f99d2c7-44b4-44d1-a539-5f80ec87a56a | ITER: 26 END: OK
2019-06-09 08:35:44.596 24835 INFO rally.task.runner [-] Task 4f99d2c7-44b4-44d1-a539-5f80ec87a56a | ITER: 30 END: OK
2019-06-09 08:35:44.822 24823 INFO rally.task.runner [-] Task 4f99d2c7-44b4-44d1-a539-5f80ec87a56a | ITER: 33 END: OK
2019-06-09 08:35:45.093 24800 INFO rally.task.runner [-] Task 4f99d2c7-44b4-44d1-a539-5f80ec87a56a | ITER: 29 END: OK
2019-06-09 08:35:46.138 24843 INFO rally.task.runner [-] Task 4f99d2c7-44b4-44d1-a539-5f80ec87a56a | ITER: 25 END: OK
2019-06-09 08:35:46.177 24801 INFO rally.task.runner [-] Task 4f99d2c7-44b4-44d1-a539-5f80ec87a56a | ITER: 31 END: OK
2019-06-09 08:35:46.630 24830 INFO rally.task.runner [-] Task 4f99d2c7-44b4-44d1-a539-5f80ec87a56a | ITER: 34 END: OK
2019-06-09 08:35:46.748 24814 INFO rally.task.runner [-] Task 4f99d2c7-44b4-44d1-a539-5f80ec87a56a | ITER: 35 END: OK
2019-06-09 08:35:47.605 24800 INFO rally.task.runner [-] Task 4f99d2c7-44b4-44d1-a539-5f80ec87a56a | ITER: 36 END: OK
2019-06-09 08:35:47.931 24802 INFO rally.task.runner [-] Task 4f99d2c7-44b4-44d1-a539-5f80ec87a56a | ITER: 38 END: OK
2019-06-09 08:35:48.365 24802 INFO rally.task.runner [-] Task 4f99d2c7-44b4-44d1-a539-5f80ec87a56a | ITER: 32 END: OK
2019-06-09 08:35:48.605 24803 INFO rally.task.runner [-] Task 4f99d2c7-44b4-44d1-a539-5f80ec87a56a | ITER: 37 END: OK
2019-06-09 08:35:48.673 24801 INFO rally.task.runner [-] Task 4f99d2c7-44b4-44d1-a539-5f80ec87a56a | ITER: 40 END: OK
2019-06-09 08:35:48.803 24806 INFO rally.task.runner [-] Task 4f99d2c7-44b4-44d1-a539-5f80ec87a56a | ITER: 39 END: OK
2019-06-09 08:35:48.830 22705 INFO rally.task.context [-] Task 4f99d2c7-44b4-44d1-a539-5f80ec87a56a | Context cleanup@openstack cleanup() started
2019-06-09 08:35:48.832 22705 RALLYDEBUG rally_openstack.cleanup.manager [-] Cleaning up neutron vip objects
2019-06-09 08:35:49.560 22705 RALLYDEBUG rally_openstack.cleanup.manager [-] Cleaning up neutron health_monitor objects
2019-06-09 08:35:50.192 22705 RALLYDEBUG rally_openstack.cleanup.manager [-] Cleaning up neutron pool objects
2019-06-09 08:35:50.826 22705 RALLYDEBUG rally_openstack.cleanup.manager [-] Cleaning up neutron loadbalancer objects
2019-06-09 08:35:51.564 22705 RALLYDEBUG rally_openstack.cleanup.manager [-] Cleaning up neutron floatingip objects
2019-06-09 08:35:52.243 22705 RALLYDEBUG rally_openstack.cleanup.manager [-] Cleaning up neutron port objects
2019-06-09 08:35:53.357 22705 RALLYDEBUG rally_openstack.cleanup.manager [-] Cleaning up neutron subnet objects
2019-06-09 08:35:54.138 22705 RALLYDEBUG rally_openstack.cleanup.manager [-] Cleaning up neutron network objects
2019-06-09 08:35:55.041 22705 RALLYDEBUG rally_openstack.cleanup.manager [-] Deleting neutron.network object s_rally_059843cf_2J7STW6Q (03fae432-df91-44cf-bb51-ed9540df15cf)
2019-06-09 08:35:55.048 22705 RALLYDEBUG rally_openstack.cleanup.manager [-] Deleting neutron.network object s_rally_059843cf_1XkjEjM9 (0ae3f4ed-37e7-4a8b-b28a-84e8fee6667e)
2019-06-09 08:35:55.055 22705 RALLYDEBUG rally_openstack.cleanup.manager [-] Deleting neutron.network object s_rally_059843cf_BnlSz87W (125f7da0-3ec6-44b4-af4d-3df09bfd58e9)
2019-06-09 08:35:55.063 22705 RALLYDEBUG rally_openstack.cleanup.manager [-] Deleting neutron.network object s_rally_059843cf_pxyOBrGn (18294bbb-8067-4716-ad4b-3628a4013707)
2019-06-09 08:35:55.072 22705 RALLYDEBUG rally_openstack.cleanup.manager [-] Deleting neutron.network object s_rally_059843cf_DzU7VD2g (19d02e58-fcd7-41b5-b32a-efc0f062b22c)
2019-06-09 08:35:55.082 22705 RALLYDEBUG rally_openstack.cleanup.manager [-] Deleting neutron.network object s_rally_059843cf_krRn0Qvz (1c51be61-54a5-44f1-a968-9bf091b2e944)
2019-06-09 08:35:55.090 22705 RALLYDEBUG rally_openstack.cleanup.manager [-] Deleting neutron.network object s_rally_059843cf_CsEOPUFt (2d0f752b-f315-4523-84b6-6ca4ba74658c)
2019-06-09 08:35:55.099 22705 RALLYDEBUG rally_openstack.cleanup.manager [-] Deleting neutron.network object s_rally_059843cf_WQKLlt3o (2ec69186-9e37-49b3-aa9f-6df0db60a29b)
2019-06-09 08:35:55.117 22705 RALLYDEBUG rally_openstack.cleanup.manager [-] Deleting neutron.network object s_rally_059843cf_2nXm19pm (38743155-507f-4423-8ea3-a515f3d5fd2d)
2019-06-09 08:35:55.123 22705 RALLYDEBUG rally_openstack.cleanup.manager [-] Deleting neutron.network object s_rally_059843cf_iglFiqrf (482ee33a-182d-4a0e-8908-bf33a6b1aba9)
2019-06-09 08:35:55.136 22705 RALLYDEBUG rally_openstack.cleanup.manager [-] Deleting neutron.network object s_rally_059843cf_Bb4AUZK0 (49826dd8-0f80-43f1-8d82-2852e9e566d4)
2019-06-09 08:35:55.151 22705 RALLYDEBUG rally_openstack.cleanup.manager [-] Deleting neutron.network object s_rally_059843cf_M740cGlH (53125b14-ac5a-4e69-962c-ef5284f109a6)
2019-06-09 08:35:55.166 22705 RALLYDEBUG rally_openstack.cleanup.manager [-] Deleting neutron.network object s_rally_059843cf_Uub6vHW7 (65565934-49d4-4436-a6dd-07a3b9e8a149)
2019-06-09 08:35:55.175 22705 RALLYDEBUG rally_openstack.cleanup.manager [-] Deleting neutron.network object s_rally_059843cf_Z4MylpMd (6686a28f-5d7c-4bbc-9216-e3a750f6f55e)
2019-06-09 08:35:55.202 22705 RALLYDEBUG rally_openstack.cleanup.manager [-] Deleting neutron.network object s_rally_059843cf_HMreyRus (74674abc-c011-4eee-a21c-1b6c47bb04a5)
2019-06-09 08:35:55.205 22705 RALLYDEBUG rally_openstack.cleanup.manager [-] Deleting neutron.network object s_rally_059843cf_F5fhrv1d (6fb46319-9d3a-4d0b-8f62-b94e3977991c)
2019-06-09 08:35:55.216 22705 RALLYDEBUG rally_openstack.cleanup.manager [-] Deleting neutron.network object s_rally_059843cf_0ClhQoMg (7a9c125e-0475-474a-aa27-38699340c6a5)
2019-06-09 08:35:55.229 22705 RALLYDEBUG rally_openstack.cleanup.manager [-] Deleting neutron.network object s_rally_059843cf_y1h03lSg (7ac2be4e-e7c8-4a1e-be95-af0f58c71390)
2019-06-09 08:35:55.238 22705 RALLYDEBUG rally_openstack.cleanup.manager [-] Deleting neutron.network object s_rally_059843cf_VwSCG1LR (7c8c4924-dffb-40df-b8d7-5c2690df8638)
2019-06-09 08:35:55.252 22705 RALLYDEBUG rally_openstack.cleanup.manager [-] Deleting neutron.network object s_rally_059843cf_KXUBQlkE (817ca756-acb8-41ee-b2d1-d8d3d2d21417)
2019-06-09 08:35:58.320 22705 RALLYDEBUG rally_openstack.cleanup.manager [-] Deleting neutron.network object s_rally_059843cf_orDCMbak (8481b840-a818-4e8e-aaa4-5abe64d28899)
2019-06-09 08:35:58.384 22705 RALLYDEBUG rally_openstack.cleanup.manager [-] Deleting neutron.network object s_rally_059843cf_n5WLufz0 (908ccae3-ff63-4ad2-bee1-ad35b06e2b41)
2019-06-09 08:35:58.530 22705 RALLYDEBUG rally_openstack.cleanup.manager [-] Deleting neutron.network object s_rally_059843cf_AvJSwm3r (9402fd28-6ab6-4b1d-a1d5-dfc30348c70a)
2019-06-09 08:35:58.697 22705 RALLYDEBUG rally_openstack.cleanup.manager [-] Deleting neutron.network object s_rally_059843cf_htVzFr26 (94846bee-aa0d-4cd6-999b-2126c13ded1c)
2019-06-09 08:35:58.866 22705 RALLYDEBUG rally_openstack.cleanup.manager [-] Deleting neutron.network object s_rally_059843cf_i0znQKjT (9fe5d2e5-d203-481c-83f0-060b7837ca65)
2019-06-09 08:35:59.724 22705 RALLYDEBUG rally_openstack.cleanup.manager [-] Deleting neutron.network object s_rally_059843cf_ug6t82Oo (b0dcbfc9-c51c-476b-a1c1-a072431c0b6b)
2019-06-09 08:35:59.752 22705 RALLYDEBUG rally_openstack.cleanup.manager [-] Deleting neutron.network object s_rally_059843cf_cuMXD2bD (b3f00768-6438-46e4-a367-790c550c998e)
2019-06-09 08:35:59.872 22705 RALLYDEBUG rally_openstack.cleanup.manager [-] Deleting neutron.network object s_rally_059843cf_O3X3CpRx (b640105a-f352-48d6-a364-80f38d08c4f1)
2019-06-09 08:35:59.892 22705 RALLYDEBUG rally_openstack.cleanup.manager [-] Deleting neutron.network object s_rally_059843cf_gx61oQKZ (bd0f6e0c-c3d4-46c4-8b3a-1d579211b1cc)
2019-06-09 08:35:59.925 22705 RALLYDEBUG rally_openstack.cleanup.manager [-] Deleting neutron.network object s_rally_059843cf_jCRD3kBj (c1f69a91-77c5-4ac9-9d9f-9785d256c954)
2019-06-09 08:35:59.933 22705 RALLYDEBUG rally_openstack.cleanup.manager [-] Deleting neutron.network object s_rally_059843cf_kj6ZuHjd (ca36839b-cdef-4d4f-8f52-98f63897c905)
2019-06-09 08:36:00.053 22705 RALLYDEBUG rally_openstack.cleanup.manager [-] Deleting neutron.network object s_rally_059843cf_4QaklaX7 (cd438f0e-e6f3-4718-8838-e98dc01e0e49)
2019-06-09 08:36:00.088 22705 RALLYDEBUG rally_openstack.cleanup.manager [-] Deleting neutron.network object s_rally_059843cf_ZfK5C2Mo (d30405e8-405d-41c3-aa0f-54625cafa453)
2019-06-09 08:36:01.179 22705 RALLYDEBUG rally_openstack.cleanup.manager [-] Deleting neutron.network object s_rally_059843cf_4R35QdFc (e33128af-0bb6-4ae8-bc63-42318294b4a7)
2019-06-09 08:36:01.224 22705 RALLYDEBUG rally_openstack.cleanup.manager [-] Deleting neutron.network object s_rally_059843cf_rR7cZ6fo (e680b6a7-373f-4a22-ade2-1abfd0218ac1)
2019-06-09 08:36:01.243 22705 RALLYDEBUG rally_openstack.cleanup.manager [-] Deleting neutron.network object s_rally_059843cf_O20aKzMh (e872bd11-de35-4712-b554-b109e7a179e6)
2019-06-09 08:36:01.529 22705 RALLYDEBUG rally_openstack.cleanup.manager [-] Deleting neutron.network object s_rally_059843cf_ZNPRrjuJ (e9fa78f6-e028-49c7-9fa7-39e8ae0df00e)
2019-06-09 08:36:01.696 22705 RALLYDEBUG rally_openstack.cleanup.manager [-] Deleting neutron.network object s_rally_059843cf_P3tr0AHS (ef102bbc-df36-4eb5-9fc6-a75653442580)
2019-06-09 08:36:01.821 22705 RALLYDEBUG rally_openstack.cleanup.manager [-] Deleting neutron.network object s_rally_059843cf_VRkZ2AO5 (f0fc315c-f61d-47d3-be57-379870a6cfef)
2019-06-09 08:36:01.824 22705 RALLYDEBUG rally_openstack.cleanup.manager [-] Deleting neutron.network object s_rally_059843cf_dBHj2EPC (f8cb6cf5-eb61-4ae0-a856-e39897bc7c61)
2019-06-09 08:36:05.105 22705 RALLYDEBUG rally_openstack.cleanup.manager [-] Cleaning up neutron router objects
2019-06-09 08:36:05.788 22705 RALLYDEBUG rally_openstack.cleanup.manager [-] Cleaning up neutron security_group objects
2019-06-09 08:36:06.537 22705 INFO rally.task.context [-] Task 4f99d2c7-44b4-44d1-a539-5f80ec87a56a | Context cleanup@openstack cleanup() finished in 17.71 sec
2019-06-09 08:36:06.537 22705 INFO rally.task.context [-] Task 4f99d2c7-44b4-44d1-a539-5f80ec87a56a | Context quotas@openstack cleanup() started
2019-06-09 08:36:06.867 22705 INFO rally.task.context [-] Task 4f99d2c7-44b4-44d1-a539-5f80ec87a56a | Context quotas@openstack cleanup() finished in 0.33 sec
2019-06-09 08:36:06.868 22705 INFO rally.task.context [-] Task 4f99d2c7-44b4-44d1-a539-5f80ec87a56a | Context users@openstack cleanup() started
2019-06-09 08:36:11.983 22705 INFO rally.task.context [-] Task 4f99d2c7-44b4-44d1-a539-5f80ec87a56a | Context users@openstack cleanup() finished in 5.12 sec
2019-06-09 08:36:13.992 22705 INFO rally.task.engine [-] Load duration is: 31.612051
2019-06-09 08:36:13.992 22705 INFO rally.task.engine [-] Full runner duration is: 31.662773
2019-06-09 08:36:13.992 22705 INFO rally.task.engine [-] Full duration is: 60.241147
2019-06-09 08:36:14.269 22705 INFO rally.task.engine [-] Running workload: position = 0 config = { "version": 2, "title": "A cropped version of a bigger task.", "description": "Auto-generated task from a single workload (uuid=0f6a8cf4-392e-4319-bd54-864e03427620)", "subtasks": [ { "title": "NeutronNetworks.create_and_list_routers", "description": "Create and a given number of routers and list all routers.", "scenario": { "NeutronNetworks.create_and_list_routers": { "network_create_args": null, "subnet_create_args": null, "subnet_cidr_start": "1.1.0.0/30", "subnets_per_network": 2, "router_create_args": null } }, "contexts": { "users": { "tenants": 1, "users_per_tenant": 1 }, "quotas": { "neutron": { "network": -1, "subnet": -1, "router": -1 } } }, "runner": { "constant": { "times": 40, "concurrency": 20 } }, "hooks": [], "sla": { "failure_rate": { "max": 0 } } } ] }
2019-06-09 08:36:14.294 22705 RALLYDEBUG rally_openstack.contexts.keystone.users [-] Creating 1 tenants using 20 threads
2019-06-09 08:36:16.230 22705 RALLYDEBUG rally_openstack.contexts.keystone.users [-] Creating 1 users using 20 threads
2019-06-09 08:36:19.041 22705 INFO rally.task.context [-] Task 4f99d2c7-44b4-44d1-a539-5f80ec87a56a | Context users@openstack setup() finished in 4.75 sec
2019-06-09 08:36:19.836 22705 INFO rally.task.context [-] Task 4f99d2c7-44b4-44d1-a539-5f80ec87a56a | Context quotas@openstack setup() finished in 0.79 sec
2019-06-09 08:36:19.837 22705 INFO rally.task.context [-] Task 4f99d2c7-44b4-44d1-a539-5f80ec87a56a | Context cleanup@openstack setup() finished in 0.00 msec
2019-06-09 08:36:19.844 22705 RALLYDEBUG rally.task.runner [-] Starting the constant runner (task UUID: 4f99d2c7-44b4-44d1-a539-5f80ec87a56a). timeout: 0 concurrency: 20 concurrency_per_worker: 1 times: 40 concurrency_overhead: 4 processes_to_start: 16 max_cpu_used: 16
2019-06-09 08:36:19.857 25169 RALLYDEBUG rally.task.runner [-] Starting a worker. concurrency: 2 args: {"network_create_args": null, "subnet_create_args": null, "subnet_cidr_start": "1.1.0.0/30", "subnets_per_network": 2, "router_create_args": null} times: 40 method_name: run timeout: 0 duration: None cls:
2019-06-09 08:36:19.859 25170 RALLYDEBUG rally.task.runner [-] Starting a worker. concurrency: 2 args: {"network_create_args": null, "subnet_create_args": null, "subnet_cidr_start": "1.1.0.0/30", "subnets_per_network": 2, "router_create_args": null} times: 40 method_name: run timeout: 0 duration: None cls:
2019-06-09 08:36:19.863 25171 RALLYDEBUG rally.task.runner [-] Starting a worker. concurrency: 2 args: {"network_create_args": null, "subnet_create_args": null, "subnet_cidr_start": "1.1.0.0/30", "subnets_per_network": 2, "router_create_args": null} times: 40 method_name: run timeout: 0 duration: None cls:
2019-06-09 08:36:19.864 25169 INFO rally.task.runner [-] Task 4f99d2c7-44b4-44d1-a539-5f80ec87a56a | ITER: 1 START
2019-06-09 08:36:19.865 25172 RALLYDEBUG rally.task.runner [-] Starting a worker. concurrency: 2 args: {"network_create_args": null, "subnet_create_args": null, "subnet_cidr_start": "1.1.0.0/30", "subnets_per_network": 2, "router_create_args": null} times: 40 method_name: run timeout: 0 duration: None cls:
2019-06-09 08:36:19.867 25170 INFO rally.task.runner [-] Task 4f99d2c7-44b4-44d1-a539-5f80ec87a56a | ITER: 2 START
2019-06-09 08:36:19.871 25170 INFO rally.task.runner [-] Task 4f99d2c7-44b4-44d1-a539-5f80ec87a56a | ITER: 4 START
2019-06-09 08:36:19.871 25173 RALLYDEBUG rally.task.runner [-] Starting a worker. concurrency: 1 args: {"network_create_args": null, "subnet_create_args": null, "subnet_cidr_start": "1.1.0.0/30", "subnets_per_network": 2, "router_create_args": null} times: 40 method_name: run timeout: 0 duration: None cls:
2019-06-09 08:36:19.872 25171 INFO rally.task.runner [-] Task 4f99d2c7-44b4-44d1-a539-5f80ec87a56a | ITER: 5 START
2019-06-09 08:36:19.873 25177 RALLYDEBUG rally.task.runner [-] Starting a worker. concurrency: 1 args: {"network_create_args": null, "subnet_create_args": null, "subnet_cidr_start": "1.1.0.0/30", "subnets_per_network": 2, "router_create_args": null} times: 40 method_name: run timeout: 0 duration: None cls:
2019-06-09 08:36:19.874 25172 INFO rally.task.runner [-] Task 4f99d2c7-44b4-44d1-a539-5f80ec87a56a | ITER: 6 START
2019-06-09 08:36:19.878 25173 INFO rally.task.runner [-] Task 4f99d2c7-44b4-44d1-a539-5f80ec87a56a | ITER: 9 START
2019-06-09 08:36:19.878 25177 INFO rally.task.runner [-] Task 4f99d2c7-44b4-44d1-a539-5f80ec87a56a | ITER: 10 START
2019-06-09 08:36:19.875 25172 INFO rally.task.runner [-] Task 4f99d2c7-44b4-44d1-a539-5f80ec87a56a | ITER: 8 START
2019-06-09 08:36:19.881 25184 RALLYDEBUG rally.task.runner [-] Starting a worker. concurrency: 1 args: {"network_create_args": null, "subnet_create_args": null, "subnet_cidr_start": "1.1.0.0/30", "subnets_per_network": 2, "router_create_args": null} times: 40 method_name: run timeout: 0 duration: None cls:
2019-06-09 08:36:19.882 25171 INFO rally.task.runner [-] Task 4f99d2c7-44b4-44d1-a539-5f80ec87a56a | ITER: 7 START
2019-06-09 08:36:19.884 25169 INFO rally.task.runner [-] Task 4f99d2c7-44b4-44d1-a539-5f80ec87a56a | ITER: 3 START
2019-06-09 08:36:19.886 25184 INFO rally.task.runner [-] Task 4f99d2c7-44b4-44d1-a539-5f80ec87a56a | ITER: 11 START
2019-06-09 08:36:19.888 25190 RALLYDEBUG rally.task.runner [-] Starting a worker. concurrency: 1 args: {"network_create_args": null, "subnet_create_args": null, "subnet_cidr_start": "1.1.0.0/30", "subnets_per_network": 2, "router_create_args": null} times: 40 method_name: run timeout: 0 duration: None cls:
2019-06-09 08:36:19.895 25190 INFO rally.task.runner [-] Task 4f99d2c7-44b4-44d1-a539-5f80ec87a56a | ITER: 12 START
2019-06-09 08:36:19.896 25195 RALLYDEBUG rally.task.runner [-] Starting a worker. concurrency: 1 args: {"network_create_args": null, "subnet_create_args": null, "subnet_cidr_start": "1.1.0.0/30", "subnets_per_network": 2, "router_create_args": null} times: 40 method_name: run timeout: 0 duration: None cls:
2019-06-09 08:36:19.900 25196 RALLYDEBUG rally.task.runner [-] Starting a worker. concurrency: 1 args: {"network_create_args": null, "subnet_create_args": null, "subnet_cidr_start": "1.1.0.0/30", "subnets_per_network": 2, "router_create_args": null} times: 40 method_name: run timeout: 0 duration: None cls:
2019-06-09 08:36:19.902 25195 INFO rally.task.runner [-] Task 4f99d2c7-44b4-44d1-a539-5f80ec87a56a | ITER: 13 START
2019-06-09 08:36:19.906 25196 INFO rally.task.runner [-] Task 4f99d2c7-44b4-44d1-a539-5f80ec87a56a | ITER: 14 START
2019-06-09 08:36:19.913 25203 RALLYDEBUG rally.task.runner [-] Starting a worker. concurrency: 1 args: {"network_create_args": null, "subnet_create_args": null, "subnet_cidr_start": "1.1.0.0/30", "subnets_per_network": 2, "router_create_args": null} times: 40 method_name: run timeout: 0 duration: None cls:
2019-06-09 08:36:19.919 25203 INFO rally.task.runner [-] Task 4f99d2c7-44b4-44d1-a539-5f80ec87a56a | ITER: 15 START
2019-06-09 08:36:19.920 25204 RALLYDEBUG rally.task.runner [-] Starting a worker. concurrency: 1 args: {"network_create_args": null, "subnet_create_args": null, "subnet_cidr_start": "1.1.0.0/30", "subnets_per_network": 2, "router_create_args": null} times: 40 method_name: run timeout: 0 duration: None cls:
2019-06-09 08:36:19.924 25204 INFO rally.task.runner [-] Task 4f99d2c7-44b4-44d1-a539-5f80ec87a56a | ITER: 16 START
2019-06-09 08:36:19.925 25207 RALLYDEBUG rally.task.runner [-] Starting a worker. concurrency: 1 args: {"network_create_args": null, "subnet_create_args": null, "subnet_cidr_start": "1.1.0.0/30", "subnets_per_network": 2, "router_create_args": null} times: 40 method_name: run timeout: 0 duration: None cls:
2019-06-09 08:36:19.930 25207 INFO rally.task.runner [-] Task 4f99d2c7-44b4-44d1-a539-5f80ec87a56a | ITER: 17 START
2019-06-09 08:36:19.931 25210 RALLYDEBUG rally.task.runner [-] Starting a worker. concurrency: 1 args: {"network_create_args": null, "subnet_create_args": null, "subnet_cidr_start": "1.1.0.0/30", "subnets_per_network": 2, "router_create_args": null} times: 40 method_name: run timeout: 0 duration: None cls:
2019-06-09 08:36:19.934 25211 RALLYDEBUG rally.task.runner [-] Starting a worker. concurrency: 1 args: {"network_create_args": null, "subnet_create_args": null, "subnet_cidr_start": "1.1.0.0/30", "subnets_per_network": 2, "router_create_args": null} times: 40 method_name: run timeout: 0 duration: None cls:
2019-06-09 08:36:19.937 25210 INFO rally.task.runner [-] Task 4f99d2c7-44b4-44d1-a539-5f80ec87a56a | ITER: 18 START
2019-06-09 08:36:19.938 25214 RALLYDEBUG rally.task.runner [-] Starting a worker. concurrency: 1 args: {"network_create_args": null, "subnet_create_args": null, "subnet_cidr_start": "1.1.0.0/30", "subnets_per_network": 2, "router_create_args": null} times: 40 method_name: run timeout: 0 duration: None cls:
2019-06-09 08:36:19.940 25211 INFO rally.task.runner [-] Task 4f99d2c7-44b4-44d1-a539-5f80ec87a56a | ITER: 19 START
2019-06-09 08:36:19.943 25214 INFO rally.task.runner [-] Task 4f99d2c7-44b4-44d1-a539-5f80ec87a56a | ITER: 20 START
2019-06-09 08:36:22.594 25204 RALLYDEBUG rally_openstack.wrappers.network [-] CIDR generated: 1.1.5.160/30
2019-06-09 08:36:22.630 25207 RALLYDEBUG rally_openstack.wrappers.network [-] CIDR generated: 1.1.5.164/30
2019-06-09 08:36:22.666 25169 RALLYDEBUG rally_openstack.wrappers.network [-] CIDR generated: 1.1.5.168/30
2019-06-09 08:36:22.791 25173 RALLYDEBUG rally_openstack.wrappers.network [-] CIDR generated: 1.1.5.172/30
2019-06-09 08:36:22.883 25172 RALLYDEBUG rally_openstack.wrappers.network [-] CIDR generated: 1.1.5.176/30
2019-06-09 08:36:22.905 25170 RALLYDEBUG rally_openstack.wrappers.network [-] CIDR generated: 1.1.5.180/30
2019-06-09 08:36:23.049 25211 RALLYDEBUG rally_openstack.wrappers.network [-] CIDR generated: 1.1.5.184/30
2019-06-09 08:36:23.121 25184 RALLYDEBUG rally_openstack.wrappers.network [-] CIDR generated: 1.1.5.188/30
2019-06-09 08:36:23.529 25210 RALLYDEBUG rally_openstack.wrappers.network [-] CIDR generated: 1.1.5.192/30
2019-06-09 08:36:23.549 25169 RALLYDEBUG rally_openstack.wrappers.network [-] CIDR generated: 1.1.5.196/30
2019-06-09 08:36:23.637 25195 RALLYDEBUG rally_openstack.wrappers.network [-] CIDR generated: 1.1.5.200/30
2019-06-09 08:36:23.653 25171 RALLYDEBUG rally_openstack.wrappers.network [-] CIDR generated: 1.1.5.204/30
2019-06-09 08:36:23.743 25171 RALLYDEBUG rally_openstack.wrappers.network [-] CIDR generated: 1.1.5.208/30
2019-06-09 08:36:23.795 25170 RALLYDEBUG rally_openstack.wrappers.network [-] CIDR generated: 1.1.5.212/30
2019-06-09 08:36:24.528 25190 RALLYDEBUG rally_openstack.wrappers.network [-] CIDR generated: 1.1.5.216/30
2019-06-09 08:36:24.581 25172 RALLYDEBUG rally_openstack.wrappers.network [-] CIDR generated: 1.1.5.220/30
2019-06-09 08:36:24.618 25196 RALLYDEBUG rally_openstack.wrappers.network [-] CIDR generated: 1.1.5.224/30
2019-06-09 08:36:24.833 25203 RALLYDEBUG rally_openstack.wrappers.network [-] CIDR generated: 1.1.5.228/30
2019-06-09 08:36:24.874 25214 RALLYDEBUG rally_openstack.wrappers.network [-] CIDR generated: 1.1.5.232/30
2019-06-09 08:36:24.953 25177 RALLYDEBUG rally_openstack.wrappers.network [-] CIDR generated: 1.1.5.236/30
2019-06-09 08:36:25.103 25204 RALLYDEBUG rally_openstack.wrappers.network [-] CIDR generated: 1.1.5.240/30
2019-06-09 08:36:25.224 25173 RALLYDEBUG rally_openstack.wrappers.network [-] CIDR generated: 1.1.5.244/30
2019-06-09 08:36:25.325 25169 RALLYDEBUG rally_openstack.wrappers.network [-] CIDR generated: 1.1.5.248/30
2019-06-09 08:36:25.534 25172 RALLYDEBUG rally_openstack.wrappers.network [-] CIDR generated: 1.1.5.252/30
2019-06-09 08:36:25.738 25170 RALLYDEBUG rally_openstack.wrappers.network [-] CIDR generated: 1.1.6.0/30
2019-06-09 08:36:26.050 25207 RALLYDEBUG rally_openstack.wrappers.network [-] CIDR generated: 1.1.6.4/30
2019-06-09 08:36:26.061 25171 RALLYDEBUG rally_openstack.wrappers.network [-] CIDR generated: 1.1.6.8/30
2019-06-09 08:36:26.246 25195 RALLYDEBUG rally_openstack.wrappers.network [-] CIDR generated: 1.1.6.12/30
2019-06-09 08:36:26.295 25170 RALLYDEBUG rally_openstack.wrappers.network [-] CIDR generated: 1.1.6.16/30
2019-06-09 08:36:26.611 25196 RALLYDEBUG rally_openstack.wrappers.network [-] CIDR generated: 1.1.6.20/30
2019-06-09 08:36:26.941 25177 RALLYDEBUG rally_openstack.wrappers.network [-] CIDR generated: 1.1.6.24/30
2019-06-09 08:36:27.103 25211 RALLYDEBUG rally_openstack.wrappers.network [-] CIDR generated: 1.1.6.28/30
2019-06-09 08:36:27.168 25169 RALLYDEBUG rally_openstack.wrappers.network [-] CIDR generated: 1.1.6.32/30
2019-06-09 08:36:27.289 25210 RALLYDEBUG rally_openstack.wrappers.network [-] CIDR generated: 1.1.6.36/30
2019-06-09 08:36:27.348 25171 RALLYDEBUG rally_openstack.wrappers.network [-] CIDR generated: 1.1.6.40/30
2019-06-09 08:36:27.512 25184 RALLYDEBUG rally_openstack.wrappers.network [-] CIDR generated: 1.1.6.44/30
2019-06-09 08:36:28.914 25172 RALLYDEBUG rally_openstack.wrappers.network [-] CIDR generated: 1.1.6.48/30
2019-06-09 08:36:29.043 25214 RALLYDEBUG rally_openstack.wrappers.network [-] CIDR generated: 1.1.6.52/30
2019-06-09 08:36:29.156 25190 RALLYDEBUG rally_openstack.wrappers.network [-] CIDR generated: 1.1.6.56/30
2019-06-09 08:36:29.649 25203 RALLYDEBUG rally_openstack.wrappers.network [-] CIDR generated: 1.1.6.60/30
2019-06-09 08:36:38.165 25173 INFO rally.task.runner [-] Task 4f99d2c7-44b4-44d1-a539-5f80ec87a56a | ITER: 9 END: OK
2019-06-09 08:36:38.170 25173 INFO rally.task.runner [-] Task 4f99d2c7-44b4-44d1-a539-5f80ec87a56a | ITER: 21 START
2019-06-09 08:36:38.366 25207 INFO rally.task.runner [-] Task 4f99d2c7-44b4-44d1-a539-5f80ec87a56a | ITER: 17 END: OK
2019-06-09 08:36:38.371 25207 INFO rally.task.runner [-] Task 4f99d2c7-44b4-44d1-a539-5f80ec87a56a | ITER: 22 START
2019-06-09 08:36:38.951 25211 INFO rally.task.runner [-] Task 4f99d2c7-44b4-44d1-a539-5f80ec87a56a | ITER: 19 END: OK
2019-06-09 08:36:38.956 25211 INFO rally.task.runner [-] Task 4f99d2c7-44b4-44d1-a539-5f80ec87a56a | ITER: 23 START
2019-06-09 08:36:39.039 25169 INFO rally.task.runner [-] Task 4f99d2c7-44b4-44d1-a539-5f80ec87a56a | ITER: 1 END: OK
2019-06-09 08:36:39.042 25169 INFO rally.task.runner [-] Task 4f99d2c7-44b4-44d1-a539-5f80ec87a56a | ITER: 24 START
2019-06-09 08:36:39.211 25170 INFO rally.task.runner [-] Task 4f99d2c7-44b4-44d1-a539-5f80ec87a56a | ITER: 4 END: OK
2019-06-09 08:36:39.216 25170 INFO rally.task.runner [-] Task 4f99d2c7-44b4-44d1-a539-5f80ec87a56a | ITER: 25 START
2019-06-09 08:36:39.449 25210 INFO rally.task.runner [-] Task 4f99d2c7-44b4-44d1-a539-5f80ec87a56a | ITER: 18 END: OK
