2019-06-09 08:28:51.387 22696 RALLYDEBUG rally.api [-] INFO logs from urllib3 and requests module are hide.
2019-06-09 08:28:51.387 22696 RALLYDEBUG rally.api [-] urllib3 insecure warnings are hidden.
2019-06-09 08:28:51.387 22696 RALLYDEBUG rally.api [-] ERROR log from boto module is hide.
2019-06-09 08:28:53.704 22698 RALLYDEBUG rally.api [-] INFO logs from urllib3 and requests module are hide.
2019-06-09 08:28:53.704 22698 RALLYDEBUG rally.api [-] urllib3 insecure warnings are hidden.
2019-06-09 08:28:53.704 22698 RALLYDEBUG rally.api [-] ERROR log from boto module is hide.
2019-06-09 08:28:55.008 22698 WARNING rally_openstack.platforms.existing [-] endpoint is deprecated and not used.
2019-06-09 08:28:55.984 22700 RALLYDEBUG rally.api [-] INFO logs from urllib3 and requests module are hide.
2019-06-09 08:28:55.984 22700 RALLYDEBUG rally.api [-] urllib3 insecure warnings are hidden.
2019-06-09 08:28:55.984 22700 RALLYDEBUG rally.api [-] ERROR log from boto module is hide.
2019-06-09 08:28:59.245 22703 RALLYDEBUG rally.api [-] INFO logs from urllib3 and requests module are hide.
2019-06-09 08:28:59.245 22703 RALLYDEBUG rally.api [-] urllib3 insecure warnings are hidden.
2019-06-09 08:28:59.245 22703 RALLYDEBUG rally.api [-] ERROR log from boto module is hide.
2019-06-09 08:29:01.277 22705 RALLYDEBUG rally.api [-] INFO logs from urllib3 and requests module are hide.
2019-06-09 08:29:01.277 22705 RALLYDEBUG rally.api [-] urllib3 insecure warnings are hidden.
2019-06-09 08:29:01.277 22705 RALLYDEBUG rally.api [-] ERROR log from boto module is hide.
2019-06-09 08:29:02.444 22705 INFO rally.common.plugin.discover [-] Loading plugins from directories /root/.rally/plugins/*
2019-06-09 08:29:02.444 22705 INFO rally.common.plugin.discover [-] Loaded module with plugins: /root/.rally/plugins/__init__.py
2019-06-09 08:29:02.446 22705 INFO rally.common.plugin.discover [-] Loaded module with plugins: /root/.rally/plugins/trunk_scenario.py
2019-06-09 08:29:02.646 22705 INFO rally.task.engine [-] Task 4f99d2c7-44b4-44d1-a539-5f80ec87a56a | Starting: Task validation.
2019-06-09 08:29:02.686 22705 INFO rally.task.engine [-] Task 4f99d2c7-44b4-44d1-a539-5f80ec87a56a | Starting: Task validation of syntax.
2019-06-09 08:29:02.898 22705 INFO rally.task.engine [-] Task 4f99d2c7-44b4-44d1-a539-5f80ec87a56a | Completed: Task validation of syntax.
2019-06-09 08:29:02.899 22705 INFO rally.task.engine [-] Task 4f99d2c7-44b4-44d1-a539-5f80ec87a56a | Starting: Task validation of required platforms.
2019-06-09 08:29:02.956 22705 INFO rally.task.engine [-] Task 4f99d2c7-44b4-44d1-a539-5f80ec87a56a | Completed: Task validation of required platforms.
2019-06-09 08:29:02.956 22705 INFO rally.task.engine [-] Task 4f99d2c7-44b4-44d1-a539-5f80ec87a56a | Starting: Task validation of semantic.
2019-06-09 08:29:02.956 22705 INFO rally.task.engine [-] Check health of the environment '2ff86b23-0686-4aea-8c22-0e3a9254b115'.
2019-06-09 08:29:03.781 22705 INFO rally.task.engine [-] Platform existing@openstack (available: True): OK!
2019-06-09 08:29:03.799 22705 RALLYDEBUG rally_openstack.contexts.keystone.users [-] Creating 1 tenants using 20 threads
2019-06-09 08:29:05.678 22705 RALLYDEBUG rally_openstack.contexts.keystone.users [-] Creating 1 users using 20 threads
2019-06-09 08:29:08.471 22705 INFO rally.task.context [-] Task 4f99d2c7-44b4-44d1-a539-5f80ec87a56a | Context users@openstack setup() finished in 4.67 sec
2019-06-09 08:29:14.846 22705 INFO rally.task.context [-] Task 4f99d2c7-44b4-44d1-a539-5f80ec87a56a | Context users@openstack cleanup() started
2019-06-09 08:29:20.494 22705 INFO rally.task.context [-] Task 4f99d2c7-44b4-44d1-a539-5f80ec87a56a | Context users@openstack cleanup() finished in 5.65 sec
2019-06-09 08:29:20.495 22705 INFO rally.task.engine [-] Task 4f99d2c7-44b4-44d1-a539-5f80ec87a56a | Completed: Task validation of semantic.
2019-06-09 08:29:20.495 22705 INFO rally.task.engine [-] Task 4f99d2c7-44b4-44d1-a539-5f80ec87a56a | Completed: Task validation.
2019-06-09 08:29:20.496 22705 INFO rally.api [-] Task 4f99d2c7-44b4-44d1-a539-5f80ec87a56a input file is valid.
2019-06-09 08:29:20.496 22705 INFO rally.api [-] Run Task 4f99d2c7-44b4-44d1-a539-5f80ec87a56a against Deployment 2ff86b23-0686-4aea-8c22-0e3a9254b115
2019-06-09 08:29:20.496 22705 INFO rally.task.engine [-] Task 4f99d2c7-44b4-44d1-a539-5f80ec87a56a | Starting: Running task.
2019-06-09 08:29:20.649 22705 INFO rally.task.engine [-] Running workload: position = 0 config = { "version": 2, "title": "A cropped version of a bigger task.", "description": "Auto-generated task from a single workload (uuid=fb50eb9e-540d-444c-8732-d2861d2a9d99)", "subtasks": [ { "title": "NeutronNetworks.create_and_list_networks", "description": "Check performance of list_networks action and ensure > network quotas are not exceeded", "scenario": { "NeutronNetworks.create_and_list_networks": {} }, "contexts": { "users": { "tenants": 1, "users_per_tenant": 1 }, "quotas": { "neutron": { "network": 119 } } }, "runner": { "constant": { "times": 100, "concurrency": 20 } }, "hooks": [], "sla": { "max_avg_duration_per_atomic": { "neutron.list_networks": 15 }, "failure_rate": { "max": 0 } } } ] }
2019-06-09 08:29:20.672 22705 RALLYDEBUG rally_openstack.contexts.keystone.users [-] Creating 1 tenants using 20 threads
2019-06-09 08:29:22.521 22705 RALLYDEBUG rally_openstack.contexts.keystone.users [-] Creating 1 users using 20 threads
2019-06-09 08:29:25.484 22705 INFO rally.task.context [-] Task 4f99d2c7-44b4-44d1-a539-5f80ec87a56a | Context users@openstack setup() finished in 4.81 sec
2019-06-09 08:29:26.260 22705 INFO rally.task.context [-] Task 4f99d2c7-44b4-44d1-a539-5f80ec87a56a | Context quotas@openstack setup() finished in 0.78 sec
2019-06-09 08:29:26.260 22705 INFO rally.task.context [-] Task 4f99d2c7-44b4-44d1-a539-5f80ec87a56a | Context cleanup@openstack setup() finished in 0.01 msec
2019-06-09 08:29:26.268 22705 RALLYDEBUG rally.task.runner [-] Starting the constant runner (task UUID: 4f99d2c7-44b4-44d1-a539-5f80ec87a56a). timeout: 0 concurrency: 20 concurrency_per_worker: 1 times: 100 concurrency_overhead: 4 processes_to_start: 16 max_cpu_used: 16
2019-06-09 08:29:26.280 22829 RALLYDEBUG rally.task.runner [-] Starting a worker. concurrency: 2 args: {} times: 100 method_name: run timeout: 0 duration: None cls:
2019-06-09 08:29:26.283 22830 RALLYDEBUG rally.task.runner [-] Starting a worker. concurrency: 2 args: {} times: 100 method_name: run timeout: 0 duration: None cls:
2019-06-09 08:29:26.286 22831 RALLYDEBUG rally.task.runner [-] Starting a worker. concurrency: 2 args: {} times: 100 method_name: run timeout: 0 duration: None cls:
2019-06-09 08:29:26.289 22829 INFO rally.task.runner [-] Task 4f99d2c7-44b4-44d1-a539-5f80ec87a56a | ITER: 1 START
2019-06-09 08:29:26.289 22832 RALLYDEBUG rally.task.runner [-] Starting a worker. concurrency: 2 args: {} times: 100 method_name: run timeout: 0 duration: None cls:
2019-06-09 08:29:26.291 22835 RALLYDEBUG rally.task.runner [-] Starting a worker. concurrency: 1 args: {} times: 100 method_name: run timeout: 0 duration: None cls:
2019-06-09 08:29:26.293 22829 INFO rally.task.runner [-] Task 4f99d2c7-44b4-44d1-a539-5f80ec87a56a | ITER: 2 START
2019-06-09 08:29:26.293 22830 INFO rally.task.runner [-] Task 4f99d2c7-44b4-44d1-a539-5f80ec87a56a | ITER: 3 START
2019-06-09 08:29:26.296 22831 INFO rally.task.runner [-] Task 4f99d2c7-44b4-44d1-a539-5f80ec87a56a | ITER: 4 START
2019-06-09 08:29:26.293 22830 INFO rally.task.runner [-] Task 4f99d2c7-44b4-44d1-a539-5f80ec87a56a | ITER: 5 START
2019-06-09 08:29:26.298 22841 RALLYDEBUG rally.task.runner [-] Starting a worker. concurrency: 1 args: {} times: 100 method_name: run timeout: 0 duration: None cls:
2019-06-09 08:29:26.298 22838 RALLYDEBUG rally.task.runner [-] Starting a worker. concurrency: 1 args: {} times: 100 method_name: run timeout: 0 duration: None cls:
2019-06-09 08:29:26.296 22835 INFO rally.task.runner [-] Task 4f99d2c7-44b4-44d1-a539-5f80ec87a56a | ITER: 8 START
2019-06-09 08:29:26.302 22832 INFO rally.task.runner [-] Task 4f99d2c7-44b4-44d1-a539-5f80ec87a56a | ITER: 6 START
2019-06-09 08:29:26.303 22849 RALLYDEBUG rally.task.runner [-] Starting a worker. concurrency: 1 args: {} times: 100 method_name: run timeout: 0 duration: None cls:
2019-06-09 08:29:26.305 22831 INFO rally.task.runner [-] Task 4f99d2c7-44b4-44d1-a539-5f80ec87a56a | ITER: 7 START
2019-06-09 08:29:26.302 22832 INFO rally.task.runner [-] Task 4f99d2c7-44b4-44d1-a539-5f80ec87a56a | ITER: 9 START
2019-06-09 08:29:26.306 22841 INFO rally.task.runner [-] Task 4f99d2c7-44b4-44d1-a539-5f80ec87a56a | ITER: 10 START
2019-06-09 08:29:26.307 22851 RALLYDEBUG rally.task.runner [-] Starting a worker. concurrency: 1 args: {} times: 100 method_name: run timeout: 0 duration: None cls:
2019-06-09 08:29:26.309 22838 INFO rally.task.runner [-] Task 4f99d2c7-44b4-44d1-a539-5f80ec87a56a | ITER: 11 START
2019-06-09 08:29:26.310 22854 RALLYDEBUG rally.task.runner [-] Starting a worker. concurrency: 1 args: {} times: 100 method_name: run timeout: 0 duration: None cls:
2019-06-09 08:29:26.315 22849 INFO rally.task.runner [-] Task 4f99d2c7-44b4-44d1-a539-5f80ec87a56a | ITER: 12 START
2019-06-09 08:29:26.315 22851 INFO rally.task.runner [-] Task 4f99d2c7-44b4-44d1-a539-5f80ec87a56a | ITER: 13 START
2019-06-09 08:29:26.317 22854 INFO rally.task.runner [-] Task 4f99d2c7-44b4-44d1-a539-5f80ec87a56a | ITER: 14 START
2019-06-09 08:29:26.323 22862 RALLYDEBUG rally.task.runner [-] Starting a worker. concurrency: 1 args: {} times: 100 method_name: run timeout: 0 duration: None cls:
2019-06-09 08:29:26.329 22864 RALLYDEBUG rally.task.runner [-] Starting a worker. concurrency: 1 args: {} times: 100 method_name: run timeout: 0 duration: None cls:
2019-06-09 08:29:26.337 22865 RALLYDEBUG rally.task.runner [-] Starting a worker. concurrency: 1 args: {} times: 100 method_name: run timeout: 0 duration: None cls:
2019-06-09 08:29:26.338 22862 INFO rally.task.runner [-] Task 4f99d2c7-44b4-44d1-a539-5f80ec87a56a | ITER: 15 START
2019-06-09 08:29:26.339 22864 INFO rally.task.runner [-] Task 4f99d2c7-44b4-44d1-a539-5f80ec87a56a | ITER: 16 START
2019-06-09 08:29:26.341 22868 RALLYDEBUG rally.task.runner [-] Starting a worker. concurrency: 1 args: {} times: 100 method_name: run timeout: 0 duration: None cls:
2019-06-09 08:29:26.345 22865 INFO rally.task.runner [-] Task 4f99d2c7-44b4-44d1-a539-5f80ec87a56a | ITER: 17 START
2019-06-09 08:29:26.345 22871 RALLYDEBUG rally.task.runner [-] Starting a worker. concurrency: 1 args: {} times: 100 method_name: run timeout: 0 duration: None cls:
2019-06-09 08:29:26.347 22868 INFO rally.task.runner [-] Task 4f99d2c7-44b4-44d1-a539-5f80ec87a56a | ITER: 18 START
2019-06-09 08:29:26.351 22874 RALLYDEBUG rally.task.runner [-] Starting a worker. concurrency: 1 args: {} times: 100 method_name: run timeout: 0 duration: None cls:
2019-06-09 08:29:26.353 22871 INFO rally.task.runner [-] Task 4f99d2c7-44b4-44d1-a539-5f80ec87a56a | ITER: 19 START
2019-06-09 08:29:26.356 22874 INFO rally.task.runner [-] Task 4f99d2c7-44b4-44d1-a539-5f80ec87a56a | ITER: 20 START
2019-06-09 08:29:29.113 22849 INFO rally.task.runner [-] Task 4f99d2c7-44b4-44d1-a539-5f80ec87a56a | ITER: 12 END: OK
2019-06-09 08:29:29.117 22849 INFO rally.task.runner [-] Task 4f99d2c7-44b4-44d1-a539-5f80ec87a56a | ITER: 21 START
2019-06-09 08:29:29.489 22838 INFO rally.task.runner [-] Task 4f99d2c7-44b4-44d1-a539-5f80ec87a56a | ITER: 11 END: OK
2019-06-09 08:29:29.494 22838 INFO rally.task.runner [-] Task 4f99d2c7-44b4-44d1-a539-5f80ec87a56a | ITER: 22 START
2019-06-09 08:29:29.508 22830 INFO rally.task.runner [-] Task 4f99d2c7-44b4-44d1-a539-5f80ec87a56a | ITER: 3 END: OK
2019-06-09 08:29:29.511 22830 INFO rally.task.runner [-] Task 4f99d2c7-44b4-44d1-a539-5f80ec87a56a | ITER: 23 START
2019-06-09 08:29:29.567 22862 INFO rally.task.runner [-] Task 4f99d2c7-44b4-44d1-a539-5f80ec87a56a | ITER: 15 END: OK
2019-06-09 08:29:29.571 22862 INFO rally.task.runner [-] Task 4f99d2c7-44b4-44d1-a539-5f80ec87a56a | ITER: 24 START
2019-06-09 08:29:29.755 22854 INFO rally.task.runner [-] Task 4f99d2c7-44b4-44d1-a539-5f80ec87a56a | ITER: 14 END: OK
2019-06-09 08:29:29.760 22854 INFO rally.task.runner [-] Task 4f99d2c7-44b4-44d1-a539-5f80ec87a56a | ITER: 25 START
2019-06-09 08:29:29.776 22832 INFO rally.task.runner [-] Task 4f99d2c7-44b4-44d1-a539-5f80ec87a56a | ITER: 9 END: OK
2019-06-09 08:29:29.781 22832 INFO rally.task.runner [-] Task 4f99d2c7-44b4-44d1-a539-5f80ec87a56a | ITER: 26 START
2019-06-09 08:29:29.920 22829 INFO rally.task.runner [-] Task 4f99d2c7-44b4-44d1-a539-5f80ec87a56a | ITER: 2 END: OK
2019-06-09 08:29:29.923 22829 INFO rally.task.runner [-] Task 4f99d2c7-44b4-44d1-a539-5f80ec87a56a | ITER: 27 START
2019-06-09 08:29:29.960 22832 INFO rally.task.runner [-] Task 4f99d2c7-44b4-44d1-a539-5f80ec87a56a | ITER: 6 END: OK
2019-06-09 08:29:29.963 22832 INFO rally.task.runner [-] Task 4f99d2c7-44b4-44d1-a539-5f80ec87a56a | ITER: 28 START
2019-06-09 08:29:30.222 22829 INFO rally.task.runner [-] Task 4f99d2c7-44b4-44d1-a539-5f80ec87a56a | ITER: 1 END: OK
2019-06-09 08:29:30.225 22871 INFO rally.task.runner [-] Task 4f99d2c7-44b4-44d1-a539-5f80ec87a56a | ITER: 19 END: OK
2019-06-09 08:29:30.225 22829 INFO rally.task.runner [-] Task 4f99d2c7-44b4-44d1-a539-5f80ec87a56a | ITER: 29 START
2019-06-09 08:29:30.226 22831 INFO rally.task.runner [-] Task 4f99d2c7-44b4-44d1-a539-5f80ec87a56a | ITER: 4 END: OK
2019-06-09 08:29:30.230 22831 INFO rally.task.runner [-] Task 4f99d2c7-44b4-44d1-a539-5f80ec87a56a | ITER: 31 START
2019-06-09 08:29:30.230 22871 INFO rally.task.runner [-] Task 4f99d2c7-44b4-44d1-a539-5f80ec87a56a | ITER: 30 START
2019-06-09 08:29:30.894 22830 INFO rally.task.runner [-] Task 4f99d2c7-44b4-44d1-a539-5f80ec87a56a | ITER: 5 END: OK
2019-06-09 08:29:30.897 22830 INFO rally.task.runner [-] Task 4f99d2c7-44b4-44d1-a539-5f80ec87a56a | ITER: 32 START
2019-06-09 08:29:31.070 22865 INFO rally.task.runner [-] Task 4f99d2c7-44b4-44d1-a539-5f80ec87a56a | ITER: 17 END: OK
2019-06-09 08:29:31.074 22865 INFO rally.task.runner [-] Task 4f99d2c7-44b4-44d1-a539-5f80ec87a56a | ITER: 33 START
2019-06-09 08:29:31.564 22874 INFO rally.task.runner [-] Task 4f99d2c7-44b4-44d1-a539-5f80ec87a56a | ITER: 20 END: OK
2019-06-09 08:29:31.565 22851 INFO rally.task.runner [-] Task 4f99d2c7-44b4-44d1-a539-5f80ec87a56a | ITER: 13 END: OK
2019-06-09 08:29:31.568 22874 INFO rally.task.runner [-] Task 4f99d2c7-44b4-44d1-a539-5f80ec87a56a | ITER: 34 START
2019-06-09 08:29:31.568 22851 INFO rally.task.runner [-] Task 4f99d2c7-44b4-44d1-a539-5f80ec87a56a | ITER: 35 START
2019-06-09 08:29:31.675 22849 INFO rally.task.runner [-] Task 4f99d2c7-44b4-44d1-a539-5f80ec87a56a | ITER: 21 END: OK
2019-06-09 08:29:31.676 22835 INFO rally.task.runner [-] Task 4f99d2c7-44b4-44d1-a539-5f80ec87a56a | ITER: 8 END: OK
2019-06-09 08:29:31.678 22849 INFO rally.task.runner [-] Task 4f99d2c7-44b4-44d1-a539-5f80ec87a56a | ITER: 36 START
2019-06-09 08:29:31.679 22835 INFO rally.task.runner [-] Task 4f99d2c7-44b4-44d1-a539-5f80ec87a56a | ITER: 37 START
2019-06-09 08:29:32.014 22831 INFO rally.task.runner [-] Task 4f99d2c7-44b4-44d1-a539-5f80ec87a56a | ITER: 7 END: OK
2019-06-09 08:29:32.017 22831 INFO rally.task.runner [-] Task 4f99d2c7-44b4-44d1-a539-5f80ec87a56a | ITER: 38 START
2019-06-09 08:29:32.179 22838 INFO rally.task.runner [-] Task 4f99d2c7-44b4-44d1-a539-5f80ec87a56a | ITER: 22 END: OK
2019-06-09 08:29:32.182 22838 INFO rally.task.runner [-] Task 4f99d2c7-44b4-44d1-a539-5f80ec87a56a | ITER: 39 START
2019-06-09 08:29:32.195 22830 INFO rally.task.runner [-] Task 4f99d2c7-44b4-44d1-a539-5f80ec87a56a | ITER: 23 END: OK
2019-06-09 08:29:32.198 22830 INFO rally.task.runner [-] Task 4f99d2c7-44b4-44d1-a539-5f80ec87a56a | ITER: 40 START
2019-06-09 08:29:32.315 22864 INFO rally.task.runner [-] Task 4f99d2c7-44b4-44d1-a539-5f80ec87a56a | ITER: 16 END: OK
2019-06-09 08:29:32.319 22864 INFO rally.task.runner [-] Task 4f99d2c7-44b4-44d1-a539-5f80ec87a56a | ITER: 41 START
2019-06-09 08:29:32.326 22868 INFO rally.task.runner [-] Task 4f99d2c7-44b4-44d1-a539-5f80ec87a56a | ITER: 18 END: OK
2019-06-09 08:29:32.328 22868 INFO rally.task.runner [-] Task 4f99d2c7-44b4-44d1-a539-5f80ec87a56a | ITER: 42 START
2019-06-09 08:29:32.336 22862 INFO rally.task.runner [-] Task 4f99d2c7-44b4-44d1-a539-5f80ec87a56a | ITER: 24 END: OK
2019-06-09 08:29:32.339 22862 INFO rally.task.runner [-] Task 4f99d2c7-44b4-44d1-a539-5f80ec87a56a | ITER: 43 START
2019-06-09 08:29:32.637 22841 INFO rally.task.runner [-] Task 4f99d2c7-44b4-44d1-a539-5f80ec87a56a | ITER: 10 END: OK
2019-06-09 08:29:32.640 22841 INFO rally.task.runner [-] Task 4f99d2c7-44b4-44d1-a539-5f80ec87a56a | ITER: 44 START
2019-06-09 08:29:32.823 22832 INFO rally.task.runner [-] Task 4f99d2c7-44b4-44d1-a539-5f80ec87a56a | ITER: 28 END: OK
2019-06-09 08:29:32.825 22832 INFO rally.task.runner [-] Task 4f99d2c7-44b4-44d1-a539-5f80ec87a56a | ITER: 45 START
2019-06-09 08:29:32.858 22854 INFO rally.task.runner [-] Task 4f99d2c7-44b4-44d1-a539-5f80ec87a56a | ITER: 25 END: OK
2019-06-09 08:29:32.861 22854 INFO rally.task.runner [-] Task 4f99d2c7-44b4-44d1-a539-5f80ec87a56a | ITER: 46 START
2019-06-09 08:29:33.458 22829 INFO rally.task.runner [-] Task 4f99d2c7-44b4-44d1-a539-5f80ec87a56a | ITER: 29 END: OK
2019-06-09 08:29:33.461 22829 INFO rally.task.runner [-] Task 4f99d2c7-44b4-44d1-a539-5f80ec87a56a | ITER: 47 START
2019-06-09 08:29:33.540 22829 INFO rally.task.runner [-] Task 4f99d2c7-44b4-44d1-a539-5f80ec87a56a | ITER: 27 END: OK
2019-06-09 08:29:33.544 22829 INFO rally.task.runner [-] Task 4f99d2c7-44b4-44d1-a539-5f80ec87a56a | ITER: 48 START
2019-06-09 08:29:33.599 22832 INFO rally.task.runner [-] Task 4f99d2c7-44b4-44d1-a539-5f80ec87a56a | ITER: 26 END: OK
2019-06-09 08:29:33.602 22832 INFO rally.task.runner [-] Task 4f99d2c7-44b4-44d1-a539-5f80ec87a56a | ITER: 49 START
2019-06-09 08:29:33.654 22831 INFO rally.task.runner [-] Task 4f99d2c7-44b4-44d1-a539-5f80ec87a56a | ITER: 31 END: OK
2019-06-09 08:29:33.657 22831 INFO rally.task.runner [-] Task 4f99d2c7-44b4-44d1-a539-5f80ec87a56a | ITER: 50 START
2019-06-09 08:29:34.529 22835 INFO rally.task.runner [-] Task 4f99d2c7-44b4-44d1-a539-5f80ec87a56a | ITER: 37 END: OK
2019-06-09 08:29:34.532 22835 INFO rally.task.runner [-] Task 4f99d2c7-44b4-44d1-a539-5f80ec87a56a | ITER: 51 START
2019-06-09 08:29:34.625 22830 INFO rally.task.runner [-] Task 4f99d2c7-44b4-44d1-a539-5f80ec87a56a | ITER: 32 END: OK
2019-06-09 08:29:34.628 22830 INFO rally.task.runner [-] Task 4f99d2c7-44b4-44d1-a539-5f80ec87a56a | ITER: 52 START
2019-06-09 08:29:35.122 22851 INFO rally.task.runner [-] Task 4f99d2c7-44b4-44d1-a539-5f80ec87a56a | ITER: 35 END: OK
2019-06-09 08:29:35.125 22851 INFO rally.task.runner [-] Task 4f99d2c7-44b4-44d1-a539-5f80ec87a56a | ITER: 53 START
2019-06-09 08:29:35.130 22865 INFO rally.task.runner [-] Task 4f99d2c7-44b4-44d1-a539-5f80ec87a56a | ITER: 33 END: OK
2019-06-09 08:29:35.132 22865 INFO rally.task.runner [-] Task 4f99d2c7-44b4-44d1-a539-5f80ec87a56a | ITER: 54 START
2019-06-09 08:29:35.151 22868 INFO rally.task.runner [-] Task 4f99d2c7-44b4-44d1-a539-5f80ec87a56a | ITER: 42 END: OK
2019-06-09 08:29:35.154 22868 INFO rally.task.runner [-] Task 4f99d2c7-44b4-44d1-a539-5f80ec87a56a | ITER: 55 START
2019-06-09 08:29:35.691 22862 INFO rally.task.runner [-] Task 4f99d2c7-44b4-44d1-a539-5f80ec87a56a | ITER: 43 END: OK
2019-06-09 08:29:35.695 22862 INFO rally.task.runner [-] Task 4f99d2c7-44b4-44d1-a539-5f80ec87a56a | ITER: 56 START
2019-06-09 08:29:35.744 22830 INFO rally.task.runner [-] Task 4f99d2c7-44b4-44d1-a539-5f80ec87a56a | ITER: 40 END: OK
2019-06-09 08:29:35.748 22830 INFO rally.task.runner [-] Task 4f99d2c7-44b4-44d1-a539-5f80ec87a56a | ITER: 57 START
2019-06-09 08:29:35.835 22874 INFO rally.task.runner [-] Task 4f99d2c7-44b4-44d1-a539-5f80ec87a56a | ITER: 34 END: OK
2019-06-09 08:29:35.838 22874 INFO rally.task.runner [-] Task 4f99d2c7-44b4-44d1-a539-5f80ec87a56a | ITER: 58 START
2019-06-09 08:29:35.944 22854 INFO rally.task.runner [-] Task 4f99d2c7-44b4-44d1-a539-5f80ec87a56a | ITER: 46 END: OK
2019-06-09 08:29:35.947 22854 INFO rally.task.runner [-] Task 4f99d2c7-44b4-44d1-a539-5f80ec87a56a | ITER: 59 START
2019-06-09 08:29:36.224 22831 INFO rally.task.runner [-] Task 4f99d2c7-44b4-44d1-a539-5f80ec87a56a | ITER: 38 END: OK
2019-06-09 08:29:36.228 22831 INFO rally.task.runner [-] Task 4f99d2c7-44b4-44d1-a539-5f80ec87a56a | ITER: 60 START
2019-06-09 08:29:36.234 22829 INFO rally.task.runner [-] Task 4f99d2c7-44b4-44d1-a539-5f80ec87a56a | ITER: 48 END: OK
2019-06-09 08:29:36.238 22829 INFO rally.task.runner [-] Task 4f99d2c7-44b4-44d1-a539-5f80ec87a56a | ITER: 61 START
2019-06-09 08:29:36.253 22871 INFO rally.task.runner [-] Task 4f99d2c7-44b4-44d1-a539-5f80ec87a56a | ITER: 30 END: OK
2019-06-09 08:29:36.256 22871 INFO rally.task.runner [-] Task 4f99d2c7-44b4-44d1-a539-5f80ec87a56a | ITER: 62 START
2019-06-09 08:29:36.834 22849 INFO rally.task.runner [-] Task 4f99d2c7-44b4-44d1-a539-5f80ec87a56a | ITER: 36 END: OK
2019-06-09 08:29:36.838 22849 INFO rally.task.runner [-] Task 4f99d2c7-44b4-44d1-a539-5f80ec87a56a | ITER: 63 START
2019-06-09 08:29:36.958 22832 INFO rally.task.runner [-] Task 4f99d2c7-44b4-44d1-a539-5f80ec87a56a | ITER: 49 END: OK
2019-06-09 08:29:36.962 22832 INFO rally.task.runner [-] Task 4f99d2c7-44b4-44d1-a539-5f80ec87a56a | ITER: 64 START
2019-06-09 08:29:37.039 22832 INFO rally.task.runner [-] Task 4f99d2c7-44b4-44d1-a539-5f80ec87a56a | ITER: 45 END: OK
2019-06-09 08:29:37.042 22832 INFO rally.task.runner [-] Task 4f99d2c7-44b4-44d1-a539-5f80ec87a56a | ITER: 65 START
2019-06-09 08:29:37.466 22864 INFO rally.task.runner [-] Task 4f99d2c7-44b4-44d1-a539-5f80ec87a56a | ITER: 41 END: OK
2019-06-09 08:29:37.470 22864 INFO rally.task.runner [-] Task 4f99d2c7-44b4-44d1-a539-5f80ec87a56a | ITER: 66 START
2019-06-09 08:29:37.524 22831 INFO rally.task.runner [-] Task 4f99d2c7-44b4-44d1-a539-5f80ec87a56a | ITER: 50 END: OK
2019-06-09 08:29:37.527 22831 INFO rally.task.runner [-] Task 4f99d2c7-44b4-44d1-a539-5f80ec87a56a | ITER: 67 START
2019-06-09 08:29:37.584 22851 INFO rally.task.runner [-] Task 4f99d2c7-44b4-44d1-a539-5f80ec87a56a | ITER: 53 END: OK
2019-06-09 08:29:37.587 22851 INFO rally.task.runner [-] Task 4f99d2c7-44b4-44d1-a539-5f80ec87a56a | ITER: 68 START
2019-06-09 08:29:37.842 22830 INFO rally.task.runner [-] Task 4f99d2c7-44b4-44d1-a539-5f80ec87a56a | ITER: 52 END: OK
2019-06-09 08:29:37.845 22830 INFO rally.task.runner [-] Task 4f99d2c7-44b4-44d1-a539-5f80ec87a56a | ITER: 69 START
2019-06-09 08:29:38.321 22841 INFO rally.task.runner [-] Task 4f99d2c7-44b4-44d1-a539-5f80ec87a56a | ITER: 44 END: OK
2019-06-09 08:29:38.324 22841 INFO rally.task.runner [-] Task 4f99d2c7-44b4-44d1-a539-5f80ec87a56a | ITER: 70 START
2019-06-09 08:29:38.712 22854 INFO rally.task.runner [-] Task 4f99d2c7-44b4-44d1-a539-5f80ec87a56a | ITER: 59 END: OK
2019-06-09 08:29:38.716 22854 INFO rally.task.runner [-] Task 4f99d2c7-44b4-44d1-a539-5f80ec87a56a | ITER: 71 START
2019-06-09 08:29:38.860 22830 INFO rally.task.runner [-] Task 4f99d2c7-44b4-44d1-a539-5f80ec87a56a | ITER: 57 END: OK
2019-06-09 08:29:38.863 22830 INFO rally.task.runner [-] Task 4f99d2c7-44b4-44d1-a539-5f80ec87a56a | ITER: 72 START
2019-06-09 08:29:39.018 22865 INFO rally.task.runner [-] Task 4f99d2c7-44b4-44d1-a539-5f80ec87a56a | ITER: 54 END: OK
2019-06-09 08:29:39.021 22865 INFO rally.task.runner [-] Task 4f99d2c7-44b4-44d1-a539-5f80ec87a56a | ITER: 73 START
2019-06-09 08:29:39.022 22874 INFO rally.task.runner [-] Task 4f99d2c7-44b4-44d1-a539-5f80ec87a56a | ITER: 58 END: OK
2019-06-09 08:29:39.026 22874 INFO rally.task.runner [-] Task 4f99d2c7-44b4-44d1-a539-5f80ec87a56a | ITER: 74 START
2019-06-09 08:29:39.034 22829 INFO rally.task.runner [-] Task 4f99d2c7-44b4-44d1-a539-5f80ec87a56a | ITER: 47 END: OK
2019-06-09 08:29:39.037 22829 INFO rally.task.runner [-] Task 4f99d2c7-44b4-44d1-a539-5f80ec87a56a | ITER: 75 START
2019-06-09 08:29:39.196 22868 INFO rally.task.runner [-] Task 4f99d2c7-44b4-44d1-a539-5f80ec87a56a | ITER: 55 END: OK
2019-06-09 08:29:39.199 22868 INFO rally.task.runner [-] Task 4f99d2c7-44b4-44d1-a539-5f80ec87a56a | ITER: 76 START
2019-06-09 08:29:39.258 22831 INFO rally.task.runner [-] Task 4f99d2c7-44b4-44d1-a539-5f80ec87a56a | ITER: 60 END: OK
2019-06-09 08:29:39.262 22831 INFO rally.task.runner [-] Task 4f99d2c7-44b4-44d1-a539-5f80ec87a56a | ITER: 77 START
2019-06-09 08:29:39.420 22862 INFO rally.task.runner [-] Task 4f99d2c7-44b4-44d1-a539-5f80ec87a56a | ITER: 56 END: OK
2019-06-09 08:29:39.423 22862 INFO rally.task.runner [-] Task 4f99d2c7-44b4-44d1-a539-5f80ec87a56a | ITER: 78 START
2019-06-09 08:29:39.499 22871 INFO rally.task.runner [-] Task 4f99d2c7-44b4-44d1-a539-5f80ec87a56a | ITER: 62 END: OK
2019-06-09 08:29:39.502 22871 INFO rally.task.runner [-] Task 4f99d2c7-44b4-44d1-a539-5f80ec87a56a | ITER: 79 START
2019-06-09 08:29:39.978 22832 INFO rally.task.runner [-] Task 4f99d2c7-44b4-44d1-a539-5f80ec87a56a | ITER: 65 END: OK
2019-06-09 08:29:39.981 22832 INFO rally.task.runner [-] Task 4f99d2c7-44b4-44d1-a539-5f80ec87a56a | ITER: 80 START
2019-06-09 08:29:40.111 22832 INFO rally.task.runner [-] Task 4f99d2c7-44b4-44d1-a539-5f80ec87a56a | ITER: 64 END: OK
2019-06-09 08:29:40.114 22832 INFO rally.task.runner [-] Task 4f99d2c7-44b4-44d1-a539-5f80ec87a56a | ITER: 81 START
2019-06-09 08:29:40.324 22835 INFO rally.task.runner [-] Task 4f99d2c7-44b4-44d1-a539-5f80ec87a56a | ITER: 51 END: OK
2019-06-09 08:29:40.327 22835 INFO rally.task.runner [-] Task 4f99d2c7-44b4-44d1-a539-5f80ec87a56a | ITER: 82 START
2019-06-09 08:29:40.420 22849 INFO rally.task.runner [-] Task 4f99d2c7-44b4-44d1-a539-5f80ec87a56a | ITER: 63 END: OK
2019-06-09 08:29:40.423 22849 INFO rally.task.runner [-] Task 4f99d2c7-44b4-44d1-a539-5f80ec87a56a | ITER: 83 START
2019-06-09 08:29:40.527 22838 INFO rally.task.runner [-] Task 4f99d2c7-44b4-44d1-a539-5f80ec87a56a | ITER: 39 END: OK
2019-06-09 08:29:40.531 22838 INFO rally.task.runner [-] Task 4f99d2c7-44b4-44d1-a539-5f80ec87a56a | ITER: 84 START
2019-06-09 08:29:40.533 22829 INFO rally.task.runner [-] Task 4f99d2c7-44b4-44d1-a539-5f80ec87a56a | ITER: 61 END: OK
2019-06-09 08:29:40.536 22829 INFO rally.task.runner [-] Task 4f99d2c7-44b4-44d1-a539-5f80ec87a56a | ITER: 85 START
2019-06-09 08:29:40.786 22830 INFO rally.task.runner [-] Task 4f99d2c7-44b4-44d1-a539-5f80ec87a56a | ITER: 69 END: OK
2019-06-09 08:29:40.789 22830 INFO rally.task.runner [-] Task 4f99d2c7-44b4-44d1-a539-5f80ec87a56a | ITER: 86 START
2019-06-09 08:29:40.990 22864 INFO rally.task.runner [-] Task 4f99d2c7-44b4-44d1-a539-5f80ec87a56a | ITER: 66 END: OK
2019-06-09 08:29:40.993 22864 INFO rally.task.runner [-] Task 4f99d2c7-44b4-44d1-a539-5f80ec87a56a | ITER: 87 START
2019-06-09 08:29:41.041 22841 INFO rally.task.runner [-] Task 4f99d2c7-44b4-44d1-a539-5f80ec87a56a | ITER: 70 END: OK
2019-06-09 08:29:41.044 22841 INFO rally.task.runner [-] Task 4f99d2c7-44b4-44d1-a539-5f80ec87a56a | ITER: 88 START
2019-06-09 08:29:41.698 22854 INFO rally.task.runner [-] Task 4f99d2c7-44b4-44d1-a539-5f80ec87a56a | ITER: 71 END: OK
2019-06-09 08:29:41.701 22854 INFO rally.task.runner [-] Task 4f99d2c7-44b4-44d1-a539-5f80ec87a56a | ITER: 89 START
2019-06-09 08:29:41.827 22851 INFO rally.task.runner [-] Task 4f99d2c7-44b4-44d1-a539-5f80ec87a56a | ITER: 68 END: OK
2019-06-09 08:29:41.830 22851 INFO rally.task.runner [-] Task 4f99d2c7-44b4-44d1-a539-5f80ec87a56a | ITER: 90 START
2019-06-09 08:29:41.886 22830 INFO rally.task.runner [-] Task 4f99d2c7-44b4-44d1-a539-5f80ec87a56a | ITER: 72 END: OK
2019-06-09 08:29:41.890 22830 INFO rally.task.runner [-] Task 4f99d2c7-44b4-44d1-a539-5f80ec87a56a | ITER: 91 START
2019-06-09 08:29:41.916 22831 INFO rally.task.runner [-] Task 4f99d2c7-44b4-44d1-a539-5f80ec87a56a | ITER: 67 END: OK
2019-06-09 08:29:41.919 22831 INFO rally.task.runner [-] Task 4f99d2c7-44b4-44d1-a539-5f80ec87a56a | ITER: 92 START
2019-06-09 08:29:42.285 22865 INFO rally.task.runner [-] Task 4f99d2c7-44b4-44d1-a539-5f80ec87a56a | ITER: 73 END: OK
2019-06-09 08:29:42.289 22865 INFO rally.task.runner [-] Task 4f99d2c7-44b4-44d1-a539-5f80ec87a56a | ITER: 93 START
2019-06-09 08:29:42.299 22832 INFO rally.task.runner [-] Task 4f99d2c7-44b4-44d1-a539-5f80ec87a56a | ITER: 80 END: OK
2019-06-09 08:29:42.303 22874 INFO rally.task.runner [-] Task 4f99d2c7-44b4-44d1-a539-5f80ec87a56a | ITER: 74 END: OK
2019-06-09 08:29:42.303 22832 INFO rally.task.runner [-] Task 4f99d2c7-44b4-44d1-a539-5f80ec87a56a | ITER: 94 START
2019-06-09 08:29:42.306 22874 INFO rally.task.runner [-] Task 4f99d2c7-44b4-44d1-a539-5f80ec87a56a | ITER: 95 START
2019-06-09 08:29:42.510 22829 INFO rally.task.runner [-] Task 4f99d2c7-44b4-44d1-a539-5f80ec87a56a | ITER: 75 END: OK
2019-06-09 08:29:42.513 22829 INFO rally.task.runner [-] Task 4f99d2c7-44b4-44d1-a539-5f80ec87a56a | ITER: 96 START
2019-06-09 08:29:42.635 22862 INFO rally.task.runner [-] Task 4f99d2c7-44b4-44d1-a539-5f80ec87a56a | ITER: 78 END: OK
2019-06-09 08:29:42.638 22862 INFO rally.task.runner [-] Task 4f99d2c7-44b4-44d1-a539-5f80ec87a56a | ITER: 97 START
2019-06-09 08:29:42.900 22871 INFO rally.task.runner [-] Task 4f99d2c7-44b4-44d1-a539-5f80ec87a56a | ITER: 79 END: OK
2019-06-09 08:29:42.903 22871 INFO rally.task.runner [-] Task 4f99d2c7-44b4-44d1-a539-5f80ec87a56a | ITER: 98 START
2019-06-09 08:29:42.908 22831 INFO rally.task.runner [-] Task 4f99d2c7-44b4-44d1-a539-5f80ec87a56a | ITER: 77 END: OK
2019-06-09 08:29:42.912 22831 INFO rally.task.runner [-] Task 4f99d2c7-44b4-44d1-a539-5f80ec87a56a | ITER: 99 START
2019-06-09 08:29:42.957 22835 INFO rally.task.runner [-] Task 4f99d2c7-44b4-44d1-a539-5f80ec87a56a | ITER: 82 END: OK
2019-06-09 08:29:42.960 22835 INFO rally.task.runner [-] Task 4f99d2c7-44b4-44d1-a539-5f80ec87a56a | ITER: 100 START
2019-06-09 08:29:43.082 22868 INFO rally.task.runner [-] Task 4f99d2c7-44b4-44d1-a539-5f80ec87a56a | ITER: 76 END: OK
2019-06-09 08:29:43.179 22832 INFO rally.task.runner [-] Task 4f99d2c7-44b4-44d1-a539-5f80ec87a56a | ITER: 81 END: OK
2019-06-09 08:29:43.378 22829 INFO rally.task.runner [-] Task 4f99d2c7-44b4-44d1-a539-5f80ec87a56a | ITER: 85 END: OK
2019-06-09 08:29:44.694 22841 INFO rally.task.runner [-] Task 4f99d2c7-44b4-44d1-a539-5f80ec87a56a | ITER: 88 END: OK
2019-06-09 08:29:44.728 22838 INFO rally.task.runner [-] Task 4f99d2c7-44b4-44d1-a539-5f80ec87a56a | ITER: 84 END: OK
2019-06-09 08:29:44.903 22830 INFO rally.task.runner [-] Task 4f99d2c7-44b4-44d1-a539-5f80ec87a56a | ITER: 86 END: OK
2019-06-09 08:29:45.038 22831 INFO rally.task.runner [-] Task 4f99d2c7-44b4-44d1-a539-5f80ec87a56a | ITER: 92 END: OK
2019-06-09 08:29:45.222 22864 INFO rally.task.runner [-] Task 4f99d2c7-44b4-44d1-a539-5f80ec87a56a | ITER: 87 END: OK
2019-06-09 08:29:45.226 22854 INFO rally.task.runner [-] Task 4f99d2c7-44b4-44d1-a539-5f80ec87a56a | ITER: 89 END: OK
2019-06-09 08:29:45.226 22849 INFO rally.task.runner [-] Task 4f99d2c7-44b4-44d1-a539-5f80ec87a56a | ITER: 83 END: OK
2019-06-09 08:29:45.503 22830 INFO rally.task.runner [-] Task 4f99d2c7-44b4-44d1-a539-5f80ec87a56a | ITER: 91 END: OK
2019-06-09 08:29:45.508 22862 INFO rally.task.runner [-] Task 4f99d2c7-44b4-44d1-a539-5f80ec87a56a | ITER: 97 END: OK
2019-06-09 08:29:45.695 22832 INFO rally.task.runner [-] Task 4f99d2c7-44b4-44d1-a539-5f80ec87a56a | ITER: 94 END: OK
2019-06-09 08:29:45.715 22871 INFO rally.task.runner [-] Task 4f99d2c7-44b4-44d1-a539-5f80ec87a56a | ITER: 98 END: OK
2019-06-09 08:29:45.731 22831 INFO rally.task.runner [-] Task 4f99d2c7-44b4-44d1-a539-5f80ec87a56a | ITER: 99 END: OK
2019-06-09 08:29:45.891 22851 INFO rally.task.runner [-] Task 4f99d2c7-44b4-44d1-a539-5f80ec87a56a | ITER: 90 END: OK
2019-06-09 08:29:46.121 22865 INFO rally.task.runner [-] Task 4f99d2c7-44b4-44d1-a539-5f80ec87a56a | ITER: 93 END: OK
2019-06-09 08:29:46.186 22874 INFO rally.task.runner [-] Task 4f99d2c7-44b4-44d1-a539-5f80ec87a56a | ITER: 95 END: OK
2019-06-09 08:29:46.210 22835 INFO rally.task.runner [-] Task 4f99d2c7-44b4-44d1-a539-5f80ec87a56a | ITER: 100 END: OK
2019-06-09 08:29:46.387 22829 INFO rally.task.runner [-] Task 4f99d2c7-44b4-44d1-a539-5f80ec87a56a | ITER: 96 END: OK
2019-06-09 08:29:46.412 22705 INFO rally.task.context [-] Task 4f99d2c7-44b4-44d1-a539-5f80ec87a56a | Context cleanup@openstack cleanup() started
2019-06-09 08:29:46.414 22705 RALLYDEBUG rally_openstack.cleanup.manager [-] Cleaning up neutron vip objects
2019-06-09 08:29:47.067 22705 RALLYDEBUG rally_openstack.cleanup.manager [-] Cleaning up neutron health_monitor objects
2019-06-09 08:29:47.708 22705 RALLYDEBUG rally_openstack.cleanup.manager [-] Cleaning up neutron pool objects
2019-06-09 08:29:48.438 22705 RALLYDEBUG rally_openstack.cleanup.manager [-] Cleaning up neutron loadbalancer objects
2019-06-09 08:29:49.080 22705 RALLYDEBUG rally_openstack.cleanup.manager [-] Cleaning up neutron floatingip objects
2019-06-09 08:29:49.775 22705 RALLYDEBUG rally_openstack.cleanup.manager [-] Cleaning up neutron port objects
2019-06-09 08:29:51.028 22705 RALLYDEBUG rally_openstack.cleanup.manager [-] Cleaning up neutron subnet objects
2019-06-09 08:29:51.699 22705 RALLYDEBUG rally_openstack.cleanup.manager [-] Cleaning up neutron network objects
2019-06-09 08:29:52.600 22705 RALLYDEBUG rally_openstack.cleanup.manager [-] Deleting neutron.network object s_rally_fb50eb9e_0YE7P4dC (00399284-6355-4648-85eb-de42d2476286)
2019-06-09 08:29:52.605 22705 RALLYDEBUG rally_openstack.cleanup.manager [-] Deleting neutron.network object s_rally_fb50eb9e_IbSvm7PT (00a28050-a501-43f7-ad9f-baa6144e61cc)
2019-06-09 08:29:52.613 22705 RALLYDEBUG rally_openstack.cleanup.manager [-] Deleting neutron.network object s_rally_fb50eb9e_3yuObvte (0145cb42-25bf-4a9d-908e-42c84b79c8f8)
2019-06-09 08:29:52.619 22705 RALLYDEBUG rally_openstack.cleanup.manager [-] Deleting neutron.network object s_rally_fb50eb9e_TeK3pJAf (06955b3d-1679-4c34-8204-c061a8d026ea)
2019-06-09 08:29:52.627 22705 RALLYDEBUG rally_openstack.cleanup.manager [-] Deleting neutron.network object s_rally_fb50eb9e_i2RNUDY1 (06a2646b-e0fb-43eb-b378-a24da97a6357)
2019-06-09 08:29:52.637 22705 RALLYDEBUG rally_openstack.cleanup.manager [-] Deleting neutron.network object s_rally_fb50eb9e_BVfuQc0V (07ecdb2b-91ff-4f2a-989c-d3c0d0cb0474)
2019-06-09 08:29:52.650 22705 RALLYDEBUG rally_openstack.cleanup.manager [-] Deleting neutron.network object s_rally_fb50eb9e_o2ntE4Jp (0871291e-d9ae-4be2-8c27-4f6a847cf59b)
2019-06-09 08:29:52.655 22705 RALLYDEBUG rally_openstack.cleanup.manager [-] Deleting neutron.network object s_rally_fb50eb9e_qyGA7fnS (124c2520-0c88-4663-9ea3-c17d991d506c)
2019-06-09 08:29:52.674 22705 RALLYDEBUG rally_openstack.cleanup.manager [-] Deleting neutron.network object s_rally_fb50eb9e_vV15iDiI (1c1f2584-d3d0-4c14-8a47-8f96d3301488)
2019-06-09 08:29:52.671 22705 RALLYDEBUG rally_openstack.cleanup.manager [-] Deleting neutron.network object s_rally_fb50eb9e_lfzBgGA5 (1983d03e-bd33-4c5a-96b1-fd00571b0e95)
2019-06-09 08:29:52.689 22705 RALLYDEBUG rally_openstack.cleanup.manager [-] Deleting neutron.network object s_rally_fb50eb9e_vMLHlgCH (1ef17fa6-7eec-4fa0-b739-26f13c4f9abb)
2019-06-09 08:29:52.696 22705 RALLYDEBUG rally_openstack.cleanup.manager [-] Deleting neutron.network object s_rally_fb50eb9e_ZSUYgqVO (25304d4f-9c39-4648-b367-ca921e84acca)
2019-06-09 08:29:52.709 22705 RALLYDEBUG rally_openstack.cleanup.manager [-] Deleting neutron.network object s_rally_fb50eb9e_AmQNJGRw (2d18e716-cf4d-4717-b78a-2eb00e3db7c8)
2019-06-09 08:29:52.712 22705 RALLYDEBUG rally_openstack.cleanup.manager [-] Deleting neutron.network object s_rally_fb50eb9e_TL7UUIGd (264577dd-5ed7-4955-be22-b84391b878d3)
2019-06-09 08:29:52.729 22705 RALLYDEBUG rally_openstack.cleanup.manager [-] Deleting neutron.network object s_rally_fb50eb9e_Rk71ZUJb (3058e2da-e11c-4c42-a977-806a10caf637)
2019-06-09 08:29:52.741 22705 RALLYDEBUG rally_openstack.cleanup.manager [-] Deleting neutron.network object s_rally_fb50eb9e_z1UAuAms (2dad7ebd-15a7-416a-8e23-ba7f420b1fa1)
2019-06-09 08:29:52.744 22705 RALLYDEBUG rally_openstack.cleanup.manager [-] Deleting neutron.network object s_rally_fb50eb9e_LUkifnSo (307acaf9-1ab8-46ca-b64f-1a4639ab4b24)
2019-06-09 08:29:52.781 22705 RALLYDEBUG rally_openstack.cleanup.manager [-] Deleting neutron.network object s_rally_fb50eb9e_AwudoOmG (31b48f84-acad-4ae6-b266-956db23be90a)
2019-06-09 08:29:52.807 22705 RALLYDEBUG rally_openstack.cleanup.manager [-] Deleting neutron.network object s_rally_fb50eb9e_NrALhvvp (33534858-7266-4308-8f5c-30279fd66696)
2019-06-09 08:29:52.820 22705 RALLYDEBUG rally_openstack.cleanup.manager [-] Deleting neutron.network object s_rally_fb50eb9e_u03dy2f5 (3263fc67-c5d6-4aa5-9524-05e74c55c7c9)
2019-06-09 08:29:55.889 22705 RALLYDEBUG rally_openstack.cleanup.manager [-] Deleting neutron.network object s_rally_fb50eb9e_NV3rpRi9 (37b4e7ef-e777-438e-8ec8-ea209aca7c23)
2019-06-09 08:29:55.900 22705 RALLYDEBUG rally_openstack.cleanup.manager [-] Deleting neutron.network object s_rally_fb50eb9e_QoYX1eqb (3e56d205-bf9c-4cfe-af08-046043b67852)
2019-06-09 08:29:56.033 22705 RALLYDEBUG rally_openstack.cleanup.manager [-] Deleting neutron.network object s_rally_fb50eb9e_Oyx5dfRm (405bb861-d2d3-47da-89d6-3f5022fc7d72)
2019-06-09 08:29:56.132 22705 RALLYDEBUG rally_openstack.cleanup.manager [-] Deleting neutron.network object s_rally_fb50eb9e_dQA3EmDy (43187a4d-313c-4c5a-acd8-5ec4483c0770)
2019-06-09 08:29:56.280 22705 RALLYDEBUG rally_openstack.cleanup.manager [-] Deleting neutron.network object s_rally_fb50eb9e_Q5APwYEX (444e720d-fb3f-4949-98a3-d95099148f8e)
2019-06-09 08:29:56.386 22705 RALLYDEBUG rally_openstack.cleanup.manager [-] Deleting neutron.network object s_rally_fb50eb9e_BwIqgD8K (4a47bced-ab26-48ff-a4d4-2dccbdf87b4c)
2019-06-09 08:29:56.386 22705 RALLYDEBUG rally_openstack.cleanup.manager [-] Deleting neutron.network object s_rally_fb50eb9e_sDtki82r (4c7ff7e2-efad-41bb-bcd2-af14f6617d03)
2019-06-09 08:29:56.421 22705 RALLYDEBUG rally_openstack.cleanup.manager [-] Deleting neutron.network object s_rally_fb50eb9e_TzJXVI0x (55595a57-2675-4dbb-b1aa-b0cb97fd4b0f)
2019-06-09 08:29:56.426 22705 RALLYDEBUG rally_openstack.cleanup.manager [-] Deleting neutron.network object s_rally_fb50eb9e_qnNmDVLy (5853056c-e530-4080-976b-97bb99b1d269)
2019-06-09 08:29:56.507 22705 RALLYDEBUG rally_openstack.cleanup.manager [-] Deleting neutron.network object s_rally_fb50eb9e_fmb8ZGcn (58aeb7be-1394-44f9-8585-80f390ef31f8)
2019-06-09 08:29:56.575 22705 RALLYDEBUG rally_openstack.cleanup.manager [-] Deleting neutron.network object s_rally_fb50eb9e_nUap4dA8 (58b04d48-669a-4486-a1a9-7df24979c11e)
2019-06-09 08:29:56.605 22705 RALLYDEBUG rally_openstack.cleanup.manager [-] Deleting neutron.network object s_rally_fb50eb9e_t2OqWfai (62e6b574-b119-48b3-895e-7a9b774c5089)
2019-06-09 08:29:56.620 22705 RALLYDEBUG rally_openstack.cleanup.manager [-] Deleting neutron.network object s_rally_fb50eb9e_oimkqi1h (638c5df9-e360-4b92-944b-612aea718449)
2019-06-09 08:29:56.659 22705 RALLYDEBUG rally_openstack.cleanup.manager [-] Deleting neutron.network object s_rally_fb50eb9e_ksM7jupD (65fd7a56-4ee0-49aa-b92c-dd1c6ed45f7a)
2019-06-09 08:29:57.541 22705 RALLYDEBUG rally_openstack.cleanup.manager [-] Deleting neutron.network object s_rally_fb50eb9e_519a7y2h (67b7294b-a84d-433b-8e42-a34900438a3d)
2019-06-09 08:29:57.541 22705 RALLYDEBUG rally_openstack.cleanup.manager [-] Deleting neutron.network object s_rally_fb50eb9e_vTY0409U (66f93fb2-3055-4f07-804e-1f7f22e96d3e)
2019-06-09 08:29:57.890 22705 RALLYDEBUG rally_openstack.cleanup.manager [-] Deleting neutron.network object s_rally_fb50eb9e_jgioOSrE (68ad58cb-a73c-46be-870e-7f74f09d63b2)
2019-06-09 08:29:57.898 22705 RALLYDEBUG rally_openstack.cleanup.manager [-] Deleting neutron.network object s_rally_fb50eb9e_Vzwnx6Ri (6bcb8668-81f1-4657-a266-a73c615ac85b)
2019-06-09 08:29:57.966 22705 RALLYDEBUG rally_openstack.cleanup.manager [-] Deleting neutron.network object s_rally_fb50eb9e_P7m5vEmi (6c9a9f32-da92-4627-b105-73c5ae0ac6c5)
2019-06-09 08:29:58.007 22705 RALLYDEBUG rally_openstack.cleanup.manager [-] Deleting neutron.network object s_rally_fb50eb9e_HZoqFxvV (6f3c3e23-7766-4da8-b7f1-368c1e14627b)
2019-06-09 08:29:59.079 22705 RALLYDEBUG rally_openstack.cleanup.manager [-] Deleting neutron.network object s_rally_fb50eb9e_RTQ49nyn (72154fae-85f6-4144-9100-eba310494590)
2019-06-09 08:29:59.521 22705 RALLYDEBUG rally_openstack.cleanup.manager [-] Deleting neutron.network object s_rally_fb50eb9e_2Y1D3Gx0 (726984b5-66f2-4f5c-9a94-247820107dc3)
2019-06-09 08:29:59.570 22705 RALLYDEBUG rally_openstack.cleanup.manager [-] Deleting neutron.network object s_rally_fb50eb9e_IhUKu19r (7530afee-fc16-4636-b491-87253dbd61d3)
2019-06-09 08:29:59.647 22705 RALLYDEBUG rally_openstack.cleanup.manager [-] Deleting neutron.network object s_rally_fb50eb9e_7YQ7aChO (7fb19238-2aa7-4cf0-93e5-d79b375f5357)
2019-06-09 08:29:59.973 22705 RALLYDEBUG rally_openstack.cleanup.manager [-] Deleting neutron.network object s_rally_fb50eb9e_1r4xTTPh (7ff41a5f-c1bf-4ec6-9343-4471533d4fc6)
2019-06-09 08:30:00.379 22705 RALLYDEBUG rally_openstack.cleanup.manager [-] Deleting neutron.network object s_rally_fb50eb9e_3TeEfFSU (8203cbca-501d-4407-951a-4d4cd78f8ad4)
2019-06-09 08:30:00.494 22705 RALLYDEBUG rally_openstack.cleanup.manager [-] Deleting neutron.network object s_rally_fb50eb9e_tSb8TRnC (85dace70-6c2f-4ef2-b413-057b0437ea84)
2019-06-09 08:30:00.647 22705 RALLYDEBUG rally_openstack.cleanup.manager [-] Deleting neutron.network object s_rally_fb50eb9e_PCMTriub (8ea4ea72-468d-4e26-a191-df688343504c)
2019-06-09 08:30:00.913 22705 RALLYDEBUG rally_openstack.cleanup.manager [-] Deleting neutron.network object s_rally_fb50eb9e_yoJpOknz (903222b7-a9a3-4756-b9d0-c9dbeef639b9)
2019-06-09 08:30:00.932 22705 RALLYDEBUG rally_openstack.cleanup.manager [-] Deleting neutron.network object s_rally_fb50eb9e_7HjvOIvI (968e6b28-cce3-4937-9c62-330bfd5ab0fb)
2019-06-09 08:30:00.990 22705 RALLYDEBUG rally_openstack.cleanup.manager [-] Deleting neutron.network object s_rally_fb50eb9e_1OPQnr2Y (9fd03fd8-170c-49a4-9649-ab79b702d9eb)
2019-06-09 08:30:01.097 22705 RALLYDEBUG rally_openstack.cleanup.manager [-] Deleting neutron.network object s_rally_fb50eb9e_hiumJB0Y (a146c022-2390-4fff-aae7-b47bcd04d6ec)
2019-06-09 08:30:01.131 22705 RALLYDEBUG rally_openstack.cleanup.manager [-] Deleting neutron.network object s_rally_fb50eb9e_1uQjg99S (a1b7bc05-1a72-45cd-9c17-4571c743edb1)
2019-06-09 08:30:01.207 22705 RALLYDEBUG rally_openstack.cleanup.manager [-] Deleting neutron.network object s_rally_fb50eb9e_UjZELCMj (a3501b9c-d13c-403d-86b8-988f48590f86)
2019-06-09 08:30:01.208 22705 RALLYDEBUG rally_openstack.cleanup.manager [-] Deleting neutron.network object s_rally_fb50eb9e_XL6zIjCs (a3b4cff5-c020-4bcf-a615-02c896112044)
2019-06-09 08:30:01.344 22705 RALLYDEBUG rally_openstack.cleanup.manager [-] Deleting neutron.network object s_rally_fb50eb9e_vOAZTqVg (a3c5a035-1800-413a-8522-911b29687b54)
2019-06-09 08:30:01.490 22705 RALLYDEBUG rally_openstack.cleanup.manager [-] Deleting neutron.network object s_rally_fb50eb9e_z4w5Oc2K (a40367e9-3669-4622-be2a-59b6d18f67a6)
2019-06-09 08:30:02.366 22705 RALLYDEBUG rally_openstack.cleanup.manager [-] Deleting neutron.network object s_rally_fb50eb9e_GxT9TUfS (a52b08ce-01d7-475a-97cf-f1cc1bbe86b0)
2019-06-09 08:30:02.442 22705 RALLYDEBUG rally_openstack.cleanup.manager [-] Deleting neutron.network object s_rally_fb50eb9e_ZK1Y3oQF (a6b7114a-ab5f-49a1-96e2-4b9bcf7607d7)
2019-06-09 08:30:02.446 22705 RALLYDEBUG rally_openstack.cleanup.manager [-] Deleting neutron.network object s_rally_fb50eb9e_e2V4SdYg (a8eaab63-89c4-4557-a406-1944acd5fbaf)
2019-06-09 08:30:02.780 22705 RALLYDEBUG rally_openstack.cleanup.manager [-] Deleting neutron.network object s_rally_fb50eb9e_RutaXSM7 (aa9e4b02-2e09-4885-9416-3f97b3da59d2)
2019-06-09 08:30:03.055 22705 RALLYDEBUG rally_openstack.cleanup.manager [-] Deleting neutron.network object s_rally_fb50eb9e_QG43TwrV (ae3d7748-0a73-4ad3-800f-e04af9933cc5)
2019-06-09 08:30:03.267 22705 RALLYDEBUG rally_openstack.cleanup.manager [-] Deleting neutron.network object s_rally_fb50eb9e_WewV2Mwj (afe47d15-a5ab-43c4-afde-734e285d70da)
2019-06-09 08:30:03.277 22705 RALLYDEBUG rally_openstack.cleanup.manager [-] Deleting neutron.network object s_rally_fb50eb9e_mj1JLO3o (b065c10a-2cd8-4cd3-b7bf-280196db4a3b)
2019-06-09 08:30:03.480 22705 RALLYDEBUG rally_openstack.cleanup.manager [-] Deleting neutron.network object s_rally_fb50eb9e_5c63lj0U (b17a7cc3-a7f3-4a75-af25-33d188189588)
2019-06-09 08:30:03.737 22705 RALLYDEBUG rally_openstack.cleanup.manager [-] Deleting neutron.network object s_rally_fb50eb9e_Py55ytID (b3982ed9-71be-40a8-b6c3-19b076564b97)
2019-06-09 08:30:03.903 22705 RALLYDEBUG rally_openstack.cleanup.manager [-] Deleting neutron.network object s_rally_fb50eb9e_eKewfaOW (b5483260-2514-424e-ba0f-eb36a1a6361c)
2019-06-09 08:30:04.139 22705 RALLYDEBUG rally_openstack.cleanup.manager [-] Deleting neutron.network object s_rally_fb50eb9e_AOD9ueon (b728e786-810a-42b2-b1fb-b2caf986822d)
2019-06-09 08:30:04.226 22705 RALLYDEBUG rally_openstack.cleanup.manager [-] Deleting neutron.network object s_rally_fb50eb9e_SDaPqFC0 (bbbbd415-0bc3-48a7-9b61-6288824e4adc)
2019-06-09 08:30:04.351 22705 RALLYDEBUG rally_openstack.cleanup.manager [-] Deleting neutron.network object s_rally_fb50eb9e_suDPghX8 (bdb42b9e-fbd9-4fc2-8aa3-190477e98abc)
2019-06-09 08:30:04.425 22705 RALLYDEBUG rally_openstack.cleanup.manager [-] Deleting neutron.network object s_rally_fb50eb9e_kYIxU0Aw (bfcaa32e-b5d8-4852-bb94-639c82a13ee3)
2019-06-09 08:30:04.443 22705 RALLYDEBUG rally_openstack.cleanup.manager [-] Deleting neutron.network object s_rally_fb50eb9e_vmq80xpL (c0872edf-89fa-4d2d-8eaa-4e5f1ce1681f)
2019-06-09 08:30:04.610 22705 RALLYDEBUG rally_openstack.cleanup.manager [-] Deleting neutron.network object s_rally_fb50eb9e_MDI7SUc5 (c5e3751f-7c64-46e6-ad16-d071d1d68edc)
2019-06-09 08:30:04.650 22705 RALLYDEBUG rally_openstack.cleanup.manager [-] Deleting neutron.network object s_rally_fb50eb9e_K1z4pI4S (c88cd99f-dc71-4cbf-930f-b0441a59ab65)
2019-06-09 08:30:04.979 22705 RALLYDEBUG rally_openstack.cleanup.manager [-] Deleting neutron.network object s_rally_fb50eb9e_xPVmxwCa (c9bfcdda-af1d-412f-980d-7d52e072b23c)
2019-06-09 08:30:05.683 22705 RALLYDEBUG rally_openstack.cleanup.manager [-] Deleting neutron.network object s_rally_fb50eb9e_p05PvdLr (ca0514d5-62ba-44f7-a9a8-fde9ea92cd98)
2019-06-09 08:30:05.772 22705 RALLYDEBUG rally_openstack.cleanup.manager [-] Deleting neutron.network object s_rally_fb50eb9e_A46NUjpc (ccc7ed39-4966-4497-8855-327665ded71f)
2019-06-09 08:30:06.025 22705 RALLYDEBUG rally_openstack.cleanup.manager [-] Deleting neutron.network object s_rally_fb50eb9e_8MQYThgR (d2d65288-8f16-47f1-974d-93fa447aa01f)
2019-06-09 08:30:06.145 22705 RALLYDEBUG rally_openstack.cleanup.manager [-] Deleting neutron.network object s_rally_fb50eb9e_CyjAPltd (d60739a8-6d89-43ad-8b55-25f0c8bfba7e)
2019-06-09 08:30:06.178 22705 RALLYDEBUG rally_openstack.cleanup.manager [-] Deleting neutron.network object s_rally_fb50eb9e_8vjan641 (d630758c-a9f2-4ebd-b26f-6ff3421cb9bc)
2019-06-09 08:30:06.224 22705 RALLYDEBUG rally_openstack.cleanup.manager [-] Deleting neutron.network object s_rally_fb50eb9e_LqlPrW9u (de18d5ff-7767-49ba-82ec-6d153a3e1893)
2019-06-09 08:30:06.337 22705 RALLYDEBUG rally_openstack.cleanup.manager [-] Deleting neutron.network object s_rally_fb50eb9e_7wZ9myzR (df55d3aa-1492-4c26-b734-527e94803a95)
2019-06-09 08:30:06.352 22705 RALLYDEBUG rally_openstack.cleanup.manager [-] Deleting neutron.network object s_rally_fb50eb9e_9FNUSm4H (e0112c55-2206-4a18-93d1-29d7054d9b80)
2019-06-09 08:30:06.482 22705 RALLYDEBUG rally_openstack.cleanup.manager [-] Deleting neutron.network object s_rally_fb50eb9e_FpZx9Thn (e0c5741a-4ad6-47e9-afc6-83f590a18d39)
2019-06-09 08:30:06.914 22705 RALLYDEBUG rally_openstack.cleanup.manager [-] Deleting neutron.network object s_rally_fb50eb9e_OvS3VXn1 (e10232ef-58c4-4172-ab5d-b09e2da85efe)
2019-06-09 08:30:07.146 22705 RALLYDEBUG rally_openstack.cleanup.manager [-] Deleting neutron.network object s_rally_fb50eb9e_YCRENXH4 (e1bce52a-4593-4424-af34-1440e75fdd01)
2019-06-09 08:30:07.188 22705 RALLYDEBUG rally_openstack.cleanup.manager [-] Deleting neutron.network object s_rally_fb50eb9e_7f6OsuEQ (e282d543-e46b-4cd2-aa59-c6be72bfb4ca)
2019-06-09 08:30:07.384 22705 RALLYDEBUG rally_openstack.cleanup.manager [-] Deleting neutron.network object s_rally_fb50eb9e_r3MU5WgU (e4273bcb-c5f2-439c-b10c-e46ac75c324f)
2019-06-09 08:30:07.652 22705 RALLYDEBUG rally_openstack.cleanup.manager [-] Deleting neutron.network object s_rally_fb50eb9e_RFHlXkN2 (e5b3ad05-aacb-48bc-a197-692f7f2597c5)
2019-06-09 08:30:07.740 22705 RALLYDEBUG rally_openstack.cleanup.manager [-] Deleting neutron.network object s_rally_fb50eb9e_HK86D9iL (e83bf081-67a4-4dac-9a3a-e9fca5f2dbcd)
2019-06-09 08:30:07.757 22705 RALLYDEBUG rally_openstack.cleanup.manager [-] Deleting neutron.network object s_rally_fb50eb9e_Mf0hZPzj (eb5fb7ed-1697-4109-9ad5-26cfb4032890)
2019-06-09 08:30:07.878 22705 RALLYDEBUG rally_openstack.cleanup.manager [-] Deleting neutron.network object s_rally_fb50eb9e_kkfqOx0g (ebc743bd-f35d-4ba4-be93-aa325418220b)
2019-06-09 08:30:07.992 22705 RALLYDEBUG rally_openstack.cleanup.manager [-] Deleting neutron.network object s_rally_fb50eb9e_5jNjLN15 (ec5c129f-8eb8-438e-b307-71562ec5bc3f)
2019-06-09 08:30:08.087 22705 RALLYDEBUG rally_openstack.cleanup.manager [-] Deleting neutron.network object s_rally_fb50eb9e_xDGYVZZA (f177ff04-1d55-4d53-bfc7-23da8d6d16bb)
2019-06-09 08:30:08.596 22705 RALLYDEBUG rally_openstack.cleanup.manager [-] Deleting neutron.network object s_rally_fb50eb9e_zRy90OxA (f37e98dd-f59d-4256-a409-576081b42498)
2019-06-09 08:30:08.930 22705 RALLYDEBUG rally_openstack.cleanup.manager [-] Deleting neutron.network object s_rally_fb50eb9e_jAQMBWDt (f40f36c5-2ea0-4889-a5f0-26bfeea0095b)
