2019-06-09 06:29:23.409 7 RALLYDEBUG rally.api [-] INFO logs from urllib3 and requests module are hide.
2019-06-09 06:29:23.409 7 RALLYDEBUG rally.api [-] urllib3 insecure warnings are hidden.
2019-06-09 06:29:23.409 7 RALLYDEBUG rally.api [-] ERROR log from boto module is hide.
2019-06-09 06:29:24.685 7 ERROR rally.cli.cliutils [-] Unexpected exception in CLI: DBRecordNotFound: Record for uuid or name is opnfv-rally not found in table envs
2019-06-09 06:29:24.685 7 ERROR rally.cli.cliutils
Traceback (most recent call last):
2019-06-09 06:29:24.685 7 ERROR rally.cli.cliutils
File "/usr/lib/python2.7/site-packages/rally/cli/cliutils.py", line 674, in run
2019-06-09 06:29:24.685 7 ERROR rally.cli.cliutils ret = fn(*fn_args, **fn_kwargs)
2019-06-09 06:29:24.685 7 ERROR rally.cli.cliutils File "", line 2, in destroy
2019-06-09 06:29:24.685 7 ERROR rally.cli.cliutils
File "/usr/lib/python2.7/site-packages/rally/cli/envutils.py", line 69, in default_from_global
2019-06-09 06:29:24.685 7 ERROR rally.cli.cliutils return f(*args, **kwargs)
2019-06-09 06:29:24.685 7 ERROR rally.cli.cliutils File "", line 2, in destroy
2019-06-09 06:29:24.685 7 ERROR rally.cli.cliutils
File "/usr/lib/python2.7/site-packages/rally/plugins/__init__.py", line 51, in ensure_plugins_are_loaded
2019-06-09 06:29:24.685 7 ERROR rally.cli.cliutils return f(*args, **kwargs)
2019-06-09 06:29:24.685 7 ERROR rally.cli.cliutils
File "/usr/lib/python2.7/site-packages/rally/cli/commands/deployment.py", line 140, in destroy
2019-06-09 06:29:24.685 7 ERROR rally.cli.cliutils api.deployment.destroy(deployment=deployment)
2019-06-09 06:29:24.685 7 ERROR rally.cli.cliutils
File "/usr/lib/python2.7/site-packages/rally/api.py", line 115, in destroy
2019-06-09 06:29:24.685 7 ERROR rally.cli.cliutils deploy = objects.Deployment.get(deployment)
2019-06-09 06:29:24.685 7 ERROR rally.cli.cliutils
File "/usr/lib/python2.7/site-packages/rally/common/objects/deploy.py", line 124, in get
2019-06-09 06:29:24.685 7 ERROR rally.cli.cliutils return Deployment(env_mgr.EnvManager.get(deploy))
2019-06-09 06:29:24.685 7 ERROR rally.cli.cliutils
File "/usr/lib/python2.7/site-packages/rally/env/env_mgr.py", line 212, in get
2019-06-09 06:29:24.685 7 ERROR rally.cli.cliutils return cls(db.env_get(uuid_or_name))
2019-06-09 06:29:24.685 7 ERROR rally.cli.cliutils
File "/usr/lib/python2.7/site-packages/rally/common/db/api.py", line 135, in wrapper
2019-06-09 06:29:24.685 7 ERROR rally.cli.cliutils result = f(session, *args, **kwargs)
2019-06-09 06:29:24.685 7 ERROR rally.cli.cliutils
File "/usr/lib/python2.7/site-packages/rally/common/db/api.py", line 521, in env_get
2019-06-09 06:29:24.685 7 ERROR rally.cli.cliutils criteria="uuid or name is %s" % uuid_or_name, table="envs")
2019-06-09 06:29:24.685 7 ERROR rally.cli.cliutils DBRecordNotFound: Record for uuid or name is opnfv-rally not found in table envs
2019-06-09 06:29:24.685 7 ERROR rally.cli.cliutils
2019-06-09 06:29:25.434 9 RALLYDEBUG rally.api [-] INFO logs from urllib3 and requests module are hide.
2019-06-09 06:29:25.434 9 RALLYDEBUG rally.api [-] urllib3 insecure warnings are hidden.
2019-06-09 06:29:25.434 9 RALLYDEBUG rally.api [-] ERROR log from boto module is hide.
2019-06-09 06:29:26.757 9 WARNING rally_openstack.platforms.existing [-] endpoint is deprecated and not used.
2019-06-09 06:29:27.671 11 RALLYDEBUG rally.api [-] INFO logs from urllib3 and requests module are hide.
2019-06-09 06:29:27.671 11 RALLYDEBUG rally.api [-] urllib3 insecure warnings are hidden.
2019-06-09 06:29:27.671 11 RALLYDEBUG rally.api [-] ERROR log from boto module is hide.
2019-06-09 06:29:30.946 14 RALLYDEBUG rally.api [-] INFO logs from urllib3 and requests module are hide.
2019-06-09 06:29:30.947 14 RALLYDEBUG rally.api [-] urllib3 insecure warnings are hidden.
2019-06-09 06:29:30.947 14 RALLYDEBUG rally.api [-] ERROR log from boto module is hide.
2019-06-09 06:29:32.981 16 RALLYDEBUG rally.api [-] INFO logs from urllib3 and requests module are hide.
2019-06-09 06:29:32.981 16 RALLYDEBUG rally.api [-] urllib3 insecure warnings are hidden.
2019-06-09 06:29:32.981 16 RALLYDEBUG rally.api [-] ERROR log from boto module is hide.
2019-06-09 06:29:34.245 16 INFO rally.task.engine [-] Task 7468cbe6-82e8-49ed-aa3e-52a3a7a87fe0 | Starting: Task validation.
2019-06-09 06:29:34.276 16 INFO rally.task.engine [-] Task 7468cbe6-82e8-49ed-aa3e-52a3a7a87fe0 | Starting: Task validation of syntax.
2019-06-09 06:29:34.331 16 INFO rally.task.engine [-] Task 7468cbe6-82e8-49ed-aa3e-52a3a7a87fe0 | Completed: Task validation of syntax.
2019-06-09 06:29:34.331 16 INFO rally.task.engine [-] Task 7468cbe6-82e8-49ed-aa3e-52a3a7a87fe0 | Starting: Task validation of required platforms.
2019-06-09 06:29:34.361 16 INFO rally.task.engine [-] Task 7468cbe6-82e8-49ed-aa3e-52a3a7a87fe0 | Completed: Task validation of required platforms.
2019-06-09 06:29:34.361 16 INFO rally.task.engine [-] Task 7468cbe6-82e8-49ed-aa3e-52a3a7a87fe0 | Starting: Task validation of semantic.
2019-06-09 06:29:34.361 16 INFO rally.task.engine [-] Check health of the environment '47c4a2c1-c11b-4edd-bb9e-3e8b4687eeca'.
2019-06-09 06:29:35.228 16 INFO rally.task.engine [-] Platform existing@openstack (available: True): OK!
2019-06-09 06:29:35.250 16 RALLYDEBUG rally_openstack.contexts.keystone.users [-] Creating 1 tenants using 20 threads
2019-06-09 06:29:37.050 16 RALLYDEBUG rally_openstack.contexts.keystone.users [-] Creating 1 users using 20 threads
2019-06-09 06:29:39.995 16 INFO rally.task.context [-] Task 7468cbe6-82e8-49ed-aa3e-52a3a7a87fe0 | Context users@openstack setup() finished in 4.75 sec
2019-06-09 06:29:40.045 16 INFO rally.task.context [-] Task 7468cbe6-82e8-49ed-aa3e-52a3a7a87fe0 | Context users@openstack cleanup() started
2019-06-09 06:29:45.443 16 INFO rally.task.context [-] Task 7468cbe6-82e8-49ed-aa3e-52a3a7a87fe0 | Context users@openstack cleanup() finished in 5.40 sec
2019-06-09 06:29:45.443 16 INFO rally.task.engine [-] Task 7468cbe6-82e8-49ed-aa3e-52a3a7a87fe0 | Completed: Task validation of semantic.
2019-06-09 06:29:45.443 16 INFO rally.task.engine [-] Task 7468cbe6-82e8-49ed-aa3e-52a3a7a87fe0 | Completed: Task validation.
2019-06-09 06:29:45.444 16 INFO rally.api [-] Task 7468cbe6-82e8-49ed-aa3e-52a3a7a87fe0 input file is valid.
2019-06-09 06:29:45.444 16 INFO rally.api [-] Run Task 7468cbe6-82e8-49ed-aa3e-52a3a7a87fe0 against Deployment 47c4a2c1-c11b-4edd-bb9e-3e8b4687eeca
2019-06-09 06:29:45.444 16 INFO rally.task.engine [-] Task 7468cbe6-82e8-49ed-aa3e-52a3a7a87fe0 | Starting: Running task.
2019-06-09 06:29:45.560 16 INFO rally.task.engine [-] Running workload: position = 0 config = { "version": 2, "title": "A cropped version of a bigger task.", "description": "Auto-generated task from a single workload (uuid=4a86e970-640c-4771-b799-684cb4798adb)", "subtasks": [ { "title": "Authenticate.keystone", "description": "Check Keystone Client.", "scenario": { "Authenticate.keystone": {} }, "contexts": { "users": { "tenants": 3, "users_per_tenant": 2 } }, "runner": { "constant": { "concurrency": 4, "times": 10 } }, "hooks": [], "sla": { "failure_rate": { "max": 0 } } } ] }
2019-06-09 06:29:45.580 16 RALLYDEBUG rally_openstack.contexts.keystone.users [-] Creating 3 tenants using 20 threads
2019-06-09 06:29:47.529 16 RALLYDEBUG rally_openstack.contexts.keystone.users [-] Creating 6 users using 20 threads
2019-06-09 06:29:50.367 16 INFO rally.task.context [-] Task 7468cbe6-82e8-49ed-aa3e-52a3a7a87fe0 | Context users@openstack setup() finished in 4.79 sec
2019-06-09 06:29:50.374 16 RALLYDEBUG rally.task.runner [-] Starting the constant runner (task UUID: 7468cbe6-82e8-49ed-aa3e-52a3a7a87fe0). timeout: 0 concurrency: 4 concurrency_per_worker: 1 times: 10 concurrency_overhead: 0 processes_to_start: 4 max_cpu_used: 16
2019-06-09 06:29:50.387 140 RALLYDEBUG rally.task.runner [-] Starting a worker. concurrency: 1 args: {} times: 10 method_name: run timeout: 0 duration: None cls:
2019-06-09 06:29:50.390 141 RALLYDEBUG rally.task.runner [-] Starting a worker. concurrency: 1 args: {} times: 10 method_name: run timeout: 0 duration: None cls:
2019-06-09 06:29:50.393 140 INFO rally.task.runner [-] Task 7468cbe6-82e8-49ed-aa3e-52a3a7a87fe0 | ITER: 1 START
2019-06-09 06:29:50.393 142 RALLYDEBUG rally.task.runner [-] Starting a worker. concurrency: 1 args: {} times: 10 method_name: run timeout: 0 duration: None cls:
2019-06-09 06:29:50.394 141 INFO rally.task.runner [-] Task 7468cbe6-82e8-49ed-aa3e-52a3a7a87fe0 | ITER: 2 START
2019-06-09 06:29:50.395 143 RALLYDEBUG rally.task.runner [-] Starting a worker. concurrency: 1 args: {} times: 10 method_name: run timeout: 0 duration: None cls:
2019-06-09 06:29:50.398 142 INFO rally.task.runner [-] Task 7468cbe6-82e8-49ed-aa3e-52a3a7a87fe0 | ITER: 3 START
2019-06-09 06:29:50.401 143 INFO rally.task.runner [-] Task 7468cbe6-82e8-49ed-aa3e-52a3a7a87fe0 | ITER: 4 START
2019-06-09 06:29:51.014 143 INFO rally.task.runner [-] Task 7468cbe6-82e8-49ed-aa3e-52a3a7a87fe0 | ITER: 4 END: OK
2019-06-09 06:29:51.018 143 INFO rally.task.runner [-] Task 7468cbe6-82e8-49ed-aa3e-52a3a7a87fe0 | ITER: 5 START
2019-06-09 06:29:51.022 141 INFO rally.task.runner [-] Task 7468cbe6-82e8-49ed-aa3e-52a3a7a87fe0 | ITER: 2 END: OK
2019-06-09 06:29:51.023 140 INFO rally.task.runner [-] Task 7468cbe6-82e8-49ed-aa3e-52a3a7a87fe0 | ITER: 1 END: OK
2019-06-09 06:29:51.027 141 INFO rally.task.runner [-] Task 7468cbe6-82e8-49ed-aa3e-52a3a7a87fe0 | ITER: 6 START
2019-06-09 06:29:51.027 142 INFO rally.task.runner [-] Task 7468cbe6-82e8-49ed-aa3e-52a3a7a87fe0 | ITER: 3 END: OK
2019-06-09 06:29:51.027 140 INFO rally.task.runner [-] Task 7468cbe6-82e8-49ed-aa3e-52a3a7a87fe0 | ITER: 7 START
2019-06-09 06:29:51.031 142 INFO rally.task.runner [-] Task 7468cbe6-82e8-49ed-aa3e-52a3a7a87fe0 | ITER: 8 START
2019-06-09 06:29:51.623 141 INFO rally.task.runner [-] Task 7468cbe6-82e8-49ed-aa3e-52a3a7a87fe0 | ITER: 6 END: OK
2019-06-09 06:29:51.626 141 INFO rally.task.runner [-] Task 7468cbe6-82e8-49ed-aa3e-52a3a7a87fe0 | ITER: 9 START
2019-06-09 06:29:51.628 140 INFO rally.task.runner [-] Task 7468cbe6-82e8-49ed-aa3e-52a3a7a87fe0 | ITER: 7 END: OK
2019-06-09 06:29:51.633 140 INFO rally.task.runner [-] Task 7468cbe6-82e8-49ed-aa3e-52a3a7a87fe0 | ITER: 10 START
2019-06-09 06:29:51.633 143 INFO rally.task.runner [-] Task 7468cbe6-82e8-49ed-aa3e-52a3a7a87fe0 | ITER: 5 END: OK
2019-06-09 06:29:51.637 142 INFO rally.task.runner [-] Task 7468cbe6-82e8-49ed-aa3e-52a3a7a87fe0 | ITER: 8 END: OK
2019-06-09 06:29:52.207 141 INFO rally.task.runner [-] Task 7468cbe6-82e8-49ed-aa3e-52a3a7a87fe0 | ITER: 9 END: OK
2019-06-09 06:29:52.238 140 INFO rally.task.runner [-] Task 7468cbe6-82e8-49ed-aa3e-52a3a7a87fe0 | ITER: 10 END: OK
2019-06-09 06:29:52.259 16 INFO rally.task.context [-] Task 7468cbe6-82e8-49ed-aa3e-52a3a7a87fe0 | Context users@openstack cleanup() started
2019-06-09 06:30:00.509 16 INFO rally.task.context [-] Task 7468cbe6-82e8-49ed-aa3e-52a3a7a87fe0 | Context users@openstack cleanup() finished in 8.25 sec
2019-06-09 06:30:01.667 16 INFO rally.task.engine [-] Load duration is: 1.843509
2019-06-09 06:30:01.667 16 INFO rally.task.engine [-] Full runner duration is: 1.885583
2019-06-09 06:30:01.667 16 INFO rally.task.engine [-] Full duration is: 14.930487
2019-06-09 06:30:01.914 16 INFO rally.task.engine [-] Running workload: position = 0 config = { "version": 2, "title": "A cropped version of a bigger task.", "description": "Auto-generated task from a single workload (uuid=b8fa97b4-3d86-4c12-be02-d9134a463db0)", "subtasks": [ { "title": "Authenticate.validate_cinder", "description": "Check Cinder Client to ensure validation of token.", "scenario": { "Authenticate.validate_cinder": { "repetitions": 2 } }, "contexts": { "users": { "tenants": 3, "users_per_tenant": 2 } }, "runner": { "constant": { "concurrency": 4, "times": 10 } }, "hooks": [], "sla": { "failure_rate": { "max": 0 } } } ] }
2019-06-09 06:30:01.936 16 RALLYDEBUG rally_openstack.contexts.keystone.users [-] Creating 3 tenants using 20 threads
2019-06-09 06:30:03.834 16 RALLYDEBUG rally_openstack.contexts.keystone.users [-] Creating 6 users using 20 threads
2019-06-09 06:30:06.667 16 INFO rally.task.context [-] Task 7468cbe6-82e8-49ed-aa3e-52a3a7a87fe0 | Context users@openstack setup() finished in 4.73 sec
2019-06-09 06:30:06.675 16 RALLYDEBUG rally.task.runner [-] Starting the constant runner (task UUID: 7468cbe6-82e8-49ed-aa3e-52a3a7a87fe0). timeout: 0 concurrency: 4 concurrency_per_worker: 1 times: 10 concurrency_overhead: 0 processes_to_start: 4 max_cpu_used: 16
2019-06-09 06:30:06.688 244 RALLYDEBUG rally.task.runner [-] Starting a worker. concurrency: 1 args: {"repetitions": 2} times: 10 method_name: run timeout: 0 duration: None cls:
2019-06-09 06:30:06.690 245 RALLYDEBUG rally.task.runner [-] Starting a worker. concurrency: 1 args: {"repetitions": 2} times: 10 method_name: run timeout: 0 duration: None cls:
2019-06-09 06:30:06.693 246 RALLYDEBUG rally.task.runner [-] Starting a worker. concurrency: 1 args: {"repetitions": 2} times: 10 method_name: run timeout: 0 duration: None cls:
2019-06-09 06:30:06.694 244 INFO rally.task.runner [-] Task 7468cbe6-82e8-49ed-aa3e-52a3a7a87fe0 | ITER: 1 START
2019-06-09 06:30:06.695 247 RALLYDEBUG rally.task.runner [-] Starting a worker. concurrency: 1 args: {"repetitions": 2} times: 10 method_name: run timeout: 0 duration: None cls:
2019-06-09 06:30:06.696 245 INFO rally.task.runner [-] Task 7468cbe6-82e8-49ed-aa3e-52a3a7a87fe0 | ITER: 2 START
2019-06-09 06:30:06.698 246 INFO rally.task.runner [-] Task 7468cbe6-82e8-49ed-aa3e-52a3a7a87fe0 | ITER: 3 START
2019-06-09 06:30:06.701 247 INFO rally.task.runner [-] Task 7468cbe6-82e8-49ed-aa3e-52a3a7a87fe0 | ITER: 4 START
2019-06-09 06:30:08.584 245 INFO rally.task.runner [-] Task 7468cbe6-82e8-49ed-aa3e-52a3a7a87fe0 | ITER: 2 END: OK
2019-06-09 06:30:08.587 245 INFO rally.task.runner [-] Task 7468cbe6-82e8-49ed-aa3e-52a3a7a87fe0 | ITER: 5 START
2019-06-09 06:30:08.615 244 INFO rally.task.runner [-] Task 7468cbe6-82e8-49ed-aa3e-52a3a7a87fe0 | ITER: 1 END: OK
2019-06-09 06:30:08.618 244 INFO rally.task.runner [-] Task 7468cbe6-82e8-49ed-aa3e-52a3a7a87fe0 | ITER: 6 START
2019-06-09 06:30:08.628 247 INFO rally.task.runner [-] Task 7468cbe6-82e8-49ed-aa3e-52a3a7a87fe0 | ITER: 4 END: OK
2019-06-09 06:30:08.632 247 INFO rally.task.runner [-] Task 7468cbe6-82e8-49ed-aa3e-52a3a7a87fe0 | ITER: 7 START
2019-06-09 06:30:08.695 246 INFO rally.task.runner [-] Task 7468cbe6-82e8-49ed-aa3e-52a3a7a87fe0 | ITER: 3 END: OK
2019-06-09 06:30:08.699 246 INFO rally.task.runner [-] Task 7468cbe6-82e8-49ed-aa3e-52a3a7a87fe0 | ITER: 8 START
2019-06-09 06:30:10.394 247 INFO rally.task.runner [-] Task 7468cbe6-82e8-49ed-aa3e-52a3a7a87fe0 | ITER: 7 END: OK
2019-06-09 06:30:10.398 247 INFO rally.task.runner [-] Task 7468cbe6-82e8-49ed-aa3e-52a3a7a87fe0 | ITER: 9 START
2019-06-09 06:30:10.463 245 INFO rally.task.runner [-] Task 7468cbe6-82e8-49ed-aa3e-52a3a7a87fe0 | ITER: 5 END: OK
2019-06-09 06:30:10.466 245 INFO rally.task.runner [-] Task 7468cbe6-82e8-49ed-aa3e-52a3a7a87fe0 | ITER: 10 START
2019-06-09 06:30:10.499 244 INFO rally.task.runner [-] Task 7468cbe6-82e8-49ed-aa3e-52a3a7a87fe0 | ITER: 6 END: OK
2019-06-09 06:30:10.551 246 INFO rally.task.runner [-] Task 7468cbe6-82e8-49ed-aa3e-52a3a7a87fe0 | ITER: 8 END: OK
2019-06-09 06:30:11.408 247 INFO rally.task.runner [-] Task 7468cbe6-82e8-49ed-aa3e-52a3a7a87fe0 | ITER: 9 END: OK
2019-06-09 06:30:11.508 245 INFO rally.task.runner [-] Task 7468cbe6-82e8-49ed-aa3e-52a3a7a87fe0 | ITER: 10 END: OK
2019-06-09 06:30:11.537 16 INFO rally.task.context [-] Task 7468cbe6-82e8-49ed-aa3e-52a3a7a87fe0 | Context users@openstack cleanup() started
2019-06-09 06:30:20.059 16 INFO rally.task.context [-] Task 7468cbe6-82e8-49ed-aa3e-52a3a7a87fe0 | Context users@openstack cleanup() finished in 8.52 sec
2019-06-09 06:30:22.051 16 INFO rally.task.engine [-] Load duration is: 4.812485
2019-06-09 06:30:22.052 16 INFO rally.task.engine [-] Full runner duration is: 4.862516
2019-06-09 06:30:22.052 16 INFO rally.task.engine [-] Full duration is: 18.124615
2019-06-09 06:30:22.328 16 INFO rally.task.engine [-] Running workload: position = 0 config = { "version": 2, "title": "A cropped version of a bigger task.", "description": "Auto-generated task from a single workload (uuid=4fc9db2c-4b0d-4ff8-aeb4-9bde01229fa0)", "subtasks": [ { "title": "Authenticate.validate_glance", "description": "Check Glance Client to ensure validation of token.", "scenario": { "Authenticate.validate_glance": { "repetitions": 2 } }, "contexts": { "users": { "tenants": 3, "users_per_tenant": 2 } }, "runner": { "constant": { "concurrency": 4, "times": 10 } }, "hooks": [], "sla": { "failure_rate": { "max": 0 } } } ] }
2019-06-09 06:30:22.351 16 RALLYDEBUG rally_openstack.contexts.keystone.users [-] Creating 3 tenants using 20 threads
2019-06-09 06:30:24.332 16 RALLYDEBUG rally_openstack.contexts.keystone.users [-] Creating 6 users using 20 threads
2019-06-09 06:30:27.373 16 INFO rally.task.context [-] Task 7468cbe6-82e8-49ed-aa3e-52a3a7a87fe0 | Context users@openstack setup() finished in 5.02 sec
2019-06-09 06:30:27.381 16 RALLYDEBUG rally.task.runner [-] Starting the constant runner (task UUID: 7468cbe6-82e8-49ed-aa3e-52a3a7a87fe0). timeout: 0 concurrency: 4 concurrency_per_worker: 1 times: 10 concurrency_overhead: 0 processes_to_start: 4 max_cpu_used: 16
2019-06-09 06:30:27.393 348 RALLYDEBUG rally.task.runner [-] Starting a worker. concurrency: 1 args: {"repetitions": 2} times: 10 method_name: run timeout: 0 duration: None cls:
2019-06-09 06:30:27.396 349 RALLYDEBUG rally.task.runner [-] Starting a worker. concurrency: 1 args: {"repetitions": 2} times: 10 method_name: run timeout: 0 duration: None cls:
2019-06-09 06:30:27.399 350 RALLYDEBUG rally.task.runner [-] Starting a worker. concurrency: 1 args: {"repetitions": 2} times: 10 method_name: run timeout: 0 duration: None cls:
2019-06-09 06:30:27.399 348 INFO rally.task.runner [-] Task 7468cbe6-82e8-49ed-aa3e-52a3a7a87fe0 | ITER: 1 START
2019-06-09 06:30:27.403 349 INFO rally.task.runner [-] Task 7468cbe6-82e8-49ed-aa3e-52a3a7a87fe0 | ITER: 2 START
2019-06-09 06:30:27.402 351 RALLYDEBUG rally.task.runner [-] Starting a worker. concurrency: 1 args: {"repetitions": 2} times: 10 method_name: run timeout: 0 duration: None cls:
2019-06-09 06:30:27.404 350 INFO rally.task.runner [-] Task 7468cbe6-82e8-49ed-aa3e-52a3a7a87fe0 | ITER: 3 START
2019-06-09 06:30:27.408 351 INFO rally.task.runner [-] Task 7468cbe6-82e8-49ed-aa3e-52a3a7a87fe0 | ITER: 4 START
2019-06-09 06:30:28.504 349 INFO rally.task.runner [-] Task 7468cbe6-82e8-49ed-aa3e-52a3a7a87fe0 | ITER: 2 END: OK
2019-06-09 06:30:28.509 349 INFO rally.task.runner [-] Task 7468cbe6-82e8-49ed-aa3e-52a3a7a87fe0 | ITER: 5 START
2019-06-09 06:30:28.879 348 INFO rally.task.runner [-] Task 7468cbe6-82e8-49ed-aa3e-52a3a7a87fe0 | ITER: 1 END: OK
2019-06-09 06:30:28.883 348 INFO rally.task.runner [-] Task 7468cbe6-82e8-49ed-aa3e-52a3a7a87fe0 | ITER: 6 START
2019-06-09 06:30:29.031 351 INFO rally.task.runner [-] Task 7468cbe6-82e8-49ed-aa3e-52a3a7a87fe0 | ITER: 4 END: OK
2019-06-09 06:30:29.036 351 INFO rally.task.runner [-] Task 7468cbe6-82e8-49ed-aa3e-52a3a7a87fe0 | ITER: 7 START
2019-06-09 06:30:29.216 350 INFO rally.task.runner [-] Task 7468cbe6-82e8-49ed-aa3e-52a3a7a87fe0 | ITER: 3 END: OK
2019-06-09 06:30:29.221 350 INFO rally.task.runner [-] Task 7468cbe6-82e8-49ed-aa3e-52a3a7a87fe0 | ITER: 8 START
2019-06-09 06:30:29.996 348 INFO rally.task.runner [-] Task 7468cbe6-82e8-49ed-aa3e-52a3a7a87fe0 | ITER: 6 END: OK
2019-06-09 06:30:29.999 348 INFO rally.task.runner [-] Task 7468cbe6-82e8-49ed-aa3e-52a3a7a87fe0 | ITER: 9 START
2019-06-09 06:30:30.159 350 INFO rally.task.runner [-] Task 7468cbe6-82e8-49ed-aa3e-52a3a7a87fe0 | ITER: 8 END: OK
2019-06-09 06:30:30.162 350 INFO rally.task.runner [-] Task 7468cbe6-82e8-49ed-aa3e-52a3a7a87fe0 | ITER: 10 START
2019-06-09 06:30:30.372 349 INFO rally.task.runner [-] Task 7468cbe6-82e8-49ed-aa3e-52a3a7a87fe0 | ITER: 5 END: OK
2019-06-09 06:30:30.525 351 INFO rally.task.runner [-] Task 7468cbe6-82e8-49ed-aa3e-52a3a7a87fe0 | ITER: 7 END: OK
2019-06-09 06:30:31.328 348 INFO rally.task.runner [-] Task 7468cbe6-82e8-49ed-aa3e-52a3a7a87fe0 | ITER: 9 END: OK
2019-06-09 06:30:31.949 350 INFO rally.task.runner [-] Task 7468cbe6-82e8-49ed-aa3e-52a3a7a87fe0 | ITER: 10 END: OK
2019-06-09 06:30:31.971 16 INFO rally.task.context [-] Task 7468cbe6-82e8-49ed-aa3e-52a3a7a87fe0 | Context users@openstack cleanup() started
2019-06-09 06:30:39.987 16 INFO rally.task.context [-] Task 7468cbe6-82e8-49ed-aa3e-52a3a7a87fe0 | Context users@openstack cleanup() finished in 8.02 sec
2019-06-09 06:30:40.498 16 INFO rally.task.engine [-] Load duration is: 4.548508
2019-06-09 06:30:40.499 16 INFO rally.task.engine [-] Full runner duration is: 4.59023
2019-06-09 06:30:40.499 16 INFO rally.task.engine [-] Full duration is: 17.638676
2019-06-09 06:30:40.724 16 INFO rally.task.engine [-] Running workload: position = 0 config = { "version": 2, "title": "A cropped version of a bigger task.", "description": "Auto-generated task from a single workload (uuid=2acac00a-6105-4dc9-9de9-c9aba938e125)", "subtasks": [ { "title": "Authenticate.validate_heat", "description": "Check Heat Client to ensure validation of token.", "scenario": { "Authenticate.validate_heat": { "repetitions": 2 } }, "contexts": { "users": { "tenants": 3, "users_per_tenant": 2 } }, "runner": { "constant": { "concurrency": 4, "times": 10 } }, "hooks": [], "sla": { "failure_rate": { "max": 0 } } } ] }
2019-06-09 06:30:40.744 16 RALLYDEBUG rally_openstack.contexts.keystone.users [-] Creating 3 tenants using 20 threads
2019-06-09 06:30:42.709 16 RALLYDEBUG rally_openstack.contexts.keystone.users [-] Creating 6 users using 20 threads
2019-06-09 06:30:45.548 16 INFO rally.task.context [-] Task 7468cbe6-82e8-49ed-aa3e-52a3a7a87fe0 | Context users@openstack setup() finished in 4.80 sec
2019-06-09 06:30:45.556 16 RALLYDEBUG rally.task.runner [-] Starting the constant runner (task UUID: 7468cbe6-82e8-49ed-aa3e-52a3a7a87fe0). timeout: 0 concurrency: 4 concurrency_per_worker: 1 times: 10 concurrency_overhead: 0 processes_to_start: 4 max_cpu_used: 16
2019-06-09 06:30:45.568 452 RALLYDEBUG rally.task.runner [-] Starting a worker. concurrency: 1 args: {"repetitions": 2} times: 10 method_name: run timeout: 0 duration: None cls:
2019-06-09 06:30:45.571 453 RALLYDEBUG rally.task.runner [-] Starting a worker. concurrency: 1 args: {"repetitions": 2} times: 10 method_name: run timeout: 0 duration: None cls:
2019-06-09 06:30:45.573 454 RALLYDEBUG rally.task.runner [-] Starting a worker. concurrency: 1 args: {"repetitions": 2} times: 10 method_name: run timeout: 0 duration: None cls:
2019-06-09 06:30:45.575 452 INFO rally.task.runner [-] Task 7468cbe6-82e8-49ed-aa3e-52a3a7a87fe0 | ITER: 1 START
2019-06-09 06:30:45.577 453 INFO rally.task.runner [-] Task 7468cbe6-82e8-49ed-aa3e-52a3a7a87fe0 | ITER: 2 START
2019-06-09 06:30:45.577 455 RALLYDEBUG rally.task.runner [-] Starting a worker. concurrency: 1 args: {"repetitions": 2} times: 10 method_name: run timeout: 0 duration: None cls:
2019-06-09 06:30:45.578 454 INFO rally.task.runner [-] Task 7468cbe6-82e8-49ed-aa3e-52a3a7a87fe0 | ITER: 3 START
2019-06-09 06:30:45.583 455 INFO rally.task.runner [-] Task 7468cbe6-82e8-49ed-aa3e-52a3a7a87fe0 | ITER: 4 START
2019-06-09 06:30:47.581 454 INFO rally.task.runner [-] Task 7468cbe6-82e8-49ed-aa3e-52a3a7a87fe0 | ITER: 3 END: OK
2019-06-09 06:30:47.585 454 INFO rally.task.runner [-] Task 7468cbe6-82e8-49ed-aa3e-52a3a7a87fe0 | ITER: 5 START
2019-06-09 06:30:47.586 455 INFO rally.task.runner [-] Task 7468cbe6-82e8-49ed-aa3e-52a3a7a87fe0 | ITER: 4 END: OK
2019-06-09 06:30:47.590 455 INFO rally.task.runner [-] Task 7468cbe6-82e8-49ed-aa3e-52a3a7a87fe0 | ITER: 6 START
2019-06-09 06:30:47.629 453 INFO rally.task.runner [-] Task 7468cbe6-82e8-49ed-aa3e-52a3a7a87fe0 | ITER: 2 END: OK
2019-06-09 06:30:47.634 453 INFO rally.task.runner [-] Task 7468cbe6-82e8-49ed-aa3e-52a3a7a87fe0 | ITER: 7 START
2019-06-09 06:30:47.635 452 INFO rally.task.runner [-] Task 7468cbe6-82e8-49ed-aa3e-52a3a7a87fe0 | ITER: 1 END: OK
2019-06-09 06:30:47.639 452 INFO rally.task.runner [-] Task 7468cbe6-82e8-49ed-aa3e-52a3a7a87fe0 | ITER: 8 START
2019-06-09 06:30:48.982 454 INFO rally.task.runner [-] Task 7468cbe6-82e8-49ed-aa3e-52a3a7a87fe0 | ITER: 5 END: OK
2019-06-09 06:30:48.985 454 INFO rally.task.runner [-] Task 7468cbe6-82e8-49ed-aa3e-52a3a7a87fe0 | ITER: 9 START
2019-06-09 06:30:49.404 455 INFO rally.task.runner [-] Task 7468cbe6-82e8-49ed-aa3e-52a3a7a87fe0 | ITER: 6 END: OK
2019-06-09 06:30:49.407 455 INFO rally.task.runner [-] Task 7468cbe6-82e8-49ed-aa3e-52a3a7a87fe0 | ITER: 10 START
2019-06-09 06:30:49.627 452 INFO rally.task.runner [-] Task 7468cbe6-82e8-49ed-aa3e-52a3a7a87fe0 | ITER: 8 END: OK
2019-06-09 06:30:49.727 453 INFO rally.task.runner [-] Task 7468cbe6-82e8-49ed-aa3e-52a3a7a87fe0 | ITER: 7 END: OK
2019-06-09 06:30:50.904 454 INFO rally.task.runner [-] Task 7468cbe6-82e8-49ed-aa3e-52a3a7a87fe0 | ITER: 9 END: OK
2019-06-09 06:30:50.915 455 INFO rally.task.runner [-] Task 7468cbe6-82e8-49ed-aa3e-52a3a7a87fe0 | ITER: 10 END: OK
2019-06-09 06:30:50.942 16 INFO rally.task.context [-] Task 7468cbe6-82e8-49ed-aa3e-52a3a7a87fe0 | Context users@openstack cleanup() started
2019-06-09 06:30:59.359 16 INFO rally.task.context [-] Task 7468cbe6-82e8-49ed-aa3e-52a3a7a87fe0 | Context users@openstack cleanup() finished in 8.42 sec
2019-06-09 06:31:00.873 16 INFO rally.task.engine [-] Load duration is: 5.339038
2019-06-09 06:31:00.874 16 INFO rally.task.engine [-] Full runner duration is: 5.386068
2019-06-09 06:31:00.874 16 INFO rally.task.engine [-] Full duration is: 18.615758
2019-06-09 06:31:01.081 16 INFO rally.task.engine [-] Running workload: position = 0 config = { "version": 2, "title": "A cropped version of a bigger task.", "description": "Auto-generated task from a single workload (uuid=203852bc-5d57-4155-95dc-20031ded11f7)", "subtasks": [ { "title": "Authenticate.validate_neutron", "description": "Check Neutron Client to ensure validation of token.", "scenario": { "Authenticate.validate_neutron": { "repetitions": 2 } }, "contexts": { "users": { "tenants": 3, "users_per_tenant": 2 } }, "runner": { "constant": { "concurrency": 4, "times": 10 } }, "hooks": [], "sla": { "failure_rate": { "max": 0 } } } ] }
2019-06-09 06:31:01.103 16 RALLYDEBUG rally_openstack.contexts.keystone.users [-] Creating 3 tenants using 20 threads
2019-06-09 06:31:02.972 16 RALLYDEBUG rally_openstack.contexts.keystone.users [-] Creating 6 users using 20 threads
2019-06-09 06:31:05.826 16 INFO rally.task.context [-] Task 7468cbe6-82e8-49ed-aa3e-52a3a7a87fe0 | Context users@openstack setup() finished in 4.72 sec
2019-06-09 06:31:05.834 16 RALLYDEBUG rally.task.runner [-] Starting the constant runner (task UUID: 7468cbe6-82e8-49ed-aa3e-52a3a7a87fe0). timeout: 0 concurrency: 4 concurrency_per_worker: 1 times: 10 concurrency_overhead: 0 processes_to_start: 4 max_cpu_used: 16
2019-06-09 06:31:05.846 556 RALLYDEBUG rally.task.runner [-] Starting a worker. concurrency: 1 args: {"repetitions": 2} times: 10 method_name: run timeout: 0 duration: None cls:
2019-06-09 06:31:05.849 557 RALLYDEBUG rally.task.runner [-] Starting a worker. concurrency: 1 args: {"repetitions": 2} times: 10 method_name: run timeout: 0 duration: None cls:
2019-06-09 06:31:05.852 558 RALLYDEBUG rally.task.runner [-] Starting a worker. concurrency: 1 args: {"repetitions": 2} times: 10 method_name: run timeout: 0 duration: None cls:
2019-06-09 06:31:05.855 556 INFO rally.task.runner [-] Task 7468cbe6-82e8-49ed-aa3e-52a3a7a87fe0 | ITER: 1 START
2019-06-09 06:31:05.855 559 RALLYDEBUG rally.task.runner [-] Starting a worker. concurrency: 1 args: {"repetitions": 2} times: 10 method_name: run timeout: 0 duration: None cls:
2019-06-09 06:31:05.855 557 INFO rally.task.runner [-] Task 7468cbe6-82e8-49ed-aa3e-52a3a7a87fe0 | ITER: 2 START
2019-06-09 06:31:05.858 558 INFO rally.task.runner [-] Task 7468cbe6-82e8-49ed-aa3e-52a3a7a87fe0 | ITER: 3 START
2019-06-09 06:31:05.860 559 INFO rally.task.runner [-] Task 7468cbe6-82e8-49ed-aa3e-52a3a7a87fe0 | ITER: 4 START
2019-06-09 06:31:07.037 558 INFO rally.task.runner [-] Task 7468cbe6-82e8-49ed-aa3e-52a3a7a87fe0 | ITER: 3 END: OK
2019-06-09 06:31:07.041 559 INFO rally.task.runner [-] Task 7468cbe6-82e8-49ed-aa3e-52a3a7a87fe0 | ITER: 4 END: OK
2019-06-09 06:31:07.041 558 INFO rally.task.runner [-] Task 7468cbe6-82e8-49ed-aa3e-52a3a7a87fe0 | ITER: 5 START
2019-06-09 06:31:07.045 559 INFO rally.task.runner [-] Task 7468cbe6-82e8-49ed-aa3e-52a3a7a87fe0 | ITER: 6 START
2019-06-09 06:31:07.118 557 INFO rally.task.runner [-] Task 7468cbe6-82e8-49ed-aa3e-52a3a7a87fe0 | ITER: 2 END: OK
2019-06-09 06:31:07.122 557 INFO rally.task.runner [-] Task 7468cbe6-82e8-49ed-aa3e-52a3a7a87fe0 | ITER: 7 START
2019-06-09 06:31:07.420 556 INFO rally.task.runner [-] Task 7468cbe6-82e8-49ed-aa3e-52a3a7a87fe0 | ITER: 1 END: OK
2019-06-09 06:31:07.425 556 INFO rally.task.runner [-] Task 7468cbe6-82e8-49ed-aa3e-52a3a7a87fe0 | ITER: 8 START
2019-06-09 06:31:07.947 559 INFO rally.task.runner [-] Task 7468cbe6-82e8-49ed-aa3e-52a3a7a87fe0 | ITER: 6 END: OK
2019-06-09 06:31:07.949 559 INFO rally.task.runner [-] Task 7468cbe6-82e8-49ed-aa3e-52a3a7a87fe0 | ITER: 9 START
2019-06-09 06:31:07.976 557 INFO rally.task.runner [-] Task 7468cbe6-82e8-49ed-aa3e-52a3a7a87fe0 | ITER: 7 END: OK
2019-06-09 06:31:07.980 557 INFO rally.task.runner [-] Task 7468cbe6-82e8-49ed-aa3e-52a3a7a87fe0 | ITER: 10 START
2019-06-09 06:31:08.271 556 INFO rally.task.runner [-] Task 7468cbe6-82e8-49ed-aa3e-52a3a7a87fe0 | ITER: 8 END: OK
2019-06-09 06:31:08.329 558 INFO rally.task.runner [-] Task 7468cbe6-82e8-49ed-aa3e-52a3a7a87fe0 | ITER: 5 END: OK
2019-06-09 06:31:09.154 559 INFO rally.task.runner [-] Task 7468cbe6-82e8-49ed-aa3e-52a3a7a87fe0 | ITER: 9 END: OK
2019-06-09 06:31:09.183 557 INFO rally.task.runner [-] Task 7468cbe6-82e8-49ed-aa3e-52a3a7a87fe0 | ITER: 10 END: OK
2019-06-09 06:31:09.211 16 INFO rally.task.context [-] Task 7468cbe6-82e8-49ed-aa3e-52a3a7a87fe0 | Context users@openstack cleanup() started
2019-06-09 06:31:17.287 16 INFO rally.task.context [-] Task 7468cbe6-82e8-49ed-aa3e-52a3a7a87fe0 | Context users@openstack cleanup() finished in 8.08 sec
2019-06-09 06:31:19.203 16 INFO rally.task.engine [-] Load duration is: 3.326843
2019-06-09 06:31:19.204 16 INFO rally.task.engine [-] Full runner duration is: 3.377803
2019-06-09 06:31:19.204 16 INFO rally.task.engine [-] Full duration is: 16.187527
2019-06-09 06:31:19.413 16 INFO rally.task.engine [-] Running workload: position = 0 config = { "version": 2, "title": "A cropped version of a bigger task.", "description": "Auto-generated task from a single workload (uuid=58364e19-9b44-431b-835a-84b0a300ecb6)", "subtasks": [ { "title": "Authenticate.validate_nova", "description": "Check Nova Client to ensure validation of token.", "scenario": { "Authenticate.validate_nova": { "repetitions": 2 } }, "contexts": { "users": { "tenants": 3, "users_per_tenant": 2 } }, "runner": { "constant": { "concurrency": 4, "times": 10 } }, "hooks": [], "sla": { "failure_rate": { "max": 0 } } } ] }
2019-06-09 06:31:19.433 16 RALLYDEBUG rally_openstack.contexts.keystone.users [-] Creating 3 tenants using 20 threads
2019-06-09 06:31:21.338 16 RALLYDEBUG rally_openstack.contexts.keystone.users [-] Creating 6 users using 20 threads
2019-06-09 06:31:24.338 16 INFO rally.task.context [-] Task 7468cbe6-82e8-49ed-aa3e-52a3a7a87fe0 | Context users@openstack setup() finished in 4.90 sec
2019-06-09 06:31:24.344 16 RALLYDEBUG rally.task.runner [-] Starting the constant runner (task UUID: 7468cbe6-82e8-49ed-aa3e-52a3a7a87fe0). timeout: 0 concurrency: 4 concurrency_per_worker: 1 times: 10 concurrency_overhead: 0 processes_to_start: 4 max_cpu_used: 16
2019-06-09 06:31:24.357 660 RALLYDEBUG rally.task.runner [-] Starting a worker. concurrency: 1 args: {"repetitions": 2} times: 10 method_name: run timeout: 0 duration: None cls:
2019-06-09 06:31:24.360 661 RALLYDEBUG rally.task.runner [-] Starting a worker. concurrency: 1 args: {"repetitions": 2} times: 10 method_name: run timeout: 0 duration: None cls:
2019-06-09 06:31:24.362 662 RALLYDEBUG rally.task.runner [-] Starting a worker. concurrency: 1 args: {"repetitions": 2} times: 10 method_name: run timeout: 0 duration: None cls:
2019-06-09 06:31:24.363 660 INFO rally.task.runner [-] Task 7468cbe6-82e8-49ed-aa3e-52a3a7a87fe0 | ITER: 1 START
2019-06-09 06:31:24.365 663 RALLYDEBUG rally.task.runner [-] Starting a worker. concurrency: 1 args: {"repetitions": 2} times: 10 method_name: run timeout: 0 duration: None cls:
2019-06-09 06:31:24.365 661 INFO rally.task.runner [-] Task 7468cbe6-82e8-49ed-aa3e-52a3a7a87fe0 | ITER: 2 START
2019-06-09 06:31:24.367 662 INFO rally.task.runner [-] Task 7468cbe6-82e8-49ed-aa3e-52a3a7a87fe0 | ITER: 3 START
2019-06-09 06:31:24.371 663 INFO rally.task.runner [-] Task 7468cbe6-82e8-49ed-aa3e-52a3a7a87fe0 | ITER: 4 START
2019-06-09 06:31:24.853 661 DEBUG novaclient.v2.client [-] REQ: curl -g -i -X GET http://172.30.9.21:8774/v2.1/flavors/detail -H "Accept: application/json" -H "User-Agent: python-novaclient" -H "X-Auth-Token: {SHA1}1b07fb3c12a02f905837a74a7302c739581cef4a" _http_log_request /usr/lib/python2.7/site-packages/keystoneauth1/session.py:448
2019-06-09 06:31:24.854 662 DEBUG novaclient.v2.client [-] REQ: curl -g -i -X GET http://172.30.9.21:8774/v2.1/flavors/detail -H "Accept: application/json" -H "User-Agent: python-novaclient" -H "X-Auth-Token: {SHA1}1cc93f6ba391076f013aa1fedd1ecba9698a04de" _http_log_request /usr/lib/python2.7/site-packages/keystoneauth1/session.py:448
2019-06-09 06:31:24.854 663 DEBUG novaclient.v2.client [-] REQ: curl -g -i -X GET http://172.30.9.21:8774/v2.1/flavors/detail -H "Accept: application/json" -H "User-Agent: python-novaclient" -H "X-Auth-Token: {SHA1}c2292186f4c58110947675dab0e1fb57ad9b8d04" _http_log_request /usr/lib/python2.7/site-packages/keystoneauth1/session.py:448
2019-06-09 06:31:24.862 660 DEBUG novaclient.v2.client [-] REQ: curl -g -i -X GET http://172.30.9.21:8774/v2.1/flavors/detail -H "Accept: application/json" -H "User-Agent: python-novaclient" -H "X-Auth-Token: {SHA1}b1b3cde0d574d73523483e02a51c4e2361d4faf8" _http_log_request /usr/lib/python2.7/site-packages/keystoneauth1/session.py:448
2019-06-09 06:31:25.139 661 DEBUG novaclient.v2.client [-] RESP: [200] Content-Encoding: gzip Content-Length: 365 Content-Type: application/json Date: Sun, 09 Jun 2019 06:31:24 GMT OpenStack-API-Version: compute 2.1 Server: Apache Vary: OpenStack-API-Version,X-OpenStack-Nova-API-Version,Accept-Encoding X-OpenStack-Nova-API-Version: 2.1 x-compute-request-id: req-420f2e2b-ff59-4244-9975-d8fa15c75015 x-openstack-request-id: req-420f2e2b-ff59-4244-9975-d8fa15c75015 _http_log_response /usr/lib/python2.7/site-packages/keystoneauth1/session.py:479
2019-06-09 06:31:25.140 661 DEBUG novaclient.v2.client [-] RESP BODY: {"flavors": [{"name": "rally_full-flavor_alt_cb032129-903b-4f11-98b4-222125333d33", "links": [{"href": "http://172.30.9.21:8774/v2.1/flavors/5e247f91-ac60-40f8-b42c-07d895d879d2", "rel": "self"}, {"href": "http://172.30.9.21:8774/flavors/5e247f91-ac60-40f8-b42c-07d895d879d2", "rel": "bookmark"}], "ram": 1024, "OS-FLV-DISABLED:disabled": false, "vcpus": 1, "swap": "", "os-flavor-access:is_public": true, "rxtx_factor": 1.0, "OS-FLV-EXT-DATA:ephemeral": 0, "disk": 1, "id": "5e247f91-ac60-40f8-b42c-07d895d879d2"}, {"name": "rally_full-flavor_cb032129-903b-4f11-98b4-222125333d33", "links": [{"href": "http://172.30.9.21:8774/v2.1/flavors/7f4ae9c6-1a64-4aa3-a9ac-f7286b62e308", "rel": "self"}, {"href": "http://172.30.9.21:8774/flavors/7f4ae9c6-1a64-4aa3-a9ac-f7286b62e308", "rel": "bookmark"}], "ram": 512, "OS-FLV-DISABLED:disabled": false, "vcpus": 1, "swap": "", "os-flavor-access:is_public": true, "rxtx_factor": 1.0, "OS-FLV-EXT-DATA:ephemeral": 0, "disk": 1, "id": "7f4ae9c6-1a64-4aa3-a9ac-f7286b62e308"}]} _http_log_response /usr/lib/python2.7/site-packages/keystoneauth1/session.py:511
2019-06-09 06:31:25.140 661 DEBUG novaclient.v2.client [-] GET call to compute for http://172.30.9.21:8774/v2.1/flavors/detail used request id req-420f2e2b-ff59-4244-9975-d8fa15c75015 request /usr/lib/python2.7/site-packages/keystoneauth1/session.py:844
2019-06-09 06:31:25.142 661 DEBUG novaclient.v2.client [-] REQ: curl -g -i -X GET http://172.30.9.21:8774/v2.1/flavors/detail -H "Accept: application/json" -H "User-Agent: python-novaclient" -H "X-Auth-Token: {SHA1}1b07fb3c12a02f905837a74a7302c739581cef4a" _http_log_request /usr/lib/python2.7/site-packages/keystoneauth1/session.py:448
2019-06-09 06:31:25.178 661 DEBUG novaclient.v2.client [-] RESP: [200] Content-Encoding: gzip Content-Length: 365 Content-Type: application/json Date: Sun, 09 Jun 2019 06:31:25 GMT OpenStack-API-Version: compute 2.1 Server: Apache Vary: OpenStack-API-Version,X-OpenStack-Nova-API-Version,Accept-Encoding X-OpenStack-Nova-API-Version: 2.1 x-compute-request-id: req-770c5519-13ea-4381-b579-b3da7b407226 x-openstack-request-id: req-770c5519-13ea-4381-b579-b3da7b407226 _http_log_response /usr/lib/python2.7/site-packages/keystoneauth1/session.py:479
2019-06-09 06:31:25.179 661 DEBUG novaclient.v2.client [-] RESP BODY: {"flavors": [{"name": "rally_full-flavor_alt_cb032129-903b-4f11-98b4-222125333d33", "links": [{"href": "http://172.30.9.21:8774/v2.1/flavors/5e247f91-ac60-40f8-b42c-07d895d879d2", "rel": "self"}, {"href": "http://172.30.9.21:8774/flavors/5e247f91-ac60-40f8-b42c-07d895d879d2", "rel": "bookmark"}], "ram": 1024, "OS-FLV-DISABLED:disabled": false, "vcpus": 1, "swap": "", "os-flavor-access:is_public": true, "rxtx_factor": 1.0, "OS-FLV-EXT-DATA:ephemeral": 0, "disk": 1, "id": "5e247f91-ac60-40f8-b42c-07d895d879d2"}, {"name": "rally_full-flavor_cb032129-903b-4f11-98b4-222125333d33", "links": [{"href": "http://172.30.9.21:8774/v2.1/flavors/7f4ae9c6-1a64-4aa3-a9ac-f7286b62e308", "rel": "self"}, {"href": "http://172.30.9.21:8774/flavors/7f4ae9c6-1a64-4aa3-a9ac-f7286b62e308", "rel": "bookmark"}], "ram": 512, "OS-FLV-DISABLED:disabled": false, "vcpus": 1, "swap": "", "os-flavor-access:is_public": true, "rxtx_factor": 1.0, "OS-FLV-EXT-DATA:ephemeral": 0, "disk": 1, "id": "7f4ae9c6-1a64-4aa3-a9ac-f7286b62e308"}]} _http_log_response /usr/lib/python2.7/site-packages/keystoneauth1/session.py:511
2019-06-09 06:31:25.179 661 DEBUG novaclient.v2.client [-] GET call to compute for http://172.30.9.21:8774/v2.1/flavors/detail used request id req-770c5519-13ea-4381-b579-b3da7b407226 request /usr/lib/python2.7/site-packages/keystoneauth1/session.py:844
2019-06-09 06:31:25.180 661 INFO rally.task.runner [-] Task 7468cbe6-82e8-49ed-aa3e-52a3a7a87fe0 | ITER: 2 END: OK
2019-06-09 06:31:25.184 661 INFO rally.task.runner [-] Task 7468cbe6-82e8-49ed-aa3e-52a3a7a87fe0 | ITER: 5 START
2019-06-09 06:31:25.549 663 DEBUG novaclient.v2.client [-] RESP: [200] Content-Encoding: gzip Content-Length: 365 Content-Type: application/json Date: Sun, 09 Jun 2019 06:31:24 GMT OpenStack-API-Version: compute 2.1 Server: Apache Vary: OpenStack-API-Version,X-OpenStack-Nova-API-Version,Accept-Encoding X-OpenStack-Nova-API-Version: 2.1 x-compute-request-id: req-2ec85f7d-9b39-43d9-a400-885d3c4a8c2c x-openstack-request-id: req-2ec85f7d-9b39-43d9-a400-885d3c4a8c2c _http_log_response /usr/lib/python2.7/site-packages/keystoneauth1/session.py:479
2019-06-09 06:31:25.550 663 DEBUG novaclient.v2.client [-] RESP BODY: {"flavors": [{"name": "rally_full-flavor_alt_cb032129-903b-4f11-98b4-222125333d33", "links": [{"href": "http://172.30.9.21:8774/v2.1/flavors/5e247f91-ac60-40f8-b42c-07d895d879d2", "rel": "self"}, {"href": "http://172.30.9.21:8774/flavors/5e247f91-ac60-40f8-b42c-07d895d879d2", "rel": "bookmark"}], "ram": 1024, "OS-FLV-DISABLED:disabled": false, "vcpus": 1, "swap": "", "os-flavor-access:is_public": true, "rxtx_factor": 1.0, "OS-FLV-EXT-DATA:ephemeral": 0, "disk": 1, "id": "5e247f91-ac60-40f8-b42c-07d895d879d2"}, {"name": "rally_full-flavor_cb032129-903b-4f11-98b4-222125333d33", "links": [{"href": "http://172.30.9.21:8774/v2.1/flavors/7f4ae9c6-1a64-4aa3-a9ac-f7286b62e308", "rel": "self"}, {"href": "http://172.30.9.21:8774/flavors/7f4ae9c6-1a64-4aa3-a9ac-f7286b62e308", "rel": "bookmark"}], "ram": 512, "OS-FLV-DISABLED:disabled": false, "vcpus": 1, "swap": "", "os-flavor-access:is_public": true, "rxtx_factor": 1.0, "OS-FLV-EXT-DATA:ephemeral": 0, "disk": 1, "id": "7f4ae9c6-1a64-4aa3-a9ac-f7286b62e308"}]} _http_log_response /usr/lib/python2.7/site-packages/keystoneauth1/session.py:511
2019-06-09 06:31:25.551 663 DEBUG novaclient.v2.client [-] GET call to compute for http://172.30.9.21:8774/v2.1/flavors/detail used request id req-2ec85f7d-9b39-43d9-a400-885d3c4a8c2c request /usr/lib/python2.7/site-packages/keystoneauth1/session.py:844
2019-06-09 06:31:25.552 663 DEBUG novaclient.v2.client [-] REQ: curl -g -i -X GET http://172.30.9.21:8774/v2.1/flavors/detail -H "Accept: application/json" -H "User-Agent: python-novaclient" -H "X-Auth-Token: {SHA1}c2292186f4c58110947675dab0e1fb57ad9b8d04" _http_log_request /usr/lib/python2.7/site-packages/keystoneauth1/session.py:448
2019-06-09 06:31:25.559 660 DEBUG novaclient.v2.client [-] RESP: [200] Content-Encoding: gzip Content-Length: 365 Content-Type: application/json Date: Sun, 09 Jun 2019 06:31:24 GMT OpenStack-API-Version: compute 2.1 Server: Apache Vary: OpenStack-API-Version,X-OpenStack-Nova-API-Version,Accept-Encoding X-OpenStack-Nova-API-Version: 2.1 x-compute-request-id: req-82f144e5-a2f4-44ac-8465-f48e6ad459b3 x-openstack-request-id: req-82f144e5-a2f4-44ac-8465-f48e6ad459b3 _http_log_response /usr/lib/python2.7/site-packages/keystoneauth1/session.py:479
2019-06-09 06:31:25.560 660 DEBUG novaclient.v2.client [-] RESP BODY: {"flavors": [{"name": "rally_full-flavor_alt_cb032129-903b-4f11-98b4-222125333d33", "links": [{"href": "http://172.30.9.21:8774/v2.1/flavors/5e247f91-ac60-40f8-b42c-07d895d879d2", "rel": "self"}, {"href": "http://172.30.9.21:8774/flavors/5e247f91-ac60-40f8-b42c-07d895d879d2", "rel": "bookmark"}], "ram": 1024, "OS-FLV-DISABLED:disabled": false, "vcpus": 1, "swap": "", "os-flavor-access:is_public": true, "rxtx_factor": 1.0, "OS-FLV-EXT-DATA:ephemeral": 0, "disk": 1, "id": "5e247f91-ac60-40f8-b42c-07d895d879d2"}, {"name": "rally_full-flavor_cb032129-903b-4f11-98b4-222125333d33", "links": [{"href": "http://172.30.9.21:8774/v2.1/flavors/7f4ae9c6-1a64-4aa3-a9ac-f7286b62e308", "rel": "self"}, {"href": "http://172.30.9.21:8774/flavors/7f4ae9c6-1a64-4aa3-a9ac-f7286b62e308", "rel": "bookmark"}], "ram": 512, "OS-FLV-DISABLED:disabled": false, "vcpus": 1, "swap": "", "os-flavor-access:is_public": true, "rxtx_factor": 1.0, "OS-FLV-EXT-DATA:ephemeral": 0, "disk": 1, "id": "7f4ae9c6-1a64-4aa3-a9ac-f7286b62e308"}]} _http_log_response /usr/lib/python2.7/site-packages/keystoneauth1/session.py:511
2019-06-09 06:31:25.561 660 DEBUG novaclient.v2.client [-] GET call to compute for http://172.30.9.21:8774/v2.1/flavors/detail used request id req-82f144e5-a2f4-44ac-8465-f48e6ad459b3 request /usr/lib/python2.7/site-packages/keystoneauth1/session.py:844
2019-06-09 06:31:25.562 660 DEBUG novaclient.v2.client [-] REQ: curl -g -i -X GET http://172.30.9.21:8774/v2.1/flavors/detail -H "Accept: application/json" -H "User-Agent: python-novaclient" -H "X-Auth-Token: {SHA1}b1b3cde0d574d73523483e02a51c4e2361d4faf8" _http_log_request /usr/lib/python2.7/site-packages/keystoneauth1/session.py:448
2019-06-09 06:31:25.563 662 DEBUG novaclient.v2.client [-] RESP: [200] Content-Encoding: gzip Content-Length: 365 Content-Type: application/json Date: Sun, 09 Jun 2019 06:31:24 GMT OpenStack-API-Version: compute 2.1 Server: Apache Vary: OpenStack-API-Version,X-OpenStack-Nova-API-Version,Accept-Encoding X-OpenStack-Nova-API-Version: 2.1 x-compute-request-id: req-057d2f87-ee27-4d6b-a139-60a0a4563125 x-openstack-request-id: req-057d2f87-ee27-4d6b-a139-60a0a4563125 _http_log_response /usr/lib/python2.7/site-packages/keystoneauth1/session.py:479
2019-06-09 06:31:25.564 662 DEBUG novaclient.v2.client [-] RESP BODY: {"flavors": [{"name": "rally_full-flavor_alt_cb032129-903b-4f11-98b4-222125333d33", "links": [{"href": "http://172.30.9.21:8774/v2.1/flavors/5e247f91-ac60-40f8-b42c-07d895d879d2", "rel": "self"}, {"href": "http://172.30.9.21:8774/flavors/5e247f91-ac60-40f8-b42c-07d895d879d2", "rel": "bookmark"}], "ram": 1024, "OS-FLV-DISABLED:disabled": false, "vcpus": 1, "swap": "", "os-flavor-access:is_public": true, "rxtx_factor": 1.0, "OS-FLV-EXT-DATA:ephemeral": 0, "disk": 1, "id": "5e247f91-ac60-40f8-b42c-07d895d879d2"}, {"name": "rally_full-flavor_cb032129-903b-4f11-98b4-222125333d33", "links": [{"href": "http://172.30.9.21:8774/v2.1/flavors/7f4ae9c6-1a64-4aa3-a9ac-f7286b62e308", "rel": "self"}, {"href": "http://172.30.9.21:8774/flavors/7f4ae9c6-1a64-4aa3-a9ac-f7286b62e308", "rel": "bookmark"}], "ram": 512, "OS-FLV-DISABLED:disabled": false, "vcpus": 1, "swap": "", "os-flavor-access:is_public": true, "rxtx_factor": 1.0, "OS-FLV-EXT-DATA:ephemeral": 0, "disk": 1, "id": "7f4ae9c6-1a64-4aa3-a9ac-f7286b62e308"}]} _http_log_response /usr/lib/python2.7/site-packages/keystoneauth1/session.py:511
2019-06-09 06:31:25.565 662 DEBUG novaclient.v2.client [-] GET call to compute for http://172.30.9.21:8774/v2.1/flavors/detail used request id req-057d2f87-ee27-4d6b-a139-60a0a4563125 request /usr/lib/python2.7/site-packages/keystoneauth1/session.py:844
2019-06-09 06:31:25.566 662 DEBUG novaclient.v2.client [-] REQ: curl -g -i -X GET http://172.30.9.21:8774/v2.1/flavors/detail -H "Accept: application/json" -H "User-Agent: python-novaclient" -H "X-Auth-Token: {SHA1}1cc93f6ba391076f013aa1fedd1ecba9698a04de" _http_log_request /usr/lib/python2.7/site-packages/keystoneauth1/session.py:448
2019-06-09 06:31:25.573 663 DEBUG novaclient.v2.client [-] RESP: [200] Content-Encoding: gzip Content-Length: 365 Content-Type: application/json Date: Sun, 09 Jun 2019 06:31:25 GMT OpenStack-API-Version: compute 2.1 Server: Apache Vary: OpenStack-API-Version,X-OpenStack-Nova-API-Version,Accept-Encoding X-OpenStack-Nova-API-Version: 2.1 x-compute-request-id: req-8e5f971c-7ebe-4cfb-8462-c4a8ec33b1b5 x-openstack-request-id: req-8e5f971c-7ebe-4cfb-8462-c4a8ec33b1b5 _http_log_response /usr/lib/python2.7/site-packages/keystoneauth1/session.py:479
2019-06-09 06:31:25.574 663 DEBUG novaclient.v2.client [-] RESP BODY: {"flavors": [{"name": "rally_full-flavor_alt_cb032129-903b-4f11-98b4-222125333d33", "links": [{"href": "http://172.30.9.21:8774/v2.1/flavors/5e247f91-ac60-40f8-b42c-07d895d879d2", "rel": "self"}, {"href": "http://172.30.9.21:8774/flavors/5e247f91-ac60-40f8-b42c-07d895d879d2", "rel": "bookmark"}], "ram": 1024, "OS-FLV-DISABLED:disabled": false, "vcpus": 1, "swap": "", "os-flavor-access:is_public": true, "rxtx_factor": 1.0, "OS-FLV-EXT-DATA:ephemeral": 0, "disk": 1, "id": "5e247f91-ac60-40f8-b42c-07d895d879d2"}, {"name": "rally_full-flavor_cb032129-903b-4f11-98b4-222125333d33", "links": [{"href": "http://172.30.9.21:8774/v2.1/flavors/7f4ae9c6-1a64-4aa3-a9ac-f7286b62e308", "rel": "self"}, {"href": "http://172.30.9.21:8774/flavors/7f4ae9c6-1a64-4aa3-a9ac-f7286b62e308", "rel": "bookmark"}], "ram": 512, "OS-FLV-DISABLED:disabled": false, "vcpus": 1, "swap": "", "os-flavor-access:is_public": true, "rxtx_factor": 1.0, "OS-FLV-EXT-DATA:ephemeral": 0, "disk": 1, "id": "7f4ae9c6-1a64-4aa3-a9ac-f7286b62e308"}]} _http_log_response /usr/lib/python2.7/site-packages/keystoneauth1/session.py:511
2019-06-09 06:31:25.574 663 DEBUG novaclient.v2.client [-] GET call to compute for http://172.30.9.21:8774/v2.1/flavors/detail used request id req-8e5f971c-7ebe-4cfb-8462-c4a8ec33b1b5 request /usr/lib/python2.7/site-packages/keystoneauth1/session.py:844
2019-06-09 06:31:25.575 663 INFO rally.task.runner [-] Task 7468cbe6-82e8-49ed-aa3e-52a3a7a87fe0 | ITER: 4 END: OK
2019-06-09 06:31:25.579 663 INFO rally.task.runner [-] Task 7468cbe6-82e8-49ed-aa3e-52a3a7a87fe0 | ITER: 6 START
2019-06-09 06:31:25.588 660 DEBUG novaclient.v2.client [-] RESP: [200] Content-Encoding: gzip Content-Length: 365 Content-Type: application/json Date: Sun, 09 Jun 2019 06:31:25 GMT OpenStack-API-Version: compute 2.1 Server: Apache Vary: OpenStack-API-Version,X-OpenStack-Nova-API-Version,Accept-Encoding X-OpenStack-Nova-API-Version: 2.1 x-compute-request-id: req-58ed9689-36e0-4d66-af87-380c763b8b7f x-openstack-request-id: req-58ed9689-36e0-4d66-af87-380c763b8b7f _http_log_response /usr/lib/python2.7/site-packages/keystoneauth1/session.py:479
2019-06-09 06:31:25.589 660 DEBUG novaclient.v2.client [-] RESP BODY: {"flavors": [{"name": "rally_full-flavor_alt_cb032129-903b-4f11-98b4-222125333d33", "links": [{"href": "http://172.30.9.21:8774/v2.1/flavors/5e247f91-ac60-40f8-b42c-07d895d879d2", "rel": "self"}, {"href": "http://172.30.9.21:8774/flavors/5e247f91-ac60-40f8-b42c-07d895d879d2", "rel": "bookmark"}], "ram": 1024, "OS-FLV-DISABLED:disabled": false, "vcpus": 1, "swap": "", "os-flavor-access:is_public": true, "rxtx_factor": 1.0, "OS-FLV-EXT-DATA:ephemeral": 0, "disk": 1, "id": "5e247f91-ac60-40f8-b42c-07d895d879d2"}, {"name": "rally_full-flavor_cb032129-903b-4f11-98b4-222125333d33", "links": [{"href": "http://172.30.9.21:8774/v2.1/flavors/7f4ae9c6-1a64-4aa3-a9ac-f7286b62e308", "rel": "self"}, {"href": "http://172.30.9.21:8774/flavors/7f4ae9c6-1a64-4aa3-a9ac-f7286b62e308", "rel": "bookmark"}], "ram": 512, "OS-FLV-DISABLED:disabled": false, "vcpus": 1, "swap": "", "os-flavor-access:is_public": true, "rxtx_factor": 1.0, "OS-FLV-EXT-DATA:ephemeral": 0, "disk": 1, "id": "7f4ae9c6-1a64-4aa3-a9ac-f7286b62e308"}]} _http_log_response /usr/lib/python2.7/site-packages/keystoneauth1/session.py:511
2019-06-09 06:31:25.589 660 DEBUG novaclient.v2.client [-] GET call to compute for http://172.30.9.21:8774/v2.1/flavors/detail used request id req-58ed9689-36e0-4d66-af87-380c763b8b7f request /usr/lib/python2.7/site-packages/keystoneauth1/session.py:844
