2019-06-09 06:57:26.804 1842 INFO rally.task.context [-] Task fddee4f7-157b-4461-8c8d-327a3a6e6010 | Context quotas@openstack cleanup() finished in 0.58 sec
2019-06-09 06:57:26.804 1842 INFO rally.task.context [-] Task fddee4f7-157b-4461-8c8d-327a3a6e6010 | Context api_versions@openstack cleanup() started
2019-06-09 06:57:26.805 1842 INFO rally.task.context [-] Task fddee4f7-157b-4461-8c8d-327a3a6e6010 | Context api_versions@openstack cleanup() finished in 0.27 msec
2019-06-09 06:57:26.805 1842 INFO rally.task.context [-] Task fddee4f7-157b-4461-8c8d-327a3a6e6010 | Context users@openstack cleanup() started
2019-06-09 06:57:34.935 1842 INFO rally.task.context [-] Task fddee4f7-157b-4461-8c8d-327a3a6e6010 | Context users@openstack cleanup() finished in 8.13 sec
2019-06-09 06:57:36.847 1842 INFO rally.task.engine [-] Load duration is: 17.209394
2019-06-09 06:57:36.848 1842 INFO rally.task.engine [-] Full runner duration is: 17.254819
2019-06-09 06:57:36.848 1842 INFO rally.task.engine [-] Full duration is: 42.266691
2019-06-09 06:57:37.021 1842 INFO rally.task.engine [-] Running workload: position = 1 config = { "version": 2, "title": "A cropped version of a bigger task.", "description": "Auto-generated task from a single workload (uuid=dd86ee0b-da12-439c-a5e1-74eed6a21277)", "subtasks": [ { "title": "CinderVolumes.create_and_delete_volume", "description": "Create and then delete a volume.", "scenario": { "CinderVolumes.create_and_delete_volume": { "image": { "name": "rally_full-img_cb032129-903b-4f11-98b4-222125333d33" }, "size": 1 } }, "contexts": { "users": { "tenants": 3, "users_per_tenant": 2 }, "quotas": { "cinder": { "gigabytes": -1, "snapshots": -1, "volumes": -1 } }, "api_versions": { "cinder": { "version": 3, "service_type": "volumev3" } } }, "runner": { "constant": { "concurrency": 4, "times": 10 } }, "hooks": [], "sla": { "failure_rate": { "max": 0 } } } ] }
2019-06-09 06:57:37.045 1842 RALLYDEBUG rally_openstack.contexts.keystone.users [-] Creating 3 tenants using 20 threads
2019-06-09 06:57:38.884 1842 RALLYDEBUG rally_openstack.contexts.keystone.users [-] Creating 6 users using 20 threads
2019-06-09 06:57:41.674 1842 INFO rally.task.context [-] Task fddee4f7-157b-4461-8c8d-327a3a6e6010 | Context users@openstack setup() finished in 4.63 sec
2019-06-09 06:57:42.108 1842 INFO rally.task.context [-] Task fddee4f7-157b-4461-8c8d-327a3a6e6010 | Context api_versions@openstack setup() finished in 0.43 sec
2019-06-09 06:57:43.799 1842 INFO rally.task.context [-] Task fddee4f7-157b-4461-8c8d-327a3a6e6010 | Context quotas@openstack setup() finished in 1.69 sec
2019-06-09 06:57:43.800 1842 INFO rally.task.context [-] Task fddee4f7-157b-4461-8c8d-327a3a6e6010 | Context cleanup@openstack setup() finished in 0.00 msec
2019-06-09 06:57:44.847 1842 RALLYDEBUG rally.task.runner [-] Starting the constant runner (task UUID: fddee4f7-157b-4461-8c8d-327a3a6e6010). timeout: 0 concurrency: 4 concurrency_per_worker: 1 times: 10 concurrency_overhead: 0 processes_to_start: 4 max_cpu_used: 16
2019-06-09 06:57:44.859 4354 RALLYDEBUG rally.task.runner [-] Starting a worker. concurrency: 1 args: {"image": "3d136928-f2cc-4a7c-a67a-a53356b52f2b", "size": 1} times: 10 method_name: run timeout: 0 duration: None cls:
2019-06-09 06:57:44.860 4355 RALLYDEBUG rally.task.runner [-] Starting a worker. concurrency: 1 args: {"image": "3d136928-f2cc-4a7c-a67a-a53356b52f2b", "size": 1} times: 10 method_name: run timeout: 0 duration: None cls:
2019-06-09 06:57:44.864 4356 RALLYDEBUG rally.task.runner [-] Starting a worker. concurrency: 1 args: {"image": "3d136928-f2cc-4a7c-a67a-a53356b52f2b", "size": 1} times: 10 method_name: run timeout: 0 duration: None cls:
2019-06-09 06:57:44.867 4354 INFO rally.task.runner [-] Task fddee4f7-157b-4461-8c8d-327a3a6e6010 | ITER: 1 START
2019-06-09 06:57:44.867 4357 RALLYDEBUG rally.task.runner [-] Starting a worker. concurrency: 1 args: {"image": "3d136928-f2cc-4a7c-a67a-a53356b52f2b", "size": 1} times: 10 method_name: run timeout: 0 duration: None cls:
2019-06-09 06:57:44.868 4355 INFO rally.task.runner [-] Task fddee4f7-157b-4461-8c8d-327a3a6e6010 | ITER: 2 START
2019-06-09 06:57:44.873 4356 INFO rally.task.runner [-] Task fddee4f7-157b-4461-8c8d-327a3a6e6010 | ITER: 3 START
2019-06-09 06:57:44.874 4357 INFO rally.task.runner [-] Task fddee4f7-157b-4461-8c8d-327a3a6e6010 | ITER: 4 START
2019-06-09 06:57:52.208 4354 RALLYDEBUG rally.task.utils [-] Waiting for resource s_rally_dd86ee0b_YjwtlKlN. Status changed: CREATING => DOWNLOADING in 2.82769203186
2019-06-09 06:57:52.450 4357 RALLYDEBUG rally.task.utils [-] Waiting for resource s_rally_dd86ee0b_Mi5rk8QA. Status changed: CREATING => DOWNLOADING in 2.93213820457
2019-06-09 06:57:59.230 4354 RALLYDEBUG rally.task.utils [-] Waiting for resource s_rally_dd86ee0b_YjwtlKlN. Status changed: DOWNLOADING => AVAILABLE in 7.02148604393
2019-06-09 06:57:59.443 4355 RALLYDEBUG rally.task.utils [-] Waiting for resource s_rally_dd86ee0b_4fiO0IoA. Status changed: CREATING => DOWNLOADING in 9.70905995369
2019-06-09 06:57:59.668 4354 RALLYDEBUG rally.task.utils [-] Waiting for resource s_rally_dd86ee0b_YjwtlKlN. Status changed: AVAILABLE => DELETING in 0.0566051006317
2019-06-09 06:57:59.672 4356 RALLYDEBUG rally.task.utils [-] Waiting for resource s_rally_dd86ee0b_xwawz8f3. Status changed: CREATING => DOWNLOADING in 9.82050609589
2019-06-09 06:58:04.070 4357 RALLYDEBUG rally.task.utils [-] Waiting for resource s_rally_dd86ee0b_Mi5rk8QA. Status changed: DOWNLOADING => AVAILABLE in 11.620320797
2019-06-09 06:58:04.271 4354 INFO rally.task.runner [-] Task fddee4f7-157b-4461-8c8d-327a3a6e6010 | ITER: 1 END: OK
2019-06-09 06:58:04.276 4354 INFO rally.task.runner [-] Task fddee4f7-157b-4461-8c8d-327a3a6e6010 | ITER: 5 START
2019-06-09 06:58:04.400 4356 RALLYDEBUG rally.task.utils [-] Waiting for resource s_rally_dd86ee0b_xwawz8f3. Status changed: DOWNLOADING => AVAILABLE in 4.72781896591
2019-06-09 06:58:04.893 4357 INFO rally.task.runner [-] Task fddee4f7-157b-4461-8c8d-327a3a6e6010 | ITER: 4 END: OK
2019-06-09 06:58:04.898 4357 INFO rally.task.runner [-] Task fddee4f7-157b-4461-8c8d-327a3a6e6010 | ITER: 6 START
2019-06-09 06:58:05.130 4356 RALLYDEBUG rally.task.utils [-] Waiting for resource s_rally_dd86ee0b_xwawz8f3. Status changed: AVAILABLE => DELETING in 0.338994026184
2019-06-09 06:58:06.466 4355 RALLYDEBUG rally.task.utils [-] Waiting for resource s_rally_dd86ee0b_4fiO0IoA. Status changed: DOWNLOADING => AVAILABLE in 7.02348685265
2019-06-09 06:58:06.909 4355 RALLYDEBUG rally.task.utils [-] Waiting for resource s_rally_dd86ee0b_4fiO0IoA. Status changed: AVAILABLE => DELETING in 0.0583829879761
2019-06-09 06:58:07.172 4356 INFO rally.task.runner [-] Task fddee4f7-157b-4461-8c8d-327a3a6e6010 | ITER: 3 END: OK
2019-06-09 06:58:07.176 4356 INFO rally.task.runner [-] Task fddee4f7-157b-4461-8c8d-327a3a6e6010 | ITER: 7 START
2019-06-09 06:58:09.216 4355 INFO rally.task.runner [-] Task fddee4f7-157b-4461-8c8d-327a3a6e6010 | ITER: 2 END: OK
2019-06-09 06:58:09.221 4355 INFO rally.task.runner [-] Task fddee4f7-157b-4461-8c8d-327a3a6e6010 | ITER: 8 START
2019-06-09 06:58:11.622 4354 RALLYDEBUG rally.task.utils [-] Waiting for resource s_rally_dd86ee0b_HCrmecVA. Status changed: CREATING => DOWNLOADING in 2.87024998665
2019-06-09 06:58:14.527 4357 RALLYDEBUG rally.task.utils [-] Waiting for resource s_rally_dd86ee0b_up6WgaQz. Status changed: CREATING => DOWNLOADING in 4.97336101532
2019-06-09 06:58:16.292 4354 RALLYDEBUG rally.task.utils [-] Waiting for resource s_rally_dd86ee0b_HCrmecVA. Status changed: DOWNLOADING => AVAILABLE in 4.67043495178
2019-06-09 06:58:16.760 4354 RALLYDEBUG rally.task.utils [-] Waiting for resource s_rally_dd86ee0b_HCrmecVA. Status changed: AVAILABLE => DELETING in 0.0571508407593
2019-06-09 06:58:18.801 4354 INFO rally.task.runner [-] Task fddee4f7-157b-4461-8c8d-327a3a6e6010 | ITER: 5 END: OK
2019-06-09 06:58:18.807 4354 INFO rally.task.runner [-] Task fddee4f7-157b-4461-8c8d-327a3a6e6010 | ITER: 9 START
2019-06-09 06:58:19.317 4357 RALLYDEBUG rally.task.utils [-] Waiting for resource s_rally_dd86ee0b_up6WgaQz. Status changed: DOWNLOADING => AVAILABLE in 4.7891330719
2019-06-09 06:58:19.902 4356 RALLYDEBUG rally.task.utils [-] Waiting for resource s_rally_dd86ee0b_j15V9WZ4. Status changed: CREATING => DOWNLOADING in 7.52665400505
2019-06-09 06:58:20.082 4357 RALLYDEBUG rally.task.utils [-] Waiting for resource s_rally_dd86ee0b_up6WgaQz. Status changed: AVAILABLE => DELETING in 0.362592220306
2019-06-09 06:58:22.497 4355 RALLYDEBUG rally.task.utils [-] Waiting for resource s_rally_dd86ee0b_U9gOjCLW. Status changed: CREATING => DOWNLOADING in 7.73629999161
2019-06-09 06:58:24.278 4356 RALLYDEBUG rally.task.utils [-] Waiting for resource s_rally_dd86ee0b_j15V9WZ4. Status changed: DOWNLOADING => AVAILABLE in 4.37579798698
2019-06-09 06:58:24.464 4357 INFO rally.task.runner [-] Task fddee4f7-157b-4461-8c8d-327a3a6e6010 | ITER: 6 END: OK
2019-06-09 06:58:24.470 4357 INFO rally.task.runner [-] Task fddee4f7-157b-4461-8c8d-327a3a6e6010 | ITER: 10 START
2019-06-09 06:58:24.847 4355 RALLYDEBUG rally.task.utils [-] Waiting for resource s_rally_dd86ee0b_U9gOjCLW. Status changed: DOWNLOADING => AVAILABLE in 2.34997296333
2019-06-09 06:58:25.023 4356 INFO rally.task.runner [-] Task fddee4f7-157b-4461-8c8d-327a3a6e6010 | ITER: 7 END: OK
2019-06-09 06:58:25.469 4355 INFO rally.task.runner [-] Task fddee4f7-157b-4461-8c8d-327a3a6e6010 | ITER: 8 END: OK
2019-06-09 06:58:28.861 4354 RALLYDEBUG rally.task.utils [-] Waiting for resource s_rally_dd86ee0b_iH4qBvkf. Status changed: CREATING => DOWNLOADING in 5.32543802261
2019-06-09 06:58:31.209 4354 RALLYDEBUG rally.task.utils [-] Waiting for resource s_rally_dd86ee0b_iH4qBvkf. Status changed: DOWNLOADING => AVAILABLE in 2.34797596931
2019-06-09 06:58:32.006 4354 RALLYDEBUG rally.task.utils [-] Waiting for resource s_rally_dd86ee0b_iH4qBvkf. Status changed: AVAILABLE => DELETING in 0.374639034271
2019-06-09 06:58:34.046 4354 INFO rally.task.runner [-] Task fddee4f7-157b-4461-8c8d-327a3a6e6010 | ITER: 9 END: OK
2019-06-09 06:58:34.288 4357 RALLYDEBUG rally.task.utils [-] Waiting for resource s_rally_dd86ee0b_HqXCNd4G. Status changed: CREATING => DOWNLOADING in 5.37012290955
2019-06-09 06:58:36.537 4357 RALLYDEBUG rally.task.utils [-] Waiting for resource s_rally_dd86ee0b_HqXCNd4G. Status changed: DOWNLOADING => AVAILABLE in 2.24920296669
2019-06-09 06:58:37.229 4357 INFO rally.task.runner [-] Task fddee4f7-157b-4461-8c8d-327a3a6e6010 | ITER: 10 END: OK
2019-06-09 06:58:37.253 1842 INFO rally.task.context [-] Task fddee4f7-157b-4461-8c8d-327a3a6e6010 | Context cleanup@openstack cleanup() started
2019-06-09 06:58:37.255 1842 RALLYDEBUG rally_openstack.cleanup.manager [-] Cleaning up cinder backups objects
2019-06-09 06:58:39.427 1842 RALLYDEBUG rally_openstack.cleanup.manager [-] Cleaning up cinder volume_snapshots objects
2019-06-09 06:58:41.519 1842 RALLYDEBUG rally_openstack.cleanup.manager [-] Cleaning up cinder transfers objects
2019-06-09 06:58:43.707 1842 RALLYDEBUG rally_openstack.cleanup.manager [-] Cleaning up cinder volumes objects
2019-06-09 06:58:46.004 1842 INFO rally.task.context [-] Task fddee4f7-157b-4461-8c8d-327a3a6e6010 | Context cleanup@openstack cleanup() finished in 8.75 sec
2019-06-09 06:58:46.005 1842 INFO rally.task.context [-] Task fddee4f7-157b-4461-8c8d-327a3a6e6010 | Context quotas@openstack cleanup() started
2019-06-09 06:58:46.907 1842 INFO rally.task.context [-] Task fddee4f7-157b-4461-8c8d-327a3a6e6010 | Context quotas@openstack cleanup() finished in 0.90 sec
2019-06-09 06:58:46.907 1842 INFO rally.task.context [-] Task fddee4f7-157b-4461-8c8d-327a3a6e6010 | Context api_versions@openstack cleanup() started
2019-06-09 06:58:46.907 1842 INFO rally.task.context [-] Task fddee4f7-157b-4461-8c8d-327a3a6e6010 | Context api_versions@openstack cleanup() finished in 0.30 msec
2019-06-09 06:58:46.908 1842 INFO rally.task.context [-] Task fddee4f7-157b-4461-8c8d-327a3a6e6010 | Context users@openstack cleanup() started
2019-06-09 06:58:55.164 1842 INFO rally.task.context [-] Task fddee4f7-157b-4461-8c8d-327a3a6e6010 | Context users@openstack cleanup() finished in 8.26 sec
2019-06-09 06:58:55.351 1842 INFO rally.task.engine [-] Load duration is: 52.357959
2019-06-09 06:58:55.352 1842 INFO rally.task.engine [-] Full runner duration is: 52.407799
2019-06-09 06:58:55.352 1842 INFO rally.task.engine [-] Full duration is: 78.122488
2019-06-09 06:58:55.499 1842 INFO rally.task.engine [-] Running workload: position = 2 config = { "version": 2, "title": "A cropped version of a bigger task.", "description": "Auto-generated task from a single workload (uuid=d7276dab-7533-4453-b1bf-6b84c00dc50a)", "subtasks": [ { "title": "CinderVolumes.create_and_delete_volume", "description": "Create and then delete a volume.", "scenario": { "CinderVolumes.create_and_delete_volume": { "size": 1 } }, "contexts": { "users": { "tenants": 3, "users_per_tenant": 2 }, "quotas": { "cinder": { "gigabytes": -1, "snapshots": -1, "volumes": -1 } }, "api_versions": { "cinder": { "version": 3, "service_type": "volumev3" } } }, "runner": { "constant": { "concurrency": 4, "times": 10 } }, "hooks": [], "sla": { "failure_rate": { "max": 0 } } } ] }
2019-06-09 06:58:55.519 1842 RALLYDEBUG rally_openstack.contexts.keystone.users [-] Creating 3 tenants using 20 threads
2019-06-09 06:58:57.520 1842 RALLYDEBUG rally_openstack.contexts.keystone.users [-] Creating 6 users using 20 threads
2019-06-09 06:59:00.280 1842 INFO rally.task.context [-] Task fddee4f7-157b-4461-8c8d-327a3a6e6010 | Context users@openstack setup() finished in 4.76 sec
2019-06-09 06:59:00.712 1842 INFO rally.task.context [-] Task fddee4f7-157b-4461-8c8d-327a3a6e6010 | Context api_versions@openstack setup() finished in 0.43 sec
2019-06-09 06:59:02.368 1842 INFO rally.task.context [-] Task fddee4f7-157b-4461-8c8d-327a3a6e6010 | Context quotas@openstack setup() finished in 1.66 sec
2019-06-09 06:59:02.369 1842 INFO rally.task.context [-] Task fddee4f7-157b-4461-8c8d-327a3a6e6010 | Context cleanup@openstack setup() finished in 0.00 msec
2019-06-09 06:59:02.376 1842 RALLYDEBUG rally.task.runner [-] Starting the constant runner (task UUID: fddee4f7-157b-4461-8c8d-327a3a6e6010). timeout: 0 concurrency: 4 concurrency_per_worker: 1 times: 10 concurrency_overhead: 0 processes_to_start: 4 max_cpu_used: 16
2019-06-09 06:59:02.387 4538 RALLYDEBUG rally.task.runner [-] Starting a worker. concurrency: 1 args: {"size": 1} times: 10 method_name: run timeout: 0 duration: None cls:
2019-06-09 06:59:02.390 4539 RALLYDEBUG rally.task.runner [-] Starting a worker. concurrency: 1 args: {"size": 1} times: 10 method_name: run timeout: 0 duration: None cls:
2019-06-09 06:59:02.395 4538 INFO rally.task.runner [-] Task fddee4f7-157b-4461-8c8d-327a3a6e6010 | ITER: 1 START
2019-06-09 06:59:02.395 4540 RALLYDEBUG rally.task.runner [-] Starting a worker. concurrency: 1 args: {"size": 1} times: 10 method_name: run timeout: 0 duration: None cls:
2019-06-09 06:59:02.397 4539 INFO rally.task.runner [-] Task fddee4f7-157b-4461-8c8d-327a3a6e6010 | ITER: 2 START
2019-06-09 06:59:02.399 4541 RALLYDEBUG rally.task.runner [-] Starting a worker. concurrency: 1 args: {"size": 1} times: 10 method_name: run timeout: 0 duration: None cls:
2019-06-09 06:59:02.407 4540 INFO rally.task.runner [-] Task fddee4f7-157b-4461-8c8d-327a3a6e6010 | ITER: 3 START
2019-06-09 06:59:02.409 4541 INFO rally.task.runner [-] Task fddee4f7-157b-4461-8c8d-327a3a6e6010 | ITER: 4 START
2019-06-09 06:59:06.744 4538 RALLYDEBUG rally.task.utils [-] Waiting for resource s_rally_d7276dab_vR8fO3WE. Status changed: AVAILABLE => DELETING in 0.258912086487
2019-06-09 06:59:06.997 4541 RALLYDEBUG rally.task.utils [-] Waiting for resource s_rally_d7276dab_SAcPM7C1. Status changed: AVAILABLE => DELETING in 0.320207118988
2019-06-09 06:59:07.018 4540 RALLYDEBUG rally.task.utils [-] Waiting for resource s_rally_d7276dab_yZ8zYI3r. Status changed: AVAILABLE => DELETING in 0.263195991516
2019-06-09 06:59:07.031 4539 RALLYDEBUG rally.task.utils [-] Waiting for resource s_rally_d7276dab_ZxbsxwcP. Status changed: AVAILABLE => DELETING in 0.364932060242
2019-06-09 06:59:09.068 4539 INFO rally.task.runner [-] Task fddee4f7-157b-4461-8c8d-327a3a6e6010 | ITER: 2 END: OK
2019-06-09 06:59:09.072 4539 INFO rally.task.runner [-] Task fddee4f7-157b-4461-8c8d-327a3a6e6010 | ITER: 5 START
2019-06-09 06:59:09.086 4538 INFO rally.task.runner [-] Task fddee4f7-157b-4461-8c8d-327a3a6e6010 | ITER: 1 END: OK
2019-06-09 06:59:09.089 4540 INFO rally.task.runner [-] Task fddee4f7-157b-4461-8c8d-327a3a6e6010 | ITER: 3 END: OK
2019-06-09 06:59:09.091 4538 INFO rally.task.runner [-] Task fddee4f7-157b-4461-8c8d-327a3a6e6010 | ITER: 6 START
2019-06-09 06:59:09.093 4540 INFO rally.task.runner [-] Task fddee4f7-157b-4461-8c8d-327a3a6e6010 | ITER: 7 START
2019-06-09 06:59:09.311 4541 INFO rally.task.runner [-] Task fddee4f7-157b-4461-8c8d-327a3a6e6010 | ITER: 4 END: OK
2019-06-09 06:59:09.316 4541 INFO rally.task.runner [-] Task fddee4f7-157b-4461-8c8d-327a3a6e6010 | ITER: 8 START
2019-06-09 06:59:13.250 4538 INFO rally.task.runner [-] Task fddee4f7-157b-4461-8c8d-327a3a6e6010 | ITER: 6 END: OK
2019-06-09 06:59:13.255 4538 INFO rally.task.runner [-] Task fddee4f7-157b-4461-8c8d-327a3a6e6010 | ITER: 9 START
2019-06-09 06:59:13.417 4540 RALLYDEBUG rally.task.utils [-] Waiting for resource s_rally_d7276dab_gJ7dtscM. Status changed: AVAILABLE => DELETING in 0.368248939514
2019-06-09 06:59:13.512 4541 RALLYDEBUG rally.task.utils [-] Waiting for resource s_rally_d7276dab_AeTHDK8J. Status changed: AVAILABLE => DELETING in 0.363204956055
2019-06-09 06:59:13.755 4539 RALLYDEBUG rally.task.utils [-] Waiting for resource s_rally_d7276dab_6SIuRFkR. Status changed: AVAILABLE => DELETING in 0.365458011627
2019-06-09 06:59:15.741 4540 INFO rally.task.runner [-] Task fddee4f7-157b-4461-8c8d-327a3a6e6010 | ITER: 7 END: OK
2019-06-09 06:59:15.748 4540 INFO rally.task.runner [-] Task fddee4f7-157b-4461-8c8d-327a3a6e6010 | ITER: 10 START
2019-06-09 06:59:15.766 4541 INFO rally.task.runner [-] Task fddee4f7-157b-4461-8c8d-327a3a6e6010 | ITER: 8 END: OK
2019-06-09 06:59:16.052 4539 INFO rally.task.runner [-] Task fddee4f7-157b-4461-8c8d-327a3a6e6010 | ITER: 5 END: OK
2019-06-09 06:59:17.589 4538 INFO rally.task.runner [-] Task fddee4f7-157b-4461-8c8d-327a3a6e6010 | ITER: 9 END: OK
2019-06-09 06:59:20.187 4540 INFO rally.task.runner [-] Task fddee4f7-157b-4461-8c8d-327a3a6e6010 | ITER: 10 END: OK
2019-06-09 06:59:20.218 1842 INFO rally.task.context [-] Task fddee4f7-157b-4461-8c8d-327a3a6e6010 | Context cleanup@openstack cleanup() started
2019-06-09 06:59:20.220 1842 RALLYDEBUG rally_openstack.cleanup.manager [-] Cleaning up cinder backups objects
2019-06-09 06:59:22.446 1842 RALLYDEBUG rally_openstack.cleanup.manager [-] Cleaning up cinder volume_snapshots objects
2019-06-09 06:59:24.584 1842 RALLYDEBUG rally_openstack.cleanup.manager [-] Cleaning up cinder transfers objects
2019-06-09 06:59:26.707 1842 RALLYDEBUG rally_openstack.cleanup.manager [-] Cleaning up cinder volumes objects
2019-06-09 06:59:29.260 1842 INFO rally.task.context [-] Task fddee4f7-157b-4461-8c8d-327a3a6e6010 | Context cleanup@openstack cleanup() finished in 9.04 sec
2019-06-09 06:59:29.261 1842 INFO rally.task.context [-] Task fddee4f7-157b-4461-8c8d-327a3a6e6010 | Context quotas@openstack cleanup() started
2019-06-09 06:59:30.332 1842 INFO rally.task.context [-] Task fddee4f7-157b-4461-8c8d-327a3a6e6010 | Context quotas@openstack cleanup() finished in 1.07 sec
2019-06-09 06:59:30.332 1842 INFO rally.task.context [-] Task fddee4f7-157b-4461-8c8d-327a3a6e6010 | Context api_versions@openstack cleanup() started
2019-06-09 06:59:30.332 1842 INFO rally.task.context [-] Task fddee4f7-157b-4461-8c8d-327a3a6e6010 | Context api_versions@openstack cleanup() finished in 0.29 msec
2019-06-09 06:59:30.333 1842 INFO rally.task.context [-] Task fddee4f7-157b-4461-8c8d-327a3a6e6010 | Context users@openstack cleanup() started
2019-06-09 06:59:38.919 1842 INFO rally.task.context [-] Task fddee4f7-157b-4461-8c8d-327a3a6e6010 | Context users@openstack cleanup() finished in 8.59 sec
2019-06-09 06:59:39.716 1842 INFO rally.task.engine [-] Load duration is: 17.787299
2019-06-09 06:59:39.717 1842 INFO rally.task.engine [-] Full runner duration is: 17.841698
2019-06-09 06:59:39.717 1842 INFO rally.task.engine [-] Full duration is: 43.402728
2019-06-09 06:59:39.952 1842 INFO rally.task.engine [-] Running workload: position = 0 config = { "version": 2, "title": "A cropped version of a bigger task.", "description": "Auto-generated task from a single workload (uuid=77436c38-c316-4722-b799-37ff1bf0daea)", "subtasks": [ { "title": "CinderVolumes.create_and_extend_volume", "description": "Create and extend a volume and then delete it.", "scenario": { "CinderVolumes.create_and_extend_volume": { "new_size": 2, "size": 1 } }, "contexts": { "users": { "tenants": 3, "users_per_tenant": 2 }, "quotas": { "cinder": { "gigabytes": -1, "snapshots": -1, "volumes": -1 } }, "api_versions": { "cinder": { "version": 3, "service_type": "volumev3" } } }, "runner": { "constant": { "concurrency": 4, "times": 10 } }, "hooks": [], "sla": { "failure_rate": { "max": 0 } } } ] }
2019-06-09 06:59:39.971 1842 RALLYDEBUG rally_openstack.contexts.keystone.users [-] Creating 3 tenants using 20 threads
2019-06-09 06:59:41.952 1842 RALLYDEBUG rally_openstack.contexts.keystone.users [-] Creating 6 users using 20 threads
2019-06-09 06:59:44.801 1842 INFO rally.task.context [-] Task fddee4f7-157b-4461-8c8d-327a3a6e6010 | Context users@openstack setup() finished in 4.83 sec
2019-06-09 06:59:45.229 1842 INFO rally.task.context [-] Task fddee4f7-157b-4461-8c8d-327a3a6e6010 | Context api_versions@openstack setup() finished in 0.43 sec
2019-06-09 06:59:46.897 1842 INFO rally.task.context [-] Task fddee4f7-157b-4461-8c8d-327a3a6e6010 | Context quotas@openstack setup() finished in 1.67 sec
2019-06-09 06:59:46.898 1842 INFO rally.task.context [-] Task fddee4f7-157b-4461-8c8d-327a3a6e6010 | Context cleanup@openstack setup() finished in 0.00 msec
2019-06-09 06:59:46.906 1842 RALLYDEBUG rally.task.runner [-] Starting the constant runner (task UUID: fddee4f7-157b-4461-8c8d-327a3a6e6010). timeout: 0 concurrency: 4 concurrency_per_worker: 1 times: 10 concurrency_overhead: 0 processes_to_start: 4 max_cpu_used: 16
2019-06-09 06:59:46.919 4722 RALLYDEBUG rally.task.runner [-] Starting a worker. concurrency: 1 args: {"new_size": 2, "size": 1} times: 10 method_name: run timeout: 0 duration: None cls:
2019-06-09 06:59:46.922 4723 RALLYDEBUG rally.task.runner [-] Starting a worker. concurrency: 1 args: {"new_size": 2, "size": 1} times: 10 method_name: run timeout: 0 duration: None cls:
2019-06-09 06:59:46.926 4724 RALLYDEBUG rally.task.runner [-] Starting a worker. concurrency: 1 args: {"new_size": 2, "size": 1} times: 10 method_name: run timeout: 0 duration: None cls:
2019-06-09 06:59:46.927 4722 INFO rally.task.runner [-] Task fddee4f7-157b-4461-8c8d-327a3a6e6010 | ITER: 1 START
2019-06-09 06:59:46.928 4725 RALLYDEBUG rally.task.runner [-] Starting a worker. concurrency: 1 args: {"new_size": 2, "size": 1} times: 10 method_name: run timeout: 0 duration: None cls:
2019-06-09 06:59:46.931 4723 INFO rally.task.runner [-] Task fddee4f7-157b-4461-8c8d-327a3a6e6010 | ITER: 2 START
2019-06-09 06:59:46.934 4724 INFO rally.task.runner [-] Task fddee4f7-157b-4461-8c8d-327a3a6e6010 | ITER: 3 START
2019-06-09 06:59:46.935 4725 INFO rally.task.runner [-] Task fddee4f7-157b-4461-8c8d-327a3a6e6010 | ITER: 4 START
2019-06-09 06:59:51.746 4722 INFO rally.task.runner [-] Task fddee4f7-157b-4461-8c8d-327a3a6e6010 | ITER: 1 END: OK
2019-06-09 06:59:51.751 4722 INFO rally.task.runner [-] Task fddee4f7-157b-4461-8c8d-327a3a6e6010 | ITER: 5 START
2019-06-09 06:59:51.964 4723 RALLYDEBUG rally.task.utils [-] Waiting for resource s_rally_77436c38_OWA7hIfW. Status changed: AVAILABLE => DELETING in 0.257902860641
2019-06-09 06:59:52.036 4725 RALLYDEBUG rally.task.utils [-] Waiting for resource s_rally_77436c38_CEaqi2nr. Status changed: AVAILABLE => DELETING in 0.246224164963
2019-06-09 06:59:52.081 4724 RALLYDEBUG rally.task.utils [-] Waiting for resource s_rally_77436c38_fXj95s5g. Status changed: AVAILABLE => DELETING in 0.344156980515
2019-06-09 06:59:54.003 4723 INFO rally.task.runner [-] Task fddee4f7-157b-4461-8c8d-327a3a6e6010 | ITER: 2 END: OK
2019-06-09 06:59:54.008 4723 INFO rally.task.runner [-] Task fddee4f7-157b-4461-8c8d-327a3a6e6010 | ITER: 6 START
2019-06-09 06:59:54.264 4725 INFO rally.task.runner [-] Task fddee4f7-157b-4461-8c8d-327a3a6e6010 | ITER: 4 END: OK
2019-06-09 06:59:54.269 4725 INFO rally.task.runner [-] Task fddee4f7-157b-4461-8c8d-327a3a6e6010 | ITER: 7 START
2019-06-09 06:59:54.310 4724 INFO rally.task.runner [-] Task fddee4f7-157b-4461-8c8d-327a3a6e6010 | ITER: 3 END: OK
2019-06-09 06:59:54.315 4724 INFO rally.task.runner [-] Task fddee4f7-157b-4461-8c8d-327a3a6e6010 | ITER: 8 START
2019-06-09 06:59:56.812 4722 INFO rally.task.runner [-] Task fddee4f7-157b-4461-8c8d-327a3a6e6010 | ITER: 5 END: OK
2019-06-09 06:59:56.817 4722 INFO rally.task.runner [-] Task fddee4f7-157b-4461-8c8d-327a3a6e6010 | ITER: 9 START
2019-06-09 06:59:58.642 4725 RALLYDEBUG rally.task.utils [-] Waiting for resource s_rally_77436c38_27VXyYgF. Status changed: AVAILABLE => EXTENDING in 0.0592370033264
2019-06-09 06:59:59.190 4723 RALLYDEBUG rally.task.utils [-] Waiting for resource s_rally_77436c38_GpfuJ1L7. Status changed: AVAILABLE => DELETING in 0.238435983658
2019-06-09 06:59:59.658 4724 INFO rally.task.runner [-] Task fddee4f7-157b-4461-8c8d-327a3a6e6010 | ITER: 8 END: OK
2019-06-09 06:59:59.662 4724 INFO rally.task.runner [-] Task fddee4f7-157b-4461-8c8d-327a3a6e6010 | ITER: 10 START
2019-06-09 07:00:00.992 4725 RALLYDEBUG rally.task.utils [-] Waiting for resource s_rally_77436c38_27VXyYgF. Status changed: EXTENDING => AVAILABLE in 2.34934902191
2019-06-09 07:00:01.432 4723 INFO rally.task.runner [-] Task fddee4f7-157b-4461-8c8d-327a3a6e6010 | ITER: 6 END: OK
2019-06-09 07:00:01.603 4725 INFO rally.task.runner [-] Task fddee4f7-157b-4461-8c8d-327a3a6e6010 | ITER: 7 END: OK
2019-06-09 07:00:02.030 4722 INFO rally.task.runner [-] Task fddee4f7-157b-4461-8c8d-327a3a6e6010 | ITER: 9 END: OK
2019-06-09 07:00:04.282 4724 RALLYDEBUG rally.task.utils [-] Waiting for resource s_rally_77436c38_BsuCxSup. Status changed: AVAILABLE => DELETING in 0.053316116333
2019-06-09 07:00:06.513 4724 INFO rally.task.runner [-] Task fddee4f7-157b-4461-8c8d-327a3a6e6010 | ITER: 10 END: OK
2019-06-09 07:00:06.540 1842 INFO rally.task.context [-] Task fddee4f7-157b-4461-8c8d-327a3a6e6010 | Context cleanup@openstack cleanup() started
2019-06-09 07:00:06.543 1842 RALLYDEBUG rally_openstack.cleanup.manager [-] Cleaning up cinder backups objects
2019-06-09 07:00:08.821 1842 RALLYDEBUG rally_openstack.cleanup.manager [-] Cleaning up cinder volume_snapshots objects
2019-06-09 07:00:10.965 1842 RALLYDEBUG rally_openstack.cleanup.manager [-] Cleaning up cinder transfers objects
2019-06-09 07:00:13.155 1842 RALLYDEBUG rally_openstack.cleanup.manager [-] Cleaning up cinder volumes objects
2019-06-09 07:00:15.597 1842 INFO rally.task.context [-] Task fddee4f7-157b-4461-8c8d-327a3a6e6010 | Context cleanup@openstack cleanup() finished in 9.06 sec
2019-06-09 07:00:15.597 1842 INFO rally.task.context [-] Task fddee4f7-157b-4461-8c8d-327a3a6e6010 | Context quotas@openstack cleanup() started
2019-06-09 07:00:16.745 1842 INFO rally.task.context [-] Task fddee4f7-157b-4461-8c8d-327a3a6e6010 | Context quotas@openstack cleanup() finished in 1.15 sec
2019-06-09 07:00:16.745 1842 INFO rally.task.context [-] Task fddee4f7-157b-4461-8c8d-327a3a6e6010 | Context api_versions@openstack cleanup() started
2019-06-09 07:00:16.746 1842 INFO rally.task.context [-] Task fddee4f7-157b-4461-8c8d-327a3a6e6010 | Context api_versions@openstack cleanup() finished in 0.31 msec
2019-06-09 07:00:16.746 1842 INFO rally.task.context [-] Task fddee4f7-157b-4461-8c8d-327a3a6e6010 | Context users@openstack cleanup() started
2019-06-09 07:00:25.075 1842 INFO rally.task.context [-] Task fddee4f7-157b-4461-8c8d-327a3a6e6010 | Context users@openstack cleanup() finished in 8.33 sec
2019-06-09 07:00:26.178 1842 INFO rally.task.engine [-] Load duration is: 19.580745
2019-06-09 07:00:26.178 1842 INFO rally.task.engine [-] Full runner duration is: 19.63562
2019-06-09 07:00:26.179 1842 INFO rally.task.engine [-] Full duration is: 45.107087
2019-06-09 07:00:26.441 1842 INFO rally.task.engine [-] Running workload: position = 0 config = { "version": 2, "title": "A cropped version of a bigger task.", "description": "Auto-generated task from a single workload (uuid=70115408-c559-4aa3-b6b7-a58c4c31ede3)", "subtasks": [ { "title": "CinderVolumes.create_from_volume_and_delete_volume", "description": "Create volume from volume and then delete it.", "scenario": { "CinderVolumes.create_from_volume_and_delete_volume": { "size": 1 } }, "contexts": { "users": { "tenants": 3, "users_per_tenant": 2 }, "quotas": { "cinder": { "gigabytes": -1, "snapshots": -1, "volumes": -1 } }, "api_versions": { "cinder": { "version": 3, "service_type": "volumev3" } }, "volumes": { "size": 1, "volumes_per_tenant": 1 } }, "runner": { "constant": { "concurrency": 4, "times": 10 } }, "hooks": [], "sla": { "failure_rate": { "max": 0 } } } ] }
2019-06-09 07:00:26.465 1842 RALLYDEBUG rally_openstack.contexts.keystone.users [-] Creating 3 tenants using 20 threads
2019-06-09 07:00:28.335 1842 RALLYDEBUG rally_openstack.contexts.keystone.users [-] Creating 6 users using 20 threads
2019-06-09 07:00:31.280 1842 INFO rally.task.context [-] Task fddee4f7-157b-4461-8c8d-327a3a6e6010 | Context users@openstack setup() finished in 4.82 sec
2019-06-09 07:00:31.704 1842 INFO rally.task.context [-] Task fddee4f7-157b-4461-8c8d-327a3a6e6010 | Context api_versions@openstack setup() finished in 0.42 sec
2019-06-09 07:00:33.698 1842 INFO rally.task.context [-] Task fddee4f7-157b-4461-8c8d-327a3a6e6010 | Context quotas@openstack setup() finished in 1.99 sec
2019-06-09 07:00:44.940 1842 INFO rally.task.context [-] Task fddee4f7-157b-4461-8c8d-327a3a6e6010 | Context volumes@openstack setup() finished in 11.24 sec
2019-06-09 07:00:44.940 1842 INFO rally.task.context [-] Task fddee4f7-157b-4461-8c8d-327a3a6e6010 | Context cleanup@openstack setup() finished in 0.01 msec
2019-06-09 07:00:44.948 1842 RALLYDEBUG rally.task.runner [-] Starting the constant runner (task UUID: fddee4f7-157b-4461-8c8d-327a3a6e6010). timeout: 0 concurrency: 4 concurrency_per_worker: 1 times: 10 concurrency_overhead: 0 processes_to_start: 4 max_cpu_used: 16
2019-06-09 07:00:44.961 4906 RALLYDEBUG rally.task.runner [-] Starting a worker. concurrency: 1 args: {"size": 1} times: 10 method_name: run timeout: 0 duration: None cls:
2019-06-09 07:00:44.963 4907 RALLYDEBUG rally.task.runner [-] Starting a worker. concurrency: 1 args: {"size": 1} times: 10 method_name: run timeout: 0 duration: None cls:
2019-06-09 07:00:44.966 4908 RALLYDEBUG rally.task.runner [-] Starting a worker. concurrency: 1 args: {"size": 1} times: 10 method_name: run timeout: 0 duration: None cls:
2019-06-09 07:00:44.968 4906 INFO rally.task.runner [-] Task fddee4f7-157b-4461-8c8d-327a3a6e6010 | ITER: 1 START
2019-06-09 07:00:44.969 4909 RALLYDEBUG rally.task.runner [-] Starting a worker. concurrency: 1 args: {"size": 1} times: 10 method_name: run timeout: 0 duration: None cls:
2019-06-09 07:00:44.971 4907 INFO rally.task.runner [-] Task fddee4f7-157b-4461-8c8d-327a3a6e6010 | ITER: 2 START
2019-06-09 07:00:44.975 4908 INFO rally.task.runner [-] Task fddee4f7-157b-4461-8c8d-327a3a6e6010 | ITER: 3 START
2019-06-09 07:00:44.977 4909 INFO rally.task.runner [-] Task fddee4f7-157b-4461-8c8d-327a3a6e6010 | ITER: 4 START
2019-06-09 07:00:49.135 4908 RALLYDEBUG rally.task.utils [-] Waiting for resource s_rally_70115408_6kCCz11H. Status changed: AVAILABLE => DELETING in 0.332136869431
2019-06-09 07:00:49.441 4909 RALLYDEBUG rally.task.utils [-] Waiting for resource s_rally_70115408_2b83euoa. Status changed: AVAILABLE => DELETING in 0.446109056473
2019-06-09 07:00:51.096 4907 RALLYDEBUG rally.task.utils [-] Waiting for resource s_rally_70115408_HiQC6qyV. Status changed: CREATING => AVAILABLE in 2.98217701912
2019-06-09 07:00:51.747 4907 RALLYDEBUG rally.task.utils [-] Waiting for resource s_rally_70115408_HiQC6qyV. Status changed: AVAILABLE => DELETING in 0.332990884781
2019-06-09 07:00:53.197 4906 RALLYDEBUG rally.task.utils [-] Waiting for resource s_rally_70115408_bWzdbyv3. Status changed: CREATING => AVAILABLE in 4.99755787849
2019-06-09 07:00:53.336 4906 RALLYDEBUG rally.task.utils [-] Waiting for resource s_rally_70115408_bWzdbyv3. Status changed: AVAILABLE => DELETING in 0.0539269447327
2019-06-09 07:00:53.705 4908 INFO rally.task.runner [-] Task fddee4f7-157b-4461-8c8d-327a3a6e6010 | ITER: 3 END: OK
2019-06-09 07:00:53.710 4908 INFO rally.task.runner [-] Task fddee4f7-157b-4461-8c8d-327a3a6e6010 | ITER: 5 START
2019-06-09 07:00:54.027 4909 INFO rally.task.runner [-] Task fddee4f7-157b-4461-8c8d-327a3a6e6010 | ITER: 4 END: OK
2019-06-09 07:00:54.033 4909 INFO rally.task.runner [-] Task fddee4f7-157b-4461-8c8d-327a3a6e6010 | ITER: 6 START
2019-06-09 07:00:54.072 4907 INFO rally.task.runner [-] Task fddee4f7-157b-4461-8c8d-327a3a6e6010 | ITER: 2 END: OK
2019-06-09 07:00:54.077 4907 INFO rally.task.runner [-] Task fddee4f7-157b-4461-8c8d-327a3a6e6010 | ITER: 7 START
2019-06-09 07:00:55.674 4906 INFO rally.task.runner [-] Task fddee4f7-157b-4461-8c8d-327a3a6e6010 | ITER: 1 END: OK
2019-06-09 07:00:55.680 4906 INFO rally.task.runner [-] Task fddee4f7-157b-4461-8c8d-327a3a6e6010 | ITER: 8 START
2019-06-09 07:00:57.998 4908 RALLYDEBUG rally.task.utils [-] Waiting for resource s_rally_70115408_96W8Pxvc. Status changed: AVAILABLE => DELETING in 0.338641881943
2019-06-09 07:00:58.275 4909 RALLYDEBUG rally.task.utils [-] Waiting for resource s_rally_70115408_Add1Q0nS. Status changed: AVAILABLE => DELETING in 0.250729084015
2019-06-09 07:00:59.781 4907 RALLYDEBUG rally.task.utils [-] Waiting for resource s_rally_70115408_sBzJ2oIb. Status changed: CREATING => AVAILABLE in 2.63408207893
2019-06-09 07:01:00.456 4907 RALLYDEBUG rally.task.utils [-] Waiting for resource s_rally_70115408_sBzJ2oIb. Status changed: AVAILABLE => DELETING in 0.347806930542
2019-06-09 07:01:01.590 4906 RALLYDEBUG rally.task.utils [-] Waiting for resource s_rally_70115408_2RS5YGTE. Status changed: CREATING => AVAILABLE in 2.8597650528
2019-06-09 07:01:02.139 4906 RALLYDEBUG rally.task.utils [-] Waiting for resource s_rally_70115408_2RS5YGTE. Status changed: AVAILABLE => DELETING in 0.258245944977
2019-06-09 07:01:02.879 4909 INFO rally.task.runner [-] Task fddee4f7-157b-4461-8c8d-327a3a6e6010 | ITER: 6 END: OK
2019-06-09 07:01:02.885 4909 INFO rally.task.runner [-] Task fddee4f7-157b-4461-8c8d-327a3a6e6010 | ITER: 9 START
2019-06-09 07:01:04.455 4906 INFO rally.task.runner [-] Task fddee4f7-157b-4461-8c8d-327a3a6e6010 | ITER: 8 END: OK
2019-06-09 07:01:04.460 4906 INFO rally.task.runner [-] Task fddee4f7-157b-4461-8c8d-327a3a6e6010 | ITER: 10 START
2019-06-09 07:01:04.928 4908 INFO rally.task.runner [-] Task fddee4f7-157b-4461-8c8d-327a3a6e6010 | ITER: 5 END: OK
2019-06-09 07:01:05.014 4907 INFO rally.task.runner [-] Task fddee4f7-157b-4461-8c8d-327a3a6e6010 | ITER: 7 END: OK
2019-06-09 07:01:07.344 4909 RALLYDEBUG rally.task.utils [-] Waiting for resource s_rally_70115408_sjsKkFEt. Status changed: AVAILABLE => DELETING in 0.283608913422
2019-06-09 07:01:08.482 4906 RALLYDEBUG rally.task.utils [-] Waiting for resource s_rally_70115408_nfjCF8xj. Status changed: AVAILABLE => DELETING in 0.258939027786
2019-06-09 07:01:09.682 4909 INFO rally.task.runner [-] Task fddee4f7-157b-4461-8c8d-327a3a6e6010 | ITER: 9 END: OK
2019-06-09 07:01:10.965 4906 INFO rally.task.runner [-] Task fddee4f7-157b-4461-8c8d-327a3a6e6010 | ITER: 10 END: OK
2019-06-09 07:01:10.989 1842 INFO rally.task.context [-] Task fddee4f7-157b-4461-8c8d-327a3a6e6010 | Context cleanup@openstack cleanup() started
2019-06-09 07:01:10.991 1842 RALLYDEBUG rally_openstack.cleanup.manager [-] Cleaning up cinder backups objects
2019-06-09 07:01:13.134 1842 RALLYDEBUG rally_openstack.cleanup.manager [-] Cleaning up cinder volume_snapshots objects
2019-06-09 07:01:15.432 1842 RALLYDEBUG rally_openstack.cleanup.manager [-] Cleaning up cinder transfers objects
2019-06-09 07:01:17.626 1842 RALLYDEBUG rally_openstack.cleanup.manager [-] Cleaning up cinder volumes objects
2019-06-09 07:01:19.958 1842 INFO rally.task.context [-] Task fddee4f7-157b-4461-8c8d-327a3a6e6010 | Context cleanup@openstack cleanup() finished in 8.97 sec
2019-06-09 07:01:19.959 1842 INFO rally.task.context [-] Task fddee4f7-157b-4461-8c8d-327a3a6e6010 | Context volumes@openstack cleanup() started
2019-06-09 07:01:19.959 1842 RALLYDEBUG rally_openstack.cleanup.manager [-] Cleaning up cinder volumes objects
2019-06-09 07:01:22.299 1842 RALLYDEBUG rally_openstack.cleanup.manager [-] Deleting cinder.volumes object c_rally_70115408_lsst5HJj (9071136b-2888-4603-9eb7-d54179a013d4)
2019-06-09 07:01:22.300 1842 RALLYDEBUG rally_openstack.cleanup.manager [-] Deleting cinder.volumes object c_rally_70115408_JufHj5Oo (fb0a751a-215e-455a-8e20-f828f6da444d)
2019-06-09 07:01:22.310 1842 RALLYDEBUG rally_openstack.cleanup.manager [-] Deleting cinder.volumes object c_rally_70115408_U3XH0j5M (f9a0c7ea-4cf3-4b86-86c8-75606daf36ea)
2019-06-09 07:01:25.858 1842 INFO rally.task.context [-] Task fddee4f7-157b-4461-8c8d-327a3a6e6010 | Context volumes@openstack cleanup() finished in 5.90 sec
2019-06-09 07:01:25.858 1842 INFO rally.task.context [-] Task fddee4f7-157b-4461-8c8d-327a3a6e6010 | Context quotas@openstack cleanup() started
2019-06-09 07:01:26.842 1842 INFO rally.task.context [-] Task fddee4f7-157b-4461-8c8d-327a3a6e6010 | Context quotas@openstack cleanup() finished in 0.98 sec
2019-06-09 07:01:26.842 1842 INFO rally.task.context [-] Task fddee4f7-157b-4461-8c8d-327a3a6e6010 | Context api_versions@openstack cleanup() started
2019-06-09 07:01:26.842 1842 INFO rally.task.context [-] Task fddee4f7-157b-4461-8c8d-327a3a6e6010 | Context api_versions@openstack cleanup() finished in 0.33 msec
2019-06-09 07:01:26.843 1842 INFO rally.task.context [-] Task fddee4f7-157b-4461-8c8d-327a3a6e6010 | Context users@openstack cleanup() started
2019-06-09 07:01:35.182 1842 INFO rally.task.context [-] Task fddee4f7-157b-4461-8c8d-327a3a6e6010 | Context users@openstack cleanup() finished in 8.34 sec
2019-06-09 07:01:36.747 1842 INFO rally.task.engine [-] Load duration is: 25.992144
2019-06-09 07:01:36.747 1842 INFO rally.task.engine [-] Full runner duration is: 26.041529
2019-06-09 07:01:36.748 1842 INFO rally.task.engine [-] Full duration is: 68.720536
2019-06-09 07:01:37.000 1842 INFO rally.task.engine [-] Running workload: position = 0 config = { "version": 2, "title": "A cropped version of a bigger task.", "description": "Auto-generated task from a single workload (uuid=f8004496-c2ff-4c58-8eae-da07c36a140f)", "subtasks": [ { "title": "CinderQos.create_and_get_qos", "description": "Create a qos, then get details of the qos.", "scenario": { "CinderQos.create_and_get_qos": { "consumer": "both", "write_iops_sec": "10", "read_iops_sec": "1000" } }, "contexts": { "users": { "tenants": 3, "users_per_tenant": 2 }, "api_versions": { "cinder": { "version": 3, "service_type": "volumev3" } } }, "runner": { "constant": { "concurrency": 4, "times": 10 } }, "hooks": [], "sla": { "failure_rate": { "max": 0 } } } ] }
2019-06-09 07:01:37.024 1842 RALLYDEBUG rally_openstack.contexts.keystone.users [-] Creating 3 tenants using 20 threads
2019-06-09 07:01:39.035 1842 RALLYDEBUG rally_openstack.contexts.keystone.users [-] Creating 6 users using 20 threads
2019-06-09 07:01:41.732 1842 INFO rally.task.context [-] Task fddee4f7-157b-4461-8c8d-327a3a6e6010 | Context users@openstack setup() finished in 4.71 sec
2019-06-09 07:01:42.157 1842 INFO rally.task.context [-] Task fddee4f7-157b-4461-8c8d-327a3a6e6010 | Context api_versions@openstack setup() finished in 0.42 sec
2019-06-09 07:01:42.158 1842 INFO rally.task.context [-] Task fddee4f7-157b-4461-8c8d-327a3a6e6010 | Context admin_cleanup@openstack setup() finished in 0.01 msec
2019-06-09 07:01:42.164 1842 RALLYDEBUG rally.task.runner [-] Starting the constant runner (task UUID: fddee4f7-157b-4461-8c8d-327a3a6e6010). timeout: 0 concurrency: 4 concurrency_per_worker: 1 times: 10 concurrency_overhead: 0 processes_to_start: 4 max_cpu_used: 16
2019-06-09 07:01:42.177 5110 RALLYDEBUG rally.task.runner [-] Starting a worker. concurrency: 1 args: {"consumer": "both", "write_iops_sec": "10", "read_iops_sec": "1000"} times: 10 method_name: run timeout: 0 duration: None cls:
2019-06-09 07:01:42.179 5111 RALLYDEBUG rally.task.runner [-] Starting a worker. concurrency: 1 args: {"consumer": "both", "write_iops_sec": "10", "read_iops_sec": "1000"} times: 10 method_name: run timeout: 0 duration: None cls:
2019-06-09 07:01:42.181 5112 RALLYDEBUG rally.task.runner [-] Starting a worker. concurrency: 1 args: {"consumer": "both", "write_iops_sec": "10", "read_iops_sec": "1000"} times: 10 method_name: run timeout: 0 duration: None cls:
2019-06-09 07:01:42.184 5113 RALLYDEBUG rally.task.runner [-] Starting a worker. concurrency: 1 args: {"consumer": "both", "write_iops_sec": "10", "read_iops_sec": "1000"} times: 10 method_name: run timeout: 0 duration: None cls:
2019-06-09 07:01:42.184 5110 INFO rally.task.runner [-] Task fddee4f7-157b-4461-8c8d-327a3a6e6010 | ITER: 1 START
2019-06-09 07:01:42.186 5111 INFO rally.task.runner [-] Task fddee4f7-157b-4461-8c8d-327a3a6e6010 | ITER: 2 START
2019-06-09 07:01:42.189 5112 INFO rally.task.runner [-] Task fddee4f7-157b-4461-8c8d-327a3a6e6010 | ITER: 3 START
2019-06-09 07:01:42.191 5113 INFO rally.task.runner [-] Task fddee4f7-157b-4461-8c8d-327a3a6e6010 | ITER: 4 START
2019-06-09 07:01:43.331 5110 INFO rally.task.runner [-] Task fddee4f7-157b-4461-8c8d-327a3a6e6010 | ITER: 1 END: OK
2019-06-09 07:01:43.337 5110 INFO rally.task.runner [-] Task fddee4f7-157b-4461-8c8d-327a3a6e6010 | ITER: 5 START
2019-06-09 07:01:43.338 5113 INFO rally.task.runner [-] Task fddee4f7-157b-4461-8c8d-327a3a6e6010 | ITER: 4 END: OK
2019-06-09 07:01:43.343 5113 INFO rally.task.runner [-] Task fddee4f7-157b-4461-8c8d-327a3a6e6010 | ITER: 6 START
2019-06-09 07:01:43.378 5112 INFO rally.task.runner [-] Task fddee4f7-157b-4461-8c8d-327a3a6e6010 | ITER: 3 END: OK
2019-06-09 07:01:43.383 5112 INFO rally.task.runner [-] Task fddee4f7-157b-4461-8c8d-327a3a6e6010 | ITER: 7 START
2019-06-09 07:01:43.391 5111 INFO rally.task.runner [-] Task fddee4f7-157b-4461-8c8d-327a3a6e6010 | ITER: 2 END: OK
2019-06-09 07:01:43.396 5111 INFO rally.task.runner [-] Task fddee4f7-157b-4461-8c8d-327a3a6e6010 | ITER: 8 START
2019-06-09 07:01:44.398 5110 INFO rally.task.runner [-] Task fddee4f7-157b-4461-8c8d-327a3a6e6010 | ITER: 5 END: OK
2019-06-09 07:01:44.399 5113 INFO rally.task.runner [-] Task fddee4f7-157b-4461-8c8d-327a3a6e6010 | ITER: 6 END: OK
2019-06-09 07:01:44.403 5110 INFO rally.task.runner [-] Task fddee4f7-157b-4461-8c8d-327a3a6e6010 | ITER: 9 START
2019-06-09 07:01:44.403 5113 INFO rally.task.runner [-] Task fddee4f7-157b-4461-8c8d-327a3a6e6010 | ITER: 10 START
2019-06-09 07:01:44.441 5112 INFO rally.task.runner [-] Task fddee4f7-157b-4461-8c8d-327a3a6e6010 | ITER: 7 END: OK
2019-06-09 07:01:44.498 5111 INFO rally.task.runner [-] Task fddee4f7-157b-4461-8c8d-327a3a6e6010 | ITER: 8 END: OK
2019-06-09 07:01:45.366 5110 INFO rally.task.runner [-] Task fddee4f7-157b-4461-8c8d-327a3a6e6010 | ITER: 9 END: OK
2019-06-09 07:01:45.479 5113 INFO rally.task.runner [-] Task fddee4f7-157b-4461-8c8d-327a3a6e6010 | ITER: 10 END: OK
2019-06-09 07:01:45.502 1842 INFO rally.task.context [-] Task fddee4f7-157b-4461-8c8d-327a3a6e6010 | Context admin_cleanup@openstack cleanup() started
2019-06-09 07:01:45.505 1842 RALLYDEBUG rally_openstack.cleanup.manager [-] Cleaning up cinder volume_types objects
2019-06-09 07:01:46.249 1842 RALLYDEBUG rally_openstack.cleanup.manager [-] Cleaning up cinder image_volumes_cache objects
2019-06-09 07:01:47.505 1842 RALLYDEBUG rally_openstack.cleanup.manager [-] Cleaning up cinder quotas objects
2019-06-09 07:01:49.219 1842 RALLYDEBUG rally_openstack.cleanup.manager [-] Cleaning up cinder qos_specs objects
2019-06-09 07:01:50.009 1842 RALLYDEBUG rally_openstack.cleanup.manager [-] Deleting cinder.qos_specs object s_rally_f8004496_yMoBhZmu (953807f9-16cc-46fc-8c13-49514ce00ba0)
2019-06-09 07:01:50.018 1842 RALLYDEBUG rally_openstack.cleanup.manager [-] Deleting cinder.qos_specs object s_rally_f8004496_d2cDAfXD (56124490-dc44-4851-b97a-313fdaafb063)
2019-06-09 07:01:50.020 1842 RALLYDEBUG rally_openstack.cleanup.manager [-] Deleting cinder.qos_specs object s_rally_f8004496_pqmaQwTo (853dbaf3-7571-4b6c-9b63-e8c5adf2ca87)
2019-06-09 07:01:50.029 1842 RALLYDEBUG rally_openstack.cleanup.manager [-] Deleting cinder.qos_specs object s_rally_f8004496_akmcBNAI (701e7c6a-0820-45ef-9bc5-68c5d73a7270)
2019-06-09 07:01:50.041 1842 RALLYDEBUG rally_openstack.cleanup.manager [-] Deleting cinder.qos_specs object s_rally_f8004496_jiO4Zava (411f9ed2-7ef7-4386-b682-6388c23f510e)
2019-06-09 07:01:50.049 1842 RALLYDEBUG rally_openstack.cleanup.manager [-] Deleting cinder.qos_specs object s_rally_f8004496_HKLIbQW1 (0c72a903-71b4-4d05-8e91-7d28e9df5098)
2019-06-09 07:01:50.063 1842 RALLYDEBUG rally_openstack.cleanup.manager [-] Deleting cinder.qos_specs object s_rally_f8004496_tnHxFfL2 (ef7890d0-06b0-410e-83c7-95db61a765e0)
2019-06-09 07:01:50.072 1842 RALLYDEBUG rally_openstack.cleanup.manager [-] Deleting cinder.qos_specs object s_rally_f8004496_6GQPZVuv (03163144-1e67-4d38-87e3-1c636d742a9b)
2019-06-09 07:01:50.080 1842 RALLYDEBUG rally_openstack.cleanup.manager [-] Deleting cinder.qos_specs object s_rally_f8004496_S9xPciuV (c13bad67-63b7-41f7-8fe6-f34c65260c46)
2019-06-09 07:01:50.100 1842 RALLYDEBUG rally_openstack.cleanup.manager [-] Deleting cinder.qos_specs object s_rally_f8004496_ysncNBnh (80bd0377-5505-463d-ae07-434ca513e2a1)
2019-06-09 07:01:52.353 1842 INFO rally.task.context [-] Task fddee4f7-157b-4461-8c8d-327a3a6e6010 | Context admin_cleanup@openstack cleanup() finished in 6.85 sec
2019-06-09 07:01:52.354 1842 INFO rally.task.context [-] Task fddee4f7-157b-4461-8c8d-327a3a6e6010 | Context api_versions@openstack cleanup() started
2019-06-09 07:01:52.354 1842 INFO rally.task.context [-] Task fddee4f7-157b-4461-8c8d-327a3a6e6010 | Context api_versions@openstack cleanup() finished in 0.31 msec
2019-06-09 07:01:52.354 1842 INFO rally.task.context [-] Task fddee4f7-157b-4461-8c8d-327a3a6e6010 | Context users@openstack cleanup() started
2019-06-09 07:02:00.823 1842 INFO rally.task.context [-] Task fddee4f7-157b-4461-8c8d-327a3a6e6010 | Context users@openstack cleanup() finished in 8.47 sec
2019-06-09 07:02:01.158 1842 INFO rally.task.engine [-] Load duration is: 3.291042
2019-06-09 07:02:01.159 1842 INFO rally.task.engine [-] Full runner duration is: 3.338688
2019-06-09 07:02:01.159 1842 INFO rally.task.engine [-] Full duration is: 23.80394
2019-06-09 07:02:01.413 1842 INFO rally.task.engine [-] Running workload: position = 0 config = { "version": 2, "title": "A cropped version of a bigger task.", "description": "Auto-generated task from a single workload (uuid=34900e66-a8ad-4aa6-a2f8-3f1f326bde47)", "subtasks": [ { "title": "CinderQos.create_and_list_qos", "description": "Create a qos, then list all qos.", "scenario": { "CinderQos.create_and_list_qos": { "consumer": "both", "write_iops_sec": "10", "read_iops_sec": "1000" } }, "contexts": { "users": { "tenants": 3, "users_per_tenant": 2 }, "api_versions": { "cinder": { "version": 3, "service_type": "volumev3" } } }, "runner": { "constant": { "concurrency": 4, "times": 10 } }, "hooks": [], "sla": { "failure_rate": { "max": 0 } } } ] }
2019-06-09 07:02:01.436 1842 RALLYDEBUG rally_openstack.contexts.keystone.users [-] Creating 3 tenants using 20 threads
2019-06-09 07:02:03.298 1842 RALLYDEBUG rally_openstack.contexts.keystone.users [-] Creating 6 users using 20 threads
2019-06-09 07:02:06.077 1842 INFO rally.task.context [-] Task fddee4f7-157b-4461-8c8d-327a3a6e6010 | Context users@openstack setup() finished in 4.64 sec
2019-06-09 07:02:06.507 1842 INFO rally.task.context [-] Task fddee4f7-157b-4461-8c8d-327a3a6e6010 | Context api_versions@openstack setup() finished in 0.43 sec
2019-06-09 07:02:06.507 1842 INFO rally.task.context [-] Task fddee4f7-157b-4461-8c8d-327a3a6e6010 | Context admin_cleanup@openstack setup() finished in 0.01 msec
2019-06-09 07:02:06.514 1842 RALLYDEBUG rally.task.runner [-] Starting the constant runner (task UUID: fddee4f7-157b-4461-8c8d-327a3a6e6010). timeout: 0 concurrency: 4 concurrency_per_worker: 1 times: 10 concurrency_overhead: 0 processes_to_start: 4 max_cpu_used: 16
2019-06-09 07:02:06.526 5294 RALLYDEBUG rally.task.runner [-] Starting a worker. concurrency: 1 args: {"consumer": "both", "write_iops_sec": "10", "read_iops_sec": "1000"} times: 10 method_name: run timeout: 0 duration: None cls:
2019-06-09 07:02:06.529 5295 RALLYDEBUG rally.task.runner [-] Starting a worker. concurrency: 1 args: {"consumer": "both", "write_iops_sec": "10", "read_iops_sec": "1000"} times: 10 method_name: run timeout: 0 duration: None cls:
2019-06-09 07:02:06.530 5296 RALLYDEBUG rally.task.runner [-] Starting a worker. concurrency: 1 args: {"consumer": "both", "write_iops_sec": "10", "read_iops_sec": "1000"} times: 10 method_name: run timeout: 0 duration: None cls:
2019-06-09 07:02:06.533 5294 INFO rally.task.runner [-] Task fddee4f7-157b-4461-8c8d-327a3a6e6010 | ITER: 1 START
2019-06-09 07:02:06.535 5296 INFO rally.task.runner [-] Task fddee4f7-157b-4461-8c8d-327a3a6e6010 | ITER: 3 START
