2019-06-09 06:42:28.066 1842 RALLYDEBUG rally_openstack.cleanup.manager [-] Deleting cinder.volume_snapshots object s_rally_7633869e_A68dmKBZ (b7a5a39c-1b93-4ebe-90f4-734a3a18382a)
2019-06-09 06:42:28.066 1842 RALLYDEBUG rally_openstack.cleanup.manager [-] Deleting cinder.volume_snapshots object s_rally_7633869e_8GkQe8L9 (76190a8a-bd7c-4ffc-b2a2-e8610a19d18d)
2019-06-09 06:42:28.070 1842 RALLYDEBUG rally_openstack.cleanup.manager [-] Deleting cinder.volume_snapshots object s_rally_7633869e_vaPlkhZF (facd73d2-5863-44d9-8e9a-86d4eae43a39)
2019-06-09 06:42:28.071 1842 RALLYDEBUG rally_openstack.cleanup.manager [-] Deleting cinder.volume_snapshots object s_rally_7633869e_OFCZZjTG (6295c385-aac6-4e51-8a6f-9de879f8a14c)
2019-06-09 06:42:28.077 1842 RALLYDEBUG rally_openstack.cleanup.manager [-] Deleting cinder.volume_snapshots object s_rally_7633869e_3v4fLqd4 (9b0c3315-83f3-438a-800d-ddabe2a1d8d6)
2019-06-09 06:42:28.088 1842 RALLYDEBUG rally_openstack.cleanup.manager [-] Deleting cinder.volume_snapshots object s_rally_7633869e_R5L28Wiu (77a26a3f-85c3-426f-a98e-38ae361cb78a)
2019-06-09 06:42:33.313 1842 RALLYDEBUG rally_openstack.cleanup.manager [-] Cleaning up cinder transfers objects
2019-06-09 06:42:35.385 1842 RALLYDEBUG rally_openstack.cleanup.manager [-] Cleaning up cinder volumes objects
2019-06-09 06:42:37.454 1842 INFO rally.task.context [-] Task fddee4f7-157b-4461-8c8d-327a3a6e6010 | Context cleanup@openstack cleanup() finished in 13.93 sec
2019-06-09 06:42:37.454 1842 INFO rally.task.context [-] Task fddee4f7-157b-4461-8c8d-327a3a6e6010 | Context volumes@openstack cleanup() started
2019-06-09 06:42:37.455 1842 RALLYDEBUG rally_openstack.cleanup.manager [-] Cleaning up cinder volumes objects
2019-06-09 06:42:39.619 1842 RALLYDEBUG rally_openstack.cleanup.manager [-] Deleting cinder.volumes object c_rally_7633869e_UNDEbYsq (32e9518a-89ae-494a-9d7d-94cb619f3b66)
2019-06-09 06:42:39.620 1842 RALLYDEBUG rally_openstack.cleanup.manager [-] Deleting cinder.volumes object c_rally_7633869e_6bajpc3q (f8db1f09-dbff-453f-b555-d9f2c9e3ff5f)
2019-06-09 06:42:39.626 1842 RALLYDEBUG rally_openstack.cleanup.manager [-] Deleting cinder.volumes object c_rally_7633869e_0HC2E1hi (25c84426-cfe0-489e-bbf9-ac209a2add0d)
2019-06-09 06:42:43.235 1842 INFO rally.task.context [-] Task fddee4f7-157b-4461-8c8d-327a3a6e6010 | Context volumes@openstack cleanup() finished in 5.78 sec
2019-06-09 06:42:43.235 1842 INFO rally.task.context [-] Task fddee4f7-157b-4461-8c8d-327a3a6e6010 | Context quotas@openstack cleanup() started
2019-06-09 06:42:44.076 1842 INFO rally.task.context [-] Task fddee4f7-157b-4461-8c8d-327a3a6e6010 | Context quotas@openstack cleanup() finished in 0.84 sec
2019-06-09 06:42:44.076 1842 INFO rally.task.context [-] Task fddee4f7-157b-4461-8c8d-327a3a6e6010 | Context api_versions@openstack cleanup() started
2019-06-09 06:42:44.077 1842 INFO rally.task.context [-] Task fddee4f7-157b-4461-8c8d-327a3a6e6010 | Context api_versions@openstack cleanup() finished in 0.29 msec
2019-06-09 06:42:44.077 1842 INFO rally.task.context [-] Task fddee4f7-157b-4461-8c8d-327a3a6e6010 | Context users@openstack cleanup() started
2019-06-09 06:42:51.998 1842 INFO rally.task.context [-] Task fddee4f7-157b-4461-8c8d-327a3a6e6010 | Context users@openstack cleanup() finished in 7.92 sec
2019-06-09 06:42:52.475 1842 INFO rally.task.engine [-] Load duration is: 11.274603
2019-06-09 06:42:52.476 1842 INFO rally.task.engine [-] Full runner duration is: 11.320038
2019-06-09 06:42:52.476 1842 INFO rally.task.engine [-] Full duration is: 57.779806
2019-06-09 06:42:52.764 1842 INFO rally.task.engine [-] Running workload: position = 0 config = { "version": 2, "title": "A cropped version of a bigger task.", "description": "Auto-generated task from a single workload (uuid=ed9ec743-b573-4b65-97ce-760083ccfd2e)", "subtasks": [ { "title": "CinderVolumes.create_and_list_volume", "description": "Create a volume and list all volumes.", "scenario": { "CinderVolumes.create_and_list_volume": { "detailed": true, "image": { "name": "rally_full-img_cb032129-903b-4f11-98b4-222125333d33" }, "size": 1 } }, "contexts": { "users": { "tenants": 3, "users_per_tenant": 2 }, "quotas": { "cinder": { "gigabytes": -1, "snapshots": -1, "volumes": -1 } }, "api_versions": { "cinder": { "version": 3, "service_type": "volumev3" } } }, "runner": { "constant": { "concurrency": 4, "times": 10 } }, "hooks": [], "sla": { "failure_rate": { "max": 0 } } } ] }
2019-06-09 06:42:52.777 1842 RALLYDEBUG rally_openstack.contexts.keystone.users [-] Creating 3 tenants using 20 threads
2019-06-09 06:42:54.629 1842 RALLYDEBUG rally_openstack.contexts.keystone.users [-] Creating 6 users using 20 threads
2019-06-09 06:42:57.503 1842 INFO rally.task.context [-] Task fddee4f7-157b-4461-8c8d-327a3a6e6010 | Context users@openstack setup() finished in 4.73 sec
2019-06-09 06:42:57.926 1842 INFO rally.task.context [-] Task fddee4f7-157b-4461-8c8d-327a3a6e6010 | Context api_versions@openstack setup() finished in 0.42 sec
2019-06-09 06:42:59.613 1842 INFO rally.task.context [-] Task fddee4f7-157b-4461-8c8d-327a3a6e6010 | Context quotas@openstack setup() finished in 1.69 sec
2019-06-09 06:42:59.613 1842 INFO rally.task.context [-] Task fddee4f7-157b-4461-8c8d-327a3a6e6010 | Context cleanup@openstack setup() finished in 0.01 msec
2019-06-09 06:43:00.704 1842 RALLYDEBUG rally.task.runner [-] Starting the constant runner (task UUID: fddee4f7-157b-4461-8c8d-327a3a6e6010). timeout: 0 concurrency: 4 concurrency_per_worker: 1 times: 10 concurrency_overhead: 0 processes_to_start: 4 max_cpu_used: 16
2019-06-09 06:43:00.716 2414 RALLYDEBUG rally.task.runner [-] Starting a worker. concurrency: 1 args: {"detailed": true, "image": "3d136928-f2cc-4a7c-a67a-a53356b52f2b", "size": 1} times: 10 method_name: run timeout: 0 duration: None cls:
2019-06-09 06:43:00.718 2415 RALLYDEBUG rally.task.runner [-] Starting a worker. concurrency: 1 args: {"detailed": true, "image": "3d136928-f2cc-4a7c-a67a-a53356b52f2b", "size": 1} times: 10 method_name: run timeout: 0 duration: None cls:
2019-06-09 06:43:00.721 2416 RALLYDEBUG rally.task.runner [-] Starting a worker. concurrency: 1 args: {"detailed": true, "image": "3d136928-f2cc-4a7c-a67a-a53356b52f2b", "size": 1} times: 10 method_name: run timeout: 0 duration: None cls:
2019-06-09 06:43:00.724 2417 RALLYDEBUG rally.task.runner [-] Starting a worker. concurrency: 1 args: {"detailed": true, "image": "3d136928-f2cc-4a7c-a67a-a53356b52f2b", "size": 1} times: 10 method_name: run timeout: 0 duration: None cls:
2019-06-09 06:43:00.726 2414 INFO rally.task.runner [-] Task fddee4f7-157b-4461-8c8d-327a3a6e6010 | ITER: 1 START
2019-06-09 06:43:00.726 2415 INFO rally.task.runner [-] Task fddee4f7-157b-4461-8c8d-327a3a6e6010 | ITER: 2 START
2019-06-09 06:43:00.728 2416 INFO rally.task.runner [-] Task fddee4f7-157b-4461-8c8d-327a3a6e6010 | ITER: 3 START
2019-06-09 06:43:00.732 2417 INFO rally.task.runner [-] Task fddee4f7-157b-4461-8c8d-327a3a6e6010 | ITER: 4 START
2019-06-09 06:43:07.622 2414 RALLYDEBUG rally.task.utils [-] Waiting for resource s_rally_ed9ec743_vF6nQaHD. Status changed: CREATING => DOWNLOADING in 2.65910482407
2019-06-09 06:43:08.267 2417 RALLYDEBUG rally.task.utils [-] Waiting for resource s_rally_ed9ec743_WHIoo1LV. Status changed: CREATING => DOWNLOADING in 3.00822806358
2019-06-09 06:43:14.676 2414 RALLYDEBUG rally.task.utils [-] Waiting for resource s_rally_ed9ec743_vF6nQaHD. Status changed: DOWNLOADING => AVAILABLE in 7.05382204056
2019-06-09 06:43:14.979 2417 RALLYDEBUG rally.task.utils [-] Waiting for resource s_rally_ed9ec743_WHIoo1LV. Status changed: DOWNLOADING => AVAILABLE in 6.71242594719
2019-06-09 06:43:15.021 2414 INFO rally.task.runner [-] Task fddee4f7-157b-4461-8c8d-327a3a6e6010 | ITER: 1 END: OK
2019-06-09 06:43:15.026 2414 INFO rally.task.runner [-] Task fddee4f7-157b-4461-8c8d-327a3a6e6010 | ITER: 5 START
2019-06-09 06:43:15.229 2417 INFO rally.task.runner [-] Task fddee4f7-157b-4461-8c8d-327a3a6e6010 | ITER: 4 END: OK
2019-06-09 06:43:15.233 2417 INFO rally.task.runner [-] Task fddee4f7-157b-4461-8c8d-327a3a6e6010 | ITER: 6 START
2019-06-09 06:43:15.515 2415 RALLYDEBUG rally.task.utils [-] Waiting for resource s_rally_ed9ec743_Pcdtmmwj. Status changed: CREATING => DOWNLOADING in 9.8497800827
2019-06-09 06:43:15.786 2416 RALLYDEBUG rally.task.utils [-] Waiting for resource s_rally_ed9ec743_qxyV5Bjp. Status changed: CREATING => DOWNLOADING in 9.93844199181
2019-06-09 06:43:20.548 2416 RALLYDEBUG rally.task.utils [-] Waiting for resource s_rally_ed9ec743_qxyV5Bjp. Status changed: DOWNLOADING => AVAILABLE in 4.76125097275
2019-06-09 06:43:20.883 2416 INFO rally.task.runner [-] Task fddee4f7-157b-4461-8c8d-327a3a6e6010 | ITER: 3 END: OK
2019-06-09 06:43:20.888 2416 INFO rally.task.runner [-] Task fddee4f7-157b-4461-8c8d-327a3a6e6010 | ITER: 7 START
2019-06-09 06:43:22.261 2415 RALLYDEBUG rally.task.utils [-] Waiting for resource s_rally_ed9ec743_Pcdtmmwj. Status changed: DOWNLOADING => AVAILABLE in 6.74630904198
2019-06-09 06:43:22.330 2415 INFO rally.task.runner [-] Task fddee4f7-157b-4461-8c8d-327a3a6e6010 | ITER: 2 END: OK
2019-06-09 06:43:22.335 2415 INFO rally.task.runner [-] Task fddee4f7-157b-4461-8c8d-327a3a6e6010 | ITER: 8 START
2019-06-09 06:43:24.560 2414 RALLYDEBUG rally.task.utils [-] Waiting for resource s_rally_ed9ec743_KwFJEX7U. Status changed: CREATING => DOWNLOADING in 5.09692597389
2019-06-09 06:43:25.174 2417 RALLYDEBUG rally.task.utils [-] Waiting for resource s_rally_ed9ec743_xYtF4Ch5. Status changed: CREATING => DOWNLOADING in 5.26417684555
2019-06-09 06:43:29.839 2417 RALLYDEBUG rally.task.utils [-] Waiting for resource s_rally_ed9ec743_xYtF4Ch5. Status changed: DOWNLOADING => AVAILABLE in 4.66499114037
2019-06-09 06:43:29.940 2417 INFO rally.task.runner [-] Task fddee4f7-157b-4461-8c8d-327a3a6e6010 | ITER: 6 END: OK
2019-06-09 06:43:29.946 2417 INFO rally.task.runner [-] Task fddee4f7-157b-4461-8c8d-327a3a6e6010 | ITER: 9 START
2019-06-09 06:43:31.281 2414 RALLYDEBUG rally.task.utils [-] Waiting for resource s_rally_ed9ec743_KwFJEX7U. Status changed: DOWNLOADING => AVAILABLE in 6.72073602676
2019-06-09 06:43:31.665 2414 INFO rally.task.runner [-] Task fddee4f7-157b-4461-8c8d-327a3a6e6010 | ITER: 5 END: OK
2019-06-09 06:43:31.670 2414 INFO rally.task.runner [-] Task fddee4f7-157b-4461-8c8d-327a3a6e6010 | ITER: 10 START
2019-06-09 06:43:32.805 2415 RALLYDEBUG rally.task.utils [-] Waiting for resource s_rally_ed9ec743_4SvbTu6p. Status changed: CREATING => DOWNLOADING in 5.33072400093
2019-06-09 06:43:33.067 2416 RALLYDEBUG rally.task.utils [-] Waiting for resource s_rally_ed9ec743_kSpwhF8m. Status changed: CREATING => DOWNLOADING in 7.50082993507
2019-06-09 06:43:39.396 2415 RALLYDEBUG rally.task.utils [-] Waiting for resource s_rally_ed9ec743_4SvbTu6p. Status changed: DOWNLOADING => AVAILABLE in 6.59099388123
2019-06-09 06:43:39.778 2415 INFO rally.task.runner [-] Task fddee4f7-157b-4461-8c8d-327a3a6e6010 | ITER: 8 END: OK
2019-06-09 06:43:39.802 2416 RALLYDEBUG rally.task.utils [-] Waiting for resource s_rally_ed9ec743_kSpwhF8m. Status changed: DOWNLOADING => AVAILABLE in 6.73464393616
2019-06-09 06:43:39.898 2416 INFO rally.task.runner [-] Task fddee4f7-157b-4461-8c8d-327a3a6e6010 | ITER: 7 END: OK
2019-06-09 06:43:42.336 2417 RALLYDEBUG rally.task.utils [-] Waiting for resource s_rally_ed9ec743_eKKmGpIH. Status changed: CREATING => DOWNLOADING in 7.78894400597
2019-06-09 06:43:44.551 2414 RALLYDEBUG rally.task.utils [-] Waiting for resource s_rally_ed9ec743_qwB5ICmg. Status changed: CREATING => DOWNLOADING in 7.60910987854
2019-06-09 06:43:49.247 2414 RALLYDEBUG rally.task.utils [-] Waiting for resource s_rally_ed9ec743_qwB5ICmg. Status changed: DOWNLOADING => AVAILABLE in 4.69633793831
2019-06-09 06:43:49.277 2417 RALLYDEBUG rally.task.utils [-] Waiting for resource s_rally_ed9ec743_eKKmGpIH. Status changed: DOWNLOADING => AVAILABLE in 6.94125795364
2019-06-09 06:43:49.680 2417 INFO rally.task.runner [-] Task fddee4f7-157b-4461-8c8d-327a3a6e6010 | ITER: 9 END: OK
2019-06-09 06:43:49.681 2414 INFO rally.task.runner [-] Task fddee4f7-157b-4461-8c8d-327a3a6e6010 | ITER: 10 END: OK
2019-06-09 06:43:49.711 1842 INFO rally.task.context [-] Task fddee4f7-157b-4461-8c8d-327a3a6e6010 | Context cleanup@openstack cleanup() started
2019-06-09 06:43:49.714 1842 RALLYDEBUG rally_openstack.cleanup.manager [-] Cleaning up cinder backups objects
2019-06-09 06:43:51.936 1842 RALLYDEBUG rally_openstack.cleanup.manager [-] Cleaning up cinder volume_snapshots objects
2019-06-09 06:43:54.262 1842 RALLYDEBUG rally_openstack.cleanup.manager [-] Cleaning up cinder transfers objects
2019-06-09 06:43:56.405 1842 RALLYDEBUG rally_openstack.cleanup.manager [-] Cleaning up cinder volumes objects
2019-06-09 06:43:58.639 1842 RALLYDEBUG rally_openstack.cleanup.manager [-] Deleting cinder.volumes object s_rally_ed9ec743_eKKmGpIH (4a72bc84-e7e8-4b4a-be65-a17374a503cc)
2019-06-09 06:43:58.645 1842 RALLYDEBUG rally_openstack.cleanup.manager [-] Deleting cinder.volumes object s_rally_ed9ec743_qwB5ICmg (028bbc94-a8f9-440b-9f53-b8232a2ef8a9)
2019-06-09 06:43:58.650 1842 RALLYDEBUG rally_openstack.cleanup.manager [-] Deleting cinder.volumes object s_rally_ed9ec743_vF6nQaHD (a269efbb-3d13-4951-9188-15a6043a05e5)
2019-06-09 06:43:58.651 1842 RALLYDEBUG rally_openstack.cleanup.manager [-] Deleting cinder.volumes object s_rally_ed9ec743_qxyV5Bjp (9cf23c35-2ee4-4412-b89f-3452f395db47)
2019-06-09 06:43:58.653 1842 RALLYDEBUG rally_openstack.cleanup.manager [-] Deleting cinder.volumes object s_rally_ed9ec743_4SvbTu6p (c964150c-be84-4d32-b30f-5e9caacec128)
2019-06-09 06:43:58.654 1842 RALLYDEBUG rally_openstack.cleanup.manager [-] Deleting cinder.volumes object s_rally_ed9ec743_WHIoo1LV (e658acba-5cab-485c-a354-eafd5bb96a3b)
2019-06-09 06:43:58.656 1842 RALLYDEBUG rally_openstack.cleanup.manager [-] Deleting cinder.volumes object s_rally_ed9ec743_Pcdtmmwj (a7bc3019-40df-4c79-afbe-ccabdd6e4efc)
2019-06-09 06:43:58.656 1842 RALLYDEBUG rally_openstack.cleanup.manager [-] Deleting cinder.volumes object s_rally_ed9ec743_xYtF4Ch5 (fd4ef36c-282d-4c98-ae34-acafe45cecf3)
2019-06-09 06:43:58.660 1842 RALLYDEBUG rally_openstack.cleanup.manager [-] Deleting cinder.volumes object s_rally_ed9ec743_kSpwhF8m (1f8c43e0-45a2-4dd3-8314-acda26c552b0)
2019-06-09 06:43:58.664 1842 RALLYDEBUG rally_openstack.cleanup.manager [-] Deleting cinder.volumes object s_rally_ed9ec743_KwFJEX7U (975436df-5d82-4003-b570-362c6ffb4da3)
2019-06-09 06:44:03.701 1842 INFO rally.task.context [-] Task fddee4f7-157b-4461-8c8d-327a3a6e6010 | Context cleanup@openstack cleanup() finished in 13.99 sec
2019-06-09 06:44:03.702 1842 INFO rally.task.context [-] Task fddee4f7-157b-4461-8c8d-327a3a6e6010 | Context quotas@openstack cleanup() started
2019-06-09 06:44:04.639 1842 INFO rally.task.context [-] Task fddee4f7-157b-4461-8c8d-327a3a6e6010 | Context quotas@openstack cleanup() finished in 0.94 sec
2019-06-09 06:44:04.639 1842 INFO rally.task.context [-] Task fddee4f7-157b-4461-8c8d-327a3a6e6010 | Context api_versions@openstack cleanup() started
2019-06-09 06:44:04.640 1842 INFO rally.task.context [-] Task fddee4f7-157b-4461-8c8d-327a3a6e6010 | Context api_versions@openstack cleanup() finished in 0.29 msec
2019-06-09 06:44:04.640 1842 INFO rally.task.context [-] Task fddee4f7-157b-4461-8c8d-327a3a6e6010 | Context users@openstack cleanup() started
2019-06-09 06:44:12.800 1842 INFO rally.task.context [-] Task fddee4f7-157b-4461-8c8d-327a3a6e6010 | Context users@openstack cleanup() finished in 8.16 sec
2019-06-09 06:44:13.094 1842 INFO rally.task.engine [-] Load duration is: 48.951004
2019-06-09 06:44:13.094 1842 INFO rally.task.engine [-] Full runner duration is: 49.00748
2019-06-09 06:44:13.094 1842 INFO rally.task.engine [-] Full duration is: 80.026743
2019-06-09 06:44:13.300 1842 INFO rally.task.engine [-] Running workload: position = 1 config = { "version": 2, "title": "A cropped version of a bigger task.", "description": "Auto-generated task from a single workload (uuid=2006f089-7bcb-4ace-bb77-bcd06f77086a)", "subtasks": [ { "title": "CinderVolumes.create_and_list_volume", "description": "Create a volume and list all volumes.", "scenario": { "CinderVolumes.create_and_list_volume": { "detailed": true, "size": 1 } }, "contexts": { "users": { "tenants": 3, "users_per_tenant": 2 }, "quotas": { "cinder": { "gigabytes": -1, "snapshots": -1, "volumes": -1 } }, "api_versions": { "cinder": { "version": 3, "service_type": "volumev3" } } }, "runner": { "constant": { "concurrency": 4, "times": 10 } }, "hooks": [], "sla": { "failure_rate": { "max": 0 } } } ] }
2019-06-09 06:44:13.323 1842 RALLYDEBUG rally_openstack.contexts.keystone.users [-] Creating 3 tenants using 20 threads
2019-06-09 06:44:15.236 1842 RALLYDEBUG rally_openstack.contexts.keystone.users [-] Creating 6 users using 20 threads
2019-06-09 06:44:18.022 1842 INFO rally.task.context [-] Task fddee4f7-157b-4461-8c8d-327a3a6e6010 | Context users@openstack setup() finished in 4.70 sec
2019-06-09 06:44:18.456 1842 INFO rally.task.context [-] Task fddee4f7-157b-4461-8c8d-327a3a6e6010 | Context api_versions@openstack setup() finished in 0.43 sec
2019-06-09 06:44:20.197 1842 INFO rally.task.context [-] Task fddee4f7-157b-4461-8c8d-327a3a6e6010 | Context quotas@openstack setup() finished in 1.74 sec
2019-06-09 06:44:20.197 1842 INFO rally.task.context [-] Task fddee4f7-157b-4461-8c8d-327a3a6e6010 | Context cleanup@openstack setup() finished in 0.01 msec
2019-06-09 06:44:20.205 1842 RALLYDEBUG rally.task.runner [-] Starting the constant runner (task UUID: fddee4f7-157b-4461-8c8d-327a3a6e6010). timeout: 0 concurrency: 4 concurrency_per_worker: 1 times: 10 concurrency_overhead: 0 processes_to_start: 4 max_cpu_used: 16
2019-06-09 06:44:20.217 2598 RALLYDEBUG rally.task.runner [-] Starting a worker. concurrency: 1 args: {"detailed": true, "size": 1} times: 10 method_name: run timeout: 0 duration: None cls:
2019-06-09 06:44:20.219 2599 RALLYDEBUG rally.task.runner [-] Starting a worker. concurrency: 1 args: {"detailed": true, "size": 1} times: 10 method_name: run timeout: 0 duration: None cls:
2019-06-09 06:44:20.221 2600 RALLYDEBUG rally.task.runner [-] Starting a worker. concurrency: 1 args: {"detailed": true, "size": 1} times: 10 method_name: run timeout: 0 duration: None cls:
2019-06-09 06:44:20.224 2601 RALLYDEBUG rally.task.runner [-] Starting a worker. concurrency: 1 args: {"detailed": true, "size": 1} times: 10 method_name: run timeout: 0 duration: None cls:
2019-06-09 06:44:20.225 2598 INFO rally.task.runner [-] Task fddee4f7-157b-4461-8c8d-327a3a6e6010 | ITER: 1 START
2019-06-09 06:44:20.226 2599 INFO rally.task.runner [-] Task fddee4f7-157b-4461-8c8d-327a3a6e6010 | ITER: 2 START
2019-06-09 06:44:20.228 2600 INFO rally.task.runner [-] Task fddee4f7-157b-4461-8c8d-327a3a6e6010 | ITER: 3 START
2019-06-09 06:44:20.233 2601 INFO rally.task.runner [-] Task fddee4f7-157b-4461-8c8d-327a3a6e6010 | ITER: 4 START
2019-06-09 06:44:24.087 2598 INFO rally.task.runner [-] Task fddee4f7-157b-4461-8c8d-327a3a6e6010 | ITER: 1 END: OK
2019-06-09 06:44:24.092 2598 INFO rally.task.runner [-] Task fddee4f7-157b-4461-8c8d-327a3a6e6010 | ITER: 5 START
2019-06-09 06:44:24.176 2601 INFO rally.task.runner [-] Task fddee4f7-157b-4461-8c8d-327a3a6e6010 | ITER: 4 END: OK
2019-06-09 06:44:24.182 2601 INFO rally.task.runner [-] Task fddee4f7-157b-4461-8c8d-327a3a6e6010 | ITER: 6 START
2019-06-09 06:44:24.290 2600 INFO rally.task.runner [-] Task fddee4f7-157b-4461-8c8d-327a3a6e6010 | ITER: 3 END: OK
2019-06-09 06:44:24.295 2600 INFO rally.task.runner [-] Task fddee4f7-157b-4461-8c8d-327a3a6e6010 | ITER: 7 START
2019-06-09 06:44:24.443 2599 INFO rally.task.runner [-] Task fddee4f7-157b-4461-8c8d-327a3a6e6010 | ITER: 2 END: OK
2019-06-09 06:44:24.448 2599 INFO rally.task.runner [-] Task fddee4f7-157b-4461-8c8d-327a3a6e6010 | ITER: 8 START
2019-06-09 06:44:28.013 2598 INFO rally.task.runner [-] Task fddee4f7-157b-4461-8c8d-327a3a6e6010 | ITER: 5 END: OK
2019-06-09 06:44:28.019 2598 INFO rally.task.runner [-] Task fddee4f7-157b-4461-8c8d-327a3a6e6010 | ITER: 9 START
2019-06-09 06:44:28.252 2601 INFO rally.task.runner [-] Task fddee4f7-157b-4461-8c8d-327a3a6e6010 | ITER: 6 END: OK
2019-06-09 06:44:28.257 2601 INFO rally.task.runner [-] Task fddee4f7-157b-4461-8c8d-327a3a6e6010 | ITER: 10 START
2019-06-09 06:44:28.524 2599 INFO rally.task.runner [-] Task fddee4f7-157b-4461-8c8d-327a3a6e6010 | ITER: 8 END: OK
2019-06-09 06:44:28.554 2600 INFO rally.task.runner [-] Task fddee4f7-157b-4461-8c8d-327a3a6e6010 | ITER: 7 END: OK
2019-06-09 06:44:31.934 2598 INFO rally.task.runner [-] Task fddee4f7-157b-4461-8c8d-327a3a6e6010 | ITER: 9 END: OK
2019-06-09 06:44:32.316 2601 INFO rally.task.runner [-] Task fddee4f7-157b-4461-8c8d-327a3a6e6010 | ITER: 10 END: OK
2019-06-09 06:44:32.338 1842 INFO rally.task.context [-] Task fddee4f7-157b-4461-8c8d-327a3a6e6010 | Context cleanup@openstack cleanup() started
2019-06-09 06:44:32.340 1842 RALLYDEBUG rally_openstack.cleanup.manager [-] Cleaning up cinder backups objects
2019-06-09 06:44:34.507 1842 RALLYDEBUG rally_openstack.cleanup.manager [-] Cleaning up cinder volume_snapshots objects
2019-06-09 06:44:36.622 1842 RALLYDEBUG rally_openstack.cleanup.manager [-] Cleaning up cinder transfers objects
2019-06-09 06:44:39.072 1842 RALLYDEBUG rally_openstack.cleanup.manager [-] Cleaning up cinder volumes objects
2019-06-09 06:44:41.500 1842 RALLYDEBUG rally_openstack.cleanup.manager [-] Deleting cinder.volumes object s_rally_2006f089_9bOTfzje (7eb4ddf7-76da-49b1-b4fa-22fc5181184d)
2019-06-09 06:44:41.501 1842 RALLYDEBUG rally_openstack.cleanup.manager [-] Deleting cinder.volumes object s_rally_2006f089_5KvnE2E6 (ad68f025-d855-4182-b543-f405abac96ab)
2019-06-09 06:44:41.504 1842 RALLYDEBUG rally_openstack.cleanup.manager [-] Deleting cinder.volumes object s_rally_2006f089_Miv7TZSe (e4ab6356-0a53-477d-9d81-051ddbc81b0d)
2019-06-09 06:44:41.509 1842 RALLYDEBUG rally_openstack.cleanup.manager [-] Deleting cinder.volumes object s_rally_2006f089_r5ywQPUE (074eb955-073a-4a3a-92ea-77f12c960e47)
2019-06-09 06:44:41.513 1842 RALLYDEBUG rally_openstack.cleanup.manager [-] Deleting cinder.volumes object s_rally_2006f089_jQd3w1UT (dd199fcd-86ec-4cc7-845e-7323499e721e)
2019-06-09 06:44:41.518 1842 RALLYDEBUG rally_openstack.cleanup.manager [-] Deleting cinder.volumes object s_rally_2006f089_DKRPMC3a (55312d5d-03a3-4df1-a52b-9bf03c5eeabf)
2019-06-09 06:44:41.520 1842 RALLYDEBUG rally_openstack.cleanup.manager [-] Deleting cinder.volumes object s_rally_2006f089_kFj3N7sr (6659dbb3-7cff-4929-b9f9-331529f20cdf)
2019-06-09 06:44:41.520 1842 RALLYDEBUG rally_openstack.cleanup.manager [-] Deleting cinder.volumes object s_rally_2006f089_0guo98LS (4c94aaf4-ccf6-466d-8a94-6c0b18951ee4)
2019-06-09 06:44:41.531 1842 RALLYDEBUG rally_openstack.cleanup.manager [-] Deleting cinder.volumes object s_rally_2006f089_zlzNdSuf (d5e85d01-f8d6-4211-b174-18736802f5c3)
2019-06-09 06:44:41.543 1842 RALLYDEBUG rally_openstack.cleanup.manager [-] Deleting cinder.volumes object s_rally_2006f089_DklBGP8q (f37b0b39-159b-47ca-b4d2-2912001a591b)
2019-06-09 06:44:45.370 1842 INFO rally.task.context [-] Task fddee4f7-157b-4461-8c8d-327a3a6e6010 | Context cleanup@openstack cleanup() finished in 13.03 sec
2019-06-09 06:44:45.370 1842 INFO rally.task.context [-] Task fddee4f7-157b-4461-8c8d-327a3a6e6010 | Context quotas@openstack cleanup() started
2019-06-09 06:44:46.292 1842 INFO rally.task.context [-] Task fddee4f7-157b-4461-8c8d-327a3a6e6010 | Context quotas@openstack cleanup() finished in 0.92 sec
2019-06-09 06:44:46.292 1842 INFO rally.task.context [-] Task fddee4f7-157b-4461-8c8d-327a3a6e6010 | Context api_versions@openstack cleanup() started
2019-06-09 06:44:46.293 1842 INFO rally.task.context [-] Task fddee4f7-157b-4461-8c8d-327a3a6e6010 | Context api_versions@openstack cleanup() finished in 0.29 msec
2019-06-09 06:44:46.293 1842 INFO rally.task.context [-] Task fddee4f7-157b-4461-8c8d-327a3a6e6010 | Context users@openstack cleanup() started
2019-06-09 06:44:54.674 1842 INFO rally.task.context [-] Task fddee4f7-157b-4461-8c8d-327a3a6e6010 | Context users@openstack cleanup() finished in 8.38 sec
2019-06-09 06:44:55.498 1842 INFO rally.task.engine [-] Load duration is: 12.086496
2019-06-09 06:44:55.498 1842 INFO rally.task.engine [-] Full runner duration is: 12.13359
2019-06-09 06:44:55.498 1842 INFO rally.task.engine [-] Full duration is: 41.35503
2019-06-09 06:44:55.759 1842 INFO rally.task.engine [-] Running workload: position = 0 config = { "version": 2, "title": "A cropped version of a bigger task.", "description": "Auto-generated task from a single workload (uuid=fcfc97df-f273-46dd-a743-998036d393f5)", "subtasks": [ { "title": "CinderVolumes.create_and_upload_volume_to_image", "description": "Create and upload a volume to image.", "scenario": { "CinderVolumes.create_and_upload_volume_to_image": { "container_format": "bare", "disk_format": "raw", "do_delete": true, "force": false, "size": 1 } }, "contexts": { "users": { "tenants": 3, "users_per_tenant": 2 }, "quotas": { "cinder": { "gigabytes": -1, "snapshots": -1, "volumes": -1 } }, "api_versions": { "cinder": { "version": 3, "service_type": "volumev3" } } }, "runner": { "constant": { "concurrency": 4, "times": 10 } }, "hooks": [], "sla": { "failure_rate": { "max": 0 } } } ] }
2019-06-09 06:44:55.782 1842 RALLYDEBUG rally_openstack.contexts.keystone.users [-] Creating 3 tenants using 20 threads
2019-06-09 06:44:57.623 1842 RALLYDEBUG rally_openstack.contexts.keystone.users [-] Creating 6 users using 20 threads
2019-06-09 06:45:00.485 1842 INFO rally.task.context [-] Task fddee4f7-157b-4461-8c8d-327a3a6e6010 | Context users@openstack setup() finished in 4.70 sec
2019-06-09 06:45:00.918 1842 INFO rally.task.context [-] Task fddee4f7-157b-4461-8c8d-327a3a6e6010 | Context api_versions@openstack setup() finished in 0.43 sec
2019-06-09 06:45:02.652 1842 INFO rally.task.context [-] Task fddee4f7-157b-4461-8c8d-327a3a6e6010 | Context quotas@openstack setup() finished in 1.73 sec
2019-06-09 06:45:02.652 1842 INFO rally.task.context [-] Task fddee4f7-157b-4461-8c8d-327a3a6e6010 | Context cleanup@openstack setup() finished in 0.01 msec
2019-06-09 06:45:02.660 1842 RALLYDEBUG rally.task.runner [-] Starting the constant runner (task UUID: fddee4f7-157b-4461-8c8d-327a3a6e6010). timeout: 0 concurrency: 4 concurrency_per_worker: 1 times: 10 concurrency_overhead: 0 processes_to_start: 4 max_cpu_used: 16
2019-06-09 06:45:02.673 2782 RALLYDEBUG rally.task.runner [-] Starting a worker. concurrency: 1 args: {"container_format": "bare", "disk_format": "raw", "do_delete": true, "force": false, "size": 1} times: 10 method_name: run timeout: 0 duration: None cls:
2019-06-09 06:45:02.675 2783 RALLYDEBUG rally.task.runner [-] Starting a worker. concurrency: 1 args: {"container_format": "bare", "disk_format": "raw", "do_delete": true, "force": false, "size": 1} times: 10 method_name: run timeout: 0 duration: None cls:
2019-06-09 06:45:02.679 2784 RALLYDEBUG rally.task.runner [-] Starting a worker. concurrency: 1 args: {"container_format": "bare", "disk_format": "raw", "do_delete": true, "force": false, "size": 1} times: 10 method_name: run timeout: 0 duration: None cls:
2019-06-09 06:45:02.682 2785 RALLYDEBUG rally.task.runner [-] Starting a worker. concurrency: 1 args: {"container_format": "bare", "disk_format": "raw", "do_delete": true, "force": false, "size": 1} times: 10 method_name: run timeout: 0 duration: None cls:
2019-06-09 06:45:02.684 2782 INFO rally.task.runner [-] Task fddee4f7-157b-4461-8c8d-327a3a6e6010 | ITER: 1 START
2019-06-09 06:45:02.684 2783 INFO rally.task.runner [-] Task fddee4f7-157b-4461-8c8d-327a3a6e6010 | ITER: 2 START
2019-06-09 06:45:02.687 2784 INFO rally.task.runner [-] Task fddee4f7-157b-4461-8c8d-327a3a6e6010 | ITER: 3 START
2019-06-09 06:45:02.690 2785 INFO rally.task.runner [-] Task fddee4f7-157b-4461-8c8d-327a3a6e6010 | ITER: 4 START
2019-06-09 06:45:08.268 2782 RALLYDEBUG rally.task.utils [-] Waiting for resource s_rally_fcfc97df_1SwtVwsH. Status changed: AVAILABLE => UPLOADING in 0.0558571815491
2019-06-09 06:45:08.377 2784 RALLYDEBUG rally.task.utils [-] Waiting for resource s_rally_fcfc97df_vxzdjuHx. Status changed: AVAILABLE => UPLOADING in 0.0533699989319
2019-06-09 06:45:08.490 2785 RALLYDEBUG rally.task.utils [-] Waiting for resource s_rally_fcfc97df_ZdzpmOa6. Status changed: AVAILABLE => UPLOADING in 0.334545135498
2019-06-09 06:45:08.567 2783 RALLYDEBUG rally.task.utils [-] Waiting for resource s_rally_fcfc97df_21H8YDDj. Status changed: AVAILABLE => UPLOADING in 0.332695007324
2019-06-09 06:45:58.565 2782 RALLYDEBUG rally.task.utils [-] Waiting for resource s_rally_fcfc97df_1SwtVwsH. Status changed: UPLOADING => AVAILABLE in 50.2964529991
2019-06-09 06:45:59.249 2785 RALLYDEBUG rally.task.utils [-] Waiting for resource s_rally_fcfc97df_ZdzpmOa6. Status changed: UPLOADING => AVAILABLE in 50.7593669891
2019-06-09 06:45:59.396 2782 RALLYDEBUG rally.task.utils [-] Waiting for resource s_rally_fcfc97df_1SwtVwsH. Status changed: AVAILABLE => DELETING in 0.0579299926758
2019-06-09 06:45:59.420 2784 RALLYDEBUG rally.task.utils [-] Waiting for resource s_rally_fcfc97df_vxzdjuHx. Status changed: UPLOADING => AVAILABLE in 51.0427470207
2019-06-09 06:46:00.585 2783 RALLYDEBUG rally.task.utils [-] Waiting for resource s_rally_fcfc97df_21H8YDDj. Status changed: UPLOADING => AVAILABLE in 52.017621994
2019-06-09 06:46:00.620 2784 RALLYDEBUG rally.task.utils [-] Waiting for resource s_rally_fcfc97df_vxzdjuHx. Status changed: AVAILABLE => DELETING in 0.0727350711823
2019-06-09 06:46:00.645 2785 RALLYDEBUG rally.task.utils [-] Waiting for resource s_rally_fcfc97df_ZdzpmOa6. Status changed: AVAILABLE => DELETING in 0.0557248592377
2019-06-09 06:46:01.527 2783 RALLYDEBUG rally.task.utils [-] Waiting for resource s_rally_fcfc97df_21H8YDDj. Status changed: AVAILABLE => DELETING in 0.0528512001038
2019-06-09 06:46:03.253 2785 INFO rally.task.runner [-] Task fddee4f7-157b-4461-8c8d-327a3a6e6010 | ITER: 4 END: OK
2019-06-09 06:46:03.260 2785 INFO rally.task.runner [-] Task fddee4f7-157b-4461-8c8d-327a3a6e6010 | ITER: 5 START
2019-06-09 06:46:03.270 2782 INFO rally.task.runner [-] Task fddee4f7-157b-4461-8c8d-327a3a6e6010 | ITER: 1 END: OK
2019-06-09 06:46:03.277 2782 INFO rally.task.runner [-] Task fddee4f7-157b-4461-8c8d-327a3a6e6010 | ITER: 6 START
2019-06-09 06:46:04.480 2784 INFO rally.task.runner [-] Task fddee4f7-157b-4461-8c8d-327a3a6e6010 | ITER: 3 END: OK
2019-06-09 06:46:04.487 2784 INFO rally.task.runner [-] Task fddee4f7-157b-4461-8c8d-327a3a6e6010 | ITER: 7 START
2019-06-09 06:46:04.497 2783 INFO rally.task.runner [-] Task fddee4f7-157b-4461-8c8d-327a3a6e6010 | ITER: 2 END: OK
2019-06-09 06:46:04.503 2783 INFO rally.task.runner [-] Task fddee4f7-157b-4461-8c8d-327a3a6e6010 | ITER: 8 START
2019-06-09 06:46:08.690 2782 RALLYDEBUG rally.task.utils [-] Waiting for resource s_rally_fcfc97df_gciWf80M. Status changed: AVAILABLE => UPLOADING in 0.262535810471
2019-06-09 06:46:09.066 2785 RALLYDEBUG rally.task.utils [-] Waiting for resource s_rally_fcfc97df_vtcmkWql. Status changed: AVAILABLE => UPLOADING in 0.357956886292
2019-06-09 06:46:10.143 2783 RALLYDEBUG rally.task.utils [-] Waiting for resource s_rally_fcfc97df_vrJoJccB. Status changed: AVAILABLE => UPLOADING in 0.251918792725
2019-06-09 06:46:10.286 2784 RALLYDEBUG rally.task.utils [-] Waiting for resource s_rally_fcfc97df_aBLjwtME. Status changed: AVAILABLE => UPLOADING in 0.463712930679
2019-06-09 06:46:53.378 2782 RALLYDEBUG rally.task.utils [-] Waiting for resource s_rally_fcfc97df_gciWf80M. Status changed: UPLOADING => AVAILABLE in 44.6881539822
2019-06-09 06:46:53.430 2783 RALLYDEBUG rally.task.utils [-] Waiting for resource s_rally_fcfc97df_vrJoJccB. Status changed: UPLOADING => AVAILABLE in 43.286231041
2019-06-09 06:46:54.805 2783 RALLYDEBUG rally.task.utils [-] Waiting for resource s_rally_fcfc97df_vrJoJccB. Status changed: AVAILABLE => DELETING in 0.054664850235
2019-06-09 06:46:54.922 2782 RALLYDEBUG rally.task.utils [-] Waiting for resource s_rally_fcfc97df_gciWf80M. Status changed: AVAILABLE => DELETING in 0.34959602356
2019-06-09 06:46:58.445 2783 INFO rally.task.runner [-] Task fddee4f7-157b-4461-8c8d-327a3a6e6010 | ITER: 8 END: OK
2019-06-09 06:46:58.450 2783 INFO rally.task.runner [-] Task fddee4f7-157b-4461-8c8d-327a3a6e6010 | ITER: 9 START
2019-06-09 06:46:58.462 2782 INFO rally.task.runner [-] Task fddee4f7-157b-4461-8c8d-327a3a6e6010 | ITER: 6 END: OK
2019-06-09 06:46:58.468 2782 INFO rally.task.runner [-] Task fddee4f7-157b-4461-8c8d-327a3a6e6010 | ITER: 10 START
2019-06-09 06:47:03.955 2783 RALLYDEBUG rally.task.utils [-] Waiting for resource s_rally_fcfc97df_4HQVpSAw. Status changed: AVAILABLE => UPLOADING in 0.329865932465
2019-06-09 06:47:04.091 2782 RALLYDEBUG rally.task.utils [-] Waiting for resource s_rally_fcfc97df_R9NzWV9L. Status changed: AVAILABLE => UPLOADING in 0.246585130692
2019-06-09 06:47:15.217 2784 RALLYDEBUG rally.task.utils [-] Waiting for resource s_rally_fcfc97df_aBLjwtME. Status changed: UPLOADING => AVAILABLE in 64.9311769009
2019-06-09 06:47:16.475 2784 RALLYDEBUG rally.task.utils [-] Waiting for resource s_rally_fcfc97df_aBLjwtME. Status changed: AVAILABLE => DELETING in 0.365058898926
2019-06-09 06:47:17.246 2785 RALLYDEBUG rally.task.utils [-] Waiting for resource s_rally_fcfc97df_vtcmkWql. Status changed: UPLOADING => AVAILABLE in 68.1802020073
2019-06-09 06:47:18.604 2785 RALLYDEBUG rally.task.utils [-] Waiting for resource s_rally_fcfc97df_vtcmkWql. Status changed: AVAILABLE => DELETING in 0.360899925232
2019-06-09 06:47:20.990 2784 INFO rally.task.runner [-] Task fddee4f7-157b-4461-8c8d-327a3a6e6010 | ITER: 7 END: OK
2019-06-09 06:47:23.115 2785 INFO rally.task.runner [-] Task fddee4f7-157b-4461-8c8d-327a3a6e6010 | ITER: 5 END: OK
2019-06-09 06:47:40.123 2782 RALLYDEBUG rally.task.utils [-] Waiting for resource s_rally_fcfc97df_R9NzWV9L. Status changed: UPLOADING => AVAILABLE in 36.0318639278
2019-06-09 06:47:40.242 2783 RALLYDEBUG rally.task.utils [-] Waiting for resource s_rally_fcfc97df_4HQVpSAw. Status changed: UPLOADING => AVAILABLE in 36.2870681286
2019-06-09 06:47:40.879 2782 RALLYDEBUG rally.task.utils [-] Waiting for resource s_rally_fcfc97df_R9NzWV9L. Status changed: AVAILABLE => DELETING in 0.0566759109497
2019-06-09 06:47:41.034 2783 RALLYDEBUG rally.task.utils [-] Waiting for resource s_rally_fcfc97df_4HQVpSAw. Status changed: AVAILABLE => DELETING in 0.349192142487
2019-06-09 06:47:43.924 2783 INFO rally.task.runner [-] Task fddee4f7-157b-4461-8c8d-327a3a6e6010 | ITER: 9 END: OK
2019-06-09 06:47:43.936 2782 INFO rally.task.runner [-] Task fddee4f7-157b-4461-8c8d-327a3a6e6010 | ITER: 10 END: OK
2019-06-09 06:47:43.961 1842 INFO rally.task.context [-] Task fddee4f7-157b-4461-8c8d-327a3a6e6010 | Context cleanup@openstack cleanup() started
2019-06-09 06:47:43.963 1842 RALLYDEBUG rally_openstack.cleanup.manager [-] Cleaning up cinder backups objects
2019-06-09 06:47:46.121 1842 RALLYDEBUG rally_openstack.cleanup.manager [-] Cleaning up cinder volume_snapshots objects
2019-06-09 06:47:48.465 1842 RALLYDEBUG rally_openstack.cleanup.manager [-] Cleaning up cinder transfers objects
2019-06-09 06:47:50.955 1842 RALLYDEBUG rally_openstack.cleanup.manager [-] Cleaning up cinder volumes objects
2019-06-09 06:47:53.220 1842 RALLYDEBUG rally_openstack.cleanup.manager [-] Cleaning up glance images objects
2019-06-09 06:47:56.495 1842 INFO rally.task.context [-] Task fddee4f7-157b-4461-8c8d-327a3a6e6010 | Context cleanup@openstack cleanup() finished in 12.53 sec
2019-06-09 06:47:56.496 1842 INFO rally.task.context [-] Task fddee4f7-157b-4461-8c8d-327a3a6e6010 | Context quotas@openstack cleanup() started
2019-06-09 06:47:57.478 1842 INFO rally.task.context [-] Task fddee4f7-157b-4461-8c8d-327a3a6e6010 | Context quotas@openstack cleanup() finished in 0.98 sec
2019-06-09 06:47:57.479 1842 INFO rally.task.context [-] Task fddee4f7-157b-4461-8c8d-327a3a6e6010 | Context api_versions@openstack cleanup() started
2019-06-09 06:47:57.479 1842 INFO rally.task.context [-] Task fddee4f7-157b-4461-8c8d-327a3a6e6010 | Context api_versions@openstack cleanup() finished in 0.33 msec
2019-06-09 06:47:57.479 1842 INFO rally.task.context [-] Task fddee4f7-157b-4461-8c8d-327a3a6e6010 | Context users@openstack cleanup() started
2019-06-09 06:48:05.478 1842 INFO rally.task.context [-] Task fddee4f7-157b-4461-8c8d-327a3a6e6010 | Context users@openstack cleanup() finished in 8.00 sec
2019-06-09 06:48:06.614 1842 INFO rally.task.engine [-] Load duration is: 160.378511
2019-06-09 06:48:06.614 1842 INFO rally.task.engine [-] Full runner duration is: 161.301096
2019-06-09 06:48:06.614 1842 INFO rally.task.engine [-] Full duration is: 189.69819
2019-06-09 06:48:06.860 1842 INFO rally.task.engine [-] Running workload: position = 0 config = { "version": 2, "title": "A cropped version of a bigger task.", "description": "Auto-generated task from a single workload (uuid=83a2c2a1-0875-453f-b8ed-38dce341a139)", "subtasks": [ { "title": "CinderVolumes.create_nested_snapshots_and_attach_volume", "description": "Create a volume from snapshot and attach/detach the volume", "scenario": { "CinderVolumes.create_nested_snapshots_and_attach_volume": { "flavor": { "name": "rally_full-flavor_cb032129-903b-4f11-98b4-222125333d33" }, "image": { "name": "rally_full-img_cb032129-903b-4f11-98b4-222125333d33" }, "nested_level": 1, "size": { "max": 1, "min": 1 }, "create_vm_params": { "nics": [ { "net-id": "a7021147-ce60-45a1-a38b-df0c5c068a8a" } ] } } }, "contexts": { "users": { "tenants": 3, "users_per_tenant": 2 }, "quotas": { "cinder": { "gigabytes": -1, "snapshots": -1, "volumes": -1 } }, "api_versions": { "cinder": { "version": 3, "service_type": "volumev3" } } }, "runner": { "constant": { "concurrency": 4, "times": 10 } }, "hooks": [], "sla": { "failure_rate": { "max": 0 } } } ] }
2019-06-09 06:48:06.884 1842 RALLYDEBUG rally_openstack.contexts.keystone.users [-] Creating 3 tenants using 20 threads
2019-06-09 06:48:08.799 1842 RALLYDEBUG rally_openstack.contexts.keystone.users [-] Creating 6 users using 20 threads
2019-06-09 06:48:11.610 1842 INFO rally.task.context [-] Task fddee4f7-157b-4461-8c8d-327a3a6e6010 | Context users@openstack setup() finished in 4.73 sec
2019-06-09 06:48:12.046 1842 INFO rally.task.context [-] Task fddee4f7-157b-4461-8c8d-327a3a6e6010 | Context api_versions@openstack setup() finished in 0.44 sec
2019-06-09 06:48:13.802 1842 INFO rally.task.context [-] Task fddee4f7-157b-4461-8c8d-327a3a6e6010 | Context quotas@openstack setup() finished in 1.75 sec
2019-06-09 06:48:13.802 1842 INFO rally.task.context [-] Task fddee4f7-157b-4461-8c8d-327a3a6e6010 | Context cleanup@openstack setup() finished in 0.01 msec
2019-06-09 06:48:15.297 1842 DEBUG novaclient.v2.client [-] REQ: curl -g -i -X GET http://172.30.9.21:8774/v2.1/flavors/detail -H "Accept: application/json" -H "User-Agent: python-novaclient" -H "X-Auth-Token: {SHA1}4c013e94c4179d6bb5f77912ce1de75ab039ffad" _http_log_request /usr/lib/python2.7/site-packages/keystoneauth1/session.py:448
2019-06-09 06:48:15.645 1842 DEBUG novaclient.v2.client [-] RESP: [200] Content-Encoding: gzip Content-Length: 365 Content-Type: application/json Date: Sun, 09 Jun 2019 06:48:15 GMT OpenStack-API-Version: compute 2.1 Server: Apache Vary: OpenStack-API-Version,X-OpenStack-Nova-API-Version,Accept-Encoding X-OpenStack-Nova-API-Version: 2.1 x-compute-request-id: req-2b204fb8-a08b-49f7-9977-4641a6fcaf46 x-openstack-request-id: req-2b204fb8-a08b-49f7-9977-4641a6fcaf46 _http_log_response /usr/lib/python2.7/site-packages/keystoneauth1/session.py:479
2019-06-09 06:48:15.646 1842 DEBUG novaclient.v2.client [-] RESP BODY: {"flavors": [{"name": "rally_full-flavor_alt_cb032129-903b-4f11-98b4-222125333d33", "links": [{"href": "http://172.30.9.21:8774/v2.1/flavors/5e247f91-ac60-40f8-b42c-07d895d879d2", "rel": "self"}, {"href": "http://172.30.9.21:8774/flavors/5e247f91-ac60-40f8-b42c-07d895d879d2", "rel": "bookmark"}], "ram": 1024, "OS-FLV-DISABLED:disabled": false, "vcpus": 1, "swap": "", "os-flavor-access:is_public": true, "rxtx_factor": 1.0, "OS-FLV-EXT-DATA:ephemeral": 0, "disk": 1, "id": "5e247f91-ac60-40f8-b42c-07d895d879d2"}, {"name": "rally_full-flavor_cb032129-903b-4f11-98b4-222125333d33", "links": [{"href": "http://172.30.9.21:8774/v2.1/flavors/7f4ae9c6-1a64-4aa3-a9ac-f7286b62e308", "rel": "self"}, {"href": "http://172.30.9.21:8774/flavors/7f4ae9c6-1a64-4aa3-a9ac-f7286b62e308", "rel": "bookmark"}], "ram": 512, "OS-FLV-DISABLED:disabled": false, "vcpus": 1, "swap": "", "os-flavor-access:is_public": true, "rxtx_factor": 1.0, "OS-FLV-EXT-DATA:ephemeral": 0, "disk": 1, "id": "7f4ae9c6-1a64-4aa3-a9ac-f7286b62e308"}]} _http_log_response /usr/lib/python2.7/site-packages/keystoneauth1/session.py:511
2019-06-09 06:48:15.646 1842 DEBUG novaclient.v2.client [-] GET call to compute for http://172.30.9.21:8774/v2.1/flavors/detail used request id req-2b204fb8-a08b-49f7-9977-4641a6fcaf46 request /usr/lib/python2.7/site-packages/keystoneauth1/session.py:844
2019-06-09 06:48:15.648 1842 RALLYDEBUG rally.task.runner [-] Starting the constant runner (task UUID: fddee4f7-157b-4461-8c8d-327a3a6e6010). timeout: 0 concurrency: 4 concurrency_per_worker: 1 times: 10 concurrency_overhead: 0 processes_to_start: 4 max_cpu_used: 16
2019-06-09 06:48:15.659 2986 RALLYDEBUG rally.task.runner [-] Starting a worker. concurrency: 1 args: {"flavor": "7f4ae9c6-1a64-4aa3-a9ac-f7286b62e308", "image": "3d136928-f2cc-4a7c-a67a-a53356b52f2b", "nested_level": 1, "size": {"max": 1, "min": 1}, "create_vm_params": {"nics": [{"net-id": "a7021147-ce60-45a1-a38b-df0c5c068a8a"}]}} times: 10 method_name: run timeout: 0 duration: None cls:
2019-06-09 06:48:15.663 2987 RALLYDEBUG rally.task.runner [-] Starting a worker. concurrency: 1 args: {"flavor": "7f4ae9c6-1a64-4aa3-a9ac-f7286b62e308", "image": "3d136928-f2cc-4a7c-a67a-a53356b52f2b", "nested_level": 1, "size": {"max": 1, "min": 1}, "create_vm_params": {"nics": [{"net-id": "a7021147-ce60-45a1-a38b-df0c5c068a8a"}]}} times: 10 method_name: run timeout: 0 duration: None cls:
2019-06-09 06:48:15.664 2988 RALLYDEBUG rally.task.runner [-] Starting a worker. concurrency: 1 args: {"flavor": "7f4ae9c6-1a64-4aa3-a9ac-f7286b62e308", "image": "3d136928-f2cc-4a7c-a67a-a53356b52f2b", "nested_level": 1, "size": {"max": 1, "min": 1}, "create_vm_params": {"nics": [{"net-id": "a7021147-ce60-45a1-a38b-df0c5c068a8a"}]}} times: 10 method_name: run timeout: 0 duration: None cls:
2019-06-09 06:48:15.666 2986 INFO rally.task.runner [-] Task fddee4f7-157b-4461-8c8d-327a3a6e6010 | ITER: 1 START
2019-06-09 06:48:15.670 2988 INFO rally.task.runner [-] Task fddee4f7-157b-4461-8c8d-327a3a6e6010 | ITER: 3 START
2019-06-09 06:48:15.670 2989 RALLYDEBUG rally.task.runner [-] Starting a worker. concurrency: 1 args: {"flavor": "7f4ae9c6-1a64-4aa3-a9ac-f7286b62e308", "image": "3d136928-f2cc-4a7c-a67a-a53356b52f2b", "nested_level": 1, "size": {"max": 1, "min": 1}, "create_vm_params": {"nics": [{"net-id": "a7021147-ce60-45a1-a38b-df0c5c068a8a"}]}} times: 10 method_name: run timeout: 0 duration: None cls:
2019-06-09 06:48:15.671 2987 INFO rally.task.runner [-] Task fddee4f7-157b-4461-8c8d-327a3a6e6010 | ITER: 2 START
2019-06-09 06:48:15.678 2989 INFO rally.task.runner [-] Task fddee4f7-157b-4461-8c8d-327a3a6e6010 | ITER: 4 START
2019-06-09 06:48:16.119 2986 DEBUG novaclient.v2.client [-] REQ: curl -g -i -X POST http://172.30.9.21:8774/v2.1/servers -H "Accept: application/json" -H "Content-Type: application/json" -H "User-Agent: python-novaclient" -H "X-Auth-Token: {SHA1}d845fcd7e32ea84b6b293e03570a22fedea59cff" -d '{"server": {"name": "s_rally_83a2c2a1_JuvAehJC", "imageRef": "3d136928-f2cc-4a7c-a67a-a53356b52f2b", "flavorRef": "7f4ae9c6-1a64-4aa3-a9ac-f7286b62e308", "max_count": 1, "min_count": 1, "networks": [{"uuid": "a7021147-ce60-45a1-a38b-df0c5c068a8a"}]}}' _http_log_request /usr/lib/python2.7/site-packages/keystoneauth1/session.py:448
2019-06-09 06:48:16.127 2988 DEBUG novaclient.v2.client [-] REQ: curl -g -i -X POST http://172.30.9.21:8774/v2.1/servers -H "Accept: application/json" -H "Content-Type: application/json" -H "User-Agent: python-novaclient" -H "X-Auth-Token: {SHA1}e8f29b58c2ecdde44f28c64b646797a025663a60" -d '{"server": {"name": "s_rally_83a2c2a1_6OYOHLrF", "imageRef": "3d136928-f2cc-4a7c-a67a-a53356b52f2b", "flavorRef": "7f4ae9c6-1a64-4aa3-a9ac-f7286b62e308", "max_count": 1, "min_count": 1, "networks": [{"uuid": "a7021147-ce60-45a1-a38b-df0c5c068a8a"}]}}' _http_log_request /usr/lib/python2.7/site-packages/keystoneauth1/session.py:448
2019-06-09 06:48:16.131 2987 DEBUG novaclient.v2.client [-] REQ: curl -g -i -X POST http://172.30.9.21:8774/v2.1/servers -H "Accept: application/json" -H "Content-Type: application/json" -H "User-Agent: python-novaclient" -H "X-Auth-Token: {SHA1}8d6f9fd20410270d4f221b66bd7d8006b4225efc" -d '{"server": {"name": "s_rally_83a2c2a1_0njy0reJ", "imageRef": "3d136928-f2cc-4a7c-a67a-a53356b52f2b", "flavorRef": "7f4ae9c6-1a64-4aa3-a9ac-f7286b62e308", "max_count": 1, "min_count": 1, "networks": [{"uuid": "a7021147-ce60-45a1-a38b-df0c5c068a8a"}]}}' _http_log_request /usr/lib/python2.7/site-packages/keystoneauth1/session.py:448
2019-06-09 06:48:16.225 2989 DEBUG novaclient.v2.client [-] REQ: curl -g -i -X POST http://172.30.9.21:8774/v2.1/servers -H "Accept: application/json" -H "Content-Type: application/json" -H "User-Agent: python-novaclient" -H "X-Auth-Token: {SHA1}abc78d040fa943c6307da332f9113a21680f6149" -d '{"server": {"name": "s_rally_83a2c2a1_gJ3f9Wof", "imageRef": "3d136928-f2cc-4a7c-a67a-a53356b52f2b", "flavorRef": "7f4ae9c6-1a64-4aa3-a9ac-f7286b62e308", "max_count": 1, "min_count": 1, "networks": [{"uuid": "a7021147-ce60-45a1-a38b-df0c5c068a8a"}]}}' _http_log_request /usr/lib/python2.7/site-packages/keystoneauth1/session.py:448
2019-06-09 06:48:19.703 2988 DEBUG novaclient.v2.client [-] RESP: [202] Content-Length: 374 Content-Type: application/json Date: Sun, 09 Jun 2019 06:48:16 GMT OpenStack-API-Version: compute 2.1 Server: Apache Vary: OpenStack-API-Version,X-OpenStack-Nova-API-Version X-OpenStack-Nova-API-Version: 2.1 location: http://172.30.9.21:8774/v2.1/servers/d6058eec-8597-49aa-930c-a27d5e71c555 x-compute-request-id: req-883fbfe4-66e9-4a94-8769-abbdf66aea4a x-openstack-request-id: req-883fbfe4-66e9-4a94-8769-abbdf66aea4a _http_log_response /usr/lib/python2.7/site-packages/keystoneauth1/session.py:479
2019-06-09 06:48:19.704 2988 DEBUG novaclient.v2.client [-] RESP BODY: {"server": {"security_groups": [{"name": "default"}], "OS-DCF:diskConfig": "MANUAL", "id": "d6058eec-8597-49aa-930c-a27d5e71c555", "links": [{"href": "http://172.30.9.21:8774/v2.1/servers/d6058eec-8597-49aa-930c-a27d5e71c555", "rel": "self"}, {"href": "http://172.30.9.21:8774/servers/d6058eec-8597-49aa-930c-a27d5e71c555", "rel": "bookmark"}], "adminPass": "aXa9gy7D7MoW"}} _http_log_response /usr/lib/python2.7/site-packages/keystoneauth1/session.py:511
2019-06-09 06:48:19.704 2988 DEBUG novaclient.v2.client [-] POST call to compute for http://172.30.9.21:8774/v2.1/servers used request id req-883fbfe4-66e9-4a94-8769-abbdf66aea4a request /usr/lib/python2.7/site-packages/keystoneauth1/session.py:844
2019-06-09 06:48:19.951 2986 DEBUG novaclient.v2.client [-] RESP: [202] Content-Length: 374 Content-Type: application/json Date: Sun, 09 Jun 2019 06:48:16 GMT OpenStack-API-Version: compute 2.1 Server: Apache Vary: OpenStack-API-Version,X-OpenStack-Nova-API-Version X-OpenStack-Nova-API-Version: 2.1 location: http://172.30.9.21:8774/v2.1/servers/10253475-41b1-4cf8-876c-27529fb7257a x-compute-request-id: req-a1e418a8-0c56-47e7-b4bf-992ebf652c13 x-openstack-request-id: req-a1e418a8-0c56-47e7-b4bf-992ebf652c13 _http_log_response /usr/lib/python2.7/site-packages/keystoneauth1/session.py:479
2019-06-09 06:48:19.952 2986 DEBUG novaclient.v2.client [-] RESP BODY: {"server": {"security_groups": [{"name": "default"}], "OS-DCF:diskConfig": "MANUAL", "id": "10253475-41b1-4cf8-876c-27529fb7257a", "links": [{"href": "http://172.30.9.21:8774/v2.1/servers/10253475-41b1-4cf8-876c-27529fb7257a", "rel": "self"}, {"href": "http://172.30.9.21:8774/servers/10253475-41b1-4cf8-876c-27529fb7257a", "rel": "bookmark"}], "adminPass": "LRtGY29qgWTZ"}} _http_log_response /usr/lib/python2.7/site-packages/keystoneauth1/session.py:511
2019-06-09 06:48:19.953 2986 DEBUG novaclient.v2.client [-] POST call to compute for http://172.30.9.21:8774/v2.1/servers used request id req-a1e418a8-0c56-47e7-b4bf-992ebf652c13 request /usr/lib/python2.7/site-packages/keystoneauth1/session.py:844
2019-06-09 06:48:20.380 2987 DEBUG novaclient.v2.client [-] RESP: [202] Content-Length: 374 Content-Type: application/json Date: Sun, 09 Jun 2019 06:48:16 GMT OpenStack-API-Version: compute 2.1 Server: Apache Vary: OpenStack-API-Version,X-OpenStack-Nova-API-Version X-OpenStack-Nova-API-Version: 2.1 location: http://172.30.9.21:8774/v2.1/servers/8ece3514-a84e-41de-bbe3-4fe38cee1466 x-compute-request-id: req-4a698981-8bb3-49ea-8568-fa918de52838 x-openstack-request-id: req-4a698981-8bb3-49ea-8568-fa918de52838 _http_log_response /usr/lib/python2.7/site-packages/keystoneauth1/session.py:479
2019-06-09 06:48:20.381 2987 DEBUG novaclient.v2.client [-] RESP BODY: {"server": {"security_groups": [{"name": "default"}], "OS-DCF:diskConfig": "MANUAL", "id": "8ece3514-a84e-41de-bbe3-4fe38cee1466", "links": [{"href": "http://172.30.9.21:8774/v2.1/servers/8ece3514-a84e-41de-bbe3-4fe38cee1466", "rel": "self"}, {"href": "http://172.30.9.21:8774/servers/8ece3514-a84e-41de-bbe3-4fe38cee1466", "rel": "bookmark"}], "adminPass": "AoUSAmT3gG9z"}} _http_log_response /usr/lib/python2.7/site-packages/keystoneauth1/session.py:511
