2019-06-09 06:53:00.708 1842 DEBUG novaclient.v2.client [-] RESP: [200] Content-Length: 16 Content-Type: application/json Date: Sun, 09 Jun 2019 06:53:00 GMT OpenStack-API-Version: compute 2.1 Server: Apache Vary: OpenStack-API-Version,X-OpenStack-Nova-API-Version X-OpenStack-Nova-API-Version: 2.1 x-compute-request-id: req-8314082e-a39e-4b03-9ad5-a752216a4b3e x-openstack-request-id: req-8314082e-a39e-4b03-9ad5-a752216a4b3e _http_log_response /usr/lib/python2.7/site-packages/keystoneauth1/session.py:479
2019-06-09 06:53:00.708 1842 DEBUG novaclient.v2.client [-] RESP BODY: {"keypairs": []} _http_log_response /usr/lib/python2.7/site-packages/keystoneauth1/session.py:511
2019-06-09 06:53:00.708 1842 DEBUG novaclient.v2.client [-] GET call to compute for http://172.30.9.21:8774/v2.1/os-keypairs used request id req-8314082e-a39e-4b03-9ad5-a752216a4b3e request /usr/lib/python2.7/site-packages/keystoneauth1/session.py:844
2019-06-09 06:53:01.148 1842 DEBUG novaclient.v2.client [-] REQ: curl -g -i -X GET http://172.30.9.21:8774/v2.1/os-keypairs -H "Accept: application/json" -H "User-Agent: python-novaclient" -H "X-Auth-Token: {SHA1}cdffb1755d53eb8b53416c00717c3b8637e65d8e" _http_log_request /usr/lib/python2.7/site-packages/keystoneauth1/session.py:448
2019-06-09 06:53:01.461 1842 DEBUG novaclient.v2.client [-] RESP: [200] Content-Length: 16 Content-Type: application/json Date: Sun, 09 Jun 2019 06:53:01 GMT OpenStack-API-Version: compute 2.1 Server: Apache Vary: OpenStack-API-Version,X-OpenStack-Nova-API-Version X-OpenStack-Nova-API-Version: 2.1 x-compute-request-id: req-06bf4ec6-21fe-428d-ae51-62b23650fc8d x-openstack-request-id: req-06bf4ec6-21fe-428d-ae51-62b23650fc8d _http_log_response /usr/lib/python2.7/site-packages/keystoneauth1/session.py:479
2019-06-09 06:53:01.461 1842 DEBUG novaclient.v2.client [-] RESP BODY: {"keypairs": []} _http_log_response /usr/lib/python2.7/site-packages/keystoneauth1/session.py:511
2019-06-09 06:53:01.461 1842 DEBUG novaclient.v2.client [-] GET call to compute for http://172.30.9.21:8774/v2.1/os-keypairs used request id req-06bf4ec6-21fe-428d-ae51-62b23650fc8d request /usr/lib/python2.7/site-packages/keystoneauth1/session.py:844
2019-06-09 06:53:01.896 1842 DEBUG novaclient.v2.client [-] REQ: curl -g -i -X GET http://172.30.9.21:8774/v2.1/os-keypairs -H "Accept: application/json" -H "User-Agent: python-novaclient" -H "X-Auth-Token: {SHA1}63fe96c56f8a272087ca70bb3db53235e88ef05d" _http_log_request /usr/lib/python2.7/site-packages/keystoneauth1/session.py:448
2019-06-09 06:53:02.209 1842 DEBUG novaclient.v2.client [-] RESP: [200] Content-Length: 16 Content-Type: application/json Date: Sun, 09 Jun 2019 06:53:01 GMT OpenStack-API-Version: compute 2.1 Server: Apache Vary: OpenStack-API-Version,X-OpenStack-Nova-API-Version X-OpenStack-Nova-API-Version: 2.1 x-compute-request-id: req-c20a3d94-cda6-4104-856b-eab7c0f85bff x-openstack-request-id: req-c20a3d94-cda6-4104-856b-eab7c0f85bff _http_log_response /usr/lib/python2.7/site-packages/keystoneauth1/session.py:479
2019-06-09 06:53:02.209 1842 DEBUG novaclient.v2.client [-] RESP BODY: {"keypairs": []} _http_log_response /usr/lib/python2.7/site-packages/keystoneauth1/session.py:511
2019-06-09 06:53:02.210 1842 DEBUG novaclient.v2.client [-] GET call to compute for http://172.30.9.21:8774/v2.1/os-keypairs used request id req-c20a3d94-cda6-4104-856b-eab7c0f85bff request /usr/lib/python2.7/site-packages/keystoneauth1/session.py:844
2019-06-09 06:53:02.651 1842 DEBUG novaclient.v2.client [-] REQ: curl -g -i -X GET http://172.30.9.21:8774/v2.1/os-keypairs -H "Accept: application/json" -H "User-Agent: python-novaclient" -H "X-Auth-Token: {SHA1}7a4d27103a7c76054f806a190558dee8f3a17ac7" _http_log_request /usr/lib/python2.7/site-packages/keystoneauth1/session.py:448
2019-06-09 06:53:02.859 1842 DEBUG novaclient.v2.client [-] RESP: [200] Content-Length: 16 Content-Type: application/json Date: Sun, 09 Jun 2019 06:53:02 GMT OpenStack-API-Version: compute 2.1 Server: Apache Vary: OpenStack-API-Version,X-OpenStack-Nova-API-Version X-OpenStack-Nova-API-Version: 2.1 x-compute-request-id: req-7f73ed8d-ff4b-4e1c-80d1-645aa18e63df x-openstack-request-id: req-7f73ed8d-ff4b-4e1c-80d1-645aa18e63df _http_log_response /usr/lib/python2.7/site-packages/keystoneauth1/session.py:479
2019-06-09 06:53:02.859 1842 DEBUG novaclient.v2.client [-] RESP BODY: {"keypairs": []} _http_log_response /usr/lib/python2.7/site-packages/keystoneauth1/session.py:511
2019-06-09 06:53:02.860 1842 DEBUG novaclient.v2.client [-] GET call to compute for http://172.30.9.21:8774/v2.1/os-keypairs used request id req-7f73ed8d-ff4b-4e1c-80d1-645aa18e63df request /usr/lib/python2.7/site-packages/keystoneauth1/session.py:844
2019-06-09 06:53:03.315 1842 DEBUG novaclient.v2.client [-] REQ: curl -g -i -X GET http://172.30.9.21:8774/v2.1/os-keypairs -H "Accept: application/json" -H "User-Agent: python-novaclient" -H "X-Auth-Token: {SHA1}fd12d5493e318d3f21c180f49532cc0fbcc32df7" _http_log_request /usr/lib/python2.7/site-packages/keystoneauth1/session.py:448
2019-06-09 06:53:03.546 1842 DEBUG novaclient.v2.client [-] RESP: [200] Content-Length: 16 Content-Type: application/json Date: Sun, 09 Jun 2019 06:53:03 GMT OpenStack-API-Version: compute 2.1 Server: Apache Vary: OpenStack-API-Version,X-OpenStack-Nova-API-Version X-OpenStack-Nova-API-Version: 2.1 x-compute-request-id: req-ed3813be-a043-486e-a3f1-733235f4f099 x-openstack-request-id: req-ed3813be-a043-486e-a3f1-733235f4f099 _http_log_response /usr/lib/python2.7/site-packages/keystoneauth1/session.py:479
2019-06-09 06:53:03.546 1842 DEBUG novaclient.v2.client [-] RESP BODY: {"keypairs": []} _http_log_response /usr/lib/python2.7/site-packages/keystoneauth1/session.py:511
2019-06-09 06:53:03.546 1842 DEBUG novaclient.v2.client [-] GET call to compute for http://172.30.9.21:8774/v2.1/os-keypairs used request id req-ed3813be-a043-486e-a3f1-733235f4f099 request /usr/lib/python2.7/site-packages/keystoneauth1/session.py:844
2019-06-09 06:53:03.554 1842 RALLYDEBUG rally_openstack.cleanup.manager [-] Cleaning up cinder backups objects
2019-06-09 06:53:05.917 1842 RALLYDEBUG rally_openstack.cleanup.manager [-] Cleaning up cinder volume_snapshots objects
2019-06-09 06:53:08.105 1842 RALLYDEBUG rally_openstack.cleanup.manager [-] Cleaning up cinder transfers objects
2019-06-09 06:53:10.316 1842 RALLYDEBUG rally_openstack.cleanup.manager [-] Cleaning up cinder volumes objects
2019-06-09 06:53:12.646 1842 INFO rally.task.context [-] Task fddee4f7-157b-4461-8c8d-327a3a6e6010 | Context cleanup@openstack cleanup() finished in 17.93 sec
2019-06-09 06:53:12.646 1842 INFO rally.task.context [-] Task fddee4f7-157b-4461-8c8d-327a3a6e6010 | Context quotas@openstack cleanup() started
2019-06-09 06:53:13.617 1842 INFO rally.task.context [-] Task fddee4f7-157b-4461-8c8d-327a3a6e6010 | Context quotas@openstack cleanup() finished in 0.97 sec
2019-06-09 06:53:13.618 1842 INFO rally.task.context [-] Task fddee4f7-157b-4461-8c8d-327a3a6e6010 | Context api_versions@openstack cleanup() started
2019-06-09 06:53:13.618 1842 INFO rally.task.context [-] Task fddee4f7-157b-4461-8c8d-327a3a6e6010 | Context api_versions@openstack cleanup() finished in 0.29 msec
2019-06-09 06:53:13.618 1842 INFO rally.task.context [-] Task fddee4f7-157b-4461-8c8d-327a3a6e6010 | Context users@openstack cleanup() started
2019-06-09 06:53:21.719 1842 INFO rally.task.context [-] Task fddee4f7-157b-4461-8c8d-327a3a6e6010 | Context users@openstack cleanup() finished in 8.10 sec
2019-06-09 06:53:22.362 1842 INFO rally.task.engine [-] Load duration is: 121.426313
2019-06-09 06:53:22.362 1842 INFO rally.task.engine [-] Full runner duration is: 122.475902
2019-06-09 06:53:22.363 1842 INFO rally.task.engine [-] Full duration is: 157.958584
2019-06-09 06:53:22.755 1842 INFO rally.task.engine [-] Running workload: position = 0 config = { "version": 2, "title": "A cropped version of a bigger task.", "description": "Auto-generated task from a single workload (uuid=af1085cc-e86b-4a75-8f07-27c009f68f46)", "subtasks": [ { "title": "CinderVolumes.create_volume", "description": "Create a volume.", "scenario": { "CinderVolumes.create_volume": { "size": 1 } }, "contexts": { "users": { "tenants": 3, "users_per_tenant": 2 }, "api_versions": { "cinder": { "version": 3, "service_type": "volumev3" } } }, "runner": { "constant": { "concurrency": 4, "times": 10 } }, "hooks": [], "sla": { "failure_rate": { "max": 0 } } } ] }
2019-06-09 06:53:22.780 1842 RALLYDEBUG rally_openstack.contexts.keystone.users [-] Creating 3 tenants using 20 threads
2019-06-09 06:53:24.752 1842 RALLYDEBUG rally_openstack.contexts.keystone.users [-] Creating 6 users using 20 threads
2019-06-09 06:53:27.678 1842 INFO rally.task.context [-] Task fddee4f7-157b-4461-8c8d-327a3a6e6010 | Context users@openstack setup() finished in 4.90 sec
2019-06-09 06:53:28.116 1842 INFO rally.task.context [-] Task fddee4f7-157b-4461-8c8d-327a3a6e6010 | Context api_versions@openstack setup() finished in 0.44 sec
2019-06-09 06:53:28.116 1842 INFO rally.task.context [-] Task fddee4f7-157b-4461-8c8d-327a3a6e6010 | Context cleanup@openstack setup() finished in 0.00 msec
2019-06-09 06:53:28.123 1842 RALLYDEBUG rally.task.runner [-] Starting the constant runner (task UUID: fddee4f7-157b-4461-8c8d-327a3a6e6010). timeout: 0 concurrency: 4 concurrency_per_worker: 1 times: 10 concurrency_overhead: 0 processes_to_start: 4 max_cpu_used: 16
2019-06-09 06:53:28.135 3474 RALLYDEBUG rally.task.runner [-] Starting a worker. concurrency: 1 args: {"size": 1} times: 10 method_name: run timeout: 0 duration: None cls:
2019-06-09 06:53:28.139 3475 RALLYDEBUG rally.task.runner [-] Starting a worker. concurrency: 1 args: {"size": 1} times: 10 method_name: run timeout: 0 duration: None cls:
2019-06-09 06:53:28.141 3476 RALLYDEBUG rally.task.runner [-] Starting a worker. concurrency: 1 args: {"size": 1} times: 10 method_name: run timeout: 0 duration: None cls:
2019-06-09 06:53:28.143 3474 INFO rally.task.runner [-] Task fddee4f7-157b-4461-8c8d-327a3a6e6010 | ITER: 1 START
2019-06-09 06:53:28.144 3477 RALLYDEBUG rally.task.runner [-] Starting a worker. concurrency: 1 args: {"size": 1} times: 10 method_name: run timeout: 0 duration: None cls:
2019-06-09 06:53:28.147 3475 INFO rally.task.runner [-] Task fddee4f7-157b-4461-8c8d-327a3a6e6010 | ITER: 2 START
2019-06-09 06:53:28.147 3476 INFO rally.task.runner [-] Task fddee4f7-157b-4461-8c8d-327a3a6e6010 | ITER: 3 START
2019-06-09 06:53:28.151 3477 INFO rally.task.runner [-] Task fddee4f7-157b-4461-8c8d-327a3a6e6010 | ITER: 4 START
2019-06-09 06:53:31.848 3476 INFO rally.task.runner [-] Task fddee4f7-157b-4461-8c8d-327a3a6e6010 | ITER: 3 END: OK
2019-06-09 06:53:31.853 3476 INFO rally.task.runner [-] Task fddee4f7-157b-4461-8c8d-327a3a6e6010 | ITER: 5 START
2019-06-09 06:53:32.178 3474 INFO rally.task.runner [-] Task fddee4f7-157b-4461-8c8d-327a3a6e6010 | ITER: 1 END: OK
2019-06-09 06:53:32.183 3474 INFO rally.task.runner [-] Task fddee4f7-157b-4461-8c8d-327a3a6e6010 | ITER: 6 START
2019-06-09 06:53:32.224 3477 INFO rally.task.runner [-] Task fddee4f7-157b-4461-8c8d-327a3a6e6010 | ITER: 4 END: OK
2019-06-09 06:53:32.229 3477 INFO rally.task.runner [-] Task fddee4f7-157b-4461-8c8d-327a3a6e6010 | ITER: 7 START
2019-06-09 06:53:32.252 3475 INFO rally.task.runner [-] Task fddee4f7-157b-4461-8c8d-327a3a6e6010 | ITER: 2 END: OK
2019-06-09 06:53:32.257 3475 INFO rally.task.runner [-] Task fddee4f7-157b-4461-8c8d-327a3a6e6010 | ITER: 8 START
2019-06-09 06:53:35.569 3476 INFO rally.task.runner [-] Task fddee4f7-157b-4461-8c8d-327a3a6e6010 | ITER: 5 END: OK
2019-06-09 06:53:35.574 3476 INFO rally.task.runner [-] Task fddee4f7-157b-4461-8c8d-327a3a6e6010 | ITER: 9 START
2019-06-09 06:53:35.852 3474 INFO rally.task.runner [-] Task fddee4f7-157b-4461-8c8d-327a3a6e6010 | ITER: 6 END: OK
2019-06-09 06:53:35.858 3474 INFO rally.task.runner [-] Task fddee4f7-157b-4461-8c8d-327a3a6e6010 | ITER: 10 START
2019-06-09 06:53:36.008 3475 INFO rally.task.runner [-] Task fddee4f7-157b-4461-8c8d-327a3a6e6010 | ITER: 8 END: OK
2019-06-09 06:53:36.122 3477 INFO rally.task.runner [-] Task fddee4f7-157b-4461-8c8d-327a3a6e6010 | ITER: 7 END: OK
2019-06-09 06:53:39.213 3476 INFO rally.task.runner [-] Task fddee4f7-157b-4461-8c8d-327a3a6e6010 | ITER: 9 END: OK
2019-06-09 06:53:39.523 3474 INFO rally.task.runner [-] Task fddee4f7-157b-4461-8c8d-327a3a6e6010 | ITER: 10 END: OK
2019-06-09 06:53:39.552 1842 INFO rally.task.context [-] Task fddee4f7-157b-4461-8c8d-327a3a6e6010 | Context cleanup@openstack cleanup() started
2019-06-09 06:53:39.554 1842 RALLYDEBUG rally_openstack.cleanup.manager [-] Cleaning up cinder backups objects
2019-06-09 06:53:41.750 1842 RALLYDEBUG rally_openstack.cleanup.manager [-] Cleaning up cinder volume_snapshots objects
2019-06-09 06:53:44.160 1842 RALLYDEBUG rally_openstack.cleanup.manager [-] Cleaning up cinder transfers objects
2019-06-09 06:53:46.340 1842 RALLYDEBUG rally_openstack.cleanup.manager [-] Cleaning up cinder volumes objects
2019-06-09 06:53:48.756 1842 RALLYDEBUG rally_openstack.cleanup.manager [-] Deleting cinder.volumes object s_rally_af1085cc_jbWfQN4I (2f542547-7b1c-4751-894e-02464e056a38)
2019-06-09 06:53:48.761 1842 RALLYDEBUG rally_openstack.cleanup.manager [-] Deleting cinder.volumes object s_rally_af1085cc_o26vF37V (d1494557-5176-4187-8405-8dcf07440a78)
2019-06-09 06:53:48.762 1842 RALLYDEBUG rally_openstack.cleanup.manager [-] Deleting cinder.volumes object s_rally_af1085cc_9snSmtXa (d91d0600-7443-4d0f-b9f1-3328be1b5cba)
2019-06-09 06:53:48.762 1842 RALLYDEBUG rally_openstack.cleanup.manager [-] Deleting cinder.volumes object s_rally_af1085cc_8FBx2YYG (e6da40e7-1a35-463f-a047-eb90702976b1)
2019-06-09 06:53:48.762 1842 RALLYDEBUG rally_openstack.cleanup.manager [-] Deleting cinder.volumes object s_rally_af1085cc_bF9kmILE (42af2706-37be-422f-b07b-59431eb19084)
2019-06-09 06:53:48.763 1842 RALLYDEBUG rally_openstack.cleanup.manager [-] Deleting cinder.volumes object s_rally_af1085cc_eYzTe03t (034b9b6f-4962-4175-bef6-537e57c6d3c1)
2019-06-09 06:53:48.764 1842 RALLYDEBUG rally_openstack.cleanup.manager [-] Deleting cinder.volumes object s_rally_af1085cc_m9wZSGuJ (7b446ee5-2b24-40c5-a8e3-54e5a27d65a1)
2019-06-09 06:53:48.766 1842 RALLYDEBUG rally_openstack.cleanup.manager [-] Deleting cinder.volumes object s_rally_af1085cc_WmlYjfgG (e3dd7bb0-399a-4666-80ba-928ee43c2f5c)
2019-06-09 06:53:48.775 1842 RALLYDEBUG rally_openstack.cleanup.manager [-] Deleting cinder.volumes object s_rally_af1085cc_bpkhfuEb (88c8c672-c1a2-4e68-bada-2ea55ceb22c2)
2019-06-09 06:53:48.777 1842 RALLYDEBUG rally_openstack.cleanup.manager [-] Deleting cinder.volumes object s_rally_af1085cc_Dmrs4rGh (c7462011-b835-4704-8677-0733945d7b01)
2019-06-09 06:53:53.771 1842 INFO rally.task.context [-] Task fddee4f7-157b-4461-8c8d-327a3a6e6010 | Context cleanup@openstack cleanup() finished in 14.22 sec
2019-06-09 06:53:53.772 1842 INFO rally.task.context [-] Task fddee4f7-157b-4461-8c8d-327a3a6e6010 | Context api_versions@openstack cleanup() started
2019-06-09 06:53:53.772 1842 INFO rally.task.context [-] Task fddee4f7-157b-4461-8c8d-327a3a6e6010 | Context api_versions@openstack cleanup() finished in 0.33 msec
2019-06-09 06:53:53.772 1842 INFO rally.task.context [-] Task fddee4f7-157b-4461-8c8d-327a3a6e6010 | Context users@openstack cleanup() started
2019-06-09 06:54:02.132 1842 INFO rally.task.context [-] Task fddee4f7-157b-4461-8c8d-327a3a6e6010 | Context users@openstack cleanup() finished in 8.36 sec
2019-06-09 06:54:02.987 1842 INFO rally.task.engine [-] Load duration is: 11.37634
2019-06-09 06:54:02.987 1842 INFO rally.task.engine [-] Full runner duration is: 11.428361
2019-06-09 06:54:02.988 1842 INFO rally.task.engine [-] Full duration is: 39.355821
2019-06-09 06:54:03.144 1842 INFO rally.task.engine [-] Running workload: position = 1 config = { "version": 2, "title": "A cropped version of a bigger task.", "description": "Auto-generated task from a single workload (uuid=e06faf8a-d0db-4168-9d57-1c2f9b7cfa34)", "subtasks": [ { "title": "CinderVolumes.create_volume", "description": "Create a volume.", "scenario": { "CinderVolumes.create_volume": { "size": { "min": 1, "max": 1 } } }, "contexts": { "users": { "tenants": 3, "users_per_tenant": 2 }, "quotas": { "cinder": { "gigabytes": -1, "snapshots": -1, "volumes": -1 } }, "api_versions": { "cinder": { "version": 3, "service_type": "volumev3" } } }, "runner": { "constant": { "concurrency": 4, "times": 10 } }, "hooks": [], "sla": { "failure_rate": { "max": 0 } } } ] }
2019-06-09 06:54:03.167 1842 RALLYDEBUG rally_openstack.contexts.keystone.users [-] Creating 3 tenants using 20 threads
2019-06-09 06:54:04.931 1842 RALLYDEBUG rally_openstack.contexts.keystone.users [-] Creating 6 users using 20 threads
2019-06-09 06:54:07.721 1842 INFO rally.task.context [-] Task fddee4f7-157b-4461-8c8d-327a3a6e6010 | Context users@openstack setup() finished in 4.55 sec
2019-06-09 06:54:08.174 1842 INFO rally.task.context [-] Task fddee4f7-157b-4461-8c8d-327a3a6e6010 | Context api_versions@openstack setup() finished in 0.45 sec
2019-06-09 06:54:09.891 1842 INFO rally.task.context [-] Task fddee4f7-157b-4461-8c8d-327a3a6e6010 | Context quotas@openstack setup() finished in 1.72 sec
2019-06-09 06:54:09.891 1842 INFO rally.task.context [-] Task fddee4f7-157b-4461-8c8d-327a3a6e6010 | Context cleanup@openstack setup() finished in 0.01 msec
2019-06-09 06:54:09.899 1842 RALLYDEBUG rally.task.runner [-] Starting the constant runner (task UUID: fddee4f7-157b-4461-8c8d-327a3a6e6010). timeout: 0 concurrency: 4 concurrency_per_worker: 1 times: 10 concurrency_overhead: 0 processes_to_start: 4 max_cpu_used: 16
2019-06-09 06:54:09.912 3658 RALLYDEBUG rally.task.runner [-] Starting a worker. concurrency: 1 args: {"size": {"min": 1, "max": 1}} times: 10 method_name: run timeout: 0 duration: None cls:
2019-06-09 06:54:09.915 3659 RALLYDEBUG rally.task.runner [-] Starting a worker. concurrency: 1 args: {"size": {"min": 1, "max": 1}} times: 10 method_name: run timeout: 0 duration: None cls:
2019-06-09 06:54:09.917 3660 RALLYDEBUG rally.task.runner [-] Starting a worker. concurrency: 1 args: {"size": {"min": 1, "max": 1}} times: 10 method_name: run timeout: 0 duration: None cls:
2019-06-09 06:54:09.920 3658 INFO rally.task.runner [-] Task fddee4f7-157b-4461-8c8d-327a3a6e6010 | ITER: 1 START
2019-06-09 06:54:09.921 3661 RALLYDEBUG rally.task.runner [-] Starting a worker. concurrency: 1 args: {"size": {"min": 1, "max": 1}} times: 10 method_name: run timeout: 0 duration: None cls:
2019-06-09 06:54:09.923 3659 INFO rally.task.runner [-] Task fddee4f7-157b-4461-8c8d-327a3a6e6010 | ITER: 2 START
2019-06-09 06:54:09.924 3660 INFO rally.task.runner [-] Task fddee4f7-157b-4461-8c8d-327a3a6e6010 | ITER: 3 START
2019-06-09 06:54:09.929 3661 INFO rally.task.runner [-] Task fddee4f7-157b-4461-8c8d-327a3a6e6010 | ITER: 4 START
2019-06-09 06:54:13.564 3658 INFO rally.task.runner [-] Task fddee4f7-157b-4461-8c8d-327a3a6e6010 | ITER: 1 END: OK
2019-06-09 06:54:13.570 3658 INFO rally.task.runner [-] Task fddee4f7-157b-4461-8c8d-327a3a6e6010 | ITER: 5 START
2019-06-09 06:54:13.632 3660 INFO rally.task.runner [-] Task fddee4f7-157b-4461-8c8d-327a3a6e6010 | ITER: 3 END: OK
2019-06-09 06:54:13.638 3660 INFO rally.task.runner [-] Task fddee4f7-157b-4461-8c8d-327a3a6e6010 | ITER: 6 START
2019-06-09 06:54:13.666 3659 INFO rally.task.runner [-] Task fddee4f7-157b-4461-8c8d-327a3a6e6010 | ITER: 2 END: OK
2019-06-09 06:54:13.672 3659 INFO rally.task.runner [-] Task fddee4f7-157b-4461-8c8d-327a3a6e6010 | ITER: 7 START
2019-06-09 06:54:13.800 3661 INFO rally.task.runner [-] Task fddee4f7-157b-4461-8c8d-327a3a6e6010 | ITER: 4 END: OK
2019-06-09 06:54:13.806 3661 INFO rally.task.runner [-] Task fddee4f7-157b-4461-8c8d-327a3a6e6010 | ITER: 8 START
2019-06-09 06:54:17.200 3658 INFO rally.task.runner [-] Task fddee4f7-157b-4461-8c8d-327a3a6e6010 | ITER: 5 END: OK
2019-06-09 06:54:17.205 3658 INFO rally.task.runner [-] Task fddee4f7-157b-4461-8c8d-327a3a6e6010 | ITER: 9 START
2019-06-09 06:54:17.294 3659 INFO rally.task.runner [-] Task fddee4f7-157b-4461-8c8d-327a3a6e6010 | ITER: 7 END: OK
2019-06-09 06:54:17.299 3659 INFO rally.task.runner [-] Task fddee4f7-157b-4461-8c8d-327a3a6e6010 | ITER: 10 START
2019-06-09 06:54:17.360 3660 INFO rally.task.runner [-] Task fddee4f7-157b-4461-8c8d-327a3a6e6010 | ITER: 6 END: OK
2019-06-09 06:54:17.419 3661 INFO rally.task.runner [-] Task fddee4f7-157b-4461-8c8d-327a3a6e6010 | ITER: 8 END: OK
2019-06-09 06:54:20.793 3659 INFO rally.task.runner [-] Task fddee4f7-157b-4461-8c8d-327a3a6e6010 | ITER: 10 END: OK
2019-06-09 06:54:20.884 3658 INFO rally.task.runner [-] Task fddee4f7-157b-4461-8c8d-327a3a6e6010 | ITER: 9 END: OK
2019-06-09 06:54:20.913 1842 INFO rally.task.context [-] Task fddee4f7-157b-4461-8c8d-327a3a6e6010 | Context cleanup@openstack cleanup() started
2019-06-09 06:54:20.915 1842 RALLYDEBUG rally_openstack.cleanup.manager [-] Cleaning up cinder backups objects
2019-06-09 06:54:23.063 1842 RALLYDEBUG rally_openstack.cleanup.manager [-] Cleaning up cinder volume_snapshots objects
2019-06-09 06:54:25.185 1842 RALLYDEBUG rally_openstack.cleanup.manager [-] Cleaning up cinder transfers objects
2019-06-09 06:54:27.423 1842 RALLYDEBUG rally_openstack.cleanup.manager [-] Cleaning up cinder volumes objects
2019-06-09 06:54:29.666 1842 RALLYDEBUG rally_openstack.cleanup.manager [-] Deleting cinder.volumes object s_rally_e06faf8a_FxJEw1Aw (dc060422-dbd5-4f9e-856e-bf4752a0344d)
2019-06-09 06:54:29.666 1842 RALLYDEBUG rally_openstack.cleanup.manager [-] Deleting cinder.volumes object s_rally_e06faf8a_BkNIadS2 (adc3e5c4-d49a-417d-8555-5ae2c9f80ae5)
2019-06-09 06:54:29.671 1842 RALLYDEBUG rally_openstack.cleanup.manager [-] Deleting cinder.volumes object s_rally_e06faf8a_9wL7nDCa (b2453736-6ce4-4be8-b877-d473f021852f)
2019-06-09 06:54:29.674 1842 RALLYDEBUG rally_openstack.cleanup.manager [-] Deleting cinder.volumes object s_rally_e06faf8a_JbA3Hmbc (4a4eaa8f-8485-4591-95c5-cd8f526b3c14)
2019-06-09 06:54:29.676 1842 RALLYDEBUG rally_openstack.cleanup.manager [-] Deleting cinder.volumes object s_rally_e06faf8a_alptyYd6 (238cefd3-d6fc-4d29-b744-c026995e0b0c)
2019-06-09 06:54:29.676 1842 RALLYDEBUG rally_openstack.cleanup.manager [-] Deleting cinder.volumes object s_rally_e06faf8a_LnJuxWbd (58e2d219-143f-4cb6-b3e8-a1851351b207)
2019-06-09 06:54:29.695 1842 RALLYDEBUG rally_openstack.cleanup.manager [-] Deleting cinder.volumes object s_rally_e06faf8a_K6VwhrSh (79b189a2-dcb3-4a32-a145-85448e24418a)
2019-06-09 06:54:29.698 1842 RALLYDEBUG rally_openstack.cleanup.manager [-] Deleting cinder.volumes object s_rally_e06faf8a_eQioJZ7n (4fba02c8-29cf-414e-a568-44ab16798cb5)
2019-06-09 06:54:29.703 1842 RALLYDEBUG rally_openstack.cleanup.manager [-] Deleting cinder.volumes object s_rally_e06faf8a_1lm21wTd (316b53fa-db56-4a8c-9897-62b9eaf385ab)
2019-06-09 06:54:29.718 1842 RALLYDEBUG rally_openstack.cleanup.manager [-] Deleting cinder.volumes object s_rally_e06faf8a_BlJ5NOQA (3e772aad-b4b4-4f46-83ba-a694005d2e0b)
2019-06-09 06:54:33.710 1842 INFO rally.task.context [-] Task fddee4f7-157b-4461-8c8d-327a3a6e6010 | Context cleanup@openstack cleanup() finished in 12.80 sec
2019-06-09 06:54:33.710 1842 INFO rally.task.context [-] Task fddee4f7-157b-4461-8c8d-327a3a6e6010 | Context quotas@openstack cleanup() started
2019-06-09 06:54:34.486 1842 INFO rally.task.context [-] Task fddee4f7-157b-4461-8c8d-327a3a6e6010 | Context quotas@openstack cleanup() finished in 0.78 sec
2019-06-09 06:54:34.486 1842 INFO rally.task.context [-] Task fddee4f7-157b-4461-8c8d-327a3a6e6010 | Context api_versions@openstack cleanup() started
2019-06-09 06:54:34.487 1842 INFO rally.task.context [-] Task fddee4f7-157b-4461-8c8d-327a3a6e6010 | Context api_versions@openstack cleanup() finished in 0.29 msec
2019-06-09 06:54:34.487 1842 INFO rally.task.context [-] Task fddee4f7-157b-4461-8c8d-327a3a6e6010 | Context users@openstack cleanup() started
2019-06-09 06:54:42.683 1842 INFO rally.task.context [-] Task fddee4f7-157b-4461-8c8d-327a3a6e6010 | Context users@openstack cleanup() finished in 8.20 sec
2019-06-09 06:54:43.374 1842 INFO rally.task.engine [-] Load duration is: 10.958676
2019-06-09 06:54:43.374 1842 INFO rally.task.engine [-] Full runner duration is: 11.013813
2019-06-09 06:54:43.374 1842 INFO rally.task.engine [-] Full duration is: 39.522357
2019-06-09 06:54:43.594 1842 INFO rally.task.engine [-] Running workload: position = 0 config = { "version": 2, "title": "A cropped version of a bigger task.", "description": "Auto-generated task from a single workload (uuid=77d22005-c798-4c36-880f-15d928a2b73b)", "subtasks": [ { "title": "CinderVolumes.list_volumes", "description": "List all volumes.", "scenario": { "CinderVolumes.list_volumes": { "detailed": true } }, "contexts": { "users": { "tenants": 3, "users_per_tenant": 2 }, "quotas": { "cinder": { "gigabytes": -1, "snapshots": -1, "volumes": -1 } }, "api_versions": { "cinder": { "version": 3, "service_type": "volumev3" } }, "volumes": { "size": 1, "volumes_per_tenant": 4 } }, "runner": { "constant": { "concurrency": 4, "times": 10 } }, "hooks": [], "sla": { "failure_rate": { "max": 0 } } } ] }
2019-06-09 06:54:43.617 1842 RALLYDEBUG rally_openstack.contexts.keystone.users [-] Creating 3 tenants using 20 threads
2019-06-09 06:54:45.482 1842 RALLYDEBUG rally_openstack.contexts.keystone.users [-] Creating 6 users using 20 threads
2019-06-09 06:54:48.218 1842 INFO rally.task.context [-] Task fddee4f7-157b-4461-8c8d-327a3a6e6010 | Context users@openstack setup() finished in 4.60 sec
2019-06-09 06:54:48.652 1842 INFO rally.task.context [-] Task fddee4f7-157b-4461-8c8d-327a3a6e6010 | Context api_versions@openstack setup() finished in 0.43 sec
2019-06-09 06:54:50.421 1842 INFO rally.task.context [-] Task fddee4f7-157b-4461-8c8d-327a3a6e6010 | Context quotas@openstack setup() finished in 1.77 sec
2019-06-09 06:55:27.806 1842 INFO rally.task.context [-] Task fddee4f7-157b-4461-8c8d-327a3a6e6010 | Context volumes@openstack setup() finished in 37.38 sec
2019-06-09 06:55:27.815 1842 RALLYDEBUG rally.task.runner [-] Starting the constant runner (task UUID: fddee4f7-157b-4461-8c8d-327a3a6e6010). timeout: 0 concurrency: 4 concurrency_per_worker: 1 times: 10 concurrency_overhead: 0 processes_to_start: 4 max_cpu_used: 16
2019-06-09 06:55:27.827 3842 RALLYDEBUG rally.task.runner [-] Starting a worker. concurrency: 1 args: {"detailed": true} times: 10 method_name: run timeout: 0 duration: None cls:
2019-06-09 06:55:27.830 3843 RALLYDEBUG rally.task.runner [-] Starting a worker. concurrency: 1 args: {"detailed": true} times: 10 method_name: run timeout: 0 duration: None cls:
2019-06-09 06:55:27.833 3844 RALLYDEBUG rally.task.runner [-] Starting a worker. concurrency: 1 args: {"detailed": true} times: 10 method_name: run timeout: 0 duration: None cls:
2019-06-09 06:55:27.836 3842 INFO rally.task.runner [-] Task fddee4f7-157b-4461-8c8d-327a3a6e6010 | ITER: 1 START
2019-06-09 06:55:27.836 3845 RALLYDEBUG rally.task.runner [-] Starting a worker. concurrency: 1 args: {"detailed": true} times: 10 method_name: run timeout: 0 duration: None cls:
2019-06-09 06:55:27.839 3843 INFO rally.task.runner [-] Task fddee4f7-157b-4461-8c8d-327a3a6e6010 | ITER: 2 START
2019-06-09 06:55:27.842 3844 INFO rally.task.runner [-] Task fddee4f7-157b-4461-8c8d-327a3a6e6010 | ITER: 3 START
2019-06-09 06:55:27.847 3845 INFO rally.task.runner [-] Task fddee4f7-157b-4461-8c8d-327a3a6e6010 | ITER: 4 START
2019-06-09 06:55:28.560 3845 INFO rally.task.runner [-] Task fddee4f7-157b-4461-8c8d-327a3a6e6010 | ITER: 4 END: OK
2019-06-09 06:55:28.567 3845 INFO rally.task.runner [-] Task fddee4f7-157b-4461-8c8d-327a3a6e6010 | ITER: 5 START
2019-06-09 06:55:28.626 3844 INFO rally.task.runner [-] Task fddee4f7-157b-4461-8c8d-327a3a6e6010 | ITER: 3 END: OK
2019-06-09 06:55:28.632 3844 INFO rally.task.runner [-] Task fddee4f7-157b-4461-8c8d-327a3a6e6010 | ITER: 6 START
2019-06-09 06:55:28.639 3842 INFO rally.task.runner [-] Task fddee4f7-157b-4461-8c8d-327a3a6e6010 | ITER: 1 END: OK
2019-06-09 06:55:28.644 3842 INFO rally.task.runner [-] Task fddee4f7-157b-4461-8c8d-327a3a6e6010 | ITER: 7 START
2019-06-09 06:55:28.655 3843 INFO rally.task.runner [-] Task fddee4f7-157b-4461-8c8d-327a3a6e6010 | ITER: 2 END: OK
2019-06-09 06:55:28.660 3843 INFO rally.task.runner [-] Task fddee4f7-157b-4461-8c8d-327a3a6e6010 | ITER: 8 START
2019-06-09 06:55:29.374 3845 INFO rally.task.runner [-] Task fddee4f7-157b-4461-8c8d-327a3a6e6010 | ITER: 5 END: OK
2019-06-09 06:55:29.380 3845 INFO rally.task.runner [-] Task fddee4f7-157b-4461-8c8d-327a3a6e6010 | ITER: 9 START
2019-06-09 06:55:29.453 3844 INFO rally.task.runner [-] Task fddee4f7-157b-4461-8c8d-327a3a6e6010 | ITER: 6 END: OK
2019-06-09 06:55:29.458 3844 INFO rally.task.runner [-] Task fddee4f7-157b-4461-8c8d-327a3a6e6010 | ITER: 10 START
2019-06-09 06:55:29.462 3843 INFO rally.task.runner [-] Task fddee4f7-157b-4461-8c8d-327a3a6e6010 | ITER: 8 END: OK
2019-06-09 06:55:29.495 3842 INFO rally.task.runner [-] Task fddee4f7-157b-4461-8c8d-327a3a6e6010 | ITER: 7 END: OK
2019-06-09 06:55:30.200 3845 INFO rally.task.runner [-] Task fddee4f7-157b-4461-8c8d-327a3a6e6010 | ITER: 9 END: OK
2019-06-09 06:55:30.262 3844 INFO rally.task.runner [-] Task fddee4f7-157b-4461-8c8d-327a3a6e6010 | ITER: 10 END: OK
2019-06-09 06:55:30.288 1842 INFO rally.task.context [-] Task fddee4f7-157b-4461-8c8d-327a3a6e6010 | Context volumes@openstack cleanup() started
2019-06-09 06:55:30.289 1842 RALLYDEBUG rally_openstack.cleanup.manager [-] Cleaning up cinder volumes objects
2019-06-09 06:55:32.738 1842 RALLYDEBUG rally_openstack.cleanup.manager [-] Deleting cinder.volumes object c_rally_77d22005_stypEo4b (276701bf-385f-45c1-892b-417d859bdfc5)
2019-06-09 06:55:32.742 1842 RALLYDEBUG rally_openstack.cleanup.manager [-] Deleting cinder.volumes object c_rally_77d22005_muYN5ynO (d24dade7-ebf2-46ae-b5a3-8f47feb4f632)
2019-06-09 06:55:32.747 1842 RALLYDEBUG rally_openstack.cleanup.manager [-] Deleting cinder.volumes object c_rally_77d22005_npQOTcTb (dffda283-8eef-4bff-a28e-f7a00bb2c976)
2019-06-09 06:55:32.751 1842 RALLYDEBUG rally_openstack.cleanup.manager [-] Deleting cinder.volumes object c_rally_77d22005_REx3wBHs (094503bc-ba8b-4861-89bb-634747aa87f4)
2019-06-09 06:55:32.758 1842 RALLYDEBUG rally_openstack.cleanup.manager [-] Deleting cinder.volumes object c_rally_77d22005_iza8D7U8 (3f31bb10-7722-4e09-86c1-6133eed2f07a)
2019-06-09 06:55:32.762 1842 RALLYDEBUG rally_openstack.cleanup.manager [-] Deleting cinder.volumes object c_rally_77d22005_wdLfomHt (9f2fd595-fe09-4088-8fa8-c81aa7daade4)
2019-06-09 06:55:32.764 1842 RALLYDEBUG rally_openstack.cleanup.manager [-] Deleting cinder.volumes object c_rally_77d22005_jwZUVL6W (41a508e0-747b-4b8b-bdca-d2887d2bad72)
2019-06-09 06:55:32.776 1842 RALLYDEBUG rally_openstack.cleanup.manager [-] Deleting cinder.volumes object c_rally_77d22005_OMH84e8j (ac42fa9b-ebdf-4bb9-8df4-0b466ebbbc27)
2019-06-09 06:55:32.785 1842 RALLYDEBUG rally_openstack.cleanup.manager [-] Deleting cinder.volumes object c_rally_77d22005_OGK2u461 (73edc980-4ab2-493c-b066-e565f3f3a8d7)
2019-06-09 06:55:32.794 1842 RALLYDEBUG rally_openstack.cleanup.manager [-] Deleting cinder.volumes object c_rally_77d22005_4R4rrJbz (cfe6c7a3-5d08-4e64-88b6-bf1a0faa9e80)
2019-06-09 06:55:32.799 1842 RALLYDEBUG rally_openstack.cleanup.manager [-] Deleting cinder.volumes object c_rally_77d22005_akoabsmM (b7d43b75-97e0-472f-849d-bbd779d477b7)
2019-06-09 06:55:32.815 1842 RALLYDEBUG rally_openstack.cleanup.manager [-] Deleting cinder.volumes object c_rally_77d22005_rZmlnikq (bcfa1d7d-c679-42f0-80ef-805d8cb6085b)
2019-06-09 06:55:38.086 1842 INFO rally.task.context [-] Task fddee4f7-157b-4461-8c8d-327a3a6e6010 | Context volumes@openstack cleanup() finished in 7.80 sec
2019-06-09 06:55:38.087 1842 INFO rally.task.context [-] Task fddee4f7-157b-4461-8c8d-327a3a6e6010 | Context quotas@openstack cleanup() started
2019-06-09 06:55:39.097 1842 INFO rally.task.context [-] Task fddee4f7-157b-4461-8c8d-327a3a6e6010 | Context quotas@openstack cleanup() finished in 1.01 sec
2019-06-09 06:55:39.097 1842 INFO rally.task.context [-] Task fddee4f7-157b-4461-8c8d-327a3a6e6010 | Context api_versions@openstack cleanup() started
2019-06-09 06:55:39.098 1842 INFO rally.task.context [-] Task fddee4f7-157b-4461-8c8d-327a3a6e6010 | Context api_versions@openstack cleanup() finished in 0.31 msec
2019-06-09 06:55:39.098 1842 INFO rally.task.context [-] Task fddee4f7-157b-4461-8c8d-327a3a6e6010 | Context users@openstack cleanup() started
2019-06-09 06:55:47.996 1842 INFO rally.task.context [-] Task fddee4f7-157b-4461-8c8d-327a3a6e6010 | Context users@openstack cleanup() finished in 8.90 sec
2019-06-09 06:55:49.867 1842 INFO rally.task.engine [-] Load duration is: 2.42145
2019-06-09 06:55:49.867 1842 INFO rally.task.engine [-] Full runner duration is: 2.475108
2019-06-09 06:55:49.868 1842 INFO rally.task.engine [-] Full duration is: 64.383034
2019-06-09 06:55:50.121 1842 INFO rally.task.engine [-] Running workload: position = 0 config = { "version": 2, "title": "A cropped version of a bigger task.", "description": "Auto-generated task from a single workload (uuid=73505703-ca6b-43a6-9899-ba08d782d726)", "subtasks": [ { "title": "CinderVolumes.create_and_delete_snapshot", "description": "Create and then delete a volume-snapshot.", "scenario": { "CinderVolumes.create_and_delete_snapshot": { "force": false } }, "contexts": { "users": { "tenants": 3, "users_per_tenant": 2 }, "quotas": { "cinder": { "gigabytes": -1, "snapshots": -1, "volumes": -1 } }, "api_versions": { "cinder": { "version": 3, "service_type": "volumev3" } }, "volumes": { "size": 1, "volumes_per_tenant": 1 } }, "runner": { "constant": { "concurrency": 4, "times": 10 } }, "hooks": [], "sla": { "failure_rate": { "max": 0 } } } ] }
2019-06-09 06:55:50.144 1842 RALLYDEBUG rally_openstack.contexts.keystone.users [-] Creating 3 tenants using 20 threads
2019-06-09 06:55:52.057 1842 RALLYDEBUG rally_openstack.contexts.keystone.users [-] Creating 6 users using 20 threads
2019-06-09 06:55:54.828 1842 INFO rally.task.context [-] Task fddee4f7-157b-4461-8c8d-327a3a6e6010 | Context users@openstack setup() finished in 4.68 sec
2019-06-09 06:55:55.266 1842 INFO rally.task.context [-] Task fddee4f7-157b-4461-8c8d-327a3a6e6010 | Context api_versions@openstack setup() finished in 0.44 sec
2019-06-09 06:55:56.995 1842 INFO rally.task.context [-] Task fddee4f7-157b-4461-8c8d-327a3a6e6010 | Context quotas@openstack setup() finished in 1.73 sec
2019-06-09 06:56:08.177 1842 INFO rally.task.context [-] Task fddee4f7-157b-4461-8c8d-327a3a6e6010 | Context volumes@openstack setup() finished in 11.18 sec
2019-06-09 06:56:08.178 1842 INFO rally.task.context [-] Task fddee4f7-157b-4461-8c8d-327a3a6e6010 | Context cleanup@openstack setup() finished in 0.02 msec
2019-06-09 06:56:08.191 1842 RALLYDEBUG rally.task.runner [-] Starting the constant runner (task UUID: fddee4f7-157b-4461-8c8d-327a3a6e6010). timeout: 0 concurrency: 4 concurrency_per_worker: 1 times: 10 concurrency_overhead: 0 processes_to_start: 4 max_cpu_used: 16
2019-06-09 06:56:08.206 3966 RALLYDEBUG rally.task.runner [-] Starting a worker. concurrency: 1 args: {"force": false} times: 10 method_name: run timeout: 0 duration: None cls:
2019-06-09 06:56:08.207 3967 RALLYDEBUG rally.task.runner [-] Starting a worker. concurrency: 1 args: {"force": false} times: 10 method_name: run timeout: 0 duration: None cls:
2019-06-09 06:56:08.211 3968 RALLYDEBUG rally.task.runner [-] Starting a worker. concurrency: 1 args: {"force": false} times: 10 method_name: run timeout: 0 duration: None cls:
2019-06-09 06:56:08.219 3969 RALLYDEBUG rally.task.runner [-] Starting a worker. concurrency: 1 args: {"force": false} times: 10 method_name: run timeout: 0 duration: None cls:
2019-06-09 06:56:08.224 3966 INFO rally.task.runner [-] Task fddee4f7-157b-4461-8c8d-327a3a6e6010 | ITER: 1 START
2019-06-09 06:56:08.224 3967 INFO rally.task.runner [-] Task fddee4f7-157b-4461-8c8d-327a3a6e6010 | ITER: 2 START
2019-06-09 06:56:08.226 3968 INFO rally.task.runner [-] Task fddee4f7-157b-4461-8c8d-327a3a6e6010 | ITER: 3 START
2019-06-09 06:56:08.226 3969 INFO rally.task.runner [-] Task fddee4f7-157b-4461-8c8d-327a3a6e6010 | ITER: 4 START
2019-06-09 06:56:12.404 3968 RALLYDEBUG rally.task.utils [-] Waiting for resource s_rally_73505703_h1RE6goJ. Status changed: AVAILABLE => DELETING in 0.224586963654
2019-06-09 06:56:12.434 3966 RALLYDEBUG rally.task.utils [-] Waiting for resource s_rally_73505703_jqqM7buo. Status changed: AVAILABLE => DELETING in 0.324222803116
2019-06-09 06:56:12.444 3969 RALLYDEBUG rally.task.utils [-] Waiting for resource s_rally_73505703_KiKw1uqb. Status changed: AVAILABLE => DELETING in 0.365705013275
2019-06-09 06:56:12.525 3967 RALLYDEBUG rally.task.utils [-] Waiting for resource s_rally_73505703_1VqgzfvV. Status changed: AVAILABLE => DELETING in 0.362949132919
2019-06-09 06:56:14.649 3968 INFO rally.task.runner [-] Task fddee4f7-157b-4461-8c8d-327a3a6e6010 | ITER: 3 END: OK
2019-06-09 06:56:14.654 3968 INFO rally.task.runner [-] Task fddee4f7-157b-4461-8c8d-327a3a6e6010 | ITER: 5 START
2019-06-09 06:56:14.742 3966 INFO rally.task.runner [-] Task fddee4f7-157b-4461-8c8d-327a3a6e6010 | ITER: 1 END: OK
2019-06-09 06:56:14.747 3966 INFO rally.task.runner [-] Task fddee4f7-157b-4461-8c8d-327a3a6e6010 | ITER: 6 START
2019-06-09 06:56:14.758 3969 INFO rally.task.runner [-] Task fddee4f7-157b-4461-8c8d-327a3a6e6010 | ITER: 4 END: OK
2019-06-09 06:56:14.763 3969 INFO rally.task.runner [-] Task fddee4f7-157b-4461-8c8d-327a3a6e6010 | ITER: 7 START
2019-06-09 06:56:14.845 3967 INFO rally.task.runner [-] Task fddee4f7-157b-4461-8c8d-327a3a6e6010 | ITER: 2 END: OK
2019-06-09 06:56:14.851 3967 INFO rally.task.runner [-] Task fddee4f7-157b-4461-8c8d-327a3a6e6010 | ITER: 8 START
2019-06-09 06:56:18.752 3968 RALLYDEBUG rally.task.utils [-] Waiting for resource s_rally_73505703_zwWWGkud. Status changed: AVAILABLE => DELETING in 0.232169866562
2019-06-09 06:56:18.765 3966 RALLYDEBUG rally.task.utils [-] Waiting for resource s_rally_73505703_PJS4LvyR. Status changed: AVAILABLE => DELETING in 0.29859995842
2019-06-09 06:56:18.781 3969 RALLYDEBUG rally.task.utils [-] Waiting for resource s_rally_73505703_2amGodD5. Status changed: AVAILABLE => DELETING in 0.302937030792
2019-06-09 06:56:19.066 3967 RALLYDEBUG rally.task.utils [-] Waiting for resource s_rally_73505703_WBCPupZH. Status changed: AVAILABLE => DELETING in 0.311834812164
2019-06-09 06:56:21.047 3968 INFO rally.task.runner [-] Task fddee4f7-157b-4461-8c8d-327a3a6e6010 | ITER: 5 END: OK
2019-06-09 06:56:21.052 3968 INFO rally.task.runner [-] Task fddee4f7-157b-4461-8c8d-327a3a6e6010 | ITER: 9 START
2019-06-09 06:56:21.053 3969 INFO rally.task.runner [-] Task fddee4f7-157b-4461-8c8d-327a3a6e6010 | ITER: 7 END: OK
2019-06-09 06:56:21.056 3969 INFO rally.task.runner [-] Task fddee4f7-157b-4461-8c8d-327a3a6e6010 | ITER: 10 START
2019-06-09 06:56:21.066 3966 INFO rally.task.runner [-] Task fddee4f7-157b-4461-8c8d-327a3a6e6010 | ITER: 6 END: OK
2019-06-09 06:56:21.331 3967 INFO rally.task.runner [-] Task fddee4f7-157b-4461-8c8d-327a3a6e6010 | ITER: 8 END: OK
2019-06-09 06:56:25.107 3968 RALLYDEBUG rally.task.utils [-] Waiting for resource s_rally_73505703_ChArxwNV. Status changed: AVAILABLE => DELETING in 0.304975032806
2019-06-09 06:56:25.107 3969 RALLYDEBUG rally.task.utils [-] Waiting for resource s_rally_73505703_4k1cINjT. Status changed: AVAILABLE => DELETING in 0.221675872803
2019-06-09 06:56:27.335 3969 INFO rally.task.runner [-] Task fddee4f7-157b-4461-8c8d-327a3a6e6010 | ITER: 10 END: OK
2019-06-09 06:56:27.432 3968 INFO rally.task.runner [-] Task fddee4f7-157b-4461-8c8d-327a3a6e6010 | ITER: 9 END: OK
2019-06-09 06:56:27.452 1842 INFO rally.task.context [-] Task fddee4f7-157b-4461-8c8d-327a3a6e6010 | Context cleanup@openstack cleanup() started
2019-06-09 06:56:27.454 1842 RALLYDEBUG rally_openstack.cleanup.manager [-] Cleaning up cinder backups objects
2019-06-09 06:56:29.702 1842 RALLYDEBUG rally_openstack.cleanup.manager [-] Cleaning up cinder volume_snapshots objects
2019-06-09 06:56:31.846 1842 RALLYDEBUG rally_openstack.cleanup.manager [-] Cleaning up cinder transfers objects
2019-06-09 06:56:34.069 1842 RALLYDEBUG rally_openstack.cleanup.manager [-] Cleaning up cinder volumes objects
2019-06-09 06:56:36.416 1842 INFO rally.task.context [-] Task fddee4f7-157b-4461-8c8d-327a3a6e6010 | Context cleanup@openstack cleanup() finished in 8.96 sec
2019-06-09 06:56:36.417 1842 INFO rally.task.context [-] Task fddee4f7-157b-4461-8c8d-327a3a6e6010 | Context volumes@openstack cleanup() started
2019-06-09 06:56:36.417 1842 RALLYDEBUG rally_openstack.cleanup.manager [-] Cleaning up cinder volumes objects
2019-06-09 06:56:38.744 1842 RALLYDEBUG rally_openstack.cleanup.manager [-] Deleting cinder.volumes object c_rally_73505703_fXLNGd5R (4a44767d-d2c6-44e5-b4da-7b10fda8cec1)
2019-06-09 06:56:38.749 1842 RALLYDEBUG rally_openstack.cleanup.manager [-] Deleting cinder.volumes object c_rally_73505703_t8ekYa03 (b0bb6ed7-7589-4587-a3c5-c6cfa4fc3846)
2019-06-09 06:56:38.756 1842 RALLYDEBUG rally_openstack.cleanup.manager [-] Deleting cinder.volumes object c_rally_73505703_Jg8hUKug (187ab2cb-215a-44ff-a721-38a5a2627a25)
2019-06-09 06:56:42.308 1842 INFO rally.task.context [-] Task fddee4f7-157b-4461-8c8d-327a3a6e6010 | Context volumes@openstack cleanup() finished in 5.89 sec
2019-06-09 06:56:42.308 1842 INFO rally.task.context [-] Task fddee4f7-157b-4461-8c8d-327a3a6e6010 | Context quotas@openstack cleanup() started
2019-06-09 06:56:42.744 1842 INFO rally.task.context [-] Task fddee4f7-157b-4461-8c8d-327a3a6e6010 | Context quotas@openstack cleanup() finished in 0.44 sec
2019-06-09 06:56:42.744 1842 INFO rally.task.context [-] Task fddee4f7-157b-4461-8c8d-327a3a6e6010 | Context api_versions@openstack cleanup() started
2019-06-09 06:56:42.744 1842 INFO rally.task.context [-] Task fddee4f7-157b-4461-8c8d-327a3a6e6010 | Context api_versions@openstack cleanup() finished in 0.28 msec
2019-06-09 06:56:42.745 1842 INFO rally.task.context [-] Task fddee4f7-157b-4461-8c8d-327a3a6e6010 | Context users@openstack cleanup() started
2019-06-09 06:56:51.265 1842 INFO rally.task.context [-] Task fddee4f7-157b-4461-8c8d-327a3a6e6010 | Context users@openstack cleanup() finished in 8.52 sec
2019-06-09 06:56:52.392 1842 INFO rally.task.engine [-] Load duration is: 19.201539
2019-06-09 06:56:52.392 1842 INFO rally.task.engine [-] Full runner duration is: 19.261877
2019-06-09 06:56:52.393 1842 INFO rally.task.engine [-] Full duration is: 61.12469
2019-06-09 06:56:52.648 1842 INFO rally.task.engine [-] Running workload: position = 0 config = { "version": 2, "title": "A cropped version of a bigger task.", "description": "Auto-generated task from a single workload (uuid=7d496aee-7e87-4945-bfe8-948fa94bc22b)", "subtasks": [ { "title": "CinderVolumes.create_and_delete_volume", "description": "Create and then delete a volume.", "scenario": { "CinderVolumes.create_and_delete_volume": { "size": { "max": 1, "min": 1 } } }, "contexts": { "users": { "tenants": 3, "users_per_tenant": 2 }, "quotas": { "cinder": { "gigabytes": -1, "snapshots": -1, "volumes": -1 } }, "api_versions": { "cinder": { "version": 3, "service_type": "volumev3" } } }, "runner": { "constant": { "concurrency": 4, "times": 10 } }, "hooks": [], "sla": { "failure_rate": { "max": 0 } } } ] }
2019-06-09 06:56:52.671 1842 RALLYDEBUG rally_openstack.contexts.keystone.users [-] Creating 3 tenants using 20 threads
2019-06-09 06:56:54.794 1842 RALLYDEBUG rally_openstack.contexts.keystone.users [-] Creating 6 users using 20 threads
2019-06-09 06:56:57.661 1842 INFO rally.task.context [-] Task fddee4f7-157b-4461-8c8d-327a3a6e6010 | Context users@openstack setup() finished in 4.99 sec
2019-06-09 06:56:58.091 1842 INFO rally.task.context [-] Task fddee4f7-157b-4461-8c8d-327a3a6e6010 | Context api_versions@openstack setup() finished in 0.43 sec
2019-06-09 06:56:59.870 1842 INFO rally.task.context [-] Task fddee4f7-157b-4461-8c8d-327a3a6e6010 | Context quotas@openstack setup() finished in 1.78 sec
2019-06-09 06:56:59.870 1842 INFO rally.task.context [-] Task fddee4f7-157b-4461-8c8d-327a3a6e6010 | Context cleanup@openstack setup() finished in 0.01 msec
2019-06-09 06:56:59.879 1842 RALLYDEBUG rally.task.runner [-] Starting the constant runner (task UUID: fddee4f7-157b-4461-8c8d-327a3a6e6010). timeout: 0 concurrency: 4 concurrency_per_worker: 1 times: 10 concurrency_overhead: 0 processes_to_start: 4 max_cpu_used: 16
2019-06-09 06:56:59.892 4170 RALLYDEBUG rally.task.runner [-] Starting a worker. concurrency: 1 args: {"size": {"max": 1, "min": 1}} times: 10 method_name: run timeout: 0 duration: None cls:
2019-06-09 06:56:59.895 4171 RALLYDEBUG rally.task.runner [-] Starting a worker. concurrency: 1 args: {"size": {"max": 1, "min": 1}} times: 10 method_name: run timeout: 0 duration: None cls:
2019-06-09 06:56:59.898 4172 RALLYDEBUG rally.task.runner [-] Starting a worker. concurrency: 1 args: {"size": {"max": 1, "min": 1}} times: 10 method_name: run timeout: 0 duration: None cls:
2019-06-09 06:56:59.900 4170 INFO rally.task.runner [-] Task fddee4f7-157b-4461-8c8d-327a3a6e6010 | ITER: 1 START
2019-06-09 06:56:59.901 4173 RALLYDEBUG rally.task.runner [-] Starting a worker. concurrency: 1 args: {"size": {"max": 1, "min": 1}} times: 10 method_name: run timeout: 0 duration: None cls:
2019-06-09 06:56:59.904 4171 INFO rally.task.runner [-] Task fddee4f7-157b-4461-8c8d-327a3a6e6010 | ITER: 2 START
2019-06-09 06:56:59.907 4172 INFO rally.task.runner [-] Task fddee4f7-157b-4461-8c8d-327a3a6e6010 | ITER: 3 START
2019-06-09 06:56:59.911 4173 INFO rally.task.runner [-] Task fddee4f7-157b-4461-8c8d-327a3a6e6010 | ITER: 4 START
2019-06-09 06:57:04.102 4173 RALLYDEBUG rally.task.utils [-] Waiting for resource s_rally_7d496aee_ixk02fMe. Status changed: AVAILABLE => DELETING in 0.0547471046448
2019-06-09 06:57:04.372 4171 RALLYDEBUG rally.task.utils [-] Waiting for resource s_rally_7d496aee_ZwKdVhn7. Status changed: AVAILABLE => DELETING in 0.258484125137
2019-06-09 06:57:04.408 4170 RALLYDEBUG rally.task.utils [-] Waiting for resource s_rally_7d496aee_FGEvS0Qw. Status changed: AVAILABLE => DELETING in 0.348705053329
2019-06-09 06:57:04.534 4172 RALLYDEBUG rally.task.utils [-] Waiting for resource s_rally_7d496aee_QOFcgfU3. Status changed: AVAILABLE => DELETING in 0.348994016647
2019-06-09 06:57:06.141 4173 INFO rally.task.runner [-] Task fddee4f7-157b-4461-8c8d-327a3a6e6010 | ITER: 4 END: OK
2019-06-09 06:57:06.147 4173 INFO rally.task.runner [-] Task fddee4f7-157b-4461-8c8d-327a3a6e6010 | ITER: 5 START
2019-06-09 06:57:06.447 4170 INFO rally.task.runner [-] Task fddee4f7-157b-4461-8c8d-327a3a6e6010 | ITER: 1 END: OK
2019-06-09 06:57:06.453 4170 INFO rally.task.runner [-] Task fddee4f7-157b-4461-8c8d-327a3a6e6010 | ITER: 6 START
2019-06-09 06:57:06.596 4171 INFO rally.task.runner [-] Task fddee4f7-157b-4461-8c8d-327a3a6e6010 | ITER: 2 END: OK
2019-06-09 06:57:06.602 4171 INFO rally.task.runner [-] Task fddee4f7-157b-4461-8c8d-327a3a6e6010 | ITER: 7 START
2019-06-09 06:57:06.948 4172 INFO rally.task.runner [-] Task fddee4f7-157b-4461-8c8d-327a3a6e6010 | ITER: 3 END: OK
2019-06-09 06:57:06.952 4172 INFO rally.task.runner [-] Task fddee4f7-157b-4461-8c8d-327a3a6e6010 | ITER: 8 START
2019-06-09 06:57:10.476 4173 INFO rally.task.runner [-] Task fddee4f7-157b-4461-8c8d-327a3a6e6010 | ITER: 5 END: OK
2019-06-09 06:57:10.482 4173 INFO rally.task.runner [-] Task fddee4f7-157b-4461-8c8d-327a3a6e6010 | ITER: 9 START
2019-06-09 06:57:10.789 4171 RALLYDEBUG rally.task.utils [-] Waiting for resource s_rally_7d496aee_fcieVYHZ. Status changed: AVAILABLE => DELETING in 0.339713811874
2019-06-09 06:57:11.132 4170 RALLYDEBUG rally.task.utils [-] Waiting for resource s_rally_7d496aee_JJMiRT1M. Status changed: AVAILABLE => DELETING in 0.413593053818
2019-06-09 06:57:11.536 4172 RALLYDEBUG rally.task.utils [-] Waiting for resource s_rally_7d496aee_cQ8wlUxq. Status changed: AVAILABLE => DELETING in 0.477240085602
2019-06-09 06:57:12.833 4171 INFO rally.task.runner [-] Task fddee4f7-157b-4461-8c8d-327a3a6e6010 | ITER: 7 END: OK
2019-06-09 06:57:12.838 4171 INFO rally.task.runner [-] Task fddee4f7-157b-4461-8c8d-327a3a6e6010 | ITER: 10 START
2019-06-09 06:57:13.462 4170 INFO rally.task.runner [-] Task fddee4f7-157b-4461-8c8d-327a3a6e6010 | ITER: 6 END: OK
2019-06-09 06:57:13.768 4172 INFO rally.task.runner [-] Task fddee4f7-157b-4461-8c8d-327a3a6e6010 | ITER: 8 END: OK
2019-06-09 06:57:14.639 4173 RALLYDEBUG rally.task.utils [-] Waiting for resource s_rally_7d496aee_RSINdbzF. Status changed: AVAILABLE => DELETING in 0.25061917305
2019-06-09 06:57:16.691 4173 INFO rally.task.runner [-] Task fddee4f7-157b-4461-8c8d-327a3a6e6010 | ITER: 9 END: OK
2019-06-09 06:57:17.113 4171 INFO rally.task.runner [-] Task fddee4f7-157b-4461-8c8d-327a3a6e6010 | ITER: 10 END: OK
2019-06-09 06:57:17.133 1842 INFO rally.task.context [-] Task fddee4f7-157b-4461-8c8d-327a3a6e6010 | Context cleanup@openstack cleanup() started
2019-06-09 06:57:17.135 1842 RALLYDEBUG rally_openstack.cleanup.manager [-] Cleaning up cinder backups objects
2019-06-09 06:57:19.280 1842 RALLYDEBUG rally_openstack.cleanup.manager [-] Cleaning up cinder volume_snapshots objects
2019-06-09 06:57:21.467 1842 RALLYDEBUG rally_openstack.cleanup.manager [-] Cleaning up cinder transfers objects
2019-06-09 06:57:23.682 1842 RALLYDEBUG rally_openstack.cleanup.manager [-] Cleaning up cinder volumes objects
2019-06-09 06:57:26.224 1842 INFO rally.task.context [-] Task fddee4f7-157b-4461-8c8d-327a3a6e6010 | Context cleanup@openstack cleanup() finished in 9.09 sec
2019-06-09 06:57:26.225 1842 INFO rally.task.context [-] Task fddee4f7-157b-4461-8c8d-327a3a6e6010 | Context quotas@openstack cleanup() started
