2019-06-08 20:52:02.319 22696 RALLYDEBUG rally.api [-] INFO logs from urllib3 and requests module are hide.
2019-06-08 20:52:02.319 22696 RALLYDEBUG rally.api [-] urllib3 insecure warnings are hidden.
2019-06-08 20:52:02.319 22696 RALLYDEBUG rally.api [-] ERROR log from boto module is hide.
2019-06-08 20:52:04.501 22698 RALLYDEBUG rally.api [-] INFO logs from urllib3 and requests module are hide.
2019-06-08 20:52:04.501 22698 RALLYDEBUG rally.api [-] urllib3 insecure warnings are hidden.
2019-06-08 20:52:04.502 22698 RALLYDEBUG rally.api [-] ERROR log from boto module is hide.
2019-06-08 20:52:05.826 22698 WARNING rally_openstack.platforms.existing [-] endpoint is deprecated and not used.
2019-06-08 20:52:06.840 22700 RALLYDEBUG rally.api [-] INFO logs from urllib3 and requests module are hide.
2019-06-08 20:52:06.840 22700 RALLYDEBUG rally.api [-] urllib3 insecure warnings are hidden.
2019-06-08 20:52:06.841 22700 RALLYDEBUG rally.api [-] ERROR log from boto module is hide.
2019-06-08 20:52:10.228 22703 RALLYDEBUG rally.api [-] INFO logs from urllib3 and requests module are hide.
2019-06-08 20:52:10.228 22703 RALLYDEBUG rally.api [-] urllib3 insecure warnings are hidden.
2019-06-08 20:52:10.228 22703 RALLYDEBUG rally.api [-] ERROR log from boto module is hide.
2019-06-08 20:52:12.330 22705 RALLYDEBUG rally.api [-] INFO logs from urllib3 and requests module are hide.
2019-06-08 20:52:12.331 22705 RALLYDEBUG rally.api [-] urllib3 insecure warnings are hidden.
2019-06-08 20:52:12.331 22705 RALLYDEBUG rally.api [-] ERROR log from boto module is hide.
2019-06-08 20:52:13.522 22705 INFO rally.common.plugin.discover [-] Loading plugins from directories /root/.rally/plugins/*
2019-06-08 20:52:13.522 22705 INFO rally.common.plugin.discover [-] Loaded module with plugins: /root/.rally/plugins/__init__.py
2019-06-08 20:52:13.524 22705 INFO rally.common.plugin.discover [-] Loaded module with plugins: /root/.rally/plugins/trunk_scenario.py
2019-06-08 20:52:13.693 22705 INFO rally.task.engine [-] Task ccac70cf-f894-4520-91e6-706b90c5cee1 | Starting: Task validation.
2019-06-08 20:52:13.733 22705 INFO rally.task.engine [-] Task ccac70cf-f894-4520-91e6-706b90c5cee1 | Starting: Task validation of syntax.
2019-06-08 20:52:13.945 22705 INFO rally.task.engine [-] Task ccac70cf-f894-4520-91e6-706b90c5cee1 | Completed: Task validation of syntax.
2019-06-08 20:52:13.947 22705 INFO rally.task.engine [-] Task ccac70cf-f894-4520-91e6-706b90c5cee1 | Starting: Task validation of required platforms.
2019-06-08 20:52:14.009 22705 INFO rally.task.engine [-] Task ccac70cf-f894-4520-91e6-706b90c5cee1 | Completed: Task validation of required platforms.
2019-06-08 20:52:14.009 22705 INFO rally.task.engine [-] Task ccac70cf-f894-4520-91e6-706b90c5cee1 | Starting: Task validation of semantic.
2019-06-08 20:52:14.010 22705 INFO rally.task.engine [-] Check health of the environment '32c873f7-4d4e-46b8-ab0a-84b8ae0b93a4'.
2019-06-08 20:52:14.835 22705 INFO rally.task.engine [-] Platform existing@openstack (available: True): OK!
2019-06-08 20:52:14.854 22705 RALLYDEBUG rally_openstack.contexts.keystone.users [-] Creating 1 tenants using 20 threads
2019-06-08 20:52:16.705 22705 RALLYDEBUG rally_openstack.contexts.keystone.users [-] Creating 1 users using 20 threads
2019-06-08 20:52:19.511 22705 INFO rally.task.context [-] Task ccac70cf-f894-4520-91e6-706b90c5cee1 | Context users@openstack setup() finished in 4.66 sec
2019-06-08 20:52:25.870 22705 INFO rally.task.context [-] Task ccac70cf-f894-4520-91e6-706b90c5cee1 | Context users@openstack cleanup() started
2019-06-08 20:52:31.047 22705 INFO rally.task.context [-] Task ccac70cf-f894-4520-91e6-706b90c5cee1 | Context users@openstack cleanup() finished in 5.18 sec
2019-06-08 20:52:31.047 22705 INFO rally.task.engine [-] Task ccac70cf-f894-4520-91e6-706b90c5cee1 | Completed: Task validation of semantic.
2019-06-08 20:52:31.048 22705 INFO rally.task.engine [-] Task ccac70cf-f894-4520-91e6-706b90c5cee1 | Completed: Task validation.
2019-06-08 20:52:31.048 22705 INFO rally.api [-] Task ccac70cf-f894-4520-91e6-706b90c5cee1 input file is valid.
2019-06-08 20:52:31.048 22705 INFO rally.api [-] Run Task ccac70cf-f894-4520-91e6-706b90c5cee1 against Deployment 32c873f7-4d4e-46b8-ab0a-84b8ae0b93a4
2019-06-08 20:52:31.049 22705 INFO rally.task.engine [-] Task ccac70cf-f894-4520-91e6-706b90c5cee1 | Starting: Running task.
2019-06-08 20:52:31.172 22705 INFO rally.task.engine [-] Running workload: position = 0 config = { "version": 2, "title": "A cropped version of a bigger task.", "description": "Auto-generated task from a single workload (uuid=06e8406a-e00d-43fe-be09-432d2ef48f9d)", "subtasks": [ { "title": "NeutronNetworks.create_and_list_networks", "description": "Check performance of list_networks action and ensure > network quotas are not exceeded", "scenario": { "NeutronNetworks.create_and_list_networks": {} }, "contexts": { "users": { "tenants": 1, "users_per_tenant": 1 }, "quotas": { "neutron": { "network": 119 } } }, "runner": { "constant": { "times": 100, "concurrency": 20 } }, "hooks": [], "sla": { "max_avg_duration_per_atomic": { "neutron.list_networks": 15 }, "failure_rate": { "max": 0 } } } ] }
2019-06-08 20:52:31.190 22705 RALLYDEBUG rally_openstack.contexts.keystone.users [-] Creating 1 tenants using 20 threads
2019-06-08 20:52:32.993 22705 RALLYDEBUG rally_openstack.contexts.keystone.users [-] Creating 1 users using 20 threads
2019-06-08 20:52:35.817 22705 INFO rally.task.context [-] Task ccac70cf-f894-4520-91e6-706b90c5cee1 | Context users@openstack setup() finished in 4.63 sec
2019-06-08 20:52:36.584 22705 INFO rally.task.context [-] Task ccac70cf-f894-4520-91e6-706b90c5cee1 | Context quotas@openstack setup() finished in 0.77 sec
2019-06-08 20:52:36.584 22705 INFO rally.task.context [-] Task ccac70cf-f894-4520-91e6-706b90c5cee1 | Context cleanup@openstack setup() finished in 0.03 msec
2019-06-08 20:52:36.591 22705 RALLYDEBUG rally.task.runner [-] Starting the constant runner (task UUID: ccac70cf-f894-4520-91e6-706b90c5cee1). timeout: 0 concurrency: 20 concurrency_per_worker: 1 times: 100 concurrency_overhead: 4 processes_to_start: 16 max_cpu_used: 16
2019-06-08 20:52:36.604 22829 RALLYDEBUG rally.task.runner [-] Starting a worker. concurrency: 2 args: {} times: 100 method_name: run timeout: 0 duration: None cls:
2019-06-08 20:52:36.607 22830 RALLYDEBUG rally.task.runner [-] Starting a worker. concurrency: 2 args: {} times: 100 method_name: run timeout: 0 duration: None cls:
2019-06-08 20:52:36.609 22831 RALLYDEBUG rally.task.runner [-] Starting a worker. concurrency: 2 args: {} times: 100 method_name: run timeout: 0 duration: None cls:
2019-06-08 20:52:36.609 22829 INFO rally.task.runner [-] Task ccac70cf-f894-4520-91e6-706b90c5cee1 | ITER: 1 START
2019-06-08 20:52:36.612 22832 RALLYDEBUG rally.task.runner [-] Starting a worker. concurrency: 2 args: {} times: 100 method_name: run timeout: 0 duration: None cls:
2019-06-08 20:52:36.616 22830 INFO rally.task.runner [-] Task ccac70cf-f894-4520-91e6-706b90c5cee1 | ITER: 5 START
2019-06-08 20:52:36.616 22835 RALLYDEBUG rally.task.runner [-] Starting a worker. concurrency: 1 args: {} times: 100 method_name: run timeout: 0 duration: None cls:
2019-06-08 20:52:36.618 22831 INFO rally.task.runner [-] Task ccac70cf-f894-4520-91e6-706b90c5cee1 | ITER: 4 START
2019-06-08 20:52:36.621 22840 RALLYDEBUG rally.task.runner [-] Starting a worker. concurrency: 1 args: {} times: 100 method_name: run timeout: 0 duration: None cls:
2019-06-08 20:52:36.622 22835 INFO rally.task.runner [-] Task ccac70cf-f894-4520-91e6-706b90c5cee1 | ITER: 9 START
2019-06-08 20:52:36.624 22832 INFO rally.task.runner [-] Task ccac70cf-f894-4520-91e6-706b90c5cee1 | ITER: 7 START
2019-06-08 20:52:36.622 22831 INFO rally.task.runner [-] Task ccac70cf-f894-4520-91e6-706b90c5cee1 | ITER: 6 START
2019-06-08 20:52:36.617 22830 INFO rally.task.runner [-] Task ccac70cf-f894-4520-91e6-706b90c5cee1 | ITER: 3 START
2019-06-08 20:52:36.625 22829 INFO rally.task.runner [-] Task ccac70cf-f894-4520-91e6-706b90c5cee1 | ITER: 2 START
2019-06-08 20:52:36.629 22840 INFO rally.task.runner [-] Task ccac70cf-f894-4520-91e6-706b90c5cee1 | ITER: 10 START
2019-06-08 20:52:36.625 22832 INFO rally.task.runner [-] Task ccac70cf-f894-4520-91e6-706b90c5cee1 | ITER: 8 START
2019-06-08 20:52:36.629 22849 RALLYDEBUG rally.task.runner [-] Starting a worker. concurrency: 1 args: {} times: 100 method_name: run timeout: 0 duration: None cls:
2019-06-08 20:52:36.636 22852 RALLYDEBUG rally.task.runner [-] Starting a worker. concurrency: 1 args: {} times: 100 method_name: run timeout: 0 duration: None cls:
2019-06-08 20:52:36.637 22849 INFO rally.task.runner [-] Task ccac70cf-f894-4520-91e6-706b90c5cee1 | ITER: 11 START
2019-06-08 20:52:36.641 22854 RALLYDEBUG rally.task.runner [-] Starting a worker. concurrency: 1 args: {} times: 100 method_name: run timeout: 0 duration: None cls:
2019-06-08 20:52:36.644 22852 INFO rally.task.runner [-] Task ccac70cf-f894-4520-91e6-706b90c5cee1 | ITER: 12 START
2019-06-08 20:52:36.648 22858 RALLYDEBUG rally.task.runner [-] Starting a worker. concurrency: 1 args: {} times: 100 method_name: run timeout: 0 duration: None cls:
2019-06-08 20:52:36.649 22854 INFO rally.task.runner [-] Task ccac70cf-f894-4520-91e6-706b90c5cee1 | ITER: 13 START
2019-06-08 20:52:36.650 22859 RALLYDEBUG rally.task.runner [-] Starting a worker. concurrency: 1 args: {} times: 100 method_name: run timeout: 0 duration: None cls:
2019-06-08 20:52:36.655 22858 INFO rally.task.runner [-] Task ccac70cf-f894-4520-91e6-706b90c5cee1 | ITER: 14 START
2019-06-08 20:52:36.656 22859 INFO rally.task.runner [-] Task ccac70cf-f894-4520-91e6-706b90c5cee1 | ITER: 15 START
2019-06-08 20:52:36.656 22862 RALLYDEBUG rally.task.runner [-] Starting a worker. concurrency: 1 args: {} times: 100 method_name: run timeout: 0 duration: None cls:
2019-06-08 20:52:36.663 22862 INFO rally.task.runner [-] Task ccac70cf-f894-4520-91e6-706b90c5cee1 | ITER: 16 START
2019-06-08 20:52:36.666 22865 RALLYDEBUG rally.task.runner [-] Starting a worker. concurrency: 1 args: {} times: 100 method_name: run timeout: 0 duration: None cls:
2019-06-08 20:52:36.667 22868 RALLYDEBUG rally.task.runner [-] Starting a worker. concurrency: 1 args: {} times: 100 method_name: run timeout: 0 duration: None cls:
2019-06-08 20:52:36.667 22871 RALLYDEBUG rally.task.runner [-] Starting a worker. concurrency: 1 args: {} times: 100 method_name: run timeout: 0 duration: None cls:
2019-06-08 20:52:36.670 22872 RALLYDEBUG rally.task.runner [-] Starting a worker. concurrency: 1 args: {} times: 100 method_name: run timeout: 0 duration: None cls:
2019-06-08 20:52:36.673 22871 INFO rally.task.runner [-] Task ccac70cf-f894-4520-91e6-706b90c5cee1 | ITER: 19 START
2019-06-08 20:52:36.673 22865 INFO rally.task.runner [-] Task ccac70cf-f894-4520-91e6-706b90c5cee1 | ITER: 17 START
2019-06-08 20:52:36.674 22868 INFO rally.task.runner [-] Task ccac70cf-f894-4520-91e6-706b90c5cee1 | ITER: 18 START
2019-06-08 20:52:36.675 22872 INFO rally.task.runner [-] Task ccac70cf-f894-4520-91e6-706b90c5cee1 | ITER: 20 START
2019-06-08 20:52:39.101 22858 INFO rally.task.runner [-] Task ccac70cf-f894-4520-91e6-706b90c5cee1 | ITER: 14 END: OK
2019-06-08 20:52:39.105 22858 INFO rally.task.runner [-] Task ccac70cf-f894-4520-91e6-706b90c5cee1 | ITER: 21 START
2019-06-08 20:52:39.162 22832 INFO rally.task.runner [-] Task ccac70cf-f894-4520-91e6-706b90c5cee1 | ITER: 7 END: OK
2019-06-08 20:52:39.167 22832 INFO rally.task.runner [-] Task ccac70cf-f894-4520-91e6-706b90c5cee1 | ITER: 22 START
2019-06-08 20:52:39.249 22872 INFO rally.task.runner [-] Task ccac70cf-f894-4520-91e6-706b90c5cee1 | ITER: 20 END: OK
2019-06-08 20:52:39.252 22872 INFO rally.task.runner [-] Task ccac70cf-f894-4520-91e6-706b90c5cee1 | ITER: 23 START
2019-06-08 20:52:39.269 22854 INFO rally.task.runner [-] Task ccac70cf-f894-4520-91e6-706b90c5cee1 | ITER: 13 END: OK
2019-06-08 20:52:39.269 22871 INFO rally.task.runner [-] Task ccac70cf-f894-4520-91e6-706b90c5cee1 | ITER: 19 END: OK
2019-06-08 20:52:39.272 22871 INFO rally.task.runner [-] Task ccac70cf-f894-4520-91e6-706b90c5cee1 | ITER: 24 START
2019-06-08 20:52:39.273 22854 INFO rally.task.runner [-] Task ccac70cf-f894-4520-91e6-706b90c5cee1 | ITER: 25 START
2019-06-08 20:52:39.284 22830 INFO rally.task.runner [-] Task ccac70cf-f894-4520-91e6-706b90c5cee1 | ITER: 5 END: OK
2019-06-08 20:52:39.287 22830 INFO rally.task.runner [-] Task ccac70cf-f894-4520-91e6-706b90c5cee1 | ITER: 26 START
2019-06-08 20:52:39.370 22831 INFO rally.task.runner [-] Task ccac70cf-f894-4520-91e6-706b90c5cee1 | ITER: 4 END: OK
2019-06-08 20:52:39.373 22831 INFO rally.task.runner [-] Task ccac70cf-f894-4520-91e6-706b90c5cee1 | ITER: 27 START
2019-06-08 20:52:39.388 22865 INFO rally.task.runner [-] Task ccac70cf-f894-4520-91e6-706b90c5cee1 | ITER: 17 END: OK
2019-06-08 20:52:39.391 22865 INFO rally.task.runner [-] Task ccac70cf-f894-4520-91e6-706b90c5cee1 | ITER: 28 START
2019-06-08 20:52:39.401 22830 INFO rally.task.runner [-] Task ccac70cf-f894-4520-91e6-706b90c5cee1 | ITER: 3 END: OK
2019-06-08 20:52:39.405 22830 INFO rally.task.runner [-] Task ccac70cf-f894-4520-91e6-706b90c5cee1 | ITER: 29 START
2019-06-08 20:52:39.411 22849 INFO rally.task.runner [-] Task ccac70cf-f894-4520-91e6-706b90c5cee1 | ITER: 11 END: OK
2019-06-08 20:52:39.414 22849 INFO rally.task.runner [-] Task ccac70cf-f894-4520-91e6-706b90c5cee1 | ITER: 30 START
2019-06-08 20:52:39.512 22859 INFO rally.task.runner [-] Task ccac70cf-f894-4520-91e6-706b90c5cee1 | ITER: 15 END: OK
2019-06-08 20:52:39.516 22859 INFO rally.task.runner [-] Task ccac70cf-f894-4520-91e6-706b90c5cee1 | ITER: 31 START
2019-06-08 20:52:39.540 22835 INFO rally.task.runner [-] Task ccac70cf-f894-4520-91e6-706b90c5cee1 | ITER: 9 END: OK
2019-06-08 20:52:39.543 22835 INFO rally.task.runner [-] Task ccac70cf-f894-4520-91e6-706b90c5cee1 | ITER: 32 START
2019-06-08 20:52:39.645 22868 INFO rally.task.runner [-] Task ccac70cf-f894-4520-91e6-706b90c5cee1 | ITER: 18 END: OK
2019-06-08 20:52:39.648 22868 INFO rally.task.runner [-] Task ccac70cf-f894-4520-91e6-706b90c5cee1 | ITER: 33 START
2019-06-08 20:52:39.682 22829 INFO rally.task.runner [-] Task ccac70cf-f894-4520-91e6-706b90c5cee1 | ITER: 2 END: OK
2019-06-08 20:52:39.685 22829 INFO rally.task.runner [-] Task ccac70cf-f894-4520-91e6-706b90c5cee1 | ITER: 34 START
2019-06-08 20:52:39.689 22852 INFO rally.task.runner [-] Task ccac70cf-f894-4520-91e6-706b90c5cee1 | ITER: 12 END: OK
2019-06-08 20:52:39.693 22852 INFO rally.task.runner [-] Task ccac70cf-f894-4520-91e6-706b90c5cee1 | ITER: 35 START
2019-06-08 20:52:39.701 22840 INFO rally.task.runner [-] Task ccac70cf-f894-4520-91e6-706b90c5cee1 | ITER: 10 END: OK
2019-06-08 20:52:39.704 22840 INFO rally.task.runner [-] Task ccac70cf-f894-4520-91e6-706b90c5cee1 | ITER: 36 START
2019-06-08 20:52:39.710 22862 INFO rally.task.runner [-] Task ccac70cf-f894-4520-91e6-706b90c5cee1 | ITER: 16 END: OK
2019-06-08 20:52:39.713 22862 INFO rally.task.runner [-] Task ccac70cf-f894-4520-91e6-706b90c5cee1 | ITER: 37 START
2019-06-08 20:52:39.801 22829 INFO rally.task.runner [-] Task ccac70cf-f894-4520-91e6-706b90c5cee1 | ITER: 1 END: OK
2019-06-08 20:52:39.804 22829 INFO rally.task.runner [-] Task ccac70cf-f894-4520-91e6-706b90c5cee1 | ITER: 38 START
2019-06-08 20:52:39.819 22831 INFO rally.task.runner [-] Task ccac70cf-f894-4520-91e6-706b90c5cee1 | ITER: 6 END: OK
2019-06-08 20:52:39.822 22831 INFO rally.task.runner [-] Task ccac70cf-f894-4520-91e6-706b90c5cee1 | ITER: 39 START
2019-06-08 20:52:39.998 22832 INFO rally.task.runner [-] Task ccac70cf-f894-4520-91e6-706b90c5cee1 | ITER: 8 END: OK
2019-06-08 20:52:40.001 22832 INFO rally.task.runner [-] Task ccac70cf-f894-4520-91e6-706b90c5cee1 | ITER: 40 START
2019-06-08 20:52:40.921 22871 INFO rally.task.runner [-] Task ccac70cf-f894-4520-91e6-706b90c5cee1 | ITER: 24 END: OK
2019-06-08 20:52:40.925 22871 INFO rally.task.runner [-] Task ccac70cf-f894-4520-91e6-706b90c5cee1 | ITER: 41 START
2019-06-08 20:52:41.006 22832 INFO rally.task.runner [-] Task ccac70cf-f894-4520-91e6-706b90c5cee1 | ITER: 22 END: OK
2019-06-08 20:52:41.006 22849 INFO rally.task.runner [-] Task ccac70cf-f894-4520-91e6-706b90c5cee1 | ITER: 30 END: OK
2019-06-08 20:52:41.007 22872 INFO rally.task.runner [-] Task ccac70cf-f894-4520-91e6-706b90c5cee1 | ITER: 23 END: OK
2019-06-08 20:52:41.009 22832 INFO rally.task.runner [-] Task ccac70cf-f894-4520-91e6-706b90c5cee1 | ITER: 43 START
2019-06-08 20:52:41.009 22849 INFO rally.task.runner [-] Task ccac70cf-f894-4520-91e6-706b90c5cee1 | ITER: 42 START
2019-06-08 20:52:41.011 22872 INFO rally.task.runner [-] Task ccac70cf-f894-4520-91e6-706b90c5cee1 | ITER: 44 START
2019-06-08 20:52:41.137 22865 INFO rally.task.runner [-] Task ccac70cf-f894-4520-91e6-706b90c5cee1 | ITER: 28 END: OK
2019-06-08 20:52:41.141 22865 INFO rally.task.runner [-] Task ccac70cf-f894-4520-91e6-706b90c5cee1 | ITER: 45 START
2019-06-08 20:52:41.208 22830 INFO rally.task.runner [-] Task ccac70cf-f894-4520-91e6-706b90c5cee1 | ITER: 26 END: OK
2019-06-08 20:52:41.212 22830 INFO rally.task.runner [-] Task ccac70cf-f894-4520-91e6-706b90c5cee1 | ITER: 46 START
2019-06-08 20:52:41.212 22858 INFO rally.task.runner [-] Task ccac70cf-f894-4520-91e6-706b90c5cee1 | ITER: 21 END: OK
2019-06-08 20:52:41.215 22858 INFO rally.task.runner [-] Task ccac70cf-f894-4520-91e6-706b90c5cee1 | ITER: 47 START
2019-06-08 20:52:41.294 22829 INFO rally.task.runner [-] Task ccac70cf-f894-4520-91e6-706b90c5cee1 | ITER: 34 END: OK
2019-06-08 20:52:41.297 22829 INFO rally.task.runner [-] Task ccac70cf-f894-4520-91e6-706b90c5cee1 | ITER: 48 START
2019-06-08 20:52:41.298 22830 INFO rally.task.runner [-] Task ccac70cf-f894-4520-91e6-706b90c5cee1 | ITER: 29 END: OK
2019-06-08 20:52:41.301 22830 INFO rally.task.runner [-] Task ccac70cf-f894-4520-91e6-706b90c5cee1 | ITER: 49 START
2019-06-08 20:52:41.317 22852 INFO rally.task.runner [-] Task ccac70cf-f894-4520-91e6-706b90c5cee1 | ITER: 35 END: OK
2019-06-08 20:52:41.320 22852 INFO rally.task.runner [-] Task ccac70cf-f894-4520-91e6-706b90c5cee1 | ITER: 50 START
2019-06-08 20:52:41.381 22862 INFO rally.task.runner [-] Task ccac70cf-f894-4520-91e6-706b90c5cee1 | ITER: 37 END: OK
2019-06-08 20:52:41.385 22862 INFO rally.task.runner [-] Task ccac70cf-f894-4520-91e6-706b90c5cee1 | ITER: 51 START
2019-06-08 20:52:41.414 22835 INFO rally.task.runner [-] Task ccac70cf-f894-4520-91e6-706b90c5cee1 | ITER: 32 END: OK
2019-06-08 20:52:41.417 22835 INFO rally.task.runner [-] Task ccac70cf-f894-4520-91e6-706b90c5cee1 | ITER: 52 START
2019-06-08 20:52:41.521 22859 INFO rally.task.runner [-] Task ccac70cf-f894-4520-91e6-706b90c5cee1 | ITER: 31 END: OK
2019-06-08 20:52:41.524 22859 INFO rally.task.runner [-] Task ccac70cf-f894-4520-91e6-706b90c5cee1 | ITER: 53 START
2019-06-08 20:52:41.730 22854 INFO rally.task.runner [-] Task ccac70cf-f894-4520-91e6-706b90c5cee1 | ITER: 25 END: OK
2019-06-08 20:52:41.733 22854 INFO rally.task.runner [-] Task ccac70cf-f894-4520-91e6-706b90c5cee1 | ITER: 54 START
2019-06-08 20:52:41.776 22840 INFO rally.task.runner [-] Task ccac70cf-f894-4520-91e6-706b90c5cee1 | ITER: 36 END: OK
2019-06-08 20:52:41.780 22840 INFO rally.task.runner [-] Task ccac70cf-f894-4520-91e6-706b90c5cee1 | ITER: 55 START
2019-06-08 20:52:41.825 22831 INFO rally.task.runner [-] Task ccac70cf-f894-4520-91e6-706b90c5cee1 | ITER: 27 END: OK
2019-06-08 20:52:41.828 22831 INFO rally.task.runner [-] Task ccac70cf-f894-4520-91e6-706b90c5cee1 | ITER: 56 START
2019-06-08 20:52:41.913 22829 INFO rally.task.runner [-] Task ccac70cf-f894-4520-91e6-706b90c5cee1 | ITER: 38 END: OK
2019-06-08 20:52:41.916 22829 INFO rally.task.runner [-] Task ccac70cf-f894-4520-91e6-706b90c5cee1 | ITER: 57 START
2019-06-08 20:52:42.008 22868 INFO rally.task.runner [-] Task ccac70cf-f894-4520-91e6-706b90c5cee1 | ITER: 33 END: OK
2019-06-08 20:52:42.011 22868 INFO rally.task.runner [-] Task ccac70cf-f894-4520-91e6-706b90c5cee1 | ITER: 58 START
2019-06-08 20:52:42.517 22832 INFO rally.task.runner [-] Task ccac70cf-f894-4520-91e6-706b90c5cee1 | ITER: 40 END: OK
2019-06-08 20:52:42.520 22832 INFO rally.task.runner [-] Task ccac70cf-f894-4520-91e6-706b90c5cee1 | ITER: 59 START
2019-06-08 20:52:42.571 22831 INFO rally.task.runner [-] Task ccac70cf-f894-4520-91e6-706b90c5cee1 | ITER: 39 END: OK
2019-06-08 20:52:42.574 22831 INFO rally.task.runner [-] Task ccac70cf-f894-4520-91e6-706b90c5cee1 | ITER: 60 START
2019-06-08 20:52:42.774 22865 INFO rally.task.runner [-] Task ccac70cf-f894-4520-91e6-706b90c5cee1 | ITER: 45 END: OK
2019-06-08 20:52:42.778 22865 INFO rally.task.runner [-] Task ccac70cf-f894-4520-91e6-706b90c5cee1 | ITER: 61 START
2019-06-08 20:52:42.785 22832 INFO rally.task.runner [-] Task ccac70cf-f894-4520-91e6-706b90c5cee1 | ITER: 43 END: OK
2019-06-08 20:52:42.788 22832 INFO rally.task.runner [-] Task ccac70cf-f894-4520-91e6-706b90c5cee1 | ITER: 62 START
2019-06-08 20:52:42.789 22829 INFO rally.task.runner [-] Task ccac70cf-f894-4520-91e6-706b90c5cee1 | ITER: 48 END: OK
2019-06-08 20:52:42.792 22829 INFO rally.task.runner [-] Task ccac70cf-f894-4520-91e6-706b90c5cee1 | ITER: 63 START
2019-06-08 20:52:42.903 22871 INFO rally.task.runner [-] Task ccac70cf-f894-4520-91e6-706b90c5cee1 | ITER: 41 END: OK
2019-06-08 20:52:42.907 22871 INFO rally.task.runner [-] Task ccac70cf-f894-4520-91e6-706b90c5cee1 | ITER: 64 START
2019-06-08 20:52:43.169 22830 INFO rally.task.runner [-] Task ccac70cf-f894-4520-91e6-706b90c5cee1 | ITER: 46 END: OK
2019-06-08 20:52:43.172 22830 INFO rally.task.runner [-] Task ccac70cf-f894-4520-91e6-706b90c5cee1 | ITER: 65 START
2019-06-08 20:52:43.226 22849 INFO rally.task.runner [-] Task ccac70cf-f894-4520-91e6-706b90c5cee1 | ITER: 42 END: OK
2019-06-08 20:52:43.230 22849 INFO rally.task.runner [-] Task ccac70cf-f894-4520-91e6-706b90c5cee1 | ITER: 66 START
2019-06-08 20:52:43.289 22872 INFO rally.task.runner [-] Task ccac70cf-f894-4520-91e6-706b90c5cee1 | ITER: 44 END: OK
2019-06-08 20:52:43.292 22872 INFO rally.task.runner [-] Task ccac70cf-f894-4520-91e6-706b90c5cee1 | ITER: 67 START
2019-06-08 20:52:43.335 22835 INFO rally.task.runner [-] Task ccac70cf-f894-4520-91e6-706b90c5cee1 | ITER: 52 END: OK
2019-06-08 20:52:43.338 22835 INFO rally.task.runner [-] Task ccac70cf-f894-4520-91e6-706b90c5cee1 | ITER: 68 START
2019-06-08 20:52:43.346 22858 INFO rally.task.runner [-] Task ccac70cf-f894-4520-91e6-706b90c5cee1 | ITER: 47 END: OK
2019-06-08 20:52:43.349 22858 INFO rally.task.runner [-] Task ccac70cf-f894-4520-91e6-706b90c5cee1 | ITER: 69 START
2019-06-08 20:52:43.372 22830 INFO rally.task.runner [-] Task ccac70cf-f894-4520-91e6-706b90c5cee1 | ITER: 49 END: OK
2019-06-08 20:52:43.374 22862 INFO rally.task.runner [-] Task ccac70cf-f894-4520-91e6-706b90c5cee1 | ITER: 51 END: OK
2019-06-08 20:52:43.375 22830 INFO rally.task.runner [-] Task ccac70cf-f894-4520-91e6-706b90c5cee1 | ITER: 70 START
2019-06-08 20:52:43.377 22862 INFO rally.task.runner [-] Task ccac70cf-f894-4520-91e6-706b90c5cee1 | ITER: 71 START
2019-06-08 20:52:43.613 22852 INFO rally.task.runner [-] Task ccac70cf-f894-4520-91e6-706b90c5cee1 | ITER: 50 END: OK
2019-06-08 20:52:43.616 22852 INFO rally.task.runner [-] Task ccac70cf-f894-4520-91e6-706b90c5cee1 | ITER: 72 START
2019-06-08 20:52:43.720 22854 INFO rally.task.runner [-] Task ccac70cf-f894-4520-91e6-706b90c5cee1 | ITER: 54 END: OK
2019-06-08 20:52:43.724 22859 INFO rally.task.runner [-] Task ccac70cf-f894-4520-91e6-706b90c5cee1 | ITER: 53 END: OK
2019-06-08 20:52:43.724 22854 INFO rally.task.runner [-] Task ccac70cf-f894-4520-91e6-706b90c5cee1 | ITER: 73 START
2019-06-08 20:52:43.727 22859 INFO rally.task.runner [-] Task ccac70cf-f894-4520-91e6-706b90c5cee1 | ITER: 74 START
2019-06-08 20:52:43.902 22840 INFO rally.task.runner [-] Task ccac70cf-f894-4520-91e6-706b90c5cee1 | ITER: 55 END: OK
2019-06-08 20:52:43.905 22840 INFO rally.task.runner [-] Task ccac70cf-f894-4520-91e6-706b90c5cee1 | ITER: 75 START
2019-06-08 20:52:44.485 22831 INFO rally.task.runner [-] Task ccac70cf-f894-4520-91e6-706b90c5cee1 | ITER: 60 END: OK
2019-06-08 20:52:44.488 22831 INFO rally.task.runner [-] Task ccac70cf-f894-4520-91e6-706b90c5cee1 | ITER: 76 START
2019-06-08 20:52:44.604 22832 INFO rally.task.runner [-] Task ccac70cf-f894-4520-91e6-706b90c5cee1 | ITER: 62 END: OK
2019-06-08 20:52:44.607 22832 INFO rally.task.runner [-] Task ccac70cf-f894-4520-91e6-706b90c5cee1 | ITER: 77 START
2019-06-08 20:52:44.810 22835 INFO rally.task.runner [-] Task ccac70cf-f894-4520-91e6-706b90c5cee1 | ITER: 68 END: OK
2019-06-08 20:52:44.812 22835 INFO rally.task.runner [-] Task ccac70cf-f894-4520-91e6-706b90c5cee1 | ITER: 78 START
2019-06-08 20:52:44.856 22868 INFO rally.task.runner [-] Task ccac70cf-f894-4520-91e6-706b90c5cee1 | ITER: 58 END: OK
2019-06-08 20:52:44.859 22868 INFO rally.task.runner [-] Task ccac70cf-f894-4520-91e6-706b90c5cee1 | ITER: 79 START
2019-06-08 20:52:44.979 22831 INFO rally.task.runner [-] Task ccac70cf-f894-4520-91e6-706b90c5cee1 | ITER: 56 END: OK
2019-06-08 20:52:44.980 22871 INFO rally.task.runner [-] Task ccac70cf-f894-4520-91e6-706b90c5cee1 | ITER: 64 END: OK
2019-06-08 20:52:44.983 22831 INFO rally.task.runner [-] Task ccac70cf-f894-4520-91e6-706b90c5cee1 | ITER: 80 START
2019-06-08 20:52:44.983 22871 INFO rally.task.runner [-] Task ccac70cf-f894-4520-91e6-706b90c5cee1 | ITER: 81 START
2019-06-08 20:52:45.030 22865 INFO rally.task.runner [-] Task ccac70cf-f894-4520-91e6-706b90c5cee1 | ITER: 61 END: OK
2019-06-08 20:52:45.033 22865 INFO rally.task.runner [-] Task ccac70cf-f894-4520-91e6-706b90c5cee1 | ITER: 82 START
2019-06-08 20:52:45.071 22829 INFO rally.task.runner [-] Task ccac70cf-f894-4520-91e6-706b90c5cee1 | ITER: 63 END: OK
2019-06-08 20:52:45.073 22829 INFO rally.task.runner [-] Task ccac70cf-f894-4520-91e6-706b90c5cee1 | ITER: 83 START
2019-06-08 20:52:45.119 22830 INFO rally.task.runner [-] Task ccac70cf-f894-4520-91e6-706b90c5cee1 | ITER: 70 END: OK
2019-06-08 20:52:45.121 22830 INFO rally.task.runner [-] Task ccac70cf-f894-4520-91e6-706b90c5cee1 | ITER: 84 START
2019-06-08 20:52:45.137 22829 INFO rally.task.runner [-] Task ccac70cf-f894-4520-91e6-706b90c5cee1 | ITER: 57 END: OK
2019-06-08 20:52:45.140 22829 INFO rally.task.runner [-] Task ccac70cf-f894-4520-91e6-706b90c5cee1 | ITER: 85 START
2019-06-08 20:52:45.295 22830 INFO rally.task.runner [-] Task ccac70cf-f894-4520-91e6-706b90c5cee1 | ITER: 65 END: OK
2019-06-08 20:52:45.297 22830 INFO rally.task.runner [-] Task ccac70cf-f894-4520-91e6-706b90c5cee1 | ITER: 86 START
2019-06-08 20:52:45.611 22862 INFO rally.task.runner [-] Task ccac70cf-f894-4520-91e6-706b90c5cee1 | ITER: 71 END: OK
2019-06-08 20:52:45.613 22862 INFO rally.task.runner [-] Task ccac70cf-f894-4520-91e6-706b90c5cee1 | ITER: 87 START
2019-06-08 20:52:45.676 22832 INFO rally.task.runner [-] Task ccac70cf-f894-4520-91e6-706b90c5cee1 | ITER: 59 END: OK
2019-06-08 20:52:45.679 22832 INFO rally.task.runner [-] Task ccac70cf-f894-4520-91e6-706b90c5cee1 | ITER: 88 START
2019-06-08 20:52:45.692 22859 INFO rally.task.runner [-] Task ccac70cf-f894-4520-91e6-706b90c5cee1 | ITER: 74 END: OK
2019-06-08 20:52:45.695 22859 INFO rally.task.runner [-] Task ccac70cf-f894-4520-91e6-706b90c5cee1 | ITER: 89 START
2019-06-08 20:52:45.730 22854 INFO rally.task.runner [-] Task ccac70cf-f894-4520-91e6-706b90c5cee1 | ITER: 73 END: OK
2019-06-08 20:52:45.733 22854 INFO rally.task.runner [-] Task ccac70cf-f894-4520-91e6-706b90c5cee1 | ITER: 90 START
2019-06-08 20:52:45.965 22858 INFO rally.task.runner [-] Task ccac70cf-f894-4520-91e6-706b90c5cee1 | ITER: 69 END: OK
2019-06-08 20:52:45.968 22858 INFO rally.task.runner [-] Task ccac70cf-f894-4520-91e6-706b90c5cee1 | ITER: 91 START
2019-06-08 20:52:46.007 22840 INFO rally.task.runner [-] Task ccac70cf-f894-4520-91e6-706b90c5cee1 | ITER: 75 END: OK
2019-06-08 20:52:46.009 22840 INFO rally.task.runner [-] Task ccac70cf-f894-4520-91e6-706b90c5cee1 | ITER: 92 START
2019-06-08 20:52:46.143 22872 INFO rally.task.runner [-] Task ccac70cf-f894-4520-91e6-706b90c5cee1 | ITER: 67 END: OK
2019-06-08 20:52:46.143 22832 INFO rally.task.runner [-] Task ccac70cf-f894-4520-91e6-706b90c5cee1 | ITER: 77 END: OK
2019-06-08 20:52:46.144 22852 INFO rally.task.runner [-] Task ccac70cf-f894-4520-91e6-706b90c5cee1 | ITER: 72 END: OK
2019-06-08 20:52:46.146 22872 INFO rally.task.runner [-] Task ccac70cf-f894-4520-91e6-706b90c5cee1 | ITER: 93 START
2019-06-08 20:52:46.147 22832 INFO rally.task.runner [-] Task ccac70cf-f894-4520-91e6-706b90c5cee1 | ITER: 94 START
2019-06-08 20:52:46.148 22852 INFO rally.task.runner [-] Task ccac70cf-f894-4520-91e6-706b90c5cee1 | ITER: 95 START
2019-06-08 20:52:46.160 22849 INFO rally.task.runner [-] Task ccac70cf-f894-4520-91e6-706b90c5cee1 | ITER: 66 END: OK
2019-06-08 20:52:46.163 22849 INFO rally.task.runner [-] Task ccac70cf-f894-4520-91e6-706b90c5cee1 | ITER: 96 START
2019-06-08 20:52:46.447 22868 INFO rally.task.runner [-] Task ccac70cf-f894-4520-91e6-706b90c5cee1 | ITER: 79 END: OK
2019-06-08 20:52:46.450 22868 INFO rally.task.runner [-] Task ccac70cf-f894-4520-91e6-706b90c5cee1 | ITER: 97 START
2019-06-08 20:52:46.604 22831 INFO rally.task.runner [-] Task ccac70cf-f894-4520-91e6-706b90c5cee1 | ITER: 76 END: OK
2019-06-08 20:52:46.607 22831 INFO rally.task.runner [-] Task ccac70cf-f894-4520-91e6-706b90c5cee1 | ITER: 98 START
2019-06-08 20:52:46.765 22829 INFO rally.task.runner [-] Task ccac70cf-f894-4520-91e6-706b90c5cee1 | ITER: 83 END: OK
2019-06-08 20:52:46.768 22829 INFO rally.task.runner [-] Task ccac70cf-f894-4520-91e6-706b90c5cee1 | ITER: 99 START
2019-06-08 20:52:46.796 22871 INFO rally.task.runner [-] Task ccac70cf-f894-4520-91e6-706b90c5cee1 | ITER: 81 END: OK
2019-06-08 20:52:46.799 22871 INFO rally.task.runner [-] Task ccac70cf-f894-4520-91e6-706b90c5cee1 | ITER: 100 START
2019-06-08 20:52:46.848 22830 INFO rally.task.runner [-] Task ccac70cf-f894-4520-91e6-706b90c5cee1 | ITER: 84 END: OK
2019-06-08 20:52:46.856 22831 INFO rally.task.runner [-] Task ccac70cf-f894-4520-91e6-706b90c5cee1 | ITER: 80 END: OK
2019-06-08 20:52:46.901 22865 INFO rally.task.runner [-] Task ccac70cf-f894-4520-91e6-706b90c5cee1 | ITER: 82 END: OK
2019-06-08 20:52:46.939 22830 INFO rally.task.runner [-] Task ccac70cf-f894-4520-91e6-706b90c5cee1 | ITER: 86 END: OK
2019-06-08 20:52:47.209 22835 INFO rally.task.runner [-] Task ccac70cf-f894-4520-91e6-706b90c5cee1 | ITER: 78 END: OK
2019-06-08 20:52:47.210 22832 INFO rally.task.runner [-] Task ccac70cf-f894-4520-91e6-706b90c5cee1 | ITER: 88 END: OK
2019-06-08 20:52:47.262 22829 INFO rally.task.runner [-] Task ccac70cf-f894-4520-91e6-706b90c5cee1 | ITER: 85 END: OK
2019-06-08 20:52:47.289 22862 INFO rally.task.runner [-] Task ccac70cf-f894-4520-91e6-706b90c5cee1 | ITER: 87 END: OK
2019-06-08 20:52:47.591 22852 INFO rally.task.runner [-] Task ccac70cf-f894-4520-91e6-706b90c5cee1 | ITER: 95 END: OK
2019-06-08 20:52:47.592 22859 INFO rally.task.runner [-] Task ccac70cf-f894-4520-91e6-706b90c5cee1 | ITER: 89 END: OK
2019-06-08 20:52:47.592 22858 INFO rally.task.runner [-] Task ccac70cf-f894-4520-91e6-706b90c5cee1 | ITER: 91 END: OK
2019-06-08 20:52:47.709 22840 INFO rally.task.runner [-] Task ccac70cf-f894-4520-91e6-706b90c5cee1 | ITER: 92 END: OK
2019-06-08 20:52:47.725 22872 INFO rally.task.runner [-] Task ccac70cf-f894-4520-91e6-706b90c5cee1 | ITER: 93 END: OK
2019-06-08 20:52:47.776 22854 INFO rally.task.runner [-] Task ccac70cf-f894-4520-91e6-706b90c5cee1 | ITER: 90 END: OK
2019-06-08 20:52:47.843 22849 INFO rally.task.runner [-] Task ccac70cf-f894-4520-91e6-706b90c5cee1 | ITER: 96 END: OK
2019-06-08 20:52:47.844 22868 INFO rally.task.runner [-] Task ccac70cf-f894-4520-91e6-706b90c5cee1 | ITER: 97 END: OK
2019-06-08 20:52:48.096 22829 INFO rally.task.runner [-] Task ccac70cf-f894-4520-91e6-706b90c5cee1 | ITER: 99 END: OK
2019-06-08 20:52:48.100 22831 INFO rally.task.runner [-] Task ccac70cf-f894-4520-91e6-706b90c5cee1 | ITER: 98 END: OK
2019-06-08 20:52:48.273 22871 INFO rally.task.runner [-] Task ccac70cf-f894-4520-91e6-706b90c5cee1 | ITER: 100 END: OK
2019-06-08 20:52:48.441 22832 INFO rally.task.runner [-] Task ccac70cf-f894-4520-91e6-706b90c5cee1 | ITER: 94 END: OK
2019-06-08 20:52:48.466 22705 INFO rally.task.context [-] Task ccac70cf-f894-4520-91e6-706b90c5cee1 | Context cleanup@openstack cleanup() started
2019-06-08 20:52:48.468 22705 RALLYDEBUG rally_openstack.cleanup.manager [-] Cleaning up neutron vip objects
2019-06-08 20:52:49.114 22705 RALLYDEBUG rally_openstack.cleanup.manager [-] Cleaning up neutron health_monitor objects
2019-06-08 20:52:49.760 22705 RALLYDEBUG rally_openstack.cleanup.manager [-] Cleaning up neutron pool objects
2019-06-08 20:52:50.574 22705 RALLYDEBUG rally_openstack.cleanup.manager [-] Cleaning up neutron loadbalancer objects
2019-06-08 20:52:51.230 22705 RALLYDEBUG rally_openstack.cleanup.manager [-] Cleaning up neutron floatingip objects
2019-06-08 20:52:51.928 22705 RALLYDEBUG rally_openstack.cleanup.manager [-] Cleaning up neutron port objects
2019-06-08 20:52:52.683 22705 RALLYDEBUG rally_openstack.cleanup.manager [-] Cleaning up neutron subnet objects
2019-06-08 20:52:53.346 22705 RALLYDEBUG rally_openstack.cleanup.manager [-] Cleaning up neutron network objects
2019-06-08 20:52:54.406 22705 RALLYDEBUG rally_openstack.cleanup.manager [-] Deleting neutron.network object s_rally_06e8406a_h6Tk94yU (03f1da4f-d3d7-4dfb-b261-c5ee8767d370)
2019-06-08 20:52:54.411 22705 RALLYDEBUG rally_openstack.cleanup.manager [-] Deleting neutron.network object s_rally_06e8406a_zUNJMBXI (1cfa8cfe-b631-4f35-9e02-85dc3e261009)
2019-06-08 20:52:54.413 22705 RALLYDEBUG rally_openstack.cleanup.manager [-] Deleting neutron.network object s_rally_06e8406a_9M1iXj9M (1504e562-3b59-4f81-b736-40081bf8d661)
2019-06-08 20:52:54.416 22705 RALLYDEBUG rally_openstack.cleanup.manager [-] Deleting neutron.network object s_rally_06e8406a_vPNDHnG2 (00236b38-86e0-4752-8f83-d0ea65ddcccb)
2019-06-08 20:52:54.421 22705 RALLYDEBUG rally_openstack.cleanup.manager [-] Deleting neutron.network object s_rally_06e8406a_P4Mv6qK5 (04fa55bf-4da6-4959-a4eb-583f858bb3ca)
2019-06-08 20:52:54.428 22705 RALLYDEBUG rally_openstack.cleanup.manager [-] Deleting neutron.network object s_rally_06e8406a_FbUXtWIQ (0f386591-d19b-4012-96ae-b1c37d34a8e9)
2019-06-08 20:52:54.432 22705 RALLYDEBUG rally_openstack.cleanup.manager [-] Deleting neutron.network object s_rally_06e8406a_XMuKNwDw (1860af28-3cb6-42be-a5d2-d0a65e99eea9)
2019-06-08 20:52:54.432 22705 RALLYDEBUG rally_openstack.cleanup.manager [-] Deleting neutron.network object s_rally_06e8406a_ESKVJUDs (14c08639-f02a-47ed-aab6-90e1e2748944)
2019-06-08 20:52:54.435 22705 RALLYDEBUG rally_openstack.cleanup.manager [-] Deleting neutron.network object s_rally_06e8406a_mGOdTFuc (1d7451ac-65e5-4305-8386-0f182411d76f)
2019-06-08 20:52:54.446 22705 RALLYDEBUG rally_openstack.cleanup.manager [-] Deleting neutron.network object s_rally_06e8406a_ayV4kzbs (21cec8f6-cd27-4b5b-9fdf-676be0428a49)
2019-06-08 20:52:54.446 22705 RALLYDEBUG rally_openstack.cleanup.manager [-] Deleting neutron.network object s_rally_06e8406a_UTeIOxaN (21a033db-95e4-4cc6-b406-cf3616b6edff)
2019-06-08 20:52:54.448 22705 RALLYDEBUG rally_openstack.cleanup.manager [-] Deleting neutron.network object s_rally_06e8406a_sigI5IFj (20c6de52-9ac6-44bd-a1c0-01065cd0d78c)
2019-06-08 20:52:54.460 22705 RALLYDEBUG rally_openstack.cleanup.manager [-] Deleting neutron.network object s_rally_06e8406a_NHqMoxLS (193bb9c9-12cf-4def-8b3a-baa725814b50)
2019-06-08 20:52:54.492 22705 RALLYDEBUG rally_openstack.cleanup.manager [-] Deleting neutron.network object s_rally_06e8406a_iAiJoGSt (28785c58-aa62-4ba5-b29b-3d6caa858ae7)
2019-06-08 20:52:54.485 22705 RALLYDEBUG rally_openstack.cleanup.manager [-] Deleting neutron.network object s_rally_06e8406a_nEktAXtD (26a71d36-f69a-4bd4-85f3-157298e8dfd9)
2019-06-08 20:52:54.512 22705 RALLYDEBUG rally_openstack.cleanup.manager [-] Deleting neutron.network object s_rally_06e8406a_OFeli6Vb (2948fd05-a215-4413-a4a0-c2386b75bfca)
2019-06-08 20:52:54.523 22705 RALLYDEBUG rally_openstack.cleanup.manager [-] Deleting neutron.network object s_rally_06e8406a_FHQ036IK (2abf80b3-a0e6-491d-b079-aca5475a28ed)
2019-06-08 20:52:54.536 22705 RALLYDEBUG rally_openstack.cleanup.manager [-] Deleting neutron.network object s_rally_06e8406a_yRCw1kRQ (325f5e10-6755-4ff7-9274-9b6899a8b70f)
2019-06-08 20:52:54.549 22705 RALLYDEBUG rally_openstack.cleanup.manager [-] Deleting neutron.network object s_rally_06e8406a_q0eK0oul (4101135b-4621-459a-8f6b-903896327167)
2019-06-08 20:52:54.551 22705 RALLYDEBUG rally_openstack.cleanup.manager [-] Deleting neutron.network object s_rally_06e8406a_xcLLGok1 (3c2f7178-dd6a-45a0-a3c4-41420e297642)
2019-06-08 20:52:57.066 22705 RALLYDEBUG rally_openstack.cleanup.manager [-] Deleting neutron.network object s_rally_06e8406a_RmkgyIvt (42ef55d9-f290-4dd2-a258-9099273dafba)
2019-06-08 20:52:57.171 22705 RALLYDEBUG rally_openstack.cleanup.manager [-] Deleting neutron.network object s_rally_06e8406a_BNhHPfnY (4350420a-c319-488f-a97f-f1435bba530a)
2019-06-08 20:52:57.326 22705 RALLYDEBUG rally_openstack.cleanup.manager [-] Deleting neutron.network object s_rally_06e8406a_HaYpceCJ (43f87de1-ac82-44a6-b8d4-5048a701abaf)
2019-06-08 20:52:57.437 22705 RALLYDEBUG rally_openstack.cleanup.manager [-] Deleting neutron.network object s_rally_06e8406a_37mos1Jr (455c171e-196e-439b-805d-d5a5e21704fd)
2019-06-08 20:52:57.474 22705 RALLYDEBUG rally_openstack.cleanup.manager [-] Deleting neutron.network object s_rally_06e8406a_ErhjZZSa (4d64171e-657a-46fe-9500-93a577377e15)
2019-06-08 20:52:57.620 22705 RALLYDEBUG rally_openstack.cleanup.manager [-] Deleting neutron.network object s_rally_06e8406a_7f7M0VfF (51abc1be-fe7c-4d73-9027-6aa435bd9ea0)
2019-06-08 20:52:57.886 22705 RALLYDEBUG rally_openstack.cleanup.manager [-] Deleting neutron.network object s_rally_06e8406a_neAKIbw4 (56a3fd00-3594-4fb1-bdff-6dea42f82bc2)
2019-06-08 20:52:57.971 22705 RALLYDEBUG rally_openstack.cleanup.manager [-] Deleting neutron.network object s_rally_06e8406a_1ZWUbP1M (57217dc6-f195-4085-866c-853d802b0152)
2019-06-08 20:52:58.148 22705 RALLYDEBUG rally_openstack.cleanup.manager [-] Deleting neutron.network object s_rally_06e8406a_5KKfO5pI (58152e0f-0256-492f-bc47-566ce360b061)
2019-06-08 20:52:58.180 22705 RALLYDEBUG rally_openstack.cleanup.manager [-] Deleting neutron.network object s_rally_06e8406a_YpngrPkl (5859ae0a-3d4b-4e46-8f1e-aaa733bdc40e)
2019-06-08 20:52:58.684 22705 RALLYDEBUG rally_openstack.cleanup.manager [-] Deleting neutron.network object s_rally_06e8406a_hWODKi4K (58f539ce-1af4-4a4e-8a2c-a2b34b37779c)
2019-06-08 20:52:58.706 22705 RALLYDEBUG rally_openstack.cleanup.manager [-] Deleting neutron.network object s_rally_06e8406a_dbqyEpgO (5a2f82ed-9002-4637-8bf8-e3f55eccb967)
2019-06-08 20:52:58.723 22705 RALLYDEBUG rally_openstack.cleanup.manager [-] Deleting neutron.network object s_rally_06e8406a_ZZ98tBjN (5bd20ed1-7a3e-4f50-9af7-0e2597f05783)
2019-06-08 20:52:58.757 22705 RALLYDEBUG rally_openstack.cleanup.manager [-] Deleting neutron.network object s_rally_06e8406a_wzRQoJCe (5e6b081b-f353-4cad-8a6d-99a2b48fdf2e)
2019-06-08 20:52:58.903 22705 RALLYDEBUG rally_openstack.cleanup.manager [-] Deleting neutron.network object s_rally_06e8406a_RsWsgjlX (5e941fbb-93e4-40c3-ac76-372f8d600f3b)
2019-06-08 20:52:58.922 22705 RALLYDEBUG rally_openstack.cleanup.manager [-] Deleting neutron.network object s_rally_06e8406a_HCbICWNm (5f3b759e-17c4-4c37-8069-ca2db93a18b8)
2019-06-08 20:52:59.030 22705 RALLYDEBUG rally_openstack.cleanup.manager [-] Deleting neutron.network object s_rally_06e8406a_f70vLLGi (60707646-aa19-4d1b-9ef2-397e6a00622f)
2019-06-08 20:52:59.236 22705 RALLYDEBUG rally_openstack.cleanup.manager [-] Deleting neutron.network object s_rally_06e8406a_GIJlh02A (60c53ca7-9f3b-4eba-bac2-98fee204933e)
2019-06-08 20:52:59.278 22705 RALLYDEBUG rally_openstack.cleanup.manager [-] Deleting neutron.network object s_rally_06e8406a_o8vmLVbK (618dbac4-eec6-4dc2-ad40-974e5f05e344)
2019-06-08 20:52:59.290 22705 RALLYDEBUG rally_openstack.cleanup.manager [-] Deleting neutron.network object s_rally_06e8406a_gquj5Y8s (6451c40d-6b63-4ded-b074-8906e7bab20d)
2019-06-08 20:52:59.338 22705 RALLYDEBUG rally_openstack.cleanup.manager [-] Deleting neutron.network object s_rally_06e8406a_8VZBQiMM (6a3c117a-896f-4fe8-b9d3-c0a40fa952e2)
2019-06-08 20:52:59.533 22705 RALLYDEBUG rally_openstack.cleanup.manager [-] Deleting neutron.network object s_rally_06e8406a_lfslt6S6 (6d575eb5-f998-41eb-b6ae-e6dd5c855064)
2019-06-08 20:52:59.910 22705 RALLYDEBUG rally_openstack.cleanup.manager [-] Deleting neutron.network object s_rally_06e8406a_JkdamN6J (71a148a9-2efd-40bb-856d-a70fdf3caf74)
2019-06-08 20:53:00.002 22705 RALLYDEBUG rally_openstack.cleanup.manager [-] Deleting neutron.network object s_rally_06e8406a_AT4WhUuM (71a91271-ed32-44aa-9313-ab3f660e6bf0)
2019-06-08 20:53:00.138 22705 RALLYDEBUG rally_openstack.cleanup.manager [-] Deleting neutron.network object s_rally_06e8406a_XyUKRdNs (770c7a83-7486-4191-83a4-6780949d3d06)
2019-06-08 20:53:00.227 22705 RALLYDEBUG rally_openstack.cleanup.manager [-] Deleting neutron.network object s_rally_06e8406a_qoVARRy2 (7843b42c-319e-4230-94a3-c5a0482f3d13)
2019-06-08 20:53:00.321 22705 RALLYDEBUG rally_openstack.cleanup.manager [-] Deleting neutron.network object s_rally_06e8406a_vGR47anR (78c893fe-1bb8-431d-a8d9-0ed8e95d9a1f)
2019-06-08 20:53:00.364 22705 RALLYDEBUG rally_openstack.cleanup.manager [-] Deleting neutron.network object s_rally_06e8406a_XicqvN2A (79182b28-f6bc-411d-a20f-57ba5327df7c)
2019-06-08 20:53:00.577 22705 RALLYDEBUG rally_openstack.cleanup.manager [-] Deleting neutron.network object s_rally_06e8406a_T7otHi6Z (79897294-cf5e-4591-acd4-f066493af678)
2019-06-08 20:53:00.920 22705 RALLYDEBUG rally_openstack.cleanup.manager [-] Deleting neutron.network object s_rally_06e8406a_pTKlk9bo (7bc53d0f-bd2f-4a30-b8fe-07437d1d188d)
2019-06-08 20:53:01.183 22705 RALLYDEBUG rally_openstack.cleanup.manager [-] Deleting neutron.network object s_rally_06e8406a_86oeKeOT (7dc470bc-66a1-48a3-9e4e-5f2b70cb72ba)
2019-06-08 20:53:01.265 22705 RALLYDEBUG rally_openstack.cleanup.manager [-] Deleting neutron.network object s_rally_06e8406a_EHC95hgo (7f524a93-6138-4253-aeaa-347fe52b623d)
2019-06-08 20:53:01.287 22705 RALLYDEBUG rally_openstack.cleanup.manager [-] Deleting neutron.network object s_rally_06e8406a_6hqvo5Za (819993e1-9bb9-4cff-8813-d66a09b4cf21)
2019-06-08 20:53:01.422 22705 RALLYDEBUG rally_openstack.cleanup.manager [-] Deleting neutron.network object s_rally_06e8406a_CIbRk1Ra (869f8bc7-2d9b-465e-8bba-126eec834a59)
2019-06-08 20:53:01.470 22705 RALLYDEBUG rally_openstack.cleanup.manager [-] Deleting neutron.network object s_rally_06e8406a_wtaD19K1 (87424dbf-51d5-4aca-8469-cacd2fb6a0e2)
2019-06-08 20:53:01.611 22705 RALLYDEBUG rally_openstack.cleanup.manager [-] Deleting neutron.network object s_rally_06e8406a_OFlEJ6TQ (894524ff-4592-4520-99ca-077f1b6142e2)
2019-06-08 20:53:01.692 22705 RALLYDEBUG rally_openstack.cleanup.manager [-] Deleting neutron.network object s_rally_06e8406a_7uasWC5P (90921e38-2524-4d7d-9416-adfa5a100a78)
2019-06-08 20:53:01.855 22705 RALLYDEBUG rally_openstack.cleanup.manager [-] Deleting neutron.network object s_rally_06e8406a_hon28lbl (94dbc52f-ad45-469d-8f09-01be14aeb5cd)
2019-06-08 20:53:01.911 22705 RALLYDEBUG rally_openstack.cleanup.manager [-] Deleting neutron.network object s_rally_06e8406a_WvPvBppC (95239b7e-3b45-4166-b7c0-54511f16d095)
2019-06-08 20:53:01.976 22705 RALLYDEBUG rally_openstack.cleanup.manager [-] Deleting neutron.network object s_rally_06e8406a_Ll3L4ZhR (9795696c-78cd-4807-b3e9-1cd072fa4129)
2019-06-08 20:53:02.064 22705 RALLYDEBUG rally_openstack.cleanup.manager [-] Deleting neutron.network object s_rally_06e8406a_feXi1SaW (9ae638f6-8c08-4700-82c8-74af102b8da8)
2019-06-08 20:53:02.220 22705 RALLYDEBUG rally_openstack.cleanup.manager [-] Deleting neutron.network object s_rally_06e8406a_kui2bQwq (9b84f8c1-3537-46a5-89e9-cfd83a66f082)
2019-06-08 20:53:02.249 22705 RALLYDEBUG rally_openstack.cleanup.manager [-] Deleting neutron.network object s_rally_06e8406a_mJmNMdVf (9bc1a1b2-d421-457a-a454-2555a3037fbc)
2019-06-08 20:53:02.680 22705 RALLYDEBUG rally_openstack.cleanup.manager [-] Deleting neutron.network object s_rally_06e8406a_ynManyqk (9cc9be37-5023-4410-b382-87dc6a058213)
2019-06-08 20:53:02.763 22705 RALLYDEBUG rally_openstack.cleanup.manager [-] Deleting neutron.network object s_rally_06e8406a_ve2lrNsI (9f187acf-ef20-41bb-8494-994b3d8f4c71)
2019-06-08 20:53:02.800 22705 RALLYDEBUG rally_openstack.cleanup.manager [-] Deleting neutron.network object s_rally_06e8406a_x60TR2C4 (a095efc3-668b-4e52-877b-416d75c47e14)
2019-06-08 20:53:02.897 22705 RALLYDEBUG rally_openstack.cleanup.manager [-] Deleting neutron.network object s_rally_06e8406a_e0tokttX (a1639756-07f7-4695-b97b-b0aee9841ec0)
2019-06-08 20:53:03.160 22705 RALLYDEBUG rally_openstack.cleanup.manager [-] Deleting neutron.network object s_rally_06e8406a_Teexo1xz (a55f9e50-aaa2-48d2-9778-534dfa169d38)
2019-06-08 20:53:03.343 22705 RALLYDEBUG rally_openstack.cleanup.manager [-] Deleting neutron.network object s_rally_06e8406a_rqnlXeYc (a804928e-ab02-465b-ac8d-28479d4ac890)
2019-06-08 20:53:03.565 22705 RALLYDEBUG rally_openstack.cleanup.manager [-] Deleting neutron.network object s_rally_06e8406a_fOvwNNMH (a86e61df-0a39-4056-bba8-2a620ea3dff7)
2019-06-08 20:53:03.593 22705 RALLYDEBUG rally_openstack.cleanup.manager [-] Deleting neutron.network object s_rally_06e8406a_NclOQYdw (a92d4e37-9ee3-4454-ad03-3b265529e86a)
2019-06-08 20:53:03.873 22705 RALLYDEBUG rally_openstack.cleanup.manager [-] Deleting neutron.network object s_rally_06e8406a_ykA8SWXd (af8c36ec-7d31-45de-91c5-6821c1dbef5a)
2019-06-08 20:53:04.119 22705 RALLYDEBUG rally_openstack.cleanup.manager [-] Deleting neutron.network object s_rally_06e8406a_6WDyTypE (b1dc40d2-fcaa-406f-885a-d1d2a9bfb4eb)
2019-06-08 20:53:04.223 22705 RALLYDEBUG rally_openstack.cleanup.manager [-] Deleting neutron.network object s_rally_06e8406a_Hr7FknoO (b2925c38-2511-41b2-b81f-95f99534a999)
2019-06-08 20:53:04.229 22705 RALLYDEBUG rally_openstack.cleanup.manager [-] Deleting neutron.network object s_rally_06e8406a_IdIQKPtZ (b5425905-a734-4fa8-b8c3-532965956f0e)
2019-06-08 20:53:04.237 22705 RALLYDEBUG rally_openstack.cleanup.manager [-] Deleting neutron.network object s_rally_06e8406a_bvGrIeRP (b808eb13-b171-4faf-94ba-fb0015a3d51e)
2019-06-08 20:53:04.349 22705 RALLYDEBUG rally_openstack.cleanup.manager [-] Deleting neutron.network object s_rally_06e8406a_rRgRmY5u (ba500579-f64a-45f8-b93f-4ec986685eff)
2019-06-08 20:53:04.432 22705 RALLYDEBUG rally_openstack.cleanup.manager [-] Deleting neutron.network object s_rally_06e8406a_LE97iHjR (bd30e644-7df7-40e9-9b7f-8162c11507ad)
2019-06-08 20:53:04.538 22705 RALLYDEBUG rally_openstack.cleanup.manager [-] Deleting neutron.network object s_rally_06e8406a_i80koQFn (c6affbe6-6776-42b8-a930-67cba54c5953)
2019-06-08 20:53:04.648 22705 RALLYDEBUG rally_openstack.cleanup.manager [-] Deleting neutron.network object s_rally_06e8406a_GKRjbWWV (cc33b9dc-09c2-4869-b941-e06a291ce988)
2019-06-08 20:53:04.722 22705 RALLYDEBUG rally_openstack.cleanup.manager [-] Deleting neutron.network object s_rally_06e8406a_u0xrTJKi (cddc5c11-07e8-4768-8d93-610dd78cec00)
2019-06-08 20:53:05.169 22705 RALLYDEBUG rally_openstack.cleanup.manager [-] Deleting neutron.network object s_rally_06e8406a_jPl9MYza (ce91ca31-5a86-47e1-92cd-c681b1e70994)
2019-06-08 20:53:05.248 22705 RALLYDEBUG rally_openstack.cleanup.manager [-] Deleting neutron.network object s_rally_06e8406a_Ym6EF1CZ (d8f7a6c9-7c38-4f43-9e7a-83419aa6c53c)
2019-06-08 20:53:05.266 22705 RALLYDEBUG rally_openstack.cleanup.manager [-] Deleting neutron.network object s_rally_06e8406a_nsjdj9ki (ddd80182-6014-4dee-aec4-31a90c54c3c8)
2019-06-08 20:53:05.553 22705 RALLYDEBUG rally_openstack.cleanup.manager [-] Deleting neutron.network object s_rally_06e8406a_0Unmdbym (dfa92d2b-7e58-46cd-8a35-c3e6cc4606f0)
2019-06-08 20:53:05.578 22705 RALLYDEBUG rally_openstack.cleanup.manager [-] Deleting neutron.network object s_rally_06e8406a_JSy6MVRh (e1228beb-459f-4a41-90be-e5159434c68a)
2019-06-08 20:53:05.596 22705 RALLYDEBUG rally_openstack.cleanup.manager [-] Deleting neutron.network object s_rally_06e8406a_KM5bZHGd (e3958d5a-d9cf-46dc-ae9e-6600b0cb8580)
2019-06-08 20:53:05.944 22705 RALLYDEBUG rally_openstack.cleanup.manager [-] Deleting neutron.network object s_rally_06e8406a_NL7x0R2O (e5a3e9f7-40d3-430a-9338-42eaef694b5c)
2019-06-08 20:53:05.983 22705 RALLYDEBUG rally_openstack.cleanup.manager [-] Deleting neutron.network object s_rally_06e8406a_ZhbUjHfn (e60572af-3e64-4cd3-b864-99f18fe60903)
2019-06-08 20:53:06.086 22705 RALLYDEBUG rally_openstack.cleanup.manager [-] Deleting neutron.network object s_rally_06e8406a_gU7ewutX (e92df2cf-336b-4b4d-b815-a22e7cb20593)
2019-06-08 20:53:06.313 22705 RALLYDEBUG rally_openstack.cleanup.manager [-] Deleting neutron.network object s_rally_06e8406a_1MlX46aN (eb4ecb2a-6e75-498d-a982-1068aaca4baf)
2019-06-08 20:53:06.648 22705 RALLYDEBUG rally_openstack.cleanup.manager [-] Deleting neutron.network object s_rally_06e8406a_xB8d04D7 (eeacc0c7-29a6-4748-b983-2ec802813eb5)
2019-06-08 20:53:06.861 22705 RALLYDEBUG rally_openstack.cleanup.manager [-] Deleting neutron.network object s_rally_06e8406a_Xz8GTtii (f136a2b2-403c-4cc2-8999-897d27f8ca80)
2019-06-08 20:53:07.069 22705 RALLYDEBUG rally_openstack.cleanup.manager [-] Deleting neutron.network object s_rally_06e8406a_z75KXPW9 (f3aa583a-ad47-4f9d-8268-537277bb8ea7)
2019-06-08 20:53:07.097 22705 RALLYDEBUG rally_openstack.cleanup.manager [-] Deleting neutron.network object s_rally_06e8406a_Ke45d6Gs (f4f07235-608f-4fa9-b3e5-75b5befb1e96)
2019-06-08 20:53:07.157 22705 RALLYDEBUG rally_openstack.cleanup.manager [-] Deleting neutron.network object s_rally_06e8406a_vWxcIV04 (f7d7ecb2-ccb7-4cfd-ba86-c1ae8f79201b)
