2019-06-08 21:13:07.566 26989 WARNING rally_openstack.scenarios.neutron.utils [-] Running this scenario without either the 'network' or 'existing_network' context is deprecated
2019-06-08 21:13:07.635 26976 INFO rally.task.runner [-] Task ccac70cf-f894-4520-91e6-706b90c5cee1 | ITER: 13 END: OK
2019-06-08 21:13:07.639 26976 INFO rally.task.runner [-] Task ccac70cf-f894-4520-91e6-706b90c5cee1 | ITER: 40 START
2019-06-08 21:13:07.640 26976 WARNING rally_openstack.scenarios.neutron.utils [-] Running this scenario without either the 'network' or 'existing_network' context is deprecated
2019-06-08 21:13:16.873 26951 INFO rally.task.runner [-] Task ccac70cf-f894-4520-91e6-706b90c5cee1 | ITER: 21 END: OK
2019-06-08 21:13:17.446 26972 INFO rally.task.runner [-] Task ccac70cf-f894-4520-91e6-706b90c5cee1 | ITER: 27 END: OK
2019-06-08 21:13:18.549 26952 INFO rally.task.runner [-] Task ccac70cf-f894-4520-91e6-706b90c5cee1 | ITER: 23 END: OK
2019-06-08 21:13:18.730 26951 INFO rally.task.runner [-] Task ccac70cf-f894-4520-91e6-706b90c5cee1 | ITER: 24 END: OK
2019-06-08 21:13:18.985 26952 INFO rally.task.runner [-] Task ccac70cf-f894-4520-91e6-706b90c5cee1 | ITER: 33 END: OK
2019-06-08 21:13:19.205 26958 INFO rally.task.runner [-] Task ccac70cf-f894-4520-91e6-706b90c5cee1 | ITER: 30 END: OK
2019-06-08 21:13:19.386 26953 INFO rally.task.runner [-] Task ccac70cf-f894-4520-91e6-706b90c5cee1 | ITER: 34 END: OK
2019-06-08 21:13:19.487 26983 INFO rally.task.runner [-] Task ccac70cf-f894-4520-91e6-706b90c5cee1 | ITER: 28 END: OK
2019-06-08 21:13:19.733 26981 INFO rally.task.runner [-] Task ccac70cf-f894-4520-91e6-706b90c5cee1 | ITER: 32 END: OK
2019-06-08 21:13:19.854 26990 INFO rally.task.runner [-] Task ccac70cf-f894-4520-91e6-706b90c5cee1 | ITER: 22 END: OK
2019-06-08 21:13:19.977 26954 INFO rally.task.runner [-] Task ccac70cf-f894-4520-91e6-706b90c5cee1 | ITER: 35 END: OK
2019-06-08 21:13:20.038 26953 INFO rally.task.runner [-] Task ccac70cf-f894-4520-91e6-706b90c5cee1 | ITER: 29 END: OK
2019-06-08 21:13:20.070 26993 INFO rally.task.runner [-] Task ccac70cf-f894-4520-91e6-706b90c5cee1 | ITER: 25 END: OK
2019-06-08 21:13:20.091 26998 INFO rally.task.runner [-] Task ccac70cf-f894-4520-91e6-706b90c5cee1 | ITER: 38 END: OK
2019-06-08 21:13:20.196 26954 INFO rally.task.runner [-] Task ccac70cf-f894-4520-91e6-706b90c5cee1 | ITER: 31 END: OK
2019-06-08 21:13:20.385 26963 INFO rally.task.runner [-] Task ccac70cf-f894-4520-91e6-706b90c5cee1 | ITER: 26 END: OK
2019-06-08 21:13:21.280 26977 INFO rally.task.runner [-] Task ccac70cf-f894-4520-91e6-706b90c5cee1 | ITER: 37 END: OK
2019-06-08 21:13:21.539 26955 INFO rally.task.runner [-] Task ccac70cf-f894-4520-91e6-706b90c5cee1 | ITER: 36 END: OK
2019-06-08 21:13:22.615 26976 INFO rally.task.runner [-] Task ccac70cf-f894-4520-91e6-706b90c5cee1 | ITER: 40 END: OK
2019-06-08 21:13:22.819 26989 INFO rally.task.runner [-] Task ccac70cf-f894-4520-91e6-706b90c5cee1 | ITER: 39 END: OK
2019-06-08 21:13:22.846 22705 INFO rally.task.context [-] Task ccac70cf-f894-4520-91e6-706b90c5cee1 | Context cleanup@openstack cleanup() started
2019-06-08 21:13:22.848 22705 RALLYDEBUG rally_openstack.cleanup.manager [-] Cleaning up neutron vip objects
2019-06-08 21:13:23.567 22705 RALLYDEBUG rally_openstack.cleanup.manager [-] Cleaning up neutron health_monitor objects
2019-06-08 21:13:24.309 22705 RALLYDEBUG rally_openstack.cleanup.manager [-] Cleaning up neutron pool objects
2019-06-08 21:13:25.037 22705 RALLYDEBUG rally_openstack.cleanup.manager [-] Cleaning up neutron loadbalancer objects
2019-06-08 21:13:25.672 22705 RALLYDEBUG rally_openstack.cleanup.manager [-] Cleaning up neutron floatingip objects
2019-06-08 21:13:26.450 22705 RALLYDEBUG rally_openstack.cleanup.manager [-] Cleaning up neutron port objects
2019-06-08 21:13:27.160 22705 RALLYDEBUG rally_openstack.cleanup.manager [-] Cleaning up neutron subnet objects
2019-06-08 21:13:27.937 22705 RALLYDEBUG rally_openstack.cleanup.manager [-] Cleaning up neutron network objects
2019-06-08 21:13:28.815 22705 RALLYDEBUG rally_openstack.cleanup.manager [-] Deleting neutron.network object s_rally_3447582b_UramlZFg (169ab16e-b3e9-4d92-b162-a82036e91a20)
2019-06-08 21:13:28.824 22705 RALLYDEBUG rally_openstack.cleanup.manager [-] Deleting neutron.network object s_rally_3447582b_iIQNvJIB (4f5d1138-3fd6-4759-b11b-58a07d0acd1c)
2019-06-08 21:13:28.825 22705 RALLYDEBUG rally_openstack.cleanup.manager [-] Deleting neutron.network object s_rally_3447582b_O20nPp3l (2289fd32-a057-4ad6-a590-d6fafc05d8b4)
2019-06-08 21:13:28.831 22705 RALLYDEBUG rally_openstack.cleanup.manager [-] Deleting neutron.network object s_rally_3447582b_GToMRUNn (3c3ec6bc-d6e3-4c4f-818a-725300e16c4c)
2019-06-08 21:13:28.833 22705 RALLYDEBUG rally_openstack.cleanup.manager [-] Deleting neutron.network object s_rally_3447582b_UAuJgRD9 (4009add2-eb21-438e-927c-fd2b5342789f)
2019-06-08 21:13:28.833 22705 RALLYDEBUG rally_openstack.cleanup.manager [-] Deleting neutron.network object s_rally_3447582b_qssFyeSh (415986b8-dbd1-4d46-87b6-fa40f78e4160)
2019-06-08 21:13:28.833 22705 RALLYDEBUG rally_openstack.cleanup.manager [-] Deleting neutron.network object s_rally_3447582b_XdzWCCvy (2b54e709-e30e-483c-90b5-442df9a0de09)
2019-06-08 21:13:28.838 22705 RALLYDEBUG rally_openstack.cleanup.manager [-] Deleting neutron.network object s_rally_3447582b_5U4alZh9 (50069512-e83c-430e-8f20-f7e3952f7647)
2019-06-08 21:13:28.843 22705 RALLYDEBUG rally_openstack.cleanup.manager [-] Deleting neutron.network object s_rally_3447582b_zyy0JlVS (33634c8a-b4eb-42c9-a1f3-e0b300871b0e)
2019-06-08 21:13:28.848 22705 RALLYDEBUG rally_openstack.cleanup.manager [-] Deleting neutron.network object s_rally_3447582b_RpzcZMnc (48cb1ecd-54ce-457e-adb5-f69a5acdcc81)
2019-06-08 21:13:28.855 22705 RALLYDEBUG rally_openstack.cleanup.manager [-] Deleting neutron.network object s_rally_3447582b_lloPTWmN (5099d547-4c5c-4f03-85b0-240a05554e8e)
2019-06-08 21:13:28.859 22705 RALLYDEBUG rally_openstack.cleanup.manager [-] Deleting neutron.network object s_rally_3447582b_isRPV5iX (29f0f93a-1d54-457d-95b1-93358279f44e)
2019-06-08 21:13:28.865 22705 RALLYDEBUG rally_openstack.cleanup.manager [-] Deleting neutron.network object s_rally_3447582b_vtWdzjLu (59efbe62-fbc1-4ab9-8a4a-5e77513737ab)
2019-06-08 21:13:28.878 22705 RALLYDEBUG rally_openstack.cleanup.manager [-] Deleting neutron.network object s_rally_3447582b_CKKz8wZJ (5cd4417e-1bc3-4de6-9f53-584b02113d80)
2019-06-08 21:13:28.896 22705 RALLYDEBUG rally_openstack.cleanup.manager [-] Deleting neutron.network object s_rally_3447582b_OXLAiw4p (5e80cfff-3a8f-4c90-a89a-2708c186814c)
2019-06-08 21:13:28.922 22705 RALLYDEBUG rally_openstack.cleanup.manager [-] Deleting neutron.network object s_rally_3447582b_qbosDXxX (6e231313-f211-4364-ab62-99321e4276b0)
2019-06-08 21:13:28.941 22705 RALLYDEBUG rally_openstack.cleanup.manager [-] Deleting neutron.network object s_rally_3447582b_OtlorVE9 (7a0f9914-0157-48a1-9465-ee0e1523d23d)
2019-06-08 21:13:28.944 22705 RALLYDEBUG rally_openstack.cleanup.manager [-] Deleting neutron.network object s_rally_3447582b_xC7ftKRh (701ac3ed-7e54-4356-afa0-594509ca461a)
2019-06-08 21:13:28.961 22705 RALLYDEBUG rally_openstack.cleanup.manager [-] Deleting neutron.network object s_rally_3447582b_QcbPqJiM (7b398048-1d7c-4da7-b757-c30167c65e70)
2019-06-08 21:13:28.971 22705 RALLYDEBUG rally_openstack.cleanup.manager [-] Deleting neutron.network object s_rally_3447582b_GSYF2PIC (7c099f81-39e5-4104-a3c4-920945125adc)
2019-06-08 21:13:31.619 22705 RALLYDEBUG rally_openstack.cleanup.manager [-] Deleting neutron.network object s_rally_3447582b_JSZkI09X (7ec681dc-0602-4403-a617-4dafeccb2c76)
2019-06-08 21:13:31.629 22705 RALLYDEBUG rally_openstack.cleanup.manager [-] Deleting neutron.network object s_rally_3447582b_4mUJRiM4 (816f6b07-b960-4f17-bbd7-b2edd1d9f428)
2019-06-08 21:13:31.746 22705 RALLYDEBUG rally_openstack.cleanup.manager [-] Deleting neutron.network object s_rally_3447582b_HKUzZWTf (86c90d51-5dbe-48e1-af54-b6c9add305d8)
2019-06-08 21:13:31.785 22705 RALLYDEBUG rally_openstack.cleanup.manager [-] Deleting neutron.network object s_rally_3447582b_rQra0YyE (8d8ffd3c-f0b3-4fb2-92e1-8f3ac82ecdc3)
2019-06-08 21:13:31.904 22705 RALLYDEBUG rally_openstack.cleanup.manager [-] Deleting neutron.network object s_rally_3447582b_lHaR3yEa (923d2861-e153-4cb2-8bd3-b71312c23724)
2019-06-08 21:13:31.912 22705 RALLYDEBUG rally_openstack.cleanup.manager [-] Deleting neutron.network object s_rally_3447582b_01yB6zNL (93c4044a-0d86-4f38-801a-1ca0f512faeb)
2019-06-08 21:13:31.926 22705 RALLYDEBUG rally_openstack.cleanup.manager [-] Deleting neutron.network object s_rally_3447582b_zSjfsgJ0 (93c6ef15-9050-4cf7-8356-954230302b92)
2019-06-08 21:13:31.950 22705 RALLYDEBUG rally_openstack.cleanup.manager [-] Deleting neutron.network object s_rally_3447582b_IXyAlMl1 (9bb508e5-86cb-405a-be73-872424fce2b6)
2019-06-08 21:13:31.959 22705 RALLYDEBUG rally_openstack.cleanup.manager [-] Deleting neutron.network object s_rally_3447582b_GD6Wek4l (a0a0cf07-2a6c-4f35-8931-9e331384a45a)
2019-06-08 21:13:32.295 22705 RALLYDEBUG rally_openstack.cleanup.manager [-] Deleting neutron.network object s_rally_3447582b_nWAEjSWe (a22acf9c-531f-4c5a-ac23-e8e90eadd817)
2019-06-08 21:13:32.318 22705 RALLYDEBUG rally_openstack.cleanup.manager [-] Deleting neutron.network object s_rally_3447582b_18XuQPmr (a98bef2e-861c-40e0-a74a-74cc4bf9918e)
2019-06-08 21:13:32.341 22705 RALLYDEBUG rally_openstack.cleanup.manager [-] Deleting neutron.network object s_rally_3447582b_Ds5SWm3l (a99c9ea9-f86e-4420-8f52-41bb2441677d)
2019-06-08 21:13:32.362 22705 RALLYDEBUG rally_openstack.cleanup.manager [-] Deleting neutron.network object s_rally_3447582b_OVmKuEEN (b01efb48-9303-45bd-a138-2052a19e9bb7)
2019-06-08 21:13:32.368 22705 RALLYDEBUG rally_openstack.cleanup.manager [-] Deleting neutron.network object s_rally_3447582b_X3zJMR5S (bc092c48-b165-41f1-9597-4a5e98939ea2)
2019-06-08 21:13:32.371 22705 RALLYDEBUG rally_openstack.cleanup.manager [-] Deleting neutron.network object s_rally_3447582b_kEi54ddL (ccb07f37-5c58-4f4c-977d-28dc8e38e1b3)
2019-06-08 21:13:32.463 22705 RALLYDEBUG rally_openstack.cleanup.manager [-] Deleting neutron.network object s_rally_3447582b_CdbI40i2 (cd4135ba-ce51-4796-af52-2a14d35976ee)
2019-06-08 21:13:32.480 22705 RALLYDEBUG rally_openstack.cleanup.manager [-] Deleting neutron.network object s_rally_3447582b_96zFgl9a (d6fb9653-6395-4b2a-9f8f-39898ee42666)
2019-06-08 21:13:32.815 22705 RALLYDEBUG rally_openstack.cleanup.manager [-] Deleting neutron.network object s_rally_3447582b_2jk3Mhy3 (db0cbc65-6caf-4278-81f6-cd3d999ba798)
2019-06-08 21:13:32.855 22705 RALLYDEBUG rally_openstack.cleanup.manager [-] Deleting neutron.network object s_rally_3447582b_6guOqdRS (dbfb3258-8840-475c-acb0-33784e384b8e)
2019-06-08 21:13:32.868 22705 RALLYDEBUG rally_openstack.cleanup.manager [-] Deleting neutron.network object s_rally_3447582b_GfJp6Fnl (f25caaea-35e1-42ba-9632-e607e6b3f210)
2019-06-08 21:13:36.175 22705 RALLYDEBUG rally_openstack.cleanup.manager [-] Cleaning up neutron router objects
2019-06-08 21:13:36.976 22705 RALLYDEBUG rally_openstack.cleanup.manager [-] Cleaning up neutron security_group objects
2019-06-08 21:13:37.656 22705 INFO rally.task.context [-] Task ccac70cf-f894-4520-91e6-706b90c5cee1 | Context cleanup@openstack cleanup() finished in 14.81 sec
2019-06-08 21:13:37.657 22705 INFO rally.task.context [-] Task ccac70cf-f894-4520-91e6-706b90c5cee1 | Context quotas@openstack cleanup() started
2019-06-08 21:13:37.985 22705 INFO rally.task.context [-] Task ccac70cf-f894-4520-91e6-706b90c5cee1 | Context quotas@openstack cleanup() finished in 0.33 sec
2019-06-08 21:13:37.986 22705 INFO rally.task.context [-] Task ccac70cf-f894-4520-91e6-706b90c5cee1 | Context users@openstack cleanup() started
2019-06-08 21:13:42.974 22705 INFO rally.task.context [-] Task ccac70cf-f894-4520-91e6-706b90c5cee1 | Context users@openstack cleanup() finished in 4.99 sec
2019-06-08 21:13:43.387 22705 INFO rally.task.engine [-] Load duration is: 31.962644
2019-06-08 21:13:43.387 22705 INFO rally.task.engine [-] Full runner duration is: 32.013547
2019-06-08 21:13:43.387 22705 INFO rally.task.engine [-] Full duration is: 57.79381
2019-06-08 21:13:43.690 22705 INFO rally.task.engine [-] Running workload: position = 0 config = { "version": 2, "title": "A cropped version of a bigger task.", "description": "Auto-generated task from a single workload (uuid=0176fa2b-2362-4cd4-8cef-3cbd1bc7cb80)", "subtasks": [ { "title": "Quotas.neutron_update", "description": "Update quotas for neutron.", "scenario": { "Quotas.neutron_update": { "max_quota": 1024 } }, "contexts": { "users": { "tenants": 20, "users_per_tenant": 1 } }, "runner": { "constant": { "times": 40, "concurrency": 20 } }, "hooks": [], "sla": { "failure_rate": { "max": 0 } } } ] }
2019-06-08 21:13:43.711 22705 RALLYDEBUG rally_openstack.contexts.keystone.users [-] Creating 20 tenants using 20 threads
2019-06-08 21:13:46.487 22705 RALLYDEBUG rally_openstack.contexts.keystone.users [-] Creating 20 users using 20 threads
2019-06-08 21:13:50.124 22705 INFO rally.task.context [-] Task ccac70cf-f894-4520-91e6-706b90c5cee1 | Context users@openstack setup() finished in 6.41 sec
2019-06-08 21:13:50.124 22705 INFO rally.task.context [-] Task ccac70cf-f894-4520-91e6-706b90c5cee1 | Context admin_cleanup@openstack setup() finished in 0.01 msec
2019-06-08 21:13:50.131 22705 RALLYDEBUG rally.task.runner [-] Starting the constant runner (task UUID: ccac70cf-f894-4520-91e6-706b90c5cee1). timeout: 0 concurrency: 20 concurrency_per_worker: 1 times: 40 concurrency_overhead: 4 processes_to_start: 16 max_cpu_used: 16
2019-06-08 21:13:50.143 27321 RALLYDEBUG rally.task.runner [-] Starting a worker. concurrency: 2 args: {"max_quota": 1024} times: 40 method_name: run timeout: 0 duration: None cls:
2019-06-08 21:13:50.148 27322 RALLYDEBUG rally.task.runner [-] Starting a worker. concurrency: 2 args: {"max_quota": 1024} times: 40 method_name: run timeout: 0 duration: None cls:
2019-06-08 21:13:50.151 27323 RALLYDEBUG rally.task.runner [-] Starting a worker. concurrency: 2 args: {"max_quota": 1024} times: 40 method_name: run timeout: 0 duration: None cls:
2019-06-08 21:13:50.155 27324 RALLYDEBUG rally.task.runner [-] Starting a worker. concurrency: 2 args: {"max_quota": 1024} times: 40 method_name: run timeout: 0 duration: None cls:
2019-06-08 21:13:50.157 27321 INFO rally.task.runner [-] Task ccac70cf-f894-4520-91e6-706b90c5cee1 | ITER: 1 START
2019-06-08 21:13:50.157 27325 RALLYDEBUG rally.task.runner [-] Starting a worker. concurrency: 1 args: {"max_quota": 1024} times: 40 method_name: run timeout: 0 duration: None cls:
2019-06-08 21:13:50.161 27328 RALLYDEBUG rally.task.runner [-] Starting a worker. concurrency: 1 args: {"max_quota": 1024} times: 40 method_name: run timeout: 0 duration: None cls:
2019-06-08 21:13:50.164 27329 RALLYDEBUG rally.task.runner [-] Starting a worker. concurrency: 1 args: {"max_quota": 1024} times: 40 method_name: run timeout: 0 duration: None cls:
2019-06-08 21:13:50.165 27321 INFO rally.task.runner [-] Task ccac70cf-f894-4520-91e6-706b90c5cee1 | ITER: 3 START
2019-06-08 21:13:50.166 27322 INFO rally.task.runner [-] Task ccac70cf-f894-4520-91e6-706b90c5cee1 | ITER: 2 START
2019-06-08 21:13:50.169 27323 INFO rally.task.runner [-] Task ccac70cf-f894-4520-91e6-706b90c5cee1 | ITER: 4 START
2019-06-08 21:13:50.166 27322 INFO rally.task.runner [-] Task ccac70cf-f894-4520-91e6-706b90c5cee1 | ITER: 6 START
2019-06-08 21:13:50.170 27324 INFO rally.task.runner [-] Task ccac70cf-f894-4520-91e6-706b90c5cee1 | ITER: 5 START
2019-06-08 21:13:50.172 27325 INFO rally.task.runner [-] Task ccac70cf-f894-4520-91e6-706b90c5cee1 | ITER: 7 START
2019-06-08 21:13:50.171 27339 RALLYDEBUG rally.task.runner [-] Starting a worker. concurrency: 1 args: {"max_quota": 1024} times: 40 method_name: run timeout: 0 duration: None cls:
2019-06-08 21:13:50.171 27333 RALLYDEBUG rally.task.runner [-] Starting a worker. concurrency: 1 args: {"max_quota": 1024} times: 40 method_name: run timeout: 0 duration: None cls:
2019-06-08 21:13:50.173 27335 RALLYDEBUG rally.task.runner [-] Starting a worker. concurrency: 1 args: {"max_quota": 1024} times: 40 method_name: run timeout: 0 duration: None cls:
2019-06-08 21:13:50.175 27329 INFO rally.task.runner [-] Task ccac70cf-f894-4520-91e6-706b90c5cee1 | ITER: 11 START
2019-06-08 21:13:50.181 27341 RALLYDEBUG rally.task.runner [-] Starting a worker. concurrency: 1 args: {"max_quota": 1024} times: 40 method_name: run timeout: 0 duration: None cls:
2019-06-08 21:13:50.184 27324 INFO rally.task.runner [-] Task ccac70cf-f894-4520-91e6-706b90c5cee1 | ITER: 10 START
2019-06-08 21:13:50.184 27328 INFO rally.task.runner [-] Task ccac70cf-f894-4520-91e6-706b90c5cee1 | ITER: 9 START
2019-06-08 21:13:50.184 27323 INFO rally.task.runner [-] Task ccac70cf-f894-4520-91e6-706b90c5cee1 | ITER: 8 START
2019-06-08 21:13:50.184 27344 RALLYDEBUG rally.task.runner [-] Starting a worker. concurrency: 1 args: {"max_quota": 1024} times: 40 method_name: run timeout: 0 duration: None cls:
2019-06-08 21:13:50.187 27353 RALLYDEBUG rally.task.runner [-] Starting a worker. concurrency: 1 args: {"max_quota": 1024} times: 40 method_name: run timeout: 0 duration: None cls:
2019-06-08 21:13:50.187 27350 RALLYDEBUG rally.task.runner [-] Starting a worker. concurrency: 1 args: {"max_quota": 1024} times: 40 method_name: run timeout: 0 duration: None cls:
2019-06-08 21:13:50.189 27333 INFO rally.task.runner [-] Task ccac70cf-f894-4520-91e6-706b90c5cee1 | ITER: 13 START
2019-06-08 21:13:50.189 27335 INFO rally.task.runner [-] Task ccac70cf-f894-4520-91e6-706b90c5cee1 | ITER: 14 START
2019-06-08 21:13:50.194 27339 INFO rally.task.runner [-] Task ccac70cf-f894-4520-91e6-706b90c5cee1 | ITER: 12 START
2019-06-08 21:13:50.195 27353 INFO rally.task.runner [-] Task ccac70cf-f894-4520-91e6-706b90c5cee1 | ITER: 17 START
2019-06-08 21:13:50.195 27344 INFO rally.task.runner [-] Task ccac70cf-f894-4520-91e6-706b90c5cee1 | ITER: 16 START
2019-06-08 21:13:50.197 27341 INFO rally.task.runner [-] Task ccac70cf-f894-4520-91e6-706b90c5cee1 | ITER: 15 START
2019-06-08 21:13:50.196 27356 RALLYDEBUG rally.task.runner [-] Starting a worker. concurrency: 1 args: {"max_quota": 1024} times: 40 method_name: run timeout: 0 duration: None cls:
2019-06-08 21:13:50.204 27364 RALLYDEBUG rally.task.runner [-] Starting a worker. concurrency: 1 args: {"max_quota": 1024} times: 40 method_name: run timeout: 0 duration: None cls:
2019-06-08 21:13:50.207 27350 INFO rally.task.runner [-] Task ccac70cf-f894-4520-91e6-706b90c5cee1 | ITER: 18 START
2019-06-08 21:13:50.209 27356 INFO rally.task.runner [-] Task ccac70cf-f894-4520-91e6-706b90c5cee1 | ITER: 19 START
2019-06-08 21:13:50.214 27364 INFO rally.task.runner [-] Task ccac70cf-f894-4520-91e6-706b90c5cee1 | ITER: 20 START
2019-06-08 21:13:52.580 27321 INFO rally.task.runner [-] Task ccac70cf-f894-4520-91e6-706b90c5cee1 | ITER: 3 END: OK
2019-06-08 21:13:52.586 27321 INFO rally.task.runner [-] Task ccac70cf-f894-4520-91e6-706b90c5cee1 | ITER: 21 START
2019-06-08 21:13:52.712 27356 INFO rally.task.runner [-] Task ccac70cf-f894-4520-91e6-706b90c5cee1 | ITER: 19 END: OK
2019-06-08 21:13:52.719 27356 INFO rally.task.runner [-] Task ccac70cf-f894-4520-91e6-706b90c5cee1 | ITER: 22 START
2019-06-08 21:13:52.772 27323 INFO rally.task.runner [-] Task ccac70cf-f894-4520-91e6-706b90c5cee1 | ITER: 4 END: OK
2019-06-08 21:13:52.780 27323 INFO rally.task.runner [-] Task ccac70cf-f894-4520-91e6-706b90c5cee1 | ITER: 23 START
2019-06-08 21:13:52.872 27324 INFO rally.task.runner [-] Task ccac70cf-f894-4520-91e6-706b90c5cee1 | ITER: 10 END: OK
2019-06-08 21:13:52.879 27324 INFO rally.task.runner [-] Task ccac70cf-f894-4520-91e6-706b90c5cee1 | ITER: 24 START
2019-06-08 21:13:52.884 27322 INFO rally.task.runner [-] Task ccac70cf-f894-4520-91e6-706b90c5cee1 | ITER: 6 END: OK
2019-06-08 21:13:52.891 27322 INFO rally.task.runner [-] Task ccac70cf-f894-4520-91e6-706b90c5cee1 | ITER: 25 START
2019-06-08 21:13:52.899 27339 INFO rally.task.runner [-] Task ccac70cf-f894-4520-91e6-706b90c5cee1 | ITER: 12 END: OK
2019-06-08 21:13:52.905 27339 INFO rally.task.runner [-] Task ccac70cf-f894-4520-91e6-706b90c5cee1 | ITER: 26 START
2019-06-08 21:13:52.974 27341 INFO rally.task.runner [-] Task ccac70cf-f894-4520-91e6-706b90c5cee1 | ITER: 15 END: OK
2019-06-08 21:13:52.980 27341 INFO rally.task.runner [-] Task ccac70cf-f894-4520-91e6-706b90c5cee1 | ITER: 27 START
2019-06-08 21:13:52.987 27328 INFO rally.task.runner [-] Task ccac70cf-f894-4520-91e6-706b90c5cee1 | ITER: 9 END: OK
2019-06-08 21:13:52.993 27328 INFO rally.task.runner [-] Task ccac70cf-f894-4520-91e6-706b90c5cee1 | ITER: 28 START
2019-06-08 21:13:53.019 27333 INFO rally.task.runner [-] Task ccac70cf-f894-4520-91e6-706b90c5cee1 | ITER: 13 END: OK
2019-06-08 21:13:53.023 27333 INFO rally.task.runner [-] Task ccac70cf-f894-4520-91e6-706b90c5cee1 | ITER: 29 START
2019-06-08 21:13:53.030 27335 INFO rally.task.runner [-] Task ccac70cf-f894-4520-91e6-706b90c5cee1 | ITER: 14 END: OK
2019-06-08 21:13:53.036 27335 INFO rally.task.runner [-] Task ccac70cf-f894-4520-91e6-706b90c5cee1 | ITER: 30 START
2019-06-08 21:13:53.054 27322 INFO rally.task.runner [-] Task ccac70cf-f894-4520-91e6-706b90c5cee1 | ITER: 2 END: OK
2019-06-08 21:13:53.058 27322 INFO rally.task.runner [-] Task ccac70cf-f894-4520-91e6-706b90c5cee1 | ITER: 31 START
2019-06-08 21:13:53.062 27364 INFO rally.task.runner [-] Task ccac70cf-f894-4520-91e6-706b90c5cee1 | ITER: 20 END: OK
2019-06-08 21:13:53.066 27364 INFO rally.task.runner [-] Task ccac70cf-f894-4520-91e6-706b90c5cee1 | ITER: 32 START
2019-06-08 21:13:53.087 27353 INFO rally.task.runner [-] Task ccac70cf-f894-4520-91e6-706b90c5cee1 | ITER: 17 END: OK
2019-06-08 21:13:53.093 27353 INFO rally.task.runner [-] Task ccac70cf-f894-4520-91e6-706b90c5cee1 | ITER: 33 START
2019-06-08 21:13:53.100 27321 INFO rally.task.runner [-] Task ccac70cf-f894-4520-91e6-706b90c5cee1 | ITER: 1 END: OK
2019-06-08 21:13:53.105 27321 INFO rally.task.runner [-] Task ccac70cf-f894-4520-91e6-706b90c5cee1 | ITER: 34 START
2019-06-08 21:13:53.119 27325 INFO rally.task.runner [-] Task ccac70cf-f894-4520-91e6-706b90c5cee1 | ITER: 7 END: OK
2019-06-08 21:13:53.122 27325 INFO rally.task.runner [-] Task ccac70cf-f894-4520-91e6-706b90c5cee1 | ITER: 35 START
2019-06-08 21:13:53.124 27350 INFO rally.task.runner [-] Task ccac70cf-f894-4520-91e6-706b90c5cee1 | ITER: 18 END: OK
2019-06-08 21:13:53.130 27350 INFO rally.task.runner [-] Task ccac70cf-f894-4520-91e6-706b90c5cee1 | ITER: 36 START
2019-06-08 21:13:53.135 27324 INFO rally.task.runner [-] Task ccac70cf-f894-4520-91e6-706b90c5cee1 | ITER: 5 END: OK
2019-06-08 21:13:53.140 27324 INFO rally.task.runner [-] Task ccac70cf-f894-4520-91e6-706b90c5cee1 | ITER: 37 START
2019-06-08 21:13:53.155 27344 INFO rally.task.runner [-] Task ccac70cf-f894-4520-91e6-706b90c5cee1 | ITER: 16 END: OK
2019-06-08 21:13:53.161 27329 INFO rally.task.runner [-] Task ccac70cf-f894-4520-91e6-706b90c5cee1 | ITER: 11 END: OK
2019-06-08 21:13:53.163 27344 INFO rally.task.runner [-] Task ccac70cf-f894-4520-91e6-706b90c5cee1 | ITER: 38 START
2019-06-08 21:13:53.168 27329 INFO rally.task.runner [-] Task ccac70cf-f894-4520-91e6-706b90c5cee1 | ITER: 39 START
2019-06-08 21:13:53.187 27323 INFO rally.task.runner [-] Task ccac70cf-f894-4520-91e6-706b90c5cee1 | ITER: 8 END: OK
2019-06-08 21:13:53.191 27323 INFO rally.task.runner [-] Task ccac70cf-f894-4520-91e6-706b90c5cee1 | ITER: 40 START
2019-06-08 21:13:53.535 27321 INFO rally.task.runner [-] Task ccac70cf-f894-4520-91e6-706b90c5cee1 | ITER: 21 END: OK
2019-06-08 21:13:54.023 27356 INFO rally.task.runner [-] Task ccac70cf-f894-4520-91e6-706b90c5cee1 | ITER: 22 END: OK
2019-06-08 21:13:54.370 27324 INFO rally.task.runner [-] Task ccac70cf-f894-4520-91e6-706b90c5cee1 | ITER: 24 END: OK
2019-06-08 21:13:54.818 27323 INFO rally.task.runner [-] Task ccac70cf-f894-4520-91e6-706b90c5cee1 | ITER: 23 END: OK
2019-06-08 21:13:54.946 27322 INFO rally.task.runner [-] Task ccac70cf-f894-4520-91e6-706b90c5cee1 | ITER: 31 END: OK
2019-06-08 21:13:55.090 27350 INFO rally.task.runner [-] Task ccac70cf-f894-4520-91e6-706b90c5cee1 | ITER: 36 END: OK
2019-06-08 21:13:55.111 27322 INFO rally.task.runner [-] Task ccac70cf-f894-4520-91e6-706b90c5cee1 | ITER: 25 END: OK
2019-06-08 21:13:55.132 27325 INFO rally.task.runner [-] Task ccac70cf-f894-4520-91e6-706b90c5cee1 | ITER: 35 END: OK
2019-06-08 21:13:55.161 27333 INFO rally.task.runner [-] Task ccac70cf-f894-4520-91e6-706b90c5cee1 | ITER: 29 END: OK
2019-06-08 21:13:55.224 27339 INFO rally.task.runner [-] Task ccac70cf-f894-4520-91e6-706b90c5cee1 | ITER: 26 END: OK
2019-06-08 21:13:55.237 27341 INFO rally.task.runner [-] Task ccac70cf-f894-4520-91e6-706b90c5cee1 | ITER: 27 END: OK
2019-06-08 21:13:55.285 27321 INFO rally.task.runner [-] Task ccac70cf-f894-4520-91e6-706b90c5cee1 | ITER: 34 END: OK
2019-06-08 21:13:55.297 27324 INFO rally.task.runner [-] Task ccac70cf-f894-4520-91e6-706b90c5cee1 | ITER: 37 END: OK
2019-06-08 21:13:55.316 27328 INFO rally.task.runner [-] Task ccac70cf-f894-4520-91e6-706b90c5cee1 | ITER: 28 END: OK
2019-06-08 21:13:55.340 27353 INFO rally.task.runner [-] Task ccac70cf-f894-4520-91e6-706b90c5cee1 | ITER: 33 END: OK
2019-06-08 21:13:55.357 27364 INFO rally.task.runner [-] Task ccac70cf-f894-4520-91e6-706b90c5cee1 | ITER: 32 END: OK
2019-06-08 21:13:55.368 27344 INFO rally.task.runner [-] Task ccac70cf-f894-4520-91e6-706b90c5cee1 | ITER: 38 END: OK
2019-06-08 21:13:55.380 27323 INFO rally.task.runner [-] Task ccac70cf-f894-4520-91e6-706b90c5cee1 | ITER: 40 END: OK
2019-06-08 21:13:55.389 27335 INFO rally.task.runner [-] Task ccac70cf-f894-4520-91e6-706b90c5cee1 | ITER: 30 END: OK
2019-06-08 21:13:55.400 27329 INFO rally.task.runner [-] Task ccac70cf-f894-4520-91e6-706b90c5cee1 | ITER: 39 END: OK
2019-06-08 21:13:55.428 22705 INFO rally.task.context [-] Task ccac70cf-f894-4520-91e6-706b90c5cee1 | Context admin_cleanup@openstack cleanup() started
2019-06-08 21:13:55.430 22705 RALLYDEBUG rally_openstack.cleanup.manager [-] Cleaning up neutron quota objects
2019-06-08 21:14:00.195 22705 INFO rally.task.context [-] Task ccac70cf-f894-4520-91e6-706b90c5cee1 | Context admin_cleanup@openstack cleanup() finished in 4.77 sec
2019-06-08 21:14:00.196 22705 INFO rally.task.context [-] Task ccac70cf-f894-4520-91e6-706b90c5cee1 | Context users@openstack cleanup() started
2019-06-08 21:14:31.778 22705 INFO rally.task.context [-] Task ccac70cf-f894-4520-91e6-706b90c5cee1 | Context users@openstack cleanup() finished in 31.58 sec
2019-06-08 21:14:32.089 22705 INFO rally.task.engine [-] Load duration is: 5.241685
2019-06-08 21:14:32.089 22705 INFO rally.task.engine [-] Full runner duration is: 5.297267
2019-06-08 21:14:32.090 22705 INFO rally.task.engine [-] Full duration is: 48.069488
2019-06-08 21:14:32.301 22705 INFO rally.task.engine [-] Running workload: position = 0 config = { "version": 2, "title": "A cropped version of a bigger task.", "description": "Auto-generated task from a single workload (uuid=f47db339-e709-4193-a771-98fa98bd001c)", "subtasks": [ { "title": "NeutronTrunks.create_and_list_trunk_subports", "description": "", "scenario": { "NeutronTrunks.create_and_list_trunk_subports": { "subport_count": 125 } }, "contexts": { "users": { "tenants": 1, "users_per_tenant": 1 }, "quotas": { "neutron": { "network": -1, "port": 1000 } } }, "runner": { "constant": { "times": 4, "concurrency": 4 } }, "hooks": [], "sla": { "failure_rate": { "max": 0 } } } ] }
2019-06-08 21:14:32.321 22705 RALLYDEBUG rally_openstack.contexts.keystone.users [-] Creating 1 tenants using 20 threads
2019-06-08 21:14:34.078 22705 RALLYDEBUG rally_openstack.contexts.keystone.users [-] Creating 1 users using 20 threads
2019-06-08 21:14:36.813 22705 INFO rally.task.context [-] Task ccac70cf-f894-4520-91e6-706b90c5cee1 | Context users@openstack setup() finished in 4.49 sec
2019-06-08 21:14:37.783 22705 INFO rally.task.context [-] Task ccac70cf-f894-4520-91e6-706b90c5cee1 | Context quotas@openstack setup() finished in 0.97 sec
2019-06-08 21:14:37.784 22705 INFO rally.task.context [-] Task ccac70cf-f894-4520-91e6-706b90c5cee1 | Context cleanup@openstack setup() finished in 0.00 msec
2019-06-08 21:14:37.791 22705 RALLYDEBUG rally.task.runner [-] Starting the constant runner (task UUID: ccac70cf-f894-4520-91e6-706b90c5cee1). timeout: 0 concurrency: 4 concurrency_per_worker: 1 times: 4 concurrency_overhead: 0 processes_to_start: 4 max_cpu_used: 16
2019-06-08 21:14:37.801 27511 RALLYDEBUG rally.task.runner [-] Starting a worker. concurrency: 1 args: {"subport_count": 125} times: 4 method_name: run timeout: 0 duration: None cls:
2019-06-08 21:14:37.805 27511 INFO rally.task.runner [-] Task ccac70cf-f894-4520-91e6-706b90c5cee1 | ITER: 1 START
2019-06-08 21:14:37.807 27512 RALLYDEBUG rally.task.runner [-] Starting a worker. concurrency: 1 args: {"subport_count": 125} times: 4 method_name: run timeout: 0 duration: None cls:
2019-06-08 21:14:37.810 27516 RALLYDEBUG rally.task.runner [-] Starting a worker. concurrency: 1 args: {"subport_count": 125} times: 4 method_name: run timeout: 0 duration: None cls:
2019-06-08 21:14:37.810 27513 RALLYDEBUG rally.task.runner [-] Starting a worker. concurrency: 1 args: {"subport_count": 125} times: 4 method_name: run timeout: 0 duration: None cls:
2019-06-08 21:14:37.813 27516 INFO rally.task.runner [-] Task ccac70cf-f894-4520-91e6-706b90c5cee1 | ITER: 3 START
2019-06-08 21:14:37.813 27512 INFO rally.task.runner [-] Task ccac70cf-f894-4520-91e6-706b90c5cee1 | ITER: 2 START
2019-06-08 21:14:37.815 27513 INFO rally.task.runner [-] Task ccac70cf-f894-4520-91e6-706b90c5cee1 | ITER: 4 START
2019-06-08 21:17:19.381 27511 WARNING rally.task.atomic [-] 'optional_action_timer' is deprecated since rally v0.10.0.Please use action_timer instead, we have improved atomic actions, now do not need to explicitly close original action.
2019-06-08 21:17:19.734 27511 WARNING rally.task.atomic [-] 'optional_action_timer' is deprecated since rally v0.10.0.Please use action_timer instead, we have improved atomic actions, now do not need to explicitly close original action.
2019-06-08 21:17:19.746 27516 WARNING rally.task.atomic [-] 'optional_action_timer' is deprecated since rally v0.10.0.Please use action_timer instead, we have improved atomic actions, now do not need to explicitly close original action.
2019-06-08 21:17:19.782 27516 WARNING rally.task.atomic [-] 'optional_action_timer' is deprecated since rally v0.10.0.Please use action_timer instead, we have improved atomic actions, now do not need to explicitly close original action.
2019-06-08 21:17:20.704 27516 INFO rally.task.runner [-] Task ccac70cf-f894-4520-91e6-706b90c5cee1 | ITER: 3 END: OK
2019-06-08 21:17:20.871 27511 INFO rally.task.runner [-] Task ccac70cf-f894-4520-91e6-706b90c5cee1 | ITER: 1 END: OK
2019-06-08 21:17:21.930 27512 WARNING rally.task.atomic [-] 'optional_action_timer' is deprecated since rally v0.10.0.Please use action_timer instead, we have improved atomic actions, now do not need to explicitly close original action.
2019-06-08 21:17:21.972 27512 WARNING rally.task.atomic [-] 'optional_action_timer' is deprecated since rally v0.10.0.Please use action_timer instead, we have improved atomic actions, now do not need to explicitly close original action.
2019-06-08 21:17:22.554 27513 WARNING rally.task.atomic [-] 'optional_action_timer' is deprecated since rally v0.10.0.Please use action_timer instead, we have improved atomic actions, now do not need to explicitly close original action.
2019-06-08 21:17:22.743 27512 INFO rally.task.runner [-] Task ccac70cf-f894-4520-91e6-706b90c5cee1 | ITER: 2 END: OK
2019-06-08 21:17:22.898 27513 WARNING rally.task.atomic [-] 'optional_action_timer' is deprecated since rally v0.10.0.Please use action_timer instead, we have improved atomic actions, now do not need to explicitly close original action.
2019-06-08 21:17:23.626 27513 INFO rally.task.runner [-] Task ccac70cf-f894-4520-91e6-706b90c5cee1 | ITER: 4 END: OK
2019-06-08 21:17:23.650 22705 INFO rally.task.context [-] Task ccac70cf-f894-4520-91e6-706b90c5cee1 | Context cleanup@openstack cleanup() started
2019-06-08 21:17:23.652 22705 RALLYDEBUG rally_openstack.cleanup.manager [-] Cleaning up neutron vip objects
2019-06-08 21:17:24.321 22705 RALLYDEBUG rally_openstack.cleanup.manager [-] Cleaning up neutron health_monitor objects
2019-06-08 21:17:25.063 22705 RALLYDEBUG rally_openstack.cleanup.manager [-] Cleaning up neutron pool objects
2019-06-08 21:17:25.834 22705 RALLYDEBUG rally_openstack.cleanup.manager [-] Cleaning up neutron loadbalancer objects
2019-06-08 21:17:26.994 22705 RALLYDEBUG rally_openstack.cleanup.manager [-] Cleaning up neutron floatingip objects
2019-06-08 21:17:27.782 22705 RALLYDEBUG rally_openstack.cleanup.manager [-] Cleaning up neutron port objects
2019-06-08 21:17:29.478 22705 RALLYDEBUG rally_openstack.cleanup.manager [-] Deleting neutron.port object s_rally_f47db339_h2r7C0AP (0114e198-618e-440d-906c-1bfba159beb0)
2019-06-08 21:17:29.479 22705 RALLYDEBUG rally_openstack.cleanup.manager [-] Deleting neutron.port object s_rally_f47db339_2f9gvTGl (012b9dfc-4c16-4779-9c52-71b5181cdce7)
2019-06-08 21:17:29.484 22705 RALLYDEBUG rally_openstack.cleanup.manager [-] Deleting neutron.port object s_rally_f47db339_Wk1WOWA7 (05b480be-f5a0-410e-aa5a-ac01a9d27d7e)
2019-06-08 21:17:29.485 22705 RALLYDEBUG rally_openstack.cleanup.manager [-] Deleting neutron.port object s_rally_f47db339_Nol5B3cU (02abff63-e755-44f6-a4b8-3d2dac9b0cef)
2019-06-08 21:17:29.487 22705 RALLYDEBUG rally_openstack.cleanup.manager [-] Deleting neutron.port object s_rally_f47db339_EXfMMAab (00cfaa60-7f0d-4adf-b855-e2b0ab1615cf)
2019-06-08 21:17:29.493 22705 RALLYDEBUG rally_openstack.cleanup.manager [-] Deleting neutron.port object s_rally_f47db339_OKKAE4is (0623201e-a0c7-4514-83a6-8bf4e37b3aa0)
2019-06-08 21:17:29.494 22705 RALLYDEBUG rally_openstack.cleanup.manager [-] Deleting neutron.port object s_rally_f47db339_KWxMTMAX (00fc24fc-a1ba-46f9-9916-d393a0d0d7f7)
2019-06-08 21:17:29.507 22705 RALLYDEBUG rally_openstack.cleanup.manager [-] Deleting neutron.port object s_rally_f47db339_jOH3ygTb (07e1ef8b-06d4-434b-8072-f8e0ae8b5c23)
2019-06-08 21:17:29.507 22705 RALLYDEBUG rally_openstack.cleanup.manager [-] Deleting neutron.port object s_rally_f47db339_kUBZ1N7G (05a252f8-cc75-4dbc-ba9c-0934bee7a948)
2019-06-08 21:17:29.514 22705 RALLYDEBUG rally_openstack.cleanup.manager [-] Deleting neutron.port object s_rally_f47db339_FyzutTMT (03b80957-e013-4d96-af7c-173b2f58da95)
2019-06-08 21:17:29.529 22705 RALLYDEBUG rally_openstack.cleanup.manager [-] Deleting neutron.port object s_rally_f47db339_dgqqcVov (08803a44-132e-4209-8595-2c79a18b62a9)
2019-06-08 21:17:29.534 22705 RALLYDEBUG rally_openstack.cleanup.manager [-] Deleting neutron.port object s_rally_f47db339_dy3qexRm (091a4efe-330e-4536-ae26-141e62d6a403)
2019-06-08 21:17:29.553 22705 RALLYDEBUG rally_openstack.cleanup.manager [-] Deleting neutron.port object s_rally_f47db339_jspy2WuI (0be73dfa-3a31-4f55-89a8-b7cb198e81d9)
2019-06-08 21:17:29.558 22705 RALLYDEBUG rally_openstack.cleanup.manager [-] Deleting neutron.port object s_rally_f47db339_U7CTRc9M (0b956dee-9121-4228-b9aa-657ff5e9fb3f)
2019-06-08 21:17:29.591 22705 RALLYDEBUG rally_openstack.cleanup.manager [-] Deleting neutron.port object s_rally_f47db339_97rgZuKO (0fed2622-902d-4498-b4ca-9b9725d7cc23)
2019-06-08 21:17:29.596 22705 RALLYDEBUG rally_openstack.cleanup.manager [-] Deleting neutron.port object s_rally_f47db339_wzXHcnvF (0fcf9e2e-5ddc-4f6d-b4f5-e9e1ea5c9d12)
2019-06-08 21:17:29.606 22705 RALLYDEBUG rally_openstack.cleanup.manager [-] Deleting neutron.port object s_rally_f47db339_5vksTfwv (0c900a91-9f07-4421-bbd5-7db9de24ca18)
2019-06-08 21:17:29.627 22705 RALLYDEBUG rally_openstack.cleanup.manager [-] Deleting neutron.port object s_rally_f47db339_KNgZkoES (109dad65-5f3a-484d-8d01-8013ea6594de)
2019-06-08 21:17:29.641 22705 RALLYDEBUG rally_openstack.cleanup.manager [-] Deleting neutron.port object s_rally_f47db339_PesZ0WQM (10ef4d27-822b-42ee-8c43-548712e2bae2)
2019-06-08 21:17:29.654 22705 RALLYDEBUG rally_openstack.cleanup.manager [-] Deleting neutron.port object s_rally_f47db339_bBL4TLIG (113dffb5-5d12-45c4-a2ed-c81dd08d60aa)
2019-06-08 21:17:32.307 22705 RALLYDEBUG rally_openstack.cleanup.manager [-] Deleting neutron.port object s_rally_f47db339_YTNFFdzq (11ba2e88-49d3-4a43-aed6-38617827dda3)
2019-06-08 21:17:32.325 22705 RALLYDEBUG rally_openstack.cleanup.manager [-] Deleting neutron.port object s_rally_f47db339_bnyP9yQ8 (123a80d6-98b9-42b1-868f-9f0a0c147bbf)
2019-06-08 21:17:32.435 22705 RALLYDEBUG rally_openstack.cleanup.manager [-] Deleting neutron.port object s_rally_f47db339_SBrZHXa4 (12834a00-72f4-4dd9-be8a-315d6126ac3b)
2019-06-08 21:17:32.442 22705 RALLYDEBUG rally_openstack.cleanup.manager [-] Deleting neutron.port object s_rally_f47db339_u8OL4WwB (12a3b0ce-2ff8-401d-a330-6a811b615f37)
2019-06-08 21:17:32.447 22705 RALLYDEBUG rally_openstack.cleanup.manager [-] Deleting neutron.port object s_rally_f47db339_MUgQtHb0 (12d9777c-2a1e-4f4f-9591-9dbae5790aaa)
2019-06-08 21:17:32.464 22705 RALLYDEBUG rally_openstack.cleanup.manager [-] Deleting neutron.port object s_rally_f47db339_oxxqutYq (12f09fce-0740-45b8-bd1e-e63e16894a2d)
2019-06-08 21:17:32.562 22705 RALLYDEBUG rally_openstack.cleanup.manager [-] Deleting neutron.port object s_rally_f47db339_HmvB0mFn (12f7abe3-f17c-4e28-8d2b-4f006a17eb3c)
2019-06-08 21:17:32.574 22705 RALLYDEBUG rally_openstack.cleanup.manager [-] Deleting neutron.port object s_rally_f47db339_8d3W7Oqt (1325382c-d385-41eb-aa56-65bc10c560b6)
2019-06-08 21:17:32.588 22705 RALLYDEBUG rally_openstack.cleanup.manager [-] Deleting neutron.port object s_rally_f47db339_p1lQvqe5 (147db667-b212-42ad-ad1e-55833419c49d)
2019-06-08 21:17:32.670 22705 RALLYDEBUG rally_openstack.cleanup.manager [-] Deleting neutron.port object s_rally_f47db339_TkQZtxsW (14f4a553-952e-4f82-8a84-61ae1fff161f)
2019-06-08 21:17:32.824 22705 RALLYDEBUG rally_openstack.cleanup.manager [-] Deleting neutron.port object s_rally_f47db339_fHJ6HEn3 (152e307d-f39e-4667-8e3f-3e2f3ad7a10a)
2019-06-08 21:17:32.843 22705 RALLYDEBUG rally_openstack.cleanup.manager [-] Deleting neutron.port object s_rally_f47db339_yQHIsbEC (167c01e2-2a90-4677-805d-7d8c0a4af8b5)
2019-06-08 21:17:32.904 22705 RALLYDEBUG rally_openstack.cleanup.manager [-] Deleting neutron.port object s_rally_f47db339_HE0ZdF8a (16ea2428-174a-4483-8681-58cf11195ad6)
2019-06-08 21:17:32.989 22705 RALLYDEBUG rally_openstack.cleanup.manager [-] Deleting neutron.port object s_rally_f47db339_Hk250AMm (177a8a40-6041-4ba7-a690-15f6e932b840)
2019-06-08 21:17:33.375 22705 RALLYDEBUG rally_openstack.cleanup.manager [-] Deleting neutron.port object s_rally_f47db339_80VA16bU (1843a911-746a-4120-86f0-250ffeb27b94)
2019-06-08 21:17:33.432 22705 RALLYDEBUG rally_openstack.cleanup.manager [-] Deleting neutron.port object s_rally_f47db339_PwMhhbqL (187efa46-1e8f-47ed-b22b-57bd97afe43a)
2019-06-08 21:17:33.477 22705 RALLYDEBUG rally_openstack.cleanup.manager [-] Deleting neutron.port object s_rally_f47db339_hfzqh2pu (18e193b8-da28-4658-ac01-41cae4c288b9)
2019-06-08 21:17:33.478 22705 RALLYDEBUG rally_openstack.cleanup.manager [-] Deleting neutron.port object s_rally_f47db339_IrdUrsBx (198f7631-4fc0-4de3-8df3-3ff2f76f4472)
2019-06-08 21:17:33.585 22705 RALLYDEBUG rally_openstack.cleanup.manager [-] Deleting neutron.port object s_rally_f47db339_Zqhaeoja (1999f5f8-4d4a-4ecc-9774-44bec16277ad)
2019-06-08 21:17:33.599 22705 RALLYDEBUG rally_openstack.cleanup.manager [-] Deleting neutron.port object s_rally_f47db339_Z2lU9GqM (1a073b3e-0314-4975-818a-a0e79e195e80)
2019-06-08 21:17:34.685 22705 RALLYDEBUG rally_openstack.cleanup.manager [-] Deleting neutron.port object s_rally_f47db339_7edryJLN (1add4564-b8b4-4df9-bcdc-a99e84f19cea)
2019-06-08 21:17:35.003 22705 RALLYDEBUG rally_openstack.cleanup.manager [-] Deleting neutron.port object s_rally_f47db339_ybbG0I0p (1b516b99-65c4-46af-b197-7b4e565a1998)
2019-06-08 21:17:35.017 22705 RALLYDEBUG rally_openstack.cleanup.manager [-] Deleting neutron.port object s_rally_f47db339_J1IJ8ivt (1b6a52e0-0f02-4ce4-b0dc-d99f07e1d596)
2019-06-08 21:17:35.103 22705 RALLYDEBUG rally_openstack.cleanup.manager [-] Deleting neutron.port object s_rally_f47db339_e4sqeLpw (1b6ac4f6-59e3-448f-bae9-bfbe355bd123)
2019-06-08 21:17:35.534 22705 RALLYDEBUG rally_openstack.cleanup.manager [-] Deleting neutron.port object s_rally_f47db339_OONNGwrk (1bcd17c3-332c-4db4-a9d4-65ff0e6fe522)
2019-06-08 21:17:35.686 22705 RALLYDEBUG rally_openstack.cleanup.manager [-] Deleting neutron.port object s_rally_f47db339_M9oJIHDU (1c5ae7c7-06cc-4d0e-8ff0-1dfad283633d)
2019-06-08 21:17:35.800 22705 RALLYDEBUG rally_openstack.cleanup.manager [-] Deleting neutron.port object s_rally_f47db339_Rcn1lULC (1e6d94fc-026b-434e-bcd4-35a4e98c4975)
2019-06-08 21:17:36.161 22705 RALLYDEBUG rally_openstack.cleanup.manager [-] Deleting neutron.port object s_rally_f47db339_Hpr7cNdW (1f11114d-9737-4eee-909c-7a7645d76bb7)
2019-06-08 21:17:36.317 22705 RALLYDEBUG rally_openstack.cleanup.manager [-] Deleting neutron.port object s_rally_f47db339_MdkKZIyB (1fa24acf-6604-4f0d-8976-6b85d900c5cf)
2019-06-08 21:17:36.351 22705 RALLYDEBUG rally_openstack.cleanup.manager [-] Deleting neutron.port object s_rally_f47db339_viJyt6xa (1fd78bc0-12c9-41a7-b448-f1d07d5f8004)
2019-06-08 21:17:36.365 22705 RALLYDEBUG rally_openstack.cleanup.manager [-] Deleting neutron.port object s_rally_f47db339_Jal3n67K (200d5ab2-1d73-418c-af3a-e9e05ff355c9)
2019-06-08 21:17:36.370 22705 RALLYDEBUG rally_openstack.cleanup.manager [-] Deleting neutron.port object s_rally_f47db339_RlIlKbwf (205dd997-6868-4181-83e8-0c3658ee93d8)
2019-06-08 21:17:36.535 22705 RALLYDEBUG rally_openstack.cleanup.manager [-] Deleting neutron.port object s_rally_f47db339_ikkS7boy (20b2915c-c985-4c99-85ef-fe5328da1e57)
2019-06-08 21:17:36.730 22705 RALLYDEBUG rally_openstack.cleanup.manager [-] Deleting neutron.port object s_rally_f47db339_FoRLmdBN (20df1fad-fd5d-435d-bcde-b18aa64f3579)
2019-06-08 21:17:36.777 22705 RALLYDEBUG rally_openstack.cleanup.manager [-] Deleting neutron.port object s_rally_f47db339_4rVXLuHZ (20f326e5-5a32-4a24-be4b-887fa8dc0c40)
2019-06-08 21:17:36.815 22705 RALLYDEBUG rally_openstack.cleanup.manager [-] Deleting neutron.port object s_rally_f47db339_5qklgrdX (215a73e2-0061-41b3-8b23-8a177d453d51)
2019-06-08 21:17:37.145 22705 RALLYDEBUG rally_openstack.cleanup.manager [-] Deleting neutron.port object s_rally_f47db339_svnmTkW1 (219f9d52-645e-4dbc-b64b-221c72ebd33c)
2019-06-08 21:17:37.365 22705 RALLYDEBUG rally_openstack.cleanup.manager [-] Deleting neutron.port object s_rally_f47db339_ublHoe3S (22b7baf0-b9ef-4265-aa63-e6dd4babe004)
2019-06-08 21:17:37.451 22705 RALLYDEBUG rally_openstack.cleanup.manager [-] Deleting neutron.port object s_rally_f47db339_n1RZRIEB (2496d573-44ea-4f50-87ca-4ad35f24f71f)
2019-06-08 21:17:37.531 22705 RALLYDEBUG rally_openstack.cleanup.manager [-] Deleting neutron.port object s_rally_f47db339_SIuPh4mF (24f5bfaa-d61b-4a1e-981b-b1d6321052a8)
2019-06-08 21:17:37.597 22705 RALLYDEBUG rally_openstack.cleanup.manager [-] Deleting neutron.port object s_rally_f47db339_vlWfnAkr (2543bcc9-a18d-46de-a5a8-262d9b0e3fc2)
2019-06-08 21:17:37.849 22705 RALLYDEBUG rally_openstack.cleanup.manager [-] Deleting neutron.port object s_rally_f47db339_MoSj3yDz (256623bb-bf4f-4a2f-b5b0-4925919f4312)
2019-06-08 21:17:38.285 22705 RALLYDEBUG rally_openstack.cleanup.manager [-] Deleting neutron.port object s_rally_f47db339_dlTRCD7y (25ba5d78-78d3-47ce-afef-fa3db26f034f)
2019-06-08 21:17:38.357 22705 RALLYDEBUG rally_openstack.cleanup.manager [-] Deleting neutron.port object s_rally_f47db339_XkeWA3Rv (25e29e1a-25c8-46c9-9461-b7bbed7ecf97)
2019-06-08 21:17:38.359 22705 RALLYDEBUG rally_openstack.cleanup.manager [-] Deleting neutron.port object s_rally_f47db339_RqDUOZof (261b9595-31d5-486f-997d-148e9d24992e)
2019-06-08 21:17:38.547 22705 RALLYDEBUG rally_openstack.cleanup.manager [-] Deleting neutron.port object s_rally_f47db339_NybUiThz (28242ecb-eb39-4850-bcbd-ba269813dbe9)
2019-06-08 21:17:38.624 22705 RALLYDEBUG rally_openstack.cleanup.manager [-] Deleting neutron.port object s_rally_f47db339_8tLtNCUJ (285f68a0-64e3-4b67-88c3-4dff4692c43c)
2019-06-08 21:17:38.932 22705 RALLYDEBUG rally_openstack.cleanup.manager [-] Deleting neutron.port object s_rally_f47db339_akHOiWCb (2866182c-5b61-49c9-9a5f-36c10c83f8ca)
2019-06-08 21:17:38.981 22705 RALLYDEBUG rally_openstack.cleanup.manager [-] Deleting neutron.port object s_rally_f47db339_HmeF6mbm (28cf1dab-1d1f-491f-a018-31d5cf847ed4)
2019-06-08 21:17:39.009 22705 RALLYDEBUG rally_openstack.cleanup.manager [-] Deleting neutron.port object s_rally_f47db339_r1cCR8bi (29292090-d404-4953-bc0c-df5b29a113ba)
2019-06-08 21:17:39.045 22705 RALLYDEBUG rally_openstack.cleanup.manager [-] Deleting neutron.port object s_rally_f47db339_abEzuNVL (29703064-b95a-4115-9822-348c08e652d9)
2019-06-08 21:17:39.114 22705 RALLYDEBUG rally_openstack.cleanup.manager [-] Deleting neutron.port object s_rally_f47db339_gKOynyHj (29989dfe-d61b-4ea3-80a5-a855860b1531)
2019-06-08 21:17:39.279 22705 RALLYDEBUG rally_openstack.cleanup.manager [-] Deleting neutron.port object s_rally_f47db339_WtUlIniY (29da9d87-4eff-4264-a8f2-5d6430d4f1e0)
2019-06-08 21:17:39.340 22705 RALLYDEBUG rally_openstack.cleanup.manager [-] Deleting neutron.port object s_rally_f47db339_5dCSbJyY (2a064cae-4bcb-4965-aa1d-5c8d2eb37ec5)
2019-06-08 21:17:39.425 22705 RALLYDEBUG rally_openstack.cleanup.manager [-] Deleting neutron.port object s_rally_f47db339_yZey6ImZ (2a17cbf4-4cb0-43fc-8c61-707a5e0bcd2e)
2019-06-08 21:17:39.451 22705 RALLYDEBUG rally_openstack.cleanup.manager [-] Deleting neutron.port object s_rally_f47db339_qDSqt0Ws (2a1de3fe-4852-4056-b2b9-36e725dd5ea9)
2019-06-08 21:17:39.832 22705 RALLYDEBUG rally_openstack.cleanup.manager [-] Deleting neutron.port object s_rally_f47db339_7RqDOZRm (2aca8baf-ae49-48e4-bcfe-103f40d3b6ba)
2019-06-08 21:17:39.850 22705 RALLYDEBUG rally_openstack.cleanup.manager [-] Deleting neutron.port object s_rally_f47db339_krE5sj9n (2ae45c1b-2dd6-44a0-8622-adc6f2ee96c3)
2019-06-08 21:17:39.870 22705 RALLYDEBUG rally_openstack.cleanup.manager [-] Deleting neutron.port object s_rally_f47db339_Vo9WdyN8 (2b039e14-b1cc-4a71-b168-12ba264fcecf)
2019-06-08 21:17:39.885 22705 RALLYDEBUG rally_openstack.cleanup.manager [-] Deleting neutron.port object s_rally_f47db339_T88dyiEW (2b083ab6-1592-468e-a7ed-849396e33554)
2019-06-08 21:17:39.956 22705 RALLYDEBUG rally_openstack.cleanup.manager [-] Deleting neutron.port object s_rally_f47db339_cALKNs39 (2ba7719d-b117-450e-b2bb-5309c959e76c)
2019-06-08 21:17:40.428 22705 RALLYDEBUG rally_openstack.cleanup.manager [-] Deleting neutron.port object s_rally_f47db339_wgpsPI10 (2bf18157-888b-4306-8f35-e9394b3a7c33)
2019-06-08 21:17:40.808 22705 RALLYDEBUG rally_openstack.cleanup.manager [-] Deleting neutron.port object s_rally_f47db339_L4PTn8N2 (2ca8bc2e-d722-4469-8729-d24274817cce)
2019-06-08 21:17:40.879 22705 RALLYDEBUG rally_openstack.cleanup.manager [-] Deleting neutron.port object s_rally_f47db339_2OvvjpIE (2d410491-9f36-4e7a-bcc5-6f21111a29b4)
2019-06-08 21:17:40.990 22705 RALLYDEBUG rally_openstack.cleanup.manager [-] Deleting neutron.port object s_rally_f47db339_wDfIPAGN (2dea3b9d-6a7f-45df-90bd-92c86d111c21)
2019-06-08 21:17:41.497 22705 RALLYDEBUG rally_openstack.cleanup.manager [-] Deleting neutron.port object s_rally_f47db339_iQYTmYdn (2dfefe41-180c-4f36-8c2e-80a57352e8ed)
2019-06-08 21:17:41.549 22705 RALLYDEBUG rally_openstack.cleanup.manager [-] Deleting neutron.port object s_rally_f47db339_qh5anSDl (2e052a14-46c7-4a8e-8421-f7bf5b21f53b)
2019-06-08 21:17:41.665 22705 RALLYDEBUG rally_openstack.cleanup.manager [-] Deleting neutron.port object s_rally_f47db339_5zAsH6Ft (2e473336-4e8d-48e2-95da-6e0090539a03)
2019-06-08 21:17:41.734 22705 RALLYDEBUG rally_openstack.cleanup.manager [-] Deleting neutron.port object s_rally_f47db339_Q81KTt0v (2e80bada-19d1-4dcf-b95d-c1db08eadb0f)
2019-06-08 21:17:41.837 22705 RALLYDEBUG rally_openstack.cleanup.manager [-] Deleting neutron.port object s_rally_f47db339_RLAEheD4 (2f148efd-eab9-43fb-a4c2-a99e5fe6b9a2)
2019-06-08 21:17:42.042 22705 RALLYDEBUG rally_openstack.cleanup.manager [-] Deleting neutron.port object s_rally_f47db339_8HHbex0s (2f97988e-6835-4304-93f8-7269798da7cf)
2019-06-08 21:17:42.096 22705 RALLYDEBUG rally_openstack.cleanup.manager [-] Deleting neutron.port object s_rally_f47db339_upHDX3HZ (303bf027-e2c7-4707-8343-7955d1324697)
2019-06-08 21:17:42.105 22705 RALLYDEBUG rally_openstack.cleanup.manager [-] Deleting neutron.port object s_rally_f47db339_VuGSVCNj (31a6af19-0b60-4d55-9ddb-c7c295e5260e)
2019-06-08 21:17:42.145 22705 RALLYDEBUG rally_openstack.cleanup.manager [-] Deleting neutron.port object s_rally_f47db339_D1Gpjgm9 (33121005-60a3-4800-b889-b039724c53b0)
2019-06-08 21:17:42.178 22705 RALLYDEBUG rally_openstack.cleanup.manager [-] Deleting neutron.port object s_rally_f47db339_tXumdoDp (34c780e3-b3e7-40d9-8086-588e507a7a4a)
2019-06-08 21:17:42.350 22705 RALLYDEBUG rally_openstack.cleanup.manager [-] Deleting neutron.port object s_rally_f47db339_EJ0uSrRu (354b0355-aedf-4485-a1f5-ba997eb20fce)
2019-06-08 21:17:42.473 22705 RALLYDEBUG rally_openstack.cleanup.manager [-] Deleting neutron.port object s_rally_f47db339_eoXHItjI (36170872-84b0-4881-bb4c-587841980a77)
2019-06-08 21:17:42.481 22705 RALLYDEBUG rally_openstack.cleanup.manager [-] Deleting neutron.port object s_rally_f47db339_3AvmcUpR (3668eaea-3685-4654-a45c-4c19f9c8222e)
2019-06-08 21:17:42.833 22705 RALLYDEBUG rally_openstack.cleanup.manager [-] Deleting neutron.port object s_rally_f47db339_jznspOLt (36aef5d9-27fc-4b29-9245-97aed45718fc)
