2019-06-08 21:10:56.364 22705 RALLYDEBUG rally_openstack.cleanup.manager [-] Deleting neutron.port object s_rally_5fc3dfae_ENNpTnZh (de32165d-f1b0-4fb1-a9c9-71223b2296d1)
2019-06-08 21:10:56.559 22705 RALLYDEBUG rally_openstack.cleanup.manager [-] Deleting neutron.port object s_rally_5fc3dfae_x7ZXF37v (dfa83428-8cf1-45e1-bfa5-91725c8896f4)
2019-06-08 21:10:56.643 22705 RALLYDEBUG rally_openstack.cleanup.manager [-] Deleting neutron.port object s_rally_5fc3dfae_K3OK5o00 (e242c81e-d110-4c8d-af96-91176c403800)
2019-06-08 21:10:56.772 22705 RALLYDEBUG rally_openstack.cleanup.manager [-] Deleting neutron.port object s_rally_5fc3dfae_TmOrbnND (e27565c0-f87e-45a1-a89c-45bb5f626b0e)
2019-06-08 21:10:56.868 22705 RALLYDEBUG rally_openstack.cleanup.manager [-] Deleting neutron.port object s_rally_5fc3dfae_C69WDjuc (e28985f4-6c65-45b4-b118-2c98fc201eba)
2019-06-08 21:10:56.945 22705 RALLYDEBUG rally_openstack.cleanup.manager [-] Deleting neutron.port object s_rally_5fc3dfae_y7HjusBr (e2f9f3bf-ecc6-4e9f-96e8-bca277cf7a3d)
2019-06-08 21:10:57.137 22705 RALLYDEBUG rally_openstack.cleanup.manager [-] Deleting neutron.port object s_rally_5fc3dfae_tOFDl9RZ (e303139a-a279-48c7-90c4-3a3fe8f7a71f)
2019-06-08 21:10:57.447 22705 RALLYDEBUG rally_openstack.cleanup.manager [-] Deleting neutron.port object s_rally_5fc3dfae_kQ0rwvQF (e34210cb-7734-4c77-b576-6c36d3a6eacd)
2019-06-08 21:10:57.553 22705 RALLYDEBUG rally_openstack.cleanup.manager [-] Deleting neutron.port object s_rally_5fc3dfae_Kqm7jI4P (e38fc7b9-66c8-4fbe-b8d1-e541469c69e8)
2019-06-08 21:10:57.823 22705 RALLYDEBUG rally_openstack.cleanup.manager [-] Deleting neutron.port object s_rally_5fc3dfae_js27rvst (e5146a90-804d-4473-ae51-94ae88a29cda)
2019-06-08 21:10:57.866 22705 RALLYDEBUG rally_openstack.cleanup.manager [-] Deleting neutron.port object s_rally_5fc3dfae_bnHh3REe (e51e23ca-3cfe-4eeb-b4ea-473b56497f30)
2019-06-08 21:10:57.911 22705 RALLYDEBUG rally_openstack.cleanup.manager [-] Deleting neutron.port object s_rally_5fc3dfae_lf7pYkNS (e5213c83-46a7-4bd9-b72e-b91a27227fa6)
2019-06-08 21:10:57.959 22705 RALLYDEBUG rally_openstack.cleanup.manager [-] Deleting neutron.port object s_rally_5fc3dfae_NLiZq8AB (e55fdc96-bd29-47fe-b689-e60a631e7370)
2019-06-08 21:10:57.978 22705 RALLYDEBUG rally_openstack.cleanup.manager [-] Deleting neutron.port object s_rally_5fc3dfae_FUgblZ5k (e59efcf4-998e-4e01-af65-5b7b1afc01b9)
2019-06-08 21:10:58.047 22705 RALLYDEBUG rally_openstack.cleanup.manager [-] Deleting neutron.port object s_rally_5fc3dfae_WYpikHPe (e5ab6780-b606-427d-9def-967e3ffd2bea)
2019-06-08 21:10:58.061 22705 RALLYDEBUG rally_openstack.cleanup.manager [-] Deleting neutron.port object s_rally_5fc3dfae_BD5aPzbH (e634733a-9bad-4f63-a0d6-f780c653ff69)
2019-06-08 21:10:58.116 22705 RALLYDEBUG rally_openstack.cleanup.manager [-] Deleting neutron.port object s_rally_5fc3dfae_VWdYX4nL (e65f6e72-4b21-47b6-a29a-052c1fdeb458)
2019-06-08 21:10:58.465 22705 RALLYDEBUG rally_openstack.cleanup.manager [-] Deleting neutron.port object s_rally_5fc3dfae_V2Wj2MeP (e70ddfe2-0e48-49f5-8c3c-cf49b7655556)
2019-06-08 21:10:58.478 22705 RALLYDEBUG rally_openstack.cleanup.manager [-] Deleting neutron.port object s_rally_5fc3dfae_QaOlMmoM (e768fed7-f8d7-4e12-9136-d9aa2fb54cd5)
2019-06-08 21:10:58.612 22705 RALLYDEBUG rally_openstack.cleanup.manager [-] Deleting neutron.port object s_rally_5fc3dfae_0QSwqfha (e862cfbb-3629-4c85-8c6f-d3488d7d84fb)
2019-06-08 21:10:58.907 22705 RALLYDEBUG rally_openstack.cleanup.manager [-] Deleting neutron.port object s_rally_5fc3dfae_1sollGcr (ea80b6b4-a0d8-4aba-bc9a-bf3db4e99299)
2019-06-08 21:10:59.013 22705 RALLYDEBUG rally_openstack.cleanup.manager [-] Deleting neutron.port object s_rally_5fc3dfae_kwBb4rD6 (eb124823-b568-438d-ba8a-0c945f488a84)
2019-06-08 21:10:59.060 22705 RALLYDEBUG rally_openstack.cleanup.manager [-] Deleting neutron.port object s_rally_5fc3dfae_RqtLJ5xO (eb267c1f-6e4a-4217-a789-7c4b60985f0f)
2019-06-08 21:10:59.318 22705 RALLYDEBUG rally_openstack.cleanup.manager [-] Deleting neutron.port object s_rally_5fc3dfae_idd2wch8 (ebf78673-492a-4e57-bc68-265129eae66d)
2019-06-08 21:10:59.458 22705 RALLYDEBUG rally_openstack.cleanup.manager [-] Deleting neutron.port object s_rally_5fc3dfae_V0VyAITS (ec16e626-bea2-4845-8dad-64d180167664)
2019-06-08 21:10:59.495 22705 RALLYDEBUG rally_openstack.cleanup.manager [-] Deleting neutron.port object s_rally_5fc3dfae_Growmuso (eca9d272-e775-4f5f-b9f3-6ed1e2d21e56)
2019-06-08 21:10:59.598 22705 RALLYDEBUG rally_openstack.cleanup.manager [-] Deleting neutron.port object s_rally_5fc3dfae_pURRM7W2 (ecbf54dd-4da4-41ae-9682-0542189ef831)
2019-06-08 21:10:59.631 22705 RALLYDEBUG rally_openstack.cleanup.manager [-] Deleting neutron.port object s_rally_5fc3dfae_VWlnTT7w (eccb1fa8-6290-41cf-9850-bcd24d618559)
2019-06-08 21:10:59.837 22705 RALLYDEBUG rally_openstack.cleanup.manager [-] Deleting neutron.port object s_rally_5fc3dfae_JokPUY1q (ed965f10-4f6e-4c39-a036-40e295e087d3)
2019-06-08 21:11:00.138 22705 RALLYDEBUG rally_openstack.cleanup.manager [-] Deleting neutron.port object s_rally_5fc3dfae_D5C1NxDY (ee62d2e1-d07a-41fc-9743-7cadeec6f757)
2019-06-08 21:11:00.305 22705 RALLYDEBUG rally_openstack.cleanup.manager [-] Deleting neutron.port object s_rally_5fc3dfae_2K15R7SQ (ef6368fb-1ec5-47a6-973b-5ed16addb30a)
2019-06-08 21:11:00.424 22705 RALLYDEBUG rally_openstack.cleanup.manager [-] Deleting neutron.port object s_rally_5fc3dfae_VEjwuali (efb96031-458b-42fd-b8d0-51d918adfecf)
2019-06-08 21:11:00.603 22705 RALLYDEBUG rally_openstack.cleanup.manager [-] Deleting neutron.port object s_rally_5fc3dfae_4XJlnxsP (efc32bf3-c5be-40b5-a613-5ae057a8e23b)
2019-06-08 21:11:00.629 22705 RALLYDEBUG rally_openstack.cleanup.manager [-] Deleting neutron.port object s_rally_5fc3dfae_KgSdO07V (f0290b28-49ba-4a17-8f2f-c2b3c9beb6de)
2019-06-08 21:11:00.678 22705 RALLYDEBUG rally_openstack.cleanup.manager [-] Deleting neutron.port object s_rally_5fc3dfae_lk9cXhit (f03bdd1a-fa6a-4559-845e-6fd837149ba9)
2019-06-08 21:11:00.849 22705 RALLYDEBUG rally_openstack.cleanup.manager [-] Deleting neutron.port object s_rally_5fc3dfae_Jta4Z5rY (f05e00cd-b8e5-4f4f-8b06-24be4bf63dac)
2019-06-08 21:11:00.995 22705 RALLYDEBUG rally_openstack.cleanup.manager [-] Deleting neutron.port object s_rally_5fc3dfae_TFRPoIu1 (f0a22e8b-cc2b-403d-92e8-3cd3a725e637)
2019-06-08 21:11:01.028 22705 RALLYDEBUG rally_openstack.cleanup.manager [-] Deleting neutron.port object s_rally_5fc3dfae_scA1zSkO (f0dc470d-7d01-4af9-8ef5-450d07a0ddd3)
2019-06-08 21:11:01.034 22705 RALLYDEBUG rally_openstack.cleanup.manager [-] Deleting neutron.port object s_rally_5fc3dfae_2UgUKR4l (f23d2aa9-1c59-4a95-aff0-6fed6e362d79)
2019-06-08 21:11:01.165 22705 RALLYDEBUG rally_openstack.cleanup.manager [-] Deleting neutron.port object s_rally_5fc3dfae_Yy1RdtrK (f310e1fd-9ffd-4b9b-9283-a37f48616b3e)
2019-06-08 21:11:01.215 22705 RALLYDEBUG rally_openstack.cleanup.manager [-] Deleting neutron.port object s_rally_5fc3dfae_lIXsJb2C (f35401fb-9b23-4d28-9ef4-054cdb66d192)
2019-06-08 21:11:01.403 22705 RALLYDEBUG rally_openstack.cleanup.manager [-] Deleting neutron.port object s_rally_5fc3dfae_UDkGDT4p (f45dd0a9-f150-4655-ad8d-d874eb394a7d)
2019-06-08 21:11:01.531 22705 RALLYDEBUG rally_openstack.cleanup.manager [-] Deleting neutron.port object s_rally_5fc3dfae_ywBpDBje (f50f2c19-b055-4828-8e10-eb09845db5a7)
2019-06-08 21:11:01.622 22705 RALLYDEBUG rally_openstack.cleanup.manager [-] Deleting neutron.port object s_rally_5fc3dfae_xaXscyHl (f54391b3-4ebd-44e6-bc40-04100247bd15)
2019-06-08 21:11:01.791 22705 RALLYDEBUG rally_openstack.cleanup.manager [-] Deleting neutron.port object s_rally_5fc3dfae_Kb4CaW79 (f5f4ee1d-49e6-4ac2-964e-7cc9ca5c9b9b)
2019-06-08 21:11:02.012 22705 RALLYDEBUG rally_openstack.cleanup.manager [-] Deleting neutron.port object s_rally_5fc3dfae_Xk1d1dk1 (f6ad831b-4657-4498-9193-68233ea99c89)
2019-06-08 21:11:02.050 22705 RALLYDEBUG rally_openstack.cleanup.manager [-] Deleting neutron.port object s_rally_5fc3dfae_0jYmn7q9 (f7a96be5-6198-4302-a554-6723fd1402fd)
2019-06-08 21:11:02.145 22705 RALLYDEBUG rally_openstack.cleanup.manager [-] Deleting neutron.port object s_rally_5fc3dfae_I5MJIKW8 (f860301b-1496-4d36-a333-c561fcbecc59)
2019-06-08 21:11:02.282 22705 RALLYDEBUG rally_openstack.cleanup.manager [-] Deleting neutron.port object s_rally_5fc3dfae_fuKd7hoB (f920d8aa-747d-4e12-a91d-3557631bf807)
2019-06-08 21:11:02.303 22705 RALLYDEBUG rally_openstack.cleanup.manager [-] Deleting neutron.port object s_rally_5fc3dfae_1jJVXYZe (f97dd611-b10b-45b5-9aa9-a63266760b11)
2019-06-08 21:11:02.597 22705 RALLYDEBUG rally_openstack.cleanup.manager [-] Deleting neutron.port object s_rally_5fc3dfae_ZEuRnSug (faceb9e2-7536-45b2-a091-12a7886322bc)
2019-06-08 21:11:02.817 22705 RALLYDEBUG rally_openstack.cleanup.manager [-] Deleting neutron.port object s_rally_5fc3dfae_J7IysV5K (fb18daf8-f83a-4540-9498-3aebecc635a3)
2019-06-08 21:11:02.916 22705 RALLYDEBUG rally_openstack.cleanup.manager [-] Deleting neutron.port object s_rally_5fc3dfae_sSihvBdq (fb44fe04-c001-47b8-96f8-0266bcfaa2a8)
2019-06-08 21:11:02.936 22705 RALLYDEBUG rally_openstack.cleanup.manager [-] Deleting neutron.port object s_rally_5fc3dfae_Buumw4oZ (fb7b2904-52b3-4338-a524-2afad5010494)
2019-06-08 21:11:03.063 22705 RALLYDEBUG rally_openstack.cleanup.manager [-] Deleting neutron.port object s_rally_5fc3dfae_gE8yiSkJ (fbc4eeb3-4fba-4984-87d7-a865b7b16655)
2019-06-08 21:11:03.339 22705 RALLYDEBUG rally_openstack.cleanup.manager [-] Deleting neutron.port object s_rally_5fc3dfae_xVG3MIaM (fbd8df1d-42a0-40fb-8910-4a4f7fe6e44e)
2019-06-08 21:11:03.358 22705 RALLYDEBUG rally_openstack.cleanup.manager [-] Deleting neutron.port object s_rally_5fc3dfae_nkCui3Ji (fc239dfe-c7ce-43bf-9a1c-9030f537570a)
2019-06-08 21:11:03.419 22705 RALLYDEBUG rally_openstack.cleanup.manager [-] Deleting neutron.port object s_rally_5fc3dfae_WgnwR3lI (fc783706-3bca-4a4b-a9bb-88462db7ca67)
2019-06-08 21:11:03.515 22705 RALLYDEBUG rally_openstack.cleanup.manager [-] Deleting neutron.port object s_rally_5fc3dfae_Zu6DNsPM (fd34cdef-0d9b-44be-b457-f768934a471f)
2019-06-08 21:11:03.719 22705 RALLYDEBUG rally_openstack.cleanup.manager [-] Deleting neutron.port object s_rally_5fc3dfae_PkfUVKhq (fd4bbd85-0118-4896-a0ac-75c8dc0a4b81)
2019-06-08 21:11:06.053 22705 RALLYDEBUG rally_openstack.cleanup.manager [-] Cleaning up neutron subnet objects
2019-06-08 21:11:06.839 22705 RALLYDEBUG rally_openstack.cleanup.manager [-] Cleaning up neutron network objects
2019-06-08 21:11:07.578 22705 RALLYDEBUG rally_openstack.cleanup.manager [-] Deleting neutron.network object s_rally_5fc3dfae_LgI19xNE (0daf8292-3c55-4f03-8020-7f2ae1cbcf8b)
2019-06-08 21:11:07.586 22705 RALLYDEBUG rally_openstack.cleanup.manager [-] Deleting neutron.network object s_rally_5fc3dfae_aKzPFA7p (17fbf733-ce7e-4598-ae1a-ffbcb53f240a)
2019-06-08 21:11:07.594 22705 RALLYDEBUG rally_openstack.cleanup.manager [-] Deleting neutron.network object s_rally_5fc3dfae_jKlnJ7sP (231a7908-30a9-407b-8b7a-f0a3a3afd9a2)
2019-06-08 21:11:07.603 22705 RALLYDEBUG rally_openstack.cleanup.manager [-] Deleting neutron.network object s_rally_5fc3dfae_DOHYe3Wj (8e634496-5523-4392-914a-1da2257383da)
2019-06-08 21:11:07.609 22705 RALLYDEBUG rally_openstack.cleanup.manager [-] Deleting neutron.network object s_rally_5fc3dfae_lfHDFSVU (929b0353-7ee0-4192-8f33-b10388073511)
2019-06-08 21:11:07.616 22705 RALLYDEBUG rally_openstack.cleanup.manager [-] Deleting neutron.network object s_rally_5fc3dfae_9EmZWPR3 (d03d6924-ec00-4704-9818-90371f385c9d)
2019-06-08 21:11:07.620 22705 RALLYDEBUG rally_openstack.cleanup.manager [-] Deleting neutron.network object s_rally_5fc3dfae_jDCRZDTv (f86f135e-5d3f-4fa7-afe4-ac1d773c7d43)
2019-06-08 21:11:07.641 22705 RALLYDEBUG rally_openstack.cleanup.manager [-] Deleting neutron.network object s_rally_5fc3dfae_RzxMLbqY (fb314461-1f42-4c91-997c-5cf502572638)
2019-06-08 21:11:10.398 22705 RALLYDEBUG rally_openstack.cleanup.manager [-] Cleaning up neutron router objects
2019-06-08 21:11:11.093 22705 RALLYDEBUG rally_openstack.cleanup.manager [-] Cleaning up neutron security_group objects
2019-06-08 21:11:11.867 22705 INFO rally.task.context [-] Task ccac70cf-f894-4520-91e6-706b90c5cee1 | Context cleanup@openstack cleanup() finished in 1.02 min
2019-06-08 21:11:11.869 22705 INFO rally.task.context [-] Task ccac70cf-f894-4520-91e6-706b90c5cee1 | Context quotas@openstack cleanup() started
2019-06-08 21:11:12.130 22705 INFO rally.task.context [-] Task ccac70cf-f894-4520-91e6-706b90c5cee1 | Context quotas@openstack cleanup() finished in 0.26 sec
2019-06-08 21:11:12.131 22705 INFO rally.task.context [-] Task ccac70cf-f894-4520-91e6-706b90c5cee1 | Context users@openstack cleanup() started
2019-06-08 21:11:17.543 22705 INFO rally.task.context [-] Task ccac70cf-f894-4520-91e6-706b90c5cee1 | Context users@openstack cleanup() finished in 5.41 sec
2019-06-08 21:11:18.266 22705 INFO rally.task.engine [-] Load duration is: 91.254578
2019-06-08 21:11:18.266 22705 INFO rally.task.engine [-] Full runner duration is: 91.303544
2019-06-08 21:11:18.267 22705 INFO rally.task.engine [-] Full duration is: 163.935514
2019-06-08 21:11:18.472 22705 INFO rally.task.engine [-] Running workload: position = 1 config = { "version": 2, "title": "A cropped version of a bigger task.", "description": "Auto-generated task from a single workload (uuid=174f963d-cf02-4a2f-b3bc-038daa40fe5c)", "subtasks": [ { "title": "NeutronNetworks.create_and_update_ports", "description": "Create and update a given number of ports.", "scenario": { "NeutronNetworks.create_and_update_ports": { "network_create_args": {}, "port_create_args": {}, "ports_per_network": 5, "port_update_args": { "admin_state_up": false, "device_id": "dummy_id", "device_owner": "dummy_owner", "name": "_port_updated" } } }, "contexts": { "users": { "tenants": 1, "users_per_tenant": 1 }, "quotas": { "neutron": { "network": -1, "port": -1 } } }, "runner": { "constant": { "times": 40, "concurrency": 20 } }, "hooks": [], "sla": { "failure_rate": { "max": 0 } } } ] }
2019-06-08 21:11:18.496 22705 RALLYDEBUG rally_openstack.contexts.keystone.users [-] Creating 1 tenants using 20 threads
2019-06-08 21:11:20.414 22705 RALLYDEBUG rally_openstack.contexts.keystone.users [-] Creating 1 users using 20 threads
2019-06-08 21:11:23.126 22705 INFO rally.task.context [-] Task ccac70cf-f894-4520-91e6-706b90c5cee1 | Context users@openstack setup() finished in 4.63 sec
2019-06-08 21:11:23.952 22705 INFO rally.task.context [-] Task ccac70cf-f894-4520-91e6-706b90c5cee1 | Context quotas@openstack setup() finished in 0.82 sec
2019-06-08 21:11:23.952 22705 INFO rally.task.context [-] Task ccac70cf-f894-4520-91e6-706b90c5cee1 | Context cleanup@openstack setup() finished in 0.01 msec
2019-06-08 21:11:23.960 22705 RALLYDEBUG rally.task.runner [-] Starting the constant runner (task UUID: ccac70cf-f894-4520-91e6-706b90c5cee1). timeout: 0 concurrency: 20 concurrency_per_worker: 1 times: 40 concurrency_overhead: 4 processes_to_start: 16 max_cpu_used: 16
2019-06-08 21:11:23.974 26581 RALLYDEBUG rally.task.runner [-] Starting a worker. concurrency: 2 args: {"network_create_args": {}, "port_create_args": {}, "ports_per_network": 5, "port_update_args": {"admin_state_up": false, "device_id": "dummy_id", "device_owner": "dummy_owner", "name": "_port_updated"}} times: 40 method_name: run timeout: 0 duration: None cls:
2019-06-08 21:11:23.977 26582 RALLYDEBUG rally.task.runner [-] Starting a worker. concurrency: 2 args: {"network_create_args": {}, "port_create_args": {}, "ports_per_network": 5, "port_update_args": {"admin_state_up": false, "device_id": "dummy_id", "device_owner": "dummy_owner", "name": "_port_updated"}} times: 40 method_name: run timeout: 0 duration: None cls:
2019-06-08 21:11:23.980 26584 RALLYDEBUG rally.task.runner [-] Starting a worker. concurrency: 2 args: {"network_create_args": {}, "port_create_args": {}, "ports_per_network": 5, "port_update_args": {"admin_state_up": false, "device_id": "dummy_id", "device_owner": "dummy_owner", "name": "_port_updated"}} times: 40 method_name: run timeout: 0 duration: None cls:
2019-06-08 21:11:23.980 26583 RALLYDEBUG rally.task.runner [-] Starting a worker. concurrency: 2 args: {"network_create_args": {}, "port_create_args": {}, "ports_per_network": 5, "port_update_args": {"admin_state_up": false, "device_id": "dummy_id", "device_owner": "dummy_owner", "name": "_port_updated"}} times: 40 method_name: run timeout: 0 duration: None cls:
2019-06-08 21:11:23.981 26581 INFO rally.task.runner [-] Task ccac70cf-f894-4520-91e6-706b90c5cee1 | ITER: 1 START
2019-06-08 21:11:23.984 26581 WARNING rally_openstack.scenarios.neutron.utils [-] Running this scenario without either the 'network' or 'existing_network' context is deprecated
2019-06-08 21:11:23.984 26582 INFO rally.task.runner [-] Task ccac70cf-f894-4520-91e6-706b90c5cee1 | ITER: 2 START
2019-06-08 21:11:23.984 26584 INFO rally.task.runner [-] Task ccac70cf-f894-4520-91e6-706b90c5cee1 | ITER: 4 START
2019-06-08 21:11:23.987 26584 WARNING rally_openstack.scenarios.neutron.utils [-] Running this scenario without either the 'network' or 'existing_network' context is deprecated
2019-06-08 21:11:23.986 26585 RALLYDEBUG rally.task.runner [-] Starting a worker. concurrency: 1 args: {"network_create_args": {}, "port_create_args": {}, "ports_per_network": 5, "port_update_args": {"admin_state_up": false, "device_id": "dummy_id", "device_owner": "dummy_owner", "name": "_port_updated"}} times: 40 method_name: run timeout: 0 duration: None cls:
2019-06-08 21:11:23.987 26582 WARNING rally_openstack.scenarios.neutron.utils [-] Running this scenario without either the 'network' or 'existing_network' context is deprecated
2019-06-08 21:11:23.989 26589 RALLYDEBUG rally.task.runner [-] Starting a worker. concurrency: 1 args: {"network_create_args": {}, "port_create_args": {}, "ports_per_network": 5, "port_update_args": {"admin_state_up": false, "device_id": "dummy_id", "device_owner": "dummy_owner", "name": "_port_updated"}} times: 40 method_name: run timeout: 0 duration: None cls:
2019-06-08 21:11:23.990 26583 INFO rally.task.runner [-] Task ccac70cf-f894-4520-91e6-706b90c5cee1 | ITER: 6 START
2019-06-08 21:11:23.992 26583 WARNING rally_openstack.scenarios.neutron.utils [-] Running this scenario without either the 'network' or 'existing_network' context is deprecated
2019-06-08 21:11:23.993 26585 INFO rally.task.runner [-] Task ccac70cf-f894-4520-91e6-706b90c5cee1 | ITER: 9 START
2019-06-08 21:11:23.994 26585 WARNING rally_openstack.scenarios.neutron.utils [-] Running this scenario without either the 'network' or 'existing_network' context is deprecated
2019-06-08 21:11:23.994 26593 RALLYDEBUG rally.task.runner [-] Starting a worker. concurrency: 1 args: {"network_create_args": {}, "port_create_args": {}, "ports_per_network": 5, "port_update_args": {"admin_state_up": false, "device_id": "dummy_id", "device_owner": "dummy_owner", "name": "_port_updated"}} times: 40 method_name: run timeout: 0 duration: None cls:
2019-06-08 21:11:23.995 26589 INFO rally.task.runner [-] Task ccac70cf-f894-4520-91e6-706b90c5cee1 | ITER: 10 START
2019-06-08 21:11:23.996 26584 INFO rally.task.runner [-] Task ccac70cf-f894-4520-91e6-706b90c5cee1 | ITER: 7 START
2019-06-08 21:11:23.996 26589 WARNING rally_openstack.scenarios.neutron.utils [-] Running this scenario without either the 'network' or 'existing_network' context is deprecated
2019-06-08 21:11:23.997 26583 INFO rally.task.runner [-] Task ccac70cf-f894-4520-91e6-706b90c5cee1 | ITER: 8 START
2019-06-08 21:11:23.997 26584 WARNING rally_openstack.scenarios.neutron.utils [-] Running this scenario without either the 'network' or 'existing_network' context is deprecated
2019-06-08 21:11:23.998 26583 WARNING rally_openstack.scenarios.neutron.utils [-] Running this scenario without either the 'network' or 'existing_network' context is deprecated
2019-06-08 21:11:23.997 26597 RALLYDEBUG rally.task.runner [-] Starting a worker. concurrency: 1 args: {"network_create_args": {}, "port_create_args": {}, "ports_per_network": 5, "port_update_args": {"admin_state_up": false, "device_id": "dummy_id", "device_owner": "dummy_owner", "name": "_port_updated"}} times: 40 method_name: run timeout: 0 duration: None cls:
2019-06-08 21:11:24.001 26593 INFO rally.task.runner [-] Task ccac70cf-f894-4520-91e6-706b90c5cee1 | ITER: 11 START
2019-06-08 21:11:24.001 26582 INFO rally.task.runner [-] Task ccac70cf-f894-4520-91e6-706b90c5cee1 | ITER: 5 START
2019-06-08 21:11:24.001 26581 INFO rally.task.runner [-] Task ccac70cf-f894-4520-91e6-706b90c5cee1 | ITER: 3 START
2019-06-08 21:11:24.002 26582 WARNING rally_openstack.scenarios.neutron.utils [-] Running this scenario without either the 'network' or 'existing_network' context is deprecated
2019-06-08 21:11:24.002 26581 WARNING rally_openstack.scenarios.neutron.utils [-] Running this scenario without either the 'network' or 'existing_network' context is deprecated
2019-06-08 21:11:24.003 26593 WARNING rally_openstack.scenarios.neutron.utils [-] Running this scenario without either the 'network' or 'existing_network' context is deprecated
2019-06-08 21:11:24.004 26597 INFO rally.task.runner [-] Task ccac70cf-f894-4520-91e6-706b90c5cee1 | ITER: 12 START
2019-06-08 21:11:24.004 26604 RALLYDEBUG rally.task.runner [-] Starting a worker. concurrency: 1 args: {"network_create_args": {}, "port_create_args": {}, "ports_per_network": 5, "port_update_args": {"admin_state_up": false, "device_id": "dummy_id", "device_owner": "dummy_owner", "name": "_port_updated"}} times: 40 method_name: run timeout: 0 duration: None cls:
2019-06-08 21:11:24.006 26597 WARNING rally_openstack.scenarios.neutron.utils [-] Running this scenario without either the 'network' or 'existing_network' context is deprecated
2019-06-08 21:11:24.010 26604 INFO rally.task.runner [-] Task ccac70cf-f894-4520-91e6-706b90c5cee1 | ITER: 13 START
2019-06-08 21:11:24.011 26604 WARNING rally_openstack.scenarios.neutron.utils [-] Running this scenario without either the 'network' or 'existing_network' context is deprecated
2019-06-08 21:11:24.013 26610 RALLYDEBUG rally.task.runner [-] Starting a worker. concurrency: 1 args: {"network_create_args": {}, "port_create_args": {}, "ports_per_network": 5, "port_update_args": {"admin_state_up": false, "device_id": "dummy_id", "device_owner": "dummy_owner", "name": "_port_updated"}} times: 40 method_name: run timeout: 0 duration: None cls:
2019-06-08 21:11:24.020 26610 INFO rally.task.runner [-] Task ccac70cf-f894-4520-91e6-706b90c5cee1 | ITER: 14 START
2019-06-08 21:11:24.019 26613 RALLYDEBUG rally.task.runner [-] Starting a worker. concurrency: 1 args: {"network_create_args": {}, "port_create_args": {}, "ports_per_network": 5, "port_update_args": {"admin_state_up": false, "device_id": "dummy_id", "device_owner": "dummy_owner", "name": "_port_updated"}} times: 40 method_name: run timeout: 0 duration: None cls:
2019-06-08 21:11:24.022 26610 WARNING rally_openstack.scenarios.neutron.utils [-] Running this scenario without either the 'network' or 'existing_network' context is deprecated
2019-06-08 21:11:24.026 26613 INFO rally.task.runner [-] Task ccac70cf-f894-4520-91e6-706b90c5cee1 | ITER: 15 START
2019-06-08 21:11:24.028 26613 WARNING rally_openstack.scenarios.neutron.utils [-] Running this scenario without either the 'network' or 'existing_network' context is deprecated
2019-06-08 21:11:24.029 26616 RALLYDEBUG rally.task.runner [-] Starting a worker. concurrency: 1 args: {"network_create_args": {}, "port_create_args": {}, "ports_per_network": 5, "port_update_args": {"admin_state_up": false, "device_id": "dummy_id", "device_owner": "dummy_owner", "name": "_port_updated"}} times: 40 method_name: run timeout: 0 duration: None cls:
2019-06-08 21:11:24.035 26616 INFO rally.task.runner [-] Task ccac70cf-f894-4520-91e6-706b90c5cee1 | ITER: 16 START
2019-06-08 21:11:24.037 26616 WARNING rally_openstack.scenarios.neutron.utils [-] Running this scenario without either the 'network' or 'existing_network' context is deprecated
2019-06-08 21:11:24.038 26619 RALLYDEBUG rally.task.runner [-] Starting a worker. concurrency: 1 args: {"network_create_args": {}, "port_create_args": {}, "ports_per_network": 5, "port_update_args": {"admin_state_up": false, "device_id": "dummy_id", "device_owner": "dummy_owner", "name": "_port_updated"}} times: 40 method_name: run timeout: 0 duration: None cls:
2019-06-08 21:11:24.043 26619 INFO rally.task.runner [-] Task ccac70cf-f894-4520-91e6-706b90c5cee1 | ITER: 17 START
2019-06-08 21:11:24.044 26622 RALLYDEBUG rally.task.runner [-] Starting a worker. concurrency: 1 args: {"network_create_args": {}, "port_create_args": {}, "ports_per_network": 5, "port_update_args": {"admin_state_up": false, "device_id": "dummy_id", "device_owner": "dummy_owner", "name": "_port_updated"}} times: 40 method_name: run timeout: 0 duration: None cls:
2019-06-08 21:11:24.045 26619 WARNING rally_openstack.scenarios.neutron.utils [-] Running this scenario without either the 'network' or 'existing_network' context is deprecated
2019-06-08 21:11:24.048 26624 RALLYDEBUG rally.task.runner [-] Starting a worker. concurrency: 1 args: {"network_create_args": {}, "port_create_args": {}, "ports_per_network": 5, "port_update_args": {"admin_state_up": false, "device_id": "dummy_id", "device_owner": "dummy_owner", "name": "_port_updated"}} times: 40 method_name: run timeout: 0 duration: None cls:
2019-06-08 21:11:24.049 26622 INFO rally.task.runner [-] Task ccac70cf-f894-4520-91e6-706b90c5cee1 | ITER: 18 START
2019-06-08 21:11:24.050 26626 RALLYDEBUG rally.task.runner [-] Starting a worker. concurrency: 1 args: {"network_create_args": {}, "port_create_args": {}, "ports_per_network": 5, "port_update_args": {"admin_state_up": false, "device_id": "dummy_id", "device_owner": "dummy_owner", "name": "_port_updated"}} times: 40 method_name: run timeout: 0 duration: None cls:
2019-06-08 21:11:24.053 26624 INFO rally.task.runner [-] Task ccac70cf-f894-4520-91e6-706b90c5cee1 | ITER: 19 START
2019-06-08 21:11:24.053 26622 WARNING rally_openstack.scenarios.neutron.utils [-] Running this scenario without either the 'network' or 'existing_network' context is deprecated
2019-06-08 21:11:24.054 26624 WARNING rally_openstack.scenarios.neutron.utils [-] Running this scenario without either the 'network' or 'existing_network' context is deprecated
2019-06-08 21:11:24.055 26626 INFO rally.task.runner [-] Task ccac70cf-f894-4520-91e6-706b90c5cee1 | ITER: 20 START
2019-06-08 21:11:24.056 26626 WARNING rally_openstack.scenarios.neutron.utils [-] Running this scenario without either the 'network' or 'existing_network' context is deprecated
2019-06-08 21:11:36.604 26593 INFO rally.task.runner [-] Task ccac70cf-f894-4520-91e6-706b90c5cee1 | ITER: 11 END: OK
2019-06-08 21:11:36.609 26593 INFO rally.task.runner [-] Task ccac70cf-f894-4520-91e6-706b90c5cee1 | ITER: 21 START
2019-06-08 21:11:36.609 26593 WARNING rally_openstack.scenarios.neutron.utils [-] Running this scenario without either the 'network' or 'existing_network' context is deprecated
2019-06-08 21:11:36.617 26585 INFO rally.task.runner [-] Task ccac70cf-f894-4520-91e6-706b90c5cee1 | ITER: 9 END: OK
2019-06-08 21:11:36.622 26585 INFO rally.task.runner [-] Task ccac70cf-f894-4520-91e6-706b90c5cee1 | ITER: 22 START
2019-06-08 21:11:36.622 26585 WARNING rally_openstack.scenarios.neutron.utils [-] Running this scenario without either the 'network' or 'existing_network' context is deprecated
2019-06-08 21:11:37.058 26610 INFO rally.task.runner [-] Task ccac70cf-f894-4520-91e6-706b90c5cee1 | ITER: 14 END: OK
2019-06-08 21:11:37.062 26610 INFO rally.task.runner [-] Task ccac70cf-f894-4520-91e6-706b90c5cee1 | ITER: 23 START
2019-06-08 21:11:37.063 26610 WARNING rally_openstack.scenarios.neutron.utils [-] Running this scenario without either the 'network' or 'existing_network' context is deprecated
2019-06-08 21:11:37.088 26584 INFO rally.task.runner [-] Task ccac70cf-f894-4520-91e6-706b90c5cee1 | ITER: 4 END: OK
2019-06-08 21:11:37.092 26584 INFO rally.task.runner [-] Task ccac70cf-f894-4520-91e6-706b90c5cee1 | ITER: 24 START
2019-06-08 21:11:37.093 26584 WARNING rally_openstack.scenarios.neutron.utils [-] Running this scenario without either the 'network' or 'existing_network' context is deprecated
2019-06-08 21:11:38.279 26583 INFO rally.task.runner [-] Task ccac70cf-f894-4520-91e6-706b90c5cee1 | ITER: 8 END: OK
2019-06-08 21:11:38.284 26583 INFO rally.task.runner [-] Task ccac70cf-f894-4520-91e6-706b90c5cee1 | ITER: 25 START
2019-06-08 21:11:38.285 26583 WARNING rally_openstack.scenarios.neutron.utils [-] Running this scenario without either the 'network' or 'existing_network' context is deprecated
2019-06-08 21:11:38.604 26622 INFO rally.task.runner [-] Task ccac70cf-f894-4520-91e6-706b90c5cee1 | ITER: 18 END: OK
2019-06-08 21:11:38.609 26622 INFO rally.task.runner [-] Task ccac70cf-f894-4520-91e6-706b90c5cee1 | ITER: 26 START
2019-06-08 21:11:38.610 26622 WARNING rally_openstack.scenarios.neutron.utils [-] Running this scenario without either the 'network' or 'existing_network' context is deprecated
2019-06-08 21:11:38.739 26613 INFO rally.task.runner [-] Task ccac70cf-f894-4520-91e6-706b90c5cee1 | ITER: 15 END: OK
2019-06-08 21:11:38.744 26613 INFO rally.task.runner [-] Task ccac70cf-f894-4520-91e6-706b90c5cee1 | ITER: 27 START
2019-06-08 21:11:38.744 26613 WARNING rally_openstack.scenarios.neutron.utils [-] Running this scenario without either the 'network' or 'existing_network' context is deprecated
2019-06-08 21:11:38.916 26581 INFO rally.task.runner [-] Task ccac70cf-f894-4520-91e6-706b90c5cee1 | ITER: 1 END: OK
2019-06-08 21:11:38.922 26581 INFO rally.task.runner [-] Task ccac70cf-f894-4520-91e6-706b90c5cee1 | ITER: 28 START
2019-06-08 21:11:38.922 26581 WARNING rally_openstack.scenarios.neutron.utils [-] Running this scenario without either the 'network' or 'existing_network' context is deprecated
2019-06-08 21:11:38.924 26584 INFO rally.task.runner [-] Task ccac70cf-f894-4520-91e6-706b90c5cee1 | ITER: 7 END: OK
2019-06-08 21:11:38.928 26584 INFO rally.task.runner [-] Task ccac70cf-f894-4520-91e6-706b90c5cee1 | ITER: 29 START
2019-06-08 21:11:38.929 26584 WARNING rally_openstack.scenarios.neutron.utils [-] Running this scenario without either the 'network' or 'existing_network' context is deprecated
2019-06-08 21:11:39.358 26616 INFO rally.task.runner [-] Task ccac70cf-f894-4520-91e6-706b90c5cee1 | ITER: 16 END: OK
2019-06-08 21:11:39.363 26616 INFO rally.task.runner [-] Task ccac70cf-f894-4520-91e6-706b90c5cee1 | ITER: 30 START
2019-06-08 21:11:39.364 26616 WARNING rally_openstack.scenarios.neutron.utils [-] Running this scenario without either the 'network' or 'existing_network' context is deprecated
2019-06-08 21:11:39.378 26597 INFO rally.task.runner [-] Task ccac70cf-f894-4520-91e6-706b90c5cee1 | ITER: 12 END: OK
2019-06-08 21:11:39.383 26597 INFO rally.task.runner [-] Task ccac70cf-f894-4520-91e6-706b90c5cee1 | ITER: 31 START
2019-06-08 21:11:39.383 26597 WARNING rally_openstack.scenarios.neutron.utils [-] Running this scenario without either the 'network' or 'existing_network' context is deprecated
2019-06-08 21:11:39.435 26583 INFO rally.task.runner [-] Task ccac70cf-f894-4520-91e6-706b90c5cee1 | ITER: 6 END: OK
2019-06-08 21:11:39.438 26583 INFO rally.task.runner [-] Task ccac70cf-f894-4520-91e6-706b90c5cee1 | ITER: 32 START
2019-06-08 21:11:39.439 26583 WARNING rally_openstack.scenarios.neutron.utils [-] Running this scenario without either the 'network' or 'existing_network' context is deprecated
2019-06-08 21:11:39.488 26582 INFO rally.task.runner [-] Task ccac70cf-f894-4520-91e6-706b90c5cee1 | ITER: 2 END: OK
2019-06-08 21:11:39.492 26582 INFO rally.task.runner [-] Task ccac70cf-f894-4520-91e6-706b90c5cee1 | ITER: 33 START
2019-06-08 21:11:39.493 26582 WARNING rally_openstack.scenarios.neutron.utils [-] Running this scenario without either the 'network' or 'existing_network' context is deprecated
2019-06-08 21:11:39.821 26604 INFO rally.task.runner [-] Task ccac70cf-f894-4520-91e6-706b90c5cee1 | ITER: 13 END: OK
2019-06-08 21:11:39.825 26604 INFO rally.task.runner [-] Task ccac70cf-f894-4520-91e6-706b90c5cee1 | ITER: 34 START
2019-06-08 21:11:39.826 26604 WARNING rally_openstack.scenarios.neutron.utils [-] Running this scenario without either the 'network' or 'existing_network' context is deprecated
2019-06-08 21:11:40.089 26626 INFO rally.task.runner [-] Task ccac70cf-f894-4520-91e6-706b90c5cee1 | ITER: 20 END: OK
2019-06-08 21:11:40.095 26626 INFO rally.task.runner [-] Task ccac70cf-f894-4520-91e6-706b90c5cee1 | ITER: 35 START
2019-06-08 21:11:40.096 26626 WARNING rally_openstack.scenarios.neutron.utils [-] Running this scenario without either the 'network' or 'existing_network' context is deprecated
2019-06-08 21:11:40.152 26581 INFO rally.task.runner [-] Task ccac70cf-f894-4520-91e6-706b90c5cee1 | ITER: 3 END: OK
2019-06-08 21:11:40.156 26581 INFO rally.task.runner [-] Task ccac70cf-f894-4520-91e6-706b90c5cee1 | ITER: 36 START
2019-06-08 21:11:40.157 26581 WARNING rally_openstack.scenarios.neutron.utils [-] Running this scenario without either the 'network' or 'existing_network' context is deprecated
2019-06-08 21:11:40.335 26619 INFO rally.task.runner [-] Task ccac70cf-f894-4520-91e6-706b90c5cee1 | ITER: 17 END: OK
2019-06-08 21:11:40.340 26619 INFO rally.task.runner [-] Task ccac70cf-f894-4520-91e6-706b90c5cee1 | ITER: 37 START
2019-06-08 21:11:40.340 26619 WARNING rally_openstack.scenarios.neutron.utils [-] Running this scenario without either the 'network' or 'existing_network' context is deprecated
2019-06-08 21:11:40.498 26624 INFO rally.task.runner [-] Task ccac70cf-f894-4520-91e6-706b90c5cee1 | ITER: 19 END: OK
2019-06-08 21:11:40.502 26624 INFO rally.task.runner [-] Task ccac70cf-f894-4520-91e6-706b90c5cee1 | ITER: 38 START
2019-06-08 21:11:40.503 26624 WARNING rally_openstack.scenarios.neutron.utils [-] Running this scenario without either the 'network' or 'existing_network' context is deprecated
2019-06-08 21:11:40.503 26582 INFO rally.task.runner [-] Task ccac70cf-f894-4520-91e6-706b90c5cee1 | ITER: 5 END: OK
2019-06-08 21:11:40.508 26582 INFO rally.task.runner [-] Task ccac70cf-f894-4520-91e6-706b90c5cee1 | ITER: 39 START
2019-06-08 21:11:40.509 26582 WARNING rally_openstack.scenarios.neutron.utils [-] Running this scenario without either the 'network' or 'existing_network' context is deprecated
2019-06-08 21:11:41.177 26589 INFO rally.task.runner [-] Task ccac70cf-f894-4520-91e6-706b90c5cee1 | ITER: 10 END: OK
2019-06-08 21:11:41.182 26589 INFO rally.task.runner [-] Task ccac70cf-f894-4520-91e6-706b90c5cee1 | ITER: 40 START
2019-06-08 21:11:41.183 26589 WARNING rally_openstack.scenarios.neutron.utils [-] Running this scenario without either the 'network' or 'existing_network' context is deprecated
2019-06-08 21:11:50.092 26593 INFO rally.task.runner [-] Task ccac70cf-f894-4520-91e6-706b90c5cee1 | ITER: 21 END: OK
2019-06-08 21:11:50.965 26610 INFO rally.task.runner [-] Task ccac70cf-f894-4520-91e6-706b90c5cee1 | ITER: 23 END: OK
2019-06-08 21:11:51.087 26583 INFO rally.task.runner [-] Task ccac70cf-f894-4520-91e6-706b90c5cee1 | ITER: 25 END: OK
2019-06-08 21:11:51.323 26585 INFO rally.task.runner [-] Task ccac70cf-f894-4520-91e6-706b90c5cee1 | ITER: 22 END: OK
2019-06-08 21:11:51.481 26584 INFO rally.task.runner [-] Task ccac70cf-f894-4520-91e6-706b90c5cee1 | ITER: 24 END: OK
2019-06-08 21:11:52.274 26581 INFO rally.task.runner [-] Task ccac70cf-f894-4520-91e6-706b90c5cee1 | ITER: 28 END: OK
2019-06-08 21:11:52.325 26613 INFO rally.task.runner [-] Task ccac70cf-f894-4520-91e6-706b90c5cee1 | ITER: 27 END: OK
2019-06-08 21:11:52.962 26626 INFO rally.task.runner [-] Task ccac70cf-f894-4520-91e6-706b90c5cee1 | ITER: 35 END: OK
2019-06-08 21:11:53.374 26616 INFO rally.task.runner [-] Task ccac70cf-f894-4520-91e6-706b90c5cee1 | ITER: 30 END: OK
2019-06-08 21:11:53.382 26619 INFO rally.task.runner [-] Task ccac70cf-f894-4520-91e6-706b90c5cee1 | ITER: 37 END: OK
2019-06-08 21:11:53.448 26622 INFO rally.task.runner [-] Task ccac70cf-f894-4520-91e6-706b90c5cee1 | ITER: 26 END: OK
2019-06-08 21:11:53.633 26583 INFO rally.task.runner [-] Task ccac70cf-f894-4520-91e6-706b90c5cee1 | ITER: 32 END: OK
2019-06-08 21:11:53.697 26589 INFO rally.task.runner [-] Task ccac70cf-f894-4520-91e6-706b90c5cee1 | ITER: 40 END: OK
2019-06-08 21:11:53.831 26581 INFO rally.task.runner [-] Task ccac70cf-f894-4520-91e6-706b90c5cee1 | ITER: 36 END: OK
2019-06-08 21:11:53.907 26584 INFO rally.task.runner [-] Task ccac70cf-f894-4520-91e6-706b90c5cee1 | ITER: 29 END: OK
2019-06-08 21:11:54.321 26604 INFO rally.task.runner [-] Task ccac70cf-f894-4520-91e6-706b90c5cee1 | ITER: 34 END: OK
2019-06-08 21:11:54.339 26582 INFO rally.task.runner [-] Task ccac70cf-f894-4520-91e6-706b90c5cee1 | ITER: 33 END: OK
2019-06-08 21:11:54.909 26597 INFO rally.task.runner [-] Task ccac70cf-f894-4520-91e6-706b90c5cee1 | ITER: 31 END: OK
2019-06-08 21:11:55.524 26582 INFO rally.task.runner [-] Task ccac70cf-f894-4520-91e6-706b90c5cee1 | ITER: 39 END: OK
2019-06-08 21:11:55.561 26624 INFO rally.task.runner [-] Task ccac70cf-f894-4520-91e6-706b90c5cee1 | ITER: 38 END: OK
2019-06-08 21:11:55.590 22705 INFO rally.task.context [-] Task ccac70cf-f894-4520-91e6-706b90c5cee1 | Context cleanup@openstack cleanup() started
2019-06-08 21:11:55.593 22705 RALLYDEBUG rally_openstack.cleanup.manager [-] Cleaning up neutron vip objects
2019-06-08 21:11:56.241 22705 RALLYDEBUG rally_openstack.cleanup.manager [-] Cleaning up neutron health_monitor objects
2019-06-08 21:11:56.892 22705 RALLYDEBUG rally_openstack.cleanup.manager [-] Cleaning up neutron pool objects
2019-06-08 21:11:57.648 22705 RALLYDEBUG rally_openstack.cleanup.manager [-] Cleaning up neutron loadbalancer objects
2019-06-08 21:11:58.312 22705 RALLYDEBUG rally_openstack.cleanup.manager [-] Cleaning up neutron floatingip objects
2019-06-08 21:11:59.085 22705 RALLYDEBUG rally_openstack.cleanup.manager [-] Cleaning up neutron port objects
2019-06-08 21:12:00.559 22705 RALLYDEBUG rally_openstack.cleanup.manager [-] Deleting neutron.port object s_rally_174f963d_8biIkD0n (039ff4fe-476c-4a90-8400-72a2b3e8ff2e)
2019-06-08 21:12:00.560 22705 RALLYDEBUG rally_openstack.cleanup.manager [-] Deleting neutron.port object s_rally_174f963d_HlhLibvn (0580d440-5c89-4626-b327-cb6c20dfef90)
2019-06-08 21:12:00.567 22705 RALLYDEBUG rally_openstack.cleanup.manager [-] Deleting neutron.port object s_rally_174f963d_t3kAuvg0 (0d14ff6c-f939-4382-8991-f9ea7b70a065)
2019-06-08 21:12:00.568 22705 RALLYDEBUG rally_openstack.cleanup.manager [-] Deleting neutron.port object s_rally_174f963d_6sU1x0J2 (05850301-6744-4b74-9e62-c598be8c9901)
2019-06-08 21:12:00.569 22705 RALLYDEBUG rally_openstack.cleanup.manager [-] Deleting neutron.port object s_rally_174f963d_QIVJ5qwx (06294ac0-44a9-4e05-ba34-fc0739365772)
2019-06-08 21:12:00.570 22705 RALLYDEBUG rally_openstack.cleanup.manager [-] Deleting neutron.port object s_rally_174f963d_NZY85hyp (060b172b-0b79-4c4a-abe7-a3d22703bcfd)
2019-06-08 21:12:00.578 22705 RALLYDEBUG rally_openstack.cleanup.manager [-] Deleting neutron.port object s_rally_174f963d_x919RujT (0e995d6b-0efb-4194-b302-4e89517b9363)
2019-06-08 21:12:00.593 22705 RALLYDEBUG rally_openstack.cleanup.manager [-] Deleting neutron.port object s_rally_174f963d_oN3ZnXRC (01e16993-99a8-415a-a5d7-cb0421f84515)
2019-06-08 21:12:00.598 22705 RALLYDEBUG rally_openstack.cleanup.manager [-] Deleting neutron.port object s_rally_174f963d_t8JJuwaO (0793d157-ddc9-4dc2-8eaa-e8104a3ff932)
2019-06-08 21:12:00.599 22705 RALLYDEBUG rally_openstack.cleanup.manager [-] Deleting neutron.port object s_rally_174f963d_J9wAfD7K (03cd2c6a-5c8c-4c2d-951a-884fd070b901)
2019-06-08 21:12:00.600 22705 RALLYDEBUG rally_openstack.cleanup.manager [-] Deleting neutron.port object s_rally_174f963d_OfDDfivJ (07e1574d-ad64-4d53-bbb2-82f5abd03cd6)
2019-06-08 21:12:00.611 22705 RALLYDEBUG rally_openstack.cleanup.manager [-] Deleting neutron.port object s_rally_174f963d_LVVxcnGq (0dca7bac-958b-4b60-9edf-1cff6ac2524f)
2019-06-08 21:12:00.621 22705 RALLYDEBUG rally_openstack.cleanup.manager [-] Deleting neutron.port object s_rally_174f963d_cpyl5dCs (0d18a58f-644b-41b3-aac7-f997e289a63a)
2019-06-08 21:12:00.641 22705 RALLYDEBUG rally_openstack.cleanup.manager [-] Deleting neutron.port object s_rally_174f963d_OMtHv2tJ (16063509-3739-4c54-8f51-ae0f42e9651a)
2019-06-08 21:12:00.649 22705 RALLYDEBUG rally_openstack.cleanup.manager [-] Deleting neutron.port object s_rally_174f963d_sfgswDeN (13050834-0b2b-4468-8cea-f0ab980488cc)
2019-06-08 21:12:00.668 22705 RALLYDEBUG rally_openstack.cleanup.manager [-] Deleting neutron.port object s_rally_174f963d_09fPPf0e (16abefeb-e88d-4301-af86-2f02426fb54f)
2019-06-08 21:12:00.688 22705 RALLYDEBUG rally_openstack.cleanup.manager [-] Deleting neutron.port object s_rally_174f963d_UKKGabQ4 (16794d98-6145-4e1d-abdb-4c796f435ba7)
2019-06-08 21:12:00.690 22705 RALLYDEBUG rally_openstack.cleanup.manager [-] Deleting neutron.port object s_rally_174f963d_wrFPrwfw (1943fd51-fea7-4336-a5da-89a8c9fa78ec)
2019-06-08 21:12:00.709 22705 RALLYDEBUG rally_openstack.cleanup.manager [-] Deleting neutron.port object s_rally_174f963d_YUUEr82Q (1dc50692-bc91-4fa6-b69e-175f2252c013)
2019-06-08 21:12:00.727 22705 RALLYDEBUG rally_openstack.cleanup.manager [-] Deleting neutron.port object s_rally_174f963d_YLAuZBEg (1776735e-b490-4837-a0e4-b3eea9de2fd1)
2019-06-08 21:12:03.105 22705 RALLYDEBUG rally_openstack.cleanup.manager [-] Deleting neutron.port object s_rally_174f963d_FVoRztvK (1e12f94b-8c05-45b6-b202-09c56c583f90)
2019-06-08 21:12:03.105 22705 RALLYDEBUG rally_openstack.cleanup.manager [-] Deleting neutron.port object s_rally_174f963d_CvnMzbfp (2026e55d-f0ca-44f4-a27b-c9d79b7fb83b)
2019-06-08 21:12:03.194 22705 RALLYDEBUG rally_openstack.cleanup.manager [-] Deleting neutron.port object s_rally_174f963d_its117ui (208ebeec-82af-46f1-b4b0-0ab65855f52d)
2019-06-08 21:12:03.206 22705 RALLYDEBUG rally_openstack.cleanup.manager [-] Deleting neutron.port object s_rally_174f963d_TqQC6G5f (2372d2c7-b536-4d1e-b306-efdf22289195)
2019-06-08 21:12:03.455 22705 RALLYDEBUG rally_openstack.cleanup.manager [-] Deleting neutron.port object s_rally_174f963d_bbiJYnRh (244f83c9-1845-4ada-b037-bab31ad69ec9)
2019-06-08 21:12:03.553 22705 RALLYDEBUG rally_openstack.cleanup.manager [-] Deleting neutron.port object s_rally_174f963d_hkVx1odx (24ac5ad5-62a7-44b2-bad1-ce88fdc80cbe)
2019-06-08 21:12:03.585 22705 RALLYDEBUG rally_openstack.cleanup.manager [-] Deleting neutron.port object s_rally_174f963d_UG5m7fFn (27cb3fd9-9980-4a09-98a4-70c6eee08394)
2019-06-08 21:12:03.589 22705 RALLYDEBUG rally_openstack.cleanup.manager [-] Deleting neutron.port object s_rally_174f963d_wsgit4T4 (2baa2bf2-d2e8-4346-a40d-f8087a940621)
2019-06-08 21:12:03.586 22705 RALLYDEBUG rally_openstack.cleanup.manager [-] Deleting neutron.port object s_rally_174f963d_B1FEsXzQ (287d1350-b7c5-4b7a-a469-2b3f46695821)
2019-06-08 21:12:03.648 22705 RALLYDEBUG rally_openstack.cleanup.manager [-] Deleting neutron.port object s_rally_174f963d_f4L9Fnv4 (2dade611-775d-485a-b397-38cde838c529)
2019-06-08 21:12:03.868 22705 RALLYDEBUG rally_openstack.cleanup.manager [-] Deleting neutron.port object s_rally_174f963d_bK0MCAMe (30085478-ed80-421e-a8cd-5af2ae5e706f)
2019-06-08 21:12:03.882 22705 RALLYDEBUG rally_openstack.cleanup.manager [-] Deleting neutron.port object s_rally_174f963d_KoDU0C4h (30707bb5-f8ae-492f-b096-2f9a95e46580)
2019-06-08 21:12:03.888 22705 RALLYDEBUG rally_openstack.cleanup.manager [-] Deleting neutron.port object s_rally_174f963d_5XtVyMvt (310970f2-66da-4d43-a5bb-b8cadcb83bf3)
2019-06-08 21:12:03.910 22705 RALLYDEBUG rally_openstack.cleanup.manager [-] Deleting neutron.port object s_rally_174f963d_jZCsv6rN (31bae907-9b8a-408f-83ea-df349c4ad4ff)
2019-06-08 21:12:03.982 22705 RALLYDEBUG rally_openstack.cleanup.manager [-] Deleting neutron.port object s_rally_174f963d_swmZq8Os (32019c6f-8f7a-4bd4-a146-0b6e261acf69)
2019-06-08 21:12:05.212 22705 RALLYDEBUG rally_openstack.cleanup.manager [-] Deleting neutron.port object s_rally_174f963d_iGazrvqk (328a6db7-0a5f-4580-9060-a5698d3f69eb)
2019-06-08 21:12:05.315 22705 RALLYDEBUG rally_openstack.cleanup.manager [-] Deleting neutron.port object s_rally_174f963d_kG9Tav2N (333cc415-16d3-4541-a1f8-fb7fc6710d50)
2019-06-08 21:12:05.319 22705 RALLYDEBUG rally_openstack.cleanup.manager [-] Deleting neutron.port object s_rally_174f963d_VDGUs5Pz (35da49f7-67a3-4f7b-808a-eeaceaaa84be)
2019-06-08 21:12:05.357 22705 RALLYDEBUG rally_openstack.cleanup.manager [-] Deleting neutron.port object s_rally_174f963d_JjjSmg8t (39e430dc-0aea-4bc6-8e60-80db5b06839d)
2019-06-08 21:12:05.368 22705 RALLYDEBUG rally_openstack.cleanup.manager [-] Deleting neutron.port object s_rally_174f963d_SVXgS4Nw (4271774d-729f-479b-86f8-8c2aec48f552)
2019-06-08 21:12:05.368 22705 RALLYDEBUG rally_openstack.cleanup.manager [-] Deleting neutron.port object s_rally_174f963d_5F7NNIdw (3cfe41eb-76ad-44e5-9272-aee97e4d413b)
2019-06-08 21:12:05.394 22705 RALLYDEBUG rally_openstack.cleanup.manager [-] Deleting neutron.port object s_rally_174f963d_HJd2LdT0 (462cc215-41ec-4355-924e-54a15078b35b)
2019-06-08 21:12:05.470 22705 RALLYDEBUG rally_openstack.cleanup.manager [-] Deleting neutron.port object s_rally_174f963d_jvtcG8qL (47524888-1064-476e-bb79-9bf268fa9c63)
2019-06-08 21:12:05.518 22705 RALLYDEBUG rally_openstack.cleanup.manager [-] Deleting neutron.port object s_rally_174f963d_9fqJ7CWL (48588256-49e8-4eab-a81d-30bb6f823204)
2019-06-08 21:12:05.736 22705 RALLYDEBUG rally_openstack.cleanup.manager [-] Deleting neutron.port object s_rally_174f963d_4VYSIJPh (48b1e971-408c-4c22-b7a2-d3cc1f6c8bcd)
2019-06-08 21:12:05.797 22705 RALLYDEBUG rally_openstack.cleanup.manager [-] Deleting neutron.port object s_rally_174f963d_Sa5FBtfA (48b49646-ca91-40f5-ae0c-1d8f6c3a9de7)
2019-06-08 21:12:05.837 22705 RALLYDEBUG rally_openstack.cleanup.manager [-] Deleting neutron.port object s_rally_174f963d_q4fgkfsw (48c371a2-0907-4701-9c6d-97b8893556f2)
2019-06-08 21:12:06.094 22705 RALLYDEBUG rally_openstack.cleanup.manager [-] Deleting neutron.port object s_rally_174f963d_oXGLhVm2 (49ebda0d-4b35-4b36-adc8-d578548b84ca)
2019-06-08 21:12:06.170 22705 RALLYDEBUG rally_openstack.cleanup.manager [-] Deleting neutron.port object s_rally_174f963d_UjtHjlzz (4a532a14-9180-49fc-a7d1-93590f6294c0)
2019-06-08 21:12:06.291 22705 RALLYDEBUG rally_openstack.cleanup.manager [-] Deleting neutron.port object s_rally_174f963d_rH2OokIz (4c01a01a-a342-4e3a-a971-6262252fdf79)
2019-06-08 21:12:06.364 22705 RALLYDEBUG rally_openstack.cleanup.manager [-] Deleting neutron.port object s_rally_174f963d_FTsH6BMB (51bfd8f9-7686-4d3b-af06-e85f8f7b059f)
2019-06-08 21:12:06.524 22705 RALLYDEBUG rally_openstack.cleanup.manager [-] Deleting neutron.port object s_rally_174f963d_DLT8goRu (545169f8-441c-46af-bcef-a6a6ba092660)
2019-06-08 21:12:06.534 22705 RALLYDEBUG rally_openstack.cleanup.manager [-] Deleting neutron.port object s_rally_174f963d_9UYEtYR6 (554127a6-bc14-42f6-85c5-d94ad0ddb804)
2019-06-08 21:12:06.577 22705 RALLYDEBUG rally_openstack.cleanup.manager [-] Deleting neutron.port object s_rally_174f963d_Gq6KNFkn (596c6454-d9e6-4f6d-a276-dd0064a85a8d)
2019-06-08 21:12:06.702 22705 RALLYDEBUG rally_openstack.cleanup.manager [-] Deleting neutron.port object s_rally_174f963d_p5w3MFcR (5a7c5330-dc1c-45aa-b2bc-a207fa82e8c2)
2019-06-08 21:12:07.586 22705 RALLYDEBUG rally_openstack.cleanup.manager [-] Deleting neutron.port object s_rally_174f963d_9ufCnWHJ (5e46eb06-a01d-459a-90c6-1468e23f0b45)
2019-06-08 21:12:07.661 22705 RALLYDEBUG rally_openstack.cleanup.manager [-] Deleting neutron.port object s_rally_174f963d_q26hMbAJ (5f95b77a-2ddf-4b3f-a083-60d28aee7284)
2019-06-08 21:12:07.744 22705 RALLYDEBUG rally_openstack.cleanup.manager [-] Deleting neutron.port object s_rally_174f963d_XRxexdC6 (6735f317-44a0-42a0-ba5f-44dbc1210058)
2019-06-08 21:12:07.750 22705 RALLYDEBUG rally_openstack.cleanup.manager [-] Deleting neutron.port object s_rally_174f963d_9h6CvNUf (602320f0-1202-474e-9011-54bf4131b171)
2019-06-08 21:12:07.763 22705 RALLYDEBUG rally_openstack.cleanup.manager [-] Deleting neutron.port object s_rally_174f963d_nH5G0L8f (682f87eb-c868-4cc0-b2dc-6b487fdaf3a7)
2019-06-08 21:12:07.889 22705 RALLYDEBUG rally_openstack.cleanup.manager [-] Deleting neutron.port object s_rally_174f963d_4dZQ048l (697b2a8a-4cf0-4b08-871d-69e60609c0d6)
2019-06-08 21:12:08.017 22705 RALLYDEBUG rally_openstack.cleanup.manager [-] Deleting neutron.port object s_rally_174f963d_o5vX2JcS (6a8a5353-6a30-4387-aab6-ea5abe1100a5)
2019-06-08 21:12:08.099 22705 RALLYDEBUG rally_openstack.cleanup.manager [-] Deleting neutron.port object s_rally_174f963d_GaGSx8aE (6c075e8f-5e68-4835-ae68-0d19fdc19365)
2019-06-08 21:12:08.133 22705 RALLYDEBUG rally_openstack.cleanup.manager [-] Deleting neutron.port object s_rally_174f963d_hOurYPtm (6dfe78c9-24cd-487a-bc30-9ccdd8edf973)
2019-06-08 21:12:08.266 22705 RALLYDEBUG rally_openstack.cleanup.manager [-] Deleting neutron.port object s_rally_174f963d_hpYhxDSE (6f243d53-5cd5-4098-80e0-8a93544e26b9)
2019-06-08 21:12:08.303 22705 RALLYDEBUG rally_openstack.cleanup.manager [-] Deleting neutron.port object s_rally_174f963d_TrGbQW14 (71ffe83b-1fb5-45ac-9262-c7950eddeba3)
2019-06-08 21:12:08.318 22705 RALLYDEBUG rally_openstack.cleanup.manager [-] Deleting neutron.port object s_rally_174f963d_Kd0oBfHD (7216490b-e9d2-4699-9c88-5b92d6e5744a)
2019-06-08 21:12:08.484 22705 RALLYDEBUG rally_openstack.cleanup.manager [-] Deleting neutron.port object s_rally_174f963d_QTIC1lCm (725e537d-0299-4b1f-a16d-73f7f427b5af)
2019-06-08 21:12:08.610 22705 RALLYDEBUG rally_openstack.cleanup.manager [-] Deleting neutron.port object s_rally_174f963d_2wzYE8dZ (739bd029-b2d3-4e49-9549-d7c74062f5d9)
