2019-06-08 20:57:55.677 24805 WARNING rally_openstack.scenarios.neutron.utils [-] Running this scenario without either the 'network' or 'existing_network' context is deprecated
2019-06-08 20:57:55.677 24808 INFO rally.task.runner [-] Task ccac70cf-f894-4520-91e6-706b90c5cee1 | ITER: 10 START
2019-06-08 20:57:55.677 24800 WARNING rally_openstack.scenarios.neutron.utils [-] Running this scenario without either the 'network' or 'existing_network' context is deprecated
2019-06-08 20:57:55.679 24808 WARNING rally_openstack.scenarios.neutron.utils [-] Running this scenario without either the 'network' or 'existing_network' context is deprecated
2019-06-08 20:57:55.678 24819 RALLYDEBUG rally.task.runner [-] Starting a worker. concurrency: 1 args: {"network_create_args": {}, "subnet_create_args": {}, "subnet_cidr_start": "1.1.0.0/30", "subnets_per_network": 2} times: 40 method_name: run timeout: 0 duration: None cls:
2019-06-08 20:57:55.679 24815 INFO rally.task.runner [-] Task ccac70cf-f894-4520-91e6-706b90c5cee1 | ITER: 11 START
2019-06-08 20:57:55.681 24815 WARNING rally_openstack.scenarios.neutron.utils [-] Running this scenario without either the 'network' or 'existing_network' context is deprecated
2019-06-08 20:57:55.667 24799 WARNING rally_openstack.scenarios.neutron.utils [-] Running this scenario without either the 'network' or 'existing_network' context is deprecated
2019-06-08 20:57:55.683 24819 INFO rally.task.runner [-] Task ccac70cf-f894-4520-91e6-706b90c5cee1 | ITER: 12 START
2019-06-08 20:57:55.685 24819 WARNING rally_openstack.scenarios.neutron.utils [-] Running this scenario without either the 'network' or 'existing_network' context is deprecated
2019-06-08 20:57:55.685 24823 RALLYDEBUG rally.task.runner [-] Starting a worker. concurrency: 1 args: {"network_create_args": {}, "subnet_create_args": {}, "subnet_cidr_start": "1.1.0.0/30", "subnets_per_network": 2} times: 40 method_name: run timeout: 0 duration: None cls:
2019-06-08 20:57:55.686 24802 INFO rally.task.runner [-] Task ccac70cf-f894-4520-91e6-706b90c5cee1 | ITER: 9 START
2019-06-08 20:57:55.688 24825 RALLYDEBUG rally.task.runner [-] Starting a worker. concurrency: 1 args: {"network_create_args": {}, "subnet_create_args": {}, "subnet_cidr_start": "1.1.0.0/30", "subnets_per_network": 2} times: 40 method_name: run timeout: 0 duration: None cls:
2019-06-08 20:57:55.689 24802 WARNING rally_openstack.scenarios.neutron.utils [-] Running this scenario without either the 'network' or 'existing_network' context is deprecated
2019-06-08 20:57:55.676 24801 INFO rally.task.runner [-] Task ccac70cf-f894-4520-91e6-706b90c5cee1 | ITER: 7 START
2019-06-08 20:57:55.692 24801 WARNING rally_openstack.scenarios.neutron.utils [-] Running this scenario without either the 'network' or 'existing_network' context is deprecated
2019-06-08 20:57:55.692 24823 INFO rally.task.runner [-] Task ccac70cf-f894-4520-91e6-706b90c5cee1 | ITER: 13 START
2019-06-08 20:57:55.693 24829 RALLYDEBUG rally.task.runner [-] Starting a worker. concurrency: 1 args: {"network_create_args": {}, "subnet_create_args": {}, "subnet_cidr_start": "1.1.0.0/30", "subnets_per_network": 2} times: 40 method_name: run timeout: 0 duration: None cls:
2019-06-08 20:57:55.694 24823 WARNING rally_openstack.scenarios.neutron.utils [-] Running this scenario without either the 'network' or 'existing_network' context is deprecated
2019-06-08 20:57:55.694 24825 INFO rally.task.runner [-] Task ccac70cf-f894-4520-91e6-706b90c5cee1 | ITER: 14 START
2019-06-08 20:57:55.695 24825 WARNING rally_openstack.scenarios.neutron.utils [-] Running this scenario without either the 'network' or 'existing_network' context is deprecated
2019-06-08 20:57:55.699 24829 INFO rally.task.runner [-] Task ccac70cf-f894-4520-91e6-706b90c5cee1 | ITER: 15 START
2019-06-08 20:57:55.700 24829 WARNING rally_openstack.scenarios.neutron.utils [-] Running this scenario without either the 'network' or 'existing_network' context is deprecated
2019-06-08 20:57:55.700 24834 RALLYDEBUG rally.task.runner [-] Starting a worker. concurrency: 1 args: {"network_create_args": {}, "subnet_create_args": {}, "subnet_cidr_start": "1.1.0.0/30", "subnets_per_network": 2} times: 40 method_name: run timeout: 0 duration: None cls:
2019-06-08 20:57:55.706 24834 INFO rally.task.runner [-] Task ccac70cf-f894-4520-91e6-706b90c5cee1 | ITER: 16 START
2019-06-08 20:57:55.708 24834 WARNING rally_openstack.scenarios.neutron.utils [-] Running this scenario without either the 'network' or 'existing_network' context is deprecated
2019-06-08 20:57:55.715 24839 RALLYDEBUG rally.task.runner [-] Starting a worker. concurrency: 1 args: {"network_create_args": {}, "subnet_create_args": {}, "subnet_cidr_start": "1.1.0.0/30", "subnets_per_network": 2} times: 40 method_name: run timeout: 0 duration: None cls:
2019-06-08 20:57:55.719 24839 INFO rally.task.runner [-] Task ccac70cf-f894-4520-91e6-706b90c5cee1 | ITER: 17 START
2019-06-08 20:57:55.720 24840 RALLYDEBUG rally.task.runner [-] Starting a worker. concurrency: 1 args: {"network_create_args": {}, "subnet_create_args": {}, "subnet_cidr_start": "1.1.0.0/30", "subnets_per_network": 2} times: 40 method_name: run timeout: 0 duration: None cls:
2019-06-08 20:57:55.720 24839 WARNING rally_openstack.scenarios.neutron.utils [-] Running this scenario without either the 'network' or 'existing_network' context is deprecated
2019-06-08 20:57:55.723 24840 INFO rally.task.runner [-] Task ccac70cf-f894-4520-91e6-706b90c5cee1 | ITER: 18 START
2019-06-08 20:57:55.725 24840 WARNING rally_openstack.scenarios.neutron.utils [-] Running this scenario without either the 'network' or 'existing_network' context is deprecated
2019-06-08 20:57:55.726 24843 RALLYDEBUG rally.task.runner [-] Starting a worker. concurrency: 1 args: {"network_create_args": {}, "subnet_create_args": {}, "subnet_cidr_start": "1.1.0.0/30", "subnets_per_network": 2} times: 40 method_name: run timeout: 0 duration: None cls:
2019-06-08 20:57:55.730 24843 INFO rally.task.runner [-] Task ccac70cf-f894-4520-91e6-706b90c5cee1 | ITER: 19 START
2019-06-08 20:57:55.731 24843 WARNING rally_openstack.scenarios.neutron.utils [-] Running this scenario without either the 'network' or 'existing_network' context is deprecated
2019-06-08 20:57:55.732 24846 RALLYDEBUG rally.task.runner [-] Starting a worker. concurrency: 1 args: {"network_create_args": {}, "subnet_create_args": {}, "subnet_cidr_start": "1.1.0.0/30", "subnets_per_network": 2} times: 40 method_name: run timeout: 0 duration: None cls:
2019-06-08 20:57:55.736 24846 INFO rally.task.runner [-] Task ccac70cf-f894-4520-91e6-706b90c5cee1 | ITER: 20 START
2019-06-08 20:57:55.738 24846 WARNING rally_openstack.scenarios.neutron.utils [-] Running this scenario without either the 'network' or 'existing_network' context is deprecated
2019-06-08 20:57:57.451 24805 RALLYDEBUG rally_openstack.wrappers.network [-] CIDR generated: 1.1.4.96/30
2019-06-08 20:57:57.642 24843 RALLYDEBUG rally_openstack.wrappers.network [-] CIDR generated: 1.1.4.100/30
2019-06-08 20:57:57.661 24802 RALLYDEBUG rally_openstack.wrappers.network [-] CIDR generated: 1.1.4.104/30
2019-06-08 20:57:57.691 24799 RALLYDEBUG rally_openstack.wrappers.network [-] CIDR generated: 1.1.4.108/30
2019-06-08 20:57:57.774 24802 RALLYDEBUG rally_openstack.wrappers.network [-] CIDR generated: 1.1.4.112/30
2019-06-08 20:57:57.822 24800 RALLYDEBUG rally_openstack.wrappers.network [-] CIDR generated: 1.1.4.116/30
2019-06-08 20:57:57.834 24815 RALLYDEBUG rally_openstack.wrappers.network [-] CIDR generated: 1.1.4.120/30
2019-06-08 20:57:57.859 24825 RALLYDEBUG rally_openstack.wrappers.network [-] CIDR generated: 1.1.4.124/30
2019-06-08 20:57:57.880 24801 RALLYDEBUG rally_openstack.wrappers.network [-] CIDR generated: 1.1.4.128/30
2019-06-08 20:57:57.918 24801 RALLYDEBUG rally_openstack.wrappers.network [-] CIDR generated: 1.1.4.132/30
2019-06-08 20:57:57.941 24846 RALLYDEBUG rally_openstack.wrappers.network [-] CIDR generated: 1.1.4.136/30
2019-06-08 20:57:57.943 24834 RALLYDEBUG rally_openstack.wrappers.network [-] CIDR generated: 1.1.4.140/30
2019-06-08 20:57:57.977 24808 RALLYDEBUG rally_openstack.wrappers.network [-] CIDR generated: 1.1.4.144/30
2019-06-08 20:57:57.990 24819 RALLYDEBUG rally_openstack.wrappers.network [-] CIDR generated: 1.1.4.148/30
2019-06-08 20:57:58.136 24823 RALLYDEBUG rally_openstack.wrappers.network [-] CIDR generated: 1.1.4.152/30
2019-06-08 20:57:58.180 24829 RALLYDEBUG rally_openstack.wrappers.network [-] CIDR generated: 1.1.4.156/30
2019-06-08 20:57:58.225 24840 RALLYDEBUG rally_openstack.wrappers.network [-] CIDR generated: 1.1.4.160/30
2019-06-08 20:57:58.283 24839 RALLYDEBUG rally_openstack.wrappers.network [-] CIDR generated: 1.1.4.164/30
2019-06-08 20:57:58.312 24799 RALLYDEBUG rally_openstack.wrappers.network [-] CIDR generated: 1.1.4.168/30
2019-06-08 20:57:58.322 24800 RALLYDEBUG rally_openstack.wrappers.network [-] CIDR generated: 1.1.4.172/30
2019-06-08 20:57:59.260 24805 RALLYDEBUG rally_openstack.wrappers.network [-] CIDR generated: 1.1.4.176/30
2019-06-08 20:57:59.523 24825 RALLYDEBUG rally_openstack.wrappers.network [-] CIDR generated: 1.1.4.180/30
2019-06-08 20:57:59.607 24819 RALLYDEBUG rally_openstack.wrappers.network [-] CIDR generated: 1.1.4.184/30
2019-06-08 20:57:59.670 24799 RALLYDEBUG rally_openstack.wrappers.network [-] CIDR generated: 1.1.4.188/30
2019-06-08 20:57:59.717 24823 RALLYDEBUG rally_openstack.wrappers.network [-] CIDR generated: 1.1.4.192/30
2019-06-08 20:57:59.932 24815 RALLYDEBUG rally_openstack.wrappers.network [-] CIDR generated: 1.1.4.196/30
2019-06-08 20:57:59.966 24846 RALLYDEBUG rally_openstack.wrappers.network [-] CIDR generated: 1.1.4.200/30
2019-06-08 20:58:00.223 24800 RALLYDEBUG rally_openstack.wrappers.network [-] CIDR generated: 1.1.4.204/30
2019-06-08 20:58:00.266 24808 RALLYDEBUG rally_openstack.wrappers.network [-] CIDR generated: 1.1.4.208/30
2019-06-08 20:58:00.516 24840 RALLYDEBUG rally_openstack.wrappers.network [-] CIDR generated: 1.1.4.212/30
2019-06-08 20:58:00.579 24802 RALLYDEBUG rally_openstack.wrappers.network [-] CIDR generated: 1.1.4.216/30
2019-06-08 20:58:00.788 24839 RALLYDEBUG rally_openstack.wrappers.network [-] CIDR generated: 1.1.4.220/30
2019-06-08 20:58:00.900 24799 RALLYDEBUG rally_openstack.wrappers.network [-] CIDR generated: 1.1.4.224/30
2019-06-08 20:58:01.065 24843 RALLYDEBUG rally_openstack.wrappers.network [-] CIDR generated: 1.1.4.228/30
2019-06-08 20:58:01.276 24801 RALLYDEBUG rally_openstack.wrappers.network [-] CIDR generated: 1.1.4.232/30
2019-06-08 20:58:01.406 24802 RALLYDEBUG rally_openstack.wrappers.network [-] CIDR generated: 1.1.4.236/30
2019-06-08 20:58:01.495 24834 RALLYDEBUG rally_openstack.wrappers.network [-] CIDR generated: 1.1.4.240/30
2019-06-08 20:58:01.558 24829 RALLYDEBUG rally_openstack.wrappers.network [-] CIDR generated: 1.1.4.244/30
2019-06-08 20:58:01.732 24800 RALLYDEBUG rally_openstack.wrappers.network [-] CIDR generated: 1.1.4.248/30
2019-06-08 20:58:01.878 24801 RALLYDEBUG rally_openstack.wrappers.network [-] CIDR generated: 1.1.4.252/30
2019-06-08 20:58:04.019 24819 INFO rally.task.runner [-] Task ccac70cf-f894-4520-91e6-706b90c5cee1 | ITER: 12 END: OK
2019-06-08 20:58:04.023 24819 INFO rally.task.runner [-] Task ccac70cf-f894-4520-91e6-706b90c5cee1 | ITER: 21 START
2019-06-08 20:58:04.024 24819 WARNING rally_openstack.scenarios.neutron.utils [-] Running this scenario without either the 'network' or 'existing_network' context is deprecated
2019-06-08 20:58:04.964 24825 INFO rally.task.runner [-] Task ccac70cf-f894-4520-91e6-706b90c5cee1 | ITER: 14 END: OK
2019-06-08 20:58:04.968 24825 INFO rally.task.runner [-] Task ccac70cf-f894-4520-91e6-706b90c5cee1 | ITER: 22 START
2019-06-08 20:58:04.969 24825 WARNING rally_openstack.scenarios.neutron.utils [-] Running this scenario without either the 'network' or 'existing_network' context is deprecated
2019-06-08 20:58:05.471 24805 INFO rally.task.runner [-] Task ccac70cf-f894-4520-91e6-706b90c5cee1 | ITER: 8 END: OK
2019-06-08 20:58:05.476 24805 INFO rally.task.runner [-] Task ccac70cf-f894-4520-91e6-706b90c5cee1 | ITER: 23 START
2019-06-08 20:58:05.476 24805 WARNING rally_openstack.scenarios.neutron.utils [-] Running this scenario without either the 'network' or 'existing_network' context is deprecated
2019-06-08 20:58:05.636 24834 INFO rally.task.runner [-] Task ccac70cf-f894-4520-91e6-706b90c5cee1 | ITER: 16 END: OK
2019-06-08 20:58:05.641 24834 INFO rally.task.runner [-] Task ccac70cf-f894-4520-91e6-706b90c5cee1 | ITER: 24 START
2019-06-08 20:58:05.642 24834 WARNING rally_openstack.scenarios.neutron.utils [-] Running this scenario without either the 'network' or 'existing_network' context is deprecated
2019-06-08 20:58:05.667 24823 INFO rally.task.runner [-] Task ccac70cf-f894-4520-91e6-706b90c5cee1 | ITER: 13 END: OK
2019-06-08 20:58:05.671 24823 INFO rally.task.runner [-] Task ccac70cf-f894-4520-91e6-706b90c5cee1 | ITER: 25 START
2019-06-08 20:58:05.672 24823 WARNING rally_openstack.scenarios.neutron.utils [-] Running this scenario without either the 'network' or 'existing_network' context is deprecated
2019-06-08 20:58:06.093 24819 RALLYDEBUG rally_openstack.wrappers.network [-] CIDR generated: 1.1.5.0/30
2019-06-08 20:58:06.399 24825 RALLYDEBUG rally_openstack.wrappers.network [-] CIDR generated: 1.1.5.4/30
2019-06-08 20:58:06.446 24800 INFO rally.task.runner [-] Task ccac70cf-f894-4520-91e6-706b90c5cee1 | ITER: 5 END: OK
2019-06-08 20:58:06.451 24800 INFO rally.task.runner [-] Task ccac70cf-f894-4520-91e6-706b90c5cee1 | ITER: 26 START
2019-06-08 20:58:06.451 24800 WARNING rally_openstack.scenarios.neutron.utils [-] Running this scenario without either the 'network' or 'existing_network' context is deprecated
2019-06-08 20:58:06.545 24815 INFO rally.task.runner [-] Task ccac70cf-f894-4520-91e6-706b90c5cee1 | ITER: 11 END: OK
2019-06-08 20:58:06.549 24815 INFO rally.task.runner [-] Task ccac70cf-f894-4520-91e6-706b90c5cee1 | ITER: 27 START
2019-06-08 20:58:06.550 24815 WARNING rally_openstack.scenarios.neutron.utils [-] Running this scenario without either the 'network' or 'existing_network' context is deprecated
2019-06-08 20:58:06.565 24799 INFO rally.task.runner [-] Task ccac70cf-f894-4520-91e6-706b90c5cee1 | ITER: 2 END: OK
2019-06-08 20:58:06.569 24799 INFO rally.task.runner [-] Task ccac70cf-f894-4520-91e6-706b90c5cee1 | ITER: 28 START
2019-06-08 20:58:06.570 24799 WARNING rally_openstack.scenarios.neutron.utils [-] Running this scenario without either the 'network' or 'existing_network' context is deprecated
2019-06-08 20:58:06.849 24829 INFO rally.task.runner [-] Task ccac70cf-f894-4520-91e6-706b90c5cee1 | ITER: 15 END: OK
2019-06-08 20:58:06.854 24829 INFO rally.task.runner [-] Task ccac70cf-f894-4520-91e6-706b90c5cee1 | ITER: 29 START
2019-06-08 20:58:06.854 24829 WARNING rally_openstack.scenarios.neutron.utils [-] Running this scenario without either the 'network' or 'existing_network' context is deprecated
2019-06-08 20:58:06.987 24799 INFO rally.task.runner [-] Task ccac70cf-f894-4520-91e6-706b90c5cee1 | ITER: 1 END: OK
2019-06-08 20:58:06.992 24799 INFO rally.task.runner [-] Task ccac70cf-f894-4520-91e6-706b90c5cee1 | ITER: 30 START
2019-06-08 20:58:06.992 24799 WARNING rally_openstack.scenarios.neutron.utils [-] Running this scenario without either the 'network' or 'existing_network' context is deprecated
2019-06-08 20:58:07.387 24834 RALLYDEBUG rally_openstack.wrappers.network [-] CIDR generated: 1.1.5.8/30
2019-06-08 20:58:07.421 24805 RALLYDEBUG rally_openstack.wrappers.network [-] CIDR generated: 1.1.5.12/30
2019-06-08 20:58:07.587 24823 RALLYDEBUG rally_openstack.wrappers.network [-] CIDR generated: 1.1.5.16/30
2019-06-08 20:58:08.138 24802 INFO rally.task.runner [-] Task ccac70cf-f894-4520-91e6-706b90c5cee1 | ITER: 9 END: OK
2019-06-08 20:58:08.142 24802 INFO rally.task.runner [-] Task ccac70cf-f894-4520-91e6-706b90c5cee1 | ITER: 31 START
2019-06-08 20:58:08.143 24802 WARNING rally_openstack.scenarios.neutron.utils [-] Running this scenario without either the 'network' or 'existing_network' context is deprecated
2019-06-08 20:58:08.192 24815 RALLYDEBUG rally_openstack.wrappers.network [-] CIDR generated: 1.1.5.20/30
2019-06-08 20:58:08.286 24801 INFO rally.task.runner [-] Task ccac70cf-f894-4520-91e6-706b90c5cee1 | ITER: 7 END: OK
2019-06-08 20:58:08.291 24801 INFO rally.task.runner [-] Task ccac70cf-f894-4520-91e6-706b90c5cee1 | ITER: 32 START
2019-06-08 20:58:08.292 24801 WARNING rally_openstack.scenarios.neutron.utils [-] Running this scenario without either the 'network' or 'existing_network' context is deprecated
2019-06-08 20:58:08.776 24800 RALLYDEBUG rally_openstack.wrappers.network [-] CIDR generated: 1.1.5.24/30
2019-06-08 20:58:08.782 24799 RALLYDEBUG rally_openstack.wrappers.network [-] CIDR generated: 1.1.5.28/30
2019-06-08 20:58:08.900 24819 RALLYDEBUG rally_openstack.wrappers.network [-] CIDR generated: 1.1.5.32/30
2019-06-08 20:58:08.996 24799 RALLYDEBUG rally_openstack.wrappers.network [-] CIDR generated: 1.1.5.36/30
2019-06-08 20:58:09.067 24843 INFO rally.task.runner [-] Task ccac70cf-f894-4520-91e6-706b90c5cee1 | ITER: 19 END: OK
2019-06-08 20:58:09.072 24843 INFO rally.task.runner [-] Task ccac70cf-f894-4520-91e6-706b90c5cee1 | ITER: 33 START
2019-06-08 20:58:09.073 24843 WARNING rally_openstack.scenarios.neutron.utils [-] Running this scenario without either the 'network' or 'existing_network' context is deprecated
2019-06-08 20:58:09.135 24829 RALLYDEBUG rally_openstack.wrappers.network [-] CIDR generated: 1.1.5.40/30
2019-06-08 20:58:09.190 24801 INFO rally.task.runner [-] Task ccac70cf-f894-4520-91e6-706b90c5cee1 | ITER: 4 END: OK
2019-06-08 20:58:09.193 24801 INFO rally.task.runner [-] Task ccac70cf-f894-4520-91e6-706b90c5cee1 | ITER: 34 START
2019-06-08 20:58:09.194 24801 WARNING rally_openstack.scenarios.neutron.utils [-] Running this scenario without either the 'network' or 'existing_network' context is deprecated
2019-06-08 20:58:09.296 24825 RALLYDEBUG rally_openstack.wrappers.network [-] CIDR generated: 1.1.5.44/30
2019-06-08 20:58:09.330 24840 INFO rally.task.runner [-] Task ccac70cf-f894-4520-91e6-706b90c5cee1 | ITER: 18 END: OK
2019-06-08 20:58:09.334 24840 INFO rally.task.runner [-] Task ccac70cf-f894-4520-91e6-706b90c5cee1 | ITER: 35 START
2019-06-08 20:58:09.335 24840 WARNING rally_openstack.scenarios.neutron.utils [-] Running this scenario without either the 'network' or 'existing_network' context is deprecated
2019-06-08 20:58:09.547 24805 RALLYDEBUG rally_openstack.wrappers.network [-] CIDR generated: 1.1.5.48/30
2019-06-08 20:58:09.892 24802 INFO rally.task.runner [-] Task ccac70cf-f894-4520-91e6-706b90c5cee1 | ITER: 6 END: OK
2019-06-08 20:58:09.896 24802 INFO rally.task.runner [-] Task ccac70cf-f894-4520-91e6-706b90c5cee1 | ITER: 36 START
2019-06-08 20:58:09.896 24802 WARNING rally_openstack.scenarios.neutron.utils [-] Running this scenario without either the 'network' or 'existing_network' context is deprecated
2019-06-08 20:58:10.009 24846 INFO rally.task.runner [-] Task ccac70cf-f894-4520-91e6-706b90c5cee1 | ITER: 20 END: OK
2019-06-08 20:58:10.014 24846 INFO rally.task.runner [-] Task ccac70cf-f894-4520-91e6-706b90c5cee1 | ITER: 37 START
2019-06-08 20:58:10.015 24846 WARNING rally_openstack.scenarios.neutron.utils [-] Running this scenario without either the 'network' or 'existing_network' context is deprecated
2019-06-08 20:58:10.063 24808 INFO rally.task.runner [-] Task ccac70cf-f894-4520-91e6-706b90c5cee1 | ITER: 10 END: OK
2019-06-08 20:58:10.067 24808 INFO rally.task.runner [-] Task ccac70cf-f894-4520-91e6-706b90c5cee1 | ITER: 38 START
2019-06-08 20:58:10.068 24808 WARNING rally_openstack.scenarios.neutron.utils [-] Running this scenario without either the 'network' or 'existing_network' context is deprecated
2019-06-08 20:58:10.069 24801 RALLYDEBUG rally_openstack.wrappers.network [-] CIDR generated: 1.1.5.52/30
2019-06-08 20:58:10.489 24839 INFO rally.task.runner [-] Task ccac70cf-f894-4520-91e6-706b90c5cee1 | ITER: 17 END: OK
2019-06-08 20:58:10.494 24839 INFO rally.task.runner [-] Task ccac70cf-f894-4520-91e6-706b90c5cee1 | ITER: 39 START
2019-06-08 20:58:10.494 24839 WARNING rally_openstack.scenarios.neutron.utils [-] Running this scenario without either the 'network' or 'existing_network' context is deprecated
2019-06-08 20:58:10.769 24815 RALLYDEBUG rally_openstack.wrappers.network [-] CIDR generated: 1.1.5.56/30
2019-06-08 20:58:10.944 24802 RALLYDEBUG rally_openstack.wrappers.network [-] CIDR generated: 1.1.5.60/30
2019-06-08 20:58:10.971 24843 RALLYDEBUG rally_openstack.wrappers.network [-] CIDR generated: 1.1.5.64/30
2019-06-08 20:58:11.317 24801 RALLYDEBUG rally_openstack.wrappers.network [-] CIDR generated: 1.1.5.68/30
2019-06-08 20:58:11.587 24840 RALLYDEBUG rally_openstack.wrappers.network [-] CIDR generated: 1.1.5.72/30
2019-06-08 20:58:11.608 24823 RALLYDEBUG rally_openstack.wrappers.network [-] CIDR generated: 1.1.5.76/30
2019-06-08 20:58:13.338 24802 RALLYDEBUG rally_openstack.wrappers.network [-] CIDR generated: 1.1.5.80/30
2019-06-08 20:58:13.665 24808 RALLYDEBUG rally_openstack.wrappers.network [-] CIDR generated: 1.1.5.84/30
2019-06-08 20:58:14.218 24846 RALLYDEBUG rally_openstack.wrappers.network [-] CIDR generated: 1.1.5.88/30
2019-06-08 20:58:14.235 24799 RALLYDEBUG rally_openstack.wrappers.network [-] CIDR generated: 1.1.5.92/30
2019-06-08 20:58:14.380 24800 INFO rally.task.runner [-] Task ccac70cf-f894-4520-91e6-706b90c5cee1 | ITER: 3 END: OK
2019-06-08 20:58:14.384 24800 INFO rally.task.runner [-] Task ccac70cf-f894-4520-91e6-706b90c5cee1 | ITER: 40 START
2019-06-08 20:58:14.385 24800 WARNING rally_openstack.scenarios.neutron.utils [-] Running this scenario without either the 'network' or 'existing_network' context is deprecated
2019-06-08 20:58:14.637 24839 RALLYDEBUG rally_openstack.wrappers.network [-] CIDR generated: 1.1.5.96/30
2019-06-08 20:58:15.890 24800 RALLYDEBUG rally_openstack.wrappers.network [-] CIDR generated: 1.1.5.100/30
2019-06-08 20:58:16.289 24834 RALLYDEBUG rally_openstack.wrappers.network [-] CIDR generated: 1.1.5.104/30
2019-06-08 20:58:16.522 24800 RALLYDEBUG rally_openstack.wrappers.network [-] CIDR generated: 1.1.5.108/30
2019-06-08 20:58:16.615 24799 RALLYDEBUG rally_openstack.wrappers.network [-] CIDR generated: 1.1.5.112/30
2019-06-08 20:58:16.672 24829 RALLYDEBUG rally_openstack.wrappers.network [-] CIDR generated: 1.1.5.116/30
2019-06-08 20:58:16.758 24825 INFO rally.task.runner [-] Task ccac70cf-f894-4520-91e6-706b90c5cee1 | ITER: 22 END: OK
2019-06-08 20:58:16.870 24801 RALLYDEBUG rally_openstack.wrappers.network [-] CIDR generated: 1.1.5.120/30
2019-06-08 20:58:16.923 24802 RALLYDEBUG rally_openstack.wrappers.network [-] CIDR generated: 1.1.5.124/30
2019-06-08 20:58:17.056 24801 RALLYDEBUG rally_openstack.wrappers.network [-] CIDR generated: 1.1.5.128/30
2019-06-08 20:58:17.288 24843 RALLYDEBUG rally_openstack.wrappers.network [-] CIDR generated: 1.1.5.132/30
2019-06-08 20:58:17.356 24839 RALLYDEBUG rally_openstack.wrappers.network [-] CIDR generated: 1.1.5.136/30
2019-06-08 20:58:17.409 24846 RALLYDEBUG rally_openstack.wrappers.network [-] CIDR generated: 1.1.5.140/30
2019-06-08 20:58:17.488 24802 RALLYDEBUG rally_openstack.wrappers.network [-] CIDR generated: 1.1.5.144/30
2019-06-08 20:58:17.696 24840 RALLYDEBUG rally_openstack.wrappers.network [-] CIDR generated: 1.1.5.148/30
2019-06-08 20:58:17.879 24808 RALLYDEBUG rally_openstack.wrappers.network [-] CIDR generated: 1.1.5.152/30
2019-06-08 20:58:18.287 24819 INFO rally.task.runner [-] Task ccac70cf-f894-4520-91e6-706b90c5cee1 | ITER: 21 END: OK
2019-06-08 20:58:18.632 24800 RALLYDEBUG rally_openstack.wrappers.network [-] CIDR generated: 1.1.5.156/30
2019-06-08 20:58:19.665 24805 INFO rally.task.runner [-] Task ccac70cf-f894-4520-91e6-706b90c5cee1 | ITER: 23 END: OK
2019-06-08 20:58:20.077 24815 INFO rally.task.runner [-] Task ccac70cf-f894-4520-91e6-706b90c5cee1 | ITER: 27 END: OK
2019-06-08 20:58:20.433 24823 INFO rally.task.runner [-] Task ccac70cf-f894-4520-91e6-706b90c5cee1 | ITER: 25 END: OK
2019-06-08 20:58:21.094 24800 INFO rally.task.runner [-] Task ccac70cf-f894-4520-91e6-706b90c5cee1 | ITER: 26 END: OK
2019-06-08 20:58:21.627 24799 INFO rally.task.runner [-] Task ccac70cf-f894-4520-91e6-706b90c5cee1 | ITER: 28 END: OK
2019-06-08 20:58:22.819 24801 INFO rally.task.runner [-] Task ccac70cf-f894-4520-91e6-706b90c5cee1 | ITER: 32 END: OK
2019-06-08 20:58:23.306 24808 INFO rally.task.runner [-] Task ccac70cf-f894-4520-91e6-706b90c5cee1 | ITER: 38 END: OK
2019-06-08 20:58:23.400 24799 INFO rally.task.runner [-] Task ccac70cf-f894-4520-91e6-706b90c5cee1 | ITER: 30 END: OK
2019-06-08 20:58:24.001 24829 INFO rally.task.runner [-] Task ccac70cf-f894-4520-91e6-706b90c5cee1 | ITER: 29 END: OK
2019-06-08 20:58:24.247 24834 INFO rally.task.runner [-] Task ccac70cf-f894-4520-91e6-706b90c5cee1 | ITER: 24 END: OK
2019-06-08 20:58:24.380 24846 INFO rally.task.runner [-] Task ccac70cf-f894-4520-91e6-706b90c5cee1 | ITER: 37 END: OK
2019-06-08 20:58:24.414 24843 INFO rally.task.runner [-] Task ccac70cf-f894-4520-91e6-706b90c5cee1 | ITER: 33 END: OK
2019-06-08 20:58:24.462 24839 INFO rally.task.runner [-] Task ccac70cf-f894-4520-91e6-706b90c5cee1 | ITER: 39 END: OK
2019-06-08 20:58:24.825 24801 INFO rally.task.runner [-] Task ccac70cf-f894-4520-91e6-706b90c5cee1 | ITER: 34 END: OK
2019-06-08 20:58:25.424 24800 INFO rally.task.runner [-] Task ccac70cf-f894-4520-91e6-706b90c5cee1 | ITER: 40 END: OK
2019-06-08 20:58:25.770 24802 INFO rally.task.runner [-] Task ccac70cf-f894-4520-91e6-706b90c5cee1 | ITER: 31 END: OK
2019-06-08 20:58:25.898 24840 INFO rally.task.runner [-] Task ccac70cf-f894-4520-91e6-706b90c5cee1 | ITER: 35 END: OK
2019-06-08 20:58:26.327 24802 INFO rally.task.runner [-] Task ccac70cf-f894-4520-91e6-706b90c5cee1 | ITER: 36 END: OK
2019-06-08 20:58:26.354 22705 INFO rally.task.context [-] Task ccac70cf-f894-4520-91e6-706b90c5cee1 | Context cleanup@openstack cleanup() started
2019-06-08 20:58:26.357 22705 RALLYDEBUG rally_openstack.cleanup.manager [-] Cleaning up neutron vip objects
2019-06-08 20:58:27.082 22705 RALLYDEBUG rally_openstack.cleanup.manager [-] Cleaning up neutron health_monitor objects
2019-06-08 20:58:27.768 22705 RALLYDEBUG rally_openstack.cleanup.manager [-] Cleaning up neutron pool objects
2019-06-08 20:58:28.515 22705 RALLYDEBUG rally_openstack.cleanup.manager [-] Cleaning up neutron loadbalancer objects
2019-06-08 20:58:29.376 22705 RALLYDEBUG rally_openstack.cleanup.manager [-] Cleaning up neutron floatingip objects
2019-06-08 20:58:30.080 22705 RALLYDEBUG rally_openstack.cleanup.manager [-] Cleaning up neutron port objects
2019-06-08 20:58:31.203 22705 RALLYDEBUG rally_openstack.cleanup.manager [-] Cleaning up neutron subnet objects
2019-06-08 20:58:31.996 22705 RALLYDEBUG rally_openstack.cleanup.manager [-] Cleaning up neutron network objects
2019-06-08 20:58:32.907 22705 RALLYDEBUG rally_openstack.cleanup.manager [-] Deleting neutron.network object s_rally_e440637d_eQzVUFH3 (042987ac-06e9-4c94-96fa-76c64790e39b)
2019-06-08 20:58:32.919 22705 RALLYDEBUG rally_openstack.cleanup.manager [-] Deleting neutron.network object s_rally_e440637d_UMxGXDRd (05ff3924-f0c4-4fdf-a121-2197683ed440)
2019-06-08 20:58:32.921 22705 RALLYDEBUG rally_openstack.cleanup.manager [-] Deleting neutron.network object s_rally_e440637d_PJxYjtNb (11e02790-1950-465e-841d-72fab06daba1)
2019-06-08 20:58:32.928 22705 RALLYDEBUG rally_openstack.cleanup.manager [-] Deleting neutron.network object s_rally_e440637d_oiCw4nOn (18434603-d732-4333-a9b7-4a4adaac215d)
2019-06-08 20:58:32.934 22705 RALLYDEBUG rally_openstack.cleanup.manager [-] Deleting neutron.network object s_rally_e440637d_hTb6lVSm (1b134a74-991c-4c1d-8fcb-927edfe2742e)
2019-06-08 20:58:32.940 22705 RALLYDEBUG rally_openstack.cleanup.manager [-] Deleting neutron.network object s_rally_e440637d_xu9En70h (230f9992-4724-4b6d-8ad9-19589ad5f01e)
2019-06-08 20:58:32.944 22705 RALLYDEBUG rally_openstack.cleanup.manager [-] Deleting neutron.network object s_rally_e440637d_ntnCEAUV (24421053-b558-4619-8769-064b0ad01315)
2019-06-08 20:58:32.970 22705 RALLYDEBUG rally_openstack.cleanup.manager [-] Deleting neutron.network object s_rally_e440637d_SDhGQ5BY (2469726a-a6a2-4263-b06e-9309f3223cd1)
2019-06-08 20:58:33.006 22705 RALLYDEBUG rally_openstack.cleanup.manager [-] Deleting neutron.network object s_rally_e440637d_WxpIW02R (2bc28df7-480f-4808-855b-6bcbe6544daa)
2019-06-08 20:58:33.011 22705 RALLYDEBUG rally_openstack.cleanup.manager [-] Deleting neutron.network object s_rally_e440637d_LUOfdD2T (32526176-4e42-4482-b3e8-bc10d64e4ec1)
2019-06-08 20:58:33.019 22705 RALLYDEBUG rally_openstack.cleanup.manager [-] Deleting neutron.network object s_rally_e440637d_HiGcWEAd (391f93fc-d593-45df-bda5-4f4b5c3d6a75)
2019-06-08 20:58:33.019 22705 RALLYDEBUG rally_openstack.cleanup.manager [-] Deleting neutron.network object s_rally_e440637d_C2kC5Lq9 (3c940d02-d0ee-4aa7-bce5-7cda3a582a73)
2019-06-08 20:58:33.030 22705 RALLYDEBUG rally_openstack.cleanup.manager [-] Deleting neutron.network object s_rally_e440637d_Qy4GkQ9R (310886e7-1cc1-44d0-accd-979e4bd5424a)
2019-06-08 20:58:33.046 22705 RALLYDEBUG rally_openstack.cleanup.manager [-] Deleting neutron.network object s_rally_e440637d_iAwE4L8s (491cc322-edb6-417a-9012-976da3ed35cd)
2019-06-08 20:58:33.046 22705 RALLYDEBUG rally_openstack.cleanup.manager [-] Deleting neutron.network object s_rally_e440637d_NIN6GtfD (449d3df7-7da2-4932-9792-a712e633c377)
2019-06-08 20:58:33.095 22705 RALLYDEBUG rally_openstack.cleanup.manager [-] Deleting neutron.network object s_rally_e440637d_v0AaMVAN (6d5541e6-e451-4327-8859-2634d207512f)
2019-06-08 20:58:33.104 22705 RALLYDEBUG rally_openstack.cleanup.manager [-] Deleting neutron.network object s_rally_e440637d_xBToVdod (5c5990df-ba17-4ee4-b594-02ac0cdca7e2)
2019-06-08 20:58:33.109 22705 RALLYDEBUG rally_openstack.cleanup.manager [-] Deleting neutron.network object s_rally_e440637d_wkP8Yr8q (4251ed97-26c9-4515-853f-1daefd2bbbff)
2019-06-08 20:58:33.118 22705 RALLYDEBUG rally_openstack.cleanup.manager [-] Deleting neutron.network object s_rally_e440637d_z3Dw97Ey (6c620f5b-71e5-4153-91e2-556b2b9e11b1)
2019-06-08 20:58:33.120 22705 RALLYDEBUG rally_openstack.cleanup.manager [-] Deleting neutron.network object s_rally_e440637d_nxdL2mm9 (4e1587ca-d05c-44b2-938d-505401d49382)
2019-06-08 20:58:35.839 22705 RALLYDEBUG rally_openstack.cleanup.manager [-] Deleting neutron.network object s_rally_e440637d_HBTFHV0j (6ff9ca03-4a13-4b17-9aa8-e8e90477bbd0)
2019-06-08 20:58:35.893 22705 RALLYDEBUG rally_openstack.cleanup.manager [-] Deleting neutron.network object s_rally_e440637d_0nSDkuLO (8c53b244-23bd-438f-b799-1fbe79f85dd5)
2019-06-08 20:58:35.894 22705 RALLYDEBUG rally_openstack.cleanup.manager [-] Deleting neutron.network object s_rally_e440637d_URiSh5Xg (8b94917d-de9c-4b7c-bc4c-f9acb1122dc4)
2019-06-08 20:58:35.955 22705 RALLYDEBUG rally_openstack.cleanup.manager [-] Deleting neutron.network object s_rally_e440637d_bESCHbjm (a30f9f3a-d1cc-4955-a5e0-9710deb8a42b)
2019-06-08 20:58:36.112 22705 RALLYDEBUG rally_openstack.cleanup.manager [-] Deleting neutron.network object s_rally_e440637d_lqCQ26rN (aff52fe7-743c-4131-9c05-0a4e35c80096)
2019-06-08 20:58:36.142 22705 RALLYDEBUG rally_openstack.cleanup.manager [-] Deleting neutron.network object s_rally_e440637d_eRBtPQLW (b8bf347a-8890-4dc1-b8a8-d0690cd3719c)
2019-06-08 20:58:36.225 22705 RALLYDEBUG rally_openstack.cleanup.manager [-] Deleting neutron.network object s_rally_e440637d_3f8eo6Ne (b96dceb1-ffc0-4ddd-823e-4e399f443d82)
2019-06-08 20:58:36.247 22705 RALLYDEBUG rally_openstack.cleanup.manager [-] Deleting neutron.network object s_rally_e440637d_OsAJzHr9 (bae44b02-16ce-4044-b345-f886442a0578)
2019-06-08 20:58:36.264 22705 RALLYDEBUG rally_openstack.cleanup.manager [-] Deleting neutron.network object s_rally_e440637d_DFTPug19 (cbf3cb5b-0194-4415-a4cb-ab19a18efb3f)
2019-06-08 20:58:36.563 22705 RALLYDEBUG rally_openstack.cleanup.manager [-] Deleting neutron.network object s_rally_e440637d_1obOC4q7 (ced59268-cda5-440b-8d7d-4c8bdc82471b)
2019-06-08 20:58:36.569 22705 RALLYDEBUG rally_openstack.cleanup.manager [-] Deleting neutron.network object s_rally_e440637d_N9kI4W4o (d1e2f894-9bb5-4704-981b-cbf0953da625)
2019-06-08 20:58:36.705 22705 RALLYDEBUG rally_openstack.cleanup.manager [-] Deleting neutron.network object s_rally_e440637d_R9V5dxkv (d2d6763a-6e5a-4bd1-9e6c-bd1761b8e496)
2019-06-08 20:58:36.784 22705 RALLYDEBUG rally_openstack.cleanup.manager [-] Deleting neutron.network object s_rally_e440637d_seCxVrxN (d74066df-e60d-4fe5-8d59-9b4e05a511d1)
2019-06-08 20:58:36.792 22705 RALLYDEBUG rally_openstack.cleanup.manager [-] Deleting neutron.network object s_rally_e440637d_HG75wdzC (e69aa277-e01e-46b6-b15a-ee23e5bf2619)
2019-06-08 20:58:36.823 22705 RALLYDEBUG rally_openstack.cleanup.manager [-] Deleting neutron.network object s_rally_e440637d_b1kbRhxv (e72ab809-4c4d-4b66-babd-caaba7affa00)
2019-06-08 20:58:36.829 22705 RALLYDEBUG rally_openstack.cleanup.manager [-] Deleting neutron.network object s_rally_e440637d_RVyUBi7Z (ecf29265-9c30-4100-a3fa-7380bda4e5cc)
2019-06-08 20:58:36.853 22705 RALLYDEBUG rally_openstack.cleanup.manager [-] Deleting neutron.network object s_rally_e440637d_nt1wUnq8 (f5fe27df-cc04-4be8-b409-b4ec8c6fb278)
2019-06-08 20:58:37.402 22705 RALLYDEBUG rally_openstack.cleanup.manager [-] Deleting neutron.network object s_rally_e440637d_Uxjm305U (f73dce29-996a-45de-afed-e4f875c64757)
2019-06-08 20:58:37.670 22705 RALLYDEBUG rally_openstack.cleanup.manager [-] Deleting neutron.network object s_rally_e440637d_8t8WfIjq (fd079709-156c-445e-baf3-88ea591519d2)
2019-06-08 20:58:37.698 22705 RALLYDEBUG rally_openstack.cleanup.manager [-] Deleting neutron.network object s_rally_e440637d_6eBBJhjE (ffe99b6f-6b61-44e7-98ff-c981171afc2a)
2019-06-08 20:58:40.427 22705 RALLYDEBUG rally_openstack.cleanup.manager [-] Cleaning up neutron router objects
2019-06-08 20:58:41.235 22705 RALLYDEBUG rally_openstack.cleanup.manager [-] Cleaning up neutron security_group objects
2019-06-08 20:58:42.001 22705 INFO rally.task.context [-] Task ccac70cf-f894-4520-91e6-706b90c5cee1 | Context cleanup@openstack cleanup() finished in 15.65 sec
2019-06-08 20:58:42.002 22705 INFO rally.task.context [-] Task ccac70cf-f894-4520-91e6-706b90c5cee1 | Context quotas@openstack cleanup() started
2019-06-08 20:58:42.317 22705 INFO rally.task.context [-] Task ccac70cf-f894-4520-91e6-706b90c5cee1 | Context quotas@openstack cleanup() finished in 0.32 sec
2019-06-08 20:58:42.317 22705 INFO rally.task.context [-] Task ccac70cf-f894-4520-91e6-706b90c5cee1 | Context users@openstack cleanup() started
2019-06-08 20:58:47.925 22705 INFO rally.task.context [-] Task ccac70cf-f894-4520-91e6-706b90c5cee1 | Context users@openstack cleanup() finished in 5.61 sec
2019-06-08 20:58:48.108 22705 INFO rally.task.engine [-] Load duration is: 30.660423
2019-06-08 20:58:48.108 22705 INFO rally.task.engine [-] Full runner duration is: 30.711938
2019-06-08 20:58:48.109 22705 INFO rally.task.engine [-] Full duration is: 58.033435
2019-06-08 20:58:48.346 22705 INFO rally.task.engine [-] Running workload: position = 0 config = { "version": 2, "title": "A cropped version of a bigger task.", "description": "Auto-generated task from a single workload (uuid=912de26d-526c-4fc2-ab64-cc084c06ac5b)", "subtasks": [ { "title": "NeutronNetworks.create_and_list_routers", "description": "Create and a given number of routers and list all routers.", "scenario": { "NeutronNetworks.create_and_list_routers": { "network_create_args": null, "subnet_create_args": null, "subnet_cidr_start": "1.1.0.0/30", "subnets_per_network": 2, "router_create_args": null } }, "contexts": { "users": { "tenants": 1, "users_per_tenant": 1 }, "quotas": { "neutron": { "network": -1, "subnet": -1, "router": -1 } } }, "runner": { "constant": { "times": 40, "concurrency": 20 } }, "hooks": [], "sla": { "failure_rate": { "max": 0 } } } ] }
2019-06-08 20:58:48.369 22705 RALLYDEBUG rally_openstack.contexts.keystone.users [-] Creating 1 tenants using 20 threads
2019-06-08 20:58:50.315 22705 RALLYDEBUG rally_openstack.contexts.keystone.users [-] Creating 1 users using 20 threads
2019-06-08 20:58:53.071 22705 INFO rally.task.context [-] Task ccac70cf-f894-4520-91e6-706b90c5cee1 | Context users@openstack setup() finished in 4.70 sec
2019-06-08 20:58:53.958 22705 INFO rally.task.context [-] Task ccac70cf-f894-4520-91e6-706b90c5cee1 | Context quotas@openstack setup() finished in 0.89 sec
2019-06-08 20:58:53.958 22705 INFO rally.task.context [-] Task ccac70cf-f894-4520-91e6-706b90c5cee1 | Context cleanup@openstack setup() finished in 0.01 msec
2019-06-08 20:58:53.966 22705 RALLYDEBUG rally.task.runner [-] Starting the constant runner (task UUID: ccac70cf-f894-4520-91e6-706b90c5cee1). timeout: 0 concurrency: 20 concurrency_per_worker: 1 times: 40 concurrency_overhead: 4 processes_to_start: 16 max_cpu_used: 16
2019-06-08 20:58:53.980 25169 RALLYDEBUG rally.task.runner [-] Starting a worker. concurrency: 2 args: {"network_create_args": null, "subnet_create_args": null, "subnet_cidr_start": "1.1.0.0/30", "subnets_per_network": 2, "router_create_args": null} times: 40 method_name: run timeout: 0 duration: None cls:
2019-06-08 20:58:53.982 25170 RALLYDEBUG rally.task.runner [-] Starting a worker. concurrency: 2 args: {"network_create_args": null, "subnet_create_args": null, "subnet_cidr_start": "1.1.0.0/30", "subnets_per_network": 2, "router_create_args": null} times: 40 method_name: run timeout: 0 duration: None cls:
2019-06-08 20:58:53.984 25171 RALLYDEBUG rally.task.runner [-] Starting a worker. concurrency: 2 args: {"network_create_args": null, "subnet_create_args": null, "subnet_cidr_start": "1.1.0.0/30", "subnets_per_network": 2, "router_create_args": null} times: 40 method_name: run timeout: 0 duration: None cls:
2019-06-08 20:58:53.988 25169 INFO rally.task.runner [-] Task ccac70cf-f894-4520-91e6-706b90c5cee1 | ITER: 3 START
2019-06-08 20:58:53.988 25172 RALLYDEBUG rally.task.runner [-] Starting a worker. concurrency: 2 args: {"network_create_args": null, "subnet_create_args": null, "subnet_cidr_start": "1.1.0.0/30", "subnets_per_network": 2, "router_create_args": null} times: 40 method_name: run timeout: 0 duration: None cls:
2019-06-08 20:58:53.989 25170 INFO rally.task.runner [-] Task ccac70cf-f894-4520-91e6-706b90c5cee1 | ITER: 2 START
2019-06-08 20:58:53.991 25173 RALLYDEBUG rally.task.runner [-] Starting a worker. concurrency: 1 args: {"network_create_args": null, "subnet_create_args": null, "subnet_cidr_start": "1.1.0.0/30", "subnets_per_network": 2, "router_create_args": null} times: 40 method_name: run timeout: 0 duration: None cls:
2019-06-08 20:58:53.990 25169 INFO rally.task.runner [-] Task ccac70cf-f894-4520-91e6-706b90c5cee1 | ITER: 1 START
2019-06-08 20:58:53.995 25178 RALLYDEBUG rally.task.runner [-] Starting a worker. concurrency: 1 args: {"network_create_args": null, "subnet_create_args": null, "subnet_cidr_start": "1.1.0.0/30", "subnets_per_network": 2, "router_create_args": null} times: 40 method_name: run timeout: 0 duration: None cls:
2019-06-08 20:58:53.996 25172 INFO rally.task.runner [-] Task ccac70cf-f894-4520-91e6-706b90c5cee1 | ITER: 7 START
2019-06-08 20:58:53.995 25171 INFO rally.task.runner [-] Task ccac70cf-f894-4520-91e6-706b90c5cee1 | ITER: 4 START
2019-06-08 20:58:53.998 25173 INFO rally.task.runner [-] Task ccac70cf-f894-4520-91e6-706b90c5cee1 | ITER: 9 START
2019-06-08 20:58:53.998 25181 RALLYDEBUG rally.task.runner [-] Starting a worker. concurrency: 1 args: {"network_create_args": null, "subnet_create_args": null, "subnet_cidr_start": "1.1.0.0/30", "subnets_per_network": 2, "router_create_args": null} times: 40 method_name: run timeout: 0 duration: None cls:
2019-06-08 20:58:53.996 25171 INFO rally.task.runner [-] Task ccac70cf-f894-4520-91e6-706b90c5cee1 | ITER: 6 START
2019-06-08 20:58:54.002 25178 INFO rally.task.runner [-] Task ccac70cf-f894-4520-91e6-706b90c5cee1 | ITER: 10 START
2019-06-08 20:58:54.002 25172 INFO rally.task.runner [-] Task ccac70cf-f894-4520-91e6-706b90c5cee1 | ITER: 8 START
2019-06-08 20:58:54.003 25170 INFO rally.task.runner [-] Task ccac70cf-f894-4520-91e6-706b90c5cee1 | ITER: 5 START
2019-06-08 20:58:54.005 25181 INFO rally.task.runner [-] Task ccac70cf-f894-4520-91e6-706b90c5cee1 | ITER: 11 START
2019-06-08 20:58:54.005 25185 RALLYDEBUG rally.task.runner [-] Starting a worker. concurrency: 1 args: {"network_create_args": null, "subnet_create_args": null, "subnet_cidr_start": "1.1.0.0/30", "subnets_per_network": 2, "router_create_args": null} times: 40 method_name: run timeout: 0 duration: None cls:
2019-06-08 20:58:54.005 25190 RALLYDEBUG rally.task.runner [-] Starting a worker. concurrency: 1 args: {"network_create_args": null, "subnet_create_args": null, "subnet_cidr_start": "1.1.0.0/30", "subnets_per_network": 2, "router_create_args": null} times: 40 method_name: run timeout: 0 duration: None cls:
2019-06-08 20:58:54.011 25190 INFO rally.task.runner [-] Task ccac70cf-f894-4520-91e6-706b90c5cee1 | ITER: 13 START
2019-06-08 20:58:54.011 25195 RALLYDEBUG rally.task.runner [-] Starting a worker. concurrency: 1 args: {"network_create_args": null, "subnet_create_args": null, "subnet_cidr_start": "1.1.0.0/30", "subnets_per_network": 2, "router_create_args": null} times: 40 method_name: run timeout: 0 duration: None cls:
2019-06-08 20:58:54.012 25185 INFO rally.task.runner [-] Task ccac70cf-f894-4520-91e6-706b90c5cee1 | ITER: 12 START
2019-06-08 20:58:54.017 25195 INFO rally.task.runner [-] Task ccac70cf-f894-4520-91e6-706b90c5cee1 | ITER: 14 START
2019-06-08 20:58:54.018 25200 RALLYDEBUG rally.task.runner [-] Starting a worker. concurrency: 1 args: {"network_create_args": null, "subnet_create_args": null, "subnet_cidr_start": "1.1.0.0/30", "subnets_per_network": 2, "router_create_args": null} times: 40 method_name: run timeout: 0 duration: None cls:
2019-06-08 20:58:54.023 25200 INFO rally.task.runner [-] Task ccac70cf-f894-4520-91e6-706b90c5cee1 | ITER: 15 START
2019-06-08 20:58:54.030 25205 RALLYDEBUG rally.task.runner [-] Starting a worker. concurrency: 1 args: {"network_create_args": null, "subnet_create_args": null, "subnet_cidr_start": "1.1.0.0/30", "subnets_per_network": 2, "router_create_args": null} times: 40 method_name: run timeout: 0 duration: None cls:
2019-06-08 20:58:54.035 25205 INFO rally.task.runner [-] Task ccac70cf-f894-4520-91e6-706b90c5cee1 | ITER: 16 START
2019-06-08 20:58:54.039 25207 RALLYDEBUG rally.task.runner [-] Starting a worker. concurrency: 1 args: {"network_create_args": null, "subnet_create_args": null, "subnet_cidr_start": "1.1.0.0/30", "subnets_per_network": 2, "router_create_args": null} times: 40 method_name: run timeout: 0 duration: None cls:
2019-06-08 20:58:54.043 25207 INFO rally.task.runner [-] Task ccac70cf-f894-4520-91e6-706b90c5cee1 | ITER: 17 START
2019-06-08 20:58:54.044 25210 RALLYDEBUG rally.task.runner [-] Starting a worker. concurrency: 1 args: {"network_create_args": null, "subnet_create_args": null, "subnet_cidr_start": "1.1.0.0/30", "subnets_per_network": 2, "router_create_args": null} times: 40 method_name: run timeout: 0 duration: None cls:
2019-06-08 20:58:54.048 25210 INFO rally.task.runner [-] Task ccac70cf-f894-4520-91e6-706b90c5cee1 | ITER: 18 START
2019-06-08 20:58:54.050 25213 RALLYDEBUG rally.task.runner [-] Starting a worker. concurrency: 1 args: {"network_create_args": null, "subnet_create_args": null, "subnet_cidr_start": "1.1.0.0/30", "subnets_per_network": 2, "router_create_args": null} times: 40 method_name: run timeout: 0 duration: None cls:
2019-06-08 20:58:54.054 25213 INFO rally.task.runner [-] Task ccac70cf-f894-4520-91e6-706b90c5cee1 | ITER: 19 START
2019-06-08 20:58:54.054 25214 RALLYDEBUG rally.task.runner [-] Starting a worker. concurrency: 1 args: {"network_create_args": null, "subnet_create_args": null, "subnet_cidr_start": "1.1.0.0/30", "subnets_per_network": 2, "router_create_args": null} times: 40 method_name: run timeout: 0 duration: None cls:
2019-06-08 20:58:54.057 25214 INFO rally.task.runner [-] Task ccac70cf-f894-4520-91e6-706b90c5cee1 | ITER: 20 START
2019-06-08 20:58:55.787 25190 RALLYDEBUG rally_openstack.wrappers.network [-] CIDR generated: 1.1.5.160/30
2019-06-08 20:58:55.812 25171 RALLYDEBUG rally_openstack.wrappers.network [-] CIDR generated: 1.1.5.164/30
2019-06-08 20:58:55.840 25185 RALLYDEBUG rally_openstack.wrappers.network [-] CIDR generated: 1.1.5.168/30
2019-06-08 20:58:55.865 25178 RALLYDEBUG rally_openstack.wrappers.network [-] CIDR generated: 1.1.5.172/30
2019-06-08 20:58:55.888 25169 RALLYDEBUG rally_openstack.wrappers.network [-] CIDR generated: 1.1.5.176/30
2019-06-08 20:58:55.912 25210 RALLYDEBUG rally_openstack.wrappers.network [-] CIDR generated: 1.1.5.180/30
2019-06-08 20:58:55.926 25173 RALLYDEBUG rally_openstack.wrappers.network [-] CIDR generated: 1.1.5.184/30
2019-06-08 20:58:55.936 25200 RALLYDEBUG rally_openstack.wrappers.network [-] CIDR generated: 1.1.5.188/30
2019-06-08 20:58:55.959 25181 RALLYDEBUG rally_openstack.wrappers.network [-] CIDR generated: 1.1.5.192/30
2019-06-08 20:58:55.983 25172 RALLYDEBUG rally_openstack.wrappers.network [-] CIDR generated: 1.1.5.196/30
2019-06-08 20:58:56.006 25172 RALLYDEBUG rally_openstack.wrappers.network [-] CIDR generated: 1.1.5.200/30
2019-06-08 20:58:56.020 25171 RALLYDEBUG rally_openstack.wrappers.network [-] CIDR generated: 1.1.5.204/30
2019-06-08 20:58:56.090 25195 RALLYDEBUG rally_openstack.wrappers.network [-] CIDR generated: 1.1.5.208/30
2019-06-08 20:58:56.109 25205 RALLYDEBUG rally_openstack.wrappers.network [-] CIDR generated: 1.1.5.212/30
2019-06-08 20:58:56.224 25170 RALLYDEBUG rally_openstack.wrappers.network [-] CIDR generated: 1.1.5.216/30
2019-06-08 20:58:56.231 25170 RALLYDEBUG rally_openstack.wrappers.network [-] CIDR generated: 1.1.5.220/30
2019-06-08 20:58:56.281 25207 RALLYDEBUG rally_openstack.wrappers.network [-] CIDR generated: 1.1.5.224/30
2019-06-08 20:58:56.323 25214 RALLYDEBUG rally_openstack.wrappers.network [-] CIDR generated: 1.1.5.228/30
2019-06-08 20:58:56.427 25213 RALLYDEBUG rally_openstack.wrappers.network [-] CIDR generated: 1.1.5.232/30
2019-06-08 20:58:56.863 25169 RALLYDEBUG rally_openstack.wrappers.network [-] CIDR generated: 1.1.5.236/30
2019-06-08 20:58:57.326 25178 RALLYDEBUG rally_openstack.wrappers.network [-] CIDR generated: 1.1.5.240/30
2019-06-08 20:58:57.456 25172 RALLYDEBUG rally_openstack.wrappers.network [-] CIDR generated: 1.1.5.244/30
2019-06-08 20:58:57.478 25171 RALLYDEBUG rally_openstack.wrappers.network [-] CIDR generated: 1.1.5.248/30
2019-06-08 20:58:57.632 25181 RALLYDEBUG rally_openstack.wrappers.network [-] CIDR generated: 1.1.5.252/30
2019-06-08 20:58:57.702 25185 RALLYDEBUG rally_openstack.wrappers.network [-] CIDR generated: 1.1.6.0/30
2019-06-08 20:58:57.962 25169 RALLYDEBUG rally_openstack.wrappers.network [-] CIDR generated: 1.1.6.4/30
2019-06-08 20:58:58.002 25210 RALLYDEBUG rally_openstack.wrappers.network [-] CIDR generated: 1.1.6.8/30
2019-06-08 20:58:58.014 25205 RALLYDEBUG rally_openstack.wrappers.network [-] CIDR generated: 1.1.6.12/30
2019-06-08 20:58:58.123 25214 RALLYDEBUG rally_openstack.wrappers.network [-] CIDR generated: 1.1.6.16/30
2019-06-08 20:58:58.270 25172 RALLYDEBUG rally_openstack.wrappers.network [-] CIDR generated: 1.1.6.20/30
2019-06-08 20:58:58.385 25190 RALLYDEBUG rally_openstack.wrappers.network [-] CIDR generated: 1.1.6.24/30
2019-06-08 20:58:58.956 25200 RALLYDEBUG rally_openstack.wrappers.network [-] CIDR generated: 1.1.6.28/30
2019-06-08 20:58:59.301 25170 RALLYDEBUG rally_openstack.wrappers.network [-] CIDR generated: 1.1.6.32/30
2019-06-08 20:58:59.759 25171 RALLYDEBUG rally_openstack.wrappers.network [-] CIDR generated: 1.1.6.36/30
2019-06-08 20:58:59.914 25207 RALLYDEBUG rally_openstack.wrappers.network [-] CIDR generated: 1.1.6.40/30
2019-06-08 20:58:59.956 25195 RALLYDEBUG rally_openstack.wrappers.network [-] CIDR generated: 1.1.6.44/30
2019-06-08 20:59:00.037 25213 RALLYDEBUG rally_openstack.wrappers.network [-] CIDR generated: 1.1.6.48/30
2019-06-08 20:59:00.144 25169 RALLYDEBUG rally_openstack.wrappers.network [-] CIDR generated: 1.1.6.52/30
2019-06-08 20:59:00.858 25173 RALLYDEBUG rally_openstack.wrappers.network [-] CIDR generated: 1.1.6.56/30
2019-06-08 20:59:01.006 25170 RALLYDEBUG rally_openstack.wrappers.network [-] CIDR generated: 1.1.6.60/30
2019-06-08 20:59:25.856 25214 INFO rally.task.runner [-] Task ccac70cf-f894-4520-91e6-706b90c5cee1 | ITER: 20 END: OK
2019-06-08 20:59:25.864 25214 INFO rally.task.runner [-] Task ccac70cf-f894-4520-91e6-706b90c5cee1 | ITER: 21 START
2019-06-08 20:59:27.044 25210 INFO rally.task.runner [-] Task ccac70cf-f894-4520-91e6-706b90c5cee1 | ITER: 18 END: OK
2019-06-08 20:59:27.049 25210 INFO rally.task.runner [-] Task ccac70cf-f894-4520-91e6-706b90c5cee1 | ITER: 22 START
2019-06-08 20:59:27.367 25214 RALLYDEBUG rally_openstack.wrappers.network [-] CIDR generated: 1.1.6.64/30
2019-06-08 20:59:28.604 25210 RALLYDEBUG rally_openstack.wrappers.network [-] CIDR generated: 1.1.6.68/30
2019-06-08 20:59:29.213 25214 RALLYDEBUG rally_openstack.wrappers.network [-] CIDR generated: 1.1.6.72/30
2019-06-08 20:59:29.354 25181 INFO rally.task.runner [-] Task ccac70cf-f894-4520-91e6-706b90c5cee1 | ITER: 11 END: OK
2019-06-08 20:59:29.360 25171 INFO rally.task.runner [-] Task ccac70cf-f894-4520-91e6-706b90c5cee1 | ITER: 6 END: OK
2019-06-08 20:59:29.361 25181 INFO rally.task.runner [-] Task ccac70cf-f894-4520-91e6-706b90c5cee1 | ITER: 23 START
2019-06-08 20:59:29.367 25171 INFO rally.task.runner [-] Task ccac70cf-f894-4520-91e6-706b90c5cee1 | ITER: 24 START
2019-06-08 20:59:30.589 25213 INFO rally.task.runner [-] Task ccac70cf-f894-4520-91e6-706b90c5cee1 | ITER: 19 END: OK
