2019-06-08 21:12:08.755 22705 RALLYDEBUG rally_openstack.cleanup.manager [-] Deleting neutron.port object s_rally_174f963d_HMOFxvpJ (77cad941-cdec-467e-884f-c90d5f9eda4d)
2019-06-08 21:12:08.759 22705 RALLYDEBUG rally_openstack.cleanup.manager [-] Deleting neutron.port object s_rally_174f963d_f2bWOyvZ (75c8c047-8c40-435c-bc5d-86c92c2cd335)
2019-06-08 21:12:08.779 22705 RALLYDEBUG rally_openstack.cleanup.manager [-] Deleting neutron.port object s_rally_174f963d_HF931N7P (79704908-ab12-40c9-a484-2a0aca8a43fc)
2019-06-08 21:12:08.811 22705 RALLYDEBUG rally_openstack.cleanup.manager [-] Deleting neutron.port object s_rally_174f963d_xm88IPz6 (7c938264-2387-4444-99bb-fbb185510e52)
2019-06-08 21:12:09.035 22705 RALLYDEBUG rally_openstack.cleanup.manager [-] Deleting neutron.port object s_rally_174f963d_xnb8YrtS (7edf39d2-1859-4d34-bc43-8a66654abe7b)
2019-06-08 21:12:09.426 22705 RALLYDEBUG rally_openstack.cleanup.manager [-] Deleting neutron.port object s_rally_174f963d_fzOPAngm (7ff9b849-c12a-4f4b-88b5-832d5ea741b2)
2019-06-08 21:12:09.802 22705 RALLYDEBUG rally_openstack.cleanup.manager [-] Deleting neutron.port object s_rally_174f963d_V24zMTYP (80bfa673-0a41-4fb2-acb4-0fa8d0eb9baa)
2019-06-08 21:12:09.999 22705 RALLYDEBUG rally_openstack.cleanup.manager [-] Deleting neutron.port object s_rally_174f963d_uMF6Lx2c (8276665e-200d-441e-acb7-71aa7f0e8cf9)
2019-06-08 21:12:10.082 22705 RALLYDEBUG rally_openstack.cleanup.manager [-] Deleting neutron.port object s_rally_174f963d_IzJ7467l (8290d6d9-0e3a-4aae-8b8b-025c3c90f97d)
2019-06-08 21:12:10.270 22705 RALLYDEBUG rally_openstack.cleanup.manager [-] Deleting neutron.port object s_rally_174f963d_qoyvh0nX (82c8b57a-1b5d-4112-8a4f-1fbff125eb7c)
2019-06-08 21:12:10.446 22705 RALLYDEBUG rally_openstack.cleanup.manager [-] Deleting neutron.port object s_rally_174f963d_KlCTJ59E (833c02d4-a9d6-4762-8a5a-41f2e1c6f859)
2019-06-08 21:12:10.514 22705 RALLYDEBUG rally_openstack.cleanup.manager [-] Deleting neutron.port object s_rally_174f963d_ZS4h3Ole (83a8e3f7-ff50-464f-8ae7-76d11b5e882c)
2019-06-08 21:12:10.562 22705 RALLYDEBUG rally_openstack.cleanup.manager [-] Deleting neutron.port object s_rally_174f963d_FlCPaE30 (85991914-5b6b-47c5-b028-bdc3bf14af19)
2019-06-08 21:12:10.638 22705 RALLYDEBUG rally_openstack.cleanup.manager [-] Deleting neutron.port object s_rally_174f963d_joTjtGw6 (8705aa67-26c9-45da-bb21-d1383b08f394)
2019-06-08 21:12:10.717 22705 RALLYDEBUG rally_openstack.cleanup.manager [-] Deleting neutron.port object s_rally_174f963d_Cl7rRvq1 (87540557-1907-487f-a493-fff146abaf11)
2019-06-08 21:12:10.737 22705 RALLYDEBUG rally_openstack.cleanup.manager [-] Deleting neutron.port object s_rally_174f963d_osApEgY3 (88980ff6-2b36-403e-ae18-669499bb9010)
2019-06-08 21:12:10.814 22705 RALLYDEBUG rally_openstack.cleanup.manager [-] Deleting neutron.port object s_rally_174f963d_CxX2Gciq (88b41d90-e123-4fcf-8026-28b32220fbc3)
2019-06-08 21:12:10.843 22705 RALLYDEBUG rally_openstack.cleanup.manager [-] Deleting neutron.port object s_rally_174f963d_jcTcl5G6 (88cb312e-7a29-49eb-b858-97250102e1c6)
2019-06-08 21:12:10.954 22705 RALLYDEBUG rally_openstack.cleanup.manager [-] Deleting neutron.port object s_rally_174f963d_FWSpZ7Qh (88daa4b1-3067-465e-9522-fdb7bc4d4911)
2019-06-08 21:12:10.969 22705 RALLYDEBUG rally_openstack.cleanup.manager [-] Deleting neutron.port object s_rally_174f963d_RfBN7bbc (88fc2e2e-7716-4f69-842d-520bfabb10ac)
2019-06-08 21:12:11.061 22705 RALLYDEBUG rally_openstack.cleanup.manager [-] Deleting neutron.port object s_rally_174f963d_4kaiHH6a (8a0fcebb-c783-41aa-8bcd-00a2d20a9386)
2019-06-08 21:12:11.112 22705 RALLYDEBUG rally_openstack.cleanup.manager [-] Deleting neutron.port object s_rally_174f963d_6KcQnBBd (8a8eb850-77e0-4512-8f44-4ccf00b1e109)
2019-06-08 21:12:11.139 22705 RALLYDEBUG rally_openstack.cleanup.manager [-] Deleting neutron.port object s_rally_174f963d_PFCIrgId (8c7b03f3-5dea-4095-b075-c8d66e057f99)
2019-06-08 21:12:11.610 22705 RALLYDEBUG rally_openstack.cleanup.manager [-] Deleting neutron.port object s_rally_174f963d_dzhuilkt (9334c1cb-8ef1-4557-b859-b4ee665cdbde)
2019-06-08 21:12:11.819 22705 RALLYDEBUG rally_openstack.cleanup.manager [-] Deleting neutron.port object s_rally_174f963d_gGB5AnFj (94449ec8-48f8-4383-a35c-1b8ceb3fe2a6)
2019-06-08 21:12:11.998 22705 RALLYDEBUG rally_openstack.cleanup.manager [-] Deleting neutron.port object s_rally_174f963d_ukXCa24v (9450d928-b6a0-4131-a791-3e9bdef790d5)
2019-06-08 21:12:12.082 22705 RALLYDEBUG rally_openstack.cleanup.manager [-] Deleting neutron.port object s_rally_174f963d_cKCGnWvR (94c8b286-6ca3-4d10-b92e-48e6be434801)
2019-06-08 21:12:12.146 22705 RALLYDEBUG rally_openstack.cleanup.manager [-] Deleting neutron.port object s_rally_174f963d_qBTcmqVR (952187bc-856f-4e42-965b-c59a026c9573)
2019-06-08 21:12:12.552 22705 RALLYDEBUG rally_openstack.cleanup.manager [-] Deleting neutron.port object s_rally_174f963d_Pk1NXVkE (95671362-cf04-4d50-89b9-8d57babdb6b2)
2019-06-08 21:12:12.791 22705 RALLYDEBUG rally_openstack.cleanup.manager [-] Deleting neutron.port object s_rally_174f963d_bvAz6zWP (957e23f2-2912-4062-9994-0fb9530d9fe3)
2019-06-08 21:12:12.831 22705 RALLYDEBUG rally_openstack.cleanup.manager [-] Deleting neutron.port object s_rally_174f963d_jf9TXHwX (95d6eb50-de5c-4c9b-a165-f80237a47ba2)
2019-06-08 21:12:13.034 22705 RALLYDEBUG rally_openstack.cleanup.manager [-] Deleting neutron.port object s_rally_174f963d_cTqgJ80Z (95f7b27b-9758-4e6a-84f7-2c98c5d181ea)
2019-06-08 21:12:13.044 22705 RALLYDEBUG rally_openstack.cleanup.manager [-] Deleting neutron.port object s_rally_174f963d_Tum4o2HB (99452872-9ca0-4fb2-9130-421f82b53bbe)
2019-06-08 21:12:13.080 22705 RALLYDEBUG rally_openstack.cleanup.manager [-] Deleting neutron.port object s_rally_174f963d_Zh1SXZJo (9969b61a-598e-4b78-af59-143ac8994747)
2019-06-08 21:12:13.127 22705 RALLYDEBUG rally_openstack.cleanup.manager [-] Deleting neutron.port object s_rally_174f963d_6ncLg4zz (9a36c4b9-4aec-4b85-a02c-bd02a9af068f)
2019-06-08 21:12:13.168 22705 RALLYDEBUG rally_openstack.cleanup.manager [-] Deleting neutron.port object s_rally_174f963d_ChsDlibK (9af1b91c-b796-4d06-958e-498b892ac92a)
2019-06-08 21:12:13.213 22705 RALLYDEBUG rally_openstack.cleanup.manager [-] Deleting neutron.port object s_rally_174f963d_3INlAy6f (9c91d4a6-d84c-44fa-8c37-ddecd701762d)
2019-06-08 21:12:13.319 22705 RALLYDEBUG rally_openstack.cleanup.manager [-] Deleting neutron.port object s_rally_174f963d_jmE1CDrr (9cacfb79-fc1f-45d4-a920-616a3d0f88e9)
2019-06-08 21:12:13.383 22705 RALLYDEBUG rally_openstack.cleanup.manager [-] Deleting neutron.port object s_rally_174f963d_VkrkoAst (9deca710-86f3-4836-84a4-699259d1ebd4)
2019-06-08 21:12:13.622 22705 RALLYDEBUG rally_openstack.cleanup.manager [-] Deleting neutron.port object s_rally_174f963d_vSabhOjF (9e619fdb-a894-459b-b788-a5cd6f72ec4c)
2019-06-08 21:12:13.756 22705 RALLYDEBUG rally_openstack.cleanup.manager [-] Deleting neutron.port object s_rally_174f963d_OiBAcAB8 (9fab9af2-02ec-4b04-a77a-b11e81c57098)
2019-06-08 21:12:13.784 22705 RALLYDEBUG rally_openstack.cleanup.manager [-] Deleting neutron.port object s_rally_174f963d_1mBuAzWm (a1525f02-ebc8-457d-a6c2-4148273030eb)
2019-06-08 21:12:13.884 22705 RALLYDEBUG rally_openstack.cleanup.manager [-] Deleting neutron.port object s_rally_174f963d_cVhRhgRB (a344f0d6-a3a7-4a91-aed5-1da8584aa0f7)
2019-06-08 21:12:13.967 22705 RALLYDEBUG rally_openstack.cleanup.manager [-] Deleting neutron.port object s_rally_174f963d_F8X2jMsX (a3993561-af17-4321-ad6c-96ff7c321006)
2019-06-08 21:12:14.198 22705 RALLYDEBUG rally_openstack.cleanup.manager [-] Deleting neutron.port object s_rally_174f963d_oOa6NOTu (a41d22af-9db3-4423-8655-3d42b86e6c67)
2019-06-08 21:12:14.329 22705 RALLYDEBUG rally_openstack.cleanup.manager [-] Deleting neutron.port object s_rally_174f963d_9MBoDz6w (a4707cec-ee0c-4cad-83f1-d9e566fb77ef)
2019-06-08 21:12:14.820 22705 RALLYDEBUG rally_openstack.cleanup.manager [-] Deleting neutron.port object s_rally_174f963d_AwbonUdH (a47980dd-4f0f-4366-8c42-43252d903d11)
2019-06-08 21:12:14.881 22705 RALLYDEBUG rally_openstack.cleanup.manager [-] Deleting neutron.port object s_rally_174f963d_qz2ElX4H (a5708a92-bcd4-4b26-a34a-b8cd25705715)
2019-06-08 21:12:14.936 22705 RALLYDEBUG rally_openstack.cleanup.manager [-] Deleting neutron.port object s_rally_174f963d_6bORqlzY (a58668ae-6341-46e5-a893-85096f3e3843)
2019-06-08 21:12:15.033 22705 RALLYDEBUG rally_openstack.cleanup.manager [-] Deleting neutron.port object s_rally_174f963d_RG3TaHct (a69d010a-2335-4852-8d29-04f4e9bf8738)
2019-06-08 21:12:15.213 22705 RALLYDEBUG rally_openstack.cleanup.manager [-] Deleting neutron.port object s_rally_174f963d_XnegrEvH (a72b8a54-1e78-49eb-bf85-ecedc3bc9c18)
2019-06-08 21:12:15.428 22705 RALLYDEBUG rally_openstack.cleanup.manager [-] Deleting neutron.port object s_rally_174f963d_n9nMuR0i (a77c5841-076f-4a64-bc06-9bc54461a2f7)
2019-06-08 21:12:15.466 22705 RALLYDEBUG rally_openstack.cleanup.manager [-] Deleting neutron.port object s_rally_174f963d_utK2MdE1 (a7857ed3-2a7d-4176-9f71-9e8acc193026)
2019-06-08 21:12:15.497 22705 RALLYDEBUG rally_openstack.cleanup.manager [-] Deleting neutron.port object s_rally_174f963d_RMPxrLxJ (a7e60ec8-e298-4c7b-9188-d85b244bc88b)
2019-06-08 21:12:15.804 22705 RALLYDEBUG rally_openstack.cleanup.manager [-] Deleting neutron.port object s_rally_174f963d_cjJHkCVE (a879f0d7-59fb-4f63-92a2-2fa568ab503c)
2019-06-08 21:12:15.873 22705 RALLYDEBUG rally_openstack.cleanup.manager [-] Deleting neutron.port object s_rally_174f963d_2uIilvJ8 (a912ec1f-408c-4cbb-b015-862c05213ee2)
2019-06-08 21:12:15.998 22705 RALLYDEBUG rally_openstack.cleanup.manager [-] Deleting neutron.port object s_rally_174f963d_2b2VBBwl (aa0b52d1-9b97-46ed-a5d0-f963801e0730)
2019-06-08 21:12:15.999 22705 RALLYDEBUG rally_openstack.cleanup.manager [-] Deleting neutron.port object s_rally_174f963d_go6rLwHC (aac2a85a-291a-43bd-b1a4-a84dff3b172d)
2019-06-08 21:12:16.035 22705 RALLYDEBUG rally_openstack.cleanup.manager [-] Deleting neutron.port object s_rally_174f963d_8QaSMsqe (ac58a3e8-bc1b-4013-90cd-1b4ccb22d1c9)
2019-06-08 21:12:16.037 22705 RALLYDEBUG rally_openstack.cleanup.manager [-] Deleting neutron.port object s_rally_174f963d_w7DhfhhW (ad0cb46a-715f-486c-b5de-4a4dcf2dcd9b)
2019-06-08 21:12:16.044 22705 RALLYDEBUG rally_openstack.cleanup.manager [-] Deleting neutron.port object s_rally_174f963d_K3wTp0Ab (adf51170-9e1e-4076-9ca2-4283ecd1a4ca)
2019-06-08 21:12:16.047 22705 RALLYDEBUG rally_openstack.cleanup.manager [-] Deleting neutron.port object s_rally_174f963d_WQZKlPKW (b2ea1a69-8063-4c46-9168-b61798214935)
2019-06-08 21:12:16.138 22705 RALLYDEBUG rally_openstack.cleanup.manager [-] Deleting neutron.port object s_rally_174f963d_niybwCNl (b2ea2536-b9ca-4f57-915e-658457be0bbb)
2019-06-08 21:12:16.401 22705 RALLYDEBUG rally_openstack.cleanup.manager [-] Deleting neutron.port object s_rally_174f963d_qdkAkvXG (b2f1a2cd-3a2f-4eda-9260-7fcbcca21d86)
2019-06-08 21:12:16.527 22705 RALLYDEBUG rally_openstack.cleanup.manager [-] Deleting neutron.port object s_rally_174f963d_UcZYdKr4 (b4b2f999-2b06-4aa3-b681-87da44045598)
2019-06-08 21:12:16.646 22705 RALLYDEBUG rally_openstack.cleanup.manager [-] Deleting neutron.port object s_rally_174f963d_xAfIJyxH (b5d77dd4-b51f-46f1-8f7d-f9b7c39a929b)
2019-06-08 21:12:17.048 22705 RALLYDEBUG rally_openstack.cleanup.manager [-] Deleting neutron.port object s_rally_174f963d_6jp4Wxhv (b7baab10-c3fc-4796-8301-c5d2fca44484)
2019-06-08 21:12:17.255 22705 RALLYDEBUG rally_openstack.cleanup.manager [-] Deleting neutron.port object s_rally_174f963d_iOMC5E5G (b9090e4b-44ef-4da4-bc70-e303a95cdafc)
2019-06-08 21:12:17.303 22705 RALLYDEBUG rally_openstack.cleanup.manager [-] Deleting neutron.port object s_rally_174f963d_VLETTXO4 (b93b42cd-1633-453d-bfb4-fdb132add09f)
2019-06-08 21:12:17.324 22705 RALLYDEBUG rally_openstack.cleanup.manager [-] Deleting neutron.port object s_rally_174f963d_Tm0g1kjp (bb02bc00-c4e6-488f-a65a-bb19631ed854)
2019-06-08 21:12:17.475 22705 RALLYDEBUG rally_openstack.cleanup.manager [-] Deleting neutron.port object s_rally_174f963d_cA3yuihf (bc314425-755a-4a8a-abe4-5d3a7d55c653)
2019-06-08 21:12:17.593 22705 RALLYDEBUG rally_openstack.cleanup.manager [-] Deleting neutron.port object s_rally_174f963d_epMz9GOl (bd55c0d4-62c5-4295-83d2-54171b35b3f0)
2019-06-08 21:12:17.881 22705 RALLYDEBUG rally_openstack.cleanup.manager [-] Deleting neutron.port object s_rally_174f963d_LpG5NbZE (c04feafe-5d59-47b1-ba88-9bfee90f61ce)
2019-06-08 21:12:17.924 22705 RALLYDEBUG rally_openstack.cleanup.manager [-] Deleting neutron.port object s_rally_174f963d_ljBnEzdc (c12fadbf-c566-4212-821b-6a5e63986cda)
2019-06-08 21:12:18.053 22705 RALLYDEBUG rally_openstack.cleanup.manager [-] Deleting neutron.port object s_rally_174f963d_tV9hNut2 (c291dab2-319f-4360-8ea9-24d89d6af430)
2019-06-08 21:12:18.095 22705 RALLYDEBUG rally_openstack.cleanup.manager [-] Deleting neutron.port object s_rally_174f963d_D0mqLLqZ (c2c38385-804f-4e44-b09a-ef032d3d2f7f)
2019-06-08 21:12:18.373 22705 RALLYDEBUG rally_openstack.cleanup.manager [-] Deleting neutron.port object s_rally_174f963d_IXKobzxX (c8dedf4b-64bf-4214-8f20-3d58f0115193)
2019-06-08 21:12:18.579 22705 RALLYDEBUG rally_openstack.cleanup.manager [-] Deleting neutron.port object s_rally_174f963d_snR3indD (ca89bad7-2555-4d71-9895-9cb70efb5b44)
2019-06-08 21:12:18.636 22705 RALLYDEBUG rally_openstack.cleanup.manager [-] Deleting neutron.port object s_rally_174f963d_O6tvuIVL (cae3ac26-4a1c-4d6e-91c5-35013f51d0b3)
2019-06-08 21:12:18.682 22705 RALLYDEBUG rally_openstack.cleanup.manager [-] Deleting neutron.port object s_rally_174f963d_EAIvoznd (cdff0dad-192d-4384-af3f-5f2f52a7b901)
2019-06-08 21:12:18.840 22705 RALLYDEBUG rally_openstack.cleanup.manager [-] Deleting neutron.port object s_rally_174f963d_ijXJ6iNE (ce6e0126-ff8e-44b4-a39c-33072a913b69)
2019-06-08 21:12:18.933 22705 RALLYDEBUG rally_openstack.cleanup.manager [-] Deleting neutron.port object s_rally_174f963d_YUW2udIr (d0df3dc1-7acb-46a5-aaa7-c397c46c5f2b)
2019-06-08 21:12:18.940 22705 RALLYDEBUG rally_openstack.cleanup.manager [-] Deleting neutron.port object s_rally_174f963d_fDJgaW2z (d2814f50-1937-43ac-a6b8-2f716be9714c)
2019-06-08 21:12:18.989 22705 RALLYDEBUG rally_openstack.cleanup.manager [-] Deleting neutron.port object s_rally_174f963d_wLkjVjOe (d30ae284-ae22-4056-a7fb-4fa5a9b133ac)
2019-06-08 21:12:18.996 22705 RALLYDEBUG rally_openstack.cleanup.manager [-] Deleting neutron.port object s_rally_174f963d_jsXqd94c (d584db02-a77e-4789-ad97-54abcad9e17a)
2019-06-08 21:12:19.049 22705 RALLYDEBUG rally_openstack.cleanup.manager [-] Deleting neutron.port object s_rally_174f963d_TbFHpIty (d5ac416d-72d1-48ef-9c90-af0495c8dc10)
2019-06-08 21:12:19.389 22705 RALLYDEBUG rally_openstack.cleanup.manager [-] Deleting neutron.port object s_rally_174f963d_6oQ66G6D (d7247d34-08ff-4394-87b7-fa5619b8c9f5)
2019-06-08 21:12:19.666 22705 RALLYDEBUG rally_openstack.cleanup.manager [-] Deleting neutron.port object s_rally_174f963d_knXCTQIy (d728fff6-2296-49c9-8049-d1ba05217fff)
2019-06-08 21:12:19.722 22705 RALLYDEBUG rally_openstack.cleanup.manager [-] Deleting neutron.port object s_rally_174f963d_Z7ET2MX2 (d7c62b9f-c6ad-4bcb-ae96-ba2384ee388e)
2019-06-08 21:12:19.753 22705 RALLYDEBUG rally_openstack.cleanup.manager [-] Deleting neutron.port object s_rally_174f963d_F1X8yETy (d8b11e8b-6637-40fd-aac5-9e2b2855d24e)
2019-06-08 21:12:19.948 22705 RALLYDEBUG rally_openstack.cleanup.manager [-] Deleting neutron.port object s_rally_174f963d_CizY2Qcm (db44d5cb-d99c-4c63-9341-00667b62ef29)
2019-06-08 21:12:20.003 22705 RALLYDEBUG rally_openstack.cleanup.manager [-] Deleting neutron.port object s_rally_174f963d_EPk6s1VM (dbe162cf-880f-442d-9524-96a45170b870)
2019-06-08 21:12:20.112 22705 RALLYDEBUG rally_openstack.cleanup.manager [-] Deleting neutron.port object s_rally_174f963d_EEicWZxM (dd27d66b-f556-480b-b74f-78c52a7121d2)
2019-06-08 21:12:20.434 22705 RALLYDEBUG rally_openstack.cleanup.manager [-] Deleting neutron.port object s_rally_174f963d_K4gYfS9g (dffb2b48-50aa-4453-9936-34845b97041a)
2019-06-08 21:12:20.466 22705 RALLYDEBUG rally_openstack.cleanup.manager [-] Deleting neutron.port object s_rally_174f963d_fHsn0ctr (e092190f-9927-4613-a8e3-2947a1e9b461)
2019-06-08 21:12:20.564 22705 RALLYDEBUG rally_openstack.cleanup.manager [-] Deleting neutron.port object s_rally_174f963d_YVMiVkRA (e1c54e80-6e9d-4658-b706-c0f3eb168ce1)
2019-06-08 21:12:20.617 22705 RALLYDEBUG rally_openstack.cleanup.manager [-] Deleting neutron.port object s_rally_174f963d_u1Gr8giF (e219644e-a60f-4449-94a6-b457e947e8bb)
2019-06-08 21:12:20.854 22705 RALLYDEBUG rally_openstack.cleanup.manager [-] Deleting neutron.port object s_rally_174f963d_5VVNYGoy (e55c992e-0bc9-44c0-a16b-d6bef1baf459)
2019-06-08 21:12:20.910 22705 RALLYDEBUG rally_openstack.cleanup.manager [-] Deleting neutron.port object s_rally_174f963d_IHNLg0hQ (e6122038-3ce3-4ec8-99b3-c989f26da0a1)
2019-06-08 21:12:21.037 22705 RALLYDEBUG rally_openstack.cleanup.manager [-] Deleting neutron.port object s_rally_174f963d_MTbEg6Pd (e735b224-6134-424a-b987-80f13105a5bc)
2019-06-08 21:12:21.284 22705 RALLYDEBUG rally_openstack.cleanup.manager [-] Deleting neutron.port object s_rally_174f963d_pQo8Focr (e78753a2-2060-4328-9948-8b9099c4e923)
2019-06-08 21:12:21.510 22705 RALLYDEBUG rally_openstack.cleanup.manager [-] Deleting neutron.port object s_rally_174f963d_E2vlTZwb (e79cc30f-4c88-4152-846d-bf939852646b)
2019-06-08 21:12:21.644 22705 RALLYDEBUG rally_openstack.cleanup.manager [-] Deleting neutron.port object s_rally_174f963d_es2JgxH6 (e8c02784-d2a6-4a62-80b9-65c5e3be9bc6)
2019-06-08 21:12:21.721 22705 RALLYDEBUG rally_openstack.cleanup.manager [-] Deleting neutron.port object s_rally_174f963d_OSOg5NqE (eaacc1e0-8996-495a-ad75-2c72a8e56635)
2019-06-08 21:12:21.843 22705 RALLYDEBUG rally_openstack.cleanup.manager [-] Deleting neutron.port object s_rally_174f963d_SysJ3JDv (eac680fb-f410-43e1-b401-ac8edbeb5e00)
2019-06-08 21:12:21.921 22705 RALLYDEBUG rally_openstack.cleanup.manager [-] Deleting neutron.port object s_rally_174f963d_MNGE4auP (ec178a3b-db5a-4ab9-a2f1-96a0825176f8)
2019-06-08 21:12:22.024 22705 RALLYDEBUG rally_openstack.cleanup.manager [-] Deleting neutron.port object s_rally_174f963d_6D2vbYOK (ed668f77-71f6-4325-bc13-b31eb04f0b91)
2019-06-08 21:12:22.091 22705 RALLYDEBUG rally_openstack.cleanup.manager [-] Deleting neutron.port object s_rally_174f963d_MHOA6mBm (ee3dc1e7-2aaa-4052-8fc4-a0d1853acfad)
2019-06-08 21:12:22.155 22705 RALLYDEBUG rally_openstack.cleanup.manager [-] Deleting neutron.port object s_rally_174f963d_3FdH61hv (ee65fadf-af6b-4be6-84da-fd18430bcb9c)
2019-06-08 21:12:22.172 22705 RALLYDEBUG rally_openstack.cleanup.manager [-] Deleting neutron.port object s_rally_174f963d_aNnidFyc (ee7ca554-5343-4672-a3ba-47c24708c6a2)
2019-06-08 21:12:22.179 22705 RALLYDEBUG rally_openstack.cleanup.manager [-] Deleting neutron.port object s_rally_174f963d_XmC5cuBO (eea905a9-78e6-4df0-8478-ed83372cf2b9)
2019-06-08 21:12:22.283 22705 RALLYDEBUG rally_openstack.cleanup.manager [-] Deleting neutron.port object s_rally_174f963d_EtKhsZ6U (f04b67c1-8fef-42b6-91d1-c0a099b7c353)
2019-06-08 21:12:22.329 22705 RALLYDEBUG rally_openstack.cleanup.manager [-] Deleting neutron.port object s_rally_174f963d_OTYFj6h6 (f069a276-5fe9-4b18-badc-10d44ac19008)
2019-06-08 21:12:22.698 22705 RALLYDEBUG rally_openstack.cleanup.manager [-] Deleting neutron.port object s_rally_174f963d_iFrmVFUb (f1609fd7-d4ad-4d5c-ac9b-a4749e846763)
2019-06-08 21:12:22.805 22705 RALLYDEBUG rally_openstack.cleanup.manager [-] Deleting neutron.port object s_rally_174f963d_CTVOdJiR (f27d846e-6bdd-4f58-87bf-4abb74beb5fb)
2019-06-08 21:12:22.972 22705 RALLYDEBUG rally_openstack.cleanup.manager [-] Deleting neutron.port object s_rally_174f963d_zc29dyhb (f2ff1757-5193-436d-896b-0d71f4e4061e)
2019-06-08 21:12:23.054 22705 RALLYDEBUG rally_openstack.cleanup.manager [-] Deleting neutron.port object s_rally_174f963d_tyLqLSEO (f4dd775d-d638-4023-8559-0e5443012a3e)
2019-06-08 21:12:23.196 22705 RALLYDEBUG rally_openstack.cleanup.manager [-] Deleting neutron.port object s_rally_174f963d_e5MgKBzV (f5022482-fd4d-43ad-9a65-2914e8df4db3)
2019-06-08 21:12:23.411 22705 RALLYDEBUG rally_openstack.cleanup.manager [-] Deleting neutron.port object s_rally_174f963d_7Q1caAJm (f544d908-9ac9-43c3-b3ea-915fc143f66a)
2019-06-08 21:12:23.466 22705 RALLYDEBUG rally_openstack.cleanup.manager [-] Deleting neutron.port object s_rally_174f963d_JeXHgdGh (f5497c0f-3022-41b8-8b9b-06b3f7bc50a0)
2019-06-08 21:12:23.687 22705 RALLYDEBUG rally_openstack.cleanup.manager [-] Deleting neutron.port object s_rally_174f963d_bAmp37AB (f5adc534-ce6d-419f-8dfa-0aff844d525b)
2019-06-08 21:12:23.845 22705 RALLYDEBUG rally_openstack.cleanup.manager [-] Deleting neutron.port object s_rally_174f963d_JkuGD1P7 (f619bb10-c84e-4d13-b7a0-0cfcf0a6de81)
2019-06-08 21:12:24.105 22705 RALLYDEBUG rally_openstack.cleanup.manager [-] Deleting neutron.port object s_rally_174f963d_G57QdV17 (f66c48b4-e662-4cab-bce0-b005280ec04e)
2019-06-08 21:12:24.301 22705 RALLYDEBUG rally_openstack.cleanup.manager [-] Deleting neutron.port object s_rally_174f963d_czHYKp9G (f82ceff8-ed0f-4caf-b869-0acc61027f93)
2019-06-08 21:12:24.333 22705 RALLYDEBUG rally_openstack.cleanup.manager [-] Deleting neutron.port object s_rally_174f963d_wgwvGkOH (f8a755ca-36eb-4169-bf2f-d90f1049d568)
2019-06-08 21:12:24.347 22705 RALLYDEBUG rally_openstack.cleanup.manager [-] Deleting neutron.port object s_rally_174f963d_Q4hnpcEs (f930e640-c059-43f5-bfe8-48454c8d86aa)
2019-06-08 21:12:24.474 22705 RALLYDEBUG rally_openstack.cleanup.manager [-] Deleting neutron.port object s_rally_174f963d_tcu5jIW8 (fd05bef8-94e9-4f4d-be6c-48ec23d0faef)
2019-06-08 21:12:24.605 22705 RALLYDEBUG rally_openstack.cleanup.manager [-] Deleting neutron.port object s_rally_174f963d_5eYkWG1O (fe65f782-277b-4007-bb20-c76efe484c17)
2019-06-08 21:12:24.727 22705 RALLYDEBUG rally_openstack.cleanup.manager [-] Deleting neutron.port object s_rally_174f963d_FjRKXJRC (fe800f46-1d96-400a-93aa-040b703777b4)
2019-06-08 21:12:24.852 22705 RALLYDEBUG rally_openstack.cleanup.manager [-] Deleting neutron.port object s_rally_174f963d_Pr4nP7Nh (fef369d1-2cff-49a1-b366-47f1474138cc)
2019-06-08 21:12:24.962 22705 RALLYDEBUG rally_openstack.cleanup.manager [-] Deleting neutron.port object s_rally_174f963d_YNRGTx9q (ffd3b61c-92d5-4ae8-a1a3-805199f53efc)
2019-06-08 21:12:27.083 22705 RALLYDEBUG rally_openstack.cleanup.manager [-] Cleaning up neutron subnet objects
2019-06-08 21:12:27.771 22705 RALLYDEBUG rally_openstack.cleanup.manager [-] Cleaning up neutron network objects
2019-06-08 21:12:28.607 22705 RALLYDEBUG rally_openstack.cleanup.manager [-] Deleting neutron.network object s_rally_174f963d_vGSpKJNz (11fafccb-74ec-4dde-9e3e-0011856f0b88)
2019-06-08 21:12:28.610 22705 RALLYDEBUG rally_openstack.cleanup.manager [-] Deleting neutron.network object s_rally_174f963d_ekXfYjl3 (14d64228-5423-4233-8a95-ffb433354c6a)
2019-06-08 21:12:28.621 22705 RALLYDEBUG rally_openstack.cleanup.manager [-] Deleting neutron.network object s_rally_174f963d_PfW6cxYQ (272eee22-a798-47bc-8adc-7a0f54889613)
2019-06-08 21:12:28.626 22705 RALLYDEBUG rally_openstack.cleanup.manager [-] Deleting neutron.network object s_rally_174f963d_kZsxnxF4 (320bd29a-6bfe-4b41-8191-82355a2c6e33)
2019-06-08 21:12:28.636 22705 RALLYDEBUG rally_openstack.cleanup.manager [-] Deleting neutron.network object s_rally_174f963d_Q41QXJCJ (3a981137-a9be-40ea-9b11-4bcaf57d07b0)
2019-06-08 21:12:28.643 22705 RALLYDEBUG rally_openstack.cleanup.manager [-] Deleting neutron.network object s_rally_174f963d_dexV9aUN (4551f3a5-85b4-448b-b08d-68f88688b675)
2019-06-08 21:12:28.658 22705 RALLYDEBUG rally_openstack.cleanup.manager [-] Deleting neutron.network object s_rally_174f963d_er5w33PK (444e3c11-e876-42c4-9cb0-b1736a3f8f4f)
2019-06-08 21:12:28.663 22705 RALLYDEBUG rally_openstack.cleanup.manager [-] Deleting neutron.network object s_rally_174f963d_NZFMHTei (495571b4-1812-48a3-8a83-063fec9048fd)
2019-06-08 21:12:28.677 22705 RALLYDEBUG rally_openstack.cleanup.manager [-] Deleting neutron.network object s_rally_174f963d_K63Bwmzy (52572584-f022-45f5-86da-3d232e6430f3)
2019-06-08 21:12:28.715 22705 RALLYDEBUG rally_openstack.cleanup.manager [-] Deleting neutron.network object s_rally_174f963d_0gkfy0Fj (46818128-8d07-436c-a322-833ae30c665d)
2019-06-08 21:12:28.722 22705 RALLYDEBUG rally_openstack.cleanup.manager [-] Deleting neutron.network object s_rally_174f963d_8fEhY6tK (5d03894e-5efe-4ff0-9cf0-ed572f7cb752)
2019-06-08 21:12:28.705 22705 RALLYDEBUG rally_openstack.cleanup.manager [-] Deleting neutron.network object s_rally_174f963d_WJtXw6vD (5ae71b77-e59c-4b41-87b8-6f07016ef21e)
2019-06-08 21:12:28.735 22705 RALLYDEBUG rally_openstack.cleanup.manager [-] Deleting neutron.network object s_rally_174f963d_lNgp4gF3 (610d5e55-daed-4d46-94d8-874a48a5ca10)
2019-06-08 21:12:28.737 22705 RALLYDEBUG rally_openstack.cleanup.manager [-] Deleting neutron.network object s_rally_174f963d_8UzE6icE (4beaefe6-2a97-41df-8371-82dd3dc7a0c8)
2019-06-08 21:12:28.754 22705 RALLYDEBUG rally_openstack.cleanup.manager [-] Deleting neutron.network object s_rally_174f963d_sT4zTmch (69bee771-e54d-4be6-8e08-0fd862f8b2a2)
2019-06-08 21:12:28.772 22705 RALLYDEBUG rally_openstack.cleanup.manager [-] Deleting neutron.network object s_rally_174f963d_HCgvVi0F (6f4009a2-5a8c-4a5d-857b-54883e9a6d1a)
2019-06-08 21:12:28.780 22705 RALLYDEBUG rally_openstack.cleanup.manager [-] Deleting neutron.network object s_rally_174f963d_ECnbiueY (6ad4cf2c-0fd4-44a3-9162-cbf8213a1617)
2019-06-08 21:12:28.786 22705 RALLYDEBUG rally_openstack.cleanup.manager [-] Deleting neutron.network object s_rally_174f963d_w92U9k2T (73fe42e5-54bf-4238-91a2-27d9eb6821a0)
2019-06-08 21:12:28.795 22705 RALLYDEBUG rally_openstack.cleanup.manager [-] Deleting neutron.network object s_rally_174f963d_JaRjOZIj (69f1aea9-30c7-4db9-acd4-4cbd29bd0e50)
2019-06-08 21:12:28.807 22705 RALLYDEBUG rally_openstack.cleanup.manager [-] Deleting neutron.network object s_rally_174f963d_52AIi1ii (7a42e31f-a0cd-4c74-a071-f4bfe0c0185c)
2019-06-08 21:12:31.196 22705 RALLYDEBUG rally_openstack.cleanup.manager [-] Deleting neutron.network object s_rally_174f963d_cpjmtT2N (8047c199-bc6f-49da-a3c0-97727b03d853)
2019-06-08 21:12:31.198 22705 RALLYDEBUG rally_openstack.cleanup.manager [-] Deleting neutron.network object s_rally_174f963d_MLGpb4Cx (7f9f8c7c-8ffe-413b-b7fa-39511de1d4e6)
2019-06-08 21:12:31.336 22705 RALLYDEBUG rally_openstack.cleanup.manager [-] Deleting neutron.network object s_rally_174f963d_uj3Vfjw5 (80dce9ac-21bf-4905-a95a-fc4b1cfa78d8)
2019-06-08 21:12:31.387 22705 RALLYDEBUG rally_openstack.cleanup.manager [-] Deleting neutron.network object s_rally_174f963d_lYEOJVn4 (a1b89b07-4289-4fdd-a58a-b606daa65bbc)
2019-06-08 21:12:31.508 22705 RALLYDEBUG rally_openstack.cleanup.manager [-] Deleting neutron.network object s_rally_174f963d_K3NfQdAa (a62452eb-587f-4331-9092-880e7d5349bd)
2019-06-08 21:12:31.650 22705 RALLYDEBUG rally_openstack.cleanup.manager [-] Deleting neutron.network object s_rally_174f963d_xPegBKbG (a95cab7b-5359-4412-b977-42455ebf27c4)
2019-06-08 21:12:31.711 22705 RALLYDEBUG rally_openstack.cleanup.manager [-] Deleting neutron.network object s_rally_174f963d_sjHilBNy (aea8a140-2aec-4ade-81d5-96ce7c3cce9d)
2019-06-08 21:12:32.126 22705 RALLYDEBUG rally_openstack.cleanup.manager [-] Deleting neutron.network object s_rally_174f963d_kx9ZkRx5 (b502d1a9-ed9c-4104-be7b-b1476efac72a)
2019-06-08 21:12:32.193 22705 RALLYDEBUG rally_openstack.cleanup.manager [-] Deleting neutron.network object s_rally_174f963d_Z1ntjWj7 (bb0a3351-05d7-43ff-9a12-10aa325fe17a)
2019-06-08 21:12:32.291 22705 RALLYDEBUG rally_openstack.cleanup.manager [-] Deleting neutron.network object s_rally_174f963d_YGcgL7ID (bb9b9426-e4f2-4a02-9007-87d0fe84d59d)
2019-06-08 21:12:32.346 22705 RALLYDEBUG rally_openstack.cleanup.manager [-] Deleting neutron.network object s_rally_174f963d_I7r8Eqw9 (bee08215-3815-4b3d-bc76-349a9f767331)
2019-06-08 21:12:32.560 22705 RALLYDEBUG rally_openstack.cleanup.manager [-] Deleting neutron.network object s_rally_174f963d_7zRNN0d7 (c8fec214-52aa-45e4-bda0-41737be2d266)
2019-06-08 21:12:32.566 22705 RALLYDEBUG rally_openstack.cleanup.manager [-] Deleting neutron.network object s_rally_174f963d_rXmJ2BtR (c99b3980-02f3-41db-a0a3-7d35ea949f5b)
2019-06-08 21:12:32.955 22705 RALLYDEBUG rally_openstack.cleanup.manager [-] Deleting neutron.network object s_rally_174f963d_Olh8cUUv (c9fb6a56-e3d5-46ab-a438-b1297271d91e)
2019-06-08 21:12:32.961 22705 RALLYDEBUG rally_openstack.cleanup.manager [-] Deleting neutron.network object s_rally_174f963d_1LDgZ8Eg (d0fd86b0-f5e1-46f0-ab1d-a10421d9a37c)
2019-06-08 21:12:32.966 22705 RALLYDEBUG rally_openstack.cleanup.manager [-] Deleting neutron.network object s_rally_174f963d_yYRKUnCL (db2bf1a8-6900-4334-9b7e-d70c8aa66488)
2019-06-08 21:12:33.763 22705 RALLYDEBUG rally_openstack.cleanup.manager [-] Deleting neutron.network object s_rally_174f963d_OUjH6RDn (eb854a58-fb8f-4761-8b08-25d5cda6fd58)
2019-06-08 21:12:33.769 22705 RALLYDEBUG rally_openstack.cleanup.manager [-] Deleting neutron.network object s_rally_174f963d_uNqZI4tW (f3e18fb9-cce8-4415-b440-aab152227412)
2019-06-08 21:12:33.847 22705 RALLYDEBUG rally_openstack.cleanup.manager [-] Deleting neutron.network object s_rally_174f963d_S6V6Qnsf (f416dcf9-2ca8-4a17-9a24-e71370959a67)
2019-06-08 21:12:33.850 22705 RALLYDEBUG rally_openstack.cleanup.manager [-] Deleting neutron.network object s_rally_174f963d_ej5jMqOQ (f48a7e10-991b-4b92-8322-bd078fa86758)
2019-06-08 21:12:36.531 22705 RALLYDEBUG rally_openstack.cleanup.manager [-] Cleaning up neutron router objects
2019-06-08 21:12:37.352 22705 RALLYDEBUG rally_openstack.cleanup.manager [-] Cleaning up neutron security_group objects
2019-06-08 21:12:38.127 22705 INFO rally.task.context [-] Task ccac70cf-f894-4520-91e6-706b90c5cee1 | Context cleanup@openstack cleanup() finished in 42.54 sec
2019-06-08 21:12:38.128 22705 INFO rally.task.context [-] Task ccac70cf-f894-4520-91e6-706b90c5cee1 | Context quotas@openstack cleanup() started
2019-06-08 21:12:38.447 22705 INFO rally.task.context [-] Task ccac70cf-f894-4520-91e6-706b90c5cee1 | Context quotas@openstack cleanup() finished in 0.32 sec
2019-06-08 21:12:38.447 22705 INFO rally.task.context [-] Task ccac70cf-f894-4520-91e6-706b90c5cee1 | Context users@openstack cleanup() started
2019-06-08 21:12:43.598 22705 INFO rally.task.context [-] Task ccac70cf-f894-4520-91e6-706b90c5cee1 | Context users@openstack cleanup() finished in 5.15 sec
2019-06-08 21:12:44.961 22705 INFO rally.task.engine [-] Load duration is: 31.577699
2019-06-08 21:12:44.961 22705 INFO rally.task.engine [-] Full runner duration is: 31.630599
2019-06-08 21:12:44.961 22705 INFO rally.task.engine [-] Full duration is: 85.104366
2019-06-08 21:12:45.164 22705 INFO rally.task.engine [-] Running workload: position = 2 config = { "version": 2, "title": "A cropped version of a bigger task.", "description": "Auto-generated task from a single workload (uuid=3447582b-ced6-418a-9c2a-c9760a9bf3b7)", "subtasks": [ { "title": "NeutronNetworks.create_and_delete_ports", "description": "Create and delete a port.", "scenario": { "NeutronNetworks.create_and_delete_ports": { "network_create_args": {}, "port_create_args": {}, "ports_per_network": 5 } }, "contexts": { "users": { "tenants": 1, "users_per_tenant": 1 }, "quotas": { "neutron": { "network": -1, "port": -1 } } }, "runner": { "constant": { "times": 40, "concurrency": 20 } }, "hooks": [], "sla": { "failure_rate": { "max": 0 } } } ] }
2019-06-08 21:12:45.182 22705 RALLYDEBUG rally_openstack.contexts.keystone.users [-] Creating 1 tenants using 20 threads
2019-06-08 21:12:47.090 22705 RALLYDEBUG rally_openstack.contexts.keystone.users [-] Creating 1 users using 20 threads
2019-06-08 21:12:50.006 22705 INFO rally.task.context [-] Task ccac70cf-f894-4520-91e6-706b90c5cee1 | Context users@openstack setup() finished in 4.82 sec
2019-06-08 21:12:50.825 22705 INFO rally.task.context [-] Task ccac70cf-f894-4520-91e6-706b90c5cee1 | Context quotas@openstack setup() finished in 0.82 sec
2019-06-08 21:12:50.825 22705 INFO rally.task.context [-] Task ccac70cf-f894-4520-91e6-706b90c5cee1 | Context cleanup@openstack setup() finished in 0.01 msec
2019-06-08 21:12:50.832 22705 RALLYDEBUG rally.task.runner [-] Starting the constant runner (task UUID: ccac70cf-f894-4520-91e6-706b90c5cee1). timeout: 0 concurrency: 20 concurrency_per_worker: 1 times: 40 concurrency_overhead: 4 processes_to_start: 16 max_cpu_used: 16
2019-06-08 21:12:50.846 26951 RALLYDEBUG rally.task.runner [-] Starting a worker. concurrency: 2 args: {"network_create_args": {}, "port_create_args": {}, "ports_per_network": 5} times: 40 method_name: run timeout: 0 duration: None cls:
2019-06-08 21:12:50.848 26952 RALLYDEBUG rally.task.runner [-] Starting a worker. concurrency: 2 args: {"network_create_args": {}, "port_create_args": {}, "ports_per_network": 5} times: 40 method_name: run timeout: 0 duration: None cls:
2019-06-08 21:12:50.853 26953 RALLYDEBUG rally.task.runner [-] Starting a worker. concurrency: 2 args: {"network_create_args": {}, "port_create_args": {}, "ports_per_network": 5} times: 40 method_name: run timeout: 0 duration: None cls:
2019-06-08 21:12:50.855 26951 INFO rally.task.runner [-] Task ccac70cf-f894-4520-91e6-706b90c5cee1 | ITER: 1 START
2019-06-08 21:12:50.855 26954 RALLYDEBUG rally.task.runner [-] Starting a worker. concurrency: 2 args: {"network_create_args": {}, "port_create_args": {}, "ports_per_network": 5} times: 40 method_name: run timeout: 0 duration: None cls:
2019-06-08 21:12:50.857 26952 INFO rally.task.runner [-] Task ccac70cf-f894-4520-91e6-706b90c5cee1 | ITER: 4 START
2019-06-08 21:12:50.857 26955 RALLYDEBUG rally.task.runner [-] Starting a worker. concurrency: 1 args: {"network_create_args": {}, "port_create_args": {}, "ports_per_network": 5} times: 40 method_name: run timeout: 0 duration: None cls:
2019-06-08 21:12:50.857 26951 WARNING rally_openstack.scenarios.neutron.utils [-] Running this scenario without either the 'network' or 'existing_network' context is deprecated
2019-06-08 21:12:50.859 26952 WARNING rally_openstack.scenarios.neutron.utils [-] Running this scenario without either the 'network' or 'existing_network' context is deprecated
2019-06-08 21:12:50.858 26952 INFO rally.task.runner [-] Task ccac70cf-f894-4520-91e6-706b90c5cee1 | ITER: 2 START
2019-06-08 21:12:50.860 26958 RALLYDEBUG rally.task.runner [-] Starting a worker. concurrency: 1 args: {"network_create_args": {}, "port_create_args": {}, "ports_per_network": 5} times: 40 method_name: run timeout: 0 duration: None cls:
2019-06-08 21:12:50.862 26952 WARNING rally_openstack.scenarios.neutron.utils [-] Running this scenario without either the 'network' or 'existing_network' context is deprecated
2019-06-08 21:12:50.858 26951 INFO rally.task.runner [-] Task ccac70cf-f894-4520-91e6-706b90c5cee1 | ITER: 3 START
2019-06-08 21:12:50.863 26955 INFO rally.task.runner [-] Task ccac70cf-f894-4520-91e6-706b90c5cee1 | ITER: 7 START
2019-06-08 21:12:50.864 26954 INFO rally.task.runner [-] Task ccac70cf-f894-4520-91e6-706b90c5cee1 | ITER: 6 START
2019-06-08 21:12:50.865 26955 WARNING rally_openstack.scenarios.neutron.utils [-] Running this scenario without either the 'network' or 'existing_network' context is deprecated
2019-06-08 21:12:50.865 26951 WARNING rally_openstack.scenarios.neutron.utils [-] Running this scenario without either the 'network' or 'existing_network' context is deprecated
2019-06-08 21:12:50.865 26953 INFO rally.task.runner [-] Task ccac70cf-f894-4520-91e6-706b90c5cee1 | ITER: 8 START
2019-06-08 21:12:50.866 26958 INFO rally.task.runner [-] Task ccac70cf-f894-4520-91e6-706b90c5cee1 | ITER: 10 START
2019-06-08 21:12:50.866 26963 RALLYDEBUG rally.task.runner [-] Starting a worker. concurrency: 1 args: {"network_create_args": {}, "port_create_args": {}, "ports_per_network": 5} times: 40 method_name: run timeout: 0 duration: None cls:
2019-06-08 21:12:50.865 26954 INFO rally.task.runner [-] Task ccac70cf-f894-4520-91e6-706b90c5cee1 | ITER: 9 START
2019-06-08 21:12:50.866 26954 WARNING rally_openstack.scenarios.neutron.utils [-] Running this scenario without either the 'network' or 'existing_network' context is deprecated
2019-06-08 21:12:50.867 26958 WARNING rally_openstack.scenarios.neutron.utils [-] Running this scenario without either the 'network' or 'existing_network' context is deprecated
2019-06-08 21:12:50.865 26953 INFO rally.task.runner [-] Task ccac70cf-f894-4520-91e6-706b90c5cee1 | ITER: 5 START
2019-06-08 21:12:50.867 26953 WARNING rally_openstack.scenarios.neutron.utils [-] Running this scenario without either the 'network' or 'existing_network' context is deprecated
2019-06-08 21:12:50.867 26954 WARNING rally_openstack.scenarios.neutron.utils [-] Running this scenario without either the 'network' or 'existing_network' context is deprecated
2019-06-08 21:12:50.871 26972 RALLYDEBUG rally.task.runner [-] Starting a worker. concurrency: 1 args: {"network_create_args": {}, "port_create_args": {}, "ports_per_network": 5} times: 40 method_name: run timeout: 0 duration: None cls:
2019-06-08 21:12:50.868 26953 WARNING rally_openstack.scenarios.neutron.utils [-] Running this scenario without either the 'network' or 'existing_network' context is deprecated
2019-06-08 21:12:50.877 26963 INFO rally.task.runner [-] Task ccac70cf-f894-4520-91e6-706b90c5cee1 | ITER: 11 START
2019-06-08 21:12:50.878 26972 INFO rally.task.runner [-] Task ccac70cf-f894-4520-91e6-706b90c5cee1 | ITER: 12 START
2019-06-08 21:12:50.879 26963 WARNING rally_openstack.scenarios.neutron.utils [-] Running this scenario without either the 'network' or 'existing_network' context is deprecated
2019-06-08 21:12:50.879 26972 WARNING rally_openstack.scenarios.neutron.utils [-] Running this scenario without either the 'network' or 'existing_network' context is deprecated
2019-06-08 21:12:50.880 26976 RALLYDEBUG rally.task.runner [-] Starting a worker. concurrency: 1 args: {"network_create_args": {}, "port_create_args": {}, "ports_per_network": 5} times: 40 method_name: run timeout: 0 duration: None cls:
2019-06-08 21:12:50.882 26977 RALLYDEBUG rally.task.runner [-] Starting a worker. concurrency: 1 args: {"network_create_args": {}, "port_create_args": {}, "ports_per_network": 5} times: 40 method_name: run timeout: 0 duration: None cls:
2019-06-08 21:12:50.885 26981 RALLYDEBUG rally.task.runner [-] Starting a worker. concurrency: 1 args: {"network_create_args": {}, "port_create_args": {}, "ports_per_network": 5} times: 40 method_name: run timeout: 0 duration: None cls:
2019-06-08 21:12:50.885 26976 INFO rally.task.runner [-] Task ccac70cf-f894-4520-91e6-706b90c5cee1 | ITER: 13 START
2019-06-08 21:12:50.887 26976 WARNING rally_openstack.scenarios.neutron.utils [-] Running this scenario without either the 'network' or 'existing_network' context is deprecated
2019-06-08 21:12:50.888 26977 INFO rally.task.runner [-] Task ccac70cf-f894-4520-91e6-706b90c5cee1 | ITER: 14 START
2019-06-08 21:12:50.889 26977 WARNING rally_openstack.scenarios.neutron.utils [-] Running this scenario without either the 'network' or 'existing_network' context is deprecated
2019-06-08 21:12:50.890 26981 INFO rally.task.runner [-] Task ccac70cf-f894-4520-91e6-706b90c5cee1 | ITER: 15 START
2019-06-08 21:12:50.892 26983 RALLYDEBUG rally.task.runner [-] Starting a worker. concurrency: 1 args: {"network_create_args": {}, "port_create_args": {}, "ports_per_network": 5} times: 40 method_name: run timeout: 0 duration: None cls:
2019-06-08 21:12:50.897 26981 WARNING rally_openstack.scenarios.neutron.utils [-] Running this scenario without either the 'network' or 'existing_network' context is deprecated
2019-06-08 21:12:50.898 26983 INFO rally.task.runner [-] Task ccac70cf-f894-4520-91e6-706b90c5cee1 | ITER: 16 START
2019-06-08 21:12:50.899 26983 WARNING rally_openstack.scenarios.neutron.utils [-] Running this scenario without either the 'network' or 'existing_network' context is deprecated
2019-06-08 21:12:50.901 26989 RALLYDEBUG rally.task.runner [-] Starting a worker. concurrency: 1 args: {"network_create_args": {}, "port_create_args": {}, "ports_per_network": 5} times: 40 method_name: run timeout: 0 duration: None cls:
2019-06-08 21:12:50.901 26990 RALLYDEBUG rally.task.runner [-] Starting a worker. concurrency: 1 args: {"network_create_args": {}, "port_create_args": {}, "ports_per_network": 5} times: 40 method_name: run timeout: 0 duration: None cls:
2019-06-08 21:12:50.909 26990 INFO rally.task.runner [-] Task ccac70cf-f894-4520-91e6-706b90c5cee1 | ITER: 18 START
2019-06-08 21:12:50.909 26989 INFO rally.task.runner [-] Task ccac70cf-f894-4520-91e6-706b90c5cee1 | ITER: 17 START
2019-06-08 21:12:50.911 26990 WARNING rally_openstack.scenarios.neutron.utils [-] Running this scenario without either the 'network' or 'existing_network' context is deprecated
2019-06-08 21:12:50.911 26989 WARNING rally_openstack.scenarios.neutron.utils [-] Running this scenario without either the 'network' or 'existing_network' context is deprecated
2019-06-08 21:12:50.911 26993 RALLYDEBUG rally.task.runner [-] Starting a worker. concurrency: 1 args: {"network_create_args": {}, "port_create_args": {}, "ports_per_network": 5} times: 40 method_name: run timeout: 0 duration: None cls:
2019-06-08 21:12:50.914 26998 RALLYDEBUG rally.task.runner [-] Starting a worker. concurrency: 1 args: {"network_create_args": {}, "port_create_args": {}, "ports_per_network": 5} times: 40 method_name: run timeout: 0 duration: None cls:
2019-06-08 21:12:50.916 26993 INFO rally.task.runner [-] Task ccac70cf-f894-4520-91e6-706b90c5cee1 | ITER: 19 START
2019-06-08 21:12:50.918 26993 WARNING rally_openstack.scenarios.neutron.utils [-] Running this scenario without either the 'network' or 'existing_network' context is deprecated
2019-06-08 21:12:50.918 26998 INFO rally.task.runner [-] Task ccac70cf-f894-4520-91e6-706b90c5cee1 | ITER: 20 START
2019-06-08 21:12:50.919 26998 WARNING rally_openstack.scenarios.neutron.utils [-] Running this scenario without either the 'network' or 'existing_network' context is deprecated
2019-06-08 21:13:03.772 26951 INFO rally.task.runner [-] Task ccac70cf-f894-4520-91e6-706b90c5cee1 | ITER: 1 END: OK
2019-06-08 21:13:03.776 26951 INFO rally.task.runner [-] Task ccac70cf-f894-4520-91e6-706b90c5cee1 | ITER: 21 START
2019-06-08 21:13:03.777 26951 WARNING rally_openstack.scenarios.neutron.utils [-] Running this scenario without either the 'network' or 'existing_network' context is deprecated
2019-06-08 21:13:04.420 26990 INFO rally.task.runner [-] Task ccac70cf-f894-4520-91e6-706b90c5cee1 | ITER: 18 END: OK
2019-06-08 21:13:04.423 26990 INFO rally.task.runner [-] Task ccac70cf-f894-4520-91e6-706b90c5cee1 | ITER: 22 START
2019-06-08 21:13:04.424 26990 WARNING rally_openstack.scenarios.neutron.utils [-] Running this scenario without either the 'network' or 'existing_network' context is deprecated
2019-06-08 21:13:04.572 26952 INFO rally.task.runner [-] Task ccac70cf-f894-4520-91e6-706b90c5cee1 | ITER: 4 END: OK
2019-06-08 21:13:04.576 26952 INFO rally.task.runner [-] Task ccac70cf-f894-4520-91e6-706b90c5cee1 | ITER: 23 START
2019-06-08 21:13:04.576 26952 WARNING rally_openstack.scenarios.neutron.utils [-] Running this scenario without either the 'network' or 'existing_network' context is deprecated
2019-06-08 21:13:04.589 26951 INFO rally.task.runner [-] Task ccac70cf-f894-4520-91e6-706b90c5cee1 | ITER: 3 END: OK
2019-06-08 21:13:04.592 26951 INFO rally.task.runner [-] Task ccac70cf-f894-4520-91e6-706b90c5cee1 | ITER: 24 START
2019-06-08 21:13:04.592 26951 WARNING rally_openstack.scenarios.neutron.utils [-] Running this scenario without either the 'network' or 'existing_network' context is deprecated
2019-06-08 21:13:04.666 26993 INFO rally.task.runner [-] Task ccac70cf-f894-4520-91e6-706b90c5cee1 | ITER: 19 END: OK
2019-06-08 21:13:04.671 26993 INFO rally.task.runner [-] Task ccac70cf-f894-4520-91e6-706b90c5cee1 | ITER: 25 START
2019-06-08 21:13:04.671 26993 WARNING rally_openstack.scenarios.neutron.utils [-] Running this scenario without either the 'network' or 'existing_network' context is deprecated
2019-06-08 21:13:05.102 26963 INFO rally.task.runner [-] Task ccac70cf-f894-4520-91e6-706b90c5cee1 | ITER: 11 END: OK
2019-06-08 21:13:05.105 26963 INFO rally.task.runner [-] Task ccac70cf-f894-4520-91e6-706b90c5cee1 | ITER: 26 START
2019-06-08 21:13:05.106 26963 WARNING rally_openstack.scenarios.neutron.utils [-] Running this scenario without either the 'network' or 'existing_network' context is deprecated
2019-06-08 21:13:05.234 26972 INFO rally.task.runner [-] Task ccac70cf-f894-4520-91e6-706b90c5cee1 | ITER: 12 END: OK
2019-06-08 21:13:05.236 26972 INFO rally.task.runner [-] Task ccac70cf-f894-4520-91e6-706b90c5cee1 | ITER: 27 START
2019-06-08 21:13:05.237 26972 WARNING rally_openstack.scenarios.neutron.utils [-] Running this scenario without either the 'network' or 'existing_network' context is deprecated
2019-06-08 21:13:05.288 26983 INFO rally.task.runner [-] Task ccac70cf-f894-4520-91e6-706b90c5cee1 | ITER: 16 END: OK
2019-06-08 21:13:05.291 26983 INFO rally.task.runner [-] Task ccac70cf-f894-4520-91e6-706b90c5cee1 | ITER: 28 START
2019-06-08 21:13:05.291 26983 WARNING rally_openstack.scenarios.neutron.utils [-] Running this scenario without either the 'network' or 'existing_network' context is deprecated
2019-06-08 21:13:05.363 26953 INFO rally.task.runner [-] Task ccac70cf-f894-4520-91e6-706b90c5cee1 | ITER: 8 END: OK
2019-06-08 21:13:05.365 26958 INFO rally.task.runner [-] Task ccac70cf-f894-4520-91e6-706b90c5cee1 | ITER: 10 END: OK
2019-06-08 21:13:05.365 26953 INFO rally.task.runner [-] Task ccac70cf-f894-4520-91e6-706b90c5cee1 | ITER: 29 START
2019-06-08 21:13:05.366 26953 WARNING rally_openstack.scenarios.neutron.utils [-] Running this scenario without either the 'network' or 'existing_network' context is deprecated
2019-06-08 21:13:05.368 26958 INFO rally.task.runner [-] Task ccac70cf-f894-4520-91e6-706b90c5cee1 | ITER: 30 START
2019-06-08 21:13:05.369 26958 WARNING rally_openstack.scenarios.neutron.utils [-] Running this scenario without either the 'network' or 'existing_network' context is deprecated
2019-06-08 21:13:05.433 26954 INFO rally.task.runner [-] Task ccac70cf-f894-4520-91e6-706b90c5cee1 | ITER: 6 END: OK
2019-06-08 21:13:05.436 26954 INFO rally.task.runner [-] Task ccac70cf-f894-4520-91e6-706b90c5cee1 | ITER: 31 START
2019-06-08 21:13:05.436 26954 WARNING rally_openstack.scenarios.neutron.utils [-] Running this scenario without either the 'network' or 'existing_network' context is deprecated
2019-06-08 21:13:05.522 26981 INFO rally.task.runner [-] Task ccac70cf-f894-4520-91e6-706b90c5cee1 | ITER: 15 END: OK
2019-06-08 21:13:05.525 26981 INFO rally.task.runner [-] Task ccac70cf-f894-4520-91e6-706b90c5cee1 | ITER: 32 START
2019-06-08 21:13:05.526 26981 WARNING rally_openstack.scenarios.neutron.utils [-] Running this scenario without either the 'network' or 'existing_network' context is deprecated
2019-06-08 21:13:05.698 26952 INFO rally.task.runner [-] Task ccac70cf-f894-4520-91e6-706b90c5cee1 | ITER: 2 END: OK
2019-06-08 21:13:05.703 26952 INFO rally.task.runner [-] Task ccac70cf-f894-4520-91e6-706b90c5cee1 | ITER: 33 START
2019-06-08 21:13:05.703 26952 WARNING rally_openstack.scenarios.neutron.utils [-] Running this scenario without either the 'network' or 'existing_network' context is deprecated
2019-06-08 21:13:06.161 26953 INFO rally.task.runner [-] Task ccac70cf-f894-4520-91e6-706b90c5cee1 | ITER: 5 END: OK
2019-06-08 21:13:06.166 26953 INFO rally.task.runner [-] Task ccac70cf-f894-4520-91e6-706b90c5cee1 | ITER: 34 START
2019-06-08 21:13:06.166 26953 WARNING rally_openstack.scenarios.neutron.utils [-] Running this scenario without either the 'network' or 'existing_network' context is deprecated
2019-06-08 21:13:06.340 26954 INFO rally.task.runner [-] Task ccac70cf-f894-4520-91e6-706b90c5cee1 | ITER: 9 END: OK
2019-06-08 21:13:06.345 26954 INFO rally.task.runner [-] Task ccac70cf-f894-4520-91e6-706b90c5cee1 | ITER: 35 START
2019-06-08 21:13:06.345 26954 WARNING rally_openstack.scenarios.neutron.utils [-] Running this scenario without either the 'network' or 'existing_network' context is deprecated
2019-06-08 21:13:06.388 26955 INFO rally.task.runner [-] Task ccac70cf-f894-4520-91e6-706b90c5cee1 | ITER: 7 END: OK
2019-06-08 21:13:06.393 26955 INFO rally.task.runner [-] Task ccac70cf-f894-4520-91e6-706b90c5cee1 | ITER: 36 START
2019-06-08 21:13:06.393 26955 WARNING rally_openstack.scenarios.neutron.utils [-] Running this scenario without either the 'network' or 'existing_network' context is deprecated
2019-06-08 21:13:06.487 26977 INFO rally.task.runner [-] Task ccac70cf-f894-4520-91e6-706b90c5cee1 | ITER: 14 END: OK
2019-06-08 21:13:06.492 26977 INFO rally.task.runner [-] Task ccac70cf-f894-4520-91e6-706b90c5cee1 | ITER: 37 START
2019-06-08 21:13:06.493 26977 WARNING rally_openstack.scenarios.neutron.utils [-] Running this scenario without either the 'network' or 'existing_network' context is deprecated
2019-06-08 21:13:07.214 26998 INFO rally.task.runner [-] Task ccac70cf-f894-4520-91e6-706b90c5cee1 | ITER: 20 END: OK
2019-06-08 21:13:07.218 26998 INFO rally.task.runner [-] Task ccac70cf-f894-4520-91e6-706b90c5cee1 | ITER: 38 START
2019-06-08 21:13:07.219 26998 WARNING rally_openstack.scenarios.neutron.utils [-] Running this scenario without either the 'network' or 'existing_network' context is deprecated
2019-06-08 21:13:07.561 26989 INFO rally.task.runner [-] Task ccac70cf-f894-4520-91e6-706b90c5cee1 | ITER: 17 END: OK
2019-06-08 21:13:07.565 26989 INFO rally.task.runner [-] Task ccac70cf-f894-4520-91e6-706b90c5cee1 | ITER: 39 START
