2019-06-08 18:57:53.414 2414 INFO rally.task.runner [-] Task c25f6642-9bb4-4e31-a455-37e164dfb7d6 | ITER: 1 END: OK
2019-06-08 18:57:53.421 2414 INFO rally.task.runner [-] Task c25f6642-9bb4-4e31-a455-37e164dfb7d6 | ITER: 7 START
2019-06-08 18:57:53.603 2416 RALLYDEBUG rally.task.utils [-] Waiting for resource s_rally_5a70299b_fe2R2RcR. Status changed: CREATING => DOWNLOADING in 12.1567308903
2019-06-08 18:57:58.310 2416 RALLYDEBUG rally.task.utils [-] Waiting for resource s_rally_5a70299b_fe2R2RcR. Status changed: DOWNLOADING => AVAILABLE in 4.70705604553
2019-06-08 18:57:58.381 2416 INFO rally.task.runner [-] Task c25f6642-9bb4-4e31-a455-37e164dfb7d6 | ITER: 3 END: OK
2019-06-08 18:57:58.386 2416 INFO rally.task.runner [-] Task c25f6642-9bb4-4e31-a455-37e164dfb7d6 | ITER: 8 START
2019-06-08 18:57:59.119 2415 RALLYDEBUG rally.task.utils [-] Waiting for resource s_rally_5a70299b_jisnwgtr. Status changed: CREATING => DOWNLOADING in 2.99548602104
2019-06-08 18:58:03.468 2414 RALLYDEBUG rally.task.utils [-] Waiting for resource s_rally_5a70299b_wbQ08z6F. Status changed: CREATING => DOWNLOADING in 5.30939388275
2019-06-08 18:58:05.679 2417 RALLYDEBUG rally.task.utils [-] Waiting for resource s_rally_5a70299b_E9zuWa5B. Status changed: CREATING => DOWNLOADING in 7.75076198578
2019-06-08 18:58:08.382 2415 RALLYDEBUG rally.task.utils [-] Waiting for resource s_rally_5a70299b_jisnwgtr. Status changed: DOWNLOADING => AVAILABLE in 9.26354789734
2019-06-08 18:58:08.746 2415 INFO rally.task.runner [-] Task c25f6642-9bb4-4e31-a455-37e164dfb7d6 | ITER: 5 END: OK
2019-06-08 18:58:08.749 2415 INFO rally.task.runner [-] Task c25f6642-9bb4-4e31-a455-37e164dfb7d6 | ITER: 9 START
2019-06-08 18:58:10.109 2417 RALLYDEBUG rally.task.utils [-] Waiting for resource s_rally_5a70299b_E9zuWa5B. Status changed: DOWNLOADING => AVAILABLE in 4.42961907387
2019-06-08 18:58:10.161 2414 RALLYDEBUG rally.task.utils [-] Waiting for resource s_rally_5a70299b_wbQ08z6F. Status changed: DOWNLOADING => AVAILABLE in 6.69343614578
2019-06-08 18:58:10.449 2417 INFO rally.task.runner [-] Task c25f6642-9bb4-4e31-a455-37e164dfb7d6 | ITER: 6 END: OK
2019-06-08 18:58:10.456 2417 INFO rally.task.runner [-] Task c25f6642-9bb4-4e31-a455-37e164dfb7d6 | ITER: 10 START
2019-06-08 18:58:10.496 2414 INFO rally.task.runner [-] Task c25f6642-9bb4-4e31-a455-37e164dfb7d6 | ITER: 7 END: OK
2019-06-08 18:58:10.698 2416 RALLYDEBUG rally.task.utils [-] Waiting for resource s_rally_5a70299b_wj9W89Yp. Status changed: CREATING => DOWNLOADING in 7.60502886772
2019-06-08 18:58:15.107 2416 RALLYDEBUG rally.task.utils [-] Waiting for resource s_rally_5a70299b_wj9W89Yp. Status changed: DOWNLOADING => AVAILABLE in 4.40858817101
2019-06-08 18:58:15.477 2416 INFO rally.task.runner [-] Task c25f6642-9bb4-4e31-a455-37e164dfb7d6 | ITER: 8 END: OK
2019-06-08 18:58:17.170 2415 RALLYDEBUG rally.task.utils [-] Waiting for resource s_rally_5a70299b_E0ZWwL2m. Status changed: CREATING => DOWNLOADING in 2.9985499382
2019-06-08 18:58:18.110 2417 RALLYDEBUG rally.task.utils [-] Waiting for resource s_rally_5a70299b_hZ0XtqOa. Status changed: CREATING => DOWNLOADING in 2.71806812286
2019-06-08 18:58:22.513 2417 RALLYDEBUG rally.task.utils [-] Waiting for resource s_rally_5a70299b_hZ0XtqOa. Status changed: DOWNLOADING => AVAILABLE in 4.40340709686
2019-06-08 18:58:22.890 2417 INFO rally.task.runner [-] Task c25f6642-9bb4-4e31-a455-37e164dfb7d6 | ITER: 10 END: OK
2019-06-08 18:58:23.915 2415 RALLYDEBUG rally.task.utils [-] Waiting for resource s_rally_5a70299b_E0ZWwL2m. Status changed: DOWNLOADING => AVAILABLE in 6.74528813362
2019-06-08 18:58:24.307 2415 INFO rally.task.runner [-] Task c25f6642-9bb4-4e31-a455-37e164dfb7d6 | ITER: 9 END: OK
2019-06-08 18:58:24.337 1842 INFO rally.task.context [-] Task c25f6642-9bb4-4e31-a455-37e164dfb7d6 | Context cleanup@openstack cleanup() started
2019-06-08 18:58:24.339 1842 RALLYDEBUG rally_openstack.cleanup.manager [-] Cleaning up cinder backups objects
2019-06-08 18:58:26.712 1842 RALLYDEBUG rally_openstack.cleanup.manager [-] Cleaning up cinder volume_snapshots objects
2019-06-08 18:58:28.937 1842 RALLYDEBUG rally_openstack.cleanup.manager [-] Cleaning up cinder transfers objects
2019-06-08 18:58:31.178 1842 RALLYDEBUG rally_openstack.cleanup.manager [-] Cleaning up cinder volumes objects
2019-06-08 18:58:33.627 1842 RALLYDEBUG rally_openstack.cleanup.manager [-] Deleting cinder.volumes object s_rally_5a70299b_LvofQjtl (dc1ad345-13d0-405d-9256-4d3a7a5406c8)
2019-06-08 18:58:33.632 1842 RALLYDEBUG rally_openstack.cleanup.manager [-] Deleting cinder.volumes object s_rally_5a70299b_l2V30ylo (15bb9223-70a8-437d-8a2e-a25cc4a6aa4d)
2019-06-08 18:58:33.633 1842 RALLYDEBUG rally_openstack.cleanup.manager [-] Deleting cinder.volumes object s_rally_5a70299b_E0ZWwL2m (6b72e99a-d820-4555-9981-e864252bb597)
2019-06-08 18:58:33.634 1842 RALLYDEBUG rally_openstack.cleanup.manager [-] Deleting cinder.volumes object s_rally_5a70299b_hZ0XtqOa (9b71aa82-6450-4b21-9fbc-e3a99b03b6b3)
2019-06-08 18:58:33.641 1842 RALLYDEBUG rally_openstack.cleanup.manager [-] Deleting cinder.volumes object s_rally_5a70299b_wj9W89Yp (5ccdaa8c-9793-42a9-b2c7-39ea0ce2e1f9)
2019-06-08 18:58:33.641 1842 RALLYDEBUG rally_openstack.cleanup.manager [-] Deleting cinder.volumes object s_rally_5a70299b_jisnwgtr (f058092c-3c01-4749-bf2d-334933103b5f)
2019-06-08 18:58:33.642 1842 RALLYDEBUG rally_openstack.cleanup.manager [-] Deleting cinder.volumes object s_rally_5a70299b_q2CUXhZl (6398eb16-48a1-4ca3-91f3-b6919fa5e8b3)
2019-06-08 18:58:33.644 1842 RALLYDEBUG rally_openstack.cleanup.manager [-] Deleting cinder.volumes object s_rally_5a70299b_E9zuWa5B (7484340b-5f6d-4a75-aabe-0ef122a79053)
2019-06-08 18:58:33.664 1842 RALLYDEBUG rally_openstack.cleanup.manager [-] Deleting cinder.volumes object s_rally_5a70299b_fe2R2RcR (9430e43f-9eb6-494c-97e3-7b9726c93c74)
2019-06-08 18:58:33.665 1842 RALLYDEBUG rally_openstack.cleanup.manager [-] Deleting cinder.volumes object s_rally_5a70299b_wbQ08z6F (e6425eb1-b2db-436d-b88d-d8a27d197143)
2019-06-08 18:58:38.830 1842 INFO rally.task.context [-] Task c25f6642-9bb4-4e31-a455-37e164dfb7d6 | Context cleanup@openstack cleanup() finished in 14.49 sec
2019-06-08 18:58:38.831 1842 INFO rally.task.context [-] Task c25f6642-9bb4-4e31-a455-37e164dfb7d6 | Context quotas@openstack cleanup() started
2019-06-08 18:58:39.713 1842 INFO rally.task.context [-] Task c25f6642-9bb4-4e31-a455-37e164dfb7d6 | Context quotas@openstack cleanup() finished in 0.88 sec
2019-06-08 18:58:39.714 1842 INFO rally.task.context [-] Task c25f6642-9bb4-4e31-a455-37e164dfb7d6 | Context api_versions@openstack cleanup() started
2019-06-08 18:58:39.714 1842 INFO rally.task.context [-] Task c25f6642-9bb4-4e31-a455-37e164dfb7d6 | Context api_versions@openstack cleanup() finished in 0.34 msec
2019-06-08 18:58:39.714 1842 INFO rally.task.context [-] Task c25f6642-9bb4-4e31-a455-37e164dfb7d6 | Context users@openstack cleanup() started
2019-06-08 18:58:48.024 1842 INFO rally.task.context [-] Task c25f6642-9bb4-4e31-a455-37e164dfb7d6 | Context users@openstack cleanup() finished in 8.31 sec
2019-06-08 18:58:48.752 1842 INFO rally.task.engine [-] Load duration is: 48.033218
2019-06-08 18:58:48.753 1842 INFO rally.task.engine [-] Full runner duration is: 48.089371
2019-06-08 18:58:48.753 1842 INFO rally.task.engine [-] Full duration is: 79.57882
2019-06-08 18:58:48.904 1842 INFO rally.task.engine [-] Running workload: position = 1 config = { "version": 2, "title": "A cropped version of a bigger task.", "description": "Auto-generated task from a single workload (uuid=51ab7fc1-0afc-4377-b7ef-c749f846e895)", "subtasks": [ { "title": "CinderVolumes.create_and_list_volume", "description": "Create a volume and list all volumes.", "scenario": { "CinderVolumes.create_and_list_volume": { "detailed": true, "size": 1 } }, "contexts": { "users": { "tenants": 3, "users_per_tenant": 2 }, "quotas": { "cinder": { "gigabytes": -1, "snapshots": -1, "volumes": -1 } }, "api_versions": { "cinder": { "version": 3, "service_type": "volumev3" } } }, "runner": { "constant": { "concurrency": 4, "times": 10 } }, "hooks": [], "sla": { "failure_rate": { "max": 0 } } } ] }
2019-06-08 18:58:48.927 1842 RALLYDEBUG rally_openstack.contexts.keystone.users [-] Creating 3 tenants using 20 threads
2019-06-08 18:58:50.970 1842 RALLYDEBUG rally_openstack.contexts.keystone.users [-] Creating 6 users using 20 threads
2019-06-08 18:58:53.798 1842 INFO rally.task.context [-] Task c25f6642-9bb4-4e31-a455-37e164dfb7d6 | Context users@openstack setup() finished in 4.87 sec
2019-06-08 18:58:54.223 1842 INFO rally.task.context [-] Task c25f6642-9bb4-4e31-a455-37e164dfb7d6 | Context api_versions@openstack setup() finished in 0.42 sec
2019-06-08 18:58:55.901 1842 INFO rally.task.context [-] Task c25f6642-9bb4-4e31-a455-37e164dfb7d6 | Context quotas@openstack setup() finished in 1.68 sec
2019-06-08 18:58:55.901 1842 INFO rally.task.context [-] Task c25f6642-9bb4-4e31-a455-37e164dfb7d6 | Context cleanup@openstack setup() finished in 0.00 msec
2019-06-08 18:58:55.909 1842 RALLYDEBUG rally.task.runner [-] Starting the constant runner (task UUID: c25f6642-9bb4-4e31-a455-37e164dfb7d6). timeout: 0 concurrency: 4 concurrency_per_worker: 1 times: 10 concurrency_overhead: 0 processes_to_start: 4 max_cpu_used: 16
2019-06-08 18:58:55.922 2598 RALLYDEBUG rally.task.runner [-] Starting a worker. concurrency: 1 args: {"detailed": true, "size": 1} times: 10 method_name: run timeout: 0 duration: None cls:
2019-06-08 18:58:55.924 2599 RALLYDEBUG rally.task.runner [-] Starting a worker. concurrency: 1 args: {"detailed": true, "size": 1} times: 10 method_name: run timeout: 0 duration: None cls:
2019-06-08 18:58:55.927 2600 RALLYDEBUG rally.task.runner [-] Starting a worker. concurrency: 1 args: {"detailed": true, "size": 1} times: 10 method_name: run timeout: 0 duration: None cls:
2019-06-08 18:58:55.929 2601 RALLYDEBUG rally.task.runner [-] Starting a worker. concurrency: 1 args: {"detailed": true, "size": 1} times: 10 method_name: run timeout: 0 duration: None cls:
2019-06-08 18:58:55.931 2598 INFO rally.task.runner [-] Task c25f6642-9bb4-4e31-a455-37e164dfb7d6 | ITER: 1 START
2019-06-08 18:58:55.932 2599 INFO rally.task.runner [-] Task c25f6642-9bb4-4e31-a455-37e164dfb7d6 | ITER: 2 START
2019-06-08 18:58:55.935 2600 INFO rally.task.runner [-] Task c25f6642-9bb4-4e31-a455-37e164dfb7d6 | ITER: 3 START
2019-06-08 18:58:55.936 2601 INFO rally.task.runner [-] Task c25f6642-9bb4-4e31-a455-37e164dfb7d6 | ITER: 4 START
2019-06-08 18:58:59.737 2599 INFO rally.task.runner [-] Task c25f6642-9bb4-4e31-a455-37e164dfb7d6 | ITER: 2 END: OK
2019-06-08 18:58:59.742 2599 INFO rally.task.runner [-] Task c25f6642-9bb4-4e31-a455-37e164dfb7d6 | ITER: 5 START
2019-06-08 18:58:59.749 2600 INFO rally.task.runner [-] Task c25f6642-9bb4-4e31-a455-37e164dfb7d6 | ITER: 3 END: OK
2019-06-08 18:58:59.755 2600 INFO rally.task.runner [-] Task c25f6642-9bb4-4e31-a455-37e164dfb7d6 | ITER: 6 START
2019-06-08 18:58:59.938 2601 INFO rally.task.runner [-] Task c25f6642-9bb4-4e31-a455-37e164dfb7d6 | ITER: 4 END: OK
2019-06-08 18:58:59.944 2601 INFO rally.task.runner [-] Task c25f6642-9bb4-4e31-a455-37e164dfb7d6 | ITER: 7 START
2019-06-08 18:59:00.071 2598 INFO rally.task.runner [-] Task c25f6642-9bb4-4e31-a455-37e164dfb7d6 | ITER: 1 END: OK
2019-06-08 18:59:00.076 2598 INFO rally.task.runner [-] Task c25f6642-9bb4-4e31-a455-37e164dfb7d6 | ITER: 8 START
2019-06-08 18:59:03.571 2600 INFO rally.task.runner [-] Task c25f6642-9bb4-4e31-a455-37e164dfb7d6 | ITER: 6 END: OK
2019-06-08 18:59:03.576 2600 INFO rally.task.runner [-] Task c25f6642-9bb4-4e31-a455-37e164dfb7d6 | ITER: 9 START
2019-06-08 18:59:03.757 2599 INFO rally.task.runner [-] Task c25f6642-9bb4-4e31-a455-37e164dfb7d6 | ITER: 5 END: OK
2019-06-08 18:59:03.761 2599 INFO rally.task.runner [-] Task c25f6642-9bb4-4e31-a455-37e164dfb7d6 | ITER: 10 START
2019-06-08 18:59:03.843 2601 INFO rally.task.runner [-] Task c25f6642-9bb4-4e31-a455-37e164dfb7d6 | ITER: 7 END: OK
2019-06-08 18:59:03.933 2598 INFO rally.task.runner [-] Task c25f6642-9bb4-4e31-a455-37e164dfb7d6 | ITER: 8 END: OK
2019-06-08 18:59:07.470 2600 INFO rally.task.runner [-] Task c25f6642-9bb4-4e31-a455-37e164dfb7d6 | ITER: 9 END: OK
2019-06-08 18:59:07.863 2599 INFO rally.task.runner [-] Task c25f6642-9bb4-4e31-a455-37e164dfb7d6 | ITER: 10 END: OK
2019-06-08 18:59:07.886 1842 INFO rally.task.context [-] Task c25f6642-9bb4-4e31-a455-37e164dfb7d6 | Context cleanup@openstack cleanup() started
2019-06-08 18:59:07.888 1842 RALLYDEBUG rally_openstack.cleanup.manager [-] Cleaning up cinder backups objects
2019-06-08 18:59:10.090 1842 RALLYDEBUG rally_openstack.cleanup.manager [-] Cleaning up cinder volume_snapshots objects
2019-06-08 18:59:12.219 1842 RALLYDEBUG rally_openstack.cleanup.manager [-] Cleaning up cinder transfers objects
2019-06-08 18:59:14.448 1842 RALLYDEBUG rally_openstack.cleanup.manager [-] Cleaning up cinder volumes objects
2019-06-08 18:59:16.680 1842 RALLYDEBUG rally_openstack.cleanup.manager [-] Deleting cinder.volumes object s_rally_51ab7fc1_9DVHLnMa (a2725953-fee7-4aee-ba5d-7f94ee1940de)
2019-06-08 18:59:16.681 1842 RALLYDEBUG rally_openstack.cleanup.manager [-] Deleting cinder.volumes object s_rally_51ab7fc1_shNy8CU5 (81ac4142-38cf-4fe1-882d-33030bfac382)
2019-06-08 18:59:16.685 1842 RALLYDEBUG rally_openstack.cleanup.manager [-] Deleting cinder.volumes object s_rally_51ab7fc1_I5xaL5GB (c81db98e-e32c-43b2-a78e-3a981377fd85)
2019-06-08 18:59:16.687 1842 RALLYDEBUG rally_openstack.cleanup.manager [-] Deleting cinder.volumes object s_rally_51ab7fc1_U0tWCvn4 (33b1132e-ee26-407b-91c2-9c357b57549d)
2019-06-08 18:59:16.689 1842 RALLYDEBUG rally_openstack.cleanup.manager [-] Deleting cinder.volumes object s_rally_51ab7fc1_9cEuYT4q (2b5b3022-57c7-4aeb-a932-ce0d25dc70de)
2019-06-08 18:59:16.700 1842 RALLYDEBUG rally_openstack.cleanup.manager [-] Deleting cinder.volumes object s_rally_51ab7fc1_T0EsmaC2 (023a1cf4-2da1-471c-b4c4-d4bcbc6d6c51)
2019-06-08 18:59:16.702 1842 RALLYDEBUG rally_openstack.cleanup.manager [-] Deleting cinder.volumes object s_rally_51ab7fc1_Z7nQ90gH (76c5e8cd-89ef-4e0d-a512-70e873ccfbb5)
2019-06-08 18:59:16.699 1842 RALLYDEBUG rally_openstack.cleanup.manager [-] Deleting cinder.volumes object s_rally_51ab7fc1_73m0ZVoh (64fc9df7-0859-464c-ad4d-e87a0671aec0)
2019-06-08 18:59:16.704 1842 RALLYDEBUG rally_openstack.cleanup.manager [-] Deleting cinder.volumes object s_rally_51ab7fc1_kcNvu6Lj (ee8c37c2-f3d1-40d5-88f4-803997e6d30d)
2019-06-08 18:59:16.714 1842 RALLYDEBUG rally_openstack.cleanup.manager [-] Deleting cinder.volumes object s_rally_51ab7fc1_TQSTLe4B (f2554b73-ca28-460a-a088-057aa39092c1)
2019-06-08 18:59:20.687 1842 INFO rally.task.context [-] Task c25f6642-9bb4-4e31-a455-37e164dfb7d6 | Context cleanup@openstack cleanup() finished in 12.80 sec
2019-06-08 18:59:20.688 1842 INFO rally.task.context [-] Task c25f6642-9bb4-4e31-a455-37e164dfb7d6 | Context quotas@openstack cleanup() started
2019-06-08 18:59:21.388 1842 INFO rally.task.context [-] Task c25f6642-9bb4-4e31-a455-37e164dfb7d6 | Context quotas@openstack cleanup() finished in 0.70 sec
2019-06-08 18:59:21.388 1842 INFO rally.task.context [-] Task c25f6642-9bb4-4e31-a455-37e164dfb7d6 | Context api_versions@openstack cleanup() started
2019-06-08 18:59:21.389 1842 INFO rally.task.context [-] Task c25f6642-9bb4-4e31-a455-37e164dfb7d6 | Context api_versions@openstack cleanup() finished in 0.29 msec
2019-06-08 18:59:21.389 1842 INFO rally.task.context [-] Task c25f6642-9bb4-4e31-a455-37e164dfb7d6 | Context users@openstack cleanup() started
2019-06-08 18:59:29.130 1842 INFO rally.task.context [-] Task c25f6642-9bb4-4e31-a455-37e164dfb7d6 | Context users@openstack cleanup() finished in 7.74 sec
2019-06-08 18:59:31.115 1842 INFO rally.task.engine [-] Load duration is: 11.928655
2019-06-08 18:59:31.116 1842 INFO rally.task.engine [-] Full runner duration is: 11.977666
2019-06-08 18:59:31.116 1842 INFO rally.task.engine [-] Full duration is: 40.206422
2019-06-08 18:59:31.305 1842 INFO rally.task.engine [-] Running workload: position = 0 config = { "version": 2, "title": "A cropped version of a bigger task.", "description": "Auto-generated task from a single workload (uuid=6e2400e8-6c40-4f65-977c-a3d28e3c4649)", "subtasks": [ { "title": "CinderVolumes.create_and_upload_volume_to_image", "description": "Create and upload a volume to image.", "scenario": { "CinderVolumes.create_and_upload_volume_to_image": { "container_format": "bare", "disk_format": "raw", "do_delete": true, "force": false, "size": 1 } }, "contexts": { "users": { "tenants": 3, "users_per_tenant": 2 }, "quotas": { "cinder": { "gigabytes": -1, "snapshots": -1, "volumes": -1 } }, "api_versions": { "cinder": { "version": 3, "service_type": "volumev3" } } }, "runner": { "constant": { "concurrency": 4, "times": 10 } }, "hooks": [], "sla": { "failure_rate": { "max": 0 } } } ] }
2019-06-08 18:59:31.330 1842 RALLYDEBUG rally_openstack.contexts.keystone.users [-] Creating 3 tenants using 20 threads
2019-06-08 18:59:33.396 1842 RALLYDEBUG rally_openstack.contexts.keystone.users [-] Creating 6 users using 20 threads
2019-06-08 18:59:36.228 1842 INFO rally.task.context [-] Task c25f6642-9bb4-4e31-a455-37e164dfb7d6 | Context users@openstack setup() finished in 4.90 sec
2019-06-08 18:59:36.664 1842 INFO rally.task.context [-] Task c25f6642-9bb4-4e31-a455-37e164dfb7d6 | Context api_versions@openstack setup() finished in 0.43 sec
2019-06-08 18:59:38.308 1842 INFO rally.task.context [-] Task c25f6642-9bb4-4e31-a455-37e164dfb7d6 | Context quotas@openstack setup() finished in 1.64 sec
2019-06-08 18:59:38.308 1842 INFO rally.task.context [-] Task c25f6642-9bb4-4e31-a455-37e164dfb7d6 | Context cleanup@openstack setup() finished in 0.01 msec
2019-06-08 18:59:38.316 1842 RALLYDEBUG rally.task.runner [-] Starting the constant runner (task UUID: c25f6642-9bb4-4e31-a455-37e164dfb7d6). timeout: 0 concurrency: 4 concurrency_per_worker: 1 times: 10 concurrency_overhead: 0 processes_to_start: 4 max_cpu_used: 16
2019-06-08 18:59:38.329 2782 RALLYDEBUG rally.task.runner [-] Starting a worker. concurrency: 1 args: {"container_format": "bare", "disk_format": "raw", "do_delete": true, "force": false, "size": 1} times: 10 method_name: run timeout: 0 duration: None cls:
2019-06-08 18:59:38.332 2783 RALLYDEBUG rally.task.runner [-] Starting a worker. concurrency: 1 args: {"container_format": "bare", "disk_format": "raw", "do_delete": true, "force": false, "size": 1} times: 10 method_name: run timeout: 0 duration: None cls:
2019-06-08 18:59:38.335 2782 INFO rally.task.runner [-] Task c25f6642-9bb4-4e31-a455-37e164dfb7d6 | ITER: 1 START
2019-06-08 18:59:38.335 2784 RALLYDEBUG rally.task.runner [-] Starting a worker. concurrency: 1 args: {"container_format": "bare", "disk_format": "raw", "do_delete": true, "force": false, "size": 1} times: 10 method_name: run timeout: 0 duration: None cls:
2019-06-08 18:59:38.338 2785 RALLYDEBUG rally.task.runner [-] Starting a worker. concurrency: 1 args: {"container_format": "bare", "disk_format": "raw", "do_delete": true, "force": false, "size": 1} times: 10 method_name: run timeout: 0 duration: None cls:
2019-06-08 18:59:38.339 2783 INFO rally.task.runner [-] Task c25f6642-9bb4-4e31-a455-37e164dfb7d6 | ITER: 2 START
2019-06-08 18:59:38.342 2784 INFO rally.task.runner [-] Task c25f6642-9bb4-4e31-a455-37e164dfb7d6 | ITER: 3 START
2019-06-08 18:59:38.345 2785 INFO rally.task.runner [-] Task c25f6642-9bb4-4e31-a455-37e164dfb7d6 | ITER: 4 START
2019-06-08 18:59:43.728 2783 RALLYDEBUG rally.task.utils [-] Waiting for resource s_rally_6e2400e8_hv63TW98. Status changed: AVAILABLE => UPLOADING in 0.250968933105
2019-06-08 18:59:43.799 2782 RALLYDEBUG rally.task.utils [-] Waiting for resource s_rally_6e2400e8_2QMDXp0P. Status changed: AVAILABLE => UPLOADING in 0.249723911285
2019-06-08 18:59:43.818 2785 RALLYDEBUG rally.task.utils [-] Waiting for resource s_rally_6e2400e8_4CaIePvw. Status changed: AVAILABLE => UPLOADING in 0.262929201126
2019-06-08 18:59:43.845 2784 RALLYDEBUG rally.task.utils [-] Waiting for resource s_rally_6e2400e8_7H4DO9V7. Status changed: AVAILABLE => UPLOADING in 0.411187887192
2019-06-08 19:00:26.556 2785 RALLYDEBUG rally.task.utils [-] Waiting for resource s_rally_6e2400e8_4CaIePvw. Status changed: UPLOADING => AVAILABLE in 42.7371668816
2019-06-08 19:00:26.618 2782 RALLYDEBUG rally.task.utils [-] Waiting for resource s_rally_6e2400e8_2QMDXp0P. Status changed: UPLOADING => AVAILABLE in 42.8190071583
2019-06-08 19:00:27.317 2785 RALLYDEBUG rally.task.utils [-] Waiting for resource s_rally_6e2400e8_4CaIePvw. Status changed: AVAILABLE => DELETING in 0.321707963943
2019-06-08 19:00:28.115 2782 RALLYDEBUG rally.task.utils [-] Waiting for resource s_rally_6e2400e8_2QMDXp0P. Status changed: AVAILABLE => DELETING in 0.0520589351654
2019-06-08 19:00:31.658 2782 INFO rally.task.runner [-] Task c25f6642-9bb4-4e31-a455-37e164dfb7d6 | ITER: 1 END: OK
2019-06-08 19:00:31.666 2782 INFO rally.task.runner [-] Task c25f6642-9bb4-4e31-a455-37e164dfb7d6 | ITER: 5 START
2019-06-08 19:00:31.775 2785 INFO rally.task.runner [-] Task c25f6642-9bb4-4e31-a455-37e164dfb7d6 | ITER: 4 END: OK
2019-06-08 19:00:31.783 2785 INFO rally.task.runner [-] Task c25f6642-9bb4-4e31-a455-37e164dfb7d6 | ITER: 6 START
2019-06-08 19:00:37.106 2782 RALLYDEBUG rally.task.utils [-] Waiting for resource s_rally_6e2400e8_K3YF7DMz. Status changed: AVAILABLE => UPLOADING in 0.0562160015106
2019-06-08 19:00:37.469 2785 RALLYDEBUG rally.task.utils [-] Waiting for resource s_rally_6e2400e8_yOjjRNAq. Status changed: AVAILABLE => UPLOADING in 0.357503890991
2019-06-08 19:00:50.866 2784 RALLYDEBUG rally.task.utils [-] Waiting for resource s_rally_6e2400e8_7H4DO9V7. Status changed: UPLOADING => AVAILABLE in 67.0206692219
2019-06-08 19:00:51.866 2783 RALLYDEBUG rally.task.utils [-] Waiting for resource s_rally_6e2400e8_hv63TW98. Status changed: UPLOADING => AVAILABLE in 68.1384549141
2019-06-08 19:00:52.230 2784 RALLYDEBUG rally.task.utils [-] Waiting for resource s_rally_6e2400e8_7H4DO9V7. Status changed: AVAILABLE => DELETING in 0.055065870285
2019-06-08 19:00:52.816 2783 RALLYDEBUG rally.task.utils [-] Waiting for resource s_rally_6e2400e8_hv63TW98. Status changed: AVAILABLE => DELETING in 0.354979991913
2019-06-08 19:00:56.214 2784 INFO rally.task.runner [-] Task c25f6642-9bb4-4e31-a455-37e164dfb7d6 | ITER: 3 END: OK
2019-06-08 19:00:56.221 2784 INFO rally.task.runner [-] Task c25f6642-9bb4-4e31-a455-37e164dfb7d6 | ITER: 7 START
2019-06-08 19:00:56.920 2783 INFO rally.task.runner [-] Task c25f6642-9bb4-4e31-a455-37e164dfb7d6 | ITER: 2 END: OK
2019-06-08 19:00:56.926 2783 INFO rally.task.runner [-] Task c25f6642-9bb4-4e31-a455-37e164dfb7d6 | ITER: 8 START
2019-06-08 19:01:02.201 2784 RALLYDEBUG rally.task.utils [-] Waiting for resource s_rally_6e2400e8_55G19cF5. Status changed: AVAILABLE => UPLOADING in 0.336319923401
2019-06-08 19:01:02.986 2783 RALLYDEBUG rally.task.utils [-] Waiting for resource s_rally_6e2400e8_upxPnYsK. Status changed: AVAILABLE => UPLOADING in 0.243287086487
2019-06-08 19:01:20.090 2782 RALLYDEBUG rally.task.utils [-] Waiting for resource s_rally_6e2400e8_K3YF7DMz. Status changed: UPLOADING => AVAILABLE in 42.9840688705
2019-06-08 19:01:20.440 2785 RALLYDEBUG rally.task.utils [-] Waiting for resource s_rally_6e2400e8_yOjjRNAq. Status changed: UPLOADING => AVAILABLE in 42.9710659981
2019-06-08 19:01:21.338 2785 RALLYDEBUG rally.task.utils [-] Waiting for resource s_rally_6e2400e8_yOjjRNAq. Status changed: AVAILABLE => DELETING in 0.0546610355377
2019-06-08 19:01:21.352 2782 RALLYDEBUG rally.task.utils [-] Waiting for resource s_rally_6e2400e8_K3YF7DMz. Status changed: AVAILABLE => DELETING in 0.350317955017
2019-06-08 19:01:25.036 2785 INFO rally.task.runner [-] Task c25f6642-9bb4-4e31-a455-37e164dfb7d6 | ITER: 6 END: OK
2019-06-08 19:01:25.043 2785 INFO rally.task.runner [-] Task c25f6642-9bb4-4e31-a455-37e164dfb7d6 | ITER: 9 START
2019-06-08 19:01:25.355 2782 INFO rally.task.runner [-] Task c25f6642-9bb4-4e31-a455-37e164dfb7d6 | ITER: 5 END: OK
2019-06-08 19:01:25.360 2782 INFO rally.task.runner [-] Task c25f6642-9bb4-4e31-a455-37e164dfb7d6 | ITER: 10 START
2019-06-08 19:01:30.885 2785 RALLYDEBUG rally.task.utils [-] Waiting for resource s_rally_6e2400e8_XAEAxxLz. Status changed: AVAILABLE => UPLOADING in 0.34862112999
2019-06-08 19:01:31.500 2782 RALLYDEBUG rally.task.utils [-] Waiting for resource s_rally_6e2400e8_WpnXK18U. Status changed: AVAILABLE => UPLOADING in 0.371564149857
2019-06-08 19:01:47.330 2784 RALLYDEBUG rally.task.utils [-] Waiting for resource s_rally_6e2400e8_55G19cF5. Status changed: UPLOADING => AVAILABLE in 45.128783226
2019-06-08 19:01:48.349 2783 RALLYDEBUG rally.task.utils [-] Waiting for resource s_rally_6e2400e8_upxPnYsK. Status changed: UPLOADING => AVAILABLE in 45.3627369404
2019-06-08 19:01:48.558 2784 RALLYDEBUG rally.task.utils [-] Waiting for resource s_rally_6e2400e8_55G19cF5. Status changed: AVAILABLE => DELETING in 0.174093008041
2019-06-08 19:01:49.824 2783 RALLYDEBUG rally.task.utils [-] Waiting for resource s_rally_6e2400e8_upxPnYsK. Status changed: AVAILABLE => DELETING in 0.339906930923
2019-06-08 19:01:53.210 2784 INFO rally.task.runner [-] Task c25f6642-9bb4-4e31-a455-37e164dfb7d6 | ITER: 7 END: OK
2019-06-08 19:01:54.659 2783 INFO rally.task.runner [-] Task c25f6642-9bb4-4e31-a455-37e164dfb7d6 | ITER: 8 END: OK
2019-06-08 19:02:09.683 2785 RALLYDEBUG rally.task.utils [-] Waiting for resource s_rally_6e2400e8_XAEAxxLz. Status changed: UPLOADING => AVAILABLE in 38.7981369495
2019-06-08 19:02:10.214 2782 RALLYDEBUG rally.task.utils [-] Waiting for resource s_rally_6e2400e8_WpnXK18U. Status changed: UPLOADING => AVAILABLE in 38.713258028
2019-06-08 19:02:11.081 2782 RALLYDEBUG rally.task.utils [-] Waiting for resource s_rally_6e2400e8_WpnXK18U. Status changed: AVAILABLE => DELETING in 0.0661540031433
2019-06-08 19:02:11.947 2785 INFO rally.task.runner [-] Task c25f6642-9bb4-4e31-a455-37e164dfb7d6 | ITER: 9 END: OK
2019-06-08 19:02:14.036 2782 INFO rally.task.runner [-] Task c25f6642-9bb4-4e31-a455-37e164dfb7d6 | ITER: 10 END: OK
2019-06-08 19:02:14.063 1842 INFO rally.task.context [-] Task c25f6642-9bb4-4e31-a455-37e164dfb7d6 | Context cleanup@openstack cleanup() started
2019-06-08 19:02:14.067 1842 RALLYDEBUG rally_openstack.cleanup.manager [-] Cleaning up cinder backups objects
2019-06-08 19:02:16.306 1842 RALLYDEBUG rally_openstack.cleanup.manager [-] Cleaning up cinder volume_snapshots objects
2019-06-08 19:02:18.532 1842 RALLYDEBUG rally_openstack.cleanup.manager [-] Cleaning up cinder transfers objects
2019-06-08 19:02:20.689 1842 RALLYDEBUG rally_openstack.cleanup.manager [-] Cleaning up cinder volumes objects
2019-06-08 19:02:22.939 1842 RALLYDEBUG rally_openstack.cleanup.manager [-] Cleaning up glance images objects
2019-06-08 19:02:26.107 1842 INFO rally.task.context [-] Task c25f6642-9bb4-4e31-a455-37e164dfb7d6 | Context cleanup@openstack cleanup() finished in 12.04 sec
2019-06-08 19:02:26.107 1842 INFO rally.task.context [-] Task c25f6642-9bb4-4e31-a455-37e164dfb7d6 | Context quotas@openstack cleanup() started
2019-06-08 19:02:26.517 1842 INFO rally.task.context [-] Task c25f6642-9bb4-4e31-a455-37e164dfb7d6 | Context quotas@openstack cleanup() finished in 0.41 sec
2019-06-08 19:02:26.517 1842 INFO rally.task.context [-] Task c25f6642-9bb4-4e31-a455-37e164dfb7d6 | Context api_versions@openstack cleanup() started
2019-06-08 19:02:26.517 1842 INFO rally.task.context [-] Task c25f6642-9bb4-4e31-a455-37e164dfb7d6 | Context api_versions@openstack cleanup() finished in 0.30 msec
2019-06-08 19:02:26.518 1842 INFO rally.task.context [-] Task c25f6642-9bb4-4e31-a455-37e164dfb7d6 | Context users@openstack cleanup() started
2019-06-08 19:02:34.624 1842 INFO rally.task.context [-] Task c25f6642-9bb4-4e31-a455-37e164dfb7d6 | Context users@openstack cleanup() finished in 8.11 sec
2019-06-08 19:02:35.982 1842 INFO rally.task.engine [-] Load duration is: 154.831587
2019-06-08 19:02:35.982 1842 INFO rally.task.engine [-] Full runner duration is: 155.747463
2019-06-08 19:02:35.982 1842 INFO rally.task.engine [-] Full duration is: 183.297198
2019-06-08 19:02:36.230 1842 INFO rally.task.engine [-] Running workload: position = 0 config = { "version": 2, "title": "A cropped version of a bigger task.", "description": "Auto-generated task from a single workload (uuid=732d0d2c-6038-4254-90bf-ec5705e26bce)", "subtasks": [ { "title": "CinderVolumes.create_nested_snapshots_and_attach_volume", "description": "Create a volume from snapshot and attach/detach the volume", "scenario": { "CinderVolumes.create_nested_snapshots_and_attach_volume": { "flavor": { "name": "rally_full-flavor_8f14737c-5517-449a-bd83-8befc0369ed3" }, "image": { "name": "rally_full-img_8f14737c-5517-449a-bd83-8befc0369ed3" }, "nested_level": 1, "size": { "max": 1, "min": 1 }, "create_vm_params": { "nics": [ { "net-id": "922ba77d-44d1-469c-8114-6e3812137f24" } ] } } }, "contexts": { "users": { "tenants": 3, "users_per_tenant": 2 }, "quotas": { "cinder": { "gigabytes": -1, "snapshots": -1, "volumes": -1 } }, "api_versions": { "cinder": { "version": 3, "service_type": "volumev3" } } }, "runner": { "constant": { "concurrency": 4, "times": 10 } }, "hooks": [], "sla": { "failure_rate": { "max": 0 } } } ] }
2019-06-08 19:02:36.255 1842 RALLYDEBUG rally_openstack.contexts.keystone.users [-] Creating 3 tenants using 20 threads
2019-06-08 19:02:38.172 1842 RALLYDEBUG rally_openstack.contexts.keystone.users [-] Creating 6 users using 20 threads
2019-06-08 19:02:41.043 1842 INFO rally.task.context [-] Task c25f6642-9bb4-4e31-a455-37e164dfb7d6 | Context users@openstack setup() finished in 4.79 sec
2019-06-08 19:02:41.465 1842 INFO rally.task.context [-] Task c25f6642-9bb4-4e31-a455-37e164dfb7d6 | Context api_versions@openstack setup() finished in 0.42 sec
2019-06-08 19:02:43.285 1842 INFO rally.task.context [-] Task c25f6642-9bb4-4e31-a455-37e164dfb7d6 | Context quotas@openstack setup() finished in 1.82 sec
2019-06-08 19:02:43.286 1842 INFO rally.task.context [-] Task c25f6642-9bb4-4e31-a455-37e164dfb7d6 | Context cleanup@openstack setup() finished in 0.01 msec
2019-06-08 19:02:44.754 1842 DEBUG novaclient.v2.client [-] REQ: curl -g -i -X GET http://172.30.9.21:8774/v2.1/flavors/detail -H "Accept: application/json" -H "User-Agent: python-novaclient" -H "X-Auth-Token: {SHA1}dee50382c89de8a5e2cacf5343576d1c1941379c" _http_log_request /usr/lib/python2.7/site-packages/keystoneauth1/session.py:448
2019-06-08 19:02:45.059 1842 DEBUG novaclient.v2.client [-] RESP: [200] Content-Encoding: gzip Content-Length: 364 Content-Type: application/json Date: Sat, 08 Jun 2019 19:02:44 GMT OpenStack-API-Version: compute 2.1 Server: Apache Vary: OpenStack-API-Version,X-OpenStack-Nova-API-Version,Accept-Encoding X-OpenStack-Nova-API-Version: 2.1 x-compute-request-id: req-1688a3a3-b310-44f1-a33c-2ed6548af531 x-openstack-request-id: req-1688a3a3-b310-44f1-a33c-2ed6548af531 _http_log_response /usr/lib/python2.7/site-packages/keystoneauth1/session.py:479
2019-06-08 19:02:45.059 1842 DEBUG novaclient.v2.client [-] RESP BODY: {"flavors": [{"name": "rally_full-flavor_8f14737c-5517-449a-bd83-8befc0369ed3", "links": [{"href": "http://172.30.9.21:8774/v2.1/flavors/27388338-aba6-4dc4-80d6-4b788ae562bd", "rel": "self"}, {"href": "http://172.30.9.21:8774/flavors/27388338-aba6-4dc4-80d6-4b788ae562bd", "rel": "bookmark"}], "ram": 512, "OS-FLV-DISABLED:disabled": false, "vcpus": 1, "swap": "", "os-flavor-access:is_public": true, "rxtx_factor": 1.0, "OS-FLV-EXT-DATA:ephemeral": 0, "disk": 1, "id": "27388338-aba6-4dc4-80d6-4b788ae562bd"}, {"name": "rally_full-flavor_alt_8f14737c-5517-449a-bd83-8befc0369ed3", "links": [{"href": "http://172.30.9.21:8774/v2.1/flavors/d6a16e45-b30c-4961-a549-a577d2aed72b", "rel": "self"}, {"href": "http://172.30.9.21:8774/flavors/d6a16e45-b30c-4961-a549-a577d2aed72b", "rel": "bookmark"}], "ram": 1024, "OS-FLV-DISABLED:disabled": false, "vcpus": 1, "swap": "", "os-flavor-access:is_public": true, "rxtx_factor": 1.0, "OS-FLV-EXT-DATA:ephemeral": 0, "disk": 1, "id": "d6a16e45-b30c-4961-a549-a577d2aed72b"}]} _http_log_response /usr/lib/python2.7/site-packages/keystoneauth1/session.py:511
2019-06-08 19:02:45.060 1842 DEBUG novaclient.v2.client [-] GET call to compute for http://172.30.9.21:8774/v2.1/flavors/detail used request id req-1688a3a3-b310-44f1-a33c-2ed6548af531 request /usr/lib/python2.7/site-packages/keystoneauth1/session.py:844
2019-06-08 19:02:45.062 1842 RALLYDEBUG rally.task.runner [-] Starting the constant runner (task UUID: c25f6642-9bb4-4e31-a455-37e164dfb7d6). timeout: 0 concurrency: 4 concurrency_per_worker: 1 times: 10 concurrency_overhead: 0 processes_to_start: 4 max_cpu_used: 16
2019-06-08 19:02:45.075 2986 RALLYDEBUG rally.task.runner [-] Starting a worker. concurrency: 1 args: {"flavor": "27388338-aba6-4dc4-80d6-4b788ae562bd", "image": "31e864e5-a623-4b90-abc1-24d62893a892", "nested_level": 1, "size": {"max": 1, "min": 1}, "create_vm_params": {"nics": [{"net-id": "922ba77d-44d1-469c-8114-6e3812137f24"}]}} times: 10 method_name: run timeout: 0 duration: None cls:
2019-06-08 19:02:45.079 2987 RALLYDEBUG rally.task.runner [-] Starting a worker. concurrency: 1 args: {"flavor": "27388338-aba6-4dc4-80d6-4b788ae562bd", "image": "31e864e5-a623-4b90-abc1-24d62893a892", "nested_level": 1, "size": {"max": 1, "min": 1}, "create_vm_params": {"nics": [{"net-id": "922ba77d-44d1-469c-8114-6e3812137f24"}]}} times: 10 method_name: run timeout: 0 duration: None cls:
2019-06-08 19:02:45.081 2988 RALLYDEBUG rally.task.runner [-] Starting a worker. concurrency: 1 args: {"flavor": "27388338-aba6-4dc4-80d6-4b788ae562bd", "image": "31e864e5-a623-4b90-abc1-24d62893a892", "nested_level": 1, "size": {"max": 1, "min": 1}, "create_vm_params": {"nics": [{"net-id": "922ba77d-44d1-469c-8114-6e3812137f24"}]}} times: 10 method_name: run timeout: 0 duration: None cls:
2019-06-08 19:02:45.083 2986 INFO rally.task.runner [-] Task c25f6642-9bb4-4e31-a455-37e164dfb7d6 | ITER: 1 START
2019-06-08 19:02:45.084 2989 RALLYDEBUG rally.task.runner [-] Starting a worker. concurrency: 1 args: {"flavor": "27388338-aba6-4dc4-80d6-4b788ae562bd", "image": "31e864e5-a623-4b90-abc1-24d62893a892", "nested_level": 1, "size": {"max": 1, "min": 1}, "create_vm_params": {"nics": [{"net-id": "922ba77d-44d1-469c-8114-6e3812137f24"}]}} times: 10 method_name: run timeout: 0 duration: None cls:
2019-06-08 19:02:45.089 2988 INFO rally.task.runner [-] Task c25f6642-9bb4-4e31-a455-37e164dfb7d6 | ITER: 3 START
2019-06-08 19:02:45.090 2987 INFO rally.task.runner [-] Task c25f6642-9bb4-4e31-a455-37e164dfb7d6 | ITER: 2 START
2019-06-08 19:02:45.092 2989 INFO rally.task.runner [-] Task c25f6642-9bb4-4e31-a455-37e164dfb7d6 | ITER: 4 START
2019-06-08 19:02:45.518 2986 DEBUG novaclient.v2.client [-] REQ: curl -g -i -X POST http://172.30.9.21:8774/v2.1/servers -H "Accept: application/json" -H "Content-Type: application/json" -H "User-Agent: python-novaclient" -H "X-Auth-Token: {SHA1}87cc4b14b1d9dd352fcd3e069685ac2ad4a0822f" -d '{"server": {"name": "s_rally_732d0d2c_UO2izDVb", "imageRef": "31e864e5-a623-4b90-abc1-24d62893a892", "flavorRef": "27388338-aba6-4dc4-80d6-4b788ae562bd", "max_count": 1, "min_count": 1, "networks": [{"uuid": "922ba77d-44d1-469c-8114-6e3812137f24"}]}}' _http_log_request /usr/lib/python2.7/site-packages/keystoneauth1/session.py:448
2019-06-08 19:02:45.520 2987 DEBUG novaclient.v2.client [-] REQ: curl -g -i -X POST http://172.30.9.21:8774/v2.1/servers -H "Accept: application/json" -H "Content-Type: application/json" -H "User-Agent: python-novaclient" -H "X-Auth-Token: {SHA1}8f3a65b9ecae511e55789599e84f5cf4fa1af1d5" -d '{"server": {"name": "s_rally_732d0d2c_4C2hdJ4G", "imageRef": "31e864e5-a623-4b90-abc1-24d62893a892", "flavorRef": "27388338-aba6-4dc4-80d6-4b788ae562bd", "max_count": 1, "min_count": 1, "networks": [{"uuid": "922ba77d-44d1-469c-8114-6e3812137f24"}]}}' _http_log_request /usr/lib/python2.7/site-packages/keystoneauth1/session.py:448
2019-06-08 19:02:45.523 2989 DEBUG novaclient.v2.client [-] REQ: curl -g -i -X POST http://172.30.9.21:8774/v2.1/servers -H "Accept: application/json" -H "Content-Type: application/json" -H "User-Agent: python-novaclient" -H "X-Auth-Token: {SHA1}cebf0945b752dbdc8278c86ef1e9b91c1daee1fe" -d '{"server": {"name": "s_rally_732d0d2c_2P6zVkzW", "imageRef": "31e864e5-a623-4b90-abc1-24d62893a892", "flavorRef": "27388338-aba6-4dc4-80d6-4b788ae562bd", "max_count": 1, "min_count": 1, "networks": [{"uuid": "922ba77d-44d1-469c-8114-6e3812137f24"}]}}' _http_log_request /usr/lib/python2.7/site-packages/keystoneauth1/session.py:448
2019-06-08 19:02:45.550 2988 DEBUG novaclient.v2.client [-] REQ: curl -g -i -X POST http://172.30.9.21:8774/v2.1/servers -H "Accept: application/json" -H "Content-Type: application/json" -H "User-Agent: python-novaclient" -H "X-Auth-Token: {SHA1}7b8c075d83aa80a28fb3f0d204d78301fdfd233e" -d '{"server": {"name": "s_rally_732d0d2c_gJHUd4Ot", "imageRef": "31e864e5-a623-4b90-abc1-24d62893a892", "flavorRef": "27388338-aba6-4dc4-80d6-4b788ae562bd", "max_count": 1, "min_count": 1, "networks": [{"uuid": "922ba77d-44d1-469c-8114-6e3812137f24"}]}}' _http_log_request /usr/lib/python2.7/site-packages/keystoneauth1/session.py:448
2019-06-08 19:02:49.479 2988 DEBUG novaclient.v2.client [-] RESP: [202] Content-Length: 374 Content-Type: application/json Date: Sat, 08 Jun 2019 19:02:45 GMT OpenStack-API-Version: compute 2.1 Server: Apache Vary: OpenStack-API-Version,X-OpenStack-Nova-API-Version X-OpenStack-Nova-API-Version: 2.1 location: http://172.30.9.21:8774/v2.1/servers/850ddf13-9212-44bf-907b-22a276267101 x-compute-request-id: req-11aee7f3-22fc-4622-8a91-a8c386cca6c1 x-openstack-request-id: req-11aee7f3-22fc-4622-8a91-a8c386cca6c1 _http_log_response /usr/lib/python2.7/site-packages/keystoneauth1/session.py:479
2019-06-08 19:02:49.480 2988 DEBUG novaclient.v2.client [-] RESP BODY: {"server": {"security_groups": [{"name": "default"}], "OS-DCF:diskConfig": "MANUAL", "id": "850ddf13-9212-44bf-907b-22a276267101", "links": [{"href": "http://172.30.9.21:8774/v2.1/servers/850ddf13-9212-44bf-907b-22a276267101", "rel": "self"}, {"href": "http://172.30.9.21:8774/servers/850ddf13-9212-44bf-907b-22a276267101", "rel": "bookmark"}], "adminPass": "9CUsSvEeRzjq"}} _http_log_response /usr/lib/python2.7/site-packages/keystoneauth1/session.py:511
2019-06-08 19:02:49.480 2988 DEBUG novaclient.v2.client [-] POST call to compute for http://172.30.9.21:8774/v2.1/servers used request id req-11aee7f3-22fc-4622-8a91-a8c386cca6c1 request /usr/lib/python2.7/site-packages/keystoneauth1/session.py:844
2019-06-08 19:02:49.625 2986 DEBUG novaclient.v2.client [-] RESP: [202] Content-Length: 374 Content-Type: application/json Date: Sat, 08 Jun 2019 19:02:45 GMT OpenStack-API-Version: compute 2.1 Server: Apache Vary: OpenStack-API-Version,X-OpenStack-Nova-API-Version X-OpenStack-Nova-API-Version: 2.1 location: http://172.30.9.21:8774/v2.1/servers/a5de96d1-fcda-4b70-9763-57066e1aded4 x-compute-request-id: req-eb7d75de-bf64-4649-b2f1-5457fb4324f2 x-openstack-request-id: req-eb7d75de-bf64-4649-b2f1-5457fb4324f2 _http_log_response /usr/lib/python2.7/site-packages/keystoneauth1/session.py:479
2019-06-08 19:02:49.626 2986 DEBUG novaclient.v2.client [-] RESP BODY: {"server": {"security_groups": [{"name": "default"}], "OS-DCF:diskConfig": "MANUAL", "id": "a5de96d1-fcda-4b70-9763-57066e1aded4", "links": [{"href": "http://172.30.9.21:8774/v2.1/servers/a5de96d1-fcda-4b70-9763-57066e1aded4", "rel": "self"}, {"href": "http://172.30.9.21:8774/servers/a5de96d1-fcda-4b70-9763-57066e1aded4", "rel": "bookmark"}], "adminPass": "b4vvLhbSnSqk"}} _http_log_response /usr/lib/python2.7/site-packages/keystoneauth1/session.py:511
2019-06-08 19:02:49.626 2986 DEBUG novaclient.v2.client [-] POST call to compute for http://172.30.9.21:8774/v2.1/servers used request id req-eb7d75de-bf64-4649-b2f1-5457fb4324f2 request /usr/lib/python2.7/site-packages/keystoneauth1/session.py:844
2019-06-08 19:02:50.132 2989 DEBUG novaclient.v2.client [-] RESP: [202] Content-Length: 374 Content-Type: application/json Date: Sat, 08 Jun 2019 19:02:45 GMT OpenStack-API-Version: compute 2.1 Server: Apache Vary: OpenStack-API-Version,X-OpenStack-Nova-API-Version X-OpenStack-Nova-API-Version: 2.1 location: http://172.30.9.21:8774/v2.1/servers/528e8ade-7667-4719-bfe8-2b9fc567168a x-compute-request-id: req-20c9ad74-c6f1-4bc8-9dd1-00eea2c2337e x-openstack-request-id: req-20c9ad74-c6f1-4bc8-9dd1-00eea2c2337e _http_log_response /usr/lib/python2.7/site-packages/keystoneauth1/session.py:479
2019-06-08 19:02:50.133 2989 DEBUG novaclient.v2.client [-] RESP BODY: {"server": {"security_groups": [{"name": "default"}], "OS-DCF:diskConfig": "MANUAL", "id": "528e8ade-7667-4719-bfe8-2b9fc567168a", "links": [{"href": "http://172.30.9.21:8774/v2.1/servers/528e8ade-7667-4719-bfe8-2b9fc567168a", "rel": "self"}, {"href": "http://172.30.9.21:8774/servers/528e8ade-7667-4719-bfe8-2b9fc567168a", "rel": "bookmark"}], "adminPass": "io9v5cQXPZko"}} _http_log_response /usr/lib/python2.7/site-packages/keystoneauth1/session.py:511
2019-06-08 19:02:50.133 2989 DEBUG novaclient.v2.client [-] POST call to compute for http://172.30.9.21:8774/v2.1/servers used request id req-20c9ad74-c6f1-4bc8-9dd1-00eea2c2337e request /usr/lib/python2.7/site-packages/keystoneauth1/session.py:844
2019-06-08 19:02:50.288 2987 DEBUG novaclient.v2.client [-] RESP: [202] Content-Length: 374 Content-Type: application/json Date: Sat, 08 Jun 2019 19:02:45 GMT OpenStack-API-Version: compute 2.1 Server: Apache Vary: OpenStack-API-Version,X-OpenStack-Nova-API-Version X-OpenStack-Nova-API-Version: 2.1 location: http://172.30.9.21:8774/v2.1/servers/c5964b3a-d99c-409e-97c3-af821e95ba67 x-compute-request-id: req-8b818f01-35f3-46a7-9b46-9063a85c76b2 x-openstack-request-id: req-8b818f01-35f3-46a7-9b46-9063a85c76b2 _http_log_response /usr/lib/python2.7/site-packages/keystoneauth1/session.py:479
2019-06-08 19:02:50.289 2987 DEBUG novaclient.v2.client [-] RESP BODY: {"server": {"security_groups": [{"name": "default"}], "OS-DCF:diskConfig": "MANUAL", "id": "c5964b3a-d99c-409e-97c3-af821e95ba67", "links": [{"href": "http://172.30.9.21:8774/v2.1/servers/c5964b3a-d99c-409e-97c3-af821e95ba67", "rel": "self"}, {"href": "http://172.30.9.21:8774/servers/c5964b3a-d99c-409e-97c3-af821e95ba67", "rel": "bookmark"}], "adminPass": "qHYWPYNPs8LL"}} _http_log_response /usr/lib/python2.7/site-packages/keystoneauth1/session.py:511
2019-06-08 19:02:50.289 2987 DEBUG novaclient.v2.client [-] POST call to compute for http://172.30.9.21:8774/v2.1/servers used request id req-8b818f01-35f3-46a7-9b46-9063a85c76b2 request /usr/lib/python2.7/site-packages/keystoneauth1/session.py:844
2019-06-08 19:02:50.484 2988 DEBUG novaclient.v2.client [-] REQ: curl -g -i -X GET http://172.30.9.21:8774/v2.1/servers/850ddf13-9212-44bf-907b-22a276267101 -H "Accept: application/json" -H "User-Agent: python-novaclient" -H "X-Auth-Token: {SHA1}7b8c075d83aa80a28fb3f0d204d78301fdfd233e" _http_log_request /usr/lib/python2.7/site-packages/keystoneauth1/session.py:448
2019-06-08 19:02:50.630 2986 DEBUG novaclient.v2.client [-] REQ: curl -g -i -X GET http://172.30.9.21:8774/v2.1/servers/a5de96d1-fcda-4b70-9763-57066e1aded4 -H "Accept: application/json" -H "User-Agent: python-novaclient" -H "X-Auth-Token: {SHA1}87cc4b14b1d9dd352fcd3e069685ac2ad4a0822f" _http_log_request /usr/lib/python2.7/site-packages/keystoneauth1/session.py:448
2019-06-08 19:02:51.071 2988 DEBUG novaclient.v2.client [-] RESP: [200] Content-Encoding: gzip Content-Length: 590 Content-Type: application/json Date: Sat, 08 Jun 2019 19:02:50 GMT OpenStack-API-Version: compute 2.1 Server: Apache Vary: OpenStack-API-Version,X-OpenStack-Nova-API-Version,Accept-Encoding X-OpenStack-Nova-API-Version: 2.1 x-compute-request-id: req-2e780cdc-a740-41df-86a0-5b0217887eaa x-openstack-request-id: req-2e780cdc-a740-41df-86a0-5b0217887eaa _http_log_response /usr/lib/python2.7/site-packages/keystoneauth1/session.py:479
2019-06-08 19:02:51.071 2988 DEBUG novaclient.v2.client [-] RESP BODY: {"server": {"OS-EXT-STS:task_state": "scheduling", "addresses": {}, "links": [{"href": "http://172.30.9.21:8774/v2.1/servers/850ddf13-9212-44bf-907b-22a276267101", "rel": "self"}, {"href": "http://172.30.9.21:8774/servers/850ddf13-9212-44bf-907b-22a276267101", "rel": "bookmark"}], "image": {"id": "31e864e5-a623-4b90-abc1-24d62893a892", "links": [{"href": "http://172.30.9.21:8774/images/31e864e5-a623-4b90-abc1-24d62893a892", "rel": "bookmark"}]}, "OS-EXT-STS:vm_state": "building", "OS-SRV-USG:launched_at": null, "flavor": {"id": "27388338-aba6-4dc4-80d6-4b788ae562bd", "links": [{"href": "http://172.30.9.21:8774/flavors/27388338-aba6-4dc4-80d6-4b788ae562bd", "rel": "bookmark"}]}, "id": "850ddf13-9212-44bf-907b-22a276267101", "user_id": "13cee23ce6094bee99260c4824fcd771", "OS-DCF:diskConfig": "MANUAL", "accessIPv4": "", "accessIPv6": "", "progress": 0, "OS-EXT-STS:power_state": 0, "OS-EXT-AZ:availability_zone": "", "config_drive": "", "status": "BUILD", "updated": "2019-06-08T19:02:50Z", "hostId": "", "OS-SRV-USG:terminated_at": null, "key_name": null, "name": "s_rally_732d0d2c_gJHUd4Ot", "created": "2019-06-08T19:02:49Z", "tenant_id": "cfa8fa511c3149e4ac0fd6c18c0c0d3a", "os-extended-volumes:volumes_attached": [], "metadata": {}}} _http_log_response /usr/lib/python2.7/site-packages/keystoneauth1/session.py:511
2019-06-08 19:02:51.072 2988 DEBUG novaclient.v2.client [-] GET call to compute for http://172.30.9.21:8774/v2.1/servers/850ddf13-9212-44bf-907b-22a276267101 used request id req-2e780cdc-a740-41df-86a0-5b0217887eaa request /usr/lib/python2.7/site-packages/keystoneauth1/session.py:844
2019-06-08 19:02:51.074 2988 DEBUG novaclient.v2.client [-] REQ: curl -g -i -X GET http://172.30.9.21:8774/v2.1/servers/850ddf13-9212-44bf-907b-22a276267101 -H "Accept: application/json" -H "User-Agent: python-novaclient" -H "X-Auth-Token: {SHA1}7b8c075d83aa80a28fb3f0d204d78301fdfd233e" _http_log_request /usr/lib/python2.7/site-packages/keystoneauth1/session.py:448
2019-06-08 19:02:51.137 2989 DEBUG novaclient.v2.client [-] REQ: curl -g -i -X GET http://172.30.9.21:8774/v2.1/servers/528e8ade-7667-4719-bfe8-2b9fc567168a -H "Accept: application/json" -H "User-Agent: python-novaclient" -H "X-Auth-Token: {SHA1}cebf0945b752dbdc8278c86ef1e9b91c1daee1fe" _http_log_request /usr/lib/python2.7/site-packages/keystoneauth1/session.py:448
2019-06-08 19:02:51.203 2986 DEBUG novaclient.v2.client [-] RESP: [200] Content-Encoding: gzip Content-Length: 588 Content-Type: application/json Date: Sat, 08 Jun 2019 19:02:50 GMT OpenStack-API-Version: compute 2.1 Server: Apache Vary: OpenStack-API-Version,X-OpenStack-Nova-API-Version,Accept-Encoding X-OpenStack-Nova-API-Version: 2.1 x-compute-request-id: req-e7101913-91a7-4871-9945-92173ac37f5d x-openstack-request-id: req-e7101913-91a7-4871-9945-92173ac37f5d _http_log_response /usr/lib/python2.7/site-packages/keystoneauth1/session.py:479
2019-06-08 19:02:51.204 2986 DEBUG novaclient.v2.client [-] RESP BODY: {"server": {"OS-EXT-STS:task_state": "scheduling", "addresses": {}, "links": [{"href": "http://172.30.9.21:8774/v2.1/servers/a5de96d1-fcda-4b70-9763-57066e1aded4", "rel": "self"}, {"href": "http://172.30.9.21:8774/servers/a5de96d1-fcda-4b70-9763-57066e1aded4", "rel": "bookmark"}], "image": {"id": "31e864e5-a623-4b90-abc1-24d62893a892", "links": [{"href": "http://172.30.9.21:8774/images/31e864e5-a623-4b90-abc1-24d62893a892", "rel": "bookmark"}]}, "OS-EXT-STS:vm_state": "building", "OS-SRV-USG:launched_at": null, "flavor": {"id": "27388338-aba6-4dc4-80d6-4b788ae562bd", "links": [{"href": "http://172.30.9.21:8774/flavors/27388338-aba6-4dc4-80d6-4b788ae562bd", "rel": "bookmark"}]}, "id": "a5de96d1-fcda-4b70-9763-57066e1aded4", "user_id": "ae33b50e6e1c41a0b2d9236c157ba290", "OS-DCF:diskConfig": "MANUAL", "accessIPv4": "", "accessIPv6": "", "progress": 0, "OS-EXT-STS:power_state": 0, "OS-EXT-AZ:availability_zone": "", "config_drive": "", "status": "BUILD", "updated": "2019-06-08T19:02:50Z", "hostId": "", "OS-SRV-USG:terminated_at": null, "key_name": null, "name": "s_rally_732d0d2c_UO2izDVb", "created": "2019-06-08T19:02:49Z", "tenant_id": "7f6f4d6d7e804814b9f4c8fee14821e7", "os-extended-volumes:volumes_attached": [], "metadata": {}}} _http_log_response /usr/lib/python2.7/site-packages/keystoneauth1/session.py:511
2019-06-08 19:02:51.204 2986 DEBUG novaclient.v2.client [-] GET call to compute for http://172.30.9.21:8774/v2.1/servers/a5de96d1-fcda-4b70-9763-57066e1aded4 used request id req-e7101913-91a7-4871-9945-92173ac37f5d request /usr/lib/python2.7/site-packages/keystoneauth1/session.py:844
2019-06-08 19:02:51.205 2986 DEBUG novaclient.v2.client [-] REQ: curl -g -i -X GET http://172.30.9.21:8774/v2.1/servers/a5de96d1-fcda-4b70-9763-57066e1aded4 -H "Accept: application/json" -H "User-Agent: python-novaclient" -H "X-Auth-Token: {SHA1}87cc4b14b1d9dd352fcd3e069685ac2ad4a0822f" _http_log_request /usr/lib/python2.7/site-packages/keystoneauth1/session.py:448
2019-06-08 19:02:51.293 2987 DEBUG novaclient.v2.client [-] REQ: curl -g -i -X GET http://172.30.9.21:8774/v2.1/servers/c5964b3a-d99c-409e-97c3-af821e95ba67 -H "Accept: application/json" -H "User-Agent: python-novaclient" -H "X-Auth-Token: {SHA1}8f3a65b9ecae511e55789599e84f5cf4fa1af1d5" _http_log_request /usr/lib/python2.7/site-packages/keystoneauth1/session.py:448
