2019-06-08 19:19:05.750 6399 DEBUG cinderclient.v2.client [-] RESP: [202] Content-Length: 0 Content-Type: text/html; charset=UTF-8 Date: Sat, 08 Jun 2019 19:19:05 GMT OpenStack-API-Version: volume 3.0 Server: Apache Vary: OpenStack-API-Version x-openstack-request-id: req-70cfebd1-b710-4ec4-987c-262296d0bb9b _http_log_response /usr/lib/python2.7/site-packages/keystoneauth1/session.py:479
2019-06-08 19:19:05.751 6399 DEBUG cinderclient.v2.client [-] RESP BODY: Omitted, Content-Type is set to text/html; charset=UTF-8. Only application/json responses have their bodies logged. _http_log_response /usr/lib/python2.7/site-packages/keystoneauth1/session.py:511
2019-06-08 19:19:05.751 6399 DEBUG cinderclient.v2.client [-] POST call to volumev2 for http://172.30.9.21:8776/v3/7d3dfe815d43480eb88b6b9d35e85c97/types/58a4a0a8-9a72-481b-a61b-bee71d46f06c/action used request id req-70cfebd1-b710-4ec4-987c-262296d0bb9b request /usr/lib/python2.7/site-packages/keystoneauth1/session.py:844
2019-06-08 19:19:05.752 6399 DEBUG cinderclient.v2.client [-] REQ: curl -g -i -X GET http://172.30.9.21:8776/v3/7d3dfe815d43480eb88b6b9d35e85c97/types/58a4a0a8-9a72-481b-a61b-bee71d46f06c/os-volume-type-access -H "Accept: application/json" -H "User-Agent: python-cinderclient" -H "X-Auth-Token: {SHA1}01ec8a19f37508bac86c0848d60741f62a36d06f" -H "X-OpenStack-Request-ID: req-ecb4db97-c37e-4387-a12a-93782774b070" _http_log_request /usr/lib/python2.7/site-packages/keystoneauth1/session.py:448
2019-06-08 19:19:05.999 6401 DEBUG cinderclient.v2.client [-] RESP: [200] Content-Encoding: gzip Content-Length: 128 Content-Type: application/json Date: Sat, 08 Jun 2019 19:19:05 GMT OpenStack-API-Version: volume 3.0 Server: Apache Vary: OpenStack-API-Version,Accept-Encoding x-compute-request-id: req-c4a988d0-c61d-4c8d-833b-29c7adeefc05 x-openstack-request-id: req-c4a988d0-c61d-4c8d-833b-29c7adeefc05 _http_log_response /usr/lib/python2.7/site-packages/keystoneauth1/session.py:479
2019-06-08 19:19:05.999 6401 DEBUG cinderclient.v2.client [-] RESP BODY: {"volume_type_access": [{"volume_type_id": "80a2b6c6-5fcf-400b-9f2d-254047dcf664", "project_id": "ec49290c6b8b4bbc9d1e12ef524051e9"}]} _http_log_response /usr/lib/python2.7/site-packages/keystoneauth1/session.py:511
2019-06-08 19:19:06.000 6401 DEBUG cinderclient.v2.client [-] GET call to volumev2 for http://172.30.9.21:8776/v3/7d3dfe815d43480eb88b6b9d35e85c97/types/80a2b6c6-5fcf-400b-9f2d-254047dcf664/os-volume-type-access used request id req-c4a988d0-c61d-4c8d-833b-29c7adeefc05 request /usr/lib/python2.7/site-packages/keystoneauth1/session.py:844
2019-06-08 19:19:06.000 6401 INFO rally.task.runner [-] Task c25f6642-9bb4-4e31-a455-37e164dfb7d6 | ITER: 9 END: OK
2019-06-08 19:19:06.072 6399 DEBUG cinderclient.v2.client [-] RESP: [200] Content-Encoding: gzip Content-Length: 131 Content-Type: application/json Date: Sat, 08 Jun 2019 19:19:05 GMT OpenStack-API-Version: volume 3.0 Server: Apache Vary: OpenStack-API-Version,Accept-Encoding x-compute-request-id: req-5059cd84-30fa-4110-84cc-1d16306ba897 x-openstack-request-id: req-5059cd84-30fa-4110-84cc-1d16306ba897 _http_log_response /usr/lib/python2.7/site-packages/keystoneauth1/session.py:479
2019-06-08 19:19:06.073 6399 DEBUG cinderclient.v2.client [-] RESP BODY: {"volume_type_access": [{"volume_type_id": "58a4a0a8-9a72-481b-a61b-bee71d46f06c", "project_id": "83ee0dc33c85427bb6b098df9840f748"}]} _http_log_response /usr/lib/python2.7/site-packages/keystoneauth1/session.py:511
2019-06-08 19:19:06.073 6399 DEBUG cinderclient.v2.client [-] GET call to volumev2 for http://172.30.9.21:8776/v3/7d3dfe815d43480eb88b6b9d35e85c97/types/58a4a0a8-9a72-481b-a61b-bee71d46f06c/os-volume-type-access used request id req-5059cd84-30fa-4110-84cc-1d16306ba897 request /usr/lib/python2.7/site-packages/keystoneauth1/session.py:844
2019-06-08 19:19:06.074 6399 INFO rally.task.runner [-] Task c25f6642-9bb4-4e31-a455-37e164dfb7d6 | ITER: 10 END: OK
2019-06-08 19:19:06.095 1842 INFO rally.task.context [-] Task c25f6642-9bb4-4e31-a455-37e164dfb7d6 | Context admin_cleanup@openstack cleanup() started
2019-06-08 19:19:06.097 1842 RALLYDEBUG rally_openstack.cleanup.manager [-] Cleaning up cinder volume_types objects
2019-06-08 19:19:06.901 1842 RALLYDEBUG rally_openstack.cleanup.manager [-] Deleting cinder.volume_types object s_rally_9f67e507_cq408knf (02c4287a-ff22-4d0e-8736-a9fc1685ed9b)
2019-06-08 19:19:06.902 1842 RALLYDEBUG rally_openstack.cleanup.manager [-] Deleting cinder.volume_types object s_rally_9f67e507_ckUZC5Ui (58a4a0a8-9a72-481b-a61b-bee71d46f06c)
2019-06-08 19:19:06.905 1842 RALLYDEBUG rally_openstack.cleanup.manager [-] Deleting cinder.volume_types object s_rally_9f67e507_sqy1ijCw (abeac525-f533-4a69-92a5-81f5c4073e6f)
2019-06-08 19:19:06.907 1842 RALLYDEBUG rally_openstack.cleanup.manager [-] Deleting cinder.volume_types object s_rally_9f67e507_wUxhMxid (80a2b6c6-5fcf-400b-9f2d-254047dcf664)
2019-06-08 19:19:06.911 1842 RALLYDEBUG rally_openstack.cleanup.manager [-] Deleting cinder.volume_types object s_rally_9f67e507_H5M2Hp3b (0be5756f-12fb-4984-860e-c5f1e0663700)
2019-06-08 19:19:06.911 1842 RALLYDEBUG rally_openstack.cleanup.manager [-] Deleting cinder.volume_types object s_rally_9f67e507_rtNKFE3O (a594f1c1-da3e-433a-85c3-3c0e4fdfb156)
2019-06-08 19:19:06.912 1842 RALLYDEBUG rally_openstack.cleanup.manager [-] Deleting cinder.volume_types object s_rally_9f67e507_BERNns4Y (f89bcb10-2b67-4296-9f46-26959c54a14d)
2019-06-08 19:19:06.917 1842 RALLYDEBUG rally_openstack.cleanup.manager [-] Deleting cinder.volume_types object s_rally_9f67e507_l3cCtATs (1dce0925-0aa8-4276-8c1e-2c9ae902579d)
2019-06-08 19:19:06.929 1842 RALLYDEBUG rally_openstack.cleanup.manager [-] Deleting cinder.volume_types object s_rally_9f67e507_yHxPXnNi (52e83c08-99fa-490a-8d03-629573ffc280)
2019-06-08 19:19:06.948 1842 RALLYDEBUG rally_openstack.cleanup.manager [-] Deleting cinder.volume_types object s_rally_9f67e507_uRpztiFw (ccdafb2d-b6bb-46b0-ab14-9a86f8b76343)
2019-06-08 19:19:09.315 1842 RALLYDEBUG rally_openstack.cleanup.manager [-] Cleaning up cinder image_volumes_cache objects
2019-06-08 19:19:10.626 1842 RALLYDEBUG rally_openstack.cleanup.manager [-] Cleaning up cinder quotas objects
2019-06-08 19:19:12.458 1842 RALLYDEBUG rally_openstack.cleanup.manager [-] Cleaning up cinder qos_specs objects
2019-06-08 19:19:13.226 1842 INFO rally.task.context [-] Task c25f6642-9bb4-4e31-a455-37e164dfb7d6 | Context admin_cleanup@openstack cleanup() finished in 7.13 sec
2019-06-08 19:19:13.227 1842 INFO rally.task.context [-] Task c25f6642-9bb4-4e31-a455-37e164dfb7d6 | Context api_versions@openstack cleanup() started
2019-06-08 19:19:13.227 1842 INFO rally.task.context [-] Task c25f6642-9bb4-4e31-a455-37e164dfb7d6 | Context api_versions@openstack cleanup() finished in 0.34 msec
2019-06-08 19:19:13.227 1842 INFO rally.task.context [-] Task c25f6642-9bb4-4e31-a455-37e164dfb7d6 | Context users@openstack cleanup() started
2019-06-08 19:19:22.055 1842 INFO rally.task.context [-] Task c25f6642-9bb4-4e31-a455-37e164dfb7d6 | Context users@openstack cleanup() finished in 8.83 sec
2019-06-08 19:19:22.990 1842 INFO rally.task.engine [-] Load duration is: 3.944925
2019-06-08 19:19:22.990 1842 INFO rally.task.engine [-] Full runner duration is: 3.988534
2019-06-08 19:19:22.990 1842 INFO rally.task.engine [-] Full duration is: 25.233253
2019-06-08 19:19:23.203 1842 INFO rally.task.engine [-] Task c25f6642-9bb4-4e31-a455-37e164dfb7d6 | Completed: Running task.
2019-06-08 19:19:24.332 6540 RALLYDEBUG rally.api [-] INFO logs from urllib3 and requests module are hide.
2019-06-08 19:19:24.332 6540 RALLYDEBUG rally.api [-] urllib3 insecure warnings are hidden.
2019-06-08 19:19:24.332 6540 RALLYDEBUG rally.api [-] ERROR log from boto module is hide.
2019-06-08 19:19:25.187 6541 RALLYDEBUG rally.api [-] INFO logs from urllib3 and requests module are hide.
2019-06-08 19:19:25.187 6541 RALLYDEBUG rally.api [-] urllib3 insecure warnings are hidden.
2019-06-08 19:19:25.187 6541 RALLYDEBUG rally.api [-] ERROR log from boto module is hide.
2019-06-08 19:19:26.301 6541 INFO rally.api [-] Building 'json' report for the following task(s): 'c25f6642-9bb4-4e31-a455-37e164dfb7d6'.
2019-06-08 19:19:26.343 6541 INFO rally.api [-] The report has been successfully built.
2019-06-08 19:19:27.115 6543 RALLYDEBUG rally.api [-] INFO logs from urllib3 and requests module are hide.
2019-06-08 19:19:27.115 6543 RALLYDEBUG rally.api [-] urllib3 insecure warnings are hidden.
2019-06-08 19:19:27.115 6543 RALLYDEBUG rally.api [-] ERROR log from boto module is hide.
2019-06-08 19:19:28.495 6543 INFO rally.task.engine [-] Task e1c45a0b-3ce6-4700-8cfb-164956a47445 | Starting: Task validation.
2019-06-08 19:19:28.527 6543 INFO rally.task.engine [-] Task e1c45a0b-3ce6-4700-8cfb-164956a47445 | Starting: Task validation of syntax.
2019-06-08 19:19:28.709 6543 INFO rally.task.engine [-] Task e1c45a0b-3ce6-4700-8cfb-164956a47445 | Completed: Task validation of syntax.
2019-06-08 19:19:28.710 6543 INFO rally.task.engine [-] Task e1c45a0b-3ce6-4700-8cfb-164956a47445 | Starting: Task validation of required platforms.
2019-06-08 19:19:28.778 6543 INFO rally.task.engine [-] Task e1c45a0b-3ce6-4700-8cfb-164956a47445 | Completed: Task validation of required platforms.
2019-06-08 19:19:28.778 6543 INFO rally.task.engine [-] Task e1c45a0b-3ce6-4700-8cfb-164956a47445 | Starting: Task validation of semantic.
2019-06-08 19:19:28.779 6543 INFO rally.task.engine [-] Check health of the environment 'b637a3b2-b57e-45ba-98e0-1c92ba1bc22b'.
2019-06-08 19:19:29.604 6543 INFO rally.task.engine [-] Platform existing@openstack (available: True): OK!
2019-06-08 19:19:29.623 6543 RALLYDEBUG rally_openstack.contexts.keystone.users [-] Creating 1 tenants using 20 threads
2019-06-08 19:19:31.511 6543 RALLYDEBUG rally_openstack.contexts.keystone.users [-] Creating 1 users using 20 threads
2019-06-08 19:19:34.329 6543 INFO rally.task.context [-] Task e1c45a0b-3ce6-4700-8cfb-164956a47445 | Context users@openstack setup() finished in 4.71 sec
2019-06-08 19:19:41.631 6543 INFO rally.task.context [-] Task e1c45a0b-3ce6-4700-8cfb-164956a47445 | Context users@openstack cleanup() started
2019-06-08 19:19:46.875 6543 INFO rally.task.context [-] Task e1c45a0b-3ce6-4700-8cfb-164956a47445 | Context users@openstack cleanup() finished in 5.24 sec
2019-06-08 19:19:46.876 6543 INFO rally.task.engine [-] Task e1c45a0b-3ce6-4700-8cfb-164956a47445 | Completed: Task validation of semantic.
2019-06-08 19:19:46.876 6543 INFO rally.task.engine [-] Task e1c45a0b-3ce6-4700-8cfb-164956a47445 | Completed: Task validation.
2019-06-08 19:19:46.877 6543 INFO rally.api [-] Task e1c45a0b-3ce6-4700-8cfb-164956a47445 input file is valid.
2019-06-08 19:19:46.877 6543 INFO rally.api [-] Run Task e1c45a0b-3ce6-4700-8cfb-164956a47445 against Deployment b637a3b2-b57e-45ba-98e0-1c92ba1bc22b
2019-06-08 19:19:46.877 6543 INFO rally.task.engine [-] Task e1c45a0b-3ce6-4700-8cfb-164956a47445 | Starting: Running task.
2019-06-08 19:19:47.005 6543 INFO rally.task.engine [-] Running workload: position = 0 config = { "version": 2, "title": "A cropped version of a bigger task.", "description": "Auto-generated task from a single workload (uuid=51dd0a44-d667-4c1e-86a0-43eb9b6796e9)", "subtasks": [ { "title": "Gnocchi.list_capabilities", "description": "List supported aggregation methods.", "scenario": { "Gnocchi.list_capabilities": {} }, "contexts": { "users": { "tenants": 3, "users_per_tenant": 2 } }, "runner": { "constant": { "concurrency": 4, "times": 10 } }, "hooks": [], "sla": { "failure_rate": { "max": 0 } } } ] }
2019-06-08 19:19:47.028 6543 RALLYDEBUG rally_openstack.contexts.keystone.users [-] Creating 3 tenants using 20 threads
2019-06-08 19:19:49.070 6543 RALLYDEBUG rally_openstack.contexts.keystone.users [-] Creating 6 users using 20 threads
2019-06-08 19:19:51.949 6543 INFO rally.task.context [-] Task e1c45a0b-3ce6-4700-8cfb-164956a47445 | Context users@openstack setup() finished in 4.92 sec
2019-06-08 19:19:51.960 6543 RALLYDEBUG rally.task.runner [-] Starting the constant runner (task UUID: e1c45a0b-3ce6-4700-8cfb-164956a47445). timeout: 0 concurrency: 4 concurrency_per_worker: 1 times: 10 concurrency_overhead: 0 processes_to_start: 4 max_cpu_used: 16
2019-06-08 19:19:51.977 6667 RALLYDEBUG rally.task.runner [-] Starting a worker. concurrency: 1 args: {} times: 10 method_name: run timeout: 0 duration: None cls:
2019-06-08 19:19:51.979 6668 RALLYDEBUG rally.task.runner [-] Starting a worker. concurrency: 1 args: {} times: 10 method_name: run timeout: 0 duration: None cls:
2019-06-08 19:19:51.982 6669 RALLYDEBUG rally.task.runner [-] Starting a worker. concurrency: 1 args: {} times: 10 method_name: run timeout: 0 duration: None cls:
2019-06-08 19:19:51.985 6667 INFO rally.task.runner [-] Task e1c45a0b-3ce6-4700-8cfb-164956a47445 | ITER: 1 START
2019-06-08 19:19:51.985 6670 RALLYDEBUG rally.task.runner [-] Starting a worker. concurrency: 1 args: {} times: 10 method_name: run timeout: 0 duration: None cls:
2019-06-08 19:19:51.986 6668 INFO rally.task.runner [-] Task e1c45a0b-3ce6-4700-8cfb-164956a47445 | ITER: 2 START
2019-06-08 19:19:51.988 6669 INFO rally.task.runner [-] Task e1c45a0b-3ce6-4700-8cfb-164956a47445 | ITER: 3 START
2019-06-08 19:19:51.990 6670 INFO rally.task.runner [-] Task e1c45a0b-3ce6-4700-8cfb-164956a47445 | ITER: 4 START
2019-06-08 19:19:52.705 6668 INFO rally.task.runner [-] Task e1c45a0b-3ce6-4700-8cfb-164956a47445 | ITER: 2 END: OK
2019-06-08 19:19:52.705 6667 INFO rally.task.runner [-] Task e1c45a0b-3ce6-4700-8cfb-164956a47445 | ITER: 1 END: OK
2019-06-08 19:19:52.706 6669 INFO rally.task.runner [-] Task e1c45a0b-3ce6-4700-8cfb-164956a47445 | ITER: 3 END: OK
2019-06-08 19:19:52.708 6670 INFO rally.task.runner [-] Task e1c45a0b-3ce6-4700-8cfb-164956a47445 | ITER: 4 END: OK
2019-06-08 19:19:52.709 6667 INFO rally.task.runner [-] Task e1c45a0b-3ce6-4700-8cfb-164956a47445 | ITER: 6 START
2019-06-08 19:19:52.709 6668 INFO rally.task.runner [-] Task e1c45a0b-3ce6-4700-8cfb-164956a47445 | ITER: 5 START
2019-06-08 19:19:52.710 6669 INFO rally.task.runner [-] Task e1c45a0b-3ce6-4700-8cfb-164956a47445 | ITER: 7 START
2019-06-08 19:19:52.712 6670 INFO rally.task.runner [-] Task e1c45a0b-3ce6-4700-8cfb-164956a47445 | ITER: 8 START
2019-06-08 19:19:53.406 6669 INFO rally.task.runner [-] Task e1c45a0b-3ce6-4700-8cfb-164956a47445 | ITER: 7 END: OK
2019-06-08 19:19:53.409 6669 INFO rally.task.runner [-] Task e1c45a0b-3ce6-4700-8cfb-164956a47445 | ITER: 9 START
2019-06-08 19:19:53.423 6668 INFO rally.task.runner [-] Task e1c45a0b-3ce6-4700-8cfb-164956a47445 | ITER: 5 END: OK
2019-06-08 19:19:53.425 6668 INFO rally.task.runner [-] Task e1c45a0b-3ce6-4700-8cfb-164956a47445 | ITER: 10 START
2019-06-08 19:19:53.434 6667 INFO rally.task.runner [-] Task e1c45a0b-3ce6-4700-8cfb-164956a47445 | ITER: 6 END: OK
2019-06-08 19:19:53.514 6670 INFO rally.task.runner [-] Task e1c45a0b-3ce6-4700-8cfb-164956a47445 | ITER: 8 END: OK
2019-06-08 19:19:54.123 6669 INFO rally.task.runner [-] Task e1c45a0b-3ce6-4700-8cfb-164956a47445 | ITER: 9 END: OK
2019-06-08 19:19:54.158 6668 INFO rally.task.runner [-] Task e1c45a0b-3ce6-4700-8cfb-164956a47445 | ITER: 10 END: OK
2019-06-08 19:19:54.178 6543 INFO rally.task.context [-] Task e1c45a0b-3ce6-4700-8cfb-164956a47445 | Context users@openstack cleanup() started
2019-06-08 19:20:02.034 6543 INFO rally.task.context [-] Task e1c45a0b-3ce6-4700-8cfb-164956a47445 | Context users@openstack cleanup() finished in 7.86 sec
2019-06-08 19:20:03.115 6543 INFO rally.task.engine [-] Load duration is: 2.170723
2019-06-08 19:20:03.116 6543 INFO rally.task.engine [-] Full runner duration is: 2.21857
2019-06-08 19:20:03.116 6543 INFO rally.task.engine [-] Full duration is: 15.008768
2019-06-08 19:20:03.329 6543 INFO rally.task.engine [-] Running workload: position = 0 config = { "version": 2, "title": "A cropped version of a bigger task.", "description": "Auto-generated task from a single workload (uuid=2843f367-bf7b-4ce4-93fd-1e065d326010)", "subtasks": [ { "title": "Gnocchi.get_status", "description": "Get the status of measurements processing.", "scenario": { "Gnocchi.get_status": { "detailed": false } }, "contexts": { "users": { "tenants": 3, "users_per_tenant": 2 } }, "runner": { "constant": { "concurrency": 4, "times": 10 } }, "hooks": [], "sla": { "failure_rate": { "max": 0 } } } ] }
2019-06-08 19:20:03.352 6543 RALLYDEBUG rally_openstack.contexts.keystone.users [-] Creating 3 tenants using 20 threads
2019-06-08 19:20:05.268 6543 RALLYDEBUG rally_openstack.contexts.keystone.users [-] Creating 6 users using 20 threads
2019-06-08 19:20:08.108 6543 INFO rally.task.context [-] Task e1c45a0b-3ce6-4700-8cfb-164956a47445 | Context users@openstack setup() finished in 4.76 sec
2019-06-08 19:20:08.115 6543 RALLYDEBUG rally.task.runner [-] Starting the constant runner (task UUID: e1c45a0b-3ce6-4700-8cfb-164956a47445). timeout: 0 concurrency: 4 concurrency_per_worker: 1 times: 10 concurrency_overhead: 0 processes_to_start: 4 max_cpu_used: 16
2019-06-08 19:20:08.127 6771 RALLYDEBUG rally.task.runner [-] Starting a worker. concurrency: 1 args: {"detailed": false} times: 10 method_name: run timeout: 0 duration: None cls:
2019-06-08 19:20:08.130 6772 RALLYDEBUG rally.task.runner [-] Starting a worker. concurrency: 1 args: {"detailed": false} times: 10 method_name: run timeout: 0 duration: None cls:
2019-06-08 19:20:08.133 6773 RALLYDEBUG rally.task.runner [-] Starting a worker. concurrency: 1 args: {"detailed": false} times: 10 method_name: run timeout: 0 duration: None cls:
2019-06-08 19:20:08.133 6771 INFO rally.task.runner [-] Task e1c45a0b-3ce6-4700-8cfb-164956a47445 | ITER: 1 START
2019-06-08 19:20:08.135 6774 RALLYDEBUG rally.task.runner [-] Starting a worker. concurrency: 1 args: {"detailed": false} times: 10 method_name: run timeout: 0 duration: None cls:
2019-06-08 19:20:08.136 6772 INFO rally.task.runner [-] Task e1c45a0b-3ce6-4700-8cfb-164956a47445 | ITER: 2 START
2019-06-08 19:20:08.139 6773 INFO rally.task.runner [-] Task e1c45a0b-3ce6-4700-8cfb-164956a47445 | ITER: 3 START
2019-06-08 19:20:08.141 6774 INFO rally.task.runner [-] Task e1c45a0b-3ce6-4700-8cfb-164956a47445 | ITER: 4 START
2019-06-08 19:20:08.878 6772 INFO rally.task.runner [-] Task e1c45a0b-3ce6-4700-8cfb-164956a47445 | ITER: 2 END: OK
2019-06-08 19:20:08.879 6771 INFO rally.task.runner [-] Task e1c45a0b-3ce6-4700-8cfb-164956a47445 | ITER: 1 END: OK
2019-06-08 19:20:08.881 6772 INFO rally.task.runner [-] Task e1c45a0b-3ce6-4700-8cfb-164956a47445 | ITER: 5 START
2019-06-08 19:20:08.884 6771 INFO rally.task.runner [-] Task e1c45a0b-3ce6-4700-8cfb-164956a47445 | ITER: 6 START
2019-06-08 19:20:08.894 6773 INFO rally.task.runner [-] Task e1c45a0b-3ce6-4700-8cfb-164956a47445 | ITER: 3 END: OK
2019-06-08 19:20:08.899 6773 INFO rally.task.runner [-] Task e1c45a0b-3ce6-4700-8cfb-164956a47445 | ITER: 7 START
2019-06-08 19:20:08.901 6774 INFO rally.task.runner [-] Task e1c45a0b-3ce6-4700-8cfb-164956a47445 | ITER: 4 END: OK
2019-06-08 19:20:08.904 6774 INFO rally.task.runner [-] Task e1c45a0b-3ce6-4700-8cfb-164956a47445 | ITER: 8 START
2019-06-08 19:20:09.616 6774 INFO rally.task.runner [-] Task e1c45a0b-3ce6-4700-8cfb-164956a47445 | ITER: 8 END: OK
2019-06-08 19:20:09.619 6774 INFO rally.task.runner [-] Task e1c45a0b-3ce6-4700-8cfb-164956a47445 | ITER: 9 START
2019-06-08 19:20:09.628 6772 INFO rally.task.runner [-] Task e1c45a0b-3ce6-4700-8cfb-164956a47445 | ITER: 5 END: OK
2019-06-08 19:20:09.631 6772 INFO rally.task.runner [-] Task e1c45a0b-3ce6-4700-8cfb-164956a47445 | ITER: 10 START
2019-06-08 19:20:09.633 6773 INFO rally.task.runner [-] Task e1c45a0b-3ce6-4700-8cfb-164956a47445 | ITER: 7 END: OK
2019-06-08 19:20:09.634 6771 INFO rally.task.runner [-] Task e1c45a0b-3ce6-4700-8cfb-164956a47445 | ITER: 6 END: OK
2019-06-08 19:20:10.351 6774 INFO rally.task.runner [-] Task e1c45a0b-3ce6-4700-8cfb-164956a47445 | ITER: 9 END: OK
2019-06-08 19:20:10.385 6772 INFO rally.task.runner [-] Task e1c45a0b-3ce6-4700-8cfb-164956a47445 | ITER: 10 END: OK
2019-06-08 19:20:10.404 6543 INFO rally.task.context [-] Task e1c45a0b-3ce6-4700-8cfb-164956a47445 | Context users@openstack cleanup() started
2019-06-08 19:20:18.289 6543 INFO rally.task.context [-] Task e1c45a0b-3ce6-4700-8cfb-164956a47445 | Context users@openstack cleanup() finished in 7.88 sec
2019-06-08 19:20:19.433 6543 INFO rally.task.engine [-] Load duration is: 2.249598
2019-06-08 19:20:19.433 6543 INFO rally.task.engine [-] Full runner duration is: 2.289488
2019-06-08 19:20:19.434 6543 INFO rally.task.engine [-] Full duration is: 14.940369
2019-06-08 19:20:19.680 6543 INFO rally.task.engine [-] Running workload: position = 0 config = { "version": 2, "title": "A cropped version of a bigger task.", "description": "Auto-generated task from a single workload (uuid=21477442-5026-4ec2-9f74-519a7e0045f2)", "subtasks": [ { "title": "GnocchiArchivePolicyRule.list_archive_policy_rule", "description": "List archive policy rules.", "scenario": { "GnocchiArchivePolicyRule.list_archive_policy_rule": {} }, "contexts": { "users": { "tenants": 3, "users_per_tenant": 2 } }, "runner": { "constant": { "concurrency": 4, "times": 10 } }, "hooks": [], "sla": { "failure_rate": { "max": 0 } } } ] }
2019-06-08 19:20:19.699 6543 RALLYDEBUG rally_openstack.contexts.keystone.users [-] Creating 3 tenants using 20 threads
2019-06-08 19:20:21.558 6543 RALLYDEBUG rally_openstack.contexts.keystone.users [-] Creating 6 users using 20 threads
2019-06-08 19:20:24.465 6543 INFO rally.task.context [-] Task e1c45a0b-3ce6-4700-8cfb-164956a47445 | Context users@openstack setup() finished in 4.77 sec
2019-06-08 19:20:24.471 6543 RALLYDEBUG rally.task.runner [-] Starting the constant runner (task UUID: e1c45a0b-3ce6-4700-8cfb-164956a47445). timeout: 0 concurrency: 4 concurrency_per_worker: 1 times: 10 concurrency_overhead: 0 processes_to_start: 4 max_cpu_used: 16
2019-06-08 19:20:24.481 6875 RALLYDEBUG rally.task.runner [-] Starting a worker. concurrency: 1 args: {} times: 10 method_name: run timeout: 0 duration: None cls:
2019-06-08 19:20:24.482 6876 RALLYDEBUG rally.task.runner [-] Starting a worker. concurrency: 1 args: {} times: 10 method_name: run timeout: 0 duration: None cls:
2019-06-08 19:20:24.484 6877 RALLYDEBUG rally.task.runner [-] Starting a worker. concurrency: 1 args: {} times: 10 method_name: run timeout: 0 duration: None cls:
2019-06-08 19:20:24.486 6875 INFO rally.task.runner [-] Task e1c45a0b-3ce6-4700-8cfb-164956a47445 | ITER: 1 START
2019-06-08 19:20:24.486 6878 RALLYDEBUG rally.task.runner [-] Starting a worker. concurrency: 1 args: {} times: 10 method_name: run timeout: 0 duration: None cls:
2019-06-08 19:20:24.487 6876 INFO rally.task.runner [-] Task e1c45a0b-3ce6-4700-8cfb-164956a47445 | ITER: 2 START
2019-06-08 19:20:24.490 6877 INFO rally.task.runner [-] Task e1c45a0b-3ce6-4700-8cfb-164956a47445 | ITER: 3 START
2019-06-08 19:20:24.492 6878 INFO rally.task.runner [-] Task e1c45a0b-3ce6-4700-8cfb-164956a47445 | ITER: 4 START
2019-06-08 19:20:25.352 6876 INFO rally.task.runner [-] Task e1c45a0b-3ce6-4700-8cfb-164956a47445 | ITER: 2 END: OK
2019-06-08 19:20:25.357 6876 INFO rally.task.runner [-] Task e1c45a0b-3ce6-4700-8cfb-164956a47445 | ITER: 5 START
2019-06-08 19:20:25.358 6875 INFO rally.task.runner [-] Task e1c45a0b-3ce6-4700-8cfb-164956a47445 | ITER: 1 END: OK
2019-06-08 19:20:25.362 6875 INFO rally.task.runner [-] Task e1c45a0b-3ce6-4700-8cfb-164956a47445 | ITER: 6 START
2019-06-08 19:20:25.379 6878 INFO rally.task.runner [-] Task e1c45a0b-3ce6-4700-8cfb-164956a47445 | ITER: 4 END: OK
2019-06-08 19:20:25.382 6878 INFO rally.task.runner [-] Task e1c45a0b-3ce6-4700-8cfb-164956a47445 | ITER: 7 START
2019-06-08 19:20:25.401 6877 INFO rally.task.runner [-] Task e1c45a0b-3ce6-4700-8cfb-164956a47445 | ITER: 3 END: OK
2019-06-08 19:20:25.404 6877 INFO rally.task.runner [-] Task e1c45a0b-3ce6-4700-8cfb-164956a47445 | ITER: 8 START
2019-06-08 19:20:26.080 6878 INFO rally.task.runner [-] Task e1c45a0b-3ce6-4700-8cfb-164956a47445 | ITER: 7 END: OK
2019-06-08 19:20:26.082 6876 INFO rally.task.runner [-] Task e1c45a0b-3ce6-4700-8cfb-164956a47445 | ITER: 5 END: OK
2019-06-08 19:20:26.084 6875 INFO rally.task.runner [-] Task e1c45a0b-3ce6-4700-8cfb-164956a47445 | ITER: 6 END: OK
2019-06-08 19:20:26.084 6878 INFO rally.task.runner [-] Task e1c45a0b-3ce6-4700-8cfb-164956a47445 | ITER: 9 START
2019-06-08 19:20:26.086 6876 INFO rally.task.runner [-] Task e1c45a0b-3ce6-4700-8cfb-164956a47445 | ITER: 10 START
2019-06-08 19:20:26.117 6877 INFO rally.task.runner [-] Task e1c45a0b-3ce6-4700-8cfb-164956a47445 | ITER: 8 END: OK
2019-06-08 19:20:26.805 6876 INFO rally.task.runner [-] Task e1c45a0b-3ce6-4700-8cfb-164956a47445 | ITER: 10 END: OK
2019-06-08 19:20:26.817 6878 INFO rally.task.runner [-] Task e1c45a0b-3ce6-4700-8cfb-164956a47445 | ITER: 9 END: OK
2019-06-08 19:20:26.844 6543 INFO rally.task.context [-] Task e1c45a0b-3ce6-4700-8cfb-164956a47445 | Context users@openstack cleanup() started
2019-06-08 19:20:34.972 6543 INFO rally.task.context [-] Task e1c45a0b-3ce6-4700-8cfb-164956a47445 | Context users@openstack cleanup() finished in 8.13 sec
2019-06-08 19:20:35.774 6543 INFO rally.task.engine [-] Load duration is: 2.328308
2019-06-08 19:20:35.775 6543 INFO rally.task.engine [-] Full runner duration is: 2.37353
2019-06-08 19:20:35.775 6543 INFO rally.task.engine [-] Full duration is: 15.276423
2019-06-08 19:20:36.018 6543 INFO rally.task.engine [-] Running workload: position = 0 config = { "version": 2, "title": "A cropped version of a bigger task.", "description": "Auto-generated task from a single workload (uuid=28cb94a3-7cbc-445a-9a04-f7e971c49f32)", "subtasks": [ { "title": "GnocchiArchivePolicyRule.create_archive_policy_rule", "description": "Create archive policy rule.", "scenario": { "GnocchiArchivePolicyRule.create_archive_policy_rule": { "metric_pattern": "cpu_*", "archive_policy_name": "low" } }, "contexts": { "users": { "tenants": 3, "users_per_tenant": 2 } }, "runner": { "constant": { "concurrency": 4, "times": 10 } }, "hooks": [], "sla": { "failure_rate": { "max": 0 } } } ] }
2019-06-08 19:20:36.041 6543 RALLYDEBUG rally_openstack.contexts.keystone.users [-] Creating 3 tenants using 20 threads
2019-06-08 19:20:37.950 6543 RALLYDEBUG rally_openstack.contexts.keystone.users [-] Creating 6 users using 20 threads
2019-06-08 19:20:40.750 6543 INFO rally.task.context [-] Task e1c45a0b-3ce6-4700-8cfb-164956a47445 | Context users@openstack setup() finished in 4.71 sec
2019-06-08 19:20:40.751 6543 INFO rally.task.context [-] Task e1c45a0b-3ce6-4700-8cfb-164956a47445 | Context admin_cleanup@openstack setup() finished in 0.01 msec
2019-06-08 19:20:40.758 6543 RALLYDEBUG rally.task.runner [-] Starting the constant runner (task UUID: e1c45a0b-3ce6-4700-8cfb-164956a47445). timeout: 0 concurrency: 4 concurrency_per_worker: 1 times: 10 concurrency_overhead: 0 processes_to_start: 4 max_cpu_used: 16
2019-06-08 19:20:40.769 6979 RALLYDEBUG rally.task.runner [-] Starting a worker. concurrency: 1 args: {"metric_pattern": "cpu_*", "archive_policy_name": "low"} times: 10 method_name: run timeout: 0 duration: None cls:
2019-06-08 19:20:40.774 6980 RALLYDEBUG rally.task.runner [-] Starting a worker. concurrency: 1 args: {"metric_pattern": "cpu_*", "archive_policy_name": "low"} times: 10 method_name: run timeout: 0 duration: None cls:
2019-06-08 19:20:40.775 6979 INFO rally.task.runner [-] Task e1c45a0b-3ce6-4700-8cfb-164956a47445 | ITER: 1 START
2019-06-08 19:20:40.777 6981 RALLYDEBUG rally.task.runner [-] Starting a worker. concurrency: 1 args: {"metric_pattern": "cpu_*", "archive_policy_name": "low"} times: 10 method_name: run timeout: 0 duration: None cls:
2019-06-08 19:20:40.780 6980 INFO rally.task.runner [-] Task e1c45a0b-3ce6-4700-8cfb-164956a47445 | ITER: 2 START
2019-06-08 19:20:40.779 6982 RALLYDEBUG rally.task.runner [-] Starting a worker. concurrency: 1 args: {"metric_pattern": "cpu_*", "archive_policy_name": "low"} times: 10 method_name: run timeout: 0 duration: None cls:
2019-06-08 19:20:40.783 6981 INFO rally.task.runner [-] Task e1c45a0b-3ce6-4700-8cfb-164956a47445 | ITER: 3 START
2019-06-08 19:20:40.785 6982 INFO rally.task.runner [-] Task e1c45a0b-3ce6-4700-8cfb-164956a47445 | ITER: 4 START
2019-06-08 19:20:41.520 6982 INFO rally.task.runner [-] Task e1c45a0b-3ce6-4700-8cfb-164956a47445 | ITER: 4 END: OK
2019-06-08 19:20:41.524 6982 INFO rally.task.runner [-] Task e1c45a0b-3ce6-4700-8cfb-164956a47445 | ITER: 5 START
2019-06-08 19:20:41.539 6979 INFO rally.task.runner [-] Task e1c45a0b-3ce6-4700-8cfb-164956a47445 | ITER: 1 END: OK
2019-06-08 19:20:41.543 6979 INFO rally.task.runner [-] Task e1c45a0b-3ce6-4700-8cfb-164956a47445 | ITER: 6 START
2019-06-08 19:20:41.565 6980 INFO rally.task.runner [-] Task e1c45a0b-3ce6-4700-8cfb-164956a47445 | ITER: 2 END: OK
2019-06-08 19:20:41.568 6980 INFO rally.task.runner [-] Task e1c45a0b-3ce6-4700-8cfb-164956a47445 | ITER: 7 START
2019-06-08 19:20:41.577 6981 INFO rally.task.runner [-] Task e1c45a0b-3ce6-4700-8cfb-164956a47445 | ITER: 3 END: OK
2019-06-08 19:20:41.581 6981 INFO rally.task.runner [-] Task e1c45a0b-3ce6-4700-8cfb-164956a47445 | ITER: 8 START
2019-06-08 19:20:42.275 6979 INFO rally.task.runner [-] Task e1c45a0b-3ce6-4700-8cfb-164956a47445 | ITER: 6 END: OK
2019-06-08 19:20:42.279 6979 INFO rally.task.runner [-] Task e1c45a0b-3ce6-4700-8cfb-164956a47445 | ITER: 9 START
2019-06-08 19:20:42.299 6982 INFO rally.task.runner [-] Task e1c45a0b-3ce6-4700-8cfb-164956a47445 | ITER: 5 END: OK
2019-06-08 19:20:42.303 6982 INFO rally.task.runner [-] Task e1c45a0b-3ce6-4700-8cfb-164956a47445 | ITER: 10 START
2019-06-08 19:20:42.326 6981 INFO rally.task.runner [-] Task e1c45a0b-3ce6-4700-8cfb-164956a47445 | ITER: 8 END: OK
2019-06-08 19:20:42.338 6980 INFO rally.task.runner [-] Task e1c45a0b-3ce6-4700-8cfb-164956a47445 | ITER: 7 END: OK
2019-06-08 19:20:43.006 6979 INFO rally.task.runner [-] Task e1c45a0b-3ce6-4700-8cfb-164956a47445 | ITER: 9 END: OK
2019-06-08 19:20:43.054 6982 INFO rally.task.runner [-] Task e1c45a0b-3ce6-4700-8cfb-164956a47445 | ITER: 10 END: OK
2019-06-08 19:20:43.074 6543 INFO rally.task.context [-] Task e1c45a0b-3ce6-4700-8cfb-164956a47445 | Context admin_cleanup@openstack cleanup() started
2019-06-08 19:20:43.076 6543 RALLYDEBUG rally_openstack.cleanup.manager [-] Cleaning up gnocchi archive_policy_rule objects
2019-06-08 19:20:43.876 6543 RALLYDEBUG rally_openstack.cleanup.manager [-] 