2019-06-08 18:44:18.217 7 RALLYDEBUG rally.api [-] INFO logs from urllib3 and requests module are hide.
2019-06-08 18:44:18.218 7 RALLYDEBUG rally.api [-] urllib3 insecure warnings are hidden.
2019-06-08 18:44:18.218 7 RALLYDEBUG rally.api [-] ERROR log from boto module is hide.
2019-06-08 18:44:19.277 7 ERROR rally.cli.cliutils [-] Unexpected exception in CLI: DBRecordNotFound: Record for uuid or name is opnfv-rally not found in table envs
2019-06-08 18:44:19.277 7 ERROR rally.cli.cliutils
Traceback (most recent call last):
2019-06-08 18:44:19.277 7 ERROR rally.cli.cliutils
File "/usr/lib/python2.7/site-packages/rally/cli/cliutils.py", line 674, in run
2019-06-08 18:44:19.277 7 ERROR rally.cli.cliutils ret = fn(*fn_args, **fn_kwargs)
2019-06-08 18:44:19.277 7 ERROR rally.cli.cliutils File "", line 2, in destroy
2019-06-08 18:44:19.277 7 ERROR rally.cli.cliutils
File "/usr/lib/python2.7/site-packages/rally/cli/envutils.py", line 69, in default_from_global
2019-06-08 18:44:19.277 7 ERROR rally.cli.cliutils return f(*args, **kwargs)
2019-06-08 18:44:19.277 7 ERROR rally.cli.cliutils File "", line 2, in destroy
2019-06-08 18:44:19.277 7 ERROR rally.cli.cliutils
File "/usr/lib/python2.7/site-packages/rally/plugins/__init__.py", line 51, in ensure_plugins_are_loaded
2019-06-08 18:44:19.277 7 ERROR rally.cli.cliutils return f(*args, **kwargs)
2019-06-08 18:44:19.277 7 ERROR rally.cli.cliutils
File "/usr/lib/python2.7/site-packages/rally/cli/commands/deployment.py", line 140, in destroy
2019-06-08 18:44:19.277 7 ERROR rally.cli.cliutils api.deployment.destroy(deployment=deployment)
2019-06-08 18:44:19.277 7 ERROR rally.cli.cliutils
File "/usr/lib/python2.7/site-packages/rally/api.py", line 115, in destroy
2019-06-08 18:44:19.277 7 ERROR rally.cli.cliutils deploy = objects.Deployment.get(deployment)
2019-06-08 18:44:19.277 7 ERROR rally.cli.cliutils
File "/usr/lib/python2.7/site-packages/rally/common/objects/deploy.py", line 124, in get
2019-06-08 18:44:19.277 7 ERROR rally.cli.cliutils return Deployment(env_mgr.EnvManager.get(deploy))
2019-06-08 18:44:19.277 7 ERROR rally.cli.cliutils
File "/usr/lib/python2.7/site-packages/rally/env/env_mgr.py", line 212, in get
2019-06-08 18:44:19.277 7 ERROR rally.cli.cliutils return cls(db.env_get(uuid_or_name))
2019-06-08 18:44:19.277 7 ERROR rally.cli.cliutils
File "/usr/lib/python2.7/site-packages/rally/common/db/api.py", line 135, in wrapper
2019-06-08 18:44:19.277 7 ERROR rally.cli.cliutils result = f(session, *args, **kwargs)
2019-06-08 18:44:19.277 7 ERROR rally.cli.cliutils
File "/usr/lib/python2.7/site-packages/rally/common/db/api.py", line 521, in env_get
2019-06-08 18:44:19.277 7 ERROR rally.cli.cliutils criteria="uuid or name is %s" % uuid_or_name, table="envs")
2019-06-08 18:44:19.277 7 ERROR rally.cli.cliutils DBRecordNotFound: Record for uuid or name is opnfv-rally not found in table envs
2019-06-08 18:44:19.277 7 ERROR rally.cli.cliutils
2019-06-08 18:44:20.003 9 RALLYDEBUG rally.api [-] INFO logs from urllib3 and requests module are hide.
2019-06-08 18:44:20.003 9 RALLYDEBUG rally.api [-] urllib3 insecure warnings are hidden.
2019-06-08 18:44:20.003 9 RALLYDEBUG rally.api [-] ERROR log from boto module is hide.
2019-06-08 18:44:21.121 9 WARNING rally_openstack.platforms.existing [-] endpoint is deprecated and not used.
2019-06-08 18:44:22.025 11 RALLYDEBUG rally.api [-] INFO logs from urllib3 and requests module are hide.
2019-06-08 18:44:22.026 11 RALLYDEBUG rally.api [-] urllib3 insecure warnings are hidden.
2019-06-08 18:44:22.026 11 RALLYDEBUG rally.api [-] ERROR log from boto module is hide.
2019-06-08 18:44:25.464 14 RALLYDEBUG rally.api [-] INFO logs from urllib3 and requests module are hide.
2019-06-08 18:44:25.465 14 RALLYDEBUG rally.api [-] urllib3 insecure warnings are hidden.
2019-06-08 18:44:25.465 14 RALLYDEBUG rally.api [-] ERROR log from boto module is hide.
2019-06-08 18:44:26.878 16 RALLYDEBUG rally.api [-] INFO logs from urllib3 and requests module are hide.
2019-06-08 18:44:26.879 16 RALLYDEBUG rally.api [-] urllib3 insecure warnings are hidden.
2019-06-08 18:44:26.879 16 RALLYDEBUG rally.api [-] ERROR log from boto module is hide.
2019-06-08 18:44:28.201 16 INFO rally.task.engine [-] Task b1e49979-588d-4505-aa0a-85d61d823fda | Starting: Task validation.
2019-06-08 18:44:28.231 16 INFO rally.task.engine [-] Task b1e49979-588d-4505-aa0a-85d61d823fda | Starting: Task validation of syntax.
2019-06-08 18:44:28.277 16 INFO rally.task.engine [-] Task b1e49979-588d-4505-aa0a-85d61d823fda | Completed: Task validation of syntax.
2019-06-08 18:44:28.277 16 INFO rally.task.engine [-] Task b1e49979-588d-4505-aa0a-85d61d823fda | Starting: Task validation of required platforms.
2019-06-08 18:44:28.300 16 INFO rally.task.engine [-] Task b1e49979-588d-4505-aa0a-85d61d823fda | Completed: Task validation of required platforms.
2019-06-08 18:44:28.300 16 INFO rally.task.engine [-] Task b1e49979-588d-4505-aa0a-85d61d823fda | Starting: Task validation of semantic.
2019-06-08 18:44:28.300 16 INFO rally.task.engine [-] Check health of the environment 'b637a3b2-b57e-45ba-98e0-1c92ba1bc22b'.
2019-06-08 18:44:29.030 16 INFO rally.task.engine [-] Platform existing@openstack (available: True): OK!
2019-06-08 18:44:29.040 16 RALLYDEBUG rally_openstack.contexts.keystone.users [-] Creating 1 tenants using 20 threads
2019-06-08 18:44:30.879 16 RALLYDEBUG rally_openstack.contexts.keystone.users [-] Creating 1 users using 20 threads
2019-06-08 18:44:33.755 16 INFO rally.task.context [-] Task b1e49979-588d-4505-aa0a-85d61d823fda | Context users@openstack setup() finished in 4.71 sec
2019-06-08 18:44:33.802 16 INFO rally.task.context [-] Task b1e49979-588d-4505-aa0a-85d61d823fda | Context users@openstack cleanup() started
2019-06-08 18:44:38.984 16 INFO rally.task.context [-] Task b1e49979-588d-4505-aa0a-85d61d823fda | Context users@openstack cleanup() finished in 5.18 sec
2019-06-08 18:44:38.984 16 INFO rally.task.engine [-] Task b1e49979-588d-4505-aa0a-85d61d823fda | Completed: Task validation of semantic.
2019-06-08 18:44:38.984 16 INFO rally.task.engine [-] Task b1e49979-588d-4505-aa0a-85d61d823fda | Completed: Task validation.
2019-06-08 18:44:38.985 16 INFO rally.api [-] Task b1e49979-588d-4505-aa0a-85d61d823fda input file is valid.
2019-06-08 18:44:38.985 16 INFO rally.api [-] Run Task b1e49979-588d-4505-aa0a-85d61d823fda against Deployment b637a3b2-b57e-45ba-98e0-1c92ba1bc22b
2019-06-08 18:44:38.985 16 INFO rally.task.engine [-] Task b1e49979-588d-4505-aa0a-85d61d823fda | Starting: Running task.
2019-06-08 18:44:39.103 16 INFO rally.task.engine [-] Running workload: position = 0 config = { "version": 2, "title": "A cropped version of a bigger task.", "description": "Auto-generated task from a single workload (uuid=ece057bc-8f9a-4c36-9635-95999d596f9e)", "subtasks": [ { "title": "Authenticate.keystone", "description": "Check Keystone Client.", "scenario": { "Authenticate.keystone": {} }, "contexts": { "users": { "tenants": 3, "users_per_tenant": 2 } }, "runner": { "constant": { "concurrency": 4, "times": 10 } }, "hooks": [], "sla": { "failure_rate": { "max": 0 } } } ] }
2019-06-08 18:44:39.123 16 RALLYDEBUG rally_openstack.contexts.keystone.users [-] Creating 3 tenants using 20 threads
2019-06-08 18:44:41.047 16 RALLYDEBUG rally_openstack.contexts.keystone.users [-] Creating 6 users using 20 threads
2019-06-08 18:44:43.860 16 INFO rally.task.context [-] Task b1e49979-588d-4505-aa0a-85d61d823fda | Context users@openstack setup() finished in 4.74 sec
2019-06-08 18:44:43.867 16 RALLYDEBUG rally.task.runner [-] Starting the constant runner (task UUID: b1e49979-588d-4505-aa0a-85d61d823fda). timeout: 0 concurrency: 4 concurrency_per_worker: 1 times: 10 concurrency_overhead: 0 processes_to_start: 4 max_cpu_used: 16
2019-06-08 18:44:43.880 140 RALLYDEBUG rally.task.runner [-] Starting a worker. concurrency: 1 args: {} times: 10 method_name: run timeout: 0 duration: None cls:
2019-06-08 18:44:43.882 141 RALLYDEBUG rally.task.runner [-] Starting a worker. concurrency: 1 args: {} times: 10 method_name: run timeout: 0 duration: None cls:
2019-06-08 18:44:43.884 143 RALLYDEBUG rally.task.runner [-] Starting a worker. concurrency: 1 args: {} times: 10 method_name: run timeout: 0 duration: None cls:
2019-06-08 18:44:43.884 142 RALLYDEBUG rally.task.runner [-] Starting a worker. concurrency: 1 args: {} times: 10 method_name: run timeout: 0 duration: None cls:
2019-06-08 18:44:43.886 140 INFO rally.task.runner [-] Task b1e49979-588d-4505-aa0a-85d61d823fda | ITER: 1 START
2019-06-08 18:44:43.888 141 INFO rally.task.runner [-] Task b1e49979-588d-4505-aa0a-85d61d823fda | ITER: 2 START
2019-06-08 18:44:43.889 143 INFO rally.task.runner [-] Task b1e49979-588d-4505-aa0a-85d61d823fda | ITER: 3 START
2019-06-08 18:44:43.890 142 INFO rally.task.runner [-] Task b1e49979-588d-4505-aa0a-85d61d823fda | ITER: 4 START
2019-06-08 18:44:44.480 141 INFO rally.task.runner [-] Task b1e49979-588d-4505-aa0a-85d61d823fda | ITER: 2 END: OK
2019-06-08 18:44:44.485 141 INFO rally.task.runner [-] Task b1e49979-588d-4505-aa0a-85d61d823fda | ITER: 5 START
2019-06-08 18:44:44.490 140 INFO rally.task.runner [-] Task b1e49979-588d-4505-aa0a-85d61d823fda | ITER: 1 END: OK
2019-06-08 18:44:44.490 143 INFO rally.task.runner [-] Task b1e49979-588d-4505-aa0a-85d61d823fda | ITER: 3 END: OK
2019-06-08 18:44:44.494 140 INFO rally.task.runner [-] Task b1e49979-588d-4505-aa0a-85d61d823fda | ITER: 6 START
2019-06-08 18:44:44.494 143 INFO rally.task.runner [-] Task b1e49979-588d-4505-aa0a-85d61d823fda | ITER: 7 START
2019-06-08 18:44:44.515 142 INFO rally.task.runner [-] Task b1e49979-588d-4505-aa0a-85d61d823fda | ITER: 4 END: OK
2019-06-08 18:44:44.518 142 INFO rally.task.runner [-] Task b1e49979-588d-4505-aa0a-85d61d823fda | ITER: 8 START
2019-06-08 18:44:45.100 140 INFO rally.task.runner [-] Task b1e49979-588d-4505-aa0a-85d61d823fda | ITER: 6 END: OK
2019-06-08 18:44:45.103 140 INFO rally.task.runner [-] Task b1e49979-588d-4505-aa0a-85d61d823fda | ITER: 9 START
2019-06-08 18:44:45.114 141 INFO rally.task.runner [-] Task b1e49979-588d-4505-aa0a-85d61d823fda | ITER: 5 END: OK
2019-06-08 18:44:45.118 141 INFO rally.task.runner [-] Task b1e49979-588d-4505-aa0a-85d61d823fda | ITER: 10 START
2019-06-08 18:44:45.134 143 INFO rally.task.runner [-] Task b1e49979-588d-4505-aa0a-85d61d823fda | ITER: 7 END: OK
2019-06-08 18:44:45.184 142 INFO rally.task.runner [-] Task b1e49979-588d-4505-aa0a-85d61d823fda | ITER: 8 END: OK
2019-06-08 18:44:45.729 141 INFO rally.task.runner [-] Task b1e49979-588d-4505-aa0a-85d61d823fda | ITER: 10 END: OK
2019-06-08 18:44:45.730 140 INFO rally.task.runner [-] Task b1e49979-588d-4505-aa0a-85d61d823fda | ITER: 9 END: OK
2019-06-08 18:44:45.753 16 INFO rally.task.context [-] Task b1e49979-588d-4505-aa0a-85d61d823fda | Context users@openstack cleanup() started
2019-06-08 18:44:53.505 16 INFO rally.task.context [-] Task b1e49979-588d-4505-aa0a-85d61d823fda | Context users@openstack cleanup() finished in 7.75 sec
2019-06-08 18:44:55.193 16 INFO rally.task.engine [-] Load duration is: 1.842009
2019-06-08 18:44:55.193 16 INFO rally.task.engine [-] Full runner duration is: 1.886505
2019-06-08 18:44:55.194 16 INFO rally.task.engine [-] Full duration is: 14.382836
2019-06-08 18:44:55.414 16 INFO rally.task.engine [-] Running workload: position = 0 config = { "version": 2, "title": "A cropped version of a bigger task.", "description": "Auto-generated task from a single workload (uuid=6b4ae61a-6258-4fbb-ad6d-7773b92406a8)", "subtasks": [ { "title": "Authenticate.validate_cinder", "description": "Check Cinder Client to ensure validation of token.", "scenario": { "Authenticate.validate_cinder": { "repetitions": 2 } }, "contexts": { "users": { "tenants": 3, "users_per_tenant": 2 } }, "runner": { "constant": { "concurrency": 4, "times": 10 } }, "hooks": [], "sla": { "failure_rate": { "max": 0 } } } ] }
2019-06-08 18:44:55.437 16 RALLYDEBUG rally_openstack.contexts.keystone.users [-] Creating 3 tenants using 20 threads
2019-06-08 18:44:57.382 16 RALLYDEBUG rally_openstack.contexts.keystone.users [-] Creating 6 users using 20 threads
2019-06-08 18:45:00.198 16 INFO rally.task.context [-] Task b1e49979-588d-4505-aa0a-85d61d823fda | Context users@openstack setup() finished in 4.76 sec
2019-06-08 18:45:00.205 16 RALLYDEBUG rally.task.runner [-] Starting the constant runner (task UUID: b1e49979-588d-4505-aa0a-85d61d823fda). timeout: 0 concurrency: 4 concurrency_per_worker: 1 times: 10 concurrency_overhead: 0 processes_to_start: 4 max_cpu_used: 16
2019-06-08 18:45:00.218 244 RALLYDEBUG rally.task.runner [-] Starting a worker. concurrency: 1 args: {"repetitions": 2} times: 10 method_name: run timeout: 0 duration: None cls:
2019-06-08 18:45:00.219 245 RALLYDEBUG rally.task.runner [-] Starting a worker. concurrency: 1 args: {"repetitions": 2} times: 10 method_name: run timeout: 0 duration: None cls:
2019-06-08 18:45:00.222 246 RALLYDEBUG rally.task.runner [-] Starting a worker. concurrency: 1 args: {"repetitions": 2} times: 10 method_name: run timeout: 0 duration: None cls:
2019-06-08 18:45:00.224 244 INFO rally.task.runner [-] Task b1e49979-588d-4505-aa0a-85d61d823fda | ITER: 1 START
2019-06-08 18:45:00.225 245 INFO rally.task.runner [-] Task b1e49979-588d-4505-aa0a-85d61d823fda | ITER: 2 START
2019-06-08 18:45:00.226 247 RALLYDEBUG rally.task.runner [-] Starting a worker. concurrency: 1 args: {"repetitions": 2} times: 10 method_name: run timeout: 0 duration: None cls:
2019-06-08 18:45:00.228 246 INFO rally.task.runner [-] Task b1e49979-588d-4505-aa0a-85d61d823fda | ITER: 3 START
2019-06-08 18:45:00.232 247 INFO rally.task.runner [-] Task b1e49979-588d-4505-aa0a-85d61d823fda | ITER: 4 START
2019-06-08 18:45:02.103 246 INFO rally.task.runner [-] Task b1e49979-588d-4505-aa0a-85d61d823fda | ITER: 3 END: OK
2019-06-08 18:45:02.107 246 INFO rally.task.runner [-] Task b1e49979-588d-4505-aa0a-85d61d823fda | ITER: 5 START
2019-06-08 18:45:02.113 244 INFO rally.task.runner [-] Task b1e49979-588d-4505-aa0a-85d61d823fda | ITER: 1 END: OK
2019-06-08 18:45:02.117 244 INFO rally.task.runner [-] Task b1e49979-588d-4505-aa0a-85d61d823fda | ITER: 6 START
2019-06-08 18:45:02.161 245 INFO rally.task.runner [-] Task b1e49979-588d-4505-aa0a-85d61d823fda | ITER: 2 END: OK
2019-06-08 18:45:02.166 245 INFO rally.task.runner [-] Task b1e49979-588d-4505-aa0a-85d61d823fda | ITER: 7 START
2019-06-08 18:45:02.243 247 INFO rally.task.runner [-] Task b1e49979-588d-4505-aa0a-85d61d823fda | ITER: 4 END: OK
2019-06-08 18:45:02.246 247 INFO rally.task.runner [-] Task b1e49979-588d-4505-aa0a-85d61d823fda | ITER: 8 START
2019-06-08 18:45:03.273 247 INFO rally.task.runner [-] Task b1e49979-588d-4505-aa0a-85d61d823fda | ITER: 8 END: OK
2019-06-08 18:45:03.277 247 INFO rally.task.runner [-] Task b1e49979-588d-4505-aa0a-85d61d823fda | ITER: 9 START
2019-06-08 18:45:03.922 245 INFO rally.task.runner [-] Task b1e49979-588d-4505-aa0a-85d61d823fda | ITER: 7 END: OK
2019-06-08 18:45:03.926 245 INFO rally.task.runner [-] Task b1e49979-588d-4505-aa0a-85d61d823fda | ITER: 10 START
2019-06-08 18:45:03.960 246 INFO rally.task.runner [-] Task b1e49979-588d-4505-aa0a-85d61d823fda | ITER: 5 END: OK
2019-06-08 18:45:03.991 244 INFO rally.task.runner [-] Task b1e49979-588d-4505-aa0a-85d61d823fda | ITER: 6 END: OK
2019-06-08 18:45:04.672 247 INFO rally.task.runner [-] Task b1e49979-588d-4505-aa0a-85d61d823fda | ITER: 9 END: OK
2019-06-08 18:45:05.925 245 INFO rally.task.runner [-] Task b1e49979-588d-4505-aa0a-85d61d823fda | ITER: 10 END: OK
2019-06-08 18:45:05.953 16 INFO rally.task.context [-] Task b1e49979-588d-4505-aa0a-85d61d823fda | Context users@openstack cleanup() started
2019-06-08 18:45:14.152 16 INFO rally.task.context [-] Task b1e49979-588d-4505-aa0a-85d61d823fda | Context users@openstack cleanup() finished in 8.20 sec
2019-06-08 18:45:15.547 16 INFO rally.task.engine [-] Load duration is: 5.699283
2019-06-08 18:45:15.547 16 INFO rally.task.engine [-] Full runner duration is: 5.748405
2019-06-08 18:45:15.547 16 INFO rally.task.engine [-] Full duration is: 18.717144
2019-06-08 18:45:15.788 16 INFO rally.task.engine [-] Running workload: position = 0 config = { "version": 2, "title": "A cropped version of a bigger task.", "description": "Auto-generated task from a single workload (uuid=375d0cc0-f2f2-4452-a596-5f16d88dd919)", "subtasks": [ { "title": "Authenticate.validate_glance", "description": "Check Glance Client to ensure validation of token.", "scenario": { "Authenticate.validate_glance": { "repetitions": 2 } }, "contexts": { "users": { "tenants": 3, "users_per_tenant": 2 } }, "runner": { "constant": { "concurrency": 4, "times": 10 } }, "hooks": [], "sla": { "failure_rate": { "max": 0 } } } ] }
2019-06-08 18:45:15.804 16 RALLYDEBUG rally_openstack.contexts.keystone.users [-] Creating 3 tenants using 20 threads
2019-06-08 18:45:17.807 16 RALLYDEBUG rally_openstack.contexts.keystone.users [-] Creating 6 users using 20 threads
2019-06-08 18:45:20.776 16 INFO rally.task.context [-] Task b1e49979-588d-4505-aa0a-85d61d823fda | Context users@openstack setup() finished in 4.97 sec
2019-06-08 18:45:20.784 16 RALLYDEBUG rally.task.runner [-] Starting the constant runner (task UUID: b1e49979-588d-4505-aa0a-85d61d823fda). timeout: 0 concurrency: 4 concurrency_per_worker: 1 times: 10 concurrency_overhead: 0 processes_to_start: 4 max_cpu_used: 16
2019-06-08 18:45:20.796 348 RALLYDEBUG rally.task.runner [-] Starting a worker. concurrency: 1 args: {"repetitions": 2} times: 10 method_name: run timeout: 0 duration: None cls:
2019-06-08 18:45:20.797 349 RALLYDEBUG rally.task.runner [-] Starting a worker. concurrency: 1 args: {"repetitions": 2} times: 10 method_name: run timeout: 0 duration: None cls:
2019-06-08 18:45:20.802 348 INFO rally.task.runner [-] Task b1e49979-588d-4505-aa0a-85d61d823fda | ITER: 1 START
2019-06-08 18:45:20.802 349 INFO rally.task.runner [-] Task b1e49979-588d-4505-aa0a-85d61d823fda | ITER: 2 START
2019-06-08 18:45:20.802 350 RALLYDEBUG rally.task.runner [-] Starting a worker. concurrency: 1 args: {"repetitions": 2} times: 10 method_name: run timeout: 0 duration: None cls:
2019-06-08 18:45:20.805 351 RALLYDEBUG rally.task.runner [-] Starting a worker. concurrency: 1 args: {"repetitions": 2} times: 10 method_name: run timeout: 0 duration: None cls:
2019-06-08 18:45:20.808 350 INFO rally.task.runner [-] Task b1e49979-588d-4505-aa0a-85d61d823fda | ITER: 3 START
2019-06-08 18:45:20.811 351 INFO rally.task.runner [-] Task b1e49979-588d-4505-aa0a-85d61d823fda | ITER: 4 START
2019-06-08 18:45:21.922 348 INFO rally.task.runner [-] Task b1e49979-588d-4505-aa0a-85d61d823fda | ITER: 1 END: OK
2019-06-08 18:45:21.927 348 INFO rally.task.runner [-] Task b1e49979-588d-4505-aa0a-85d61d823fda | ITER: 5 START
2019-06-08 18:45:22.160 349 INFO rally.task.runner [-] Task b1e49979-588d-4505-aa0a-85d61d823fda | ITER: 2 END: OK
2019-06-08 18:45:22.165 349 INFO rally.task.runner [-] Task b1e49979-588d-4505-aa0a-85d61d823fda | ITER: 6 START
2019-06-08 18:45:22.183 350 INFO rally.task.runner [-] Task b1e49979-588d-4505-aa0a-85d61d823fda | ITER: 3 END: OK
2019-06-08 18:45:22.187 350 INFO rally.task.runner [-] Task b1e49979-588d-4505-aa0a-85d61d823fda | ITER: 7 START
2019-06-08 18:45:22.289 351 INFO rally.task.runner [-] Task b1e49979-588d-4505-aa0a-85d61d823fda | ITER: 4 END: OK
2019-06-08 18:45:22.293 351 INFO rally.task.runner [-] Task b1e49979-588d-4505-aa0a-85d61d823fda | ITER: 8 START
2019-06-08 18:45:22.979 348 INFO rally.task.runner [-] Task b1e49979-588d-4505-aa0a-85d61d823fda | ITER: 5 END: OK
2019-06-08 18:45:22.982 348 INFO rally.task.runner [-] Task b1e49979-588d-4505-aa0a-85d61d823fda | ITER: 9 START
2019-06-08 18:45:23.163 349 INFO rally.task.runner [-] Task b1e49979-588d-4505-aa0a-85d61d823fda | ITER: 6 END: OK
2019-06-08 18:45:23.167 349 INFO rally.task.runner [-] Task b1e49979-588d-4505-aa0a-85d61d823fda | ITER: 10 START
2019-06-08 18:45:23.190 350 INFO rally.task.runner [-] Task b1e49979-588d-4505-aa0a-85d61d823fda | ITER: 7 END: OK
2019-06-08 18:45:23.376 351 INFO rally.task.runner [-] Task b1e49979-588d-4505-aa0a-85d61d823fda | ITER: 8 END: OK
2019-06-08 18:45:24.233 348 INFO rally.task.runner [-] Task b1e49979-588d-4505-aa0a-85d61d823fda | ITER: 9 END: OK
2019-06-08 18:45:24.423 349 INFO rally.task.runner [-] Task b1e49979-588d-4505-aa0a-85d61d823fda | ITER: 10 END: OK
2019-06-08 18:45:24.451 16 INFO rally.task.context [-] Task b1e49979-588d-4505-aa0a-85d61d823fda | Context users@openstack cleanup() started
2019-06-08 18:45:32.660 16 INFO rally.task.context [-] Task b1e49979-588d-4505-aa0a-85d61d823fda | Context users@openstack cleanup() finished in 8.21 sec
2019-06-08 18:45:33.932 16 INFO rally.task.engine [-] Load duration is: 3.619989
2019-06-08 18:45:33.933 16 INFO rally.task.engine [-] Full runner duration is: 3.667483
2019-06-08 18:45:33.933 16 INFO rally.task.engine [-] Full duration is: 16.856868
2019-06-08 18:45:34.151 16 INFO rally.task.engine [-] Running workload: position = 0 config = { "version": 2, "title": "A cropped version of a bigger task.", "description": "Auto-generated task from a single workload (uuid=7dabf3b3-ee53-4e9b-b7d1-ec1b7620363e)", "subtasks": [ { "title": "Authenticate.validate_heat", "description": "Check Heat Client to ensure validation of token.", "scenario": { "Authenticate.validate_heat": { "repetitions": 2 } }, "contexts": { "users": { "tenants": 3, "users_per_tenant": 2 } }, "runner": { "constant": { "concurrency": 4, "times": 10 } }, "hooks": [], "sla": { "failure_rate": { "max": 0 } } } ] }
2019-06-08 18:45:34.174 16 RALLYDEBUG rally_openstack.contexts.keystone.users [-] Creating 3 tenants using 20 threads
2019-06-08 18:45:36.143 16 RALLYDEBUG rally_openstack.contexts.keystone.users [-] Creating 6 users using 20 threads
2019-06-08 18:45:38.879 16 INFO rally.task.context [-] Task b1e49979-588d-4505-aa0a-85d61d823fda | Context users@openstack setup() finished in 4.71 sec
2019-06-08 18:45:38.888 16 RALLYDEBUG rally.task.runner [-] Starting the constant runner (task UUID: b1e49979-588d-4505-aa0a-85d61d823fda). timeout: 0 concurrency: 4 concurrency_per_worker: 1 times: 10 concurrency_overhead: 0 processes_to_start: 4 max_cpu_used: 16
2019-06-08 18:45:38.902 452 RALLYDEBUG rally.task.runner [-] Starting a worker. concurrency: 1 args: {"repetitions": 2} times: 10 method_name: run timeout: 0 duration: None cls:
2019-06-08 18:45:38.904 453 RALLYDEBUG rally.task.runner [-] Starting a worker. concurrency: 1 args: {"repetitions": 2} times: 10 method_name: run timeout: 0 duration: None cls:
2019-06-08 18:45:38.908 453 INFO rally.task.runner [-] Task b1e49979-588d-4505-aa0a-85d61d823fda | ITER: 2 START
2019-06-08 18:45:38.909 452 INFO rally.task.runner [-] Task b1e49979-588d-4505-aa0a-85d61d823fda | ITER: 1 START
2019-06-08 18:45:38.909 454 RALLYDEBUG rally.task.runner [-] Starting a worker. concurrency: 1 args: {"repetitions": 2} times: 10 method_name: run timeout: 0 duration: None cls:
2019-06-08 18:45:38.913 455 RALLYDEBUG rally.task.runner [-] Starting a worker. concurrency: 1 args: {"repetitions": 2} times: 10 method_name: run timeout: 0 duration: None cls:
2019-06-08 18:45:38.914 454 INFO rally.task.runner [-] Task b1e49979-588d-4505-aa0a-85d61d823fda | ITER: 3 START
2019-06-08 18:45:38.918 455 INFO rally.task.runner [-] Task b1e49979-588d-4505-aa0a-85d61d823fda | ITER: 4 START
2019-06-08 18:45:40.819 452 INFO rally.task.runner [-] Task b1e49979-588d-4505-aa0a-85d61d823fda | ITER: 1 END: OK
2019-06-08 18:45:40.824 452 INFO rally.task.runner [-] Task b1e49979-588d-4505-aa0a-85d61d823fda | ITER: 5 START
2019-06-08 18:45:40.868 453 INFO rally.task.runner [-] Task b1e49979-588d-4505-aa0a-85d61d823fda | ITER: 2 END: OK
2019-06-08 18:45:40.872 453 INFO rally.task.runner [-] Task b1e49979-588d-4505-aa0a-85d61d823fda | ITER: 6 START
2019-06-08 18:45:41.021 454 INFO rally.task.runner [-] Task b1e49979-588d-4505-aa0a-85d61d823fda | ITER: 3 END: OK
2019-06-08 18:45:41.025 454 INFO rally.task.runner [-] Task b1e49979-588d-4505-aa0a-85d61d823fda | ITER: 7 START
2019-06-08 18:45:41.074 455 INFO rally.task.runner [-] Task b1e49979-588d-4505-aa0a-85d61d823fda | ITER: 4 END: OK
2019-06-08 18:45:41.079 455 INFO rally.task.runner [-] Task b1e49979-588d-4505-aa0a-85d61d823fda | ITER: 8 START
2019-06-08 18:45:42.713 452 INFO rally.task.runner [-] Task b1e49979-588d-4505-aa0a-85d61d823fda | ITER: 5 END: OK
2019-06-08 18:45:42.717 452 INFO rally.task.runner [-] Task b1e49979-588d-4505-aa0a-85d61d823fda | ITER: 9 START
2019-06-08 18:45:42.865 453 INFO rally.task.runner [-] Task b1e49979-588d-4505-aa0a-85d61d823fda | ITER: 6 END: OK
2019-06-08 18:45:42.869 453 INFO rally.task.runner [-] Task b1e49979-588d-4505-aa0a-85d61d823fda | ITER: 10 START
2019-06-08 18:45:43.000 455 INFO rally.task.runner [-] Task b1e49979-588d-4505-aa0a-85d61d823fda | ITER: 8 END: OK
2019-06-08 18:45:43.038 454 INFO rally.task.runner [-] Task b1e49979-588d-4505-aa0a-85d61d823fda | ITER: 7 END: OK
2019-06-08 18:45:44.231 452 INFO rally.task.runner [-] Task b1e49979-588d-4505-aa0a-85d61d823fda | ITER: 9 END: OK
2019-06-08 18:45:44.264 453 INFO rally.task.runner [-] Task b1e49979-588d-4505-aa0a-85d61d823fda | ITER: 10 END: OK
2019-06-08 18:45:44.290 16 INFO rally.task.context [-] Task b1e49979-588d-4505-aa0a-85d61d823fda | Context users@openstack cleanup() started
2019-06-08 18:45:52.313 16 INFO rally.task.context [-] Task b1e49979-588d-4505-aa0a-85d61d823fda | Context users@openstack cleanup() finished in 8.02 sec
2019-06-08 18:45:54.290 16 INFO rally.task.engine [-] Load duration is: 5.354229
2019-06-08 18:45:54.290 16 INFO rally.task.engine [-] Full runner duration is: 5.402824
2019-06-08 18:45:54.291 16 INFO rally.task.engine [-] Full duration is: 18.140819
2019-06-08 18:45:54.495 16 INFO rally.task.engine [-] Running workload: position = 0 config = { "version": 2, "title": "A cropped version of a bigger task.", "description": "Auto-generated task from a single workload (uuid=fe7a476c-9a97-4a57-977b-0c4f910a6b12)", "subtasks": [ { "title": "Authenticate.validate_neutron", "description": "Check Neutron Client to ensure validation of token.", "scenario": { "Authenticate.validate_neutron": { "repetitions": 2 } }, "contexts": { "users": { "tenants": 3, "users_per_tenant": 2 } }, "runner": { "constant": { "concurrency": 4, "times": 10 } }, "hooks": [], "sla": { "failure_rate": { "max": 0 } } } ] }
2019-06-08 18:45:54.518 16 RALLYDEBUG rally_openstack.contexts.keystone.users [-] Creating 3 tenants using 20 threads
2019-06-08 18:45:56.471 16 RALLYDEBUG rally_openstack.contexts.keystone.users [-] Creating 6 users using 20 threads
2019-06-08 18:45:59.263 16 INFO rally.task.context [-] Task b1e49979-588d-4505-aa0a-85d61d823fda | Context users@openstack setup() finished in 4.75 sec
2019-06-08 18:45:59.271 16 RALLYDEBUG rally.task.runner [-] Starting the constant runner (task UUID: b1e49979-588d-4505-aa0a-85d61d823fda). timeout: 0 concurrency: 4 concurrency_per_worker: 1 times: 10 concurrency_overhead: 0 processes_to_start: 4 max_cpu_used: 16
2019-06-08 18:45:59.284 556 RALLYDEBUG rally.task.runner [-] Starting a worker. concurrency: 1 args: {"repetitions": 2} times: 10 method_name: run timeout: 0 duration: None cls:
2019-06-08 18:45:59.286 557 RALLYDEBUG rally.task.runner [-] Starting a worker. concurrency: 1 args: {"repetitions": 2} times: 10 method_name: run timeout: 0 duration: None cls:
2019-06-08 18:45:59.289 558 RALLYDEBUG rally.task.runner [-] Starting a worker. concurrency: 1 args: {"repetitions": 2} times: 10 method_name: run timeout: 0 duration: None cls:
2019-06-08 18:45:59.290 556 INFO rally.task.runner [-] Task b1e49979-588d-4505-aa0a-85d61d823fda | ITER: 1 START
2019-06-08 18:45:59.293 557 INFO rally.task.runner [-] Task b1e49979-588d-4505-aa0a-85d61d823fda | ITER: 2 START
2019-06-08 18:45:59.294 559 RALLYDEBUG rally.task.runner [-] Starting a worker. concurrency: 1 args: {"repetitions": 2} times: 10 method_name: run timeout: 0 duration: None cls:
2019-06-08 18:45:59.295 558 INFO rally.task.runner [-] Task b1e49979-588d-4505-aa0a-85d61d823fda | ITER: 3 START
2019-06-08 18:45:59.301 559 INFO rally.task.runner [-] Task b1e49979-588d-4505-aa0a-85d61d823fda | ITER: 4 START
2019-06-08 18:46:00.206 557 INFO rally.task.runner [-] Task b1e49979-588d-4505-aa0a-85d61d823fda | ITER: 2 END: OK
2019-06-08 18:46:00.211 557 INFO rally.task.runner [-] Task b1e49979-588d-4505-aa0a-85d61d823fda | ITER: 5 START
2019-06-08 18:46:00.226 559 INFO rally.task.runner [-] Task b1e49979-588d-4505-aa0a-85d61d823fda | ITER: 4 END: OK
2019-06-08 18:46:00.231 559 INFO rally.task.runner [-] Task b1e49979-588d-4505-aa0a-85d61d823fda | ITER: 6 START
2019-06-08 18:46:00.572 556 INFO rally.task.runner [-] Task b1e49979-588d-4505-aa0a-85d61d823fda | ITER: 1 END: OK
2019-06-08 18:46:00.577 556 INFO rally.task.runner [-] Task b1e49979-588d-4505-aa0a-85d61d823fda | ITER: 7 START
2019-06-08 18:46:00.690 558 INFO rally.task.runner [-] Task b1e49979-588d-4505-aa0a-85d61d823fda | ITER: 3 END: OK
2019-06-08 18:46:00.695 558 INFO rally.task.runner [-] Task b1e49979-588d-4505-aa0a-85d61d823fda | ITER: 8 START
2019-06-08 18:46:01.135 559 INFO rally.task.runner [-] Task b1e49979-588d-4505-aa0a-85d61d823fda | ITER: 6 END: OK
2019-06-08 18:46:01.139 559 INFO rally.task.runner [-] Task b1e49979-588d-4505-aa0a-85d61d823fda | ITER: 9 START
2019-06-08 18:46:01.607 558 INFO rally.task.runner [-] Task b1e49979-588d-4505-aa0a-85d61d823fda | ITER: 8 END: OK
2019-06-08 18:46:01.611 558 INFO rally.task.runner [-] Task b1e49979-588d-4505-aa0a-85d61d823fda | ITER: 10 START
2019-06-08 18:46:01.770 557 INFO rally.task.runner [-] Task b1e49979-588d-4505-aa0a-85d61d823fda | ITER: 5 END: OK
2019-06-08 18:46:01.843 556 INFO rally.task.runner [-] Task b1e49979-588d-4505-aa0a-85d61d823fda | ITER: 7 END: OK
2019-06-08 18:46:02.341 559 INFO rally.task.runner [-] Task b1e49979-588d-4505-aa0a-85d61d823fda | ITER: 9 END: OK
2019-06-08 18:46:02.808 558 INFO rally.task.runner [-] Task b1e49979-588d-4505-aa0a-85d61d823fda | ITER: 10 END: OK
2019-06-08 18:46:02.836 16 INFO rally.task.context [-] Task b1e49979-588d-4505-aa0a-85d61d823fda | Context users@openstack cleanup() started
2019-06-08 18:46:10.978 16 INFO rally.task.context [-] Task b1e49979-588d-4505-aa0a-85d61d823fda | Context users@openstack cleanup() finished in 8.14 sec
2019-06-08 18:46:12.616 16 INFO rally.task.engine [-] Load duration is: 3.51635
2019-06-08 18:46:12.616 16 INFO rally.task.engine [-] Full runner duration is: 3.56588
2019-06-08 18:46:12.617 16 INFO rally.task.engine [-] Full duration is: 16.461963
2019-06-08 18:46:12.810 16 INFO rally.task.engine [-] Running workload: position = 0 config = { "version": 2, "title": "A cropped version of a bigger task.", "description": "Auto-generated task from a single workload (uuid=74f19f02-2b68-47a8-b065-bec6dafe06c6)", "subtasks": [ { "title": "Authenticate.validate_nova", "description": "Check Nova Client to ensure validation of token.", "scenario": { "Authenticate.validate_nova": { "repetitions": 2 } }, "contexts": { "users": { "tenants": 3, "users_per_tenant": 2 } }, "runner": { "constant": { "concurrency": 4, "times": 10 } }, "hooks": [], "sla": { "failure_rate": { "max": 0 } } } ] }
2019-06-08 18:46:12.830 16 RALLYDEBUG rally_openstack.contexts.keystone.users [-] Creating 3 tenants using 20 threads
2019-06-08 18:46:14.663 16 RALLYDEBUG rally_openstack.contexts.keystone.users [-] Creating 6 users using 20 threads
2019-06-08 18:46:17.678 16 INFO rally.task.context [-] Task b1e49979-588d-4505-aa0a-85d61d823fda | Context users@openstack setup() finished in 4.85 sec
2019-06-08 18:46:17.685 16 RALLYDEBUG rally.task.runner [-] Starting the constant runner (task UUID: b1e49979-588d-4505-aa0a-85d61d823fda). timeout: 0 concurrency: 4 concurrency_per_worker: 1 times: 10 concurrency_overhead: 0 processes_to_start: 4 max_cpu_used: 16
2019-06-08 18:46:17.697 660 RALLYDEBUG rally.task.runner [-] Starting a worker. concurrency: 1 args: {"repetitions": 2} times: 10 method_name: run timeout: 0 duration: None cls:
2019-06-08 18:46:17.700 661 RALLYDEBUG rally.task.runner [-] Starting a worker. concurrency: 1 args: {"repetitions": 2} times: 10 method_name: run timeout: 0 duration: None cls:
2019-06-08 18:46:17.703 660 INFO rally.task.runner [-] Task b1e49979-588d-4505-aa0a-85d61d823fda | ITER: 1 START
2019-06-08 18:46:17.703 662 RALLYDEBUG rally.task.runner [-] Starting a worker. concurrency: 1 args: {"repetitions": 2} times: 10 method_name: run timeout: 0 duration: None cls:
2019-06-08 18:46:17.704 663 RALLYDEBUG rally.task.runner [-] Starting a worker. concurrency: 1 args: {"repetitions": 2} times: 10 method_name: run timeout: 0 duration: None cls:
2019-06-08 18:46:17.706 661 INFO rally.task.runner [-] Task b1e49979-588d-4505-aa0a-85d61d823fda | ITER: 2 START
2019-06-08 18:46:17.708 663 INFO rally.task.runner [-] Task b1e49979-588d-4505-aa0a-85d61d823fda | ITER: 4 START
2019-06-08 18:46:17.709 662 INFO rally.task.runner [-] Task b1e49979-588d-4505-aa0a-85d61d823fda | ITER: 3 START
2019-06-08 18:46:18.205 663 DEBUG novaclient.v2.client [-] REQ: curl -g -i -X GET http://172.30.9.21:8774/v2.1/flavors/detail -H "Accept: application/json" -H "User-Agent: python-novaclient" -H "X-Auth-Token: {SHA1}123e22d375786810bb6eb95631db8af96411fded" _http_log_request /usr/lib/python2.7/site-packages/keystoneauth1/session.py:448
2019-06-08 18:46:18.209 660 DEBUG novaclient.v2.client [-] REQ: curl -g -i -X GET http://172.30.9.21:8774/v2.1/flavors/detail -H "Accept: application/json" -H "User-Agent: python-novaclient" -H "X-Auth-Token: {SHA1}fd1ef8eac6e5efc33ab0e50405e28eff688b679b" _http_log_request /usr/lib/python2.7/site-packages/keystoneauth1/session.py:448
2019-06-08 18:46:18.211 661 DEBUG novaclient.v2.client [-] REQ: curl -g -i -X GET http://172.30.9.21:8774/v2.1/flavors/detail -H "Accept: application/json" -H "User-Agent: python-novaclient" -H "X-Auth-Token: {SHA1}91f696ee198c1f1745c50da69b3c7d6125af71b6" _http_log_request /usr/lib/python2.7/site-packages/keystoneauth1/session.py:448
2019-06-08 18:46:18.213 662 DEBUG novaclient.v2.client [-] REQ: curl -g -i -X GET http://172.30.9.21:8774/v2.1/flavors/detail -H "Accept: application/json" -H "User-Agent: python-novaclient" -H "X-Auth-Token: {SHA1}dea67301898d86029d99cb693f65cf5bdef27a9e" _http_log_request /usr/lib/python2.7/site-packages/keystoneauth1/session.py:448
2019-06-08 18:46:18.487 663 DEBUG novaclient.v2.client [-] RESP: [200] Content-Encoding: gzip Content-Length: 364 Content-Type: application/json Date: Sat, 08 Jun 2019 18:46:18 GMT OpenStack-API-Version: compute 2.1 Server: Apache Vary: OpenStack-API-Version,X-OpenStack-Nova-API-Version,Accept-Encoding X-OpenStack-Nova-API-Version: 2.1 x-compute-request-id: req-0bd40fd8-04fb-46eb-b855-513368c50c1f x-openstack-request-id: req-0bd40fd8-04fb-46eb-b855-513368c50c1f _http_log_response /usr/lib/python2.7/site-packages/keystoneauth1/session.py:479
2019-06-08 18:46:18.488 663 DEBUG novaclient.v2.client [-] RESP BODY: {"flavors": [{"name": "rally_full-flavor_8f14737c-5517-449a-bd83-8befc0369ed3", "links": [{"href": "http://172.30.9.21:8774/v2.1/flavors/27388338-aba6-4dc4-80d6-4b788ae562bd", "rel": "self"}, {"href": "http://172.30.9.21:8774/flavors/27388338-aba6-4dc4-80d6-4b788ae562bd", "rel": "bookmark"}], "ram": 512, "OS-FLV-DISABLED:disabled": false, "vcpus": 1, "swap": "", "os-flavor-access:is_public": true, "rxtx_factor": 1.0, "OS-FLV-EXT-DATA:ephemeral": 0, "disk": 1, "id": "27388338-aba6-4dc4-80d6-4b788ae562bd"}, {"name": "rally_full-flavor_alt_8f14737c-5517-449a-bd83-8befc0369ed3", "links": [{"href": "http://172.30.9.21:8774/v2.1/flavors/d6a16e45-b30c-4961-a549-a577d2aed72b", "rel": "self"}, {"href": "http://172.30.9.21:8774/flavors/d6a16e45-b30c-4961-a549-a577d2aed72b", "rel": "bookmark"}], "ram": 1024, "OS-FLV-DISABLED:disabled": false, "vcpus": 1, "swap": "", "os-flavor-access:is_public": true, "rxtx_factor": 1.0, "OS-FLV-EXT-DATA:ephemeral": 0, "disk": 1, "id": "d6a16e45-b30c-4961-a549-a577d2aed72b"}]} _http_log_response /usr/lib/python2.7/site-packages/keystoneauth1/session.py:511
2019-06-08 18:46:18.489 663 DEBUG novaclient.v2.client [-] GET call to compute for http://172.30.9.21:8774/v2.1/flavors/detail used request id req-0bd40fd8-04fb-46eb-b855-513368c50c1f request /usr/lib/python2.7/site-packages/keystoneauth1/session.py:844
2019-06-08 18:46:18.491 663 DEBUG novaclient.v2.client [-] REQ: curl -g -i -X GET http://172.30.9.21:8774/v2.1/flavors/detail -H "Accept: application/json" -H "User-Agent: python-novaclient" -H "X-Auth-Token: {SHA1}123e22d375786810bb6eb95631db8af96411fded" _http_log_request /usr/lib/python2.7/site-packages/keystoneauth1/session.py:448
2019-06-08 18:46:18.499 660 DEBUG novaclient.v2.client [-] RESP: [200] Content-Encoding: gzip Content-Length: 364 Content-Type: application/json Date: Sat, 08 Jun 2019 18:46:18 GMT OpenStack-API-Version: compute 2.1 Server: Apache Vary: OpenStack-API-Version,X-OpenStack-Nova-API-Version,Accept-Encoding X-OpenStack-Nova-API-Version: 2.1 x-compute-request-id: req-f8433326-f3f5-4d66-9e02-6b4e2ca9a93c x-openstack-request-id: req-f8433326-f3f5-4d66-9e02-6b4e2ca9a93c _http_log_response /usr/lib/python2.7/site-packages/keystoneauth1/session.py:479
2019-06-08 18:46:18.500 662 DEBUG novaclient.v2.client [-] RESP: [200] Content-Encoding: gzip Content-Length: 364 Content-Type: application/json Date: Sat, 08 Jun 2019 18:46:18 GMT OpenStack-API-Version: compute 2.1 Server: Apache Vary: OpenStack-API-Version,X-OpenStack-Nova-API-Version,Accept-Encoding X-OpenStack-Nova-API-Version: 2.1 x-compute-request-id: req-9854afaa-08d5-4aad-9cc8-c7546c2c93ef x-openstack-request-id: req-9854afaa-08d5-4aad-9cc8-c7546c2c93ef _http_log_response /usr/lib/python2.7/site-packages/keystoneauth1/session.py:479
2019-06-08 18:46:18.500 660 DEBUG novaclient.v2.client [-] RESP BODY: {"flavors": [{"name": "rally_full-flavor_8f14737c-5517-449a-bd83-8befc0369ed3", "links": [{"href": "http://172.30.9.21:8774/v2.1/flavors/27388338-aba6-4dc4-80d6-4b788ae562bd", "rel": "self"}, {"href": "http://172.30.9.21:8774/flavors/27388338-aba6-4dc4-80d6-4b788ae562bd", "rel": "bookmark"}], "ram": 512, "OS-FLV-DISABLED:disabled": false, "vcpus": 1, "swap": "", "os-flavor-access:is_public": true, "rxtx_factor": 1.0, "OS-FLV-EXT-DATA:ephemeral": 0, "disk": 1, "id": "27388338-aba6-4dc4-80d6-4b788ae562bd"}, {"name": "rally_full-flavor_alt_8f14737c-5517-449a-bd83-8befc0369ed3", "links": [{"href": "http://172.30.9.21:8774/v2.1/flavors/d6a16e45-b30c-4961-a549-a577d2aed72b", "rel": "self"}, {"href": "http://172.30.9.21:8774/flavors/d6a16e45-b30c-4961-a549-a577d2aed72b", "rel": "bookmark"}], "ram": 1024, "OS-FLV-DISABLED:disabled": false, "vcpus": 1, "swap": "", "os-flavor-access:is_public": true, "rxtx_factor": 1.0, "OS-FLV-EXT-DATA:ephemeral": 0, "disk": 1, "id": "d6a16e45-b30c-4961-a549-a577d2aed72b"}]} _http_log_response /usr/lib/python2.7/site-packages/keystoneauth1/session.py:511
2019-06-08 18:46:18.501 660 DEBUG novaclient.v2.client [-] GET call to compute for http://172.30.9.21:8774/v2.1/flavors/detail used request id req-f8433326-f3f5-4d66-9e02-6b4e2ca9a93c request /usr/lib/python2.7/site-packages/keystoneauth1/session.py:844
2019-06-08 18:46:18.501 662 DEBUG novaclient.v2.client [-] RESP BODY: {"flavors": [{"name": "rally_full-flavor_8f14737c-5517-449a-bd83-8befc0369ed3", "links": [{"href": "http://172.30.9.21:8774/v2.1/flavors/27388338-aba6-4dc4-80d6-4b788ae562bd", "rel": "self"}, {"href": "http://172.30.9.21:8774/flavors/27388338-aba6-4dc4-80d6-4b788ae562bd", "rel": "bookmark"}], "ram": 512, "OS-FLV-DISABLED:disabled": false, "vcpus": 1, "swap": "", "os-flavor-access:is_public": true, "rxtx_factor": 1.0, "OS-FLV-EXT-DATA:ephemeral": 0, "disk": 1, "id": "27388338-aba6-4dc4-80d6-4b788ae562bd"}, {"name": "rally_full-flavor_alt_8f14737c-5517-449a-bd83-8befc0369ed3", "links": [{"href": "http://172.30.9.21:8774/v2.1/flavors/d6a16e45-b30c-4961-a549-a577d2aed72b", "rel": "self"}, {"href": "http://172.30.9.21:8774/flavors/d6a16e45-b30c-4961-a549-a577d2aed72b", "rel": "bookmark"}], "ram": 1024, "OS-FLV-DISABLED:disabled": false, "vcpus": 1, "swap": "", "os-flavor-access:is_public": true, "rxtx_factor": 1.0, "OS-FLV-EXT-DATA:ephemeral": 0, "disk": 1, "id": "d6a16e45-b30c-4961-a549-a577d2aed72b"}]} _http_log_response /usr/lib/python2.7/site-packages/keystoneauth1/session.py:511
2019-06-08 18:46:18.501 662 DEBUG novaclient.v2.client [-] GET call to compute for http://172.30.9.21:8774/v2.1/flavors/detail used request id req-9854afaa-08d5-4aad-9cc8-c7546c2c93ef request /usr/lib/python2.7/site-packages/keystoneauth1/session.py:844
2019-06-08 18:46:18.502 660 DEBUG novaclient.v2.client [-] REQ: curl -g -i -X GET http://172.30.9.21:8774/v2.1/flavors/detail -H "Accept: application/json" -H "User-Agent: python-novaclient" -H "X-Auth-Token: {SHA1}fd1ef8eac6e5efc33ab0e50405e28eff688b679b" _http_log_request /usr/lib/python2.7/site-packages/keystoneauth1/session.py:448
2019-06-08 18:46:18.502 662 DEBUG novaclient.v2.client [-] REQ: curl -g -i -X GET http://172.30.9.21:8774/v2.1/flavors/detail -H "Accept: application/json" -H "User-Agent: python-novaclient" -H "X-Auth-Token: {SHA1}dea67301898d86029d99cb693f65cf5bdef27a9e" _http_log_request /usr/lib/python2.7/site-packages/keystoneauth1/session.py:448
2019-06-08 18:46:18.519 663 DEBUG novaclient.v2.client [-] RESP: [200] Content-Encoding: gzip Content-Length: 364 Content-Type: application/json Date: Sat, 08 Jun 2019 18:46:18 GMT OpenStack-API-Version: compute 2.1 Server: Apache Vary: OpenStack-API-Version,X-OpenStack-Nova-API-Version,Accept-Encoding X-OpenStack-Nova-API-Version: 2.1 x-compute-request-id: req-8010cc63-e7c5-453b-840c-79e10f4bf85d x-openstack-request-id: req-8010cc63-e7c5-453b-840c-79e10f4bf85d _http_log_response /usr/lib/python2.7/site-packages/keystoneauth1/session.py:479
2019-06-08 18:46:18.519 663 DEBUG novaclient.v2.client [-] RESP BODY: {"flavors": [{"name": "rally_full-flavor_8f14737c-5517-449a-bd83-8befc0369ed3", "links": [{"href": "http://172.30.9.21:8774/v2.1/flavors/27388338-aba6-4dc4-80d6-4b788ae562bd", "rel": "self"}, {"href": "http://172.30.9.21:8774/flavors/27388338-aba6-4dc4-80d6-4b788ae562bd", "rel": "bookmark"}], "ram": 512, "OS-FLV-DISABLED:disabled": false, "vcpus": 1, "swap": "", "os-flavor-access:is_public": true, "rxtx_factor": 1.0, "OS-FLV-EXT-DATA:ephemeral": 0, "disk": 1, "id": "27388338-aba6-4dc4-80d6-4b788ae562bd"}, {"name": "rally_full-flavor_alt_8f14737c-5517-449a-bd83-8befc0369ed3", "links": [{"href": "http://172.30.9.21:8774/v2.1/flavors/d6a16e45-b30c-4961-a549-a577d2aed72b", "rel": "self"}, {"href": "http://172.30.9.21:8774/flavors/d6a16e45-b30c-4961-a549-a577d2aed72b", "rel": "bookmark"}], "ram": 1024, "OS-FLV-DISABLED:disabled": false, "vcpus": 1, "swap": "", "os-flavor-access:is_public": true, "rxtx_factor": 1.0, "OS-FLV-EXT-DATA:ephemeral": 0, "disk": 1, "id": "d6a16e45-b30c-4961-a549-a577d2aed72b"}]} _http_log_response /usr/lib/python2.7/site-packages/keystoneauth1/session.py:511
2019-06-08 18:46:18.520 663 DEBUG novaclient.v2.client [-] GET call to compute for http://172.30.9.21:8774/v2.1/flavors/detail used request id req-8010cc63-e7c5-453b-840c-79e10f4bf85d request /usr/lib/python2.7/site-packages/keystoneauth1/session.py:844
2019-06-08 18:46:18.521 663 INFO rally.task.runner [-] Task b1e49979-588d-4505-aa0a-85d61d823fda | ITER: 4 END: OK
2019-06-08 18:46:18.524 663 INFO rally.task.runner [-] Task b1e49979-588d-4505-aa0a-85d61d823fda | ITER: 5 START
2019-06-08 18:46:18.526 662 DEBUG novaclient.v2.client [-] RESP: [200] Content-Encoding: gzip Content-Length: 364 Content-Type: application/json Date: Sat, 08 Jun 2019 18:46:18 GMT OpenStack-API-Version: compute 2.1 Server: Apache Vary: OpenStack-API-Version,X-OpenStack-Nova-API-Version,Accept-Encoding X-OpenStack-Nova-API-Version: 2.1 x-compute-request-id: req-0147e0bf-4b51-416d-a28b-ccb5dd0a5d01 x-openstack-request-id: req-0147e0bf-4b51-416d-a28b-ccb5dd0a5d01 _http_log_response /usr/lib/python2.7/site-packages/keystoneauth1/session.py:479
2019-06-08 18:46:18.527 662 DEBUG novaclient.v2.client [-] RESP BODY: {"flavors": [{"name": "rally_full-flavor_8f14737c-5517-449a-bd83-8befc0369ed3", "links": [{"href": "http://172.30.9.21:8774/v2.1/flavors/27388338-aba6-4dc4-80d6-4b788ae562bd", "rel": "self"}, {"href": "http://172.30.9.21:8774/flavors/27388338-aba6-4dc4-80d6-4b788ae562bd", "rel": "bookmark"}], "ram": 512, "OS-FLV-DISABLED:disabled": false, "vcpus": 1, "swap": "", "os-flavor-access:is_public": true, "rxtx_factor": 1.0, "OS-FLV-EXT-DATA:ephemeral": 0, "disk": 1, "id": "27388338-aba6-4dc4-80d6-4b788ae562bd"}, {"name": "rally_full-flavor_alt_8f14737c-5517-449a-bd83-8befc0369ed3", "links": [{"href": "http://172.30.9.21:8774/v2.1/flavors/d6a16e45-b30c-4961-a549-a577d2aed72b", "rel": "self"}, {"href": "http://172.30.9.21:8774/flavors/d6a16e45-b30c-4961-a549-a577d2aed72b", "rel": "bookmark"}], "ram": 1024, "OS-FLV-DISABLED:disabled": false, "vcpus": 1, "swap": "", "os-flavor-access:is_public": true, "rxtx_factor": 1.0, "OS-FLV-EXT-DATA:ephemeral": 0, "disk": 1, "id": "d6a16e45-b30c-4961-a549-a577d2aed72b"}]} _http_log_response /usr/lib/python2.7/site-packages/keystoneauth1/session.py:511
2019-06-08 18:46:18.528 662 DEBUG novaclient.v2.client [-] GET call to compute for http://172.30.9.21:8774/v2.1/flavors/detail used request id req-0147e0bf-4b51-416d-a28b-ccb5dd0a5d01 request /usr/lib/python2.7/site-packages/keystoneauth1/session.py:844
2019-06-08 18:46:18.528 660 DEBUG novaclient.v2.client [-] RESP: [200] Content-Encoding: gzip Content-Length: 364 Content-Type: application/json Date: Sat, 08 Jun 2019 18:46:18 GMT OpenStack-API-Version: compute 2.1 Server: Apache Vary: OpenStack-API-Version,X-OpenStack-Nova-API-Version,Accept-Encoding X-OpenStack-Nova-API-Version: 2.1 x-compute-request-id: req-3e69b4e8-48aa-4656-954b-3b49a051945f x-openstack-request-id: req-3e69b4e8-48aa-4656-954b-3b49a051945f _http_log_response /usr/lib/python2.7/site-packages/keystoneauth1/session.py:479
2019-06-08 18:46:18.528 660 DEBUG novaclient.v2.client [-] RESP BODY: {"flavors": [{"name": "rally_full-flavor_8f14737c-5517-449a-bd83-8befc0369ed3", "links": [{"href": "http://172.30.9.21:8774/v2.1/flavors/27388338-aba6-4dc4-80d6-4b788ae562bd", "rel": "self"}, {"href": "http://172.30.9.21:8774/flavors/27388338-aba6-4dc4-80d6-4b788ae562bd", "rel": "bookmark"}], "ram": 512, "OS-FLV-DISABLED:disabled": false, "vcpus": 1, "swap": "", "os-flavor-access:is_public": true, "rxtx_factor": 1.0, "OS-FLV-EXT-DATA:ephemeral": 0, "disk": 1, "id": "27388338-aba6-4dc4-80d6-4b788ae562bd"}, {"name": "rally_full-flavor_alt_8f14737c-5517-449a-bd83-8befc0369ed3", "links": [{"href": "http://172.30.9.21:8774/v2.1/flavors/d6a16e45-b30c-4961-a549-a577d2aed72b", "rel": "self"}, {"href": "http://172.30.9.21:8774/flavors/d6a16e45-b30c-4961-a549-a577d2aed72b", "rel": "bookmark"}], "ram": 1024, "OS-FLV-DISABLED:disabled": false, "vcpus": 1, "swap": "", "os-flavor-access:is_public": true, "rxtx_factor": 1.0, "OS-FLV-EXT-DATA:ephemeral": 0, "disk": 1, "id": "d6a16e45-b30c-4961-a549-a577d2aed72b"}]} _http_log_response /usr/lib/python2.7/site-packages/keystoneauth1/session.py:511
2019-06-08 18:46:18.528 660 DEBUG novaclient.v2.client [-] GET call to compute for http://172.30.9.21:8774/v2.1/flavors/detail used request id req-3e69b4e8-48aa-4656-954b-3b49a051945f request /usr/lib/python2.7/site-packages/keystoneauth1/session.py:844
2019-06-08 18:46:18.529 662 INFO rally.task.runner [-] Task b1e49979-588d-4505-aa0a-85d61d823fda | ITER: 3 END: OK
2019-06-08 18:46:18.530 660 INFO rally.task.runner [-] Task b1e49979-588d-4505-aa0a-85d61d823fda | ITER: 1 END: OK
2019-06-08 18:46:18.532 662 INFO rally.task.runner [-] Task b1e49979-588d-4505-aa0a-85d61d823fda | ITER: 6 START
2019-06-08 18:46:18.535 660 INFO rally.task.runner [-] Task b1e49979-588d-4505-aa0a-85d61d823fda | ITER: 7 START
2019-06-08 18:46:18.976 661 DEBUG novaclient.v2.client [-] RESP: [200] Content-Encoding: gzip Content-Length: 364 Content-Type: application/json Date: Sat, 08 Jun 2019 18:46:18 GMT OpenStack-API-Version: compute 2.1 Server: Apache Vary: OpenStack-API-Version,X-OpenStack-Nova-API-Version,Accept-Encoding X-OpenStack-Nova-API-Version: 2.1 x-compute-request-id: req-4ddb600c-ad57-4663-a4b9-1d46c8b3ef83 x-openstack-request-id: req-4ddb600c-ad57-4663-a4b9-1d46c8b3ef83 _http_log_response /usr/lib/python2.7/site-packages/keystoneauth1/session.py:479
2019-06-08 18:46:18.977 661 DEBUG novaclient.v2.client [-] RESP BODY: {"flavors": [{"name": "rally_full-flavor_8f14737c-5517-449a-bd83-8befc0369ed3", "links": [{"href": "http://172.30.9.21:8774/v2.1/flavors/27388338-aba6-4dc4-80d6-4b788ae562bd", "rel": "self"}, {"href": "http://172.30.9.21:8774/flavors/27388338-aba6-4dc4-80d6-4b788ae562bd", "rel": "bookmark"}], "ram": 512, "OS-FLV-DISABLED:disabled": false, "vcpus": 1, "swap": "", "os-flavor-access:is_public": true, "rxtx_factor": 1.0, "OS-FLV-EXT-DATA:ephemeral": 0, "disk": 1, "id": "27388338-aba6-4dc4-80d6-4b788ae562bd"}, {"name": "rally_full-flavor_alt_8f14737c-5517-449a-bd83-8befc0369ed3", "links": [{"href": "http://172.30.9.21:8774/v2.1/flavors/d6a16e45-b30c-4961-a549-a577d2aed72b", "rel": "self"}, {"href": "http://172.30.9.21:8774/flavors/d6a16e45-b30c-4961-a549-a577d2aed72b", "rel": "bookmark"}], "ram": 1024, "OS-FLV-DISABLED:disabled": false, "vcpus": 1, "swap": "", "os-flavor-access:is_public": true, "rxtx_factor": 1.0, "OS-FLV-EXT-DATA:ephemeral": 0, "disk": 1, "id": "d6a16e45-b30c-4961-a549-a577d2aed72b"}]} _http_log_response /usr/lib/python2.7/site-packages/keystoneauth1/session.py:511
2019-06-08 18:46:18.977 661 DEBUG novaclient.v2.client [-] GET call to compute for http://172.30.9.21:8774/v2.1/flavors/detail used request id req-4ddb600c-ad57-4663-a4b9-1d46c8b3ef83 request /usr/lib/python2.7/site-packages/keystoneauth1/session.py:844
