2019-06-08 19:15:12.062 4907 RALLYDEBUG rally.task.utils [-] Waiting for resource s_rally_58c60f6e_1rw4qkLf. Status changed: AVAILABLE => DELETING in 0.34406709671
2019-06-08 19:15:13.500 4906 RALLYDEBUG rally.task.utils [-] Waiting for resource s_rally_58c60f6e_QrA0JdGf. Status changed: CREATING => AVAILABLE in 2.83915996552
2019-06-08 19:15:14.245 4906 RALLYDEBUG rally.task.utils [-] Waiting for resource s_rally_58c60f6e_QrA0JdGf. Status changed: AVAILABLE => DELETING in 0.342647075653
2019-06-08 19:15:16.672 4906 INFO rally.task.runner [-] Task c25f6642-9bb4-4e31-a455-37e164dfb7d6 | ITER: 1 END: OK
2019-06-08 19:15:16.679 4906 INFO rally.task.runner [-] Task c25f6642-9bb4-4e31-a455-37e164dfb7d6 | ITER: 5 START
2019-06-08 19:15:16.829 4907 INFO rally.task.runner [-] Task c25f6642-9bb4-4e31-a455-37e164dfb7d6 | ITER: 2 END: OK
2019-06-08 19:15:16.835 4907 INFO rally.task.runner [-] Task c25f6642-9bb4-4e31-a455-37e164dfb7d6 | ITER: 6 START
2019-06-08 19:15:17.981 4908 RALLYDEBUG rally.task.utils [-] Waiting for resource s_rally_58c60f6e_R3I9a6St. Status changed: CREATING => AVAILABLE in 7.38223385811
2019-06-08 19:15:18.527 4908 RALLYDEBUG rally.task.utils [-] Waiting for resource s_rally_58c60f6e_R3I9a6St. Status changed: AVAILABLE => DELETING in 0.252459049225
2019-06-08 19:15:18.729 4909 INFO rally.task.runner [-] Task c25f6642-9bb4-4e31-a455-37e164dfb7d6 | ITER: 4 END: OK
2019-06-08 19:15:18.735 4909 INFO rally.task.runner [-] Task c25f6642-9bb4-4e31-a455-37e164dfb7d6 | ITER: 7 START
2019-06-08 19:15:20.964 4906 RALLYDEBUG rally.task.utils [-] Waiting for resource s_rally_58c60f6e_oB0fYxRx. Status changed: AVAILABLE => DELETING in 0.325007915497
2019-06-08 19:15:22.786 4907 RALLYDEBUG rally.task.utils [-] Waiting for resource s_rally_58c60f6e_mQfGjh7S. Status changed: CREATING => AVAILABLE in 2.86207509041
2019-06-08 19:15:23.113 4908 INFO rally.task.runner [-] Task c25f6642-9bb4-4e31-a455-37e164dfb7d6 | ITER: 3 END: OK
2019-06-08 19:15:23.119 4908 INFO rally.task.runner [-] Task c25f6642-9bb4-4e31-a455-37e164dfb7d6 | ITER: 8 START
2019-06-08 19:15:23.456 4907 RALLYDEBUG rally.task.utils [-] Waiting for resource s_rally_58c60f6e_mQfGjh7S. Status changed: AVAILABLE => DELETING in 0.303679943085
2019-06-08 19:15:24.757 4909 RALLYDEBUG rally.task.utils [-] Waiting for resource s_rally_58c60f6e_Gzrecajr. Status changed: CREATING => AVAILABLE in 2.90956902504
2019-06-08 19:15:25.350 4906 INFO rally.task.runner [-] Task c25f6642-9bb4-4e31-a455-37e164dfb7d6 | ITER: 5 END: OK
2019-06-08 19:15:25.355 4906 INFO rally.task.runner [-] Task c25f6642-9bb4-4e31-a455-37e164dfb7d6 | ITER: 9 START
2019-06-08 19:15:25.398 4909 RALLYDEBUG rally.task.utils [-] Waiting for resource s_rally_58c60f6e_Gzrecajr. Status changed: AVAILABLE => DELETING in 0.262794971466
2019-06-08 19:15:25.499 4907 INFO rally.task.runner [-] Task c25f6642-9bb4-4e31-a455-37e164dfb7d6 | ITER: 6 END: OK
2019-06-08 19:15:25.503 4907 INFO rally.task.runner [-] Task c25f6642-9bb4-4e31-a455-37e164dfb7d6 | ITER: 10 START
2019-06-08 19:15:27.347 4908 RALLYDEBUG rally.task.utils [-] Waiting for resource s_rally_58c60f6e_o3ywiLD6. Status changed: AVAILABLE => DELETING in 0.252164125443
2019-06-08 19:15:27.913 4909 INFO rally.task.runner [-] Task c25f6642-9bb4-4e31-a455-37e164dfb7d6 | ITER: 7 END: OK
2019-06-08 19:15:29.685 4906 RALLYDEBUG rally.task.utils [-] Waiting for resource s_rally_58c60f6e_343y66Xs. Status changed: AVAILABLE => DELETING in 0.339375019073
2019-06-08 19:15:29.761 4908 INFO rally.task.runner [-] Task c25f6642-9bb4-4e31-a455-37e164dfb7d6 | ITER: 8 END: OK
2019-06-08 19:15:31.760 4907 RALLYDEBUG rally.task.utils [-] Waiting for resource s_rally_58c60f6e_4WDBBp8o. Status changed: CREATING => AVAILABLE in 3.1439769268
2019-06-08 19:15:31.930 4906 INFO rally.task.runner [-] Task c25f6642-9bb4-4e31-a455-37e164dfb7d6 | ITER: 9 END: OK
2019-06-08 19:15:32.382 4907 RALLYDEBUG rally.task.utils [-] Waiting for resource s_rally_58c60f6e_4WDBBp8o. Status changed: AVAILABLE => DELETING in 0.269801139832
2019-06-08 19:15:34.792 4907 INFO rally.task.runner [-] Task c25f6642-9bb4-4e31-a455-37e164dfb7d6 | ITER: 10 END: OK
2019-06-08 19:15:34.817 1842 INFO rally.task.context [-] Task c25f6642-9bb4-4e31-a455-37e164dfb7d6 | Context cleanup@openstack cleanup() started
2019-06-08 19:15:34.819 1842 RALLYDEBUG rally_openstack.cleanup.manager [-] Cleaning up cinder backups objects
2019-06-08 19:15:36.943 1842 RALLYDEBUG rally_openstack.cleanup.manager [-] Cleaning up cinder volume_snapshots objects
2019-06-08 19:15:39.055 1842 RALLYDEBUG rally_openstack.cleanup.manager [-] Cleaning up cinder transfers objects
2019-06-08 19:15:41.071 1842 RALLYDEBUG rally_openstack.cleanup.manager [-] Cleaning up cinder volumes objects
2019-06-08 19:15:43.397 1842 INFO rally.task.context [-] Task c25f6642-9bb4-4e31-a455-37e164dfb7d6 | Context cleanup@openstack cleanup() finished in 8.58 sec
2019-06-08 19:15:43.398 1842 INFO rally.task.context [-] Task c25f6642-9bb4-4e31-a455-37e164dfb7d6 | Context volumes@openstack cleanup() started
2019-06-08 19:15:43.398 1842 RALLYDEBUG rally_openstack.cleanup.manager [-] Cleaning up cinder volumes objects
2019-06-08 19:15:45.619 1842 RALLYDEBUG rally_openstack.cleanup.manager [-] Deleting cinder.volumes object c_rally_58c60f6e_sVYYhdST (b5465432-a346-43b6-9d69-29459c0b9116)
2019-06-08 19:15:45.621 1842 RALLYDEBUG rally_openstack.cleanup.manager [-] Deleting cinder.volumes object c_rally_58c60f6e_tuMOCFy9 (c9315675-edd0-4d9f-ae50-753abeb9a4f2)
2019-06-08 19:15:45.621 1842 RALLYDEBUG rally_openstack.cleanup.manager [-] Deleting cinder.volumes object c_rally_58c60f6e_2CaqoGfC (df9ef85e-2a29-492c-b67a-db044ae3b5bc)
2019-06-08 19:15:49.191 1842 INFO rally.task.context [-] Task c25f6642-9bb4-4e31-a455-37e164dfb7d6 | Context volumes@openstack cleanup() finished in 5.79 sec
2019-06-08 19:15:49.192 1842 INFO rally.task.context [-] Task c25f6642-9bb4-4e31-a455-37e164dfb7d6 | Context quotas@openstack cleanup() started
2019-06-08 19:15:50.234 1842 INFO rally.task.context [-] Task c25f6642-9bb4-4e31-a455-37e164dfb7d6 | Context quotas@openstack cleanup() finished in 1.04 sec
2019-06-08 19:15:50.234 1842 INFO rally.task.context [-] Task c25f6642-9bb4-4e31-a455-37e164dfb7d6 | Context api_versions@openstack cleanup() started
2019-06-08 19:15:50.235 1842 INFO rally.task.context [-] Task c25f6642-9bb4-4e31-a455-37e164dfb7d6 | Context api_versions@openstack cleanup() finished in 0.32 msec
2019-06-08 19:15:50.235 1842 INFO rally.task.context [-] Task c25f6642-9bb4-4e31-a455-37e164dfb7d6 | Context users@openstack cleanup() started
2019-06-08 19:15:58.605 1842 INFO rally.task.context [-] Task c25f6642-9bb4-4e31-a455-37e164dfb7d6 | Context users@openstack cleanup() finished in 8.37 sec
2019-06-08 19:15:59.841 1842 INFO rally.task.engine [-] Load duration is: 27.363969
2019-06-08 19:15:59.842 1842 INFO rally.task.engine [-] Full runner duration is: 27.417925
2019-06-08 19:15:59.842 1842 INFO rally.task.engine [-] Full duration is: 69.031062
2019-06-08 19:16:00.071 1842 INFO rally.task.engine [-] Running workload: position = 0 config = { "version": 2, "title": "A cropped version of a bigger task.", "description": "Auto-generated task from a single workload (uuid=33a94f5c-361f-4c43-966c-fbaf012f8f6b)", "subtasks": [ { "title": "CinderQos.create_and_get_qos", "description": "Create a qos, then get details of the qos.", "scenario": { "CinderQos.create_and_get_qos": { "consumer": "both", "write_iops_sec": "10", "read_iops_sec": "1000" } }, "contexts": { "users": { "tenants": 3, "users_per_tenant": 2 }, "api_versions": { "cinder": { "version": 3, "service_type": "volumev3" } } }, "runner": { "constant": { "concurrency": 4, "times": 10 } }, "hooks": [], "sla": { "failure_rate": { "max": 0 } } } ] }
2019-06-08 19:16:00.092 1842 RALLYDEBUG rally_openstack.contexts.keystone.users [-] Creating 3 tenants using 20 threads
2019-06-08 19:16:02.021 1842 RALLYDEBUG rally_openstack.contexts.keystone.users [-] Creating 6 users using 20 threads
2019-06-08 19:16:04.902 1842 INFO rally.task.context [-] Task c25f6642-9bb4-4e31-a455-37e164dfb7d6 | Context users@openstack setup() finished in 4.81 sec
2019-06-08 19:16:05.321 1842 INFO rally.task.context [-] Task c25f6642-9bb4-4e31-a455-37e164dfb7d6 | Context api_versions@openstack setup() finished in 0.42 sec
2019-06-08 19:16:05.322 1842 INFO rally.task.context [-] Task c25f6642-9bb4-4e31-a455-37e164dfb7d6 | Context admin_cleanup@openstack setup() finished in 0.01 msec
2019-06-08 19:16:05.329 1842 RALLYDEBUG rally.task.runner [-] Starting the constant runner (task UUID: c25f6642-9bb4-4e31-a455-37e164dfb7d6). timeout: 0 concurrency: 4 concurrency_per_worker: 1 times: 10 concurrency_overhead: 0 processes_to_start: 4 max_cpu_used: 16
2019-06-08 19:16:05.342 5110 RALLYDEBUG rally.task.runner [-] Starting a worker. concurrency: 1 args: {"consumer": "both", "write_iops_sec": "10", "read_iops_sec": "1000"} times: 10 method_name: run timeout: 0 duration: None cls:
2019-06-08 19:16:05.345 5111 RALLYDEBUG rally.task.runner [-] Starting a worker. concurrency: 1 args: {"consumer": "both", "write_iops_sec": "10", "read_iops_sec": "1000"} times: 10 method_name: run timeout: 0 duration: None cls:
2019-06-08 19:16:05.347 5112 RALLYDEBUG rally.task.runner [-] Starting a worker. concurrency: 1 args: {"consumer": "both", "write_iops_sec": "10", "read_iops_sec": "1000"} times: 10 method_name: run timeout: 0 duration: None cls:
2019-06-08 19:16:05.349 5113 RALLYDEBUG rally.task.runner [-] Starting a worker. concurrency: 1 args: {"consumer": "both", "write_iops_sec": "10", "read_iops_sec": "1000"} times: 10 method_name: run timeout: 0 duration: None cls:
2019-06-08 19:16:05.350 5110 INFO rally.task.runner [-] Task c25f6642-9bb4-4e31-a455-37e164dfb7d6 | ITER: 1 START
2019-06-08 19:16:05.351 5111 INFO rally.task.runner [-] Task c25f6642-9bb4-4e31-a455-37e164dfb7d6 | ITER: 2 START
2019-06-08 19:16:05.353 5113 INFO rally.task.runner [-] Task c25f6642-9bb4-4e31-a455-37e164dfb7d6 | ITER: 4 START
2019-06-08 19:16:05.354 5112 INFO rally.task.runner [-] Task c25f6642-9bb4-4e31-a455-37e164dfb7d6 | ITER: 3 START
2019-06-08 19:16:06.434 5112 INFO rally.task.runner [-] Task c25f6642-9bb4-4e31-a455-37e164dfb7d6 | ITER: 3 END: OK
2019-06-08 19:16:06.439 5112 INFO rally.task.runner [-] Task c25f6642-9bb4-4e31-a455-37e164dfb7d6 | ITER: 5 START
2019-06-08 19:16:06.468 5111 INFO rally.task.runner [-] Task c25f6642-9bb4-4e31-a455-37e164dfb7d6 | ITER: 2 END: OK
2019-06-08 19:16:06.474 5111 INFO rally.task.runner [-] Task c25f6642-9bb4-4e31-a455-37e164dfb7d6 | ITER: 6 START
2019-06-08 19:16:06.505 5113 INFO rally.task.runner [-] Task c25f6642-9bb4-4e31-a455-37e164dfb7d6 | ITER: 4 END: OK
2019-06-08 19:16:06.511 5113 INFO rally.task.runner [-] Task c25f6642-9bb4-4e31-a455-37e164dfb7d6 | ITER: 7 START
2019-06-08 19:16:06.566 5110 INFO rally.task.runner [-] Task c25f6642-9bb4-4e31-a455-37e164dfb7d6 | ITER: 1 END: OK
2019-06-08 19:16:06.571 5110 INFO rally.task.runner [-] Task c25f6642-9bb4-4e31-a455-37e164dfb7d6 | ITER: 8 START
2019-06-08 19:16:07.457 5112 INFO rally.task.runner [-] Task c25f6642-9bb4-4e31-a455-37e164dfb7d6 | ITER: 5 END: OK
2019-06-08 19:16:07.462 5111 INFO rally.task.runner [-] Task c25f6642-9bb4-4e31-a455-37e164dfb7d6 | ITER: 6 END: OK
2019-06-08 19:16:07.462 5112 INFO rally.task.runner [-] Task c25f6642-9bb4-4e31-a455-37e164dfb7d6 | ITER: 9 START
2019-06-08 19:16:07.466 5111 INFO rally.task.runner [-] Task c25f6642-9bb4-4e31-a455-37e164dfb7d6 | ITER: 10 START
2019-06-08 19:16:07.560 5110 INFO rally.task.runner [-] Task c25f6642-9bb4-4e31-a455-37e164dfb7d6 | ITER: 8 END: OK
2019-06-08 19:16:07.620 5113 INFO rally.task.runner [-] Task c25f6642-9bb4-4e31-a455-37e164dfb7d6 | ITER: 7 END: OK
2019-06-08 19:16:08.528 5112 INFO rally.task.runner [-] Task c25f6642-9bb4-4e31-a455-37e164dfb7d6 | ITER: 9 END: OK
2019-06-08 19:16:08.640 5111 INFO rally.task.runner [-] Task c25f6642-9bb4-4e31-a455-37e164dfb7d6 | ITER: 10 END: OK
2019-06-08 19:16:08.668 1842 INFO rally.task.context [-] Task c25f6642-9bb4-4e31-a455-37e164dfb7d6 | Context admin_cleanup@openstack cleanup() started
2019-06-08 19:16:08.670 1842 RALLYDEBUG rally_openstack.cleanup.manager [-] Cleaning up cinder volume_types objects
2019-06-08 19:16:09.344 1842 RALLYDEBUG rally_openstack.cleanup.manager [-] Cleaning up cinder image_volumes_cache objects
2019-06-08 19:16:10.621 1842 RALLYDEBUG rally_openstack.cleanup.manager [-] Cleaning up cinder quotas objects
2019-06-08 19:16:12.405 1842 RALLYDEBUG rally_openstack.cleanup.manager [-] Cleaning up cinder qos_specs objects
2019-06-08 19:16:13.195 1842 RALLYDEBUG rally_openstack.cleanup.manager [-] Deleting cinder.qos_specs object s_rally_33a94f5c_hJ5FYMlV (e28c07b4-b735-428f-9bb3-375f214541d5)
2019-06-08 19:16:13.207 1842 RALLYDEBUG rally_openstack.cleanup.manager [-] Deleting cinder.qos_specs object s_rally_33a94f5c_MJW7rJUa (f73c5d72-bff7-4eec-b4c6-da9c174a51b9)
2019-06-08 19:16:13.207 1842 RALLYDEBUG rally_openstack.cleanup.manager [-] Deleting cinder.qos_specs object s_rally_33a94f5c_CRKkRqp2 (5ad3a348-aa35-4f24-bbeb-37b92c464ef8)
2019-06-08 19:16:13.211 1842 RALLYDEBUG rally_openstack.cleanup.manager [-] Deleting cinder.qos_specs object s_rally_33a94f5c_GGAaevXA (f4633524-300f-417f-90df-0b1d32aaf9ad)
2019-06-08 19:16:13.222 1842 RALLYDEBUG rally_openstack.cleanup.manager [-] Deleting cinder.qos_specs object s_rally_33a94f5c_JXwRywKq (ceeaf31a-4b45-456c-9d2d-77e744fff9a3)
2019-06-08 19:16:13.234 1842 RALLYDEBUG rally_openstack.cleanup.manager [-] Deleting cinder.qos_specs object s_rally_33a94f5c_XyhWy1rz (cb76112a-1af9-4073-b364-91b8622863bf)
2019-06-08 19:16:13.241 1842 RALLYDEBUG rally_openstack.cleanup.manager [-] Deleting cinder.qos_specs object s_rally_33a94f5c_wKH9aUgs (88b42cfa-c691-46ee-a5f8-b2eeeb80bc60)
2019-06-08 19:16:13.267 1842 RALLYDEBUG rally_openstack.cleanup.manager [-] Deleting cinder.qos_specs object s_rally_33a94f5c_rv08RAuL (7faf152b-de57-4fe5-bbbe-1542c21a9b55)
2019-06-08 19:16:13.269 1842 RALLYDEBUG rally_openstack.cleanup.manager [-] Deleting cinder.qos_specs object s_rally_33a94f5c_srtzOHNk (578db1fe-b1db-4890-94e9-2515a0748975)
2019-06-08 19:16:13.302 1842 RALLYDEBUG rally_openstack.cleanup.manager [-] Deleting cinder.qos_specs object s_rally_33a94f5c_DXeDKlFM (0fd8fb39-dd3e-4901-abb9-3db013295dbc)
2019-06-08 19:16:15.577 1842 INFO rally.task.context [-] Task c25f6642-9bb4-4e31-a455-37e164dfb7d6 | Context admin_cleanup@openstack cleanup() finished in 6.91 sec
2019-06-08 19:16:15.578 1842 INFO rally.task.context [-] Task c25f6642-9bb4-4e31-a455-37e164dfb7d6 | Context api_versions@openstack cleanup() started
2019-06-08 19:16:15.578 1842 INFO rally.task.context [-] Task c25f6642-9bb4-4e31-a455-37e164dfb7d6 | Context api_versions@openstack cleanup() finished in 0.33 msec
2019-06-08 19:16:15.578 1842 INFO rally.task.context [-] Task c25f6642-9bb4-4e31-a455-37e164dfb7d6 | Context users@openstack cleanup() started
2019-06-08 19:16:23.432 1842 INFO rally.task.context [-] Task c25f6642-9bb4-4e31-a455-37e164dfb7d6 | Context users@openstack cleanup() finished in 7.85 sec
2019-06-08 19:16:24.195 1842 INFO rally.task.engine [-] Load duration is: 3.286367
2019-06-08 19:16:24.196 1842 INFO rally.task.engine [-] Full runner duration is: 3.339607
2019-06-08 19:16:24.196 1842 INFO rally.task.engine [-] Full duration is: 23.341339
2019-06-08 19:16:24.442 1842 INFO rally.task.engine [-] Running workload: position = 0 config = { "version": 2, "title": "A cropped version of a bigger task.", "description": "Auto-generated task from a single workload (uuid=1e8369fe-22a2-4fe4-a5a4-f5b8132e59c7)", "subtasks": [ { "title": "CinderQos.create_and_list_qos", "description": "Create a qos, then list all qos.", "scenario": { "CinderQos.create_and_list_qos": { "consumer": "both", "write_iops_sec": "10", "read_iops_sec": "1000" } }, "contexts": { "users": { "tenants": 3, "users_per_tenant": 2 }, "api_versions": { "cinder": { "version": 3, "service_type": "volumev3" } } }, "runner": { "constant": { "concurrency": 4, "times": 10 } }, "hooks": [], "sla": { "failure_rate": { "max": 0 } } } ] }
2019-06-08 19:16:24.465 1842 RALLYDEBUG rally_openstack.contexts.keystone.users [-] Creating 3 tenants using 20 threads
2019-06-08 19:16:26.428 1842 RALLYDEBUG rally_openstack.contexts.keystone.users [-] Creating 6 users using 20 threads
2019-06-08 19:16:29.304 1842 INFO rally.task.context [-] Task c25f6642-9bb4-4e31-a455-37e164dfb7d6 | Context users@openstack setup() finished in 4.84 sec
2019-06-08 19:16:29.741 1842 INFO rally.task.context [-] Task c25f6642-9bb4-4e31-a455-37e164dfb7d6 | Context api_versions@openstack setup() finished in 0.44 sec
2019-06-08 19:16:29.741 1842 INFO rally.task.context [-] Task c25f6642-9bb4-4e31-a455-37e164dfb7d6 | Context admin_cleanup@openstack setup() finished in 0.00 msec
2019-06-08 19:16:29.748 1842 RALLYDEBUG rally.task.runner [-] Starting the constant runner (task UUID: c25f6642-9bb4-4e31-a455-37e164dfb7d6). timeout: 0 concurrency: 4 concurrency_per_worker: 1 times: 10 concurrency_overhead: 0 processes_to_start: 4 max_cpu_used: 16
2019-06-08 19:16:29.761 5294 RALLYDEBUG rally.task.runner [-] Starting a worker. concurrency: 1 args: {"consumer": "both", "write_iops_sec": "10", "read_iops_sec": "1000"} times: 10 method_name: run timeout: 0 duration: None cls:
2019-06-08 19:16:29.763 5295 RALLYDEBUG rally.task.runner [-] Starting a worker. concurrency: 1 args: {"consumer": "both", "write_iops_sec": "10", "read_iops_sec": "1000"} times: 10 method_name: run timeout: 0 duration: None cls:
2019-06-08 19:16:29.766 5296 RALLYDEBUG rally.task.runner [-] Starting a worker. concurrency: 1 args: {"consumer": "both", "write_iops_sec": "10", "read_iops_sec": "1000"} times: 10 method_name: run timeout: 0 duration: None cls:
2019-06-08 19:16:29.768 5297 RALLYDEBUG rally.task.runner [-] Starting a worker. concurrency: 1 args: {"consumer": "both", "write_iops_sec": "10", "read_iops_sec": "1000"} times: 10 method_name: run timeout: 0 duration: None cls:
2019-06-08 19:16:29.769 5294 INFO rally.task.runner [-] Task c25f6642-9bb4-4e31-a455-37e164dfb7d6 | ITER: 1 START
2019-06-08 19:16:29.770 5295 INFO rally.task.runner [-] Task c25f6642-9bb4-4e31-a455-37e164dfb7d6 | ITER: 2 START
2019-06-08 19:16:29.773 5296 INFO rally.task.runner [-] Task c25f6642-9bb4-4e31-a455-37e164dfb7d6 | ITER: 3 START
2019-06-08 19:16:29.776 5297 INFO rally.task.runner [-] Task c25f6642-9bb4-4e31-a455-37e164dfb7d6 | ITER: 4 START
2019-06-08 19:16:30.837 5296 INFO rally.task.runner [-] Task c25f6642-9bb4-4e31-a455-37e164dfb7d6 | ITER: 3 END: OK
2019-06-08 19:16:30.843 5296 INFO rally.task.runner [-] Task c25f6642-9bb4-4e31-a455-37e164dfb7d6 | ITER: 5 START
2019-06-08 19:16:30.887 5295 INFO rally.task.runner [-] Task c25f6642-9bb4-4e31-a455-37e164dfb7d6 | ITER: 2 END: OK
2019-06-08 19:16:30.892 5295 INFO rally.task.runner [-] Task c25f6642-9bb4-4e31-a455-37e164dfb7d6 | ITER: 6 START
2019-06-08 19:16:30.899 5297 INFO rally.task.runner [-] Task c25f6642-9bb4-4e31-a455-37e164dfb7d6 | ITER: 4 END: OK
2019-06-08 19:16:30.904 5297 INFO rally.task.runner [-] Task c25f6642-9bb4-4e31-a455-37e164dfb7d6 | ITER: 7 START
2019-06-08 19:16:30.905 5294 INFO rally.task.runner [-] Task c25f6642-9bb4-4e31-a455-37e164dfb7d6 | ITER: 1 END: OK
2019-06-08 19:16:30.910 5294 INFO rally.task.runner [-] Task c25f6642-9bb4-4e31-a455-37e164dfb7d6 | ITER: 8 START
2019-06-08 19:16:31.890 5296 INFO rally.task.runner [-] Task c25f6642-9bb4-4e31-a455-37e164dfb7d6 | ITER: 5 END: OK
2019-06-08 19:16:31.894 5296 INFO rally.task.runner [-] Task c25f6642-9bb4-4e31-a455-37e164dfb7d6 | ITER: 9 START
2019-06-08 19:16:31.903 5297 INFO rally.task.runner [-] Task c25f6642-9bb4-4e31-a455-37e164dfb7d6 | ITER: 7 END: OK
2019-06-08 19:16:31.908 5297 INFO rally.task.runner [-] Task c25f6642-9bb4-4e31-a455-37e164dfb7d6 | ITER: 10 START
2019-06-08 19:16:31.984 5295 INFO rally.task.runner [-] Task c25f6642-9bb4-4e31-a455-37e164dfb7d6 | ITER: 6 END: OK
2019-06-08 19:16:32.004 5294 INFO rally.task.runner [-] Task c25f6642-9bb4-4e31-a455-37e164dfb7d6 | ITER: 8 END: OK
2019-06-08 19:16:32.822 5297 INFO rally.task.runner [-] Task c25f6642-9bb4-4e31-a455-37e164dfb7d6 | ITER: 10 END: OK
2019-06-08 19:16:32.892 5296 INFO rally.task.runner [-] Task c25f6642-9bb4-4e31-a455-37e164dfb7d6 | ITER: 9 END: OK
2019-06-08 19:16:32.917 1842 INFO rally.task.context [-] Task c25f6642-9bb4-4e31-a455-37e164dfb7d6 | Context admin_cleanup@openstack cleanup() started
2019-06-08 19:16:32.920 1842 RALLYDEBUG rally_openstack.cleanup.manager [-] Cleaning up cinder volume_types objects
2019-06-08 19:16:33.672 1842 RALLYDEBUG rally_openstack.cleanup.manager [-] Cleaning up cinder image_volumes_cache objects
2019-06-08 19:16:34.952 1842 RALLYDEBUG rally_openstack.cleanup.manager [-] Cleaning up cinder quotas objects
2019-06-08 19:16:36.695 1842 RALLYDEBUG rally_openstack.cleanup.manager [-] Cleaning up cinder qos_specs objects
2019-06-08 19:16:37.429 1842 RALLYDEBUG rally_openstack.cleanup.manager [-] Deleting cinder.qos_specs object s_rally_1e8369fe_zCdD5C4s (94324a3e-2972-4ce7-b9e2-792cce22b300)
2019-06-08 19:16:37.434 1842 RALLYDEBUG rally_openstack.cleanup.manager [-] Deleting cinder.qos_specs object s_rally_1e8369fe_xGQKojiw (6def613e-1be9-45a7-8487-ca3945832a2a)
2019-06-08 19:16:37.444 1842 RALLYDEBUG rally_openstack.cleanup.manager [-] Deleting cinder.qos_specs object s_rally_1e8369fe_TEo3K9Bu (c6467314-5b77-45cc-97d5-fac43593a2ad)
2019-06-08 19:16:37.458 1842 RALLYDEBUG rally_openstack.cleanup.manager [-] Deleting cinder.qos_specs object s_rally_1e8369fe_p9moGhAZ (9bcc4d90-dbe0-4f19-acbd-2f3e25f76253)
2019-06-08 19:16:37.458 1842 RALLYDEBUG rally_openstack.cleanup.manager [-] Deleting cinder.qos_specs object s_rally_1e8369fe_OTQrNfm7 (b7ec19ec-e1aa-48dc-8a96-b3b07b3143dd)
2019-06-08 19:16:37.459 1842 RALLYDEBUG rally_openstack.cleanup.manager [-] Deleting cinder.qos_specs object s_rally_1e8369fe_fKJlQ9RB (bf7476c6-579d-428e-ab8e-7ab3502aca91)
2019-06-08 19:16:37.468 1842 RALLYDEBUG rally_openstack.cleanup.manager [-] Deleting cinder.qos_specs object s_rally_1e8369fe_KgErT5yf (f95d61c9-8b87-4790-aa46-438d6a03a35a)
2019-06-08 19:16:37.484 1842 RALLYDEBUG rally_openstack.cleanup.manager [-] Deleting cinder.qos_specs object s_rally_1e8369fe_lrj7fL79 (3365c74b-ca93-4534-bede-648ab2a83023)
2019-06-08 19:16:37.487 1842 RALLYDEBUG rally_openstack.cleanup.manager [-] Deleting cinder.qos_specs object s_rally_1e8369fe_2PCPWCgO (7a207330-f161-4fc6-a3ed-fbcb58d2c193)
2019-06-08 19:16:37.511 1842 RALLYDEBUG rally_openstack.cleanup.manager [-] Deleting cinder.qos_specs object s_rally_1e8369fe_ZSBnmpcv (105ef9f3-c4ff-48d9-bc03-24318618fc42)
2019-06-08 19:16:39.888 1842 INFO rally.task.context [-] Task c25f6642-9bb4-4e31-a455-37e164dfb7d6 | Context admin_cleanup@openstack cleanup() finished in 6.97 sec
2019-06-08 19:16:39.889 1842 INFO rally.task.context [-] Task c25f6642-9bb4-4e31-a455-37e164dfb7d6 | Context api_versions@openstack cleanup() started
2019-06-08 19:16:39.889 1842 INFO rally.task.context [-] Task c25f6642-9bb4-4e31-a455-37e164dfb7d6 | Context api_versions@openstack cleanup() finished in 0.32 msec
2019-06-08 19:16:39.890 1842 INFO rally.task.context [-] Task c25f6642-9bb4-4e31-a455-37e164dfb7d6 | Context users@openstack cleanup() started
2019-06-08 19:16:47.348 1842 INFO rally.task.context [-] Task c25f6642-9bb4-4e31-a455-37e164dfb7d6 | Context users@openstack cleanup() finished in 7.46 sec
2019-06-08 19:16:48.591 1842 INFO rally.task.engine [-] Load duration is: 3.119417
2019-06-08 19:16:48.591 1842 INFO rally.task.engine [-] Full runner duration is: 3.169655
2019-06-08 19:16:48.591 1842 INFO rally.task.engine [-] Full duration is: 22.885796
2019-06-08 19:16:48.857 1842 INFO rally.task.engine [-] Running workload: position = 0 config = { "version": 2, "title": "A cropped version of a bigger task.", "description": "Auto-generated task from a single workload (uuid=352dfb57-1e1f-4168-90a2-682623ec9537)", "subtasks": [ { "title": "CinderQos.create_and_set_qos", "description": "Create a qos, then Add/Update keys in qos specs.", "scenario": { "CinderQos.create_and_set_qos": { "consumer": "back-end", "write_iops_sec": "10", "read_iops_sec": "1000", "set_consumer": "both", "set_write_iops_sec": "11", "set_read_iops_sec": "1001" } }, "contexts": { "users": { "tenants": 3, "users_per_tenant": 2 }, "api_versions": { "cinder": { "version": 3, "service_type": "volumev3" } } }, "runner": { "constant": { "concurrency": 4, "times": 10 } }, "hooks": [], "sla": { "failure_rate": { "max": 0 } } } ] }
2019-06-08 19:16:48.881 1842 RALLYDEBUG rally_openstack.contexts.keystone.users [-] Creating 3 tenants using 20 threads
2019-06-08 19:16:50.931 1842 RALLYDEBUG rally_openstack.contexts.keystone.users [-] Creating 6 users using 20 threads
2019-06-08 19:16:53.893 1842 INFO rally.task.context [-] Task c25f6642-9bb4-4e31-a455-37e164dfb7d6 | Context users@openstack setup() finished in 5.01 sec
2019-06-08 19:16:54.337 1842 INFO rally.task.context [-] Task c25f6642-9bb4-4e31-a455-37e164dfb7d6 | Context api_versions@openstack setup() finished in 0.44 sec
2019-06-08 19:16:54.337 1842 INFO rally.task.context [-] Task c25f6642-9bb4-4e31-a455-37e164dfb7d6 | Context admin_cleanup@openstack setup() finished in 0.00 msec
2019-06-08 19:16:54.344 1842 RALLYDEBUG rally.task.runner [-] Starting the constant runner (task UUID: c25f6642-9bb4-4e31-a455-37e164dfb7d6). timeout: 0 concurrency: 4 concurrency_per_worker: 1 times: 10 concurrency_overhead: 0 processes_to_start: 4 max_cpu_used: 16
2019-06-08 19:16:54.357 5478 RALLYDEBUG rally.task.runner [-] Starting a worker. concurrency: 1 args: {"consumer": "back-end", "write_iops_sec": "10", "read_iops_sec": "1000", "set_consumer": "both", "set_write_iops_sec": "11", "set_read_iops_sec": "1001"} times: 10 method_name: run timeout: 0 duration: None cls:
2019-06-08 19:16:54.359 5479 RALLYDEBUG rally.task.runner [-] Starting a worker. concurrency: 1 args: {"consumer": "back-end", "write_iops_sec": "10", "read_iops_sec": "1000", "set_consumer": "both", "set_write_iops_sec": "11", "set_read_iops_sec": "1001"} times: 10 method_name: run timeout: 0 duration: None cls:
2019-06-08 19:16:54.362 5480 RALLYDEBUG rally.task.runner [-] Starting a worker. concurrency: 1 args: {"consumer": "back-end", "write_iops_sec": "10", "read_iops_sec": "1000", "set_consumer": "both", "set_write_iops_sec": "11", "set_read_iops_sec": "1001"} times: 10 method_name: run timeout: 0 duration: None cls:
2019-06-08 19:16:54.365 5478 INFO rally.task.runner [-] Task c25f6642-9bb4-4e31-a455-37e164dfb7d6 | ITER: 1 START
2019-06-08 19:16:54.366 5479 INFO rally.task.runner [-] Task c25f6642-9bb4-4e31-a455-37e164dfb7d6 | ITER: 2 START
2019-06-08 19:16:54.365 5481 RALLYDEBUG rally.task.runner [-] Starting a worker. concurrency: 1 args: {"consumer": "back-end", "write_iops_sec": "10", "read_iops_sec": "1000", "set_consumer": "both", "set_write_iops_sec": "11", "set_read_iops_sec": "1001"} times: 10 method_name: run timeout: 0 duration: None cls:
2019-06-08 19:16:54.370 5480 INFO rally.task.runner [-] Task c25f6642-9bb4-4e31-a455-37e164dfb7d6 | ITER: 3 START
2019-06-08 19:16:54.373 5481 INFO rally.task.runner [-] Task c25f6642-9bb4-4e31-a455-37e164dfb7d6 | ITER: 4 START
2019-06-08 19:16:55.464 5479 INFO rally.task.runner [-] Task c25f6642-9bb4-4e31-a455-37e164dfb7d6 | ITER: 2 END: OK
2019-06-08 19:16:55.467 5478 INFO rally.task.runner [-] Task c25f6642-9bb4-4e31-a455-37e164dfb7d6 | ITER: 1 END: OK
2019-06-08 19:16:55.470 5479 INFO rally.task.runner [-] Task c25f6642-9bb4-4e31-a455-37e164dfb7d6 | ITER: 5 START
2019-06-08 19:16:55.472 5478 INFO rally.task.runner [-] Task c25f6642-9bb4-4e31-a455-37e164dfb7d6 | ITER: 6 START
2019-06-08 19:16:55.476 5481 INFO rally.task.runner [-] Task c25f6642-9bb4-4e31-a455-37e164dfb7d6 | ITER: 4 END: OK
2019-06-08 19:16:55.482 5481 INFO rally.task.runner [-] Task c25f6642-9bb4-4e31-a455-37e164dfb7d6 | ITER: 7 START
2019-06-08 19:16:55.542 5480 INFO rally.task.runner [-] Task c25f6642-9bb4-4e31-a455-37e164dfb7d6 | ITER: 3 END: OK
2019-06-08 19:16:55.548 5480 INFO rally.task.runner [-] Task c25f6642-9bb4-4e31-a455-37e164dfb7d6 | ITER: 8 START
2019-06-08 19:16:56.554 5481 INFO rally.task.runner [-] Task c25f6642-9bb4-4e31-a455-37e164dfb7d6 | ITER: 7 END: OK
2019-06-08 19:16:56.558 5481 INFO rally.task.runner [-] Task c25f6642-9bb4-4e31-a455-37e164dfb7d6 | ITER: 9 START
2019-06-08 19:16:56.578 5480 INFO rally.task.runner [-] Task c25f6642-9bb4-4e31-a455-37e164dfb7d6 | ITER: 8 END: OK
2019-06-08 19:16:56.583 5480 INFO rally.task.runner [-] Task c25f6642-9bb4-4e31-a455-37e164dfb7d6 | ITER: 10 START
2019-06-08 19:16:56.596 5478 INFO rally.task.runner [-] Task c25f6642-9bb4-4e31-a455-37e164dfb7d6 | ITER: 6 END: OK
2019-06-08 19:16:56.670 5479 INFO rally.task.runner [-] Task c25f6642-9bb4-4e31-a455-37e164dfb7d6 | ITER: 5 END: OK
2019-06-08 19:16:57.494 5481 INFO rally.task.runner [-] Task c25f6642-9bb4-4e31-a455-37e164dfb7d6 | ITER: 9 END: OK
2019-06-08 19:16:57.783 5480 INFO rally.task.runner [-] Task c25f6642-9bb4-4e31-a455-37e164dfb7d6 | ITER: 10 END: OK
2019-06-08 19:16:57.806 1842 INFO rally.task.context [-] Task c25f6642-9bb4-4e31-a455-37e164dfb7d6 | Context admin_cleanup@openstack cleanup() started
2019-06-08 19:16:57.808 1842 RALLYDEBUG rally_openstack.cleanup.manager [-] Cleaning up cinder volume_types objects
2019-06-08 19:16:58.509 1842 RALLYDEBUG rally_openstack.cleanup.manager [-] Cleaning up cinder image_volumes_cache objects
2019-06-08 19:16:59.923 1842 RALLYDEBUG rally_openstack.cleanup.manager [-] Cleaning up cinder quotas objects
2019-06-08 19:17:01.762 1842 RALLYDEBUG rally_openstack.cleanup.manager [-] Cleaning up cinder qos_specs objects
2019-06-08 19:17:02.541 1842 RALLYDEBUG rally_openstack.cleanup.manager [-] Deleting cinder.qos_specs object s_rally_352dfb57_ZyFjMuwH (f318532d-519a-4399-b9ba-aeae8fb00d2a)
2019-06-08 19:17:02.547 1842 RALLYDEBUG rally_openstack.cleanup.manager [-] Deleting cinder.qos_specs object s_rally_352dfb57_7xz7Ibpo (b82f506e-5bd9-4865-99d9-6b2deabfa99e)
2019-06-08 19:17:02.554 1842 RALLYDEBUG rally_openstack.cleanup.manager [-] Deleting cinder.qos_specs object s_rally_352dfb57_A6ENryUD (f8db9b44-3e4a-4b10-856a-7ab5c5169c0e)
2019-06-08 19:17:02.566 1842 RALLYDEBUG rally_openstack.cleanup.manager [-] Deleting cinder.qos_specs object s_rally_352dfb57_DJKOnU30 (ae62f49e-577a-40fd-b8e9-105af0e79612)
2019-06-08 19:17:02.566 1842 RALLYDEBUG rally_openstack.cleanup.manager [-] Deleting cinder.qos_specs object s_rally_352dfb57_Qb7XktC3 (f320d4a3-4e53-466f-8d3e-e5e6f7e83423)
2019-06-08 19:17:02.579 1842 RALLYDEBUG rally_openstack.cleanup.manager [-] Deleting cinder.qos_specs object s_rally_352dfb57_dQXUrO6s (a3203975-4b59-44ab-ac00-c7084d5c3cab)
2019-06-08 19:17:02.583 1842 RALLYDEBUG rally_openstack.cleanup.manager [-] Deleting cinder.qos_specs object s_rally_352dfb57_2SZbgTME (d108f577-d312-4a49-aafd-2cafc1c9b06e)
2019-06-08 19:17:02.599 1842 RALLYDEBUG rally_openstack.cleanup.manager [-] Deleting cinder.qos_specs object s_rally_352dfb57_fyy2KDnv (a8eee7dd-749b-4b3d-b5a3-5825957b3df3)
2019-06-08 19:17:02.608 1842 RALLYDEBUG rally_openstack.cleanup.manager [-] Deleting cinder.qos_specs object s_rally_352dfb57_Gw2NAcjF (0166f120-f212-404f-a3b4-761caa153405)
2019-06-08 19:17:02.620 1842 RALLYDEBUG rally_openstack.cleanup.manager [-] Deleting cinder.qos_specs object s_rally_352dfb57_GgfvcmYg (3f72f199-e6e4-4799-acf1-81819ae34e0a)
2019-06-08 19:17:04.904 1842 INFO rally.task.context [-] Task c25f6642-9bb4-4e31-a455-37e164dfb7d6 | Context admin_cleanup@openstack cleanup() finished in 7.10 sec
2019-06-08 19:17:04.905 1842 INFO rally.task.context [-] Task c25f6642-9bb4-4e31-a455-37e164dfb7d6 | Context api_versions@openstack cleanup() started
2019-06-08 19:17:04.905 1842 INFO rally.task.context [-] Task c25f6642-9bb4-4e31-a455-37e164dfb7d6 | Context api_versions@openstack cleanup() finished in 0.31 msec
2019-06-08 19:17:04.905 1842 INFO rally.task.context [-] Task c25f6642-9bb4-4e31-a455-37e164dfb7d6 | Context users@openstack cleanup() started
2019-06-08 19:17:13.144 1842 INFO rally.task.context [-] Task c25f6642-9bb4-4e31-a455-37e164dfb7d6 | Context users@openstack cleanup() finished in 8.24 sec
2019-06-08 19:17:14.997 1842 INFO rally.task.engine [-] Load duration is: 3.41444
2019-06-08 19:17:14.997 1842 INFO rally.task.engine [-] Full runner duration is: 3.46214
2019-06-08 19:17:14.997 1842 INFO rally.task.engine [-] Full duration is: 24.26678
2019-06-08 19:17:15.252 1842 INFO rally.task.engine [-] Running workload: position = 0 config = { "version": 2, "title": "A cropped version of a bigger task.", "description": "Auto-generated task from a single workload (uuid=cb2ae4bb-8f51-4dba-aaf6-39f15377e003)", "subtasks": [ { "title": "CinderVolumeTypes.create_and_get_volume_type", "description": "Create a volume Type, then get the details of the type.", "scenario": { "CinderVolumeTypes.create_and_get_volume_type": { "description": "rally tests creating types" } }, "contexts": { "users": { "tenants": 3, "users_per_tenant": 2 }, "api_versions": { "cinder": { "version": 3, "service_type": "volumev3" } } }, "runner": { "constant": { "concurrency": 4, "times": 10 } }, "hooks": [], "sla": { "failure_rate": { "max": 0 } } } ] }
2019-06-08 19:17:15.274 1842 RALLYDEBUG rally_openstack.contexts.keystone.users [-] Creating 3 tenants using 20 threads
2019-06-08 19:17:17.243 1842 RALLYDEBUG rally_openstack.contexts.keystone.users [-] Creating 6 users using 20 threads
2019-06-08 19:17:20.002 1842 INFO rally.task.context [-] Task c25f6642-9bb4-4e31-a455-37e164dfb7d6 | Context users@openstack setup() finished in 4.73 sec
2019-06-08 19:17:20.436 1842 INFO rally.task.context [-] Task c25f6642-9bb4-4e31-a455-37e164dfb7d6 | Context api_versions@openstack setup() finished in 0.43 sec
2019-06-08 19:17:20.436 1842 INFO rally.task.context [-] Task c25f6642-9bb4-4e31-a455-37e164dfb7d6 | Context admin_cleanup@openstack setup() finished in 0.01 msec
2019-06-08 19:17:20.444 1842 RALLYDEBUG rally.task.runner [-] Starting the constant runner (task UUID: c25f6642-9bb4-4e31-a455-37e164dfb7d6). timeout: 0 concurrency: 4 concurrency_per_worker: 1 times: 10 concurrency_overhead: 0 processes_to_start: 4 max_cpu_used: 16
2019-06-08 19:17:20.456 5662 RALLYDEBUG rally.task.runner [-] Starting a worker. concurrency: 1 args: {"description": "rally tests creating types"} times: 10 method_name: run timeout: 0 duration: None cls:
2019-06-08 19:17:20.459 5663 RALLYDEBUG rally.task.runner [-] Starting a worker. concurrency: 1 args: {"description": "rally tests creating types"} times: 10 method_name: run timeout: 0 duration: None cls:
2019-06-08 19:17:20.462 5664 RALLYDEBUG rally.task.runner [-] Starting a worker. concurrency: 1 args: {"description": "rally tests creating types"} times: 10 method_name: run timeout: 0 duration: None cls:
2019-06-08 19:17:20.464 5662 INFO rally.task.runner [-] Task c25f6642-9bb4-4e31-a455-37e164dfb7d6 | ITER: 1 START
2019-06-08 19:17:20.464 5665 RALLYDEBUG rally.task.runner [-] Starting a worker. concurrency: 1 args: {"description": "rally tests creating types"} times: 10 method_name: run timeout: 0 duration: None cls:
2019-06-08 19:17:20.467 5663 INFO rally.task.runner [-] Task c25f6642-9bb4-4e31-a455-37e164dfb7d6 | ITER: 2 START
2019-06-08 19:17:20.468 5664 INFO rally.task.runner [-] Task c25f6642-9bb4-4e31-a455-37e164dfb7d6 | ITER: 3 START
2019-06-08 19:17:20.471 5665 INFO rally.task.runner [-] Task c25f6642-9bb4-4e31-a455-37e164dfb7d6 | ITER: 4 START
2019-06-08 19:17:21.538 5665 INFO rally.task.runner [-] Task c25f6642-9bb4-4e31-a455-37e164dfb7d6 | ITER: 4 END: OK
2019-06-08 19:17:21.544 5665 INFO rally.task.runner [-] Task c25f6642-9bb4-4e31-a455-37e164dfb7d6 | ITER: 5 START
2019-06-08 19:17:21.560 5662 INFO rally.task.runner [-] Task c25f6642-9bb4-4e31-a455-37e164dfb7d6 | ITER: 1 END: OK
2019-06-08 19:17:21.565 5662 INFO rally.task.runner [-] Task c25f6642-9bb4-4e31-a455-37e164dfb7d6 | ITER: 6 START
2019-06-08 19:17:21.591 5664 INFO rally.task.runner [-] Task c25f6642-9bb4-4e31-a455-37e164dfb7d6 | ITER: 3 END: OK
2019-06-08 19:17:21.596 5664 INFO rally.task.runner [-] Task c25f6642-9bb4-4e31-a455-37e164dfb7d6 | ITER: 7 START
2019-06-08 19:17:21.608 5663 INFO rally.task.runner [-] Task c25f6642-9bb4-4e31-a455-37e164dfb7d6 | ITER: 2 END: OK
2019-06-08 19:17:21.614 5663 INFO rally.task.runner [-] Task c25f6642-9bb4-4e31-a455-37e164dfb7d6 | ITER: 8 START
2019-06-08 19:17:22.584 5664 INFO rally.task.runner [-] Task c25f6642-9bb4-4e31-a455-37e164dfb7d6 | ITER: 7 END: OK
2019-06-08 19:17:22.587 5664 INFO rally.task.runner [-] Task c25f6642-9bb4-4e31-a455-37e164dfb7d6 | ITER: 9 START
2019-06-08 19:17:22.615 5662 INFO rally.task.runner [-] Task c25f6642-9bb4-4e31-a455-37e164dfb7d6 | ITER: 6 END: OK
2019-06-08 19:17:22.619 5662 INFO rally.task.runner [-] Task c25f6642-9bb4-4e31-a455-37e164dfb7d6 | ITER: 10 START
2019-06-08 19:17:22.634 5665 INFO rally.task.runner [-] Task c25f6642-9bb4-4e31-a455-37e164dfb7d6 | ITER: 5 END: OK
2019-06-08 19:17:22.708 5663 INFO rally.task.runner [-] Task c25f6642-9bb4-4e31-a455-37e164dfb7d6 | ITER: 8 END: OK
2019-06-08 19:17:23.670 5664 INFO rally.task.runner [-] Task c25f6642-9bb4-4e31-a455-37e164dfb7d6 | ITER: 9 END: OK
2019-06-08 19:17:23.717 5662 INFO rally.task.runner [-] Task c25f6642-9bb4-4e31-a455-37e164dfb7d6 | ITER: 10 END: OK
2019-06-08 19:17:23.745 1842 INFO rally.task.context [-] Task c25f6642-9bb4-4e31-a455-37e164dfb7d6 | Context admin_cleanup@openstack cleanup() started
2019-06-08 19:17:23.747 1842 RALLYDEBUG rally_openstack.cleanup.manager [-] Cleaning up cinder volume_types objects
2019-06-08 19:17:24.472 1842 RALLYDEBUG rally_openstack.cleanup.manager [-] Deleting cinder.volume_types object s_rally_cb2ae4bb_DpUOzkQj (19749ad3-3610-4a88-bdba-daf279850f96)
2019-06-08 19:17:24.473 1842 RALLYDEBUG rally_openstack.cleanup.manager [-] Deleting cinder.volume_types object s_rally_cb2ae4bb_DzGqWEfN (10ababa2-c652-470d-9198-cb23161e48e9)
2019-06-08 19:17:24.478 1842 RALLYDEBUG rally_openstack.cleanup.manager [-] Deleting cinder.volume_types object s_rally_cb2ae4bb_89XZB76r (355a03b5-4662-4a5b-b7eb-0c2f54dd3e80)
2019-06-08 19:17:24.481 1842 RALLYDEBUG rally_openstack.cleanup.manager [-] Deleting cinder.volume_types object s_rally_cb2ae4bb_gOZ7rhU1 (d79402d3-dab1-4b99-9bbe-1b9591d86033)
2019-06-08 19:17:24.485 1842 RALLYDEBUG rally_openstack.cleanup.manager [-] Deleting cinder.volume_types object s_rally_cb2ae4bb_PAjcBAEa (272f2d71-ed1f-47f5-a4ff-28a3b4cd1219)
2019-06-08 19:17:24.486 1842 RALLYDEBUG rally_openstack.cleanup.manager [-] Deleting cinder.volume_types object s_rally_cb2ae4bb_92jDILQ7 (c738a4d1-64de-4c2c-b53b-cb003d959592)
2019-06-08 19:17:24.501 1842 RALLYDEBUG rally_openstack.cleanup.manager [-] Deleting cinder.volume_types object s_rally_cb2ae4bb_nOnSEAal (662d9356-318e-4ced-800c-c62f8ae39fab)
2019-06-08 19:17:24.510 1842 RALLYDEBUG rally_openstack.cleanup.manager [-] Deleting cinder.volume_types object s_rally_cb2ae4bb_mm6aj8yB (eca64600-b4fa-4cf2-8ec3-bb2be0ee7ac8)
2019-06-08 19:17:24.517 1842 RALLYDEBUG rally_openstack.cleanup.manager [-] Deleting cinder.volume_types object s_rally_cb2ae4bb_ZQtTb7Gi (a24b2639-73cf-4425-bc9b-d5c3cf9048a4)
2019-06-08 19:17:24.521 1842 RALLYDEBUG rally_openstack.cleanup.manager [-] Deleting cinder.volume_types object s_rally_cb2ae4bb_lLf449ST (a8472ef9-0e29-4c71-9c7c-b0e777f148ab)
2019-06-08 19:17:26.825 1842 RALLYDEBUG rally_openstack.cleanup.manager [-] Cleaning up cinder image_volumes_cache objects
2019-06-08 19:17:28.226 1842 RALLYDEBUG rally_openstack.cleanup.manager [-] Cleaning up cinder quotas objects
2019-06-08 19:17:30.013 1842 RALLYDEBUG rally_openstack.cleanup.manager [-] Cleaning up cinder qos_specs objects
2019-06-08 19:17:30.735 1842 INFO rally.task.context [-] Task c25f6642-9bb4-4e31-a455-37e164dfb7d6 | Context admin_cleanup@openstack cleanup() finished in 6.99 sec
2019-06-08 19:17:30.736 1842 INFO rally.task.context [-] Task c25f6642-9bb4-4e31-a455-37e164dfb7d6 | Context api_versions@openstack cleanup() started
2019-06-08 19:17:30.736 1842 INFO rally.task.context [-] Task c25f6642-9bb4-4e31-a455-37e164dfb7d6 | Context api_versions@openstack cleanup() finished in 0.34 msec
2019-06-08 19:17:30.736 1842 INFO rally.task.context [-] Task c25f6642-9bb4-4e31-a455-37e164dfb7d6 | Context users@openstack cleanup() started
2019-06-08 19:17:39.007 1842 INFO rally.task.context [-] Task c25f6642-9bb4-4e31-a455-37e164dfb7d6 | Context users@openstack cleanup() finished in 8.27 sec
2019-06-08 19:17:39.430 1842 INFO rally.task.engine [-] Load duration is: 3.249767
2019-06-08 19:17:39.430 1842 INFO rally.task.engine [-] Full runner duration is: 3.301268
2019-06-08 19:17:39.430 1842 INFO rally.task.engine [-] Full duration is: 23.735297
2019-06-08 19:17:39.657 1842 INFO rally.task.engine [-] Running workload: position = 0 config = { "version": 2, "title": "A cropped version of a bigger task.", "description": "Auto-generated task from a single workload (uuid=590ee2ec-175b-4295-8155-15ade730db8d)", "subtasks": [ { "title": "CinderVolumeTypes.create_and_list_volume_types", "description": "Create a volume Type, then list all types.", "scenario": { "CinderVolumeTypes.create_and_list_volume_types": { "description": "rally tests creating types" } }, "contexts": { "users": { "tenants": 3, "users_per_tenant": 2 }, "api_versions": { "cinder": { "version": 3, "service_type": "volumev3" } } }, "runner": { "constant": { "concurrency": 4, "times": 10 } }, "hooks": [], "sla": { "failure_rate": { "max": 0 } } } ] }
2019-06-08 19:17:39.680 1842 RALLYDEBUG rally_openstack.contexts.keystone.users [-] Creating 3 tenants using 20 threads
2019-06-08 19:17:41.572 1842 RALLYDEBUG rally_openstack.contexts.keystone.users [-] Creating 6 users using 20 threads
2019-06-08 19:17:44.410 1842 INFO rally.task.context [-] Task c25f6642-9bb4-4e31-a455-37e164dfb7d6 | Context users@openstack setup() finished in 4.73 sec
2019-06-08 19:17:44.840 1842 INFO rally.task.context [-] Task c25f6642-9bb4-4e31-a455-37e164dfb7d6 | Context api_versions@openstack setup() finished in 0.43 sec
2019-06-08 19:17:44.841 1842 INFO rally.task.context [-] Task c25f6642-9bb4-4e31-a455-37e164dfb7d6 | Context admin_cleanup@openstack setup() finished in 0.00 msec
2019-06-08 19:17:44.848 1842 RALLYDEBUG rally.task.runner [-] Starting the constant runner (task UUID: c25f6642-9bb4-4e31-a455-37e164dfb7d6). timeout: 0 concurrency: 4 concurrency_per_worker: 1 times: 10 concurrency_overhead: 0 processes_to_start: 4 max_cpu_used: 16
2019-06-08 19:17:44.859 5846 RALLYDEBUG rally.task.runner [-] Starting a worker. concurrency: 1 args: {"description": "rally tests creating types"} times: 10 method_name: run timeout: 0 duration: None cls:
2019-06-08 19:17:44.862 5847 RALLYDEBUG rally.task.runner [-] Starting a worker. concurrency: 1 args: {"description": "rally tests creating types"} times: 10 method_name: run timeout: 0 duration: None cls:
2019-06-08 19:17:44.865 5846 INFO rally.task.runner [-] Task c25f6642-9bb4-4e31-a455-37e164dfb7d6 | ITER: 1 START
2019-06-08 19:17:44.865 5849 RALLYDEBUG rally.task.runner [-] Starting a worker. concurrency: 1 args: {"description": "rally tests creating types"} times: 10 method_name: run timeout: 0 duration: None cls:
2019-06-08 19:17:44.866 5848 RALLYDEBUG rally.task.runner [-] Starting a worker. concurrency: 1 args: {"description": "rally tests creating types"} times: 10 method_name: run timeout: 0 duration: None cls:
2019-06-08 19:17:44.869 5849 INFO rally.task.runner [-] Task c25f6642-9bb4-4e31-a455-37e164dfb7d6 | ITER: 3 START
2019-06-08 19:17:44.869 5847 INFO rally.task.runner [-] Task c25f6642-9bb4-4e31-a455-37e164dfb7d6 | ITER: 2 START
2019-06-08 19:17:44.873 5848 INFO rally.task.runner [-] Task c25f6642-9bb4-4e31-a455-37e164dfb7d6 | ITER: 4 START
2019-06-08 19:17:45.949 5848 INFO rally.task.runner [-] Task c25f6642-9bb4-4e31-a455-37e164dfb7d6 | ITER: 4 END: OK
2019-06-08 19:17:45.951 5847 INFO rally.task.runner [-] Task c25f6642-9bb4-4e31-a455-37e164dfb7d6 | ITER: 2 END: OK
2019-06-08 19:17:45.953 5848 INFO rally.task.runner [-] Task c25f6642-9bb4-4e31-a455-37e164dfb7d6 | ITER: 5 START
2019-06-08 19:17:45.956 5847 INFO rally.task.runner [-] Task c25f6642-9bb4-4e31-a455-37e164dfb7d6 | ITER: 6 START
2019-06-08 19:17:45.978 5846 INFO rally.task.runner [-] Task c25f6642-9bb4-4e31-a455-37e164dfb7d6 | ITER: 1 END: OK
2019-06-08 19:17:45.982 5846 INFO rally.task.runner [-] Task c25f6642-9bb4-4e31-a455-37e164dfb7d6 | ITER: 7 START
2019-06-08 19:17:45.987 5849 INFO rally.task.runner [-] Task c25f6642-9bb4-4e31-a455-37e164dfb7d6 | ITER: 3 END: OK
2019-06-08 19:17:45.991 5849 INFO rally.task.runner [-] Task c25f6642-9bb4-4e31-a455-37e164dfb7d6 | ITER: 8 START
2019-06-08 19:17:47.024 5849 INFO rally.task.runner [-] Task c25f6642-9bb4-4e31-a455-37e164dfb7d6 | ITER: 8 END: OK
2019-06-08 19:17:47.028 5849 INFO rally.task.runner [-] Task c25f6642-9bb4-4e31-a455-37e164dfb7d6 | ITER: 9 START
2019-06-08 19:17:47.047 5847 INFO rally.task.runner [-] Task c25f6642-9bb4-4e31-a455-37e164dfb7d6 | ITER: 6 END: OK
2019-06-08 19:17:47.052 5847 INFO rally.task.runner [-] Task c25f6642-9bb4-4e31-a455-37e164dfb7d6 | ITER: 10 START
2019-06-08 19:17:47.101 5846 INFO rally.task.runner [-] Task c25f6642-9bb4-4e31-a455-37e164dfb7d6 | ITER: 7 END: OK
2019-06-08 19:17:47.112 5848 INFO rally.task.runner [-] Task c25f6642-9bb4-4e31-a455-37e164dfb7d6 | ITER: 5 END: OK
2019-06-08 19:17:48.050 5849 INFO rally.task.runner [-] Task c25f6642-9bb4-4e31-a455-37e164dfb7d6 | ITER: 9 END: OK
2019-06-08 19:17:48.299 5847 INFO rally.task.runner [-] Task c25f6642-9bb4-4e31-a455-37e164dfb7d6 | ITER: 10 END: OK
2019-06-08 19:17:48.324 1842 INFO rally.task.context [-] Task c25f6642-9bb4-4e31-a455-37e164dfb7d6 | Context admin_cleanup@openstack cleanup() started
2019-06-08 19:17:48.326 1842 RALLYDEBUG rally_openstack.cleanup.manager [-] Cleaning up cinder volume_types objects
2019-06-08 19:17:49.147 1842 RALLYDEBUG rally_openstack.cleanup.manager [-] Deleting cinder.volume_types object s_rally_590ee2ec_yz2k5ASc (9fcd091f-5694-4774-9324-5bd1eaf470e5)
2019-06-08 19:17:49.148 1842 RALLYDEBUG rally_openstack.cleanup.manager [-] Deleting cinder.volume_types object s_rally_590ee2ec_Z6BpVXzj (514982ea-c2be-436f-9eeb-0064b5eb9848)
2019-06-08 19:17:49.154 1842 RALLYDEBUG rally_openstack.cleanup.manager [-] Deleting cinder.volume_types object s_rally_590ee2ec_fpyQz3VI (9d7c583a-df90-4a3d-8784-d19bd99bafcf)
2019-06-08 19:17:49.154 1842 RALLYDEBUG rally_openstack.cleanup.manager [-] Deleting cinder.volume_types object s_rally_590ee2ec_I5GaaIeG (e3a2b35c-1168-4a65-af0e-5dfc15d15118)
2019-06-08 19:17:49.156 1842 RALLYDEBUG rally_openstack.cleanup.manager [-] Deleting cinder.volume_types object s_rally_590ee2ec_WVPYHq58 (92ea16a0-601c-4be3-b3f3-11ed78cc43eb)
2019-06-08 19:17:49.157 1842 RALLYDEBUG rally_openstack.cleanup.manager [-] Deleting cinder.volume_types object s_rally_590ee2ec_EJbZpY4l (bc0ddbbf-9121-4b69-9d56-1eb3d2b0214c)
2019-06-08 19:17:49.158 1842 RALLYDEBUG rally_openstack.cleanup.manager [-] Deleting cinder.volume_types object s_rally_590ee2ec_2tiWFIdY (591e8b99-7568-4b44-98e5-9eecda3ab13e)
2019-06-08 19:17:49.161 1842 RALLYDEBUG rally_openstack.cleanup.manager [-] Deleting cinder.volume_types object s_rally_590ee2ec_4mntFdty (b9c5028b-d8c8-49ea-8475-cf65537c455f)
2019-06-08 19:17:49.162 1842 RALLYDEBUG rally_openstack.cleanup.manager [-] Deleting cinder.volume_types object s_rally_590ee2ec_3KWPEI8b (7ea9318d-d0cf-4c8b-a43f-de8e8a4950be)
2019-06-08 19:17:49.163 1842 RALLYDEBUG rally_openstack.cleanup.manager [-] Deleting cinder.volume_types object s_rally_590ee2ec_mH1L3XFT (6a09ded3-f1bd-43d8-b649-6052deb974fe)
2019-06-08 19:17:51.512 1842 RALLYDEBUG rally_openstack.cleanup.manager [-] Cleaning up cinder image_volumes_cache objects
2019-06-08 19:17:52.795 1842 RALLYDEBUG rally_openstack.cleanup.manager [-] Cleaning up cinder quotas objects
2019-06-08 19:17:54.636 1842 RALLYDEBUG rally_openstack.cleanup.manager [-] Cleaning up cinder qos_specs objects
2019-06-08 19:17:55.392 1842 INFO rally.task.context [-] Task c25f6642-9bb4-4e31-a455-37e164dfb7d6 | Context admin_cleanup@openstack cleanup() finished in 7.07 sec
2019-06-08 19:17:55.392 1842 INFO rally.task.context [-] Task c25f6642-9bb4-4e31-a455-37e164dfb7d6 | Context api_versions@openstack cleanup() started
2019-06-08 19:17:55.393 1842 INFO rally.task.context [-] Task c25f6642-9bb4-4e31-a455-37e164dfb7d6 | Context api_versions@openstack cleanup() finished in 0.31 msec
2019-06-08 19:17:55.393 1842 INFO rally.task.context [-] Task c25f6642-9bb4-4e31-a455-37e164dfb7d6 | Context users@openstack cleanup() started
2019-06-08 19:18:03.972 1842 INFO rally.task.context [-] Task c25f6642-9bb4-4e31-a455-37e164dfb7d6 | Context users@openstack cleanup() finished in 8.58 sec
2019-06-08 19:18:05.797 1842 INFO rally.task.engine [-] Load duration is: 3.431275
2019-06-08 19:18:05.798 1842 INFO rally.task.engine [-] Full runner duration is: 3.476778
2019-06-08 19:18:05.798 1842 INFO rally.task.engine [-] Full duration is: 24.295868
2019-06-08 19:18:06.010 1842 INFO rally.task.engine [-] Running workload: position = 0 config = { "version": 2, "title": "A cropped version of a bigger task.", "description": "Auto-generated task from a single workload (uuid=361df751-37a9-4131-9e30-8e73a20240cd)", "subtasks": [ { "title": "CinderVolumeTypes.create_and_update_volume_type", "description": "create a volume type, then update the type.", "scenario": { "CinderVolumeTypes.create_and_update_volume_type": { "description": "test", "update_description": "test update" } }, "contexts": { "users": { "tenants": 3, "users_per_tenant": 2 }, "api_versions": { "cinder": { "version": 3, "service_type": "volumev3" } } }, "runner": { "constant": { "concurrency": 4, "times": 10 } }, "hooks": [], "sla": { "failure_rate": { "max": 0 } } } ] }
