2019-06-08 19:09:59.912 1842 INFO rally.task.context [-] Task c25f6642-9bb4-4e31-a455-37e164dfb7d6 | Context quotas@openstack cleanup() finished in 0.86 sec
2019-06-08 19:09:59.913 1842 INFO rally.task.context [-] Task c25f6642-9bb4-4e31-a455-37e164dfb7d6 | Context api_versions@openstack cleanup() started
2019-06-08 19:09:59.913 1842 INFO rally.task.context [-] Task c25f6642-9bb4-4e31-a455-37e164dfb7d6 | Context api_versions@openstack cleanup() finished in 0.31 msec
2019-06-08 19:09:59.914 1842 INFO rally.task.context [-] Task c25f6642-9bb4-4e31-a455-37e164dfb7d6 | Context users@openstack cleanup() started
2019-06-08 19:10:07.613 1842 INFO rally.task.context [-] Task c25f6642-9bb4-4e31-a455-37e164dfb7d6 | Context users@openstack cleanup() finished in 7.70 sec
2019-06-08 19:10:09.051 1842 INFO rally.task.engine [-] Load duration is: 2.442564
2019-06-08 19:10:09.051 1842 INFO rally.task.engine [-] Full runner duration is: 2.494883
2019-06-08 19:10:09.052 1842 INFO rally.task.engine [-] Full duration is: 64.868604
2019-06-08 19:10:09.275 1842 INFO rally.task.engine [-] Running workload: position = 0 config = { "version": 2, "title": "A cropped version of a bigger task.", "description": "Auto-generated task from a single workload (uuid=e22336ce-d8ba-4e61-9739-adfa78a1a1e9)", "subtasks": [ { "title": "CinderVolumes.create_and_delete_snapshot", "description": "Create and then delete a volume-snapshot.", "scenario": { "CinderVolumes.create_and_delete_snapshot": { "force": false } }, "contexts": { "users": { "tenants": 3, "users_per_tenant": 2 }, "quotas": { "cinder": { "gigabytes": -1, "snapshots": -1, "volumes": -1 } }, "api_versions": { "cinder": { "version": 3, "service_type": "volumev3" } }, "volumes": { "size": 1, "volumes_per_tenant": 1 } }, "runner": { "constant": { "concurrency": 4, "times": 10 } }, "hooks": [], "sla": { "failure_rate": { "max": 0 } } } ] }
2019-06-08 19:10:09.300 1842 RALLYDEBUG rally_openstack.contexts.keystone.users [-] Creating 3 tenants using 20 threads
2019-06-08 19:10:11.234 1842 RALLYDEBUG rally_openstack.contexts.keystone.users [-] Creating 6 users using 20 threads
2019-06-08 19:10:14.046 1842 INFO rally.task.context [-] Task c25f6642-9bb4-4e31-a455-37e164dfb7d6 | Context users@openstack setup() finished in 4.75 sec
2019-06-08 19:10:14.467 1842 INFO rally.task.context [-] Task c25f6642-9bb4-4e31-a455-37e164dfb7d6 | Context api_versions@openstack setup() finished in 0.42 sec
2019-06-08 19:10:16.265 1842 INFO rally.task.context [-] Task c25f6642-9bb4-4e31-a455-37e164dfb7d6 | Context quotas@openstack setup() finished in 1.80 sec
2019-06-08 19:10:27.119 1842 INFO rally.task.context [-] Task c25f6642-9bb4-4e31-a455-37e164dfb7d6 | Context volumes@openstack setup() finished in 10.85 sec
2019-06-08 19:10:27.120 1842 INFO rally.task.context [-] Task c25f6642-9bb4-4e31-a455-37e164dfb7d6 | Context cleanup@openstack setup() finished in 0.01 msec
2019-06-08 19:10:27.127 1842 RALLYDEBUG rally.task.runner [-] Starting the constant runner (task UUID: c25f6642-9bb4-4e31-a455-37e164dfb7d6). timeout: 0 concurrency: 4 concurrency_per_worker: 1 times: 10 concurrency_overhead: 0 processes_to_start: 4 max_cpu_used: 16
2019-06-08 19:10:27.141 3966 RALLYDEBUG rally.task.runner [-] Starting a worker. concurrency: 1 args: {"force": false} times: 10 method_name: run timeout: 0 duration: None cls:
2019-06-08 19:10:27.144 3967 RALLYDEBUG rally.task.runner [-] Starting a worker. concurrency: 1 args: {"force": false} times: 10 method_name: run timeout: 0 duration: None cls:
2019-06-08 19:10:27.147 3968 RALLYDEBUG rally.task.runner [-] Starting a worker. concurrency: 1 args: {"force": false} times: 10 method_name: run timeout: 0 duration: None cls:
2019-06-08 19:10:27.149 3966 INFO rally.task.runner [-] Task c25f6642-9bb4-4e31-a455-37e164dfb7d6 | ITER: 1 START
2019-06-08 19:10:27.150 3969 RALLYDEBUG rally.task.runner [-] Starting a worker. concurrency: 1 args: {"force": false} times: 10 method_name: run timeout: 0 duration: None cls:
2019-06-08 19:10:27.153 3967 INFO rally.task.runner [-] Task c25f6642-9bb4-4e31-a455-37e164dfb7d6 | ITER: 2 START
2019-06-08 19:10:27.155 3968 INFO rally.task.runner [-] Task c25f6642-9bb4-4e31-a455-37e164dfb7d6 | ITER: 3 START
2019-06-08 19:10:27.158 3969 INFO rally.task.runner [-] Task c25f6642-9bb4-4e31-a455-37e164dfb7d6 | ITER: 4 START
2019-06-08 19:10:31.187 3969 RALLYDEBUG rally.task.utils [-] Waiting for resource s_rally_e22336ce_A2KhMYkh. Status changed: AVAILABLE => DELETING in 0.0292429924011
2019-06-08 19:10:31.333 3968 RALLYDEBUG rally.task.utils [-] Waiting for resource s_rally_e22336ce_eB1DUNWU. Status changed: AVAILABLE => DELETING in 0.242116212845
2019-06-08 19:10:31.341 3966 RALLYDEBUG rally.task.utils [-] Waiting for resource s_rally_e22336ce_brQCLULf. Status changed: AVAILABLE => DELETING in 0.352866888046
2019-06-08 19:10:31.358 3967 RALLYDEBUG rally.task.utils [-] Waiting for resource s_rally_e22336ce_LT0rnR0k. Status changed: AVAILABLE => DELETING in 0.227618932724
2019-06-08 19:10:33.503 3969 INFO rally.task.runner [-] Task c25f6642-9bb4-4e31-a455-37e164dfb7d6 | ITER: 4 END: OK
2019-06-08 19:10:33.508 3969 INFO rally.task.runner [-] Task c25f6642-9bb4-4e31-a455-37e164dfb7d6 | ITER: 5 START
2019-06-08 19:10:33.565 3968 INFO rally.task.runner [-] Task c25f6642-9bb4-4e31-a455-37e164dfb7d6 | ITER: 3 END: OK
2019-06-08 19:10:33.571 3968 INFO rally.task.runner [-] Task c25f6642-9bb4-4e31-a455-37e164dfb7d6 | ITER: 6 START
2019-06-08 19:10:33.641 3966 INFO rally.task.runner [-] Task c25f6642-9bb4-4e31-a455-37e164dfb7d6 | ITER: 1 END: OK
2019-06-08 19:10:33.647 3966 INFO rally.task.runner [-] Task c25f6642-9bb4-4e31-a455-37e164dfb7d6 | ITER: 7 START
2019-06-08 19:10:33.658 3967 INFO rally.task.runner [-] Task c25f6642-9bb4-4e31-a455-37e164dfb7d6 | ITER: 2 END: OK
2019-06-08 19:10:33.663 3967 INFO rally.task.runner [-] Task c25f6642-9bb4-4e31-a455-37e164dfb7d6 | ITER: 8 START
2019-06-08 19:10:37.645 3969 RALLYDEBUG rally.task.utils [-] Waiting for resource s_rally_e22336ce_avCOe6Of. Status changed: AVAILABLE => DELETING in 0.316152095795
2019-06-08 19:10:37.721 3967 RALLYDEBUG rally.task.utils [-] Waiting for resource s_rally_e22336ce_VYq56R8k. Status changed: AVAILABLE => DELETING in 0.325845003128
2019-06-08 19:10:37.820 3968 RALLYDEBUG rally.task.utils [-] Waiting for resource s_rally_e22336ce_dwty0Vzl. Status changed: AVAILABLE => DELETING in 0.413087129593
2019-06-08 19:10:38.129 3966 RALLYDEBUG rally.task.utils [-] Waiting for resource s_rally_e22336ce_qhAHV9Tm. Status changed: AVAILABLE => DELETING in 0.317011117935
2019-06-08 19:10:39.846 3968 INFO rally.task.runner [-] Task c25f6642-9bb4-4e31-a455-37e164dfb7d6 | ITER: 6 END: OK
2019-06-08 19:10:39.851 3968 INFO rally.task.runner [-] Task c25f6642-9bb4-4e31-a455-37e164dfb7d6 | ITER: 9 START
2019-06-08 19:10:39.956 3969 INFO rally.task.runner [-] Task c25f6642-9bb4-4e31-a455-37e164dfb7d6 | ITER: 5 END: OK
2019-06-08 19:10:39.960 3969 INFO rally.task.runner [-] Task c25f6642-9bb4-4e31-a455-37e164dfb7d6 | ITER: 10 START
2019-06-08 19:10:40.030 3967 INFO rally.task.runner [-] Task c25f6642-9bb4-4e31-a455-37e164dfb7d6 | ITER: 8 END: OK
2019-06-08 19:10:40.361 3966 INFO rally.task.runner [-] Task c25f6642-9bb4-4e31-a455-37e164dfb7d6 | ITER: 7 END: OK
2019-06-08 19:10:43.833 3968 RALLYDEBUG rally.task.utils [-] Waiting for resource s_rally_e22336ce_GwkBdnZG. Status changed: AVAILABLE => DELETING in 0.314831972122
2019-06-08 19:10:44.058 3969 RALLYDEBUG rally.task.utils [-] Waiting for resource s_rally_e22336ce_PIvMHkyi. Status changed: AVAILABLE => DELETING in 0.22483587265
2019-06-08 19:10:46.161 3968 INFO rally.task.runner [-] Task c25f6642-9bb4-4e31-a455-37e164dfb7d6 | ITER: 9 END: OK
2019-06-08 19:10:46.374 3969 INFO rally.task.runner [-] Task c25f6642-9bb4-4e31-a455-37e164dfb7d6 | ITER: 10 END: OK
2019-06-08 19:10:46.397 1842 INFO rally.task.context [-] Task c25f6642-9bb4-4e31-a455-37e164dfb7d6 | Context cleanup@openstack cleanup() started
2019-06-08 19:10:46.399 1842 RALLYDEBUG rally_openstack.cleanup.manager [-] Cleaning up cinder backups objects
2019-06-08 19:10:48.606 1842 RALLYDEBUG rally_openstack.cleanup.manager [-] Cleaning up cinder volume_snapshots objects
2019-06-08 19:10:50.816 1842 RALLYDEBUG rally_openstack.cleanup.manager [-] Cleaning up cinder transfers objects
2019-06-08 19:10:52.974 1842 RALLYDEBUG rally_openstack.cleanup.manager [-] Cleaning up cinder volumes objects
2019-06-08 19:10:55.196 1842 INFO rally.task.context [-] Task c25f6642-9bb4-4e31-a455-37e164dfb7d6 | Context cleanup@openstack cleanup() finished in 8.80 sec
2019-06-08 19:10:55.197 1842 INFO rally.task.context [-] Task c25f6642-9bb4-4e31-a455-37e164dfb7d6 | Context volumes@openstack cleanup() started
2019-06-08 19:10:55.198 1842 RALLYDEBUG rally_openstack.cleanup.manager [-] Cleaning up cinder volumes objects
2019-06-08 19:10:57.558 1842 RALLYDEBUG rally_openstack.cleanup.manager [-] Deleting cinder.volumes object c_rally_e22336ce_Ang9iCg0 (d8eb836c-b6ea-4f20-adec-21bf2df31cad)
2019-06-08 19:10:57.559 1842 RALLYDEBUG rally_openstack.cleanup.manager [-] Deleting cinder.volumes object c_rally_e22336ce_E5edZR9W (d4049544-9bdc-45c3-b41b-7f612ade474e)
2019-06-08 19:10:57.573 1842 RALLYDEBUG rally_openstack.cleanup.manager [-] Deleting cinder.volumes object c_rally_e22336ce_RiMJX2oc (b9192015-95db-42ee-9ff3-fc7a297bfdc0)
2019-06-08 19:11:01.118 1842 INFO rally.task.context [-] Task c25f6642-9bb4-4e31-a455-37e164dfb7d6 | Context volumes@openstack cleanup() finished in 5.92 sec
2019-06-08 19:11:01.119 1842 INFO rally.task.context [-] Task c25f6642-9bb4-4e31-a455-37e164dfb7d6 | Context quotas@openstack cleanup() started
2019-06-08 19:11:02.029 1842 INFO rally.task.context [-] Task c25f6642-9bb4-4e31-a455-37e164dfb7d6 | Context quotas@openstack cleanup() finished in 0.91 sec
2019-06-08 19:11:02.029 1842 INFO rally.task.context [-] Task c25f6642-9bb4-4e31-a455-37e164dfb7d6 | Context api_versions@openstack cleanup() started
2019-06-08 19:11:02.030 1842 INFO rally.task.context [-] Task c25f6642-9bb4-4e31-a455-37e164dfb7d6 | Context api_versions@openstack cleanup() finished in 0.32 msec
2019-06-08 19:11:02.030 1842 INFO rally.task.context [-] Task c25f6642-9bb4-4e31-a455-37e164dfb7d6 | Context users@openstack cleanup() started
2019-06-08 19:11:10.124 1842 INFO rally.task.context [-] Task c25f6642-9bb4-4e31-a455-37e164dfb7d6 | Context users@openstack cleanup() finished in 8.09 sec
2019-06-08 19:11:11.551 1842 INFO rally.task.engine [-] Load duration is: 19.22165
2019-06-08 19:11:11.551 1842 INFO rally.task.engine [-] Full runner duration is: 19.269554
2019-06-08 19:11:11.551 1842 INFO rally.task.engine [-] Full duration is: 60.826956
2019-06-08 19:11:11.769 1842 INFO rally.task.engine [-] Running workload: position = 0 config = { "version": 2, "title": "A cropped version of a bigger task.", "description": "Auto-generated task from a single workload (uuid=600783fb-199e-446b-ab5e-890a36c9dee5)", "subtasks": [ { "title": "CinderVolumes.create_and_delete_volume", "description": "Create and then delete a volume.", "scenario": { "CinderVolumes.create_and_delete_volume": { "size": { "max": 1, "min": 1 } } }, "contexts": { "users": { "tenants": 3, "users_per_tenant": 2 }, "quotas": { "cinder": { "gigabytes": -1, "snapshots": -1, "volumes": -1 } }, "api_versions": { "cinder": { "version": 3, "service_type": "volumev3" } } }, "runner": { "constant": { "concurrency": 4, "times": 10 } }, "hooks": [], "sla": { "failure_rate": { "max": 0 } } } ] }
2019-06-08 19:11:11.788 1842 RALLYDEBUG rally_openstack.contexts.keystone.users [-] Creating 3 tenants using 20 threads
2019-06-08 19:11:13.680 1842 RALLYDEBUG rally_openstack.contexts.keystone.users [-] Creating 6 users using 20 threads
2019-06-08 19:11:16.460 1842 INFO rally.task.context [-] Task c25f6642-9bb4-4e31-a455-37e164dfb7d6 | Context users@openstack setup() finished in 4.67 sec
2019-06-08 19:11:16.881 1842 INFO rally.task.context [-] Task c25f6642-9bb4-4e31-a455-37e164dfb7d6 | Context api_versions@openstack setup() finished in 0.42 sec
2019-06-08 19:11:18.525 1842 INFO rally.task.context [-] Task c25f6642-9bb4-4e31-a455-37e164dfb7d6 | Context quotas@openstack setup() finished in 1.64 sec
2019-06-08 19:11:18.526 1842 INFO rally.task.context [-] Task c25f6642-9bb4-4e31-a455-37e164dfb7d6 | Context cleanup@openstack setup() finished in 0.01 msec
2019-06-08 19:11:18.533 1842 RALLYDEBUG rally.task.runner [-] Starting the constant runner (task UUID: c25f6642-9bb4-4e31-a455-37e164dfb7d6). timeout: 0 concurrency: 4 concurrency_per_worker: 1 times: 10 concurrency_overhead: 0 processes_to_start: 4 max_cpu_used: 16
2019-06-08 19:11:18.546 4170 RALLYDEBUG rally.task.runner [-] Starting a worker. concurrency: 1 args: {"size": {"max": 1, "min": 1}} times: 10 method_name: run timeout: 0 duration: None cls:
2019-06-08 19:11:18.549 4171 RALLYDEBUG rally.task.runner [-] Starting a worker. concurrency: 1 args: {"size": {"max": 1, "min": 1}} times: 10 method_name: run timeout: 0 duration: None cls:
2019-06-08 19:11:18.552 4172 RALLYDEBUG rally.task.runner [-] Starting a worker. concurrency: 1 args: {"size": {"max": 1, "min": 1}} times: 10 method_name: run timeout: 0 duration: None cls:
2019-06-08 19:11:18.554 4170 INFO rally.task.runner [-] Task c25f6642-9bb4-4e31-a455-37e164dfb7d6 | ITER: 1 START
2019-06-08 19:11:18.555 4173 RALLYDEBUG rally.task.runner [-] Starting a worker. concurrency: 1 args: {"size": {"max": 1, "min": 1}} times: 10 method_name: run timeout: 0 duration: None cls:
2019-06-08 19:11:18.559 4171 INFO rally.task.runner [-] Task c25f6642-9bb4-4e31-a455-37e164dfb7d6 | ITER: 2 START
2019-06-08 19:11:18.560 4172 INFO rally.task.runner [-] Task c25f6642-9bb4-4e31-a455-37e164dfb7d6 | ITER: 3 START
2019-06-08 19:11:18.565 4173 INFO rally.task.runner [-] Task c25f6642-9bb4-4e31-a455-37e164dfb7d6 | ITER: 4 START
2019-06-08 19:11:22.904 4171 RALLYDEBUG rally.task.utils [-] Waiting for resource s_rally_600783fb_Cunrc7xg. Status changed: AVAILABLE => DELETING in 0.350269079208
2019-06-08 19:11:22.978 4172 RALLYDEBUG rally.task.utils [-] Waiting for resource s_rally_600783fb_HT7M3WBL. Status changed: AVAILABLE => DELETING in 0.325538873672
2019-06-08 19:11:23.000 4173 RALLYDEBUG rally.task.utils [-] Waiting for resource s_rally_600783fb_dZVde6H7. Status changed: AVAILABLE => DELETING in 0.358877897263
2019-06-08 19:11:23.037 4170 RALLYDEBUG rally.task.utils [-] Waiting for resource s_rally_600783fb_Y5gtNw1u. Status changed: AVAILABLE => DELETING in 0.343822956085
2019-06-08 19:11:24.944 4171 INFO rally.task.runner [-] Task c25f6642-9bb4-4e31-a455-37e164dfb7d6 | ITER: 2 END: OK
2019-06-08 19:11:24.949 4171 INFO rally.task.runner [-] Task c25f6642-9bb4-4e31-a455-37e164dfb7d6 | ITER: 5 START
2019-06-08 19:11:25.271 4170 INFO rally.task.runner [-] Task c25f6642-9bb4-4e31-a455-37e164dfb7d6 | ITER: 1 END: OK
2019-06-08 19:11:25.274 4172 INFO rally.task.runner [-] Task c25f6642-9bb4-4e31-a455-37e164dfb7d6 | ITER: 3 END: OK
2019-06-08 19:11:25.277 4170 INFO rally.task.runner [-] Task c25f6642-9bb4-4e31-a455-37e164dfb7d6 | ITER: 6 START
2019-06-08 19:11:25.279 4172 INFO rally.task.runner [-] Task c25f6642-9bb4-4e31-a455-37e164dfb7d6 | ITER: 7 START
2019-06-08 19:11:25.310 4173 INFO rally.task.runner [-] Task c25f6642-9bb4-4e31-a455-37e164dfb7d6 | ITER: 4 END: OK
2019-06-08 19:11:25.315 4173 INFO rally.task.runner [-] Task c25f6642-9bb4-4e31-a455-37e164dfb7d6 | ITER: 8 START
2019-06-08 19:11:29.391 4171 INFO rally.task.runner [-] Task c25f6642-9bb4-4e31-a455-37e164dfb7d6 | ITER: 5 END: OK
2019-06-08 19:11:29.395 4171 INFO rally.task.runner [-] Task c25f6642-9bb4-4e31-a455-37e164dfb7d6 | ITER: 9 START
2019-06-08 19:11:29.662 4173 RALLYDEBUG rally.task.utils [-] Waiting for resource s_rally_600783fb_FE0wNKJw. Status changed: AVAILABLE => DELETING in 0.270654201508
2019-06-08 19:11:29.729 4170 RALLYDEBUG rally.task.utils [-] Waiting for resource s_rally_600783fb_es0NBR4n. Status changed: AVAILABLE => DELETING in 0.370546102524
2019-06-08 19:11:29.734 4172 RALLYDEBUG rally.task.utils [-] Waiting for resource s_rally_600783fb_sT3l0dL9. Status changed: AVAILABLE => DELETING in 0.247147798538
2019-06-08 19:11:31.914 4173 INFO rally.task.runner [-] Task c25f6642-9bb4-4e31-a455-37e164dfb7d6 | ITER: 8 END: OK
2019-06-08 19:11:31.919 4173 INFO rally.task.runner [-] Task c25f6642-9bb4-4e31-a455-37e164dfb7d6 | ITER: 10 START
2019-06-08 19:11:31.963 4170 INFO rally.task.runner [-] Task c25f6642-9bb4-4e31-a455-37e164dfb7d6 | ITER: 6 END: OK
2019-06-08 19:11:32.047 4172 INFO rally.task.runner [-] Task c25f6642-9bb4-4e31-a455-37e164dfb7d6 | ITER: 7 END: OK
2019-06-08 19:11:33.524 4171 INFO rally.task.runner [-] Task c25f6642-9bb4-4e31-a455-37e164dfb7d6 | ITER: 9 END: OK
2019-06-08 19:11:36.330 4173 INFO rally.task.runner [-] Task c25f6642-9bb4-4e31-a455-37e164dfb7d6 | ITER: 10 END: OK
2019-06-08 19:11:36.357 1842 INFO rally.task.context [-] Task c25f6642-9bb4-4e31-a455-37e164dfb7d6 | Context cleanup@openstack cleanup() started
2019-06-08 19:11:36.359 1842 RALLYDEBUG rally_openstack.cleanup.manager [-] Cleaning up cinder backups objects
2019-06-08 19:11:38.475 1842 RALLYDEBUG rally_openstack.cleanup.manager [-] Cleaning up cinder volume_snapshots objects
2019-06-08 19:11:40.698 1842 RALLYDEBUG rally_openstack.cleanup.manager [-] Cleaning up cinder transfers objects
2019-06-08 19:11:42.746 1842 RALLYDEBUG rally_openstack.cleanup.manager [-] Cleaning up cinder volumes objects
2019-06-08 19:11:45.013 1842 INFO rally.task.context [-] Task c25f6642-9bb4-4e31-a455-37e164dfb7d6 | Context cleanup@openstack cleanup() finished in 8.66 sec
2019-06-08 19:11:45.013 1842 INFO rally.task.context [-] Task c25f6642-9bb4-4e31-a455-37e164dfb7d6 | Context quotas@openstack cleanup() started
2019-06-08 19:11:46.008 1842 INFO rally.task.context [-] Task c25f6642-9bb4-4e31-a455-37e164dfb7d6 | Context quotas@openstack cleanup() finished in 1.00 sec
2019-06-08 19:11:46.009 1842 INFO rally.task.context [-] Task c25f6642-9bb4-4e31-a455-37e164dfb7d6 | Context api_versions@openstack cleanup() started
2019-06-08 19:11:46.009 1842 INFO rally.task.context [-] Task c25f6642-9bb4-4e31-a455-37e164dfb7d6 | Context api_versions@openstack cleanup() finished in 0.34 msec
2019-06-08 19:11:46.010 1842 INFO rally.task.context [-] Task c25f6642-9bb4-4e31-a455-37e164dfb7d6 | Context users@openstack cleanup() started
2019-06-08 19:11:54.133 1842 INFO rally.task.context [-] Task c25f6642-9bb4-4e31-a455-37e164dfb7d6 | Context users@openstack cleanup() finished in 8.12 sec
2019-06-08 19:11:55.964 1842 INFO rally.task.engine [-] Load duration is: 17.77196
2019-06-08 19:11:55.965 1842 INFO rally.task.engine [-] Full runner duration is: 17.823712
2019-06-08 19:11:55.965 1842 INFO rally.task.engine [-] Full duration is: 42.347517
2019-06-08 19:11:56.144 1842 INFO rally.task.engine [-] Running workload: position = 1 config = { "version": 2, "title": "A cropped version of a bigger task.", "description": "Auto-generated task from a single workload (uuid=ce428736-4d34-4491-949c-616b3873a8ed)", "subtasks": [ { "title": "CinderVolumes.create_and_delete_volume", "description": "Create and then delete a volume.", "scenario": { "CinderVolumes.create_and_delete_volume": { "image": { "name": "rally_full-img_8f14737c-5517-449a-bd83-8befc0369ed3" }, "size": 1 } }, "contexts": { "users": { "tenants": 3, "users_per_tenant": 2 }, "quotas": { "cinder": { "gigabytes": -1, "snapshots": -1, "volumes": -1 } }, "api_versions": { "cinder": { "version": 3, "service_type": "volumev3" } } }, "runner": { "constant": { "concurrency": 4, "times": 10 } }, "hooks": [], "sla": { "failure_rate": { "max": 0 } } } ] }
2019-06-08 19:11:56.169 1842 RALLYDEBUG rally_openstack.contexts.keystone.users [-] Creating 3 tenants using 20 threads
2019-06-08 19:11:58.115 1842 RALLYDEBUG rally_openstack.contexts.keystone.users [-] Creating 6 users using 20 threads
2019-06-08 19:12:00.967 1842 INFO rally.task.context [-] Task c25f6642-9bb4-4e31-a455-37e164dfb7d6 | Context users@openstack setup() finished in 4.80 sec
2019-06-08 19:12:01.393 1842 INFO rally.task.context [-] Task c25f6642-9bb4-4e31-a455-37e164dfb7d6 | Context api_versions@openstack setup() finished in 0.43 sec
2019-06-08 19:12:03.085 1842 INFO rally.task.context [-] Task c25f6642-9bb4-4e31-a455-37e164dfb7d6 | Context quotas@openstack setup() finished in 1.69 sec
2019-06-08 19:12:03.085 1842 INFO rally.task.context [-] Task c25f6642-9bb4-4e31-a455-37e164dfb7d6 | Context cleanup@openstack setup() finished in 0.00 msec
2019-06-08 19:12:04.125 1842 RALLYDEBUG rally.task.runner [-] Starting the constant runner (task UUID: c25f6642-9bb4-4e31-a455-37e164dfb7d6). timeout: 0 concurrency: 4 concurrency_per_worker: 1 times: 10 concurrency_overhead: 0 processes_to_start: 4 max_cpu_used: 16
2019-06-08 19:12:04.138 4354 RALLYDEBUG rally.task.runner [-] Starting a worker. concurrency: 1 args: {"image": "31e864e5-a623-4b90-abc1-24d62893a892", "size": 1} times: 10 method_name: run timeout: 0 duration: None cls:
2019-06-08 19:12:04.141 4355 RALLYDEBUG rally.task.runner [-] Starting a worker. concurrency: 1 args: {"image": "31e864e5-a623-4b90-abc1-24d62893a892", "size": 1} times: 10 method_name: run timeout: 0 duration: None cls:
2019-06-08 19:12:04.143 4356 RALLYDEBUG rally.task.runner [-] Starting a worker. concurrency: 1 args: {"image": "31e864e5-a623-4b90-abc1-24d62893a892", "size": 1} times: 10 method_name: run timeout: 0 duration: None cls:
2019-06-08 19:12:04.147 4354 INFO rally.task.runner [-] Task c25f6642-9bb4-4e31-a455-37e164dfb7d6 | ITER: 1 START
2019-06-08 19:12:04.147 4357 RALLYDEBUG rally.task.runner [-] Starting a worker. concurrency: 1 args: {"image": "31e864e5-a623-4b90-abc1-24d62893a892", "size": 1} times: 10 method_name: run timeout: 0 duration: None cls:
2019-06-08 19:12:04.149 4355 INFO rally.task.runner [-] Task c25f6642-9bb4-4e31-a455-37e164dfb7d6 | ITER: 2 START
2019-06-08 19:12:04.150 4356 INFO rally.task.runner [-] Task c25f6642-9bb4-4e31-a455-37e164dfb7d6 | ITER: 3 START
2019-06-08 19:12:04.155 4357 INFO rally.task.runner [-] Task c25f6642-9bb4-4e31-a455-37e164dfb7d6 | ITER: 4 START
2019-06-08 19:12:14.023 4357 RALLYDEBUG rally.task.utils [-] Waiting for resource s_rally_ce428736_F3qdW5SF. Status changed: CREATING => DOWNLOADING in 5.23096895218
2019-06-08 19:12:14.057 4354 RALLYDEBUG rally.task.utils [-] Waiting for resource s_rally_ce428736_I9H20QLb. Status changed: CREATING => DOWNLOADING in 5.45754790306
2019-06-08 19:12:14.304 4356 RALLYDEBUG rally.task.utils [-] Waiting for resource s_rally_ce428736_ut8VWciw. Status changed: CREATING => DOWNLOADING in 5.32897901535
2019-06-08 19:12:14.457 4355 RALLYDEBUG rally.task.utils [-] Waiting for resource s_rally_ce428736_vWTqhoJD. Status changed: CREATING => DOWNLOADING in 5.32576179504
2019-06-08 19:12:23.490 4356 RALLYDEBUG rally.task.utils [-] Waiting for resource s_rally_ce428736_ut8VWciw. Status changed: DOWNLOADING => AVAILABLE in 9.18596100807
2019-06-08 19:12:23.521 4355 RALLYDEBUG rally.task.utils [-] Waiting for resource s_rally_ce428736_vWTqhoJD. Status changed: DOWNLOADING => AVAILABLE in 9.06391906738
2019-06-08 19:12:23.617 4354 RALLYDEBUG rally.task.utils [-] Waiting for resource s_rally_ce428736_I9H20QLb. Status changed: DOWNLOADING => AVAILABLE in 9.55987811089
2019-06-08 19:12:24.042 4356 RALLYDEBUG rally.task.utils [-] Waiting for resource s_rally_ce428736_ut8VWciw. Status changed: AVAILABLE => DELETING in 0.271879911423
2019-06-08 19:12:24.224 4355 RALLYDEBUG rally.task.utils [-] Waiting for resource s_rally_ce428736_vWTqhoJD. Status changed: AVAILABLE => DELETING in 0.242382049561
2019-06-08 19:12:24.246 4354 RALLYDEBUG rally.task.utils [-] Waiting for resource s_rally_ce428736_I9H20QLb. Status changed: AVAILABLE => DELETING in 0.254456996918
2019-06-08 19:12:25.503 4357 RALLYDEBUG rally.task.utils [-] Waiting for resource s_rally_ce428736_F3qdW5SF. Status changed: DOWNLOADING => AVAILABLE in 11.4800839424
2019-06-08 19:12:25.906 4357 INFO rally.task.runner [-] Task c25f6642-9bb4-4e31-a455-37e164dfb7d6 | ITER: 4 END: OK
2019-06-08 19:12:25.911 4357 INFO rally.task.runner [-] Task c25f6642-9bb4-4e31-a455-37e164dfb7d6 | ITER: 5 START
2019-06-08 19:12:26.365 4356 INFO rally.task.runner [-] Task c25f6642-9bb4-4e31-a455-37e164dfb7d6 | ITER: 3 END: OK
2019-06-08 19:12:26.370 4356 INFO rally.task.runner [-] Task c25f6642-9bb4-4e31-a455-37e164dfb7d6 | ITER: 6 START
2019-06-08 19:12:26.476 4355 INFO rally.task.runner [-] Task c25f6642-9bb4-4e31-a455-37e164dfb7d6 | ITER: 2 END: OK
2019-06-08 19:12:26.481 4355 INFO rally.task.runner [-] Task c25f6642-9bb4-4e31-a455-37e164dfb7d6 | ITER: 7 START
2019-06-08 19:12:26.564 4354 INFO rally.task.runner [-] Task c25f6642-9bb4-4e31-a455-37e164dfb7d6 | ITER: 1 END: OK
2019-06-08 19:12:26.569 4354 INFO rally.task.runner [-] Task c25f6642-9bb4-4e31-a455-37e164dfb7d6 | ITER: 8 START
2019-06-08 19:12:35.479 4355 RALLYDEBUG rally.task.utils [-] Waiting for resource s_rally_ce428736_Fj9GJkSv. Status changed: CREATING => DOWNLOADING in 5.03091192245
2019-06-08 19:12:36.066 4357 RALLYDEBUG rally.task.utils [-] Waiting for resource s_rally_ce428736_nlnirQQk. Status changed: CREATING => DOWNLOADING in 5.24374604225
2019-06-08 19:12:36.423 4356 RALLYDEBUG rally.task.utils [-] Waiting for resource s_rally_ce428736_V4T359cq. Status changed: CREATING => DOWNLOADING in 5.21943497658
2019-06-08 19:12:36.508 4354 RALLYDEBUG rally.task.utils [-] Waiting for resource s_rally_ce428736_CeMUpyQq. Status changed: CREATING => DOWNLOADING in 5.44431090355
2019-06-08 19:12:44.578 4355 RALLYDEBUG rally.task.utils [-] Waiting for resource s_rally_ce428736_Fj9GJkSv. Status changed: DOWNLOADING => AVAILABLE in 9.09848213196
2019-06-08 19:12:44.875 4357 RALLYDEBUG rally.task.utils [-] Waiting for resource s_rally_ce428736_nlnirQQk. Status changed: DOWNLOADING => AVAILABLE in 8.80965709686
2019-06-08 19:12:45.214 4357 RALLYDEBUG rally.task.utils [-] Waiting for resource s_rally_ce428736_nlnirQQk. Status changed: AVAILABLE => DELETING in 0.252921104431
2019-06-08 19:12:45.326 4355 RALLYDEBUG rally.task.utils [-] Waiting for resource s_rally_ce428736_Fj9GJkSv. Status changed: AVAILABLE => DELETING in 0.33499288559
2019-06-08 19:12:45.942 4354 RALLYDEBUG rally.task.utils [-] Waiting for resource s_rally_ce428736_CeMUpyQq. Status changed: DOWNLOADING => AVAILABLE in 9.43401908875
2019-06-08 19:12:46.270 4354 INFO rally.task.runner [-] Task c25f6642-9bb4-4e31-a455-37e164dfb7d6 | ITER: 8 END: OK
2019-06-08 19:12:46.276 4354 INFO rally.task.runner [-] Task c25f6642-9bb4-4e31-a455-37e164dfb7d6 | ITER: 9 START
2019-06-08 19:12:47.546 4357 INFO rally.task.runner [-] Task c25f6642-9bb4-4e31-a455-37e164dfb7d6 | ITER: 5 END: OK
2019-06-08 19:12:47.551 4357 INFO rally.task.runner [-] Task c25f6642-9bb4-4e31-a455-37e164dfb7d6 | ITER: 10 START
2019-06-08 19:12:47.647 4355 INFO rally.task.runner [-] Task c25f6642-9bb4-4e31-a455-37e164dfb7d6 | ITER: 7 END: OK
2019-06-08 19:12:47.756 4356 RALLYDEBUG rally.task.utils [-] Waiting for resource s_rally_ce428736_V4T359cq. Status changed: DOWNLOADING => AVAILABLE in 11.332337141
2019-06-08 19:12:48.457 4356 INFO rally.task.runner [-] Task c25f6642-9bb4-4e31-a455-37e164dfb7d6 | ITER: 6 END: OK
2019-06-08 19:12:54.309 4354 RALLYDEBUG rally.task.utils [-] Waiting for resource s_rally_ce428736_ls5sBCMB. Status changed: CREATING => DOWNLOADING in 2.99392390251
2019-06-08 19:12:57.262 4357 RALLYDEBUG rally.task.utils [-] Waiting for resource s_rally_ce428736_m9WWeUbG. Status changed: CREATING => DOWNLOADING in 5.0210609436
2019-06-08 19:12:58.997 4354 RALLYDEBUG rally.task.utils [-] Waiting for resource s_rally_ce428736_ls5sBCMB. Status changed: DOWNLOADING => AVAILABLE in 4.68749308586
2019-06-08 19:12:59.977 4354 INFO rally.task.runner [-] Task c25f6642-9bb4-4e31-a455-37e164dfb7d6 | ITER: 9 END: OK
2019-06-08 19:13:01.975 4357 RALLYDEBUG rally.task.utils [-] Waiting for resource s_rally_ce428736_m9WWeUbG. Status changed: DOWNLOADING => AVAILABLE in 4.71313905716
2019-06-08 19:13:02.630 4357 INFO rally.task.runner [-] Task c25f6642-9bb4-4e31-a455-37e164dfb7d6 | ITER: 10 END: OK
2019-06-08 19:13:02.654 1842 INFO rally.task.context [-] Task c25f6642-9bb4-4e31-a455-37e164dfb7d6 | Context cleanup@openstack cleanup() started
2019-06-08 19:13:02.657 1842 RALLYDEBUG rally_openstack.cleanup.manager [-] Cleaning up cinder backups objects
2019-06-08 19:13:04.907 1842 RALLYDEBUG rally_openstack.cleanup.manager [-] Cleaning up cinder volume_snapshots objects
2019-06-08 19:13:07.090 1842 RALLYDEBUG rally_openstack.cleanup.manager [-] Cleaning up cinder transfers objects
2019-06-08 19:13:09.410 1842 RALLYDEBUG rally_openstack.cleanup.manager [-] Cleaning up cinder volumes objects
2019-06-08 19:13:11.568 1842 INFO rally.task.context [-] Task c25f6642-9bb4-4e31-a455-37e164dfb7d6 | Context cleanup@openstack cleanup() finished in 8.91 sec
2019-06-08 19:13:11.568 1842 INFO rally.task.context [-] Task c25f6642-9bb4-4e31-a455-37e164dfb7d6 | Context quotas@openstack cleanup() started
2019-06-08 19:13:11.966 1842 INFO rally.task.context [-] Task c25f6642-9bb4-4e31-a455-37e164dfb7d6 | Context quotas@openstack cleanup() finished in 0.40 sec
2019-06-08 19:13:11.966 1842 INFO rally.task.context [-] Task c25f6642-9bb4-4e31-a455-37e164dfb7d6 | Context api_versions@openstack cleanup() started
2019-06-08 19:13:11.966 1842 INFO rally.task.context [-] Task c25f6642-9bb4-4e31-a455-37e164dfb7d6 | Context api_versions@openstack cleanup() finished in 0.30 msec
2019-06-08 19:13:11.967 1842 INFO rally.task.context [-] Task c25f6642-9bb4-4e31-a455-37e164dfb7d6 | Context users@openstack cleanup() started
2019-06-08 19:13:19.862 1842 INFO rally.task.context [-] Task c25f6642-9bb4-4e31-a455-37e164dfb7d6 | Context users@openstack cleanup() finished in 7.90 sec
2019-06-08 19:13:20.487 1842 INFO rally.task.engine [-] Load duration is: 58.479541
2019-06-08 19:13:20.487 1842 INFO rally.task.engine [-] Full runner duration is: 58.529797
2019-06-08 19:13:20.488 1842 INFO rally.task.engine [-] Full duration is: 83.698509
2019-06-08 19:13:20.656 1842 INFO rally.task.engine [-] Running workload: position = 2 config = { "version": 2, "title": "A cropped version of a bigger task.", "description": "Auto-generated task from a single workload (uuid=170a1bf5-0cb9-4a47-89db-bcc7250d9c1d)", "subtasks": [ { "title": "CinderVolumes.create_and_delete_volume", "description": "Create and then delete a volume.", "scenario": { "CinderVolumes.create_and_delete_volume": { "size": 1 } }, "contexts": { "users": { "tenants": 3, "users_per_tenant": 2 }, "quotas": { "cinder": { "gigabytes": -1, "snapshots": -1, "volumes": -1 } }, "api_versions": { "cinder": { "version": 3, "service_type": "volumev3" } } }, "runner": { "constant": { "concurrency": 4, "times": 10 } }, "hooks": [], "sla": { "failure_rate": { "max": 0 } } } ] }
2019-06-08 19:13:20.677 1842 RALLYDEBUG rally_openstack.contexts.keystone.users [-] Creating 3 tenants using 20 threads
2019-06-08 19:13:22.513 1842 RALLYDEBUG rally_openstack.contexts.keystone.users [-] Creating 6 users using 20 threads
2019-06-08 19:13:25.283 1842 INFO rally.task.context [-] Task c25f6642-9bb4-4e31-a455-37e164dfb7d6 | Context users@openstack setup() finished in 4.61 sec
2019-06-08 19:13:25.703 1842 INFO rally.task.context [-] Task c25f6642-9bb4-4e31-a455-37e164dfb7d6 | Context api_versions@openstack setup() finished in 0.42 sec
2019-06-08 19:13:27.356 1842 INFO rally.task.context [-] Task c25f6642-9bb4-4e31-a455-37e164dfb7d6 | Context quotas@openstack setup() finished in 1.65 sec
2019-06-08 19:13:27.357 1842 INFO rally.task.context [-] Task c25f6642-9bb4-4e31-a455-37e164dfb7d6 | Context cleanup@openstack setup() finished in 0.00 msec
2019-06-08 19:13:27.365 1842 RALLYDEBUG rally.task.runner [-] Starting the constant runner (task UUID: c25f6642-9bb4-4e31-a455-37e164dfb7d6). timeout: 0 concurrency: 4 concurrency_per_worker: 1 times: 10 concurrency_overhead: 0 processes_to_start: 4 max_cpu_used: 16
2019-06-08 19:13:27.378 4538 RALLYDEBUG rally.task.runner [-] Starting a worker. concurrency: 1 args: {"size": 1} times: 10 method_name: run timeout: 0 duration: None cls:
2019-06-08 19:13:27.383 4539 RALLYDEBUG rally.task.runner [-] Starting a worker. concurrency: 1 args: {"size": 1} times: 10 method_name: run timeout: 0 duration: None cls:
2019-06-08 19:13:27.386 4538 INFO rally.task.runner [-] Task c25f6642-9bb4-4e31-a455-37e164dfb7d6 | ITER: 1 START
2019-06-08 19:13:27.386 4540 RALLYDEBUG rally.task.runner [-] Starting a worker. concurrency: 1 args: {"size": 1} times: 10 method_name: run timeout: 0 duration: None cls:
2019-06-08 19:13:27.394 4539 INFO rally.task.runner [-] Task c25f6642-9bb4-4e31-a455-37e164dfb7d6 | ITER: 2 START
2019-06-08 19:13:27.395 4540 INFO rally.task.runner [-] Task c25f6642-9bb4-4e31-a455-37e164dfb7d6 | ITER: 3 START
2019-06-08 19:13:27.393 4541 RALLYDEBUG rally.task.runner [-] Starting a worker. concurrency: 1 args: {"size": 1} times: 10 method_name: run timeout: 0 duration: None cls:
2019-06-08 19:13:27.408 4541 INFO rally.task.runner [-] Task c25f6642-9bb4-4e31-a455-37e164dfb7d6 | ITER: 4 START
2019-06-08 19:13:31.740 4539 RALLYDEBUG rally.task.utils [-] Waiting for resource s_rally_170a1bf5_Les2EfP6. Status changed: AVAILABLE => DELETING in 0.347476005554
2019-06-08 19:13:31.905 4541 RALLYDEBUG rally.task.utils [-] Waiting for resource s_rally_170a1bf5_u1mTo5sq. Status changed: AVAILABLE => DELETING in 0.376577138901
2019-06-08 19:13:31.915 4540 RALLYDEBUG rally.task.utils [-] Waiting for resource s_rally_170a1bf5_kZjIcXDl. Status changed: AVAILABLE => DELETING in 0.348026990891
2019-06-08 19:13:32.032 4538 RALLYDEBUG rally.task.utils [-] Waiting for resource s_rally_170a1bf5_E2cD1Au6. Status changed: AVAILABLE => DELETING in 0.374094009399
2019-06-08 19:13:34.080 4539 INFO rally.task.runner [-] Task c25f6642-9bb4-4e31-a455-37e164dfb7d6 | ITER: 2 END: OK
2019-06-08 19:13:34.086 4539 INFO rally.task.runner [-] Task c25f6642-9bb4-4e31-a455-37e164dfb7d6 | ITER: 5 START
2019-06-08 19:13:34.126 4541 INFO rally.task.runner [-] Task c25f6642-9bb4-4e31-a455-37e164dfb7d6 | ITER: 4 END: OK
2019-06-08 19:13:34.130 4541 INFO rally.task.runner [-] Task c25f6642-9bb4-4e31-a455-37e164dfb7d6 | ITER: 6 START
2019-06-08 19:13:34.260 4540 INFO rally.task.runner [-] Task c25f6642-9bb4-4e31-a455-37e164dfb7d6 | ITER: 3 END: OK
2019-06-08 19:13:34.266 4540 INFO rally.task.runner [-] Task c25f6642-9bb4-4e31-a455-37e164dfb7d6 | ITER: 7 START
2019-06-08 19:13:34.350 4538 INFO rally.task.runner [-] Task c25f6642-9bb4-4e31-a455-37e164dfb7d6 | ITER: 1 END: OK
2019-06-08 19:13:34.355 4538 INFO rally.task.runner [-] Task c25f6642-9bb4-4e31-a455-37e164dfb7d6 | ITER: 8 START
2019-06-08 19:13:38.376 4539 INFO rally.task.runner [-] Task c25f6642-9bb4-4e31-a455-37e164dfb7d6 | ITER: 5 END: OK
2019-06-08 19:13:38.381 4539 INFO rally.task.runner [-] Task c25f6642-9bb4-4e31-a455-37e164dfb7d6 | ITER: 9 START
2019-06-08 19:13:38.571 4541 RALLYDEBUG rally.task.utils [-] Waiting for resource s_rally_170a1bf5_RUwHK4vO. Status changed: AVAILABLE => DELETING in 0.356273889542
2019-06-08 19:13:38.700 4540 RALLYDEBUG rally.task.utils [-] Waiting for resource s_rally_170a1bf5_zywgmiCH. Status changed: AVAILABLE => DELETING in 0.282819986343
2019-06-08 19:13:38.902 4538 RALLYDEBUG rally.task.utils [-] Waiting for resource s_rally_170a1bf5_ZREjGyKK. Status changed: AVAILABLE => DELETING in 0.329357147217
2019-06-08 19:13:40.812 4541 INFO rally.task.runner [-] Task c25f6642-9bb4-4e31-a455-37e164dfb7d6 | ITER: 6 END: OK
2019-06-08 19:13:40.817 4541 INFO rally.task.runner [-] Task c25f6642-9bb4-4e31-a455-37e164dfb7d6 | ITER: 10 START
2019-06-08 19:13:40.936 4540 INFO rally.task.runner [-] Task c25f6642-9bb4-4e31-a455-37e164dfb7d6 | ITER: 7 END: OK
2019-06-08 19:13:41.216 4538 INFO rally.task.runner [-] Task c25f6642-9bb4-4e31-a455-37e164dfb7d6 | ITER: 8 END: OK
2019-06-08 19:13:42.782 4539 INFO rally.task.runner [-] Task c25f6642-9bb4-4e31-a455-37e164dfb7d6 | ITER: 9 END: OK
2019-06-08 19:13:45.115 4541 INFO rally.task.runner [-] Task c25f6642-9bb4-4e31-a455-37e164dfb7d6 | ITER: 10 END: OK
2019-06-08 19:13:45.139 1842 INFO rally.task.context [-] Task c25f6642-9bb4-4e31-a455-37e164dfb7d6 | Context cleanup@openstack cleanup() started
2019-06-08 19:13:45.142 1842 RALLYDEBUG rally_openstack.cleanup.manager [-] Cleaning up cinder backups objects
2019-06-08 19:13:47.191 1842 RALLYDEBUG rally_openstack.cleanup.manager [-] Cleaning up cinder volume_snapshots objects
2019-06-08 19:13:49.434 1842 RALLYDEBUG rally_openstack.cleanup.manager [-] Cleaning up cinder transfers objects
2019-06-08 19:13:51.648 1842 RALLYDEBUG rally_openstack.cleanup.manager [-] Cleaning up cinder volumes objects
2019-06-08 19:13:53.903 1842 INFO rally.task.context [-] Task c25f6642-9bb4-4e31-a455-37e164dfb7d6 | Context cleanup@openstack cleanup() finished in 8.76 sec
2019-06-08 19:13:53.903 1842 INFO rally.task.context [-] Task c25f6642-9bb4-4e31-a455-37e164dfb7d6 | Context quotas@openstack cleanup() started
2019-06-08 19:13:54.876 1842 INFO rally.task.context [-] Task c25f6642-9bb4-4e31-a455-37e164dfb7d6 | Context quotas@openstack cleanup() finished in 0.97 sec
2019-06-08 19:13:54.876 1842 INFO rally.task.context [-] Task c25f6642-9bb4-4e31-a455-37e164dfb7d6 | Context api_versions@openstack cleanup() started
2019-06-08 19:13:54.877 1842 INFO rally.task.context [-] Task c25f6642-9bb4-4e31-a455-37e164dfb7d6 | Context api_versions@openstack cleanup() finished in 0.32 msec
2019-06-08 19:13:54.877 1842 INFO rally.task.context [-] Task c25f6642-9bb4-4e31-a455-37e164dfb7d6 | Context users@openstack cleanup() started
2019-06-08 19:14:03.097 1842 INFO rally.task.context [-] Task c25f6642-9bb4-4e31-a455-37e164dfb7d6 | Context users@openstack cleanup() finished in 8.22 sec
2019-06-08 19:14:04.863 1842 INFO rally.task.engine [-] Load duration is: 17.7256
2019-06-08 19:14:04.863 1842 INFO rally.task.engine [-] Full runner duration is: 17.774805
2019-06-08 19:14:04.863 1842 INFO rally.task.engine [-] Full duration is: 42.4248
2019-06-08 19:14:05.118 1842 INFO rally.task.engine [-] Running workload: position = 0 config = { "version": 2, "title": "A cropped version of a bigger task.", "description": "Auto-generated task from a single workload (uuid=953bb7e7-d132-44f0-806a-643fa233a064)", "subtasks": [ { "title": "CinderVolumes.create_and_extend_volume", "description": "Create and extend a volume and then delete it.", "scenario": { "CinderVolumes.create_and_extend_volume": { "new_size": 2, "size": 1 } }, "contexts": { "users": { "tenants": 3, "users_per_tenant": 2 }, "quotas": { "cinder": { "gigabytes": -1, "snapshots": -1, "volumes": -1 } }, "api_versions": { "cinder": { "version": 3, "service_type": "volumev3" } } }, "runner": { "constant": { "concurrency": 4, "times": 10 } }, "hooks": [], "sla": { "failure_rate": { "max": 0 } } } ] }
2019-06-08 19:14:05.143 1842 RALLYDEBUG rally_openstack.contexts.keystone.users [-] Creating 3 tenants using 20 threads
2019-06-08 19:14:07.046 1842 RALLYDEBUG rally_openstack.contexts.keystone.users [-] Creating 6 users using 20 threads
2019-06-08 19:14:09.941 1842 INFO rally.task.context [-] Task c25f6642-9bb4-4e31-a455-37e164dfb7d6 | Context users@openstack setup() finished in 4.80 sec
2019-06-08 19:14:10.364 1842 INFO rally.task.context [-] Task c25f6642-9bb4-4e31-a455-37e164dfb7d6 | Context api_versions@openstack setup() finished in 0.42 sec
2019-06-08 19:14:12.002 1842 INFO rally.task.context [-] Task c25f6642-9bb4-4e31-a455-37e164dfb7d6 | Context quotas@openstack setup() finished in 1.64 sec
2019-06-08 19:14:12.003 1842 INFO rally.task.context [-] Task c25f6642-9bb4-4e31-a455-37e164dfb7d6 | Context cleanup@openstack setup() finished in 0.01 msec
2019-06-08 19:14:12.010 1842 RALLYDEBUG rally.task.runner [-] Starting the constant runner (task UUID: c25f6642-9bb4-4e31-a455-37e164dfb7d6). timeout: 0 concurrency: 4 concurrency_per_worker: 1 times: 10 concurrency_overhead: 0 processes_to_start: 4 max_cpu_used: 16
2019-06-08 19:14:12.024 4722 RALLYDEBUG rally.task.runner [-] Starting a worker. concurrency: 1 args: {"new_size": 2, "size": 1} times: 10 method_name: run timeout: 0 duration: None cls:
2019-06-08 19:14:12.026 4723 RALLYDEBUG rally.task.runner [-] Starting a worker. concurrency: 1 args: {"new_size": 2, "size": 1} times: 10 method_name: run timeout: 0 duration: None cls:
2019-06-08 19:14:12.029 4724 RALLYDEBUG rally.task.runner [-] Starting a worker. concurrency: 1 args: {"new_size": 2, "size": 1} times: 10 method_name: run timeout: 0 duration: None cls:
2019-06-08 19:14:12.032 4722 INFO rally.task.runner [-] Task c25f6642-9bb4-4e31-a455-37e164dfb7d6 | ITER: 1 START
2019-06-08 19:14:12.033 4725 RALLYDEBUG rally.task.runner [-] Starting a worker. concurrency: 1 args: {"new_size": 2, "size": 1} times: 10 method_name: run timeout: 0 duration: None cls:
2019-06-08 19:14:12.034 4723 INFO rally.task.runner [-] Task c25f6642-9bb4-4e31-a455-37e164dfb7d6 | ITER: 2 START
2019-06-08 19:14:12.039 4724 INFO rally.task.runner [-] Task c25f6642-9bb4-4e31-a455-37e164dfb7d6 | ITER: 3 START
2019-06-08 19:14:12.041 4725 INFO rally.task.runner [-] Task c25f6642-9bb4-4e31-a455-37e164dfb7d6 | ITER: 4 START
2019-06-08 19:14:16.944 4725 RALLYDEBUG rally.task.utils [-] Waiting for resource s_rally_953bb7e7_L93ITZUP. Status changed: AVAILABLE => DELETING in 0.245216846466
2019-06-08 19:14:17.126 4723 RALLYDEBUG rally.task.utils [-] Waiting for resource s_rally_953bb7e7_0tNEhCy1. Status changed: AVAILABLE => DELETING in 0.360013961792
2019-06-08 19:14:17.257 4724 RALLYDEBUG rally.task.utils [-] Waiting for resource s_rally_953bb7e7_4NEwJFlc. Status changed: AVAILABLE => DELETING in 0.255591869354
2019-06-08 19:14:17.263 4722 RALLYDEBUG rally.task.utils [-] Waiting for resource s_rally_953bb7e7_lSyaFW1v. Status changed: AVAILABLE => DELETING in 0.247586965561
2019-06-08 19:14:19.376 4725 INFO rally.task.runner [-] Task c25f6642-9bb4-4e31-a455-37e164dfb7d6 | ITER: 4 END: OK
2019-06-08 19:14:19.381 4725 INFO rally.task.runner [-] Task c25f6642-9bb4-4e31-a455-37e164dfb7d6 | ITER: 5 START
2019-06-08 19:14:19.433 4723 INFO rally.task.runner [-] Task c25f6642-9bb4-4e31-a455-37e164dfb7d6 | ITER: 2 END: OK
2019-06-08 19:14:19.438 4723 INFO rally.task.runner [-] Task c25f6642-9bb4-4e31-a455-37e164dfb7d6 | ITER: 6 START
2019-06-08 19:14:19.616 4722 INFO rally.task.runner [-] Task c25f6642-9bb4-4e31-a455-37e164dfb7d6 | ITER: 1 END: OK
2019-06-08 19:14:19.621 4722 INFO rally.task.runner [-] Task c25f6642-9bb4-4e31-a455-37e164dfb7d6 | ITER: 7 START
2019-06-08 19:14:19.642 4724 INFO rally.task.runner [-] Task c25f6642-9bb4-4e31-a455-37e164dfb7d6 | ITER: 3 END: OK
2019-06-08 19:14:19.648 4724 INFO rally.task.runner [-] Task c25f6642-9bb4-4e31-a455-37e164dfb7d6 | ITER: 8 START
2019-06-08 19:14:24.500 4722 RALLYDEBUG rally.task.utils [-] Waiting for resource s_rally_953bb7e7_6yaB0kIm. Status changed: AVAILABLE => DELETING in 0.0595870018005
2019-06-08 19:14:24.539 4723 RALLYDEBUG rally.task.utils [-] Waiting for resource s_rally_953bb7e7_gjRrsthv. Status changed: AVAILABLE => DELETING in 0.33274102211
2019-06-08 19:14:24.540 4725 INFO rally.task.runner [-] Task c25f6642-9bb4-4e31-a455-37e164dfb7d6 | ITER: 5 END: OK
2019-06-08 19:14:24.544 4725 INFO rally.task.runner [-] Task c25f6642-9bb4-4e31-a455-37e164dfb7d6 | ITER: 9 START
2019-06-08 19:14:25.025 4724 RALLYDEBUG rally.task.utils [-] Waiting for resource s_rally_953bb7e7_Jb8Ddasc. Status changed: AVAILABLE => DELETING in 0.337565898895
2019-06-08 19:14:26.540 4722 INFO rally.task.runner [-] Task c25f6642-9bb4-4e31-a455-37e164dfb7d6 | ITER: 7 END: OK
2019-06-08 19:14:26.545 4722 INFO rally.task.runner [-] Task c25f6642-9bb4-4e31-a455-37e164dfb7d6 | ITER: 10 START
2019-06-08 19:14:26.851 4723 INFO rally.task.runner [-] Task c25f6642-9bb4-4e31-a455-37e164dfb7d6 | ITER: 6 END: OK
2019-06-08 19:14:27.250 4724 INFO rally.task.runner [-] Task c25f6642-9bb4-4e31-a455-37e164dfb7d6 | ITER: 8 END: OK
2019-06-08 19:14:29.594 4725 INFO rally.task.runner [-] Task c25f6642-9bb4-4e31-a455-37e164dfb7d6 | ITER: 9 END: OK
2019-06-08 19:14:31.694 4722 INFO rally.task.runner [-] Task c25f6642-9bb4-4e31-a455-37e164dfb7d6 | ITER: 10 END: OK
2019-06-08 19:14:31.724 1842 INFO rally.task.context [-] Task c25f6642-9bb4-4e31-a455-37e164dfb7d6 | Context cleanup@openstack cleanup() started
2019-06-08 19:14:31.726 1842 RALLYDEBUG rally_openstack.cleanup.manager [-] Cleaning up cinder backups objects
2019-06-08 19:14:33.962 1842 RALLYDEBUG rally_openstack.cleanup.manager [-] Cleaning up cinder volume_snapshots objects
2019-06-08 19:14:36.045 1842 RALLYDEBUG rally_openstack.cleanup.manager [-] Cleaning up cinder transfers objects
2019-06-08 19:14:38.139 1842 RALLYDEBUG rally_openstack.cleanup.manager [-] Cleaning up cinder volumes objects
2019-06-08 19:14:40.335 1842 INFO rally.task.context [-] Task c25f6642-9bb4-4e31-a455-37e164dfb7d6 | Context cleanup@openstack cleanup() finished in 8.61 sec
2019-06-08 19:14:40.335 1842 INFO rally.task.context [-] Task c25f6642-9bb4-4e31-a455-37e164dfb7d6 | Context quotas@openstack cleanup() started
2019-06-08 19:14:41.312 1842 INFO rally.task.context [-] Task c25f6642-9bb4-4e31-a455-37e164dfb7d6 | Context quotas@openstack cleanup() finished in 0.98 sec
2019-06-08 19:14:41.313 1842 INFO rally.task.context [-] Task c25f6642-9bb4-4e31-a455-37e164dfb7d6 | Context api_versions@openstack cleanup() started
2019-06-08 19:14:41.313 1842 INFO rally.task.context [-] Task c25f6642-9bb4-4e31-a455-37e164dfb7d6 | Context api_versions@openstack cleanup() finished in 0.35 msec
2019-06-08 19:14:41.314 1842 INFO rally.task.context [-] Task c25f6642-9bb4-4e31-a455-37e164dfb7d6 | Context users@openstack cleanup() started
2019-06-08 19:14:49.263 1842 INFO rally.task.context [-] Task c25f6642-9bb4-4e31-a455-37e164dfb7d6 | Context users@openstack cleanup() finished in 7.95 sec
2019-06-08 19:14:49.327 1842 INFO rally.task.engine [-] Load duration is: 19.659089
2019-06-08 19:14:49.328 1842 INFO rally.task.engine [-] Full runner duration is: 19.714351
2019-06-08 19:14:49.328 1842 INFO rally.task.engine [-] Full duration is: 44.121962
2019-06-08 19:14:49.553 1842 INFO rally.task.engine [-] Running workload: position = 0 config = { "version": 2, "title": "A cropped version of a bigger task.", "description": "Auto-generated task from a single workload (uuid=58c60f6e-2c3a-4943-a5ab-3ea0831f9df6)", "subtasks": [ { "title": "CinderVolumes.create_from_volume_and_delete_volume", "description": "Create volume from volume and then delete it.", "scenario": { "CinderVolumes.create_from_volume_and_delete_volume": { "size": 1 } }, "contexts": { "users": { "tenants": 3, "users_per_tenant": 2 }, "quotas": { "cinder": { "gigabytes": -1, "snapshots": -1, "volumes": -1 } }, "api_versions": { "cinder": { "version": 3, "service_type": "volumev3" } }, "volumes": { "size": 1, "volumes_per_tenant": 1 } }, "runner": { "constant": { "concurrency": 4, "times": 10 } }, "hooks": [], "sla": { "failure_rate": { "max": 0 } } } ] }
2019-06-08 19:14:49.577 1842 RALLYDEBUG rally_openstack.contexts.keystone.users [-] Creating 3 tenants using 20 threads
2019-06-08 19:14:51.422 1842 RALLYDEBUG rally_openstack.contexts.keystone.users [-] Creating 6 users using 20 threads
2019-06-08 19:14:54.211 1842 INFO rally.task.context [-] Task c25f6642-9bb4-4e31-a455-37e164dfb7d6 | Context users@openstack setup() finished in 4.63 sec
2019-06-08 19:14:54.636 1842 INFO rally.task.context [-] Task c25f6642-9bb4-4e31-a455-37e164dfb7d6 | Context api_versions@openstack setup() finished in 0.42 sec
2019-06-08 19:14:56.336 1842 INFO rally.task.context [-] Task c25f6642-9bb4-4e31-a455-37e164dfb7d6 | Context quotas@openstack setup() finished in 1.70 sec
2019-06-08 19:15:07.392 1842 INFO rally.task.context [-] Task c25f6642-9bb4-4e31-a455-37e164dfb7d6 | Context volumes@openstack setup() finished in 11.06 sec
2019-06-08 19:15:07.392 1842 INFO rally.task.context [-] Task c25f6642-9bb4-4e31-a455-37e164dfb7d6 | Context cleanup@openstack setup() finished in 0.00 msec
2019-06-08 19:15:07.399 1842 RALLYDEBUG rally.task.runner [-] Starting the constant runner (task UUID: c25f6642-9bb4-4e31-a455-37e164dfb7d6). timeout: 0 concurrency: 4 concurrency_per_worker: 1 times: 10 concurrency_overhead: 0 processes_to_start: 4 max_cpu_used: 16
2019-06-08 19:15:07.412 4906 RALLYDEBUG rally.task.runner [-] Starting a worker. concurrency: 1 args: {"size": 1} times: 10 method_name: run timeout: 0 duration: None cls:
2019-06-08 19:15:07.416 4907 RALLYDEBUG rally.task.runner [-] Starting a worker. concurrency: 1 args: {"size": 1} times: 10 method_name: run timeout: 0 duration: None cls:
2019-06-08 19:15:07.419 4908 RALLYDEBUG rally.task.runner [-] Starting a worker. concurrency: 1 args: {"size": 1} times: 10 method_name: run timeout: 0 duration: None cls:
2019-06-08 19:15:07.425 4906 INFO rally.task.runner [-] Task c25f6642-9bb4-4e31-a455-37e164dfb7d6 | ITER: 1 START
2019-06-08 19:15:07.427 4909 RALLYDEBUG rally.task.runner [-] Starting a worker. concurrency: 1 args: {"size": 1} times: 10 method_name: run timeout: 0 duration: None cls:
2019-06-08 19:15:07.428 4907 INFO rally.task.runner [-] Task c25f6642-9bb4-4e31-a455-37e164dfb7d6 | ITER: 2 START
2019-06-08 19:15:07.430 4908 INFO rally.task.runner [-] Task c25f6642-9bb4-4e31-a455-37e164dfb7d6 | ITER: 3 START
2019-06-08 19:15:07.434 4909 INFO rally.task.runner [-] Task c25f6642-9bb4-4e31-a455-37e164dfb7d6 | ITER: 4 START
2019-06-08 19:15:11.125 4909 RALLYDEBUG rally.task.utils [-] Waiting for resource s_rally_58c60f6e_jDdbw7pH. Status changed: CREATING => AVAILABLE in 0.599761962891
2019-06-08 19:15:11.413 4907 RALLYDEBUG rally.task.utils [-] Waiting for resource s_rally_58c60f6e_1rw4qkLf. Status changed: CREATING => AVAILABLE in 0.827584981918
2019-06-08 19:15:11.750 4909 RALLYDEBUG rally.task.utils [-] Waiting for resource s_rally_58c60f6e_jDdbw7pH. Status changed: AVAILABLE => DELETING in 0.260627031326
