2019-06-08 18:50:27.108 725 RALLYDEBUG rally_openstack.cleanup.manager [-] Deleting glance.images object s_rally_7313d06a_igSApBDt (1ae13a27-cf36-408a-bc1c-9588ed66cdb4)
2019-06-08 18:50:27.132 725 RALLYDEBUG rally_openstack.cleanup.manager [-] Deleting glance.images object s_rally_7313d06a_VDimDqIp (893fdb4b-0275-41b2-968a-d0e1612400b2)
2019-06-08 18:50:27.147 725 RALLYDEBUG rally_openstack.cleanup.manager [-] Deleting glance.images object s_rally_7313d06a_qugU2EJ8 (4133e2ec-92ba-4a57-822c-ca3c89c70366)
2019-06-08 18:50:28.896 725 DEBUG glanceclient.common.http [-] Request returned failure status 404. _handle_response /usr/lib/python2.7/site-packages/glanceclient/common/http.py:125
2019-06-08 18:50:29.105 725 DEBUG glanceclient.common.http [-] Request returned failure status 404. _handle_response /usr/lib/python2.7/site-packages/glanceclient/common/http.py:125
2019-06-08 18:50:29.178 725 DEBUG glanceclient.common.http [-] Request returned failure status 404. _handle_response /usr/lib/python2.7/site-packages/glanceclient/common/http.py:125
2019-06-08 18:50:29.482 725 DEBUG glanceclient.common.http [-] Request returned failure status 404. _handle_response /usr/lib/python2.7/site-packages/glanceclient/common/http.py:125
2019-06-08 18:50:29.995 725 DEBUG glanceclient.common.http [-] Request returned failure status 404. _handle_response /usr/lib/python2.7/site-packages/glanceclient/common/http.py:125
2019-06-08 18:50:30.002 725 DEBUG glanceclient.common.http [-] Request returned failure status 404. _handle_response /usr/lib/python2.7/site-packages/glanceclient/common/http.py:125
2019-06-08 18:50:30.018 725 DEBUG glanceclient.common.http [-] Request returned failure status 404. _handle_response /usr/lib/python2.7/site-packages/glanceclient/common/http.py:125
2019-06-08 18:50:30.187 725 DEBUG glanceclient.common.http [-] Request returned failure status 404. _handle_response /usr/lib/python2.7/site-packages/glanceclient/common/http.py:125
2019-06-08 18:50:30.192 725 DEBUG glanceclient.common.http [-] Request returned failure status 404. _handle_response /usr/lib/python2.7/site-packages/glanceclient/common/http.py:125
2019-06-08 18:50:30.204 725 DEBUG glanceclient.common.http [-] Request returned failure status 404. _handle_response /usr/lib/python2.7/site-packages/glanceclient/common/http.py:125
2019-06-08 18:50:30.207 725 DEBUG glanceclient.common.http [-] Request returned failure status 404. _handle_response /usr/lib/python2.7/site-packages/glanceclient/common/http.py:125
2019-06-08 18:50:30.249 725 DEBUG glanceclient.common.http [-] Request returned failure status 404. _handle_response /usr/lib/python2.7/site-packages/glanceclient/common/http.py:125
2019-06-08 18:50:30.265 725 DEBUG glanceclient.common.http [-] Request returned failure status 404. _handle_response /usr/lib/python2.7/site-packages/glanceclient/common/http.py:125
2019-06-08 18:50:30.313 725 DEBUG glanceclient.common.http [-] Request returned failure status 404. _handle_response /usr/lib/python2.7/site-packages/glanceclient/common/http.py:125
2019-06-08 18:50:30.328 725 DEBUG glanceclient.common.http [-] Request returned failure status 404. _handle_response /usr/lib/python2.7/site-packages/glanceclient/common/http.py:125
2019-06-08 18:50:30.347 725 DEBUG glanceclient.common.http [-] Request returned failure status 404. _handle_response /usr/lib/python2.7/site-packages/glanceclient/common/http.py:125
2019-06-08 18:50:30.361 725 DEBUG glanceclient.common.http [-] Request returned failure status 404. _handle_response /usr/lib/python2.7/site-packages/glanceclient/common/http.py:125
2019-06-08 18:50:30.364 725 DEBUG glanceclient.common.http [-] Request returned failure status 404. _handle_response /usr/lib/python2.7/site-packages/glanceclient/common/http.py:125
2019-06-08 18:50:30.616 725 DEBUG glanceclient.common.http [-] Request returned failure status 404. _handle_response /usr/lib/python2.7/site-packages/glanceclient/common/http.py:125
2019-06-08 18:50:30.647 725 DEBUG glanceclient.common.http [-] Request returned failure status 404. _handle_response /usr/lib/python2.7/site-packages/glanceclient/common/http.py:125
2019-06-08 18:50:31.650 725 INFO rally.task.context [-] Task f36f5914-68df-44cc-927d-9675885bcf68 | Context cleanup@openstack cleanup() finished in 32.88 sec
2019-06-08 18:50:31.650 725 INFO rally.task.context [-] Task f36f5914-68df-44cc-927d-9675885bcf68 | Context quotas@openstack cleanup() started
2019-06-08 18:50:31.651 725 DEBUG novaclient.v2.client [-] REQ: curl -g -i -X DELETE http://172.30.9.21:8774/v2.1/os-quota-sets/087b7903008f4c46ac21e56acbca61b0 -H "Accept: application/json" -H "User-Agent: python-novaclient" -H "X-Auth-Token: {SHA1}f6fe26d368478a798a209eca55c9099ef87d0402" _http_log_request /usr/lib/python2.7/site-packages/keystoneauth1/session.py:448
2019-06-08 18:50:31.717 725 DEBUG novaclient.v2.client [-] RESP: [202] Content-Length: 0 Content-Type: application/json Date: Sat, 08 Jun 2019 18:50:31 GMT OpenStack-API-Version: compute 2.1 Server: Apache Vary: OpenStack-API-Version,X-OpenStack-Nova-API-Version X-OpenStack-Nova-API-Version: 2.1 x-compute-request-id: req-edd3a147-9d9a-4619-a7eb-6681713ca8d0 x-openstack-request-id: req-edd3a147-9d9a-4619-a7eb-6681713ca8d0 _http_log_response /usr/lib/python2.7/site-packages/keystoneauth1/session.py:479
2019-06-08 18:50:31.717 725 DEBUG novaclient.v2.client [-] DELETE call to compute for http://172.30.9.21:8774/v2.1/os-quota-sets/087b7903008f4c46ac21e56acbca61b0 used request id req-edd3a147-9d9a-4619-a7eb-6681713ca8d0 request /usr/lib/python2.7/site-packages/keystoneauth1/session.py:844
2019-06-08 18:50:31.718 725 DEBUG novaclient.v2.client [-] REQ: curl -g -i -X DELETE http://172.30.9.21:8774/v2.1/os-quota-sets/f1cd481d164f4be6b2241366306c91b6 -H "Accept: application/json" -H "User-Agent: python-novaclient" -H "X-Auth-Token: {SHA1}f6fe26d368478a798a209eca55c9099ef87d0402" _http_log_request /usr/lib/python2.7/site-packages/keystoneauth1/session.py:448
2019-06-08 18:50:31.764 725 DEBUG novaclient.v2.client [-] RESP: [202] Content-Length: 0 Content-Type: application/json Date: Sat, 08 Jun 2019 18:50:31 GMT OpenStack-API-Version: compute 2.1 Server: Apache Vary: OpenStack-API-Version,X-OpenStack-Nova-API-Version X-OpenStack-Nova-API-Version: 2.1 x-compute-request-id: req-445de193-890b-426b-9c38-813199a2b734 x-openstack-request-id: req-445de193-890b-426b-9c38-813199a2b734 _http_log_response /usr/lib/python2.7/site-packages/keystoneauth1/session.py:479
2019-06-08 18:50:31.765 725 DEBUG novaclient.v2.client [-] DELETE call to compute for http://172.30.9.21:8774/v2.1/os-quota-sets/f1cd481d164f4be6b2241366306c91b6 used request id req-445de193-890b-426b-9c38-813199a2b734 request /usr/lib/python2.7/site-packages/keystoneauth1/session.py:844
2019-06-08 18:50:31.766 725 DEBUG novaclient.v2.client [-] REQ: curl -g -i -X DELETE http://172.30.9.21:8774/v2.1/os-quota-sets/8a89002d1292485eb91e290d28ad4057 -H "Accept: application/json" -H "User-Agent: python-novaclient" -H "X-Auth-Token: {SHA1}f6fe26d368478a798a209eca55c9099ef87d0402" _http_log_request /usr/lib/python2.7/site-packages/keystoneauth1/session.py:448
2019-06-08 18:50:31.794 725 DEBUG novaclient.v2.client [-] RESP: [202] Content-Length: 0 Content-Type: application/json Date: Sat, 08 Jun 2019 18:50:31 GMT OpenStack-API-Version: compute 2.1 Server: Apache Vary: OpenStack-API-Version,X-OpenStack-Nova-API-Version X-OpenStack-Nova-API-Version: 2.1 x-compute-request-id: req-7ce04ad4-e3dd-42f0-8e2c-120b98d70b8d x-openstack-request-id: req-7ce04ad4-e3dd-42f0-8e2c-120b98d70b8d _http_log_response /usr/lib/python2.7/site-packages/keystoneauth1/session.py:479
2019-06-08 18:50:31.794 725 DEBUG novaclient.v2.client [-] DELETE call to compute for http://172.30.9.21:8774/v2.1/os-quota-sets/8a89002d1292485eb91e290d28ad4057 used request id req-7ce04ad4-e3dd-42f0-8e2c-120b98d70b8d request /usr/lib/python2.7/site-packages/keystoneauth1/session.py:844
2019-06-08 18:50:31.795 725 INFO rally.task.context [-] Task f36f5914-68df-44cc-927d-9675885bcf68 | Context quotas@openstack cleanup() finished in 0.14 sec
2019-06-08 18:50:31.795 725 INFO rally.task.context [-] Task f36f5914-68df-44cc-927d-9675885bcf68 | Context users@openstack cleanup() started
2019-06-08 18:50:39.677 725 INFO rally.task.context [-] Task f36f5914-68df-44cc-927d-9675885bcf68 | Context users@openstack cleanup() finished in 7.88 sec
2019-06-08 18:50:39.842 725 INFO rally.task.engine [-] Load duration is: 84.050436
2019-06-08 18:50:39.843 725 INFO rally.task.engine [-] Full runner duration is: 85.95953
2019-06-08 18:50:39.843 725 INFO rally.task.engine [-] Full duration is: 134.39293
2019-06-08 18:50:40.066 725 INFO rally.task.engine [-] Running workload: position = 0 config = { "version": 2, "title": "A cropped version of a bigger task.", "description": "Auto-generated task from a single workload (uuid=7faaceb4-2ec7-40d6-a8ee-e11721875457)", "subtasks": [ { "title": "GlanceImages.create_and_deactivate_image", "description": "Create an image, then deactivate it.", "scenario": { "GlanceImages.create_and_deactivate_image": { "container_format": "bare", "disk_format": "qcow2", "image_location": "/home/opnfv/functest/images/cirros-0.4.0-x86_64-disk.img" } }, "contexts": { "users": { "tenants": 3, "users_per_tenant": 2 } }, "runner": { "constant": { "concurrency": 4, "times": 10 } }, "hooks": [], "sla": { "failure_rate": { "max": 0 } } } ] }
2019-06-08 18:50:40.088 725 RALLYDEBUG rally_openstack.contexts.keystone.users [-] Creating 3 tenants using 20 threads
2019-06-08 18:50:41.935 725 RALLYDEBUG rally_openstack.contexts.keystone.users [-] Creating 6 users using 20 threads
2019-06-08 18:50:44.836 725 INFO rally.task.context [-] Task f36f5914-68df-44cc-927d-9675885bcf68 | Context users@openstack setup() finished in 4.75 sec
2019-06-08 18:50:44.837 725 INFO rally.task.context [-] Task f36f5914-68df-44cc-927d-9675885bcf68 | Context cleanup@openstack setup() finished in 0.01 msec
2019-06-08 18:50:44.845 725 RALLYDEBUG rally.task.runner [-] Starting the constant runner (task UUID: f36f5914-68df-44cc-927d-9675885bcf68). timeout: 0 concurrency: 4 concurrency_per_worker: 1 times: 10 concurrency_overhead: 0 processes_to_start: 4 max_cpu_used: 16
2019-06-08 18:50:44.856 1385 RALLYDEBUG rally.task.runner [-] Starting a worker. concurrency: 1 args: {"container_format": "bare", "disk_format": "qcow2", "image_location": "/home/opnfv/functest/images/cirros-0.4.0-x86_64-disk.img"} times: 10 method_name: run timeout: 0 duration: None cls:
2019-06-08 18:50:44.859 1387 RALLYDEBUG rally.task.runner [-] Starting a worker. concurrency: 1 args: {"container_format": "bare", "disk_format": "qcow2", "image_location": "/home/opnfv/functest/images/cirros-0.4.0-x86_64-disk.img"} times: 10 method_name: run timeout: 0 duration: None cls:
2019-06-08 18:50:44.860 1386 RALLYDEBUG rally.task.runner [-] Starting a worker. concurrency: 1 args: {"container_format": "bare", "disk_format": "qcow2", "image_location": "/home/opnfv/functest/images/cirros-0.4.0-x86_64-disk.img"} times: 10 method_name: run timeout: 0 duration: None cls:
2019-06-08 18:50:44.862 1385 INFO rally.task.runner [-] Task f36f5914-68df-44cc-927d-9675885bcf68 | ITER: 1 START
2019-06-08 18:50:44.863 1387 INFO rally.task.runner [-] Task f36f5914-68df-44cc-927d-9675885bcf68 | ITER: 2 START
2019-06-08 18:50:44.866 1386 INFO rally.task.runner [-] Task f36f5914-68df-44cc-927d-9675885bcf68 | ITER: 3 START
2019-06-08 18:50:44.866 1388 RALLYDEBUG rally.task.runner [-] Starting a worker. concurrency: 1 args: {"container_format": "bare", "disk_format": "qcow2", "image_location": "/home/opnfv/functest/images/cirros-0.4.0-x86_64-disk.img"} times: 10 method_name: run timeout: 0 duration: None cls:
2019-06-08 18:50:44.872 1388 INFO rally.task.runner [-] Task f36f5914-68df-44cc-927d-9675885bcf68 | ITER: 4 START
2019-06-08 18:50:48.443 1388 RALLYDEBUG rally.task.utils [-] Waiting for resource u'4d26a03c-3660-4b9c-833b-413e6760189e'. Status changed: NONE => QUEUED in 0.0293829441071
2019-06-08 18:50:48.688 1385 RALLYDEBUG rally.task.utils [-] Waiting for resource u'8cc1b2c4-54cc-4998-8586-2684f28ffcef'. Status changed: NONE => QUEUED in 0.299977064133
2019-06-08 18:50:48.706 1387 RALLYDEBUG rally.task.utils [-] Waiting for resource u'a2a50134-1bb8-4604-85ee-34b794272cc5'. Status changed: NONE => QUEUED in 0.222831010818
2019-06-08 18:50:48.746 1386 RALLYDEBUG rally.task.utils [-] Waiting for resource u'377d575a-0f37-4d20-8e43-54a1a6904c30'. Status changed: NONE => QUEUED in 0.606294870377
2019-06-08 18:50:49.451 1388 RALLYDEBUG rally.task.utils [-] Waiting for resource s_rally_7faaceb4_t5bFRzio. Status changed: QUEUED => ACTIVE in 0.331717967987
2019-06-08 18:50:49.802 1388 INFO rally.task.runner [-] Task f36f5914-68df-44cc-927d-9675885bcf68 | ITER: 4 END: OK
2019-06-08 18:50:49.806 1388 INFO rally.task.runner [-] Task f36f5914-68df-44cc-927d-9675885bcf68 | ITER: 5 START
2019-06-08 18:50:50.440 1387 RALLYDEBUG rally.task.utils [-] Waiting for resource s_rally_7faaceb4_qtH2cwnQ. Status changed: QUEUED => ACTIVE in 0.222819805145
2019-06-08 18:50:50.621 1385 RALLYDEBUG rally.task.utils [-] Waiting for resource s_rally_7faaceb4_vFwfHypI. Status changed: QUEUED => ACTIVE in 0.314355134964
2019-06-08 18:50:50.867 1387 INFO rally.task.runner [-] Task f36f5914-68df-44cc-927d-9675885bcf68 | ITER: 2 END: OK
2019-06-08 18:50:50.871 1387 INFO rally.task.runner [-] Task f36f5914-68df-44cc-927d-9675885bcf68 | ITER: 6 START
2019-06-08 18:50:50.882 1385 INFO rally.task.runner [-] Task f36f5914-68df-44cc-927d-9675885bcf68 | ITER: 1 END: OK
2019-06-08 18:50:50.885 1385 INFO rally.task.runner [-] Task f36f5914-68df-44cc-927d-9675885bcf68 | ITER: 7 START
2019-06-08 18:50:51.342 1386 RALLYDEBUG rally.task.utils [-] Waiting for resource s_rally_7faaceb4_gqvmLjKa. Status changed: QUEUED => ACTIVE in 0.018590927124
2019-06-08 18:50:51.730 1386 INFO rally.task.runner [-] Task f36f5914-68df-44cc-927d-9675885bcf68 | ITER: 3 END: OK
2019-06-08 18:50:51.735 1386 INFO rally.task.runner [-] Task f36f5914-68df-44cc-927d-9675885bcf68 | ITER: 8 START
2019-06-08 18:50:53.513 1388 RALLYDEBUG rally.task.utils [-] Waiting for resource u'48d6e67c-bbe2-4022-a456-6ae82eca0262'. Status changed: NONE => QUEUED in 0.227781057358
2019-06-08 18:50:54.592 1387 RALLYDEBUG rally.task.utils [-] Waiting for resource u'c8c4549e-212c-43e3-9cbe-580520c82def'. Status changed: NONE => QUEUED in 0.300041913986
2019-06-08 18:50:54.754 1385 RALLYDEBUG rally.task.utils [-] Waiting for resource u'e651acf5-16ce-4656-86d3-fc263ce95a79'. Status changed: NONE => QUEUED in 0.32838511467
2019-06-08 18:50:55.058 1388 RALLYDEBUG rally.task.utils [-] Waiting for resource s_rally_7faaceb4_Njug3Hqx. Status changed: QUEUED => ACTIVE in 0.280604124069
2019-06-08 18:50:55.356 1388 INFO rally.task.runner [-] Task f36f5914-68df-44cc-927d-9675885bcf68 | ITER: 5 END: OK
2019-06-08 18:50:55.360 1388 INFO rally.task.runner [-] Task f36f5914-68df-44cc-927d-9675885bcf68 | ITER: 9 START
2019-06-08 18:50:55.572 1386 RALLYDEBUG rally.task.utils [-] Waiting for resource u'904ed386-ef35-46ed-af32-7001884152f0'. Status changed: NONE => QUEUED in 0.343736886978
2019-06-08 18:50:56.143 1387 RALLYDEBUG rally.task.utils [-] Waiting for resource s_rally_7faaceb4_sKSSoStz. Status changed: QUEUED => ACTIVE in 0.318285942078
2019-06-08 18:50:56.149 1385 RALLYDEBUG rally.task.utils [-] Waiting for resource s_rally_7faaceb4_yj3zLPhi. Status changed: QUEUED => ACTIVE in 0.308911085129
2019-06-08 18:50:56.422 1385 INFO rally.task.runner [-] Task f36f5914-68df-44cc-927d-9675885bcf68 | ITER: 7 END: OK
2019-06-08 18:50:56.425 1385 INFO rally.task.runner [-] Task f36f5914-68df-44cc-927d-9675885bcf68 | ITER: 10 START
2019-06-08 18:50:56.472 1387 INFO rally.task.runner [-] Task f36f5914-68df-44cc-927d-9675885bcf68 | ITER: 6 END: OK
2019-06-08 18:50:57.199 1386 RALLYDEBUG rally.task.utils [-] Waiting for resource s_rally_7faaceb4_i16eWlJp. Status changed: QUEUED => ACTIVE in 0.322351932526
2019-06-08 18:50:57.575 1386 INFO rally.task.runner [-] Task f36f5914-68df-44cc-927d-9675885bcf68 | ITER: 8 END: OK
2019-06-08 18:50:59.277 1388 RALLYDEBUG rally.task.utils [-] Waiting for resource u'a5975d71-3f2b-4f2c-b383-a639985a71e2'. Status changed: NONE => QUEUED in 0.426609992981
2019-06-08 18:51:00.499 1385 RALLYDEBUG rally.task.utils [-] Waiting for resource u'c9523506-77fb-479e-bd49-c7678438d83a'. Status changed: NONE => QUEUED in 0.589485883713
2019-06-08 18:51:01.068 1388 RALLYDEBUG rally.task.utils [-] Waiting for resource s_rally_7faaceb4_kEPECs1q. Status changed: QUEUED => ACTIVE in 0.312232017517
2019-06-08 18:51:01.132 1388 INFO rally.task.runner [-] Task f36f5914-68df-44cc-927d-9675885bcf68 | ITER: 9 END: OK
2019-06-08 18:51:01.844 1385 RALLYDEBUG rally.task.utils [-] Waiting for resource s_rally_7faaceb4_NXqH6XDF. Status changed: QUEUED => ACTIVE in 0.017459154129
2019-06-08 18:51:02.210 1385 INFO rally.task.runner [-] Task f36f5914-68df-44cc-927d-9675885bcf68 | ITER: 10 END: OK
2019-06-08 18:51:02.240 725 INFO rally.task.context [-] Task f36f5914-68df-44cc-927d-9675885bcf68 | Context cleanup@openstack cleanup() started
2019-06-08 18:51:02.242 725 RALLYDEBUG rally_openstack.cleanup.manager [-] Cleaning up glance images objects
2019-06-08 18:51:06.374 725 RALLYDEBUG rally_openstack.cleanup.manager [-] Deleting glance.images object s_rally_7faaceb4_Njug3Hqx (48d6e67c-bbe2-4022-a456-6ae82eca0262)
2019-06-08 18:51:06.376 725 RALLYDEBUG rally_openstack.cleanup.manager [-] Deleting glance.images object s_rally_7faaceb4_yj3zLPhi (e651acf5-16ce-4656-86d3-fc263ce95a79)
2019-06-08 18:51:06.382 725 RALLYDEBUG rally_openstack.cleanup.manager [-] Deleting glance.images object s_rally_7faaceb4_qtH2cwnQ (a2a50134-1bb8-4604-85ee-34b794272cc5)
2019-06-08 18:51:06.388 725 RALLYDEBUG rally_openstack.cleanup.manager [-] Deleting glance.images object s_rally_7faaceb4_NXqH6XDF (c9523506-77fb-479e-bd49-c7678438d83a)
2019-06-08 18:51:06.396 725 RALLYDEBUG rally_openstack.cleanup.manager [-] Deleting glance.images object s_rally_7faaceb4_sKSSoStz (c8c4549e-212c-43e3-9cbe-580520c82def)
2019-06-08 18:51:06.397 725 RALLYDEBUG rally_openstack.cleanup.manager [-] Deleting glance.images object s_rally_7faaceb4_gqvmLjKa (377d575a-0f37-4d20-8e43-54a1a6904c30)
2019-06-08 18:51:06.399 725 RALLYDEBUG rally_openstack.cleanup.manager [-] Deleting glance.images object s_rally_7faaceb4_kEPECs1q (a5975d71-3f2b-4f2c-b383-a639985a71e2)
2019-06-08 18:51:06.400 725 RALLYDEBUG rally_openstack.cleanup.manager [-] Deleting glance.images object s_rally_7faaceb4_i16eWlJp (904ed386-ef35-46ed-af32-7001884152f0)
2019-06-08 18:51:06.415 725 RALLYDEBUG rally_openstack.cleanup.manager [-] Deleting glance.images object s_rally_7faaceb4_vFwfHypI (8cc1b2c4-54cc-4998-8586-2684f28ffcef)
2019-06-08 18:51:06.419 725 RALLYDEBUG rally_openstack.cleanup.manager [-] Deleting glance.images object s_rally_7faaceb4_t5bFRzio (4d26a03c-3660-4b9c-833b-413e6760189e)
2019-06-08 18:51:08.079 725 DEBUG glanceclient.common.http [-] Request returned failure status 404. _handle_response /usr/lib/python2.7/site-packages/glanceclient/common/http.py:125
2019-06-08 18:51:08.390 725 DEBUG glanceclient.common.http [-] Request returned failure status 404. _handle_response /usr/lib/python2.7/site-packages/glanceclient/common/http.py:125
2019-06-08 18:51:08.906 725 DEBUG glanceclient.common.http [-] Request returned failure status 404. _handle_response /usr/lib/python2.7/site-packages/glanceclient/common/http.py:125
2019-06-08 18:51:08.926 725 DEBUG glanceclient.common.http [-] Request returned failure status 404. _handle_response /usr/lib/python2.7/site-packages/glanceclient/common/http.py:125
2019-06-08 18:51:08.942 725 DEBUG glanceclient.common.http [-] Request returned failure status 404. _handle_response /usr/lib/python2.7/site-packages/glanceclient/common/http.py:125
2019-06-08 18:51:08.944 725 DEBUG glanceclient.common.http [-] Request returned failure status 404. _handle_response /usr/lib/python2.7/site-packages/glanceclient/common/http.py:125
2019-06-08 18:51:09.110 725 DEBUG glanceclient.common.http [-] Request returned failure status 404. _handle_response /usr/lib/python2.7/site-packages/glanceclient/common/http.py:125
2019-06-08 18:51:09.129 725 DEBUG glanceclient.common.http [-] Request returned failure status 404. _handle_response /usr/lib/python2.7/site-packages/glanceclient/common/http.py:125
2019-06-08 18:51:09.134 725 DEBUG glanceclient.common.http [-] Request returned failure status 404. _handle_response /usr/lib/python2.7/site-packages/glanceclient/common/http.py:125
2019-06-08 18:51:09.175 725 DEBUG glanceclient.common.http [-] Request returned failure status 404. _handle_response /usr/lib/python2.7/site-packages/glanceclient/common/http.py:125
2019-06-08 18:51:09.244 725 DEBUG glanceclient.common.http [-] Request returned failure status 404. _handle_response /usr/lib/python2.7/site-packages/glanceclient/common/http.py:125
2019-06-08 18:51:09.274 725 DEBUG glanceclient.common.http [-] Request returned failure status 404. _handle_response /usr/lib/python2.7/site-packages/glanceclient/common/http.py:125
2019-06-08 18:51:09.379 725 DEBUG glanceclient.common.http [-] Request returned failure status 404. _handle_response /usr/lib/python2.7/site-packages/glanceclient/common/http.py:125
2019-06-08 18:51:09.450 725 DEBUG glanceclient.common.http [-] Request returned failure status 404. _handle_response /usr/lib/python2.7/site-packages/glanceclient/common/http.py:125
2019-06-08 18:51:09.853 725 DEBUG glanceclient.common.http [-] Request returned failure status 404. _handle_response /usr/lib/python2.7/site-packages/glanceclient/common/http.py:125
2019-06-08 18:51:09.874 725 DEBUG glanceclient.common.http [-] Request returned failure status 404. _handle_response /usr/lib/python2.7/site-packages/glanceclient/common/http.py:125
2019-06-08 18:51:10.062 725 DEBUG glanceclient.common.http [-] Request returned failure status 404. _handle_response /usr/lib/python2.7/site-packages/glanceclient/common/http.py:125
2019-06-08 18:51:10.067 725 DEBUG glanceclient.common.http [-] Request returned failure status 404. _handle_response /usr/lib/python2.7/site-packages/glanceclient/common/http.py:125
2019-06-08 18:51:10.082 725 DEBUG glanceclient.common.http [-] Request returned failure status 404. _handle_response /usr/lib/python2.7/site-packages/glanceclient/common/http.py:125
2019-06-08 18:51:10.281 725 DEBUG glanceclient.common.http [-] Request returned failure status 404. _handle_response /usr/lib/python2.7/site-packages/glanceclient/common/http.py:125
2019-06-08 18:51:11.284 725 INFO rally.task.context [-] Task f36f5914-68df-44cc-927d-9675885bcf68 | Context cleanup@openstack cleanup() finished in 9.04 sec
2019-06-08 18:51:11.285 725 INFO rally.task.context [-] Task f36f5914-68df-44cc-927d-9675885bcf68 | Context users@openstack cleanup() started
2019-06-08 18:51:19.657 725 INFO rally.task.context [-] Task f36f5914-68df-44cc-927d-9675885bcf68 | Context users@openstack cleanup() finished in 8.37 sec
2019-06-08 18:51:20.257 725 INFO rally.task.engine [-] Load duration is: 16.47733
2019-06-08 18:51:20.258 725 INFO rally.task.engine [-] Full runner duration is: 17.395867
2019-06-08 18:51:20.258 725 INFO rally.task.engine [-] Full duration is: 39.570612
2019-06-08 18:51:20.453 725 INFO rally.task.engine [-] Running workload: position = 0 config = { "version": 2, "title": "A cropped version of a bigger task.", "description": "Auto-generated task from a single workload (uuid=3c42fbed-9bd2-45a9-8085-cf132483d5f1)", "subtasks": [ { "title": "GlanceImages.create_and_download_image", "description": "Create an image, then download data of the image.", "scenario": { "GlanceImages.create_and_download_image": { "container_format": "bare", "disk_format": "qcow2", "image_location": "/home/opnfv/functest/images/cirros-0.4.0-x86_64-disk.img" } }, "contexts": { "users": { "tenants": 3, "users_per_tenant": 2 } }, "runner": { "constant": { "concurrency": 4, "times": 10 } }, "hooks": [], "sla": { "failure_rate": { "max": 0 } } } ] }
2019-06-08 18:51:20.475 725 RALLYDEBUG rally_openstack.contexts.keystone.users [-] Creating 3 tenants using 20 threads
2019-06-08 18:51:22.487 725 RALLYDEBUG rally_openstack.contexts.keystone.users [-] Creating 6 users using 20 threads
2019-06-08 18:51:25.310 725 INFO rally.task.context [-] Task f36f5914-68df-44cc-927d-9675885bcf68 | Context users@openstack setup() finished in 4.83 sec
2019-06-08 18:51:25.310 725 INFO rally.task.context [-] Task f36f5914-68df-44cc-927d-9675885bcf68 | Context cleanup@openstack setup() finished in 0.00 msec
2019-06-08 18:51:25.318 725 RALLYDEBUG rally.task.runner [-] Starting the constant runner (task UUID: f36f5914-68df-44cc-927d-9675885bcf68). timeout: 0 concurrency: 4 concurrency_per_worker: 1 times: 10 concurrency_overhead: 0 processes_to_start: 4 max_cpu_used: 16
2019-06-08 18:51:25.330 1509 RALLYDEBUG rally.task.runner [-] Starting a worker. concurrency: 1 args: {"container_format": "bare", "disk_format": "qcow2", "image_location": "/home/opnfv/functest/images/cirros-0.4.0-x86_64-disk.img"} times: 10 method_name: run timeout: 0 duration: None cls:
2019-06-08 18:51:25.333 1510 RALLYDEBUG rally.task.runner [-] Starting a worker. concurrency: 1 args: {"container_format": "bare", "disk_format": "qcow2", "image_location": "/home/opnfv/functest/images/cirros-0.4.0-x86_64-disk.img"} times: 10 method_name: run timeout: 0 duration: None cls:
2019-06-08 18:51:25.336 1509 INFO rally.task.runner [-] Task f36f5914-68df-44cc-927d-9675885bcf68 | ITER: 1 START
2019-06-08 18:51:25.336 1511 RALLYDEBUG rally.task.runner [-] Starting a worker. concurrency: 1 args: {"container_format": "bare", "disk_format": "qcow2", "image_location": "/home/opnfv/functest/images/cirros-0.4.0-x86_64-disk.img"} times: 10 method_name: run timeout: 0 duration: None cls:
2019-06-08 18:51:25.339 1512 RALLYDEBUG rally.task.runner [-] Starting a worker. concurrency: 1 args: {"container_format": "bare", "disk_format": "qcow2", "image_location": "/home/opnfv/functest/images/cirros-0.4.0-x86_64-disk.img"} times: 10 method_name: run timeout: 0 duration: None cls:
2019-06-08 18:51:25.340 1510 INFO rally.task.runner [-] Task f36f5914-68df-44cc-927d-9675885bcf68 | ITER: 2 START
2019-06-08 18:51:25.342 1511 INFO rally.task.runner [-] Task f36f5914-68df-44cc-927d-9675885bcf68 | ITER: 3 START
2019-06-08 18:51:25.345 1512 INFO rally.task.runner [-] Task f36f5914-68df-44cc-927d-9675885bcf68 | ITER: 4 START
2019-06-08 18:51:29.136 1512 RALLYDEBUG rally.task.utils [-] Waiting for resource u'7d5a8715-9a0c-49d4-ba3b-b8d4a8eb7c54'. Status changed: NONE => QUEUED in 0.217468976974
2019-06-08 18:51:29.198 1509 RALLYDEBUG rally.task.utils [-] Waiting for resource u'66421741-8cd8-4222-af5a-887cf884b716'. Status changed: NONE => QUEUED in 0.220308065414
2019-06-08 18:51:29.218 1510 RALLYDEBUG rally.task.utils [-] Waiting for resource u'7f643d6c-ebf3-4b56-8ef2-d0c6c2121409'. Status changed: NONE => QUEUED in 0.317207098007
2019-06-08 18:51:29.476 1511 RALLYDEBUG rally.task.utils [-] Waiting for resource u'5d067905-79d6-4f2f-a85a-9ed1fae93682'. Status changed: NONE => QUEUED in 0.604866027832
2019-06-08 18:51:29.824 1512 RALLYDEBUG rally.task.utils [-] Waiting for resource s_rally_3c42fbed_cPp2G2K4. Status changed: QUEUED => ACTIVE in 0.248141050339
2019-06-08 18:51:30.590 1512 INFO rally.task.runner [-] Task f36f5914-68df-44cc-927d-9675885bcf68 | ITER: 4 END: OK
2019-06-08 18:51:30.595 1512 INFO rally.task.runner [-] Task f36f5914-68df-44cc-927d-9675885bcf68 | ITER: 5 START
2019-06-08 18:51:30.666 1511 RALLYDEBUG rally.task.utils [-] Waiting for resource s_rally_3c42fbed_dXnRmCiY. Status changed: QUEUED => ACTIVE in 0.0187361240387
2019-06-08 18:51:30.715 1509 RALLYDEBUG rally.task.utils [-] Waiting for resource s_rally_3c42fbed_eYM4BdKB. Status changed: QUEUED => ACTIVE in 0.0174331665039
2019-06-08 18:51:30.916 1510 RALLYDEBUG rally.task.utils [-] Waiting for resource s_rally_3c42fbed_TuaYKKoR. Status changed: QUEUED => ACTIVE in 0.293434858322
2019-06-08 18:51:31.066 1509 INFO rally.task.runner [-] Task f36f5914-68df-44cc-927d-9675885bcf68 | ITER: 1 END: OK
2019-06-08 18:51:31.070 1509 INFO rally.task.runner [-] Task f36f5914-68df-44cc-927d-9675885bcf68 | ITER: 6 START
2019-06-08 18:51:31.121 1511 INFO rally.task.runner [-] Task f36f5914-68df-44cc-927d-9675885bcf68 | ITER: 3 END: OK
2019-06-08 18:51:31.125 1511 INFO rally.task.runner [-] Task f36f5914-68df-44cc-927d-9675885bcf68 | ITER: 7 START
2019-06-08 18:51:31.358 1510 INFO rally.task.runner [-] Task f36f5914-68df-44cc-927d-9675885bcf68 | ITER: 2 END: OK
2019-06-08 18:51:31.362 1510 INFO rally.task.runner [-] Task f36f5914-68df-44cc-927d-9675885bcf68 | ITER: 8 START
2019-06-08 18:51:34.442 1512 RALLYDEBUG rally.task.utils [-] Waiting for resource u'd713b32b-549e-485b-a7d3-fe1eb8d80383'. Status changed: NONE => QUEUED in 0.313611030579
2019-06-08 18:51:34.803 1511 RALLYDEBUG rally.task.utils [-] Waiting for resource u'ce3949a8-22ce-4929-bab8-ae7e3f57edc5'. Status changed: NONE => QUEUED in 0.491701841354
2019-06-08 18:51:34.892 1510 RALLYDEBUG rally.task.utils [-] Waiting for resource u'8181d178-257b-472f-8475-90679f55ad92'. Status changed: NONE => QUEUED in 0.338396072388
2019-06-08 18:51:34.933 1509 RALLYDEBUG rally.task.utils [-] Waiting for resource u'644fe787-8ded-4bf5-8f21-d7b14167c05f'. Status changed: NONE => QUEUED in 0.526077032089
2019-06-08 18:51:35.692 1512 RALLYDEBUG rally.task.utils [-] Waiting for resource s_rally_3c42fbed_gmLBuwWU. Status changed: QUEUED => ACTIVE in 0.308399200439
2019-06-08 18:51:36.345 1509 RALLYDEBUG rally.task.utils [-] Waiting for resource s_rally_3c42fbed_SKZzmnvp. Status changed: QUEUED => ACTIVE in 0.225602865219
2019-06-08 18:51:36.391 1510 RALLYDEBUG rally.task.utils [-] Waiting for resource s_rally_3c42fbed_RGzy1UWS. Status changed: QUEUED => ACTIVE in 0.210409164429
2019-06-08 18:51:36.415 1512 INFO rally.task.runner [-] Task f36f5914-68df-44cc-927d-9675885bcf68 | ITER: 5 END: OK
2019-06-08 18:51:36.419 1512 INFO rally.task.runner [-] Task f36f5914-68df-44cc-927d-9675885bcf68 | ITER: 9 START
2019-06-08 18:51:36.438 1511 RALLYDEBUG rally.task.utils [-] Waiting for resource s_rally_3c42fbed_rmq48rzH. Status changed: QUEUED => ACTIVE in 0.306744813919
2019-06-08 18:51:36.744 1510 INFO rally.task.runner [-] Task f36f5914-68df-44cc-927d-9675885bcf68 | ITER: 8 END: OK
2019-06-08 18:51:36.747 1510 INFO rally.task.runner [-] Task f36f5914-68df-44cc-927d-9675885bcf68 | ITER: 10 START
2019-06-08 18:51:36.774 1509 INFO rally.task.runner [-] Task f36f5914-68df-44cc-927d-9675885bcf68 | ITER: 6 END: OK
2019-06-08 18:51:36.774 1511 INFO rally.task.runner [-] Task f36f5914-68df-44cc-927d-9675885bcf68 | ITER: 7 END: OK
2019-06-08 18:51:40.201 1512 RALLYDEBUG rally.task.utils [-] Waiting for resource u'f3f84657-f178-4943-850e-186ae738431d'. Status changed: NONE => QUEUED in 0.315757989883
2019-06-08 18:51:40.564 1510 RALLYDEBUG rally.task.utils [-] Waiting for resource u'dd8eee9f-a75e-4ecc-bc33-bfa0031ac84d'. Status changed: NONE => QUEUED in 0.40528512001
2019-06-08 18:51:41.274 1512 RALLYDEBUG rally.task.utils [-] Waiting for resource s_rally_3c42fbed_FzjL2yc2. Status changed: QUEUED => ACTIVE in 0.214570999146
2019-06-08 18:51:41.620 1512 INFO rally.task.runner [-] Task f36f5914-68df-44cc-927d-9675885bcf68 | ITER: 9 END: OK
2019-06-08 18:51:42.411 1510 RALLYDEBUG rally.task.utils [-] Waiting for resource s_rally_3c42fbed_jblLaKor. Status changed: QUEUED => ACTIVE in 0.213999986649
2019-06-08 18:51:42.760 1510 INFO rally.task.runner [-] Task f36f5914-68df-44cc-927d-9675885bcf68 | ITER: 10 END: OK
2019-06-08 18:51:42.785 725 INFO rally.task.context [-] Task f36f5914-68df-44cc-927d-9675885bcf68 | Context cleanup@openstack cleanup() started
2019-06-08 18:51:42.788 725 RALLYDEBUG rally_openstack.cleanup.manager [-] Cleaning up glance images objects
2019-06-08 18:51:46.744 725 RALLYDEBUG rally_openstack.cleanup.manager [-] Deleting glance.images object s_rally_3c42fbed_cPp2G2K4 (7d5a8715-9a0c-49d4-ba3b-b8d4a8eb7c54)
2019-06-08 18:51:46.756 725 RALLYDEBUG rally_openstack.cleanup.manager [-] Deleting glance.images object s_rally_3c42fbed_FzjL2yc2 (f3f84657-f178-4943-850e-186ae738431d)
2019-06-08 18:51:46.756 725 RALLYDEBUG rally_openstack.cleanup.manager [-] Deleting glance.images object s_rally_3c42fbed_SKZzmnvp (644fe787-8ded-4bf5-8f21-d7b14167c05f)
2019-06-08 18:51:46.758 725 RALLYDEBUG rally_openstack.cleanup.manager [-] Deleting glance.images object s_rally_3c42fbed_TuaYKKoR (7f643d6c-ebf3-4b56-8ef2-d0c6c2121409)
2019-06-08 18:51:46.759 725 RALLYDEBUG rally_openstack.cleanup.manager [-] Deleting glance.images object s_rally_3c42fbed_RGzy1UWS (8181d178-257b-472f-8475-90679f55ad92)
2019-06-08 18:51:46.760 725 RALLYDEBUG rally_openstack.cleanup.manager [-] Deleting glance.images object s_rally_3c42fbed_jblLaKor (dd8eee9f-a75e-4ecc-bc33-bfa0031ac84d)
2019-06-08 18:51:46.761 725 RALLYDEBUG rally_openstack.cleanup.manager [-] Deleting glance.images object s_rally_3c42fbed_gmLBuwWU (d713b32b-549e-485b-a7d3-fe1eb8d80383)
2019-06-08 18:51:46.772 725 RALLYDEBUG rally_openstack.cleanup.manager [-] Deleting glance.images object s_rally_3c42fbed_rmq48rzH (ce3949a8-22ce-4929-bab8-ae7e3f57edc5)
2019-06-08 18:51:46.776 725 RALLYDEBUG rally_openstack.cleanup.manager [-] Deleting glance.images object s_rally_3c42fbed_eYM4BdKB (66421741-8cd8-4222-af5a-887cf884b716)
2019-06-08 18:51:46.789 725 RALLYDEBUG rally_openstack.cleanup.manager [-] Deleting glance.images object s_rally_3c42fbed_dXnRmCiY (5d067905-79d6-4f2f-a85a-9ed1fae93682)
2019-06-08 18:51:49.021 725 DEBUG glanceclient.common.http [-] Request returned failure status 404. _handle_response /usr/lib/python2.7/site-packages/glanceclient/common/http.py:125
2019-06-08 18:51:49.039 725 DEBUG glanceclient.common.http [-] Request returned failure status 404. _handle_response /usr/lib/python2.7/site-packages/glanceclient/common/http.py:125
2019-06-08 18:51:49.056 725 DEBUG glanceclient.common.http [-] Request returned failure status 404. _handle_response /usr/lib/python2.7/site-packages/glanceclient/common/http.py:125
2019-06-08 18:51:49.246 725 DEBUG glanceclient.common.http [-] Request returned failure status 404. _handle_response /usr/lib/python2.7/site-packages/glanceclient/common/http.py:125
2019-06-08 18:51:49.268 725 DEBUG glanceclient.common.http [-] Request returned failure status 404. _handle_response /usr/lib/python2.7/site-packages/glanceclient/common/http.py:125
2019-06-08 18:51:49.286 725 DEBUG glanceclient.common.http [-] Request returned failure status 404. _handle_response /usr/lib/python2.7/site-packages/glanceclient/common/http.py:125
2019-06-08 18:51:49.313 725 DEBUG glanceclient.common.http [-] Request returned failure status 404. _handle_response /usr/lib/python2.7/site-packages/glanceclient/common/http.py:125
2019-06-08 18:51:49.366 725 DEBUG glanceclient.common.http [-] Request returned failure status 404. _handle_response /usr/lib/python2.7/site-packages/glanceclient/common/http.py:125
2019-06-08 18:51:49.478 725 DEBUG glanceclient.common.http [-] Request returned failure status 404. _handle_response /usr/lib/python2.7/site-packages/glanceclient/common/http.py:125
2019-06-08 18:51:49.494 725 DEBUG glanceclient.common.http [-] Request returned failure status 404. _handle_response /usr/lib/python2.7/site-packages/glanceclient/common/http.py:125
2019-06-08 18:51:49.670 725 DEBUG glanceclient.common.http [-] Request returned failure status 404. _handle_response /usr/lib/python2.7/site-packages/glanceclient/common/http.py:125
2019-06-08 18:51:49.687 725 DEBUG glanceclient.common.http [-] Request returned failure status 404. _handle_response /usr/lib/python2.7/site-packages/glanceclient/common/http.py:125
2019-06-08 18:51:49.993 725 DEBUG glanceclient.common.http [-] Request returned failure status 404. _handle_response /usr/lib/python2.7/site-packages/glanceclient/common/http.py:125
2019-06-08 18:51:50.006 725 DEBUG glanceclient.common.http [-] Request returned failure status 404. _handle_response /usr/lib/python2.7/site-packages/glanceclient/common/http.py:125
2019-06-08 18:51:50.171 725 DEBUG glanceclient.common.http [-] Request returned failure status 404. _handle_response /usr/lib/python2.7/site-packages/glanceclient/common/http.py:125
2019-06-08 18:51:50.207 725 DEBUG glanceclient.common.http [-] Request returned failure status 404. _handle_response /usr/lib/python2.7/site-packages/glanceclient/common/http.py:125
2019-06-08 18:51:50.236 725 DEBUG glanceclient.common.http [-] Request returned failure status 404. _handle_response /usr/lib/python2.7/site-packages/glanceclient/common/http.py:125
2019-06-08 18:51:50.311 725 DEBUG glanceclient.common.http [-] Request returned failure status 404. _handle_response /usr/lib/python2.7/site-packages/glanceclient/common/http.py:125
2019-06-08 18:51:50.379 725 DEBUG glanceclient.common.http [-] Request returned failure status 404. _handle_response /usr/lib/python2.7/site-packages/glanceclient/common/http.py:125
2019-06-08 18:51:50.440 725 DEBUG glanceclient.common.http [-] Request returned failure status 404. _handle_response /usr/lib/python2.7/site-packages/glanceclient/common/http.py:125
2019-06-08 18:51:51.443 725 INFO rally.task.context [-] Task f36f5914-68df-44cc-927d-9675885bcf68 | Context cleanup@openstack cleanup() finished in 8.66 sec
2019-06-08 18:51:51.444 725 INFO rally.task.context [-] Task f36f5914-68df-44cc-927d-9675885bcf68 | Context users@openstack cleanup() started
2019-06-08 18:51:59.749 725 INFO rally.task.context [-] Task f36f5914-68df-44cc-927d-9675885bcf68 | Context users@openstack cleanup() finished in 8.31 sec
2019-06-08 18:52:00.695 725 INFO rally.task.engine [-] Load duration is: 16.545664
2019-06-08 18:52:00.696 725 INFO rally.task.engine [-] Full runner duration is: 17.46808
2019-06-08 18:52:00.696 725 INFO rally.task.engine [-] Full duration is: 39.27652
2019-06-08 18:52:00.897 725 INFO rally.task.engine [-] Running workload: position = 0 config = { "version": 2, "title": "A cropped version of a bigger task.", "description": "Auto-generated task from a single workload (uuid=bff449e6-4c30-4ae3-baed-098fdfcf5b42)", "subtasks": [ { "title": "GlanceImages.create_and_get_image", "description": "Create and get detailed information of an image.", "scenario": { "GlanceImages.create_and_get_image": { "container_format": "bare", "disk_format": "qcow2", "image_location": "/home/opnfv/functest/images/cirros-0.4.0-x86_64-disk.img" } }, "contexts": { "users": { "tenants": 3, "users_per_tenant": 2 } }, "runner": { "constant": { "concurrency": 4, "times": 10 } }, "hooks": [], "sla": { "failure_rate": { "max": 0 } } } ] }
2019-06-08 18:52:00.917 725 RALLYDEBUG rally_openstack.contexts.keystone.users [-] Creating 3 tenants using 20 threads
2019-06-08 18:52:02.918 725 RALLYDEBUG rally_openstack.contexts.keystone.users [-] Creating 6 users using 20 threads
2019-06-08 18:52:05.668 725 INFO rally.task.context [-] Task f36f5914-68df-44cc-927d-9675885bcf68 | Context users@openstack setup() finished in 4.75 sec
2019-06-08 18:52:05.669 725 INFO rally.task.context [-] Task f36f5914-68df-44cc-927d-9675885bcf68 | Context cleanup@openstack setup() finished in 0.01 msec
2019-06-08 18:52:05.676 725 RALLYDEBUG rally.task.runner [-] Starting the constant runner (task UUID: f36f5914-68df-44cc-927d-9675885bcf68). timeout: 0 concurrency: 4 concurrency_per_worker: 1 times: 10 concurrency_overhead: 0 processes_to_start: 4 max_cpu_used: 16
2019-06-08 18:52:05.689 1634 RALLYDEBUG rally.task.runner [-] Starting a worker. concurrency: 1 args: {"container_format": "bare", "disk_format": "qcow2", "image_location": "/home/opnfv/functest/images/cirros-0.4.0-x86_64-disk.img"} times: 10 method_name: run timeout: 0 duration: None cls:
2019-06-08 18:52:05.689 1633 RALLYDEBUG rally.task.runner [-] Starting a worker. concurrency: 1 args: {"container_format": "bare", "disk_format": "qcow2", "image_location": "/home/opnfv/functest/images/cirros-0.4.0-x86_64-disk.img"} times: 10 method_name: run timeout: 0 duration: None cls:
2019-06-08 18:52:05.693 1635 RALLYDEBUG rally.task.runner [-] Starting a worker. concurrency: 1 args: {"container_format": "bare", "disk_format": "qcow2", "image_location": "/home/opnfv/functest/images/cirros-0.4.0-x86_64-disk.img"} times: 10 method_name: run timeout: 0 duration: None cls:
2019-06-08 18:52:05.695 1634 INFO rally.task.runner [-] Task f36f5914-68df-44cc-927d-9675885bcf68 | ITER: 1 START
2019-06-08 18:52:05.695 1633 INFO rally.task.runner [-] Task f36f5914-68df-44cc-927d-9675885bcf68 | ITER: 2 START
2019-06-08 18:52:05.696 1636 RALLYDEBUG rally.task.runner [-] Starting a worker. concurrency: 1 args: {"container_format": "bare", "disk_format": "qcow2", "image_location": "/home/opnfv/functest/images/cirros-0.4.0-x86_64-disk.img"} times: 10 method_name: run timeout: 0 duration: None cls:
2019-06-08 18:52:05.701 1635 INFO rally.task.runner [-] Task f36f5914-68df-44cc-927d-9675885bcf68 | ITER: 3 START
2019-06-08 18:52:05.702 1636 INFO rally.task.runner [-] Task f36f5914-68df-44cc-927d-9675885bcf68 | ITER: 4 START
2019-06-08 18:52:09.241 1636 RALLYDEBUG rally.task.utils [-] Waiting for resource u'13e5a4e2-eacd-44e9-be4f-e62428865f34'. Status changed: NONE => QUEUED in 0.295453071594
2019-06-08 18:52:09.267 1635 RALLYDEBUG rally.task.utils [-] Waiting for resource u'581bda8d-0025-44c5-8208-76c55c0feded'. Status changed: NONE => QUEUED in 0.310485124588
2019-06-08 18:52:09.468 1633 RALLYDEBUG rally.task.utils [-] Waiting for resource u'4c4aca6a-a167-4027-8b45-cac8306dcfd9'. Status changed: NONE => QUEUED in 0.212227106094
2019-06-08 18:52:09.680 1634 RALLYDEBUG rally.task.utils [-] Waiting for resource u'07cd46ef-c06f-47d4-ae25-39daa507b810'. Status changed: NONE => QUEUED in 0.408190011978
2019-06-08 18:52:10.824 1634 RALLYDEBUG rally.task.utils [-] Waiting for resource s_rally_bff449e6_Dc0OpfOq. Status changed: QUEUED => ACTIVE in 0.021712064743
2019-06-08 18:52:10.868 1633 RALLYDEBUG rally.task.utils [-] Waiting for resource s_rally_bff449e6_58dqoVGp. Status changed: QUEUED => ACTIVE in 0.0220129489899
2019-06-08 18:52:11.103 1633 INFO rally.task.runner [-] Task f36f5914-68df-44cc-927d-9675885bcf68 | ITER: 2 END: OK
2019-06-08 18:52:11.107 1633 INFO rally.task.runner [-] Task f36f5914-68df-44cc-927d-9675885bcf68 | ITER: 5 START
2019-06-08 18:52:11.152 1634 INFO rally.task.runner [-] Task f36f5914-68df-44cc-927d-9675885bcf68 | ITER: 1 END: OK
2019-06-08 18:52:11.156 1634 INFO rally.task.runner [-] Task f36f5914-68df-44cc-927d-9675885bcf68 | ITER: 6 START
2019-06-08 18:52:11.163 1636 RALLYDEBUG rally.task.utils [-] Waiting for resource s_rally_bff449e6_DrHYZoJQ. Status changed: QUEUED => ACTIVE in 0.33488702774
2019-06-08 18:52:11.226 1635 RALLYDEBUG rally.task.utils [-] Waiting for resource s_rally_bff449e6_2lvscsSK. Status changed: QUEUED => ACTIVE in 0.369410991669
2019-06-08 18:52:11.243 1635 INFO rally.task.runner [-] Task f36f5914-68df-44cc-927d-9675885bcf68 | ITER: 3 END: OK
2019-06-08 18:52:11.247 1635 INFO rally.task.runner [-] Task f36f5914-68df-44cc-927d-9675885bcf68 | ITER: 7 START
2019-06-08 18:52:11.461 1636 INFO rally.task.runner [-] Task f36f5914-68df-44cc-927d-9675885bcf68 | ITER: 4 END: OK
2019-06-08 18:52:11.466 1636 INFO rally.task.runner [-] Task f36f5914-68df-44cc-927d-9675885bcf68 | ITER: 8 START
2019-06-08 18:52:14.965 1634 RALLYDEBUG rally.task.utils [-] Waiting for resource u'6ca900b4-7984-4039-8d36-4a6d6fb364e1'. Status changed: NONE => QUEUED in 0.30424284935
2019-06-08 18:52:15.199 1633 RALLYDEBUG rally.task.utils [-] Waiting for resource u'0ef802bd-e0f5-4140-91a8-5d657ceaab91'. Status changed: NONE => QUEUED in 0.494698047638
2019-06-08 18:52:15.534 1635 RALLYDEBUG rally.task.utils [-] Waiting for resource u'c4d6a17c-5cd2-4f10-853c-17a7977a8bfa'. Status changed: NONE => QUEUED in 0.512809991837
2019-06-08 18:52:15.663 1636 RALLYDEBUG rally.task.utils [-] Waiting for resource u'3d9e96b5-07f6-47de-b81b-97f6c8cc02ec'. Status changed: NONE => QUEUED in 0.670695066452
2019-06-08 18:52:16.091 1634 RALLYDEBUG rally.task.utils [-] Waiting for resource s_rally_bff449e6_HiP6mJlv. Status changed: QUEUED => ACTIVE in 0.30446100235
2019-06-08 18:52:16.110 1634 INFO rally.task.runner [-] Task f36f5914-68df-44cc-927d-9675885bcf68 | ITER: 6 END: OK
2019-06-08 18:52:16.113 1634 INFO rally.task.runner [-] Task f36f5914-68df-44cc-927d-9675885bcf68 | ITER: 9 START
2019-06-08 18:52:16.952 1636 RALLYDEBUG rally.task.utils [-] Waiting for resource s_rally_bff449e6_aJpSRwRa. Status changed: QUEUED => ACTIVE in 0.018002986908
2019-06-08 18:52:16.970 1633 RALLYDEBUG rally.task.utils [-] Waiting for resource s_rally_bff449e6_plXuuquv. Status changed: QUEUED => ACTIVE in 0.0230669975281
2019-06-08 18:52:16.989 1633 INFO rally.task.runner [-] Task f36f5914-68df-44cc-927d-9675885bcf68 | ITER: 5 END: OK
2019-06-08 18:52:16.993 1633 INFO rally.task.runner [-] Task f36f5914-68df-44cc-927d-9675885bcf68 | ITER: 10 START
2019-06-08 18:52:16.998 1635 RALLYDEBUG rally.task.utils [-] Waiting for resource s_rally_bff449e6_65w8uzHt. Status changed: QUEUED => ACTIVE in 0.0182979106903
2019-06-08 18:52:17.022 1635 INFO rally.task.runner [-] Task f36f5914-68df-44cc-927d-9675885bcf68 | ITER: 7 END: OK
2019-06-08 18:52:17.265 1636 INFO rally.task.runner [-] Task f36f5914-68df-44cc-927d-9675885bcf68 | ITER: 8 END: OK
2019-06-08 18:52:19.522 1634 RALLYDEBUG rally.task.utils [-] Waiting for resource u'ad199d78-9691-4932-acec-f02a97affb76'. Status changed: NONE => QUEUED in 0.23050904274
2019-06-08 18:52:20.819 1634 RALLYDEBUG rally.task.utils [-] Waiting for resource s_rally_bff449e6_XE3T0ACI. Status changed: QUEUED => ACTIVE in 0.0178291797638
2019-06-08 18:52:21.005 1633 RALLYDEBUG rally.task.utils [-] Waiting for resource u'9cef4ecf-f26f-43f4-88a7-56f58fe85bd6'. Status changed: NONE => QUEUED in 0.577394962311
2019-06-08 18:52:21.123 1634 INFO rally.task.runner [-] Task f36f5914-68df-44cc-927d-9675885bcf68 | ITER: 9 END: OK
2019-06-08 18:52:22.197 1633 RALLYDEBUG rally.task.utils [-] Waiting for resource s_rally_bff449e6_h6JXUrFC. Status changed: QUEUED => ACTIVE in 0.314691066742
2019-06-08 18:52:22.412 1633 INFO rally.task.runner [-] Task f36f5914-68df-44cc-927d-9675885bcf68 | ITER: 10 END: OK
2019-06-08 18:52:22.441 725 INFO rally.task.context [-] Task f36f5914-68df-44cc-927d-9675885bcf68 | Context cleanup@openstack cleanup() started
2019-06-08 18:52:22.443 725 RALLYDEBUG rally_openstack.cleanup.manager [-] Cleaning up glance images objects
2019-06-08 18:52:26.527 725 RALLYDEBUG rally_openstack.cleanup.manager [-] Deleting glance.images object s_rally_bff449e6_XE3T0ACI (ad199d78-9691-4932-acec-f02a97affb76)
2019-06-08 18:52:26.530 725 RALLYDEBUG rally_openstack.cleanup.manager [-] Deleting glance.images object s_rally_bff449e6_h6JXUrFC (9cef4ecf-f26f-43f4-88a7-56f58fe85bd6)
2019-06-08 18:52:26.534 725 RALLYDEBUG rally_openstack.cleanup.manager [-] Deleting glance.images object s_rally_bff449e6_2lvscsSK (581bda8d-0025-44c5-8208-76c55c0feded)
2019-06-08 18:52:26.534 725 RALLYDEBUG rally_openstack.cleanup.manager [-] Deleting glance.images object s_rally_bff449e6_plXuuquv (0ef802bd-e0f5-4140-91a8-5d657ceaab91)
2019-06-08 18:52:26.544 725 RALLYDEBUG rally_openstack.cleanup.manager [-] Deleting glance.images object s_rally_bff449e6_DrHYZoJQ (13e5a4e2-eacd-44e9-be4f-e62428865f34)
2019-06-08 18:52:26.544 725 RALLYDEBUG rally_openstack.cleanup.manager [-] Deleting glance.images object s_rally_bff449e6_HiP6mJlv (6ca900b4-7984-4039-8d36-4a6d6fb364e1)
2019-06-08 18:52:26.545 725 RALLYDEBUG rally_openstack.cleanup.manager [-] Deleting glance.images object s_rally_bff449e6_Dc0OpfOq (07cd46ef-c06f-47d4-ae25-39daa507b810)
2019-06-08 18:52:26.550 725 RALLYDEBUG rally_openstack.cleanup.manager [-] Deleting glance.images object s_rally_bff449e6_58dqoVGp (4c4aca6a-a167-4027-8b45-cac8306dcfd9)
2019-06-08 18:52:26.556 725 RALLYDEBUG rally_openstack.cleanup.manager [-] Deleting glance.images object s_rally_bff449e6_aJpSRwRa (3d9e96b5-07f6-47de-b81b-97f6c8cc02ec)
2019-06-08 18:52:26.560 725 RALLYDEBUG rally_openstack.cleanup.manager [-] Deleting glance.images object s_rally_bff449e6_65w8uzHt (c4d6a17c-5cd2-4f10-853c-17a7977a8bfa)
2019-06-08 18:52:27.792 725 DEBUG glanceclient.common.http [-] Request returned failure status 404. _handle_response /usr/lib/python2.7/site-packages/glanceclient/common/http.py:125
2019-06-08 18:52:27.967 725 DEBUG glanceclient.common.http [-] Request returned failure status 404. _handle_response /usr/lib/python2.7/site-packages/glanceclient/common/http.py:125
2019-06-08 18:52:28.130 725 DEBUG glanceclient.common.http [-] Request returned failure status 404. _handle_response /usr/lib/python2.7/site-packages/glanceclient/common/http.py:125
2019-06-08 18:52:28.143 725 DEBUG glanceclient.common.http [-] Request returned failure status 404. _handle_response /usr/lib/python2.7/site-packages/glanceclient/common/http.py:125
2019-06-08 18:52:28.156 725 DEBUG glanceclient.common.http [-] Request returned failure status 404. _handle_response /usr/lib/python2.7/site-packages/glanceclient/common/http.py:125
2019-06-08 18:52:28.273 725 DEBUG glanceclient.common.http [-] Request returned failure status 404. _handle_response /usr/lib/python2.7/site-packages/glanceclient/common/http.py:125
2019-06-08 18:52:29.060 725 DEBUG glanceclient.common.http [-] Request returned failure status 404. _handle_response /usr/lib/python2.7/site-packages/glanceclient/common/http.py:125
2019-06-08 18:52:29.084 725 DEBUG glanceclient.common.http [-] Request returned failure status 404. _handle_response /usr/lib/python2.7/site-packages/glanceclient/common/http.py:125
2019-06-08 18:52:29.090 725 DEBUG glanceclient.common.http [-] Request returned failure status 404. _handle_response /usr/lib/python2.7/site-packages/glanceclient/common/http.py:125
