2019-06-08 09:28:23.736 24812 INFO rally.task.runner [-] Task 555dc4c9-72a5-4371-a1d5-f919c1c886f3 | ITER: 10 START
2019-06-08 09:28:23.737 24812 WARNING rally_openstack.scenarios.neutron.utils [-] Running this scenario without either the 'network' or 'existing_network' context is deprecated
2019-06-08 09:28:23.739 24800 INFO rally.task.runner [-] Task 555dc4c9-72a5-4371-a1d5-f919c1c886f3 | ITER: 7 START
2019-06-08 09:28:23.740 24800 WARNING rally_openstack.scenarios.neutron.utils [-] Running this scenario without either the 'network' or 'existing_network' context is deprecated
2019-06-08 09:28:23.736 24798 INFO rally.task.runner [-] Task 555dc4c9-72a5-4371-a1d5-f919c1c886f3 | ITER: 3 START
2019-06-08 09:28:23.740 24816 RALLYDEBUG rally.task.runner [-] Starting a worker. concurrency: 1 args: {"network_create_args": {}, "subnet_create_args": {}, "subnet_cidr_start": "1.1.0.0/30", "subnets_per_network": 2} times: 40 method_name: run timeout: 0 duration: None cls:
2019-06-08 09:28:23.741 24798 WARNING rally_openstack.scenarios.neutron.utils [-] Running this scenario without either the 'network' or 'existing_network' context is deprecated
2019-06-08 09:28:23.740 24817 RALLYDEBUG rally.task.runner [-] Starting a worker. concurrency: 1 args: {"network_create_args": {}, "subnet_create_args": {}, "subnet_cidr_start": "1.1.0.0/30", "subnets_per_network": 2} times: 40 method_name: run timeout: 0 duration: None cls:
2019-06-08 09:28:23.741 24799 INFO rally.task.runner [-] Task 555dc4c9-72a5-4371-a1d5-f919c1c886f3 | ITER: 5 START
2019-06-08 09:28:23.742 24799 WARNING rally_openstack.scenarios.neutron.utils [-] Running this scenario without either the 'network' or 'existing_network' context is deprecated
2019-06-08 09:28:23.742 24807 INFO rally.task.runner [-] Task 555dc4c9-72a5-4371-a1d5-f919c1c886f3 | ITER: 11 START
2019-06-08 09:28:23.743 24807 WARNING rally_openstack.scenarios.neutron.utils [-] Running this scenario without either the 'network' or 'existing_network' context is deprecated
2019-06-08 09:28:23.745 24801 INFO rally.task.runner [-] Task 555dc4c9-72a5-4371-a1d5-f919c1c886f3 | ITER: 8 START
2019-06-08 09:28:23.746 24823 RALLYDEBUG rally.task.runner [-] Starting a worker. concurrency: 1 args: {"network_create_args": {}, "subnet_create_args": {}, "subnet_cidr_start": "1.1.0.0/30", "subnets_per_network": 2} times: 40 method_name: run timeout: 0 duration: None cls:
2019-06-08 09:28:23.747 24816 INFO rally.task.runner [-] Task 555dc4c9-72a5-4371-a1d5-f919c1c886f3 | ITER: 12 START
2019-06-08 09:28:23.748 24817 INFO rally.task.runner [-] Task 555dc4c9-72a5-4371-a1d5-f919c1c886f3 | ITER: 13 START
2019-06-08 09:28:23.749 24816 WARNING rally_openstack.scenarios.neutron.utils [-] Running this scenario without either the 'network' or 'existing_network' context is deprecated
2019-06-08 09:28:23.748 24801 WARNING rally_openstack.scenarios.neutron.utils [-] Running this scenario without either the 'network' or 'existing_network' context is deprecated
2019-06-08 09:28:23.750 24817 WARNING rally_openstack.scenarios.neutron.utils [-] Running this scenario without either the 'network' or 'existing_network' context is deprecated
2019-06-08 09:28:23.752 24823 INFO rally.task.runner [-] Task 555dc4c9-72a5-4371-a1d5-f919c1c886f3 | ITER: 14 START
2019-06-08 09:28:23.753 24823 WARNING rally_openstack.scenarios.neutron.utils [-] Running this scenario without either the 'network' or 'existing_network' context is deprecated
2019-06-08 09:28:23.753 24825 RALLYDEBUG rally.task.runner [-] Starting a worker. concurrency: 1 args: {"network_create_args": {}, "subnet_create_args": {}, "subnet_cidr_start": "1.1.0.0/30", "subnets_per_network": 2} times: 40 method_name: run timeout: 0 duration: None cls:
2019-06-08 09:28:23.759 24825 INFO rally.task.runner [-] Task 555dc4c9-72a5-4371-a1d5-f919c1c886f3 | ITER: 15 START
2019-06-08 09:28:23.761 24825 WARNING rally_openstack.scenarios.neutron.utils [-] Running this scenario without either the 'network' or 'existing_network' context is deprecated
2019-06-08 09:28:23.761 24833 RALLYDEBUG rally.task.runner [-] Starting a worker. concurrency: 1 args: {"network_create_args": {}, "subnet_create_args": {}, "subnet_cidr_start": "1.1.0.0/30", "subnets_per_network": 2} times: 40 method_name: run timeout: 0 duration: None cls:
2019-06-08 09:28:23.767 24833 INFO rally.task.runner [-] Task 555dc4c9-72a5-4371-a1d5-f919c1c886f3 | ITER: 16 START
2019-06-08 09:28:23.768 24833 WARNING rally_openstack.scenarios.neutron.utils [-] Running this scenario without either the 'network' or 'existing_network' context is deprecated
2019-06-08 09:28:23.773 24836 RALLYDEBUG rally.task.runner [-] Starting a worker. concurrency: 1 args: {"network_create_args": {}, "subnet_create_args": {}, "subnet_cidr_start": "1.1.0.0/30", "subnets_per_network": 2} times: 40 method_name: run timeout: 0 duration: None cls:
2019-06-08 09:28:23.776 24839 RALLYDEBUG rally.task.runner [-] Starting a worker. concurrency: 1 args: {"network_create_args": {}, "subnet_create_args": {}, "subnet_cidr_start": "1.1.0.0/30", "subnets_per_network": 2} times: 40 method_name: run timeout: 0 duration: None cls:
2019-06-08 09:28:23.779 24836 INFO rally.task.runner [-] Task 555dc4c9-72a5-4371-a1d5-f919c1c886f3 | ITER: 17 START
2019-06-08 09:28:23.780 24836 WARNING rally_openstack.scenarios.neutron.utils [-] Running this scenario without either the 'network' or 'existing_network' context is deprecated
2019-06-08 09:28:23.781 24839 INFO rally.task.runner [-] Task 555dc4c9-72a5-4371-a1d5-f919c1c886f3 | ITER: 18 START
2019-06-08 09:28:23.783 24839 WARNING rally_openstack.scenarios.neutron.utils [-] Running this scenario without either the 'network' or 'existing_network' context is deprecated
2019-06-08 09:28:23.783 24840 RALLYDEBUG rally.task.runner [-] Starting a worker. concurrency: 1 args: {"network_create_args": {}, "subnet_create_args": {}, "subnet_cidr_start": "1.1.0.0/30", "subnets_per_network": 2} times: 40 method_name: run timeout: 0 duration: None cls:
2019-06-08 09:28:23.788 24840 INFO rally.task.runner [-] Task 555dc4c9-72a5-4371-a1d5-f919c1c886f3 | ITER: 19 START
2019-06-08 09:28:23.789 24840 WARNING rally_openstack.scenarios.neutron.utils [-] Running this scenario without either the 'network' or 'existing_network' context is deprecated
2019-06-08 09:28:23.789 24845 RALLYDEBUG rally.task.runner [-] Starting a worker. concurrency: 1 args: {"network_create_args": {}, "subnet_create_args": {}, "subnet_cidr_start": "1.1.0.0/30", "subnets_per_network": 2} times: 40 method_name: run timeout: 0 duration: None cls:
2019-06-08 09:28:23.795 24845 INFO rally.task.runner [-] Task 555dc4c9-72a5-4371-a1d5-f919c1c886f3 | ITER: 20 START
2019-06-08 09:28:23.796 24845 WARNING rally_openstack.scenarios.neutron.utils [-] Running this scenario without either the 'network' or 'existing_network' context is deprecated
2019-06-08 09:28:25.424 24800 RALLYDEBUG rally_openstack.wrappers.network [-] CIDR generated: 1.1.4.96/30
2019-06-08 09:28:25.483 24799 RALLYDEBUG rally_openstack.wrappers.network [-] CIDR generated: 1.1.4.100/30
2019-06-08 09:28:25.534 24798 RALLYDEBUG rally_openstack.wrappers.network [-] CIDR generated: 1.1.4.104/30
2019-06-08 09:28:25.630 24800 RALLYDEBUG rally_openstack.wrappers.network [-] CIDR generated: 1.1.4.108/30
2019-06-08 09:28:25.710 24817 RALLYDEBUG rally_openstack.wrappers.network [-] CIDR generated: 1.1.4.112/30
2019-06-08 09:28:25.743 24840 RALLYDEBUG rally_openstack.wrappers.network [-] CIDR generated: 1.1.4.116/30
2019-06-08 09:28:25.780 24816 RALLYDEBUG rally_openstack.wrappers.network [-] CIDR generated: 1.1.4.120/30
2019-06-08 09:28:25.852 24801 RALLYDEBUG rally_openstack.wrappers.network [-] CIDR generated: 1.1.4.124/30
2019-06-08 09:28:25.972 24807 RALLYDEBUG rally_openstack.wrappers.network [-] CIDR generated: 1.1.4.128/30
2019-06-08 09:28:25.992 24801 RALLYDEBUG rally_openstack.wrappers.network [-] CIDR generated: 1.1.4.132/30
2019-06-08 09:28:26.091 24798 RALLYDEBUG rally_openstack.wrappers.network [-] CIDR generated: 1.1.4.136/30
2019-06-08 09:28:26.093 24803 RALLYDEBUG rally_openstack.wrappers.network [-] CIDR generated: 1.1.4.140/30
2019-06-08 09:28:26.124 24836 RALLYDEBUG rally_openstack.wrappers.network [-] CIDR generated: 1.1.4.144/30
2019-06-08 09:28:26.142 24839 RALLYDEBUG rally_openstack.wrappers.network [-] CIDR generated: 1.1.4.148/30
2019-06-08 09:28:26.190 24823 RALLYDEBUG rally_openstack.wrappers.network [-] CIDR generated: 1.1.4.152/30
2019-06-08 09:28:26.301 24799 RALLYDEBUG rally_openstack.wrappers.network [-] CIDR generated: 1.1.4.156/30
2019-06-08 09:28:26.303 24825 RALLYDEBUG rally_openstack.wrappers.network [-] CIDR generated: 1.1.4.160/30
2019-06-08 09:28:26.332 24833 RALLYDEBUG rally_openstack.wrappers.network [-] CIDR generated: 1.1.4.164/30
2019-06-08 09:28:26.657 24800 RALLYDEBUG rally_openstack.wrappers.network [-] CIDR generated: 1.1.4.168/30
2019-06-08 09:28:26.704 24845 RALLYDEBUG rally_openstack.wrappers.network [-] CIDR generated: 1.1.4.172/30
2019-06-08 09:28:26.862 24816 RALLYDEBUG rally_openstack.wrappers.network [-] CIDR generated: 1.1.4.176/30
2019-06-08 09:28:26.894 24812 RALLYDEBUG rally_openstack.wrappers.network [-] CIDR generated: 1.1.4.180/30
2019-06-08 09:28:27.224 24799 RALLYDEBUG rally_openstack.wrappers.network [-] CIDR generated: 1.1.4.184/30
2019-06-08 09:28:27.546 24823 RALLYDEBUG rally_openstack.wrappers.network [-] CIDR generated: 1.1.4.188/30
2019-06-08 09:28:27.762 24800 RALLYDEBUG rally_openstack.wrappers.network [-] CIDR generated: 1.1.4.192/30
2019-06-08 09:28:29.580 24798 RALLYDEBUG rally_openstack.wrappers.network [-] CIDR generated: 1.1.4.196/30
2019-06-08 09:28:29.981 24839 RALLYDEBUG rally_openstack.wrappers.network [-] CIDR generated: 1.1.4.200/30
2019-06-08 09:28:29.987 24840 RALLYDEBUG rally_openstack.wrappers.network [-] CIDR generated: 1.1.4.204/30
2019-06-08 09:28:30.033 24825 RALLYDEBUG rally_openstack.wrappers.network [-] CIDR generated: 1.1.4.208/30
2019-06-08 09:28:30.132 24836 RALLYDEBUG rally_openstack.wrappers.network [-] CIDR generated: 1.1.4.212/30
2019-06-08 09:28:30.245 24817 RALLYDEBUG rally_openstack.wrappers.network [-] CIDR generated: 1.1.4.216/30
2019-06-08 09:28:30.675 24845 RALLYDEBUG rally_openstack.wrappers.network [-] CIDR generated: 1.1.4.220/30
2019-06-08 09:28:31.018 24801 RALLYDEBUG rally_openstack.wrappers.network [-] CIDR generated: 1.1.4.224/30
2019-06-08 09:28:32.549 24833 RALLYDEBUG rally_openstack.wrappers.network [-] CIDR generated: 1.1.4.228/30
2019-06-08 09:28:32.661 24799 RALLYDEBUG rally_openstack.wrappers.network [-] CIDR generated: 1.1.4.232/30
2019-06-08 09:28:32.826 24800 INFO rally.task.runner [-] Task 555dc4c9-72a5-4371-a1d5-f919c1c886f3 | ITER: 4 END: OK
2019-06-08 09:28:32.831 24800 INFO rally.task.runner [-] Task 555dc4c9-72a5-4371-a1d5-f919c1c886f3 | ITER: 21 START
2019-06-08 09:28:32.831 24800 WARNING rally_openstack.scenarios.neutron.utils [-] Running this scenario without either the 'network' or 'existing_network' context is deprecated
2019-06-08 09:28:33.511 24816 INFO rally.task.runner [-] Task 555dc4c9-72a5-4371-a1d5-f919c1c886f3 | ITER: 12 END: OK
2019-06-08 09:28:33.515 24816 INFO rally.task.runner [-] Task 555dc4c9-72a5-4371-a1d5-f919c1c886f3 | ITER: 22 START
2019-06-08 09:28:33.515 24816 WARNING rally_openstack.scenarios.neutron.utils [-] Running this scenario without either the 'network' or 'existing_network' context is deprecated
2019-06-08 09:28:33.732 24799 INFO rally.task.runner [-] Task 555dc4c9-72a5-4371-a1d5-f919c1c886f3 | ITER: 2 END: OK
2019-06-08 09:28:33.736 24799 INFO rally.task.runner [-] Task 555dc4c9-72a5-4371-a1d5-f919c1c886f3 | ITER: 23 START
2019-06-08 09:28:33.736 24799 WARNING rally_openstack.scenarios.neutron.utils [-] Running this scenario without either the 'network' or 'existing_network' context is deprecated
2019-06-08 09:28:34.121 24823 INFO rally.task.runner [-] Task 555dc4c9-72a5-4371-a1d5-f919c1c886f3 | ITER: 14 END: OK
2019-06-08 09:28:34.127 24823 INFO rally.task.runner [-] Task 555dc4c9-72a5-4371-a1d5-f919c1c886f3 | ITER: 24 START
2019-06-08 09:28:34.127 24823 WARNING rally_openstack.scenarios.neutron.utils [-] Running this scenario without either the 'network' or 'existing_network' context is deprecated
2019-06-08 09:28:34.135 24801 RALLYDEBUG rally_openstack.wrappers.network [-] CIDR generated: 1.1.4.236/30
2019-06-08 09:28:34.192 24798 RALLYDEBUG rally_openstack.wrappers.network [-] CIDR generated: 1.1.4.240/30
2019-06-08 09:28:34.395 24803 RALLYDEBUG rally_openstack.wrappers.network [-] CIDR generated: 1.1.4.244/30
2019-06-08 09:28:34.426 24812 RALLYDEBUG rally_openstack.wrappers.network [-] CIDR generated: 1.1.4.248/30
2019-06-08 09:28:34.567 24807 RALLYDEBUG rally_openstack.wrappers.network [-] CIDR generated: 1.1.4.252/30
2019-06-08 09:28:34.634 24800 RALLYDEBUG rally_openstack.wrappers.network [-] CIDR generated: 1.1.5.0/30
2019-06-08 09:28:34.759 24816 RALLYDEBUG rally_openstack.wrappers.network [-] CIDR generated: 1.1.5.4/30
2019-06-08 09:28:35.155 24799 RALLYDEBUG rally_openstack.wrappers.network [-] CIDR generated: 1.1.5.8/30
2019-06-08 09:28:35.344 24823 RALLYDEBUG rally_openstack.wrappers.network [-] CIDR generated: 1.1.5.12/30
2019-06-08 09:28:35.787 24825 INFO rally.task.runner [-] Task 555dc4c9-72a5-4371-a1d5-f919c1c886f3 | ITER: 15 END: OK
2019-06-08 09:28:35.792 24825 INFO rally.task.runner [-] Task 555dc4c9-72a5-4371-a1d5-f919c1c886f3 | ITER: 25 START
2019-06-08 09:28:35.793 24825 WARNING rally_openstack.scenarios.neutron.utils [-] Running this scenario without either the 'network' or 'existing_network' context is deprecated
2019-06-08 09:28:36.053 24800 RALLYDEBUG rally_openstack.wrappers.network [-] CIDR generated: 1.1.5.16/30
2019-06-08 09:28:36.168 24839 INFO rally.task.runner [-] Task 555dc4c9-72a5-4371-a1d5-f919c1c886f3 | ITER: 18 END: OK
2019-06-08 09:28:36.172 24839 INFO rally.task.runner [-] Task 555dc4c9-72a5-4371-a1d5-f919c1c886f3 | ITER: 26 START
2019-06-08 09:28:36.172 24839 WARNING rally_openstack.scenarios.neutron.utils [-] Running this scenario without either the 'network' or 'existing_network' context is deprecated
2019-06-08 09:28:36.215 24845 INFO rally.task.runner [-] Task 555dc4c9-72a5-4371-a1d5-f919c1c886f3 | ITER: 20 END: OK
2019-06-08 09:28:36.219 24845 INFO rally.task.runner [-] Task 555dc4c9-72a5-4371-a1d5-f919c1c886f3 | ITER: 27 START
2019-06-08 09:28:36.220 24845 WARNING rally_openstack.scenarios.neutron.utils [-] Running this scenario without either the 'network' or 'existing_network' context is deprecated
2019-06-08 09:28:36.283 24816 RALLYDEBUG rally_openstack.wrappers.network [-] CIDR generated: 1.1.5.20/30
2019-06-08 09:28:36.462 24800 INFO rally.task.runner [-] Task 555dc4c9-72a5-4371-a1d5-f919c1c886f3 | ITER: 7 END: OK
2019-06-08 09:28:36.466 24800 INFO rally.task.runner [-] Task 555dc4c9-72a5-4371-a1d5-f919c1c886f3 | ITER: 28 START
2019-06-08 09:28:36.467 24800 WARNING rally_openstack.scenarios.neutron.utils [-] Running this scenario without either the 'network' or 'existing_network' context is deprecated
2019-06-08 09:28:36.558 24836 INFO rally.task.runner [-] Task 555dc4c9-72a5-4371-a1d5-f919c1c886f3 | ITER: 17 END: OK
2019-06-08 09:28:36.562 24836 INFO rally.task.runner [-] Task 555dc4c9-72a5-4371-a1d5-f919c1c886f3 | ITER: 29 START
2019-06-08 09:28:36.563 24836 WARNING rally_openstack.scenarios.neutron.utils [-] Running this scenario without either the 'network' or 'existing_network' context is deprecated
2019-06-08 09:28:36.575 24799 RALLYDEBUG rally_openstack.wrappers.network [-] CIDR generated: 1.1.5.24/30
2019-06-08 09:28:37.351 24825 RALLYDEBUG rally_openstack.wrappers.network [-] CIDR generated: 1.1.5.28/30
2019-06-08 09:28:37.394 24823 RALLYDEBUG rally_openstack.wrappers.network [-] CIDR generated: 1.1.5.32/30
2019-06-08 09:28:37.673 24840 INFO rally.task.runner [-] Task 555dc4c9-72a5-4371-a1d5-f919c1c886f3 | ITER: 19 END: OK
2019-06-08 09:28:37.677 24840 INFO rally.task.runner [-] Task 555dc4c9-72a5-4371-a1d5-f919c1c886f3 | ITER: 30 START
2019-06-08 09:28:37.678 24840 WARNING rally_openstack.scenarios.neutron.utils [-] Running this scenario without either the 'network' or 'existing_network' context is deprecated
2019-06-08 09:28:37.721 24839 RALLYDEBUG rally_openstack.wrappers.network [-] CIDR generated: 1.1.5.36/30
2019-06-08 09:28:38.367 24798 INFO rally.task.runner [-] Task 555dc4c9-72a5-4371-a1d5-f919c1c886f3 | ITER: 3 END: OK
2019-06-08 09:28:38.372 24798 INFO rally.task.runner [-] Task 555dc4c9-72a5-4371-a1d5-f919c1c886f3 | ITER: 31 START
2019-06-08 09:28:38.373 24798 WARNING rally_openstack.scenarios.neutron.utils [-] Running this scenario without either the 'network' or 'existing_network' context is deprecated
2019-06-08 09:28:38.420 24817 INFO rally.task.runner [-] Task 555dc4c9-72a5-4371-a1d5-f919c1c886f3 | ITER: 13 END: OK
2019-06-08 09:28:38.424 24817 INFO rally.task.runner [-] Task 555dc4c9-72a5-4371-a1d5-f919c1c886f3 | ITER: 32 START
2019-06-08 09:28:38.424 24817 WARNING rally_openstack.scenarios.neutron.utils [-] Running this scenario without either the 'network' or 'existing_network' context is deprecated
2019-06-08 09:28:38.429 24836 RALLYDEBUG rally_openstack.wrappers.network [-] CIDR generated: 1.1.5.40/30
2019-06-08 09:28:38.707 24800 RALLYDEBUG rally_openstack.wrappers.network [-] CIDR generated: 1.1.5.44/30
2019-06-08 09:28:39.121 24839 RALLYDEBUG rally_openstack.wrappers.network [-] CIDR generated: 1.1.5.48/30
2019-06-08 09:28:39.225 24845 RALLYDEBUG rally_openstack.wrappers.network [-] CIDR generated: 1.1.5.52/30
2019-06-08 09:28:39.383 24840 RALLYDEBUG rally_openstack.wrappers.network [-] CIDR generated: 1.1.5.56/30
2019-06-08 09:28:40.140 24825 RALLYDEBUG rally_openstack.wrappers.network [-] CIDR generated: 1.1.5.60/30
2019-06-08 09:28:40.181 24817 RALLYDEBUG rally_openstack.wrappers.network [-] CIDR generated: 1.1.5.64/30
2019-06-08 09:28:40.185 24799 INFO rally.task.runner [-] Task 555dc4c9-72a5-4371-a1d5-f919c1c886f3 | ITER: 23 END: OK
2019-06-08 09:28:40.188 24799 INFO rally.task.runner [-] Task 555dc4c9-72a5-4371-a1d5-f919c1c886f3 | ITER: 33 START
2019-06-08 09:28:40.188 24799 WARNING rally_openstack.scenarios.neutron.utils [-] Running this scenario without either the 'network' or 'existing_network' context is deprecated
2019-06-08 09:28:40.206 24816 INFO rally.task.runner [-] Task 555dc4c9-72a5-4371-a1d5-f919c1c886f3 | ITER: 22 END: OK
2019-06-08 09:28:40.209 24816 INFO rally.task.runner [-] Task 555dc4c9-72a5-4371-a1d5-f919c1c886f3 | ITER: 34 START
2019-06-08 09:28:40.209 24816 WARNING rally_openstack.scenarios.neutron.utils [-] Running this scenario without either the 'network' or 'existing_network' context is deprecated
2019-06-08 09:28:40.702 24798 RALLYDEBUG rally_openstack.wrappers.network [-] CIDR generated: 1.1.5.68/30
2019-06-08 09:28:40.928 24800 INFO rally.task.runner [-] Task 555dc4c9-72a5-4371-a1d5-f919c1c886f3 | ITER: 21 END: OK
2019-06-08 09:28:40.933 24800 INFO rally.task.runner [-] Task 555dc4c9-72a5-4371-a1d5-f919c1c886f3 | ITER: 35 START
2019-06-08 09:28:40.933 24800 WARNING rally_openstack.scenarios.neutron.utils [-] Running this scenario without either the 'network' or 'existing_network' context is deprecated
2019-06-08 09:28:41.197 24836 RALLYDEBUG rally_openstack.wrappers.network [-] CIDR generated: 1.1.5.72/30
2019-06-08 09:28:41.232 24823 INFO rally.task.runner [-] Task 555dc4c9-72a5-4371-a1d5-f919c1c886f3 | ITER: 24 END: OK
2019-06-08 09:28:41.236 24823 INFO rally.task.runner [-] Task 555dc4c9-72a5-4371-a1d5-f919c1c886f3 | ITER: 36 START
2019-06-08 09:28:41.236 24823 WARNING rally_openstack.scenarios.neutron.utils [-] Running this scenario without either the 'network' or 'existing_network' context is deprecated
2019-06-08 09:28:41.440 24800 RALLYDEBUG rally_openstack.wrappers.network [-] CIDR generated: 1.1.5.76/30
2019-06-08 09:28:41.707 24799 RALLYDEBUG rally_openstack.wrappers.network [-] CIDR generated: 1.1.5.80/30
2019-06-08 09:28:42.141 24801 INFO rally.task.runner [-] Task 555dc4c9-72a5-4371-a1d5-f919c1c886f3 | ITER: 8 END: OK
2019-06-08 09:28:42.146 24801 INFO rally.task.runner [-] Task 555dc4c9-72a5-4371-a1d5-f919c1c886f3 | ITER: 37 START
2019-06-08 09:28:42.147 24801 WARNING rally_openstack.scenarios.neutron.utils [-] Running this scenario without either the 'network' or 'existing_network' context is deprecated
2019-06-08 09:28:42.213 24840 RALLYDEBUG rally_openstack.wrappers.network [-] CIDR generated: 1.1.5.84/30
2019-06-08 09:28:42.622 24816 RALLYDEBUG rally_openstack.wrappers.network [-] CIDR generated: 1.1.5.88/30
2019-06-08 09:28:42.640 24800 RALLYDEBUG rally_openstack.wrappers.network [-] CIDR generated: 1.1.5.92/30
2019-06-08 09:28:43.431 24799 RALLYDEBUG rally_openstack.wrappers.network [-] CIDR generated: 1.1.5.96/30
2019-06-08 09:28:43.448 24798 RALLYDEBUG rally_openstack.wrappers.network [-] CIDR generated: 1.1.5.100/30
2019-06-08 09:28:43.546 24823 RALLYDEBUG rally_openstack.wrappers.network [-] CIDR generated: 1.1.5.104/30
2019-06-08 09:28:43.833 24817 RALLYDEBUG rally_openstack.wrappers.network [-] CIDR generated: 1.1.5.108/30
2019-06-08 09:28:44.224 24801 RALLYDEBUG rally_openstack.wrappers.network [-] CIDR generated: 1.1.5.112/30
2019-06-08 09:28:44.404 24833 INFO rally.task.runner [-] Task 555dc4c9-72a5-4371-a1d5-f919c1c886f3 | ITER: 16 END: OK
2019-06-08 09:28:44.409 24833 INFO rally.task.runner [-] Task 555dc4c9-72a5-4371-a1d5-f919c1c886f3 | ITER: 38 START
2019-06-08 09:28:44.410 24833 WARNING rally_openstack.scenarios.neutron.utils [-] Running this scenario without either the 'network' or 'existing_network' context is deprecated
2019-06-08 09:28:44.799 24845 RALLYDEBUG rally_openstack.wrappers.network [-] CIDR generated: 1.1.5.116/30
2019-06-08 09:28:45.062 24800 RALLYDEBUG rally_openstack.wrappers.network [-] CIDR generated: 1.1.5.120/30
2019-06-08 09:28:46.302 24833 RALLYDEBUG rally_openstack.wrappers.network [-] CIDR generated: 1.1.5.124/30
2019-06-08 09:28:46.399 24801 RALLYDEBUG rally_openstack.wrappers.network [-] CIDR generated: 1.1.5.128/30
2019-06-08 09:28:47.005 24816 RALLYDEBUG rally_openstack.wrappers.network [-] CIDR generated: 1.1.5.132/30
2019-06-08 09:28:47.038 24839 INFO rally.task.runner [-] Task 555dc4c9-72a5-4371-a1d5-f919c1c886f3 | ITER: 26 END: OK
2019-06-08 09:28:47.042 24839 INFO rally.task.runner [-] Task 555dc4c9-72a5-4371-a1d5-f919c1c886f3 | ITER: 39 START
2019-06-08 09:28:47.043 24839 WARNING rally_openstack.scenarios.neutron.utils [-] Running this scenario without either the 'network' or 'existing_network' context is deprecated
2019-06-08 09:28:47.201 24799 INFO rally.task.runner [-] Task 555dc4c9-72a5-4371-a1d5-f919c1c886f3 | ITER: 5 END: OK
2019-06-08 09:28:47.205 24799 INFO rally.task.runner [-] Task 555dc4c9-72a5-4371-a1d5-f919c1c886f3 | ITER: 40 START
2019-06-08 09:28:47.206 24799 WARNING rally_openstack.scenarios.neutron.utils [-] Running this scenario without either the 'network' or 'existing_network' context is deprecated
2019-06-08 09:28:47.296 24823 RALLYDEBUG rally_openstack.wrappers.network [-] CIDR generated: 1.1.5.136/30
2019-06-08 09:28:47.406 24836 INFO rally.task.runner [-] Task 555dc4c9-72a5-4371-a1d5-f919c1c886f3 | ITER: 29 END: OK
2019-06-08 09:28:47.769 24825 INFO rally.task.runner [-] Task 555dc4c9-72a5-4371-a1d5-f919c1c886f3 | ITER: 25 END: OK
2019-06-08 09:28:48.508 24800 INFO rally.task.runner [-] Task 555dc4c9-72a5-4371-a1d5-f919c1c886f3 | ITER: 28 END: OK
2019-06-08 09:28:48.755 24839 RALLYDEBUG rally_openstack.wrappers.network [-] CIDR generated: 1.1.5.140/30
2019-06-08 09:28:48.785 24833 RALLYDEBUG rally_openstack.wrappers.network [-] CIDR generated: 1.1.5.144/30
2019-06-08 09:28:49.380 24799 RALLYDEBUG rally_openstack.wrappers.network [-] CIDR generated: 1.1.5.148/30
2019-06-08 09:28:49.404 24840 INFO rally.task.runner [-] Task 555dc4c9-72a5-4371-a1d5-f919c1c886f3 | ITER: 30 END: OK
2019-06-08 09:28:49.486 24799 INFO rally.task.runner [-] Task 555dc4c9-72a5-4371-a1d5-f919c1c886f3 | ITER: 33 END: OK
2019-06-08 09:28:49.882 24800 INFO rally.task.runner [-] Task 555dc4c9-72a5-4371-a1d5-f919c1c886f3 | ITER: 35 END: OK
2019-06-08 09:28:50.326 24798 INFO rally.task.runner [-] Task 555dc4c9-72a5-4371-a1d5-f919c1c886f3 | ITER: 31 END: OK
2019-06-08 09:28:50.373 24803 INFO rally.task.runner [-] Task 555dc4c9-72a5-4371-a1d5-f919c1c886f3 | ITER: 9 END: OK
2019-06-08 09:28:50.427 24839 RALLYDEBUG rally_openstack.wrappers.network [-] CIDR generated: 1.1.5.152/30
2019-06-08 09:28:50.619 24798 INFO rally.task.runner [-] Task 555dc4c9-72a5-4371-a1d5-f919c1c886f3 | ITER: 1 END: OK
2019-06-08 09:28:50.628 24812 INFO rally.task.runner [-] Task 555dc4c9-72a5-4371-a1d5-f919c1c886f3 | ITER: 10 END: OK
2019-06-08 09:28:50.950 24845 INFO rally.task.runner [-] Task 555dc4c9-72a5-4371-a1d5-f919c1c886f3 | ITER: 27 END: OK
2019-06-08 09:28:51.085 24801 INFO rally.task.runner [-] Task 555dc4c9-72a5-4371-a1d5-f919c1c886f3 | ITER: 37 END: OK
2019-06-08 09:28:51.503 24823 INFO rally.task.runner [-] Task 555dc4c9-72a5-4371-a1d5-f919c1c886f3 | ITER: 36 END: OK
2019-06-08 09:28:51.628 24817 INFO rally.task.runner [-] Task 555dc4c9-72a5-4371-a1d5-f919c1c886f3 | ITER: 32 END: OK
2019-06-08 09:28:51.914 24799 RALLYDEBUG rally_openstack.wrappers.network [-] CIDR generated: 1.1.5.156/30
2019-06-08 09:28:52.526 24807 INFO rally.task.runner [-] Task 555dc4c9-72a5-4371-a1d5-f919c1c886f3 | ITER: 11 END: OK
2019-06-08 09:28:53.307 24801 INFO rally.task.runner [-] Task 555dc4c9-72a5-4371-a1d5-f919c1c886f3 | ITER: 6 END: OK
2019-06-08 09:28:54.133 24839 INFO rally.task.runner [-] Task 555dc4c9-72a5-4371-a1d5-f919c1c886f3 | ITER: 39 END: OK
2019-06-08 09:28:54.556 24816 INFO rally.task.runner [-] Task 555dc4c9-72a5-4371-a1d5-f919c1c886f3 | ITER: 34 END: OK
2019-06-08 09:28:57.217 24833 INFO rally.task.runner [-] Task 555dc4c9-72a5-4371-a1d5-f919c1c886f3 | ITER: 38 END: OK
2019-06-08 09:28:57.375 24799 INFO rally.task.runner [-] Task 555dc4c9-72a5-4371-a1d5-f919c1c886f3 | ITER: 40 END: OK
2019-06-08 09:28:57.401 22704 INFO rally.task.context [-] Task 555dc4c9-72a5-4371-a1d5-f919c1c886f3 | Context cleanup@openstack cleanup() started
2019-06-08 09:28:57.403 22704 RALLYDEBUG rally_openstack.cleanup.manager [-] Cleaning up neutron vip objects
2019-06-08 09:28:58.130 22704 RALLYDEBUG rally_openstack.cleanup.manager [-] Cleaning up neutron health_monitor objects
2019-06-08 09:28:58.768 22704 RALLYDEBUG rally_openstack.cleanup.manager [-] Cleaning up neutron pool objects
2019-06-08 09:28:59.481 22704 RALLYDEBUG rally_openstack.cleanup.manager [-] Cleaning up neutron loadbalancer objects
2019-06-08 09:29:00.227 22704 RALLYDEBUG rally_openstack.cleanup.manager [-] Cleaning up neutron floatingip objects
2019-06-08 09:29:00.919 22704 RALLYDEBUG rally_openstack.cleanup.manager [-] Cleaning up neutron port objects
2019-06-08 09:29:01.756 22704 RALLYDEBUG rally_openstack.cleanup.manager [-] Cleaning up neutron subnet objects
2019-06-08 09:29:02.496 22704 RALLYDEBUG rally_openstack.cleanup.manager [-] Cleaning up neutron network objects
2019-06-08 09:29:03.383 22704 RALLYDEBUG rally_openstack.cleanup.manager [-] Deleting neutron.network object s_rally_39d4d1ac_RpMlZptd (06990018-5ebd-4ad0-bd10-6936ba3f3820)
2019-06-08 09:29:03.388 22704 RALLYDEBUG rally_openstack.cleanup.manager [-] Deleting neutron.network object s_rally_39d4d1ac_5czqKnnG (0e9caa37-9c27-4e46-b0ca-9f95faae926a)
2019-06-08 09:29:03.396 22704 RALLYDEBUG rally_openstack.cleanup.manager [-] Deleting neutron.network object s_rally_39d4d1ac_7jN8FoJ6 (12a1ee08-6bf6-4ac0-95f3-f2f2c4ed71e5)
2019-06-08 09:29:03.402 22704 RALLYDEBUG rally_openstack.cleanup.manager [-] Deleting neutron.network object s_rally_39d4d1ac_sMXZmFOk (14733c64-42b1-4473-a561-8d09f841213b)
2019-06-08 09:29:03.412 22704 RALLYDEBUG rally_openstack.cleanup.manager [-] Deleting neutron.network object s_rally_39d4d1ac_KJciTR81 (21571456-8486-41cd-8f87-bad212086876)
2019-06-08 09:29:03.430 22704 RALLYDEBUG rally_openstack.cleanup.manager [-] Deleting neutron.network object s_rally_39d4d1ac_6jKuvqBp (29606171-ad2c-4d85-8578-17ec96320d7a)
2019-06-08 09:29:03.431 22704 RALLYDEBUG rally_openstack.cleanup.manager [-] Deleting neutron.network object s_rally_39d4d1ac_51HO05Jm (28f116a4-4bd4-4ff1-aef7-0dbb4d42e95a)
2019-06-08 09:29:03.449 22704 RALLYDEBUG rally_openstack.cleanup.manager [-] Deleting neutron.network object s_rally_39d4d1ac_FsoQzftj (2d66494a-3f22-4b3f-b4eb-be3bf0e9b770)
2019-06-08 09:29:03.455 22704 RALLYDEBUG rally_openstack.cleanup.manager [-] Deleting neutron.network object s_rally_39d4d1ac_nDGoUtsi (31be5ca8-bce8-47fa-a089-c07bf3d5eb59)
2019-06-08 09:29:03.470 22704 RALLYDEBUG rally_openstack.cleanup.manager [-] Deleting neutron.network object s_rally_39d4d1ac_1uWiz0xP (36eb0ce0-e46b-42e2-a9fe-a192afa39394)
2019-06-08 09:29:03.488 22704 RALLYDEBUG rally_openstack.cleanup.manager [-] Deleting neutron.network object s_rally_39d4d1ac_HlnpABmp (398fe7c6-f3d1-4252-aec0-4758592a6505)
2019-06-08 09:29:03.493 22704 RALLYDEBUG rally_openstack.cleanup.manager [-] Deleting neutron.network object s_rally_39d4d1ac_Nycl8Puw (3d051cb2-b10d-4d76-bce5-6d15bcac34f6)
2019-06-08 09:29:03.525 22704 RALLYDEBUG rally_openstack.cleanup.manager [-] Deleting neutron.network object s_rally_39d4d1ac_a1ZZU1Id (45c422a0-451d-4020-8b15-5c146134feab)
2019-06-08 09:29:03.531 22704 RALLYDEBUG rally_openstack.cleanup.manager [-] Deleting neutron.network object s_rally_39d4d1ac_Y9eUVDsG (472dfbfe-9b63-4e4b-977f-da4e3b1d2c4e)
2019-06-08 09:29:03.539 22704 RALLYDEBUG rally_openstack.cleanup.manager [-] Deleting neutron.network object s_rally_39d4d1ac_RWPk8ABG (476e57b2-51ec-464c-91ac-840d33389836)
2019-06-08 09:29:03.566 22704 RALLYDEBUG rally_openstack.cleanup.manager [-] Deleting neutron.network object s_rally_39d4d1ac_JXmZch3p (66530919-07a0-40ac-a88f-3882f7826a39)
2019-06-08 09:29:03.565 22704 RALLYDEBUG rally_openstack.cleanup.manager [-] Deleting neutron.network object s_rally_39d4d1ac_rCaBGPge (576ba824-d8b4-42b1-b5c6-32269cb24f99)
2019-06-08 09:29:03.574 22704 RALLYDEBUG rally_openstack.cleanup.manager [-] Deleting neutron.network object s_rally_39d4d1ac_CHnMl3K1 (663d38bd-2577-4190-8d45-bf76aa098385)
2019-06-08 09:29:03.599 22704 RALLYDEBUG rally_openstack.cleanup.manager [-] Deleting neutron.network object s_rally_39d4d1ac_VU9o8N5i (6bd85537-a3e9-4a97-94a0-9c849fb2e1ea)
2019-06-08 09:29:03.616 22704 RALLYDEBUG rally_openstack.cleanup.manager [-] Deleting neutron.network object s_rally_39d4d1ac_w4S4zPg4 (74f02047-7671-4715-a46f-52f2a058a242)
2019-06-08 09:29:06.362 22704 RALLYDEBUG rally_openstack.cleanup.manager [-] Deleting neutron.network object s_rally_39d4d1ac_931jEulQ (78defc64-c72e-44fb-8227-6c8275203686)
2019-06-08 09:29:06.494 22704 RALLYDEBUG rally_openstack.cleanup.manager [-] Deleting neutron.network object s_rally_39d4d1ac_zB05BrKR (7d4a8c00-58a4-4c8b-a288-7099beaefaee)
2019-06-08 09:29:06.623 22704 RALLYDEBUG rally_openstack.cleanup.manager [-] Deleting neutron.network object s_rally_39d4d1ac_1iQEolC4 (806519d2-55f8-4b9c-9c94-27eaac5332c2)
2019-06-08 09:29:07.064 22704 RALLYDEBUG rally_openstack.cleanup.manager [-] Deleting neutron.network object s_rally_39d4d1ac_18h92ox3 (8d6b7967-e363-4b28-913f-9fe428841f33)
2019-06-08 09:29:07.564 22704 RALLYDEBUG rally_openstack.cleanup.manager [-] Deleting neutron.network object s_rally_39d4d1ac_eh7hLJIs (92b3d304-b099-4f35-92ff-e22191145175)
2019-06-08 09:29:08.289 22704 RALLYDEBUG rally_openstack.cleanup.manager [-] Deleting neutron.network object s_rally_39d4d1ac_WLGvAEiU (9482a9a3-e33a-4c78-88b3-15c66e289982)
2019-06-08 09:29:08.415 22704 RALLYDEBUG rally_openstack.cleanup.manager [-] Deleting neutron.network object s_rally_39d4d1ac_e4OicXta (97fc3fcf-59b5-440d-8e46-1b4b0de9b09c)
2019-06-08 09:29:09.226 22704 RALLYDEBUG rally_openstack.cleanup.manager [-] Deleting neutron.network object s_rally_39d4d1ac_McoV73Kw (a8ee53ca-e885-4657-a270-83524f7b4b75)
2019-06-08 09:29:09.648 22704 RALLYDEBUG rally_openstack.cleanup.manager [-] Deleting neutron.network object s_rally_39d4d1ac_z6rQpCFB (b384df88-f204-4e35-87c8-b2e8e7b4e85f)
2019-06-08 09:29:09.734 22704 RALLYDEBUG rally_openstack.cleanup.manager [-] Deleting neutron.network object s_rally_39d4d1ac_W6vicBnD (b8d9fabb-e983-40a4-836c-c7bbd33097e9)
2019-06-08 09:29:10.128 22704 RALLYDEBUG rally_openstack.cleanup.manager [-] Deleting neutron.network object s_rally_39d4d1ac_fymVsv9r (c49fefd7-5a43-4906-85b7-a198383c8b24)
2019-06-08 09:29:10.427 22704 RALLYDEBUG rally_openstack.cleanup.manager [-] Deleting neutron.network object s_rally_39d4d1ac_vQ9t42nM (cb4a707a-d9cd-4f7f-9b33-6927c56659dd)
2019-06-08 09:29:10.734 22704 RALLYDEBUG rally_openstack.cleanup.manager [-] Deleting neutron.network object s_rally_39d4d1ac_IQnD9Vs7 (d0b53d99-501b-4253-9042-00d8d3f4a074)
2019-06-08 09:29:10.762 22704 RALLYDEBUG rally_openstack.cleanup.manager [-] Deleting neutron.network object s_rally_39d4d1ac_YYkWACOB (d8b2fac4-2921-481a-bb0e-63a5d77a8485)
2019-06-08 09:29:10.879 22704 RALLYDEBUG rally_openstack.cleanup.manager [-] Deleting neutron.network object s_rally_39d4d1ac_AENN3jM8 (daeb238c-13c9-4777-8d59-1661c485d0e2)
2019-06-08 09:29:10.886 22704 RALLYDEBUG rally_openstack.cleanup.manager [-] Deleting neutron.network object s_rally_39d4d1ac_cxMFgtM1 (dca3d15c-beca-405f-a59e-290d5411dafb)
2019-06-08 09:29:10.926 22704 RALLYDEBUG rally_openstack.cleanup.manager [-] Deleting neutron.network object s_rally_39d4d1ac_0rnCkW7Q (e055c945-f1c2-4d07-8d1c-670be31151be)
2019-06-08 09:29:11.006 22704 RALLYDEBUG rally_openstack.cleanup.manager [-] Deleting neutron.network object s_rally_39d4d1ac_Cp1leXsI (e55de22d-e9d1-46f0-be71-2a7369ef9798)
2019-06-08 09:29:11.034 22704 RALLYDEBUG rally_openstack.cleanup.manager [-] Deleting neutron.network object s_rally_39d4d1ac_D4d7PFp3 (ec1a284a-0740-43da-936f-f9cc0230e905)
2019-06-08 09:29:11.395 22704 RALLYDEBUG rally_openstack.cleanup.manager [-] Deleting neutron.network object s_rally_39d4d1ac_Arry7oT2 (ece6e61d-4b3e-43c7-8750-65823777ff67)
2019-06-08 09:29:15.238 22704 RALLYDEBUG rally_openstack.cleanup.manager [-] Cleaning up neutron router objects
2019-06-08 09:29:15.900 22704 RALLYDEBUG rally_openstack.cleanup.manager [-] Cleaning up neutron security_group objects
2019-06-08 09:29:16.542 22704 INFO rally.task.context [-] Task 555dc4c9-72a5-4371-a1d5-f919c1c886f3 | Context cleanup@openstack cleanup() finished in 19.14 sec
2019-06-08 09:29:16.543 22704 INFO rally.task.context [-] Task 555dc4c9-72a5-4371-a1d5-f919c1c886f3 | Context quotas@openstack cleanup() started
2019-06-08 09:29:16.749 22704 INFO rally.task.context [-] Task 555dc4c9-72a5-4371-a1d5-f919c1c886f3 | Context quotas@openstack cleanup() finished in 0.21 sec
2019-06-08 09:29:16.749 22704 INFO rally.task.context [-] Task 555dc4c9-72a5-4371-a1d5-f919c1c886f3 | Context users@openstack cleanup() started
2019-06-08 09:29:21.306 22704 INFO rally.task.context [-] Task 555dc4c9-72a5-4371-a1d5-f919c1c886f3 | Context users@openstack cleanup() finished in 4.56 sec
2019-06-08 09:29:23.064 22704 INFO rally.task.engine [-] Load duration is: 33.65205
2019-06-08 09:29:23.065 22704 INFO rally.task.engine [-] Full runner duration is: 33.701841
2019-06-08 09:29:23.065 22704 INFO rally.task.engine [-] Full duration is: 62.642563
2019-06-08 09:29:23.341 22704 INFO rally.task.engine [-] Running workload: position = 0 config = { "version": 2, "title": "A cropped version of a bigger task.", "description": "Auto-generated task from a single workload (uuid=6ab9cbf2-7ed7-4ff7-a0d3-83e01d2a0f19)", "subtasks": [ { "title": "NeutronNetworks.create_and_list_routers", "description": "Create and a given number of routers and list all routers.", "scenario": { "NeutronNetworks.create_and_list_routers": { "network_create_args": null, "subnet_create_args": null, "subnet_cidr_start": "1.1.0.0/30", "subnets_per_network": 2, "router_create_args": null } }, "contexts": { "users": { "tenants": 1, "users_per_tenant": 1 }, "quotas": { "neutron": { "network": -1, "subnet": -1, "router": -1 } } }, "runner": { "constant": { "times": 40, "concurrency": 20 } }, "hooks": [], "sla": { "failure_rate": { "max": 0 } } } ] }
2019-06-08 09:29:23.365 22704 RALLYDEBUG rally_openstack.contexts.keystone.users [-] Creating 1 tenants using 20 threads
2019-06-08 09:29:25.040 22704 RALLYDEBUG rally_openstack.contexts.keystone.users [-] Creating 1 users using 20 threads
2019-06-08 09:29:27.542 22704 INFO rally.task.context [-] Task 555dc4c9-72a5-4371-a1d5-f919c1c886f3 | Context users@openstack setup() finished in 4.18 sec
2019-06-08 09:29:28.711 22704 INFO rally.task.context [-] Task 555dc4c9-72a5-4371-a1d5-f919c1c886f3 | Context quotas@openstack setup() finished in 1.17 sec
2019-06-08 09:29:28.712 22704 INFO rally.task.context [-] Task 555dc4c9-72a5-4371-a1d5-f919c1c886f3 | Context cleanup@openstack setup() finished in 0.01 msec
2019-06-08 09:29:28.719 22704 RALLYDEBUG rally.task.runner [-] Starting the constant runner (task UUID: 555dc4c9-72a5-4371-a1d5-f919c1c886f3). timeout: 0 concurrency: 20 concurrency_per_worker: 1 times: 40 concurrency_overhead: 4 processes_to_start: 16 max_cpu_used: 16
2019-06-08 09:29:28.732 25168 RALLYDEBUG rally.task.runner [-] Starting a worker. concurrency: 2 args: {"network_create_args": null, "subnet_create_args": null, "subnet_cidr_start": "1.1.0.0/30", "subnets_per_network": 2, "router_create_args": null} times: 40 method_name: run timeout: 0 duration: None cls:
2019-06-08 09:29:28.736 25169 RALLYDEBUG rally.task.runner [-] Starting a worker. concurrency: 2 args: {"network_create_args": null, "subnet_create_args": null, "subnet_cidr_start": "1.1.0.0/30", "subnets_per_network": 2, "router_create_args": null} times: 40 method_name: run timeout: 0 duration: None cls:
2019-06-08 09:29:28.738 25170 RALLYDEBUG rally.task.runner [-] Starting a worker. concurrency: 2 args: {"network_create_args": null, "subnet_create_args": null, "subnet_cidr_start": "1.1.0.0/30", "subnets_per_network": 2, "router_create_args": null} times: 40 method_name: run timeout: 0 duration: None cls:
2019-06-08 09:29:28.740 25168 INFO rally.task.runner [-] Task 555dc4c9-72a5-4371-a1d5-f919c1c886f3 | ITER: 1 START
2019-06-08 09:29:28.740 25171 RALLYDEBUG rally.task.runner [-] Starting a worker. concurrency: 2 args: {"network_create_args": null, "subnet_create_args": null, "subnet_cidr_start": "1.1.0.0/30", "subnets_per_network": 2, "router_create_args": null} times: 40 method_name: run timeout: 0 duration: None cls:
2019-06-08 09:29:28.743 25169 INFO rally.task.runner [-] Task 555dc4c9-72a5-4371-a1d5-f919c1c886f3 | ITER: 3 START
2019-06-08 09:29:28.745 25174 RALLYDEBUG rally.task.runner [-] Starting a worker. concurrency: 1 args: {"network_create_args": null, "subnet_create_args": null, "subnet_cidr_start": "1.1.0.0/30", "subnets_per_network": 2, "router_create_args": null} times: 40 method_name: run timeout: 0 duration: None cls:
2019-06-08 09:29:28.746 25170 INFO rally.task.runner [-] Task 555dc4c9-72a5-4371-a1d5-f919c1c886f3 | ITER: 6 START
2019-06-08 09:29:28.747 25170 INFO rally.task.runner [-] Task 555dc4c9-72a5-4371-a1d5-f919c1c886f3 | ITER: 4 START
2019-06-08 09:29:28.747 25171 INFO rally.task.runner [-] Task 555dc4c9-72a5-4371-a1d5-f919c1c886f3 | ITER: 5 START
2019-06-08 09:29:28.748 25177 RALLYDEBUG rally.task.runner [-] Starting a worker. concurrency: 1 args: {"network_create_args": null, "subnet_create_args": null, "subnet_cidr_start": "1.1.0.0/30", "subnets_per_network": 2, "router_create_args": null} times: 40 method_name: run timeout: 0 duration: None cls:
2019-06-08 09:29:28.751 25174 INFO rally.task.runner [-] Task 555dc4c9-72a5-4371-a1d5-f919c1c886f3 | ITER: 9 START
2019-06-08 09:29:28.755 25185 RALLYDEBUG rally.task.runner [-] Starting a worker. concurrency: 1 args: {"network_create_args": null, "subnet_create_args": null, "subnet_cidr_start": "1.1.0.0/30", "subnets_per_network": 2, "router_create_args": null} times: 40 method_name: run timeout: 0 duration: None cls:
2019-06-08 09:29:28.758 25177 INFO rally.task.runner [-] Task 555dc4c9-72a5-4371-a1d5-f919c1c886f3 | ITER: 10 START
2019-06-08 09:29:28.741 25168 INFO rally.task.runner [-] Task 555dc4c9-72a5-4371-a1d5-f919c1c886f3 | ITER: 2 START
2019-06-08 09:29:28.760 25169 INFO rally.task.runner [-] Task 555dc4c9-72a5-4371-a1d5-f919c1c886f3 | ITER: 8 START
2019-06-08 09:29:28.761 25185 INFO rally.task.runner [-] Task 555dc4c9-72a5-4371-a1d5-f919c1c886f3 | ITER: 11 START
2019-06-08 09:29:28.748 25171 INFO rally.task.runner [-] Task 555dc4c9-72a5-4371-a1d5-f919c1c886f3 | ITER: 7 START
2019-06-08 09:29:28.763 25190 RALLYDEBUG rally.task.runner [-] Starting a worker. concurrency: 1 args: {"network_create_args": null, "subnet_create_args": null, "subnet_cidr_start": "1.1.0.0/30", "subnets_per_network": 2, "router_create_args": null} times: 40 method_name: run timeout: 0 duration: None cls:
2019-06-08 09:29:28.768 25190 INFO rally.task.runner [-] Task 555dc4c9-72a5-4371-a1d5-f919c1c886f3 | ITER: 12 START
2019-06-08 09:29:28.771 25194 RALLYDEBUG rally.task.runner [-] Starting a worker. concurrency: 1 args: {"network_create_args": null, "subnet_create_args": null, "subnet_cidr_start": "1.1.0.0/30", "subnets_per_network": 2, "router_create_args": null} times: 40 method_name: run timeout: 0 duration: None cls:
2019-06-08 09:29:28.781 25194 INFO rally.task.runner [-] Task 555dc4c9-72a5-4371-a1d5-f919c1c886f3 | ITER: 13 START
2019-06-08 09:29:28.789 25197 RALLYDEBUG rally.task.runner [-] Starting a worker. concurrency: 1 args: {"network_create_args": null, "subnet_create_args": null, "subnet_cidr_start": "1.1.0.0/30", "subnets_per_network": 2, "router_create_args": null} times: 40 method_name: run timeout: 0 duration: None cls:
2019-06-08 09:29:28.791 25200 RALLYDEBUG rally.task.runner [-] Starting a worker. concurrency: 1 args: {"network_create_args": null, "subnet_create_args": null, "subnet_cidr_start": "1.1.0.0/30", "subnets_per_network": 2, "router_create_args": null} times: 40 method_name: run timeout: 0 duration: None cls:
2019-06-08 09:29:28.795 25197 INFO rally.task.runner [-] Task 555dc4c9-72a5-4371-a1d5-f919c1c886f3 | ITER: 14 START
2019-06-08 09:29:28.796 25200 INFO rally.task.runner [-] Task 555dc4c9-72a5-4371-a1d5-f919c1c886f3 | ITER: 15 START
2019-06-08 09:29:28.803 25201 RALLYDEBUG rally.task.runner [-] Starting a worker. concurrency: 1 args: {"network_create_args": null, "subnet_create_args": null, "subnet_cidr_start": "1.1.0.0/30", "subnets_per_network": 2, "router_create_args": null} times: 40 method_name: run timeout: 0 duration: None cls:
2019-06-08 09:29:28.804 25206 RALLYDEBUG rally.task.runner [-] Starting a worker. concurrency: 1 args: {"network_create_args": null, "subnet_create_args": null, "subnet_cidr_start": "1.1.0.0/30", "subnets_per_network": 2, "router_create_args": null} times: 40 method_name: run timeout: 0 duration: None cls:
2019-06-08 09:29:28.808 25201 INFO rally.task.runner [-] Task 555dc4c9-72a5-4371-a1d5-f919c1c886f3 | ITER: 16 START
2019-06-08 09:29:28.808 25206 INFO rally.task.runner [-] Task 555dc4c9-72a5-4371-a1d5-f919c1c886f3 | ITER: 17 START
2019-06-08 09:29:28.811 25207 RALLYDEBUG rally.task.runner [-] Starting a worker. concurrency: 1 args: {"network_create_args": null, "subnet_create_args": null, "subnet_cidr_start": "1.1.0.0/30", "subnets_per_network": 2, "router_create_args": null} times: 40 method_name: run timeout: 0 duration: None cls:
2019-06-08 09:29:28.815 25207 INFO rally.task.runner [-] Task 555dc4c9-72a5-4371-a1d5-f919c1c886f3 | ITER: 18 START
2019-06-08 09:29:28.818 25212 RALLYDEBUG rally.task.runner [-] Starting a worker. concurrency: 1 args: {"network_create_args": null, "subnet_create_args": null, "subnet_cidr_start": "1.1.0.0/30", "subnets_per_network": 2, "router_create_args": null} times: 40 method_name: run timeout: 0 duration: None cls:
2019-06-08 09:29:28.821 25215 RALLYDEBUG rally.task.runner [-] Starting a worker. concurrency: 1 args: {"network_create_args": null, "subnet_create_args": null, "subnet_cidr_start": "1.1.0.0/30", "subnets_per_network": 2, "router_create_args": null} times: 40 method_name: run timeout: 0 duration: None cls:
2019-06-08 09:29:28.822 25212 INFO rally.task.runner [-] Task 555dc4c9-72a5-4371-a1d5-f919c1c886f3 | ITER: 19 START
2019-06-08 09:29:28.825 25215 INFO rally.task.runner [-] Task 555dc4c9-72a5-4371-a1d5-f919c1c886f3 | ITER: 20 START
2019-06-08 09:29:30.525 25174 RALLYDEBUG rally_openstack.wrappers.network [-] CIDR generated: 1.1.5.160/30
2019-06-08 09:29:30.529 25190 RALLYDEBUG rally_openstack.wrappers.network [-] CIDR generated: 1.1.5.164/30
2019-06-08 09:29:30.570 25171 RALLYDEBUG rally_openstack.wrappers.network [-] CIDR generated: 1.1.5.168/30
2019-06-08 09:29:30.611 25170 RALLYDEBUG rally_openstack.wrappers.network [-] CIDR generated: 1.1.5.172/30
2019-06-08 09:29:30.670 25170 RALLYDEBUG rally_openstack.wrappers.network [-] CIDR generated: 1.1.5.176/30
2019-06-08 09:29:30.714 25168 RALLYDEBUG rally_openstack.wrappers.network [-] CIDR generated: 1.1.5.180/30
2019-06-08 09:29:30.753 25185 RALLYDEBUG rally_openstack.wrappers.network [-] CIDR generated: 1.1.5.184/30
2019-06-08 09:29:30.799 25169 RALLYDEBUG rally_openstack.wrappers.network [-] CIDR generated: 1.1.5.188/30
2019-06-08 09:29:30.890 25197 RALLYDEBUG rally_openstack.wrappers.network [-] CIDR generated: 1.1.5.192/30
2019-06-08 09:29:31.001 25171 RALLYDEBUG rally_openstack.wrappers.network [-] CIDR generated: 1.1.5.196/30
2019-06-08 09:29:31.139 25177 RALLYDEBUG rally_openstack.wrappers.network [-] CIDR generated: 1.1.5.200/30
2019-06-08 09:29:31.145 25169 RALLYDEBUG rally_openstack.wrappers.network [-] CIDR generated: 1.1.5.204/30
2019-06-08 09:29:31.146 25168 RALLYDEBUG rally_openstack.wrappers.network [-] CIDR generated: 1.1.5.208/30
2019-06-08 09:29:31.306 25206 RALLYDEBUG rally_openstack.wrappers.network [-] CIDR generated: 1.1.5.212/30
2019-06-08 09:29:31.316 25194 RALLYDEBUG rally_openstack.wrappers.network [-] CIDR generated: 1.1.5.216/30
2019-06-08 09:29:31.388 25201 RALLYDEBUG rally_openstack.wrappers.network [-] CIDR generated: 1.1.5.220/30
2019-06-08 09:29:31.534 25200 RALLYDEBUG rally_openstack.wrappers.network [-] CIDR generated: 1.1.5.224/30
2019-06-08 09:29:31.753 25207 RALLYDEBUG rally_openstack.wrappers.network [-] CIDR generated: 1.1.5.228/30
2019-06-08 09:29:31.816 25215 RALLYDEBUG rally_openstack.wrappers.network [-] CIDR generated: 1.1.5.232/30
2019-06-08 09:29:31.849 25170 RALLYDEBUG rally_openstack.wrappers.network [-] CIDR generated: 1.1.5.236/30
2019-06-08 09:29:32.484 25197 RALLYDEBUG rally_openstack.wrappers.network [-] CIDR generated: 1.1.5.240/30
2019-06-08 09:29:32.655 25212 RALLYDEBUG rally_openstack.wrappers.network [-] CIDR generated: 1.1.5.244/30
2019-06-08 09:29:32.886 25190 RALLYDEBUG rally_openstack.wrappers.network [-] CIDR generated: 1.1.5.248/30
2019-06-08 09:29:32.925 25174 RALLYDEBUG rally_openstack.wrappers.network [-] CIDR generated: 1.1.5.252/30
2019-06-08 09:29:33.080 25170 RALLYDEBUG rally_openstack.wrappers.network [-] CIDR generated: 1.1.6.0/30
2019-06-08 09:29:33.087 25207 RALLYDEBUG rally_openstack.wrappers.network [-] CIDR generated: 1.1.6.4/30
2019-06-08 09:29:33.458 25185 RALLYDEBUG rally_openstack.wrappers.network [-] CIDR generated: 1.1.6.8/30
2019-06-08 09:29:33.615 25171 RALLYDEBUG rally_openstack.wrappers.network [-] CIDR generated: 1.1.6.12/30
2019-06-08 09:29:33.714 25168 RALLYDEBUG rally_openstack.wrappers.network [-] CIDR generated: 1.1.6.16/30
2019-06-08 09:29:33.839 25200 RALLYDEBUG rally_openstack.wrappers.network [-] CIDR generated: 1.1.6.20/30
2019-06-08 09:29:33.993 25206 RALLYDEBUG rally_openstack.wrappers.network [-] CIDR generated: 1.1.6.24/30
2019-06-08 09:29:34.061 25201 RALLYDEBUG rally_openstack.wrappers.network [-] CIDR generated: 1.1.6.28/30
2019-06-08 09:29:34.232 25194 RALLYDEBUG rally_openstack.wrappers.network [-] CIDR generated: 1.1.6.32/30
2019-06-08 09:29:35.633 25169 RALLYDEBUG rally_openstack.wrappers.network [-] CIDR generated: 1.1.6.36/30
2019-06-08 09:29:36.815 25171 RALLYDEBUG rally_openstack.wrappers.network [-] CIDR generated: 1.1.6.40/30
2019-06-08 09:29:36.823 25215 RALLYDEBUG rally_openstack.wrappers.network [-] CIDR generated: 1.1.6.44/30
2019-06-08 09:29:37.073 25169 RALLYDEBUG rally_openstack.wrappers.network [-] CIDR generated: 1.1.6.48/30
2019-06-08 09:29:37.105 25177 RALLYDEBUG rally_openstack.wrappers.network [-] CIDR generated: 1.1.6.52/30
2019-06-08 09:29:37.445 25212 RALLYDEBUG rally_openstack.wrappers.network [-] CIDR generated: 1.1.6.56/30
2019-06-08 09:29:37.475 25168 RALLYDEBUG rally_openstack.wrappers.network [-] CIDR generated: 1.1.6.60/30
2019-06-08 09:29:44.043 25170 INFO rally.task.runner [-] Task 555dc4c9-72a5-4371-a1d5-f919c1c886f3 | ITER: 4 END: OK
2019-06-08 09:29:44.048 25170 INFO rally.task.runner [-] Task 555dc4c9-72a5-4371-a1d5-f919c1c886f3 | ITER: 21 START
2019-06-08 09:29:44.686 25197 INFO rally.task.runner [-] Task 555dc4c9-72a5-4371-a1d5-f919c1c886f3 | ITER: 14 END: OK
2019-06-08 09:29:44.691 25197 INFO rally.task.runner [-] Task 555dc4c9-72a5-4371-a1d5-f919c1c886f3 | ITER: 22 START
2019-06-08 09:29:45.940 25170 RALLYDEBUG rally_openstack.wrappers.network [-] CIDR generated: 1.1.6.64/30
2019-06-08 09:29:46.051 25207 INFO rally.task.runner [-] Task 555dc4c9-72a5-4371-a1d5-f919c1c886f3 | ITER: 18 END: OK
2019-06-08 09:29:46.055 25207 INFO rally.task.runner [-] Task 555dc4c9-72a5-4371-a1d5-f919c1c886f3 | ITER: 23 START
2019-06-08 09:29:46.191 25197 RALLYDEBUG rally_openstack.wrappers.network [-] CIDR generated: 1.1.6.68/30
2019-06-08 09:29:47.811 25207 RALLYDEBUG rally_openstack.wrappers.network [-] CIDR generated: 1.1.6.72/30
2019-06-08 09:29:48.191 25197 RALLYDEBUG rally_openstack.wrappers.network [-] CIDR generated: 1.1.6.76/30
2019-06-08 09:29:48.684 25170 RALLYDEBUG rally_openstack.wrappers.network [-] CIDR generated: 1.1.6.80/30
2019-06-08 09:29:50.532 25207 RALLYDEBUG rally_openstack.wrappers.network [-] CIDR generated: 1.1.6.84/30
