2019-06-08 09:42:39.954 22704 RALLYDEBUG rally_openstack.cleanup.manager [-] Deleting neutron.port object s_rally_80d5c200_rSuzw9pB (5acec59a-a8cf-42e0-b580-efa50a00ce26)
2019-06-08 09:42:39.959 22704 RALLYDEBUG rally_openstack.cleanup.manager [-] Deleting neutron.port object s_rally_80d5c200_JFh0ciWB (5c91dfa1-6c45-4e77-b368-bc8d0b9a37e8)
2019-06-08 09:42:40.011 22704 RALLYDEBUG rally_openstack.cleanup.manager [-] Deleting neutron.port object s_rally_80d5c200_BAYt8hnt (5da1943f-9ed2-406e-9dfb-5d67451072a0)
2019-06-08 09:42:40.298 22704 RALLYDEBUG rally_openstack.cleanup.manager [-] Deleting neutron.port object s_rally_80d5c200_G0Aubz4o (60054b08-8926-481b-8bcd-ac15a451fb16)
2019-06-08 09:42:40.563 22704 RALLYDEBUG rally_openstack.cleanup.manager [-] Deleting neutron.port object s_rally_80d5c200_kR4F0hCn (61c8a2fb-1a07-4353-8a47-fb69fc413f42)
2019-06-08 09:42:40.810 22704 RALLYDEBUG rally_openstack.cleanup.manager [-] Deleting neutron.port object s_rally_80d5c200_Tz5zPHw9 (62170108-88d4-4fe8-b8b7-3b50d9a0ae50)
2019-06-08 09:42:40.868 22704 RALLYDEBUG rally_openstack.cleanup.manager [-] Deleting neutron.port object s_rally_80d5c200_MklYmx9f (64eeda51-7d33-4869-b722-463fef29e89b)
2019-06-08 09:42:40.882 22704 RALLYDEBUG rally_openstack.cleanup.manager [-] Deleting neutron.port object s_rally_80d5c200_5kraLMtZ (65d650e7-9ac0-48a2-b9e7-305636bfcd85)
2019-06-08 09:42:40.892 22704 RALLYDEBUG rally_openstack.cleanup.manager [-] Deleting neutron.port object s_rally_80d5c200_PT0mXaqM (6842bd2d-8c06-47f7-bc0c-61eb97f51f66)
2019-06-08 09:42:40.891 22704 RALLYDEBUG rally_openstack.cleanup.manager [-] Deleting neutron.port object s_rally_80d5c200_uW4QYjSv (6793a12a-1ee9-4b9b-8198-95af3e608b5d)
2019-06-08 09:42:41.396 22704 RALLYDEBUG rally_openstack.cleanup.manager [-] Deleting neutron.port object s_rally_80d5c200_7GuhFG2c (68d70943-50a7-4f0a-8a5b-33d4aad15247)
2019-06-08 09:42:41.400 22704 RALLYDEBUG rally_openstack.cleanup.manager [-] Deleting neutron.port object s_rally_80d5c200_cn1Mc2HH (69650ec9-c94d-4e2a-9be1-9dfe9e32029c)
2019-06-08 09:42:41.498 22704 RALLYDEBUG rally_openstack.cleanup.manager [-] Deleting neutron.port object s_rally_80d5c200_KLGzfcqW (6cd6b56f-506b-4006-816b-31d5d8c02a15)
2019-06-08 09:42:41.557 22704 RALLYDEBUG rally_openstack.cleanup.manager [-] Deleting neutron.port object s_rally_80d5c200_SIUEEJv5 (6d02df90-06eb-4f63-80cd-6886c7e1cdd2)
2019-06-08 09:42:41.642 22704 RALLYDEBUG rally_openstack.cleanup.manager [-] Deleting neutron.port object s_rally_80d5c200_EoKXZKXS (6db3b945-2537-4db4-81d0-46a8d19bb876)
2019-06-08 09:42:41.815 22704 RALLYDEBUG rally_openstack.cleanup.manager [-] Deleting neutron.port object s_rally_80d5c200_70KwRA2g (71c3bcf4-5f2c-48a2-bc17-4e356c7c125c)
2019-06-08 09:42:41.835 22704 RALLYDEBUG rally_openstack.cleanup.manager [-] Deleting neutron.port object s_rally_80d5c200_hOsVuDZO (724f7f17-f489-46a6-9de2-cd8597f76256)
2019-06-08 09:42:42.376 22704 RALLYDEBUG rally_openstack.cleanup.manager [-] Deleting neutron.port object s_rally_80d5c200_CWnRti2U (75841490-ef1a-42ba-8dd4-aa51c9f86f66)
2019-06-08 09:42:42.377 22704 RALLYDEBUG rally_openstack.cleanup.manager [-] Deleting neutron.port object s_rally_80d5c200_AAfYjzAJ (73a46955-f954-43ec-a109-f8915935b2d1)
2019-06-08 09:42:42.686 22704 RALLYDEBUG rally_openstack.cleanup.manager [-] Deleting neutron.port object s_rally_80d5c200_TBFkJ4Gp (7695a678-cb9e-4369-bfdc-8121d2f30fa9)
2019-06-08 09:42:42.708 22704 RALLYDEBUG rally_openstack.cleanup.manager [-] Deleting neutron.port object s_rally_80d5c200_0aTWUZG7 (7a33bb03-83c7-4a29-b52b-564e10e18a18)
2019-06-08 09:42:42.899 22704 RALLYDEBUG rally_openstack.cleanup.manager [-] Deleting neutron.port object s_rally_80d5c200_Wrh5wvbU (7b5165ed-154d-465a-9f65-5e32b28191d1)
2019-06-08 09:42:43.114 22704 RALLYDEBUG rally_openstack.cleanup.manager [-] Deleting neutron.port object s_rally_80d5c200_fBzAQUgY (7b89b390-fdbb-4968-9cee-312e688a8de1)
2019-06-08 09:42:43.125 22704 RALLYDEBUG rally_openstack.cleanup.manager [-] Deleting neutron.port object s_rally_80d5c200_VvugTgFb (7b9c09d0-c8fd-48ad-8d8c-8d412833d582)
2019-06-08 09:42:43.261 22704 RALLYDEBUG rally_openstack.cleanup.manager [-] Deleting neutron.port object s_rally_80d5c200_Ac1fj0rM (7bf13c6e-6747-4ac6-98db-eac35a3b70aa)
2019-06-08 09:42:43.697 22704 RALLYDEBUG rally_openstack.cleanup.manager [-] Deleting neutron.port object s_rally_80d5c200_BHxuWhDR (7ce175c2-af64-4401-8fdd-b6866348c70b)
2019-06-08 09:42:43.834 22704 RALLYDEBUG rally_openstack.cleanup.manager [-] Deleting neutron.port object s_rally_80d5c200_542Yh6tw (7d1556df-ec22-45c2-acfc-49fb9238564b)
2019-06-08 09:42:43.990 22704 RALLYDEBUG rally_openstack.cleanup.manager [-] Deleting neutron.port object s_rally_80d5c200_pRclRCi2 (7e0ba2da-588c-4e53-9451-991f59091b94)
2019-06-08 09:42:44.296 22704 RALLYDEBUG rally_openstack.cleanup.manager [-] Deleting neutron.port object s_rally_80d5c200_3BYNkhrC (7f08e871-d43f-40d5-94cf-4666f4b48a28)
2019-06-08 09:42:44.625 22704 RALLYDEBUG rally_openstack.cleanup.manager [-] Deleting neutron.port object s_rally_80d5c200_F16iijGA (7f7891df-b2e9-456a-a0f5-846849c1ade8)
2019-06-08 09:42:44.679 22704 RALLYDEBUG rally_openstack.cleanup.manager [-] Deleting neutron.port object s_rally_80d5c200_UCn3cRPg (7f7c367c-21bb-4d0d-8550-44db87e1307a)
2019-06-08 09:42:44.793 22704 RALLYDEBUG rally_openstack.cleanup.manager [-] Deleting neutron.port object s_rally_80d5c200_KmGFSuie (7fb3b4c4-b1fe-4ec6-aa11-005af2254efe)
2019-06-08 09:42:44.846 22704 RALLYDEBUG rally_openstack.cleanup.manager [-] Deleting neutron.port object s_rally_80d5c200_EC9ZA7Wm (80265c4f-e8a1-43dc-bce0-bb94b9a95a1f)
2019-06-08 09:42:44.858 22704 RALLYDEBUG rally_openstack.cleanup.manager [-] Deleting neutron.port object s_rally_80d5c200_rRy9asbf (81b98064-bf45-4b47-b07c-c498cc85c478)
2019-06-08 09:42:45.241 22704 RALLYDEBUG rally_openstack.cleanup.manager [-] Deleting neutron.port object s_rally_80d5c200_19GTWcfP (8228b2c3-4621-43c3-892e-ca7b05b4a7fc)
2019-06-08 09:42:45.339 22704 RALLYDEBUG rally_openstack.cleanup.manager [-] Deleting neutron.port object s_rally_80d5c200_pB3l96Aq (823aabe5-f2f5-4747-b2dd-cc8ea6a4de5b)
2019-06-08 09:42:45.407 22704 RALLYDEBUG rally_openstack.cleanup.manager [-] Deleting neutron.port object s_rally_80d5c200_qsRQ2SH8 (830e8f78-8fb5-4bd4-8409-5f058eecf2a6)
2019-06-08 09:42:45.431 22704 RALLYDEBUG rally_openstack.cleanup.manager [-] Deleting neutron.port object s_rally_80d5c200_pSysPHyI (830fdd0b-54f1-4937-af31-1c1e194c50d2)
2019-06-08 09:42:45.465 22704 RALLYDEBUG rally_openstack.cleanup.manager [-] Deleting neutron.port object s_rally_80d5c200_l1GEU7JY (8522c657-37f4-473c-b1af-869f3910301b)
2019-06-08 09:42:45.931 22704 RALLYDEBUG rally_openstack.cleanup.manager [-] Deleting neutron.port object s_rally_80d5c200_8jwgPefU (85887564-8169-4ada-acea-7ddb0086913d)
2019-06-08 09:42:46.243 22704 RALLYDEBUG rally_openstack.cleanup.manager [-] Deleting neutron.port object s_rally_80d5c200_pwBkrJSi (86543a62-d00d-451b-87e0-6f7c077aa0dc)
2019-06-08 09:42:46.276 22704 RALLYDEBUG rally_openstack.cleanup.manager [-] Deleting neutron.port object s_rally_80d5c200_1Z10p1HW (866c2e93-f095-49f0-a3cc-333dee975b56)
2019-06-08 09:42:46.283 22704 RALLYDEBUG rally_openstack.cleanup.manager [-] Deleting neutron.port object s_rally_80d5c200_TQ6sSyMf (8780a256-f239-4b78-afdb-4b42e9a7d035)
2019-06-08 09:42:46.405 22704 RALLYDEBUG rally_openstack.cleanup.manager [-] Deleting neutron.port object s_rally_80d5c200_Jlr2WAG7 (87b1da0f-bd83-4dd7-853b-c2d17e50c5cb)
2019-06-08 09:42:46.410 22704 RALLYDEBUG rally_openstack.cleanup.manager [-] Deleting neutron.port object s_rally_80d5c200_WEYNWRQq (8b91b6e9-b7a6-4c89-8b7d-0288043bad3c)
2019-06-08 09:42:46.604 22704 RALLYDEBUG rally_openstack.cleanup.manager [-] Deleting neutron.port object s_rally_80d5c200_ceb6ACri (8c215b27-33b8-4b29-9799-e2239e68a843)
2019-06-08 09:42:47.300 22704 RALLYDEBUG rally_openstack.cleanup.manager [-] Deleting neutron.port object s_rally_80d5c200_Ts7zT3tb (8e7f2490-2c4e-4d62-9096-cd5583f797eb)
2019-06-08 09:42:47.535 22704 RALLYDEBUG rally_openstack.cleanup.manager [-] Deleting neutron.port object s_rally_80d5c200_03uz8goI (8ef95443-131a-480e-9a60-d98ff2c18950)
2019-06-08 09:42:47.562 22704 RALLYDEBUG rally_openstack.cleanup.manager [-] Deleting neutron.port object s_rally_80d5c200_URA033Ba (8f90d29e-762e-487f-8251-12d1b5c39861)
2019-06-08 09:42:47.581 22704 RALLYDEBUG rally_openstack.cleanup.manager [-] Deleting neutron.port object s_rally_80d5c200_iIKYgbV6 (8fb88d2a-b064-4210-b3cc-dee5a8e0d45a)
2019-06-08 09:42:47.593 22704 RALLYDEBUG rally_openstack.cleanup.manager [-] Deleting neutron.port object s_rally_80d5c200_bi0PYR2x (90da9dd2-fe82-414b-a36f-757766354946)
2019-06-08 09:42:48.078 22704 RALLYDEBUG rally_openstack.cleanup.manager [-] Deleting neutron.port object s_rally_80d5c200_YDp7IKbR (938c9c7c-95ee-41d2-8087-0990c5f604c4)
2019-06-08 09:42:48.142 22704 RALLYDEBUG rally_openstack.cleanup.manager [-] Deleting neutron.port object s_rally_80d5c200_EH5jKdIC (94f714c4-fa0b-4e63-82f0-71eae4d988f4)
2019-06-08 09:42:48.616 22704 RALLYDEBUG rally_openstack.cleanup.manager [-] Deleting neutron.port object s_rally_80d5c200_KtoHgb4h (96523625-baf9-4e6e-aaf1-5148b1492db8)
2019-06-08 09:42:48.895 22704 RALLYDEBUG rally_openstack.cleanup.manager [-] Deleting neutron.port object s_rally_80d5c200_q32MhMJx (96dc7e45-7739-47f9-9f8b-437d1f500f0a)
2019-06-08 09:42:48.995 22704 RALLYDEBUG rally_openstack.cleanup.manager [-] Deleting neutron.port object s_rally_80d5c200_PxbPd1yz (990e7425-3264-45cb-b247-67d1cb7d02af)
2019-06-08 09:42:49.003 22704 RALLYDEBUG rally_openstack.cleanup.manager [-] Deleting neutron.port object s_rally_80d5c200_IR1JZLFJ (99a99b6a-38db-4f2b-bb1e-5a913129ae8a)
2019-06-08 09:42:49.015 22704 RALLYDEBUG rally_openstack.cleanup.manager [-] Deleting neutron.port object s_rally_80d5c200_RTWxNCuc (9f5527cc-841b-4248-8711-a1a429185ffe)
2019-06-08 09:42:49.110 22704 RALLYDEBUG rally_openstack.cleanup.manager [-] Deleting neutron.port object s_rally_80d5c200_4rDiw61o (a07b8fb0-c0fe-4882-93f0-77b4a18dd0fc)
2019-06-08 09:42:49.111 22704 RALLYDEBUG rally_openstack.cleanup.manager [-] Deleting neutron.port object s_rally_80d5c200_ccrunXhp (9fc060ff-33d8-4bea-81f8-628651c695f8)
2019-06-08 09:42:49.170 22704 RALLYDEBUG rally_openstack.cleanup.manager [-] Deleting neutron.port object s_rally_80d5c200_DwYxC5Dr (a1eaaeee-21c2-40c0-a104-1d18525ecf75)
2019-06-08 09:42:49.324 22704 RALLYDEBUG rally_openstack.cleanup.manager [-] Deleting neutron.port object s_rally_80d5c200_Gp1ZdE9S (a4472f48-50a5-49a6-84d5-c277f879b47e)
2019-06-08 09:42:49.325 22704 RALLYDEBUG rally_openstack.cleanup.manager [-] Deleting neutron.port object s_rally_80d5c200_dkdKUvxf (a581c5f3-1ae4-43dd-b1e7-1d9ee9bd714b)
2019-06-08 09:42:49.548 22704 RALLYDEBUG rally_openstack.cleanup.manager [-] Deleting neutron.port object s_rally_80d5c200_cyZaWrQs (a59dbf0c-3ad5-492b-b5ce-d81498470cbd)
2019-06-08 09:42:49.774 22704 RALLYDEBUG rally_openstack.cleanup.manager [-] Deleting neutron.port object s_rally_80d5c200_4rSrgAMI (a6982891-55b7-4887-8a3e-622b074e9b8f)
2019-06-08 09:42:49.930 22704 RALLYDEBUG rally_openstack.cleanup.manager [-] Deleting neutron.port object s_rally_80d5c200_qbV7sThE (adb8c6d8-ce0f-4017-87f3-41ff2eb10b2b)
2019-06-08 09:42:49.932 22704 RALLYDEBUG rally_openstack.cleanup.manager [-] Deleting neutron.port object s_rally_80d5c200_NbI2r19T (ad047a9c-fa4d-4e2e-a55a-9d9989d3022a)
2019-06-08 09:42:50.036 22704 RALLYDEBUG rally_openstack.cleanup.manager [-] Deleting neutron.port object s_rally_80d5c200_YnvrbAhm (ae8fa4da-febc-4349-8613-95f613987dfd)
2019-06-08 09:42:50.676 22704 RALLYDEBUG rally_openstack.cleanup.manager [-] Deleting neutron.port object s_rally_80d5c200_CpaNV8DJ (af789321-60e6-4d4b-95ee-1228c220b097)
2019-06-08 09:42:50.851 22704 RALLYDEBUG rally_openstack.cleanup.manager [-] Deleting neutron.port object s_rally_80d5c200_WAONaAeA (b120f7c2-5134-48f1-b5bd-9a11304299dc)
2019-06-08 09:42:51.125 22704 RALLYDEBUG rally_openstack.cleanup.manager [-] Deleting neutron.port object s_rally_80d5c200_xXQ5Vmrq (b1f47425-49bc-4284-9dd7-75de6f86d59c)
2019-06-08 09:42:51.675 22704 RALLYDEBUG rally_openstack.cleanup.manager [-] Deleting neutron.port object s_rally_80d5c200_mSpzC4ZR (b2e879e0-85ea-4e5b-96f1-0b697d19f376)
2019-06-08 09:42:51.679 22704 RALLYDEBUG rally_openstack.cleanup.manager [-] Deleting neutron.port object s_rally_80d5c200_LOEE32fE (b5d84206-5550-477e-85c2-c08b3c2f32b3)
2019-06-08 09:42:51.701 22704 RALLYDEBUG rally_openstack.cleanup.manager [-] Deleting neutron.port object s_rally_80d5c200_OVsiT8CU (b83bb729-d105-4fa7-8b41-248e3d5c445d)
2019-06-08 09:42:51.803 22704 RALLYDEBUG rally_openstack.cleanup.manager [-] Deleting neutron.port object s_rally_80d5c200_Zi5O9eCp (b9d4fe28-f3c5-472b-bc80-3e2606add3d8)
2019-06-08 09:42:52.311 22704 RALLYDEBUG rally_openstack.cleanup.manager [-] Deleting neutron.port object s_rally_80d5c200_kNzaDPXC (ba6f7f63-6dfd-45bc-8723-c26235975540)
2019-06-08 09:42:52.316 22704 RALLYDEBUG rally_openstack.cleanup.manager [-] Deleting neutron.port object s_rally_80d5c200_xQslCIJD (bb4204e3-e010-4c30-ade0-c6babf94c38b)
2019-06-08 09:42:52.330 22704 RALLYDEBUG rally_openstack.cleanup.manager [-] Deleting neutron.port object s_rally_80d5c200_oqadI8Q5 (bbe1738a-28b3-4502-ad4c-e0edec1a8c0b)
2019-06-08 09:42:52.520 22704 RALLYDEBUG rally_openstack.cleanup.manager [-] Deleting neutron.port object s_rally_80d5c200_D2OEOfAp (bdca8667-8ec5-439a-9cfa-c724abf57ba6)
2019-06-08 09:42:52.529 22704 RALLYDEBUG rally_openstack.cleanup.manager [-] Deleting neutron.port object s_rally_80d5c200_OfObaRSO (bfefb0be-6b7a-46d7-b33b-614ef2d74591)
2019-06-08 09:42:52.710 22704 RALLYDEBUG rally_openstack.cleanup.manager [-] Deleting neutron.port object s_rally_80d5c200_xzUAmk2G (c0577371-3404-4bb9-bfb9-f35bc97e84ec)
2019-06-08 09:42:52.737 22704 RALLYDEBUG rally_openstack.cleanup.manager [-] Deleting neutron.port object s_rally_80d5c200_Zy9TttxN (c143a7ab-7da8-4c4e-bd78-e98b9007c55f)
2019-06-08 09:42:52.738 22704 RALLYDEBUG rally_openstack.cleanup.manager [-] Deleting neutron.port object s_rally_80d5c200_ScrYKP1V (c0814f09-8b60-412a-b081-70967e5e9e59)
2019-06-08 09:42:52.747 22704 RALLYDEBUG rally_openstack.cleanup.manager [-] Deleting neutron.port object s_rally_80d5c200_S5l8G1Fj (c25ff0a0-7aa7-41db-ace0-40370754ac3b)
2019-06-08 09:42:52.795 22704 RALLYDEBUG rally_openstack.cleanup.manager [-] Deleting neutron.port object s_rally_80d5c200_MrLQUooJ (c6383907-72e2-444f-868e-f9de856640a5)
2019-06-08 09:42:52.798 22704 RALLYDEBUG rally_openstack.cleanup.manager [-] Deleting neutron.port object s_rally_80d5c200_AbSlQc4G (c6c6e90f-358c-4cff-9304-0069908f0fe8)
2019-06-08 09:42:52.824 22704 RALLYDEBUG rally_openstack.cleanup.manager [-] Deleting neutron.port object s_rally_80d5c200_C8THeNVk (c8242a6c-337b-4a12-8916-e94856d303dd)
2019-06-08 09:42:52.864 22704 RALLYDEBUG rally_openstack.cleanup.manager [-] Deleting neutron.port object s_rally_80d5c200_BG3oLtgb (c8484b56-111d-44a8-8547-e486686c7f86)
2019-06-08 09:42:52.958 22704 RALLYDEBUG rally_openstack.cleanup.manager [-] Deleting neutron.port object s_rally_80d5c200_npfvhT6Q (c91dfeda-1bf3-4f50-9e3f-814ee2bf30a2)
2019-06-08 09:42:52.973 22704 RALLYDEBUG rally_openstack.cleanup.manager [-] Deleting neutron.port object s_rally_80d5c200_btuHhNF6 (caac63d1-8982-4b8f-8008-b5d86283545c)
2019-06-08 09:42:53.294 22704 RALLYDEBUG rally_openstack.cleanup.manager [-] Deleting neutron.port object s_rally_80d5c200_Yb8raOOL (cc8040a4-4ca5-4046-a337-f1fbe8477df5)
2019-06-08 09:42:54.735 22704 RALLYDEBUG rally_openstack.cleanup.manager [-] Deleting neutron.port object s_rally_80d5c200_WXa2IcF8 (cdb95190-a088-451e-b5ca-d37c42344930)
2019-06-08 09:42:54.742 22704 RALLYDEBUG rally_openstack.cleanup.manager [-] Deleting neutron.port object s_rally_80d5c200_fZ22svyy (ce2efa5f-32bf-417d-ae6b-a60e51800d85)
2019-06-08 09:42:54.857 22704 RALLYDEBUG rally_openstack.cleanup.manager [-] Deleting neutron.port object s_rally_80d5c200_BKRez9oz (cf5dd54c-b9cb-4259-b96a-abe9a3870ffc)
2019-06-08 09:42:54.920 22704 RALLYDEBUG rally_openstack.cleanup.manager [-] Deleting neutron.port object s_rally_80d5c200_PSESFPmZ (d31e5475-a3ae-491e-b81b-6e5f1e3941ba)
2019-06-08 09:42:54.957 22704 RALLYDEBUG rally_openstack.cleanup.manager [-] Deleting neutron.port object s_rally_80d5c200_lNqCzeUA (d4e26754-1894-40c7-ba76-8c6a5430b85e)
2019-06-08 09:42:55.458 22704 RALLYDEBUG rally_openstack.cleanup.manager [-] Deleting neutron.port object s_rally_80d5c200_FylkwdlJ (d63da0bb-1ca5-4348-9feb-e57ea164b386)
2019-06-08 09:42:55.465 22704 RALLYDEBUG rally_openstack.cleanup.manager [-] Deleting neutron.port object s_rally_80d5c200_QqKJoQBU (d683ee89-e26d-45b6-9999-629565fa59ca)
2019-06-08 09:42:55.503 22704 RALLYDEBUG rally_openstack.cleanup.manager [-] Deleting neutron.port object s_rally_80d5c200_g6gS0w4c (d7db0e70-99ed-4c5a-bf86-efc6c01861d0)
2019-06-08 09:42:55.509 22704 RALLYDEBUG rally_openstack.cleanup.manager [-] Deleting neutron.port object s_rally_80d5c200_OHqbThpV (dae47453-1f56-4acf-ba60-de8c8350c59a)
2019-06-08 09:42:55.608 22704 RALLYDEBUG rally_openstack.cleanup.manager [-] Deleting neutron.port object s_rally_80d5c200_FEYLqLvZ (e1c9700c-cc3c-499c-9e8e-e43a4c7289cc)
2019-06-08 09:42:55.725 22704 RALLYDEBUG rally_openstack.cleanup.manager [-] Deleting neutron.port object s_rally_80d5c200_gKx2zZKR (e1e74670-2411-483e-a382-636a8c4aeda6)
2019-06-08 09:42:57.127 22704 RALLYDEBUG rally_openstack.cleanup.manager [-] Deleting neutron.port object s_rally_80d5c200_lyJuHmFB (e2756efa-192d-4d83-8756-04eb5366a02d)
2019-06-08 09:42:57.152 22704 RALLYDEBUG rally_openstack.cleanup.manager [-] Deleting neutron.port object s_rally_80d5c200_QNKMORLd (e3c3b401-c7d3-41b5-88d8-32f332e7d0a7)
2019-06-08 09:42:57.156 22704 RALLYDEBUG rally_openstack.cleanup.manager [-] Deleting neutron.port object s_rally_80d5c200_B0xiGuzM (e2be6087-9a98-4e58-a4e2-7495d512043e)
2019-06-08 09:42:57.168 22704 RALLYDEBUG rally_openstack.cleanup.manager [-] Deleting neutron.port object s_rally_80d5c200_LSBXqmyp (e41a25dc-05e1-4989-8208-eda9f430cca2)
2019-06-08 09:42:57.255 22704 RALLYDEBUG rally_openstack.cleanup.manager [-] Deleting neutron.port object s_rally_80d5c200_uTzOuh9v (e5b8f59e-5736-4f65-b1b5-2df5f5559370)
2019-06-08 09:42:57.921 22704 RALLYDEBUG rally_openstack.cleanup.manager [-] Deleting neutron.port object s_rally_80d5c200_hCcq4eST (e79d7cc6-8848-40cf-bbad-10c96cfc3844)
2019-06-08 09:42:57.934 22704 RALLYDEBUG rally_openstack.cleanup.manager [-] Deleting neutron.port object s_rally_80d5c200_pt8h41hE (e9203b7b-2123-4ffa-8d75-dedf28d76ea2)
2019-06-08 09:42:57.938 22704 RALLYDEBUG rally_openstack.cleanup.manager [-] Deleting neutron.port object s_rally_80d5c200_kWXTwf9s (ea52e361-dc1c-4938-8b6a-fcc1b9f1a4d2)
2019-06-08 09:42:57.976 22704 RALLYDEBUG rally_openstack.cleanup.manager [-] Deleting neutron.port object s_rally_80d5c200_NJLBZ8kU (ea71daa9-3c11-419b-a6fa-6c0596694052)
2019-06-08 09:42:58.002 22704 RALLYDEBUG rally_openstack.cleanup.manager [-] Deleting neutron.port object s_rally_80d5c200_bIe8M9iu (eb2c7bbf-a6d3-4233-ae5a-f0fe8fe5d197)
2019-06-08 09:42:58.023 22704 RALLYDEBUG rally_openstack.cleanup.manager [-] Deleting neutron.port object s_rally_80d5c200_la7FJFbP (ec9e73c4-4d50-495e-88d7-49d04657622e)
2019-06-08 09:42:58.290 22704 RALLYDEBUG rally_openstack.cleanup.manager [-] Deleting neutron.port object s_rally_80d5c200_0fDZCrOi (ecc70879-42af-4c14-ae3d-e8bc318d4532)
2019-06-08 09:42:58.727 22704 RALLYDEBUG rally_openstack.cleanup.manager [-] Deleting neutron.port object s_rally_80d5c200_GWrnuNsJ (ed52b0b1-d56a-4d39-85eb-59d684e59a55)
2019-06-08 09:42:58.751 22704 RALLYDEBUG rally_openstack.cleanup.manager [-] Deleting neutron.port object s_rally_80d5c200_S1cvGgJd (f10abc4f-23c3-4beb-a564-2f25c10a2c8f)
2019-06-08 09:42:58.766 22704 RALLYDEBUG rally_openstack.cleanup.manager [-] Deleting neutron.port object s_rally_80d5c200_RHEGUv3E (f13e8c95-cf29-45da-9afb-14a97306564a)
2019-06-08 09:43:00.221 22704 RALLYDEBUG rally_openstack.cleanup.manager [-] Deleting neutron.port object s_rally_80d5c200_1ZK8TRkM (f18b1d4a-8048-4b5a-ab1a-9de80c9f4c09)
2019-06-08 09:43:00.228 22704 RALLYDEBUG rally_openstack.cleanup.manager [-] Deleting neutron.port object s_rally_80d5c200_NEecImaY (f1cd1404-cbbc-499e-8ef4-d8ffc0f5af3f)
2019-06-08 09:43:00.237 22704 RALLYDEBUG rally_openstack.cleanup.manager [-] Deleting neutron.port object s_rally_80d5c200_mDWM2Dm1 (f1ae0a42-4dfb-49ba-960c-727138cb562b)
2019-06-08 09:43:00.238 22704 RALLYDEBUG rally_openstack.cleanup.manager [-] Deleting neutron.port object s_rally_80d5c200_CuE0PvdB (f442e590-3832-4f76-9c7a-1abbd4017b38)
2019-06-08 09:43:00.238 22704 RALLYDEBUG rally_openstack.cleanup.manager [-] Deleting neutron.port object s_rally_80d5c200_Vupi49PD (f1f250ae-7040-4199-93d7-559d31a74887)
2019-06-08 09:43:00.516 22704 RALLYDEBUG rally_openstack.cleanup.manager [-] Deleting neutron.port object s_rally_80d5c200_hXQVgAqY (f5aad1bc-0eec-4c13-8d9a-381da039e917)
2019-06-08 09:43:00.543 22704 RALLYDEBUG rally_openstack.cleanup.manager [-] Deleting neutron.port object s_rally_80d5c200_Tomagy0n (f9098a96-811c-41f7-a061-f5be667931bb)
2019-06-08 09:43:00.554 22704 RALLYDEBUG rally_openstack.cleanup.manager [-] Deleting neutron.port object s_rally_80d5c200_aLMSSR0S (fa2f1c77-edbb-47ab-ba2c-c5a5c4f9afc6)
2019-06-08 09:43:00.777 22704 RALLYDEBUG rally_openstack.cleanup.manager [-] Deleting neutron.port object s_rally_80d5c200_kmqCQJDp (fa988164-72d0-4da4-a82f-33374e3caa76)
2019-06-08 09:43:00.903 22704 RALLYDEBUG rally_openstack.cleanup.manager [-] Deleting neutron.port object s_rally_80d5c200_MdstdYfV (fb2bb5b4-5a9d-4961-aef4-bf665c1305c4)
2019-06-08 09:43:00.998 22704 RALLYDEBUG rally_openstack.cleanup.manager [-] Deleting neutron.port object s_rally_80d5c200_p4LGcO7G (fd9adc59-824e-400c-9281-3f7948ff846f)
2019-06-08 09:43:01.067 22704 RALLYDEBUG rally_openstack.cleanup.manager [-] Deleting neutron.port object s_rally_80d5c200_azK5q3JY (fe0b8ef3-a3df-4b5b-81cb-9e8fd8812657)
2019-06-08 09:43:01.072 22704 RALLYDEBUG rally_openstack.cleanup.manager [-] Deleting neutron.port object s_rally_80d5c200_hflWnEsZ (fe524441-2f64-4e2e-a2ec-8e014810da34)
2019-06-08 09:43:01.206 22704 RALLYDEBUG rally_openstack.cleanup.manager [-] Deleting neutron.port object s_rally_80d5c200_IgFwqN3W (ffbaeafc-d3fd-4e74-8173-da7fe41e1266)
2019-06-08 09:43:03.930 22704 RALLYDEBUG rally_openstack.cleanup.manager [-] Cleaning up neutron subnet objects
2019-06-08 09:43:04.666 22704 RALLYDEBUG rally_openstack.cleanup.manager [-] Cleaning up neutron network objects
2019-06-08 09:43:05.466 22704 RALLYDEBUG rally_openstack.cleanup.manager [-] Deleting neutron.network object s_rally_80d5c200_wHDGbxe3 (0f9c531c-1c6c-42e1-a04c-f10185ea9e99)
2019-06-08 09:43:05.477 22704 RALLYDEBUG rally_openstack.cleanup.manager [-] Deleting neutron.network object s_rally_80d5c200_ZP0xNyfD (10a5502c-17e4-48fa-b448-45d0c4be9db7)
2019-06-08 09:43:05.479 22704 RALLYDEBUG rally_openstack.cleanup.manager [-] Deleting neutron.network object s_rally_80d5c200_LpBVsJm4 (11a3fb89-d7ce-4eae-a1c9-b55f5baa5d0b)
2019-06-08 09:43:05.484 22704 RALLYDEBUG rally_openstack.cleanup.manager [-] Deleting neutron.network object s_rally_80d5c200_UmDNQbLY (1ae5e575-40ee-4d27-9d58-0c4b3027a226)
2019-06-08 09:43:05.488 22704 RALLYDEBUG rally_openstack.cleanup.manager [-] Deleting neutron.network object s_rally_80d5c200_Pczt4ynx (11d5a983-98a9-4b71-b713-c69b90c9a159)
2019-06-08 09:43:05.500 22704 RALLYDEBUG rally_openstack.cleanup.manager [-] Deleting neutron.network object s_rally_80d5c200_svWRybiM (20e22a2c-8d1f-411d-8128-f4c20fa83046)
2019-06-08 09:43:05.513 22704 RALLYDEBUG rally_openstack.cleanup.manager [-] Deleting neutron.network object s_rally_80d5c200_bI2xGuZt (20e92416-dd68-4f22-a84c-f86c8bb3932a)
2019-06-08 09:43:05.515 22704 RALLYDEBUG rally_openstack.cleanup.manager [-] Deleting neutron.network object s_rally_80d5c200_Mb1PS9dU (27b5babd-cdcd-4ab2-9966-349373d38d46)
2019-06-08 09:43:05.529 22704 RALLYDEBUG rally_openstack.cleanup.manager [-] Deleting neutron.network object s_rally_80d5c200_9GqBKtZN (2a821e91-7bc5-4689-a9b3-6e423cc6f4d0)
2019-06-08 09:43:05.567 22704 RALLYDEBUG rally_openstack.cleanup.manager [-] Deleting neutron.network object s_rally_80d5c200_MFPx0i16 (2d97e608-103b-4489-a095-c6e54a2815db)
2019-06-08 09:43:05.569 22704 RALLYDEBUG rally_openstack.cleanup.manager [-] Deleting neutron.network object s_rally_80d5c200_Qvn0GvA9 (31813ee4-0087-40ba-96e9-168b996d4838)
2019-06-08 09:43:05.596 22704 RALLYDEBUG rally_openstack.cleanup.manager [-] Deleting neutron.network object s_rally_80d5c200_5IeHh4eo (3493b4ff-6fed-4e95-9147-72afc5a6ced4)
2019-06-08 09:43:05.598 22704 RALLYDEBUG rally_openstack.cleanup.manager [-] Deleting neutron.network object s_rally_80d5c200_Yhcp6Z0t (3dd7f154-075a-457d-9aca-d35b882ca78e)
2019-06-08 09:43:05.600 22704 RALLYDEBUG rally_openstack.cleanup.manager [-] Deleting neutron.network object s_rally_80d5c200_2wT8Ew8y (37cf1daa-72ab-45c0-8c9c-7aeeef79b10c)
2019-06-08 09:43:05.609 22704 RALLYDEBUG rally_openstack.cleanup.manager [-] Deleting neutron.network object s_rally_80d5c200_xC6OUruu (3e04159d-6697-4706-8a07-b46ecc1955f9)
2019-06-08 09:43:05.627 22704 RALLYDEBUG rally_openstack.cleanup.manager [-] Deleting neutron.network object s_rally_80d5c200_ses64leG (4d691c92-3cb8-4749-b470-308042898d48)
2019-06-08 09:43:05.635 22704 RALLYDEBUG rally_openstack.cleanup.manager [-] Deleting neutron.network object s_rally_80d5c200_nKlbDKqP (445b6a62-81b4-456d-8d20-f4a9f70aaea8)
2019-06-08 09:43:05.638 22704 RALLYDEBUG rally_openstack.cleanup.manager [-] Deleting neutron.network object s_rally_80d5c200_cMVjMRP1 (451ac5db-35a4-4900-81a1-077120e4693f)
2019-06-08 09:43:05.663 22704 RALLYDEBUG rally_openstack.cleanup.manager [-] Deleting neutron.network object s_rally_80d5c200_pIafOgWZ (53d0fbf1-3da5-427d-9647-4631f4aefa57)
2019-06-08 09:43:05.678 22704 RALLYDEBUG rally_openstack.cleanup.manager [-] Deleting neutron.network object s_rally_80d5c200_4cRwWgd3 (51b4f965-2f0e-4183-b5b3-da9085cdd381)
2019-06-08 09:43:08.980 22704 RALLYDEBUG rally_openstack.cleanup.manager [-] Deleting neutron.network object s_rally_80d5c200_EJ6HaAzD (6c439cff-59e9-475e-b735-fc035792c38a)
2019-06-08 09:43:09.149 22704 RALLYDEBUG rally_openstack.cleanup.manager [-] Deleting neutron.network object s_rally_80d5c200_J6LIhity (7103ea30-6217-4755-b62e-6f1fea83f4c4)
2019-06-08 09:43:09.155 22704 RALLYDEBUG rally_openstack.cleanup.manager [-] Deleting neutron.network object s_rally_80d5c200_IuTzoJy2 (79907cf1-4bd2-4555-b171-9ed956844adf)
2019-06-08 09:43:09.791 22704 RALLYDEBUG rally_openstack.cleanup.manager [-] Deleting neutron.network object s_rally_80d5c200_BSoSbVIW (7aa122b8-1d22-4248-899f-ad2a41b0a941)
2019-06-08 09:43:09.923 22704 RALLYDEBUG rally_openstack.cleanup.manager [-] Deleting neutron.network object s_rally_80d5c200_tuUpjAHG (92700275-f9ec-4bcd-aee1-32f4d3daaf11)
2019-06-08 09:43:09.963 22704 RALLYDEBUG rally_openstack.cleanup.manager [-] Deleting neutron.network object s_rally_80d5c200_4yGMuSMC (9f4e3c2e-61b8-4774-be67-c312545ae101)
2019-06-08 09:43:09.979 22704 RALLYDEBUG rally_openstack.cleanup.manager [-] Deleting neutron.network object s_rally_80d5c200_yWc4chX5 (9f5e8b59-a2d9-4097-a352-5a2470f45564)
2019-06-08 09:43:10.017 22704 RALLYDEBUG rally_openstack.cleanup.manager [-] Deleting neutron.network object s_rally_80d5c200_tgGQQjRl (b78be8ea-4930-4b34-a419-e6049dc53004)
2019-06-08 09:43:10.130 22704 RALLYDEBUG rally_openstack.cleanup.manager [-] Deleting neutron.network object s_rally_80d5c200_6JnbRBbd (b96ab52b-c3e1-411d-8175-73c18f0fef34)
2019-06-08 09:43:10.344 22704 RALLYDEBUG rally_openstack.cleanup.manager [-] Deleting neutron.network object s_rally_80d5c200_vvZ8I9Hw (bf0a41cc-b865-442f-ad41-49db4b1ccf9b)
2019-06-08 09:43:10.851 22704 RALLYDEBUG rally_openstack.cleanup.manager [-] Deleting neutron.network object s_rally_80d5c200_8dz1lscF (c8d447d7-a1d3-4d7e-84b1-0f4a66ab6067)
2019-06-08 09:43:10.881 22704 RALLYDEBUG rally_openstack.cleanup.manager [-] Deleting neutron.network object s_rally_80d5c200_NK1pJT5G (cc37c6b1-5041-4b94-897a-01b06de5e24d)
2019-06-08 09:43:10.921 22704 RALLYDEBUG rally_openstack.cleanup.manager [-] Deleting neutron.network object s_rally_80d5c200_LA0emhpu (cdbb918c-ce8f-4558-98f1-bcaa0d632fce)
2019-06-08 09:43:10.948 22704 RALLYDEBUG rally_openstack.cleanup.manager [-] Deleting neutron.network object s_rally_80d5c200_0NuDvplK (cea34d2c-e701-4661-a8e8-5275ac65cdf4)
2019-06-08 09:43:11.025 22704 RALLYDEBUG rally_openstack.cleanup.manager [-] Deleting neutron.network object s_rally_80d5c200_D73pXfJA (d6cbfa5e-40f1-4142-998a-c9087118bc77)
2019-06-08 09:43:11.143 22704 RALLYDEBUG rally_openstack.cleanup.manager [-] Deleting neutron.network object s_rally_80d5c200_pRIy5O5F (dc25061f-e25c-480a-a100-5eca6324ddd7)
2019-06-08 09:43:11.164 22704 RALLYDEBUG rally_openstack.cleanup.manager [-] Deleting neutron.network object s_rally_80d5c200_tupL1dlp (eb7caf58-a741-4151-a99f-2dfc2037cd5a)
2019-06-08 09:43:11.459 22704 RALLYDEBUG rally_openstack.cleanup.manager [-] Deleting neutron.network object s_rally_80d5c200_aNOhC2Ok (ee7050d8-c3ca-42f5-bfab-68269cfd9e5d)
2019-06-08 09:43:11.489 22704 RALLYDEBUG rally_openstack.cleanup.manager [-] Deleting neutron.network object s_rally_80d5c200_vl1e7W7h (eeb1a66e-e814-443e-bfe6-c6ae780d736a)
2019-06-08 09:43:11.546 22704 RALLYDEBUG rally_openstack.cleanup.manager [-] Deleting neutron.network object s_rally_80d5c200_40lU9RmX (ef620c2a-1dd9-4410-8f38-ad756b452ed4)
2019-06-08 09:43:14.747 22704 RALLYDEBUG rally_openstack.cleanup.manager [-] Cleaning up neutron router objects
2019-06-08 09:43:15.758 22704 RALLYDEBUG rally_openstack.cleanup.manager [-] Cleaning up neutron security_group objects
2019-06-08 09:43:16.434 22704 INFO rally.task.context [-] Task 555dc4c9-72a5-4371-a1d5-f919c1c886f3 | Context cleanup@openstack cleanup() finished in 53.37 sec
2019-06-08 09:43:16.434 22704 INFO rally.task.context [-] Task 555dc4c9-72a5-4371-a1d5-f919c1c886f3 | Context quotas@openstack cleanup() started
2019-06-08 09:43:16.656 22704 INFO rally.task.context [-] Task 555dc4c9-72a5-4371-a1d5-f919c1c886f3 | Context quotas@openstack cleanup() finished in 0.22 sec
2019-06-08 09:43:16.656 22704 INFO rally.task.context [-] Task 555dc4c9-72a5-4371-a1d5-f919c1c886f3 | Context users@openstack cleanup() started
2019-06-08 09:43:21.143 22704 INFO rally.task.context [-] Task 555dc4c9-72a5-4371-a1d5-f919c1c886f3 | Context users@openstack cleanup() finished in 4.49 sec
2019-06-08 09:43:21.515 22704 INFO rally.task.engine [-] Load duration is: 40.901413
2019-06-08 09:43:21.516 22704 INFO rally.task.engine [-] Full runner duration is: 40.948186
2019-06-08 09:43:21.516 22704 INFO rally.task.engine [-] Full duration is: 104.037965
2019-06-08 09:43:21.713 22704 INFO rally.task.engine [-] Running workload: position = 2 config = { "version": 2, "title": "A cropped version of a bigger task.", "description": "Auto-generated task from a single workload (uuid=19db2930-7b0f-4faf-9fcf-f24b7f362d4f)", "subtasks": [ { "title": "NeutronNetworks.create_and_delete_ports", "description": "Create and delete a port.", "scenario": { "NeutronNetworks.create_and_delete_ports": { "network_create_args": {}, "port_create_args": {}, "ports_per_network": 5 } }, "contexts": { "users": { "tenants": 1, "users_per_tenant": 1 }, "quotas": { "neutron": { "network": -1, "port": -1 } } }, "runner": { "constant": { "times": 40, "concurrency": 20 } }, "hooks": [], "sla": { "failure_rate": { "max": 0 } } } ] }
2019-06-08 09:43:21.734 22704 RALLYDEBUG rally_openstack.contexts.keystone.users [-] Creating 1 tenants using 20 threads
2019-06-08 09:43:23.432 22704 RALLYDEBUG rally_openstack.contexts.keystone.users [-] Creating 1 users using 20 threads
2019-06-08 09:43:25.956 22704 INFO rally.task.context [-] Task 555dc4c9-72a5-4371-a1d5-f919c1c886f3 | Context users@openstack setup() finished in 4.22 sec
2019-06-08 09:43:26.707 22704 INFO rally.task.context [-] Task 555dc4c9-72a5-4371-a1d5-f919c1c886f3 | Context quotas@openstack setup() finished in 0.75 sec
2019-06-08 09:43:26.708 22704 INFO rally.task.context [-] Task 555dc4c9-72a5-4371-a1d5-f919c1c886f3 | Context cleanup@openstack setup() finished in 0.00 msec
2019-06-08 09:43:26.716 22704 RALLYDEBUG rally.task.runner [-] Starting the constant runner (task UUID: 555dc4c9-72a5-4371-a1d5-f919c1c886f3). timeout: 0 concurrency: 20 concurrency_per_worker: 1 times: 40 concurrency_overhead: 4 processes_to_start: 16 max_cpu_used: 16
2019-06-08 09:43:26.730 26950 RALLYDEBUG rally.task.runner [-] Starting a worker. concurrency: 2 args: {"network_create_args": {}, "port_create_args": {}, "ports_per_network": 5} times: 40 method_name: run timeout: 0 duration: None cls:
2019-06-08 09:43:26.732 26951 RALLYDEBUG rally.task.runner [-] Starting a worker. concurrency: 2 args: {"network_create_args": {}, "port_create_args": {}, "ports_per_network": 5} times: 40 method_name: run timeout: 0 duration: None cls:
2019-06-08 09:43:26.735 26952 RALLYDEBUG rally.task.runner [-] Starting a worker. concurrency: 2 args: {"network_create_args": {}, "port_create_args": {}, "ports_per_network": 5} times: 40 method_name: run timeout: 0 duration: None cls:
2019-06-08 09:43:26.738 26951 INFO rally.task.runner [-] Task 555dc4c9-72a5-4371-a1d5-f919c1c886f3 | ITER: 2 START
2019-06-08 09:43:26.738 26950 INFO rally.task.runner [-] Task 555dc4c9-72a5-4371-a1d5-f919c1c886f3 | ITER: 1 START
2019-06-08 09:43:26.738 26953 RALLYDEBUG rally.task.runner [-] Starting a worker. concurrency: 2 args: {"network_create_args": {}, "port_create_args": {}, "ports_per_network": 5} times: 40 method_name: run timeout: 0 duration: None cls:
2019-06-08 09:43:26.740 26951 WARNING rally_openstack.scenarios.neutron.utils [-] Running this scenario without either the 'network' or 'existing_network' context is deprecated
2019-06-08 09:43:26.741 26954 RALLYDEBUG rally.task.runner [-] Starting a worker. concurrency: 1 args: {"network_create_args": {}, "port_create_args": {}, "ports_per_network": 5} times: 40 method_name: run timeout: 0 duration: None cls:
2019-06-08 09:43:26.742 26950 WARNING rally_openstack.scenarios.neutron.utils [-] Running this scenario without either the 'network' or 'existing_network' context is deprecated
2019-06-08 09:43:26.744 26952 INFO rally.task.runner [-] Task 555dc4c9-72a5-4371-a1d5-f919c1c886f3 | ITER: 3 START
2019-06-08 09:43:26.746 26953 INFO rally.task.runner [-] Task 555dc4c9-72a5-4371-a1d5-f919c1c886f3 | ITER: 6 START
2019-06-08 09:43:26.745 26952 INFO rally.task.runner [-] Task 555dc4c9-72a5-4371-a1d5-f919c1c886f3 | ITER: 7 START
2019-06-08 09:43:26.748 26954 INFO rally.task.runner [-] Task 555dc4c9-72a5-4371-a1d5-f919c1c886f3 | ITER: 8 START
2019-06-08 09:43:26.747 26959 RALLYDEBUG rally.task.runner [-] Starting a worker. concurrency: 1 args: {"network_create_args": {}, "port_create_args": {}, "ports_per_network": 5} times: 40 method_name: run timeout: 0 duration: None cls:
2019-06-08 09:43:26.749 26954 WARNING rally_openstack.scenarios.neutron.utils [-] Running this scenario without either the 'network' or 'existing_network' context is deprecated
2019-06-08 09:43:26.748 26953 WARNING rally_openstack.scenarios.neutron.utils [-] Running this scenario without either the 'network' or 'existing_network' context is deprecated
2019-06-08 09:43:26.750 26952 WARNING rally_openstack.scenarios.neutron.utils [-] Running this scenario without either the 'network' or 'existing_network' context is deprecated
2019-06-08 09:43:26.754 26966 RALLYDEBUG rally.task.runner [-] Starting a worker. concurrency: 1 args: {"network_create_args": {}, "port_create_args": {}, "ports_per_network": 5} times: 40 method_name: run timeout: 0 duration: None cls:
2019-06-08 09:43:26.755 26959 INFO rally.task.runner [-] Task 555dc4c9-72a5-4371-a1d5-f919c1c886f3 | ITER: 10 START
2019-06-08 09:43:26.755 26951 INFO rally.task.runner [-] Task 555dc4c9-72a5-4371-a1d5-f919c1c886f3 | ITER: 5 START
2019-06-08 09:43:26.756 26953 INFO rally.task.runner [-] Task 555dc4c9-72a5-4371-a1d5-f919c1c886f3 | ITER: 9 START
2019-06-08 09:43:26.757 26951 WARNING rally_openstack.scenarios.neutron.utils [-] Running this scenario without either the 'network' or 'existing_network' context is deprecated
2019-06-08 09:43:26.758 26952 WARNING rally_openstack.scenarios.neutron.utils [-] Running this scenario without either the 'network' or 'existing_network' context is deprecated
2019-06-08 09:43:26.758 26950 INFO rally.task.runner [-] Task 555dc4c9-72a5-4371-a1d5-f919c1c886f3 | ITER: 4 START
2019-06-08 09:43:26.759 26959 WARNING rally_openstack.scenarios.neutron.utils [-] Running this scenario without either the 'network' or 'existing_network' context is deprecated
2019-06-08 09:43:26.759 26950 WARNING rally_openstack.scenarios.neutron.utils [-] Running this scenario without either the 'network' or 'existing_network' context is deprecated
2019-06-08 09:43:26.760 26953 WARNING rally_openstack.scenarios.neutron.utils [-] Running this scenario without either the 'network' or 'existing_network' context is deprecated
2019-06-08 09:43:26.761 26970 RALLYDEBUG rally.task.runner [-] Starting a worker. concurrency: 1 args: {"network_create_args": {}, "port_create_args": {}, "ports_per_network": 5} times: 40 method_name: run timeout: 0 duration: None cls:
2019-06-08 09:43:26.764 26966 INFO rally.task.runner [-] Task 555dc4c9-72a5-4371-a1d5-f919c1c886f3 | ITER: 11 START
2019-06-08 09:43:26.766 26966 WARNING rally_openstack.scenarios.neutron.utils [-] Running this scenario without either the 'network' or 'existing_network' context is deprecated
2019-06-08 09:43:26.767 26973 RALLYDEBUG rally.task.runner [-] Starting a worker. concurrency: 1 args: {"network_create_args": {}, "port_create_args": {}, "ports_per_network": 5} times: 40 method_name: run timeout: 0 duration: None cls:
2019-06-08 09:43:26.768 26970 INFO rally.task.runner [-] Task 555dc4c9-72a5-4371-a1d5-f919c1c886f3 | ITER: 12 START
2019-06-08 09:43:26.770 26970 WARNING rally_openstack.scenarios.neutron.utils [-] Running this scenario without either the 'network' or 'existing_network' context is deprecated
2019-06-08 09:43:26.770 26976 RALLYDEBUG rally.task.runner [-] Starting a worker. concurrency: 1 args: {"network_create_args": {}, "port_create_args": {}, "ports_per_network": 5} times: 40 method_name: run timeout: 0 duration: None cls:
2019-06-08 09:43:26.772 26978 RALLYDEBUG rally.task.runner [-] Starting a worker. concurrency: 1 args: {"network_create_args": {}, "port_create_args": {}, "ports_per_network": 5} times: 40 method_name: run timeout: 0 duration: None cls:
2019-06-08 09:43:26.773 26973 INFO rally.task.runner [-] Task 555dc4c9-72a5-4371-a1d5-f919c1c886f3 | ITER: 13 START
2019-06-08 09:43:26.775 26973 WARNING rally_openstack.scenarios.neutron.utils [-] Running this scenario without either the 'network' or 'existing_network' context is deprecated
2019-06-08 09:43:26.778 26976 INFO rally.task.runner [-] Task 555dc4c9-72a5-4371-a1d5-f919c1c886f3 | ITER: 14 START
2019-06-08 09:43:26.780 26976 WARNING rally_openstack.scenarios.neutron.utils [-] Running this scenario without either the 'network' or 'existing_network' context is deprecated
2019-06-08 09:43:26.779 26981 RALLYDEBUG rally.task.runner [-] Starting a worker. concurrency: 1 args: {"network_create_args": {}, "port_create_args": {}, "ports_per_network": 5} times: 40 method_name: run timeout: 0 duration: None cls:
2019-06-08 09:43:26.783 26978 INFO rally.task.runner [-] Task 555dc4c9-72a5-4371-a1d5-f919c1c886f3 | ITER: 15 START
2019-06-08 09:43:26.785 26978 WARNING rally_openstack.scenarios.neutron.utils [-] Running this scenario without either the 'network' or 'existing_network' context is deprecated
2019-06-08 09:43:26.791 26988 RALLYDEBUG rally.task.runner [-] Starting a worker. concurrency: 1 args: {"network_create_args": {}, "port_create_args": {}, "ports_per_network": 5} times: 40 method_name: run timeout: 0 duration: None cls:
2019-06-08 09:43:26.792 26981 INFO rally.task.runner [-] Task 555dc4c9-72a5-4371-a1d5-f919c1c886f3 | ITER: 16 START
2019-06-08 09:43:26.793 26981 WARNING rally_openstack.scenarios.neutron.utils [-] Running this scenario without either the 'network' or 'existing_network' context is deprecated
2019-06-08 09:43:26.796 26988 INFO rally.task.runner [-] Task 555dc4c9-72a5-4371-a1d5-f919c1c886f3 | ITER: 17 START
2019-06-08 09:43:26.796 26991 RALLYDEBUG rally.task.runner [-] Starting a worker. concurrency: 1 args: {"network_create_args": {}, "port_create_args": {}, "ports_per_network": 5} times: 40 method_name: run timeout: 0 duration: None cls:
2019-06-08 09:43:26.798 26988 WARNING rally_openstack.scenarios.neutron.utils [-] Running this scenario without either the 'network' or 'existing_network' context is deprecated
2019-06-08 09:43:26.802 26991 INFO rally.task.runner [-] Task 555dc4c9-72a5-4371-a1d5-f919c1c886f3 | ITER: 18 START
2019-06-08 09:43:26.804 26991 WARNING rally_openstack.scenarios.neutron.utils [-] Running this scenario without either the 'network' or 'existing_network' context is deprecated
2019-06-08 09:43:26.806 26994 RALLYDEBUG rally.task.runner [-] Starting a worker. concurrency: 1 args: {"network_create_args": {}, "port_create_args": {}, "ports_per_network": 5} times: 40 method_name: run timeout: 0 duration: None cls:
2019-06-08 09:43:26.811 26994 INFO rally.task.runner [-] Task 555dc4c9-72a5-4371-a1d5-f919c1c886f3 | ITER: 19 START
2019-06-08 09:43:26.811 26997 RALLYDEBUG rally.task.runner [-] Starting a worker. concurrency: 1 args: {"network_create_args": {}, "port_create_args": {}, "ports_per_network": 5} times: 40 method_name: run timeout: 0 duration: None cls:
2019-06-08 09:43:26.812 26994 WARNING rally_openstack.scenarios.neutron.utils [-] Running this scenario without either the 'network' or 'existing_network' context is deprecated
2019-06-08 09:43:26.815 26997 INFO rally.task.runner [-] Task 555dc4c9-72a5-4371-a1d5-f919c1c886f3 | ITER: 20 START
2019-06-08 09:43:26.816 26997 WARNING rally_openstack.scenarios.neutron.utils [-] Running this scenario without either the 'network' or 'existing_network' context is deprecated
2019-06-08 09:43:38.311 26981 INFO rally.task.runner [-] Task 555dc4c9-72a5-4371-a1d5-f919c1c886f3 | ITER: 16 END: OK
2019-06-08 09:43:38.315 26981 INFO rally.task.runner [-] Task 555dc4c9-72a5-4371-a1d5-f919c1c886f3 | ITER: 21 START
2019-06-08 09:43:38.316 26981 WARNING rally_openstack.scenarios.neutron.utils [-] Running this scenario without either the 'network' or 'existing_network' context is deprecated
2019-06-08 09:43:38.379 26951 INFO rally.task.runner [-] Task 555dc4c9-72a5-4371-a1d5-f919c1c886f3 | ITER: 2 END: OK
2019-06-08 09:43:38.384 26951 INFO rally.task.runner [-] Task 555dc4c9-72a5-4371-a1d5-f919c1c886f3 | ITER: 22 START
2019-06-08 09:43:38.385 26951 WARNING rally_openstack.scenarios.neutron.utils [-] Running this scenario without either the 'network' or 'existing_network' context is deprecated
2019-06-08 09:43:38.480 26950 INFO rally.task.runner [-] Task 555dc4c9-72a5-4371-a1d5-f919c1c886f3 | ITER: 4 END: OK
2019-06-08 09:43:38.484 26950 INFO rally.task.runner [-] Task 555dc4c9-72a5-4371-a1d5-f919c1c886f3 | ITER: 23 START
2019-06-08 09:43:38.485 26950 WARNING rally_openstack.scenarios.neutron.utils [-] Running this scenario without either the 'network' or 'existing_network' context is deprecated
2019-06-08 09:43:38.630 26997 INFO rally.task.runner [-] Task 555dc4c9-72a5-4371-a1d5-f919c1c886f3 | ITER: 20 END: OK
2019-06-08 09:43:38.635 26997 INFO rally.task.runner [-] Task 555dc4c9-72a5-4371-a1d5-f919c1c886f3 | ITER: 24 START
2019-06-08 09:43:38.635 26997 WARNING rally_openstack.scenarios.neutron.utils [-] Running this scenario without either the 'network' or 'existing_network' context is deprecated
2019-06-08 09:43:38.663 26991 INFO rally.task.runner [-] Task 555dc4c9-72a5-4371-a1d5-f919c1c886f3 | ITER: 18 END: OK
2019-06-08 09:43:38.663 26952 INFO rally.task.runner [-] Task 555dc4c9-72a5-4371-a1d5-f919c1c886f3 | ITER: 7 END: OK
2019-06-08 09:43:38.667 26991 INFO rally.task.runner [-] Task 555dc4c9-72a5-4371-a1d5-f919c1c886f3 | ITER: 25 START
2019-06-08 09:43:38.667 26952 INFO rally.task.runner [-] Task 555dc4c9-72a5-4371-a1d5-f919c1c886f3 | ITER: 26 START
2019-06-08 09:43:38.668 26952 WARNING rally_openstack.scenarios.neutron.utils [-] Running this scenario without either the 'network' or 'existing_network' context is deprecated
2019-06-08 09:43:38.668 26991 WARNING rally_openstack.scenarios.neutron.utils [-] Running this scenario without either the 'network' or 'existing_network' context is deprecated
2019-06-08 09:43:45.112 26970 INFO rally.task.runner [-] Task 555dc4c9-72a5-4371-a1d5-f919c1c886f3 | ITER: 12 END: OK
2019-06-08 09:43:45.116 26970 INFO rally.task.runner [-] Task 555dc4c9-72a5-4371-a1d5-f919c1c886f3 | ITER: 27 START
2019-06-08 09:43:45.117 26970 WARNING rally_openstack.scenarios.neutron.utils [-] Running this scenario without either the 'network' or 'existing_network' context is deprecated
2019-06-08 09:43:45.785 26976 INFO rally.task.runner [-] Task 555dc4c9-72a5-4371-a1d5-f919c1c886f3 | ITER: 14 END: OK
2019-06-08 09:43:45.788 26976 INFO rally.task.runner [-] Task 555dc4c9-72a5-4371-a1d5-f919c1c886f3 | ITER: 28 START
2019-06-08 09:43:45.789 26976 WARNING rally_openstack.scenarios.neutron.utils [-] Running this scenario without either the 'network' or 'existing_network' context is deprecated
2019-06-08 09:43:46.833 26988 INFO rally.task.runner [-] Task 555dc4c9-72a5-4371-a1d5-f919c1c886f3 | ITER: 17 END: OK
2019-06-08 09:43:46.834 26978 INFO rally.task.runner [-] Task 555dc4c9-72a5-4371-a1d5-f919c1c886f3 | ITER: 15 END: OK
2019-06-08 09:43:46.837 26988 INFO rally.task.runner [-] Task 555dc4c9-72a5-4371-a1d5-f919c1c886f3 | ITER: 29 START
2019-06-08 09:43:46.837 26988 WARNING rally_openstack.scenarios.neutron.utils [-] Running this scenario without either the 'network' or 'existing_network' context is deprecated
2019-06-08 09:43:46.839 26978 INFO rally.task.runner [-] Task 555dc4c9-72a5-4371-a1d5-f919c1c886f3 | ITER: 30 START
2019-06-08 09:43:46.839 26978 WARNING rally_openstack.scenarios.neutron.utils [-] Running this scenario without either the 'network' or 'existing_network' context is deprecated
2019-06-08 09:43:48.041 26997 INFO rally.task.runner [-] Task 555dc4c9-72a5-4371-a1d5-f919c1c886f3 | ITER: 24 END: OK
2019-06-08 09:43:48.045 26997 INFO rally.task.runner [-] Task 555dc4c9-72a5-4371-a1d5-f919c1c886f3 | ITER: 31 START
2019-06-08 09:43:48.046 26997 WARNING rally_openstack.scenarios.neutron.utils [-] Running this scenario without either the 'network' or 'existing_network' context is deprecated
2019-06-08 09:43:53.763 26952 INFO rally.task.runner [-] Task 555dc4c9-72a5-4371-a1d5-f919c1c886f3 | ITER: 3 END: OK
2019-06-08 09:43:53.767 26952 INFO rally.task.runner [-] Task 555dc4c9-72a5-4371-a1d5-f919c1c886f3 | ITER: 32 START
2019-06-08 09:43:53.767 26952 WARNING rally_openstack.scenarios.neutron.utils [-] Running this scenario without either the 'network' or 'existing_network' context is deprecated
2019-06-08 09:43:53.924 26951 INFO rally.task.runner [-] Task 555dc4c9-72a5-4371-a1d5-f919c1c886f3 | ITER: 5 END: OK
2019-06-08 09:43:53.928 26951 INFO rally.task.runner [-] Task 555dc4c9-72a5-4371-a1d5-f919c1c886f3 | ITER: 33 START
2019-06-08 09:43:53.928 26951 WARNING rally_openstack.scenarios.neutron.utils [-] Running this scenario without either the 'network' or 'existing_network' context is deprecated
2019-06-08 09:43:54.163 26950 INFO rally.task.runner [-] Task 555dc4c9-72a5-4371-a1d5-f919c1c886f3 | ITER: 1 END: OK
2019-06-08 09:43:54.167 26950 INFO rally.task.runner [-] Task 555dc4c9-72a5-4371-a1d5-f919c1c886f3 | ITER: 34 START
2019-06-08 09:43:54.167 26950 WARNING rally_openstack.scenarios.neutron.utils [-] Running this scenario without either the 'network' or 'existing_network' context is deprecated
2019-06-08 09:43:54.214 26973 INFO rally.task.runner [-] Task 555dc4c9-72a5-4371-a1d5-f919c1c886f3 | ITER: 13 END: OK
2019-06-08 09:43:54.219 26973 INFO rally.task.runner [-] Task 555dc4c9-72a5-4371-a1d5-f919c1c886f3 | ITER: 35 START
2019-06-08 09:43:54.219 26973 WARNING rally_openstack.scenarios.neutron.utils [-] Running this scenario without either the 'network' or 'existing_network' context is deprecated
2019-06-08 09:43:54.326 26953 INFO rally.task.runner [-] Task 555dc4c9-72a5-4371-a1d5-f919c1c886f3 | ITER: 6 END: OK
2019-06-08 09:43:54.330 26953 INFO rally.task.runner [-] Task 555dc4c9-72a5-4371-a1d5-f919c1c886f3 | ITER: 36 START
2019-06-08 09:43:54.331 26953 WARNING rally_openstack.scenarios.neutron.utils [-] Running this scenario without either the 'network' or 'existing_network' context is deprecated
2019-06-08 09:43:54.352 26966 INFO rally.task.runner [-] Task 555dc4c9-72a5-4371-a1d5-f919c1c886f3 | ITER: 11 END: OK
2019-06-08 09:43:54.356 26966 INFO rally.task.runner [-] Task 555dc4c9-72a5-4371-a1d5-f919c1c886f3 | ITER: 37 START
2019-06-08 09:43:54.357 26966 WARNING rally_openstack.scenarios.neutron.utils [-] Running this scenario without either the 'network' or 'existing_network' context is deprecated
2019-06-08 09:43:55.629 26981 INFO rally.task.runner [-] Task 555dc4c9-72a5-4371-a1d5-f919c1c886f3 | ITER: 21 END: OK
2019-06-08 09:43:55.633 26981 INFO rally.task.runner [-] Task 555dc4c9-72a5-4371-a1d5-f919c1c886f3 | ITER: 38 START
2019-06-08 09:43:55.633 26981 WARNING rally_openstack.scenarios.neutron.utils [-] Running this scenario without either the 'network' or 'existing_network' context is deprecated
2019-06-08 09:43:55.870 26951 INFO rally.task.runner [-] Task 555dc4c9-72a5-4371-a1d5-f919c1c886f3 | ITER: 22 END: OK
2019-06-08 09:43:55.873 26951 INFO rally.task.runner [-] Task 555dc4c9-72a5-4371-a1d5-f919c1c886f3 | ITER: 39 START
