2019-06-08 09:21:50.999 22695 RALLYDEBUG rally.api [-] INFO logs from urllib3 and requests module are hide.
2019-06-08 09:21:50.999 22695 RALLYDEBUG rally.api [-] urllib3 insecure warnings are hidden.
2019-06-08 09:21:51.000 22695 RALLYDEBUG rally.api [-] ERROR log from boto module is hide.
2019-06-08 09:21:53.239 22697 RALLYDEBUG rally.api [-] INFO logs from urllib3 and requests module are hide.
2019-06-08 09:21:53.239 22697 RALLYDEBUG rally.api [-] urllib3 insecure warnings are hidden.
2019-06-08 09:21:53.240 22697 RALLYDEBUG rally.api [-] ERROR log from boto module is hide.
2019-06-08 09:21:54.537 22697 WARNING rally_openstack.platforms.existing [-] endpoint is deprecated and not used.
2019-06-08 09:21:55.517 22699 RALLYDEBUG rally.api [-] INFO logs from urllib3 and requests module are hide.
2019-06-08 09:21:55.517 22699 RALLYDEBUG rally.api [-] urllib3 insecure warnings are hidden.
2019-06-08 09:21:55.518 22699 RALLYDEBUG rally.api [-] ERROR log from boto module is hide.
2019-06-08 09:21:58.672 22702 RALLYDEBUG rally.api [-] INFO logs from urllib3 and requests module are hide.
2019-06-08 09:21:58.672 22702 RALLYDEBUG rally.api [-] urllib3 insecure warnings are hidden.
2019-06-08 09:21:58.673 22702 RALLYDEBUG rally.api [-] ERROR log from boto module is hide.
2019-06-08 09:22:00.291 22704 RALLYDEBUG rally.api [-] INFO logs from urllib3 and requests module are hide.
2019-06-08 09:22:00.291 22704 RALLYDEBUG rally.api [-] urllib3 insecure warnings are hidden.
2019-06-08 09:22:00.291 22704 RALLYDEBUG rally.api [-] ERROR log from boto module is hide.
2019-06-08 09:22:01.354 22704 INFO rally.common.plugin.discover [-] Loading plugins from directories /root/.rally/plugins/*
2019-06-08 09:22:01.354 22704 INFO rally.common.plugin.discover [-] Loaded module with plugins: /root/.rally/plugins/__init__.py
2019-06-08 09:22:01.357 22704 INFO rally.common.plugin.discover [-] Loaded module with plugins: /root/.rally/plugins/trunk_scenario.py
2019-06-08 09:22:01.566 22704 INFO rally.task.engine [-] Task 555dc4c9-72a5-4371-a1d5-f919c1c886f3 | Starting: Task validation.
2019-06-08 09:22:01.602 22704 INFO rally.task.engine [-] Task 555dc4c9-72a5-4371-a1d5-f919c1c886f3 | Starting: Task validation of syntax.
2019-06-08 09:22:01.801 22704 INFO rally.task.engine [-] Task 555dc4c9-72a5-4371-a1d5-f919c1c886f3 | Completed: Task validation of syntax.
2019-06-08 09:22:01.802 22704 INFO rally.task.engine [-] Task 555dc4c9-72a5-4371-a1d5-f919c1c886f3 | Starting: Task validation of required platforms.
2019-06-08 09:22:01.863 22704 INFO rally.task.engine [-] Task 555dc4c9-72a5-4371-a1d5-f919c1c886f3 | Completed: Task validation of required platforms.
2019-06-08 09:22:01.863 22704 INFO rally.task.engine [-] Task 555dc4c9-72a5-4371-a1d5-f919c1c886f3 | Starting: Task validation of semantic.
2019-06-08 09:22:01.863 22704 INFO rally.task.engine [-] Check health of the environment 'b0d04b60-b161-4373-b13c-9532ea21342c'.
2019-06-08 09:22:02.657 22704 INFO rally.task.engine [-] Platform existing@openstack (available: True): OK!
2019-06-08 09:22:02.675 22704 RALLYDEBUG rally_openstack.contexts.keystone.users [-] Creating 1 tenants using 20 threads
2019-06-08 09:22:04.472 22704 RALLYDEBUG rally_openstack.contexts.keystone.users [-] Creating 1 users using 20 threads
2019-06-08 09:22:06.991 22704 INFO rally.task.context [-] Task 555dc4c9-72a5-4371-a1d5-f919c1c886f3 | Context users@openstack setup() finished in 4.32 sec
2019-06-08 09:22:13.064 22704 INFO rally.task.context [-] Task 555dc4c9-72a5-4371-a1d5-f919c1c886f3 | Context users@openstack cleanup() started
2019-06-08 09:22:17.651 22704 INFO rally.task.context [-] Task 555dc4c9-72a5-4371-a1d5-f919c1c886f3 | Context users@openstack cleanup() finished in 4.59 sec
2019-06-08 09:22:17.652 22704 INFO rally.task.engine [-] Task 555dc4c9-72a5-4371-a1d5-f919c1c886f3 | Completed: Task validation of semantic.
2019-06-08 09:22:17.652 22704 INFO rally.task.engine [-] Task 555dc4c9-72a5-4371-a1d5-f919c1c886f3 | Completed: Task validation.
2019-06-08 09:22:17.653 22704 INFO rally.api [-] Task 555dc4c9-72a5-4371-a1d5-f919c1c886f3 input file is valid.
2019-06-08 09:22:17.653 22704 INFO rally.api [-] Run Task 555dc4c9-72a5-4371-a1d5-f919c1c886f3 against Deployment b0d04b60-b161-4373-b13c-9532ea21342c
2019-06-08 09:22:17.654 22704 INFO rally.task.engine [-] Task 555dc4c9-72a5-4371-a1d5-f919c1c886f3 | Starting: Running task.
2019-06-08 09:22:17.808 22704 INFO rally.task.engine [-] Running workload: position = 0 config = { "version": 2, "title": "A cropped version of a bigger task.", "description": "Auto-generated task from a single workload (uuid=47cbe5ac-3adc-42d2-8584-eea2f2f7ae9b)", "subtasks": [ { "title": "NeutronNetworks.create_and_list_networks", "description": "Check performance of list_networks action and ensure > network quotas are not exceeded", "scenario": { "NeutronNetworks.create_and_list_networks": {} }, "contexts": { "users": { "tenants": 1, "users_per_tenant": 1 }, "quotas": { "neutron": { "network": 119 } } }, "runner": { "constant": { "times": 100, "concurrency": 20 } }, "hooks": [], "sla": { "max_avg_duration_per_atomic": { "neutron.list_networks": 15 }, "failure_rate": { "max": 0 } } } ] }
2019-06-08 09:22:17.830 22704 RALLYDEBUG rally_openstack.contexts.keystone.users [-] Creating 1 tenants using 20 threads
2019-06-08 09:22:19.496 22704 RALLYDEBUG rally_openstack.contexts.keystone.users [-] Creating 1 users using 20 threads
2019-06-08 09:22:21.868 22704 INFO rally.task.context [-] Task 555dc4c9-72a5-4371-a1d5-f919c1c886f3 | Context users@openstack setup() finished in 4.04 sec
2019-06-08 09:22:22.571 22704 INFO rally.task.context [-] Task 555dc4c9-72a5-4371-a1d5-f919c1c886f3 | Context quotas@openstack setup() finished in 0.70 sec
2019-06-08 09:22:22.571 22704 INFO rally.task.context [-] Task 555dc4c9-72a5-4371-a1d5-f919c1c886f3 | Context cleanup@openstack setup() finished in 0.01 msec
2019-06-08 09:22:22.579 22704 RALLYDEBUG rally.task.runner [-] Starting the constant runner (task UUID: 555dc4c9-72a5-4371-a1d5-f919c1c886f3). timeout: 0 concurrency: 20 concurrency_per_worker: 1 times: 100 concurrency_overhead: 4 processes_to_start: 16 max_cpu_used: 16
2019-06-08 09:22:22.591 22829 RALLYDEBUG rally.task.runner [-] Starting a worker. concurrency: 2 args: {} times: 100 method_name: run timeout: 0 duration: None cls:
2019-06-08 09:22:22.591 22828 RALLYDEBUG rally.task.runner [-] Starting a worker. concurrency: 2 args: {} times: 100 method_name: run timeout: 0 duration: None cls:
2019-06-08 09:22:22.594 22829 INFO rally.task.runner [-] Task 555dc4c9-72a5-4371-a1d5-f919c1c886f3 | ITER: 1 START
2019-06-08 09:22:22.596 22830 RALLYDEBUG rally.task.runner [-] Starting a worker. concurrency: 2 args: {} times: 100 method_name: run timeout: 0 duration: None cls:
2019-06-08 09:22:22.597 22833 RALLYDEBUG rally.task.runner [-] Starting a worker. concurrency: 2 args: {} times: 100 method_name: run timeout: 0 duration: None cls:
2019-06-08 09:22:22.599 22836 RALLYDEBUG rally.task.runner [-] Starting a worker. concurrency: 1 args: {} times: 100 method_name: run timeout: 0 duration: None cls:
2019-06-08 09:22:22.597 22828 INFO rally.task.runner [-] Task 555dc4c9-72a5-4371-a1d5-f919c1c886f3 | ITER: 2 START
2019-06-08 09:22:22.599 22833 INFO rally.task.runner [-] Task 555dc4c9-72a5-4371-a1d5-f919c1c886f3 | ITER: 5 START
2019-06-08 09:22:22.603 22840 RALLYDEBUG rally.task.runner [-] Starting a worker. concurrency: 1 args: {} times: 100 method_name: run timeout: 0 duration: None cls:
2019-06-08 09:22:22.604 22829 INFO rally.task.runner [-] Task 555dc4c9-72a5-4371-a1d5-f919c1c886f3 | ITER: 3 START
2019-06-08 09:22:22.603 22836 INFO rally.task.runner [-] Task 555dc4c9-72a5-4371-a1d5-f919c1c886f3 | ITER: 8 START
2019-06-08 09:22:22.605 22830 INFO rally.task.runner [-] Task 555dc4c9-72a5-4371-a1d5-f919c1c886f3 | ITER: 6 START
2019-06-08 09:22:22.607 22833 INFO rally.task.runner [-] Task 555dc4c9-72a5-4371-a1d5-f919c1c886f3 | ITER: 7 START
2019-06-08 09:22:22.609 22840 INFO rally.task.runner [-] Task 555dc4c9-72a5-4371-a1d5-f919c1c886f3 | ITER: 10 START
2019-06-08 09:22:22.609 22846 RALLYDEBUG rally.task.runner [-] Starting a worker. concurrency: 1 args: {} times: 100 method_name: run timeout: 0 duration: None cls:
2019-06-08 09:22:22.609 22845 RALLYDEBUG rally.task.runner [-] Starting a worker. concurrency: 1 args: {} times: 100 method_name: run timeout: 0 duration: None cls:
2019-06-08 09:22:22.613 22828 INFO rally.task.runner [-] Task 555dc4c9-72a5-4371-a1d5-f919c1c886f3 | ITER: 4 START
2019-06-08 09:22:22.614 22851 RALLYDEBUG rally.task.runner [-] Starting a worker. concurrency: 1 args: {} times: 100 method_name: run timeout: 0 duration: None cls:
2019-06-08 09:22:22.617 22846 INFO rally.task.runner [-] Task 555dc4c9-72a5-4371-a1d5-f919c1c886f3 | ITER: 11 START
2019-06-08 09:22:22.617 22851 INFO rally.task.runner [-] Task 555dc4c9-72a5-4371-a1d5-f919c1c886f3 | ITER: 13 START
2019-06-08 09:22:22.620 22830 INFO rally.task.runner [-] Task 555dc4c9-72a5-4371-a1d5-f919c1c886f3 | ITER: 9 START
2019-06-08 09:22:22.623 22858 RALLYDEBUG rally.task.runner [-] Starting a worker. concurrency: 1 args: {} times: 100 method_name: run timeout: 0 duration: None cls:
2019-06-08 09:22:22.626 22845 INFO rally.task.runner [-] Task 555dc4c9-72a5-4371-a1d5-f919c1c886f3 | ITER: 12 START
2019-06-08 09:22:22.628 22858 INFO rally.task.runner [-] Task 555dc4c9-72a5-4371-a1d5-f919c1c886f3 | ITER: 14 START
2019-06-08 09:22:22.631 22861 RALLYDEBUG rally.task.runner [-] Starting a worker. concurrency: 1 args: {} times: 100 method_name: run timeout: 0 duration: None cls:
2019-06-08 09:22:22.638 22861 INFO rally.task.runner [-] Task 555dc4c9-72a5-4371-a1d5-f919c1c886f3 | ITER: 15 START
2019-06-08 09:22:22.639 22863 RALLYDEBUG rally.task.runner [-] Starting a worker. concurrency: 1 args: {} times: 100 method_name: run timeout: 0 duration: None cls:
2019-06-08 09:22:22.642 22864 RALLYDEBUG rally.task.runner [-] Starting a worker. concurrency: 1 args: {} times: 100 method_name: run timeout: 0 duration: None cls:
2019-06-08 09:22:22.648 22864 INFO rally.task.runner [-] Task 555dc4c9-72a5-4371-a1d5-f919c1c886f3 | ITER: 17 START
2019-06-08 09:22:22.649 22863 INFO rally.task.runner [-] Task 555dc4c9-72a5-4371-a1d5-f919c1c886f3 | ITER: 16 START
2019-06-08 09:22:22.649 22867 RALLYDEBUG rally.task.runner [-] Starting a worker. concurrency: 1 args: {} times: 100 method_name: run timeout: 0 duration: None cls:
2019-06-08 09:22:22.655 22867 INFO rally.task.runner [-] Task 555dc4c9-72a5-4371-a1d5-f919c1c886f3 | ITER: 18 START
2019-06-08 09:22:22.656 22872 RALLYDEBUG rally.task.runner [-] Starting a worker. concurrency: 1 args: {} times: 100 method_name: run timeout: 0 duration: None cls:
2019-06-08 09:22:22.662 22872 INFO rally.task.runner [-] Task 555dc4c9-72a5-4371-a1d5-f919c1c886f3 | ITER: 19 START
2019-06-08 09:22:22.662 22875 RALLYDEBUG rally.task.runner [-] Starting a worker. concurrency: 1 args: {} times: 100 method_name: run timeout: 0 duration: None cls:
2019-06-08 09:22:22.667 22875 INFO rally.task.runner [-] Task 555dc4c9-72a5-4371-a1d5-f919c1c886f3 | ITER: 20 START
2019-06-08 09:22:23.943 22851 INFO rally.task.runner [-] Task 555dc4c9-72a5-4371-a1d5-f919c1c886f3 | ITER: 13 END: OK
2019-06-08 09:22:23.948 22851 INFO rally.task.runner [-] Task 555dc4c9-72a5-4371-a1d5-f919c1c886f3 | ITER: 21 START
2019-06-08 09:22:23.987 22828 INFO rally.task.runner [-] Task 555dc4c9-72a5-4371-a1d5-f919c1c886f3 | ITER: 2 END: OK
2019-06-08 09:22:23.990 22828 INFO rally.task.runner [-] Task 555dc4c9-72a5-4371-a1d5-f919c1c886f3 | ITER: 22 START
2019-06-08 09:22:24.252 22833 INFO rally.task.runner [-] Task 555dc4c9-72a5-4371-a1d5-f919c1c886f3 | ITER: 7 END: OK
2019-06-08 09:22:24.256 22833 INFO rally.task.runner [-] Task 555dc4c9-72a5-4371-a1d5-f919c1c886f3 | ITER: 23 START
2019-06-08 09:22:24.396 22845 INFO rally.task.runner [-] Task 555dc4c9-72a5-4371-a1d5-f919c1c886f3 | ITER: 12 END: OK
2019-06-08 09:22:24.399 22845 INFO rally.task.runner [-] Task 555dc4c9-72a5-4371-a1d5-f919c1c886f3 | ITER: 24 START
2019-06-08 09:22:24.537 22846 INFO rally.task.runner [-] Task 555dc4c9-72a5-4371-a1d5-f919c1c886f3 | ITER: 11 END: OK
2019-06-08 09:22:24.540 22846 INFO rally.task.runner [-] Task 555dc4c9-72a5-4371-a1d5-f919c1c886f3 | ITER: 25 START
2019-06-08 09:22:24.601 22836 INFO rally.task.runner [-] Task 555dc4c9-72a5-4371-a1d5-f919c1c886f3 | ITER: 8 END: OK
2019-06-08 09:22:24.605 22836 INFO rally.task.runner [-] Task 555dc4c9-72a5-4371-a1d5-f919c1c886f3 | ITER: 26 START
2019-06-08 09:22:24.772 22829 INFO rally.task.runner [-] Task 555dc4c9-72a5-4371-a1d5-f919c1c886f3 | ITER: 1 END: OK
2019-06-08 09:22:24.776 22829 INFO rally.task.runner [-] Task 555dc4c9-72a5-4371-a1d5-f919c1c886f3 | ITER: 27 START
2019-06-08 09:22:25.116 22858 INFO rally.task.runner [-] Task 555dc4c9-72a5-4371-a1d5-f919c1c886f3 | ITER: 14 END: OK
2019-06-08 09:22:25.120 22858 INFO rally.task.runner [-] Task 555dc4c9-72a5-4371-a1d5-f919c1c886f3 | ITER: 28 START
2019-06-08 09:22:25.122 22829 INFO rally.task.runner [-] Task 555dc4c9-72a5-4371-a1d5-f919c1c886f3 | ITER: 3 END: OK
2019-06-08 09:22:25.125 22829 INFO rally.task.runner [-] Task 555dc4c9-72a5-4371-a1d5-f919c1c886f3 | ITER: 29 START
2019-06-08 09:22:25.295 22828 INFO rally.task.runner [-] Task 555dc4c9-72a5-4371-a1d5-f919c1c886f3 | ITER: 4 END: OK
2019-06-08 09:22:25.297 22828 INFO rally.task.runner [-] Task 555dc4c9-72a5-4371-a1d5-f919c1c886f3 | ITER: 30 START
2019-06-08 09:22:25.696 22833 INFO rally.task.runner [-] Task 555dc4c9-72a5-4371-a1d5-f919c1c886f3 | ITER: 5 END: OK
2019-06-08 09:22:25.699 22833 INFO rally.task.runner [-] Task 555dc4c9-72a5-4371-a1d5-f919c1c886f3 | ITER: 31 START
2019-06-08 09:22:25.937 22840 INFO rally.task.runner [-] Task 555dc4c9-72a5-4371-a1d5-f919c1c886f3 | ITER: 10 END: OK
2019-06-08 09:22:25.941 22840 INFO rally.task.runner [-] Task 555dc4c9-72a5-4371-a1d5-f919c1c886f3 | ITER: 32 START
2019-06-08 09:22:25.993 22863 INFO rally.task.runner [-] Task 555dc4c9-72a5-4371-a1d5-f919c1c886f3 | ITER: 16 END: OK
2019-06-08 09:22:25.995 22863 INFO rally.task.runner [-] Task 555dc4c9-72a5-4371-a1d5-f919c1c886f3 | ITER: 33 START
2019-06-08 09:22:25.997 22830 INFO rally.task.runner [-] Task 555dc4c9-72a5-4371-a1d5-f919c1c886f3 | ITER: 9 END: OK
2019-06-08 09:22:26.001 22830 INFO rally.task.runner [-] Task 555dc4c9-72a5-4371-a1d5-f919c1c886f3 | ITER: 34 START
2019-06-08 09:22:26.271 22867 INFO rally.task.runner [-] Task 555dc4c9-72a5-4371-a1d5-f919c1c886f3 | ITER: 18 END: OK
2019-06-08 09:22:26.275 22867 INFO rally.task.runner [-] Task 555dc4c9-72a5-4371-a1d5-f919c1c886f3 | ITER: 35 START
2019-06-08 09:22:26.669 22861 INFO rally.task.runner [-] Task 555dc4c9-72a5-4371-a1d5-f919c1c886f3 | ITER: 15 END: OK
2019-06-08 09:22:26.673 22861 INFO rally.task.runner [-] Task 555dc4c9-72a5-4371-a1d5-f919c1c886f3 | ITER: 36 START
2019-06-08 09:22:26.682 22864 INFO rally.task.runner [-] Task 555dc4c9-72a5-4371-a1d5-f919c1c886f3 | ITER: 17 END: OK
2019-06-08 09:22:26.686 22864 INFO rally.task.runner [-] Task 555dc4c9-72a5-4371-a1d5-f919c1c886f3 | ITER: 37 START
2019-06-08 09:22:26.715 22872 INFO rally.task.runner [-] Task 555dc4c9-72a5-4371-a1d5-f919c1c886f3 | ITER: 19 END: OK
2019-06-08 09:22:26.718 22872 INFO rally.task.runner [-] Task 555dc4c9-72a5-4371-a1d5-f919c1c886f3 | ITER: 38 START
2019-06-08 09:22:26.719 22830 INFO rally.task.runner [-] Task 555dc4c9-72a5-4371-a1d5-f919c1c886f3 | ITER: 6 END: OK
2019-06-08 09:22:26.722 22830 INFO rally.task.runner [-] Task 555dc4c9-72a5-4371-a1d5-f919c1c886f3 | ITER: 39 START
2019-06-08 09:22:27.097 22875 INFO rally.task.runner [-] Task 555dc4c9-72a5-4371-a1d5-f919c1c886f3 | ITER: 20 END: OK
2019-06-08 09:22:27.102 22875 INFO rally.task.runner [-] Task 555dc4c9-72a5-4371-a1d5-f919c1c886f3 | ITER: 40 START
2019-06-08 09:22:27.446 22833 INFO rally.task.runner [-] Task 555dc4c9-72a5-4371-a1d5-f919c1c886f3 | ITER: 31 END: OK
2019-06-08 09:22:27.449 22833 INFO rally.task.runner [-] Task 555dc4c9-72a5-4371-a1d5-f919c1c886f3 | ITER: 41 START
2019-06-08 09:22:27.468 22846 INFO rally.task.runner [-] Task 555dc4c9-72a5-4371-a1d5-f919c1c886f3 | ITER: 25 END: OK
2019-06-08 09:22:27.471 22846 INFO rally.task.runner [-] Task 555dc4c9-72a5-4371-a1d5-f919c1c886f3 | ITER: 42 START
2019-06-08 09:22:27.492 22828 INFO rally.task.runner [-] Task 555dc4c9-72a5-4371-a1d5-f919c1c886f3 | ITER: 22 END: OK
2019-06-08 09:22:27.493 22836 INFO rally.task.runner [-] Task 555dc4c9-72a5-4371-a1d5-f919c1c886f3 | ITER: 26 END: OK
2019-06-08 09:22:27.495 22828 INFO rally.task.runner [-] Task 555dc4c9-72a5-4371-a1d5-f919c1c886f3 | ITER: 43 START
2019-06-08 09:22:27.496 22836 INFO rally.task.runner [-] Task 555dc4c9-72a5-4371-a1d5-f919c1c886f3 | ITER: 44 START
2019-06-08 09:22:28.110 22833 INFO rally.task.runner [-] Task 555dc4c9-72a5-4371-a1d5-f919c1c886f3 | ITER: 23 END: OK
2019-06-08 09:22:28.113 22833 INFO rally.task.runner [-] Task 555dc4c9-72a5-4371-a1d5-f919c1c886f3 | ITER: 45 START
2019-06-08 09:22:28.145 22845 INFO rally.task.runner [-] Task 555dc4c9-72a5-4371-a1d5-f919c1c886f3 | ITER: 24 END: OK
2019-06-08 09:22:28.148 22845 INFO rally.task.runner [-] Task 555dc4c9-72a5-4371-a1d5-f919c1c886f3 | ITER: 46 START
2019-06-08 09:22:28.758 22858 INFO rally.task.runner [-] Task 555dc4c9-72a5-4371-a1d5-f919c1c886f3 | ITER: 28 END: OK
2019-06-08 09:22:28.761 22858 INFO rally.task.runner [-] Task 555dc4c9-72a5-4371-a1d5-f919c1c886f3 | ITER: 47 START
2019-06-08 09:22:28.817 22828 INFO rally.task.runner [-] Task 555dc4c9-72a5-4371-a1d5-f919c1c886f3 | ITER: 30 END: OK
2019-06-08 09:22:28.820 22828 INFO rally.task.runner [-] Task 555dc4c9-72a5-4371-a1d5-f919c1c886f3 | ITER: 48 START
2019-06-08 09:22:29.102 22863 INFO rally.task.runner [-] Task 555dc4c9-72a5-4371-a1d5-f919c1c886f3 | ITER: 33 END: OK
2019-06-08 09:22:29.105 22863 INFO rally.task.runner [-] Task 555dc4c9-72a5-4371-a1d5-f919c1c886f3 | ITER: 49 START
2019-06-08 09:22:29.107 22829 INFO rally.task.runner [-] Task 555dc4c9-72a5-4371-a1d5-f919c1c886f3 | ITER: 29 END: OK
2019-06-08 09:22:29.110 22829 INFO rally.task.runner [-] Task 555dc4c9-72a5-4371-a1d5-f919c1c886f3 | ITER: 50 START
2019-06-08 09:22:29.174 22829 INFO rally.task.runner [-] Task 555dc4c9-72a5-4371-a1d5-f919c1c886f3 | ITER: 27 END: OK
2019-06-08 09:22:29.177 22829 INFO rally.task.runner [-] Task 555dc4c9-72a5-4371-a1d5-f919c1c886f3 | ITER: 51 START
2019-06-08 09:22:29.186 22851 INFO rally.task.runner [-] Task 555dc4c9-72a5-4371-a1d5-f919c1c886f3 | ITER: 21 END: OK
2019-06-08 09:22:29.189 22851 INFO rally.task.runner [-] Task 555dc4c9-72a5-4371-a1d5-f919c1c886f3 | ITER: 52 START
2019-06-08 09:22:29.261 22830 INFO rally.task.runner [-] Task 555dc4c9-72a5-4371-a1d5-f919c1c886f3 | ITER: 34 END: OK
2019-06-08 09:22:29.265 22830 INFO rally.task.runner [-] Task 555dc4c9-72a5-4371-a1d5-f919c1c886f3 | ITER: 53 START
2019-06-08 09:22:29.331 22861 INFO rally.task.runner [-] Task 555dc4c9-72a5-4371-a1d5-f919c1c886f3 | ITER: 36 END: OK
2019-06-08 09:22:29.335 22861 INFO rally.task.runner [-] Task 555dc4c9-72a5-4371-a1d5-f919c1c886f3 | ITER: 54 START
2019-06-08 09:22:29.517 22828 INFO rally.task.runner [-] Task 555dc4c9-72a5-4371-a1d5-f919c1c886f3 | ITER: 43 END: OK
2019-06-08 09:22:29.520 22828 INFO rally.task.runner [-] Task 555dc4c9-72a5-4371-a1d5-f919c1c886f3 | ITER: 55 START
2019-06-08 09:22:29.528 22840 INFO rally.task.runner [-] Task 555dc4c9-72a5-4371-a1d5-f919c1c886f3 | ITER: 32 END: OK
2019-06-08 09:22:29.531 22840 INFO rally.task.runner [-] Task 555dc4c9-72a5-4371-a1d5-f919c1c886f3 | ITER: 56 START
2019-06-08 09:22:29.536 22875 INFO rally.task.runner [-] Task 555dc4c9-72a5-4371-a1d5-f919c1c886f3 | ITER: 40 END: OK
2019-06-08 09:22:29.540 22864 INFO rally.task.runner [-] Task 555dc4c9-72a5-4371-a1d5-f919c1c886f3 | ITER: 37 END: OK
2019-06-08 09:22:29.540 22875 INFO rally.task.runner [-] Task 555dc4c9-72a5-4371-a1d5-f919c1c886f3 | ITER: 57 START
2019-06-08 09:22:29.543 22864 INFO rally.task.runner [-] Task 555dc4c9-72a5-4371-a1d5-f919c1c886f3 | ITER: 58 START
2019-06-08 09:22:29.756 22845 INFO rally.task.runner [-] Task 555dc4c9-72a5-4371-a1d5-f919c1c886f3 | ITER: 46 END: OK
2019-06-08 09:22:29.759 22845 INFO rally.task.runner [-] Task 555dc4c9-72a5-4371-a1d5-f919c1c886f3 | ITER: 59 START
2019-06-08 09:22:29.972 22833 INFO rally.task.runner [-] Task 555dc4c9-72a5-4371-a1d5-f919c1c886f3 | ITER: 41 END: OK
2019-06-08 09:22:29.975 22833 INFO rally.task.runner [-] Task 555dc4c9-72a5-4371-a1d5-f919c1c886f3 | ITER: 60 START
2019-06-08 09:22:30.303 22836 INFO rally.task.runner [-] Task 555dc4c9-72a5-4371-a1d5-f919c1c886f3 | ITER: 44 END: OK
2019-06-08 09:22:30.306 22836 INFO rally.task.runner [-] Task 555dc4c9-72a5-4371-a1d5-f919c1c886f3 | ITER: 61 START
2019-06-08 09:22:30.329 22833 INFO rally.task.runner [-] Task 555dc4c9-72a5-4371-a1d5-f919c1c886f3 | ITER: 45 END: OK
2019-06-08 09:22:30.332 22833 INFO rally.task.runner [-] Task 555dc4c9-72a5-4371-a1d5-f919c1c886f3 | ITER: 62 START
2019-06-08 09:22:30.554 22830 INFO rally.task.runner [-] Task 555dc4c9-72a5-4371-a1d5-f919c1c886f3 | ITER: 39 END: OK
2019-06-08 09:22:30.557 22830 INFO rally.task.runner [-] Task 555dc4c9-72a5-4371-a1d5-f919c1c886f3 | ITER: 63 START
2019-06-08 09:22:30.575 22828 INFO rally.task.runner [-] Task 555dc4c9-72a5-4371-a1d5-f919c1c886f3 | ITER: 48 END: OK
2019-06-08 09:22:30.578 22828 INFO rally.task.runner [-] Task 555dc4c9-72a5-4371-a1d5-f919c1c886f3 | ITER: 64 START
2019-06-08 09:22:30.625 22872 INFO rally.task.runner [-] Task 555dc4c9-72a5-4371-a1d5-f919c1c886f3 | ITER: 38 END: OK
2019-06-08 09:22:30.628 22872 INFO rally.task.runner [-] Task 555dc4c9-72a5-4371-a1d5-f919c1c886f3 | ITER: 65 START
2019-06-08 09:22:30.694 22867 INFO rally.task.runner [-] Task 555dc4c9-72a5-4371-a1d5-f919c1c886f3 | ITER: 35 END: OK
2019-06-08 09:22:30.697 22867 INFO rally.task.runner [-] Task 555dc4c9-72a5-4371-a1d5-f919c1c886f3 | ITER: 66 START
2019-06-08 09:22:30.880 22846 INFO rally.task.runner [-] Task 555dc4c9-72a5-4371-a1d5-f919c1c886f3 | ITER: 42 END: OK
2019-06-08 09:22:30.883 22846 INFO rally.task.runner [-] Task 555dc4c9-72a5-4371-a1d5-f919c1c886f3 | ITER: 67 START
2019-06-08 09:22:30.917 22829 INFO rally.task.runner [-] Task 555dc4c9-72a5-4371-a1d5-f919c1c886f3 | ITER: 50 END: OK
2019-06-08 09:22:30.920 22829 INFO rally.task.runner [-] Task 555dc4c9-72a5-4371-a1d5-f919c1c886f3 | ITER: 68 START
2019-06-08 09:22:31.091 22829 INFO rally.task.runner [-] Task 555dc4c9-72a5-4371-a1d5-f919c1c886f3 | ITER: 51 END: OK
2019-06-08 09:22:31.094 22829 INFO rally.task.runner [-] Task 555dc4c9-72a5-4371-a1d5-f919c1c886f3 | ITER: 69 START
2019-06-08 09:22:31.228 22851 INFO rally.task.runner [-] Task 555dc4c9-72a5-4371-a1d5-f919c1c886f3 | ITER: 52 END: OK
2019-06-08 09:22:31.232 22851 INFO rally.task.runner [-] Task 555dc4c9-72a5-4371-a1d5-f919c1c886f3 | ITER: 70 START
2019-06-08 09:22:31.326 22830 INFO rally.task.runner [-] Task 555dc4c9-72a5-4371-a1d5-f919c1c886f3 | ITER: 53 END: OK
2019-06-08 09:22:31.326 22858 INFO rally.task.runner [-] Task 555dc4c9-72a5-4371-a1d5-f919c1c886f3 | ITER: 47 END: OK
2019-06-08 09:22:31.329 22830 INFO rally.task.runner [-] Task 555dc4c9-72a5-4371-a1d5-f919c1c886f3 | ITER: 71 START
2019-06-08 09:22:31.329 22858 INFO rally.task.runner [-] Task 555dc4c9-72a5-4371-a1d5-f919c1c886f3 | ITER: 72 START
2019-06-08 09:22:31.339 22863 INFO rally.task.runner [-] Task 555dc4c9-72a5-4371-a1d5-f919c1c886f3 | ITER: 49 END: OK
2019-06-08 09:22:31.342 22863 INFO rally.task.runner [-] Task 555dc4c9-72a5-4371-a1d5-f919c1c886f3 | ITER: 73 START
2019-06-08 09:22:31.381 22828 INFO rally.task.runner [-] Task 555dc4c9-72a5-4371-a1d5-f919c1c886f3 | ITER: 55 END: OK
2019-06-08 09:22:31.384 22828 INFO rally.task.runner [-] Task 555dc4c9-72a5-4371-a1d5-f919c1c886f3 | ITER: 74 START
2019-06-08 09:22:31.658 22864 INFO rally.task.runner [-] Task 555dc4c9-72a5-4371-a1d5-f919c1c886f3 | ITER: 58 END: OK
2019-06-08 09:22:31.659 22840 INFO rally.task.runner [-] Task 555dc4c9-72a5-4371-a1d5-f919c1c886f3 | ITER: 56 END: OK
2019-06-08 09:22:31.662 22864 INFO rally.task.runner [-] Task 555dc4c9-72a5-4371-a1d5-f919c1c886f3 | ITER: 75 START
2019-06-08 09:22:31.663 22840 INFO rally.task.runner [-] Task 555dc4c9-72a5-4371-a1d5-f919c1c886f3 | ITER: 76 START
2019-06-08 09:22:31.743 22833 INFO rally.task.runner [-] Task 555dc4c9-72a5-4371-a1d5-f919c1c886f3 | ITER: 60 END: OK
2019-06-08 09:22:31.746 22833 INFO rally.task.runner [-] Task 555dc4c9-72a5-4371-a1d5-f919c1c886f3 | ITER: 77 START
2019-06-08 09:22:31.996 22861 INFO rally.task.runner [-] Task 555dc4c9-72a5-4371-a1d5-f919c1c886f3 | ITER: 54 END: OK
2019-06-08 09:22:31.999 22861 INFO rally.task.runner [-] Task 555dc4c9-72a5-4371-a1d5-f919c1c886f3 | ITER: 78 START
2019-06-08 09:22:32.351 22875 INFO rally.task.runner [-] Task 555dc4c9-72a5-4371-a1d5-f919c1c886f3 | ITER: 57 END: OK
2019-06-08 09:22:32.354 22875 INFO rally.task.runner [-] Task 555dc4c9-72a5-4371-a1d5-f919c1c886f3 | ITER: 79 START
2019-06-08 09:22:32.398 22845 INFO rally.task.runner [-] Task 555dc4c9-72a5-4371-a1d5-f919c1c886f3 | ITER: 59 END: OK
2019-06-08 09:22:32.401 22845 INFO rally.task.runner [-] Task 555dc4c9-72a5-4371-a1d5-f919c1c886f3 | ITER: 80 START
2019-06-08 09:22:32.431 22833 INFO rally.task.runner [-] Task 555dc4c9-72a5-4371-a1d5-f919c1c886f3 | ITER: 62 END: OK
2019-06-08 09:22:32.434 22833 INFO rally.task.runner [-] Task 555dc4c9-72a5-4371-a1d5-f919c1c886f3 | ITER: 81 START
2019-06-08 09:22:32.900 22828 INFO rally.task.runner [-] Task 555dc4c9-72a5-4371-a1d5-f919c1c886f3 | ITER: 64 END: OK
2019-06-08 09:22:32.903 22828 INFO rally.task.runner [-] Task 555dc4c9-72a5-4371-a1d5-f919c1c886f3 | ITER: 82 START
2019-06-08 09:22:33.155 22836 INFO rally.task.runner [-] Task 555dc4c9-72a5-4371-a1d5-f919c1c886f3 | ITER: 61 END: OK
2019-06-08 09:22:33.158 22836 INFO rally.task.runner [-] Task 555dc4c9-72a5-4371-a1d5-f919c1c886f3 | ITER: 83 START
2019-06-08 09:22:33.484 22830 INFO rally.task.runner [-] Task 555dc4c9-72a5-4371-a1d5-f919c1c886f3 | ITER: 63 END: OK
2019-06-08 09:22:33.487 22830 INFO rally.task.runner [-] Task 555dc4c9-72a5-4371-a1d5-f919c1c886f3 | ITER: 84 START
2019-06-08 09:22:33.613 22864 INFO rally.task.runner [-] Task 555dc4c9-72a5-4371-a1d5-f919c1c886f3 | ITER: 75 END: OK
2019-06-08 09:22:33.615 22828 INFO rally.task.runner [-] Task 555dc4c9-72a5-4371-a1d5-f919c1c886f3 | ITER: 74 END: OK
2019-06-08 09:22:33.616 22864 INFO rally.task.runner [-] Task 555dc4c9-72a5-4371-a1d5-f919c1c886f3 | ITER: 85 START
2019-06-08 09:22:33.619 22828 INFO rally.task.runner [-] Task 555dc4c9-72a5-4371-a1d5-f919c1c886f3 | ITER: 86 START
2019-06-08 09:22:33.697 22830 INFO rally.task.runner [-] Task 555dc4c9-72a5-4371-a1d5-f919c1c886f3 | ITER: 71 END: OK
2019-06-08 09:22:33.700 22830 INFO rally.task.runner [-] Task 555dc4c9-72a5-4371-a1d5-f919c1c886f3 | ITER: 87 START
2019-06-08 09:22:33.730 22863 INFO rally.task.runner [-] Task 555dc4c9-72a5-4371-a1d5-f919c1c886f3 | ITER: 73 END: OK
2019-06-08 09:22:33.734 22863 INFO rally.task.runner [-] Task 555dc4c9-72a5-4371-a1d5-f919c1c886f3 | ITER: 88 START
2019-06-08 09:22:33.750 22846 INFO rally.task.runner [-] Task 555dc4c9-72a5-4371-a1d5-f919c1c886f3 | ITER: 67 END: OK
2019-06-08 09:22:33.753 22846 INFO rally.task.runner [-] Task 555dc4c9-72a5-4371-a1d5-f919c1c886f3 | ITER: 89 START
2019-06-08 09:22:33.869 22833 INFO rally.task.runner [-] Task 555dc4c9-72a5-4371-a1d5-f919c1c886f3 | ITER: 77 END: OK
2019-06-08 09:22:33.873 22833 INFO rally.task.runner [-] Task 555dc4c9-72a5-4371-a1d5-f919c1c886f3 | ITER: 90 START
2019-06-08 09:22:33.882 22875 INFO rally.task.runner [-] Task 555dc4c9-72a5-4371-a1d5-f919c1c886f3 | ITER: 79 END: OK
2019-06-08 09:22:33.885 22875 INFO rally.task.runner [-] Task 555dc4c9-72a5-4371-a1d5-f919c1c886f3 | ITER: 91 START
2019-06-08 09:22:34.020 22861 INFO rally.task.runner [-] Task 555dc4c9-72a5-4371-a1d5-f919c1c886f3 | ITER: 78 END: OK
2019-06-08 09:22:34.024 22861 INFO rally.task.runner [-] Task 555dc4c9-72a5-4371-a1d5-f919c1c886f3 | ITER: 92 START
2019-06-08 09:22:34.162 22829 INFO rally.task.runner [-] Task 555dc4c9-72a5-4371-a1d5-f919c1c886f3 | ITER: 69 END: OK
2019-06-08 09:22:34.165 22829 INFO rally.task.runner [-] Task 555dc4c9-72a5-4371-a1d5-f919c1c886f3 | ITER: 93 START
2019-06-08 09:22:34.175 22872 INFO rally.task.runner [-] Task 555dc4c9-72a5-4371-a1d5-f919c1c886f3 | ITER: 65 END: OK
2019-06-08 09:22:34.178 22872 INFO rally.task.runner [-] Task 555dc4c9-72a5-4371-a1d5-f919c1c886f3 | ITER: 94 START
2019-06-08 09:22:34.438 22829 INFO rally.task.runner [-] Task 555dc4c9-72a5-4371-a1d5-f919c1c886f3 | ITER: 68 END: OK
2019-06-08 09:22:34.441 22829 INFO rally.task.runner [-] Task 555dc4c9-72a5-4371-a1d5-f919c1c886f3 | ITER: 95 START
2019-06-08 09:22:34.591 22851 INFO rally.task.runner [-] Task 555dc4c9-72a5-4371-a1d5-f919c1c886f3 | ITER: 70 END: OK
2019-06-08 09:22:34.591 22858 INFO rally.task.runner [-] Task 555dc4c9-72a5-4371-a1d5-f919c1c886f3 | ITER: 72 END: OK
2019-06-08 09:22:34.591 22845 INFO rally.task.runner [-] Task 555dc4c9-72a5-4371-a1d5-f919c1c886f3 | ITER: 80 END: OK
2019-06-08 09:22:34.594 22851 INFO rally.task.runner [-] Task 555dc4c9-72a5-4371-a1d5-f919c1c886f3 | ITER: 96 START
2019-06-08 09:22:34.594 22858 INFO rally.task.runner [-] Task 555dc4c9-72a5-4371-a1d5-f919c1c886f3 | ITER: 98 START
2019-06-08 09:22:34.594 22845 INFO rally.task.runner [-] Task 555dc4c9-72a5-4371-a1d5-f919c1c886f3 | ITER: 97 START
2019-06-08 09:22:34.600 22828 INFO rally.task.runner [-] Task 555dc4c9-72a5-4371-a1d5-f919c1c886f3 | ITER: 82 END: OK
2019-06-08 09:22:34.603 22828 INFO rally.task.runner [-] Task 555dc4c9-72a5-4371-a1d5-f919c1c886f3 | ITER: 99 START
2019-06-08 09:22:34.837 22840 INFO rally.task.runner [-] Task 555dc4c9-72a5-4371-a1d5-f919c1c886f3 | ITER: 76 END: OK
2019-06-08 09:22:34.841 22840 INFO rally.task.runner [-] Task 555dc4c9-72a5-4371-a1d5-f919c1c886f3 | ITER: 100 START
2019-06-08 09:22:34.871 22867 INFO rally.task.runner [-] Task 555dc4c9-72a5-4371-a1d5-f919c1c886f3 | ITER: 66 END: OK
2019-06-08 09:22:35.174 22833 INFO rally.task.runner [-] Task 555dc4c9-72a5-4371-a1d5-f919c1c886f3 | ITER: 81 END: OK
2019-06-08 09:22:35.303 22836 INFO rally.task.runner [-] Task 555dc4c9-72a5-4371-a1d5-f919c1c886f3 | ITER: 83 END: OK
2019-06-08 09:22:35.535 22830 INFO rally.task.runner [-] Task 555dc4c9-72a5-4371-a1d5-f919c1c886f3 | ITER: 84 END: OK
2019-06-08 09:22:35.782 22864 INFO rally.task.runner [-] Task 555dc4c9-72a5-4371-a1d5-f919c1c886f3 | ITER: 85 END: OK
2019-06-08 09:22:35.983 22828 INFO rally.task.runner [-] Task 555dc4c9-72a5-4371-a1d5-f919c1c886f3 | ITER: 86 END: OK
2019-06-08 09:22:36.141 22863 INFO rally.task.runner [-] Task 555dc4c9-72a5-4371-a1d5-f919c1c886f3 | ITER: 88 END: OK
2019-06-08 09:22:36.281 22833 INFO rally.task.runner [-] Task 555dc4c9-72a5-4371-a1d5-f919c1c886f3 | ITER: 90 END: OK
2019-06-08 09:22:36.860 22829 INFO rally.task.runner [-] Task 555dc4c9-72a5-4371-a1d5-f919c1c886f3 | ITER: 93 END: OK
2019-06-08 09:22:37.003 22845 INFO rally.task.runner [-] Task 555dc4c9-72a5-4371-a1d5-f919c1c886f3 | ITER: 97 END: OK
2019-06-08 09:22:37.005 22872 INFO rally.task.runner [-] Task 555dc4c9-72a5-4371-a1d5-f919c1c886f3 | ITER: 94 END: OK
2019-06-08 09:22:37.008 22830 INFO rally.task.runner [-] Task 555dc4c9-72a5-4371-a1d5-f919c1c886f3 | ITER: 87 END: OK
2019-06-08 09:22:37.011 22851 INFO rally.task.runner [-] Task 555dc4c9-72a5-4371-a1d5-f919c1c886f3 | ITER: 96 END: OK
2019-06-08 09:22:37.027 22828 INFO rally.task.runner [-] Task 555dc4c9-72a5-4371-a1d5-f919c1c886f3 | ITER: 99 END: OK
2019-06-08 09:22:37.033 22861 INFO rally.task.runner [-] Task 555dc4c9-72a5-4371-a1d5-f919c1c886f3 | ITER: 92 END: OK
2019-06-08 09:22:37.042 22875 INFO rally.task.runner [-] Task 555dc4c9-72a5-4371-a1d5-f919c1c886f3 | ITER: 91 END: OK
2019-06-08 09:22:37.042 22846 INFO rally.task.runner [-] Task 555dc4c9-72a5-4371-a1d5-f919c1c886f3 | ITER: 89 END: OK
2019-06-08 09:22:37.066 22840 INFO rally.task.runner [-] Task 555dc4c9-72a5-4371-a1d5-f919c1c886f3 | ITER: 100 END: OK
2019-06-08 09:22:37.164 22829 INFO rally.task.runner [-] Task 555dc4c9-72a5-4371-a1d5-f919c1c886f3 | ITER: 95 END: OK
2019-06-08 09:22:37.570 22858 INFO rally.task.runner [-] Task 555dc4c9-72a5-4371-a1d5-f919c1c886f3 | ITER: 98 END: OK
2019-06-08 09:22:37.593 22704 INFO rally.task.context [-] Task 555dc4c9-72a5-4371-a1d5-f919c1c886f3 | Context cleanup@openstack cleanup() started
2019-06-08 09:22:37.596 22704 RALLYDEBUG rally_openstack.cleanup.manager [-] Cleaning up neutron vip objects
2019-06-08 09:22:38.222 22704 RALLYDEBUG rally_openstack.cleanup.manager [-] Cleaning up neutron health_monitor objects
2019-06-08 09:22:38.852 22704 RALLYDEBUG rally_openstack.cleanup.manager [-] Cleaning up neutron pool objects
2019-06-08 09:22:39.477 22704 RALLYDEBUG rally_openstack.cleanup.manager [-] Cleaning up neutron loadbalancer objects
2019-06-08 09:22:40.094 22704 RALLYDEBUG rally_openstack.cleanup.manager [-] Cleaning up neutron floatingip objects
2019-06-08 09:22:41.308 22704 RALLYDEBUG rally_openstack.cleanup.manager [-] Cleaning up neutron port objects
2019-06-08 09:22:41.953 22704 RALLYDEBUG rally_openstack.cleanup.manager [-] Cleaning up neutron subnet objects
2019-06-08 09:22:42.595 22704 RALLYDEBUG rally_openstack.cleanup.manager [-] Cleaning up neutron network objects
2019-06-08 09:22:43.545 22704 RALLYDEBUG rally_openstack.cleanup.manager [-] Deleting neutron.network object s_rally_47cbe5ac_7NsEBWgV (07657e3b-2cfd-4ecf-af57-6ebf9000d8a0)
2019-06-08 09:22:43.555 22704 RALLYDEBUG rally_openstack.cleanup.manager [-] Deleting neutron.network object s_rally_47cbe5ac_yx3mAa0L (1dd0f1e8-b56a-4027-8fee-a3624c4e2b68)
2019-06-08 09:22:43.558 22704 RALLYDEBUG rally_openstack.cleanup.manager [-] Deleting neutron.network object s_rally_47cbe5ac_pQYlraiK (1019a4af-7960-4b9c-b3f7-4edc5942a032)
2019-06-08 09:22:43.560 22704 RALLYDEBUG rally_openstack.cleanup.manager [-] Deleting neutron.network object s_rally_47cbe5ac_bpYfO9Fr (22ea8ca4-fc14-4413-a3cc-00b93e942510)
2019-06-08 09:22:43.561 22704 RALLYDEBUG rally_openstack.cleanup.manager [-] Deleting neutron.network object s_rally_47cbe5ac_qMb1Xvqf (244c360d-c8ff-456d-8592-c2b7a8d91090)
2019-06-08 09:22:43.562 22704 RALLYDEBUG rally_openstack.cleanup.manager [-] Deleting neutron.network object s_rally_47cbe5ac_UegpYtnh (08c51b45-9440-4d8a-9d39-e8b14b964855)
2019-06-08 09:22:43.563 22704 RALLYDEBUG rally_openstack.cleanup.manager [-] Deleting neutron.network object s_rally_47cbe5ac_vYcsoe3x (2279d1ba-1143-47b0-9b78-c33a833465da)
2019-06-08 09:22:43.567 22704 RALLYDEBUG rally_openstack.cleanup.manager [-] Deleting neutron.network object s_rally_47cbe5ac_5vFen17T (024414e0-2762-41e2-b03e-cb05561b1943)
2019-06-08 09:22:43.579 22704 RALLYDEBUG rally_openstack.cleanup.manager [-] Deleting neutron.network object s_rally_47cbe5ac_uiJw2akx (13f14a06-7c3d-4267-9f4a-4f2a4827f34a)
2019-06-08 09:22:43.580 22704 RALLYDEBUG rally_openstack.cleanup.manager [-] Deleting neutron.network object s_rally_47cbe5ac_LvtDPXYD (2689e433-3dac-4a2a-9e2a-8ffb1a15456a)
2019-06-08 09:22:43.581 22704 RALLYDEBUG rally_openstack.cleanup.manager [-] Deleting neutron.network object s_rally_47cbe5ac_V2atku29 (1cb3df1c-b90f-4b60-9006-be7cd033ba54)
2019-06-08 09:22:43.584 22704 RALLYDEBUG rally_openstack.cleanup.manager [-] Deleting neutron.network object s_rally_47cbe5ac_CfAQlWYY (1ad2c95b-9ada-4bca-bd23-41aef3797aa3)
2019-06-08 09:22:43.606 22704 RALLYDEBUG rally_openstack.cleanup.manager [-] Deleting neutron.network object s_rally_47cbe5ac_01yzB6Tj (26591f6f-0fce-4505-99fd-b494fd323512)
2019-06-08 09:22:43.608 22704 RALLYDEBUG rally_openstack.cleanup.manager [-] Deleting neutron.network object s_rally_47cbe5ac_nwc7HNxB (13ea9a9d-75b5-4cc9-9cd6-1c1b9b404c79)
2019-06-08 09:22:43.612 22704 RALLYDEBUG rally_openstack.cleanup.manager [-] Deleting neutron.network object s_rally_47cbe5ac_sd3cThMH (29e98000-1f2f-49f8-b0f4-5fe012c64d37)
2019-06-08 09:22:43.613 22704 RALLYDEBUG rally_openstack.cleanup.manager [-] Deleting neutron.network object s_rally_47cbe5ac_iD9Lg64f (2e8fc4cc-fe04-4508-9047-ab59c11efa7f)
2019-06-08 09:22:43.646 22704 RALLYDEBUG rally_openstack.cleanup.manager [-] Deleting neutron.network object s_rally_47cbe5ac_nP5SxMmv (32456a25-bc3e-4144-9193-9e2260c40345)
2019-06-08 09:22:43.651 22704 RALLYDEBUG rally_openstack.cleanup.manager [-] Deleting neutron.network object s_rally_47cbe5ac_pb2aBacG (332c9a80-b181-470f-84e3-71efaf43ee5d)
2019-06-08 09:22:43.653 22704 RALLYDEBUG rally_openstack.cleanup.manager [-] Deleting neutron.network object s_rally_47cbe5ac_TXmlKADT (2f225615-11a5-412e-ae59-2340f176d872)
2019-06-08 09:22:43.655 22704 RALLYDEBUG rally_openstack.cleanup.manager [-] Deleting neutron.network object s_rally_47cbe5ac_VG0ysm0l (339dd5f7-8792-4333-8697-bfcb3db014d2)
2019-06-08 09:22:47.269 22704 RALLYDEBUG rally_openstack.cleanup.manager [-] Deleting neutron.network object s_rally_47cbe5ac_uJcjdN09 (33c4fb8d-b182-4ac7-a232-e6dba8c1db44)
2019-06-08 09:22:47.285 22704 RALLYDEBUG rally_openstack.cleanup.manager [-] Deleting neutron.network object s_rally_47cbe5ac_uRU6LwuP (39cddcf3-2a52-48f2-b34f-66109f3857a2)
2019-06-08 09:22:47.374 22704 RALLYDEBUG rally_openstack.cleanup.manager [-] Deleting neutron.network object s_rally_47cbe5ac_JW26GQH0 (3cd4893c-67b0-4fc7-b07a-5f3c349141b8)
2019-06-08 09:22:47.419 22704 RALLYDEBUG rally_openstack.cleanup.manager [-] Deleting neutron.network object s_rally_47cbe5ac_p6ICeZEu (3f458d42-fcf8-42f3-9dd2-0f3824247c75)
2019-06-08 09:22:47.786 22704 RALLYDEBUG rally_openstack.cleanup.manager [-] Deleting neutron.network object s_rally_47cbe5ac_BuKWyTpI (4325733a-c033-4103-b727-5ffa6e16a7fe)
2019-06-08 09:22:47.877 22704 RALLYDEBUG rally_openstack.cleanup.manager [-] Deleting neutron.network object s_rally_47cbe5ac_BVeFnoBz (483844c5-99d7-4c07-875d-8f35b98977ed)
2019-06-08 09:22:47.993 22704 RALLYDEBUG rally_openstack.cleanup.manager [-] Deleting neutron.network object s_rally_47cbe5ac_vu9fN61g (4a13256a-3738-4329-94e9-c4e002e39b13)
2019-06-08 09:22:48.123 22704 RALLYDEBUG rally_openstack.cleanup.manager [-] Deleting neutron.network object s_rally_47cbe5ac_LTJ0Uo7I (4b74c318-5fbe-4dcf-b122-278a530f3ce4)
2019-06-08 09:22:48.195 22704 RALLYDEBUG rally_openstack.cleanup.manager [-] Deleting neutron.network object s_rally_47cbe5ac_mjQ30XFu (4c30ca87-f64d-4cb6-a3ca-f25b386bb46e)
2019-06-08 09:22:48.334 22704 RALLYDEBUG rally_openstack.cleanup.manager [-] Deleting neutron.network object s_rally_47cbe5ac_H2r28act (4f3725ab-6e91-4891-8c0b-dea5c5ebec68)
2019-06-08 09:22:48.347 22704 RALLYDEBUG rally_openstack.cleanup.manager [-] Deleting neutron.network object s_rally_47cbe5ac_TiS7S6SQ (50fe2991-c7fb-441c-a1e3-f4608fd569a7)
2019-06-08 09:22:48.369 22704 RALLYDEBUG rally_openstack.cleanup.manager [-] Deleting neutron.network object s_rally_47cbe5ac_8Mp9lec6 (517a2b80-1e58-4716-b5e3-4e2c9e5b3553)
2019-06-08 09:22:48.388 22704 RALLYDEBUG rally_openstack.cleanup.manager [-] Deleting neutron.network object s_rally_47cbe5ac_J72S5eE4 (56bcc76a-c2d0-4e32-9673-324a6a2119c7)
2019-06-08 09:22:48.388 22704 RALLYDEBUG rally_openstack.cleanup.manager [-] Deleting neutron.network object s_rally_47cbe5ac_iFAXra2u (542f4dd7-2a94-4207-b665-5d805eded548)
2019-06-08 09:22:48.449 22704 RALLYDEBUG rally_openstack.cleanup.manager [-] Deleting neutron.network object s_rally_47cbe5ac_WOJRMjPy (5817139a-792f-4c06-b0ec-e60fd9e0974a)
2019-06-08 09:22:48.472 22704 RALLYDEBUG rally_openstack.cleanup.manager [-] Deleting neutron.network object s_rally_47cbe5ac_gvaCLlLU (5c11bb35-4a4f-492a-be74-ec86b907e320)
2019-06-08 09:22:48.694 22704 RALLYDEBUG rally_openstack.cleanup.manager [-] Deleting neutron.network object s_rally_47cbe5ac_5lavsNr9 (5da03b50-8f43-4b5f-b26f-5d913265867c)
2019-06-08 09:22:48.978 22704 RALLYDEBUG rally_openstack.cleanup.manager [-] Deleting neutron.network object s_rally_47cbe5ac_W7J9sZ1G (5edca0db-f7fe-418b-917c-e3a6cacc7bbd)
2019-06-08 09:22:49.008 22704 RALLYDEBUG rally_openstack.cleanup.manager [-] Deleting neutron.network object s_rally_47cbe5ac_tsrJYnJ6 (5f059093-d0e2-4643-8c0a-b0edcc086c4e)
2019-06-08 09:22:49.032 22704 RALLYDEBUG rally_openstack.cleanup.manager [-] Deleting neutron.network object s_rally_47cbe5ac_2w9FSoAW (61c211b1-fe85-4313-be76-ee8a2aecbbc7)
2019-06-08 09:22:49.944 22704 RALLYDEBUG rally_openstack.cleanup.manager [-] Deleting neutron.network object s_rally_47cbe5ac_OLZyq9La (6274e0ba-91c4-4234-8d50-264e24205dd5)
2019-06-08 09:22:50.211 22704 RALLYDEBUG rally_openstack.cleanup.manager [-] Deleting neutron.network object s_rally_47cbe5ac_KX5NBBau (72f52cf0-c2d7-42ed-8385-7eac98ccb4ad)
2019-06-08 09:22:50.867 22704 RALLYDEBUG rally_openstack.cleanup.manager [-] Deleting neutron.network object s_rally_47cbe5ac_48qD3uM0 (731563d1-ec74-49bd-bb9a-f95590657bc7)
2019-06-08 09:22:50.882 22704 RALLYDEBUG rally_openstack.cleanup.manager [-] Deleting neutron.network object s_rally_47cbe5ac_HdvtaBBZ (74b5f1a8-d06d-495b-93d2-208a75052c48)
2019-06-08 09:22:51.158 22704 RALLYDEBUG rally_openstack.cleanup.manager [-] Deleting neutron.network object s_rally_47cbe5ac_69fKEfII (7816be41-2041-442e-890d-5d70e7f22c46)
2019-06-08 09:22:51.575 22704 RALLYDEBUG rally_openstack.cleanup.manager [-] Deleting neutron.network object s_rally_47cbe5ac_HdVZLeu9 (7a6b2f57-c07f-47a5-8e9c-12d7ff459d98)
2019-06-08 09:22:51.747 22704 RALLYDEBUG rally_openstack.cleanup.manager [-] Deleting neutron.network object s_rally_47cbe5ac_vbG3Zicq (7b26b1d1-848c-4608-9ba9-c8d3359cd7b1)
2019-06-08 09:22:51.919 22704 RALLYDEBUG rally_openstack.cleanup.manager [-] Deleting neutron.network object s_rally_47cbe5ac_cwTfmk9M (7c6e3ff6-4e12-4280-b164-6c595d12701c)
2019-06-08 09:22:51.920 22704 RALLYDEBUG rally_openstack.cleanup.manager [-] Deleting neutron.network object s_rally_47cbe5ac_JblxEwGz (851696a8-a0b0-42a6-82b7-cec88c5b82a7)
2019-06-08 09:22:52.044 22704 RALLYDEBUG rally_openstack.cleanup.manager [-] Deleting neutron.network object s_rally_47cbe5ac_7wL55Qsc (85220a92-66b9-42e0-9ef3-c682237461c2)
2019-06-08 09:22:52.058 22704 RALLYDEBUG rally_openstack.cleanup.manager [-] Deleting neutron.network object s_rally_47cbe5ac_LQBQaKxo (8a7206b0-2fd3-4ad8-8156-e9c172617b07)
2019-06-08 09:22:52.183 22704 RALLYDEBUG rally_openstack.cleanup.manager [-] Deleting neutron.network object s_rally_47cbe5ac_VlE1VaPW (8f37b015-dd32-481f-8444-8d0e670df408)
2019-06-08 09:22:52.188 22704 RALLYDEBUG rally_openstack.cleanup.manager [-] Deleting neutron.network object s_rally_47cbe5ac_eBLuHIgO (931f0d8b-2578-422e-954e-5e7b2b786f3e)
2019-06-08 09:22:52.247 22704 RALLYDEBUG rally_openstack.cleanup.manager [-] Deleting neutron.network object s_rally_47cbe5ac_M9mjOYlW (95d2e836-4366-4a89-8251-cdd8714ffab2)
2019-06-08 09:22:52.352 22704 RALLYDEBUG rally_openstack.cleanup.manager [-] Deleting neutron.network object s_rally_47cbe5ac_Yj0bjQId (9a918a19-ed8b-43cc-b16b-dc049a7a46e2)
2019-06-08 09:22:52.969 22704 RALLYDEBUG rally_openstack.cleanup.manager [-] Deleting neutron.network object s_rally_47cbe5ac_SPzCS9QI (9e793376-44d8-483d-8192-f29308cb3c6d)
2019-06-08 09:22:52.987 22704 RALLYDEBUG rally_openstack.cleanup.manager [-] Deleting neutron.network object s_rally_47cbe5ac_FwTrqtOD (a105163d-5192-405c-83b4-861e976b0b6d)
2019-06-08 09:22:53.228 22704 RALLYDEBUG rally_openstack.cleanup.manager [-] Deleting neutron.network object s_rally_47cbe5ac_xlui6lEe (a1a81817-92ca-4fe6-91f4-a462937d3737)
2019-06-08 09:22:53.311 22704 RALLYDEBUG rally_openstack.cleanup.manager [-] Deleting neutron.network object s_rally_47cbe5ac_HQG8AgZD (a7fde201-2290-4083-aaf4-764b27facb17)
2019-06-08 09:22:53.323 22704 RALLYDEBUG rally_openstack.cleanup.manager [-] Deleting neutron.network object s_rally_47cbe5ac_NbwCdmMz (ab916814-975c-4244-ad4e-7df4c8cd0b03)
2019-06-08 09:22:53.346 22704 RALLYDEBUG rally_openstack.cleanup.manager [-] Deleting neutron.network object s_rally_47cbe5ac_gwhBBmHq (ac2c14ad-1f2c-4737-a47b-34c773045d9c)
2019-06-08 09:22:53.469 22704 RALLYDEBUG rally_openstack.cleanup.manager [-] Deleting neutron.network object s_rally_47cbe5ac_T167Jj7B (ae1cc742-44b5-4521-a183-684167db0661)
2019-06-08 09:22:53.983 22704 RALLYDEBUG rally_openstack.cleanup.manager [-] Deleting neutron.network object s_rally_47cbe5ac_3nYz5Q2P (ae3129f7-5efd-4d1b-8e87-ca00aaec00be)
2019-06-08 09:22:54.534 22704 RALLYDEBUG rally_openstack.cleanup.manager [-] Deleting neutron.network object s_rally_47cbe5ac_GVCpSUx1 (afe1cafc-de41-4bfa-bd67-81cd04e04cda)
2019-06-08 09:22:54.600 22704 RALLYDEBUG rally_openstack.cleanup.manager [-] Deleting neutron.network object s_rally_47cbe5ac_3fDxnhF9 (b1cd6582-348f-42b5-9edf-514f937939a2)
2019-06-08 09:22:55.054 22704 RALLYDEBUG rally_openstack.cleanup.manager [-] Deleting neutron.network object s_rally_47cbe5ac_zhVG7EQJ (b27d61dc-4576-46be-936e-8b86f29624ed)
2019-06-08 09:22:55.219 22704 RALLYDEBUG rally_openstack.cleanup.manager [-] Deleting neutron.network object s_rally_47cbe5ac_lNLrFTGi (b288385e-b771-4bad-b775-c2c6673ba81e)
2019-06-08 09:22:55.409 22704 RALLYDEBUG rally_openstack.cleanup.manager [-] Deleting neutron.network object s_rally_47cbe5ac_xdMXgU7f (b53e2296-8f52-4dcb-a66f-251d0bc5e044)
2019-06-08 09:22:55.827 22704 RALLYDEBUG rally_openstack.cleanup.manager [-] Deleting neutron.network object s_rally_47cbe5ac_TpZY26p2 (bb9bbe4a-eb84-4260-b466-ddd6d2206c2a)
2019-06-08 09:22:56.237 22704 RALLYDEBUG rally_openstack.cleanup.manager [-] Deleting neutron.network object s_rally_47cbe5ac_jyb4ekYe (bf128e67-d678-4339-8d5a-fc4d16e1d729)
2019-06-08 09:22:56.418 22704 RALLYDEBUG rally_openstack.cleanup.manager [-] Deleting neutron.network object s_rally_47cbe5ac_JUUEeMdo (c998bd02-9516-4301-92bf-f1595954b550)
2019-06-08 09:22:56.435 22704 RALLYDEBUG rally_openstack.cleanup.manager [-] Deleting neutron.network object s_rally_47cbe5ac_QubE9DcZ (d592df9a-a58f-4542-866f-0eef8ed2dc70)
2019-06-08 09:22:56.436 22704 RALLYDEBUG rally_openstack.cleanup.manager [-] Deleting neutron.network object s_rally_47cbe5ac_dQD6mo4p (d5f3ee4b-f5b1-4233-8ebb-15e53bdfc3cc)
2019-06-08 09:22:56.576 22704 RALLYDEBUG rally_openstack.cleanup.manager [-] Deleting neutron.network object s_rally_47cbe5ac_XkmODXqC (d8b9eb2d-f46e-44d9-a438-161a6f470e9a)
2019-06-08 09:22:56.625 22704 RALLYDEBUG rally_openstack.cleanup.manager [-] Deleting neutron.network object s_rally_47cbe5ac_zWNc4YBR (d992ae73-52df-46fd-837c-95be6099cc67)
2019-06-08 09:22:56.679 22704 RALLYDEBUG rally_openstack.cleanup.manager [-] Deleting neutron.network object s_rally_47cbe5ac_tDleugxF (db3c33e3-ec5c-4f19-9b29-cb527b3bf33c)
2019-06-08 09:22:56.748 22704 RALLYDEBUG rally_openstack.cleanup.manager [-] Deleting neutron.network object s_rally_47cbe5ac_dIFeNDCd (dd6949bb-3793-4ee4-81de-e7a069e1c28c)
2019-06-08 09:22:56.853 22704 RALLYDEBUG rally_openstack.cleanup.manager [-] Deleting neutron.network object s_rally_47cbe5ac_jwqejzOW (ddbe0557-ae63-4033-9cd1-cc44c65aaba1)
2019-06-08 09:22:56.888 22704 RALLYDEBUG rally_openstack.cleanup.manager [-] Deleting neutron.network object s_rally_47cbe5ac_uhonyaV7 (df702c0f-d0fa-4e1d-a3b9-ed0694e65d5a)
2019-06-08 09:22:57.151 22704 RALLYDEBUG rally_openstack.cleanup.manager [-] Deleting neutron.network object s_rally_47cbe5ac_0Ob0Bqr2 (e53bc236-2082-4d27-bd84-5ff91b3e0d5e)
2019-06-08 09:22:57.151 22704 RALLYDEBUG rally_openstack.cleanup.manager [-] Deleting neutron.network object s_rally_47cbe5ac_LO7NgnWL (df7e5e13-7c40-46d2-a20a-c5d4a250d464)
2019-06-08 09:22:57.179 22704 RALLYDEBUG rally_openstack.cleanup.manager [-] Deleting neutron.network object s_rally_47cbe5ac_G5YreDGR (e557d970-e13b-4286-95b3-ede8e838123c)
2019-06-08 09:22:57.271 22704 RALLYDEBUG rally_openstack.cleanup.manager [-] Deleting neutron.network object s_rally_47cbe5ac_h8m6eY0P (e5bf7e22-713d-4016-96f2-1257f627367e)
2019-06-08 09:22:57.510 22704 RALLYDEBUG rally_openstack.cleanup.manager [-] Deleting neutron.network object s_rally_47cbe5ac_GIugBVMM (e7931e77-23b4-432f-902c-e04f28eeeb78)
2019-06-08 09:22:58.103 22704 RALLYDEBUG rally_openstack.cleanup.manager [-] Deleting neutron.network object s_rally_47cbe5ac_BwECV5VH (e9c931f0-051f-45f9-88c5-cd68cc4d2eaf)
2019-06-08 09:22:58.132 22704 RALLYDEBUG rally_openstack.cleanup.manager [-] Deleting neutron.network object s_rally_47cbe5ac_Iwg8YXBa (eb48ec7a-ddc9-42d4-9dfd-81ec7355b010)
2019-06-08 09:22:58.766 22704 RALLYDEBUG rally_openstack.cleanup.manager [-] Deleting neutron.network object s_rally_47cbe5ac_yt59UUza (eeb74e76-a58a-43ec-b2bf-f6399d9f3a33)
2019-06-08 09:22:58.984 22704 RALLYDEBUG rally_openstack.cleanup.manager [-] Deleting neutron.network object s_rally_47cbe5ac_azNbJLph (ef03734d-dbdc-40ce-b9b3-3aaf81e701ef)
2019-06-08 09:22:59.048 22704 RALLYDEBUG rally_openstack.cleanup.manager [-] Deleting neutron.network object s_rally_47cbe5ac_BxNzxq7M (f0698137-b838-4303-a214-12ccd640a9ac)
2019-06-08 09:22:59.451 22704 RALLYDEBUG rally_openstack.cleanup.manager [-] Deleting neutron.network object s_rally_47cbe5ac_UiQxgqgU (f412ba20-a6cf-4857-8627-4f3f72e5c200)
2019-06-08 09:22:59.564 22704 RALLYDEBUG rally_openstack.cleanup.manager [-] Deleting neutron.network object s_rally_47cbe5ac_ST5E8MsW (f444020f-fed6-4cf6-abe1-ae44e00e8d9b)
2019-06-08 09:23:00.319 22704 RALLYDEBUG rally_openstack.cleanup.manager [-] Deleting neutron.network object s_rally_47cbe5ac_8WuD6tLk (f448deac-be04-465e-8b19-669374b915bb)
2019-06-08 09:23:00.433 22704 RALLYDEBUG rally_openstack.cleanup.manager [-] Deleting neutron.network object s_rally_47cbe5ac_DDbmfj7T (f64cde23-3e8c-4073-8219-96fcaa845954)
2019-06-08 09:23:00.646 22704 RALLYDEBUG rally_openstack.cleanup.manager [-] Deleting neutron.network object s_rally_47cbe5ac_kiewFA3w (f748df45-47a1-4be8-9c8b-2748b49a37b4)
2019-06-08 09:23:00.681 22704 RALLYDEBUG rally_openstack.cleanup.manager [-] Deleting neutron.network object s_rally_47cbe5ac_ZRfdVXzY (f92659d5-477c-486f-aa8d-314d983c7349)
2019-06-08 09:23:00.732 22704 RALLYDEBUG rally_openstack.cleanup.manager [-] Deleting neutron.network object s_rally_47cbe5ac_DYV2SycK (faaa10cd-b575-4d0d-881c-035fddc08ae0)
