2019-06-08 09:43:55.873 26951 WARNING rally_openstack.scenarios.neutron.utils [-] Running this scenario without either the 'network' or 'existing_network' context is deprecated
2019-06-08 09:43:57.582 26997 INFO rally.task.runner [-] Task 555dc4c9-72a5-4371-a1d5-f919c1c886f3 | ITER: 31 END: OK
2019-06-08 09:43:57.587 26997 INFO rally.task.runner [-] Task 555dc4c9-72a5-4371-a1d5-f919c1c886f3 | ITER: 40 START
2019-06-08 09:43:57.588 26997 WARNING rally_openstack.scenarios.neutron.utils [-] Running this scenario without either the 'network' or 'existing_network' context is deprecated
2019-06-08 09:43:59.173 26950 INFO rally.task.runner [-] Task 555dc4c9-72a5-4371-a1d5-f919c1c886f3 | ITER: 23 END: OK
2019-06-08 09:43:59.328 26952 INFO rally.task.runner [-] Task 555dc4c9-72a5-4371-a1d5-f919c1c886f3 | ITER: 26 END: OK
2019-06-08 09:43:59.388 26953 INFO rally.task.runner [-] Task 555dc4c9-72a5-4371-a1d5-f919c1c886f3 | ITER: 9 END: OK
2019-06-08 09:43:59.437 26959 INFO rally.task.runner [-] Task 555dc4c9-72a5-4371-a1d5-f919c1c886f3 | ITER: 10 END: OK
2019-06-08 09:43:59.487 26991 INFO rally.task.runner [-] Task 555dc4c9-72a5-4371-a1d5-f919c1c886f3 | ITER: 25 END: OK
2019-06-08 09:43:59.745 26954 INFO rally.task.runner [-] Task 555dc4c9-72a5-4371-a1d5-f919c1c886f3 | ITER: 8 END: OK
2019-06-08 09:43:59.951 26994 INFO rally.task.runner [-] Task 555dc4c9-72a5-4371-a1d5-f919c1c886f3 | ITER: 19 END: OK
2019-06-08 09:44:03.141 26970 INFO rally.task.runner [-] Task 555dc4c9-72a5-4371-a1d5-f919c1c886f3 | ITER: 27 END: OK
2019-06-08 09:44:03.148 26976 INFO rally.task.runner [-] Task 555dc4c9-72a5-4371-a1d5-f919c1c886f3 | ITER: 28 END: OK
2019-06-08 09:44:04.006 26951 INFO rally.task.runner [-] Task 555dc4c9-72a5-4371-a1d5-f919c1c886f3 | ITER: 33 END: OK
2019-06-08 09:44:04.146 26988 INFO rally.task.runner [-] Task 555dc4c9-72a5-4371-a1d5-f919c1c886f3 | ITER: 29 END: OK
2019-06-08 09:44:04.147 26978 INFO rally.task.runner [-] Task 555dc4c9-72a5-4371-a1d5-f919c1c886f3 | ITER: 30 END: OK
2019-06-08 09:44:04.590 26953 INFO rally.task.runner [-] Task 555dc4c9-72a5-4371-a1d5-f919c1c886f3 | ITER: 36 END: OK
2019-06-08 09:44:05.372 26951 INFO rally.task.runner [-] Task 555dc4c9-72a5-4371-a1d5-f919c1c886f3 | ITER: 39 END: OK
2019-06-08 09:44:06.196 26997 INFO rally.task.runner [-] Task 555dc4c9-72a5-4371-a1d5-f919c1c886f3 | ITER: 40 END: OK
2019-06-08 09:44:08.454 26952 INFO rally.task.runner [-] Task 555dc4c9-72a5-4371-a1d5-f919c1c886f3 | ITER: 32 END: OK
2019-06-08 09:44:09.059 26950 INFO rally.task.runner [-] Task 555dc4c9-72a5-4371-a1d5-f919c1c886f3 | ITER: 34 END: OK
2019-06-08 09:44:15.228 26966 INFO rally.task.runner [-] Task 555dc4c9-72a5-4371-a1d5-f919c1c886f3 | ITER: 37 END: OK
2019-06-08 09:44:15.330 26973 INFO rally.task.runner [-] Task 555dc4c9-72a5-4371-a1d5-f919c1c886f3 | ITER: 35 END: OK
2019-06-08 09:44:15.645 26981 INFO rally.task.runner [-] Task 555dc4c9-72a5-4371-a1d5-f919c1c886f3 | ITER: 38 END: OK
2019-06-08 09:44:15.675 22704 INFO rally.task.context [-] Task 555dc4c9-72a5-4371-a1d5-f919c1c886f3 | Context cleanup@openstack cleanup() started
2019-06-08 09:44:15.677 22704 RALLYDEBUG rally_openstack.cleanup.manager [-] Cleaning up neutron vip objects
2019-06-08 09:44:16.300 22704 RALLYDEBUG rally_openstack.cleanup.manager [-] Cleaning up neutron health_monitor objects
2019-06-08 09:44:17.006 22704 RALLYDEBUG rally_openstack.cleanup.manager [-] Cleaning up neutron pool objects
2019-06-08 09:44:17.631 22704 RALLYDEBUG rally_openstack.cleanup.manager [-] Cleaning up neutron loadbalancer objects
2019-06-08 09:44:18.326 22704 RALLYDEBUG rally_openstack.cleanup.manager [-] Cleaning up neutron floatingip objects
2019-06-08 09:44:19.082 22704 RALLYDEBUG rally_openstack.cleanup.manager [-] Cleaning up neutron port objects
2019-06-08 09:44:19.741 22704 RALLYDEBUG rally_openstack.cleanup.manager [-] Cleaning up neutron subnet objects
2019-06-08 09:44:20.467 22704 RALLYDEBUG rally_openstack.cleanup.manager [-] Cleaning up neutron network objects
2019-06-08 09:44:21.686 22704 RALLYDEBUG rally_openstack.cleanup.manager [-] Deleting neutron.network object s_rally_19db2930_oUqXfpwL (0322f72f-2998-430a-b4c7-aa2bda57da2b)
2019-06-08 09:44:21.687 22704 RALLYDEBUG rally_openstack.cleanup.manager [-] Deleting neutron.network object s_rally_19db2930_u7VApJoa (2670a5a0-e4e4-454a-b27c-5b6d0024d37e)
2019-06-08 09:44:21.691 22704 RALLYDEBUG rally_openstack.cleanup.manager [-] Deleting neutron.network object s_rally_19db2930_0NFNOHbh (2bc34465-8831-4946-8b2b-6a8fa2dd14c4)
2019-06-08 09:44:21.691 22704 RALLYDEBUG rally_openstack.cleanup.manager [-] Deleting neutron.network object s_rally_19db2930_buzpcsjx (10965688-cd69-461e-805f-586d345d5762)
2019-06-08 09:44:21.692 22704 RALLYDEBUG rally_openstack.cleanup.manager [-] Deleting neutron.network object s_rally_19db2930_HXLUxnpH (18862322-ddd0-462a-955e-696720e7f9f5)
2019-06-08 09:44:21.695 22704 RALLYDEBUG rally_openstack.cleanup.manager [-] Deleting neutron.network object s_rally_19db2930_XamDznVB (242f8c6b-7147-402a-b447-07680ea95a40)
2019-06-08 09:44:21.701 22704 RALLYDEBUG rally_openstack.cleanup.manager [-] Deleting neutron.network object s_rally_19db2930_xQbatAXU (2b39182e-48af-4141-ad27-c1c07f2773c9)
2019-06-08 09:44:21.710 22704 RALLYDEBUG rally_openstack.cleanup.manager [-] Deleting neutron.network object s_rally_19db2930_352mbzOw (28204ce7-5013-4014-ad4d-803f33612cdf)
2019-06-08 09:44:21.716 22704 RALLYDEBUG rally_openstack.cleanup.manager [-] Deleting neutron.network object s_rally_19db2930_w67rIq5b (39227c7b-7533-4bcd-b10c-38b8ef942b4c)
2019-06-08 09:44:21.718 22704 RALLYDEBUG rally_openstack.cleanup.manager [-] Deleting neutron.network object s_rally_19db2930_4lsI3Xru (3959c667-0b20-448f-9bd8-a9be9028e908)
2019-06-08 09:44:21.737 22704 RALLYDEBUG rally_openstack.cleanup.manager [-] Deleting neutron.network object s_rally_19db2930_r0NURQcs (3b1dec6c-49a2-4cbf-8246-8b6273ed0629)
2019-06-08 09:44:21.737 22704 RALLYDEBUG rally_openstack.cleanup.manager [-] Deleting neutron.network object s_rally_19db2930_VQJYe39q (3c12cb86-f228-4864-8832-beb80dbe443a)
2019-06-08 09:44:21.753 22704 RALLYDEBUG rally_openstack.cleanup.manager [-] Deleting neutron.network object s_rally_19db2930_dVBTf7Vr (4a655e25-e7bd-4c2e-9431-1b234cf68968)
2019-06-08 09:44:21.767 22704 RALLYDEBUG rally_openstack.cleanup.manager [-] Deleting neutron.network object s_rally_19db2930_6n8Ppf3r (4a754114-722a-49b5-afd4-442a17d4f072)
2019-06-08 09:44:21.793 22704 RALLYDEBUG rally_openstack.cleanup.manager [-] Deleting neutron.network object s_rally_19db2930_P4LZ6MLa (5946d05c-d2a3-43a7-968c-19bb0c6afe83)
2019-06-08 09:44:21.795 22704 RALLYDEBUG rally_openstack.cleanup.manager [-] Deleting neutron.network object s_rally_19db2930_nmMwcBpl (4c7924e4-2518-44be-a233-5b6d5e731861)
2019-06-08 09:44:21.800 22704 RALLYDEBUG rally_openstack.cleanup.manager [-] Deleting neutron.network object s_rally_19db2930_ntyHqrqk (4bc1d9b4-8d96-407a-b060-fcb03f05b392)
2019-06-08 09:44:21.819 22704 RALLYDEBUG rally_openstack.cleanup.manager [-] Deleting neutron.network object s_rally_19db2930_lITF0MYm (69a7e66f-bbf2-4215-82c6-8cb0442bf163)
2019-06-08 09:44:21.821 22704 RALLYDEBUG rally_openstack.cleanup.manager [-] Deleting neutron.network object s_rally_19db2930_xDBWVcj5 (75fde83e-ebda-42b0-b6f3-58801ac46f36)
2019-06-08 09:44:21.838 22704 RALLYDEBUG rally_openstack.cleanup.manager [-] Deleting neutron.network object s_rally_19db2930_OsTkiqJv (797d446e-0b5f-4739-ab03-50be53cfbff1)
2019-06-08 09:44:24.400 22704 RALLYDEBUG rally_openstack.cleanup.manager [-] Deleting neutron.network object s_rally_19db2930_JqwkawBx (7ae0769d-4c69-4e4a-8bd2-ca98ccd2fd97)
2019-06-08 09:44:24.408 22704 RALLYDEBUG rally_openstack.cleanup.manager [-] Deleting neutron.network object s_rally_19db2930_IkHLadUl (7b9b3975-86f8-4406-8733-943089ee0668)
2019-06-08 09:44:24.532 22704 RALLYDEBUG rally_openstack.cleanup.manager [-] Deleting neutron.network object s_rally_19db2930_6xSxHuOe (846d0410-28b1-4153-8d98-0f0ebbadb87e)
2019-06-08 09:44:24.619 22704 RALLYDEBUG rally_openstack.cleanup.manager [-] Deleting neutron.network object s_rally_19db2930_ZbT19t1D (8712b17f-01ac-4669-b1a2-fe79c656c526)
2019-06-08 09:44:25.176 22704 RALLYDEBUG rally_openstack.cleanup.manager [-] Deleting neutron.network object s_rally_19db2930_w6MiGQpq (95344691-7c68-4d48-9ce8-e6e3fee9e9ff)
2019-06-08 09:44:25.939 22704 RALLYDEBUG rally_openstack.cleanup.manager [-] Deleting neutron.network object s_rally_19db2930_xnGzibM7 (9cddd6ab-07d9-428c-9ef9-83a50ce82d1f)
2019-06-08 09:44:26.584 22704 RALLYDEBUG rally_openstack.cleanup.manager [-] Deleting neutron.network object s_rally_19db2930_eWjnPZlh (9ec506db-e510-4064-829a-08fad7196c68)
2019-06-08 09:44:27.162 22704 RALLYDEBUG rally_openstack.cleanup.manager [-] Deleting neutron.network object s_rally_19db2930_w9A3DqXH (a411eba6-5d19-4588-be2a-10af7b0c0d7a)
2019-06-08 09:44:27.541 22704 RALLYDEBUG rally_openstack.cleanup.manager [-] Deleting neutron.network object s_rally_19db2930_OdAse5Ee (a8a547f2-6768-464a-8d1b-3c69c3756e7d)
2019-06-08 09:44:27.578 22704 RALLYDEBUG rally_openstack.cleanup.manager [-] Deleting neutron.network object s_rally_19db2930_ddiWSG3B (a8b44b0d-9243-421d-82b9-0a2703f782f2)
2019-06-08 09:44:27.687 22704 RALLYDEBUG rally_openstack.cleanup.manager [-] Deleting neutron.network object s_rally_19db2930_XZQpMmdi (b3270f5f-c9a4-4b4e-bf81-db654f1da9b6)
2019-06-08 09:44:27.704 22704 RALLYDEBUG rally_openstack.cleanup.manager [-] Deleting neutron.network object s_rally_19db2930_KKaK90Dp (b3ae311d-0d61-4212-b7eb-e9a4ffd2a7ab)
2019-06-08 09:44:27.845 22704 RALLYDEBUG rally_openstack.cleanup.manager [-] Deleting neutron.network object s_rally_19db2930_CA0VOTQI (bed8373d-bb97-4bfd-a9f4-07a80dbb21c5)
2019-06-08 09:44:27.851 22704 RALLYDEBUG rally_openstack.cleanup.manager [-] Deleting neutron.network object s_rally_19db2930_btpjAJug (d3a97c95-50fe-4db3-8dac-9644ffa889f4)
2019-06-08 09:44:27.897 22704 RALLYDEBUG rally_openstack.cleanup.manager [-] Deleting neutron.network object s_rally_19db2930_kLE8aq4H (d4dbefa4-3f2e-4839-9246-aa0985ea794d)
2019-06-08 09:44:28.248 22704 RALLYDEBUG rally_openstack.cleanup.manager [-] Deleting neutron.network object s_rally_19db2930_iVHCFP0T (d5354b4e-4328-4589-8951-91d2e1d189e9)
2019-06-08 09:44:28.496 22704 RALLYDEBUG rally_openstack.cleanup.manager [-] Deleting neutron.network object s_rally_19db2930_ZI0T7pad (db62b1eb-5d71-4708-babc-8b45c910c0ae)
2019-06-08 09:44:28.515 22704 RALLYDEBUG rally_openstack.cleanup.manager [-] Deleting neutron.network object s_rally_19db2930_8WXz2v5C (f144e58d-8e8e-4722-b7d6-f7447140c644)
2019-06-08 09:44:28.685 22704 RALLYDEBUG rally_openstack.cleanup.manager [-] Deleting neutron.network object s_rally_19db2930_e0kRKp6S (f7166405-a123-4816-94ca-54626c4ef1b9)
2019-06-08 09:44:29.002 22704 RALLYDEBUG rally_openstack.cleanup.manager [-] Deleting neutron.network object s_rally_19db2930_vu9he47K (f75975a5-2dec-42d2-a93f-944f2988d467)
2019-06-08 09:44:32.616 22704 RALLYDEBUG rally_openstack.cleanup.manager [-] Cleaning up neutron router objects
2019-06-08 09:44:33.273 22704 RALLYDEBUG rally_openstack.cleanup.manager [-] Cleaning up neutron security_group objects
2019-06-08 09:44:33.912 22704 INFO rally.task.context [-] Task 555dc4c9-72a5-4371-a1d5-f919c1c886f3 | Context cleanup@openstack cleanup() finished in 18.24 sec
2019-06-08 09:44:33.912 22704 INFO rally.task.context [-] Task 555dc4c9-72a5-4371-a1d5-f919c1c886f3 | Context quotas@openstack cleanup() started
2019-06-08 09:44:34.218 22704 INFO rally.task.context [-] Task 555dc4c9-72a5-4371-a1d5-f919c1c886f3 | Context quotas@openstack cleanup() finished in 0.31 sec
2019-06-08 09:44:34.218 22704 INFO rally.task.context [-] Task 555dc4c9-72a5-4371-a1d5-f919c1c886f3 | Context users@openstack cleanup() started
2019-06-08 09:44:38.542 22704 INFO rally.task.context [-] Task 555dc4c9-72a5-4371-a1d5-f919c1c886f3 | Context users@openstack cleanup() finished in 4.32 sec
2019-06-08 09:44:40.130 22704 INFO rally.task.engine [-] Load duration is: 48.905198
2019-06-08 09:44:40.130 22704 INFO rally.task.engine [-] Full runner duration is: 48.959987
2019-06-08 09:44:40.131 22704 INFO rally.task.engine [-] Full duration is: 76.810394
2019-06-08 09:44:40.480 22704 INFO rally.task.engine [-] Running workload: position = 0 config = { "version": 2, "title": "A cropped version of a bigger task.", "description": "Auto-generated task from a single workload (uuid=270c1af2-a221-4d4e-b32b-18fbf1d31044)", "subtasks": [ { "title": "Quotas.neutron_update", "description": "Update quotas for neutron.", "scenario": { "Quotas.neutron_update": { "max_quota": 1024 } }, "contexts": { "users": { "tenants": 20, "users_per_tenant": 1 } }, "runner": { "constant": { "times": 40, "concurrency": 20 } }, "hooks": [], "sla": { "failure_rate": { "max": 0 } } } ] }
2019-06-08 09:44:40.503 22704 RALLYDEBUG rally_openstack.contexts.keystone.users [-] Creating 20 tenants using 20 threads
2019-06-08 09:44:45.120 22704 RALLYDEBUG rally_openstack.contexts.keystone.users [-] Creating 20 users using 20 threads
2019-06-08 09:44:50.584 22704 INFO rally.task.context [-] Task 555dc4c9-72a5-4371-a1d5-f919c1c886f3 | Context users@openstack setup() finished in 10.08 sec
2019-06-08 09:44:50.585 22704 INFO rally.task.context [-] Task 555dc4c9-72a5-4371-a1d5-f919c1c886f3 | Context admin_cleanup@openstack setup() finished in 0.00 msec
2019-06-08 09:44:50.592 22704 RALLYDEBUG rally.task.runner [-] Starting the constant runner (task UUID: 555dc4c9-72a5-4371-a1d5-f919c1c886f3). timeout: 0 concurrency: 20 concurrency_per_worker: 1 times: 40 concurrency_overhead: 4 processes_to_start: 16 max_cpu_used: 16
2019-06-08 09:44:50.606 27320 RALLYDEBUG rally.task.runner [-] Starting a worker. concurrency: 2 args: {"max_quota": 1024} times: 40 method_name: run timeout: 0 duration: None cls:
2019-06-08 09:44:50.609 27321 RALLYDEBUG rally.task.runner [-] Starting a worker. concurrency: 2 args: {"max_quota": 1024} times: 40 method_name: run timeout: 0 duration: None cls:
2019-06-08 09:44:50.610 27322 RALLYDEBUG rally.task.runner [-] Starting a worker. concurrency: 2 args: {"max_quota": 1024} times: 40 method_name: run timeout: 0 duration: None cls:
2019-06-08 09:44:50.615 27323 RALLYDEBUG rally.task.runner [-] Starting a worker. concurrency: 2 args: {"max_quota": 1024} times: 40 method_name: run timeout: 0 duration: None cls:
2019-06-08 09:44:50.617 27320 INFO rally.task.runner [-] Task 555dc4c9-72a5-4371-a1d5-f919c1c886f3 | ITER: 1 START
2019-06-08 09:44:50.619 27322 INFO rally.task.runner [-] Task 555dc4c9-72a5-4371-a1d5-f919c1c886f3 | ITER: 3 START
2019-06-08 09:44:50.619 27321 INFO rally.task.runner [-] Task 555dc4c9-72a5-4371-a1d5-f919c1c886f3 | ITER: 2 START
2019-06-08 09:44:50.621 27324 RALLYDEBUG rally.task.runner [-] Starting a worker. concurrency: 1 args: {"max_quota": 1024} times: 40 method_name: run timeout: 0 duration: None cls:
2019-06-08 09:44:50.627 27331 RALLYDEBUG rally.task.runner [-] Starting a worker. concurrency: 1 args: {"max_quota": 1024} times: 40 method_name: run timeout: 0 duration: None cls:
2019-06-08 09:44:50.630 27323 INFO rally.task.runner [-] Task 555dc4c9-72a5-4371-a1d5-f919c1c886f3 | ITER: 5 START
2019-06-08 09:44:50.632 27320 INFO rally.task.runner [-] Task 555dc4c9-72a5-4371-a1d5-f919c1c886f3 | ITER: 4 START
2019-06-08 09:44:50.634 27324 INFO rally.task.runner [-] Task 555dc4c9-72a5-4371-a1d5-f919c1c886f3 | ITER: 8 START
2019-06-08 09:44:50.634 27334 RALLYDEBUG rally.task.runner [-] Starting a worker. concurrency: 1 args: {"max_quota": 1024} times: 40 method_name: run timeout: 0 duration: None cls:
2019-06-08 09:44:50.635 27322 INFO rally.task.runner [-] Task 555dc4c9-72a5-4371-a1d5-f919c1c886f3 | ITER: 7 START
2019-06-08 09:44:50.636 27331 INFO rally.task.runner [-] Task 555dc4c9-72a5-4371-a1d5-f919c1c886f3 | ITER: 10 START
2019-06-08 09:44:50.642 27339 RALLYDEBUG rally.task.runner [-] Starting a worker. concurrency: 1 args: {"max_quota": 1024} times: 40 method_name: run timeout: 0 duration: None cls:
2019-06-08 09:44:50.646 27334 INFO rally.task.runner [-] Task 555dc4c9-72a5-4371-a1d5-f919c1c886f3 | ITER: 11 START
2019-06-08 09:44:50.646 27342 RALLYDEBUG rally.task.runner [-] Starting a worker. concurrency: 1 args: {"max_quota": 1024} times: 40 method_name: run timeout: 0 duration: None cls:
2019-06-08 09:44:50.647 27321 INFO rally.task.runner [-] Task 555dc4c9-72a5-4371-a1d5-f919c1c886f3 | ITER: 6 START
2019-06-08 09:44:50.648 27323 INFO rally.task.runner [-] Task 555dc4c9-72a5-4371-a1d5-f919c1c886f3 | ITER: 9 START
2019-06-08 09:44:50.650 27347 RALLYDEBUG rally.task.runner [-] Starting a worker. concurrency: 1 args: {"max_quota": 1024} times: 40 method_name: run timeout: 0 duration: None cls:
2019-06-08 09:44:50.650 27343 RALLYDEBUG rally.task.runner [-] Starting a worker. concurrency: 1 args: {"max_quota": 1024} times: 40 method_name: run timeout: 0 duration: None cls:
2019-06-08 09:44:50.653 27349 RALLYDEBUG rally.task.runner [-] Starting a worker. concurrency: 1 args: {"max_quota": 1024} times: 40 method_name: run timeout: 0 duration: None cls:
2019-06-08 09:44:50.656 27342 INFO rally.task.runner [-] Task 555dc4c9-72a5-4371-a1d5-f919c1c886f3 | ITER: 13 START
2019-06-08 09:44:50.657 27347 INFO rally.task.runner [-] Task 555dc4c9-72a5-4371-a1d5-f919c1c886f3 | ITER: 14 START
2019-06-08 09:44:50.658 27343 INFO rally.task.runner [-] Task 555dc4c9-72a5-4371-a1d5-f919c1c886f3 | ITER: 15 START
2019-06-08 09:44:50.662 27351 RALLYDEBUG rally.task.runner [-] Starting a worker. concurrency: 1 args: {"max_quota": 1024} times: 40 method_name: run timeout: 0 duration: None cls:
2019-06-08 09:44:50.663 27349 INFO rally.task.runner [-] Task 555dc4c9-72a5-4371-a1d5-f919c1c886f3 | ITER: 16 START
2019-06-08 09:44:50.659 27339 INFO rally.task.runner [-] Task 555dc4c9-72a5-4371-a1d5-f919c1c886f3 | ITER: 12 START
2019-06-08 09:44:50.672 27362 RALLYDEBUG rally.task.runner [-] Starting a worker. concurrency: 1 args: {"max_quota": 1024} times: 40 method_name: run timeout: 0 duration: None cls:
2019-06-08 09:44:50.672 27351 INFO rally.task.runner [-] Task 555dc4c9-72a5-4371-a1d5-f919c1c886f3 | ITER: 17 START
2019-06-08 09:44:50.674 27359 RALLYDEBUG rally.task.runner [-] Starting a worker. concurrency: 1 args: {"max_quota": 1024} times: 40 method_name: run timeout: 0 duration: None cls:
2019-06-08 09:44:50.679 27362 INFO rally.task.runner [-] Task 555dc4c9-72a5-4371-a1d5-f919c1c886f3 | ITER: 18 START
2019-06-08 09:44:50.682 27359 INFO rally.task.runner [-] Task 555dc4c9-72a5-4371-a1d5-f919c1c886f3 | ITER: 19 START
2019-06-08 09:44:50.682 27365 RALLYDEBUG rally.task.runner [-] Starting a worker. concurrency: 1 args: {"max_quota": 1024} times: 40 method_name: run timeout: 0 duration: None cls:
2019-06-08 09:44:50.689 27365 INFO rally.task.runner [-] Task 555dc4c9-72a5-4371-a1d5-f919c1c886f3 | ITER: 20 START
2019-06-08 09:44:52.089 27342 INFO rally.task.runner [-] Task 555dc4c9-72a5-4371-a1d5-f919c1c886f3 | ITER: 13 END: OK
2019-06-08 09:44:52.090 27321 INFO rally.task.runner [-] Task 555dc4c9-72a5-4371-a1d5-f919c1c886f3 | ITER: 6 END: OK
2019-06-08 09:44:52.096 27321 INFO rally.task.runner [-] Task 555dc4c9-72a5-4371-a1d5-f919c1c886f3 | ITER: 21 START
2019-06-08 09:44:52.096 27342 INFO rally.task.runner [-] Task 555dc4c9-72a5-4371-a1d5-f919c1c886f3 | ITER: 22 START
2019-06-08 09:44:52.252 27323 INFO rally.task.runner [-] Task 555dc4c9-72a5-4371-a1d5-f919c1c886f3 | ITER: 9 END: OK
2019-06-08 09:44:52.259 27323 INFO rally.task.runner [-] Task 555dc4c9-72a5-4371-a1d5-f919c1c886f3 | ITER: 23 START
2019-06-08 09:44:52.270 27334 INFO rally.task.runner [-] Task 555dc4c9-72a5-4371-a1d5-f919c1c886f3 | ITER: 11 END: OK
2019-06-08 09:44:52.273 27322 INFO rally.task.runner [-] Task 555dc4c9-72a5-4371-a1d5-f919c1c886f3 | ITER: 7 END: OK
2019-06-08 09:44:52.276 27334 INFO rally.task.runner [-] Task 555dc4c9-72a5-4371-a1d5-f919c1c886f3 | ITER: 24 START
2019-06-08 09:44:52.278 27322 INFO rally.task.runner [-] Task 555dc4c9-72a5-4371-a1d5-f919c1c886f3 | ITER: 3 END: OK
2019-06-08 09:44:52.287 27322 INFO rally.task.runner [-] Task 555dc4c9-72a5-4371-a1d5-f919c1c886f3 | ITER: 25 START
2019-06-08 09:44:52.292 27322 INFO rally.task.runner [-] Task 555dc4c9-72a5-4371-a1d5-f919c1c886f3 | ITER: 26 START
2019-06-08 09:44:52.301 27331 INFO rally.task.runner [-] Task 555dc4c9-72a5-4371-a1d5-f919c1c886f3 | ITER: 10 END: OK
2019-06-08 09:44:52.303 27324 INFO rally.task.runner [-] Task 555dc4c9-72a5-4371-a1d5-f919c1c886f3 | ITER: 8 END: OK
2019-06-08 09:44:52.306 27321 INFO rally.task.runner [-] Task 555dc4c9-72a5-4371-a1d5-f919c1c886f3 | ITER: 2 END: OK
2019-06-08 09:44:52.306 27331 INFO rally.task.runner [-] Task 555dc4c9-72a5-4371-a1d5-f919c1c886f3 | ITER: 27 START
2019-06-08 09:44:52.309 27324 INFO rally.task.runner [-] Task 555dc4c9-72a5-4371-a1d5-f919c1c886f3 | ITER: 28 START
2019-06-08 09:44:52.311 27321 INFO rally.task.runner [-] Task 555dc4c9-72a5-4371-a1d5-f919c1c886f3 | ITER: 29 START
2019-06-08 09:44:52.328 27323 INFO rally.task.runner [-] Task 555dc4c9-72a5-4371-a1d5-f919c1c886f3 | ITER: 5 END: OK
2019-06-08 09:44:52.330 27320 INFO rally.task.runner [-] Task 555dc4c9-72a5-4371-a1d5-f919c1c886f3 | ITER: 4 END: OK
2019-06-08 09:44:52.332 27323 INFO rally.task.runner [-] Task 555dc4c9-72a5-4371-a1d5-f919c1c886f3 | ITER: 30 START
2019-06-08 09:44:52.334 27320 INFO rally.task.runner [-] Task 555dc4c9-72a5-4371-a1d5-f919c1c886f3 | ITER: 31 START
2019-06-08 09:44:52.509 27339 INFO rally.task.runner [-] Task 555dc4c9-72a5-4371-a1d5-f919c1c886f3 | ITER: 12 END: OK
2019-06-08 09:44:52.516 27339 INFO rally.task.runner [-] Task 555dc4c9-72a5-4371-a1d5-f919c1c886f3 | ITER: 32 START
2019-06-08 09:44:52.569 27365 INFO rally.task.runner [-] Task 555dc4c9-72a5-4371-a1d5-f919c1c886f3 | ITER: 20 END: OK
2019-06-08 09:44:52.574 27359 INFO rally.task.runner [-] Task 555dc4c9-72a5-4371-a1d5-f919c1c886f3 | ITER: 19 END: OK
2019-06-08 09:44:52.575 27349 INFO rally.task.runner [-] Task 555dc4c9-72a5-4371-a1d5-f919c1c886f3 | ITER: 16 END: OK
2019-06-08 09:44:52.575 27365 INFO rally.task.runner [-] Task 555dc4c9-72a5-4371-a1d5-f919c1c886f3 | ITER: 33 START
2019-06-08 09:44:52.580 27349 INFO rally.task.runner [-] Task 555dc4c9-72a5-4371-a1d5-f919c1c886f3 | ITER: 35 START
2019-06-08 09:44:52.580 27359 INFO rally.task.runner [-] Task 555dc4c9-72a5-4371-a1d5-f919c1c886f3 | ITER: 34 START
2019-06-08 09:44:52.588 27320 INFO rally.task.runner [-] Task 555dc4c9-72a5-4371-a1d5-f919c1c886f3 | ITER: 1 END: OK
2019-06-08 09:44:52.595 27320 INFO rally.task.runner [-] Task 555dc4c9-72a5-4371-a1d5-f919c1c886f3 | ITER: 36 START
2019-06-08 09:44:52.596 27347 INFO rally.task.runner [-] Task 555dc4c9-72a5-4371-a1d5-f919c1c886f3 | ITER: 14 END: OK
2019-06-08 09:44:52.602 27347 INFO rally.task.runner [-] Task 555dc4c9-72a5-4371-a1d5-f919c1c886f3 | ITER: 37 START
2019-06-08 09:44:52.651 27362 INFO rally.task.runner [-] Task 555dc4c9-72a5-4371-a1d5-f919c1c886f3 | ITER: 18 END: OK
2019-06-08 09:44:52.655 27362 INFO rally.task.runner [-] Task 555dc4c9-72a5-4371-a1d5-f919c1c886f3 | ITER: 38 START
2019-06-08 09:44:52.776 27351 INFO rally.task.runner [-] Task 555dc4c9-72a5-4371-a1d5-f919c1c886f3 | ITER: 17 END: OK
2019-06-08 09:44:52.783 27351 INFO rally.task.runner [-] Task 555dc4c9-72a5-4371-a1d5-f919c1c886f3 | ITER: 39 START
2019-06-08 09:44:52.797 27343 INFO rally.task.runner [-] Task 555dc4c9-72a5-4371-a1d5-f919c1c886f3 | ITER: 15 END: OK
2019-06-08 09:44:52.802 27343 INFO rally.task.runner [-] Task 555dc4c9-72a5-4371-a1d5-f919c1c886f3 | ITER: 40 START
2019-06-08 09:44:53.444 27342 INFO rally.task.runner [-] Task 555dc4c9-72a5-4371-a1d5-f919c1c886f3 | ITER: 22 END: OK
2019-06-08 09:44:53.469 27321 INFO rally.task.runner [-] Task 555dc4c9-72a5-4371-a1d5-f919c1c886f3 | ITER: 21 END: OK
2019-06-08 09:44:53.573 27331 INFO rally.task.runner [-] Task 555dc4c9-72a5-4371-a1d5-f919c1c886f3 | ITER: 27 END: OK
2019-06-08 09:44:53.600 27321 INFO rally.task.runner [-] Task 555dc4c9-72a5-4371-a1d5-f919c1c886f3 | ITER: 29 END: OK
2019-06-08 09:44:53.623 27323 INFO rally.task.runner [-] Task 555dc4c9-72a5-4371-a1d5-f919c1c886f3 | ITER: 23 END: OK
2019-06-08 09:44:53.632 27322 INFO rally.task.runner [-] Task 555dc4c9-72a5-4371-a1d5-f919c1c886f3 | ITER: 25 END: OK
2019-06-08 09:44:53.680 27324 INFO rally.task.runner [-] Task 555dc4c9-72a5-4371-a1d5-f919c1c886f3 | ITER: 28 END: OK
2019-06-08 09:44:53.729 27339 INFO rally.task.runner [-] Task 555dc4c9-72a5-4371-a1d5-f919c1c886f3 | ITER: 32 END: OK
2019-06-08 09:44:53.769 27320 INFO rally.task.runner [-] Task 555dc4c9-72a5-4371-a1d5-f919c1c886f3 | ITER: 31 END: OK
2019-06-08 09:44:53.826 27365 INFO rally.task.runner [-] Task 555dc4c9-72a5-4371-a1d5-f919c1c886f3 | ITER: 33 END: OK
2019-06-08 09:44:53.874 27347 INFO rally.task.runner [-] Task 555dc4c9-72a5-4371-a1d5-f919c1c886f3 | ITER: 37 END: OK
2019-06-08 09:44:53.879 27359 INFO rally.task.runner [-] Task 555dc4c9-72a5-4371-a1d5-f919c1c886f3 | ITER: 34 END: OK
2019-06-08 09:44:53.928 27349 INFO rally.task.runner [-] Task 555dc4c9-72a5-4371-a1d5-f919c1c886f3 | ITER: 35 END: OK
2019-06-08 09:44:54.015 27334 INFO rally.task.runner [-] Task 555dc4c9-72a5-4371-a1d5-f919c1c886f3 | ITER: 24 END: OK
2019-06-08 09:44:54.016 27343 INFO rally.task.runner [-] Task 555dc4c9-72a5-4371-a1d5-f919c1c886f3 | ITER: 40 END: OK
2019-06-08 09:44:54.026 27322 INFO rally.task.runner [-] Task 555dc4c9-72a5-4371-a1d5-f919c1c886f3 | ITER: 26 END: OK
2019-06-08 09:44:54.060 27323 INFO rally.task.runner [-] Task 555dc4c9-72a5-4371-a1d5-f919c1c886f3 | ITER: 30 END: OK
2019-06-08 09:44:54.060 27320 INFO rally.task.runner [-] Task 555dc4c9-72a5-4371-a1d5-f919c1c886f3 | ITER: 36 END: OK
2019-06-08 09:44:54.120 27351 INFO rally.task.runner [-] Task 555dc4c9-72a5-4371-a1d5-f919c1c886f3 | ITER: 39 END: OK
2019-06-08 09:44:54.190 27362 INFO rally.task.runner [-] Task 555dc4c9-72a5-4371-a1d5-f919c1c886f3 | ITER: 38 END: OK
2019-06-08 09:44:54.213 22704 INFO rally.task.context [-] Task 555dc4c9-72a5-4371-a1d5-f919c1c886f3 | Context admin_cleanup@openstack cleanup() started
2019-06-08 09:44:54.215 22704 RALLYDEBUG rally_openstack.cleanup.manager [-] Cleaning up neutron quota objects
2019-06-08 09:44:58.055 22704 INFO rally.task.context [-] Task 555dc4c9-72a5-4371-a1d5-f919c1c886f3 | Context admin_cleanup@openstack cleanup() finished in 3.84 sec
2019-06-08 09:44:58.056 22704 INFO rally.task.context [-] Task 555dc4c9-72a5-4371-a1d5-f919c1c886f3 | Context users@openstack cleanup() started
2019-06-08 09:45:25.488 22704 INFO rally.task.context [-] Task 555dc4c9-72a5-4371-a1d5-f919c1c886f3 | Context users@openstack cleanup() finished in 27.43 sec
2019-06-08 09:45:26.799 22704 INFO rally.task.engine [-] Load duration is: 3.569572
2019-06-08 09:45:26.799 22704 INFO rally.task.engine [-] Full runner duration is: 3.620929
2019-06-08 09:45:26.800 22704 INFO rally.task.engine [-] Full duration is: 44.986527
2019-06-08 09:45:27.067 22704 INFO rally.task.engine [-] Running workload: position = 0 config = { "version": 2, "title": "A cropped version of a bigger task.", "description": "Auto-generated task from a single workload (uuid=9be798b2-eda8-4521-80e3-e6b19691174b)", "subtasks": [ { "title": "NeutronTrunks.create_and_list_trunk_subports", "description": "", "scenario": { "NeutronTrunks.create_and_list_trunk_subports": { "subport_count": 125 } }, "contexts": { "users": { "tenants": 1, "users_per_tenant": 1 }, "quotas": { "neutron": { "network": -1, "port": 1000 } } }, "runner": { "constant": { "times": 4, "concurrency": 4 } }, "hooks": [], "sla": { "failure_rate": { "max": 0 } } } ] }
2019-06-08 09:45:27.089 22704 RALLYDEBUG rally_openstack.contexts.keystone.users [-] Creating 1 tenants using 20 threads
2019-06-08 09:45:28.634 22704 RALLYDEBUG rally_openstack.contexts.keystone.users [-] Creating 1 users using 20 threads
2019-06-08 09:45:31.196 22704 INFO rally.task.context [-] Task 555dc4c9-72a5-4371-a1d5-f919c1c886f3 | Context users@openstack setup() finished in 4.11 sec
2019-06-08 09:45:31.956 22704 INFO rally.task.context [-] Task 555dc4c9-72a5-4371-a1d5-f919c1c886f3 | Context quotas@openstack setup() finished in 0.76 sec
2019-06-08 09:45:31.957 22704 INFO rally.task.context [-] Task 555dc4c9-72a5-4371-a1d5-f919c1c886f3 | Context cleanup@openstack setup() finished in 0.01 msec
2019-06-08 09:45:31.964 22704 RALLYDEBUG rally.task.runner [-] Starting the constant runner (task UUID: 555dc4c9-72a5-4371-a1d5-f919c1c886f3). timeout: 0 concurrency: 4 concurrency_per_worker: 1 times: 4 concurrency_overhead: 0 processes_to_start: 4 max_cpu_used: 16
2019-06-08 09:45:31.977 27510 RALLYDEBUG rally.task.runner [-] Starting a worker. concurrency: 1 args: {"subport_count": 125} times: 4 method_name: run timeout: 0 duration: None cls:
2019-06-08 09:45:31.980 27511 RALLYDEBUG rally.task.runner [-] Starting a worker. concurrency: 1 args: {"subport_count": 125} times: 4 method_name: run timeout: 0 duration: None cls:
2019-06-08 09:45:31.983 27510 INFO rally.task.runner [-] Task 555dc4c9-72a5-4371-a1d5-f919c1c886f3 | ITER: 1 START
2019-06-08 09:45:31.983 27512 RALLYDEBUG rally.task.runner [-] Starting a worker. concurrency: 1 args: {"subport_count": 125} times: 4 method_name: run timeout: 0 duration: None cls:
2019-06-08 09:45:31.986 27511 INFO rally.task.runner [-] Task 555dc4c9-72a5-4371-a1d5-f919c1c886f3 | ITER: 2 START
2019-06-08 09:45:31.986 27513 RALLYDEBUG rally.task.runner [-] Starting a worker. concurrency: 1 args: {"subport_count": 125} times: 4 method_name: run timeout: 0 duration: None cls:
2019-06-08 09:45:31.988 27512 INFO rally.task.runner [-] Task 555dc4c9-72a5-4371-a1d5-f919c1c886f3 | ITER: 3 START
2019-06-08 09:45:31.991 27513 INFO rally.task.runner [-] Task 555dc4c9-72a5-4371-a1d5-f919c1c886f3 | ITER: 4 START
2019-06-08 09:47:51.508 27511 WARNING rally.task.atomic [-] 'optional_action_timer' is deprecated since rally v0.10.0.Please use action_timer instead, we have improved atomic actions, now do not need to explicitly close original action.
2019-06-08 09:47:51.542 27511 WARNING rally.task.atomic [-] 'optional_action_timer' is deprecated since rally v0.10.0.Please use action_timer instead, we have improved atomic actions, now do not need to explicitly close original action.
2019-06-08 09:47:52.104 27511 INFO rally.task.runner [-] Task 555dc4c9-72a5-4371-a1d5-f919c1c886f3 | ITER: 2 END: OK
2019-06-08 09:47:52.440 27512 WARNING rally.task.atomic [-] 'optional_action_timer' is deprecated since rally v0.10.0.Please use action_timer instead, we have improved atomic actions, now do not need to explicitly close original action.
2019-06-08 09:47:52.475 27512 WARNING rally.task.atomic [-] 'optional_action_timer' is deprecated since rally v0.10.0.Please use action_timer instead, we have improved atomic actions, now do not need to explicitly close original action.
2019-06-08 09:47:52.685 27513 WARNING rally.task.atomic [-] 'optional_action_timer' is deprecated since rally v0.10.0.Please use action_timer instead, we have improved atomic actions, now do not need to explicitly close original action.
2019-06-08 09:47:52.721 27513 WARNING rally.task.atomic [-] 'optional_action_timer' is deprecated since rally v0.10.0.Please use action_timer instead, we have improved atomic actions, now do not need to explicitly close original action.
2019-06-08 09:47:53.371 27512 INFO rally.task.runner [-] Task 555dc4c9-72a5-4371-a1d5-f919c1c886f3 | ITER: 3 END: OK
2019-06-08 09:47:53.623 27513 INFO rally.task.runner [-] Task 555dc4c9-72a5-4371-a1d5-f919c1c886f3 | ITER: 4 END: OK
2019-06-08 09:47:59.879 27510 WARNING rally.task.atomic [-] 'optional_action_timer' is deprecated since rally v0.10.0.Please use action_timer instead, we have improved atomic actions, now do not need to explicitly close original action.
2019-06-08 09:47:59.917 27510 WARNING rally.task.atomic [-] 'optional_action_timer' is deprecated since rally v0.10.0.Please use action_timer instead, we have improved atomic actions, now do not need to explicitly close original action.
2019-06-08 09:48:00.680 27510 INFO rally.task.runner [-] Task 555dc4c9-72a5-4371-a1d5-f919c1c886f3 | ITER: 1 END: OK
2019-06-08 09:48:00.710 22704 INFO rally.task.context [-] Task 555dc4c9-72a5-4371-a1d5-f919c1c886f3 | Context cleanup@openstack cleanup() started
2019-06-08 09:48:00.712 22704 RALLYDEBUG rally_openstack.cleanup.manager [-] Cleaning up neutron vip objects
2019-06-08 09:48:01.850 22704 RALLYDEBUG rally_openstack.cleanup.manager [-] Cleaning up neutron health_monitor objects
2019-06-08 09:48:02.968 22704 RALLYDEBUG rally_openstack.cleanup.manager [-] Cleaning up neutron pool objects
2019-06-08 09:48:04.070 22704 RALLYDEBUG rally_openstack.cleanup.manager [-] Cleaning up neutron loadbalancer objects
2019-06-08 09:48:05.189 22704 RALLYDEBUG rally_openstack.cleanup.manager [-] Cleaning up neutron floatingip objects
2019-06-08 09:48:06.272 22704 RALLYDEBUG rally_openstack.cleanup.manager [-] Cleaning up neutron port objects
2019-06-08 09:48:08.173 22704 RALLYDEBUG rally_openstack.cleanup.manager [-] Deleting neutron.port object s_rally_9be798b2_elsyxVrC (007b040b-684a-4816-9884-d95b499bbd8d)
2019-06-08 09:48:08.174 22704 RALLYDEBUG rally_openstack.cleanup.manager [-] Deleting neutron.port object s_rally_9be798b2_UEPDdqRs (0733bb89-3c0d-4f20-9b40-c36704fbc9cf)
2019-06-08 09:48:08.181 22704 RALLYDEBUG rally_openstack.cleanup.manager [-] Deleting neutron.port object s_rally_9be798b2_1wcnkkND (066ffade-2a5a-493a-bcba-ff1ecbc0c552)
2019-06-08 09:48:08.181 22704 RALLYDEBUG rally_openstack.cleanup.manager [-] Deleting neutron.port object s_rally_9be798b2_KAuw3kqL (02dfaabe-9954-4faa-b694-06a238ce2a84)
2019-06-08 09:48:08.182 22704 RALLYDEBUG rally_openstack.cleanup.manager [-] Deleting neutron.port object s_rally_9be798b2_WDI9ixnR (00a64147-75d3-462b-80ce-5b983d7ae38d)
2019-06-08 09:48:08.195 22704 RALLYDEBUG rally_openstack.cleanup.manager [-] Deleting neutron.port object s_rally_9be798b2_k5YpP1Aq (06c4bf7b-c687-4c85-9e76-32e6d82848e9)
2019-06-08 09:48:08.196 22704 RALLYDEBUG rally_openstack.cleanup.manager [-] Deleting neutron.port object s_rally_9be798b2_4whfwlb8 (04b7aa5c-61e5-470c-aa66-f3b96786b1c2)
2019-06-08 09:48:08.200 22704 RALLYDEBUG rally_openstack.cleanup.manager [-] Deleting neutron.port object s_rally_9be798b2_rwAzksrD (070d6c53-5ab1-4519-b6cd-13e82fbbcdf1)
2019-06-08 09:48:08.205 22704 RALLYDEBUG rally_openstack.cleanup.manager [-] Deleting neutron.port object s_rally_9be798b2_cMC2zkaw (0291f5f7-f55b-4f53-a7ce-96deb2f63b88)
2019-06-08 09:48:08.210 22704 RALLYDEBUG rally_openstack.cleanup.manager [-] Deleting neutron.port object s_rally_9be798b2_3Wp3fUra (09961cac-1b17-4ccd-b5d0-0a7933ab6985)
2019-06-08 09:48:08.235 22704 RALLYDEBUG rally_openstack.cleanup.manager [-] Deleting neutron.port object s_rally_9be798b2_JttXUfPL (073fa078-f848-4bfc-9e69-0851dd7c3110)
2019-06-08 09:48:08.236 22704 RALLYDEBUG rally_openstack.cleanup.manager [-] Deleting neutron.port object s_rally_9be798b2_t14Briqw (09b006a6-9ec7-4e6a-ba86-f3bd23abd471)
2019-06-08 09:48:08.255 22704 RALLYDEBUG rally_openstack.cleanup.manager [-] Deleting neutron.port object s_rally_9be798b2_UlbofPDO (0aa0c683-bfd6-4706-97d7-0ad6cd7d4319)
2019-06-08 09:48:08.279 22704 RALLYDEBUG rally_openstack.cleanup.manager [-] Deleting neutron.port object s_rally_9be798b2_YHP0Eoqu (0b52099a-42b9-47cb-a2ee-52a6afbb6bc4)
2019-06-08 09:48:08.283 22704 RALLYDEBUG rally_openstack.cleanup.manager [-] Deleting neutron.port object s_rally_9be798b2_xU8jFj6T (0ac3353c-ca49-45f5-b7ce-0c0b0f848bf6)
2019-06-08 09:48:08.320 22704 RALLYDEBUG rally_openstack.cleanup.manager [-] Deleting neutron.port object s_rally_9be798b2_J6dBz2vk (0b575f9e-c605-4b43-999c-9ac06103c2d7)
2019-06-08 09:48:08.335 22704 RALLYDEBUG rally_openstack.cleanup.manager [-] Deleting neutron.port object s_rally_9be798b2_5GuYUcJc (0c42b52f-0a29-40c5-bdc0-9801e7973fb3)
2019-06-08 09:48:08.343 22704 RALLYDEBUG rally_openstack.cleanup.manager [-] Deleting neutron.port object s_rally_9be798b2_oRNMNipD (0d687920-d7ba-4a67-8cc0-f5244be32ce0)
2019-06-08 09:48:08.353 22704 RALLYDEBUG rally_openstack.cleanup.manager [-] Deleting neutron.port object s_rally_9be798b2_bYVTEjIM (0d6e8469-49cf-4c63-a9cc-855af4194d4d)
2019-06-08 09:48:08.354 22704 RALLYDEBUG rally_openstack.cleanup.manager [-] Deleting neutron.port object s_rally_9be798b2_QILf3WOG (0dae0321-8bd7-4703-a4d7-90171c5e2308)
2019-06-08 09:48:10.729 22704 RALLYDEBUG rally_openstack.cleanup.manager [-] Deleting neutron.port object s_rally_9be798b2_XLt3TPq7 (0e92ef72-6157-4da1-a407-8cc92c405a41)
2019-06-08 09:48:10.769 22704 RALLYDEBUG rally_openstack.cleanup.manager [-] Deleting neutron.port object s_rally_9be798b2_tfcx882i (0ea7e13e-c083-420b-9181-02fae65eee42)
2019-06-08 09:48:11.007 22704 RALLYDEBUG rally_openstack.cleanup.manager [-] Deleting neutron.port object s_rally_9be798b2_HFv5iUM4 (0ecb03ea-7f18-4cab-adb2-5f21a3665bb6)
2019-06-08 09:48:11.939 22704 RALLYDEBUG rally_openstack.cleanup.manager [-] Deleting neutron.port object s_rally_9be798b2_oYrCRAWk (0f7d0e5e-2936-4fe0-b5c8-d2dac64a21d1)
2019-06-08 09:48:12.575 22704 RALLYDEBUG rally_openstack.cleanup.manager [-] Deleting neutron.port object s_rally_9be798b2_w82CL96n (10f3246f-6bae-4031-8bb0-f2bdc0df21eb)
2019-06-08 09:48:12.695 22704 RALLYDEBUG rally_openstack.cleanup.manager [-] Deleting neutron.port object s_rally_9be798b2_Z7jEvoUp (11322908-0bdb-4489-ba59-2bf3274de79b)
2019-06-08 09:48:13.091 22704 RALLYDEBUG rally_openstack.cleanup.manager [-] Deleting neutron.port object s_rally_9be798b2_40Nw1U6S (11ecdc72-cacd-4325-93e2-799906fff1b4)
2019-06-08 09:48:13.189 22704 RALLYDEBUG rally_openstack.cleanup.manager [-] Deleting neutron.port object s_rally_9be798b2_tAYV2l0z (128bb542-9681-4235-ba76-c7ae5567133b)
2019-06-08 09:48:13.944 22704 RALLYDEBUG rally_openstack.cleanup.manager [-] Deleting neutron.port object s_rally_9be798b2_4GuOjhjc (143eda2d-7654-4b29-97c4-3f336ccbc2a3)
2019-06-08 09:48:15.011 22704 RALLYDEBUG rally_openstack.cleanup.manager [-] Deleting neutron.port object s_rally_9be798b2_OFnHJqpv (14a2ff5f-8d11-4f90-9599-21a99c9b7308)
2019-06-08 09:48:15.390 22704 RALLYDEBUG rally_openstack.cleanup.manager [-] Deleting neutron.port object s_rally_9be798b2_rhUszZmj (14a8cb82-5d4a-402f-8501-00fe0b0895a1)
2019-06-08 09:48:15.764 22704 RALLYDEBUG rally_openstack.cleanup.manager [-] Deleting neutron.port object s_rally_9be798b2_AtGZ7R7Z (155fba9a-b9e3-4fed-aabf-55d914971847)
2019-06-08 09:48:15.768 22704 RALLYDEBUG rally_openstack.cleanup.manager [-] Deleting neutron.port object s_rally_9be798b2_r09dAjdg (15f07019-dce1-4793-8254-51b93e0e889a)
2019-06-08 09:48:15.979 22704 RALLYDEBUG rally_openstack.cleanup.manager [-] Deleting neutron.port object s_rally_9be798b2_DyZViIkn (168379ae-8da5-42fa-9a62-2a363db65cf3)
2019-06-08 09:48:15.989 22704 RALLYDEBUG rally_openstack.cleanup.manager [-] Deleting neutron.port object s_rally_9be798b2_CSzoztO3 (16eb0a47-7f60-4a6c-ba7a-9386a88a82e9)
2019-06-08 09:48:16.036 22704 RALLYDEBUG rally_openstack.cleanup.manager [-] Deleting neutron.port object s_rally_9be798b2_NRs1KZVK (17b8589d-9a48-4aea-8b09-20751cce08b4)
2019-06-08 09:48:16.109 22704 RALLYDEBUG rally_openstack.cleanup.manager [-] Deleting neutron.port object s_rally_9be798b2_TtXDmViT (180f78ab-8ec5-4520-b468-f5be5dcd2361)
2019-06-08 09:48:16.577 22704 RALLYDEBUG rally_openstack.cleanup.manager [-] Deleting neutron.port object s_rally_9be798b2_6F6dJsJQ (187844c3-e14a-4387-aeb1-5d2a6cf4f280)
2019-06-08 09:48:17.367 22704 RALLYDEBUG rally_openstack.cleanup.manager [-] Deleting neutron.port object s_rally_9be798b2_t9rfbRZN (187f3792-ff66-4592-bf09-fc75b8f1030a)
2019-06-08 09:48:17.799 22704 RALLYDEBUG rally_openstack.cleanup.manager [-] Deleting neutron.port object s_rally_9be798b2_IK9BvnSu (18f8d7a5-b3a0-4db7-9f0e-aade27446c43)
2019-06-08 09:48:18.825 22704 RALLYDEBUG rally_openstack.cleanup.manager [-] Deleting neutron.port object s_rally_9be798b2_I59Ov7fN (199d96fa-34b6-48c2-8bab-2842733e9439)
2019-06-08 09:48:18.844 22704 RALLYDEBUG rally_openstack.cleanup.manager [-] Deleting neutron.port object s_rally_9be798b2_E4sDhbgo (19de84c6-dca1-4b1a-bfd8-f2455678768b)
2019-06-08 09:48:18.854 22704 RALLYDEBUG rally_openstack.cleanup.manager [-] Deleting neutron.port object s_rally_9be798b2_ax96RRbm (1a813e8e-19a2-4773-97aa-de68b4793185)
2019-06-08 09:48:18.861 22704 RALLYDEBUG rally_openstack.cleanup.manager [-] Deleting neutron.port object s_rally_9be798b2_WOvUC4zR (1a906d1e-9924-438a-9de1-fbde17d164c2)
2019-06-08 09:48:18.881 22704 RALLYDEBUG rally_openstack.cleanup.manager [-] Deleting neutron.port object s_rally_9be798b2_9gIyc8nQ (1b2799f6-f56e-4fcb-a0f7-176ba9d7b365)
2019-06-08 09:48:18.894 22704 RALLYDEBUG rally_openstack.cleanup.manager [-] Deleting neutron.port object s_rally_9be798b2_9FRDjAJ8 (1bfa034d-7136-4aa9-b10b-c124021d5383)
2019-06-08 09:48:18.901 22704 RALLYDEBUG rally_openstack.cleanup.manager [-] Deleting neutron.port object s_rally_9be798b2_bosdZFZW (1c062e44-c808-4432-8082-225cc65c644d)
2019-06-08 09:48:18.984 22704 RALLYDEBUG rally_openstack.cleanup.manager [-] Deleting neutron.port object s_rally_9be798b2_7zeuK91c (1c142983-70f2-44f8-8418-5bd07712f785)
2019-06-08 09:48:19.174 22704 RALLYDEBUG rally_openstack.cleanup.manager [-] Deleting neutron.port object s_rally_9be798b2_GAPbWuwa (1c5275ff-0ef8-4ca2-87c1-5f1998756c83)
2019-06-08 09:48:19.283 22704 RALLYDEBUG rally_openstack.cleanup.manager [-] Deleting neutron.port object s_rally_9be798b2_suacb06x (1c7ff1ac-cfae-4581-a090-333894fb528e)
2019-06-08 09:48:19.626 22704 RALLYDEBUG rally_openstack.cleanup.manager [-] Deleting neutron.port object s_rally_9be798b2_Dq05AN8H (1cbae4fc-6ae0-412a-824a-126710aabf11)
2019-06-08 09:48:19.655 22704 RALLYDEBUG rally_openstack.cleanup.manager [-] Deleting neutron.port object s_rally_9be798b2_lHJg4966 (1cd93ca1-8ccf-4636-93ac-aed91b51a622)
2019-06-08 09:48:19.672 22704 RALLYDEBUG rally_openstack.cleanup.manager [-] Deleting neutron.port object s_rally_9be798b2_rp1rUCSY (1cf13132-6a8f-496d-bdeb-250db47a9e60)
2019-06-08 09:48:19.680 22704 RALLYDEBUG rally_openstack.cleanup.manager [-] Deleting neutron.port object s_rally_9be798b2_A13zfiig (1d7f5e2f-ff68-454e-9e6a-45667a2ae4dd)
2019-06-08 09:48:19.686 22704 RALLYDEBUG rally_openstack.cleanup.manager [-] Deleting neutron.port object s_rally_9be798b2_OGMngmGq (1e0268b6-6611-48fb-a9da-7d23a1c7e7e8)
2019-06-08 09:48:19.700 22704 RALLYDEBUG rally_openstack.cleanup.manager [-] Deleting neutron.port object s_rally_9be798b2_sVoHOZQU (1e6011c1-29bb-4500-9c5f-1f084782e7a5)
2019-06-08 09:48:19.701 22704 RALLYDEBUG rally_openstack.cleanup.manager [-] Deleting neutron.port object s_rally_9be798b2_X5iRQA21 (1edd054e-fe84-436b-94e6-22a2c4a0c815)
2019-06-08 09:48:19.770 22704 RALLYDEBUG rally_openstack.cleanup.manager [-] Deleting neutron.port object s_rally_9be798b2_8YPfUBej (1ede58ab-578a-4852-be0e-3326635e2d25)
2019-06-08 09:48:19.906 22704 RALLYDEBUG rally_openstack.cleanup.manager [-] Deleting neutron.port object s_rally_9be798b2_Mnf1mEPJ (1fd6b626-7847-444d-94e8-e93c7c436b6e)
2019-06-08 09:48:20.348 22704 RALLYDEBUG rally_openstack.cleanup.manager [-] Deleting neutron.port object s_rally_9be798b2_FoOWuVcx (20613b5c-131a-4c4c-b28d-cd5e209516e8)
2019-06-08 09:48:21.642 22704 RALLYDEBUG rally_openstack.cleanup.manager [-] Deleting neutron.port object s_rally_9be798b2_2VWCGXkG (216161e2-1292-4e30-b389-e6d6231168e8)
2019-06-08 09:48:22.406 22704 RALLYDEBUG rally_openstack.cleanup.manager [-] Deleting neutron.port object s_rally_9be798b2_pcG0ofeo (218ad5a4-bb3a-4c08-9146-65a6b102a5c5)
2019-06-08 09:48:22.505 22704 RALLYDEBUG rally_openstack.cleanup.manager [-] Deleting neutron.port object s_rally_9be798b2_d8HjEM5N (21e2555d-8015-4b14-a468-92aec161e10b)
2019-06-08 09:48:22.985 22704 RALLYDEBUG rally_openstack.cleanup.manager [-] Deleting neutron.port object s_rally_9be798b2_ApyKDEOI (2206b4d3-ea32-45f7-8fa3-dcb5e7f2cdb6)
2019-06-08 09:48:23.009 22704 RALLYDEBUG rally_openstack.cleanup.manager [-] Deleting neutron.port object s_rally_9be798b2_H0XRQwPS (224eecef-d1c5-443f-9fdc-c7ef104a35f3)
2019-06-08 09:48:23.031 22704 RALLYDEBUG rally_openstack.cleanup.manager [-] Deleting neutron.port object s_rally_9be798b2_dGPKO1UY (262867d5-54d5-434a-98fc-37fb166c66c1)
2019-06-08 09:48:23.054 22704 RALLYDEBUG rally_openstack.cleanup.manager [-] Deleting neutron.port object s_rally_9be798b2_FKdI7MMI (263c37e3-0f11-470f-8e21-731d1c360686)
2019-06-08 09:48:23.142 22704 RALLYDEBUG rally_openstack.cleanup.manager [-] Deleting neutron.port object s_rally_9be798b2_6o70Cv65 (264f9c80-0e07-433d-b709-cf09c8604872)
2019-06-08 09:48:23.433 22704 RALLYDEBUG rally_openstack.cleanup.manager [-] Deleting neutron.port object s_rally_9be798b2_1QH60Fvt (267940b2-c01c-486e-b759-69a708712b1e)
2019-06-08 09:48:23.438 22704 RALLYDEBUG rally_openstack.cleanup.manager [-] Deleting neutron.port object s_rally_9be798b2_weT5Wgpl (26aa8095-533d-4b1a-9f15-ac37f42909a8)
2019-06-08 09:48:23.441 22704 RALLYDEBUG rally_openstack.cleanup.manager [-] Deleting neutron.port object s_rally_9be798b2_Vp3Ogib2 (26514095-7335-439c-9510-408b08922ac3)
2019-06-08 09:48:23.480 22704 RALLYDEBUG rally_openstack.cleanup.manager [-] Deleting neutron.port object s_rally_9be798b2_iQfvmYuH (26aaacc8-6105-44af-963e-c7dbd14e4f0b)
2019-06-08 09:48:23.535 22704 RALLYDEBUG rally_openstack.cleanup.manager [-] Deleting neutron.port object s_rally_9be798b2_BsMXV2zV (26ae78d6-f81c-4ff9-abfa-3789cda8a9f6)
2019-06-08 09:48:23.547 22704 RALLYDEBUG rally_openstack.cleanup.manager [-] Deleting neutron.port object s_rally_9be798b2_BVPIWgui (26b37779-3fb9-4c6d-98f7-eedcfc69e28b)
2019-06-08 09:48:23.656 22704 RALLYDEBUG rally_openstack.cleanup.manager [-] Deleting neutron.port object s_rally_9be798b2_aA7aZZv3 (27a7df50-ae03-4fd0-99fe-69437b949631)
2019-06-08 09:48:23.848 22704 RALLYDEBUG rally_openstack.cleanup.manager [-] Deleting neutron.port object s_rally_9be798b2_TMI3wUs6 (280cae49-1c1b-4dc2-891a-45fad0136050)
2019-06-08 09:48:23.851 22704 RALLYDEBUG rally_openstack.cleanup.manager [-] Deleting neutron.port object s_rally_9be798b2_W3sISb4H (287b244e-a1c7-4f43-9f8a-de5097df5431)
2019-06-08 09:48:23.977 22704 RALLYDEBUG rally_openstack.cleanup.manager [-] Deleting neutron.port object s_rally_9be798b2_mPiLh0dt (2889ac86-c962-4e36-a361-cd70421e0c35)
2019-06-08 09:48:24.303 22704 RALLYDEBUG rally_openstack.cleanup.manager [-] Deleting neutron.port object s_rally_9be798b2_lPSUb9J7 (29b8a5e9-a22b-41ab-9754-cde001aa8b1a)
2019-06-08 09:48:24.304 22704 RALLYDEBUG rally_openstack.cleanup.manager [-] Deleting neutron.port object s_rally_9be798b2_fE8I5U9Q (29b102b6-12f3-4bd1-aecc-092174b98cdc)
2019-06-08 09:48:24.339 22704 RALLYDEBUG rally_openstack.cleanup.manager [-] Deleting neutron.port object s_rally_9be798b2_5F70ELUK (2a37bae3-ac7b-4572-a8de-665b1e7bfcbf)
2019-06-08 09:48:25.228 22704 RALLYDEBUG rally_openstack.cleanup.manager [-] Deleting neutron.port object s_rally_9be798b2_nTfNE8WQ (2b1a6b50-a10e-47fd-a69a-a982d33b1cf5)
2019-06-08 09:48:25.285 22704 RALLYDEBUG rally_openstack.cleanup.manager [-] Deleting neutron.port object s_rally_9be798b2_YCbwHY3k (2bce190d-906a-42e1-a595-64da4c3abd5d)
2019-06-08 09:48:25.867 22704 RALLYDEBUG rally_openstack.cleanup.manager [-] Deleting neutron.port object s_rally_9be798b2_rEBEv4fK (2c34dc74-b700-4113-a67f-9b276f12dcfe)
2019-06-08 09:48:25.951 22704 RALLYDEBUG rally_openstack.cleanup.manager [-] Deleting neutron.port object s_rally_9be798b2_SC1Yhf8u (2c4c1ac8-ea72-445a-ba26-6af9b24c3c0c)
2019-06-08 09:48:26.171 22704 RALLYDEBUG rally_openstack.cleanup.manager [-] Deleting neutron.port object s_rally_9be798b2_vK3dkVwC (2ca43918-dcd1-434d-9007-c3cd4b95068c)
2019-06-08 09:48:26.736 22704 RALLYDEBUG rally_openstack.cleanup.manager [-] Deleting neutron.port object s_rally_9be798b2_AkjaYfy6 (2d0d5c09-2135-4856-aa82-26d39668a498)
2019-06-08 09:48:26.741 22704 RALLYDEBUG rally_openstack.cleanup.manager [-] Deleting neutron.port object s_rally_9be798b2_exgyYpvS (2d073ba3-49b3-4a0f-9ab8-b95ccb3cdc2d)
2019-06-08 09:48:26.850 22704 RALLYDEBUG rally_openstack.cleanup.manager [-] Deleting neutron.port object s_rally_9be798b2_8Z6u6rWI (2d21c33f-6256-4646-b821-01e55938a69b)
2019-06-08 09:48:27.108 22704 RALLYDEBUG rally_openstack.cleanup.manager [-] Deleting neutron.port object s_rally_9be798b2_BINlOTRc (2d3865a4-2475-4b7d-9bc5-319fa3ac33db)
2019-06-08 09:48:27.180 22704 RALLYDEBUG rally_openstack.cleanup.manager [-] Deleting neutron.port object s_rally_9be798b2_CBUgJLYy (2d556147-8d26-40ff-9949-ef18b512c12e)
2019-06-08 09:48:27.248 22704 RALLYDEBUG rally_openstack.cleanup.manager [-] Deleting neutron.port object s_rally_9be798b2_14BInpHC (2d669cbc-58f1-4e86-a69a-929ee18ec875)
2019-06-08 09:48:27.329 22704 RALLYDEBUG rally_openstack.cleanup.manager [-] Deleting neutron.port object s_rally_9be798b2_EYhJOZHu (2e490a3b-35e1-4cde-887d-2bec14e8ca5e)
2019-06-08 09:48:27.372 22704 RALLYDEBUG rally_openstack.cleanup.manager [-] Deleting neutron.port object s_rally_9be798b2_L4pWj3oc (2f0e348c-ae38-47ee-ae9a-76519c720100)
2019-06-08 09:48:27.615 22704 RALLYDEBUG rally_openstack.cleanup.manager [-] Deleting neutron.port object s_rally_9be798b2_hZzDTKOJ (312e1b96-a4e4-412d-85e3-99a487da0529)
2019-06-08 09:48:27.632 22704 RALLYDEBUG rally_openstack.cleanup.manager [-] Deleting neutron.port object s_rally_9be798b2_v6dkxcGN (31a37aa8-56d1-418e-adcb-5b547a87df35)
2019-06-08 09:48:27.659 22704 RALLYDEBUG rally_openstack.cleanup.manager [-] Deleting neutron.port object s_rally_9be798b2_wVpCzEJN (31d38a4d-73e3-4ce0-b9de-d49442afe855)
2019-06-08 09:48:28.172 22704 RALLYDEBUG rally_openstack.cleanup.manager [-] Deleting neutron.port object s_rally_9be798b2_Ef17Gmfq (3215f8f3-9a15-48e7-8fb6-3ff2dbfd3d1d)
2019-06-08 09:48:28.293 22704 RALLYDEBUG rally_openstack.cleanup.manager [-] Deleting neutron.port object s_rally_9be798b2_4E3A4AvZ (32232caf-00fe-4718-bfb6-e0ea08e68779)
