2019-06-08 09:41:13.530 22704 RALLYDEBUG rally_openstack.cleanup.manager [-] Deleting neutron.port object s_rally_40beab21_iZVysxWT (d851b958-503d-4f93-bb0f-994c1bb83a1e)
2019-06-08 09:41:13.613 22704 RALLYDEBUG rally_openstack.cleanup.manager [-] Deleting neutron.port object s_rally_40beab21_owThrQD9 (d87e5602-907a-4fd6-a190-c33af5a15377)
2019-06-08 09:41:13.620 22704 RALLYDEBUG rally_openstack.cleanup.manager [-] Deleting neutron.port object s_rally_40beab21_1ygqfy6S (d94bb9a8-dd5c-421b-901c-d1e873a476a9)
2019-06-08 09:41:13.622 22704 RALLYDEBUG rally_openstack.cleanup.manager [-] Deleting neutron.port object s_rally_40beab21_mcNcxWxN (d93f4c6d-c342-4179-8db7-f9a76c67e9fc)
2019-06-08 09:41:13.649 22704 RALLYDEBUG rally_openstack.cleanup.manager [-] Deleting neutron.port object s_rally_40beab21_vb0v8sSB (d9e5702f-6e2d-4053-9c0d-377c822ffb8c)
2019-06-08 09:41:13.678 22704 RALLYDEBUG rally_openstack.cleanup.manager [-] Deleting neutron.port object s_rally_40beab21_8vx0qVru (daf30cdb-22ca-49a3-a858-a07a1b0bba6c)
2019-06-08 09:41:13.934 22704 RALLYDEBUG rally_openstack.cleanup.manager [-] Deleting neutron.port object s_rally_40beab21_NVuOeEpT (dbc89aaf-245e-4acb-b513-704446487b66)
2019-06-08 09:41:13.982 22704 RALLYDEBUG rally_openstack.cleanup.manager [-] Deleting neutron.port object s_rally_40beab21_qCbvaTqQ (dde7f390-3cc7-4388-b722-2da235f06d28)
2019-06-08 09:41:14.023 22704 RALLYDEBUG rally_openstack.cleanup.manager [-] Deleting neutron.port object s_rally_40beab21_MHRgTF7O (df531ce3-07e7-418f-94f3-86685d82bf0d)
2019-06-08 09:41:14.048 22704 RALLYDEBUG rally_openstack.cleanup.manager [-] Deleting neutron.port object s_rally_40beab21_T8vqaq9w (df643ef6-9f0f-4fe8-b6d8-b0348d8c4bd8)
2019-06-08 09:41:14.054 22704 RALLYDEBUG rally_openstack.cleanup.manager [-] Deleting neutron.port object s_rally_40beab21_UuXWKxgD (dfc93e12-1990-4ed2-9f21-ecdfbbdba7bf)
2019-06-08 09:41:14.359 22704 RALLYDEBUG rally_openstack.cleanup.manager [-] Deleting neutron.port object s_rally_40beab21_N3t5BZkH (e05c9950-7733-4409-8b5b-3ca5970c36e2)
2019-06-08 09:41:14.489 22704 RALLYDEBUG rally_openstack.cleanup.manager [-] Deleting neutron.port object s_rally_40beab21_ffkHtgRd (e0f39d4f-7378-4ea5-9fc5-43ab3bdde017)
2019-06-08 09:41:14.494 22704 RALLYDEBUG rally_openstack.cleanup.manager [-] Deleting neutron.port object s_rally_40beab21_OrTwUJu0 (e14a6e97-4f4c-42b1-8e42-168278730e11)
2019-06-08 09:41:14.574 22704 RALLYDEBUG rally_openstack.cleanup.manager [-] Deleting neutron.port object s_rally_40beab21_EulEFBPo (e17471c9-ab8d-4cce-bcdf-d8763cd98eae)
2019-06-08 09:41:14.580 22704 RALLYDEBUG rally_openstack.cleanup.manager [-] Deleting neutron.port object s_rally_40beab21_MHpzzwrd (e3242d88-6cc8-4d8f-af51-58595af00e4c)
2019-06-08 09:41:14.584 22704 RALLYDEBUG rally_openstack.cleanup.manager [-] Deleting neutron.port object s_rally_40beab21_aO6gIdjb (e4257319-a097-41f2-a6da-a988ba1311c8)
2019-06-08 09:41:14.795 22704 RALLYDEBUG rally_openstack.cleanup.manager [-] Deleting neutron.port object s_rally_40beab21_Ysj0jolo (e4b78a26-1c36-4a86-aad1-e952b7fd6d76)
2019-06-08 09:41:15.312 22704 RALLYDEBUG rally_openstack.cleanup.manager [-] Deleting neutron.port object s_rally_40beab21_9Nm0gF3P (e597868a-a329-433b-a659-d31f1085e4eb)
2019-06-08 09:41:15.600 22704 RALLYDEBUG rally_openstack.cleanup.manager [-] Deleting neutron.port object s_rally_40beab21_Yq8Ifhzv (e5a21603-1b6c-4568-b999-dc9f4f3d906e)
2019-06-08 09:41:16.350 22704 RALLYDEBUG rally_openstack.cleanup.manager [-] Deleting neutron.port object s_rally_40beab21_Uel9aj8s (e7aba51b-5759-4eee-b8bd-ab96fed09b44)
2019-06-08 09:41:16.445 22704 RALLYDEBUG rally_openstack.cleanup.manager [-] Deleting neutron.port object s_rally_40beab21_x3UwgfT7 (e7afd37e-7af5-4f30-b5e3-8b88bcb4cc35)
2019-06-08 09:41:16.769 22704 RALLYDEBUG rally_openstack.cleanup.manager [-] Deleting neutron.port object s_rally_40beab21_83WSWyHs (e7b87765-72ac-4bd9-aaea-9c39e52c0eb5)
2019-06-08 09:41:16.796 22704 RALLYDEBUG rally_openstack.cleanup.manager [-] Deleting neutron.port object s_rally_40beab21_QBXyBZAM (e7c750c7-1e1a-407a-8a36-6256141f1a1d)
2019-06-08 09:41:16.974 22704 RALLYDEBUG rally_openstack.cleanup.manager [-] Deleting neutron.port object s_rally_40beab21_G5VC5RBf (e81b4bdc-9595-463f-af46-9c3637dcac49)
2019-06-08 09:41:16.993 22704 RALLYDEBUG rally_openstack.cleanup.manager [-] Deleting neutron.port object s_rally_40beab21_n9ORqHef (e8d5068e-87d0-4401-9352-25e734308f53)
2019-06-08 09:41:16.993 22704 RALLYDEBUG rally_openstack.cleanup.manager [-] Deleting neutron.port object s_rally_40beab21_D4slR5zk (e8c93a47-e7c1-4286-ab38-926acd51361b)
2019-06-08 09:41:17.013 22704 RALLYDEBUG rally_openstack.cleanup.manager [-] Deleting neutron.port object s_rally_40beab21_v7IUTLg9 (eaa629d6-6792-44b4-af5f-f9a1fc5ac253)
2019-06-08 09:41:17.127 22704 RALLYDEBUG rally_openstack.cleanup.manager [-] Deleting neutron.port object s_rally_40beab21_J1lPkgfs (eb6671cc-9b04-4f5e-aeca-4cda1df77601)
2019-06-08 09:41:17.158 22704 RALLYDEBUG rally_openstack.cleanup.manager [-] Deleting neutron.port object s_rally_40beab21_SrIAKRYd (ec8c5099-d8ff-44e4-87a3-ea3d21dadcb6)
2019-06-08 09:41:17.158 22704 RALLYDEBUG rally_openstack.cleanup.manager [-] Deleting neutron.port object s_rally_40beab21_k3sj2P05 (ed41d9de-3b08-48f2-9447-0d02b6b4aa2f)
2019-06-08 09:41:17.277 22704 RALLYDEBUG rally_openstack.cleanup.manager [-] Deleting neutron.port object s_rally_40beab21_1gsiMFQa (ed79cf30-1f65-4339-bee9-348a44690b4a)
2019-06-08 09:41:17.291 22704 RALLYDEBUG rally_openstack.cleanup.manager [-] Deleting neutron.port object s_rally_40beab21_GNCiPEMa (edcd932c-23c8-4d6e-9ccd-b3c120bc6768)
2019-06-08 09:41:17.530 22704 RALLYDEBUG rally_openstack.cleanup.manager [-] Deleting neutron.port object s_rally_40beab21_lhYzVc2j (ee280c35-d3a3-4b28-bc9e-ce31cacbcdb4)
2019-06-08 09:41:17.862 22704 RALLYDEBUG rally_openstack.cleanup.manager [-] Deleting neutron.port object s_rally_40beab21_FFslaIrP (f039bbd9-01c2-4d13-b848-a1ce705d7929)
2019-06-08 09:41:17.873 22704 RALLYDEBUG rally_openstack.cleanup.manager [-] Deleting neutron.port object s_rally_40beab21_Zb8a6i7o (f058836a-eedb-4fb0-8e8f-74685f83aed2)
2019-06-08 09:41:17.999 22704 RALLYDEBUG rally_openstack.cleanup.manager [-] Deleting neutron.port object s_rally_40beab21_et56UQtD (f0aaf441-4c2f-45ff-9e8c-ed8365bb5c77)
2019-06-08 09:41:18.001 22704 RALLYDEBUG rally_openstack.cleanup.manager [-] Deleting neutron.port object s_rally_40beab21_2jnkeFyy (f31b1c56-a83a-4394-b8c7-c22170b41ad9)
2019-06-08 09:41:18.300 22704 RALLYDEBUG rally_openstack.cleanup.manager [-] Deleting neutron.port object s_rally_40beab21_PFqJ6oHx (f4916bea-bb8f-404d-ba19-5f3690c1c70a)
2019-06-08 09:41:18.303 22704 RALLYDEBUG rally_openstack.cleanup.manager [-] Deleting neutron.port object s_rally_40beab21_34u8JLRM (f54779e8-91df-4317-b3f4-a0dae3bb0ebe)
2019-06-08 09:41:18.766 22704 RALLYDEBUG rally_openstack.cleanup.manager [-] Deleting neutron.port object s_rally_40beab21_DmWIqfSy (f5680e44-dfe1-43b9-b6ac-777cc164a7b4)
2019-06-08 09:41:19.028 22704 RALLYDEBUG rally_openstack.cleanup.manager [-] Deleting neutron.port object s_rally_40beab21_5YFfYMZ2 (f5aab402-d052-4b66-9be0-30db22c2ccf6)
2019-06-08 09:41:19.630 22704 RALLYDEBUG rally_openstack.cleanup.manager [-] Deleting neutron.port object s_rally_40beab21_dyrauz8u (f62c2401-8f3f-49b2-8501-5fed3ab31fc9)
2019-06-08 09:41:19.722 22704 RALLYDEBUG rally_openstack.cleanup.manager [-] Deleting neutron.port object s_rally_40beab21_PUhg8EB8 (f6a45853-d77d-4538-a2a3-32acf60744e8)
2019-06-08 09:41:19.845 22704 RALLYDEBUG rally_openstack.cleanup.manager [-] Deleting neutron.port object s_rally_40beab21_47TxudjW (f6c91848-b6ae-4587-8aff-bc4e6a1e5728)
2019-06-08 09:41:19.926 22704 RALLYDEBUG rally_openstack.cleanup.manager [-] Deleting neutron.port object s_rally_40beab21_T3Tja7JF (f75267a5-8fae-416e-82d7-f449aa806fb5)
2019-06-08 09:41:20.057 22704 RALLYDEBUG rally_openstack.cleanup.manager [-] Deleting neutron.port object s_rally_40beab21_YxoW6bGF (f80b4646-20b7-47b9-85af-b96458ef5ea2)
2019-06-08 09:41:20.326 22704 RALLYDEBUG rally_openstack.cleanup.manager [-] Deleting neutron.port object s_rally_40beab21_RSHHGuRX (f833bcdb-545e-48e3-bc4e-b42aa85906f9)
2019-06-08 09:41:20.502 22704 RALLYDEBUG rally_openstack.cleanup.manager [-] Deleting neutron.port object s_rally_40beab21_Z2MiMRPZ (f8d6b639-b157-4f1b-8711-a04d3737fb8f)
2019-06-08 09:41:20.504 22704 RALLYDEBUG rally_openstack.cleanup.manager [-] Deleting neutron.port object s_rally_40beab21_uKKizwMw (f90362db-21d3-42ae-840a-cb3f4f7c9e0d)
2019-06-08 09:41:20.523 22704 RALLYDEBUG rally_openstack.cleanup.manager [-] Deleting neutron.port object s_rally_40beab21_qccESbrP (fa6fb0df-1e9a-4f1f-97eb-00440b27d3c4)
2019-06-08 09:41:20.555 22704 RALLYDEBUG rally_openstack.cleanup.manager [-] Deleting neutron.port object s_rally_40beab21_7gRU9T3O (faaa6a70-bb4d-47c9-95f3-d7e6217e4e90)
2019-06-08 09:41:20.792 22704 RALLYDEBUG rally_openstack.cleanup.manager [-] Deleting neutron.port object s_rally_40beab21_sJMI6GAd (fb259edf-e043-435c-a48e-406d98c30d56)
2019-06-08 09:41:20.793 22704 RALLYDEBUG rally_openstack.cleanup.manager [-] Deleting neutron.port object s_rally_40beab21_JvskaSZK (fca1b38f-c337-4e7d-89bf-d4d957c0e05f)
2019-06-08 09:41:20.799 22704 RALLYDEBUG rally_openstack.cleanup.manager [-] Deleting neutron.port object s_rally_40beab21_CEFGqLnd (fb1651a2-931a-443e-a964-5b6ceaa00e34)
2019-06-08 09:41:20.889 22704 RALLYDEBUG rally_openstack.cleanup.manager [-] Deleting neutron.port object s_rally_40beab21_uWa85HyR (fd7fc226-50f8-4f65-9019-15390b23153b)
2019-06-08 09:41:20.992 22704 RALLYDEBUG rally_openstack.cleanup.manager [-] Deleting neutron.port object s_rally_40beab21_LmrDbyTf (fdf078a2-8e93-4584-9714-df00607a6354)
2019-06-08 09:41:21.490 22704 RALLYDEBUG rally_openstack.cleanup.manager [-] Deleting neutron.port object s_rally_40beab21_n0ZnR1O5 (fe396a5a-dd17-46ce-bdec-b37e58aa9cce)
2019-06-08 09:41:21.715 22704 RALLYDEBUG rally_openstack.cleanup.manager [-] Deleting neutron.port object s_rally_40beab21_00fVa797 (feeee153-5b5c-4e76-b2f4-6c1df6eb9d19)
2019-06-08 09:41:21.782 22704 RALLYDEBUG rally_openstack.cleanup.manager [-] Deleting neutron.port object s_rally_40beab21_E1r7PJcP (ff3b0266-6bf3-4950-9208-0a12ab32b5ef)
2019-06-08 09:41:24.767 22704 RALLYDEBUG rally_openstack.cleanup.manager [-] Cleaning up neutron subnet objects
2019-06-08 09:41:25.428 22704 RALLYDEBUG rally_openstack.cleanup.manager [-] Cleaning up neutron network objects
2019-06-08 09:41:26.143 22704 RALLYDEBUG rally_openstack.cleanup.manager [-] Deleting neutron.network object s_rally_40beab21_8Hl24uCT (50f5bc17-0210-4940-8e6c-cd97bc87a8fa)
2019-06-08 09:41:26.153 22704 RALLYDEBUG rally_openstack.cleanup.manager [-] Deleting neutron.network object s_rally_40beab21_SMRTlgka (a6d82705-2606-48e7-aefe-c9506b4b1c50)
2019-06-08 09:41:26.158 22704 RALLYDEBUG rally_openstack.cleanup.manager [-] Deleting neutron.network object s_rally_40beab21_kqBMzZX2 (83426322-93c1-4c4d-8a08-af2cf547fcfb)
2019-06-08 09:41:26.164 22704 RALLYDEBUG rally_openstack.cleanup.manager [-] Deleting neutron.network object s_rally_40beab21_rBrGxbDs (a9906274-3587-4025-8db4-ad5e4bfef179)
2019-06-08 09:41:26.165 22704 RALLYDEBUG rally_openstack.cleanup.manager [-] Deleting neutron.network object s_rally_40beab21_vNgF0CWM (af9202ba-72a9-43bb-a7f2-6f6e99163bd2)
2019-06-08 09:41:26.181 22704 RALLYDEBUG rally_openstack.cleanup.manager [-] Deleting neutron.network object s_rally_40beab21_Hw3N3kUL (b7bafea1-75e8-4f94-be14-087324f7fcdb)
2019-06-08 09:41:26.202 22704 RALLYDEBUG rally_openstack.cleanup.manager [-] Deleting neutron.network object s_rally_40beab21_3OKbqGMy (f1071656-009c-42a0-9069-8e98965e35c8)
2019-06-08 09:41:26.206 22704 RALLYDEBUG rally_openstack.cleanup.manager [-] Deleting neutron.network object s_rally_40beab21_NbuRpVaY (dc60bc0e-a1fb-4500-a012-83065a69c85c)
2019-06-08 09:41:29.157 22704 RALLYDEBUG rally_openstack.cleanup.manager [-] Cleaning up neutron router objects
2019-06-08 09:41:30.075 22704 RALLYDEBUG rally_openstack.cleanup.manager [-] Cleaning up neutron security_group objects
2019-06-08 09:41:30.724 22704 INFO rally.task.context [-] Task 555dc4c9-72a5-4371-a1d5-f919c1c886f3 | Context cleanup@openstack cleanup() finished in 1.31 min
2019-06-08 09:41:30.724 22704 INFO rally.task.context [-] Task 555dc4c9-72a5-4371-a1d5-f919c1c886f3 | Context quotas@openstack cleanup() started
2019-06-08 09:41:30.944 22704 INFO rally.task.context [-] Task 555dc4c9-72a5-4371-a1d5-f919c1c886f3 | Context quotas@openstack cleanup() finished in 0.22 sec
2019-06-08 09:41:30.944 22704 INFO rally.task.context [-] Task 555dc4c9-72a5-4371-a1d5-f919c1c886f3 | Context users@openstack cleanup() started
2019-06-08 09:41:35.316 22704 INFO rally.task.context [-] Task 555dc4c9-72a5-4371-a1d5-f919c1c886f3 | Context users@openstack cleanup() finished in 4.37 sec
2019-06-08 09:41:36.884 22704 INFO rally.task.engine [-] Load duration is: 103.290635
2019-06-08 09:41:36.885 22704 INFO rally.task.engine [-] Full runner duration is: 103.340206
2019-06-08 09:41:36.885 22704 INFO rally.task.engine [-] Full duration is: 191.25853
2019-06-08 09:41:37.087 22704 INFO rally.task.engine [-] Running workload: position = 1 config = { "version": 2, "title": "A cropped version of a bigger task.", "description": "Auto-generated task from a single workload (uuid=80d5c200-3431-42ee-8e15-126e52fe0647)", "subtasks": [ { "title": "NeutronNetworks.create_and_update_ports", "description": "Create and update a given number of ports.", "scenario": { "NeutronNetworks.create_and_update_ports": { "network_create_args": {}, "port_create_args": {}, "ports_per_network": 5, "port_update_args": { "admin_state_up": false, "device_id": "dummy_id", "device_owner": "dummy_owner", "name": "_port_updated" } } }, "contexts": { "users": { "tenants": 1, "users_per_tenant": 1 }, "quotas": { "neutron": { "network": -1, "port": -1 } } }, "runner": { "constant": { "times": 40, "concurrency": 20 } }, "hooks": [], "sla": { "failure_rate": { "max": 0 } } } ] }
2019-06-08 09:41:37.107 22704 RALLYDEBUG rally_openstack.contexts.keystone.users [-] Creating 1 tenants using 20 threads
2019-06-08 09:41:38.805 22704 RALLYDEBUG rally_openstack.contexts.keystone.users [-] Creating 1 users using 20 threads
2019-06-08 09:41:41.343 22704 INFO rally.task.context [-] Task 555dc4c9-72a5-4371-a1d5-f919c1c886f3 | Context users@openstack setup() finished in 4.24 sec
2019-06-08 09:41:42.107 22704 INFO rally.task.context [-] Task 555dc4c9-72a5-4371-a1d5-f919c1c886f3 | Context quotas@openstack setup() finished in 0.76 sec
2019-06-08 09:41:42.108 22704 INFO rally.task.context [-] Task 555dc4c9-72a5-4371-a1d5-f919c1c886f3 | Context cleanup@openstack setup() finished in 0.01 msec
2019-06-08 09:41:42.117 22704 RALLYDEBUG rally.task.runner [-] Starting the constant runner (task UUID: 555dc4c9-72a5-4371-a1d5-f919c1c886f3). timeout: 0 concurrency: 20 concurrency_per_worker: 1 times: 40 concurrency_overhead: 4 processes_to_start: 16 max_cpu_used: 16
2019-06-08 09:41:42.131 26581 RALLYDEBUG rally.task.runner [-] Starting a worker. concurrency: 2 args: {"network_create_args": {}, "port_create_args": {}, "ports_per_network": 5, "port_update_args": {"admin_state_up": false, "device_id": "dummy_id", "device_owner": "dummy_owner", "name": "_port_updated"}} times: 40 method_name: run timeout: 0 duration: None cls:
2019-06-08 09:41:42.131 26580 RALLYDEBUG rally.task.runner [-] Starting a worker. concurrency: 2 args: {"network_create_args": {}, "port_create_args": {}, "ports_per_network": 5, "port_update_args": {"admin_state_up": false, "device_id": "dummy_id", "device_owner": "dummy_owner", "name": "_port_updated"}} times: 40 method_name: run timeout: 0 duration: None cls:
2019-06-08 09:41:42.135 26581 INFO rally.task.runner [-] Task 555dc4c9-72a5-4371-a1d5-f919c1c886f3 | ITER: 1 START
2019-06-08 09:41:42.136 26581 WARNING rally_openstack.scenarios.neutron.utils [-] Running this scenario without either the 'network' or 'existing_network' context is deprecated
2019-06-08 09:41:42.136 26582 RALLYDEBUG rally.task.runner [-] Starting a worker. concurrency: 2 args: {"network_create_args": {}, "port_create_args": {}, "ports_per_network": 5, "port_update_args": {"admin_state_up": false, "device_id": "dummy_id", "device_owner": "dummy_owner", "name": "_port_updated"}} times: 40 method_name: run timeout: 0 duration: None cls:
2019-06-08 09:41:42.139 26580 INFO rally.task.runner [-] Task 555dc4c9-72a5-4371-a1d5-f919c1c886f3 | ITER: 2 START
2019-06-08 09:41:42.140 26583 RALLYDEBUG rally.task.runner [-] Starting a worker. concurrency: 2 args: {"network_create_args": {}, "port_create_args": {}, "ports_per_network": 5, "port_update_args": {"admin_state_up": false, "device_id": "dummy_id", "device_owner": "dummy_owner", "name": "_port_updated"}} times: 40 method_name: run timeout: 0 duration: None cls:
2019-06-08 09:41:42.141 26580 INFO rally.task.runner [-] Task 555dc4c9-72a5-4371-a1d5-f919c1c886f3 | ITER: 4 START
2019-06-08 09:41:42.143 26580 WARNING rally_openstack.scenarios.neutron.utils [-] Running this scenario without either the 'network' or 'existing_network' context is deprecated
2019-06-08 09:41:42.144 26582 INFO rally.task.runner [-] Task 555dc4c9-72a5-4371-a1d5-f919c1c886f3 | ITER: 5 START
2019-06-08 09:41:42.145 26582 INFO rally.task.runner [-] Task 555dc4c9-72a5-4371-a1d5-f919c1c886f3 | ITER: 6 START
2019-06-08 09:41:42.146 26588 RALLYDEBUG rally.task.runner [-] Starting a worker. concurrency: 1 args: {"network_create_args": {}, "port_create_args": {}, "ports_per_network": 5, "port_update_args": {"admin_state_up": false, "device_id": "dummy_id", "device_owner": "dummy_owner", "name": "_port_updated"}} times: 40 method_name: run timeout: 0 duration: None cls:
2019-06-08 09:41:42.147 26582 WARNING rally_openstack.scenarios.neutron.utils [-] Running this scenario without either the 'network' or 'existing_network' context is deprecated
2019-06-08 09:41:42.147 26582 WARNING rally_openstack.scenarios.neutron.utils [-] Running this scenario without either the 'network' or 'existing_network' context is deprecated
2019-06-08 09:41:42.149 26581 INFO rally.task.runner [-] Task 555dc4c9-72a5-4371-a1d5-f919c1c886f3 | ITER: 3 START
2019-06-08 09:41:42.149 26583 INFO rally.task.runner [-] Task 555dc4c9-72a5-4371-a1d5-f919c1c886f3 | ITER: 7 START
2019-06-08 09:41:42.150 26581 WARNING rally_openstack.scenarios.neutron.utils [-] Running this scenario without either the 'network' or 'existing_network' context is deprecated
2019-06-08 09:41:42.150 26592 RALLYDEBUG rally.task.runner [-] Starting a worker. concurrency: 1 args: {"network_create_args": {}, "port_create_args": {}, "ports_per_network": 5, "port_update_args": {"admin_state_up": false, "device_id": "dummy_id", "device_owner": "dummy_owner", "name": "_port_updated"}} times: 40 method_name: run timeout: 0 duration: None cls:
2019-06-08 09:41:42.150 26583 INFO rally.task.runner [-] Task 555dc4c9-72a5-4371-a1d5-f919c1c886f3 | ITER: 8 START
2019-06-08 09:41:42.152 26583 WARNING rally_openstack.scenarios.neutron.utils [-] Running this scenario without either the 'network' or 'existing_network' context is deprecated
2019-06-08 09:41:42.153 26588 INFO rally.task.runner [-] Task 555dc4c9-72a5-4371-a1d5-f919c1c886f3 | ITER: 9 START
2019-06-08 09:41:42.155 26588 WARNING rally_openstack.scenarios.neutron.utils [-] Running this scenario without either the 'network' or 'existing_network' context is deprecated
2019-06-08 09:41:42.143 26580 WARNING rally_openstack.scenarios.neutron.utils [-] Running this scenario without either the 'network' or 'existing_network' context is deprecated
2019-06-08 09:41:42.156 26598 RALLYDEBUG rally.task.runner [-] Starting a worker. concurrency: 1 args: {"network_create_args": {}, "port_create_args": {}, "ports_per_network": 5, "port_update_args": {"admin_state_up": false, "device_id": "dummy_id", "device_owner": "dummy_owner", "name": "_port_updated"}} times: 40 method_name: run timeout: 0 duration: None cls:
2019-06-08 09:41:42.158 26592 INFO rally.task.runner [-] Task 555dc4c9-72a5-4371-a1d5-f919c1c886f3 | ITER: 10 START
2019-06-08 09:41:42.160 26592 WARNING rally_openstack.scenarios.neutron.utils [-] Running this scenario without either the 'network' or 'existing_network' context is deprecated
2019-06-08 09:41:42.152 26583 WARNING rally_openstack.scenarios.neutron.utils [-] Running this scenario without either the 'network' or 'existing_network' context is deprecated
2019-06-08 09:41:42.164 26598 INFO rally.task.runner [-] Task 555dc4c9-72a5-4371-a1d5-f919c1c886f3 | ITER: 11 START
2019-06-08 09:41:42.165 26598 WARNING rally_openstack.scenarios.neutron.utils [-] Running this scenario without either the 'network' or 'existing_network' context is deprecated
2019-06-08 09:41:42.166 26603 RALLYDEBUG rally.task.runner [-] Starting a worker. concurrency: 1 args: {"network_create_args": {}, "port_create_args": {}, "ports_per_network": 5, "port_update_args": {"admin_state_up": false, "device_id": "dummy_id", "device_owner": "dummy_owner", "name": "_port_updated"}} times: 40 method_name: run timeout: 0 duration: None cls:
2019-06-08 09:41:42.166 26606 RALLYDEBUG rally.task.runner [-] Starting a worker. concurrency: 1 args: {"network_create_args": {}, "port_create_args": {}, "ports_per_network": 5, "port_update_args": {"admin_state_up": false, "device_id": "dummy_id", "device_owner": "dummy_owner", "name": "_port_updated"}} times: 40 method_name: run timeout: 0 duration: None cls:
2019-06-08 09:41:42.171 26606 INFO rally.task.runner [-] Task 555dc4c9-72a5-4371-a1d5-f919c1c886f3 | ITER: 12 START
2019-06-08 09:41:42.172 26603 INFO rally.task.runner [-] Task 555dc4c9-72a5-4371-a1d5-f919c1c886f3 | ITER: 13 START
2019-06-08 09:41:42.172 26607 RALLYDEBUG rally.task.runner [-] Starting a worker. concurrency: 1 args: {"network_create_args": {}, "port_create_args": {}, "ports_per_network": 5, "port_update_args": {"admin_state_up": false, "device_id": "dummy_id", "device_owner": "dummy_owner", "name": "_port_updated"}} times: 40 method_name: run timeout: 0 duration: None cls:
2019-06-08 09:41:42.172 26606 WARNING rally_openstack.scenarios.neutron.utils [-] Running this scenario without either the 'network' or 'existing_network' context is deprecated
2019-06-08 09:41:42.173 26603 WARNING rally_openstack.scenarios.neutron.utils [-] Running this scenario without either the 'network' or 'existing_network' context is deprecated
2019-06-08 09:41:42.178 26607 INFO rally.task.runner [-] Task 555dc4c9-72a5-4371-a1d5-f919c1c886f3 | ITER: 14 START
2019-06-08 09:41:42.180 26607 WARNING rally_openstack.scenarios.neutron.utils [-] Running this scenario without either the 'network' or 'existing_network' context is deprecated
2019-06-08 09:41:42.180 26611 RALLYDEBUG rally.task.runner [-] Starting a worker. concurrency: 1 args: {"network_create_args": {}, "port_create_args": {}, "ports_per_network": 5, "port_update_args": {"admin_state_up": false, "device_id": "dummy_id", "device_owner": "dummy_owner", "name": "_port_updated"}} times: 40 method_name: run timeout: 0 duration: None cls:
2019-06-08 09:41:42.188 26611 INFO rally.task.runner [-] Task 555dc4c9-72a5-4371-a1d5-f919c1c886f3 | ITER: 15 START
2019-06-08 09:41:42.190 26611 WARNING rally_openstack.scenarios.neutron.utils [-] Running this scenario without either the 'network' or 'existing_network' context is deprecated
2019-06-08 09:41:42.189 26615 RALLYDEBUG rally.task.runner [-] Starting a worker. concurrency: 1 args: {"network_create_args": {}, "port_create_args": {}, "ports_per_network": 5, "port_update_args": {"admin_state_up": false, "device_id": "dummy_id", "device_owner": "dummy_owner", "name": "_port_updated"}} times: 40 method_name: run timeout: 0 duration: None cls:
2019-06-08 09:41:42.195 26615 INFO rally.task.runner [-] Task 555dc4c9-72a5-4371-a1d5-f919c1c886f3 | ITER: 16 START
2019-06-08 09:41:42.195 26619 RALLYDEBUG rally.task.runner [-] Starting a worker. concurrency: 1 args: {"network_create_args": {}, "port_create_args": {}, "ports_per_network": 5, "port_update_args": {"admin_state_up": false, "device_id": "dummy_id", "device_owner": "dummy_owner", "name": "_port_updated"}} times: 40 method_name: run timeout: 0 duration: None cls:
2019-06-08 09:41:42.196 26615 WARNING rally_openstack.scenarios.neutron.utils [-] Running this scenario without either the 'network' or 'existing_network' context is deprecated
2019-06-08 09:41:42.200 26619 INFO rally.task.runner [-] Task 555dc4c9-72a5-4371-a1d5-f919c1c886f3 | ITER: 17 START
2019-06-08 09:41:42.200 26617 RALLYDEBUG rally.task.runner [-] Starting a worker. concurrency: 1 args: {"network_create_args": {}, "port_create_args": {}, "ports_per_network": 5, "port_update_args": {"admin_state_up": false, "device_id": "dummy_id", "device_owner": "dummy_owner", "name": "_port_updated"}} times: 40 method_name: run timeout: 0 duration: None cls:
2019-06-08 09:41:42.202 26619 WARNING rally_openstack.scenarios.neutron.utils [-] Running this scenario without either the 'network' or 'existing_network' context is deprecated
2019-06-08 09:41:42.202 26622 RALLYDEBUG rally.task.runner [-] Starting a worker. concurrency: 1 args: {"network_create_args": {}, "port_create_args": {}, "ports_per_network": 5, "port_update_args": {"admin_state_up": false, "device_id": "dummy_id", "device_owner": "dummy_owner", "name": "_port_updated"}} times: 40 method_name: run timeout: 0 duration: None cls:
2019-06-08 09:41:42.205 26617 INFO rally.task.runner [-] Task 555dc4c9-72a5-4371-a1d5-f919c1c886f3 | ITER: 18 START
2019-06-08 09:41:42.206 26617 WARNING rally_openstack.scenarios.neutron.utils [-] Running this scenario without either the 'network' or 'existing_network' context is deprecated
2019-06-08 09:41:42.206 26625 RALLYDEBUG rally.task.runner [-] Starting a worker. concurrency: 1 args: {"network_create_args": {}, "port_create_args": {}, "ports_per_network": 5, "port_update_args": {"admin_state_up": false, "device_id": "dummy_id", "device_owner": "dummy_owner", "name": "_port_updated"}} times: 40 method_name: run timeout: 0 duration: None cls:
2019-06-08 09:41:42.207 26622 INFO rally.task.runner [-] Task 555dc4c9-72a5-4371-a1d5-f919c1c886f3 | ITER: 19 START
2019-06-08 09:41:42.208 26622 WARNING rally_openstack.scenarios.neutron.utils [-] Running this scenario without either the 'network' or 'existing_network' context is deprecated
2019-06-08 09:41:42.211 26625 INFO rally.task.runner [-] Task 555dc4c9-72a5-4371-a1d5-f919c1c886f3 | ITER: 20 START
2019-06-08 09:41:42.212 26625 WARNING rally_openstack.scenarios.neutron.utils [-] Running this scenario without either the 'network' or 'existing_network' context is deprecated
2019-06-08 09:41:51.849 26582 INFO rally.task.runner [-] Task 555dc4c9-72a5-4371-a1d5-f919c1c886f3 | ITER: 6 END: OK
2019-06-08 09:41:51.853 26582 INFO rally.task.runner [-] Task 555dc4c9-72a5-4371-a1d5-f919c1c886f3 | ITER: 21 START
2019-06-08 09:41:51.854 26582 WARNING rally_openstack.scenarios.neutron.utils [-] Running this scenario without either the 'network' or 'existing_network' context is deprecated
2019-06-08 09:41:52.048 26588 INFO rally.task.runner [-] Task 555dc4c9-72a5-4371-a1d5-f919c1c886f3 | ITER: 9 END: OK
2019-06-08 09:41:52.052 26588 INFO rally.task.runner [-] Task 555dc4c9-72a5-4371-a1d5-f919c1c886f3 | ITER: 22 START
2019-06-08 09:41:52.053 26588 WARNING rally_openstack.scenarios.neutron.utils [-] Running this scenario without either the 'network' or 'existing_network' context is deprecated
2019-06-08 09:41:52.383 26606 INFO rally.task.runner [-] Task 555dc4c9-72a5-4371-a1d5-f919c1c886f3 | ITER: 12 END: OK
2019-06-08 09:41:52.388 26606 INFO rally.task.runner [-] Task 555dc4c9-72a5-4371-a1d5-f919c1c886f3 | ITER: 23 START
2019-06-08 09:41:52.389 26606 WARNING rally_openstack.scenarios.neutron.utils [-] Running this scenario without either the 'network' or 'existing_network' context is deprecated
2019-06-08 09:41:56.515 26582 INFO rally.task.runner [-] Task 555dc4c9-72a5-4371-a1d5-f919c1c886f3 | ITER: 5 END: OK
2019-06-08 09:41:56.519 26582 INFO rally.task.runner [-] Task 555dc4c9-72a5-4371-a1d5-f919c1c886f3 | ITER: 24 START
2019-06-08 09:41:56.519 26582 WARNING rally_openstack.scenarios.neutron.utils [-] Running this scenario without either the 'network' or 'existing_network' context is deprecated
2019-06-08 09:41:56.705 26598 INFO rally.task.runner [-] Task 555dc4c9-72a5-4371-a1d5-f919c1c886f3 | ITER: 11 END: OK
2019-06-08 09:41:56.709 26598 INFO rally.task.runner [-] Task 555dc4c9-72a5-4371-a1d5-f919c1c886f3 | ITER: 25 START
2019-06-08 09:41:56.710 26598 WARNING rally_openstack.scenarios.neutron.utils [-] Running this scenario without either the 'network' or 'existing_network' context is deprecated
2019-06-08 09:41:57.822 26580 INFO rally.task.runner [-] Task 555dc4c9-72a5-4371-a1d5-f919c1c886f3 | ITER: 4 END: OK
2019-06-08 09:41:57.825 26580 INFO rally.task.runner [-] Task 555dc4c9-72a5-4371-a1d5-f919c1c886f3 | ITER: 26 START
2019-06-08 09:41:57.826 26580 WARNING rally_openstack.scenarios.neutron.utils [-] Running this scenario without either the 'network' or 'existing_network' context is deprecated
2019-06-08 09:42:00.170 26615 INFO rally.task.runner [-] Task 555dc4c9-72a5-4371-a1d5-f919c1c886f3 | ITER: 16 END: OK
2019-06-08 09:42:00.175 26615 INFO rally.task.runner [-] Task 555dc4c9-72a5-4371-a1d5-f919c1c886f3 | ITER: 27 START
2019-06-08 09:42:00.176 26615 WARNING rally_openstack.scenarios.neutron.utils [-] Running this scenario without either the 'network' or 'existing_network' context is deprecated
2019-06-08 09:42:00.394 26619 INFO rally.task.runner [-] Task 555dc4c9-72a5-4371-a1d5-f919c1c886f3 | ITER: 17 END: OK
2019-06-08 09:42:00.399 26619 INFO rally.task.runner [-] Task 555dc4c9-72a5-4371-a1d5-f919c1c886f3 | ITER: 28 START
2019-06-08 09:42:00.399 26619 WARNING rally_openstack.scenarios.neutron.utils [-] Running this scenario without either the 'network' or 'existing_network' context is deprecated
2019-06-08 09:42:01.455 26582 INFO rally.task.runner [-] Task 555dc4c9-72a5-4371-a1d5-f919c1c886f3 | ITER: 21 END: OK
2019-06-08 09:42:01.460 26582 INFO rally.task.runner [-] Task 555dc4c9-72a5-4371-a1d5-f919c1c886f3 | ITER: 29 START
2019-06-08 09:42:01.461 26582 WARNING rally_openstack.scenarios.neutron.utils [-] Running this scenario without either the 'network' or 'existing_network' context is deprecated
2019-06-08 09:42:01.772 26625 INFO rally.task.runner [-] Task 555dc4c9-72a5-4371-a1d5-f919c1c886f3 | ITER: 20 END: OK
2019-06-08 09:42:01.777 26625 INFO rally.task.runner [-] Task 555dc4c9-72a5-4371-a1d5-f919c1c886f3 | ITER: 30 START
2019-06-08 09:42:01.778 26625 WARNING rally_openstack.scenarios.neutron.utils [-] Running this scenario without either the 'network' or 'existing_network' context is deprecated
2019-06-08 09:42:01.844 26588 INFO rally.task.runner [-] Task 555dc4c9-72a5-4371-a1d5-f919c1c886f3 | ITER: 22 END: OK
2019-06-08 09:42:01.847 26588 INFO rally.task.runner [-] Task 555dc4c9-72a5-4371-a1d5-f919c1c886f3 | ITER: 31 START
2019-06-08 09:42:01.848 26588 WARNING rally_openstack.scenarios.neutron.utils [-] Running this scenario without either the 'network' or 'existing_network' context is deprecated
2019-06-08 09:42:02.138 26606 INFO rally.task.runner [-] Task 555dc4c9-72a5-4371-a1d5-f919c1c886f3 | ITER: 23 END: OK
2019-06-08 09:42:02.143 26606 INFO rally.task.runner [-] Task 555dc4c9-72a5-4371-a1d5-f919c1c886f3 | ITER: 32 START
2019-06-08 09:42:02.143 26606 WARNING rally_openstack.scenarios.neutron.utils [-] Running this scenario without either the 'network' or 'existing_network' context is deprecated
2019-06-08 09:42:05.358 26598 INFO rally.task.runner [-] Task 555dc4c9-72a5-4371-a1d5-f919c1c886f3 | ITER: 25 END: OK
2019-06-08 09:42:05.362 26598 INFO rally.task.runner [-] Task 555dc4c9-72a5-4371-a1d5-f919c1c886f3 | ITER: 33 START
2019-06-08 09:42:05.362 26598 WARNING rally_openstack.scenarios.neutron.utils [-] Running this scenario without either the 'network' or 'existing_network' context is deprecated
2019-06-08 09:42:05.415 26592 INFO rally.task.runner [-] Task 555dc4c9-72a5-4371-a1d5-f919c1c886f3 | ITER: 10 END: OK
2019-06-08 09:42:05.420 26592 INFO rally.task.runner [-] Task 555dc4c9-72a5-4371-a1d5-f919c1c886f3 | ITER: 34 START
2019-06-08 09:42:05.421 26592 WARNING rally_openstack.scenarios.neutron.utils [-] Running this scenario without either the 'network' or 'existing_network' context is deprecated
2019-06-08 09:42:07.523 26583 INFO rally.task.runner [-] Task 555dc4c9-72a5-4371-a1d5-f919c1c886f3 | ITER: 7 END: OK
2019-06-08 09:42:07.528 26583 INFO rally.task.runner [-] Task 555dc4c9-72a5-4371-a1d5-f919c1c886f3 | ITER: 35 START
2019-06-08 09:42:07.529 26583 WARNING rally_openstack.scenarios.neutron.utils [-] Running this scenario without either the 'network' or 'existing_network' context is deprecated
2019-06-08 09:42:08.385 26622 INFO rally.task.runner [-] Task 555dc4c9-72a5-4371-a1d5-f919c1c886f3 | ITER: 19 END: OK
2019-06-08 09:42:08.390 26622 INFO rally.task.runner [-] Task 555dc4c9-72a5-4371-a1d5-f919c1c886f3 | ITER: 36 START
2019-06-08 09:42:08.391 26622 WARNING rally_openstack.scenarios.neutron.utils [-] Running this scenario without either the 'network' or 'existing_network' context is deprecated
2019-06-08 09:42:08.406 26617 INFO rally.task.runner [-] Task 555dc4c9-72a5-4371-a1d5-f919c1c886f3 | ITER: 18 END: OK
2019-06-08 09:42:08.411 26617 INFO rally.task.runner [-] Task 555dc4c9-72a5-4371-a1d5-f919c1c886f3 | ITER: 37 START
2019-06-08 09:42:08.412 26617 WARNING rally_openstack.scenarios.neutron.utils [-] Running this scenario without either the 'network' or 'existing_network' context is deprecated
2019-06-08 09:42:08.703 26611 INFO rally.task.runner [-] Task 555dc4c9-72a5-4371-a1d5-f919c1c886f3 | ITER: 15 END: OK
2019-06-08 09:42:08.708 26611 INFO rally.task.runner [-] Task 555dc4c9-72a5-4371-a1d5-f919c1c886f3 | ITER: 38 START
2019-06-08 09:42:08.709 26611 WARNING rally_openstack.scenarios.neutron.utils [-] Running this scenario without either the 'network' or 'existing_network' context is deprecated
2019-06-08 09:42:08.729 26583 INFO rally.task.runner [-] Task 555dc4c9-72a5-4371-a1d5-f919c1c886f3 | ITER: 8 END: OK
2019-06-08 09:42:08.732 26583 INFO rally.task.runner [-] Task 555dc4c9-72a5-4371-a1d5-f919c1c886f3 | ITER: 39 START
2019-06-08 09:42:08.733 26583 WARNING rally_openstack.scenarios.neutron.utils [-] Running this scenario without either the 'network' or 'existing_network' context is deprecated
2019-06-08 09:42:10.332 26582 INFO rally.task.runner [-] Task 555dc4c9-72a5-4371-a1d5-f919c1c886f3 | ITER: 24 END: OK
2019-06-08 09:42:10.336 26582 INFO rally.task.runner [-] Task 555dc4c9-72a5-4371-a1d5-f919c1c886f3 | ITER: 40 START
2019-06-08 09:42:10.337 26582 WARNING rally_openstack.scenarios.neutron.utils [-] Running this scenario without either the 'network' or 'existing_network' context is deprecated
2019-06-08 09:42:14.181 26580 INFO rally.task.runner [-] Task 555dc4c9-72a5-4371-a1d5-f919c1c886f3 | ITER: 26 END: OK
2019-06-08 09:42:14.278 26615 INFO rally.task.runner [-] Task 555dc4c9-72a5-4371-a1d5-f919c1c886f3 | ITER: 27 END: OK
2019-06-08 09:42:14.871 26592 INFO rally.task.runner [-] Task 555dc4c9-72a5-4371-a1d5-f919c1c886f3 | ITER: 34 END: OK
2019-06-08 09:42:15.821 26583 INFO rally.task.runner [-] Task 555dc4c9-72a5-4371-a1d5-f919c1c886f3 | ITER: 35 END: OK
2019-06-08 09:42:16.806 26606 INFO rally.task.runner [-] Task 555dc4c9-72a5-4371-a1d5-f919c1c886f3 | ITER: 32 END: OK
2019-06-08 09:42:17.152 26619 INFO rally.task.runner [-] Task 555dc4c9-72a5-4371-a1d5-f919c1c886f3 | ITER: 28 END: OK
2019-06-08 09:42:17.848 26625 INFO rally.task.runner [-] Task 555dc4c9-72a5-4371-a1d5-f919c1c886f3 | ITER: 30 END: OK
2019-06-08 09:42:18.222 26582 INFO rally.task.runner [-] Task 555dc4c9-72a5-4371-a1d5-f919c1c886f3 | ITER: 29 END: OK
2019-06-08 09:42:18.537 26588 INFO rally.task.runner [-] Task 555dc4c9-72a5-4371-a1d5-f919c1c886f3 | ITER: 31 END: OK
2019-06-08 09:42:18.724 26598 INFO rally.task.runner [-] Task 555dc4c9-72a5-4371-a1d5-f919c1c886f3 | ITER: 33 END: OK
2019-06-08 09:42:19.377 26580 INFO rally.task.runner [-] Task 555dc4c9-72a5-4371-a1d5-f919c1c886f3 | ITER: 2 END: OK
2019-06-08 09:42:19.377 26581 INFO rally.task.runner [-] Task 555dc4c9-72a5-4371-a1d5-f919c1c886f3 | ITER: 3 END: OK
2019-06-08 09:42:19.382 26603 INFO rally.task.runner [-] Task 555dc4c9-72a5-4371-a1d5-f919c1c886f3 | ITER: 13 END: OK
2019-06-08 09:42:19.411 26607 INFO rally.task.runner [-] Task 555dc4c9-72a5-4371-a1d5-f919c1c886f3 | ITER: 14 END: OK
2019-06-08 09:42:19.553 26581 INFO rally.task.runner [-] Task 555dc4c9-72a5-4371-a1d5-f919c1c886f3 | ITER: 1 END: OK
2019-06-08 09:42:21.260 26583 INFO rally.task.runner [-] Task 555dc4c9-72a5-4371-a1d5-f919c1c886f3 | ITER: 39 END: OK
2019-06-08 09:42:21.782 26617 INFO rally.task.runner [-] Task 555dc4c9-72a5-4371-a1d5-f919c1c886f3 | ITER: 37 END: OK
2019-06-08 09:42:22.684 26622 INFO rally.task.runner [-] Task 555dc4c9-72a5-4371-a1d5-f919c1c886f3 | ITER: 36 END: OK
2019-06-08 09:42:22.923 26582 INFO rally.task.runner [-] Task 555dc4c9-72a5-4371-a1d5-f919c1c886f3 | ITER: 40 END: OK
2019-06-08 09:42:23.038 26611 INFO rally.task.runner [-] Task 555dc4c9-72a5-4371-a1d5-f919c1c886f3 | ITER: 38 END: OK
2019-06-08 09:42:23.064 22704 INFO rally.task.context [-] Task 555dc4c9-72a5-4371-a1d5-f919c1c886f3 | Context cleanup@openstack cleanup() started
2019-06-08 09:42:23.066 22704 RALLYDEBUG rally_openstack.cleanup.manager [-] Cleaning up neutron vip objects
2019-06-08 09:42:23.905 22704 RALLYDEBUG rally_openstack.cleanup.manager [-] Cleaning up neutron health_monitor objects
2019-06-08 09:42:24.605 22704 RALLYDEBUG rally_openstack.cleanup.manager [-] Cleaning up neutron pool objects
2019-06-08 09:42:25.474 22704 RALLYDEBUG rally_openstack.cleanup.manager [-] Cleaning up neutron loadbalancer objects
2019-06-08 09:42:26.127 22704 RALLYDEBUG rally_openstack.cleanup.manager [-] Cleaning up neutron floatingip objects
2019-06-08 09:42:26.820 22704 RALLYDEBUG rally_openstack.cleanup.manager [-] Cleaning up neutron port objects
2019-06-08 09:42:28.008 22704 RALLYDEBUG rally_openstack.cleanup.manager [-] Deleting neutron.port object s_rally_80d5c200_A7yQR3uD (0987515c-dda7-450a-93bf-a037b82b37b8)
2019-06-08 09:42:28.008 22704 RALLYDEBUG rally_openstack.cleanup.manager [-] Deleting neutron.port object s_rally_80d5c200_7WmED0cV (108430c6-63f8-4ade-ba30-a1dfa0646ae9)
2019-06-08 09:42:28.014 22704 RALLYDEBUG rally_openstack.cleanup.manager [-] Deleting neutron.port object s_rally_80d5c200_UEAVfTzz (0fb7e6a6-6b06-47ed-a90d-43a3a24a279a)
2019-06-08 09:42:28.015 22704 RALLYDEBUG rally_openstack.cleanup.manager [-] Deleting neutron.port object s_rally_80d5c200_FLhVfDVQ (0075d999-ec07-44f3-b5d5-ca1c978f45b7)
2019-06-08 09:42:28.015 22704 RALLYDEBUG rally_openstack.cleanup.manager [-] Deleting neutron.port object s_rally_80d5c200_rZw2rpNc (07b311ec-93b5-4722-90bb-1957f90a6ed5)
2019-06-08 09:42:28.020 22704 RALLYDEBUG rally_openstack.cleanup.manager [-] Deleting neutron.port object s_rally_80d5c200_5Y7cMAr2 (0387c5fa-5796-414f-b497-21ff4d77a107)
2019-06-08 09:42:28.028 22704 RALLYDEBUG rally_openstack.cleanup.manager [-] Deleting neutron.port object s_rally_80d5c200_GzXvbxzZ (1463ec72-6c6b-4716-94ec-e4c850acde45)
2019-06-08 09:42:28.030 22704 RALLYDEBUG rally_openstack.cleanup.manager [-] Deleting neutron.port object s_rally_80d5c200_ANZu9sG8 (19018ccd-4a46-4b5d-bde5-57fae9ebbc82)
2019-06-08 09:42:28.033 22704 RALLYDEBUG rally_openstack.cleanup.manager [-] Deleting neutron.port object s_rally_80d5c200_tZ1nqUsU (091c2646-d182-4a54-923e-8e2abb306444)
2019-06-08 09:42:28.035 22704 RALLYDEBUG rally_openstack.cleanup.manager [-] Deleting neutron.port object s_rally_80d5c200_gB51Q0VJ (0b456b09-4d55-42bb-b9e8-2fed782c9426)
2019-06-08 09:42:28.035 22704 RALLYDEBUG rally_openstack.cleanup.manager [-] Deleting neutron.port object s_rally_80d5c200_0vf5gMAq (0533df36-bc57-4650-a1ef-5a5ed38c9c3c)
2019-06-08 09:42:28.045 22704 RALLYDEBUG rally_openstack.cleanup.manager [-] Deleting neutron.port object s_rally_80d5c200_f6iiiqNq (1b572677-5cb5-4738-bd15-a2c5ed864cfb)
2019-06-08 09:42:28.066 22704 RALLYDEBUG rally_openstack.cleanup.manager [-] Deleting neutron.port object s_rally_80d5c200_OQIV1JKU (19d5495a-416b-484d-bd57-8ec88b51277a)
2019-06-08 09:42:28.081 22704 RALLYDEBUG rally_openstack.cleanup.manager [-] Deleting neutron.port object s_rally_80d5c200_ZKRCdRy5 (1b73750d-acf1-4b66-8100-0450de8fe425)
2019-06-08 09:42:28.107 22704 RALLYDEBUG rally_openstack.cleanup.manager [-] Deleting neutron.port object s_rally_80d5c200_CKP3KlIw (1d2a236a-df32-46c6-a58b-7e3cb02307cf)
2019-06-08 09:42:28.119 22704 RALLYDEBUG rally_openstack.cleanup.manager [-] Deleting neutron.port object s_rally_80d5c200_HdWffytW (1d9dfc97-f40b-428d-9975-220223c2fb11)
2019-06-08 09:42:28.130 22704 RALLYDEBUG rally_openstack.cleanup.manager [-] Deleting neutron.port object s_rally_80d5c200_E2gI5muR (1ea17c75-0a44-4b91-9962-7098dcf2f24d)
2019-06-08 09:42:28.131 22704 RALLYDEBUG rally_openstack.cleanup.manager [-] Deleting neutron.port object s_rally_80d5c200_NOKVte9g (1edc5121-f20a-45d9-8a90-11f72334070a)
2019-06-08 09:42:28.145 22704 RALLYDEBUG rally_openstack.cleanup.manager [-] Deleting neutron.port object s_rally_80d5c200_OkPrwyEU (1debb56a-8134-4ddb-ae80-1fb808986e00)
2019-06-08 09:42:28.154 22704 RALLYDEBUG rally_openstack.cleanup.manager [-] Deleting neutron.port object s_rally_80d5c200_XT3qZs28 (1f326a11-4755-4ff3-81a7-4c0ab8e4f03d)
2019-06-08 09:42:30.390 22704 RALLYDEBUG rally_openstack.cleanup.manager [-] Deleting neutron.port object s_rally_80d5c200_TqcpWvxa (22a1cb3e-0a3f-4054-8798-92b1e94134a7)
2019-06-08 09:42:30.553 22704 RALLYDEBUG rally_openstack.cleanup.manager [-] Deleting neutron.port object s_rally_80d5c200_DIVMWN0z (23d87206-f06f-46f4-a283-b225a12020f4)
2019-06-08 09:42:30.741 22704 RALLYDEBUG rally_openstack.cleanup.manager [-] Deleting neutron.port object s_rally_80d5c200_ipmTNgmD (256db212-861c-4eb2-a4b1-6f7a48f80b57)
2019-06-08 09:42:30.980 22704 RALLYDEBUG rally_openstack.cleanup.manager [-] Deleting neutron.port object s_rally_80d5c200_oqi2CpTy (268f9155-c06a-4a12-97cf-cc43102c294e)
2019-06-08 09:42:31.396 22704 RALLYDEBUG rally_openstack.cleanup.manager [-] Deleting neutron.port object s_rally_80d5c200_yXv228iL (26cab102-3be7-40fe-adc9-c0159866e7c0)
2019-06-08 09:42:32.484 22704 RALLYDEBUG rally_openstack.cleanup.manager [-] Deleting neutron.port object s_rally_80d5c200_QBoxM6j6 (2783b66b-77d5-4eae-a2d1-82e56da5939b)
2019-06-08 09:42:32.612 22704 RALLYDEBUG rally_openstack.cleanup.manager [-] Deleting neutron.port object s_rally_80d5c200_1ydkA5Bt (280c7faf-a5a5-448d-8b31-cc8b8c95b4b1)
2019-06-08 09:42:33.108 22704 RALLYDEBUG rally_openstack.cleanup.manager [-] Deleting neutron.port object s_rally_80d5c200_7DLjTKYs (2b207131-9914-4346-8b40-585a03bb40bb)
2019-06-08 09:42:33.312 22704 RALLYDEBUG rally_openstack.cleanup.manager [-] Deleting neutron.port object s_rally_80d5c200_yJe6z0Bq (30473f7d-ffa6-416d-8d5a-f45498371670)
2019-06-08 09:42:33.449 22704 RALLYDEBUG rally_openstack.cleanup.manager [-] Deleting neutron.port object s_rally_80d5c200_KrMIDpfJ (307637a8-6c0d-4ec0-8e05-f0c2ac93d797)
2019-06-08 09:42:33.747 22704 RALLYDEBUG rally_openstack.cleanup.manager [-] Deleting neutron.port object s_rally_80d5c200_3yqxKAQ5 (310cafcf-b10b-40b5-8cf1-5b04ee9b274f)
2019-06-08 09:42:34.006 22704 RALLYDEBUG rally_openstack.cleanup.manager [-] Deleting neutron.port object s_rally_80d5c200_ZThLzGRF (32003f61-8914-4d6c-8fb9-c040100306a3)
2019-06-08 09:42:34.086 22704 RALLYDEBUG rally_openstack.cleanup.manager [-] Deleting neutron.port object s_rally_80d5c200_HVU1odLf (334112c4-12f3-4a11-bd0e-e7dcf5444ab2)
2019-06-08 09:42:34.583 22704 RALLYDEBUG rally_openstack.cleanup.manager [-] Deleting neutron.port object s_rally_80d5c200_fJoxGQZp (33a8ac30-e7c3-4568-a09d-f2075c5af1b5)
2019-06-08 09:42:34.786 22704 RALLYDEBUG rally_openstack.cleanup.manager [-] Deleting neutron.port object s_rally_80d5c200_mS7asOxy (365dc558-4c82-4d5e-87bc-c36fa32c7f83)
2019-06-08 09:42:34.889 22704 RALLYDEBUG rally_openstack.cleanup.manager [-] Deleting neutron.port object s_rally_80d5c200_x1iZ49We (376fd8df-d3ae-4692-819e-86c187f0c29b)
2019-06-08 09:42:34.953 22704 RALLYDEBUG rally_openstack.cleanup.manager [-] Deleting neutron.port object s_rally_80d5c200_uAwWu6Mf (3833fb0d-a133-4eed-ba95-8a3676df6463)
2019-06-08 09:42:34.998 22704 RALLYDEBUG rally_openstack.cleanup.manager [-] Deleting neutron.port object s_rally_80d5c200_CdoJfh0x (38df1233-8093-4e48-bd7f-14505966333e)
2019-06-08 09:42:35.116 22704 RALLYDEBUG rally_openstack.cleanup.manager [-] Deleting neutron.port object s_rally_80d5c200_5IwF4C5J (3d4d791e-fe51-4ea5-bba0-dec4be6d7f71)
2019-06-08 09:42:35.137 22704 RALLYDEBUG rally_openstack.cleanup.manager [-] Deleting neutron.port object s_rally_80d5c200_YPmd491Z (3d79ae63-61f4-4b85-b1c0-2598bb22471e)
2019-06-08 09:42:35.261 22704 RALLYDEBUG rally_openstack.cleanup.manager [-] Deleting neutron.port object s_rally_80d5c200_mYJ8bo7M (3df129fe-f27a-446f-93f0-c4e9a8324c64)
2019-06-08 09:42:35.297 22704 RALLYDEBUG rally_openstack.cleanup.manager [-] Deleting neutron.port object s_rally_80d5c200_fK9PMGmy (3e4e18d4-191f-48be-9c1a-d31db9d40120)
2019-06-08 09:42:35.413 22704 RALLYDEBUG rally_openstack.cleanup.manager [-] Deleting neutron.port object s_rally_80d5c200_hvt6EuJe (403ed620-8ba0-46e4-afb2-8a524eed2937)
2019-06-08 09:42:35.519 22704 RALLYDEBUG rally_openstack.cleanup.manager [-] Deleting neutron.port object s_rally_80d5c200_2yYRnZHn (409e4a4a-1011-43da-a87e-a4c2eb8b7a5d)
2019-06-08 09:42:35.550 22704 RALLYDEBUG rally_openstack.cleanup.manager [-] Deleting neutron.port object s_rally_80d5c200_bYBRHgHV (42fcec9a-6644-4540-805b-f1ce650e86ae)
2019-06-08 09:42:35.577 22704 RALLYDEBUG rally_openstack.cleanup.manager [-] Deleting neutron.port object s_rally_80d5c200_MxXHeLIn (43824040-c83b-4b23-93e8-284792b554e2)
2019-06-08 09:42:35.577 22704 RALLYDEBUG rally_openstack.cleanup.manager [-] Deleting neutron.port object s_rally_80d5c200_A7yXrKNA (4582446a-f85f-4883-b3f2-4a4b1668e3ce)
2019-06-08 09:42:35.579 22704 RALLYDEBUG rally_openstack.cleanup.manager [-] Deleting neutron.port object s_rally_80d5c200_6xVsPZlO (45d13504-1482-45e9-9dbc-39238ae953ce)
2019-06-08 09:42:36.090 22704 RALLYDEBUG rally_openstack.cleanup.manager [-] Deleting neutron.port object s_rally_80d5c200_a6VkndQK (4633b688-578a-4863-b0d4-6c9634a5e339)
2019-06-08 09:42:36.224 22704 RALLYDEBUG rally_openstack.cleanup.manager [-] Deleting neutron.port object s_rally_80d5c200_uheWk8ij (463c2a11-e2f7-47e7-85ed-51662e386d28)
2019-06-08 09:42:36.415 22704 RALLYDEBUG rally_openstack.cleanup.manager [-] Deleting neutron.port object s_rally_80d5c200_5l9vKuSA (4829a98b-5c66-491c-930b-5cde2d793f56)
2019-06-08 09:42:36.465 22704 RALLYDEBUG rally_openstack.cleanup.manager [-] Deleting neutron.port object s_rally_80d5c200_En8FzeFn (48fdb656-215a-4beb-a4fb-19efdaa41302)
2019-06-08 09:42:36.619 22704 RALLYDEBUG rally_openstack.cleanup.manager [-] Deleting neutron.port object s_rally_80d5c200_IaM4jl9c (4a2b1b92-6a7c-4881-afff-41c321310e18)
2019-06-08 09:42:37.588 22704 RALLYDEBUG rally_openstack.cleanup.manager [-] Deleting neutron.port object s_rally_80d5c200_GrU3D7y1 (4a3eb5aa-6bae-492c-b8a3-9d77812ebd15)
2019-06-08 09:42:37.617 22704 RALLYDEBUG rally_openstack.cleanup.manager [-] Deleting neutron.port object s_rally_80d5c200_W9WRDCtM (4cb774a7-a3f3-482c-b18c-e67bfbd4952d)
2019-06-08 09:42:37.645 22704 RALLYDEBUG rally_openstack.cleanup.manager [-] Deleting neutron.port object s_rally_80d5c200_ZOcr1zOb (4e213f42-6e9f-42a6-893f-50e5156d6ff7)
2019-06-08 09:42:37.691 22704 RALLYDEBUG rally_openstack.cleanup.manager [-] Deleting neutron.port object s_rally_80d5c200_t6AolZ1m (4e29c720-7b28-445f-879d-4758fff7fbca)
2019-06-08 09:42:38.295 22704 RALLYDEBUG rally_openstack.cleanup.manager [-] Deleting neutron.port object s_rally_80d5c200_mM71wIYS (4f025b7a-d188-4db4-bd20-347f31a5c1e9)
2019-06-08 09:42:38.303 22704 RALLYDEBUG rally_openstack.cleanup.manager [-] Deleting neutron.port object s_rally_80d5c200_dfwr5bws (5087eafb-a5d1-4240-911f-efdcf5211332)
2019-06-08 09:42:38.306 22704 RALLYDEBUG rally_openstack.cleanup.manager [-] Deleting neutron.port object s_rally_80d5c200_g19DDS06 (510c2be1-39e5-4bc5-8577-041fe0c544b6)
2019-06-08 09:42:38.553 22704 RALLYDEBUG rally_openstack.cleanup.manager [-] Deleting neutron.port object s_rally_80d5c200_sSl2rLma (5188599a-0608-4fe1-9b79-1e8e6ba40237)
2019-06-08 09:42:38.767 22704 RALLYDEBUG rally_openstack.cleanup.manager [-] Deleting neutron.port object s_rally_80d5c200_OHFDxE4L (51bfb264-3bf7-4de7-9ab4-71150c36db93)
2019-06-08 09:42:39.036 22704 RALLYDEBUG rally_openstack.cleanup.manager [-] Deleting neutron.port object s_rally_80d5c200_teWsj4rJ (521fe313-b73f-42c2-9e8a-57d85a8229d7)
2019-06-08 09:42:39.120 22704 RALLYDEBUG rally_openstack.cleanup.manager [-] Deleting neutron.port object s_rally_80d5c200_IrPWrqWk (544819d6-4121-4bb2-8f10-d654d5fd18d1)
2019-06-08 09:42:39.122 22704 RALLYDEBUG rally_openstack.cleanup.manager [-] Deleting neutron.port object s_rally_80d5c200_nvnbL9mi (52cde74a-c85a-42e3-b4a8-3ef3446b45ba)
2019-06-08 09:42:39.311 22704 RALLYDEBUG rally_openstack.cleanup.manager [-] Deleting neutron.port object s_rally_80d5c200_ix1jw5JU (5675a433-5979-42ca-b35e-003e31e0bc79)
2019-06-08 09:42:39.878 22704 RALLYDEBUG rally_openstack.cleanup.manager [-] Deleting neutron.port object s_rally_80d5c200_aRA6E2Tg (56974e6e-f1cb-481c-beb0-30aebb82db69)
2019-06-08 09:42:39.895 22704 RALLYDEBUG rally_openstack.cleanup.manager [-] Deleting neutron.port object s_rally_80d5c200_1Wr7vlLw (58676f35-9982-496d-b7d3-4314c082fc1d)
2019-06-08 09:42:39.904 22704 RALLYDEBUG rally_openstack.cleanup.manager [-] Deleting neutron.port object s_rally_80d5c200_cL0QPHQu (58967171-18b9-4202-a424-77b505239007)
