2019-06-08 08:01:27.314 4909 RALLYDEBUG rally.task.utils [-] Waiting for resource s_rally_7b20d32a_g0cyr2s4. Status changed: CREATING => AVAILABLE in 2.54240584373
2019-06-08 08:01:27.552 4907 RALLYDEBUG rally.task.utils [-] Waiting for resource s_rally_7b20d32a_Cj1srUKq. Status changed: CREATING => AVAILABLE in 2.75954699516
2019-06-08 08:01:27.644 4909 RALLYDEBUG rally.task.utils [-] Waiting for resource s_rally_7b20d32a_g0cyr2s4. Status changed: AVAILABLE => DELETING in 0.247990131378
2019-06-08 08:01:27.888 4907 RALLYDEBUG rally.task.utils [-] Waiting for resource s_rally_7b20d32a_Cj1srUKq. Status changed: AVAILABLE => DELETING in 0.0526280403137
2019-06-08 08:01:29.963 4906 INFO rally.task.runner [-] Task 32951d5e-0908-45e1-b646-e82b9cfdef31 | ITER: 5 END: OK
2019-06-08 08:01:29.968 4906 INFO rally.task.runner [-] Task 32951d5e-0908-45e1-b646-e82b9cfdef31 | ITER: 9 START
2019-06-08 08:01:32.188 4907 INFO rally.task.runner [-] Task 32951d5e-0908-45e1-b646-e82b9cfdef31 | ITER: 6 END: OK
2019-06-08 08:01:32.189 4909 INFO rally.task.runner [-] Task 32951d5e-0908-45e1-b646-e82b9cfdef31 | ITER: 8 END: OK
2019-06-08 08:01:32.193 4907 INFO rally.task.runner [-] Task 32951d5e-0908-45e1-b646-e82b9cfdef31 | ITER: 10 START
2019-06-08 08:01:32.540 4908 INFO rally.task.runner [-] Task 32951d5e-0908-45e1-b646-e82b9cfdef31 | ITER: 7 END: OK
2019-06-08 08:01:34.099 4906 RALLYDEBUG rally.task.utils [-] Waiting for resource s_rally_7b20d32a_sYHq67FV. Status changed: AVAILABLE => DELETING in 0.248472929001
2019-06-08 08:01:36.092 4907 RALLYDEBUG rally.task.utils [-] Waiting for resource s_rally_7b20d32a_bOl0c0HE. Status changed: AVAILABLE => DELETING in 0.404812097549
2019-06-08 08:01:36.134 4906 INFO rally.task.runner [-] Task 32951d5e-0908-45e1-b646-e82b9cfdef31 | ITER: 9 END: OK
2019-06-08 08:01:38.394 4907 INFO rally.task.runner [-] Task 32951d5e-0908-45e1-b646-e82b9cfdef31 | ITER: 10 END: OK
2019-06-08 08:01:38.424 1842 INFO rally.task.context [-] Task 32951d5e-0908-45e1-b646-e82b9cfdef31 | Context cleanup@openstack cleanup() started
2019-06-08 08:01:38.426 1842 RALLYDEBUG rally_openstack.cleanup.manager [-] Cleaning up cinder backups objects
2019-06-08 08:01:40.395 1842 RALLYDEBUG rally_openstack.cleanup.manager [-] Cleaning up cinder volume_snapshots objects
2019-06-08 08:01:42.339 1842 RALLYDEBUG rally_openstack.cleanup.manager [-] Cleaning up cinder transfers objects
2019-06-08 08:01:44.199 1842 RALLYDEBUG rally_openstack.cleanup.manager [-] Cleaning up cinder volumes objects
2019-06-08 08:01:46.185 1842 INFO rally.task.context [-] Task 32951d5e-0908-45e1-b646-e82b9cfdef31 | Context cleanup@openstack cleanup() finished in 7.76 sec
2019-06-08 08:01:46.186 1842 INFO rally.task.context [-] Task 32951d5e-0908-45e1-b646-e82b9cfdef31 | Context volumes@openstack cleanup() started
2019-06-08 08:01:46.187 1842 RALLYDEBUG rally_openstack.cleanup.manager [-] Cleaning up cinder volumes objects
2019-06-08 08:01:48.167 1842 RALLYDEBUG rally_openstack.cleanup.manager [-] Deleting cinder.volumes object c_rally_7b20d32a_BquRqOVC (870e0c4c-26a4-4bef-a5ba-94e43357831d)
2019-06-08 08:01:48.168 1842 RALLYDEBUG rally_openstack.cleanup.manager [-] Deleting cinder.volumes object c_rally_7b20d32a_o5Twb0Xe (7fbb8cf1-6675-4888-9103-ecc06092959f)
2019-06-08 08:01:48.177 1842 RALLYDEBUG rally_openstack.cleanup.manager [-] Deleting cinder.volumes object c_rally_7b20d32a_tUQZ5uWT (fe21ff22-f764-4a53-abf4-2994b721300d)
2019-06-08 08:01:51.519 1842 INFO rally.task.context [-] Task 32951d5e-0908-45e1-b646-e82b9cfdef31 | Context volumes@openstack cleanup() finished in 5.33 sec
2019-06-08 08:01:51.520 1842 INFO rally.task.context [-] Task 32951d5e-0908-45e1-b646-e82b9cfdef31 | Context quotas@openstack cleanup() started
2019-06-08 08:01:51.985 1842 INFO rally.task.context [-] Task 32951d5e-0908-45e1-b646-e82b9cfdef31 | Context quotas@openstack cleanup() finished in 0.47 sec
2019-06-08 08:01:51.986 1842 INFO rally.task.context [-] Task 32951d5e-0908-45e1-b646-e82b9cfdef31 | Context api_versions@openstack cleanup() started
2019-06-08 08:01:51.986 1842 INFO rally.task.context [-] Task 32951d5e-0908-45e1-b646-e82b9cfdef31 | Context api_versions@openstack cleanup() finished in 0.31 msec
2019-06-08 08:01:51.986 1842 INFO rally.task.context [-] Task 32951d5e-0908-45e1-b646-e82b9cfdef31 | Context users@openstack cleanup() started
2019-06-08 08:01:59.087 1842 INFO rally.task.context [-] Task 32951d5e-0908-45e1-b646-e82b9cfdef31 | Context users@openstack cleanup() finished in 7.10 sec
2019-06-08 08:02:00.257 1842 INFO rally.task.engine [-] Load duration is: 27.340704
2019-06-08 08:02:00.258 1842 INFO rally.task.engine [-] Full runner duration is: 27.400644
2019-06-08 08:02:00.258 1842 INFO rally.task.engine [-] Full duration is: 65.096915
2019-06-08 08:02:00.519 1842 INFO rally.task.engine [-] Running workload: position = 0 config = { "version": 2, "title": "A cropped version of a bigger task.", "description": "Auto-generated task from a single workload (uuid=5f75f5e6-d8c5-4bbe-80cd-75537962205b)", "subtasks": [ { "title": "CinderQos.create_and_get_qos", "description": "Create a qos, then get details of the qos.", "scenario": { "CinderQos.create_and_get_qos": { "consumer": "both", "write_iops_sec": "10", "read_iops_sec": "1000" } }, "contexts": { "users": { "tenants": 3, "users_per_tenant": 2 }, "api_versions": { "cinder": { "version": 3, "service_type": "volumev3" } } }, "runner": { "constant": { "concurrency": 4, "times": 10 } }, "hooks": [], "sla": { "failure_rate": { "max": 0 } } } ] }
2019-06-08 08:02:00.539 1842 RALLYDEBUG rally_openstack.contexts.keystone.users [-] Creating 3 tenants using 20 threads
2019-06-08 08:02:02.250 1842 RALLYDEBUG rally_openstack.contexts.keystone.users [-] Creating 6 users using 20 threads
2019-06-08 08:02:05.191 1842 INFO rally.task.context [-] Task 32951d5e-0908-45e1-b646-e82b9cfdef31 | Context users@openstack setup() finished in 4.65 sec
2019-06-08 08:02:05.628 1842 INFO rally.task.context [-] Task 32951d5e-0908-45e1-b646-e82b9cfdef31 | Context api_versions@openstack setup() finished in 0.44 sec
2019-06-08 08:02:05.628 1842 INFO rally.task.context [-] Task 32951d5e-0908-45e1-b646-e82b9cfdef31 | Context admin_cleanup@openstack setup() finished in 0.00 msec
2019-06-08 08:02:05.636 1842 RALLYDEBUG rally.task.runner [-] Starting the constant runner (task UUID: 32951d5e-0908-45e1-b646-e82b9cfdef31). timeout: 0 concurrency: 4 concurrency_per_worker: 1 times: 10 concurrency_overhead: 0 processes_to_start: 4 max_cpu_used: 16
2019-06-08 08:02:05.648 5110 RALLYDEBUG rally.task.runner [-] Starting a worker. concurrency: 1 args: {"consumer": "both", "write_iops_sec": "10", "read_iops_sec": "1000"} times: 10 method_name: run timeout: 0 duration: None cls:
2019-06-08 08:02:05.650 5111 RALLYDEBUG rally.task.runner [-] Starting a worker. concurrency: 1 args: {"consumer": "both", "write_iops_sec": "10", "read_iops_sec": "1000"} times: 10 method_name: run timeout: 0 duration: None cls:
2019-06-08 08:02:05.653 5112 RALLYDEBUG rally.task.runner [-] Starting a worker. concurrency: 1 args: {"consumer": "both", "write_iops_sec": "10", "read_iops_sec": "1000"} times: 10 method_name: run timeout: 0 duration: None cls:
2019-06-08 08:02:05.656 5110 INFO rally.task.runner [-] Task 32951d5e-0908-45e1-b646-e82b9cfdef31 | ITER: 1 START
2019-06-08 08:02:05.656 5111 INFO rally.task.runner [-] Task 32951d5e-0908-45e1-b646-e82b9cfdef31 | ITER: 2 START
2019-06-08 08:02:05.657 5113 RALLYDEBUG rally.task.runner [-] Starting a worker. concurrency: 1 args: {"consumer": "both", "write_iops_sec": "10", "read_iops_sec": "1000"} times: 10 method_name: run timeout: 0 duration: None cls:
2019-06-08 08:02:05.660 5112 INFO rally.task.runner [-] Task 32951d5e-0908-45e1-b646-e82b9cfdef31 | ITER: 3 START
2019-06-08 08:02:05.664 5113 INFO rally.task.runner [-] Task 32951d5e-0908-45e1-b646-e82b9cfdef31 | ITER: 4 START
2019-06-08 08:02:06.686 5110 INFO rally.task.runner [-] Task 32951d5e-0908-45e1-b646-e82b9cfdef31 | ITER: 1 END: OK
2019-06-08 08:02:06.690 5113 INFO rally.task.runner [-] Task 32951d5e-0908-45e1-b646-e82b9cfdef31 | ITER: 4 END: OK
2019-06-08 08:02:06.692 5110 INFO rally.task.runner [-] Task 32951d5e-0908-45e1-b646-e82b9cfdef31 | ITER: 5 START
2019-06-08 08:02:06.696 5113 INFO rally.task.runner [-] Task 32951d5e-0908-45e1-b646-e82b9cfdef31 | ITER: 6 START
2019-06-08 08:02:06.712 5112 INFO rally.task.runner [-] Task 32951d5e-0908-45e1-b646-e82b9cfdef31 | ITER: 3 END: OK
2019-06-08 08:02:06.715 5111 INFO rally.task.runner [-] Task 32951d5e-0908-45e1-b646-e82b9cfdef31 | ITER: 2 END: OK
2019-06-08 08:02:06.716 5112 INFO rally.task.runner [-] Task 32951d5e-0908-45e1-b646-e82b9cfdef31 | ITER: 7 START
2019-06-08 08:02:06.721 5111 INFO rally.task.runner [-] Task 32951d5e-0908-45e1-b646-e82b9cfdef31 | ITER: 8 START
2019-06-08 08:02:07.614 5113 INFO rally.task.runner [-] Task 32951d5e-0908-45e1-b646-e82b9cfdef31 | ITER: 6 END: OK
2019-06-08 08:02:07.619 5113 INFO rally.task.runner [-] Task 32951d5e-0908-45e1-b646-e82b9cfdef31 | ITER: 9 START
2019-06-08 08:02:07.631 5110 INFO rally.task.runner [-] Task 32951d5e-0908-45e1-b646-e82b9cfdef31 | ITER: 5 END: OK
2019-06-08 08:02:07.635 5110 INFO rally.task.runner [-] Task 32951d5e-0908-45e1-b646-e82b9cfdef31 | ITER: 10 START
2019-06-08 08:02:07.661 5111 INFO rally.task.runner [-] Task 32951d5e-0908-45e1-b646-e82b9cfdef31 | ITER: 8 END: OK
2019-06-08 08:02:07.801 5112 INFO rally.task.runner [-] Task 32951d5e-0908-45e1-b646-e82b9cfdef31 | ITER: 7 END: OK
2019-06-08 08:02:08.494 5110 INFO rally.task.runner [-] Task 32951d5e-0908-45e1-b646-e82b9cfdef31 | ITER: 10 END: OK
2019-06-08 08:02:08.562 5113 INFO rally.task.runner [-] Task 32951d5e-0908-45e1-b646-e82b9cfdef31 | ITER: 9 END: OK
2019-06-08 08:02:08.585 1842 INFO rally.task.context [-] Task 32951d5e-0908-45e1-b646-e82b9cfdef31 | Context admin_cleanup@openstack cleanup() started
2019-06-08 08:02:08.587 1842 RALLYDEBUG rally_openstack.cleanup.manager [-] Cleaning up cinder volume_types objects
2019-06-08 08:02:09.218 1842 RALLYDEBUG rally_openstack.cleanup.manager [-] Cleaning up cinder image_volumes_cache objects
2019-06-08 08:02:10.172 1842 RALLYDEBUG rally_openstack.cleanup.manager [-] Cleaning up cinder quotas objects
2019-06-08 08:02:11.622 1842 RALLYDEBUG rally_openstack.cleanup.manager [-] Cleaning up cinder qos_specs objects
2019-06-08 08:02:12.254 1842 RALLYDEBUG rally_openstack.cleanup.manager [-] Deleting cinder.qos_specs object s_rally_5f75f5e6_Y0UOIRyD (e5eb956b-e0e7-4a74-8f62-d4a02cd321f2)
2019-06-08 08:02:12.258 1842 RALLYDEBUG rally_openstack.cleanup.manager [-] Deleting cinder.qos_specs object s_rally_5f75f5e6_qoBnXN6N (63d42eb7-8f1e-4430-8db1-fb5c1551e2d2)
2019-06-08 08:02:12.268 1842 RALLYDEBUG rally_openstack.cleanup.manager [-] Deleting cinder.qos_specs object s_rally_5f75f5e6_ih2Kwemk (d180634e-9094-46e1-83af-69e90acf4226)
2019-06-08 08:02:12.278 1842 RALLYDEBUG rally_openstack.cleanup.manager [-] Deleting cinder.qos_specs object s_rally_5f75f5e6_LuGFcBSh (c01b7e56-36e4-4489-bf2b-c1194128b394)
2019-06-08 08:02:12.282 1842 RALLYDEBUG rally_openstack.cleanup.manager [-] Deleting cinder.qos_specs object s_rally_5f75f5e6_1iYKtFzy (912f4be2-0f89-4877-8c85-254a2534a94c)
2019-06-08 08:02:12.293 1842 RALLYDEBUG rally_openstack.cleanup.manager [-] Deleting cinder.qos_specs object s_rally_5f75f5e6_itxNTDhN (5ef21eb7-1fd0-4b33-b469-03ebaa65c7ee)
2019-06-08 08:02:12.302 1842 RALLYDEBUG rally_openstack.cleanup.manager [-] Deleting cinder.qos_specs object s_rally_5f75f5e6_wuLTCyje (dfbc7b05-32a4-458f-829b-931ec27da767)
2019-06-08 08:02:12.304 1842 RALLYDEBUG rally_openstack.cleanup.manager [-] Deleting cinder.qos_specs object s_rally_5f75f5e6_hQn3vp7F (732f87d5-041f-46f9-ad3c-4d07a40f034e)
2019-06-08 08:02:12.323 1842 RALLYDEBUG rally_openstack.cleanup.manager [-] Deleting cinder.qos_specs object s_rally_5f75f5e6_Ml7uRyCU (347275c7-61b5-49f9-8628-a4704e27fcbe)
2019-06-08 08:02:12.323 1842 RALLYDEBUG rally_openstack.cleanup.manager [-] Deleting cinder.qos_specs object s_rally_5f75f5e6_6Gwiedbd (3987fb74-39c0-4798-bf14-6a2b9484f9ec)
2019-06-08 08:02:14.667 1842 INFO rally.task.context [-] Task 32951d5e-0908-45e1-b646-e82b9cfdef31 | Context admin_cleanup@openstack cleanup() finished in 6.08 sec
2019-06-08 08:02:14.668 1842 INFO rally.task.context [-] Task 32951d5e-0908-45e1-b646-e82b9cfdef31 | Context api_versions@openstack cleanup() started
2019-06-08 08:02:14.668 1842 INFO rally.task.context [-] Task 32951d5e-0908-45e1-b646-e82b9cfdef31 | Context api_versions@openstack cleanup() finished in 0.35 msec
2019-06-08 08:02:14.669 1842 INFO rally.task.context [-] Task 32951d5e-0908-45e1-b646-e82b9cfdef31 | Context users@openstack cleanup() started
2019-06-08 08:02:23.544 1842 INFO rally.task.context [-] Task 32951d5e-0908-45e1-b646-e82b9cfdef31 | Context users@openstack cleanup() finished in 8.88 sec
2019-06-08 08:02:24.668 1842 INFO rally.task.engine [-] Load duration is: 2.901295
2019-06-08 08:02:24.668 1842 INFO rally.task.engine [-] Full runner duration is: 2.949802
2019-06-08 08:02:24.668 1842 INFO rally.task.engine [-] Full duration is: 23.007067
2019-06-08 08:02:24.908 1842 INFO rally.task.engine [-] Running workload: position = 0 config = { "version": 2, "title": "A cropped version of a bigger task.", "description": "Auto-generated task from a single workload (uuid=a25b2cf7-053a-4bac-ab4a-d33280f0948b)", "subtasks": [ { "title": "CinderQos.create_and_list_qos", "description": "Create a qos, then list all qos.", "scenario": { "CinderQos.create_and_list_qos": { "consumer": "both", "write_iops_sec": "10", "read_iops_sec": "1000" } }, "contexts": { "users": { "tenants": 3, "users_per_tenant": 2 }, "api_versions": { "cinder": { "version": 3, "service_type": "volumev3" } } }, "runner": { "constant": { "concurrency": 4, "times": 10 } }, "hooks": [], "sla": { "failure_rate": { "max": 0 } } } ] }
2019-06-08 08:02:24.932 1842 RALLYDEBUG rally_openstack.contexts.keystone.users [-] Creating 3 tenants using 20 threads
2019-06-08 08:02:26.787 1842 RALLYDEBUG rally_openstack.contexts.keystone.users [-] Creating 6 users using 20 threads
2019-06-08 08:02:29.407 1842 INFO rally.task.context [-] Task 32951d5e-0908-45e1-b646-e82b9cfdef31 | Context users@openstack setup() finished in 4.48 sec
2019-06-08 08:02:29.838 1842 INFO rally.task.context [-] Task 32951d5e-0908-45e1-b646-e82b9cfdef31 | Context api_versions@openstack setup() finished in 0.43 sec
2019-06-08 08:02:29.838 1842 INFO rally.task.context [-] Task 32951d5e-0908-45e1-b646-e82b9cfdef31 | Context admin_cleanup@openstack setup() finished in 0.00 msec
2019-06-08 08:02:29.845 1842 RALLYDEBUG rally.task.runner [-] Starting the constant runner (task UUID: 32951d5e-0908-45e1-b646-e82b9cfdef31). timeout: 0 concurrency: 4 concurrency_per_worker: 1 times: 10 concurrency_overhead: 0 processes_to_start: 4 max_cpu_used: 16
2019-06-08 08:02:29.857 5294 RALLYDEBUG rally.task.runner [-] Starting a worker. concurrency: 1 args: {"consumer": "both", "write_iops_sec": "10", "read_iops_sec": "1000"} times: 10 method_name: run timeout: 0 duration: None cls:
2019-06-08 08:02:29.861 5295 RALLYDEBUG rally.task.runner [-] Starting a worker. concurrency: 1 args: {"consumer": "both", "write_iops_sec": "10", "read_iops_sec": "1000"} times: 10 method_name: run timeout: 0 duration: None cls:
2019-06-08 08:02:29.864 5294 INFO rally.task.runner [-] Task 32951d5e-0908-45e1-b646-e82b9cfdef31 | ITER: 1 START
2019-06-08 08:02:29.863 5296 RALLYDEBUG rally.task.runner [-] Starting a worker. concurrency: 1 args: {"consumer": "both", "write_iops_sec": "10", "read_iops_sec": "1000"} times: 10 method_name: run timeout: 0 duration: None cls:
2019-06-08 08:02:29.867 5297 RALLYDEBUG rally.task.runner [-] Starting a worker. concurrency: 1 args: {"consumer": "both", "write_iops_sec": "10", "read_iops_sec": "1000"} times: 10 method_name: run timeout: 0 duration: None cls:
2019-06-08 08:02:29.869 5295 INFO rally.task.runner [-] Task 32951d5e-0908-45e1-b646-e82b9cfdef31 | ITER: 2 START
2019-06-08 08:02:29.870 5296 INFO rally.task.runner [-] Task 32951d5e-0908-45e1-b646-e82b9cfdef31 | ITER: 3 START
2019-06-08 08:02:29.874 5297 INFO rally.task.runner [-] Task 32951d5e-0908-45e1-b646-e82b9cfdef31 | ITER: 4 START
2019-06-08 08:02:30.983 5294 INFO rally.task.runner [-] Task 32951d5e-0908-45e1-b646-e82b9cfdef31 | ITER: 1 END: OK
2019-06-08 08:02:30.988 5294 INFO rally.task.runner [-] Task 32951d5e-0908-45e1-b646-e82b9cfdef31 | ITER: 5 START
2019-06-08 08:02:31.005 5297 INFO rally.task.runner [-] Task 32951d5e-0908-45e1-b646-e82b9cfdef31 | ITER: 4 END: OK
2019-06-08 08:02:31.008 5296 INFO rally.task.runner [-] Task 32951d5e-0908-45e1-b646-e82b9cfdef31 | ITER: 3 END: OK
2019-06-08 08:02:31.010 5297 INFO rally.task.runner [-] Task 32951d5e-0908-45e1-b646-e82b9cfdef31 | ITER: 6 START
2019-06-08 08:02:31.013 5296 INFO rally.task.runner [-] Task 32951d5e-0908-45e1-b646-e82b9cfdef31 | ITER: 7 START
2019-06-08 08:02:31.024 5295 INFO rally.task.runner [-] Task 32951d5e-0908-45e1-b646-e82b9cfdef31 | ITER: 2 END: OK
2019-06-08 08:02:31.029 5295 INFO rally.task.runner [-] Task 32951d5e-0908-45e1-b646-e82b9cfdef31 | ITER: 8 START
2019-06-08 08:02:31.883 5296 INFO rally.task.runner [-] Task 32951d5e-0908-45e1-b646-e82b9cfdef31 | ITER: 7 END: OK
2019-06-08 08:02:31.887 5296 INFO rally.task.runner [-] Task 32951d5e-0908-45e1-b646-e82b9cfdef31 | ITER: 9 START
2019-06-08 08:02:31.949 5294 INFO rally.task.runner [-] Task 32951d5e-0908-45e1-b646-e82b9cfdef31 | ITER: 5 END: OK
2019-06-08 08:02:31.953 5294 INFO rally.task.runner [-] Task 32951d5e-0908-45e1-b646-e82b9cfdef31 | ITER: 10 START
2019-06-08 08:02:32.002 5297 INFO rally.task.runner [-] Task 32951d5e-0908-45e1-b646-e82b9cfdef31 | ITER: 6 END: OK
2019-06-08 08:02:32.027 5295 INFO rally.task.runner [-] Task 32951d5e-0908-45e1-b646-e82b9cfdef31 | ITER: 8 END: OK
2019-06-08 08:02:32.830 5296 INFO rally.task.runner [-] Task 32951d5e-0908-45e1-b646-e82b9cfdef31 | ITER: 9 END: OK
2019-06-08 08:02:32.844 5294 INFO rally.task.runner [-] Task 32951d5e-0908-45e1-b646-e82b9cfdef31 | ITER: 10 END: OK
2019-06-08 08:02:32.865 1842 INFO rally.task.context [-] Task 32951d5e-0908-45e1-b646-e82b9cfdef31 | Context admin_cleanup@openstack cleanup() started
2019-06-08 08:02:32.867 1842 RALLYDEBUG rally_openstack.cleanup.manager [-] Cleaning up cinder volume_types objects
2019-06-08 08:02:33.657 1842 RALLYDEBUG rally_openstack.cleanup.manager [-] Cleaning up cinder image_volumes_cache objects
2019-06-08 08:02:34.724 1842 RALLYDEBUG rally_openstack.cleanup.manager [-] Cleaning up cinder quotas objects
2019-06-08 08:02:36.365 1842 RALLYDEBUG rally_openstack.cleanup.manager [-] Cleaning up cinder qos_specs objects
2019-06-08 08:02:37.059 1842 RALLYDEBUG rally_openstack.cleanup.manager [-] Deleting cinder.qos_specs object s_rally_a25b2cf7_Hmql3WKk (424be27e-04d9-456a-be92-9647f0c0e763)
2019-06-08 08:02:37.066 1842 RALLYDEBUG rally_openstack.cleanup.manager [-] Deleting cinder.qos_specs object s_rally_a25b2cf7_gfQKeBoZ (317890be-dd8a-420d-9759-d4fb0c6f1f27)
2019-06-08 08:02:37.073 1842 RALLYDEBUG rally_openstack.cleanup.manager [-] Deleting cinder.qos_specs object s_rally_a25b2cf7_j0SDP5TL (f09c98c9-ed82-42e9-9d79-61d29f9b3af5)
2019-06-08 08:02:37.084 1842 RALLYDEBUG rally_openstack.cleanup.manager [-] Deleting cinder.qos_specs object s_rally_a25b2cf7_1xyPexOY (e2620c3b-5640-4188-9679-d338e41d6dfa)
2019-06-08 08:02:37.087 1842 RALLYDEBUG rally_openstack.cleanup.manager [-] Deleting cinder.qos_specs object s_rally_a25b2cf7_ctwazi8X (51488fb5-12ac-46bc-ac8d-c2bbda965301)
2019-06-08 08:02:37.103 1842 RALLYDEBUG rally_openstack.cleanup.manager [-] Deleting cinder.qos_specs object s_rally_a25b2cf7_n8enXZit (cbfa1f2e-e90a-4c6a-af03-bbe4ff3038bc)
2019-06-08 08:02:37.104 1842 RALLYDEBUG rally_openstack.cleanup.manager [-] Deleting cinder.qos_specs object s_rally_a25b2cf7_lmAYVDCy (2502a89a-e99b-480e-9836-d65a72c97fcf)
2019-06-08 08:02:37.128 1842 RALLYDEBUG rally_openstack.cleanup.manager [-] Deleting cinder.qos_specs object s_rally_a25b2cf7_dS3TfAnM (98e8eee3-cf4a-4d68-b0a0-38c29a78dd23)
2019-06-08 08:02:37.129 1842 RALLYDEBUG rally_openstack.cleanup.manager [-] Deleting cinder.qos_specs object s_rally_a25b2cf7_jbxRhj8D (c0855413-d6dc-4fa5-9b77-031bd16d6871)
2019-06-08 08:02:37.146 1842 RALLYDEBUG rally_openstack.cleanup.manager [-] Deleting cinder.qos_specs object s_rally_a25b2cf7_GuKBU6YO (c5d5d443-a9b9-4257-8505-ccc42f603e5d)
2019-06-08 08:02:39.525 1842 INFO rally.task.context [-] Task 32951d5e-0908-45e1-b646-e82b9cfdef31 | Context admin_cleanup@openstack cleanup() finished in 6.66 sec
2019-06-08 08:02:39.525 1842 INFO rally.task.context [-] Task 32951d5e-0908-45e1-b646-e82b9cfdef31 | Context api_versions@openstack cleanup() started
2019-06-08 08:02:39.526 1842 INFO rally.task.context [-] Task 32951d5e-0908-45e1-b646-e82b9cfdef31 | Context api_versions@openstack cleanup() finished in 0.32 msec
2019-06-08 08:02:39.526 1842 INFO rally.task.context [-] Task 32951d5e-0908-45e1-b646-e82b9cfdef31 | Context users@openstack cleanup() started
2019-06-08 08:02:46.476 1842 INFO rally.task.context [-] Task 32951d5e-0908-45e1-b646-e82b9cfdef31 | Context users@openstack cleanup() finished in 6.95 sec
2019-06-08 08:02:47.080 1842 INFO rally.task.engine [-] Load duration is: 2.975561
2019-06-08 08:02:47.081 1842 INFO rally.task.engine [-] Full runner duration is: 3.020145
2019-06-08 08:02:47.081 1842 INFO rally.task.engine [-] Full duration is: 21.547448
2019-06-08 08:02:47.333 1842 INFO rally.task.engine [-] Running workload: position = 0 config = { "version": 2, "title": "A cropped version of a bigger task.", "description": "Auto-generated task from a single workload (uuid=c3f58b85-a26a-4740-8a31-c9de33bbb867)", "subtasks": [ { "title": "CinderQos.create_and_set_qos", "description": "Create a qos, then Add/Update keys in qos specs.", "scenario": { "CinderQos.create_and_set_qos": { "consumer": "back-end", "write_iops_sec": "10", "read_iops_sec": "1000", "set_consumer": "both", "set_write_iops_sec": "11", "set_read_iops_sec": "1001" } }, "contexts": { "users": { "tenants": 3, "users_per_tenant": 2 }, "api_versions": { "cinder": { "version": 3, "service_type": "volumev3" } } }, "runner": { "constant": { "concurrency": 4, "times": 10 } }, "hooks": [], "sla": { "failure_rate": { "max": 0 } } } ] }
2019-06-08 08:02:47.354 1842 RALLYDEBUG rally_openstack.contexts.keystone.users [-] Creating 3 tenants using 20 threads
2019-06-08 08:02:49.269 1842 RALLYDEBUG rally_openstack.contexts.keystone.users [-] Creating 6 users using 20 threads
2019-06-08 08:02:51.882 1842 INFO rally.task.context [-] Task 32951d5e-0908-45e1-b646-e82b9cfdef31 | Context users@openstack setup() finished in 4.53 sec
2019-06-08 08:02:52.322 1842 INFO rally.task.context [-] Task 32951d5e-0908-45e1-b646-e82b9cfdef31 | Context api_versions@openstack setup() finished in 0.44 sec
2019-06-08 08:02:52.323 1842 INFO rally.task.context [-] Task 32951d5e-0908-45e1-b646-e82b9cfdef31 | Context admin_cleanup@openstack setup() finished in 0.01 msec
2019-06-08 08:02:52.330 1842 RALLYDEBUG rally.task.runner [-] Starting the constant runner (task UUID: 32951d5e-0908-45e1-b646-e82b9cfdef31). timeout: 0 concurrency: 4 concurrency_per_worker: 1 times: 10 concurrency_overhead: 0 processes_to_start: 4 max_cpu_used: 16
2019-06-08 08:02:52.343 5478 RALLYDEBUG rally.task.runner [-] Starting a worker. concurrency: 1 args: {"consumer": "back-end", "write_iops_sec": "10", "read_iops_sec": "1000", "set_consumer": "both", "set_write_iops_sec": "11", "set_read_iops_sec": "1001"} times: 10 method_name: run timeout: 0 duration: None cls:
2019-06-08 08:02:52.346 5479 RALLYDEBUG rally.task.runner [-] Starting a worker. concurrency: 1 args: {"consumer": "back-end", "write_iops_sec": "10", "read_iops_sec": "1000", "set_consumer": "both", "set_write_iops_sec": "11", "set_read_iops_sec": "1001"} times: 10 method_name: run timeout: 0 duration: None cls:
2019-06-08 08:02:52.348 5480 RALLYDEBUG rally.task.runner [-] Starting a worker. concurrency: 1 args: {"consumer": "back-end", "write_iops_sec": "10", "read_iops_sec": "1000", "set_consumer": "both", "set_write_iops_sec": "11", "set_read_iops_sec": "1001"} times: 10 method_name: run timeout: 0 duration: None cls:
2019-06-08 08:02:52.351 5478 INFO rally.task.runner [-] Task 32951d5e-0908-45e1-b646-e82b9cfdef31 | ITER: 1 START
2019-06-08 08:02:52.351 5481 RALLYDEBUG rally.task.runner [-] Starting a worker. concurrency: 1 args: {"consumer": "back-end", "write_iops_sec": "10", "read_iops_sec": "1000", "set_consumer": "both", "set_write_iops_sec": "11", "set_read_iops_sec": "1001"} times: 10 method_name: run timeout: 0 duration: None cls:
2019-06-08 08:02:52.353 5479 INFO rally.task.runner [-] Task 32951d5e-0908-45e1-b646-e82b9cfdef31 | ITER: 2 START
2019-06-08 08:02:52.356 5480 INFO rally.task.runner [-] Task 32951d5e-0908-45e1-b646-e82b9cfdef31 | ITER: 3 START
2019-06-08 08:02:52.358 5481 INFO rally.task.runner [-] Task 32951d5e-0908-45e1-b646-e82b9cfdef31 | ITER: 4 START
2019-06-08 08:02:53.449 5480 INFO rally.task.runner [-] Task 32951d5e-0908-45e1-b646-e82b9cfdef31 | ITER: 3 END: OK
2019-06-08 08:02:53.455 5480 INFO rally.task.runner [-] Task 32951d5e-0908-45e1-b646-e82b9cfdef31 | ITER: 5 START
2019-06-08 08:02:53.473 5481 INFO rally.task.runner [-] Task 32951d5e-0908-45e1-b646-e82b9cfdef31 | ITER: 4 END: OK
2019-06-08 08:02:53.479 5481 INFO rally.task.runner [-] Task 32951d5e-0908-45e1-b646-e82b9cfdef31 | ITER: 6 START
2019-06-08 08:02:53.485 5478 INFO rally.task.runner [-] Task 32951d5e-0908-45e1-b646-e82b9cfdef31 | ITER: 1 END: OK
2019-06-08 08:02:53.490 5478 INFO rally.task.runner [-] Task 32951d5e-0908-45e1-b646-e82b9cfdef31 | ITER: 7 START
2019-06-08 08:02:53.503 5479 INFO rally.task.runner [-] Task 32951d5e-0908-45e1-b646-e82b9cfdef31 | ITER: 2 END: OK
2019-06-08 08:02:53.507 5479 INFO rally.task.runner [-] Task 32951d5e-0908-45e1-b646-e82b9cfdef31 | ITER: 8 START
2019-06-08 08:02:54.403 5481 INFO rally.task.runner [-] Task 32951d5e-0908-45e1-b646-e82b9cfdef31 | ITER: 6 END: OK
2019-06-08 08:02:54.408 5481 INFO rally.task.runner [-] Task 32951d5e-0908-45e1-b646-e82b9cfdef31 | ITER: 9 START
2019-06-08 08:02:54.498 5478 INFO rally.task.runner [-] Task 32951d5e-0908-45e1-b646-e82b9cfdef31 | ITER: 7 END: OK
2019-06-08 08:02:54.503 5478 INFO rally.task.runner [-] Task 32951d5e-0908-45e1-b646-e82b9cfdef31 | ITER: 10 START
2019-06-08 08:02:54.539 5480 INFO rally.task.runner [-] Task 32951d5e-0908-45e1-b646-e82b9cfdef31 | ITER: 5 END: OK
2019-06-08 08:02:54.576 5479 INFO rally.task.runner [-] Task 32951d5e-0908-45e1-b646-e82b9cfdef31 | ITER: 8 END: OK
2019-06-08 08:02:55.276 5481 INFO rally.task.runner [-] Task 32951d5e-0908-45e1-b646-e82b9cfdef31 | ITER: 9 END: OK
2019-06-08 08:02:55.431 5478 INFO rally.task.runner [-] Task 32951d5e-0908-45e1-b646-e82b9cfdef31 | ITER: 10 END: OK
2019-06-08 08:02:55.454 1842 INFO rally.task.context [-] Task 32951d5e-0908-45e1-b646-e82b9cfdef31 | Context admin_cleanup@openstack cleanup() started
2019-06-08 08:02:55.456 1842 RALLYDEBUG rally_openstack.cleanup.manager [-] Cleaning up cinder volume_types objects
2019-06-08 08:02:56.107 1842 RALLYDEBUG rally_openstack.cleanup.manager [-] Cleaning up cinder image_volumes_cache objects
2019-06-08 08:02:57.564 1842 RALLYDEBUG rally_openstack.cleanup.manager [-] Cleaning up cinder quotas objects
2019-06-08 08:02:59.060 1842 RALLYDEBUG rally_openstack.cleanup.manager [-] Cleaning up cinder qos_specs objects
2019-06-08 08:02:59.706 1842 RALLYDEBUG rally_openstack.cleanup.manager [-] Deleting cinder.qos_specs object s_rally_c3f58b85_FZ5bIMK5 (dbbdfc73-e962-458a-95d6-554a7976303f)
2019-06-08 08:02:59.716 1842 RALLYDEBUG rally_openstack.cleanup.manager [-] Deleting cinder.qos_specs object s_rally_c3f58b85_1bJcVkxN (d3745d08-8ad8-4598-a0f4-8870b270ecac)
2019-06-08 08:02:59.723 1842 RALLYDEBUG rally_openstack.cleanup.manager [-] Deleting cinder.qos_specs object s_rally_c3f58b85_LzjCymso (d704942e-5b38-4599-9ae8-86fc1bf897fc)
2019-06-08 08:02:59.731 1842 RALLYDEBUG rally_openstack.cleanup.manager [-] Deleting cinder.qos_specs object s_rally_c3f58b85_jNtkUMAy (a7edbba6-8fd3-4168-88c6-fda954db7b64)
2019-06-08 08:02:59.738 1842 RALLYDEBUG rally_openstack.cleanup.manager [-] Deleting cinder.qos_specs object s_rally_c3f58b85_NeO3LN3l (66a08551-ddb2-4785-a18a-017c4955c5e2)
2019-06-08 08:02:59.751 1842 RALLYDEBUG rally_openstack.cleanup.manager [-] Deleting cinder.qos_specs object s_rally_c3f58b85_niVBcSrw (3eb88a32-a8ec-45c5-ad52-3f8b6ba139e5)
2019-06-08 08:02:59.759 1842 RALLYDEBUG rally_openstack.cleanup.manager [-] Deleting cinder.qos_specs object s_rally_c3f58b85_fzywGl4X (f12cefbb-64aa-41c5-be2d-0fa1f796f981)
2019-06-08 08:02:59.778 1842 RALLYDEBUG rally_openstack.cleanup.manager [-] Deleting cinder.qos_specs object s_rally_c3f58b85_KQOT6JiI (e7dad856-7dfd-41ce-af3f-6e353067348a)
2019-06-08 08:02:59.782 1842 RALLYDEBUG rally_openstack.cleanup.manager [-] Deleting cinder.qos_specs object s_rally_c3f58b85_kDFuSuq1 (8690671a-da36-4eed-bc29-806af344690c)
2019-06-08 08:02:59.799 1842 RALLYDEBUG rally_openstack.cleanup.manager [-] Deleting cinder.qos_specs object s_rally_c3f58b85_xeZOBgLq (2e4e2c36-4b7a-4eb8-b3ed-d4f336bd090c)
2019-06-08 08:03:02.169 1842 INFO rally.task.context [-] Task 32951d5e-0908-45e1-b646-e82b9cfdef31 | Context admin_cleanup@openstack cleanup() finished in 6.71 sec
2019-06-08 08:03:02.169 1842 INFO rally.task.context [-] Task 32951d5e-0908-45e1-b646-e82b9cfdef31 | Context api_versions@openstack cleanup() started
2019-06-08 08:03:02.170 1842 INFO rally.task.context [-] Task 32951d5e-0908-45e1-b646-e82b9cfdef31 | Context api_versions@openstack cleanup() finished in 0.32 msec
2019-06-08 08:03:02.170 1842 INFO rally.task.context [-] Task 32951d5e-0908-45e1-b646-e82b9cfdef31 | Context users@openstack cleanup() started
2019-06-08 08:03:09.002 1842 INFO rally.task.context [-] Task 32951d5e-0908-45e1-b646-e82b9cfdef31 | Context users@openstack cleanup() finished in 6.83 sec
2019-06-08 08:03:09.454 1842 INFO rally.task.engine [-] Load duration is: 3.075218
2019-06-08 08:03:09.455 1842 INFO rally.task.engine [-] Full runner duration is: 3.12433
2019-06-08 08:03:09.455 1842 INFO rally.task.engine [-] Full duration is: 21.650931
2019-06-08 08:03:09.867 1842 INFO rally.task.engine [-] Running workload: position = 0 config = { "version": 2, "title": "A cropped version of a bigger task.", "description": "Auto-generated task from a single workload (uuid=55743999-4174-4758-bc42-d8576dd0cc2d)", "subtasks": [ { "title": "CinderVolumeTypes.create_and_get_volume_type", "description": "Create a volume Type, then get the details of the type.", "scenario": { "CinderVolumeTypes.create_and_get_volume_type": { "description": "rally tests creating types" } }, "contexts": { "users": { "tenants": 3, "users_per_tenant": 2 }, "api_versions": { "cinder": { "version": 3, "service_type": "volumev3" } } }, "runner": { "constant": { "concurrency": 4, "times": 10 } }, "hooks": [], "sla": { "failure_rate": { "max": 0 } } } ] }
2019-06-08 08:03:09.890 1842 RALLYDEBUG rally_openstack.contexts.keystone.users [-] Creating 3 tenants using 20 threads
2019-06-08 08:03:11.824 1842 RALLYDEBUG rally_openstack.contexts.keystone.users [-] Creating 6 users using 20 threads
2019-06-08 08:03:14.443 1842 INFO rally.task.context [-] Task 32951d5e-0908-45e1-b646-e82b9cfdef31 | Context users@openstack setup() finished in 4.55 sec
2019-06-08 08:03:14.859 1842 INFO rally.task.context [-] Task 32951d5e-0908-45e1-b646-e82b9cfdef31 | Context api_versions@openstack setup() finished in 0.42 sec
2019-06-08 08:03:14.860 1842 INFO rally.task.context [-] Task 32951d5e-0908-45e1-b646-e82b9cfdef31 | Context admin_cleanup@openstack setup() finished in 0.01 msec
2019-06-08 08:03:14.867 1842 RALLYDEBUG rally.task.runner [-] Starting the constant runner (task UUID: 32951d5e-0908-45e1-b646-e82b9cfdef31). timeout: 0 concurrency: 4 concurrency_per_worker: 1 times: 10 concurrency_overhead: 0 processes_to_start: 4 max_cpu_used: 16
2019-06-08 08:03:14.881 5662 RALLYDEBUG rally.task.runner [-] Starting a worker. concurrency: 1 args: {"description": "rally tests creating types"} times: 10 method_name: run timeout: 0 duration: None cls:
2019-06-08 08:03:14.883 5663 RALLYDEBUG rally.task.runner [-] Starting a worker. concurrency: 1 args: {"description": "rally tests creating types"} times: 10 method_name: run timeout: 0 duration: None cls:
2019-06-08 08:03:14.886 5664 RALLYDEBUG rally.task.runner [-] Starting a worker. concurrency: 1 args: {"description": "rally tests creating types"} times: 10 method_name: run timeout: 0 duration: None cls:
2019-06-08 08:03:14.888 5665 RALLYDEBUG rally.task.runner [-] Starting a worker. concurrency: 1 args: {"description": "rally tests creating types"} times: 10 method_name: run timeout: 0 duration: None cls:
2019-06-08 08:03:14.889 5662 INFO rally.task.runner [-] Task 32951d5e-0908-45e1-b646-e82b9cfdef31 | ITER: 1 START
2019-06-08 08:03:14.890 5663 INFO rally.task.runner [-] Task 32951d5e-0908-45e1-b646-e82b9cfdef31 | ITER: 2 START
2019-06-08 08:03:14.893 5664 INFO rally.task.runner [-] Task 32951d5e-0908-45e1-b646-e82b9cfdef31 | ITER: 3 START
2019-06-08 08:03:14.895 5665 INFO rally.task.runner [-] Task 32951d5e-0908-45e1-b646-e82b9cfdef31 | ITER: 4 START
2019-06-08 08:03:15.931 5664 INFO rally.task.runner [-] Task 32951d5e-0908-45e1-b646-e82b9cfdef31 | ITER: 3 END: OK
2019-06-08 08:03:15.937 5664 INFO rally.task.runner [-] Task 32951d5e-0908-45e1-b646-e82b9cfdef31 | ITER: 5 START
2019-06-08 08:03:15.989 5662 INFO rally.task.runner [-] Task 32951d5e-0908-45e1-b646-e82b9cfdef31 | ITER: 1 END: OK
2019-06-08 08:03:15.994 5662 INFO rally.task.runner [-] Task 32951d5e-0908-45e1-b646-e82b9cfdef31 | ITER: 6 START
2019-06-08 08:03:16.047 5665 INFO rally.task.runner [-] Task 32951d5e-0908-45e1-b646-e82b9cfdef31 | ITER: 4 END: OK
2019-06-08 08:03:16.052 5665 INFO rally.task.runner [-] Task 32951d5e-0908-45e1-b646-e82b9cfdef31 | ITER: 7 START
2019-06-08 08:03:16.112 5663 INFO rally.task.runner [-] Task 32951d5e-0908-45e1-b646-e82b9cfdef31 | ITER: 2 END: OK
2019-06-08 08:03:16.117 5663 INFO rally.task.runner [-] Task 32951d5e-0908-45e1-b646-e82b9cfdef31 | ITER: 8 START
2019-06-08 08:03:16.949 5662 INFO rally.task.runner [-] Task 32951d5e-0908-45e1-b646-e82b9cfdef31 | ITER: 6 END: OK
2019-06-08 08:03:16.953 5662 INFO rally.task.runner [-] Task 32951d5e-0908-45e1-b646-e82b9cfdef31 | ITER: 9 START
2019-06-08 08:03:17.025 5664 INFO rally.task.runner [-] Task 32951d5e-0908-45e1-b646-e82b9cfdef31 | ITER: 5 END: OK
2019-06-08 08:03:17.030 5664 INFO rally.task.runner [-] Task 32951d5e-0908-45e1-b646-e82b9cfdef31 | ITER: 10 START
2019-06-08 08:03:17.098 5665 INFO rally.task.runner [-] Task 32951d5e-0908-45e1-b646-e82b9cfdef31 | ITER: 7 END: OK
2019-06-08 08:03:17.105 5663 INFO rally.task.runner [-] Task 32951d5e-0908-45e1-b646-e82b9cfdef31 | ITER: 8 END: OK
2019-06-08 08:03:17.820 5662 INFO rally.task.runner [-] Task 32951d5e-0908-45e1-b646-e82b9cfdef31 | ITER: 9 END: OK
2019-06-08 08:03:17.885 5664 INFO rally.task.runner [-] Task 32951d5e-0908-45e1-b646-e82b9cfdef31 | ITER: 10 END: OK
2019-06-08 08:03:17.904 1842 INFO rally.task.context [-] Task 32951d5e-0908-45e1-b646-e82b9cfdef31 | Context admin_cleanup@openstack cleanup() started
2019-06-08 08:03:17.906 1842 RALLYDEBUG rally_openstack.cleanup.manager [-] Cleaning up cinder volume_types objects
2019-06-08 08:03:18.556 1842 RALLYDEBUG rally_openstack.cleanup.manager [-] Deleting cinder.volume_types object s_rally_55743999_qtjiCsag (043790e0-3a6a-4254-9615-24f6a10a48a2)
2019-06-08 08:03:18.558 1842 RALLYDEBUG rally_openstack.cleanup.manager [-] Deleting cinder.volume_types object s_rally_55743999_syj1oB7U (e6b70b03-48d5-4d4d-8c76-699e1d56dc42)
2019-06-08 08:03:18.563 1842 RALLYDEBUG rally_openstack.cleanup.manager [-] Deleting cinder.volume_types object s_rally_55743999_1W5eyion (e63108c7-c49b-44ca-bf5a-b56cac94712a)
2019-06-08 08:03:18.566 1842 RALLYDEBUG rally_openstack.cleanup.manager [-] Deleting cinder.volume_types object s_rally_55743999_lhZFLP0w (651621b2-0a27-409b-8e9e-aafea6bb3738)
2019-06-08 08:03:18.569 1842 RALLYDEBUG rally_openstack.cleanup.manager [-] Deleting cinder.volume_types object s_rally_55743999_9aYpv4W0 (51202ede-a878-4df5-9be9-1a793f4389b0)
2019-06-08 08:03:18.572 1842 RALLYDEBUG rally_openstack.cleanup.manager [-] Deleting cinder.volume_types object s_rally_55743999_PK5xZLAU (52a6cdac-bced-4215-9cb8-c80eec55f1a0)
2019-06-08 08:03:18.576 1842 RALLYDEBUG rally_openstack.cleanup.manager [-] Deleting cinder.volume_types object s_rally_55743999_8qLS9zRn (3fe3734f-f022-4a2b-b99f-93daf2461e2c)
2019-06-08 08:03:18.577 1842 RALLYDEBUG rally_openstack.cleanup.manager [-] Deleting cinder.volume_types object s_rally_55743999_SCkMjZ87 (0c8b5b43-fad3-495b-8e83-508816bc62f9)
2019-06-08 08:03:18.579 1842 RALLYDEBUG rally_openstack.cleanup.manager [-] Deleting cinder.volume_types object s_rally_55743999_DkLOeqrc (00ec17e5-21a1-475f-95ae-68d3e6365a50)
2019-06-08 08:03:18.592 1842 RALLYDEBUG rally_openstack.cleanup.manager [-] Deleting cinder.volume_types object s_rally_55743999_LJlGrL20 (b710e2d7-43fb-4193-99a7-d907ab83e941)
2019-06-08 08:03:20.836 1842 RALLYDEBUG rally_openstack.cleanup.manager [-] Cleaning up cinder image_volumes_cache objects
2019-06-08 08:03:21.801 1842 RALLYDEBUG rally_openstack.cleanup.manager [-] Cleaning up cinder quotas objects
2019-06-08 08:03:23.279 1842 RALLYDEBUG rally_openstack.cleanup.manager [-] Cleaning up cinder qos_specs objects
2019-06-08 08:03:23.909 1842 INFO rally.task.context [-] Task 32951d5e-0908-45e1-b646-e82b9cfdef31 | Context admin_cleanup@openstack cleanup() finished in 6.01 sec
2019-06-08 08:03:23.910 1842 INFO rally.task.context [-] Task 32951d5e-0908-45e1-b646-e82b9cfdef31 | Context api_versions@openstack cleanup() started
2019-06-08 08:03:23.910 1842 INFO rally.task.context [-] Task 32951d5e-0908-45e1-b646-e82b9cfdef31 | Context api_versions@openstack cleanup() finished in 0.29 msec
2019-06-08 08:03:23.910 1842 INFO rally.task.context [-] Task 32951d5e-0908-45e1-b646-e82b9cfdef31 | Context users@openstack cleanup() started
2019-06-08 08:03:31.476 1842 INFO rally.task.context [-] Task 32951d5e-0908-45e1-b646-e82b9cfdef31 | Context users@openstack cleanup() finished in 7.57 sec
2019-06-08 08:03:31.994 1842 INFO rally.task.engine [-] Load duration is: 2.991467
2019-06-08 08:03:31.995 1842 INFO rally.task.engine [-] Full runner duration is: 3.037309
2019-06-08 08:03:31.995 1842 INFO rally.task.engine [-] Full duration is: 21.588736
2019-06-08 08:03:32.268 1842 INFO rally.task.engine [-] Running workload: position = 0 config = { "version": 2, "title": "A cropped version of a bigger task.", "description": "Auto-generated task from a single workload (uuid=c1784afe-0c47-4eb4-8901-ef788f8f931a)", "subtasks": [ { "title": "CinderVolumeTypes.create_and_list_volume_types", "description": "Create a volume Type, then list all types.", "scenario": { "CinderVolumeTypes.create_and_list_volume_types": { "description": "rally tests creating types" } }, "contexts": { "users": { "tenants": 3, "users_per_tenant": 2 }, "api_versions": { "cinder": { "version": 3, "service_type": "volumev3" } } }, "runner": { "constant": { "concurrency": 4, "times": 10 } }, "hooks": [], "sla": { "failure_rate": { "max": 0 } } } ] }
2019-06-08 08:03:32.290 1842 RALLYDEBUG rally_openstack.contexts.keystone.users [-] Creating 3 tenants using 20 threads
2019-06-08 08:03:34.134 1842 RALLYDEBUG rally_openstack.contexts.keystone.users [-] Creating 6 users using 20 threads
2019-06-08 08:03:36.953 1842 INFO rally.task.context [-] Task 32951d5e-0908-45e1-b646-e82b9cfdef31 | Context users@openstack setup() finished in 4.66 sec
2019-06-08 08:03:37.374 1842 INFO rally.task.context [-] Task 32951d5e-0908-45e1-b646-e82b9cfdef31 | Context api_versions@openstack setup() finished in 0.42 sec
2019-06-08 08:03:37.375 1842 INFO rally.task.context [-] Task 32951d5e-0908-45e1-b646-e82b9cfdef31 | Context admin_cleanup@openstack setup() finished in 0.01 msec
2019-06-08 08:03:37.382 1842 RALLYDEBUG rally.task.runner [-] Starting the constant runner (task UUID: 32951d5e-0908-45e1-b646-e82b9cfdef31). timeout: 0 concurrency: 4 concurrency_per_worker: 1 times: 10 concurrency_overhead: 0 processes_to_start: 4 max_cpu_used: 16
2019-06-08 08:03:37.394 5846 RALLYDEBUG rally.task.runner [-] Starting a worker. concurrency: 1 args: {"description": "rally tests creating types"} times: 10 method_name: run timeout: 0 duration: None cls:
2019-06-08 08:03:37.397 5847 RALLYDEBUG rally.task.runner [-] Starting a worker. concurrency: 1 args: {"description": "rally tests creating types"} times: 10 method_name: run timeout: 0 duration: None cls:
2019-06-08 08:03:37.401 5846 INFO rally.task.runner [-] Task 32951d5e-0908-45e1-b646-e82b9cfdef31 | ITER: 1 START
2019-06-08 08:03:37.401 5848 RALLYDEBUG rally.task.runner [-] Starting a worker. concurrency: 1 args: {"description": "rally tests creating types"} times: 10 method_name: run timeout: 0 duration: None cls:
2019-06-08 08:03:37.404 5847 INFO rally.task.runner [-] Task 32951d5e-0908-45e1-b646-e82b9cfdef31 | ITER: 2 START
2019-06-08 08:03:37.403 5849 RALLYDEBUG rally.task.runner [-] Starting a worker. concurrency: 1 args: {"description": "rally tests creating types"} times: 10 method_name: run timeout: 0 duration: None cls:
2019-06-08 08:03:37.407 5848 INFO rally.task.runner [-] Task 32951d5e-0908-45e1-b646-e82b9cfdef31 | ITER: 3 START
2019-06-08 08:03:37.410 5849 INFO rally.task.runner [-] Task 32951d5e-0908-45e1-b646-e82b9cfdef31 | ITER: 4 START
2019-06-08 08:03:38.476 5847 INFO rally.task.runner [-] Task 32951d5e-0908-45e1-b646-e82b9cfdef31 | ITER: 2 END: OK
2019-06-08 08:03:38.481 5847 INFO rally.task.runner [-] Task 32951d5e-0908-45e1-b646-e82b9cfdef31 | ITER: 5 START
2019-06-08 08:03:38.503 5846 INFO rally.task.runner [-] Task 32951d5e-0908-45e1-b646-e82b9cfdef31 | ITER: 1 END: OK
2019-06-08 08:03:38.503 5848 INFO rally.task.runner [-] Task 32951d5e-0908-45e1-b646-e82b9cfdef31 | ITER: 3 END: OK
2019-06-08 08:03:38.508 5846 INFO rally.task.runner [-] Task 32951d5e-0908-45e1-b646-e82b9cfdef31 | ITER: 6 START
2019-06-08 08:03:38.508 5848 INFO rally.task.runner [-] Task 32951d5e-0908-45e1-b646-e82b9cfdef31 | ITER: 7 START
2019-06-08 08:03:38.509 5849 INFO rally.task.runner [-] Task 32951d5e-0908-45e1-b646-e82b9cfdef31 | ITER: 4 END: OK
2019-06-08 08:03:38.516 5849 INFO rally.task.runner [-] Task 32951d5e-0908-45e1-b646-e82b9cfdef31 | ITER: 8 START
2019-06-08 08:03:39.483 5849 INFO rally.task.runner [-] Task 32951d5e-0908-45e1-b646-e82b9cfdef31 | ITER: 8 END: OK
2019-06-08 08:03:39.487 5849 INFO rally.task.runner [-] Task 32951d5e-0908-45e1-b646-e82b9cfdef31 | ITER: 9 START
2019-06-08 08:03:39.504 5846 INFO rally.task.runner [-] Task 32951d5e-0908-45e1-b646-e82b9cfdef31 | ITER: 6 END: OK
2019-06-08 08:03:39.509 5846 INFO rally.task.runner [-] Task 32951d5e-0908-45e1-b646-e82b9cfdef31 | ITER: 10 START
2019-06-08 08:03:39.580 5847 INFO rally.task.runner [-] Task 32951d5e-0908-45e1-b646-e82b9cfdef31 | ITER: 5 END: OK
2019-06-08 08:03:39.599 5848 INFO rally.task.runner [-] Task 32951d5e-0908-45e1-b646-e82b9cfdef31 | ITER: 7 END: OK
2019-06-08 08:03:40.401 5849 INFO rally.task.runner [-] Task 32951d5e-0908-45e1-b646-e82b9cfdef31 | ITER: 9 END: OK
2019-06-08 08:03:40.413 5846 INFO rally.task.runner [-] Task 32951d5e-0908-45e1-b646-e82b9cfdef31 | ITER: 10 END: OK
2019-06-08 08:03:40.441 1842 INFO rally.task.context [-] Task 32951d5e-0908-45e1-b646-e82b9cfdef31 | Context admin_cleanup@openstack cleanup() started
2019-06-08 08:03:40.443 1842 RALLYDEBUG rally_openstack.cleanup.manager [-] Cleaning up cinder volume_types objects
2019-06-08 08:03:41.125 1842 RALLYDEBUG rally_openstack.cleanup.manager [-] Deleting cinder.volume_types object s_rally_c1784afe_lw0rKmHg (21a8c7fd-67b1-45d5-b8e7-39f676001b36)
2019-06-08 08:03:41.126 1842 RALLYDEBUG rally_openstack.cleanup.manager [-] Deleting cinder.volume_types object s_rally_c1784afe_mXjWw4P6 (6b97ee68-9c92-43fa-ba12-6a6d7e0e495f)
2019-06-08 08:03:41.127 1842 RALLYDEBUG rally_openstack.cleanup.manager [-] Deleting cinder.volume_types object s_rally_c1784afe_rq4I87s4 (66156682-4b54-413a-850f-5169cdc09f4a)
2019-06-08 08:03:41.133 1842 RALLYDEBUG rally_openstack.cleanup.manager [-] Deleting cinder.volume_types object s_rally_c1784afe_3W2X4iQh (6b2291d0-23dc-4d69-840d-0bdf81355399)
2019-06-08 08:03:41.136 1842 RALLYDEBUG rally_openstack.cleanup.manager [-] Deleting cinder.volume_types object s_rally_c1784afe_54U1xDdO (3824e55c-5dfb-4477-a639-cdbb601af5fc)
2019-06-08 08:03:41.137 1842 RALLYDEBUG rally_openstack.cleanup.manager [-] Deleting cinder.volume_types object s_rally_c1784afe_kOPqENJi (2e42c2d8-bf1a-47d7-a67f-d118044bdc57)
2019-06-08 08:03:41.139 1842 RALLYDEBUG rally_openstack.cleanup.manager [-] Deleting cinder.volume_types object s_rally_c1784afe_Aom1kLj8 (8f134415-db59-4f7d-8b9e-eb49dcc42247)
2019-06-08 08:03:41.139 1842 RALLYDEBUG rally_openstack.cleanup.manager [-] Deleting cinder.volume_types object s_rally_c1784afe_ThAWevBq (60fffea1-d9e1-4d58-a568-da23eb18fc6f)
2019-06-08 08:03:41.140 1842 RALLYDEBUG rally_openstack.cleanup.manager [-] Deleting cinder.volume_types object s_rally_c1784afe_C5kQbP8C (798d5654-d93f-4980-95e3-b473c110460a)
2019-06-08 08:03:41.155 1842 RALLYDEBUG rally_openstack.cleanup.manager [-] Deleting cinder.volume_types object s_rally_c1784afe_32656Zk3 (eaf4073c-5d35-49f3-8367-3beaf6287e35)
2019-06-08 08:03:43.460 1842 RALLYDEBUG rally_openstack.cleanup.manager [-] Cleaning up cinder image_volumes_cache objects
2019-06-08 08:03:44.416 1842 RALLYDEBUG rally_openstack.cleanup.manager [-] Cleaning up cinder quotas objects
2019-06-08 08:03:45.877 1842 RALLYDEBUG rally_openstack.cleanup.manager [-] Cleaning up cinder qos_specs objects
2019-06-08 08:03:46.524 1842 INFO rally.task.context [-] Task 32951d5e-0908-45e1-b646-e82b9cfdef31 | Context admin_cleanup@openstack cleanup() finished in 6.08 sec
2019-06-08 08:03:46.524 1842 INFO rally.task.context [-] Task 32951d5e-0908-45e1-b646-e82b9cfdef31 | Context api_versions@openstack cleanup() started
2019-06-08 08:03:46.524 1842 INFO rally.task.context [-] Task 32951d5e-0908-45e1-b646-e82b9cfdef31 | Context api_versions@openstack cleanup() finished in 0.31 msec
2019-06-08 08:03:46.525 1842 INFO rally.task.context [-] Task 32951d5e-0908-45e1-b646-e82b9cfdef31 | Context users@openstack cleanup() started
2019-06-08 08:03:53.305 1842 INFO rally.task.context [-] Task 32951d5e-0908-45e1-b646-e82b9cfdef31 | Context users@openstack cleanup() finished in 6.78 sec
2019-06-08 08:03:54.400 1842 INFO rally.task.engine [-] Load duration is: 3.007076
2019-06-08 08:03:54.400 1842 INFO rally.task.engine [-] Full runner duration is: 3.059169
2019-06-08 08:03:54.401 1842 INFO rally.task.engine [-] Full duration is: 21.017469
2019-06-08 08:03:54.651 1842 INFO rally.task.engine [-] Running workload: position = 0 config = { "version": 2, "title": "A cropped version of a bigger task.", "description": "Auto-generated task from a single workload (uuid=ba83d125-96b0-4bd1-bc7f-d58ae21918a5)", "subtasks": [ { "title": "CinderVolumeTypes.create_and_update_volume_type", "description": "create a volume type, then update the type.", "scenario": { "CinderVolumeTypes.create_and_update_volume_type": { "description": "test", "update_description": "test update" } }, "contexts": { "users": { "tenants": 3, "users_per_tenant": 2 }, "api_versions": { "cinder": { "version": 3, "service_type": "volumev3" } } }, "runner": { "constant": { "concurrency": 4, "times": 10 } }, "hooks": [], "sla": { "failure_rate": { "max": 0 } } } ] }
2019-06-08 08:03:54.675 1842 RALLYDEBUG rally_openstack.contexts.keystone.users [-] Creating 3 tenants using 20 threads
2019-06-08 08:03:56.438 1842 RALLYDEBUG rally_openstack.contexts.keystone.users [-] Creating 6 users using 20 threads
2019-06-08 08:03:59.074 1842 INFO rally.task.context [-] Task 32951d5e-0908-45e1-b646-e82b9cfdef31 | Context users@openstack setup() finished in 4.40 sec
2019-06-08 08:03:59.490 1842 INFO rally.task.context [-] Task 32951d5e-0908-45e1-b646-e82b9cfdef31 | Context api_versions@openstack setup() finished in 0.42 sec
2019-06-08 08:03:59.491 1842 INFO rally.task.context [-] Task 32951d5e-0908-45e1-b646-e82b9cfdef31 | Context admin_cleanup@openstack setup() finished in 0.00 msec
2019-06-08 08:03:59.498 1842 RALLYDEBUG rally.task.runner [-] Starting the constant runner (task UUID: 32951d5e-0908-45e1-b646-e82b9cfdef31). timeout: 0 concurrency: 4 concurrency_per_worker: 1 times: 10 concurrency_overhead: 0 processes_to_start: 4 max_cpu_used: 16
2019-06-08 08:03:59.510 6030 RALLYDEBUG rally.task.runner [-] Starting a worker. concurrency: 1 args: {"description": "test", "update_description": "test update"} times: 10 method_name: run timeout: 0 duration: None cls:
2019-06-08 08:03:59.513 6031 RALLYDEBUG rally.task.runner [-] Starting a worker. concurrency: 1 args: {"description": "test", "update_description": "test update"} times: 10 method_name: run timeout: 0 duration: None cls:
2019-06-08 08:03:59.515 6032 RALLYDEBUG rally.task.runner [-] Starting a worker. concurrency: 1 args: {"description": "test", "update_description": "test update"} times: 10 method_name: run timeout: 0 duration: None cls:
2019-06-08 08:03:59.518 6030 INFO rally.task.runner [-] Task 32951d5e-0908-45e1-b646-e82b9cfdef31 | ITER: 1 START
2019-06-08 08:03:59.519 6033 RALLYDEBUG rally.task.runner [-] Starting a worker. concurrency: 1 args: {"description": "test", "update_description": "test update"} times: 10 method_name: run timeout: 0 duration: None cls:
2019-06-08 08:03:59.521 6032 INFO rally.task.runner [-] Task 32951d5e-0908-45e1-b646-e82b9cfdef31 | ITER: 3 START
2019-06-08 08:03:59.523 6031 INFO rally.task.runner [-] Task 32951d5e-0908-45e1-b646-e82b9cfdef31 | ITER: 2 START
