2019-06-08 07:57:19.279 3966 RALLYDEBUG rally.task.runner [-] Starting a worker. concurrency: 1 args: {"force": false} times: 10 method_name: run timeout: 0 duration: None cls:
2019-06-08 07:57:19.282 3967 RALLYDEBUG rally.task.runner [-] Starting a worker. concurrency: 1 args: {"force": false} times: 10 method_name: run timeout: 0 duration: None cls:
2019-06-08 07:57:19.285 3968 RALLYDEBUG rally.task.runner [-] Starting a worker. concurrency: 1 args: {"force": false} times: 10 method_name: run timeout: 0 duration: None cls:
2019-06-08 07:57:19.288 3969 RALLYDEBUG rally.task.runner [-] Starting a worker. concurrency: 1 args: {"force": false} times: 10 method_name: run timeout: 0 duration: None cls:
2019-06-08 07:57:19.291 3966 INFO rally.task.runner [-] Task 32951d5e-0908-45e1-b646-e82b9cfdef31 | ITER: 1 START
2019-06-08 07:57:19.293 3967 INFO rally.task.runner [-] Task 32951d5e-0908-45e1-b646-e82b9cfdef31 | ITER: 2 START
2019-06-08 07:57:19.297 3968 INFO rally.task.runner [-] Task 32951d5e-0908-45e1-b646-e82b9cfdef31 | ITER: 3 START
2019-06-08 07:57:19.300 3969 INFO rally.task.runner [-] Task 32951d5e-0908-45e1-b646-e82b9cfdef31 | ITER: 4 START
2019-06-08 07:57:22.815 3968 RALLYDEBUG rally.task.utils [-] Waiting for resource s_rally_d1476df3_lfNrtkZT. Status changed: AVAILABLE => DELETING in 0.0303540229797
2019-06-08 07:57:23.099 3967 RALLYDEBUG rally.task.utils [-] Waiting for resource s_rally_d1476df3_ZNE3PJg7. Status changed: AVAILABLE => DELETING in 0.241428852081
2019-06-08 07:57:23.214 3966 RALLYDEBUG rally.task.utils [-] Waiting for resource s_rally_d1476df3_lmGFjSAD. Status changed: AVAILABLE => DELETING in 0.261409044266
2019-06-08 07:57:23.399 3969 RALLYDEBUG rally.task.utils [-] Waiting for resource s_rally_d1476df3_wdgvIMfK. Status changed: AVAILABLE => DELETING in 0.236289978027
2019-06-08 07:57:25.039 3968 INFO rally.task.runner [-] Task 32951d5e-0908-45e1-b646-e82b9cfdef31 | ITER: 3 END: OK
2019-06-08 07:57:25.045 3968 INFO rally.task.runner [-] Task 32951d5e-0908-45e1-b646-e82b9cfdef31 | ITER: 5 START
2019-06-08 07:57:25.240 3966 INFO rally.task.runner [-] Task 32951d5e-0908-45e1-b646-e82b9cfdef31 | ITER: 1 END: OK
2019-06-08 07:57:25.245 3966 INFO rally.task.runner [-] Task 32951d5e-0908-45e1-b646-e82b9cfdef31 | ITER: 6 START
2019-06-08 07:57:25.311 3967 INFO rally.task.runner [-] Task 32951d5e-0908-45e1-b646-e82b9cfdef31 | ITER: 2 END: OK
2019-06-08 07:57:25.316 3967 INFO rally.task.runner [-] Task 32951d5e-0908-45e1-b646-e82b9cfdef31 | ITER: 7 START
2019-06-08 07:57:25.607 3969 INFO rally.task.runner [-] Task 32951d5e-0908-45e1-b646-e82b9cfdef31 | ITER: 4 END: OK
2019-06-08 07:57:25.613 3969 INFO rally.task.runner [-] Task 32951d5e-0908-45e1-b646-e82b9cfdef31 | ITER: 8 START
2019-06-08 07:57:28.744 3968 RALLYDEBUG rally.task.utils [-] Waiting for resource s_rally_d1476df3_t9ssNGmh. Status changed: AVAILABLE => DELETING in 0.261400938034
2019-06-08 07:57:28.842 3966 RALLYDEBUG rally.task.utils [-] Waiting for resource s_rally_d1476df3_yMwh6D0y. Status changed: AVAILABLE => DELETING in 0.0252809524536
2019-06-08 07:57:29.295 3967 RALLYDEBUG rally.task.utils [-] Waiting for resource s_rally_d1476df3_57raw0DF. Status changed: AVAILABLE => DELETING in 0.2985060215
2019-06-08 07:57:29.440 3969 RALLYDEBUG rally.task.utils [-] Waiting for resource s_rally_d1476df3_BnSsPWDG. Status changed: AVAILABLE => DELETING in 0.232922792435
2019-06-08 07:57:30.866 3966 INFO rally.task.runner [-] Task 32951d5e-0908-45e1-b646-e82b9cfdef31 | ITER: 6 END: OK
2019-06-08 07:57:30.871 3966 INFO rally.task.runner [-] Task 32951d5e-0908-45e1-b646-e82b9cfdef31 | ITER: 9 START
2019-06-08 07:57:30.963 3968 INFO rally.task.runner [-] Task 32951d5e-0908-45e1-b646-e82b9cfdef31 | ITER: 5 END: OK
2019-06-08 07:57:30.969 3968 INFO rally.task.runner [-] Task 32951d5e-0908-45e1-b646-e82b9cfdef31 | ITER: 10 START
2019-06-08 07:57:31.514 3967 INFO rally.task.runner [-] Task 32951d5e-0908-45e1-b646-e82b9cfdef31 | ITER: 7 END: OK
2019-06-08 07:57:31.656 3969 INFO rally.task.runner [-] Task 32951d5e-0908-45e1-b646-e82b9cfdef31 | ITER: 8 END: OK
2019-06-08 07:57:34.592 3966 RALLYDEBUG rally.task.utils [-] Waiting for resource s_rally_d1476df3_J3IrPtOi. Status changed: AVAILABLE => DELETING in 0.0254688262939
2019-06-08 07:57:34.715 3968 RALLYDEBUG rally.task.utils [-] Waiting for resource s_rally_d1476df3_qTRAWDEv. Status changed: AVAILABLE => DELETING in 0.0238780975342
2019-06-08 07:57:36.832 3966 INFO rally.task.runner [-] Task 32951d5e-0908-45e1-b646-e82b9cfdef31 | ITER: 9 END: OK
2019-06-08 07:57:36.934 3968 INFO rally.task.runner [-] Task 32951d5e-0908-45e1-b646-e82b9cfdef31 | ITER: 10 END: OK
2019-06-08 07:57:36.955 1842 INFO rally.task.context [-] Task 32951d5e-0908-45e1-b646-e82b9cfdef31 | Context cleanup@openstack cleanup() started
2019-06-08 07:57:36.958 1842 RALLYDEBUG rally_openstack.cleanup.manager [-] Cleaning up cinder backups objects
2019-06-08 07:57:38.839 1842 RALLYDEBUG rally_openstack.cleanup.manager [-] Cleaning up cinder volume_snapshots objects
2019-06-08 07:57:40.802 1842 RALLYDEBUG rally_openstack.cleanup.manager [-] Cleaning up cinder transfers objects
2019-06-08 07:57:42.736 1842 RALLYDEBUG rally_openstack.cleanup.manager [-] Cleaning up cinder volumes objects
2019-06-08 07:57:44.837 1842 INFO rally.task.context [-] Task 32951d5e-0908-45e1-b646-e82b9cfdef31 | Context cleanup@openstack cleanup() finished in 7.88 sec
2019-06-08 07:57:44.838 1842 INFO rally.task.context [-] Task 32951d5e-0908-45e1-b646-e82b9cfdef31 | Context volumes@openstack cleanup() started
2019-06-08 07:57:44.839 1842 RALLYDEBUG rally_openstack.cleanup.manager [-] Cleaning up cinder volumes objects
2019-06-08 07:57:46.814 1842 RALLYDEBUG rally_openstack.cleanup.manager [-] Deleting cinder.volumes object c_rally_d1476df3_aJEye5TK (4a1dc0ab-790e-42c5-a02a-a2700a54f0a1)
2019-06-08 07:57:46.814 1842 RALLYDEBUG rally_openstack.cleanup.manager [-] Deleting cinder.volumes object c_rally_d1476df3_GNSeuG0Y (09770c77-6a6f-4f22-b8df-7736b6416f7d)
2019-06-08 07:57:46.822 1842 RALLYDEBUG rally_openstack.cleanup.manager [-] Deleting cinder.volumes object c_rally_d1476df3_wSFyY2Om (a60b4199-dcd9-4acf-9cc7-00d106256400)
2019-06-08 07:57:50.174 1842 INFO rally.task.context [-] Task 32951d5e-0908-45e1-b646-e82b9cfdef31 | Context volumes@openstack cleanup() finished in 5.34 sec
2019-06-08 07:57:50.175 1842 INFO rally.task.context [-] Task 32951d5e-0908-45e1-b646-e82b9cfdef31 | Context quotas@openstack cleanup() started
2019-06-08 07:57:50.858 1842 INFO rally.task.context [-] Task 32951d5e-0908-45e1-b646-e82b9cfdef31 | Context quotas@openstack cleanup() finished in 0.68 sec
2019-06-08 07:57:50.859 1842 INFO rally.task.context [-] Task 32951d5e-0908-45e1-b646-e82b9cfdef31 | Context api_versions@openstack cleanup() started
2019-06-08 07:57:50.859 1842 INFO rally.task.context [-] Task 32951d5e-0908-45e1-b646-e82b9cfdef31 | Context api_versions@openstack cleanup() finished in 0.30 msec
2019-06-08 07:57:50.859 1842 INFO rally.task.context [-] Task 32951d5e-0908-45e1-b646-e82b9cfdef31 | Context users@openstack cleanup() started
2019-06-08 07:57:58.409 1842 INFO rally.task.context [-] Task 32951d5e-0908-45e1-b646-e82b9cfdef31 | Context users@openstack cleanup() finished in 7.55 sec
2019-06-08 07:58:00.025 1842 INFO rally.task.engine [-] Load duration is: 17.638431
2019-06-08 07:58:00.025 1842 INFO rally.task.engine [-] Full runner duration is: 17.689215
2019-06-08 07:58:00.025 1842 INFO rally.task.engine [-] Full duration is: 56.621776
2019-06-08 07:58:00.271 1842 INFO rally.task.engine [-] Running workload: position = 0 config = { "version": 2, "title": "A cropped version of a bigger task.", "description": "Auto-generated task from a single workload (uuid=329ba5b5-545b-4848-9647-1b4fb3ad3319)", "subtasks": [ { "title": "CinderVolumes.create_and_delete_volume", "description": "Create and then delete a volume.", "scenario": { "CinderVolumes.create_and_delete_volume": { "size": { "max": 1, "min": 1 } } }, "contexts": { "users": { "tenants": 3, "users_per_tenant": 2 }, "quotas": { "cinder": { "gigabytes": -1, "snapshots": -1, "volumes": -1 } }, "api_versions": { "cinder": { "version": 3, "service_type": "volumev3" } } }, "runner": { "constant": { "concurrency": 4, "times": 10 } }, "hooks": [], "sla": { "failure_rate": { "max": 0 } } } ] }
2019-06-08 07:58:00.297 1842 RALLYDEBUG rally_openstack.contexts.keystone.users [-] Creating 3 tenants using 20 threads
2019-06-08 07:58:02.143 1842 RALLYDEBUG rally_openstack.contexts.keystone.users [-] Creating 6 users using 20 threads
2019-06-08 07:58:04.748 1842 INFO rally.task.context [-] Task 32951d5e-0908-45e1-b646-e82b9cfdef31 | Context users@openstack setup() finished in 4.45 sec
2019-06-08 07:58:05.243 1842 INFO rally.task.context [-] Task 32951d5e-0908-45e1-b646-e82b9cfdef31 | Context api_versions@openstack setup() finished in 0.49 sec
2019-06-08 07:58:06.789 1842 INFO rally.task.context [-] Task 32951d5e-0908-45e1-b646-e82b9cfdef31 | Context quotas@openstack setup() finished in 1.54 sec
2019-06-08 07:58:06.789 1842 INFO rally.task.context [-] Task 32951d5e-0908-45e1-b646-e82b9cfdef31 | Context cleanup@openstack setup() finished in 0.01 msec
2019-06-08 07:58:06.797 1842 RALLYDEBUG rally.task.runner [-] Starting the constant runner (task UUID: 32951d5e-0908-45e1-b646-e82b9cfdef31). timeout: 0 concurrency: 4 concurrency_per_worker: 1 times: 10 concurrency_overhead: 0 processes_to_start: 4 max_cpu_used: 16
2019-06-08 07:58:06.810 4170 RALLYDEBUG rally.task.runner [-] Starting a worker. concurrency: 1 args: {"size": {"max": 1, "min": 1}} times: 10 method_name: run timeout: 0 duration: None cls:
2019-06-08 07:58:06.812 4171 RALLYDEBUG rally.task.runner [-] Starting a worker. concurrency: 1 args: {"size": {"max": 1, "min": 1}} times: 10 method_name: run timeout: 0 duration: None cls:
2019-06-08 07:58:06.816 4172 RALLYDEBUG rally.task.runner [-] Starting a worker. concurrency: 1 args: {"size": {"max": 1, "min": 1}} times: 10 method_name: run timeout: 0 duration: None cls:
2019-06-08 07:58:06.818 4170 INFO rally.task.runner [-] Task 32951d5e-0908-45e1-b646-e82b9cfdef31 | ITER: 1 START
2019-06-08 07:58:06.818 4173 RALLYDEBUG rally.task.runner [-] Starting a worker. concurrency: 1 args: {"size": {"max": 1, "min": 1}} times: 10 method_name: run timeout: 0 duration: None cls:
2019-06-08 07:58:06.820 4171 INFO rally.task.runner [-] Task 32951d5e-0908-45e1-b646-e82b9cfdef31 | ITER: 2 START
2019-06-08 07:58:06.824 4172 INFO rally.task.runner [-] Task 32951d5e-0908-45e1-b646-e82b9cfdef31 | ITER: 3 START
2019-06-08 07:58:06.826 4173 INFO rally.task.runner [-] Task 32951d5e-0908-45e1-b646-e82b9cfdef31 | ITER: 4 START
2019-06-08 07:58:10.634 4170 INFO rally.task.runner [-] Task 32951d5e-0908-45e1-b646-e82b9cfdef31 | ITER: 1 END: OK
2019-06-08 07:58:10.640 4170 INFO rally.task.runner [-] Task 32951d5e-0908-45e1-b646-e82b9cfdef31 | ITER: 5 START
2019-06-08 07:58:11.120 4173 RALLYDEBUG rally.task.utils [-] Waiting for resource s_rally_329ba5b5_LS1NPf3T. Status changed: AVAILABLE => DELETING in 0.339556932449
2019-06-08 07:58:11.125 4171 RALLYDEBUG rally.task.utils [-] Waiting for resource s_rally_329ba5b5_GKFLWTAr. Status changed: AVAILABLE => DELETING in 0.375118017197
2019-06-08 07:58:11.157 4172 RALLYDEBUG rally.task.utils [-] Waiting for resource s_rally_329ba5b5_5Xr7wGF2. Status changed: AVAILABLE => DELETING in 0.291477203369
2019-06-08 07:58:13.163 4173 INFO rally.task.runner [-] Task 32951d5e-0908-45e1-b646-e82b9cfdef31 | ITER: 4 END: OK
2019-06-08 07:58:13.165 4171 INFO rally.task.runner [-] Task 32951d5e-0908-45e1-b646-e82b9cfdef31 | ITER: 2 END: OK
2019-06-08 07:58:13.168 4173 INFO rally.task.runner [-] Task 32951d5e-0908-45e1-b646-e82b9cfdef31 | ITER: 6 START
2019-06-08 07:58:13.171 4171 INFO rally.task.runner [-] Task 32951d5e-0908-45e1-b646-e82b9cfdef31 | ITER: 7 START
2019-06-08 07:58:13.200 4172 INFO rally.task.runner [-] Task 32951d5e-0908-45e1-b646-e82b9cfdef31 | ITER: 3 END: OK
2019-06-08 07:58:13.206 4172 INFO rally.task.runner [-] Task 32951d5e-0908-45e1-b646-e82b9cfdef31 | ITER: 8 START
2019-06-08 07:58:14.390 4170 RALLYDEBUG rally.task.utils [-] Waiting for resource s_rally_329ba5b5_zk8iypvl. Status changed: AVAILABLE => DELETING in 0.256769180298
2019-06-08 07:58:16.654 4170 INFO rally.task.runner [-] Task 32951d5e-0908-45e1-b646-e82b9cfdef31 | ITER: 5 END: OK
2019-06-08 07:58:16.658 4170 INFO rally.task.runner [-] Task 32951d5e-0908-45e1-b646-e82b9cfdef31 | ITER: 9 START
2019-06-08 07:58:17.397 4171 RALLYDEBUG rally.task.utils [-] Waiting for resource s_rally_329ba5b5_11g0KQbd. Status changed: AVAILABLE => DELETING in 0.291270017624
2019-06-08 07:58:17.514 4173 RALLYDEBUG rally.task.utils [-] Waiting for resource s_rally_329ba5b5_WWRS1r2x. Status changed: AVAILABLE => DELETING in 0.327929973602
2019-06-08 07:58:17.612 4172 RALLYDEBUG rally.task.utils [-] Waiting for resource s_rally_329ba5b5_BtIvsbbf. Status changed: AVAILABLE => DELETING in 0.4196870327
2019-06-08 07:58:19.724 4171 INFO rally.task.runner [-] Task 32951d5e-0908-45e1-b646-e82b9cfdef31 | ITER: 7 END: OK
2019-06-08 07:58:19.731 4171 INFO rally.task.runner [-] Task 32951d5e-0908-45e1-b646-e82b9cfdef31 | ITER: 10 START
2019-06-08 07:58:19.843 4173 INFO rally.task.runner [-] Task 32951d5e-0908-45e1-b646-e82b9cfdef31 | ITER: 6 END: OK
2019-06-08 07:58:19.907 4172 INFO rally.task.runner [-] Task 32951d5e-0908-45e1-b646-e82b9cfdef31 | ITER: 8 END: OK
2019-06-08 07:58:20.505 4170 RALLYDEBUG rally.task.utils [-] Waiting for resource s_rally_329ba5b5_DwmvZK5a. Status changed: AVAILABLE => DELETING in 0.0560960769653
2019-06-08 07:58:22.734 4170 INFO rally.task.runner [-] Task 32951d5e-0908-45e1-b646-e82b9cfdef31 | ITER: 9 END: OK
2019-06-08 07:58:23.432 4171 INFO rally.task.runner [-] Task 32951d5e-0908-45e1-b646-e82b9cfdef31 | ITER: 10 END: OK
2019-06-08 07:58:23.457 1842 INFO rally.task.context [-] Task 32951d5e-0908-45e1-b646-e82b9cfdef31 | Context cleanup@openstack cleanup() started
2019-06-08 07:58:23.460 1842 RALLYDEBUG rally_openstack.cleanup.manager [-] Cleaning up cinder backups objects
2019-06-08 07:58:25.368 1842 RALLYDEBUG rally_openstack.cleanup.manager [-] Cleaning up cinder volume_snapshots objects
2019-06-08 07:58:27.318 1842 RALLYDEBUG rally_openstack.cleanup.manager [-] Cleaning up cinder transfers objects
2019-06-08 07:58:29.322 1842 RALLYDEBUG rally_openstack.cleanup.manager [-] Cleaning up cinder volumes objects
2019-06-08 07:58:31.339 1842 INFO rally.task.context [-] Task 32951d5e-0908-45e1-b646-e82b9cfdef31 | Context cleanup@openstack cleanup() finished in 7.88 sec
2019-06-08 07:58:31.339 1842 INFO rally.task.context [-] Task 32951d5e-0908-45e1-b646-e82b9cfdef31 | Context quotas@openstack cleanup() started
2019-06-08 07:58:31.961 1842 INFO rally.task.context [-] Task 32951d5e-0908-45e1-b646-e82b9cfdef31 | Context quotas@openstack cleanup() finished in 0.62 sec
2019-06-08 07:58:31.962 1842 INFO rally.task.context [-] Task 32951d5e-0908-45e1-b646-e82b9cfdef31 | Context api_versions@openstack cleanup() started
2019-06-08 07:58:31.962 1842 INFO rally.task.context [-] Task 32951d5e-0908-45e1-b646-e82b9cfdef31 | Context api_versions@openstack cleanup() finished in 0.33 msec
2019-06-08 07:58:31.962 1842 INFO rally.task.context [-] Task 32951d5e-0908-45e1-b646-e82b9cfdef31 | Context users@openstack cleanup() started
2019-06-08 07:58:38.866 1842 INFO rally.task.context [-] Task 32951d5e-0908-45e1-b646-e82b9cfdef31 | Context users@openstack cleanup() finished in 6.90 sec
2019-06-08 07:58:40.490 1842 INFO rally.task.engine [-] Load duration is: 16.608513
2019-06-08 07:58:40.491 1842 INFO rally.task.engine [-] Full runner duration is: 16.660553
2019-06-08 07:58:40.491 1842 INFO rally.task.engine [-] Full duration is: 38.572054
2019-06-08 07:58:40.657 1842 INFO rally.task.engine [-] Running workload: position = 1 config = { "version": 2, "title": "A cropped version of a bigger task.", "description": "Auto-generated task from a single workload (uuid=9c1bc1ac-1638-47d1-bb89-61e1203b30e9)", "subtasks": [ { "title": "CinderVolumes.create_and_delete_volume", "description": "Create and then delete a volume.", "scenario": { "CinderVolumes.create_and_delete_volume": { "image": { "name": "rally_full-img_d09e47f0-7c5b-4a3d-a70a-228f31777d7e" }, "size": 1 } }, "contexts": { "users": { "tenants": 3, "users_per_tenant": 2 }, "quotas": { "cinder": { "gigabytes": -1, "snapshots": -1, "volumes": -1 } }, "api_versions": { "cinder": { "version": 3, "service_type": "volumev3" } } }, "runner": { "constant": { "concurrency": 4, "times": 10 } }, "hooks": [], "sla": { "failure_rate": { "max": 0 } } } ] }
2019-06-08 07:58:40.680 1842 RALLYDEBUG rally_openstack.contexts.keystone.users [-] Creating 3 tenants using 20 threads
2019-06-08 07:58:42.533 1842 RALLYDEBUG rally_openstack.contexts.keystone.users [-] Creating 6 users using 20 threads
2019-06-08 07:58:45.184 1842 INFO rally.task.context [-] Task 32951d5e-0908-45e1-b646-e82b9cfdef31 | Context users@openstack setup() finished in 4.50 sec
2019-06-08 07:58:45.599 1842 INFO rally.task.context [-] Task 32951d5e-0908-45e1-b646-e82b9cfdef31 | Context api_versions@openstack setup() finished in 0.41 sec
2019-06-08 07:58:47.198 1842 INFO rally.task.context [-] Task 32951d5e-0908-45e1-b646-e82b9cfdef31 | Context quotas@openstack setup() finished in 1.60 sec
2019-06-08 07:58:47.199 1842 INFO rally.task.context [-] Task 32951d5e-0908-45e1-b646-e82b9cfdef31 | Context cleanup@openstack setup() finished in 0.01 msec
2019-06-08 07:58:48.337 1842 RALLYDEBUG rally.task.runner [-] Starting the constant runner (task UUID: 32951d5e-0908-45e1-b646-e82b9cfdef31). timeout: 0 concurrency: 4 concurrency_per_worker: 1 times: 10 concurrency_overhead: 0 processes_to_start: 4 max_cpu_used: 16
2019-06-08 07:58:48.349 4354 RALLYDEBUG rally.task.runner [-] Starting a worker. concurrency: 1 args: {"image": "7d1b6e35-ab11-4c30-94fd-3904c3d25a16", "size": 1} times: 10 method_name: run timeout: 0 duration: None cls:
2019-06-08 07:58:48.351 4355 RALLYDEBUG rally.task.runner [-] Starting a worker. concurrency: 1 args: {"image": "7d1b6e35-ab11-4c30-94fd-3904c3d25a16", "size": 1} times: 10 method_name: run timeout: 0 duration: None cls:
2019-06-08 07:58:48.355 4356 RALLYDEBUG rally.task.runner [-] Starting a worker. concurrency: 1 args: {"image": "7d1b6e35-ab11-4c30-94fd-3904c3d25a16", "size": 1} times: 10 method_name: run timeout: 0 duration: None cls:
2019-06-08 07:58:48.357 4354 INFO rally.task.runner [-] Task 32951d5e-0908-45e1-b646-e82b9cfdef31 | ITER: 1 START
2019-06-08 07:58:48.358 4355 INFO rally.task.runner [-] Task 32951d5e-0908-45e1-b646-e82b9cfdef31 | ITER: 2 START
2019-06-08 07:58:48.358 4357 RALLYDEBUG rally.task.runner [-] Starting a worker. concurrency: 1 args: {"image": "7d1b6e35-ab11-4c30-94fd-3904c3d25a16", "size": 1} times: 10 method_name: run timeout: 0 duration: None cls:
2019-06-08 07:58:48.363 4356 INFO rally.task.runner [-] Task 32951d5e-0908-45e1-b646-e82b9cfdef31 | ITER: 3 START
2019-06-08 07:58:48.365 4357 INFO rally.task.runner [-] Task 32951d5e-0908-45e1-b646-e82b9cfdef31 | ITER: 4 START
2019-06-08 07:58:52.381 4357 RALLYDEBUG rally.task.utils [-] Waiting for resource s_rally_9c1bc1ac_QMbVnIS1. Status changed: CREATING => DOWNLOADING in 0.750674009323
2019-06-08 07:58:54.459 4357 RALLYDEBUG rally.task.utils [-] Waiting for resource s_rally_9c1bc1ac_QMbVnIS1. Status changed: DOWNLOADING => AVAILABLE in 2.07877898216
2019-06-08 07:58:54.592 4356 RALLYDEBUG rally.task.utils [-] Waiting for resource s_rally_9c1bc1ac_SWqsZp7B. Status changed: CREATING => DOWNLOADING in 2.87529492378
2019-06-08 07:58:54.748 4354 RALLYDEBUG rally.task.utils [-] Waiting for resource s_rally_9c1bc1ac_gB5RQstN. Status changed: DOWNLOADING => AVAILABLE in 2.84213495255
2019-06-08 07:58:54.835 4357 RALLYDEBUG rally.task.utils [-] Waiting for resource s_rally_9c1bc1ac_QMbVnIS1. Status changed: AVAILABLE => DELETING in 0.053346157074
2019-06-08 07:58:54.992 4355 RALLYDEBUG rally.task.utils [-] Waiting for resource s_rally_9c1bc1ac_LFzG7t4E. Status changed: DOWNLOADING => AVAILABLE in 3.15487384796
2019-06-08 07:58:55.387 4355 RALLYDEBUG rally.task.utils [-] Waiting for resource s_rally_9c1bc1ac_LFzG7t4E. Status changed: AVAILABLE => DELETING in 0.051244020462
2019-06-08 07:58:55.492 4354 RALLYDEBUG rally.task.utils [-] Waiting for resource s_rally_9c1bc1ac_gB5RQstN. Status changed: AVAILABLE => DELETING in 0.342041015625
2019-06-08 07:58:56.828 4356 RALLYDEBUG rally.task.utils [-] Waiting for resource s_rally_9c1bc1ac_SWqsZp7B. Status changed: DOWNLOADING => AVAILABLE in 2.23674201965
2019-06-08 07:58:56.870 4357 INFO rally.task.runner [-] Task 32951d5e-0908-45e1-b646-e82b9cfdef31 | ITER: 4 END: OK
2019-06-08 07:58:56.875 4357 INFO rally.task.runner [-] Task 32951d5e-0908-45e1-b646-e82b9cfdef31 | ITER: 5 START
2019-06-08 07:58:57.147 4356 RALLYDEBUG rally.task.utils [-] Waiting for resource s_rally_9c1bc1ac_SWqsZp7B. Status changed: AVAILABLE => DELETING in 0.053563117981
2019-06-08 07:58:57.425 4355 INFO rally.task.runner [-] Task 32951d5e-0908-45e1-b646-e82b9cfdef31 | ITER: 2 END: OK
2019-06-08 07:58:57.430 4355 INFO rally.task.runner [-] Task 32951d5e-0908-45e1-b646-e82b9cfdef31 | ITER: 6 START
2019-06-08 07:58:57.530 4354 INFO rally.task.runner [-] Task 32951d5e-0908-45e1-b646-e82b9cfdef31 | ITER: 1 END: OK
2019-06-08 07:58:57.535 4354 INFO rally.task.runner [-] Task 32951d5e-0908-45e1-b646-e82b9cfdef31 | ITER: 7 START
2019-06-08 07:58:59.398 4356 INFO rally.task.runner [-] Task 32951d5e-0908-45e1-b646-e82b9cfdef31 | ITER: 3 END: OK
2019-06-08 07:58:59.403 4356 INFO rally.task.runner [-] Task 32951d5e-0908-45e1-b646-e82b9cfdef31 | ITER: 8 START
2019-06-08 07:59:02.979 4357 RALLYDEBUG rally.task.utils [-] Waiting for resource s_rally_9c1bc1ac_nJjV9kqm. Status changed: DOWNLOADING => AVAILABLE in 2.70534896851
2019-06-08 07:59:03.314 4356 RALLYDEBUG rally.task.utils [-] Waiting for resource s_rally_9c1bc1ac_gsErFzUn. Status changed: CREATING => DOWNLOADING in 0.582772016525
2019-06-08 07:59:03.363 4357 RALLYDEBUG rally.task.utils [-] Waiting for resource s_rally_9c1bc1ac_nJjV9kqm. Status changed: AVAILABLE => DELETING in 0.055114030838
2019-06-08 07:59:03.636 4355 RALLYDEBUG rally.task.utils [-] Waiting for resource s_rally_9c1bc1ac_tl33WQWF. Status changed: DOWNLOADING => AVAILABLE in 2.96216702461
2019-06-08 07:59:03.727 4354 RALLYDEBUG rally.task.utils [-] Waiting for resource s_rally_9c1bc1ac_5yPqveIK. Status changed: DOWNLOADING => AVAILABLE in 2.98576998711
2019-06-08 07:59:03.958 4355 RALLYDEBUG rally.task.utils [-] Waiting for resource s_rally_9c1bc1ac_tl33WQWF. Status changed: AVAILABLE => DELETING in 0.25147485733
2019-06-08 07:59:04.384 4354 RALLYDEBUG rally.task.utils [-] Waiting for resource s_rally_9c1bc1ac_5yPqveIK. Status changed: AVAILABLE => DELETING in 0.259938001633
2019-06-08 07:59:05.560 4356 RALLYDEBUG rally.task.utils [-] Waiting for resource s_rally_9c1bc1ac_gsErFzUn. Status changed: DOWNLOADING => AVAILABLE in 2.24588704109
2019-06-08 07:59:05.580 4357 INFO rally.task.runner [-] Task 32951d5e-0908-45e1-b646-e82b9cfdef31 | ITER: 5 END: OK
2019-06-08 07:59:05.584 4357 INFO rally.task.runner [-] Task 32951d5e-0908-45e1-b646-e82b9cfdef31 | ITER: 9 START
2019-06-08 07:59:06.087 4356 RALLYDEBUG rally.task.utils [-] Waiting for resource s_rally_9c1bc1ac_gsErFzUn. Status changed: AVAILABLE => DELETING in 0.257622003555
2019-06-08 07:59:06.192 4355 INFO rally.task.runner [-] Task 32951d5e-0908-45e1-b646-e82b9cfdef31 | ITER: 6 END: OK
2019-06-08 07:59:06.196 4355 INFO rally.task.runner [-] Task 32951d5e-0908-45e1-b646-e82b9cfdef31 | ITER: 10 START
2019-06-08 07:59:06.620 4354 INFO rally.task.runner [-] Task 32951d5e-0908-45e1-b646-e82b9cfdef31 | ITER: 7 END: OK
2019-06-08 07:59:08.123 4356 INFO rally.task.runner [-] Task 32951d5e-0908-45e1-b646-e82b9cfdef31 | ITER: 8 END: OK
2019-06-08 07:59:11.761 4357 RALLYDEBUG rally.task.utils [-] Waiting for resource s_rally_9c1bc1ac_8sWAh1ou. Status changed: DOWNLOADING => AVAILABLE in 2.84919691086
2019-06-08 07:59:12.150 4357 RALLYDEBUG rally.task.utils [-] Waiting for resource s_rally_9c1bc1ac_8sWAh1ou. Status changed: AVAILABLE => DELETING in 0.325216054916
2019-06-08 07:59:12.160 4355 RALLYDEBUG rally.task.utils [-] Waiting for resource s_rally_9c1bc1ac_48phP4K9. Status changed: DOWNLOADING => AVAILABLE in 2.71448493004
2019-06-08 07:59:12.483 4355 RALLYDEBUG rally.task.utils [-] Waiting for resource s_rally_9c1bc1ac_48phP4K9. Status changed: AVAILABLE => DELETING in 0.251954078674
2019-06-08 07:59:14.190 4357 INFO rally.task.runner [-] Task 32951d5e-0908-45e1-b646-e82b9cfdef31 | ITER: 9 END: OK
2019-06-08 07:59:14.714 4355 INFO rally.task.runner [-] Task 32951d5e-0908-45e1-b646-e82b9cfdef31 | ITER: 10 END: OK
2019-06-08 07:59:14.742 1842 INFO rally.task.context [-] Task 32951d5e-0908-45e1-b646-e82b9cfdef31 | Context cleanup@openstack cleanup() started
2019-06-08 07:59:14.745 1842 RALLYDEBUG rally_openstack.cleanup.manager [-] Cleaning up cinder backups objects
2019-06-08 07:59:16.779 1842 RALLYDEBUG rally_openstack.cleanup.manager [-] Cleaning up cinder volume_snapshots objects
2019-06-08 07:59:18.657 1842 RALLYDEBUG rally_openstack.cleanup.manager [-] Cleaning up cinder transfers objects
2019-06-08 07:59:20.507 1842 RALLYDEBUG rally_openstack.cleanup.manager [-] Cleaning up cinder volumes objects
2019-06-08 07:59:22.646 1842 INFO rally.task.context [-] Task 32951d5e-0908-45e1-b646-e82b9cfdef31 | Context cleanup@openstack cleanup() finished in 7.90 sec
2019-06-08 07:59:22.646 1842 INFO rally.task.context [-] Task 32951d5e-0908-45e1-b646-e82b9cfdef31 | Context quotas@openstack cleanup() started
2019-06-08 07:59:23.545 1842 INFO rally.task.context [-] Task 32951d5e-0908-45e1-b646-e82b9cfdef31 | Context quotas@openstack cleanup() finished in 0.90 sec
2019-06-08 07:59:23.545 1842 INFO rally.task.context [-] Task 32951d5e-0908-45e1-b646-e82b9cfdef31 | Context api_versions@openstack cleanup() started
2019-06-08 07:59:23.545 1842 INFO rally.task.context [-] Task 32951d5e-0908-45e1-b646-e82b9cfdef31 | Context api_versions@openstack cleanup() finished in 0.33 msec
2019-06-08 07:59:23.546 1842 INFO rally.task.context [-] Task 32951d5e-0908-45e1-b646-e82b9cfdef31 | Context users@openstack cleanup() started
2019-06-08 07:59:30.396 1842 INFO rally.task.context [-] Task 32951d5e-0908-45e1-b646-e82b9cfdef31 | Context users@openstack cleanup() finished in 6.85 sec
2019-06-08 07:59:30.882 1842 INFO rally.task.engine [-] Load duration is: 26.352178
2019-06-08 07:59:30.882 1842 INFO rally.task.engine [-] Full runner duration is: 26.404821
2019-06-08 07:59:30.883 1842 INFO rally.task.engine [-] Full duration is: 49.719665
2019-06-08 07:59:31.057 1842 INFO rally.task.engine [-] Running workload: position = 2 config = { "version": 2, "title": "A cropped version of a bigger task.", "description": "Auto-generated task from a single workload (uuid=5fc83426-d60e-47dc-80a6-968dae4c324e)", "subtasks": [ { "title": "CinderVolumes.create_and_delete_volume", "description": "Create and then delete a volume.", "scenario": { "CinderVolumes.create_and_delete_volume": { "size": 1 } }, "contexts": { "users": { "tenants": 3, "users_per_tenant": 2 }, "quotas": { "cinder": { "gigabytes": -1, "snapshots": -1, "volumes": -1 } }, "api_versions": { "cinder": { "version": 3, "service_type": "volumev3" } } }, "runner": { "constant": { "concurrency": 4, "times": 10 } }, "hooks": [], "sla": { "failure_rate": { "max": 0 } } } ] }
2019-06-08 07:59:31.082 1842 RALLYDEBUG rally_openstack.contexts.keystone.users [-] Creating 3 tenants using 20 threads
2019-06-08 07:59:32.922 1842 RALLYDEBUG rally_openstack.contexts.keystone.users [-] Creating 6 users using 20 threads
2019-06-08 07:59:35.595 1842 INFO rally.task.context [-] Task 32951d5e-0908-45e1-b646-e82b9cfdef31 | Context users@openstack setup() finished in 4.51 sec
2019-06-08 07:59:36.017 1842 INFO rally.task.context [-] Task 32951d5e-0908-45e1-b646-e82b9cfdef31 | Context api_versions@openstack setup() finished in 0.42 sec
2019-06-08 07:59:37.579 1842 INFO rally.task.context [-] Task 32951d5e-0908-45e1-b646-e82b9cfdef31 | Context quotas@openstack setup() finished in 1.56 sec
2019-06-08 07:59:37.579 1842 INFO rally.task.context [-] Task 32951d5e-0908-45e1-b646-e82b9cfdef31 | Context cleanup@openstack setup() finished in 0.01 msec
2019-06-08 07:59:37.587 1842 RALLYDEBUG rally.task.runner [-] Starting the constant runner (task UUID: 32951d5e-0908-45e1-b646-e82b9cfdef31). timeout: 0 concurrency: 4 concurrency_per_worker: 1 times: 10 concurrency_overhead: 0 processes_to_start: 4 max_cpu_used: 16
2019-06-08 07:59:37.596 4538 RALLYDEBUG rally.task.runner [-] Starting a worker. concurrency: 1 args: {"size": 1} times: 10 method_name: run timeout: 0 duration: None cls:
2019-06-08 07:59:37.600 4538 INFO rally.task.runner [-] Task 32951d5e-0908-45e1-b646-e82b9cfdef31 | ITER: 1 START
2019-06-08 07:59:37.602 4539 RALLYDEBUG rally.task.runner [-] Starting a worker. concurrency: 1 args: {"size": 1} times: 10 method_name: run timeout: 0 duration: None cls:
2019-06-08 07:59:37.606 4543 RALLYDEBUG rally.task.runner [-] Starting a worker. concurrency: 1 args: {"size": 1} times: 10 method_name: run timeout: 0 duration: None cls:
2019-06-08 07:59:37.605 4540 RALLYDEBUG rally.task.runner [-] Starting a worker. concurrency: 1 args: {"size": 1} times: 10 method_name: run timeout: 0 duration: None cls:
2019-06-08 07:59:37.608 4539 INFO rally.task.runner [-] Task 32951d5e-0908-45e1-b646-e82b9cfdef31 | ITER: 2 START
2019-06-08 07:59:37.609 4543 INFO rally.task.runner [-] Task 32951d5e-0908-45e1-b646-e82b9cfdef31 | ITER: 3 START
2019-06-08 07:59:37.613 4540 INFO rally.task.runner [-] Task 32951d5e-0908-45e1-b646-e82b9cfdef31 | ITER: 4 START
2019-06-08 07:59:41.412 4543 RALLYDEBUG rally.task.utils [-] Waiting for resource s_rally_5fc83426_DphBJnh7. Status changed: AVAILABLE => DELETING in 0.0509350299835
2019-06-08 07:59:41.498 4538 RALLYDEBUG rally.task.utils [-] Waiting for resource s_rally_5fc83426_tvc8O1eA. Status changed: AVAILABLE => DELETING in 0.0547568798065
2019-06-08 07:59:41.538 4539 RALLYDEBUG rally.task.utils [-] Waiting for resource s_rally_5fc83426_3BRSAPye. Status changed: AVAILABLE => DELETING in 0.0760760307312
2019-06-08 07:59:41.887 4540 RALLYDEBUG rally.task.utils [-] Waiting for resource s_rally_5fc83426_hMalHUQi. Status changed: AVAILABLE => DELETING in 0.319571971893
2019-06-08 07:59:43.536 4538 INFO rally.task.runner [-] Task 32951d5e-0908-45e1-b646-e82b9cfdef31 | ITER: 1 END: OK
2019-06-08 07:59:43.540 4538 INFO rally.task.runner [-] Task 32951d5e-0908-45e1-b646-e82b9cfdef31 | ITER: 5 START
2019-06-08 07:59:43.653 4543 INFO rally.task.runner [-] Task 32951d5e-0908-45e1-b646-e82b9cfdef31 | ITER: 3 END: OK
2019-06-08 07:59:43.657 4543 INFO rally.task.runner [-] Task 32951d5e-0908-45e1-b646-e82b9cfdef31 | ITER: 6 START
2019-06-08 07:59:43.775 4539 INFO rally.task.runner [-] Task 32951d5e-0908-45e1-b646-e82b9cfdef31 | ITER: 2 END: OK
2019-06-08 07:59:43.781 4539 INFO rally.task.runner [-] Task 32951d5e-0908-45e1-b646-e82b9cfdef31 | ITER: 7 START
2019-06-08 07:59:43.928 4540 INFO rally.task.runner [-] Task 32951d5e-0908-45e1-b646-e82b9cfdef31 | ITER: 4 END: OK
2019-06-08 07:59:43.933 4540 INFO rally.task.runner [-] Task 32951d5e-0908-45e1-b646-e82b9cfdef31 | ITER: 8 START
2019-06-08 07:59:47.629 4538 RALLYDEBUG rally.task.utils [-] Waiting for resource s_rally_5fc83426_CKk2BTTU. Status changed: AVAILABLE => DELETING in 0.263406991959
2019-06-08 07:59:47.675 4543 INFO rally.task.runner [-] Task 32951d5e-0908-45e1-b646-e82b9cfdef31 | ITER: 6 END: OK
2019-06-08 07:59:47.681 4543 INFO rally.task.runner [-] Task 32951d5e-0908-45e1-b646-e82b9cfdef31 | ITER: 9 START
2019-06-08 07:59:47.958 4540 RALLYDEBUG rally.task.utils [-] Waiting for resource s_rally_5fc83426_NALmqjDU. Status changed: AVAILABLE => DELETING in 0.0536530017853
2019-06-08 07:59:48.084 4539 RALLYDEBUG rally.task.utils [-] Waiting for resource s_rally_5fc83426_FVZnsR2O. Status changed: AVAILABLE => DELETING in 0.347437858582
2019-06-08 07:59:49.669 4538 INFO rally.task.runner [-] Task 32951d5e-0908-45e1-b646-e82b9cfdef31 | ITER: 5 END: OK
2019-06-08 07:59:49.674 4538 INFO rally.task.runner [-] Task 32951d5e-0908-45e1-b646-e82b9cfdef31 | ITER: 10 START
2019-06-08 07:59:50.140 4539 INFO rally.task.runner [-] Task 32951d5e-0908-45e1-b646-e82b9cfdef31 | ITER: 7 END: OK
2019-06-08 07:59:50.196 4540 INFO rally.task.runner [-] Task 32951d5e-0908-45e1-b646-e82b9cfdef31 | ITER: 8 END: OK
2019-06-08 07:59:51.716 4543 INFO rally.task.runner [-] Task 32951d5e-0908-45e1-b646-e82b9cfdef31 | ITER: 9 END: OK
2019-06-08 07:59:53.652 4538 INFO rally.task.runner [-] Task 32951d5e-0908-45e1-b646-e82b9cfdef31 | ITER: 10 END: OK
2019-06-08 07:59:53.678 1842 INFO rally.task.context [-] Task 32951d5e-0908-45e1-b646-e82b9cfdef31 | Context cleanup@openstack cleanup() started
2019-06-08 07:59:53.680 1842 RALLYDEBUG rally_openstack.cleanup.manager [-] Cleaning up cinder backups objects
2019-06-08 07:59:55.585 1842 RALLYDEBUG rally_openstack.cleanup.manager [-] Cleaning up cinder volume_snapshots objects
2019-06-08 07:59:57.549 1842 RALLYDEBUG rally_openstack.cleanup.manager [-] Cleaning up cinder transfers objects
2019-06-08 07:59:59.497 1842 RALLYDEBUG rally_openstack.cleanup.manager [-] Cleaning up cinder volumes objects
2019-06-08 08:00:01.431 1842 INFO rally.task.context [-] Task 32951d5e-0908-45e1-b646-e82b9cfdef31 | Context cleanup@openstack cleanup() finished in 7.75 sec
2019-06-08 08:00:01.432 1842 INFO rally.task.context [-] Task 32951d5e-0908-45e1-b646-e82b9cfdef31 | Context quotas@openstack cleanup() started
2019-06-08 08:00:01.958 1842 INFO rally.task.context [-] Task 32951d5e-0908-45e1-b646-e82b9cfdef31 | Context quotas@openstack cleanup() finished in 0.53 sec
2019-06-08 08:00:01.959 1842 INFO rally.task.context [-] Task 32951d5e-0908-45e1-b646-e82b9cfdef31 | Context api_versions@openstack cleanup() started
2019-06-08 08:00:01.959 1842 INFO rally.task.context [-] Task 32951d5e-0908-45e1-b646-e82b9cfdef31 | Context api_versions@openstack cleanup() finished in 0.34 msec
2019-06-08 08:00:01.960 1842 INFO rally.task.context [-] Task 32951d5e-0908-45e1-b646-e82b9cfdef31 | Context users@openstack cleanup() started
2019-06-08 08:00:08.756 1842 INFO rally.task.context [-] Task 32951d5e-0908-45e1-b646-e82b9cfdef31 | Context users@openstack cleanup() finished in 6.80 sec
2019-06-08 08:00:09.245 1842 INFO rally.task.engine [-] Load duration is: 16.049277
2019-06-08 08:00:09.245 1842 INFO rally.task.engine [-] Full runner duration is: 16.091359
2019-06-08 08:00:09.246 1842 INFO rally.task.engine [-] Full duration is: 37.677861
2019-06-08 08:00:09.500 1842 INFO rally.task.engine [-] Running workload: position = 0 config = { "version": 2, "title": "A cropped version of a bigger task.", "description": "Auto-generated task from a single workload (uuid=2d2a371f-ed02-4a8b-8099-57470e18c616)", "subtasks": [ { "title": "CinderVolumes.create_and_extend_volume", "description": "Create and extend a volume and then delete it.", "scenario": { "CinderVolumes.create_and_extend_volume": { "new_size": 2, "size": 1 } }, "contexts": { "users": { "tenants": 3, "users_per_tenant": 2 }, "quotas": { "cinder": { "gigabytes": -1, "snapshots": -1, "volumes": -1 } }, "api_versions": { "cinder": { "version": 3, "service_type": "volumev3" } } }, "runner": { "constant": { "concurrency": 4, "times": 10 } }, "hooks": [], "sla": { "failure_rate": { "max": 0 } } } ] }
2019-06-08 08:00:09.523 1842 RALLYDEBUG rally_openstack.contexts.keystone.users [-] Creating 3 tenants using 20 threads
2019-06-08 08:00:11.315 1842 RALLYDEBUG rally_openstack.contexts.keystone.users [-] Creating 6 users using 20 threads
2019-06-08 08:00:13.938 1842 INFO rally.task.context [-] Task 32951d5e-0908-45e1-b646-e82b9cfdef31 | Context users@openstack setup() finished in 4.42 sec
2019-06-08 08:00:14.362 1842 INFO rally.task.context [-] Task 32951d5e-0908-45e1-b646-e82b9cfdef31 | Context api_versions@openstack setup() finished in 0.42 sec
2019-06-08 08:00:15.978 1842 INFO rally.task.context [-] Task 32951d5e-0908-45e1-b646-e82b9cfdef31 | Context quotas@openstack setup() finished in 1.62 sec
2019-06-08 08:00:15.979 1842 INFO rally.task.context [-] Task 32951d5e-0908-45e1-b646-e82b9cfdef31 | Context cleanup@openstack setup() finished in 0.00 msec
2019-06-08 08:00:15.986 1842 RALLYDEBUG rally.task.runner [-] Starting the constant runner (task UUID: 32951d5e-0908-45e1-b646-e82b9cfdef31). timeout: 0 concurrency: 4 concurrency_per_worker: 1 times: 10 concurrency_overhead: 0 processes_to_start: 4 max_cpu_used: 16
2019-06-08 08:00:15.999 4722 RALLYDEBUG rally.task.runner [-] Starting a worker. concurrency: 1 args: {"new_size": 2, "size": 1} times: 10 method_name: run timeout: 0 duration: None cls:
2019-06-08 08:00:16.001 4723 RALLYDEBUG rally.task.runner [-] Starting a worker. concurrency: 1 args: {"new_size": 2, "size": 1} times: 10 method_name: run timeout: 0 duration: None cls:
2019-06-08 08:00:16.005 4724 RALLYDEBUG rally.task.runner [-] Starting a worker. concurrency: 1 args: {"new_size": 2, "size": 1} times: 10 method_name: run timeout: 0 duration: None cls:
2019-06-08 08:00:16.007 4722 INFO rally.task.runner [-] Task 32951d5e-0908-45e1-b646-e82b9cfdef31 | ITER: 1 START
2019-06-08 08:00:16.009 4723 INFO rally.task.runner [-] Task 32951d5e-0908-45e1-b646-e82b9cfdef31 | ITER: 2 START
2019-06-08 08:00:16.008 4725 RALLYDEBUG rally.task.runner [-] Starting a worker. concurrency: 1 args: {"new_size": 2, "size": 1} times: 10 method_name: run timeout: 0 duration: None cls:
2019-06-08 08:00:16.013 4724 INFO rally.task.runner [-] Task 32951d5e-0908-45e1-b646-e82b9cfdef31 | ITER: 3 START
2019-06-08 08:00:16.016 4725 INFO rally.task.runner [-] Task 32951d5e-0908-45e1-b646-e82b9cfdef31 | ITER: 4 START
2019-06-08 08:00:19.991 4724 RALLYDEBUG rally.task.utils [-] Waiting for resource s_rally_2d2a371f_y22pUwXS. Status changed: AVAILABLE => EXTENDING in 0.074511051178
2019-06-08 08:00:20.677 4725 RALLYDEBUG rally.task.utils [-] Waiting for resource s_rally_2d2a371f_k94A4bbT. Status changed: AVAILABLE => DELETING in 0.0556588172913
2019-06-08 08:00:20.708 4723 RALLYDEBUG rally.task.utils [-] Waiting for resource s_rally_2d2a371f_A5bxgt8A. Status changed: AVAILABLE => DELETING in 0.057984828949
2019-06-08 08:00:20.869 4722 RALLYDEBUG rally.task.utils [-] Waiting for resource s_rally_2d2a371f_tn2EVUmh. Status changed: AVAILABLE => DELETING in 0.262667894363
2019-06-08 08:00:22.245 4724 RALLYDEBUG rally.task.utils [-] Waiting for resource s_rally_2d2a371f_y22pUwXS. Status changed: EXTENDING => AVAILABLE in 2.25360703468
2019-06-08 08:00:22.562 4724 INFO rally.task.runner [-] Task 32951d5e-0908-45e1-b646-e82b9cfdef31 | ITER: 3 END: OK
2019-06-08 08:00:22.567 4724 INFO rally.task.runner [-] Task 32951d5e-0908-45e1-b646-e82b9cfdef31 | ITER: 5 START
2019-06-08 08:00:22.746 4723 INFO rally.task.runner [-] Task 32951d5e-0908-45e1-b646-e82b9cfdef31 | ITER: 2 END: OK
2019-06-08 08:00:22.751 4723 INFO rally.task.runner [-] Task 32951d5e-0908-45e1-b646-e82b9cfdef31 | ITER: 6 START
2019-06-08 08:00:22.895 4725 INFO rally.task.runner [-] Task 32951d5e-0908-45e1-b646-e82b9cfdef31 | ITER: 4 END: OK
2019-06-08 08:00:22.900 4725 INFO rally.task.runner [-] Task 32951d5e-0908-45e1-b646-e82b9cfdef31 | ITER: 7 START
2019-06-08 08:00:22.906 4722 INFO rally.task.runner [-] Task 32951d5e-0908-45e1-b646-e82b9cfdef31 | ITER: 1 END: OK
2019-06-08 08:00:22.910 4722 INFO rally.task.runner [-] Task 32951d5e-0908-45e1-b646-e82b9cfdef31 | ITER: 8 START
2019-06-08 08:00:26.784 4722 RALLYDEBUG rally.task.utils [-] Waiting for resource s_rally_2d2a371f_CSD4TBpV. Status changed: AVAILABLE => EXTENDING in 0.0648398399353
2019-06-08 08:00:26.808 4724 RALLYDEBUG rally.task.utils [-] Waiting for resource s_rally_2d2a371f_PsTwv1yS. Status changed: AVAILABLE => EXTENDING in 0.057774066925
2019-06-08 08:00:27.007 4723 RALLYDEBUG rally.task.utils [-] Waiting for resource s_rally_2d2a371f_LQ7W06s6. Status changed: AVAILABLE => DELETING in 0.052148103714
2019-06-08 08:00:27.741 4725 INFO rally.task.runner [-] Task 32951d5e-0908-45e1-b646-e82b9cfdef31 | ITER: 7 END: OK
2019-06-08 08:00:27.747 4725 INFO rally.task.runner [-] Task 32951d5e-0908-45e1-b646-e82b9cfdef31 | ITER: 9 START
2019-06-08 08:00:28.843 4722 RALLYDEBUG rally.task.utils [-] Waiting for resource s_rally_2d2a371f_CSD4TBpV. Status changed: EXTENDING => AVAILABLE in 2.0588312149
2019-06-08 08:00:29.051 4723 INFO rally.task.runner [-] Task 32951d5e-0908-45e1-b646-e82b9cfdef31 | ITER: 6 END: OK
2019-06-08 08:00:29.055 4723 INFO rally.task.runner [-] Task 32951d5e-0908-45e1-b646-e82b9cfdef31 | ITER: 10 START
2019-06-08 08:00:29.081 4724 RALLYDEBUG rally.task.utils [-] Waiting for resource s_rally_2d2a371f_PsTwv1yS. Status changed: EXTENDING => AVAILABLE in 2.27284479141
2019-06-08 08:00:29.234 4722 INFO rally.task.runner [-] Task 32951d5e-0908-45e1-b646-e82b9cfdef31 | ITER: 8 END: OK
2019-06-08 08:00:29.430 4724 RALLYDEBUG rally.task.utils [-] Waiting for resource s_rally_2d2a371f_PsTwv1yS. Status changed: AVAILABLE => DELETING in 0.274198055267
2019-06-08 08:00:31.475 4724 INFO rally.task.runner [-] Task 32951d5e-0908-45e1-b646-e82b9cfdef31 | ITER: 5 END: OK
2019-06-08 08:00:32.377 4725 INFO rally.task.runner [-] Task 32951d5e-0908-45e1-b646-e82b9cfdef31 | ITER: 9 END: OK
2019-06-08 08:00:33.239 4723 RALLYDEBUG rally.task.utils [-] Waiting for resource s_rally_2d2a371f_RfhMQVBq. Status changed: AVAILABLE => EXTENDING in 0.330442905426
2019-06-08 08:00:35.295 4723 RALLYDEBUG rally.task.utils [-] Waiting for resource s_rally_2d2a371f_RfhMQVBq. Status changed: EXTENDING => AVAILABLE in 2.05593705177
2019-06-08 08:00:35.782 4723 INFO rally.task.runner [-] Task 32951d5e-0908-45e1-b646-e82b9cfdef31 | ITER: 10 END: OK
2019-06-08 08:00:35.808 1842 INFO rally.task.context [-] Task 32951d5e-0908-45e1-b646-e82b9cfdef31 | Context cleanup@openstack cleanup() started
2019-06-08 08:00:35.811 1842 RALLYDEBUG rally_openstack.cleanup.manager [-] Cleaning up cinder backups objects
2019-06-08 08:00:38.234 1842 RALLYDEBUG rally_openstack.cleanup.manager [-] Cleaning up cinder volume_snapshots objects
2019-06-08 08:00:40.110 1842 RALLYDEBUG rally_openstack.cleanup.manager [-] Cleaning up cinder transfers objects
2019-06-08 08:00:42.147 1842 RALLYDEBUG rally_openstack.cleanup.manager [-] Cleaning up cinder volumes objects
2019-06-08 08:00:44.210 1842 INFO rally.task.context [-] Task 32951d5e-0908-45e1-b646-e82b9cfdef31 | Context cleanup@openstack cleanup() finished in 8.40 sec
2019-06-08 08:00:44.210 1842 INFO rally.task.context [-] Task 32951d5e-0908-45e1-b646-e82b9cfdef31 | Context quotas@openstack cleanup() started
2019-06-08 08:00:44.913 1842 INFO rally.task.context [-] Task 32951d5e-0908-45e1-b646-e82b9cfdef31 | Context quotas@openstack cleanup() finished in 0.70 sec
2019-06-08 08:00:44.913 1842 INFO rally.task.context [-] Task 32951d5e-0908-45e1-b646-e82b9cfdef31 | Context api_versions@openstack cleanup() started
2019-06-08 08:00:44.913 1842 INFO rally.task.context [-] Task 32951d5e-0908-45e1-b646-e82b9cfdef31 | Context api_versions@openstack cleanup() finished in 0.32 msec
2019-06-08 08:00:44.914 1842 INFO rally.task.context [-] Task 32951d5e-0908-45e1-b646-e82b9cfdef31 | Context users@openstack cleanup() started
2019-06-08 08:00:51.778 1842 INFO rally.task.context [-] Task 32951d5e-0908-45e1-b646-e82b9cfdef31 | Context users@openstack cleanup() finished in 6.86 sec
2019-06-08 08:00:53.712 1842 INFO rally.task.engine [-] Load duration is: 19.771058
2019-06-08 08:00:53.712 1842 INFO rally.task.engine [-] Full runner duration is: 19.822733
2019-06-08 08:00:53.713 1842 INFO rally.task.engine [-] Full duration is: 42.258175
2019-06-08 08:00:53.969 1842 INFO rally.task.engine [-] Running workload: position = 0 config = { "version": 2, "title": "A cropped version of a bigger task.", "description": "Auto-generated task from a single workload (uuid=7b20d32a-5678-4c65-a784-4110b677b7dc)", "subtasks": [ { "title": "CinderVolumes.create_from_volume_and_delete_volume", "description": "Create volume from volume and then delete it.", "scenario": { "CinderVolumes.create_from_volume_and_delete_volume": { "size": 1 } }, "contexts": { "users": { "tenants": 3, "users_per_tenant": 2 }, "quotas": { "cinder": { "gigabytes": -1, "snapshots": -1, "volumes": -1 } }, "api_versions": { "cinder": { "version": 3, "service_type": "volumev3" } }, "volumes": { "size": 1, "volumes_per_tenant": 1 } }, "runner": { "constant": { "concurrency": 4, "times": 10 } }, "hooks": [], "sla": { "failure_rate": { "max": 0 } } } ] }
2019-06-08 08:00:53.995 1842 RALLYDEBUG rally_openstack.contexts.keystone.users [-] Creating 3 tenants using 20 threads
2019-06-08 08:00:55.866 1842 RALLYDEBUG rally_openstack.contexts.keystone.users [-] Creating 6 users using 20 threads
2019-06-08 08:00:58.470 1842 INFO rally.task.context [-] Task 32951d5e-0908-45e1-b646-e82b9cfdef31 | Context users@openstack setup() finished in 4.47 sec
2019-06-08 08:00:58.879 1842 INFO rally.task.context [-] Task 32951d5e-0908-45e1-b646-e82b9cfdef31 | Context api_versions@openstack setup() finished in 0.41 sec
2019-06-08 08:01:00.397 1842 INFO rally.task.context [-] Task 32951d5e-0908-45e1-b646-e82b9cfdef31 | Context quotas@openstack setup() finished in 1.52 sec
2019-06-08 08:01:11.016 1842 INFO rally.task.context [-] Task 32951d5e-0908-45e1-b646-e82b9cfdef31 | Context volumes@openstack setup() finished in 10.62 sec
2019-06-08 08:01:11.017 1842 INFO rally.task.context [-] Task 32951d5e-0908-45e1-b646-e82b9cfdef31 | Context cleanup@openstack setup() finished in 0.00 msec
2019-06-08 08:01:11.025 1842 RALLYDEBUG rally.task.runner [-] Starting the constant runner (task UUID: 32951d5e-0908-45e1-b646-e82b9cfdef31). timeout: 0 concurrency: 4 concurrency_per_worker: 1 times: 10 concurrency_overhead: 0 processes_to_start: 4 max_cpu_used: 16
2019-06-08 08:01:11.037 4906 RALLYDEBUG rally.task.runner [-] Starting a worker. concurrency: 1 args: {"size": 1} times: 10 method_name: run timeout: 0 duration: None cls:
2019-06-08 08:01:11.040 4907 RALLYDEBUG rally.task.runner [-] Starting a worker. concurrency: 1 args: {"size": 1} times: 10 method_name: run timeout: 0 duration: None cls:
2019-06-08 08:01:11.043 4908 RALLYDEBUG rally.task.runner [-] Starting a worker. concurrency: 1 args: {"size": 1} times: 10 method_name: run timeout: 0 duration: None cls:
2019-06-08 08:01:11.046 4909 RALLYDEBUG rally.task.runner [-] Starting a worker. concurrency: 1 args: {"size": 1} times: 10 method_name: run timeout: 0 duration: None cls:
2019-06-08 08:01:11.049 4906 INFO rally.task.runner [-] Task 32951d5e-0908-45e1-b646-e82b9cfdef31 | ITER: 1 START
2019-06-08 08:01:11.052 4907 INFO rally.task.runner [-] Task 32951d5e-0908-45e1-b646-e82b9cfdef31 | ITER: 2 START
2019-06-08 08:01:11.055 4908 INFO rally.task.runner [-] Task 32951d5e-0908-45e1-b646-e82b9cfdef31 | ITER: 3 START
2019-06-08 08:01:11.057 4909 INFO rally.task.runner [-] Task 32951d5e-0908-45e1-b646-e82b9cfdef31 | ITER: 4 START
2019-06-08 08:01:14.697 4909 RALLYDEBUG rally.task.utils [-] Waiting for resource s_rally_7b20d32a_zcnP6vz1. Status changed: CREATING => AVAILABLE in 0.60697388649
2019-06-08 08:01:15.037 4909 RALLYDEBUG rally.task.utils [-] Waiting for resource s_rally_7b20d32a_zcnP6vz1. Status changed: AVAILABLE => DELETING in 0.0563209056854
2019-06-08 08:01:16.696 4906 RALLYDEBUG rally.task.utils [-] Waiting for resource s_rally_7b20d32a_jr3EFFXB. Status changed: CREATING => AVAILABLE in 2.6181230545
2019-06-08 08:01:16.956 4907 RALLYDEBUG rally.task.utils [-] Waiting for resource s_rally_7b20d32a_311XbVly. Status changed: CREATING => AVAILABLE in 2.66918087006
2019-06-08 08:01:16.969 4908 RALLYDEBUG rally.task.utils [-] Waiting for resource s_rally_7b20d32a_DVG5nPAX. Status changed: CREATING => AVAILABLE in 2.80544996262
2019-06-08 08:01:17.325 4906 RALLYDEBUG rally.task.utils [-] Waiting for resource s_rally_7b20d32a_jr3EFFXB. Status changed: AVAILABLE => DELETING in 0.344079017639
2019-06-08 08:01:17.392 4907 RALLYDEBUG rally.task.utils [-] Waiting for resource s_rally_7b20d32a_311XbVly. Status changed: AVAILABLE => DELETING in 0.363079071045
2019-06-08 08:01:17.486 4908 RALLYDEBUG rally.task.utils [-] Waiting for resource s_rally_7b20d32a_DVG5nPAX. Status changed: AVAILABLE => DELETING in 0.239448070526
2019-06-08 08:01:21.589 4906 INFO rally.task.runner [-] Task 32951d5e-0908-45e1-b646-e82b9cfdef31 | ITER: 1 END: OK
2019-06-08 08:01:21.595 4906 INFO rally.task.runner [-] Task 32951d5e-0908-45e1-b646-e82b9cfdef31 | ITER: 5 START
2019-06-08 08:01:21.715 4907 INFO rally.task.runner [-] Task 32951d5e-0908-45e1-b646-e82b9cfdef31 | ITER: 2 END: OK
2019-06-08 08:01:21.720 4907 INFO rally.task.runner [-] Task 32951d5e-0908-45e1-b646-e82b9cfdef31 | ITER: 6 START
2019-06-08 08:01:21.779 4908 INFO rally.task.runner [-] Task 32951d5e-0908-45e1-b646-e82b9cfdef31 | ITER: 3 END: OK
2019-06-08 08:01:21.784 4908 INFO rally.task.runner [-] Task 32951d5e-0908-45e1-b646-e82b9cfdef31 | ITER: 7 START
2019-06-08 08:01:21.811 4909 INFO rally.task.runner [-] Task 32951d5e-0908-45e1-b646-e82b9cfdef31 | ITER: 4 END: OK
2019-06-08 08:01:21.816 4909 INFO rally.task.runner [-] Task 32951d5e-0908-45e1-b646-e82b9cfdef31 | ITER: 8 START
2019-06-08 08:01:25.421 4908 RALLYDEBUG rally.task.utils [-] Waiting for resource s_rally_7b20d32a_5w3BSI0I. Status changed: CREATING => AVAILABLE in 0.511047124863
2019-06-08 08:01:25.679 4906 RALLYDEBUG rally.task.utils [-] Waiting for resource s_rally_7b20d32a_oCeRyEAe. Status changed: AVAILABLE => DELETING in 0.259371042252
2019-06-08 08:01:25.909 4908 RALLYDEBUG rally.task.utils [-] Waiting for resource s_rally_7b20d32a_5w3BSI0I. Status changed: AVAILABLE => DELETING in 0.230753898621
