2019-06-08 07:34:15.808 7 RALLYDEBUG rally.api [-] INFO logs from urllib3 and requests module are hide.
2019-06-08 07:34:15.808 7 RALLYDEBUG rally.api [-] urllib3 insecure warnings are hidden.
2019-06-08 07:34:15.808 7 RALLYDEBUG rally.api [-] ERROR log from boto module is hide.
2019-06-08 07:34:16.861 7 ERROR rally.cli.cliutils [-] Unexpected exception in CLI: DBRecordNotFound: Record for uuid or name is opnfv-rally not found in table envs
2019-06-08 07:34:16.861 7 ERROR rally.cli.cliutils
Traceback (most recent call last):
2019-06-08 07:34:16.861 7 ERROR rally.cli.cliutils
File "/usr/lib/python2.7/site-packages/rally/cli/cliutils.py", line 674, in run
2019-06-08 07:34:16.861 7 ERROR rally.cli.cliutils ret = fn(*fn_args, **fn_kwargs)
2019-06-08 07:34:16.861 7 ERROR rally.cli.cliutils File "", line 2, in destroy
2019-06-08 07:34:16.861 7 ERROR rally.cli.cliutils
File "/usr/lib/python2.7/site-packages/rally/cli/envutils.py", line 69, in default_from_global
2019-06-08 07:34:16.861 7 ERROR rally.cli.cliutils return f(*args, **kwargs)
2019-06-08 07:34:16.861 7 ERROR rally.cli.cliutils File "", line 2, in destroy
2019-06-08 07:34:16.861 7 ERROR rally.cli.cliutils
File "/usr/lib/python2.7/site-packages/rally/plugins/__init__.py", line 51, in ensure_plugins_are_loaded
2019-06-08 07:34:16.861 7 ERROR rally.cli.cliutils return f(*args, **kwargs)
2019-06-08 07:34:16.861 7 ERROR rally.cli.cliutils
File "/usr/lib/python2.7/site-packages/rally/cli/commands/deployment.py", line 140, in destroy
2019-06-08 07:34:16.861 7 ERROR rally.cli.cliutils api.deployment.destroy(deployment=deployment)
2019-06-08 07:34:16.861 7 ERROR rally.cli.cliutils
File "/usr/lib/python2.7/site-packages/rally/api.py", line 115, in destroy
2019-06-08 07:34:16.861 7 ERROR rally.cli.cliutils deploy = objects.Deployment.get(deployment)
2019-06-08 07:34:16.861 7 ERROR rally.cli.cliutils
File "/usr/lib/python2.7/site-packages/rally/common/objects/deploy.py", line 124, in get
2019-06-08 07:34:16.861 7 ERROR rally.cli.cliutils return Deployment(env_mgr.EnvManager.get(deploy))
2019-06-08 07:34:16.861 7 ERROR rally.cli.cliutils
File "/usr/lib/python2.7/site-packages/rally/env/env_mgr.py", line 212, in get
2019-06-08 07:34:16.861 7 ERROR rally.cli.cliutils return cls(db.env_get(uuid_or_name))
2019-06-08 07:34:16.861 7 ERROR rally.cli.cliutils
File "/usr/lib/python2.7/site-packages/rally/common/db/api.py", line 135, in wrapper
2019-06-08 07:34:16.861 7 ERROR rally.cli.cliutils result = f(session, *args, **kwargs)
2019-06-08 07:34:16.861 7 ERROR rally.cli.cliutils
File "/usr/lib/python2.7/site-packages/rally/common/db/api.py", line 521, in env_get
2019-06-08 07:34:16.861 7 ERROR rally.cli.cliutils criteria="uuid or name is %s" % uuid_or_name, table="envs")
2019-06-08 07:34:16.861 7 ERROR rally.cli.cliutils DBRecordNotFound: Record for uuid or name is opnfv-rally not found in table envs
2019-06-08 07:34:16.861 7 ERROR rally.cli.cliutils
2019-06-08 07:34:17.570 9 RALLYDEBUG rally.api [-] INFO logs from urllib3 and requests module are hide.
2019-06-08 07:34:17.570 9 RALLYDEBUG rally.api [-] urllib3 insecure warnings are hidden.
2019-06-08 07:34:17.570 9 RALLYDEBUG rally.api [-] ERROR log from boto module is hide.
2019-06-08 07:34:18.883 9 WARNING rally_openstack.platforms.existing [-] endpoint is deprecated and not used.
2019-06-08 07:34:19.878 11 RALLYDEBUG rally.api [-] INFO logs from urllib3 and requests module are hide.
2019-06-08 07:34:19.878 11 RALLYDEBUG rally.api [-] urllib3 insecure warnings are hidden.
2019-06-08 07:34:19.879 11 RALLYDEBUG rally.api [-] ERROR log from boto module is hide.
2019-06-08 07:34:22.977 14 RALLYDEBUG rally.api [-] INFO logs from urllib3 and requests module are hide.
2019-06-08 07:34:22.977 14 RALLYDEBUG rally.api [-] urllib3 insecure warnings are hidden.
2019-06-08 07:34:22.977 14 RALLYDEBUG rally.api [-] ERROR log from boto module is hide.
2019-06-08 07:34:24.642 16 RALLYDEBUG rally.api [-] INFO logs from urllib3 and requests module are hide.
2019-06-08 07:34:24.642 16 RALLYDEBUG rally.api [-] urllib3 insecure warnings are hidden.
2019-06-08 07:34:24.643 16 RALLYDEBUG rally.api [-] ERROR log from boto module is hide.
2019-06-08 07:34:26.027 16 INFO rally.task.engine [-] Task da9de738-7899-46c3-bfc1-5379befb3481 | Starting: Task validation.
2019-06-08 07:34:26.073 16 INFO rally.task.engine [-] Task da9de738-7899-46c3-bfc1-5379befb3481 | Starting: Task validation of syntax.
2019-06-08 07:34:26.156 16 INFO rally.task.engine [-] Task da9de738-7899-46c3-bfc1-5379befb3481 | Completed: Task validation of syntax.
2019-06-08 07:34:26.157 16 INFO rally.task.engine [-] Task da9de738-7899-46c3-bfc1-5379befb3481 | Starting: Task validation of required platforms.
2019-06-08 07:34:26.195 16 INFO rally.task.engine [-] Task da9de738-7899-46c3-bfc1-5379befb3481 | Completed: Task validation of required platforms.
2019-06-08 07:34:26.195 16 INFO rally.task.engine [-] Task da9de738-7899-46c3-bfc1-5379befb3481 | Starting: Task validation of semantic.
2019-06-08 07:34:26.195 16 INFO rally.task.engine [-] Check health of the environment '04512a45-d0af-4bfe-b9ad-c760f3df729e'.
2019-06-08 07:34:27.112 16 INFO rally.task.engine [-] Platform existing@openstack (available: True): OK!
2019-06-08 07:34:27.125 16 RALLYDEBUG rally_openstack.contexts.keystone.users [-] Creating 1 tenants using 20 threads
2019-06-08 07:34:28.727 16 RALLYDEBUG rally_openstack.contexts.keystone.users [-] Creating 1 users using 20 threads
2019-06-08 07:34:31.276 16 INFO rally.task.context [-] Task da9de738-7899-46c3-bfc1-5379befb3481 | Context users@openstack setup() finished in 4.15 sec
2019-06-08 07:34:31.322 16 INFO rally.task.context [-] Task da9de738-7899-46c3-bfc1-5379befb3481 | Context users@openstack cleanup() started
2019-06-08 07:34:35.706 16 INFO rally.task.context [-] Task da9de738-7899-46c3-bfc1-5379befb3481 | Context users@openstack cleanup() finished in 4.38 sec
2019-06-08 07:34:35.706 16 INFO rally.task.engine [-] Task da9de738-7899-46c3-bfc1-5379befb3481 | Completed: Task validation of semantic.
2019-06-08 07:34:35.707 16 INFO rally.task.engine [-] Task da9de738-7899-46c3-bfc1-5379befb3481 | Completed: Task validation.
2019-06-08 07:34:35.707 16 INFO rally.api [-] Task da9de738-7899-46c3-bfc1-5379befb3481 input file is valid.
2019-06-08 07:34:35.707 16 INFO rally.api [-] Run Task da9de738-7899-46c3-bfc1-5379befb3481 against Deployment 04512a45-d0af-4bfe-b9ad-c760f3df729e
2019-06-08 07:34:35.707 16 INFO rally.task.engine [-] Task da9de738-7899-46c3-bfc1-5379befb3481 | Starting: Running task.
2019-06-08 07:34:35.846 16 INFO rally.task.engine [-] Running workload: position = 0 config = { "version": 2, "title": "A cropped version of a bigger task.", "description": "Auto-generated task from a single workload (uuid=1f99ed28-4bd5-4890-9200-76b6d3eab0c8)", "subtasks": [ { "title": "Authenticate.keystone", "description": "Check Keystone Client.", "scenario": { "Authenticate.keystone": {} }, "contexts": { "users": { "tenants": 3, "users_per_tenant": 2 } }, "runner": { "constant": { "concurrency": 4, "times": 10 } }, "hooks": [], "sla": { "failure_rate": { "max": 0 } } } ] }
2019-06-08 07:34:35.863 16 RALLYDEBUG rally_openstack.contexts.keystone.users [-] Creating 3 tenants using 20 threads
2019-06-08 07:34:37.769 16 RALLYDEBUG rally_openstack.contexts.keystone.users [-] Creating 6 users using 20 threads
2019-06-08 07:34:41.141 16 INFO rally.task.context [-] Task da9de738-7899-46c3-bfc1-5379befb3481 | Context users@openstack setup() finished in 5.28 sec
2019-06-08 07:34:41.149 16 RALLYDEBUG rally.task.runner [-] Starting the constant runner (task UUID: da9de738-7899-46c3-bfc1-5379befb3481). timeout: 0 concurrency: 4 concurrency_per_worker: 1 times: 10 concurrency_overhead: 0 processes_to_start: 4 max_cpu_used: 16
2019-06-08 07:34:41.162 140 RALLYDEBUG rally.task.runner [-] Starting a worker. concurrency: 1 args: {} times: 10 method_name: run timeout: 0 duration: None cls:
2019-06-08 07:34:41.165 141 RALLYDEBUG rally.task.runner [-] Starting a worker. concurrency: 1 args: {} times: 10 method_name: run timeout: 0 duration: None cls:
2019-06-08 07:34:41.168 140 INFO rally.task.runner [-] Task da9de738-7899-46c3-bfc1-5379befb3481 | ITER: 1 START
2019-06-08 07:34:41.168 142 RALLYDEBUG rally.task.runner [-] Starting a worker. concurrency: 1 args: {} times: 10 method_name: run timeout: 0 duration: None cls:
2019-06-08 07:34:41.170 143 RALLYDEBUG rally.task.runner [-] Starting a worker. concurrency: 1 args: {} times: 10 method_name: run timeout: 0 duration: None cls:
2019-06-08 07:34:41.171 141 INFO rally.task.runner [-] Task da9de738-7899-46c3-bfc1-5379befb3481 | ITER: 2 START
2019-06-08 07:34:41.173 142 INFO rally.task.runner [-] Task da9de738-7899-46c3-bfc1-5379befb3481 | ITER: 3 START
2019-06-08 07:34:41.175 143 INFO rally.task.runner [-] Task da9de738-7899-46c3-bfc1-5379befb3481 | ITER: 4 START
2019-06-08 07:34:41.686 140 INFO rally.task.runner [-] Task da9de738-7899-46c3-bfc1-5379befb3481 | ITER: 1 END: OK
2019-06-08 07:34:41.690 140 INFO rally.task.runner [-] Task da9de738-7899-46c3-bfc1-5379befb3481 | ITER: 5 START
2019-06-08 07:34:41.764 143 INFO rally.task.runner [-] Task da9de738-7899-46c3-bfc1-5379befb3481 | ITER: 4 END: OK
2019-06-08 07:34:41.768 143 INFO rally.task.runner [-] Task da9de738-7899-46c3-bfc1-5379befb3481 | ITER: 6 START
2019-06-08 07:34:41.770 142 INFO rally.task.runner [-] Task da9de738-7899-46c3-bfc1-5379befb3481 | ITER: 3 END: OK
2019-06-08 07:34:41.774 141 INFO rally.task.runner [-] Task da9de738-7899-46c3-bfc1-5379befb3481 | ITER: 2 END: OK
2019-06-08 07:34:41.774 142 INFO rally.task.runner [-] Task da9de738-7899-46c3-bfc1-5379befb3481 | ITER: 7 START
2019-06-08 07:34:41.777 141 INFO rally.task.runner [-] Task da9de738-7899-46c3-bfc1-5379befb3481 | ITER: 8 START
2019-06-08 07:34:42.288 140 INFO rally.task.runner [-] Task da9de738-7899-46c3-bfc1-5379befb3481 | ITER: 5 END: OK
2019-06-08 07:34:42.292 140 INFO rally.task.runner [-] Task da9de738-7899-46c3-bfc1-5379befb3481 | ITER: 9 START
2019-06-08 07:34:42.366 141 INFO rally.task.runner [-] Task da9de738-7899-46c3-bfc1-5379befb3481 | ITER: 8 END: OK
2019-06-08 07:34:42.368 143 INFO rally.task.runner [-] Task da9de738-7899-46c3-bfc1-5379befb3481 | ITER: 6 END: OK
2019-06-08 07:34:42.369 141 INFO rally.task.runner [-] Task da9de738-7899-46c3-bfc1-5379befb3481 | ITER: 10 START
2019-06-08 07:34:42.378 142 INFO rally.task.runner [-] Task da9de738-7899-46c3-bfc1-5379befb3481 | ITER: 7 END: OK
2019-06-08 07:34:42.867 140 INFO rally.task.runner [-] Task da9de738-7899-46c3-bfc1-5379befb3481 | ITER: 9 END: OK
2019-06-08 07:34:42.945 141 INFO rally.task.runner [-] Task da9de738-7899-46c3-bfc1-5379befb3481 | ITER: 10 END: OK
2019-06-08 07:34:42.967 16 INFO rally.task.context [-] Task da9de738-7899-46c3-bfc1-5379befb3481 | Context users@openstack cleanup() started
2019-06-08 07:34:49.979 16 INFO rally.task.context [-] Task da9de738-7899-46c3-bfc1-5379befb3481 | Context users@openstack cleanup() finished in 7.01 sec
2019-06-08 07:34:51.943 16 INFO rally.task.engine [-] Load duration is: 1.775766
2019-06-08 07:34:51.944 16 INFO rally.task.engine [-] Full runner duration is: 1.818706
2019-06-08 07:34:51.944 16 INFO rally.task.engine [-] Full duration is: 14.118167
2019-06-08 07:34:52.170 16 INFO rally.task.engine [-] Running workload: position = 0 config = { "version": 2, "title": "A cropped version of a bigger task.", "description": "Auto-generated task from a single workload (uuid=dc398968-16ec-49f1-9f89-f09bae43876c)", "subtasks": [ { "title": "Authenticate.validate_cinder", "description": "Check Cinder Client to ensure validation of token.", "scenario": { "Authenticate.validate_cinder": { "repetitions": 2 } }, "contexts": { "users": { "tenants": 3, "users_per_tenant": 2 } }, "runner": { "constant": { "concurrency": 4, "times": 10 } }, "hooks": [], "sla": { "failure_rate": { "max": 0 } } } ] }
2019-06-08 07:34:52.186 16 RALLYDEBUG rally_openstack.contexts.keystone.users [-] Creating 3 tenants using 20 threads
2019-06-08 07:34:54.076 16 RALLYDEBUG rally_openstack.contexts.keystone.users [-] Creating 6 users using 20 threads
2019-06-08 07:34:56.704 16 INFO rally.task.context [-] Task da9de738-7899-46c3-bfc1-5379befb3481 | Context users@openstack setup() finished in 4.52 sec
2019-06-08 07:34:56.711 16 RALLYDEBUG rally.task.runner [-] Starting the constant runner (task UUID: da9de738-7899-46c3-bfc1-5379befb3481). timeout: 0 concurrency: 4 concurrency_per_worker: 1 times: 10 concurrency_overhead: 0 processes_to_start: 4 max_cpu_used: 16
2019-06-08 07:34:56.723 244 RALLYDEBUG rally.task.runner [-] Starting a worker. concurrency: 1 args: {"repetitions": 2} times: 10 method_name: run timeout: 0 duration: None cls:
2019-06-08 07:34:56.726 246 RALLYDEBUG rally.task.runner [-] Starting a worker. concurrency: 1 args: {"repetitions": 2} times: 10 method_name: run timeout: 0 duration: None cls:
2019-06-08 07:34:56.726 245 RALLYDEBUG rally.task.runner [-] Starting a worker. concurrency: 1 args: {"repetitions": 2} times: 10 method_name: run timeout: 0 duration: None cls:
2019-06-08 07:34:56.729 244 INFO rally.task.runner [-] Task da9de738-7899-46c3-bfc1-5379befb3481 | ITER: 1 START
2019-06-08 07:34:56.730 246 INFO rally.task.runner [-] Task da9de738-7899-46c3-bfc1-5379befb3481 | ITER: 2 START
2019-06-08 07:34:56.732 247 RALLYDEBUG rally.task.runner [-] Starting a worker. concurrency: 1 args: {"repetitions": 2} times: 10 method_name: run timeout: 0 duration: None cls:
2019-06-08 07:34:56.733 245 INFO rally.task.runner [-] Task da9de738-7899-46c3-bfc1-5379befb3481 | ITER: 3 START
2019-06-08 07:34:56.738 247 INFO rally.task.runner [-] Task da9de738-7899-46c3-bfc1-5379befb3481 | ITER: 4 START
2019-06-08 07:34:58.614 245 INFO rally.task.runner [-] Task da9de738-7899-46c3-bfc1-5379befb3481 | ITER: 3 END: OK
2019-06-08 07:34:58.618 245 INFO rally.task.runner [-] Task da9de738-7899-46c3-bfc1-5379befb3481 | ITER: 5 START
2019-06-08 07:34:58.629 247 INFO rally.task.runner [-] Task da9de738-7899-46c3-bfc1-5379befb3481 | ITER: 4 END: OK
2019-06-08 07:34:58.632 247 INFO rally.task.runner [-] Task da9de738-7899-46c3-bfc1-5379befb3481 | ITER: 6 START
2019-06-08 07:34:58.704 244 INFO rally.task.runner [-] Task da9de738-7899-46c3-bfc1-5379befb3481 | ITER: 1 END: OK
2019-06-08 07:34:58.707 244 INFO rally.task.runner [-] Task da9de738-7899-46c3-bfc1-5379befb3481 | ITER: 7 START
2019-06-08 07:34:58.713 246 INFO rally.task.runner [-] Task da9de738-7899-46c3-bfc1-5379befb3481 | ITER: 2 END: OK
2019-06-08 07:34:58.715 246 INFO rally.task.runner [-] Task da9de738-7899-46c3-bfc1-5379befb3481 | ITER: 8 START
2019-06-08 07:34:59.485 247 INFO rally.task.runner [-] Task da9de738-7899-46c3-bfc1-5379befb3481 | ITER: 6 END: OK
2019-06-08 07:34:59.488 247 INFO rally.task.runner [-] Task da9de738-7899-46c3-bfc1-5379befb3481 | ITER: 9 START
2019-06-08 07:34:59.563 245 INFO rally.task.runner [-] Task da9de738-7899-46c3-bfc1-5379befb3481 | ITER: 5 END: OK
2019-06-08 07:34:59.566 245 INFO rally.task.runner [-] Task da9de738-7899-46c3-bfc1-5379befb3481 | ITER: 10 START
2019-06-08 07:34:59.685 244 INFO rally.task.runner [-] Task da9de738-7899-46c3-bfc1-5379befb3481 | ITER: 7 END: OK
2019-06-08 07:35:00.574 247 INFO rally.task.runner [-] Task da9de738-7899-46c3-bfc1-5379befb3481 | ITER: 9 END: OK
2019-06-08 07:35:00.821 246 INFO rally.task.runner [-] Task da9de738-7899-46c3-bfc1-5379befb3481 | ITER: 8 END: OK
2019-06-08 07:35:01.020 245 INFO rally.task.runner [-] Task da9de738-7899-46c3-bfc1-5379befb3481 | ITER: 10 END: OK
2019-06-08 07:35:01.045 16 INFO rally.task.context [-] Task da9de738-7899-46c3-bfc1-5379befb3481 | Context users@openstack cleanup() started
2019-06-08 07:35:09.665 16 INFO rally.task.context [-] Task da9de738-7899-46c3-bfc1-5379befb3481 | Context users@openstack cleanup() finished in 8.62 sec
2019-06-08 07:35:10.275 16 INFO rally.task.engine [-] Load duration is: 4.28906
2019-06-08 07:35:10.275 16 INFO rally.task.engine [-] Full runner duration is: 4.334356
2019-06-08 07:35:10.275 16 INFO rally.task.engine [-] Full duration is: 17.480771
2019-06-08 07:35:10.519 16 INFO rally.task.engine [-] Running workload: position = 0 config = { "version": 2, "title": "A cropped version of a bigger task.", "description": "Auto-generated task from a single workload (uuid=920210c4-d13c-442d-9741-d6430263164f)", "subtasks": [ { "title": "Authenticate.validate_glance", "description": "Check Glance Client to ensure validation of token.", "scenario": { "Authenticate.validate_glance": { "repetitions": 2 } }, "contexts": { "users": { "tenants": 3, "users_per_tenant": 2 } }, "runner": { "constant": { "concurrency": 4, "times": 10 } }, "hooks": [], "sla": { "failure_rate": { "max": 0 } } } ] }
2019-06-08 07:35:10.543 16 RALLYDEBUG rally_openstack.contexts.keystone.users [-] Creating 3 tenants using 20 threads
2019-06-08 07:35:12.418 16 RALLYDEBUG rally_openstack.contexts.keystone.users [-] Creating 6 users using 20 threads
2019-06-08 07:35:15.362 16 INFO rally.task.context [-] Task da9de738-7899-46c3-bfc1-5379befb3481 | Context users@openstack setup() finished in 4.82 sec
2019-06-08 07:35:15.369 16 RALLYDEBUG rally.task.runner [-] Starting the constant runner (task UUID: da9de738-7899-46c3-bfc1-5379befb3481). timeout: 0 concurrency: 4 concurrency_per_worker: 1 times: 10 concurrency_overhead: 0 processes_to_start: 4 max_cpu_used: 16
2019-06-08 07:35:15.379 348 RALLYDEBUG rally.task.runner [-] Starting a worker. concurrency: 1 args: {"repetitions": 2} times: 10 method_name: run timeout: 0 duration: None cls:
2019-06-08 07:35:15.382 348 INFO rally.task.runner [-] Task da9de738-7899-46c3-bfc1-5379befb3481 | ITER: 1 START
2019-06-08 07:35:15.384 349 RALLYDEBUG rally.task.runner [-] Starting a worker. concurrency: 1 args: {"repetitions": 2} times: 10 method_name: run timeout: 0 duration: None cls:
2019-06-08 07:35:15.385 350 RALLYDEBUG rally.task.runner [-] Starting a worker. concurrency: 1 args: {"repetitions": 2} times: 10 method_name: run timeout: 0 duration: None cls:
2019-06-08 07:35:15.389 350 INFO rally.task.runner [-] Task da9de738-7899-46c3-bfc1-5379befb3481 | ITER: 3 START
2019-06-08 07:35:15.390 349 INFO rally.task.runner [-] Task da9de738-7899-46c3-bfc1-5379befb3481 | ITER: 2 START
2019-06-08 07:35:15.390 353 RALLYDEBUG rally.task.runner [-] Starting a worker. concurrency: 1 args: {"repetitions": 2} times: 10 method_name: run timeout: 0 duration: None cls:
2019-06-08 07:35:15.396 353 INFO rally.task.runner [-] Task da9de738-7899-46c3-bfc1-5379befb3481 | ITER: 4 START
2019-06-08 07:35:16.245 349 INFO rally.task.runner [-] Task da9de738-7899-46c3-bfc1-5379befb3481 | ITER: 2 END: OK
2019-06-08 07:35:16.249 349 INFO rally.task.runner [-] Task da9de738-7899-46c3-bfc1-5379befb3481 | ITER: 5 START
2019-06-08 07:35:16.271 353 INFO rally.task.runner [-] Task da9de738-7899-46c3-bfc1-5379befb3481 | ITER: 4 END: OK
2019-06-08 07:35:16.273 350 INFO rally.task.runner [-] Task da9de738-7899-46c3-bfc1-5379befb3481 | ITER: 3 END: OK
2019-06-08 07:35:16.275 353 INFO rally.task.runner [-] Task da9de738-7899-46c3-bfc1-5379befb3481 | ITER: 6 START
2019-06-08 07:35:16.276 350 INFO rally.task.runner [-] Task da9de738-7899-46c3-bfc1-5379befb3481 | ITER: 7 START
2019-06-08 07:35:16.310 348 INFO rally.task.runner [-] Task da9de738-7899-46c3-bfc1-5379befb3481 | ITER: 1 END: OK
2019-06-08 07:35:16.313 348 INFO rally.task.runner [-] Task da9de738-7899-46c3-bfc1-5379befb3481 | ITER: 8 START
2019-06-08 07:35:17.029 349 INFO rally.task.runner [-] Task da9de738-7899-46c3-bfc1-5379befb3481 | ITER: 5 END: OK
2019-06-08 07:35:17.034 349 INFO rally.task.runner [-] Task da9de738-7899-46c3-bfc1-5379befb3481 | ITER: 9 START
2019-06-08 07:35:17.132 348 INFO rally.task.runner [-] Task da9de738-7899-46c3-bfc1-5379befb3481 | ITER: 8 END: OK
2019-06-08 07:35:17.135 348 INFO rally.task.runner [-] Task da9de738-7899-46c3-bfc1-5379befb3481 | ITER: 10 START
2019-06-08 07:35:17.228 350 INFO rally.task.runner [-] Task da9de738-7899-46c3-bfc1-5379befb3481 | ITER: 7 END: OK
2019-06-08 07:35:17.230 353 INFO rally.task.runner [-] Task da9de738-7899-46c3-bfc1-5379befb3481 | ITER: 6 END: OK
2019-06-08 07:35:17.893 348 INFO rally.task.runner [-] Task da9de738-7899-46c3-bfc1-5379befb3481 | ITER: 10 END: OK
2019-06-08 07:35:17.896 349 INFO rally.task.runner [-] Task da9de738-7899-46c3-bfc1-5379befb3481 | ITER: 9 END: OK
2019-06-08 07:35:17.919 16 INFO rally.task.context [-] Task da9de738-7899-46c3-bfc1-5379befb3481 | Context users@openstack cleanup() started
2019-06-08 07:35:24.518 16 INFO rally.task.context [-] Task da9de738-7899-46c3-bfc1-5379befb3481 | Context users@openstack cleanup() finished in 6.60 sec
2019-06-08 07:35:24.623 16 INFO rally.task.engine [-] Load duration is: 2.51261
2019-06-08 07:35:24.623 16 INFO rally.task.engine [-] Full runner duration is: 2.549643
2019-06-08 07:35:24.624 16 INFO rally.task.engine [-] Full duration is: 13.976979
2019-06-08 07:35:24.901 16 INFO rally.task.engine [-] Running workload: position = 0 config = { "version": 2, "title": "A cropped version of a bigger task.", "description": "Auto-generated task from a single workload (uuid=6a75e935-ded3-4b86-a0f2-697d75cca780)", "subtasks": [ { "title": "Authenticate.validate_heat", "description": "Check Heat Client to ensure validation of token.", "scenario": { "Authenticate.validate_heat": { "repetitions": 2 } }, "contexts": { "users": { "tenants": 3, "users_per_tenant": 2 } }, "runner": { "constant": { "concurrency": 4, "times": 10 } }, "hooks": [], "sla": { "failure_rate": { "max": 0 } } } ] }
2019-06-08 07:35:24.924 16 RALLYDEBUG rally_openstack.contexts.keystone.users [-] Creating 3 tenants using 20 threads
2019-06-08 07:35:26.771 16 RALLYDEBUG rally_openstack.contexts.keystone.users [-] Creating 6 users using 20 threads
2019-06-08 07:35:29.451 16 INFO rally.task.context [-] Task da9de738-7899-46c3-bfc1-5379befb3481 | Context users@openstack setup() finished in 4.53 sec
2019-06-08 07:35:29.458 16 RALLYDEBUG rally.task.runner [-] Starting the constant runner (task UUID: da9de738-7899-46c3-bfc1-5379befb3481). timeout: 0 concurrency: 4 concurrency_per_worker: 1 times: 10 concurrency_overhead: 0 processes_to_start: 4 max_cpu_used: 16
2019-06-08 07:35:29.470 452 RALLYDEBUG rally.task.runner [-] Starting a worker. concurrency: 1 args: {"repetitions": 2} times: 10 method_name: run timeout: 0 duration: None cls:
2019-06-08 07:35:29.473 453 RALLYDEBUG rally.task.runner [-] Starting a worker. concurrency: 1 args: {"repetitions": 2} times: 10 method_name: run timeout: 0 duration: None cls:
2019-06-08 07:35:29.476 452 INFO rally.task.runner [-] Task da9de738-7899-46c3-bfc1-5379befb3481 | ITER: 1 START
2019-06-08 07:35:29.477 454 RALLYDEBUG rally.task.runner [-] Starting a worker. concurrency: 1 args: {"repetitions": 2} times: 10 method_name: run timeout: 0 duration: None cls:
2019-06-08 07:35:29.479 453 INFO rally.task.runner [-] Task da9de738-7899-46c3-bfc1-5379befb3481 | ITER: 2 START
2019-06-08 07:35:29.481 455 RALLYDEBUG rally.task.runner [-] Starting a worker. concurrency: 1 args: {"repetitions": 2} times: 10 method_name: run timeout: 0 duration: None cls:
2019-06-08 07:35:29.483 454 INFO rally.task.runner [-] Task da9de738-7899-46c3-bfc1-5379befb3481 | ITER: 3 START
2019-06-08 07:35:29.489 455 INFO rally.task.runner [-] Task da9de738-7899-46c3-bfc1-5379befb3481 | ITER: 4 START
2019-06-08 07:35:31.446 454 INFO rally.task.runner [-] Task da9de738-7899-46c3-bfc1-5379befb3481 | ITER: 3 END: OK
2019-06-08 07:35:31.450 453 INFO rally.task.runner [-] Task da9de738-7899-46c3-bfc1-5379befb3481 | ITER: 2 END: OK
2019-06-08 07:35:31.450 454 INFO rally.task.runner [-] Task da9de738-7899-46c3-bfc1-5379befb3481 | ITER: 5 START
2019-06-08 07:35:31.454 453 INFO rally.task.runner [-] Task da9de738-7899-46c3-bfc1-5379befb3481 | ITER: 6 START
2019-06-08 07:35:31.481 452 INFO rally.task.runner [-] Task da9de738-7899-46c3-bfc1-5379befb3481 | ITER: 1 END: OK
2019-06-08 07:35:31.484 452 INFO rally.task.runner [-] Task da9de738-7899-46c3-bfc1-5379befb3481 | ITER: 7 START
2019-06-08 07:35:31.522 455 INFO rally.task.runner [-] Task da9de738-7899-46c3-bfc1-5379befb3481 | ITER: 4 END: OK
2019-06-08 07:35:31.526 455 INFO rally.task.runner [-] Task da9de738-7899-46c3-bfc1-5379befb3481 | ITER: 8 START
2019-06-08 07:35:32.832 453 INFO rally.task.runner [-] Task da9de738-7899-46c3-bfc1-5379befb3481 | ITER: 6 END: OK
2019-06-08 07:35:32.836 453 INFO rally.task.runner [-] Task da9de738-7899-46c3-bfc1-5379befb3481 | ITER: 9 START
2019-06-08 07:35:32.846 454 INFO rally.task.runner [-] Task da9de738-7899-46c3-bfc1-5379befb3481 | ITER: 5 END: OK
2019-06-08 07:35:32.849 454 INFO rally.task.runner [-] Task da9de738-7899-46c3-bfc1-5379befb3481 | ITER: 10 START
2019-06-08 07:35:32.881 455 INFO rally.task.runner [-] Task da9de738-7899-46c3-bfc1-5379befb3481 | ITER: 8 END: OK
2019-06-08 07:35:32.902 452 INFO rally.task.runner [-] Task da9de738-7899-46c3-bfc1-5379befb3481 | ITER: 7 END: OK
2019-06-08 07:35:33.672 453 INFO rally.task.runner [-] Task da9de738-7899-46c3-bfc1-5379befb3481 | ITER: 9 END: OK
2019-06-08 07:35:33.763 454 INFO rally.task.runner [-] Task da9de738-7899-46c3-bfc1-5379befb3481 | ITER: 10 END: OK
2019-06-08 07:35:33.785 16 INFO rally.task.context [-] Task da9de738-7899-46c3-bfc1-5379befb3481 | Context users@openstack cleanup() started
2019-06-08 07:35:41.251 16 INFO rally.task.context [-] Task da9de738-7899-46c3-bfc1-5379befb3481 | Context users@openstack cleanup() finished in 7.47 sec
2019-06-08 07:35:43.012 16 INFO rally.task.engine [-] Load duration is: 4.285282
2019-06-08 07:35:43.012 16 INFO rally.task.engine [-] Full runner duration is: 4.326536
2019-06-08 07:35:43.013 16 INFO rally.task.engine [-] Full duration is: 16.330209
2019-06-08 07:35:43.283 16 INFO rally.task.engine [-] Running workload: position = 0 config = { "version": 2, "title": "A cropped version of a bigger task.", "description": "Auto-generated task from a single workload (uuid=d294aa56-089d-45a3-b51b-12b2a7646d86)", "subtasks": [ { "title": "Authenticate.validate_neutron", "description": "Check Neutron Client to ensure validation of token.", "scenario": { "Authenticate.validate_neutron": { "repetitions": 2 } }, "contexts": { "users": { "tenants": 3, "users_per_tenant": 2 } }, "runner": { "constant": { "concurrency": 4, "times": 10 } }, "hooks": [], "sla": { "failure_rate": { "max": 0 } } } ] }
2019-06-08 07:35:43.306 16 RALLYDEBUG rally_openstack.contexts.keystone.users [-] Creating 3 tenants using 20 threads
2019-06-08 07:35:45.145 16 RALLYDEBUG rally_openstack.contexts.keystone.users [-] Creating 6 users using 20 threads
2019-06-08 07:35:47.883 16 INFO rally.task.context [-] Task da9de738-7899-46c3-bfc1-5379befb3481 | Context users@openstack setup() finished in 4.58 sec
2019-06-08 07:35:47.891 16 RALLYDEBUG rally.task.runner [-] Starting the constant runner (task UUID: da9de738-7899-46c3-bfc1-5379befb3481). timeout: 0 concurrency: 4 concurrency_per_worker: 1 times: 10 concurrency_overhead: 0 processes_to_start: 4 max_cpu_used: 16
2019-06-08 07:35:47.903 556 RALLYDEBUG rally.task.runner [-] Starting a worker. concurrency: 1 args: {"repetitions": 2} times: 10 method_name: run timeout: 0 duration: None cls:
2019-06-08 07:35:47.905 557 RALLYDEBUG rally.task.runner [-] Starting a worker. concurrency: 1 args: {"repetitions": 2} times: 10 method_name: run timeout: 0 duration: None cls:
2019-06-08 07:35:47.908 558 RALLYDEBUG rally.task.runner [-] Starting a worker. concurrency: 1 args: {"repetitions": 2} times: 10 method_name: run timeout: 0 duration: None cls:
2019-06-08 07:35:47.909 556 INFO rally.task.runner [-] Task da9de738-7899-46c3-bfc1-5379befb3481 | ITER: 1 START
2019-06-08 07:35:47.910 557 INFO rally.task.runner [-] Task da9de738-7899-46c3-bfc1-5379befb3481 | ITER: 2 START
2019-06-08 07:35:47.911 559 RALLYDEBUG rally.task.runner [-] Starting a worker. concurrency: 1 args: {"repetitions": 2} times: 10 method_name: run timeout: 0 duration: None cls:
2019-06-08 07:35:47.914 558 INFO rally.task.runner [-] Task da9de738-7899-46c3-bfc1-5379befb3481 | ITER: 3 START
2019-06-08 07:35:47.917 559 INFO rally.task.runner [-] Task da9de738-7899-46c3-bfc1-5379befb3481 | ITER: 4 START
2019-06-08 07:35:48.824 559 INFO rally.task.runner [-] Task da9de738-7899-46c3-bfc1-5379befb3481 | ITER: 4 END: OK
2019-06-08 07:35:48.829 559 INFO rally.task.runner [-] Task da9de738-7899-46c3-bfc1-5379befb3481 | ITER: 5 START
2019-06-08 07:35:49.096 558 INFO rally.task.runner [-] Task da9de738-7899-46c3-bfc1-5379befb3481 | ITER: 3 END: OK
2019-06-08 07:35:49.100 558 INFO rally.task.runner [-] Task da9de738-7899-46c3-bfc1-5379befb3481 | ITER: 6 START
2019-06-08 07:35:49.340 556 INFO rally.task.runner [-] Task da9de738-7899-46c3-bfc1-5379befb3481 | ITER: 1 END: OK
2019-06-08 07:35:49.343 557 INFO rally.task.runner [-] Task da9de738-7899-46c3-bfc1-5379befb3481 | ITER: 2 END: OK
2019-06-08 07:35:49.344 556 INFO rally.task.runner [-] Task da9de738-7899-46c3-bfc1-5379befb3481 | ITER: 7 START
2019-06-08 07:35:49.348 557 INFO rally.task.runner [-] Task da9de738-7899-46c3-bfc1-5379befb3481 | ITER: 8 START
2019-06-08 07:35:49.713 559 INFO rally.task.runner [-] Task da9de738-7899-46c3-bfc1-5379befb3481 | ITER: 5 END: OK
2019-06-08 07:35:49.717 559 INFO rally.task.runner [-] Task da9de738-7899-46c3-bfc1-5379befb3481 | ITER: 9 START
2019-06-08 07:35:50.011 558 INFO rally.task.runner [-] Task da9de738-7899-46c3-bfc1-5379befb3481 | ITER: 6 END: OK
2019-06-08 07:35:50.015 558 INFO rally.task.runner [-] Task da9de738-7899-46c3-bfc1-5379befb3481 | ITER: 10 START
2019-06-08 07:35:50.251 557 INFO rally.task.runner [-] Task da9de738-7899-46c3-bfc1-5379befb3481 | ITER: 8 END: OK
2019-06-08 07:35:50.291 556 INFO rally.task.runner [-] Task da9de738-7899-46c3-bfc1-5379befb3481 | ITER: 7 END: OK
2019-06-08 07:35:50.850 559 INFO rally.task.runner [-] Task da9de738-7899-46c3-bfc1-5379befb3481 | ITER: 9 END: OK
2019-06-08 07:35:51.078 558 INFO rally.task.runner [-] Task da9de738-7899-46c3-bfc1-5379befb3481 | ITER: 10 END: OK
2019-06-08 07:35:51.098 16 INFO rally.task.context [-] Task da9de738-7899-46c3-bfc1-5379befb3481 | Context users@openstack cleanup() started
2019-06-08 07:35:57.362 16 INFO rally.task.context [-] Task da9de738-7899-46c3-bfc1-5379befb3481 | Context users@openstack cleanup() finished in 6.26 sec
2019-06-08 07:35:57.444 16 INFO rally.task.engine [-] Load duration is: 3.167102
2019-06-08 07:35:57.444 16 INFO rally.task.engine [-] Full runner duration is: 3.207788
2019-06-08 07:35:57.445 16 INFO rally.task.engine [-] Full duration is: 14.059593
2019-06-08 07:35:57.692 16 INFO rally.task.engine [-] Running workload: position = 0 config = { "version": 2, "title": "A cropped version of a bigger task.", "description": "Auto-generated task from a single workload (uuid=00a747a3-81c3-48a5-baba-5f8cae1d5cd8)", "subtasks": [ { "title": "Authenticate.validate_nova", "description": "Check Nova Client to ensure validation of token.", "scenario": { "Authenticate.validate_nova": { "repetitions": 2 } }, "contexts": { "users": { "tenants": 3, "users_per_tenant": 2 } }, "runner": { "constant": { "concurrency": 4, "times": 10 } }, "hooks": [], "sla": { "failure_rate": { "max": 0 } } } ] }
2019-06-08 07:35:57.712 16 RALLYDEBUG rally_openstack.contexts.keystone.users [-] Creating 3 tenants using 20 threads
2019-06-08 07:35:59.537 16 RALLYDEBUG rally_openstack.contexts.keystone.users [-] Creating 6 users using 20 threads
2019-06-08 07:36:02.204 16 INFO rally.task.context [-] Task da9de738-7899-46c3-bfc1-5379befb3481 | Context users@openstack setup() finished in 4.49 sec
2019-06-08 07:36:02.211 16 RALLYDEBUG rally.task.runner [-] Starting the constant runner (task UUID: da9de738-7899-46c3-bfc1-5379befb3481). timeout: 0 concurrency: 4 concurrency_per_worker: 1 times: 10 concurrency_overhead: 0 processes_to_start: 4 max_cpu_used: 16
2019-06-08 07:36:02.224 660 RALLYDEBUG rally.task.runner [-] Starting a worker. concurrency: 1 args: {"repetitions": 2} times: 10 method_name: run timeout: 0 duration: None cls:
2019-06-08 07:36:02.227 661 RALLYDEBUG rally.task.runner [-] Starting a worker. concurrency: 1 args: {"repetitions": 2} times: 10 method_name: run timeout: 0 duration: None cls:
2019-06-08 07:36:02.229 662 RALLYDEBUG rally.task.runner [-] Starting a worker. concurrency: 1 args: {"repetitions": 2} times: 10 method_name: run timeout: 0 duration: None cls:
2019-06-08 07:36:02.230 660 INFO rally.task.runner [-] Task da9de738-7899-46c3-bfc1-5379befb3481 | ITER: 1 START
2019-06-08 07:36:02.233 661 INFO rally.task.runner [-] Task da9de738-7899-46c3-bfc1-5379befb3481 | ITER: 2 START
2019-06-08 07:36:02.233 663 RALLYDEBUG rally.task.runner [-] Starting a worker. concurrency: 1 args: {"repetitions": 2} times: 10 method_name: run timeout: 0 duration: None cls:
2019-06-08 07:36:02.235 662 INFO rally.task.runner [-] Task da9de738-7899-46c3-bfc1-5379befb3481 | ITER: 3 START
2019-06-08 07:36:02.239 663 INFO rally.task.runner [-] Task da9de738-7899-46c3-bfc1-5379befb3481 | ITER: 4 START
2019-06-08 07:36:02.722 662 DEBUG novaclient.v2.client [-] REQ: curl -g -i -X GET http://172.30.9.46:8774/v2.1/flavors/detail -H "Accept: application/json" -H "User-Agent: python-novaclient" -H "X-Auth-Token: {SHA1}e624a513d73e451a40bec852d8461d606c0caf59" _http_log_request /usr/lib/python2.7/site-packages/keystoneauth1/session.py:448
2019-06-08 07:36:02.729 663 DEBUG novaclient.v2.client [-] REQ: curl -g -i -X GET http://172.30.9.46:8774/v2.1/flavors/detail -H "Accept: application/json" -H "User-Agent: python-novaclient" -H "X-Auth-Token: {SHA1}a07a3ea1233337d67a036d8e9fd576cdb939a9fc" _http_log_request /usr/lib/python2.7/site-packages/keystoneauth1/session.py:448
2019-06-08 07:36:02.731 661 DEBUG novaclient.v2.client [-] REQ: curl -g -i -X GET http://172.30.9.46:8774/v2.1/flavors/detail -H "Accept: application/json" -H "User-Agent: python-novaclient" -H "X-Auth-Token: {SHA1}9a39fa48c7ab50591d7b580003e416e4b477ba14" _http_log_request /usr/lib/python2.7/site-packages/keystoneauth1/session.py:448
2019-06-08 07:36:02.746 660 DEBUG novaclient.v2.client [-] REQ: curl -g -i -X GET http://172.30.9.46:8774/v2.1/flavors/detail -H "Accept: application/json" -H "User-Agent: python-novaclient" -H "X-Auth-Token: {SHA1}bf1100da9c30858e7eebd72056e880a79eadc81e" _http_log_request /usr/lib/python2.7/site-packages/keystoneauth1/session.py:448
2019-06-08 07:36:03.018 661 DEBUG novaclient.v2.client [-] RESP: [200] Content-Encoding: gzip Content-Length: 364 Content-Type: application/json Date: Sat, 08 Jun 2019 07:36:02 GMT OpenStack-API-Version: compute 2.1 Server: Apache Vary: OpenStack-API-Version,X-OpenStack-Nova-API-Version,Accept-Encoding X-OpenStack-Nova-API-Version: 2.1 x-compute-request-id: req-da2f2dfc-344b-4c60-8897-491dd99c5902 x-openstack-request-id: req-da2f2dfc-344b-4c60-8897-491dd99c5902 _http_log_response /usr/lib/python2.7/site-packages/keystoneauth1/session.py:479
2019-06-08 07:36:03.018 661 DEBUG novaclient.v2.client [-] RESP BODY: {"flavors": [{"name": "rally_full-flavor_alt_d09e47f0-7c5b-4a3d-a70a-228f31777d7e", "links": [{"href": "http://172.30.9.46:8774/v2.1/flavors/0573e554-6334-4be9-98a9-587c074aa754", "rel": "self"}, {"href": "http://172.30.9.46:8774/flavors/0573e554-6334-4be9-98a9-587c074aa754", "rel": "bookmark"}], "ram": 1024, "OS-FLV-DISABLED:disabled": false, "vcpus": 1, "swap": "", "os-flavor-access:is_public": true, "rxtx_factor": 1.0, "OS-FLV-EXT-DATA:ephemeral": 0, "disk": 1, "id": "0573e554-6334-4be9-98a9-587c074aa754"}, {"name": "rally_full-flavor_d09e47f0-7c5b-4a3d-a70a-228f31777d7e", "links": [{"href": "http://172.30.9.46:8774/v2.1/flavors/42e98d5e-b39b-46a6-a557-58c9cfbba7ce", "rel": "self"}, {"href": "http://172.30.9.46:8774/flavors/42e98d5e-b39b-46a6-a557-58c9cfbba7ce", "rel": "bookmark"}], "ram": 512, "OS-FLV-DISABLED:disabled": false, "vcpus": 1, "swap": "", "os-flavor-access:is_public": true, "rxtx_factor": 1.0, "OS-FLV-EXT-DATA:ephemeral": 0, "disk": 1, "id": "42e98d5e-b39b-46a6-a557-58c9cfbba7ce"}]} _http_log_response /usr/lib/python2.7/site-packages/keystoneauth1/session.py:511
2019-06-08 07:36:03.018 661 DEBUG novaclient.v2.client [-] GET call to compute for http://172.30.9.46:8774/v2.1/flavors/detail used request id req-da2f2dfc-344b-4c60-8897-491dd99c5902 request /usr/lib/python2.7/site-packages/keystoneauth1/session.py:844
2019-06-08 07:36:03.020 661 DEBUG novaclient.v2.client [-] REQ: curl -g -i -X GET http://172.30.9.46:8774/v2.1/flavors/detail -H "Accept: application/json" -H "User-Agent: python-novaclient" -H "X-Auth-Token: {SHA1}9a39fa48c7ab50591d7b580003e416e4b477ba14" _http_log_request /usr/lib/python2.7/site-packages/keystoneauth1/session.py:448
2019-06-08 07:36:03.039 662 DEBUG novaclient.v2.client [-] RESP: [200] Content-Encoding: gzip Content-Length: 364 Content-Type: application/json Date: Sat, 08 Jun 2019 07:36:02 GMT OpenStack-API-Version: compute 2.1 Server: Apache Vary: OpenStack-API-Version,X-OpenStack-Nova-API-Version,Accept-Encoding X-OpenStack-Nova-API-Version: 2.1 x-compute-request-id: req-947e2a99-f54c-4439-9915-fde524ad8812 x-openstack-request-id: req-947e2a99-f54c-4439-9915-fde524ad8812 _http_log_response /usr/lib/python2.7/site-packages/keystoneauth1/session.py:479
2019-06-08 07:36:03.039 661 DEBUG novaclient.v2.client [-] RESP: [200] Content-Encoding: gzip Content-Length: 364 Content-Type: application/json Date: Sat, 08 Jun 2019 07:36:03 GMT OpenStack-API-Version: compute 2.1 Server: Apache Vary: OpenStack-API-Version,X-OpenStack-Nova-API-Version,Accept-Encoding X-OpenStack-Nova-API-Version: 2.1 x-compute-request-id: req-62328f20-b7d6-4261-a3dd-32553f78e77a x-openstack-request-id: req-62328f20-b7d6-4261-a3dd-32553f78e77a _http_log_response /usr/lib/python2.7/site-packages/keystoneauth1/session.py:479
2019-06-08 07:36:03.039 662 DEBUG novaclient.v2.client [-] RESP BODY: {"flavors": [{"name": "rally_full-flavor_alt_d09e47f0-7c5b-4a3d-a70a-228f31777d7e", "links": [{"href": "http://172.30.9.46:8774/v2.1/flavors/0573e554-6334-4be9-98a9-587c074aa754", "rel": "self"}, {"href": "http://172.30.9.46:8774/flavors/0573e554-6334-4be9-98a9-587c074aa754", "rel": "bookmark"}], "ram": 1024, "OS-FLV-DISABLED:disabled": false, "vcpus": 1, "swap": "", "os-flavor-access:is_public": true, "rxtx_factor": 1.0, "OS-FLV-EXT-DATA:ephemeral": 0, "disk": 1, "id": "0573e554-6334-4be9-98a9-587c074aa754"}, {"name": "rally_full-flavor_d09e47f0-7c5b-4a3d-a70a-228f31777d7e", "links": [{"href": "http://172.30.9.46:8774/v2.1/flavors/42e98d5e-b39b-46a6-a557-58c9cfbba7ce", "rel": "self"}, {"href": "http://172.30.9.46:8774/flavors/42e98d5e-b39b-46a6-a557-58c9cfbba7ce", "rel": "bookmark"}], "ram": 512, "OS-FLV-DISABLED:disabled": false, "vcpus": 1, "swap": "", "os-flavor-access:is_public": true, "rxtx_factor": 1.0, "OS-FLV-EXT-DATA:ephemeral": 0, "disk": 1, "id": "42e98d5e-b39b-46a6-a557-58c9cfbba7ce"}]} _http_log_response /usr/lib/python2.7/site-packages/keystoneauth1/session.py:511
2019-06-08 07:36:03.039 662 DEBUG novaclient.v2.client [-] GET call to compute for http://172.30.9.46:8774/v2.1/flavors/detail used request id req-947e2a99-f54c-4439-9915-fde524ad8812 request /usr/lib/python2.7/site-packages/keystoneauth1/session.py:844
2019-06-08 07:36:03.039 661 DEBUG novaclient.v2.client [-] RESP BODY: {"flavors": [{"name": "rally_full-flavor_alt_d09e47f0-7c5b-4a3d-a70a-228f31777d7e", "links": [{"href": "http://172.30.9.46:8774/v2.1/flavors/0573e554-6334-4be9-98a9-587c074aa754", "rel": "self"}, {"href": "http://172.30.9.46:8774/flavors/0573e554-6334-4be9-98a9-587c074aa754", "rel": "bookmark"}], "ram": 1024, "OS-FLV-DISABLED:disabled": false, "vcpus": 1, "swap": "", "os-flavor-access:is_public": true, "rxtx_factor": 1.0, "OS-FLV-EXT-DATA:ephemeral": 0, "disk": 1, "id": "0573e554-6334-4be9-98a9-587c074aa754"}, {"name": "rally_full-flavor_d09e47f0-7c5b-4a3d-a70a-228f31777d7e", "links": [{"href": "http://172.30.9.46:8774/v2.1/flavors/42e98d5e-b39b-46a6-a557-58c9cfbba7ce", "rel": "self"}, {"href": "http://172.30.9.46:8774/flavors/42e98d5e-b39b-46a6-a557-58c9cfbba7ce", "rel": "bookmark"}], "ram": 512, "OS-FLV-DISABLED:disabled": false, "vcpus": 1, "swap": "", "os-flavor-access:is_public": true, "rxtx_factor": 1.0, "OS-FLV-EXT-DATA:ephemeral": 0, "disk": 1, "id": "42e98d5e-b39b-46a6-a557-58c9cfbba7ce"}]} _http_log_response /usr/lib/python2.7/site-packages/keystoneauth1/session.py:511
2019-06-08 07:36:03.040 661 DEBUG novaclient.v2.client [-] GET call to compute for http://172.30.9.46:8774/v2.1/flavors/detail used request id req-62328f20-b7d6-4261-a3dd-32553f78e77a request /usr/lib/python2.7/site-packages/keystoneauth1/session.py:844
2019-06-08 07:36:03.040 662 DEBUG novaclient.v2.client [-] REQ: curl -g -i -X GET http://172.30.9.46:8774/v2.1/flavors/detail -H "Accept: application/json" -H "User-Agent: python-novaclient" -H "X-Auth-Token: {SHA1}e624a513d73e451a40bec852d8461d606c0caf59" _http_log_request /usr/lib/python2.7/site-packages/keystoneauth1/session.py:448
2019-06-08 07:36:03.041 661 INFO rally.task.runner [-] Task da9de738-7899-46c3-bfc1-5379befb3481 | ITER: 2 END: OK
2019-06-08 07:36:03.045 661 INFO rally.task.runner [-] Task da9de738-7899-46c3-bfc1-5379befb3481 | ITER: 5 START
2019-06-08 07:36:03.055 663 DEBUG novaclient.v2.client [-] RESP: [200] Content-Encoding: gzip Content-Length: 364 Content-Type: application/json Date: Sat, 08 Jun 2019 07:36:02 GMT OpenStack-API-Version: compute 2.1 Server: Apache Vary: OpenStack-API-Version,X-OpenStack-Nova-API-Version,Accept-Encoding X-OpenStack-Nova-API-Version: 2.1 x-compute-request-id: req-9c874bc0-ddc6-4218-8695-8584370d1764 x-openstack-request-id: req-9c874bc0-ddc6-4218-8695-8584370d1764 _http_log_response /usr/lib/python2.7/site-packages/keystoneauth1/session.py:479
2019-06-08 07:36:03.055 663 DEBUG novaclient.v2.client [-] RESP BODY: {"flavors": [{"name": "rally_full-flavor_alt_d09e47f0-7c5b-4a3d-a70a-228f31777d7e", "links": [{"href": "http://172.30.9.46:8774/v2.1/flavors/0573e554-6334-4be9-98a9-587c074aa754", "rel": "self"}, {"href": "http://172.30.9.46:8774/flavors/0573e554-6334-4be9-98a9-587c074aa754", "rel": "bookmark"}], "ram": 1024, "OS-FLV-DISABLED:disabled": false, "vcpus": 1, "swap": "", "os-flavor-access:is_public": true, "rxtx_factor": 1.0, "OS-FLV-EXT-DATA:ephemeral": 0, "disk": 1, "id": "0573e554-6334-4be9-98a9-587c074aa754"}, {"name": "rally_full-flavor_d09e47f0-7c5b-4a3d-a70a-228f31777d7e", "links": [{"href": "http://172.30.9.46:8774/v2.1/flavors/42e98d5e-b39b-46a6-a557-58c9cfbba7ce", "rel": "self"}, {"href": "http://172.30.9.46:8774/flavors/42e98d5e-b39b-46a6-a557-58c9cfbba7ce", "rel": "bookmark"}], "ram": 512, "OS-FLV-DISABLED:disabled": false, "vcpus": 1, "swap": "", "os-flavor-access:is_public": true, "rxtx_factor": 1.0, "OS-FLV-EXT-DATA:ephemeral": 0, "disk": 1, "id": "42e98d5e-b39b-46a6-a557-58c9cfbba7ce"}]} _http_log_response /usr/lib/python2.7/site-packages/keystoneauth1/session.py:511
2019-06-08 07:36:03.055 663 DEBUG novaclient.v2.client [-] GET call to compute for http://172.30.9.46:8774/v2.1/flavors/detail used request id req-9c874bc0-ddc6-4218-8695-8584370d1764 request /usr/lib/python2.7/site-packages/keystoneauth1/session.py:844
2019-06-08 07:36:03.056 663 DEBUG novaclient.v2.client [-] REQ: curl -g -i -X GET http://172.30.9.46:8774/v2.1/flavors/detail -H "Accept: application/json" -H "User-Agent: python-novaclient" -H "X-Auth-Token: {SHA1}a07a3ea1233337d67a036d8e9fd576cdb939a9fc" _http_log_request /usr/lib/python2.7/site-packages/keystoneauth1/session.py:448
2019-06-08 07:36:03.060 662 DEBUG novaclient.v2.client [-] RESP: [200] Content-Encoding: gzip Content-Length: 364 Content-Type: application/json Date: Sat, 08 Jun 2019 07:36:03 GMT OpenStack-API-Version: compute 2.1 Server: Apache Vary: OpenStack-API-Version,X-OpenStack-Nova-API-Version,Accept-Encoding X-OpenStack-Nova-API-Version: 2.1 x-compute-request-id: req-d189c495-ffb6-4529-b815-cbfaea05154e x-openstack-request-id: req-d189c495-ffb6-4529-b815-cbfaea05154e _http_log_response /usr/lib/python2.7/site-packages/keystoneauth1/session.py:479
2019-06-08 07:36:03.060 662 DEBUG novaclient.v2.client [-] RESP BODY: {"flavors": [{"name": "rally_full-flavor_alt_d09e47f0-7c5b-4a3d-a70a-228f31777d7e", "links": [{"href": "http://172.30.9.46:8774/v2.1/flavors/0573e554-6334-4be9-98a9-587c074aa754", "rel": "self"}, {"href": "http://172.30.9.46:8774/flavors/0573e554-6334-4be9-98a9-587c074aa754", "rel": "bookmark"}], "ram": 1024, "OS-FLV-DISABLED:disabled": false, "vcpus": 1, "swap": "", "os-flavor-access:is_public": true, "rxtx_factor": 1.0, "OS-FLV-EXT-DATA:ephemeral": 0, "disk": 1, "id": "0573e554-6334-4be9-98a9-587c074aa754"}, {"name": "rally_full-flavor_d09e47f0-7c5b-4a3d-a70a-228f31777d7e", "links": [{"href": "http://172.30.9.46:8774/v2.1/flavors/42e98d5e-b39b-46a6-a557-58c9cfbba7ce", "rel": "self"}, {"href": "http://172.30.9.46:8774/flavors/42e98d5e-b39b-46a6-a557-58c9cfbba7ce", "rel": "bookmark"}], "ram": 512, "OS-FLV-DISABLED:disabled": false, "vcpus": 1, "swap": "", "os-flavor-access:is_public": true, "rxtx_factor": 1.0, "OS-FLV-EXT-DATA:ephemeral": 0, "disk": 1, "id": "42e98d5e-b39b-46a6-a557-58c9cfbba7ce"}]} _http_log_response /usr/lib/python2.7/site-packages/keystoneauth1/session.py:511
2019-06-08 07:36:03.060 662 DEBUG novaclient.v2.client [-] GET call to compute for http://172.30.9.46:8774/v2.1/flavors/detail used request id req-d189c495-ffb6-4529-b815-cbfaea05154e request /usr/lib/python2.7/site-packages/keystoneauth1/session.py:844
2019-06-08 07:36:03.061 662 INFO rally.task.runner [-] Task da9de738-7899-46c3-bfc1-5379befb3481 | ITER: 3 END: OK
2019-06-08 07:36:03.065 662 INFO rally.task.runner [-] Task da9de738-7899-46c3-bfc1-5379befb3481 | ITER: 6 START
2019-06-08 07:36:03.076 663 DEBUG novaclient.v2.client [-] RESP: [200] Content-Encoding: gzip Content-Length: 364 Content-Type: application/json Date: Sat, 08 Jun 2019 07:36:03 GMT OpenStack-API-Version: compute 2.1 Server: Apache Vary: OpenStack-API-Version,X-OpenStack-Nova-API-Version,Accept-Encoding X-OpenStack-Nova-API-Version: 2.1 x-compute-request-id: req-b8be0743-fb4c-412a-867d-b27d387458b7 x-openstack-request-id: req-b8be0743-fb4c-412a-867d-b27d387458b7 _http_log_response /usr/lib/python2.7/site-packages/keystoneauth1/session.py:479
2019-06-08 07:36:03.076 663 DEBUG novaclient.v2.client [-] RESP BODY: {"flavors": [{"name": "rally_full-flavor_alt_d09e47f0-7c5b-4a3d-a70a-228f31777d7e", "links": [{"href": "http://172.30.9.46:8774/v2.1/flavors/0573e554-6334-4be9-98a9-587c074aa754", "rel": "self"}, {"href": "http://172.30.9.46:8774/flavors/0573e554-6334-4be9-98a9-587c074aa754", "rel": "bookmark"}], "ram": 1024, "OS-FLV-DISABLED:disabled": false, "vcpus": 1, "swap": "", "os-flavor-access:is_public": true, "rxtx_factor": 1.0, "OS-FLV-EXT-DATA:ephemeral": 0, "disk": 1, "id": "0573e554-6334-4be9-98a9-587c074aa754"}, {"name": "rally_full-flavor_d09e47f0-7c5b-4a3d-a70a-228f31777d7e", "links": [{"href": "http://172.30.9.46:8774/v2.1/flavors/42e98d5e-b39b-46a6-a557-58c9cfbba7ce", "rel": "self"}, {"href": "http://172.30.9.46:8774/flavors/42e98d5e-b39b-46a6-a557-58c9cfbba7ce", "rel": "bookmark"}], "ram": 512, "OS-FLV-DISABLED:disabled": false, "vcpus": 1, "swap": "", "os-flavor-access:is_public": true, "rxtx_factor": 1.0, "OS-FLV-EXT-DATA:ephemeral": 0, "disk": 1, "id": "42e98d5e-b39b-46a6-a557-58c9cfbba7ce"}]} _http_log_response /usr/lib/python2.7/site-packages/keystoneauth1/session.py:511
2019-06-08 07:36:03.076 663 DEBUG novaclient.v2.client [-] GET call to compute for http://172.30.9.46:8774/v2.1/flavors/detail used request id req-b8be0743-fb4c-412a-867d-b27d387458b7 request /usr/lib/python2.7/site-packages/keystoneauth1/session.py:844
2019-06-08 07:36:03.077 663 INFO rally.task.runner [-] Task da9de738-7899-46c3-bfc1-5379befb3481 | ITER: 4 END: OK
2019-06-08 07:36:03.080 663 INFO rally.task.runner [-] Task da9de738-7899-46c3-bfc1-5379befb3481 | ITER: 7 START
2019-06-08 07:36:03.092 660 DEBUG novaclient.v2.client [-] RESP: [200] Content-Encoding: gzip Content-Length: 364 Content-Type: application/json Date: Sat, 08 Jun 2019 07:36:02 GMT OpenStack-API-Version: compute 2.1 Server: Apache Vary: OpenStack-API-Version,X-OpenStack-Nova-API-Version,Accept-Encoding X-OpenStack-Nova-API-Version: 2.1 x-compute-request-id: req-0c232d56-70e3-4463-83e6-2a70a205c0ba x-openstack-request-id: req-0c232d56-70e3-4463-83e6-2a70a205c0ba _http_log_response /usr/lib/python2.7/site-packages/keystoneauth1/session.py:479
2019-06-08 07:36:03.092 660 DEBUG novaclient.v2.client [-] RESP BODY: {"flavors": [{"name": "rally_full-flavor_alt_d09e47f0-7c5b-4a3d-a70a-228f31777d7e", "links": [{"href": "http://172.30.9.46:8774/v2.1/flavors/0573e554-6334-4be9-98a9-587c074aa754", "rel": "self"}, {"href": "http://172.30.9.46:8774/flavors/0573e554-6334-4be9-98a9-587c074aa754", "rel": "bookmark"}], "ram": 1024, "OS-FLV-DISABLED:disabled": false, "vcpus": 1, "swap": "", "os-flavor-access:is_public": true, "rxtx_factor": 1.0, "OS-FLV-EXT-DATA:ephemeral": 0, "disk": 1, "id": "0573e554-6334-4be9-98a9-587c074aa754"}, {"name": "rally_full-flavor_d09e47f0-7c5b-4a3d-a70a-228f31777d7e", "links": [{"href": "http://172.30.9.46:8774/v2.1/flavors/42e98d5e-b39b-46a6-a557-58c9cfbba7ce", "rel": "self"}, {"href": "http://172.30.9.46:8774/flavors/42e98d5e-b39b-46a6-a557-58c9cfbba7ce", "rel": "bookmark"}], "ram": 512, "OS-FLV-DISABLED:disabled": false, "vcpus": 1, "swap": "", "os-flavor-access:is_public": true, "rxtx_factor": 1.0, "OS-FLV-EXT-DATA:ephemeral": 0, "disk": 1, "id": "42e98d5e-b39b-46a6-a557-58c9cfbba7ce"}]} _http_log_response /usr/lib/python2.7/site-packages/keystoneauth1/session.py:511
2019-06-08 07:36:03.093 660 DEBUG novaclient.v2.client [-] GET call to compute for http://172.30.9.46:8774/v2.1/flavors/detail used request id req-0c232d56-70e3-4463-83e6-2a70a205c0ba request /usr/lib/python2.7/site-packages/keystoneauth1/session.py:844
