2019-06-08 07:44:40.683 1842 DEBUG novaclient.v2.client [-] GET call to compute for http://172.30.9.46:8774/v2.1/os-server-groups used request id req-de454eac-3317-4303-bf69-c75bc82f52d8 request /usr/lib/python2.7/site-packages/keystoneauth1/session.py:844
2019-06-08 07:44:40.690 1842 RALLYDEBUG rally_openstack.cleanup.manager [-] Cleaning up nova keypairs objects
2019-06-08 07:44:41.110 1842 DEBUG novaclient.v2.client [-] REQ: curl -g -i -X GET http://172.30.9.46:8774/v2.1/os-keypairs -H "Accept: application/json" -H "User-Agent: python-novaclient" -H "X-Auth-Token: {SHA1}48be3dd126761fe9389bb130268a0d485da713eb" _http_log_request /usr/lib/python2.7/site-packages/keystoneauth1/session.py:448
2019-06-08 07:44:41.302 1842 DEBUG novaclient.v2.client [-] RESP: [200] Content-Length: 16 Content-Type: application/json Date: Sat, 08 Jun 2019 07:44:41 GMT OpenStack-API-Version: compute 2.1 Server: Apache Vary: OpenStack-API-Version,X-OpenStack-Nova-API-Version X-OpenStack-Nova-API-Version: 2.1 x-compute-request-id: req-f3dd3569-14bc-4c32-af5d-b75f2b4053cc x-openstack-request-id: req-f3dd3569-14bc-4c32-af5d-b75f2b4053cc _http_log_response /usr/lib/python2.7/site-packages/keystoneauth1/session.py:479
2019-06-08 07:44:41.302 1842 DEBUG novaclient.v2.client [-] RESP BODY: {"keypairs": []} _http_log_response /usr/lib/python2.7/site-packages/keystoneauth1/session.py:511
2019-06-08 07:44:41.302 1842 DEBUG novaclient.v2.client [-] GET call to compute for http://172.30.9.46:8774/v2.1/os-keypairs used request id req-f3dd3569-14bc-4c32-af5d-b75f2b4053cc request /usr/lib/python2.7/site-packages/keystoneauth1/session.py:844
2019-06-08 07:44:41.724 1842 DEBUG novaclient.v2.client [-] REQ: curl -g -i -X GET http://172.30.9.46:8774/v2.1/os-keypairs -H "Accept: application/json" -H "User-Agent: python-novaclient" -H "X-Auth-Token: {SHA1}1a51cb0a503c447c17d056e599ede20d35cfa958" _http_log_request /usr/lib/python2.7/site-packages/keystoneauth1/session.py:448
2019-06-08 07:44:42.099 1842 DEBUG novaclient.v2.client [-] RESP: [200] Content-Length: 16 Content-Type: application/json Date: Sat, 08 Jun 2019 07:44:41 GMT OpenStack-API-Version: compute 2.1 Server: Apache Vary: OpenStack-API-Version,X-OpenStack-Nova-API-Version X-OpenStack-Nova-API-Version: 2.1 x-compute-request-id: req-6c4a0963-3c64-4f56-8f8f-23a19e855752 x-openstack-request-id: req-6c4a0963-3c64-4f56-8f8f-23a19e855752 _http_log_response /usr/lib/python2.7/site-packages/keystoneauth1/session.py:479
2019-06-08 07:44:42.100 1842 DEBUG novaclient.v2.client [-] RESP BODY: {"keypairs": []} _http_log_response /usr/lib/python2.7/site-packages/keystoneauth1/session.py:511
2019-06-08 07:44:42.100 1842 DEBUG novaclient.v2.client [-] GET call to compute for http://172.30.9.46:8774/v2.1/os-keypairs used request id req-6c4a0963-3c64-4f56-8f8f-23a19e855752 request /usr/lib/python2.7/site-packages/keystoneauth1/session.py:844
2019-06-08 07:44:42.509 1842 DEBUG novaclient.v2.client [-] REQ: curl -g -i -X GET http://172.30.9.46:8774/v2.1/os-keypairs -H "Accept: application/json" -H "User-Agent: python-novaclient" -H "X-Auth-Token: {SHA1}ae28c9baccf9a7027471ad29697d797e1d923276" _http_log_request /usr/lib/python2.7/site-packages/keystoneauth1/session.py:448
2019-06-08 07:44:42.786 1842 DEBUG novaclient.v2.client [-] RESP: [200] Content-Length: 16 Content-Type: application/json Date: Sat, 08 Jun 2019 07:44:42 GMT OpenStack-API-Version: compute 2.1 Server: Apache Vary: OpenStack-API-Version,X-OpenStack-Nova-API-Version X-OpenStack-Nova-API-Version: 2.1 x-compute-request-id: req-a7109bbb-4938-48ee-8cb6-4d703772bcb2 x-openstack-request-id: req-a7109bbb-4938-48ee-8cb6-4d703772bcb2 _http_log_response /usr/lib/python2.7/site-packages/keystoneauth1/session.py:479
2019-06-08 07:44:42.786 1842 DEBUG novaclient.v2.client [-] RESP BODY: {"keypairs": []} _http_log_response /usr/lib/python2.7/site-packages/keystoneauth1/session.py:511
2019-06-08 07:44:42.787 1842 DEBUG novaclient.v2.client [-] GET call to compute for http://172.30.9.46:8774/v2.1/os-keypairs used request id req-a7109bbb-4938-48ee-8cb6-4d703772bcb2 request /usr/lib/python2.7/site-packages/keystoneauth1/session.py:844
2019-06-08 07:44:43.200 1842 DEBUG novaclient.v2.client [-] REQ: curl -g -i -X GET http://172.30.9.46:8774/v2.1/os-keypairs -H "Accept: application/json" -H "User-Agent: python-novaclient" -H "X-Auth-Token: {SHA1}890ea200207f0e97cce501e63c1c6144e3b279f1" _http_log_request /usr/lib/python2.7/site-packages/keystoneauth1/session.py:448
2019-06-08 07:44:43.402 1842 DEBUG novaclient.v2.client [-] RESP: [200] Content-Length: 16 Content-Type: application/json Date: Sat, 08 Jun 2019 07:44:43 GMT OpenStack-API-Version: compute 2.1 Server: Apache Vary: OpenStack-API-Version,X-OpenStack-Nova-API-Version X-OpenStack-Nova-API-Version: 2.1 x-compute-request-id: req-b313a7e3-57d6-40d1-a17c-18190fdb50ef x-openstack-request-id: req-b313a7e3-57d6-40d1-a17c-18190fdb50ef _http_log_response /usr/lib/python2.7/site-packages/keystoneauth1/session.py:479
2019-06-08 07:44:43.402 1842 DEBUG novaclient.v2.client [-] RESP BODY: {"keypairs": []} _http_log_response /usr/lib/python2.7/site-packages/keystoneauth1/session.py:511
2019-06-08 07:44:43.403 1842 DEBUG novaclient.v2.client [-] GET call to compute for http://172.30.9.46:8774/v2.1/os-keypairs used request id req-b313a7e3-57d6-40d1-a17c-18190fdb50ef request /usr/lib/python2.7/site-packages/keystoneauth1/session.py:844
2019-06-08 07:44:43.823 1842 DEBUG novaclient.v2.client [-] REQ: curl -g -i -X GET http://172.30.9.46:8774/v2.1/os-keypairs -H "Accept: application/json" -H "User-Agent: python-novaclient" -H "X-Auth-Token: {SHA1}8eb944da1098d8985eb1b43fa1389bc54785dfa9" _http_log_request /usr/lib/python2.7/site-packages/keystoneauth1/session.py:448
2019-06-08 07:44:44.018 1842 DEBUG novaclient.v2.client [-] RESP: [200] Content-Length: 16 Content-Type: application/json Date: Sat, 08 Jun 2019 07:44:43 GMT OpenStack-API-Version: compute 2.1 Server: Apache Vary: OpenStack-API-Version,X-OpenStack-Nova-API-Version X-OpenStack-Nova-API-Version: 2.1 x-compute-request-id: req-ac971388-6363-4ef5-bfcd-f56607bb3d85 x-openstack-request-id: req-ac971388-6363-4ef5-bfcd-f56607bb3d85 _http_log_response /usr/lib/python2.7/site-packages/keystoneauth1/session.py:479
2019-06-08 07:44:44.019 1842 DEBUG novaclient.v2.client [-] RESP BODY: {"keypairs": []} _http_log_response /usr/lib/python2.7/site-packages/keystoneauth1/session.py:511
2019-06-08 07:44:44.019 1842 DEBUG novaclient.v2.client [-] GET call to compute for http://172.30.9.46:8774/v2.1/os-keypairs used request id req-ac971388-6363-4ef5-bfcd-f56607bb3d85 request /usr/lib/python2.7/site-packages/keystoneauth1/session.py:844
2019-06-08 07:44:44.449 1842 DEBUG novaclient.v2.client [-] REQ: curl -g -i -X GET http://172.30.9.46:8774/v2.1/os-keypairs -H "Accept: application/json" -H "User-Agent: python-novaclient" -H "X-Auth-Token: {SHA1}5f38e2a84076393269b8814b2a8f75f3b7c505ef" _http_log_request /usr/lib/python2.7/site-packages/keystoneauth1/session.py:448
2019-06-08 07:44:44.731 1842 DEBUG novaclient.v2.client [-] RESP: [200] Content-Length: 16 Content-Type: application/json Date: Sat, 08 Jun 2019 07:44:44 GMT OpenStack-API-Version: compute 2.1 Server: Apache Vary: OpenStack-API-Version,X-OpenStack-Nova-API-Version X-OpenStack-Nova-API-Version: 2.1 x-compute-request-id: req-16ab97d3-d859-4a06-bb07-88af31c2b71d x-openstack-request-id: req-16ab97d3-d859-4a06-bb07-88af31c2b71d _http_log_response /usr/lib/python2.7/site-packages/keystoneauth1/session.py:479
2019-06-08 07:44:44.732 1842 DEBUG novaclient.v2.client [-] RESP BODY: {"keypairs": []} _http_log_response /usr/lib/python2.7/site-packages/keystoneauth1/session.py:511
2019-06-08 07:44:44.732 1842 DEBUG novaclient.v2.client [-] GET call to compute for http://172.30.9.46:8774/v2.1/os-keypairs used request id req-16ab97d3-d859-4a06-bb07-88af31c2b71d request /usr/lib/python2.7/site-packages/keystoneauth1/session.py:844
2019-06-08 07:44:44.739 1842 RALLYDEBUG rally_openstack.cleanup.manager [-] Cleaning up cinder backups objects
2019-06-08 07:44:46.904 1842 RALLYDEBUG rally_openstack.cleanup.manager [-] Cleaning up cinder volume_snapshots objects
2019-06-08 07:44:48.979 1842 RALLYDEBUG rally_openstack.cleanup.manager [-] Cleaning up cinder transfers objects
2019-06-08 07:44:50.935 1842 RALLYDEBUG rally_openstack.cleanup.manager [-] Cleaning up cinder volumes objects
2019-06-08 07:44:52.853 1842 INFO rally.task.context [-] Task 32951d5e-0908-45e1-b646-e82b9cfdef31 | Context cleanup@openstack cleanup() finished in 16.45 sec
2019-06-08 07:44:52.854 1842 INFO rally.task.context [-] Task 32951d5e-0908-45e1-b646-e82b9cfdef31 | Context quotas@openstack cleanup() started
2019-06-08 07:44:53.394 1842 INFO rally.task.context [-] Task 32951d5e-0908-45e1-b646-e82b9cfdef31 | Context quotas@openstack cleanup() finished in 0.54 sec
2019-06-08 07:44:53.395 1842 INFO rally.task.context [-] Task 32951d5e-0908-45e1-b646-e82b9cfdef31 | Context api_versions@openstack cleanup() started
2019-06-08 07:44:53.395 1842 INFO rally.task.context [-] Task 32951d5e-0908-45e1-b646-e82b9cfdef31 | Context api_versions@openstack cleanup() finished in 0.29 msec
2019-06-08 07:44:53.395 1842 INFO rally.task.context [-] Task 32951d5e-0908-45e1-b646-e82b9cfdef31 | Context users@openstack cleanup() started
2019-06-08 07:45:00.454 1842 INFO rally.task.context [-] Task 32951d5e-0908-45e1-b646-e82b9cfdef31 | Context users@openstack cleanup() finished in 7.06 sec
2019-06-08 07:45:02.199 1842 INFO rally.task.engine [-] Load duration is: 87.529575
2019-06-08 07:45:02.199 1842 INFO rally.task.engine [-] Full runner duration is: 88.580369
2019-06-08 07:45:02.200 1842 INFO rally.task.engine [-] Full duration is: 120.684221
2019-06-08 07:45:02.454 1842 INFO rally.task.engine [-] Running workload: position = 0 config = { "version": 2, "title": "A cropped version of a bigger task.", "description": "Auto-generated task from a single workload (uuid=34cb4a51-54f9-48dd-94ac-13d59648c4b1)", "subtasks": [ { "title": "CinderVolumes.create_and_list_snapshots", "description": "Create and then list a volume-snapshot.", "scenario": { "CinderVolumes.create_and_list_snapshots": { "detailed": true, "force": false } }, "contexts": { "users": { "tenants": 3, "users_per_tenant": 2 }, "quotas": { "cinder": { "gigabytes": -1, "snapshots": -1, "volumes": -1 } }, "api_versions": { "cinder": { "version": 3, "service_type": "volumev3" } }, "volumes": { "size": 1, "volumes_per_tenant": 1 } }, "runner": { "constant": { "concurrency": 4, "times": 10 } }, "hooks": [], "sla": { "failure_rate": { "max": 0 } } } ] }
2019-06-08 07:45:02.480 1842 RALLYDEBUG rally_openstack.contexts.keystone.users [-] Creating 3 tenants using 20 threads
2019-06-08 07:45:04.350 1842 RALLYDEBUG rally_openstack.contexts.keystone.users [-] Creating 6 users using 20 threads
2019-06-08 07:45:06.962 1842 INFO rally.task.context [-] Task 32951d5e-0908-45e1-b646-e82b9cfdef31 | Context users@openstack setup() finished in 4.48 sec
2019-06-08 07:45:07.378 1842 INFO rally.task.context [-] Task 32951d5e-0908-45e1-b646-e82b9cfdef31 | Context api_versions@openstack setup() finished in 0.42 sec
2019-06-08 07:45:08.953 1842 INFO rally.task.context [-] Task 32951d5e-0908-45e1-b646-e82b9cfdef31 | Context quotas@openstack setup() finished in 1.57 sec
2019-06-08 07:45:19.784 1842 INFO rally.task.context [-] Task 32951d5e-0908-45e1-b646-e82b9cfdef31 | Context volumes@openstack setup() finished in 10.83 sec
2019-06-08 07:45:19.785 1842 INFO rally.task.context [-] Task 32951d5e-0908-45e1-b646-e82b9cfdef31 | Context cleanup@openstack setup() finished in 0.01 msec
2019-06-08 07:45:19.792 1842 RALLYDEBUG rally.task.runner [-] Starting the constant runner (task UUID: 32951d5e-0908-45e1-b646-e82b9cfdef31). timeout: 0 concurrency: 4 concurrency_per_worker: 1 times: 10 concurrency_overhead: 0 processes_to_start: 4 max_cpu_used: 16
2019-06-08 07:45:19.804 2210 RALLYDEBUG rally.task.runner [-] Starting a worker. concurrency: 1 args: {"detailed": true, "force": false} times: 10 method_name: run timeout: 0 duration: None cls:
2019-06-08 07:45:19.807 2211 RALLYDEBUG rally.task.runner [-] Starting a worker. concurrency: 1 args: {"detailed": true, "force": false} times: 10 method_name: run timeout: 0 duration: None cls:
2019-06-08 07:45:19.815 2212 RALLYDEBUG rally.task.runner [-] Starting a worker. concurrency: 1 args: {"detailed": true, "force": false} times: 10 method_name: run timeout: 0 duration: None cls:
2019-06-08 07:45:19.816 2210 INFO rally.task.runner [-] Task 32951d5e-0908-45e1-b646-e82b9cfdef31 | ITER: 1 START
2019-06-08 07:45:19.815 2213 RALLYDEBUG rally.task.runner [-] Starting a worker. concurrency: 1 args: {"detailed": true, "force": false} times: 10 method_name: run timeout: 0 duration: None cls:
2019-06-08 07:45:19.819 2211 INFO rally.task.runner [-] Task 32951d5e-0908-45e1-b646-e82b9cfdef31 | ITER: 2 START
2019-06-08 07:45:19.828 2212 INFO rally.task.runner [-] Task 32951d5e-0908-45e1-b646-e82b9cfdef31 | ITER: 3 START
2019-06-08 07:45:19.829 2213 INFO rally.task.runner [-] Task 32951d5e-0908-45e1-b646-e82b9cfdef31 | ITER: 4 START
2019-06-08 07:45:23.396 2210 INFO rally.task.runner [-] Task 32951d5e-0908-45e1-b646-e82b9cfdef31 | ITER: 1 END: OK
2019-06-08 07:45:23.401 2210 INFO rally.task.runner [-] Task 32951d5e-0908-45e1-b646-e82b9cfdef31 | ITER: 5 START
2019-06-08 07:45:23.462 2211 INFO rally.task.runner [-] Task 32951d5e-0908-45e1-b646-e82b9cfdef31 | ITER: 2 END: OK
2019-06-08 07:45:23.467 2211 INFO rally.task.runner [-] Task 32951d5e-0908-45e1-b646-e82b9cfdef31 | ITER: 6 START
2019-06-08 07:45:23.490 2213 INFO rally.task.runner [-] Task 32951d5e-0908-45e1-b646-e82b9cfdef31 | ITER: 4 END: OK
2019-06-08 07:45:23.495 2213 INFO rally.task.runner [-] Task 32951d5e-0908-45e1-b646-e82b9cfdef31 | ITER: 7 START
2019-06-08 07:45:23.663 2212 INFO rally.task.runner [-] Task 32951d5e-0908-45e1-b646-e82b9cfdef31 | ITER: 3 END: OK
2019-06-08 07:45:23.667 2212 INFO rally.task.runner [-] Task 32951d5e-0908-45e1-b646-e82b9cfdef31 | ITER: 8 START
2019-06-08 07:45:26.570 2211 INFO rally.task.runner [-] Task 32951d5e-0908-45e1-b646-e82b9cfdef31 | ITER: 6 END: OK
2019-06-08 07:45:26.574 2211 INFO rally.task.runner [-] Task 32951d5e-0908-45e1-b646-e82b9cfdef31 | ITER: 9 START
2019-06-08 07:45:26.919 2210 INFO rally.task.runner [-] Task 32951d5e-0908-45e1-b646-e82b9cfdef31 | ITER: 5 END: OK
2019-06-08 07:45:26.925 2210 INFO rally.task.runner [-] Task 32951d5e-0908-45e1-b646-e82b9cfdef31 | ITER: 10 START
2019-06-08 07:45:26.952 2213 INFO rally.task.runner [-] Task 32951d5e-0908-45e1-b646-e82b9cfdef31 | ITER: 7 END: OK
2019-06-08 07:45:27.285 2212 INFO rally.task.runner [-] Task 32951d5e-0908-45e1-b646-e82b9cfdef31 | ITER: 8 END: OK
2019-06-08 07:45:29.820 2211 INFO rally.task.runner [-] Task 32951d5e-0908-45e1-b646-e82b9cfdef31 | ITER: 9 END: OK
2019-06-08 07:45:30.325 2210 INFO rally.task.runner [-] Task 32951d5e-0908-45e1-b646-e82b9cfdef31 | ITER: 10 END: OK
2019-06-08 07:45:30.347 1842 INFO rally.task.context [-] Task 32951d5e-0908-45e1-b646-e82b9cfdef31 | Context cleanup@openstack cleanup() started
2019-06-08 07:45:30.350 1842 RALLYDEBUG rally_openstack.cleanup.manager [-] Cleaning up cinder backups objects
2019-06-08 07:45:32.316 1842 RALLYDEBUG rally_openstack.cleanup.manager [-] Cleaning up cinder volume_snapshots objects
2019-06-08 07:45:34.234 1842 RALLYDEBUG rally_openstack.cleanup.manager [-] Deleting cinder.volume_snapshots object s_rally_34cb4a51_b3T03bHY (da100de0-727f-4f35-8e4a-b4d7428f021e)
2019-06-08 07:45:34.235 1842 RALLYDEBUG rally_openstack.cleanup.manager [-] Deleting cinder.volume_snapshots object s_rally_34cb4a51_FRLICmPc (0e456251-59cb-4f4e-b5ca-54046a5d991b)
2019-06-08 07:45:34.235 1842 RALLYDEBUG rally_openstack.cleanup.manager [-] Deleting cinder.volume_snapshots object s_rally_34cb4a51_hQRPrBZR (117de8f6-0ce6-4d9a-a836-d46c2b02b895)
2019-06-08 07:45:34.239 1842 RALLYDEBUG rally_openstack.cleanup.manager [-] Deleting cinder.volume_snapshots object s_rally_34cb4a51_D0zi3ICD (4aa0b4c5-b2f7-4b5c-afb1-60cf421cd913)
2019-06-08 07:45:34.242 1842 RALLYDEBUG rally_openstack.cleanup.manager [-] Deleting cinder.volume_snapshots object s_rally_34cb4a51_RMxjaGOW (336894d6-647f-4d41-9b05-34c54e47aaca)
2019-06-08 07:45:34.243 1842 RALLYDEBUG rally_openstack.cleanup.manager [-] Deleting cinder.volume_snapshots object s_rally_34cb4a51_ORU20IYA (3045872a-578d-4e72-b491-ca74ae751394)
2019-06-08 07:45:34.244 1842 RALLYDEBUG rally_openstack.cleanup.manager [-] Deleting cinder.volume_snapshots object s_rally_34cb4a51_102DVD5w (bbda4f67-4360-4fb5-977f-dacee0090a79)
2019-06-08 07:45:34.254 1842 RALLYDEBUG rally_openstack.cleanup.manager [-] Deleting cinder.volume_snapshots object s_rally_34cb4a51_3AHy8afA (e7de8818-8683-4929-b74d-4b1653747777)
2019-06-08 07:45:34.258 1842 RALLYDEBUG rally_openstack.cleanup.manager [-] Deleting cinder.volume_snapshots object s_rally_34cb4a51_9mRGZfL6 (038d4db4-468f-497f-a668-bf6c07273eeb)
2019-06-08 07:45:34.283 1842 RALLYDEBUG rally_openstack.cleanup.manager [-] Deleting cinder.volume_snapshots object s_rally_34cb4a51_FZsauN0H (86f9aad1-520d-4b65-8f31-4cca3cec6de6)
2019-06-08 07:45:40.030 1842 RALLYDEBUG rally_openstack.cleanup.manager [-] Cleaning up cinder transfers objects
2019-06-08 07:45:42.021 1842 RALLYDEBUG rally_openstack.cleanup.manager [-] Cleaning up cinder volumes objects
2019-06-08 07:45:44.022 1842 INFO rally.task.context [-] Task 32951d5e-0908-45e1-b646-e82b9cfdef31 | Context cleanup@openstack cleanup() finished in 13.68 sec
2019-06-08 07:45:44.022 1842 INFO rally.task.context [-] Task 32951d5e-0908-45e1-b646-e82b9cfdef31 | Context volumes@openstack cleanup() started
2019-06-08 07:45:44.023 1842 RALLYDEBUG rally_openstack.cleanup.manager [-] Cleaning up cinder volumes objects
2019-06-08 07:45:46.109 1842 RALLYDEBUG rally_openstack.cleanup.manager [-] Deleting cinder.volumes object c_rally_34cb4a51_r8ZNXgDa (0e9fe698-e85f-420e-a55e-c6847147cdd9)
2019-06-08 07:45:46.113 1842 RALLYDEBUG rally_openstack.cleanup.manager [-] Deleting cinder.volumes object c_rally_34cb4a51_FoOwUGHr (0c7f0e4d-bba6-4fd4-bded-430fe7e8bec9)
2019-06-08 07:45:46.114 1842 RALLYDEBUG rally_openstack.cleanup.manager [-] Deleting cinder.volumes object c_rally_34cb4a51_xVD255jj (02f17959-7216-4a0b-ab7a-1843df6962f3)
2019-06-08 07:45:49.331 1842 INFO rally.task.context [-] Task 32951d5e-0908-45e1-b646-e82b9cfdef31 | Context volumes@openstack cleanup() finished in 5.31 sec
2019-06-08 07:45:49.331 1842 INFO rally.task.context [-] Task 32951d5e-0908-45e1-b646-e82b9cfdef31 | Context quotas@openstack cleanup() started
2019-06-08 07:45:49.998 1842 INFO rally.task.context [-] Task 32951d5e-0908-45e1-b646-e82b9cfdef31 | Context quotas@openstack cleanup() finished in 0.67 sec
2019-06-08 07:45:49.999 1842 INFO rally.task.context [-] Task 32951d5e-0908-45e1-b646-e82b9cfdef31 | Context api_versions@openstack cleanup() started
2019-06-08 07:45:49.999 1842 INFO rally.task.context [-] Task 32951d5e-0908-45e1-b646-e82b9cfdef31 | Context api_versions@openstack cleanup() finished in 0.32 msec
2019-06-08 07:45:49.999 1842 INFO rally.task.context [-] Task 32951d5e-0908-45e1-b646-e82b9cfdef31 | Context users@openstack cleanup() started
2019-06-08 07:45:56.801 1842 INFO rally.task.context [-] Task 32951d5e-0908-45e1-b646-e82b9cfdef31 | Context users@openstack cleanup() finished in 6.80 sec
2019-06-08 07:45:58.722 1842 INFO rally.task.engine [-] Load duration is: 10.505027
2019-06-08 07:45:58.722 1842 INFO rally.task.engine [-] Full runner duration is: 10.554648
2019-06-08 07:45:58.723 1842 INFO rally.task.engine [-] Full duration is: 54.326443
2019-06-08 07:45:58.990 1842 INFO rally.task.engine [-] Running workload: position = 0 config = { "version": 2, "title": "A cropped version of a bigger task.", "description": "Auto-generated task from a single workload (uuid=976ef71f-5f9f-490b-8d1f-ef8735e9a3dd)", "subtasks": [ { "title": "CinderVolumes.create_and_list_volume", "description": "Create a volume and list all volumes.", "scenario": { "CinderVolumes.create_and_list_volume": { "detailed": true, "image": { "name": "rally_full-img_d09e47f0-7c5b-4a3d-a70a-228f31777d7e" }, "size": 1 } }, "contexts": { "users": { "tenants": 3, "users_per_tenant": 2 }, "quotas": { "cinder": { "gigabytes": -1, "snapshots": -1, "volumes": -1 } }, "api_versions": { "cinder": { "version": 3, "service_type": "volumev3" } } }, "runner": { "constant": { "concurrency": 4, "times": 10 } }, "hooks": [], "sla": { "failure_rate": { "max": 0 } } } ] }
2019-06-08 07:45:59.016 1842 RALLYDEBUG rally_openstack.contexts.keystone.users [-] Creating 3 tenants using 20 threads
2019-06-08 07:46:00.935 1842 RALLYDEBUG rally_openstack.contexts.keystone.users [-] Creating 6 users using 20 threads
2019-06-08 07:46:03.794 1842 INFO rally.task.context [-] Task 32951d5e-0908-45e1-b646-e82b9cfdef31 | Context users@openstack setup() finished in 4.78 sec
2019-06-08 07:46:04.213 1842 INFO rally.task.context [-] Task 32951d5e-0908-45e1-b646-e82b9cfdef31 | Context api_versions@openstack setup() finished in 0.42 sec
2019-06-08 07:46:05.771 1842 INFO rally.task.context [-] Task 32951d5e-0908-45e1-b646-e82b9cfdef31 | Context quotas@openstack setup() finished in 1.56 sec
2019-06-08 07:46:05.772 1842 INFO rally.task.context [-] Task 32951d5e-0908-45e1-b646-e82b9cfdef31 | Context cleanup@openstack setup() finished in 0.01 msec
2019-06-08 07:46:06.594 1842 RALLYDEBUG rally.task.runner [-] Starting the constant runner (task UUID: 32951d5e-0908-45e1-b646-e82b9cfdef31). timeout: 0 concurrency: 4 concurrency_per_worker: 1 times: 10 concurrency_overhead: 0 processes_to_start: 4 max_cpu_used: 16
2019-06-08 07:46:06.606 2414 RALLYDEBUG rally.task.runner [-] Starting a worker. concurrency: 1 args: {"detailed": true, "image": "7d1b6e35-ab11-4c30-94fd-3904c3d25a16", "size": 1} times: 10 method_name: run timeout: 0 duration: None cls:
2019-06-08 07:46:06.608 2415 RALLYDEBUG rally.task.runner [-] Starting a worker. concurrency: 1 args: {"detailed": true, "image": "7d1b6e35-ab11-4c30-94fd-3904c3d25a16", "size": 1} times: 10 method_name: run timeout: 0 duration: None cls:
2019-06-08 07:46:06.612 2416 RALLYDEBUG rally.task.runner [-] Starting a worker. concurrency: 1 args: {"detailed": true, "image": "7d1b6e35-ab11-4c30-94fd-3904c3d25a16", "size": 1} times: 10 method_name: run timeout: 0 duration: None cls:
2019-06-08 07:46:06.614 2414 INFO rally.task.runner [-] Task 32951d5e-0908-45e1-b646-e82b9cfdef31 | ITER: 1 START
2019-06-08 07:46:06.615 2417 RALLYDEBUG rally.task.runner [-] Starting a worker. concurrency: 1 args: {"detailed": true, "image": "7d1b6e35-ab11-4c30-94fd-3904c3d25a16", "size": 1} times: 10 method_name: run timeout: 0 duration: None cls:
2019-06-08 07:46:06.616 2415 INFO rally.task.runner [-] Task 32951d5e-0908-45e1-b646-e82b9cfdef31 | ITER: 2 START
2019-06-08 07:46:06.619 2416 INFO rally.task.runner [-] Task 32951d5e-0908-45e1-b646-e82b9cfdef31 | ITER: 3 START
2019-06-08 07:46:06.623 2417 INFO rally.task.runner [-] Task 32951d5e-0908-45e1-b646-e82b9cfdef31 | ITER: 4 START
2019-06-08 07:46:10.638 2414 RALLYDEBUG rally.task.utils [-] Waiting for resource s_rally_976ef71f_eXePTwjk. Status changed: CREATING => DOWNLOADING in 0.648197174072
2019-06-08 07:46:12.743 2415 RALLYDEBUG rally.task.utils [-] Waiting for resource s_rally_976ef71f_FVEbazih. Status changed: DOWNLOADING => AVAILABLE in 2.81280303001
2019-06-08 07:46:12.765 2417 RALLYDEBUG rally.task.utils [-] Waiting for resource s_rally_976ef71f_s86TQo1E. Status changed: DOWNLOADING => AVAILABLE in 2.71800494194
2019-06-08 07:46:13.025 2415 INFO rally.task.runner [-] Task 32951d5e-0908-45e1-b646-e82b9cfdef31 | ITER: 2 END: OK
2019-06-08 07:46:13.030 2415 INFO rally.task.runner [-] Task 32951d5e-0908-45e1-b646-e82b9cfdef31 | ITER: 5 START
2019-06-08 07:46:13.120 2417 INFO rally.task.runner [-] Task 32951d5e-0908-45e1-b646-e82b9cfdef31 | ITER: 4 END: OK
2019-06-08 07:46:13.125 2417 INFO rally.task.runner [-] Task 32951d5e-0908-45e1-b646-e82b9cfdef31 | ITER: 6 START
2019-06-08 07:46:13.219 2416 RALLYDEBUG rally.task.utils [-] Waiting for resource s_rally_976ef71f_ipZ3FNIE. Status changed: DOWNLOADING => AVAILABLE in 3.01826000214
2019-06-08 07:46:13.450 2416 INFO rally.task.runner [-] Task 32951d5e-0908-45e1-b646-e82b9cfdef31 | ITER: 3 END: OK
2019-06-08 07:46:13.456 2416 INFO rally.task.runner [-] Task 32951d5e-0908-45e1-b646-e82b9cfdef31 | ITER: 7 START
2019-06-08 07:46:15.080 2414 RALLYDEBUG rally.task.utils [-] Waiting for resource s_rally_976ef71f_eXePTwjk. Status changed: DOWNLOADING => AVAILABLE in 4.44241094589
2019-06-08 07:46:15.152 2414 INFO rally.task.runner [-] Task 32951d5e-0908-45e1-b646-e82b9cfdef31 | ITER: 1 END: OK
2019-06-08 07:46:15.156 2414 INFO rally.task.runner [-] Task 32951d5e-0908-45e1-b646-e82b9cfdef31 | ITER: 8 START
2019-06-08 07:46:16.709 2415 RALLYDEBUG rally.task.utils [-] Waiting for resource s_rally_976ef71f_7o1kZtXv. Status changed: CREATING => DOWNLOADING in 0.407847881317
2019-06-08 07:46:19.034 2415 RALLYDEBUG rally.task.utils [-] Waiting for resource s_rally_976ef71f_7o1kZtXv. Status changed: DOWNLOADING => AVAILABLE in 2.32498311996
2019-06-08 07:46:19.080 2417 RALLYDEBUG rally.task.utils [-] Waiting for resource s_rally_976ef71f_AAE9ikw3. Status changed: DOWNLOADING => AVAILABLE in 2.6486530304
2019-06-08 07:46:19.115 2415 INFO rally.task.runner [-] Task 32951d5e-0908-45e1-b646-e82b9cfdef31 | ITER: 5 END: OK
2019-06-08 07:46:19.120 2415 INFO rally.task.runner [-] Task 32951d5e-0908-45e1-b646-e82b9cfdef31 | ITER: 9 START
2019-06-08 07:46:19.166 2414 RALLYDEBUG rally.task.utils [-] Waiting for resource s_rally_976ef71f_0NvRwcao. Status changed: CREATING => DOWNLOADING in 0.601805925369
2019-06-08 07:46:19.346 2417 INFO rally.task.runner [-] Task 32951d5e-0908-45e1-b646-e82b9cfdef31 | ITER: 6 END: OK
2019-06-08 07:46:19.351 2417 INFO rally.task.runner [-] Task 32951d5e-0908-45e1-b646-e82b9cfdef31 | ITER: 10 START
2019-06-08 07:46:19.492 2416 RALLYDEBUG rally.task.utils [-] Waiting for resource s_rally_976ef71f_lrheq0dx. Status changed: DOWNLOADING => AVAILABLE in 2.83710002899
2019-06-08 07:46:19.566 2416 INFO rally.task.runner [-] Task 32951d5e-0908-45e1-b646-e82b9cfdef31 | ITER: 7 END: OK
2019-06-08 07:46:23.540 2414 RALLYDEBUG rally.task.utils [-] Waiting for resource s_rally_976ef71f_0NvRwcao. Status changed: DOWNLOADING => AVAILABLE in 4.37362313271
2019-06-08 07:46:23.885 2414 INFO rally.task.runner [-] Task 32951d5e-0908-45e1-b646-e82b9cfdef31 | ITER: 8 END: OK
2019-06-08 07:46:25.352 2415 RALLYDEBUG rally.task.utils [-] Waiting for resource s_rally_976ef71f_FViguPZ4. Status changed: DOWNLOADING => AVAILABLE in 2.81272912025
2019-06-08 07:46:25.401 2417 RALLYDEBUG rally.task.utils [-] Waiting for resource s_rally_976ef71f_sjJXx6RP. Status changed: DOWNLOADING => AVAILABLE in 2.87657213211
2019-06-08 07:46:25.423 2415 INFO rally.task.runner [-] Task 32951d5e-0908-45e1-b646-e82b9cfdef31 | ITER: 9 END: OK
2019-06-08 07:46:25.730 2417 INFO rally.task.runner [-] Task 32951d5e-0908-45e1-b646-e82b9cfdef31 | ITER: 10 END: OK
2019-06-08 07:46:25.757 1842 INFO rally.task.context [-] Task 32951d5e-0908-45e1-b646-e82b9cfdef31 | Context cleanup@openstack cleanup() started
2019-06-08 07:46:25.759 1842 RALLYDEBUG rally_openstack.cleanup.manager [-] Cleaning up cinder backups objects
2019-06-08 07:46:27.859 1842 RALLYDEBUG rally_openstack.cleanup.manager [-] Cleaning up cinder volume_snapshots objects
2019-06-08 07:46:29.890 1842 RALLYDEBUG rally_openstack.cleanup.manager [-] Cleaning up cinder transfers objects
2019-06-08 07:46:31.867 1842 RALLYDEBUG rally_openstack.cleanup.manager [-] Cleaning up cinder volumes objects
2019-06-08 07:46:33.969 1842 RALLYDEBUG rally_openstack.cleanup.manager [-] Deleting cinder.volumes object s_rally_976ef71f_AAE9ikw3 (c0ad5987-1f5d-4474-aa2e-f7f9bbd9ff0c)
2019-06-08 07:46:33.970 1842 RALLYDEBUG rally_openstack.cleanup.manager [-] Deleting cinder.volumes object s_rally_976ef71f_eXePTwjk (347b3c42-df53-4cfa-8c93-5cb51dee1062)
2019-06-08 07:46:33.973 1842 RALLYDEBUG rally_openstack.cleanup.manager [-] Deleting cinder.volumes object s_rally_976ef71f_FVEbazih (1ca99bd5-6552-4456-aae0-3f49bcbc602a)
2019-06-08 07:46:33.974 1842 RALLYDEBUG rally_openstack.cleanup.manager [-] Deleting cinder.volumes object s_rally_976ef71f_0NvRwcao (c03b312d-a0f9-473b-b95e-0a47e8b51acd)
2019-06-08 07:46:33.975 1842 RALLYDEBUG rally_openstack.cleanup.manager [-] Deleting cinder.volumes object s_rally_976ef71f_ipZ3FNIE (f37408cf-5c74-4f21-9f68-64b2e920053f)
2019-06-08 07:46:33.975 1842 RALLYDEBUG rally_openstack.cleanup.manager [-] Deleting cinder.volumes object s_rally_976ef71f_sjJXx6RP (18465bfc-fcf0-4a8d-af66-330da7f9c04c)
2019-06-08 07:46:33.977 1842 RALLYDEBUG rally_openstack.cleanup.manager [-] Deleting cinder.volumes object s_rally_976ef71f_FViguPZ4 (63a19134-392b-4a67-8e85-13662817a398)
2019-06-08 07:46:33.981 1842 RALLYDEBUG rally_openstack.cleanup.manager [-] Deleting cinder.volumes object s_rally_976ef71f_lrheq0dx (be5405a1-ae2d-48c9-b085-a916f3545c17)
2019-06-08 07:46:33.983 1842 RALLYDEBUG rally_openstack.cleanup.manager [-] Deleting cinder.volumes object s_rally_976ef71f_s86TQo1E (5bb0c793-2490-4aa9-87d6-776dfd739e59)
2019-06-08 07:46:33.989 1842 RALLYDEBUG rally_openstack.cleanup.manager [-] Deleting cinder.volumes object s_rally_976ef71f_7o1kZtXv (fb0532b4-8570-41bf-9ef5-dec69a243276)
2019-06-08 07:46:38.991 1842 INFO rally.task.context [-] Task 32951d5e-0908-45e1-b646-e82b9cfdef31 | Context cleanup@openstack cleanup() finished in 13.23 sec
2019-06-08 07:46:38.992 1842 INFO rally.task.context [-] Task 32951d5e-0908-45e1-b646-e82b9cfdef31 | Context quotas@openstack cleanup() started
2019-06-08 07:46:39.666 1842 INFO rally.task.context [-] Task 32951d5e-0908-45e1-b646-e82b9cfdef31 | Context quotas@openstack cleanup() finished in 0.67 sec
2019-06-08 07:46:39.667 1842 INFO rally.task.context [-] Task 32951d5e-0908-45e1-b646-e82b9cfdef31 | Context api_versions@openstack cleanup() started
2019-06-08 07:46:39.667 1842 INFO rally.task.context [-] Task 32951d5e-0908-45e1-b646-e82b9cfdef31 | Context api_versions@openstack cleanup() finished in 0.34 msec
2019-06-08 07:46:39.668 1842 INFO rally.task.context [-] Task 32951d5e-0908-45e1-b646-e82b9cfdef31 | Context users@openstack cleanup() started
2019-06-08 07:46:46.990 1842 INFO rally.task.context [-] Task 32951d5e-0908-45e1-b646-e82b9cfdef31 | Context users@openstack cleanup() finished in 7.32 sec
2019-06-08 07:46:47.216 1842 INFO rally.task.engine [-] Load duration is: 19.109815
2019-06-08 07:46:47.217 1842 INFO rally.task.engine [-] Full runner duration is: 19.163328
2019-06-08 07:46:47.217 1842 INFO rally.task.engine [-] Full duration is: 47.977508
2019-06-08 07:46:47.389 1842 INFO rally.task.engine [-] Running workload: position = 1 config = { "version": 2, "title": "A cropped version of a bigger task.", "description": "Auto-generated task from a single workload (uuid=b41044e6-c683-4f8b-8f66-c0d4b16b0c60)", "subtasks": [ { "title": "CinderVolumes.create_and_list_volume", "description": "Create a volume and list all volumes.", "scenario": { "CinderVolumes.create_and_list_volume": { "detailed": true, "size": 1 } }, "contexts": { "users": { "tenants": 3, "users_per_tenant": 2 }, "quotas": { "cinder": { "gigabytes": -1, "snapshots": -1, "volumes": -1 } }, "api_versions": { "cinder": { "version": 3, "service_type": "volumev3" } } }, "runner": { "constant": { "concurrency": 4, "times": 10 } }, "hooks": [], "sla": { "failure_rate": { "max": 0 } } } ] }
2019-06-08 07:46:47.411 1842 RALLYDEBUG rally_openstack.contexts.keystone.users [-] Creating 3 tenants using 20 threads
2019-06-08 07:46:49.196 1842 RALLYDEBUG rally_openstack.contexts.keystone.users [-] Creating 6 users using 20 threads
2019-06-08 07:46:51.872 1842 INFO rally.task.context [-] Task 32951d5e-0908-45e1-b646-e82b9cfdef31 | Context users@openstack setup() finished in 4.46 sec
2019-06-08 07:46:52.292 1842 INFO rally.task.context [-] Task 32951d5e-0908-45e1-b646-e82b9cfdef31 | Context api_versions@openstack setup() finished in 0.42 sec
2019-06-08 07:46:53.804 1842 INFO rally.task.context [-] Task 32951d5e-0908-45e1-b646-e82b9cfdef31 | Context quotas@openstack setup() finished in 1.51 sec
2019-06-08 07:46:53.804 1842 INFO rally.task.context [-] Task 32951d5e-0908-45e1-b646-e82b9cfdef31 | Context cleanup@openstack setup() finished in 0.01 msec
2019-06-08 07:46:53.812 1842 RALLYDEBUG rally.task.runner [-] Starting the constant runner (task UUID: 32951d5e-0908-45e1-b646-e82b9cfdef31). timeout: 0 concurrency: 4 concurrency_per_worker: 1 times: 10 concurrency_overhead: 0 processes_to_start: 4 max_cpu_used: 16
2019-06-08 07:46:53.824 2598 RALLYDEBUG rally.task.runner [-] Starting a worker. concurrency: 1 args: {"detailed": true, "size": 1} times: 10 method_name: run timeout: 0 duration: None cls:
2019-06-08 07:46:53.828 2599 RALLYDEBUG rally.task.runner [-] Starting a worker. concurrency: 1 args: {"detailed": true, "size": 1} times: 10 method_name: run timeout: 0 duration: None cls:
2019-06-08 07:46:53.829 2600 RALLYDEBUG rally.task.runner [-] Starting a worker. concurrency: 1 args: {"detailed": true, "size": 1} times: 10 method_name: run timeout: 0 duration: None cls:
2019-06-08 07:46:53.832 2598 INFO rally.task.runner [-] Task 32951d5e-0908-45e1-b646-e82b9cfdef31 | ITER: 1 START
2019-06-08 07:46:53.832 2601 RALLYDEBUG rally.task.runner [-] Starting a worker. concurrency: 1 args: {"detailed": true, "size": 1} times: 10 method_name: run timeout: 0 duration: None cls:
2019-06-08 07:46:53.837 2599 INFO rally.task.runner [-] Task 32951d5e-0908-45e1-b646-e82b9cfdef31 | ITER: 2 START
2019-06-08 07:46:53.837 2600 INFO rally.task.runner [-] Task 32951d5e-0908-45e1-b646-e82b9cfdef31 | ITER: 3 START
2019-06-08 07:46:53.838 2601 INFO rally.task.runner [-] Task 32951d5e-0908-45e1-b646-e82b9cfdef31 | ITER: 4 START
2019-06-08 07:46:57.729 2599 INFO rally.task.runner [-] Task 32951d5e-0908-45e1-b646-e82b9cfdef31 | ITER: 2 END: OK
2019-06-08 07:46:57.733 2599 INFO rally.task.runner [-] Task 32951d5e-0908-45e1-b646-e82b9cfdef31 | ITER: 5 START
2019-06-08 07:46:57.777 2601 INFO rally.task.runner [-] Task 32951d5e-0908-45e1-b646-e82b9cfdef31 | ITER: 4 END: OK
2019-06-08 07:46:57.782 2601 INFO rally.task.runner [-] Task 32951d5e-0908-45e1-b646-e82b9cfdef31 | ITER: 6 START
2019-06-08 07:46:57.812 2600 INFO rally.task.runner [-] Task 32951d5e-0908-45e1-b646-e82b9cfdef31 | ITER: 3 END: OK
2019-06-08 07:46:57.818 2600 INFO rally.task.runner [-] Task 32951d5e-0908-45e1-b646-e82b9cfdef31 | ITER: 7 START
2019-06-08 07:46:58.417 2598 INFO rally.task.runner [-] Task 32951d5e-0908-45e1-b646-e82b9cfdef31 | ITER: 1 END: OK
2019-06-08 07:46:58.422 2598 INFO rally.task.runner [-] Task 32951d5e-0908-45e1-b646-e82b9cfdef31 | ITER: 8 START
2019-06-08 07:47:01.865 2599 INFO rally.task.runner [-] Task 32951d5e-0908-45e1-b646-e82b9cfdef31 | ITER: 5 END: OK
2019-06-08 07:47:01.869 2599 INFO rally.task.runner [-] Task 32951d5e-0908-45e1-b646-e82b9cfdef31 | ITER: 9 START
2019-06-08 07:47:01.925 2600 INFO rally.task.runner [-] Task 32951d5e-0908-45e1-b646-e82b9cfdef31 | ITER: 7 END: OK
2019-06-08 07:47:01.930 2600 INFO rally.task.runner [-] Task 32951d5e-0908-45e1-b646-e82b9cfdef31 | ITER: 10 START
2019-06-08 07:47:01.941 2601 INFO rally.task.runner [-] Task 32951d5e-0908-45e1-b646-e82b9cfdef31 | ITER: 6 END: OK
2019-06-08 07:47:02.898 2598 INFO rally.task.runner [-] Task 32951d5e-0908-45e1-b646-e82b9cfdef31 | ITER: 8 END: OK
2019-06-08 07:47:05.392 2600 INFO rally.task.runner [-] Task 32951d5e-0908-45e1-b646-e82b9cfdef31 | ITER: 10 END: OK
2019-06-08 07:47:05.697 2599 INFO rally.task.runner [-] Task 32951d5e-0908-45e1-b646-e82b9cfdef31 | ITER: 9 END: OK
2019-06-08 07:47:05.724 1842 INFO rally.task.context [-] Task 32951d5e-0908-45e1-b646-e82b9cfdef31 | Context cleanup@openstack cleanup() started
2019-06-08 07:47:05.727 1842 RALLYDEBUG rally_openstack.cleanup.manager [-] Cleaning up cinder backups objects
2019-06-08 07:47:07.734 1842 RALLYDEBUG rally_openstack.cleanup.manager [-] Cleaning up cinder volume_snapshots objects
2019-06-08 07:47:09.600 1842 RALLYDEBUG rally_openstack.cleanup.manager [-] Cleaning up cinder transfers objects
2019-06-08 07:47:11.625 1842 RALLYDEBUG rally_openstack.cleanup.manager [-] Cleaning up cinder volumes objects
2019-06-08 07:47:13.703 1842 RALLYDEBUG rally_openstack.cleanup.manager [-] Deleting cinder.volumes object s_rally_b41044e6_308iCiz5 (9f3ba445-fe50-42ac-8957-e462c4d8bbef)
2019-06-08 07:47:13.707 1842 RALLYDEBUG rally_openstack.cleanup.manager [-] Deleting cinder.volumes object s_rally_b41044e6_QFXggXnH (b65b3329-e4c9-4c9f-8200-9d4743ff83e1)
2019-06-08 07:47:13.715 1842 RALLYDEBUG rally_openstack.cleanup.manager [-] Deleting cinder.volumes object s_rally_b41044e6_fkwanD28 (15e00429-8deb-4bc0-92e4-fd7b37406930)
2019-06-08 07:47:13.720 1842 RALLYDEBUG rally_openstack.cleanup.manager [-] Deleting cinder.volumes object s_rally_b41044e6_V26JimXb (4d66fd85-df19-420f-a18b-be6ebca4267c)
2019-06-08 07:47:13.721 1842 RALLYDEBUG rally_openstack.cleanup.manager [-] Deleting cinder.volumes object s_rally_b41044e6_0aIzcmJO (9805150c-86d6-4a79-9bc0-ee2cba756701)
2019-06-08 07:47:13.731 1842 RALLYDEBUG rally_openstack.cleanup.manager [-] Deleting cinder.volumes object s_rally_b41044e6_UEmJkRMQ (09acfafe-adc8-417d-b177-6591e5112357)
2019-06-08 07:47:13.737 1842 RALLYDEBUG rally_openstack.cleanup.manager [-] Deleting cinder.volumes object s_rally_b41044e6_hqEqj488 (d212c8ed-872b-4dc1-b7f3-55f32ec52bf7)
2019-06-08 07:47:13.740 1842 RALLYDEBUG rally_openstack.cleanup.manager [-] Deleting cinder.volumes object s_rally_b41044e6_V4fgOuY9 (bf10cb9f-4a4f-4d97-a999-106a19a363a4)
2019-06-08 07:47:13.746 1842 RALLYDEBUG rally_openstack.cleanup.manager [-] Deleting cinder.volumes object s_rally_b41044e6_Gq2qrPAc (ac9b2913-9ad2-4eb4-85de-55721a6d2b6c)
2019-06-08 07:47:13.757 1842 RALLYDEBUG rally_openstack.cleanup.manager [-] Deleting cinder.volumes object s_rally_b41044e6_GWEnM2Y2 (b5eee80d-692f-4b37-9718-d5cbdbf937c4)
2019-06-08 07:47:18.701 1842 INFO rally.task.context [-] Task 32951d5e-0908-45e1-b646-e82b9cfdef31 | Context cleanup@openstack cleanup() finished in 12.98 sec
2019-06-08 07:47:18.702 1842 INFO rally.task.context [-] Task 32951d5e-0908-45e1-b646-e82b9cfdef31 | Context quotas@openstack cleanup() started
2019-06-08 07:47:19.217 1842 INFO rally.task.context [-] Task 32951d5e-0908-45e1-b646-e82b9cfdef31 | Context quotas@openstack cleanup() finished in 0.52 sec
2019-06-08 07:47:19.218 1842 INFO rally.task.context [-] Task 32951d5e-0908-45e1-b646-e82b9cfdef31 | Context api_versions@openstack cleanup() started
2019-06-08 07:47:19.218 1842 INFO rally.task.context [-] Task 32951d5e-0908-45e1-b646-e82b9cfdef31 | Context api_versions@openstack cleanup() finished in 0.35 msec
2019-06-08 07:47:19.219 1842 INFO rally.task.context [-] Task 32951d5e-0908-45e1-b646-e82b9cfdef31 | Context users@openstack cleanup() started
2019-06-08 07:47:26.329 1842 INFO rally.task.context [-] Task 32951d5e-0908-45e1-b646-e82b9cfdef31 | Context users@openstack cleanup() finished in 7.11 sec
2019-06-08 07:47:27.568 1842 INFO rally.task.engine [-] Load duration is: 11.860727
2019-06-08 07:47:27.568 1842 INFO rally.task.engine [-] Full runner duration is: 11.913129
2019-06-08 07:47:27.568 1842 INFO rally.task.engine [-] Full duration is: 38.922484
2019-06-08 07:47:27.829 1842 INFO rally.task.engine [-] Running workload: position = 0 config = { "version": 2, "title": "A cropped version of a bigger task.", "description": "Auto-generated task from a single workload (uuid=8816829b-1198-4348-80a1-725e17185e36)", "subtasks": [ { "title": "CinderVolumes.create_and_upload_volume_to_image", "description": "Create and upload a volume to image.", "scenario": { "CinderVolumes.create_and_upload_volume_to_image": { "container_format": "bare", "disk_format": "raw", "do_delete": true, "force": false, "size": 1 } }, "contexts": { "users": { "tenants": 3, "users_per_tenant": 2 }, "quotas": { "cinder": { "gigabytes": -1, "snapshots": -1, "volumes": -1 } }, "api_versions": { "cinder": { "version": 3, "service_type": "volumev3" } } }, "runner": { "constant": { "concurrency": 4, "times": 10 } }, "hooks": [], "sla": { "failure_rate": { "max": 0 } } } ] }
2019-06-08 07:47:27.854 1842 RALLYDEBUG rally_openstack.contexts.keystone.users [-] Creating 3 tenants using 20 threads
2019-06-08 07:47:29.622 1842 RALLYDEBUG rally_openstack.contexts.keystone.users [-] Creating 6 users using 20 threads
2019-06-08 07:47:32.376 1842 INFO rally.task.context [-] Task 32951d5e-0908-45e1-b646-e82b9cfdef31 | Context users@openstack setup() finished in 4.52 sec
2019-06-08 07:47:32.806 1842 INFO rally.task.context [-] Task 32951d5e-0908-45e1-b646-e82b9cfdef31 | Context api_versions@openstack setup() finished in 0.43 sec
2019-06-08 07:47:34.338 1842 INFO rally.task.context [-] Task 32951d5e-0908-45e1-b646-e82b9cfdef31 | Context quotas@openstack setup() finished in 1.53 sec
2019-06-08 07:47:34.338 1842 INFO rally.task.context [-] Task 32951d5e-0908-45e1-b646-e82b9cfdef31 | Context cleanup@openstack setup() finished in 0.00 msec
2019-06-08 07:47:34.344 1842 RALLYDEBUG rally.task.runner [-] Starting the constant runner (task UUID: 32951d5e-0908-45e1-b646-e82b9cfdef31). timeout: 0 concurrency: 4 concurrency_per_worker: 1 times: 10 concurrency_overhead: 0 processes_to_start: 4 max_cpu_used: 16
2019-06-08 07:47:34.355 2782 RALLYDEBUG rally.task.runner [-] Starting a worker. concurrency: 1 args: {"container_format": "bare", "disk_format": "raw", "do_delete": true, "force": false, "size": 1} times: 10 method_name: run timeout: 0 duration: None cls:
2019-06-08 07:47:34.356 2783 RALLYDEBUG rally.task.runner [-] Starting a worker. concurrency: 1 args: {"container_format": "bare", "disk_format": "raw", "do_delete": true, "force": false, "size": 1} times: 10 method_name: run timeout: 0 duration: None cls:
2019-06-08 07:47:34.361 2784 RALLYDEBUG rally.task.runner [-] Starting a worker. concurrency: 1 args: {"container_format": "bare", "disk_format": "raw", "do_delete": true, "force": false, "size": 1} times: 10 method_name: run timeout: 0 duration: None cls:
2019-06-08 07:47:34.362 2783 INFO rally.task.runner [-] Task 32951d5e-0908-45e1-b646-e82b9cfdef31 | ITER: 2 START
2019-06-08 07:47:34.362 2782 INFO rally.task.runner [-] Task 32951d5e-0908-45e1-b646-e82b9cfdef31 | ITER: 1 START
2019-06-08 07:47:34.362 2785 RALLYDEBUG rally.task.runner [-] Starting a worker. concurrency: 1 args: {"container_format": "bare", "disk_format": "raw", "do_delete": true, "force": false, "size": 1} times: 10 method_name: run timeout: 0 duration: None cls:
2019-06-08 07:47:34.367 2785 INFO rally.task.runner [-] Task 32951d5e-0908-45e1-b646-e82b9cfdef31 | ITER: 4 START
2019-06-08 07:47:34.369 2784 INFO rally.task.runner [-] Task 32951d5e-0908-45e1-b646-e82b9cfdef31 | ITER: 3 START
2019-06-08 07:47:39.153 2784 RALLYDEBUG rally.task.utils [-] Waiting for resource s_rally_8816829b_nqSlJA1e. Status changed: AVAILABLE => UPLOADING in 0.381551980972
2019-06-08 07:47:39.177 2783 RALLYDEBUG rally.task.utils [-] Waiting for resource s_rally_8816829b_p0Q24Pac. Status changed: AVAILABLE => UPLOADING in 0.290017843246
2019-06-08 07:47:39.417 2785 RALLYDEBUG rally.task.utils [-] Waiting for resource s_rally_8816829b_Qh1gRrv3. Status changed: AVAILABLE => UPLOADING in 0.392055034637
2019-06-08 07:47:40.150 2782 RALLYDEBUG rally.task.utils [-] Waiting for resource s_rally_8816829b_YTUH7jdc. Status changed: AVAILABLE => UPLOADING in 0.262489080429
2019-06-08 07:48:16.537 2782 RALLYDEBUG rally.task.utils [-] Waiting for resource s_rally_8816829b_YTUH7jdc. Status changed: UPLOADING => AVAILABLE in 36.386494875
2019-06-08 07:48:16.994 2782 RALLYDEBUG rally.task.utils [-] Waiting for resource s_rally_8816829b_YTUH7jdc. Status changed: AVAILABLE => DELETING in 0.0543458461761
2019-06-08 07:48:17.333 2783 RALLYDEBUG rally.task.utils [-] Waiting for resource s_rally_8816829b_p0Q24Pac. Status changed: UPLOADING => AVAILABLE in 38.1555540562
2019-06-08 07:48:18.416 2783 RALLYDEBUG rally.task.utils [-] Waiting for resource s_rally_8816829b_p0Q24Pac. Status changed: AVAILABLE => DELETING in 0.0534360408783
2019-06-08 07:48:20.739 2782 INFO rally.task.runner [-] Task 32951d5e-0908-45e1-b646-e82b9cfdef31 | ITER: 1 END: OK
2019-06-08 07:48:20.747 2782 INFO rally.task.runner [-] Task 32951d5e-0908-45e1-b646-e82b9cfdef31 | ITER: 5 START
2019-06-08 07:48:21.710 2783 INFO rally.task.runner [-] Task 32951d5e-0908-45e1-b646-e82b9cfdef31 | ITER: 2 END: OK
2019-06-08 07:48:21.717 2783 INFO rally.task.runner [-] Task 32951d5e-0908-45e1-b646-e82b9cfdef31 | ITER: 6 START
2019-06-08 07:48:25.481 2782 RALLYDEBUG rally.task.utils [-] Waiting for resource s_rally_8816829b_gs0KsODR. Status changed: AVAILABLE => UPLOADING in 0.0580248832703
2019-06-08 07:48:27.106 2783 RALLYDEBUG rally.task.utils [-] Waiting for resource s_rally_8816829b_k5nRuANt. Status changed: AVAILABLE => UPLOADING in 0.365195035934
2019-06-08 07:48:40.818 2784 RALLYDEBUG rally.task.utils [-] Waiting for resource s_rally_8816829b_nqSlJA1e. Status changed: UPLOADING => AVAILABLE in 61.6655609608
2019-06-08 07:48:40.876 2785 RALLYDEBUG rally.task.utils [-] Waiting for resource s_rally_8816829b_Qh1gRrv3. Status changed: UPLOADING => AVAILABLE in 61.4594209194
2019-06-08 07:48:41.364 2785 RALLYDEBUG rally.task.utils [-] Waiting for resource s_rally_8816829b_Qh1gRrv3. Status changed: AVAILABLE => DELETING in 0.0556390285492
2019-06-08 07:48:41.414 2784 RALLYDEBUG rally.task.utils [-] Waiting for resource s_rally_8816829b_nqSlJA1e. Status changed: AVAILABLE => DELETING in 0.0725491046906
2019-06-08 07:48:45.787 2785 INFO rally.task.runner [-] Task 32951d5e-0908-45e1-b646-e82b9cfdef31 | ITER: 4 END: OK
2019-06-08 07:48:45.793 2785 INFO rally.task.runner [-] Task 32951d5e-0908-45e1-b646-e82b9cfdef31 | ITER: 7 START
2019-06-08 07:48:45.853 2784 INFO rally.task.runner [-] Task 32951d5e-0908-45e1-b646-e82b9cfdef31 | ITER: 3 END: OK
2019-06-08 07:48:45.859 2784 INFO rally.task.runner [-] Task 32951d5e-0908-45e1-b646-e82b9cfdef31 | ITER: 8 START
2019-06-08 07:48:50.327 2785 RALLYDEBUG rally.task.utils [-] Waiting for resource s_rally_8816829b_7ZepzNCr. Status changed: AVAILABLE => UPLOADING in 0.0596160888672
2019-06-08 07:48:50.790 2784 RALLYDEBUG rally.task.utils [-] Waiting for resource s_rally_8816829b_fkc0RAVW. Status changed: AVAILABLE => UPLOADING in 0.261201858521
2019-06-08 07:49:02.131 2782 RALLYDEBUG rally.task.utils [-] Waiting for resource s_rally_8816829b_gs0KsODR. Status changed: UPLOADING => AVAILABLE in 36.649821043
2019-06-08 07:49:02.592 2782 RALLYDEBUG rally.task.utils [-] Waiting for resource s_rally_8816829b_gs0KsODR. Status changed: AVAILABLE => DELETING in 0.0507628917694
2019-06-08 07:49:03.602 2783 RALLYDEBUG rally.task.utils [-] Waiting for resource s_rally_8816829b_k5nRuANt. Status changed: UPLOADING => AVAILABLE in 36.4960849285
2019-06-08 07:49:04.081 2783 RALLYDEBUG rally.task.utils [-] Waiting for resource s_rally_8816829b_k5nRuANt. Status changed: AVAILABLE => DELETING in 0.0535349845886
2019-06-08 07:49:07.211 2782 INFO rally.task.runner [-] Task 32951d5e-0908-45e1-b646-e82b9cfdef31 | ITER: 5 END: OK
2019-06-08 07:49:07.216 2782 INFO rally.task.runner [-] Task 32951d5e-0908-45e1-b646-e82b9cfdef31 | ITER: 9 START
2019-06-08 07:49:08.074 2783 INFO rally.task.runner [-] Task 32951d5e-0908-45e1-b646-e82b9cfdef31 | ITER: 6 END: OK
2019-06-08 07:49:08.078 2783 INFO rally.task.runner [-] Task 32951d5e-0908-45e1-b646-e82b9cfdef31 | ITER: 10 START
2019-06-08 07:49:12.728 2782 RALLYDEBUG rally.task.utils [-] Waiting for resource s_rally_8816829b_AXNkjlUz. Status changed: AVAILABLE => UPLOADING in 0.430482149124
2019-06-08 07:49:12.928 2783 RALLYDEBUG rally.task.utils [-] Waiting for resource s_rally_8816829b_1lPCvGDW. Status changed: AVAILABLE => UPLOADING in 0.361965179443
2019-06-08 07:49:33.253 2784 RALLYDEBUG rally.task.utils [-] Waiting for resource s_rally_8816829b_fkc0RAVW. Status changed: UPLOADING => AVAILABLE in 42.4631390572
2019-06-08 07:49:33.505 2785 RALLYDEBUG rally.task.utils [-] Waiting for resource s_rally_8816829b_7ZepzNCr. Status changed: UPLOADING => AVAILABLE in 43.1784670353
2019-06-08 07:49:33.733 2784 RALLYDEBUG rally.task.utils [-] Waiting for resource s_rally_8816829b_fkc0RAVW. Status changed: AVAILABLE => DELETING in 0.059751033783
2019-06-08 07:49:33.985 2785 RALLYDEBUG rally.task.utils [-] Waiting for resource s_rally_8816829b_7ZepzNCr. Status changed: AVAILABLE => DELETING in 0.0505030155182
2019-06-08 07:49:37.895 2785 INFO rally.task.runner [-] Task 32951d5e-0908-45e1-b646-e82b9cfdef31 | ITER: 7 END: OK
2019-06-08 07:49:37.918 2784 INFO rally.task.runner [-] Task 32951d5e-0908-45e1-b646-e82b9cfdef31 | ITER: 8 END: OK
2019-06-08 07:49:49.555 2783 RALLYDEBUG rally.task.utils [-] Waiting for resource s_rally_8816829b_1lPCvGDW. Status changed: UPLOADING => AVAILABLE in 36.6265759468
2019-06-08 07:49:50.708 2782 RALLYDEBUG rally.task.utils [-] Waiting for resource s_rally_8816829b_AXNkjlUz. Status changed: UPLOADING => AVAILABLE in 37.9794130325
2019-06-08 07:49:51.162 2783 INFO rally.task.runner [-] Task 32951d5e-0908-45e1-b646-e82b9cfdef31 | ITER: 10 END: OK
2019-06-08 07:49:51.358 2782 RALLYDEBUG rally.task.utils [-] Waiting for resource s_rally_8816829b_AXNkjlUz. Status changed: AVAILABLE => DELETING in 0.0557579994202
2019-06-08 07:49:53.893 2782 INFO rally.task.runner [-] Task 32951d5e-0908-45e1-b646-e82b9cfdef31 | ITER: 9 END: OK
2019-06-08 07:49:53.917 1842 INFO rally.task.context [-] Task 32951d5e-0908-45e1-b646-e82b9cfdef31 | Context cleanup@openstack cleanup() started
2019-06-08 07:49:53.920 1842 RALLYDEBUG rally_openstack.cleanup.manager [-] Cleaning up cinder backups objects
2019-06-08 07:49:56.071 1842 RALLYDEBUG rally_openstack.cleanup.manager [-] Cleaning up cinder volume_snapshots objects
