2019-06-08 07:40:51.641 1512 INFO rally.task.runner [-] Task ac0f072b-0a0c-493b-ba67-742e28157afa | ITER: 7 END: OK
2019-06-08 07:40:51.762 1509 INFO rally.task.runner [-] Task ac0f072b-0a0c-493b-ba67-742e28157afa | ITER: 8 END: OK
2019-06-08 07:40:54.580 1511 RALLYDEBUG rally.task.utils [-] Waiting for resource u'77960cc6-11ff-49e9-b87f-41a2792b5413'. Status changed: NONE => QUEUED in 0.030168056488
2019-06-08 07:40:54.978 1511 RALLYDEBUG rally.task.utils [-] Waiting for resource s_rally_451400a6_fNIRQdHe. Status changed: QUEUED => ACTIVE in 0.0170991420746
2019-06-08 07:40:55.122 1511 INFO rally.task.runner [-] Task ac0f072b-0a0c-493b-ba67-742e28157afa | ITER: 10 END: OK
2019-06-08 07:40:55.145 725 INFO rally.task.context [-] Task ac0f072b-0a0c-493b-ba67-742e28157afa | Context cleanup@openstack cleanup() started
2019-06-08 07:40:55.148 725 RALLYDEBUG rally_openstack.cleanup.manager [-] Cleaning up glance images objects
2019-06-08 07:40:57.346 725 RALLYDEBUG rally_openstack.cleanup.manager [-] Deleting glance.images object s_rally_451400a6_fNIRQdHe (77960cc6-11ff-49e9-b87f-41a2792b5413)
2019-06-08 07:40:57.347 725 RALLYDEBUG rally_openstack.cleanup.manager [-] Deleting glance.images object s_rally_451400a6_NiTu4uda (bc8e55c1-84c2-4030-b4e9-fb963a5a0986)
2019-06-08 07:40:57.354 725 RALLYDEBUG rally_openstack.cleanup.manager [-] Deleting glance.images object s_rally_451400a6_aN6YdhLP (1d95f406-2f2c-4054-8f57-33d127265678)
2019-06-08 07:40:57.362 725 RALLYDEBUG rally_openstack.cleanup.manager [-] Deleting glance.images object s_rally_451400a6_8dL8XdyE (8b4777bb-b025-4d24-877c-3ebd8e6c1cb7)
2019-06-08 07:40:57.364 725 RALLYDEBUG rally_openstack.cleanup.manager [-] Deleting glance.images object s_rally_451400a6_gVL3YPQX (e851a41f-9b95-49f7-b952-952e7c707e0a)
2019-06-08 07:40:57.367 725 RALLYDEBUG rally_openstack.cleanup.manager [-] Deleting glance.images object s_rally_451400a6_pp6f0InG (c3b0943f-a3d4-4cac-a8f7-5ed5e6f80019)
2019-06-08 07:40:57.368 725 RALLYDEBUG rally_openstack.cleanup.manager [-] Deleting glance.images object s_rally_451400a6_f8yM7sUq (24f83a22-e703-49e3-a1a4-db8dfc82c4f0)
2019-06-08 07:40:57.376 725 RALLYDEBUG rally_openstack.cleanup.manager [-] Deleting glance.images object s_rally_451400a6_hQ284t7X (976e7c98-f8bf-4fb2-857d-f024de7ba0d8)
2019-06-08 07:40:57.379 725 RALLYDEBUG rally_openstack.cleanup.manager [-] Deleting glance.images object s_rally_451400a6_MS9ws0Q4 (4e21c9b6-7c82-430c-9d53-340884d5f19a)
2019-06-08 07:40:57.397 725 RALLYDEBUG rally_openstack.cleanup.manager [-] Deleting glance.images object s_rally_451400a6_KNOIe8El (3724b733-aea5-421a-a8c3-7b4ad0bc8942)
2019-06-08 07:40:58.759 725 DEBUG glanceclient.common.http [-] Request returned failure status 404. _handle_response /usr/lib/python2.7/site-packages/glanceclient/common/http.py:125
2019-06-08 07:40:58.771 725 DEBUG glanceclient.common.http [-] Request returned failure status 404. _handle_response /usr/lib/python2.7/site-packages/glanceclient/common/http.py:125
2019-06-08 07:40:58.794 725 DEBUG glanceclient.common.http [-] Request returned failure status 404. _handle_response /usr/lib/python2.7/site-packages/glanceclient/common/http.py:125
2019-06-08 07:40:58.805 725 DEBUG glanceclient.common.http [-] Request returned failure status 404. _handle_response /usr/lib/python2.7/site-packages/glanceclient/common/http.py:125
2019-06-08 07:41:00.937 725 DEBUG glanceclient.common.http [-] Request returned failure status 404. _handle_response /usr/lib/python2.7/site-packages/glanceclient/common/http.py:125
2019-06-08 07:41:00.941 725 DEBUG glanceclient.common.http [-] Request returned failure status 404. _handle_response /usr/lib/python2.7/site-packages/glanceclient/common/http.py:125
2019-06-08 07:41:00.957 725 DEBUG glanceclient.common.http [-] Request returned failure status 404. _handle_response /usr/lib/python2.7/site-packages/glanceclient/common/http.py:125
2019-06-08 07:41:00.959 725 DEBUG glanceclient.common.http [-] Request returned failure status 404. _handle_response /usr/lib/python2.7/site-packages/glanceclient/common/http.py:125
2019-06-08 07:41:00.975 725 DEBUG glanceclient.common.http [-] Request returned failure status 404. _handle_response /usr/lib/python2.7/site-packages/glanceclient/common/http.py:125
2019-06-08 07:41:00.990 725 DEBUG glanceclient.common.http [-] Request returned failure status 404. _handle_response /usr/lib/python2.7/site-packages/glanceclient/common/http.py:125
2019-06-08 07:41:03.105 725 DEBUG glanceclient.common.http [-] Request returned failure status 404. _handle_response /usr/lib/python2.7/site-packages/glanceclient/common/http.py:125
2019-06-08 07:41:03.134 725 DEBUG glanceclient.common.http [-] Request returned failure status 404. _handle_response /usr/lib/python2.7/site-packages/glanceclient/common/http.py:125
2019-06-08 07:41:03.137 725 DEBUG glanceclient.common.http [-] Request returned failure status 404. _handle_response /usr/lib/python2.7/site-packages/glanceclient/common/http.py:125
2019-06-08 07:41:03.155 725 DEBUG glanceclient.common.http [-] Request returned failure status 404. _handle_response /usr/lib/python2.7/site-packages/glanceclient/common/http.py:125
2019-06-08 07:41:03.167 725 DEBUG glanceclient.common.http [-] Request returned failure status 404. _handle_response /usr/lib/python2.7/site-packages/glanceclient/common/http.py:125
2019-06-08 07:41:03.173 725 DEBUG glanceclient.common.http [-] Request returned failure status 404. _handle_response /usr/lib/python2.7/site-packages/glanceclient/common/http.py:125
2019-06-08 07:41:03.174 725 DEBUG glanceclient.common.http [-] Request returned failure status 404. _handle_response /usr/lib/python2.7/site-packages/glanceclient/common/http.py:125
2019-06-08 07:41:03.194 725 DEBUG glanceclient.common.http [-] Request returned failure status 404. _handle_response /usr/lib/python2.7/site-packages/glanceclient/common/http.py:125
2019-06-08 07:41:03.197 725 DEBUG glanceclient.common.http [-] Request returned failure status 404. _handle_response /usr/lib/python2.7/site-packages/glanceclient/common/http.py:125
2019-06-08 07:41:03.211 725 DEBUG glanceclient.common.http [-] Request returned failure status 404. _handle_response /usr/lib/python2.7/site-packages/glanceclient/common/http.py:125
2019-06-08 07:41:04.213 725 INFO rally.task.context [-] Task ac0f072b-0a0c-493b-ba67-742e28157afa | Context cleanup@openstack cleanup() finished in 9.07 sec
2019-06-08 07:41:04.214 725 INFO rally.task.context [-] Task ac0f072b-0a0c-493b-ba67-742e28157afa | Context users@openstack cleanup() started
2019-06-08 07:41:10.954 725 INFO rally.task.context [-] Task ac0f072b-0a0c-493b-ba67-742e28157afa | Context users@openstack cleanup() finished in 6.74 sec
2019-06-08 07:41:12.299 725 INFO rally.task.engine [-] Load duration is: 15.562562
2019-06-08 07:41:12.300 725 INFO rally.task.engine [-] Full runner duration is: 16.481461
2019-06-08 07:41:12.300 725 INFO rally.task.engine [-] Full duration is: 36.80907
2019-06-08 07:41:12.682 725 INFO rally.task.engine [-] Running workload: position = 0 config = { "version": 2, "title": "A cropped version of a bigger task.", "description": "Auto-generated task from a single workload (uuid=b94b3148-418c-4f21-b217-0c2ce7020afb)", "subtasks": [ { "title": "GlanceImages.create_and_get_image", "description": "Create and get detailed information of an image.", "scenario": { "GlanceImages.create_and_get_image": { "container_format": "bare", "disk_format": "qcow2", "image_location": "/home/opnfv/functest/images/cirros-0.4.0-x86_64-disk.img" } }, "contexts": { "users": { "tenants": 3, "users_per_tenant": 2 } }, "runner": { "constant": { "concurrency": 4, "times": 10 } }, "hooks": [], "sla": { "failure_rate": { "max": 0 } } } ] }
2019-06-08 07:41:12.699 725 RALLYDEBUG rally_openstack.contexts.keystone.users [-] Creating 3 tenants using 20 threads
2019-06-08 07:41:14.505 725 RALLYDEBUG rally_openstack.contexts.keystone.users [-] Creating 6 users using 20 threads
2019-06-08 07:41:17.224 725 INFO rally.task.context [-] Task ac0f072b-0a0c-493b-ba67-742e28157afa | Context users@openstack setup() finished in 4.53 sec
2019-06-08 07:41:17.224 725 INFO rally.task.context [-] Task ac0f072b-0a0c-493b-ba67-742e28157afa | Context cleanup@openstack setup() finished in 0.01 msec
2019-06-08 07:41:17.231 725 RALLYDEBUG rally.task.runner [-] Starting the constant runner (task UUID: ac0f072b-0a0c-493b-ba67-742e28157afa). timeout: 0 concurrency: 4 concurrency_per_worker: 1 times: 10 concurrency_overhead: 0 processes_to_start: 4 max_cpu_used: 16
2019-06-08 07:41:17.242 1633 RALLYDEBUG rally.task.runner [-] Starting a worker. concurrency: 1 args: {"container_format": "bare", "disk_format": "qcow2", "image_location": "/home/opnfv/functest/images/cirros-0.4.0-x86_64-disk.img"} times: 10 method_name: run timeout: 0 duration: None cls:
2019-06-08 07:41:17.246 1634 RALLYDEBUG rally.task.runner [-] Starting a worker. concurrency: 1 args: {"container_format": "bare", "disk_format": "qcow2", "image_location": "/home/opnfv/functest/images/cirros-0.4.0-x86_64-disk.img"} times: 10 method_name: run timeout: 0 duration: None cls:
2019-06-08 07:41:17.248 1633 INFO rally.task.runner [-] Task ac0f072b-0a0c-493b-ba67-742e28157afa | ITER: 1 START
2019-06-08 07:41:17.249 1635 RALLYDEBUG rally.task.runner [-] Starting a worker. concurrency: 1 args: {"container_format": "bare", "disk_format": "qcow2", "image_location": "/home/opnfv/functest/images/cirros-0.4.0-x86_64-disk.img"} times: 10 method_name: run timeout: 0 duration: None cls:
2019-06-08 07:41:17.253 1634 INFO rally.task.runner [-] Task ac0f072b-0a0c-493b-ba67-742e28157afa | ITER: 2 START
2019-06-08 07:41:17.252 1636 RALLYDEBUG rally.task.runner [-] Starting a worker. concurrency: 1 args: {"container_format": "bare", "disk_format": "qcow2", "image_location": "/home/opnfv/functest/images/cirros-0.4.0-x86_64-disk.img"} times: 10 method_name: run timeout: 0 duration: None cls:
2019-06-08 07:41:17.254 1635 INFO rally.task.runner [-] Task ac0f072b-0a0c-493b-ba67-742e28157afa | ITER: 3 START
2019-06-08 07:41:17.258 1636 INFO rally.task.runner [-] Task ac0f072b-0a0c-493b-ba67-742e28157afa | ITER: 4 START
2019-06-08 07:41:20.545 1636 RALLYDEBUG rally.task.utils [-] Waiting for resource u'556843c3-9e09-4aa5-adaa-bec4ee88c400'. Status changed: NONE => QUEUED in 0.0299079418182
2019-06-08 07:41:20.554 1634 RALLYDEBUG rally.task.utils [-] Waiting for resource u'53f93af5-49fc-42ee-834e-ca36d130ac43'. Status changed: NONE => QUEUED in 0.0315430164337
2019-06-08 07:41:20.561 1635 RALLYDEBUG rally.task.utils [-] Waiting for resource u'9f0474ad-2bdb-49ee-ace1-0b4f55a18a15'. Status changed: NONE => QUEUED in 0.0314979553223
2019-06-08 07:41:20.569 1633 RALLYDEBUG rally.task.utils [-] Waiting for resource u'646048cb-e512-45ec-b789-4683e7470a1b'. Status changed: NONE => QUEUED in 0.0356049537659
2019-06-08 07:41:21.136 1634 RALLYDEBUG rally.task.utils [-] Waiting for resource s_rally_b94b3148_4HanKscu. Status changed: QUEUED => ACTIVE in 0.0201728343964
2019-06-08 07:41:21.140 1633 RALLYDEBUG rally.task.utils [-] Waiting for resource s_rally_b94b3148_f8ESRKNi. Status changed: QUEUED => ACTIVE in 0.0180830955505
2019-06-08 07:41:21.153 1634 INFO rally.task.runner [-] Task ac0f072b-0a0c-493b-ba67-742e28157afa | ITER: 2 END: OK
2019-06-08 07:41:21.157 1633 INFO rally.task.runner [-] Task ac0f072b-0a0c-493b-ba67-742e28157afa | ITER: 1 END: OK
2019-06-08 07:41:21.157 1634 INFO rally.task.runner [-] Task ac0f072b-0a0c-493b-ba67-742e28157afa | ITER: 5 START
2019-06-08 07:41:21.161 1633 INFO rally.task.runner [-] Task ac0f072b-0a0c-493b-ba67-742e28157afa | ITER: 6 START
2019-06-08 07:41:22.047 1636 RALLYDEBUG rally.task.utils [-] Waiting for resource s_rally_b94b3148_UIaKDgzp. Status changed: QUEUED => ACTIVE in 0.0198819637299
2019-06-08 07:41:22.069 1635 RALLYDEBUG rally.task.utils [-] Waiting for resource s_rally_b94b3148_R89nqdrK. Status changed: QUEUED => ACTIVE in 0.0263478755951
2019-06-08 07:41:22.072 1636 INFO rally.task.runner [-] Task ac0f072b-0a0c-493b-ba67-742e28157afa | ITER: 4 END: OK
2019-06-08 07:41:22.076 1636 INFO rally.task.runner [-] Task ac0f072b-0a0c-493b-ba67-742e28157afa | ITER: 7 START
2019-06-08 07:41:22.090 1635 INFO rally.task.runner [-] Task ac0f072b-0a0c-493b-ba67-742e28157afa | ITER: 3 END: OK
2019-06-08 07:41:22.093 1635 INFO rally.task.runner [-] Task ac0f072b-0a0c-493b-ba67-742e28157afa | ITER: 8 START
2019-06-08 07:41:24.406 1633 RALLYDEBUG rally.task.utils [-] Waiting for resource u'2d49e1b9-7392-4453-bb4d-d8c5359cb7e6'. Status changed: NONE => QUEUED in 0.0283150672913
2019-06-08 07:41:24.470 1634 RALLYDEBUG rally.task.utils [-] Waiting for resource u'467a8fea-df9f-494f-b5ad-cc2efc5a8d01'. Status changed: NONE => QUEUED in 0.0274949073792
2019-06-08 07:41:25.194 1633 RALLYDEBUG rally.task.utils [-] Waiting for resource s_rally_b94b3148_SRYKGj2F. Status changed: QUEUED => ACTIVE in 0.0180928707123
2019-06-08 07:41:25.195 1634 RALLYDEBUG rally.task.utils [-] Waiting for resource s_rally_b94b3148_wd1Asumh. Status changed: QUEUED => ACTIVE in 0.0184891223907
2019-06-08 07:41:25.211 1633 INFO rally.task.runner [-] Task ac0f072b-0a0c-493b-ba67-742e28157afa | ITER: 6 END: OK
2019-06-08 07:41:25.213 1634 INFO rally.task.runner [-] Task ac0f072b-0a0c-493b-ba67-742e28157afa | ITER: 5 END: OK
2019-06-08 07:41:25.215 1633 INFO rally.task.runner [-] Task ac0f072b-0a0c-493b-ba67-742e28157afa | ITER: 9 START
2019-06-08 07:41:25.216 1634 INFO rally.task.runner [-] Task ac0f072b-0a0c-493b-ba67-742e28157afa | ITER: 10 START
2019-06-08 07:41:25.351 1635 RALLYDEBUG rally.task.utils [-] Waiting for resource u'c7b433f9-2fa6-430f-84cd-247bf44ee72c'. Status changed: NONE => QUEUED in 0.0303440093994
2019-06-08 07:41:25.353 1636 RALLYDEBUG rally.task.utils [-] Waiting for resource u'c2158f55-2b4a-45a0-bbcd-2ce8aca8a61f'. Status changed: NONE => QUEUED in 0.0267670154572
2019-06-08 07:41:26.275 1635 RALLYDEBUG rally.task.utils [-] Waiting for resource s_rally_b94b3148_UX0ZgHL9. Status changed: QUEUED => ACTIVE in 0.0210468769073
2019-06-08 07:41:26.293 1635 INFO rally.task.runner [-] Task ac0f072b-0a0c-493b-ba67-742e28157afa | ITER: 8 END: OK
2019-06-08 07:41:26.362 1636 RALLYDEBUG rally.task.utils [-] Waiting for resource s_rally_b94b3148_EAoGtYD6. Status changed: QUEUED => ACTIVE in 0.101049900055
2019-06-08 07:41:26.380 1636 INFO rally.task.runner [-] Task ac0f072b-0a0c-493b-ba67-742e28157afa | ITER: 7 END: OK
2019-06-08 07:41:28.403 1633 RALLYDEBUG rally.task.utils [-] Waiting for resource u'98ecb1d3-ddc7-424c-a58e-e5886b4814d5'. Status changed: NONE => QUEUED in 0.028235912323
2019-06-08 07:41:28.407 1634 RALLYDEBUG rally.task.utils [-] Waiting for resource u'58a43b8b-4675-4472-b5d1-0e3103680f47'. Status changed: NONE => QUEUED in 0.0280458927155
2019-06-08 07:41:29.375 1634 RALLYDEBUG rally.task.utils [-] Waiting for resource s_rally_b94b3148_XyuIrECm. Status changed: QUEUED => ACTIVE in 0.0186338424683
2019-06-08 07:41:29.379 1633 RALLYDEBUG rally.task.utils [-] Waiting for resource s_rally_b94b3148_v3nUHEJB. Status changed: QUEUED => ACTIVE in 0.0218279361725
2019-06-08 07:41:29.393 1634 INFO rally.task.runner [-] Task ac0f072b-0a0c-493b-ba67-742e28157afa | ITER: 10 END: OK
2019-06-08 07:41:29.398 1633 INFO rally.task.runner [-] Task ac0f072b-0a0c-493b-ba67-742e28157afa | ITER: 9 END: OK
2019-06-08 07:41:29.422 725 INFO rally.task.context [-] Task ac0f072b-0a0c-493b-ba67-742e28157afa | Context cleanup@openstack cleanup() started
2019-06-08 07:41:29.424 725 RALLYDEBUG rally_openstack.cleanup.manager [-] Cleaning up glance images objects
2019-06-08 07:41:31.626 725 RALLYDEBUG rally_openstack.cleanup.manager [-] Deleting glance.images object s_rally_b94b3148_SRYKGj2F (2d49e1b9-7392-4453-bb4d-d8c5359cb7e6)
2019-06-08 07:41:31.627 725 RALLYDEBUG rally_openstack.cleanup.manager [-] Deleting glance.images object s_rally_b94b3148_UX0ZgHL9 (c7b433f9-2fa6-430f-84cd-247bf44ee72c)
2019-06-08 07:41:31.629 725 RALLYDEBUG rally_openstack.cleanup.manager [-] Deleting glance.images object s_rally_b94b3148_R89nqdrK (9f0474ad-2bdb-49ee-ace1-0b4f55a18a15)
2019-06-08 07:41:31.638 725 RALLYDEBUG rally_openstack.cleanup.manager [-] Deleting glance.images object s_rally_b94b3148_UIaKDgzp (556843c3-9e09-4aa5-adaa-bec4ee88c400)
2019-06-08 07:41:31.642 725 RALLYDEBUG rally_openstack.cleanup.manager [-] Deleting glance.images object s_rally_b94b3148_wd1Asumh (467a8fea-df9f-494f-b5ad-cc2efc5a8d01)
2019-06-08 07:41:31.646 725 RALLYDEBUG rally_openstack.cleanup.manager [-] Deleting glance.images object s_rally_b94b3148_v3nUHEJB (98ecb1d3-ddc7-424c-a58e-e5886b4814d5)
2019-06-08 07:41:31.652 725 RALLYDEBUG rally_openstack.cleanup.manager [-] Deleting glance.images object s_rally_b94b3148_EAoGtYD6 (c2158f55-2b4a-45a0-bbcd-2ce8aca8a61f)
2019-06-08 07:41:31.657 725 RALLYDEBUG rally_openstack.cleanup.manager [-] Deleting glance.images object s_rally_b94b3148_4HanKscu (53f93af5-49fc-42ee-834e-ca36d130ac43)
2019-06-08 07:41:31.662 725 RALLYDEBUG rally_openstack.cleanup.manager [-] Deleting glance.images object s_rally_b94b3148_f8ESRKNi (646048cb-e512-45ec-b789-4683e7470a1b)
2019-06-08 07:41:31.662 725 RALLYDEBUG rally_openstack.cleanup.manager [-] Deleting glance.images object s_rally_b94b3148_XyuIrECm (58a43b8b-4675-4472-b5d1-0e3103680f47)
2019-06-08 07:41:32.915 725 DEBUG glanceclient.common.http [-] Request returned failure status 404. _handle_response /usr/lib/python2.7/site-packages/glanceclient/common/http.py:125
2019-06-08 07:41:32.928 725 DEBUG glanceclient.common.http [-] Request returned failure status 404. _handle_response /usr/lib/python2.7/site-packages/glanceclient/common/http.py:125
2019-06-08 07:41:32.937 725 DEBUG glanceclient.common.http [-] Request returned failure status 404. _handle_response /usr/lib/python2.7/site-packages/glanceclient/common/http.py:125
2019-06-08 07:41:32.950 725 DEBUG glanceclient.common.http [-] Request returned failure status 404. _handle_response /usr/lib/python2.7/site-packages/glanceclient/common/http.py:125
2019-06-08 07:41:32.954 725 DEBUG glanceclient.common.http [-] Request returned failure status 404. _handle_response /usr/lib/python2.7/site-packages/glanceclient/common/http.py:125
2019-06-08 07:41:32.960 725 DEBUG glanceclient.common.http [-] Request returned failure status 404. _handle_response /usr/lib/python2.7/site-packages/glanceclient/common/http.py:125
2019-06-08 07:41:32.963 725 DEBUG glanceclient.common.http [-] Request returned failure status 404. _handle_response /usr/lib/python2.7/site-packages/glanceclient/common/http.py:125
2019-06-08 07:41:32.974 725 DEBUG glanceclient.common.http [-] Request returned failure status 404. _handle_response /usr/lib/python2.7/site-packages/glanceclient/common/http.py:125
2019-06-08 07:41:33.983 725 DEBUG glanceclient.common.http [-] Request returned failure status 404. _handle_response /usr/lib/python2.7/site-packages/glanceclient/common/http.py:125
2019-06-08 07:41:33.992 725 DEBUG glanceclient.common.http [-] Request returned failure status 404. _handle_response /usr/lib/python2.7/site-packages/glanceclient/common/http.py:125
2019-06-08 07:41:33.997 725 DEBUG glanceclient.common.http [-] Request returned failure status 404. _handle_response /usr/lib/python2.7/site-packages/glanceclient/common/http.py:125
2019-06-08 07:41:34.006 725 DEBUG glanceclient.common.http [-] Request returned failure status 404. _handle_response /usr/lib/python2.7/site-packages/glanceclient/common/http.py:125
2019-06-08 07:41:34.011 725 DEBUG glanceclient.common.http [-] Request returned failure status 404. _handle_response /usr/lib/python2.7/site-packages/glanceclient/common/http.py:125
2019-06-08 07:41:34.028 725 DEBUG glanceclient.common.http [-] Request returned failure status 404. _handle_response /usr/lib/python2.7/site-packages/glanceclient/common/http.py:125
2019-06-08 07:41:35.078 725 DEBUG glanceclient.common.http [-] Request returned failure status 404. _handle_response /usr/lib/python2.7/site-packages/glanceclient/common/http.py:125
2019-06-08 07:41:35.102 725 DEBUG glanceclient.common.http [-] Request returned failure status 404. _handle_response /usr/lib/python2.7/site-packages/glanceclient/common/http.py:125
2019-06-08 07:41:35.107 725 DEBUG glanceclient.common.http [-] Request returned failure status 404. _handle_response /usr/lib/python2.7/site-packages/glanceclient/common/http.py:125
2019-06-08 07:41:35.108 725 DEBUG glanceclient.common.http [-] Request returned failure status 404. _handle_response /usr/lib/python2.7/site-packages/glanceclient/common/http.py:125
2019-06-08 07:41:35.120 725 DEBUG glanceclient.common.http [-] Request returned failure status 404. _handle_response /usr/lib/python2.7/site-packages/glanceclient/common/http.py:125
2019-06-08 07:41:35.123 725 DEBUG glanceclient.common.http [-] Request returned failure status 404. _handle_response /usr/lib/python2.7/site-packages/glanceclient/common/http.py:125
2019-06-08 07:41:36.125 725 INFO rally.task.context [-] Task ac0f072b-0a0c-493b-ba67-742e28157afa | Context cleanup@openstack cleanup() finished in 6.70 sec
2019-06-08 07:41:36.126 725 INFO rally.task.context [-] Task ac0f072b-0a0c-493b-ba67-742e28157afa | Context users@openstack cleanup() started
2019-06-08 07:41:43.105 725 INFO rally.task.context [-] Task ac0f072b-0a0c-493b-ba67-742e28157afa | Context users@openstack cleanup() finished in 6.98 sec
2019-06-08 07:41:44.834 725 INFO rally.task.engine [-] Load duration is: 11.271111
2019-06-08 07:41:44.834 725 INFO rally.task.engine [-] Full runner duration is: 12.191024
2019-06-08 07:41:44.835 725 INFO rally.task.engine [-] Full duration is: 30.408283
2019-06-08 07:41:45.114 725 INFO rally.task.engine [-] Running workload: position = 0 config = { "version": 2, "title": "A cropped version of a bigger task.", "description": "Auto-generated task from a single workload (uuid=af86134e-53ce-4261-a98f-31ddb930156d)", "subtasks": [ { "title": "GlanceImages.create_and_update_image", "description": "Create an image then update it.", "scenario": { "GlanceImages.create_and_update_image": { "container_format": "bare", "disk_format": "qcow2", "image_location": "/home/opnfv/functest/images/cirros-0.4.0-x86_64-disk.img" } }, "contexts": { "users": { "tenants": 3, "users_per_tenant": 2 } }, "runner": { "constant": { "concurrency": 4, "times": 10 } }, "hooks": [], "sla": { "failure_rate": { "max": 0 } } } ] }
2019-06-08 07:41:45.134 725 RALLYDEBUG rally_openstack.contexts.keystone.users [-] Creating 3 tenants using 20 threads
2019-06-08 07:41:47.005 725 RALLYDEBUG rally_openstack.contexts.keystone.users [-] Creating 6 users using 20 threads
2019-06-08 07:41:49.825 725 INFO rally.task.context [-] Task ac0f072b-0a0c-493b-ba67-742e28157afa | Context users@openstack setup() finished in 4.69 sec
2019-06-08 07:41:49.826 725 INFO rally.task.context [-] Task ac0f072b-0a0c-493b-ba67-742e28157afa | Context cleanup@openstack setup() finished in 0.01 msec
2019-06-08 07:41:49.835 725 RALLYDEBUG rally.task.runner [-] Starting the constant runner (task UUID: ac0f072b-0a0c-493b-ba67-742e28157afa). timeout: 0 concurrency: 4 concurrency_per_worker: 1 times: 10 concurrency_overhead: 0 processes_to_start: 4 max_cpu_used: 16
2019-06-08 07:41:49.848 1757 RALLYDEBUG rally.task.runner [-] Starting a worker. concurrency: 1 args: {"container_format": "bare", "disk_format": "qcow2", "image_location": "/home/opnfv/functest/images/cirros-0.4.0-x86_64-disk.img"} times: 10 method_name: run timeout: 0 duration: None cls:
2019-06-08 07:41:49.850 1758 RALLYDEBUG rally.task.runner [-] Starting a worker. concurrency: 1 args: {"container_format": "bare", "disk_format": "qcow2", "image_location": "/home/opnfv/functest/images/cirros-0.4.0-x86_64-disk.img"} times: 10 method_name: run timeout: 0 duration: None cls:
2019-06-08 07:41:49.853 1759 RALLYDEBUG rally.task.runner [-] Starting a worker. concurrency: 1 args: {"container_format": "bare", "disk_format": "qcow2", "image_location": "/home/opnfv/functest/images/cirros-0.4.0-x86_64-disk.img"} times: 10 method_name: run timeout: 0 duration: None cls:
2019-06-08 07:41:49.854 1757 INFO rally.task.runner [-] Task ac0f072b-0a0c-493b-ba67-742e28157afa | ITER: 1 START
2019-06-08 07:41:49.856 1758 INFO rally.task.runner [-] Task ac0f072b-0a0c-493b-ba67-742e28157afa | ITER: 2 START
2019-06-08 07:41:49.857 1760 RALLYDEBUG rally.task.runner [-] Starting a worker. concurrency: 1 args: {"container_format": "bare", "disk_format": "qcow2", "image_location": "/home/opnfv/functest/images/cirros-0.4.0-x86_64-disk.img"} times: 10 method_name: run timeout: 0 duration: None cls:
2019-06-08 07:41:49.860 1759 INFO rally.task.runner [-] Task ac0f072b-0a0c-493b-ba67-742e28157afa | ITER: 3 START
2019-06-08 07:41:49.864 1760 INFO rally.task.runner [-] Task ac0f072b-0a0c-493b-ba67-742e28157afa | ITER: 4 START
2019-06-08 07:41:53.145 1760 RALLYDEBUG rally.task.utils [-] Waiting for resource u'7ac3703b-b05e-4421-b403-2840e34dfb60'. Status changed: NONE => QUEUED in 0.0274059772491
2019-06-08 07:41:53.201 1758 RALLYDEBUG rally.task.utils [-] Waiting for resource u'213e2ffa-f077-4f8e-a1a8-f56a606db8d2'. Status changed: NONE => QUEUED in 0.030727148056
2019-06-08 07:41:53.296 1759 RALLYDEBUG rally.task.utils [-] Waiting for resource u'b3b408af-aed4-426e-8d2e-3ade93433290'. Status changed: NONE => QUEUED in 0.131836891174
2019-06-08 07:41:53.300 1757 RALLYDEBUG rally.task.utils [-] Waiting for resource u'2d1750cb-bb9d-459b-9b18-b2a7024b31da'. Status changed: NONE => QUEUED in 0.130286931992
2019-06-08 07:41:53.613 1758 RALLYDEBUG rally.task.utils [-] Waiting for resource s_rally_af86134e_EhPEAQH3. Status changed: QUEUED => ACTIVE in 0.0182111263275
2019-06-08 07:41:53.747 1758 INFO rally.task.runner [-] Task ac0f072b-0a0c-493b-ba67-742e28157afa | ITER: 2 END: OK
2019-06-08 07:41:53.750 1758 INFO rally.task.runner [-] Task ac0f072b-0a0c-493b-ba67-742e28157afa | ITER: 5 START
2019-06-08 07:41:56.775 1760 RALLYDEBUG rally.task.utils [-] Waiting for resource s_rally_af86134e_02NK3yIx. Status changed: QUEUED => ACTIVE in 1.05211901665
2019-06-08 07:41:56.827 1759 RALLYDEBUG rally.task.utils [-] Waiting for resource s_rally_af86134e_uaRgKXcw. Status changed: QUEUED => ACTIVE in 0.0226309299469
2019-06-08 07:41:56.875 1757 RALLYDEBUG rally.task.utils [-] Waiting for resource s_rally_af86134e_KYPWS6mf. Status changed: QUEUED => ACTIVE in 0.0424690246582
2019-06-08 07:41:56.980 1760 INFO rally.task.runner [-] Task ac0f072b-0a0c-493b-ba67-742e28157afa | ITER: 4 END: OK
2019-06-08 07:41:56.985 1760 INFO rally.task.runner [-] Task ac0f072b-0a0c-493b-ba67-742e28157afa | ITER: 6 START
2019-06-08 07:41:57.016 1758 RALLYDEBUG rally.task.utils [-] Waiting for resource u'7e95ad71-d8e8-4009-8ea3-6ca8aa393835'. Status changed: NONE => QUEUED in 0.0295169353485
2019-06-08 07:41:57.030 1759 INFO rally.task.runner [-] Task ac0f072b-0a0c-493b-ba67-742e28157afa | ITER: 3 END: OK
2019-06-08 07:41:57.033 1759 INFO rally.task.runner [-] Task ac0f072b-0a0c-493b-ba67-742e28157afa | ITER: 7 START
2019-06-08 07:41:57.051 1757 INFO rally.task.runner [-] Task ac0f072b-0a0c-493b-ba67-742e28157afa | ITER: 1 END: OK
2019-06-08 07:41:57.055 1757 INFO rally.task.runner [-] Task ac0f072b-0a0c-493b-ba67-742e28157afa | ITER: 8 START
2019-06-08 07:41:57.914 1758 RALLYDEBUG rally.task.utils [-] Waiting for resource s_rally_af86134e_I0X48TIz. Status changed: QUEUED => ACTIVE in 0.0166420936584
2019-06-08 07:41:58.112 1758 INFO rally.task.runner [-] Task ac0f072b-0a0c-493b-ba67-742e28157afa | ITER: 5 END: OK
2019-06-08 07:41:58.116 1758 INFO rally.task.runner [-] Task ac0f072b-0a0c-493b-ba67-742e28157afa | ITER: 9 START
2019-06-08 07:42:00.283 1759 RALLYDEBUG rally.task.utils [-] Waiting for resource u'3b1bd72e-6edd-4352-9ae1-ea0d2b1148b5'. Status changed: NONE => QUEUED in 0.0277469158173
2019-06-08 07:42:01.054 1757 RALLYDEBUG rally.task.utils [-] Waiting for resource u'6c3a19d7-274a-4e2c-8e3c-1bee732f6be7'. Status changed: NONE => QUEUED in 0.448101043701
2019-06-08 07:42:01.112 1759 RALLYDEBUG rally.task.utils [-] Waiting for resource s_rally_af86134e_kiFaGosl. Status changed: QUEUED => ACTIVE in 0.0228130817413
2019-06-08 07:42:01.209 1760 RALLYDEBUG rally.task.utils [-] Waiting for resource u'44d4b5f6-9da5-4548-aee4-e322108e746c'. Status changed: NONE => QUEUED in 0.0267219543457
2019-06-08 07:42:02.113 1760 RALLYDEBUG rally.task.utils [-] Waiting for resource s_rally_af86134e_fdQdLYzE. Status changed: QUEUED => ACTIVE in 0.0173780918121
2019-06-08 07:42:02.150 1757 RALLYDEBUG rally.task.utils [-] Waiting for resource s_rally_af86134e_JPKrHlLw. Status changed: QUEUED => ACTIVE in 0.0363030433655
2019-06-08 07:42:02.152 1759 INFO rally.task.runner [-] Task ac0f072b-0a0c-493b-ba67-742e28157afa | ITER: 7 END: OK
2019-06-08 07:42:02.156 1759 INFO rally.task.runner [-] Task ac0f072b-0a0c-493b-ba67-742e28157afa | ITER: 10 START
2019-06-08 07:42:02.250 1760 INFO rally.task.runner [-] Task ac0f072b-0a0c-493b-ba67-742e28157afa | ITER: 6 END: OK
2019-06-08 07:42:02.287 1757 INFO rally.task.runner [-] Task ac0f072b-0a0c-493b-ba67-742e28157afa | ITER: 8 END: OK
2019-06-08 07:42:02.589 1758 RALLYDEBUG rally.task.utils [-] Waiting for resource u'093bdc4d-b8c7-426b-8026-2175749b2969'. Status changed: NONE => QUEUED in 0.0284008979797
2019-06-08 07:42:04.285 1758 RALLYDEBUG rally.task.utils [-] Waiting for resource s_rally_af86134e_CcJFd8jn. Status changed: QUEUED => ACTIVE in 0.0175230503082
2019-06-08 07:42:04.507 1758 INFO rally.task.runner [-] Task ac0f072b-0a0c-493b-ba67-742e28157afa | ITER: 9 END: OK
2019-06-08 07:42:05.444 1759 RALLYDEBUG rally.task.utils [-] Waiting for resource u'bbaf9e62-0fcf-4e9b-8d8b-2590f38860c0'. Status changed: NONE => QUEUED in 0.0407791137695
2019-06-08 07:42:06.285 1759 RALLYDEBUG rally.task.utils [-] Waiting for resource s_rally_af86134e_Bqyv53KP. Status changed: QUEUED => ACTIVE in 0.0183629989624
2019-06-08 07:42:06.411 1759 INFO rally.task.runner [-] Task ac0f072b-0a0c-493b-ba67-742e28157afa | ITER: 10 END: OK
2019-06-08 07:42:06.438 725 INFO rally.task.context [-] Task ac0f072b-0a0c-493b-ba67-742e28157afa | Context cleanup@openstack cleanup() started
2019-06-08 07:42:06.441 725 RALLYDEBUG rally_openstack.cleanup.manager [-] Cleaning up glance images objects
2019-06-08 07:42:08.643 725 RALLYDEBUG rally_openstack.cleanup.manager [-] Deleting glance.images object s_rally_af86134e_QuOTETcT (7ac3703b-b05e-4421-b403-2840e34dfb60)
2019-06-08 07:42:08.649 725 RALLYDEBUG rally_openstack.cleanup.manager [-] Deleting glance.images object s_rally_af86134e_yXJv4sWK (6c3a19d7-274a-4e2c-8e3c-1bee732f6be7)
2019-06-08 07:42:08.650 725 RALLYDEBUG rally_openstack.cleanup.manager [-] Deleting glance.images object s_rally_af86134e_sW4ztZoI (2d1750cb-bb9d-459b-9b18-b2a7024b31da)
2019-06-08 07:42:08.658 725 RALLYDEBUG rally_openstack.cleanup.manager [-] Deleting glance.images object s_rally_af86134e_5Njee2Yp (44d4b5f6-9da5-4548-aee4-e322108e746c)
2019-06-08 07:42:08.659 725 RALLYDEBUG rally_openstack.cleanup.manager [-] Deleting glance.images object s_rally_af86134e_jd5A7Avt (b3b408af-aed4-426e-8d2e-3ade93433290)
2019-06-08 07:42:08.661 725 RALLYDEBUG rally_openstack.cleanup.manager [-] Deleting glance.images object s_rally_af86134e_jFwxZC8d (213e2ffa-f077-4f8e-a1a8-f56a606db8d2)
2019-06-08 07:42:08.663 725 RALLYDEBUG rally_openstack.cleanup.manager [-] Deleting glance.images object s_rally_af86134e_1AnQp5Zm (bbaf9e62-0fcf-4e9b-8d8b-2590f38860c0)
2019-06-08 07:42:08.668 725 RALLYDEBUG rally_openstack.cleanup.manager [-] Deleting glance.images object s_rally_af86134e_vZ0Gi1ZD (3b1bd72e-6edd-4352-9ae1-ea0d2b1148b5)
2019-06-08 07:42:08.671 725 RALLYDEBUG rally_openstack.cleanup.manager [-] Deleting glance.images object s_rally_af86134e_uRwXCZtO (093bdc4d-b8c7-426b-8026-2175749b2969)
2019-06-08 07:42:08.684 725 RALLYDEBUG rally_openstack.cleanup.manager [-] Deleting glance.images object s_rally_af86134e_4kP4NdZS (7e95ad71-d8e8-4009-8ea3-6ca8aa393835)
2019-06-08 07:42:10.838 725 DEBUG glanceclient.common.http [-] Request returned failure status 404. _handle_response /usr/lib/python2.7/site-packages/glanceclient/common/http.py:125
2019-06-08 07:42:10.847 725 DEBUG glanceclient.common.http [-] Request returned failure status 404. _handle_response /usr/lib/python2.7/site-packages/glanceclient/common/http.py:125
2019-06-08 07:42:10.853 725 DEBUG glanceclient.common.http [-] Request returned failure status 404. _handle_response /usr/lib/python2.7/site-packages/glanceclient/common/http.py:125
2019-06-08 07:42:10.859 725 DEBUG glanceclient.common.http [-] Request returned failure status 404. _handle_response /usr/lib/python2.7/site-packages/glanceclient/common/http.py:125
2019-06-08 07:42:11.845 725 DEBUG glanceclient.common.http [-] Request returned failure status 404. _handle_response /usr/lib/python2.7/site-packages/glanceclient/common/http.py:125
2019-06-08 07:42:11.850 725 DEBUG glanceclient.common.http [-] Request returned failure status 404. _handle_response /usr/lib/python2.7/site-packages/glanceclient/common/http.py:125
2019-06-08 07:42:11.860 725 DEBUG glanceclient.common.http [-] Request returned failure status 404. _handle_response /usr/lib/python2.7/site-packages/glanceclient/common/http.py:125
2019-06-08 07:42:11.864 725 DEBUG glanceclient.common.http [-] Request returned failure status 404. _handle_response /usr/lib/python2.7/site-packages/glanceclient/common/http.py:125
2019-06-08 07:42:11.867 725 DEBUG glanceclient.common.http [-] Request returned failure status 404. _handle_response /usr/lib/python2.7/site-packages/glanceclient/common/http.py:125
2019-06-08 07:42:11.882 725 DEBUG glanceclient.common.http [-] Request returned failure status 404. _handle_response /usr/lib/python2.7/site-packages/glanceclient/common/http.py:125
2019-06-08 07:42:11.885 725 DEBUG glanceclient.common.http [-] Request returned failure status 404. _handle_response /usr/lib/python2.7/site-packages/glanceclient/common/http.py:125
2019-06-08 07:42:11.898 725 DEBUG glanceclient.common.http [-] Request returned failure status 404. _handle_response /usr/lib/python2.7/site-packages/glanceclient/common/http.py:125
2019-06-08 07:42:13.979 725 DEBUG glanceclient.common.http [-] Request returned failure status 404. _handle_response /usr/lib/python2.7/site-packages/glanceclient/common/http.py:125
2019-06-08 07:42:13.999 725 DEBUG glanceclient.common.http [-] Request returned failure status 404. _handle_response /usr/lib/python2.7/site-packages/glanceclient/common/http.py:125
2019-06-08 07:42:14.016 725 DEBUG glanceclient.common.http [-] Request returned failure status 404. _handle_response /usr/lib/python2.7/site-packages/glanceclient/common/http.py:125
2019-06-08 07:42:14.034 725 DEBUG glanceclient.common.http [-] Request returned failure status 404. _handle_response /usr/lib/python2.7/site-packages/glanceclient/common/http.py:125
2019-06-08 07:42:14.038 725 DEBUG glanceclient.common.http [-] Request returned failure status 404. _handle_response /usr/lib/python2.7/site-packages/glanceclient/common/http.py:125
2019-06-08 07:42:14.057 725 DEBUG glanceclient.common.http [-] Request returned failure status 404. _handle_response /usr/lib/python2.7/site-packages/glanceclient/common/http.py:125
2019-06-08 07:42:14.059 725 DEBUG glanceclient.common.http [-] Request returned failure status 404. _handle_response /usr/lib/python2.7/site-packages/glanceclient/common/http.py:125
2019-06-08 07:42:14.073 725 DEBUG glanceclient.common.http [-] Request returned failure status 404. _handle_response /usr/lib/python2.7/site-packages/glanceclient/common/http.py:125
2019-06-08 07:42:15.075 725 INFO rally.task.context [-] Task ac0f072b-0a0c-493b-ba67-742e28157afa | Context cleanup@openstack cleanup() finished in 8.64 sec
2019-06-08 07:42:15.075 725 INFO rally.task.context [-] Task ac0f072b-0a0c-493b-ba67-742e28157afa | Context users@openstack cleanup() started
2019-06-08 07:42:21.973 725 INFO rally.task.context [-] Task ac0f072b-0a0c-493b-ba67-742e28157afa | Context users@openstack cleanup() finished in 6.90 sec
2019-06-08 07:42:23.376 725 INFO rally.task.engine [-] Load duration is: 15.701614
2019-06-08 07:42:23.377 725 INFO rally.task.engine [-] Full runner duration is: 16.605085
2019-06-08 07:42:23.377 725 INFO rally.task.engine [-] Full duration is: 36.841686
2019-06-08 07:42:23.578 725 INFO rally.task.engine [-] Task ac0f072b-0a0c-493b-ba67-742e28157afa | Completed: Running task.
2019-06-08 07:42:24.528 1839 RALLYDEBUG rally.api [-] INFO logs from urllib3 and requests module are hide.
2019-06-08 07:42:24.529 1839 RALLYDEBUG rally.api [-] urllib3 insecure warnings are hidden.
2019-06-08 07:42:24.529 1839 RALLYDEBUG rally.api [-] ERROR log from boto module is hide.
2019-06-08 07:42:25.297 1840 RALLYDEBUG rally.api [-] INFO logs from urllib3 and requests module are hide.
2019-06-08 07:42:25.297 1840 RALLYDEBUG rally.api [-] urllib3 insecure warnings are hidden.
2019-06-08 07:42:25.297 1840 RALLYDEBUG rally.api [-] ERROR log from boto module is hide.
2019-06-08 07:42:26.448 1840 INFO rally.api [-] Building 'json' report for the following task(s): 'ac0f072b-0a0c-493b-ba67-742e28157afa'.
2019-06-08 07:42:26.466 1840 INFO rally.api [-] The report has been successfully built.
2019-06-08 07:42:27.212 1842 RALLYDEBUG rally.api [-] INFO logs from urllib3 and requests module are hide.
2019-06-08 07:42:27.212 1842 RALLYDEBUG rally.api [-] urllib3 insecure warnings are hidden.
2019-06-08 07:42:27.212 1842 RALLYDEBUG rally.api [-] ERROR log from boto module is hide.
2019-06-08 07:42:28.621 1842 INFO rally.task.engine [-] Task 32951d5e-0908-45e1-b646-e82b9cfdef31 | Starting: Task validation.
2019-06-08 07:42:28.664 1842 INFO rally.task.engine [-] Task 32951d5e-0908-45e1-b646-e82b9cfdef31 | Starting: Task validation of syntax.
2019-06-08 07:42:28.995 1842 INFO rally.task.engine [-] Task 32951d5e-0908-45e1-b646-e82b9cfdef31 | Completed: Task validation of syntax.
2019-06-08 07:42:28.995 1842 INFO rally.task.engine [-] Task 32951d5e-0908-45e1-b646-e82b9cfdef31 | Starting: Task validation of required platforms.
2019-06-08 07:42:29.092 1842 INFO rally.task.engine [-] Task 32951d5e-0908-45e1-b646-e82b9cfdef31 | Completed: Task validation of required platforms.
2019-06-08 07:42:29.092 1842 INFO rally.task.engine [-] Task 32951d5e-0908-45e1-b646-e82b9cfdef31 | Starting: Task validation of semantic.
2019-06-08 07:42:29.092 1842 INFO rally.task.engine [-] Check health of the environment '04512a45-d0af-4bfe-b9ad-c760f3df729e'.
2019-06-08 07:42:29.985 1842 INFO rally.task.engine [-] Platform existing@openstack (available: True): OK!
2019-06-08 07:42:30.004 1842 RALLYDEBUG rally_openstack.contexts.keystone.users [-] Creating 1 tenants using 20 threads
2019-06-08 07:42:31.825 1842 RALLYDEBUG rally_openstack.contexts.keystone.users [-] Creating 1 users using 20 threads
2019-06-08 07:42:34.280 1842 INFO rally.task.context [-] Task 32951d5e-0908-45e1-b646-e82b9cfdef31 | Context users@openstack setup() finished in 4.28 sec
2019-06-08 07:42:35.174 1842 DEBUG novaclient.v2.client [-] REQ: curl -g -i -X GET http://172.30.9.46:8774/v2.1/flavors/detail -H "Accept: application/json" -H "User-Agent: python-novaclient" -H "X-Auth-Token: {SHA1}1d65b8d97b81f4dbf76ae1b1446b4210b629938a" _http_log_request /usr/lib/python2.7/site-packages/keystoneauth1/session.py:448
2019-06-08 07:42:35.442 1842 DEBUG novaclient.v2.client [-] RESP: [200] Content-Encoding: gzip Content-Length: 364 Content-Type: application/json Date: Sat, 08 Jun 2019 07:42:35 GMT OpenStack-API-Version: compute 2.1 Server: Apache Vary: OpenStack-API-Version,X-OpenStack-Nova-API-Version,Accept-Encoding X-OpenStack-Nova-API-Version: 2.1 x-compute-request-id: req-7538df96-1925-402c-a5eb-fb1d9cb4ef59 x-openstack-request-id: req-7538df96-1925-402c-a5eb-fb1d9cb4ef59 _http_log_response /usr/lib/python2.7/site-packages/keystoneauth1/session.py:479
2019-06-08 07:42:35.443 1842 DEBUG novaclient.v2.client [-] RESP BODY: {"flavors": [{"name": "rally_full-flavor_alt_d09e47f0-7c5b-4a3d-a70a-228f31777d7e", "links": [{"href": "http://172.30.9.46:8774/v2.1/flavors/0573e554-6334-4be9-98a9-587c074aa754", "rel": "self"}, {"href": "http://172.30.9.46:8774/flavors/0573e554-6334-4be9-98a9-587c074aa754", "rel": "bookmark"}], "ram": 1024, "OS-FLV-DISABLED:disabled": false, "vcpus": 1, "swap": "", "os-flavor-access:is_public": true, "rxtx_factor": 1.0, "OS-FLV-EXT-DATA:ephemeral": 0, "disk": 1, "id": "0573e554-6334-4be9-98a9-587c074aa754"}, {"name": "rally_full-flavor_d09e47f0-7c5b-4a3d-a70a-228f31777d7e", "links": [{"href": "http://172.30.9.46:8774/v2.1/flavors/42e98d5e-b39b-46a6-a557-58c9cfbba7ce", "rel": "self"}, {"href": "http://172.30.9.46:8774/flavors/42e98d5e-b39b-46a6-a557-58c9cfbba7ce", "rel": "bookmark"}], "ram": 512, "OS-FLV-DISABLED:disabled": false, "vcpus": 1, "swap": "", "os-flavor-access:is_public": true, "rxtx_factor": 1.0, "OS-FLV-EXT-DATA:ephemeral": 0, "disk": 1, "id": "42e98d5e-b39b-46a6-a557-58c9cfbba7ce"}]} _http_log_response /usr/lib/python2.7/site-packages/keystoneauth1/session.py:511
2019-06-08 07:42:35.443 1842 DEBUG novaclient.v2.client [-] GET call to compute for http://172.30.9.46:8774/v2.1/flavors/detail used request id req-7538df96-1925-402c-a5eb-fb1d9cb4ef59 request /usr/lib/python2.7/site-packages/keystoneauth1/session.py:844
2019-06-08 07:42:35.851 1842 DEBUG novaclient.v2.client [-] REQ: curl -g -i -X GET http://172.30.9.46:8774/v2.1/flavors/42e98d5e-b39b-46a6-a557-58c9cfbba7ce -H "Accept: application/json" -H "User-Agent: python-novaclient" -H "X-Auth-Token: {SHA1}8b68e37168cb1e3119870a3bd97a1d5908590a0e" _http_log_request /usr/lib/python2.7/site-packages/keystoneauth1/session.py:448
2019-06-08 07:42:36.144 1842 DEBUG novaclient.v2.client [-] RESP: [200] Content-Encoding: gzip Content-Length: 310 Content-Type: application/json Date: Sat, 08 Jun 2019 07:42:35 GMT OpenStack-API-Version: compute 2.1 Server: Apache Vary: OpenStack-API-Version,X-OpenStack-Nova-API-Version,Accept-Encoding X-OpenStack-Nova-API-Version: 2.1 x-compute-request-id: req-356b157a-776f-4dfc-8da1-9ac7310bdec2 x-openstack-request-id: req-356b157a-776f-4dfc-8da1-9ac7310bdec2 _http_log_response /usr/lib/python2.7/site-packages/keystoneauth1/session.py:479
2019-06-08 07:42:36.144 1842 DEBUG novaclient.v2.client [-] RESP BODY: {"flavor": {"name": "rally_full-flavor_d09e47f0-7c5b-4a3d-a70a-228f31777d7e", "links": [{"href": "http://172.30.9.46:8774/v2.1/flavors/42e98d5e-b39b-46a6-a557-58c9cfbba7ce", "rel": "self"}, {"href": "http://172.30.9.46:8774/flavors/42e98d5e-b39b-46a6-a557-58c9cfbba7ce", "rel": "bookmark"}], "ram": 512, "OS-FLV-DISABLED:disabled": false, "vcpus": 1, "swap": "", "os-flavor-access:is_public": true, "rxtx_factor": 1.0, "OS-FLV-EXT-DATA:ephemeral": 0, "disk": 1, "id": "42e98d5e-b39b-46a6-a557-58c9cfbba7ce"}} _http_log_response /usr/lib/python2.7/site-packages/keystoneauth1/session.py:511
2019-06-08 07:42:36.145 1842 DEBUG novaclient.v2.client [-] GET call to compute for http://172.30.9.46:8774/v2.1/flavors/42e98d5e-b39b-46a6-a557-58c9cfbba7ce used request id req-356b157a-776f-4dfc-8da1-9ac7310bdec2 request /usr/lib/python2.7/site-packages/keystoneauth1/session.py:844
2019-06-08 07:42:40.996 1842 DEBUG novaclient.v2.client [-] REQ: curl -g -i -X GET http://172.30.9.46:8774/v2.1/flavors/detail -H "Accept: application/json" -H "User-Agent: python-novaclient" -H "X-Auth-Token: {SHA1}e7917c3136beaa0d1cf4ab39bcec8186e94b596d" _http_log_request /usr/lib/python2.7/site-packages/keystoneauth1/session.py:448
2019-06-08 07:42:41.406 1842 DEBUG novaclient.v2.client [-] RESP: [200] Content-Encoding: gzip Content-Length: 364 Content-Type: application/json Date: Sat, 08 Jun 2019 07:42:41 GMT OpenStack-API-Version: compute 2.1 Server: Apache Vary: OpenStack-API-Version,X-OpenStack-Nova-API-Version,Accept-Encoding X-OpenStack-Nova-API-Version: 2.1 x-compute-request-id: req-a6c14109-0187-4450-b469-f0576be3b137 x-openstack-request-id: req-a6c14109-0187-4450-b469-f0576be3b137 _http_log_response /usr/lib/python2.7/site-packages/keystoneauth1/session.py:479
2019-06-08 07:42:41.407 1842 DEBUG novaclient.v2.client [-] RESP BODY: {"flavors": [{"name": "rally_full-flavor_alt_d09e47f0-7c5b-4a3d-a70a-228f31777d7e", "links": [{"href": "http://172.30.9.46:8774/v2.1/flavors/0573e554-6334-4be9-98a9-587c074aa754", "rel": "self"}, {"href": "http://172.30.9.46:8774/flavors/0573e554-6334-4be9-98a9-587c074aa754", "rel": "bookmark"}], "ram": 1024, "OS-FLV-DISABLED:disabled": false, "vcpus": 1, "swap": "", "os-flavor-access:is_public": true, "rxtx_factor": 1.0, "OS-FLV-EXT-DATA:ephemeral": 0, "disk": 1, "id": "0573e554-6334-4be9-98a9-587c074aa754"}, {"name": "rally_full-flavor_d09e47f0-7c5b-4a3d-a70a-228f31777d7e", "links": [{"href": "http://172.30.9.46:8774/v2.1/flavors/42e98d5e-b39b-46a6-a557-58c9cfbba7ce", "rel": "self"}, {"href": "http://172.30.9.46:8774/flavors/42e98d5e-b39b-46a6-a557-58c9cfbba7ce", "rel": "bookmark"}], "ram": 512, "OS-FLV-DISABLED:disabled": false, "vcpus": 1, "swap": "", "os-flavor-access:is_public": true, "rxtx_factor": 1.0, "OS-FLV-EXT-DATA:ephemeral": 0, "disk": 1, "id": "42e98d5e-b39b-46a6-a557-58c9cfbba7ce"}]} _http_log_response /usr/lib/python2.7/site-packages/keystoneauth1/session.py:511
2019-06-08 07:42:41.407 1842 DEBUG novaclient.v2.client [-] GET call to compute for http://172.30.9.46:8774/v2.1/flavors/detail used request id req-a6c14109-0187-4450-b469-f0576be3b137 request /usr/lib/python2.7/site-packages/keystoneauth1/session.py:844
2019-06-08 07:42:41.827 1842 DEBUG novaclient.v2.client [-] REQ: curl -g -i -X GET http://172.30.9.46:8774/v2.1/flavors/42e98d5e-b39b-46a6-a557-58c9cfbba7ce -H "Accept: application/json" -H "User-Agent: python-novaclient" -H "X-Auth-Token: {SHA1}5bcc04f39429dcc2513b5b4581b60d6cf5bef5cb" _http_log_request /usr/lib/python2.7/site-packages/keystoneauth1/session.py:448
2019-06-08 07:42:42.115 1842 DEBUG novaclient.v2.client [-] RESP: [200] Content-Encoding: gzip Content-Length: 310 Content-Type: application/json Date: Sat, 08 Jun 2019 07:42:41 GMT OpenStack-API-Version: compute 2.1 Server: Apache Vary: OpenStack-API-Version,X-OpenStack-Nova-API-Version,Accept-Encoding X-OpenStack-Nova-API-Version: 2.1 x-compute-request-id: req-69546a81-2d7c-4164-8695-c31436346b08 x-openstack-request-id: req-69546a81-2d7c-4164-8695-c31436346b08 _http_log_response /usr/lib/python2.7/site-packages/keystoneauth1/session.py:479
2019-06-08 07:42:42.116 1842 DEBUG novaclient.v2.client [-] RESP BODY: {"flavor": {"name": "rally_full-flavor_d09e47f0-7c5b-4a3d-a70a-228f31777d7e", "links": [{"href": "http://172.30.9.46:8774/v2.1/flavors/42e98d5e-b39b-46a6-a557-58c9cfbba7ce", "rel": "self"}, {"href": "http://172.30.9.46:8774/flavors/42e98d5e-b39b-46a6-a557-58c9cfbba7ce", "rel": "bookmark"}], "ram": 512, "OS-FLV-DISABLED:disabled": false, "vcpus": 1, "swap": "", "os-flavor-access:is_public": true, "rxtx_factor": 1.0, "OS-FLV-EXT-DATA:ephemeral": 0, "disk": 1, "id": "42e98d5e-b39b-46a6-a557-58c9cfbba7ce"}} _http_log_response /usr/lib/python2.7/site-packages/keystoneauth1/session.py:511
2019-06-08 07:42:42.116 1842 DEBUG novaclient.v2.client [-] GET call to compute for http://172.30.9.46:8774/v2.1/flavors/42e98d5e-b39b-46a6-a557-58c9cfbba7ce used request id req-69546a81-2d7c-4164-8695-c31436346b08 request /usr/lib/python2.7/site-packages/keystoneauth1/session.py:844
2019-06-08 07:42:43.912 1842 DEBUG novaclient.v2.client [-] REQ: curl -g -i -X GET http://172.30.9.46:8774/v2.1/flavors/detail -H "Accept: application/json" -H "User-Agent: python-novaclient" -H "X-Auth-Token: {SHA1}55304e2a1018a396dba40110b184b14de261a578" _http_log_request /usr/lib/python2.7/site-packages/keystoneauth1/session.py:448
2019-06-08 07:42:44.186 1842 DEBUG novaclient.v2.client [-] RESP: [200] Content-Encoding: gzip Content-Length: 364 Content-Type: application/json Date: Sat, 08 Jun 2019 07:42:43 GMT OpenStack-API-Version: compute 2.1 Server: Apache Vary: OpenStack-API-Version,X-OpenStack-Nova-API-Version,Accept-Encoding X-OpenStack-Nova-API-Version: 2.1 x-compute-request-id: req-73615338-e874-4665-87fd-123ad3116fe2 x-openstack-request-id: req-73615338-e874-4665-87fd-123ad3116fe2 _http_log_response /usr/lib/python2.7/site-packages/keystoneauth1/session.py:479
2019-06-08 07:42:44.186 1842 DEBUG novaclient.v2.client [-] RESP BODY: {"flavors": [{"name": "rally_full-flavor_alt_d09e47f0-7c5b-4a3d-a70a-228f31777d7e", "links": [{"href": "http://172.30.9.46:8774/v2.1/flavors/0573e554-6334-4be9-98a9-587c074aa754", "rel": "self"}, {"href": "http://172.30.9.46:8774/flavors/0573e554-6334-4be9-98a9-587c074aa754", "rel": "bookmark"}], "ram": 1024, "OS-FLV-DISABLED:disabled": false, "vcpus": 1, "swap": "", "os-flavor-access:is_public": true, "rxtx_factor": 1.0, "OS-FLV-EXT-DATA:ephemeral": 0, "disk": 1, "id": "0573e554-6334-4be9-98a9-587c074aa754"}, {"name": "rally_full-flavor_d09e47f0-7c5b-4a3d-a70a-228f31777d7e", "links": [{"href": "http://172.30.9.46:8774/v2.1/flavors/42e98d5e-b39b-46a6-a557-58c9cfbba7ce", "rel": "self"}, {"href": "http://172.30.9.46:8774/flavors/42e98d5e-b39b-46a6-a557-58c9cfbba7ce", "rel": "bookmark"}], "ram": 512, "OS-FLV-DISABLED:disabled": false, "vcpus": 1, "swap": "", "os-flavor-access:is_public": true, "rxtx_factor": 1.0, "OS-FLV-EXT-DATA:ephemeral": 0, "disk": 1, "id": "42e98d5e-b39b-46a6-a557-58c9cfbba7ce"}]} _http_log_response /usr/lib/python2.7/site-packages/keystoneauth1/session.py:511
2019-06-08 07:42:44.187 1842 DEBUG novaclient.v2.client [-] GET call to compute for http://172.30.9.46:8774/v2.1/flavors/detail used request id req-73615338-e874-4665-87fd-123ad3116fe2 request /usr/lib/python2.7/site-packages/keystoneauth1/session.py:844
