2019-06-06 21:09:56.128 24798 WARNING rally_openstack.scenarios.neutron.utils [-] Running this scenario without either the 'network' or 'existing_network' context is deprecated
2019-06-06 21:09:56.127 24796 WARNING rally_openstack.scenarios.neutron.utils [-] Running this scenario without either the 'network' or 'existing_network' context is deprecated
2019-06-06 21:09:56.126 24797 INFO rally.task.runner [-] Task cb6eaf6b-374d-44b1-9435-62556d46ec6d | ITER: 7 START
2019-06-06 21:09:56.128 24796 WARNING rally_openstack.scenarios.neutron.utils [-] Running this scenario without either the 'network' or 'existing_network' context is deprecated
2019-06-06 21:09:56.129 24797 WARNING rally_openstack.scenarios.neutron.utils [-] Running this scenario without either the 'network' or 'existing_network' context is deprecated
2019-06-06 21:09:56.131 24804 INFO rally.task.runner [-] Task cb6eaf6b-374d-44b1-9435-62556d46ec6d | ITER: 10 START
2019-06-06 21:09:56.133 24804 WARNING rally_openstack.scenarios.neutron.utils [-] Running this scenario without either the 'network' or 'existing_network' context is deprecated
2019-06-06 21:09:56.134 24815 RALLYDEBUG rally.task.runner [-] Starting a worker. concurrency: 1 args: {"network_create_args": {}, "subnet_create_args": {}, "subnet_cidr_start": "1.1.0.0/30", "subnets_per_network": 2} times: 40 method_name: run timeout: 0 duration: None cls:
2019-06-06 21:09:56.135 24809 INFO rally.task.runner [-] Task cb6eaf6b-374d-44b1-9435-62556d46ec6d | ITER: 11 START
2019-06-06 21:09:56.136 24798 INFO rally.task.runner [-] Task cb6eaf6b-374d-44b1-9435-62556d46ec6d | ITER: 8 START
2019-06-06 21:09:56.136 24809 WARNING rally_openstack.scenarios.neutron.utils [-] Running this scenario without either the 'network' or 'existing_network' context is deprecated
2019-06-06 21:09:56.137 24798 WARNING rally_openstack.scenarios.neutron.utils [-] Running this scenario without either the 'network' or 'existing_network' context is deprecated
2019-06-06 21:09:56.140 24815 INFO rally.task.runner [-] Task cb6eaf6b-374d-44b1-9435-62556d46ec6d | ITER: 12 START
2019-06-06 21:09:56.140 24820 RALLYDEBUG rally.task.runner [-] Starting a worker. concurrency: 1 args: {"network_create_args": {}, "subnet_create_args": {}, "subnet_cidr_start": "1.1.0.0/30", "subnets_per_network": 2} times: 40 method_name: run timeout: 0 duration: None cls:
2019-06-06 21:09:56.142 24815 WARNING rally_openstack.scenarios.neutron.utils [-] Running this scenario without either the 'network' or 'existing_network' context is deprecated
2019-06-06 21:09:56.143 24822 RALLYDEBUG rally.task.runner [-] Starting a worker. concurrency: 1 args: {"network_create_args": {}, "subnet_create_args": {}, "subnet_cidr_start": "1.1.0.0/30", "subnets_per_network": 2} times: 40 method_name: run timeout: 0 duration: None cls:
2019-06-06 21:09:56.145 24820 INFO rally.task.runner [-] Task cb6eaf6b-374d-44b1-9435-62556d46ec6d | ITER: 13 START
2019-06-06 21:09:56.146 24820 WARNING rally_openstack.scenarios.neutron.utils [-] Running this scenario without either the 'network' or 'existing_network' context is deprecated
2019-06-06 21:09:56.150 24822 INFO rally.task.runner [-] Task cb6eaf6b-374d-44b1-9435-62556d46ec6d | ITER: 14 START
2019-06-06 21:09:56.155 24827 RALLYDEBUG rally.task.runner [-] Starting a worker. concurrency: 1 args: {"network_create_args": {}, "subnet_create_args": {}, "subnet_cidr_start": "1.1.0.0/30", "subnets_per_network": 2} times: 40 method_name: run timeout: 0 duration: None cls:
2019-06-06 21:09:56.155 24822 WARNING rally_openstack.scenarios.neutron.utils [-] Running this scenario without either the 'network' or 'existing_network' context is deprecated
2019-06-06 21:09:56.161 24827 INFO rally.task.runner [-] Task cb6eaf6b-374d-44b1-9435-62556d46ec6d | ITER: 15 START
2019-06-06 21:09:56.161 24830 RALLYDEBUG rally.task.runner [-] Starting a worker. concurrency: 1 args: {"network_create_args": {}, "subnet_create_args": {}, "subnet_cidr_start": "1.1.0.0/30", "subnets_per_network": 2} times: 40 method_name: run timeout: 0 duration: None cls:
2019-06-06 21:09:56.164 24827 WARNING rally_openstack.scenarios.neutron.utils [-] Running this scenario without either the 'network' or 'existing_network' context is deprecated
2019-06-06 21:09:56.166 24830 INFO rally.task.runner [-] Task cb6eaf6b-374d-44b1-9435-62556d46ec6d | ITER: 16 START
2019-06-06 21:09:56.170 24830 WARNING rally_openstack.scenarios.neutron.utils [-] Running this scenario without either the 'network' or 'existing_network' context is deprecated
2019-06-06 21:09:56.172 24834 RALLYDEBUG rally.task.runner [-] Starting a worker. concurrency: 1 args: {"network_create_args": {}, "subnet_create_args": {}, "subnet_cidr_start": "1.1.0.0/30", "subnets_per_network": 2} times: 40 method_name: run timeout: 0 duration: None cls:
2019-06-06 21:09:56.177 24834 INFO rally.task.runner [-] Task cb6eaf6b-374d-44b1-9435-62556d46ec6d | ITER: 17 START
2019-06-06 21:09:56.177 24836 RALLYDEBUG rally.task.runner [-] Starting a worker. concurrency: 1 args: {"network_create_args": {}, "subnet_create_args": {}, "subnet_cidr_start": "1.1.0.0/30", "subnets_per_network": 2} times: 40 method_name: run timeout: 0 duration: None cls:
2019-06-06 21:09:56.181 24834 WARNING rally_openstack.scenarios.neutron.utils [-] Running this scenario without either the 'network' or 'existing_network' context is deprecated
2019-06-06 21:09:56.181 24836 INFO rally.task.runner [-] Task cb6eaf6b-374d-44b1-9435-62556d46ec6d | ITER: 18 START
2019-06-06 21:09:56.182 24838 RALLYDEBUG rally.task.runner [-] Starting a worker. concurrency: 1 args: {"network_create_args": {}, "subnet_create_args": {}, "subnet_cidr_start": "1.1.0.0/30", "subnets_per_network": 2} times: 40 method_name: run timeout: 0 duration: None cls:
2019-06-06 21:09:56.183 24836 WARNING rally_openstack.scenarios.neutron.utils [-] Running this scenario without either the 'network' or 'existing_network' context is deprecated
2019-06-06 21:09:56.186 24840 RALLYDEBUG rally.task.runner [-] Starting a worker. concurrency: 1 args: {"network_create_args": {}, "subnet_create_args": {}, "subnet_cidr_start": "1.1.0.0/30", "subnets_per_network": 2} times: 40 method_name: run timeout: 0 duration: None cls:
2019-06-06 21:09:56.190 24838 INFO rally.task.runner [-] Task cb6eaf6b-374d-44b1-9435-62556d46ec6d | ITER: 19 START
2019-06-06 21:09:56.191 24840 INFO rally.task.runner [-] Task cb6eaf6b-374d-44b1-9435-62556d46ec6d | ITER: 20 START
2019-06-06 21:09:56.192 24838 WARNING rally_openstack.scenarios.neutron.utils [-] Running this scenario without either the 'network' or 'existing_network' context is deprecated
2019-06-06 21:09:56.192 24840 WARNING rally_openstack.scenarios.neutron.utils [-] Running this scenario without either the 'network' or 'existing_network' context is deprecated
2019-06-06 21:09:57.970 24809 RALLYDEBUG rally_openstack.wrappers.network [-] CIDR generated: 1.1.4.96/30
2019-06-06 21:09:58.040 24797 RALLYDEBUG rally_openstack.wrappers.network [-] CIDR generated: 1.1.4.100/30
2019-06-06 21:09:58.041 24796 RALLYDEBUG rally_openstack.wrappers.network [-] CIDR generated: 1.1.4.104/30
2019-06-06 21:09:58.057 24804 RALLYDEBUG rally_openstack.wrappers.network [-] CIDR generated: 1.1.4.108/30
2019-06-06 21:09:58.077 24836 RALLYDEBUG rally_openstack.wrappers.network [-] CIDR generated: 1.1.4.112/30
2019-06-06 21:09:58.116 24820 RALLYDEBUG rally_openstack.wrappers.network [-] CIDR generated: 1.1.4.116/30
2019-06-06 21:09:58.127 24838 RALLYDEBUG rally_openstack.wrappers.network [-] CIDR generated: 1.1.4.120/30
2019-06-06 21:09:58.170 24798 RALLYDEBUG rally_openstack.wrappers.network [-] CIDR generated: 1.1.4.124/30
2019-06-06 21:09:58.177 24830 RALLYDEBUG rally_openstack.wrappers.network [-] CIDR generated: 1.1.4.128/30
2019-06-06 21:09:58.215 24798 RALLYDEBUG rally_openstack.wrappers.network [-] CIDR generated: 1.1.4.132/30
2019-06-06 21:09:58.252 24800 RALLYDEBUG rally_openstack.wrappers.network [-] CIDR generated: 1.1.4.136/30
2019-06-06 21:09:58.284 24797 RALLYDEBUG rally_openstack.wrappers.network [-] CIDR generated: 1.1.4.140/30
2019-06-06 21:09:58.293 24840 RALLYDEBUG rally_openstack.wrappers.network [-] CIDR generated: 1.1.4.144/30
2019-06-06 21:09:58.333 24822 RALLYDEBUG rally_openstack.wrappers.network [-] CIDR generated: 1.1.4.148/30
2019-06-06 21:09:58.364 24795 RALLYDEBUG rally_openstack.wrappers.network [-] CIDR generated: 1.1.4.152/30
2019-06-06 21:09:58.437 24795 RALLYDEBUG rally_openstack.wrappers.network [-] CIDR generated: 1.1.4.156/30
2019-06-06 21:09:58.484 24834 RALLYDEBUG rally_openstack.wrappers.network [-] CIDR generated: 1.1.4.160/30
2019-06-06 21:09:58.490 24827 RALLYDEBUG rally_openstack.wrappers.network [-] CIDR generated: 1.1.4.164/30
2019-06-06 21:09:58.544 24815 RALLYDEBUG rally_openstack.wrappers.network [-] CIDR generated: 1.1.4.168/30
2019-06-06 21:09:59.068 24796 RALLYDEBUG rally_openstack.wrappers.network [-] CIDR generated: 1.1.4.172/30
2019-06-06 21:09:59.478 24820 RALLYDEBUG rally_openstack.wrappers.network [-] CIDR generated: 1.1.4.176/30
2019-06-06 21:09:59.885 24797 RALLYDEBUG rally_openstack.wrappers.network [-] CIDR generated: 1.1.4.180/30
2019-06-06 21:09:59.932 24798 RALLYDEBUG rally_openstack.wrappers.network [-] CIDR generated: 1.1.4.184/30
2019-06-06 21:09:59.982 24836 RALLYDEBUG rally_openstack.wrappers.network [-] CIDR generated: 1.1.4.188/30
2019-06-06 21:10:00.063 24795 RALLYDEBUG rally_openstack.wrappers.network [-] CIDR generated: 1.1.4.192/30
2019-06-06 21:10:00.136 24834 RALLYDEBUG rally_openstack.wrappers.network [-] CIDR generated: 1.1.4.196/30
2019-06-06 21:10:00.220 24830 RALLYDEBUG rally_openstack.wrappers.network [-] CIDR generated: 1.1.4.200/30
2019-06-06 21:10:00.291 24798 RALLYDEBUG rally_openstack.wrappers.network [-] CIDR generated: 1.1.4.204/30
2019-06-06 21:10:00.699 24827 RALLYDEBUG rally_openstack.wrappers.network [-] CIDR generated: 1.1.4.208/30
2019-06-06 21:10:00.789 24797 RALLYDEBUG rally_openstack.wrappers.network [-] CIDR generated: 1.1.4.212/30
2019-06-06 21:10:00.801 24815 RALLYDEBUG rally_openstack.wrappers.network [-] CIDR generated: 1.1.4.216/30
2019-06-06 21:10:00.854 24796 RALLYDEBUG rally_openstack.wrappers.network [-] CIDR generated: 1.1.4.220/30
2019-06-06 21:10:00.923 24840 RALLYDEBUG rally_openstack.wrappers.network [-] CIDR generated: 1.1.4.224/30
2019-06-06 21:10:00.966 24795 RALLYDEBUG rally_openstack.wrappers.network [-] CIDR generated: 1.1.4.228/30
2019-06-06 21:10:02.041 24809 RALLYDEBUG rally_openstack.wrappers.network [-] CIDR generated: 1.1.4.232/30
2019-06-06 21:10:02.654 24804 RALLYDEBUG rally_openstack.wrappers.network [-] CIDR generated: 1.1.4.236/30
2019-06-06 21:10:02.856 24838 RALLYDEBUG rally_openstack.wrappers.network [-] CIDR generated: 1.1.4.240/30
2019-06-06 21:10:03.012 24796 RALLYDEBUG rally_openstack.wrappers.network [-] CIDR generated: 1.1.4.244/30
2019-06-06 21:10:03.140 24822 RALLYDEBUG rally_openstack.wrappers.network [-] CIDR generated: 1.1.4.248/30
2019-06-06 21:10:03.317 24800 RALLYDEBUG rally_openstack.wrappers.network [-] CIDR generated: 1.1.4.252/30
2019-06-06 21:10:03.764 24820 INFO rally.task.runner [-] Task cb6eaf6b-374d-44b1-9435-62556d46ec6d | ITER: 13 END: OK
2019-06-06 21:10:03.769 24820 INFO rally.task.runner [-] Task cb6eaf6b-374d-44b1-9435-62556d46ec6d | ITER: 21 START
2019-06-06 21:10:03.769 24820 WARNING rally_openstack.scenarios.neutron.utils [-] Running this scenario without either the 'network' or 'existing_network' context is deprecated
2019-06-06 21:10:04.561 24834 INFO rally.task.runner [-] Task cb6eaf6b-374d-44b1-9435-62556d46ec6d | ITER: 17 END: OK
2019-06-06 21:10:04.566 24834 INFO rally.task.runner [-] Task cb6eaf6b-374d-44b1-9435-62556d46ec6d | ITER: 22 START
2019-06-06 21:10:04.566 24834 WARNING rally_openstack.scenarios.neutron.utils [-] Running this scenario without either the 'network' or 'existing_network' context is deprecated
2019-06-06 21:10:04.829 24798 INFO rally.task.runner [-] Task cb6eaf6b-374d-44b1-9435-62556d46ec6d | ITER: 8 END: OK
2019-06-06 21:10:04.833 24798 INFO rally.task.runner [-] Task cb6eaf6b-374d-44b1-9435-62556d46ec6d | ITER: 23 START
2019-06-06 21:10:04.834 24798 WARNING rally_openstack.scenarios.neutron.utils [-] Running this scenario without either the 'network' or 'existing_network' context is deprecated
2019-06-06 21:10:05.174 24830 INFO rally.task.runner [-] Task cb6eaf6b-374d-44b1-9435-62556d46ec6d | ITER: 16 END: OK
2019-06-06 21:10:05.178 24830 INFO rally.task.runner [-] Task cb6eaf6b-374d-44b1-9435-62556d46ec6d | ITER: 24 START
2019-06-06 21:10:05.179 24830 WARNING rally_openstack.scenarios.neutron.utils [-] Running this scenario without either the 'network' or 'existing_network' context is deprecated
2019-06-06 21:10:05.405 24820 RALLYDEBUG rally_openstack.wrappers.network [-] CIDR generated: 1.1.5.0/30
2019-06-06 21:10:06.058 24797 INFO rally.task.runner [-] Task cb6eaf6b-374d-44b1-9435-62556d46ec6d | ITER: 4 END: OK
2019-06-06 21:10:06.063 24797 INFO rally.task.runner [-] Task cb6eaf6b-374d-44b1-9435-62556d46ec6d | ITER: 25 START
2019-06-06 21:10:06.063 24797 WARNING rally_openstack.scenarios.neutron.utils [-] Running this scenario without either the 'network' or 'existing_network' context is deprecated
2019-06-06 21:10:06.105 24836 INFO rally.task.runner [-] Task cb6eaf6b-374d-44b1-9435-62556d46ec6d | ITER: 18 END: OK
2019-06-06 21:10:06.109 24836 INFO rally.task.runner [-] Task cb6eaf6b-374d-44b1-9435-62556d46ec6d | ITER: 26 START
2019-06-06 21:10:06.109 24836 WARNING rally_openstack.scenarios.neutron.utils [-] Running this scenario without either the 'network' or 'existing_network' context is deprecated
2019-06-06 21:10:06.177 24798 INFO rally.task.runner [-] Task cb6eaf6b-374d-44b1-9435-62556d46ec6d | ITER: 6 END: OK
2019-06-06 21:10:06.180 24798 INFO rally.task.runner [-] Task cb6eaf6b-374d-44b1-9435-62556d46ec6d | ITER: 27 START
2019-06-06 21:10:06.181 24798 WARNING rally_openstack.scenarios.neutron.utils [-] Running this scenario without either the 'network' or 'existing_network' context is deprecated
2019-06-06 21:10:06.365 24827 INFO rally.task.runner [-] Task cb6eaf6b-374d-44b1-9435-62556d46ec6d | ITER: 15 END: OK
2019-06-06 21:10:06.370 24827 INFO rally.task.runner [-] Task cb6eaf6b-374d-44b1-9435-62556d46ec6d | ITER: 28 START
2019-06-06 21:10:06.371 24827 WARNING rally_openstack.scenarios.neutron.utils [-] Running this scenario without either the 'network' or 'existing_network' context is deprecated
2019-06-06 21:10:06.418 24798 RALLYDEBUG rally_openstack.wrappers.network [-] CIDR generated: 1.1.5.4/30
2019-06-06 21:10:06.448 24797 INFO rally.task.runner [-] Task cb6eaf6b-374d-44b1-9435-62556d46ec6d | ITER: 7 END: OK
2019-06-06 21:10:06.452 24797 INFO rally.task.runner [-] Task cb6eaf6b-374d-44b1-9435-62556d46ec6d | ITER: 29 START
2019-06-06 21:10:06.452 24797 WARNING rally_openstack.scenarios.neutron.utils [-] Running this scenario without either the 'network' or 'existing_network' context is deprecated
2019-06-06 21:10:06.556 24834 RALLYDEBUG rally_openstack.wrappers.network [-] CIDR generated: 1.1.5.8/30
2019-06-06 21:10:06.677 24796 INFO rally.task.runner [-] Task cb6eaf6b-374d-44b1-9435-62556d46ec6d | ITER: 3 END: OK
2019-06-06 21:10:06.682 24796 INFO rally.task.runner [-] Task cb6eaf6b-374d-44b1-9435-62556d46ec6d | ITER: 30 START
2019-06-06 21:10:06.682 24796 WARNING rally_openstack.scenarios.neutron.utils [-] Running this scenario without either the 'network' or 'existing_network' context is deprecated
2019-06-06 21:10:06.726 24840 INFO rally.task.runner [-] Task cb6eaf6b-374d-44b1-9435-62556d46ec6d | ITER: 20 END: OK
2019-06-06 21:10:06.730 24840 INFO rally.task.runner [-] Task cb6eaf6b-374d-44b1-9435-62556d46ec6d | ITER: 31 START
2019-06-06 21:10:06.730 24840 WARNING rally_openstack.scenarios.neutron.utils [-] Running this scenario without either the 'network' or 'existing_network' context is deprecated
2019-06-06 21:10:06.910 24795 INFO rally.task.runner [-] Task cb6eaf6b-374d-44b1-9435-62556d46ec6d | ITER: 2 END: OK
2019-06-06 21:10:06.915 24795 INFO rally.task.runner [-] Task cb6eaf6b-374d-44b1-9435-62556d46ec6d | ITER: 32 START
2019-06-06 21:10:06.915 24795 WARNING rally_openstack.scenarios.neutron.utils [-] Running this scenario without either the 'network' or 'existing_network' context is deprecated
2019-06-06 21:10:06.946 24830 RALLYDEBUG rally_openstack.wrappers.network [-] CIDR generated: 1.1.5.12/30
2019-06-06 21:10:07.159 24797 RALLYDEBUG rally_openstack.wrappers.network [-] CIDR generated: 1.1.5.16/30
2019-06-06 21:10:07.577 24836 RALLYDEBUG rally_openstack.wrappers.network [-] CIDR generated: 1.1.5.20/30
2019-06-06 21:10:07.711 24820 RALLYDEBUG rally_openstack.wrappers.network [-] CIDR generated: 1.1.5.24/30
2019-06-06 21:10:07.809 24822 INFO rally.task.runner [-] Task cb6eaf6b-374d-44b1-9435-62556d46ec6d | ITER: 14 END: OK
2019-06-06 21:10:07.813 24822 INFO rally.task.runner [-] Task cb6eaf6b-374d-44b1-9435-62556d46ec6d | ITER: 33 START
2019-06-06 21:10:07.814 24822 WARNING rally_openstack.scenarios.neutron.utils [-] Running this scenario without either the 'network' or 'existing_network' context is deprecated
2019-06-06 21:10:07.980 24798 RALLYDEBUG rally_openstack.wrappers.network [-] CIDR generated: 1.1.5.28/30
2019-06-06 21:10:08.003 24796 RALLYDEBUG rally_openstack.wrappers.network [-] CIDR generated: 1.1.5.32/30
2019-06-06 21:10:08.058 24798 RALLYDEBUG rally_openstack.wrappers.network [-] CIDR generated: 1.1.5.36/30
2019-06-06 21:10:08.107 24840 RALLYDEBUG rally_openstack.wrappers.network [-] CIDR generated: 1.1.5.40/30
2019-06-06 21:10:08.192 24827 RALLYDEBUG rally_openstack.wrappers.network [-] CIDR generated: 1.1.5.44/30
2019-06-06 21:10:08.464 24797 RALLYDEBUG rally_openstack.wrappers.network [-] CIDR generated: 1.1.5.48/30
2019-06-06 21:10:08.501 24830 RALLYDEBUG rally_openstack.wrappers.network [-] CIDR generated: 1.1.5.52/30
2019-06-06 21:10:08.524 24795 INFO rally.task.runner [-] Task cb6eaf6b-374d-44b1-9435-62556d46ec6d | ITER: 1 END: OK
2019-06-06 21:10:08.527 24795 INFO rally.task.runner [-] Task cb6eaf6b-374d-44b1-9435-62556d46ec6d | ITER: 34 START
2019-06-06 21:10:08.528 24795 WARNING rally_openstack.scenarios.neutron.utils [-] Running this scenario without either the 'network' or 'existing_network' context is deprecated
2019-06-06 21:10:08.733 24795 RALLYDEBUG rally_openstack.wrappers.network [-] CIDR generated: 1.1.5.56/30
2019-06-06 21:10:08.749 24834 RALLYDEBUG rally_openstack.wrappers.network [-] CIDR generated: 1.1.5.60/30
2019-06-06 21:10:09.105 24822 RALLYDEBUG rally_openstack.wrappers.network [-] CIDR generated: 1.1.5.64/30
2019-06-06 21:10:09.172 24796 RALLYDEBUG rally_openstack.wrappers.network [-] CIDR generated: 1.1.5.68/30
2019-06-06 21:10:09.584 24840 RALLYDEBUG rally_openstack.wrappers.network [-] CIDR generated: 1.1.5.72/30
2019-06-06 21:10:09.661 24815 INFO rally.task.runner [-] Task cb6eaf6b-374d-44b1-9435-62556d46ec6d | ITER: 12 END: OK
2019-06-06 21:10:09.665 24815 INFO rally.task.runner [-] Task cb6eaf6b-374d-44b1-9435-62556d46ec6d | ITER: 35 START
2019-06-06 21:10:09.665 24815 WARNING rally_openstack.scenarios.neutron.utils [-] Running this scenario without either the 'network' or 'existing_network' context is deprecated
2019-06-06 21:10:09.692 24795 RALLYDEBUG rally_openstack.wrappers.network [-] CIDR generated: 1.1.5.76/30
2019-06-06 21:10:09.826 24836 RALLYDEBUG rally_openstack.wrappers.network [-] CIDR generated: 1.1.5.80/30
2019-06-06 21:10:09.914 24797 RALLYDEBUG rally_openstack.wrappers.network [-] CIDR generated: 1.1.5.84/30
2019-06-06 21:10:09.936 24804 INFO rally.task.runner [-] Task cb6eaf6b-374d-44b1-9435-62556d46ec6d | ITER: 10 END: OK
2019-06-06 21:10:09.941 24804 INFO rally.task.runner [-] Task cb6eaf6b-374d-44b1-9435-62556d46ec6d | ITER: 36 START
2019-06-06 21:10:09.941 24804 WARNING rally_openstack.scenarios.neutron.utils [-] Running this scenario without either the 'network' or 'existing_network' context is deprecated
2019-06-06 21:10:09.954 24798 RALLYDEBUG rally_openstack.wrappers.network [-] CIDR generated: 1.1.5.88/30
2019-06-06 21:10:10.542 24796 INFO rally.task.runner [-] Task cb6eaf6b-374d-44b1-9435-62556d46ec6d | ITER: 5 END: OK
2019-06-06 21:10:10.547 24796 INFO rally.task.runner [-] Task cb6eaf6b-374d-44b1-9435-62556d46ec6d | ITER: 37 START
2019-06-06 21:10:10.547 24796 WARNING rally_openstack.scenarios.neutron.utils [-] Running this scenario without either the 'network' or 'existing_network' context is deprecated
2019-06-06 21:10:10.716 24827 RALLYDEBUG rally_openstack.wrappers.network [-] CIDR generated: 1.1.5.92/30
2019-06-06 21:10:10.752 24822 RALLYDEBUG rally_openstack.wrappers.network [-] CIDR generated: 1.1.5.96/30
2019-06-06 21:10:10.753 24809 INFO rally.task.runner [-] Task cb6eaf6b-374d-44b1-9435-62556d46ec6d | ITER: 11 END: OK
2019-06-06 21:10:10.758 24809 INFO rally.task.runner [-] Task cb6eaf6b-374d-44b1-9435-62556d46ec6d | ITER: 38 START
2019-06-06 21:10:10.759 24809 WARNING rally_openstack.scenarios.neutron.utils [-] Running this scenario without either the 'network' or 'existing_network' context is deprecated
2019-06-06 21:10:10.812 24795 RALLYDEBUG rally_openstack.wrappers.network [-] CIDR generated: 1.1.5.100/30
2019-06-06 21:10:11.108 24838 INFO rally.task.runner [-] Task cb6eaf6b-374d-44b1-9435-62556d46ec6d | ITER: 19 END: OK
2019-06-06 21:10:11.113 24838 INFO rally.task.runner [-] Task cb6eaf6b-374d-44b1-9435-62556d46ec6d | ITER: 39 START
2019-06-06 21:10:11.113 24838 WARNING rally_openstack.scenarios.neutron.utils [-] Running this scenario without either the 'network' or 'existing_network' context is deprecated
2019-06-06 21:10:11.331 24804 RALLYDEBUG rally_openstack.wrappers.network [-] CIDR generated: 1.1.5.104/30
2019-06-06 21:10:11.333 24797 RALLYDEBUG rally_openstack.wrappers.network [-] CIDR generated: 1.1.5.108/30
2019-06-06 21:10:11.525 24815 RALLYDEBUG rally_openstack.wrappers.network [-] CIDR generated: 1.1.5.112/30
2019-06-06 21:10:11.624 24800 INFO rally.task.runner [-] Task cb6eaf6b-374d-44b1-9435-62556d46ec6d | ITER: 9 END: OK
2019-06-06 21:10:11.627 24800 INFO rally.task.runner [-] Task cb6eaf6b-374d-44b1-9435-62556d46ec6d | ITER: 40 START
2019-06-06 21:10:11.627 24800 WARNING rally_openstack.scenarios.neutron.utils [-] Running this scenario without either the 'network' or 'existing_network' context is deprecated
2019-06-06 21:10:11.897 24795 RALLYDEBUG rally_openstack.wrappers.network [-] CIDR generated: 1.1.5.116/30
2019-06-06 21:10:12.144 24796 RALLYDEBUG rally_openstack.wrappers.network [-] CIDR generated: 1.1.5.120/30
2019-06-06 21:10:12.504 24809 RALLYDEBUG rally_openstack.wrappers.network [-] CIDR generated: 1.1.5.124/30
2019-06-06 21:10:12.817 24820 INFO rally.task.runner [-] Task cb6eaf6b-374d-44b1-9435-62556d46ec6d | ITER: 21 END: OK
2019-06-06 21:10:12.926 24800 RALLYDEBUG rally_openstack.wrappers.network [-] CIDR generated: 1.1.5.128/30
2019-06-06 21:10:13.059 24838 RALLYDEBUG rally_openstack.wrappers.network [-] CIDR generated: 1.1.5.132/30
2019-06-06 21:10:13.465 24830 INFO rally.task.runner [-] Task cb6eaf6b-374d-44b1-9435-62556d46ec6d | ITER: 24 END: OK
2019-06-06 21:10:13.745 24798 INFO rally.task.runner [-] Task cb6eaf6b-374d-44b1-9435-62556d46ec6d | ITER: 23 END: OK
2019-06-06 21:10:13.920 24804 RALLYDEBUG rally_openstack.wrappers.network [-] CIDR generated: 1.1.5.136/30
2019-06-06 21:10:14.078 24797 INFO rally.task.runner [-] Task cb6eaf6b-374d-44b1-9435-62556d46ec6d | ITER: 25 END: OK
2019-06-06 21:10:14.171 24800 RALLYDEBUG rally_openstack.wrappers.network [-] CIDR generated: 1.1.5.140/30
2019-06-06 21:10:14.187 24834 INFO rally.task.runner [-] Task cb6eaf6b-374d-44b1-9435-62556d46ec6d | ITER: 22 END: OK
2019-06-06 21:10:14.364 24815 RALLYDEBUG rally_openstack.wrappers.network [-] CIDR generated: 1.1.5.144/30
2019-06-06 21:10:14.553 24827 INFO rally.task.runner [-] Task cb6eaf6b-374d-44b1-9435-62556d46ec6d | ITER: 28 END: OK
2019-06-06 21:10:14.638 24796 RALLYDEBUG rally_openstack.wrappers.network [-] CIDR generated: 1.1.5.148/30
2019-06-06 21:10:15.103 24795 INFO rally.task.runner [-] Task cb6eaf6b-374d-44b1-9435-62556d46ec6d | ITER: 32 END: OK
2019-06-06 21:10:15.579 24840 INFO rally.task.runner [-] Task cb6eaf6b-374d-44b1-9435-62556d46ec6d | ITER: 31 END: OK
2019-06-06 21:10:16.399 24822 INFO rally.task.runner [-] Task cb6eaf6b-374d-44b1-9435-62556d46ec6d | ITER: 33 END: OK
2019-06-06 21:10:16.457 24836 INFO rally.task.runner [-] Task cb6eaf6b-374d-44b1-9435-62556d46ec6d | ITER: 26 END: OK
2019-06-06 21:10:16.566 24796 INFO rally.task.runner [-] Task cb6eaf6b-374d-44b1-9435-62556d46ec6d | ITER: 30 END: OK
2019-06-06 21:10:16.703 24798 INFO rally.task.runner [-] Task cb6eaf6b-374d-44b1-9435-62556d46ec6d | ITER: 27 END: OK
2019-06-06 21:10:17.028 24809 RALLYDEBUG rally_openstack.wrappers.network [-] CIDR generated: 1.1.5.152/30
2019-06-06 21:10:17.057 24795 INFO rally.task.runner [-] Task cb6eaf6b-374d-44b1-9435-62556d46ec6d | ITER: 34 END: OK
2019-06-06 21:10:17.058 24838 RALLYDEBUG rally_openstack.wrappers.network [-] CIDR generated: 1.1.5.156/30
2019-06-06 21:10:17.633 24797 INFO rally.task.runner [-] Task cb6eaf6b-374d-44b1-9435-62556d46ec6d | ITER: 29 END: OK
2019-06-06 21:10:20.086 24796 INFO rally.task.runner [-] Task cb6eaf6b-374d-44b1-9435-62556d46ec6d | ITER: 37 END: OK
2019-06-06 21:10:20.272 24804 INFO rally.task.runner [-] Task cb6eaf6b-374d-44b1-9435-62556d46ec6d | ITER: 36 END: OK
2019-06-06 21:10:20.363 24815 INFO rally.task.runner [-] Task cb6eaf6b-374d-44b1-9435-62556d46ec6d | ITER: 35 END: OK
2019-06-06 21:10:20.938 24800 INFO rally.task.runner [-] Task cb6eaf6b-374d-44b1-9435-62556d46ec6d | ITER: 40 END: OK
2019-06-06 21:10:21.119 24809 INFO rally.task.runner [-] Task cb6eaf6b-374d-44b1-9435-62556d46ec6d | ITER: 38 END: OK
2019-06-06 21:10:21.564 24838 INFO rally.task.runner [-] Task cb6eaf6b-374d-44b1-9435-62556d46ec6d | ITER: 39 END: OK
2019-06-06 21:10:21.586 22701 INFO rally.task.context [-] Task cb6eaf6b-374d-44b1-9435-62556d46ec6d | Context cleanup@openstack cleanup() started
2019-06-06 21:10:21.589 22701 RALLYDEBUG rally_openstack.cleanup.manager [-] Cleaning up neutron vip objects
2019-06-06 21:10:22.299 22701 RALLYDEBUG rally_openstack.cleanup.manager [-] Cleaning up neutron health_monitor objects
2019-06-06 21:10:23.200 22701 RALLYDEBUG rally_openstack.cleanup.manager [-] Cleaning up neutron pool objects
2019-06-06 21:10:23.955 22701 RALLYDEBUG rally_openstack.cleanup.manager [-] Cleaning up neutron loadbalancer objects
2019-06-06 21:10:24.710 22701 RALLYDEBUG rally_openstack.cleanup.manager [-] Cleaning up neutron floatingip objects
2019-06-06 21:10:25.499 22701 RALLYDEBUG rally_openstack.cleanup.manager [-] Cleaning up neutron port objects
2019-06-06 21:10:26.331 22701 RALLYDEBUG rally_openstack.cleanup.manager [-] Cleaning up neutron subnet objects
2019-06-06 21:10:27.147 22701 RALLYDEBUG rally_openstack.cleanup.manager [-] Cleaning up neutron network objects
2019-06-06 21:10:28.425 22701 RALLYDEBUG rally_openstack.cleanup.manager [-] Deleting neutron.network object s_rally_94af7a84_dJgrVC2C (026c7ba5-c4e9-4502-ada0-88ac13c61263)
2019-06-06 21:10:28.435 22701 RALLYDEBUG rally_openstack.cleanup.manager [-] Deleting neutron.network object s_rally_94af7a84_wuPBYPTx (12c28922-e22d-49ef-8267-65b097b734eb)
2019-06-06 21:10:28.437 22701 RALLYDEBUG rally_openstack.cleanup.manager [-] Deleting neutron.network object s_rally_94af7a84_eXmKpGtE (10faa299-31ca-42d1-9b49-599a067a413b)
2019-06-06 21:10:28.441 22701 RALLYDEBUG rally_openstack.cleanup.manager [-] Deleting neutron.network object s_rally_94af7a84_Hb0Qijfu (14fe7c92-580d-412e-9213-9243342034bb)
2019-06-06 21:10:28.448 22701 RALLYDEBUG rally_openstack.cleanup.manager [-] Deleting neutron.network object s_rally_94af7a84_jaAM5Kws (190fc279-a135-4a27-9433-10e5d9063d99)
2019-06-06 21:10:28.460 22701 RALLYDEBUG rally_openstack.cleanup.manager [-] Deleting neutron.network object s_rally_94af7a84_m2Km5pyq (1f6e8f38-5413-4e25-bbe0-06c7deae9422)
2019-06-06 21:10:28.475 22701 RALLYDEBUG rally_openstack.cleanup.manager [-] Deleting neutron.network object s_rally_94af7a84_P1ZMeiBn (2e887bf7-e9a7-4f64-abb0-772d6e41eb6b)
2019-06-06 21:10:28.477 22701 RALLYDEBUG rally_openstack.cleanup.manager [-] Deleting neutron.network object s_rally_94af7a84_Nfkau9Fd (2de562a5-f3c9-461b-90f9-464d664cd22c)
2019-06-06 21:10:28.505 22701 RALLYDEBUG rally_openstack.cleanup.manager [-] Deleting neutron.network object s_rally_94af7a84_hJ14lI72 (3752099a-8c5e-4663-9f32-916f3b386cce)
2019-06-06 21:10:28.506 22701 RALLYDEBUG rally_openstack.cleanup.manager [-] Deleting neutron.network object s_rally_94af7a84_i9quIkoM (340fab57-3ecd-4e64-babe-2d56acdcc92e)
2019-06-06 21:10:28.528 22701 RALLYDEBUG rally_openstack.cleanup.manager [-] Deleting neutron.network object s_rally_94af7a84_77aKp3Qv (446bcab5-1868-4d24-a38c-15b40733bb97)
2019-06-06 21:10:28.533 22701 RALLYDEBUG rally_openstack.cleanup.manager [-] Deleting neutron.network object s_rally_94af7a84_b7rqc923 (414416d9-70f5-4398-9f45-fc0eff03f40b)
2019-06-06 21:10:28.538 22701 RALLYDEBUG rally_openstack.cleanup.manager [-] Deleting neutron.network object s_rally_94af7a84_5Dupt2D8 (44c010fe-aab7-447c-8829-d5d69bcf257a)
2019-06-06 21:10:28.579 22701 RALLYDEBUG rally_openstack.cleanup.manager [-] Deleting neutron.network object s_rally_94af7a84_lIG7dUcl (531eb267-9f88-4bc6-9b1a-464b496dcc28)
2019-06-06 21:10:28.587 22701 RALLYDEBUG rally_openstack.cleanup.manager [-] Deleting neutron.network object s_rally_94af7a84_FyftOGAU (562dc5e0-a137-4351-badc-2e2e617399fc)
2019-06-06 21:10:28.596 22701 RALLYDEBUG rally_openstack.cleanup.manager [-] Deleting neutron.network object s_rally_94af7a84_6oogXDSQ (48bd579d-b5b5-4d03-b202-fd6e67d1a933)
2019-06-06 21:10:28.606 22701 RALLYDEBUG rally_openstack.cleanup.manager [-] Deleting neutron.network object s_rally_94af7a84_Ox10yXAf (694134f9-c4e0-4c51-bde1-910449e1ea48)
2019-06-06 21:10:28.639 22701 RALLYDEBUG rally_openstack.cleanup.manager [-] Deleting neutron.network object s_rally_94af7a84_mszZMN9Q (769b3749-5a98-48c9-a83b-a1a313e5fe0c)
2019-06-06 21:10:28.640 22701 RALLYDEBUG rally_openstack.cleanup.manager [-] Deleting neutron.network object s_rally_94af7a84_DgiQFPO1 (6bed766f-0027-495e-9874-68772fbb3e6f)
2019-06-06 21:10:28.651 22701 RALLYDEBUG rally_openstack.cleanup.manager [-] Deleting neutron.network object s_rally_94af7a84_3eKDkwpW (807dfd74-e598-43aa-8fe1-011bfceea9f7)
2019-06-06 21:10:31.409 22701 RALLYDEBUG rally_openstack.cleanup.manager [-] Deleting neutron.network object s_rally_94af7a84_qF1VpIvk (8a035332-c78d-4204-9a56-f421ed215298)
2019-06-06 21:10:31.498 22701 RALLYDEBUG rally_openstack.cleanup.manager [-] Deleting neutron.network object s_rally_94af7a84_cZp0GFsr (8bf30713-055f-4214-88dc-e0e4a11eaa32)
2019-06-06 21:10:31.666 22701 RALLYDEBUG rally_openstack.cleanup.manager [-] Deleting neutron.network object s_rally_94af7a84_CvnsF8vx (9b2c8f08-a9f7-43dc-aa26-3df0472f9798)
2019-06-06 21:10:31.741 22701 RALLYDEBUG rally_openstack.cleanup.manager [-] Deleting neutron.network object s_rally_94af7a84_LPoSGM5I (9b65437b-3892-48be-8adc-94115ca1b1d3)
2019-06-06 21:10:31.764 22701 RALLYDEBUG rally_openstack.cleanup.manager [-] Deleting neutron.network object s_rally_94af7a84_7DFx6SFu (9c06e1f0-3a29-477a-8398-0227958ce707)
2019-06-06 21:10:31.809 22701 RALLYDEBUG rally_openstack.cleanup.manager [-] Deleting neutron.network object s_rally_94af7a84_9pEIZ2Z8 (a6b63843-cbb2-4d8e-9d6e-da1d61ecfa7e)
2019-06-06 21:10:32.118 22701 RALLYDEBUG rally_openstack.cleanup.manager [-] Deleting neutron.network object s_rally_94af7a84_5a4NMVJw (ab771a9d-e3bd-4d80-b2ca-ea257b8f145d)
2019-06-06 21:10:32.172 22701 RALLYDEBUG rally_openstack.cleanup.manager [-] Deleting neutron.network object s_rally_94af7a84_6oS0nGXJ (ac83ba16-096b-4aaa-b1b4-1f4204288106)
2019-06-06 21:10:32.264 22701 RALLYDEBUG rally_openstack.cleanup.manager [-] Deleting neutron.network object s_rally_94af7a84_hek8rFgy (b9d60c21-2c7f-4495-b795-b8bdcd4523ed)
2019-06-06 21:10:32.280 22701 RALLYDEBUG rally_openstack.cleanup.manager [-] Deleting neutron.network object s_rally_94af7a84_wZMYOVsQ (bbca1d03-ab1e-4931-8f69-20282bce0990)
2019-06-06 21:10:32.392 22701 RALLYDEBUG rally_openstack.cleanup.manager [-] Deleting neutron.network object s_rally_94af7a84_BtqKDq7A (bee3763e-b595-4f6f-8ddc-7562b5ca72af)
2019-06-06 21:10:32.658 22701 RALLYDEBUG rally_openstack.cleanup.manager [-] Deleting neutron.network object s_rally_94af7a84_5xBMFGoz (c1f5fa0e-3f0a-426d-8bbe-3752d738c080)
2019-06-06 21:10:32.801 22701 RALLYDEBUG rally_openstack.cleanup.manager [-] Deleting neutron.network object s_rally_94af7a84_ex6QErVh (c79e6deb-1e1c-430b-af2f-6809f14dcf07)
2019-06-06 21:10:32.808 22701 RALLYDEBUG rally_openstack.cleanup.manager [-] Deleting neutron.network object s_rally_94af7a84_yQ7JK9IR (d3338052-f3ab-4b0e-9a77-294d919efeb6)
2019-06-06 21:10:32.896 22701 RALLYDEBUG rally_openstack.cleanup.manager [-] Deleting neutron.network object s_rally_94af7a84_pGPVrGrK (d556379b-3f97-4f6c-bd63-2ad9bbd66264)
2019-06-06 21:10:32.915 22701 RALLYDEBUG rally_openstack.cleanup.manager [-] Deleting neutron.network object s_rally_94af7a84_3Uv1EDXN (d7cc853a-e9c6-4033-96ad-759e56135007)
2019-06-06 21:10:33.227 22701 RALLYDEBUG rally_openstack.cleanup.manager [-] Deleting neutron.network object s_rally_94af7a84_rsjPFVa7 (e410d8f4-c6a0-4b36-8633-dad667997d2f)
2019-06-06 21:10:33.456 22701 RALLYDEBUG rally_openstack.cleanup.manager [-] Deleting neutron.network object s_rally_94af7a84_9iAeH3Ip (e4c49a61-49b1-459e-9c52-e21986b601f6)
2019-06-06 21:10:34.092 22701 RALLYDEBUG rally_openstack.cleanup.manager [-] Deleting neutron.network object s_rally_94af7a84_7yFx3kVr (f75bd734-358d-4fd3-b461-500598c6b913)
2019-06-06 21:10:34.215 22701 RALLYDEBUG rally_openstack.cleanup.manager [-] Deleting neutron.network object s_rally_94af7a84_fNr4rWDp (f8444dd7-aa41-4b9d-babd-7108bb8c0031)
2019-06-06 21:10:37.890 22701 RALLYDEBUG rally_openstack.cleanup.manager [-] Cleaning up neutron router objects
2019-06-06 21:10:38.687 22701 RALLYDEBUG rally_openstack.cleanup.manager [-] Cleaning up neutron security_group objects
2019-06-06 21:10:39.366 22701 INFO rally.task.context [-] Task cb6eaf6b-374d-44b1-9435-62556d46ec6d | Context cleanup@openstack cleanup() finished in 17.78 sec
2019-06-06 21:10:39.366 22701 INFO rally.task.context [-] Task cb6eaf6b-374d-44b1-9435-62556d46ec6d | Context quotas@openstack cleanup() started
2019-06-06 21:10:39.685 22701 INFO rally.task.context [-] Task cb6eaf6b-374d-44b1-9435-62556d46ec6d | Context quotas@openstack cleanup() finished in 0.32 sec
2019-06-06 21:10:39.686 22701 INFO rally.task.context [-] Task cb6eaf6b-374d-44b1-9435-62556d46ec6d | Context users@openstack cleanup() started
2019-06-06 21:10:44.697 22701 INFO rally.task.context [-] Task cb6eaf6b-374d-44b1-9435-62556d46ec6d | Context users@openstack cleanup() finished in 5.01 sec
2019-06-06 21:10:46.010 22701 INFO rally.task.engine [-] Load duration is: 25.445044
2019-06-06 21:10:46.011 22701 INFO rally.task.engine [-] Full runner duration is: 25.491499
2019-06-06 21:10:46.011 22701 INFO rally.task.engine [-] Full duration is: 54.897411
2019-06-06 21:10:46.314 22701 INFO rally.task.engine [-] Running workload: position = 0 config = { "version": 2, "title": "A cropped version of a bigger task.", "description": "Auto-generated task from a single workload (uuid=9fd4497a-c9b6-41ce-b6a5-42e88e16b77c)", "subtasks": [ { "title": "NeutronNetworks.create_and_list_routers", "description": "Create and a given number of routers and list all routers.", "scenario": { "NeutronNetworks.create_and_list_routers": { "network_create_args": null, "subnet_create_args": null, "subnet_cidr_start": "1.1.0.0/30", "subnets_per_network": 2, "router_create_args": null } }, "contexts": { "users": { "tenants": 1, "users_per_tenant": 1 }, "quotas": { "neutron": { "network": -1, "subnet": -1, "router": -1 } } }, "runner": { "constant": { "times": 40, "concurrency": 20 } }, "hooks": [], "sla": { "failure_rate": { "max": 0 } } } ] }
2019-06-06 21:10:46.338 22701 RALLYDEBUG rally_openstack.contexts.keystone.users [-] Creating 1 tenants using 20 threads
2019-06-06 21:10:48.330 22701 RALLYDEBUG rally_openstack.contexts.keystone.users [-] Creating 1 users using 20 threads
2019-06-06 21:10:51.274 22701 INFO rally.task.context [-] Task cb6eaf6b-374d-44b1-9435-62556d46ec6d | Context users@openstack setup() finished in 4.94 sec
2019-06-06 21:10:52.080 22701 INFO rally.task.context [-] Task cb6eaf6b-374d-44b1-9435-62556d46ec6d | Context quotas@openstack setup() finished in 0.81 sec
2019-06-06 21:10:52.081 22701 INFO rally.task.context [-] Task cb6eaf6b-374d-44b1-9435-62556d46ec6d | Context cleanup@openstack setup() finished in 0.00 msec
2019-06-06 21:10:52.088 22701 RALLYDEBUG rally.task.runner [-] Starting the constant runner (task UUID: cb6eaf6b-374d-44b1-9435-62556d46ec6d). timeout: 0 concurrency: 20 concurrency_per_worker: 1 times: 40 concurrency_overhead: 4 processes_to_start: 16 max_cpu_used: 16
2019-06-06 21:10:52.100 25165 RALLYDEBUG rally.task.runner [-] Starting a worker. concurrency: 2 args: {"network_create_args": null, "subnet_create_args": null, "subnet_cidr_start": "1.1.0.0/30", "subnets_per_network": 2, "router_create_args": null} times: 40 method_name: run timeout: 0 duration: None cls:
2019-06-06 21:10:52.103 25167 RALLYDEBUG rally.task.runner [-] Starting a worker. concurrency: 2 args: {"network_create_args": null, "subnet_create_args": null, "subnet_cidr_start": "1.1.0.0/30", "subnets_per_network": 2, "router_create_args": null} times: 40 method_name: run timeout: 0 duration: None cls:
2019-06-06 21:10:52.104 25166 RALLYDEBUG rally.task.runner [-] Starting a worker. concurrency: 2 args: {"network_create_args": null, "subnet_create_args": null, "subnet_cidr_start": "1.1.0.0/30", "subnets_per_network": 2, "router_create_args": null} times: 40 method_name: run timeout: 0 duration: None cls:
2019-06-06 21:10:52.107 25165 INFO rally.task.runner [-] Task cb6eaf6b-374d-44b1-9435-62556d46ec6d | ITER: 1 START
2019-06-06 21:10:52.108 25167 INFO rally.task.runner [-] Task cb6eaf6b-374d-44b1-9435-62556d46ec6d | ITER: 2 START
2019-06-06 21:10:52.109 25168 RALLYDEBUG rally.task.runner [-] Starting a worker. concurrency: 2 args: {"network_create_args": null, "subnet_create_args": null, "subnet_cidr_start": "1.1.0.0/30", "subnets_per_network": 2, "router_create_args": null} times: 40 method_name: run timeout: 0 duration: None cls:
2019-06-06 21:10:52.110 25166 INFO rally.task.runner [-] Task cb6eaf6b-374d-44b1-9435-62556d46ec6d | ITER: 4 START
2019-06-06 21:10:52.111 25177 RALLYDEBUG rally.task.runner [-] Starting a worker. concurrency: 1 args: {"network_create_args": null, "subnet_create_args": null, "subnet_cidr_start": "1.1.0.0/30", "subnets_per_network": 2, "router_create_args": null} times: 40 method_name: run timeout: 0 duration: None cls:
2019-06-06 21:10:52.112 25165 INFO rally.task.runner [-] Task cb6eaf6b-374d-44b1-9435-62556d46ec6d | ITER: 3 START
2019-06-06 21:10:52.114 25170 RALLYDEBUG rally.task.runner [-] Starting a worker. concurrency: 1 args: {"network_create_args": null, "subnet_create_args": null, "subnet_cidr_start": "1.1.0.0/30", "subnets_per_network": 2, "router_create_args": null} times: 40 method_name: run timeout: 0 duration: None cls:
2019-06-06 21:10:52.117 25177 INFO rally.task.runner [-] Task cb6eaf6b-374d-44b1-9435-62556d46ec6d | ITER: 8 START
2019-06-06 21:10:52.119 25167 INFO rally.task.runner [-] Task cb6eaf6b-374d-44b1-9435-62556d46ec6d | ITER: 5 START
2019-06-06 21:10:52.120 25168 INFO rally.task.runner [-] Task cb6eaf6b-374d-44b1-9435-62556d46ec6d | ITER: 9 START
2019-06-06 21:10:52.122 25181 RALLYDEBUG rally.task.runner [-] Starting a worker. concurrency: 1 args: {"network_create_args": null, "subnet_create_args": null, "subnet_cidr_start": "1.1.0.0/30", "subnets_per_network": 2, "router_create_args": null} times: 40 method_name: run timeout: 0 duration: None cls:
2019-06-06 21:10:52.123 25170 INFO rally.task.runner [-] Task cb6eaf6b-374d-44b1-9435-62556d46ec6d | ITER: 10 START
2019-06-06 21:10:52.126 25187 RALLYDEBUG rally.task.runner [-] Starting a worker. concurrency: 1 args: {"network_create_args": null, "subnet_create_args": null, "subnet_cidr_start": "1.1.0.0/30", "subnets_per_network": 2, "router_create_args": null} times: 40 method_name: run timeout: 0 duration: None cls:
2019-06-06 21:10:52.127 25184 RALLYDEBUG rally.task.runner [-] Starting a worker. concurrency: 1 args: {"network_create_args": null, "subnet_create_args": null, "subnet_cidr_start": "1.1.0.0/30", "subnets_per_network": 2, "router_create_args": null} times: 40 method_name: run timeout: 0 duration: None cls:
2019-06-06 21:10:52.128 25179 RALLYDEBUG rally.task.runner [-] Starting a worker. concurrency: 1 args: {"network_create_args": null, "subnet_create_args": null, "subnet_cidr_start": "1.1.0.0/30", "subnets_per_network": 2, "router_create_args": null} times: 40 method_name: run timeout: 0 duration: None cls:
2019-06-06 21:10:52.129 25181 INFO rally.task.runner [-] Task cb6eaf6b-374d-44b1-9435-62556d46ec6d | ITER: 11 START
2019-06-06 21:10:52.119 25168 INFO rally.task.runner [-] Task cb6eaf6b-374d-44b1-9435-62556d46ec6d | ITER: 7 START
2019-06-06 21:10:52.132 25190 RALLYDEBUG rally.task.runner [-] Starting a worker. concurrency: 1 args: {"network_create_args": null, "subnet_create_args": null, "subnet_cidr_start": "1.1.0.0/30", "subnets_per_network": 2, "router_create_args": null} times: 40 method_name: run timeout: 0 duration: None cls:
2019-06-06 21:10:52.133 25184 INFO rally.task.runner [-] Task cb6eaf6b-374d-44b1-9435-62556d46ec6d | ITER: 13 START
2019-06-06 21:10:52.136 25187 INFO rally.task.runner [-] Task cb6eaf6b-374d-44b1-9435-62556d46ec6d | ITER: 12 START
2019-06-06 21:10:52.135 25166 INFO rally.task.runner [-] Task cb6eaf6b-374d-44b1-9435-62556d46ec6d | ITER: 6 START
2019-06-06 21:10:52.138 25179 INFO rally.task.runner [-] Task cb6eaf6b-374d-44b1-9435-62556d46ec6d | ITER: 14 START
2019-06-06 21:10:52.138 25190 INFO rally.task.runner [-] Task cb6eaf6b-374d-44b1-9435-62556d46ec6d | ITER: 15 START
2019-06-06 21:10:52.144 25199 RALLYDEBUG rally.task.runner [-] Starting a worker. concurrency: 1 args: {"network_create_args": null, "subnet_create_args": null, "subnet_cidr_start": "1.1.0.0/30", "subnets_per_network": 2, "router_create_args": null} times: 40 method_name: run timeout: 0 duration: None cls:
2019-06-06 21:10:52.151 25199 INFO rally.task.runner [-] Task cb6eaf6b-374d-44b1-9435-62556d46ec6d | ITER: 16 START
2019-06-06 21:10:52.152 25203 RALLYDEBUG rally.task.runner [-] Starting a worker. concurrency: 1 args: {"network_create_args": null, "subnet_create_args": null, "subnet_cidr_start": "1.1.0.0/30", "subnets_per_network": 2, "router_create_args": null} times: 40 method_name: run timeout: 0 duration: None cls:
2019-06-06 21:10:52.156 25203 INFO rally.task.runner [-] Task cb6eaf6b-374d-44b1-9435-62556d46ec6d | ITER: 17 START
2019-06-06 21:10:52.156 25206 RALLYDEBUG rally.task.runner [-] Starting a worker. concurrency: 1 args: {"network_create_args": null, "subnet_create_args": null, "subnet_cidr_start": "1.1.0.0/30", "subnets_per_network": 2, "router_create_args": null} times: 40 method_name: run timeout: 0 duration: None cls:
2019-06-06 21:10:52.160 25206 INFO rally.task.runner [-] Task cb6eaf6b-374d-44b1-9435-62556d46ec6d | ITER: 18 START
2019-06-06 21:10:52.161 25209 RALLYDEBUG rally.task.runner [-] Starting a worker. concurrency: 1 args: {"network_create_args": null, "subnet_create_args": null, "subnet_cidr_start": "1.1.0.0/30", "subnets_per_network": 2, "router_create_args": null} times: 40 method_name: run timeout: 0 duration: None cls:
2019-06-06 21:10:52.163 25209 INFO rally.task.runner [-] Task cb6eaf6b-374d-44b1-9435-62556d46ec6d | ITER: 19 START
2019-06-06 21:10:52.170 25214 RALLYDEBUG rally.task.runner [-] Starting a worker. concurrency: 1 args: {"network_create_args": null, "subnet_create_args": null, "subnet_cidr_start": "1.1.0.0/30", "subnets_per_network": 2, "router_create_args": null} times: 40 method_name: run timeout: 0 duration: None cls:
2019-06-06 21:10:52.175 25214 INFO rally.task.runner [-] Task cb6eaf6b-374d-44b1-9435-62556d46ec6d | ITER: 20 START
2019-06-06 21:10:53.957 25181 RALLYDEBUG rally_openstack.wrappers.network [-] CIDR generated: 1.1.5.160/30
2019-06-06 21:10:53.969 25187 RALLYDEBUG rally_openstack.wrappers.network [-] CIDR generated: 1.1.5.164/30
2019-06-06 21:10:54.005 25166 RALLYDEBUG rally_openstack.wrappers.network [-] CIDR generated: 1.1.5.168/30
2019-06-06 21:10:54.095 25167 RALLYDEBUG rally_openstack.wrappers.network [-] CIDR generated: 1.1.5.172/30
2019-06-06 21:10:54.106 25177 RALLYDEBUG rally_openstack.wrappers.network [-] CIDR generated: 1.1.5.176/30
2019-06-06 21:10:54.143 25165 RALLYDEBUG rally_openstack.wrappers.network [-] CIDR generated: 1.1.5.180/30
2019-06-06 21:10:54.203 25168 RALLYDEBUG rally_openstack.wrappers.network [-] CIDR generated: 1.1.5.184/30
2019-06-06 21:10:54.213 25166 RALLYDEBUG rally_openstack.wrappers.network [-] CIDR generated: 1.1.5.188/30
2019-06-06 21:10:54.226 25170 RALLYDEBUG rally_openstack.wrappers.network [-] CIDR generated: 1.1.5.192/30
2019-06-06 21:10:54.279 25167 RALLYDEBUG rally_openstack.wrappers.network [-] CIDR generated: 1.1.5.196/30
2019-06-06 21:10:54.298 25190 RALLYDEBUG rally_openstack.wrappers.network [-] CIDR generated: 1.1.5.200/30
2019-06-06 21:10:54.316 25179 RALLYDEBUG rally_openstack.wrappers.network [-] CIDR generated: 1.1.5.204/30
2019-06-06 21:10:54.352 25165 RALLYDEBUG rally_openstack.wrappers.network [-] CIDR generated: 1.1.5.208/30
2019-06-06 21:10:54.393 25203 RALLYDEBUG rally_openstack.wrappers.network [-] CIDR generated: 1.1.5.212/30
2019-06-06 21:10:54.460 25199 RALLYDEBUG rally_openstack.wrappers.network [-] CIDR generated: 1.1.5.216/30
2019-06-06 21:10:54.484 25209 RALLYDEBUG rally_openstack.wrappers.network [-] CIDR generated: 1.1.5.220/30
2019-06-06 21:10:54.529 25206 RALLYDEBUG rally_openstack.wrappers.network [-] CIDR generated: 1.1.5.224/30
2019-06-06 21:10:54.550 25184 RALLYDEBUG rally_openstack.wrappers.network [-] CIDR generated: 1.1.5.228/30
2019-06-06 21:10:54.573 25168 RALLYDEBUG rally_openstack.wrappers.network [-] CIDR generated: 1.1.5.232/30
2019-06-06 21:10:54.673 25214 RALLYDEBUG rally_openstack.wrappers.network [-] CIDR generated: 1.1.5.236/30
2019-06-06 21:10:55.537 25187 RALLYDEBUG rally_openstack.wrappers.network [-] CIDR generated: 1.1.5.240/30
2019-06-06 21:10:55.604 25190 RALLYDEBUG rally_openstack.wrappers.network [-] CIDR generated: 1.1.5.244/30
2019-06-06 21:10:56.215 25179 RALLYDEBUG rally_openstack.wrappers.network [-] CIDR generated: 1.1.5.248/30
2019-06-06 21:10:56.268 25165 RALLYDEBUG rally_openstack.wrappers.network [-] CIDR generated: 1.1.5.252/30
2019-06-06 21:10:56.292 25167 RALLYDEBUG rally_openstack.wrappers.network [-] CIDR generated: 1.1.6.0/30
2019-06-06 21:10:56.365 25166 RALLYDEBUG rally_openstack.wrappers.network [-] CIDR generated: 1.1.6.4/30
2019-06-06 21:10:56.389 25209 RALLYDEBUG rally_openstack.wrappers.network [-] CIDR generated: 1.1.6.8/30
2019-06-06 21:10:56.551 25199 RALLYDEBUG rally_openstack.wrappers.network [-] CIDR generated: 1.1.6.12/30
2019-06-06 21:10:56.813 25214 RALLYDEBUG rally_openstack.wrappers.network [-] CIDR generated: 1.1.6.16/30
2019-06-06 21:10:57.130 25168 RALLYDEBUG rally_openstack.wrappers.network [-] CIDR generated: 1.1.6.20/30
2019-06-06 21:10:57.482 25206 RALLYDEBUG rally_openstack.wrappers.network [-] CIDR generated: 1.1.6.24/30
2019-06-06 21:10:57.570 25165 RALLYDEBUG rally_openstack.wrappers.network [-] CIDR generated: 1.1.6.28/30
2019-06-06 21:10:57.599 25168 RALLYDEBUG rally_openstack.wrappers.network [-] CIDR generated: 1.1.6.32/30
2019-06-06 21:10:58.132 25181 RALLYDEBUG rally_openstack.wrappers.network [-] CIDR generated: 1.1.6.36/30
2019-06-06 21:10:58.216 25167 RALLYDEBUG rally_openstack.wrappers.network [-] CIDR generated: 1.1.6.40/30
2019-06-06 21:10:58.286 25166 RALLYDEBUG rally_openstack.wrappers.network [-] CIDR generated: 1.1.6.44/30
2019-06-06 21:10:58.330 25170 RALLYDEBUG rally_openstack.wrappers.network [-] CIDR generated: 1.1.6.48/30
2019-06-06 21:10:58.354 25184 RALLYDEBUG rally_openstack.wrappers.network [-] CIDR generated: 1.1.6.52/30
2019-06-06 21:10:58.354 25177 RALLYDEBUG rally_openstack.wrappers.network [-] CIDR generated: 1.1.6.56/30
2019-06-06 21:10:58.364 25203 RALLYDEBUG rally_openstack.wrappers.network [-] CIDR generated: 1.1.6.60/30
2019-06-06 21:11:23.467 25167 INFO rally.task.runner [-] Task cb6eaf6b-374d-44b1-9435-62556d46ec6d | ITER: 5 END: OK
2019-06-06 21:11:23.475 25167 INFO rally.task.runner [-] Task cb6eaf6b-374d-44b1-9435-62556d46ec6d | ITER: 21 START
2019-06-06 21:11:23.574 25203 INFO rally.task.runner [-] Task cb6eaf6b-374d-44b1-9435-62556d46ec6d | ITER: 17 END: OK
2019-06-06 21:11:23.578 25203 INFO rally.task.runner [-] Task cb6eaf6b-374d-44b1-9435-62556d46ec6d | ITER: 22 START
2019-06-06 21:11:24.988 25167 RALLYDEBUG rally_openstack.wrappers.network [-] CIDR generated: 1.1.6.64/30
2019-06-06 21:11:25.002 25203 RALLYDEBUG rally_openstack.wrappers.network [-] CIDR generated: 1.1.6.68/30
2019-06-06 21:11:26.592 25203 RALLYDEBUG rally_openstack.wrappers.network [-] CIDR generated: 1.1.6.72/30
2019-06-06 21:11:26.797 25167 RALLYDEBUG rally_openstack.wrappers.network [-] CIDR generated: 1.1.6.76/30
2019-06-06 21:11:27.082 25165 INFO rally.task.runner [-] Task cb6eaf6b-374d-44b1-9435-62556d46ec6d | ITER: 1 END: OK
2019-06-06 21:11:27.089 25165 INFO rally.task.runner [-] Task cb6eaf6b-374d-44b1-9435-62556d46ec6d | ITER: 23 START
2019-06-06 21:11:27.989 25181 INFO rally.task.runner [-] Task cb6eaf6b-374d-44b1-9435-62556d46ec6d | ITER: 11 END: OK
2019-06-06 21:11:27.995 25181 INFO rally.task.runner [-] Task cb6eaf6b-374d-44b1-9435-62556d46ec6d | ITER: 24 START
