2019-06-06 21:25:39.373 26974 WARNING rally_openstack.scenarios.neutron.utils [-] Running this scenario without either the 'network' or 'existing_network' context is deprecated
2019-06-06 21:25:40.220 26985 INFO rally.task.runner [-] Task cb6eaf6b-374d-44b1-9435-62556d46ec6d | ITER: 17 END: OK
2019-06-06 21:25:40.225 26985 INFO rally.task.runner [-] Task cb6eaf6b-374d-44b1-9435-62556d46ec6d | ITER: 40 START
2019-06-06 21:25:40.226 26985 WARNING rally_openstack.scenarios.neutron.utils [-] Running this scenario without either the 'network' or 'existing_network' context is deprecated
2019-06-06 21:25:47.546 26988 INFO rally.task.runner [-] Task cb6eaf6b-374d-44b1-9435-62556d46ec6d | ITER: 24 END: OK
2019-06-06 21:25:48.527 26950 INFO rally.task.runner [-] Task cb6eaf6b-374d-44b1-9435-62556d46ec6d | ITER: 21 END: OK
2019-06-06 21:25:48.831 26994 INFO rally.task.runner [-] Task cb6eaf6b-374d-44b1-9435-62556d46ec6d | ITER: 25 END: OK
2019-06-06 21:25:48.879 26956 INFO rally.task.runner [-] Task cb6eaf6b-374d-44b1-9435-62556d46ec6d | ITER: 30 END: OK
2019-06-06 21:25:49.061 26980 INFO rally.task.runner [-] Task cb6eaf6b-374d-44b1-9435-62556d46ec6d | ITER: 22 END: OK
2019-06-06 21:25:49.619 26950 INFO rally.task.runner [-] Task cb6eaf6b-374d-44b1-9435-62556d46ec6d | ITER: 26 END: OK
2019-06-06 21:25:49.641 26949 INFO rally.task.runner [-] Task cb6eaf6b-374d-44b1-9435-62556d46ec6d | ITER: 29 END: OK
2019-06-06 21:25:49.839 26952 INFO rally.task.runner [-] Task cb6eaf6b-374d-44b1-9435-62556d46ec6d | ITER: 23 END: OK
2019-06-06 21:25:50.236 26947 INFO rally.task.runner [-] Task cb6eaf6b-374d-44b1-9435-62556d46ec6d | ITER: 34 END: OK
2019-06-06 21:25:50.656 26970 INFO rally.task.runner [-] Task cb6eaf6b-374d-44b1-9435-62556d46ec6d | ITER: 28 END: OK
2019-06-06 21:25:50.812 26948 INFO rally.task.runner [-] Task cb6eaf6b-374d-44b1-9435-62556d46ec6d | ITER: 31 END: OK
2019-06-06 21:25:50.908 26948 INFO rally.task.runner [-] Task cb6eaf6b-374d-44b1-9435-62556d46ec6d | ITER: 35 END: OK
2019-06-06 21:25:51.081 26962 INFO rally.task.runner [-] Task cb6eaf6b-374d-44b1-9435-62556d46ec6d | ITER: 27 END: OK
2019-06-06 21:25:51.431 26947 INFO rally.task.runner [-] Task cb6eaf6b-374d-44b1-9435-62556d46ec6d | ITER: 32 END: OK
2019-06-06 21:25:51.444 26949 INFO rally.task.runner [-] Task cb6eaf6b-374d-44b1-9435-62556d46ec6d | ITER: 37 END: OK
2019-06-06 21:25:51.543 26977 INFO rally.task.runner [-] Task cb6eaf6b-374d-44b1-9435-62556d46ec6d | ITER: 36 END: OK
2019-06-06 21:25:51.555 26991 INFO rally.task.runner [-] Task cb6eaf6b-374d-44b1-9435-62556d46ec6d | ITER: 33 END: OK
2019-06-06 21:25:52.199 26965 INFO rally.task.runner [-] Task cb6eaf6b-374d-44b1-9435-62556d46ec6d | ITER: 38 END: OK
2019-06-06 21:25:52.441 26974 INFO rally.task.runner [-] Task cb6eaf6b-374d-44b1-9435-62556d46ec6d | ITER: 39 END: OK
2019-06-06 21:25:53.365 26985 INFO rally.task.runner [-] Task cb6eaf6b-374d-44b1-9435-62556d46ec6d | ITER: 40 END: OK
2019-06-06 21:25:53.391 22701 INFO rally.task.context [-] Task cb6eaf6b-374d-44b1-9435-62556d46ec6d | Context cleanup@openstack cleanup() started
2019-06-06 21:25:53.394 22701 RALLYDEBUG rally_openstack.cleanup.manager [-] Cleaning up neutron vip objects
2019-06-06 21:25:54.106 22701 RALLYDEBUG rally_openstack.cleanup.manager [-] Cleaning up neutron health_monitor objects
2019-06-06 21:25:54.852 22701 RALLYDEBUG rally_openstack.cleanup.manager [-] Cleaning up neutron pool objects
2019-06-06 21:25:55.488 22701 RALLYDEBUG rally_openstack.cleanup.manager [-] Cleaning up neutron loadbalancer objects
2019-06-06 21:25:56.129 22701 RALLYDEBUG rally_openstack.cleanup.manager [-] Cleaning up neutron floatingip objects
2019-06-06 21:25:56.816 22701 RALLYDEBUG rally_openstack.cleanup.manager [-] Cleaning up neutron port objects
2019-06-06 21:25:57.618 22701 RALLYDEBUG rally_openstack.cleanup.manager [-] Cleaning up neutron subnet objects
2019-06-06 21:25:58.388 22701 RALLYDEBUG rally_openstack.cleanup.manager [-] Cleaning up neutron network objects
2019-06-06 21:25:59.348 22701 RALLYDEBUG rally_openstack.cleanup.manager [-] Deleting neutron.network object s_rally_08b404be_H16xjIve (01b00ca5-642f-46e8-b0f2-370623fd721b)
2019-06-06 21:25:59.349 22701 RALLYDEBUG rally_openstack.cleanup.manager [-] Deleting neutron.network object s_rally_08b404be_IOcNVuKC (0223c363-07af-42ab-83e1-b6da91ead42e)
2019-06-06 21:25:59.356 22701 RALLYDEBUG rally_openstack.cleanup.manager [-] Deleting neutron.network object s_rally_08b404be_QBq59RH6 (218bdbed-9fd9-4640-92ea-0dd76b13e680)
2019-06-06 21:25:59.361 22701 RALLYDEBUG rally_openstack.cleanup.manager [-] Deleting neutron.network object s_rally_08b404be_w6oyftCF (2857b444-b6f8-495b-8970-2bc5465bd182)
2019-06-06 21:25:59.362 22701 RALLYDEBUG rally_openstack.cleanup.manager [-] Deleting neutron.network object s_rally_08b404be_MAPM5dgk (03ed346c-3e1e-4ed8-80e3-6cf9f323b097)
2019-06-06 21:25:59.365 22701 RALLYDEBUG rally_openstack.cleanup.manager [-] Deleting neutron.network object s_rally_08b404be_ek73F6Kj (4acecc5d-ecc4-4d92-ae2e-537a87498fdf)
2019-06-06 21:25:59.371 22701 RALLYDEBUG rally_openstack.cleanup.manager [-] Deleting neutron.network object s_rally_08b404be_h7JV9fa6 (020b863d-ccfc-4e4b-a64f-1c50083e828d)
2019-06-06 21:25:59.372 22701 RALLYDEBUG rally_openstack.cleanup.manager [-] Deleting neutron.network object s_rally_08b404be_dJDN54Dz (1d46212b-911c-4595-b0e1-c3b4468ffe73)
2019-06-06 21:25:59.373 22701 RALLYDEBUG rally_openstack.cleanup.manager [-] Deleting neutron.network object s_rally_08b404be_tmorHxMF (103f6f63-ea98-4109-86fd-7960670ebeb3)
2019-06-06 21:25:59.373 22701 RALLYDEBUG rally_openstack.cleanup.manager [-] Deleting neutron.network object s_rally_08b404be_77Twt7jJ (07483b81-95b9-47bc-aeff-a66cd6b9c1b5)
2019-06-06 21:25:59.377 22701 RALLYDEBUG rally_openstack.cleanup.manager [-] Deleting neutron.network object s_rally_08b404be_5fULIVbZ (0323f006-65d1-4676-95f1-2bf079277b20)
2019-06-06 21:25:59.384 22701 RALLYDEBUG rally_openstack.cleanup.manager [-] Deleting neutron.network object s_rally_08b404be_uypVxxiA (4e87efeb-62b2-444d-b5c0-91cf21662773)
2019-06-06 21:25:59.384 22701 RALLYDEBUG rally_openstack.cleanup.manager [-] Deleting neutron.network object s_rally_08b404be_oum3xfhH (4e9d5051-b424-4e90-af5c-1d737cb6aa23)
2019-06-06 21:25:59.391 22701 RALLYDEBUG rally_openstack.cleanup.manager [-] Deleting neutron.network object s_rally_08b404be_ZN0HC74x (589964f1-4550-4b52-b23d-b50892d6e3ea)
2019-06-06 21:25:59.405 22701 RALLYDEBUG rally_openstack.cleanup.manager [-] Deleting neutron.network object s_rally_08b404be_bz12masc (65686946-0344-4994-992c-0362f313b752)
2019-06-06 21:25:59.425 22701 RALLYDEBUG rally_openstack.cleanup.manager [-] Deleting neutron.network object s_rally_08b404be_nwgB8WJo (6f084f6b-4a28-4717-8dfa-0e460b094507)
2019-06-06 21:25:59.452 22701 RALLYDEBUG rally_openstack.cleanup.manager [-] Deleting neutron.network object s_rally_08b404be_UYMmmCS6 (71280552-12ae-4a9f-843b-f5b628b7f48b)
2019-06-06 21:25:59.453 22701 RALLYDEBUG rally_openstack.cleanup.manager [-] Deleting neutron.network object s_rally_08b404be_M6hZ5olP (723c0ccf-89f8-45c6-af26-138756ecb8c2)
2019-06-06 21:25:59.474 22701 RALLYDEBUG rally_openstack.cleanup.manager [-] Deleting neutron.network object s_rally_08b404be_dI2mtLI2 (78ea2c6f-7409-4242-b56e-e54314540fb2)
2019-06-06 21:25:59.486 22701 RALLYDEBUG rally_openstack.cleanup.manager [-] Deleting neutron.network object s_rally_08b404be_WCRcYIcu (7897c5c3-497d-4192-b252-1947697a3c90)
2019-06-06 21:26:02.002 22701 RALLYDEBUG rally_openstack.cleanup.manager [-] Deleting neutron.network object s_rally_08b404be_cp2HyJGR (7aa5e47c-6531-4fc5-a9de-de4a871088e9)
2019-06-06 21:26:02.052 22701 RALLYDEBUG rally_openstack.cleanup.manager [-] Deleting neutron.network object s_rally_08b404be_X6fCJedR (84d7e43e-7601-4221-882e-a0f4b63221be)
2019-06-06 21:26:02.223 22701 RALLYDEBUG rally_openstack.cleanup.manager [-] Deleting neutron.network object s_rally_08b404be_IbGM0ZW0 (8e5ad714-3ed7-419c-8027-e829a9e1a6c3)
2019-06-06 21:26:02.250 22701 RALLYDEBUG rally_openstack.cleanup.manager [-] Deleting neutron.network object s_rally_08b404be_LciYvsOF (957074ae-e39b-4c1a-b62d-ea2deab26bf5)
2019-06-06 21:26:02.336 22701 RALLYDEBUG rally_openstack.cleanup.manager [-] Deleting neutron.network object s_rally_08b404be_dWWXdOKb (96a7ded4-9a1d-4c8f-a86a-20ca049e71c4)
2019-06-06 21:26:02.370 22701 RALLYDEBUG rally_openstack.cleanup.manager [-] Deleting neutron.network object s_rally_08b404be_2kKZresg (96b24994-14ee-4069-9793-9dce2be6556d)
2019-06-06 21:26:02.404 22701 RALLYDEBUG rally_openstack.cleanup.manager [-] Deleting neutron.network object s_rally_08b404be_jv7kMxpC (9e5cb42b-f669-4b43-a889-47bdd81c6616)
2019-06-06 21:26:02.443 22701 RALLYDEBUG rally_openstack.cleanup.manager [-] Deleting neutron.network object s_rally_08b404be_wM8hawQ1 (a3d6dabc-aa93-4676-8a3c-e615cd535bd6)
2019-06-06 21:26:02.515 22701 RALLYDEBUG rally_openstack.cleanup.manager [-] Deleting neutron.network object s_rally_08b404be_ivoBrey4 (a4e5f436-d2a8-427f-921c-fc4cd73c5a99)
2019-06-06 21:26:02.730 22701 RALLYDEBUG rally_openstack.cleanup.manager [-] Deleting neutron.network object s_rally_08b404be_md5WOBmc (b1e6cfcb-1e88-4933-bc87-920d84c55290)
2019-06-06 21:26:02.818 22701 RALLYDEBUG rally_openstack.cleanup.manager [-] Deleting neutron.network object s_rally_08b404be_szzuf1Zb (b63ddd26-906b-4ca1-815e-4921ab31bdca)
2019-06-06 21:26:02.891 22701 RALLYDEBUG rally_openstack.cleanup.manager [-] Deleting neutron.network object s_rally_08b404be_qlnB3XI7 (bdd1d6e1-7dab-482c-892e-45478b256632)
2019-06-06 21:26:02.903 22701 RALLYDEBUG rally_openstack.cleanup.manager [-] Deleting neutron.network object s_rally_08b404be_5iSgQDQk (bef5f1f3-d056-4fd5-acd7-58539a4652fd)
2019-06-06 21:26:03.638 22701 RALLYDEBUG rally_openstack.cleanup.manager [-] Deleting neutron.network object s_rally_08b404be_PNoreZbt (c1d61cd6-5b8b-4722-94a9-d2664da1dea1)
2019-06-06 21:26:03.678 22701 RALLYDEBUG rally_openstack.cleanup.manager [-] Deleting neutron.network object s_rally_08b404be_CUTg8bgL (d769e78a-53dc-4c25-8339-0c98526f13c3)
2019-06-06 21:26:03.819 22701 RALLYDEBUG rally_openstack.cleanup.manager [-] Deleting neutron.network object s_rally_08b404be_OqRv8esk (d9964ee2-9186-4180-bb61-45871726a805)
2019-06-06 21:26:04.517 22701 RALLYDEBUG rally_openstack.cleanup.manager [-] Deleting neutron.network object s_rally_08b404be_SgIGeZSq (dde0dd3d-84ed-458d-9ae1-91979ac7388c)
2019-06-06 21:26:04.518 22701 RALLYDEBUG rally_openstack.cleanup.manager [-] Deleting neutron.network object s_rally_08b404be_pv9YrGnS (ed7fe045-af02-42b8-af71-f9110c819d58)
2019-06-06 21:26:04.539 22701 RALLYDEBUG rally_openstack.cleanup.manager [-] Deleting neutron.network object s_rally_08b404be_ZUMm2yXr (ed84f709-bf87-423d-b046-b32d80ce6c46)
2019-06-06 21:26:04.568 22701 RALLYDEBUG rally_openstack.cleanup.manager [-] Deleting neutron.network object s_rally_08b404be_hZqS7Xke (fc0d231f-cbc3-4a41-9a57-a08bc67a2286)
2019-06-06 21:26:07.104 22701 RALLYDEBUG rally_openstack.cleanup.manager [-] Cleaning up neutron router objects
2019-06-06 21:26:07.820 22701 RALLYDEBUG rally_openstack.cleanup.manager [-] Cleaning up neutron security_group objects
2019-06-06 21:26:08.592 22701 INFO rally.task.context [-] Task cb6eaf6b-374d-44b1-9435-62556d46ec6d | Context cleanup@openstack cleanup() finished in 15.20 sec
2019-06-06 21:26:08.593 22701 INFO rally.task.context [-] Task cb6eaf6b-374d-44b1-9435-62556d46ec6d | Context quotas@openstack cleanup() started
2019-06-06 21:26:08.839 22701 INFO rally.task.context [-] Task cb6eaf6b-374d-44b1-9435-62556d46ec6d | Context quotas@openstack cleanup() finished in 0.25 sec
2019-06-06 21:26:08.839 22701 INFO rally.task.context [-] Task cb6eaf6b-374d-44b1-9435-62556d46ec6d | Context users@openstack cleanup() started
2019-06-06 21:26:13.947 22701 INFO rally.task.context [-] Task cb6eaf6b-374d-44b1-9435-62556d46ec6d | Context users@openstack cleanup() finished in 5.11 sec
2019-06-06 21:26:15.160 22701 INFO rally.task.engine [-] Load duration is: 32.771516
2019-06-06 21:26:15.161 22701 INFO rally.task.engine [-] Full runner duration is: 32.821009
2019-06-06 21:26:15.161 22701 INFO rally.task.engine [-] Full duration is: 59.027049
2019-06-06 21:26:15.497 22701 INFO rally.task.engine [-] Running workload: position = 0 config = { "version": 2, "title": "A cropped version of a bigger task.", "description": "Auto-generated task from a single workload (uuid=a11b7461-3df8-4b0b-ac6c-6a72099f9520)", "subtasks": [ { "title": "Quotas.neutron_update", "description": "Update quotas for neutron.", "scenario": { "Quotas.neutron_update": { "max_quota": 1024 } }, "contexts": { "users": { "tenants": 20, "users_per_tenant": 1 } }, "runner": { "constant": { "times": 40, "concurrency": 20 } }, "hooks": [], "sla": { "failure_rate": { "max": 0 } } } ] }
2019-06-06 21:26:15.520 22701 RALLYDEBUG rally_openstack.contexts.keystone.users [-] Creating 20 tenants using 20 threads
2019-06-06 21:26:18.105 22701 RALLYDEBUG rally_openstack.contexts.keystone.users [-] Creating 20 users using 20 threads
2019-06-06 21:26:21.613 22701 INFO rally.task.context [-] Task cb6eaf6b-374d-44b1-9435-62556d46ec6d | Context users@openstack setup() finished in 6.09 sec
2019-06-06 21:26:21.613 22701 INFO rally.task.context [-] Task cb6eaf6b-374d-44b1-9435-62556d46ec6d | Context admin_cleanup@openstack setup() finished in 0.00 msec
2019-06-06 21:26:21.620 22701 RALLYDEBUG rally.task.runner [-] Starting the constant runner (task UUID: cb6eaf6b-374d-44b1-9435-62556d46ec6d). timeout: 0 concurrency: 20 concurrency_per_worker: 1 times: 40 concurrency_overhead: 4 processes_to_start: 16 max_cpu_used: 16
2019-06-06 21:26:21.634 27317 RALLYDEBUG rally.task.runner [-] Starting a worker. concurrency: 2 args: {"max_quota": 1024} times: 40 method_name: run timeout: 0 duration: None cls:
2019-06-06 21:26:21.636 27319 RALLYDEBUG rally.task.runner [-] Starting a worker. concurrency: 2 args: {"max_quota": 1024} times: 40 method_name: run timeout: 0 duration: None cls:
2019-06-06 21:26:21.636 27318 RALLYDEBUG rally.task.runner [-] Starting a worker. concurrency: 2 args: {"max_quota": 1024} times: 40 method_name: run timeout: 0 duration: None cls:
2019-06-06 21:26:21.641 27319 INFO rally.task.runner [-] Task cb6eaf6b-374d-44b1-9435-62556d46ec6d | ITER: 2 START
2019-06-06 21:26:21.641 27320 RALLYDEBUG rally.task.runner [-] Starting a worker. concurrency: 2 args: {"max_quota": 1024} times: 40 method_name: run timeout: 0 duration: None cls:
2019-06-06 21:26:21.644 27321 RALLYDEBUG rally.task.runner [-] Starting a worker. concurrency: 1 args: {"max_quota": 1024} times: 40 method_name: run timeout: 0 duration: None cls:
2019-06-06 21:26:21.648 27318 INFO rally.task.runner [-] Task cb6eaf6b-374d-44b1-9435-62556d46ec6d | ITER: 3 START
2019-06-06 21:26:21.651 27317 INFO rally.task.runner [-] Task cb6eaf6b-374d-44b1-9435-62556d46ec6d | ITER: 1 START
2019-06-06 21:26:21.651 27326 RALLYDEBUG rally.task.runner [-] Starting a worker. concurrency: 1 args: {"max_quota": 1024} times: 40 method_name: run timeout: 0 duration: None cls:
2019-06-06 21:26:21.650 27319 INFO rally.task.runner [-] Task cb6eaf6b-374d-44b1-9435-62556d46ec6d | ITER: 4 START
2019-06-06 21:26:21.653 27321 INFO rally.task.runner [-] Task cb6eaf6b-374d-44b1-9435-62556d46ec6d | ITER: 8 START
2019-06-06 21:26:21.656 27331 RALLYDEBUG rally.task.runner [-] Starting a worker. concurrency: 1 args: {"max_quota": 1024} times: 40 method_name: run timeout: 0 duration: None cls:
2019-06-06 21:26:21.652 27317 INFO rally.task.runner [-] Task cb6eaf6b-374d-44b1-9435-62556d46ec6d | ITER: 5 START
2019-06-06 21:26:21.659 27336 RALLYDEBUG rally.task.runner [-] Starting a worker. concurrency: 1 args: {"max_quota": 1024} times: 40 method_name: run timeout: 0 duration: None cls:
2019-06-06 21:26:21.661 27320 INFO rally.task.runner [-] Task cb6eaf6b-374d-44b1-9435-62556d46ec6d | ITER: 6 START
2019-06-06 21:26:21.661 27326 INFO rally.task.runner [-] Task cb6eaf6b-374d-44b1-9435-62556d46ec6d | ITER: 10 START
2019-06-06 21:26:21.663 27318 INFO rally.task.runner [-] Task cb6eaf6b-374d-44b1-9435-62556d46ec6d | ITER: 7 START
2019-06-06 21:26:21.664 27331 INFO rally.task.runner [-] Task cb6eaf6b-374d-44b1-9435-62556d46ec6d | ITER: 11 START
2019-06-06 21:26:21.664 27320 INFO rally.task.runner [-] Task cb6eaf6b-374d-44b1-9435-62556d46ec6d | ITER: 9 START
2019-06-06 21:26:21.667 27336 INFO rally.task.runner [-] Task cb6eaf6b-374d-44b1-9435-62556d46ec6d | ITER: 12 START
2019-06-06 21:26:21.669 27340 RALLYDEBUG rally.task.runner [-] Starting a worker. concurrency: 1 args: {"max_quota": 1024} times: 40 method_name: run timeout: 0 duration: None cls:
2019-06-06 21:26:21.675 27344 RALLYDEBUG rally.task.runner [-] Starting a worker. concurrency: 1 args: {"max_quota": 1024} times: 40 method_name: run timeout: 0 duration: None cls:
2019-06-06 21:26:21.678 27340 INFO rally.task.runner [-] Task cb6eaf6b-374d-44b1-9435-62556d46ec6d | ITER: 13 START
2019-06-06 21:26:21.680 27347 RALLYDEBUG rally.task.runner [-] Starting a worker. concurrency: 1 args: {"max_quota": 1024} times: 40 method_name: run timeout: 0 duration: None cls:
2019-06-06 21:26:21.686 27344 INFO rally.task.runner [-] Task cb6eaf6b-374d-44b1-9435-62556d46ec6d | ITER: 14 START
2019-06-06 21:26:21.688 27347 INFO rally.task.runner [-] Task cb6eaf6b-374d-44b1-9435-62556d46ec6d | ITER: 15 START
2019-06-06 21:26:21.688 27350 RALLYDEBUG rally.task.runner [-] Starting a worker. concurrency: 1 args: {"max_quota": 1024} times: 40 method_name: run timeout: 0 duration: None cls:
2019-06-06 21:26:21.694 27355 RALLYDEBUG rally.task.runner [-] Starting a worker. concurrency: 1 args: {"max_quota": 1024} times: 40 method_name: run timeout: 0 duration: None cls:
2019-06-06 21:26:21.700 27355 INFO rally.task.runner [-] Task cb6eaf6b-374d-44b1-9435-62556d46ec6d | ITER: 17 START
2019-06-06 21:26:21.701 27350 INFO rally.task.runner [-] Task cb6eaf6b-374d-44b1-9435-62556d46ec6d | ITER: 16 START
2019-06-06 21:26:21.703 27356 RALLYDEBUG rally.task.runner [-] Starting a worker. concurrency: 1 args: {"max_quota": 1024} times: 40 method_name: run timeout: 0 duration: None cls:
2019-06-06 21:26:21.709 27361 RALLYDEBUG rally.task.runner [-] Starting a worker. concurrency: 1 args: {"max_quota": 1024} times: 40 method_name: run timeout: 0 duration: None cls:
2019-06-06 21:26:21.711 27356 INFO rally.task.runner [-] Task cb6eaf6b-374d-44b1-9435-62556d46ec6d | ITER: 18 START
2019-06-06 21:26:21.713 27362 RALLYDEBUG rally.task.runner [-] Starting a worker. concurrency: 1 args: {"max_quota": 1024} times: 40 method_name: run timeout: 0 duration: None cls:
2019-06-06 21:26:21.719 27362 INFO rally.task.runner [-] Task cb6eaf6b-374d-44b1-9435-62556d46ec6d | ITER: 20 START
2019-06-06 21:26:21.720 27361 INFO rally.task.runner [-] Task cb6eaf6b-374d-44b1-9435-62556d46ec6d | ITER: 19 START
2019-06-06 21:26:23.364 27331 INFO rally.task.runner [-] Task cb6eaf6b-374d-44b1-9435-62556d46ec6d | ITER: 11 END: OK
2019-06-06 21:26:23.369 27331 INFO rally.task.runner [-] Task cb6eaf6b-374d-44b1-9435-62556d46ec6d | ITER: 21 START
2019-06-06 21:26:23.473 27321 INFO rally.task.runner [-] Task cb6eaf6b-374d-44b1-9435-62556d46ec6d | ITER: 8 END: OK
2019-06-06 21:26:23.479 27321 INFO rally.task.runner [-] Task cb6eaf6b-374d-44b1-9435-62556d46ec6d | ITER: 22 START
2019-06-06 21:26:24.121 27319 INFO rally.task.runner [-] Task cb6eaf6b-374d-44b1-9435-62556d46ec6d | ITER: 4 END: OK
2019-06-06 21:26:24.128 27319 INFO rally.task.runner [-] Task cb6eaf6b-374d-44b1-9435-62556d46ec6d | ITER: 23 START
2019-06-06 21:26:24.370 27320 INFO rally.task.runner [-] Task cb6eaf6b-374d-44b1-9435-62556d46ec6d | ITER: 6 END: OK
2019-06-06 21:26:24.376 27320 INFO rally.task.runner [-] Task cb6eaf6b-374d-44b1-9435-62556d46ec6d | ITER: 24 START
2019-06-06 21:26:24.487 27320 INFO rally.task.runner [-] Task cb6eaf6b-374d-44b1-9435-62556d46ec6d | ITER: 9 END: OK
2019-06-06 21:26:24.493 27320 INFO rally.task.runner [-] Task cb6eaf6b-374d-44b1-9435-62556d46ec6d | ITER: 25 START
2019-06-06 21:26:24.506 27319 INFO rally.task.runner [-] Task cb6eaf6b-374d-44b1-9435-62556d46ec6d | ITER: 2 END: OK
2019-06-06 21:26:24.512 27319 INFO rally.task.runner [-] Task cb6eaf6b-374d-44b1-9435-62556d46ec6d | ITER: 26 START
2019-06-06 21:26:24.529 27317 INFO rally.task.runner [-] Task cb6eaf6b-374d-44b1-9435-62556d46ec6d | ITER: 1 END: OK
2019-06-06 21:26:24.534 27317 INFO rally.task.runner [-] Task cb6eaf6b-374d-44b1-9435-62556d46ec6d | ITER: 27 START
2019-06-06 21:26:24.597 27326 INFO rally.task.runner [-] Task cb6eaf6b-374d-44b1-9435-62556d46ec6d | ITER: 10 END: OK
2019-06-06 21:26:24.601 27318 INFO rally.task.runner [-] Task cb6eaf6b-374d-44b1-9435-62556d46ec6d | ITER: 3 END: OK
2019-06-06 21:26:24.602 27326 INFO rally.task.runner [-] Task cb6eaf6b-374d-44b1-9435-62556d46ec6d | ITER: 28 START
2019-06-06 21:26:24.604 27318 INFO rally.task.runner [-] Task cb6eaf6b-374d-44b1-9435-62556d46ec6d | ITER: 29 START
2019-06-06 21:26:24.613 27317 INFO rally.task.runner [-] Task cb6eaf6b-374d-44b1-9435-62556d46ec6d | ITER: 5 END: OK
2019-06-06 21:26:24.617 27317 INFO rally.task.runner [-] Task cb6eaf6b-374d-44b1-9435-62556d46ec6d | ITER: 30 START
2019-06-06 21:26:24.640 27356 INFO rally.task.runner [-] Task cb6eaf6b-374d-44b1-9435-62556d46ec6d | ITER: 18 END: OK
2019-06-06 21:26:24.647 27356 INFO rally.task.runner [-] Task cb6eaf6b-374d-44b1-9435-62556d46ec6d | ITER: 31 START
2019-06-06 21:26:24.670 27318 INFO rally.task.runner [-] Task cb6eaf6b-374d-44b1-9435-62556d46ec6d | ITER: 7 END: OK
2019-06-06 21:26:24.674 27318 INFO rally.task.runner [-] Task cb6eaf6b-374d-44b1-9435-62556d46ec6d | ITER: 32 START
2019-06-06 21:26:24.686 27361 INFO rally.task.runner [-] Task cb6eaf6b-374d-44b1-9435-62556d46ec6d | ITER: 19 END: OK
2019-06-06 21:26:24.690 27361 INFO rally.task.runner [-] Task cb6eaf6b-374d-44b1-9435-62556d46ec6d | ITER: 33 START
2019-06-06 21:26:24.695 27362 INFO rally.task.runner [-] Task cb6eaf6b-374d-44b1-9435-62556d46ec6d | ITER: 20 END: OK
2019-06-06 21:26:24.702 27362 INFO rally.task.runner [-] Task cb6eaf6b-374d-44b1-9435-62556d46ec6d | ITER: 34 START
2019-06-06 21:26:24.739 27355 INFO rally.task.runner [-] Task cb6eaf6b-374d-44b1-9435-62556d46ec6d | ITER: 17 END: OK
2019-06-06 21:26:24.745 27355 INFO rally.task.runner [-] Task cb6eaf6b-374d-44b1-9435-62556d46ec6d | ITER: 35 START
2019-06-06 21:26:24.749 27344 INFO rally.task.runner [-] Task cb6eaf6b-374d-44b1-9435-62556d46ec6d | ITER: 14 END: OK
2019-06-06 21:26:24.754 27344 INFO rally.task.runner [-] Task cb6eaf6b-374d-44b1-9435-62556d46ec6d | ITER: 36 START
2019-06-06 21:26:24.768 27350 INFO rally.task.runner [-] Task cb6eaf6b-374d-44b1-9435-62556d46ec6d | ITER: 16 END: OK
2019-06-06 21:26:24.772 27350 INFO rally.task.runner [-] Task cb6eaf6b-374d-44b1-9435-62556d46ec6d | ITER: 37 START
2019-06-06 21:26:24.821 27336 INFO rally.task.runner [-] Task cb6eaf6b-374d-44b1-9435-62556d46ec6d | ITER: 12 END: OK
2019-06-06 21:26:24.826 27336 INFO rally.task.runner [-] Task cb6eaf6b-374d-44b1-9435-62556d46ec6d | ITER: 38 START
2019-06-06 21:26:24.849 27340 INFO rally.task.runner [-] Task cb6eaf6b-374d-44b1-9435-62556d46ec6d | ITER: 13 END: OK
2019-06-06 21:26:24.852 27340 INFO rally.task.runner [-] Task cb6eaf6b-374d-44b1-9435-62556d46ec6d | ITER: 39 START
2019-06-06 21:26:24.858 27347 INFO rally.task.runner [-] Task cb6eaf6b-374d-44b1-9435-62556d46ec6d | ITER: 15 END: OK
2019-06-06 21:26:24.865 27347 INFO rally.task.runner [-] Task cb6eaf6b-374d-44b1-9435-62556d46ec6d | ITER: 40 START
2019-06-06 21:26:25.277 27331 INFO rally.task.runner [-] Task cb6eaf6b-374d-44b1-9435-62556d46ec6d | ITER: 21 END: OK
2019-06-06 21:26:25.300 27321 INFO rally.task.runner [-] Task cb6eaf6b-374d-44b1-9435-62556d46ec6d | ITER: 22 END: OK
2019-06-06 21:26:25.462 27319 INFO rally.task.runner [-] Task cb6eaf6b-374d-44b1-9435-62556d46ec6d | ITER: 23 END: OK
2019-06-06 21:26:26.126 27326 INFO rally.task.runner [-] Task cb6eaf6b-374d-44b1-9435-62556d46ec6d | ITER: 28 END: OK
2019-06-06 21:26:26.342 27320 INFO rally.task.runner [-] Task cb6eaf6b-374d-44b1-9435-62556d46ec6d | ITER: 25 END: OK
2019-06-06 21:26:26.509 27320 INFO rally.task.runner [-] Task cb6eaf6b-374d-44b1-9435-62556d46ec6d | ITER: 24 END: OK
2019-06-06 21:26:26.659 27319 INFO rally.task.runner [-] Task cb6eaf6b-374d-44b1-9435-62556d46ec6d | ITER: 26 END: OK
2019-06-06 21:26:26.881 27356 INFO rally.task.runner [-] Task cb6eaf6b-374d-44b1-9435-62556d46ec6d | ITER: 31 END: OK
2019-06-06 21:26:26.892 27361 INFO rally.task.runner [-] Task cb6eaf6b-374d-44b1-9435-62556d46ec6d | ITER: 33 END: OK
2019-06-06 21:26:26.905 27355 INFO rally.task.runner [-] Task cb6eaf6b-374d-44b1-9435-62556d46ec6d | ITER: 35 END: OK
2019-06-06 21:26:26.941 27318 INFO rally.task.runner [-] Task cb6eaf6b-374d-44b1-9435-62556d46ec6d | ITER: 29 END: OK
2019-06-06 21:26:26.989 27317 INFO rally.task.runner [-] Task cb6eaf6b-374d-44b1-9435-62556d46ec6d | ITER: 27 END: OK
2019-06-06 21:26:27.000 27317 INFO rally.task.runner [-] Task cb6eaf6b-374d-44b1-9435-62556d46ec6d | ITER: 30 END: OK
2019-06-06 21:26:27.012 27344 INFO rally.task.runner [-] Task cb6eaf6b-374d-44b1-9435-62556d46ec6d | ITER: 36 END: OK
2019-06-06 21:26:27.060 27318 INFO rally.task.runner [-] Task cb6eaf6b-374d-44b1-9435-62556d46ec6d | ITER: 32 END: OK
2019-06-06 21:26:27.086 27340 INFO rally.task.runner [-] Task cb6eaf6b-374d-44b1-9435-62556d46ec6d | ITER: 39 END: OK
2019-06-06 21:26:27.108 27336 INFO rally.task.runner [-] Task cb6eaf6b-374d-44b1-9435-62556d46ec6d | ITER: 38 END: OK
2019-06-06 21:26:27.120 27350 INFO rally.task.runner [-] Task cb6eaf6b-374d-44b1-9435-62556d46ec6d | ITER: 37 END: OK
2019-06-06 21:26:27.168 27362 INFO rally.task.runner [-] Task cb6eaf6b-374d-44b1-9435-62556d46ec6d | ITER: 34 END: OK
2019-06-06 21:26:27.180 27347 INFO rally.task.runner [-] Task cb6eaf6b-374d-44b1-9435-62556d46ec6d | ITER: 40 END: OK
2019-06-06 21:26:27.206 22701 INFO rally.task.context [-] Task cb6eaf6b-374d-44b1-9435-62556d46ec6d | Context admin_cleanup@openstack cleanup() started
2019-06-06 21:26:27.208 22701 RALLYDEBUG rally_openstack.cleanup.manager [-] Cleaning up neutron quota objects
2019-06-06 21:26:32.013 22701 INFO rally.task.context [-] Task cb6eaf6b-374d-44b1-9435-62556d46ec6d | Context admin_cleanup@openstack cleanup() finished in 4.81 sec
2019-06-06 21:26:32.014 22701 INFO rally.task.context [-] Task cb6eaf6b-374d-44b1-9435-62556d46ec6d | Context users@openstack cleanup() started
2019-06-06 21:27:02.689 22701 INFO rally.task.context [-] Task cb6eaf6b-374d-44b1-9435-62556d46ec6d | Context users@openstack cleanup() finished in 30.68 sec
2019-06-06 21:27:03.723 22701 INFO rally.task.engine [-] Load duration is: 5.537359
2019-06-06 21:27:03.724 22701 INFO rally.task.engine [-] Full runner duration is: 5.585753
2019-06-06 21:27:03.724 22701 INFO rally.task.engine [-] Full duration is: 47.171519
2019-06-06 21:27:04.000 22701 INFO rally.task.engine [-] Running workload: position = 0 config = { "version": 2, "title": "A cropped version of a bigger task.", "description": "Auto-generated task from a single workload (uuid=a61db0c5-e1de-4c3c-8f37-3a39dddb595a)", "subtasks": [ { "title": "NeutronTrunks.create_and_list_trunk_subports", "description": "", "scenario": { "NeutronTrunks.create_and_list_trunk_subports": { "subport_count": 125 } }, "contexts": { "users": { "tenants": 1, "users_per_tenant": 1 }, "quotas": { "neutron": { "network": -1, "port": 1000 } } }, "runner": { "constant": { "times": 4, "concurrency": 4 } }, "hooks": [], "sla": { "failure_rate": { "max": 0 } } } ] }
2019-06-06 21:27:04.022 22701 RALLYDEBUG rally_openstack.contexts.keystone.users [-] Creating 1 tenants using 20 threads
2019-06-06 21:27:05.663 22701 RALLYDEBUG rally_openstack.contexts.keystone.users [-] Creating 1 users using 20 threads
2019-06-06 21:27:08.329 22701 INFO rally.task.context [-] Task cb6eaf6b-374d-44b1-9435-62556d46ec6d | Context users@openstack setup() finished in 4.31 sec
2019-06-06 21:27:09.143 22701 INFO rally.task.context [-] Task cb6eaf6b-374d-44b1-9435-62556d46ec6d | Context quotas@openstack setup() finished in 0.81 sec
2019-06-06 21:27:09.143 22701 INFO rally.task.context [-] Task cb6eaf6b-374d-44b1-9435-62556d46ec6d | Context cleanup@openstack setup() finished in 0.00 msec
2019-06-06 21:27:09.150 22701 RALLYDEBUG rally.task.runner [-] Starting the constant runner (task UUID: cb6eaf6b-374d-44b1-9435-62556d46ec6d). timeout: 0 concurrency: 4 concurrency_per_worker: 1 times: 4 concurrency_overhead: 0 processes_to_start: 4 max_cpu_used: 16
2019-06-06 21:27:09.164 27507 RALLYDEBUG rally.task.runner [-] Starting a worker. concurrency: 1 args: {"subport_count": 125} times: 4 method_name: run timeout: 0 duration: None cls:
2019-06-06 21:27:09.166 27508 RALLYDEBUG rally.task.runner [-] Starting a worker. concurrency: 1 args: {"subport_count": 125} times: 4 method_name: run timeout: 0 duration: None cls:
2019-06-06 21:27:09.169 27509 RALLYDEBUG rally.task.runner [-] Starting a worker. concurrency: 1 args: {"subport_count": 125} times: 4 method_name: run timeout: 0 duration: None cls:
2019-06-06 21:27:09.170 27507 INFO rally.task.runner [-] Task cb6eaf6b-374d-44b1-9435-62556d46ec6d | ITER: 1 START
2019-06-06 21:27:09.171 27508 INFO rally.task.runner [-] Task cb6eaf6b-374d-44b1-9435-62556d46ec6d | ITER: 2 START
2019-06-06 21:27:09.171 27510 RALLYDEBUG rally.task.runner [-] Starting a worker. concurrency: 1 args: {"subport_count": 125} times: 4 method_name: run timeout: 0 duration: None cls:
2019-06-06 21:27:09.174 27509 INFO rally.task.runner [-] Task cb6eaf6b-374d-44b1-9435-62556d46ec6d | ITER: 3 START
2019-06-06 21:27:09.176 27510 INFO rally.task.runner [-] Task cb6eaf6b-374d-44b1-9435-62556d46ec6d | ITER: 4 START
2019-06-06 21:29:56.992 27507 WARNING rally.task.atomic [-] 'optional_action_timer' is deprecated since rally v0.10.0.Please use action_timer instead, we have improved atomic actions, now do not need to explicitly close original action.
2019-06-06 21:29:57.039 27507 WARNING rally.task.atomic [-] 'optional_action_timer' is deprecated since rally v0.10.0.Please use action_timer instead, we have improved atomic actions, now do not need to explicitly close original action.
2019-06-06 21:29:57.626 27507 INFO rally.task.runner [-] Task cb6eaf6b-374d-44b1-9435-62556d46ec6d | ITER: 1 END: OK
2019-06-06 21:29:58.338 27508 WARNING rally.task.atomic [-] 'optional_action_timer' is deprecated since rally v0.10.0.Please use action_timer instead, we have improved atomic actions, now do not need to explicitly close original action.
2019-06-06 21:29:58.385 27508 WARNING rally.task.atomic [-] 'optional_action_timer' is deprecated since rally v0.10.0.Please use action_timer instead, we have improved atomic actions, now do not need to explicitly close original action.
2019-06-06 21:29:58.943 27508 INFO rally.task.runner [-] Task cb6eaf6b-374d-44b1-9435-62556d46ec6d | ITER: 2 END: OK
2019-06-06 21:29:59.143 27510 WARNING rally.task.atomic [-] 'optional_action_timer' is deprecated since rally v0.10.0.Please use action_timer instead, we have improved atomic actions, now do not need to explicitly close original action.
2019-06-06 21:29:59.188 27510 WARNING rally.task.atomic [-] 'optional_action_timer' is deprecated since rally v0.10.0.Please use action_timer instead, we have improved atomic actions, now do not need to explicitly close original action.
2019-06-06 21:29:59.758 27510 INFO rally.task.runner [-] Task cb6eaf6b-374d-44b1-9435-62556d46ec6d | ITER: 4 END: OK
2019-06-06 21:30:00.531 27509 WARNING rally.task.atomic [-] 'optional_action_timer' is deprecated since rally v0.10.0.Please use action_timer instead, we have improved atomic actions, now do not need to explicitly close original action.
2019-06-06 21:30:00.569 27509 WARNING rally.task.atomic [-] 'optional_action_timer' is deprecated since rally v0.10.0.Please use action_timer instead, we have improved atomic actions, now do not need to explicitly close original action.
2019-06-06 21:30:01.319 27509 INFO rally.task.runner [-] Task cb6eaf6b-374d-44b1-9435-62556d46ec6d | ITER: 3 END: OK
2019-06-06 21:30:01.344 22701 INFO rally.task.context [-] Task cb6eaf6b-374d-44b1-9435-62556d46ec6d | Context cleanup@openstack cleanup() started
2019-06-06 21:30:01.346 22701 RALLYDEBUG rally_openstack.cleanup.manager [-] Cleaning up neutron vip objects
2019-06-06 21:30:02.084 22701 RALLYDEBUG rally_openstack.cleanup.manager [-] Cleaning up neutron health_monitor objects
2019-06-06 21:30:02.798 22701 RALLYDEBUG rally_openstack.cleanup.manager [-] Cleaning up neutron pool objects
2019-06-06 21:30:03.528 22701 RALLYDEBUG rally_openstack.cleanup.manager [-] Cleaning up neutron loadbalancer objects
2019-06-06 21:30:04.386 22701 RALLYDEBUG rally_openstack.cleanup.manager [-] Cleaning up neutron floatingip objects
2019-06-06 21:30:05.140 22701 RALLYDEBUG rally_openstack.cleanup.manager [-] Cleaning up neutron port objects
2019-06-06 21:30:07.561 22701 RALLYDEBUG rally_openstack.cleanup.manager [-] Deleting neutron.port object s_rally_a61db0c5_tiTpqbDf (02d71437-9b9b-42c0-b9e9-4518e91fee22)
2019-06-06 21:30:07.561 22701 RALLYDEBUG rally_openstack.cleanup.manager [-] Deleting neutron.port object s_rally_a61db0c5_9rVaeADa (038ffcac-6ee4-4d12-8d83-5f7302d0d4e9)
2019-06-06 21:30:07.562 22701 RALLYDEBUG rally_openstack.cleanup.manager [-] Deleting neutron.port object s_rally_a61db0c5_57yKZfQ0 (040d55be-57eb-4495-9439-7e12aa18c210)
2019-06-06 21:30:07.566 22701 RALLYDEBUG rally_openstack.cleanup.manager [-] Deleting neutron.port object s_rally_a61db0c5_0UYh6Ny8 (018c3f31-0e9d-4da5-8703-eff06e9aefc0)
2019-06-06 21:30:07.567 22701 RALLYDEBUG rally_openstack.cleanup.manager [-] Deleting neutron.port object s_rally_a61db0c5_ITuzZsIQ (0023f28f-8a6d-4b3a-9e81-24ae147d66bb)
2019-06-06 21:30:07.572 22701 RALLYDEBUG rally_openstack.cleanup.manager [-] Deleting neutron.port object s_rally_a61db0c5_KvUzjiuG (04a4d074-2963-4dd7-99b0-d624adfb1103)
2019-06-06 21:30:07.585 22701 RALLYDEBUG rally_openstack.cleanup.manager [-] Deleting neutron.port object s_rally_a61db0c5_wcodRxC5 (0508541c-7e42-4835-b1bb-25850b4e6ab2)
2019-06-06 21:30:07.587 22701 RALLYDEBUG rally_openstack.cleanup.manager [-] Deleting neutron.port object s_rally_a61db0c5_LYauWv8p (038ee6bc-dda5-4d3b-9f50-56421c1ab685)
2019-06-06 21:30:07.598 22701 RALLYDEBUG rally_openstack.cleanup.manager [-] Deleting neutron.port object s_rally_a61db0c5_eOp55VzN (03328084-987d-438c-a384-adc6f3bd38b5)
2019-06-06 21:30:07.600 22701 RALLYDEBUG rally_openstack.cleanup.manager [-] Deleting neutron.port object s_rally_a61db0c5_D3lIM19p (051f3c1c-0443-46bf-8cef-0080d65560b9)
2019-06-06 21:30:07.611 22701 RALLYDEBUG rally_openstack.cleanup.manager [-] Deleting neutron.port object s_rally_a61db0c5_k2vAc1wB (055bf841-15ee-4f90-a4bb-84fff0ddb02f)
2019-06-06 21:30:07.622 22701 RALLYDEBUG rally_openstack.cleanup.manager [-] Deleting neutron.port object s_rally_a61db0c5_f2cwpulx (066349d7-d0a5-48c9-8bd5-88503c2c1409)
2019-06-06 21:30:07.642 22701 RALLYDEBUG rally_openstack.cleanup.manager [-] Deleting neutron.port object s_rally_a61db0c5_7e2J4NvW (06a2c547-8477-4c92-96ab-b8cd0b59def3)
2019-06-06 21:30:07.643 22701 RALLYDEBUG rally_openstack.cleanup.manager [-] Deleting neutron.port object s_rally_a61db0c5_dUExHHgm (06726471-a37f-4ebe-a357-787ffe1a38f3)
2019-06-06 21:30:07.645 22701 RALLYDEBUG rally_openstack.cleanup.manager [-] Deleting neutron.port object s_rally_a61db0c5_0rBURVhU (06a34baf-8247-4faf-bc38-11b151672c88)
2019-06-06 21:30:07.655 22701 RALLYDEBUG rally_openstack.cleanup.manager [-] Deleting neutron.port object s_rally_a61db0c5_OMvGzm1A (0802934b-4898-4c9c-a581-83524716636f)
2019-06-06 21:30:07.663 22701 RALLYDEBUG rally_openstack.cleanup.manager [-] Deleting neutron.port object s_rally_a61db0c5_IsF84SoN (07e9040c-1d59-4749-80c7-90f77e62701c)
2019-06-06 21:30:07.678 22701 RALLYDEBUG rally_openstack.cleanup.manager [-] Deleting neutron.port object s_rally_a61db0c5_u1irAqI1 (086c5090-a2b7-4242-b723-5b0f871f3c59)
2019-06-06 21:30:07.702 22701 RALLYDEBUG rally_openstack.cleanup.manager [-] Deleting neutron.port object s_rally_a61db0c5_VVpPuKFd (0936d3b2-46fe-4074-a8c7-659e8d0b56a4)
2019-06-06 21:30:07.703 22701 RALLYDEBUG rally_openstack.cleanup.manager [-] Deleting neutron.port object s_rally_a61db0c5_nSrIy5uS (091c531f-4ca0-4d8f-b543-96da98aa7a29)
2019-06-06 21:30:10.162 22701 RALLYDEBUG rally_openstack.cleanup.manager [-] Deleting neutron.port object s_rally_a61db0c5_MpFGNEvx (0a03f689-067d-47ba-a76e-1f41d757a3ba)
2019-06-06 21:30:10.362 22701 RALLYDEBUG rally_openstack.cleanup.manager [-] Deleting neutron.port object s_rally_a61db0c5_ElQfN7FU (0a9cfcd3-05f8-46be-804f-6af114c63516)
2019-06-06 21:30:10.437 22701 RALLYDEBUG rally_openstack.cleanup.manager [-] Deleting neutron.port object s_rally_a61db0c5_wdpXSDLs (0b4d02fa-ab9c-46a3-afc8-b6b3235b414d)
2019-06-06 21:30:10.472 22701 RALLYDEBUG rally_openstack.cleanup.manager [-] Deleting neutron.port object s_rally_a61db0c5_8CUr03X2 (0b8cd367-08ae-4e99-80ac-912cc0ee11d7)
2019-06-06 21:30:10.534 22701 RALLYDEBUG rally_openstack.cleanup.manager [-] Deleting neutron.port object s_rally_a61db0c5_pRYnY6W9 (0baa75c9-647b-4e07-a616-278e6a4352cc)
2019-06-06 21:30:11.045 22701 RALLYDEBUG rally_openstack.cleanup.manager [-] Deleting neutron.port object s_rally_a61db0c5_YFd7wL5v (0c401e57-67ee-4518-9fb0-3a334b36d517)
2019-06-06 21:30:11.051 22701 RALLYDEBUG rally_openstack.cleanup.manager [-] Deleting neutron.port object s_rally_a61db0c5_bXoItlkK (0c574735-bec5-4654-9ca3-96f472d12763)
2019-06-06 21:30:11.067 22701 RALLYDEBUG rally_openstack.cleanup.manager [-] Deleting neutron.port object s_rally_a61db0c5_M8CkMNAs (0d616384-737d-4cad-8c05-236bbe42ecd0)
2019-06-06 21:30:11.071 22701 RALLYDEBUG rally_openstack.cleanup.manager [-] Deleting neutron.port object s_rally_a61db0c5_QTLRsiHI (0d93e478-d4fa-4a23-b7c2-b3cb2377098f)
2019-06-06 21:30:11.155 22701 RALLYDEBUG rally_openstack.cleanup.manager [-] Deleting neutron.port object s_rally_a61db0c5_VaetqNWh (0dd8fa66-5688-4685-ac52-9ed672ce1361)
2019-06-06 21:30:11.173 22701 RALLYDEBUG rally_openstack.cleanup.manager [-] Deleting neutron.port object s_rally_a61db0c5_pNBaF0Xi (0e153e3c-211d-454b-addb-6ba33065784e)
2019-06-06 21:30:12.454 22701 RALLYDEBUG rally_openstack.cleanup.manager [-] Deleting neutron.port object s_rally_a61db0c5_6uce9nda (0e53b09c-d4a4-4d53-b9ea-a4e5d25eb876)
2019-06-06 21:30:12.459 22701 RALLYDEBUG rally_openstack.cleanup.manager [-] Deleting neutron.port object s_rally_a61db0c5_8pFOcC5Z (0ea292b2-ea7c-4358-9a93-17c11524d281)
2019-06-06 21:30:12.467 22701 RALLYDEBUG rally_openstack.cleanup.manager [-] Deleting neutron.port object s_rally_a61db0c5_7JL6bDG6 (0eb3284d-1ec7-4887-87ec-4c8fdf5510c5)
2019-06-06 21:30:12.555 22701 RALLYDEBUG rally_openstack.cleanup.manager [-] Deleting neutron.port object s_rally_a61db0c5_Eo4EotW1 (0f309b8c-283a-449d-a1a0-c8a42d04691f)
2019-06-06 21:30:12.561 22701 RALLYDEBUG rally_openstack.cleanup.manager [-] Deleting neutron.port object s_rally_a61db0c5_ZgQui4Do (0f8fb260-85b8-42cd-9895-89ad2be2aac9)
2019-06-06 21:30:12.754 22701 RALLYDEBUG rally_openstack.cleanup.manager [-] Deleting neutron.port object s_rally_a61db0c5_m2dlZ21N (10778904-423a-4ac2-8958-8112e63bc55e)
2019-06-06 21:30:12.984 22701 RALLYDEBUG rally_openstack.cleanup.manager [-] Deleting neutron.port object s_rally_a61db0c5_zNsBQkbB (1135cd2f-274d-429f-a5f4-8eed9356c665)
2019-06-06 21:30:13.087 22701 RALLYDEBUG rally_openstack.cleanup.manager [-] Deleting neutron.port object s_rally_a61db0c5_GncAeHg2 (12bfe055-0f54-491f-9385-a48a48bcd488)
2019-06-06 21:30:13.212 22701 RALLYDEBUG rally_openstack.cleanup.manager [-] Deleting neutron.port object s_rally_a61db0c5_wfVCJ2ow (13d3eb18-1693-4fd5-80a4-d294e70684cc)
2019-06-06 21:30:13.367 22701 RALLYDEBUG rally_openstack.cleanup.manager [-] Deleting neutron.port object s_rally_a61db0c5_KnS56lOO (143f2680-2c92-4fd5-87e4-e1be75042b67)
2019-06-06 21:30:13.532 22701 RALLYDEBUG rally_openstack.cleanup.manager [-] Deleting neutron.port object s_rally_a61db0c5_pAcAPqlf (1678b7ea-ef45-485e-af2b-d98eeb037a87)
2019-06-06 21:30:13.539 22701 RALLYDEBUG rally_openstack.cleanup.manager [-] Deleting neutron.port object s_rally_a61db0c5_vjqZ2bD9 (17284417-6cb2-4e04-aa24-fad978b4a9c8)
2019-06-06 21:30:13.572 22701 RALLYDEBUG rally_openstack.cleanup.manager [-] Deleting neutron.port object s_rally_a61db0c5_VNTgjMTQ (1742cce3-8335-423b-881b-ead5ef91b6e4)
2019-06-06 21:30:13.643 22701 RALLYDEBUG rally_openstack.cleanup.manager [-] Deleting neutron.port object s_rally_a61db0c5_fDROZ6DZ (17bbc815-667b-475a-9085-628a930bcf02)
2019-06-06 21:30:13.664 22701 RALLYDEBUG rally_openstack.cleanup.manager [-] Deleting neutron.port object s_rally_a61db0c5_APPvTb4u (18730d09-f408-459e-8ce4-0feebe52a437)
2019-06-06 21:30:13.667 22701 RALLYDEBUG rally_openstack.cleanup.manager [-] Deleting neutron.port object s_rally_a61db0c5_CcTOC0fy (18d57c35-a51b-4e5e-9852-34be943b211f)
2019-06-06 21:30:13.773 22701 RALLYDEBUG rally_openstack.cleanup.manager [-] Deleting neutron.port object s_rally_a61db0c5_fCg5NoQN (18d86ab2-cd79-459c-bc34-28a884ad7bab)
2019-06-06 21:30:13.774 22701 RALLYDEBUG rally_openstack.cleanup.manager [-] Deleting neutron.port object s_rally_a61db0c5_Rc5RpxN5 (1907289c-93bc-4e7a-9307-14aea1da758e)
2019-06-06 21:30:13.825 22701 RALLYDEBUG rally_openstack.cleanup.manager [-] Deleting neutron.port object s_rally_a61db0c5_vnnOVI2U (19c3ae04-cf34-4695-a743-b98528e6aa69)
2019-06-06 21:30:13.916 22701 RALLYDEBUG rally_openstack.cleanup.manager [-] Deleting neutron.port object s_rally_a61db0c5_k4j7ED7R (1b3809c4-072d-4ca2-84e2-910a10d2b308)
2019-06-06 21:30:14.911 22701 RALLYDEBUG rally_openstack.cleanup.manager [-] Deleting neutron.port object s_rally_a61db0c5_KRJfZ05Q (1b530736-d07f-4ed6-ba83-1523cc8a39ac)
2019-06-06 21:30:14.917 22701 RALLYDEBUG rally_openstack.cleanup.manager [-] Deleting neutron.port object s_rally_a61db0c5_MV0r2zO9 (1ca38e8f-c117-4141-8ad9-fdf4f42ce2b5)
2019-06-06 21:30:15.022 22701 RALLYDEBUG rally_openstack.cleanup.manager [-] Deleting neutron.port object s_rally_a61db0c5_wWfJYyuW (1cffa694-5461-45f4-9346-d0ec1737eead)
2019-06-06 21:30:15.489 22701 RALLYDEBUG rally_openstack.cleanup.manager [-] Deleting neutron.port object s_rally_a61db0c5_nnC87Oyl (1d2cb4ef-beb6-4083-8033-454a3a7538a1)
2019-06-06 21:30:15.758 22701 RALLYDEBUG rally_openstack.cleanup.manager [-] Deleting neutron.port object s_rally_a61db0c5_wGm3kJJa (1e637f44-7843-4741-899f-f03ee95fd98f)
2019-06-06 21:30:15.873 22701 RALLYDEBUG rally_openstack.cleanup.manager [-] Deleting neutron.port object s_rally_a61db0c5_hW9NNDWd (1efdfc1b-0aab-4d11-8509-ca5880fd5e11)
2019-06-06 21:30:15.880 22701 RALLYDEBUG rally_openstack.cleanup.manager [-] Deleting neutron.port object s_rally_a61db0c5_vLOHAyuP (1f0510c0-9ce4-4303-8c2a-14ce09a308bc)
2019-06-06 21:30:15.902 22701 RALLYDEBUG rally_openstack.cleanup.manager [-] Deleting neutron.port object s_rally_a61db0c5_CD7iSv1b (203d6171-e954-452d-a9bf-e6b8a9663efd)
2019-06-06 21:30:15.909 22701 RALLYDEBUG rally_openstack.cleanup.manager [-] Deleting neutron.port object s_rally_a61db0c5_OcKieVoe (204b9cbb-52ba-4533-b6e5-157c51f291df)
2019-06-06 21:30:16.143 22701 RALLYDEBUG rally_openstack.cleanup.manager [-] Deleting neutron.port object s_rally_a61db0c5_2qpWTytk (212e4283-d658-4d16-a6db-6cd83e2ea151)
2019-06-06 21:30:16.326 22701 RALLYDEBUG rally_openstack.cleanup.manager [-] Deleting neutron.port object s_rally_a61db0c5_CYaMgi2z (2136ca63-de31-4b05-8c61-b7dd681cff41)
2019-06-06 21:30:16.353 22701 RALLYDEBUG rally_openstack.cleanup.manager [-] Deleting neutron.port object s_rally_a61db0c5_7376xhlh (217a6881-e8f5-4ffc-94eb-fe2b4bb24aed)
2019-06-06 21:30:16.382 22701 RALLYDEBUG rally_openstack.cleanup.manager [-] Deleting neutron.port object s_rally_a61db0c5_md3TOC3z (21e35fe7-211e-4e59-ad00-2bcfeb1957e7)
2019-06-06 21:30:16.532 22701 RALLYDEBUG rally_openstack.cleanup.manager [-] Deleting neutron.port object s_rally_a61db0c5_uxVNYGof (21f62b6b-9032-4daf-94e1-6b3b4566b4c2)
2019-06-06 21:30:16.597 22701 RALLYDEBUG rally_openstack.cleanup.manager [-] Deleting neutron.port object s_rally_a61db0c5_U89ctrjD (246e718a-8633-4751-becd-edc0547a0570)
2019-06-06 21:30:16.708 22701 RALLYDEBUG rally_openstack.cleanup.manager [-] Deleting neutron.port object s_rally_a61db0c5_RJVxfXyF (2471781e-424b-4d48-a039-3c9ce23d65ba)
2019-06-06 21:30:16.722 22701 RALLYDEBUG rally_openstack.cleanup.manager [-] Deleting neutron.port object s_rally_a61db0c5_Uv4Eivl3 (25751d26-aaf0-4f9e-83c2-2c996422ce8d)
2019-06-06 21:30:16.725 22701 RALLYDEBUG rally_openstack.cleanup.manager [-] Deleting neutron.port object s_rally_a61db0c5_WnNJUvOQ (2661c467-ad19-4a7a-b24e-65f626c53402)
2019-06-06 21:30:16.802 22701 RALLYDEBUG rally_openstack.cleanup.manager [-] Deleting neutron.port object s_rally_a61db0c5_zsrqRq0T (266375ac-230a-404b-80bc-fef542d244fb)
2019-06-06 21:30:16.806 22701 RALLYDEBUG rally_openstack.cleanup.manager [-] Deleting neutron.port object s_rally_a61db0c5_so8YZouY (26821223-231f-4f75-b5a2-a978ba469375)
2019-06-06 21:30:17.290 22701 RALLYDEBUG rally_openstack.cleanup.manager [-] Deleting neutron.port object s_rally_a61db0c5_0KvqWeO5 (26c111c8-4b2b-4592-8921-dc8a57f9c521)
2019-06-06 21:30:17.406 22701 RALLYDEBUG rally_openstack.cleanup.manager [-] Deleting neutron.port object s_rally_a61db0c5_rxWryKId (27722b84-218e-453c-be48-0cfd2a0c2df6)
2019-06-06 21:30:17.565 22701 RALLYDEBUG rally_openstack.cleanup.manager [-] Deleting neutron.port object s_rally_a61db0c5_M56IfqEt (2781bfb8-9327-47d1-9985-ebb07d1c75e2)
2019-06-06 21:30:18.178 22701 RALLYDEBUG rally_openstack.cleanup.manager [-] Deleting neutron.port object s_rally_a61db0c5_p43Dth2D (27a81d44-362e-476a-8a4d-6a53c326b936)
2019-06-06 21:30:18.564 22701 RALLYDEBUG rally_openstack.cleanup.manager [-] Deleting neutron.port object s_rally_a61db0c5_aA2BjOYh (27d45343-0d16-4114-a321-cbdd79239b48)
2019-06-06 21:30:18.611 22701 RALLYDEBUG rally_openstack.cleanup.manager [-] Deleting neutron.port object s_rally_a61db0c5_IHEPZwwj (27f0c136-b413-4d85-b07d-9106fdcbe321)
2019-06-06 21:30:18.736 22701 RALLYDEBUG rally_openstack.cleanup.manager [-] Deleting neutron.port object s_rally_a61db0c5_29pvmlMz (295a2c0f-85d6-4a55-97d7-37063a2a05e0)
2019-06-06 21:30:18.844 22701 RALLYDEBUG rally_openstack.cleanup.manager [-] Deleting neutron.port object s_rally_a61db0c5_NuoHYF1X (29b0eedc-d93a-409e-a08d-f5c8f56b77c7)
2019-06-06 21:30:18.907 22701 RALLYDEBUG rally_openstack.cleanup.manager [-] Deleting neutron.port object s_rally_a61db0c5_kj13gds6 (2a4b1a63-112d-466b-ae8b-6fdf2ad28aaa)
2019-06-06 21:30:18.914 22701 RALLYDEBUG rally_openstack.cleanup.manager [-] Deleting neutron.port object s_rally_a61db0c5_If6X31Xu (2a6f54d0-98ea-453b-88d2-2c6c4821b70d)
2019-06-06 21:30:19.166 22701 RALLYDEBUG rally_openstack.cleanup.manager [-] Deleting neutron.port object s_rally_a61db0c5_ARBcOwOS (2aed4856-9f0a-42cf-8234-91d0ccb3ffb2)
2019-06-06 21:30:19.265 22701 RALLYDEBUG rally_openstack.cleanup.manager [-] Deleting neutron.port object s_rally_a61db0c5_7y10kAr0 (2b49ed00-71f9-45cb-b106-b82125406d1d)
2019-06-06 21:30:19.269 22701 RALLYDEBUG rally_openstack.cleanup.manager [-] Deleting neutron.port object s_rally_a61db0c5_onBP4npE (2ba88160-d925-4b50-9324-9ec95d0959be)
2019-06-06 21:30:19.375 22701 RALLYDEBUG rally_openstack.cleanup.manager [-] Deleting neutron.port object s_rally_a61db0c5_OHXl1txy (2bd15a87-b1ae-4765-97be-5beaa1241bbf)
2019-06-06 21:30:19.376 22701 RALLYDEBUG rally_openstack.cleanup.manager [-] Deleting neutron.port object s_rally_a61db0c5_Mgnggedx (2c3db505-4a7b-4f3c-9d57-4cf3aad05d87)
2019-06-06 21:30:19.573 22701 RALLYDEBUG rally_openstack.cleanup.manager [-] Deleting neutron.port object s_rally_a61db0c5_JDZepBTn (2cd46a58-32fb-4531-aec7-ddf401e8b13f)
2019-06-06 21:30:19.769 22701 RALLYDEBUG rally_openstack.cleanup.manager [-] Deleting neutron.port object s_rally_a61db0c5_N5cHK8Ib (2d4db10f-4816-4915-8186-cfd217be08b1)
2019-06-06 21:30:19.772 22701 RALLYDEBUG rally_openstack.cleanup.manager [-] Deleting neutron.port object s_rally_a61db0c5_KrC187n8 (2d1b87fd-928d-4209-9a0b-0e0d03037958)
2019-06-06 21:30:19.773 22701 RALLYDEBUG rally_openstack.cleanup.manager [-] Deleting neutron.port object s_rally_a61db0c5_uNeKGJrv (2d1f6ad2-72a7-4f5a-a600-6f05e1ffb3ed)
2019-06-06 21:30:19.968 22701 RALLYDEBUG rally_openstack.cleanup.manager [-] Deleting neutron.port object s_rally_a61db0c5_SfrQ8bF6 (2d75f2cb-787b-4c80-bfa9-1d42859bf40b)
2019-06-06 21:30:19.969 22701 RALLYDEBUG rally_openstack.cleanup.manager [-] Deleting neutron.port object s_rally_a61db0c5_EQjWlexx (2df30fd5-d018-41e7-9901-fd8b7afa0863)
2019-06-06 21:30:19.978 22701 RALLYDEBUG rally_openstack.cleanup.manager [-] Deleting neutron.port object s_rally_a61db0c5_2VnfL2uO (2e08e2ab-274f-4d1a-bf26-479459be86db)
2019-06-06 21:30:20.176 22701 RALLYDEBUG rally_openstack.cleanup.manager [-] Deleting neutron.port object s_rally_a61db0c5_AVLdHVf6 (307b7052-b1f5-444b-85ff-380075ed39a0)
2019-06-06 21:30:21.056 22701 RALLYDEBUG rally_openstack.cleanup.manager [-] Deleting neutron.port object s_rally_a61db0c5_VfwftNwh (30a538a0-ebc2-423e-badf-8ec340382c8b)
2019-06-06 21:30:21.183 22701 RALLYDEBUG rally_openstack.cleanup.manager [-] Deleting neutron.port object s_rally_a61db0c5_qOGKMg8f (3101a86e-7dc9-41a9-bdec-1d4d6c4bb9a8)
2019-06-06 21:30:21.584 22701 RALLYDEBUG rally_openstack.cleanup.manager [-] Deleting neutron.port object s_rally_a61db0c5_GWlHzU3s (313df0e0-b61f-47ce-b912-d32f7b105241)
2019-06-06 21:30:21.594 22701 RALLYDEBUG rally_openstack.cleanup.manager [-] Deleting neutron.port object s_rally_a61db0c5_va6Fibtt (32c336cd-1e73-4b65-9aae-3507d388bed0)
2019-06-06 21:30:21.627 22701 RALLYDEBUG rally_openstack.cleanup.manager [-] Deleting neutron.port object s_rally_a61db0c5_Wvs2X0id (337fc202-795e-4a64-94c2-7921992231bd)
