2019-06-06 21:04:06.046 22692 RALLYDEBUG rally.api [-] INFO logs from urllib3 and requests module are hide.
2019-06-06 21:04:06.046 22692 RALLYDEBUG rally.api [-] urllib3 insecure warnings are hidden.
2019-06-06 21:04:06.046 22692 RALLYDEBUG rally.api [-] ERROR log from boto module is hide.
2019-06-06 21:04:08.465 22694 RALLYDEBUG rally.api [-] INFO logs from urllib3 and requests module are hide.
2019-06-06 21:04:08.465 22694 RALLYDEBUG rally.api [-] urllib3 insecure warnings are hidden.
2019-06-06 21:04:08.466 22694 RALLYDEBUG rally.api [-] ERROR log from boto module is hide.
2019-06-06 21:04:09.646 22694 WARNING rally_openstack.platforms.existing [-] endpoint is deprecated and not used.
2019-06-06 21:04:10.606 22696 RALLYDEBUG rally.api [-] INFO logs from urllib3 and requests module are hide.
2019-06-06 21:04:10.606 22696 RALLYDEBUG rally.api [-] urllib3 insecure warnings are hidden.
2019-06-06 21:04:10.606 22696 RALLYDEBUG rally.api [-] ERROR log from boto module is hide.
2019-06-06 21:04:14.153 22699 RALLYDEBUG rally.api [-] INFO logs from urllib3 and requests module are hide.
2019-06-06 21:04:14.153 22699 RALLYDEBUG rally.api [-] urllib3 insecure warnings are hidden.
2019-06-06 21:04:14.153 22699 RALLYDEBUG rally.api [-] ERROR log from boto module is hide.
2019-06-06 21:04:15.849 22701 RALLYDEBUG rally.api [-] INFO logs from urllib3 and requests module are hide.
2019-06-06 21:04:15.849 22701 RALLYDEBUG rally.api [-] urllib3 insecure warnings are hidden.
2019-06-06 21:04:15.849 22701 RALLYDEBUG rally.api [-] ERROR log from boto module is hide.
2019-06-06 21:04:16.876 22701 INFO rally.common.plugin.discover [-] Loading plugins from directories /root/.rally/plugins/*
2019-06-06 21:04:16.876 22701 INFO rally.common.plugin.discover [-] Loaded module with plugins: /root/.rally/plugins/__init__.py
2019-06-06 21:04:16.878 22701 INFO rally.common.plugin.discover [-] Loaded module with plugins: /root/.rally/plugins/trunk_scenario.py
2019-06-06 21:04:17.073 22701 INFO rally.task.engine [-] Task cb6eaf6b-374d-44b1-9435-62556d46ec6d | Starting: Task validation.
2019-06-06 21:04:17.115 22701 INFO rally.task.engine [-] Task cb6eaf6b-374d-44b1-9435-62556d46ec6d | Starting: Task validation of syntax.
2019-06-06 21:04:17.329 22701 INFO rally.task.engine [-] Task cb6eaf6b-374d-44b1-9435-62556d46ec6d | Completed: Task validation of syntax.
2019-06-06 21:04:17.329 22701 INFO rally.task.engine [-] Task cb6eaf6b-374d-44b1-9435-62556d46ec6d | Starting: Task validation of required platforms.
2019-06-06 21:04:17.386 22701 INFO rally.task.engine [-] Task cb6eaf6b-374d-44b1-9435-62556d46ec6d | Completed: Task validation of required platforms.
2019-06-06 21:04:17.386 22701 INFO rally.task.engine [-] Task cb6eaf6b-374d-44b1-9435-62556d46ec6d | Starting: Task validation of semantic.
2019-06-06 21:04:17.386 22701 INFO rally.task.engine [-] Check health of the environment 'd004b600-66af-4acc-93e4-27c9923fc5a7'.
2019-06-06 21:04:18.189 22701 INFO rally.task.engine [-] Platform existing@openstack (available: True): OK!
2019-06-06 21:04:18.207 22701 RALLYDEBUG rally_openstack.contexts.keystone.users [-] Creating 1 tenants using 20 threads
2019-06-06 21:04:20.195 22701 RALLYDEBUG rally_openstack.contexts.keystone.users [-] Creating 1 users using 20 threads
2019-06-06 21:04:23.241 22701 INFO rally.task.context [-] Task cb6eaf6b-374d-44b1-9435-62556d46ec6d | Context users@openstack setup() finished in 5.03 sec
2019-06-06 21:04:29.450 22701 INFO rally.task.context [-] Task cb6eaf6b-374d-44b1-9435-62556d46ec6d | Context users@openstack cleanup() started
2019-06-06 21:04:34.629 22701 INFO rally.task.context [-] Task cb6eaf6b-374d-44b1-9435-62556d46ec6d | Context users@openstack cleanup() finished in 5.18 sec
2019-06-06 21:04:34.630 22701 INFO rally.task.engine [-] Task cb6eaf6b-374d-44b1-9435-62556d46ec6d | Completed: Task validation of semantic.
2019-06-06 21:04:34.630 22701 INFO rally.task.engine [-] Task cb6eaf6b-374d-44b1-9435-62556d46ec6d | Completed: Task validation.
2019-06-06 21:04:34.630 22701 INFO rally.api [-] Task cb6eaf6b-374d-44b1-9435-62556d46ec6d input file is valid.
2019-06-06 21:04:34.631 22701 INFO rally.api [-] Run Task cb6eaf6b-374d-44b1-9435-62556d46ec6d against Deployment d004b600-66af-4acc-93e4-27c9923fc5a7
2019-06-06 21:04:34.631 22701 INFO rally.task.engine [-] Task cb6eaf6b-374d-44b1-9435-62556d46ec6d | Starting: Running task.
2019-06-06 21:04:34.767 22701 INFO rally.task.engine [-] Running workload: position = 0 config = { "version": 2, "title": "A cropped version of a bigger task.", "description": "Auto-generated task from a single workload (uuid=ea62b502-cfad-459c-a74a-f932f3758682)", "subtasks": [ { "title": "NeutronNetworks.create_and_list_networks", "description": "Check performance of list_networks action and ensure > network quotas are not exceeded", "scenario": { "NeutronNetworks.create_and_list_networks": {} }, "contexts": { "users": { "tenants": 1, "users_per_tenant": 1 }, "quotas": { "neutron": { "network": 119 } } }, "runner": { "constant": { "times": 100, "concurrency": 20 } }, "hooks": [], "sla": { "max_avg_duration_per_atomic": { "neutron.list_networks": 15 }, "failure_rate": { "max": 0 } } } ] }
2019-06-06 21:04:34.791 22701 RALLYDEBUG rally_openstack.contexts.keystone.users [-] Creating 1 tenants using 20 threads
2019-06-06 21:04:36.646 22701 RALLYDEBUG rally_openstack.contexts.keystone.users [-] Creating 1 users using 20 threads
2019-06-06 21:04:39.299 22701 INFO rally.task.context [-] Task cb6eaf6b-374d-44b1-9435-62556d46ec6d | Context users@openstack setup() finished in 4.51 sec
2019-06-06 21:04:40.156 22701 INFO rally.task.context [-] Task cb6eaf6b-374d-44b1-9435-62556d46ec6d | Context quotas@openstack setup() finished in 0.86 sec
2019-06-06 21:04:40.156 22701 INFO rally.task.context [-] Task cb6eaf6b-374d-44b1-9435-62556d46ec6d | Context cleanup@openstack setup() finished in 0.01 msec
2019-06-06 21:04:40.162 22701 RALLYDEBUG rally.task.runner [-] Starting the constant runner (task UUID: cb6eaf6b-374d-44b1-9435-62556d46ec6d). timeout: 0 concurrency: 20 concurrency_per_worker: 1 times: 100 concurrency_overhead: 4 processes_to_start: 16 max_cpu_used: 16
2019-06-06 21:04:40.174 22825 RALLYDEBUG rally.task.runner [-] Starting a worker. concurrency: 2 args: {} times: 100 method_name: run timeout: 0 duration: None cls:
2019-06-06 21:04:40.176 22826 RALLYDEBUG rally.task.runner [-] Starting a worker. concurrency: 2 args: {} times: 100 method_name: run timeout: 0 duration: None cls:
2019-06-06 21:04:40.178 22827 RALLYDEBUG rally.task.runner [-] Starting a worker. concurrency: 2 args: {} times: 100 method_name: run timeout: 0 duration: None cls:
2019-06-06 21:04:40.181 22828 RALLYDEBUG rally.task.runner [-] Starting a worker. concurrency: 2 args: {} times: 100 method_name: run timeout: 0 duration: None cls:
2019-06-06 21:04:40.184 22825 INFO rally.task.runner [-] Task cb6eaf6b-374d-44b1-9435-62556d46ec6d | ITER: 1 START
2019-06-06 21:04:40.183 22829 RALLYDEBUG rally.task.runner [-] Starting a worker. concurrency: 1 args: {} times: 100 method_name: run timeout: 0 duration: None cls:
2019-06-06 21:04:40.185 22826 INFO rally.task.runner [-] Task cb6eaf6b-374d-44b1-9435-62556d46ec6d | ITER: 2 START
2019-06-06 21:04:40.189 22827 INFO rally.task.runner [-] Task cb6eaf6b-374d-44b1-9435-62556d46ec6d | ITER: 4 START
2019-06-06 21:04:40.190 22828 INFO rally.task.runner [-] Task cb6eaf6b-374d-44b1-9435-62556d46ec6d | ITER: 6 START
2019-06-06 21:04:40.190 22825 INFO rally.task.runner [-] Task cb6eaf6b-374d-44b1-9435-62556d46ec6d | ITER: 3 START
2019-06-06 21:04:40.191 22826 INFO rally.task.runner [-] Task cb6eaf6b-374d-44b1-9435-62556d46ec6d | ITER: 5 START
2019-06-06 21:04:40.190 22828 INFO rally.task.runner [-] Task cb6eaf6b-374d-44b1-9435-62556d46ec6d | ITER: 9 START
2019-06-06 21:04:40.190 22833 RALLYDEBUG rally.task.runner [-] Starting a worker. concurrency: 1 args: {} times: 100 method_name: run timeout: 0 duration: None cls:
2019-06-06 21:04:40.193 22842 RALLYDEBUG rally.task.runner [-] Starting a worker. concurrency: 1 args: {} times: 100 method_name: run timeout: 0 duration: None cls:
2019-06-06 21:04:40.189 22829 INFO rally.task.runner [-] Task cb6eaf6b-374d-44b1-9435-62556d46ec6d | ITER: 8 START
2019-06-06 21:04:40.191 22827 INFO rally.task.runner [-] Task cb6eaf6b-374d-44b1-9435-62556d46ec6d | ITER: 7 START
2019-06-06 21:04:40.199 22846 RALLYDEBUG rally.task.runner [-] Starting a worker. concurrency: 1 args: {} times: 100 method_name: run timeout: 0 duration: None cls:
2019-06-06 21:04:40.199 22833 INFO rally.task.runner [-] Task cb6eaf6b-374d-44b1-9435-62556d46ec6d | ITER: 10 START
2019-06-06 21:04:40.204 22846 INFO rally.task.runner [-] Task cb6eaf6b-374d-44b1-9435-62556d46ec6d | ITER: 12 START
2019-06-06 21:04:40.205 22842 INFO rally.task.runner [-] Task cb6eaf6b-374d-44b1-9435-62556d46ec6d | ITER: 11 START
2019-06-06 21:04:40.205 22851 RALLYDEBUG rally.task.runner [-] Starting a worker. concurrency: 1 args: {} times: 100 method_name: run timeout: 0 duration: None cls:
2019-06-06 21:04:40.209 22855 RALLYDEBUG rally.task.runner [-] Starting a worker. concurrency: 1 args: {} times: 100 method_name: run timeout: 0 duration: None cls:
2019-06-06 21:04:40.211 22856 RALLYDEBUG rally.task.runner [-] Starting a worker. concurrency: 1 args: {} times: 100 method_name: run timeout: 0 duration: None cls:
2019-06-06 21:04:40.211 22852 RALLYDEBUG rally.task.runner [-] Starting a worker. concurrency: 1 args: {} times: 100 method_name: run timeout: 0 duration: None cls:
2019-06-06 21:04:40.213 22851 INFO rally.task.runner [-] Task cb6eaf6b-374d-44b1-9435-62556d46ec6d | ITER: 13 START
2019-06-06 21:04:40.216 22856 INFO rally.task.runner [-] Task cb6eaf6b-374d-44b1-9435-62556d46ec6d | ITER: 15 START
2019-06-06 21:04:40.226 22855 INFO rally.task.runner [-] Task cb6eaf6b-374d-44b1-9435-62556d46ec6d | ITER: 14 START
2019-06-06 21:04:40.226 22865 RALLYDEBUG rally.task.runner [-] Starting a worker. concurrency: 1 args: {} times: 100 method_name: run timeout: 0 duration: None cls:
2019-06-06 21:04:40.226 22862 RALLYDEBUG rally.task.runner [-] Starting a worker. concurrency: 1 args: {} times: 100 method_name: run timeout: 0 duration: None cls:
2019-06-06 21:04:40.228 22858 RALLYDEBUG rally.task.runner [-] Starting a worker. concurrency: 1 args: {} times: 100 method_name: run timeout: 0 duration: None cls:
2019-06-06 21:04:40.230 22865 INFO rally.task.runner [-] Task cb6eaf6b-374d-44b1-9435-62556d46ec6d | ITER: 17 START
2019-06-06 21:04:40.231 22852 INFO rally.task.runner [-] Task cb6eaf6b-374d-44b1-9435-62556d46ec6d | ITER: 16 START
2019-06-06 21:04:40.234 22862 INFO rally.task.runner [-] Task cb6eaf6b-374d-44b1-9435-62556d46ec6d | ITER: 18 START
2019-06-06 21:04:40.235 22869 RALLYDEBUG rally.task.runner [-] Starting a worker. concurrency: 1 args: {} times: 100 method_name: run timeout: 0 duration: None cls:
2019-06-06 21:04:40.239 22858 INFO rally.task.runner [-] Task cb6eaf6b-374d-44b1-9435-62556d46ec6d | ITER: 19 START
2019-06-06 21:04:40.240 22869 INFO rally.task.runner [-] Task cb6eaf6b-374d-44b1-9435-62556d46ec6d | ITER: 20 START
2019-06-06 21:04:42.158 22842 INFO rally.task.runner [-] Task cb6eaf6b-374d-44b1-9435-62556d46ec6d | ITER: 11 END: OK
2019-06-06 21:04:42.162 22842 INFO rally.task.runner [-] Task cb6eaf6b-374d-44b1-9435-62556d46ec6d | ITER: 21 START
2019-06-06 21:04:42.561 22827 INFO rally.task.runner [-] Task cb6eaf6b-374d-44b1-9435-62556d46ec6d | ITER: 4 END: OK
2019-06-06 21:04:42.565 22827 INFO rally.task.runner [-] Task cb6eaf6b-374d-44b1-9435-62556d46ec6d | ITER: 22 START
2019-06-06 21:04:42.597 22833 INFO rally.task.runner [-] Task cb6eaf6b-374d-44b1-9435-62556d46ec6d | ITER: 10 END: OK
2019-06-06 21:04:42.600 22833 INFO rally.task.runner [-] Task cb6eaf6b-374d-44b1-9435-62556d46ec6d | ITER: 23 START
2019-06-06 21:04:42.610 22862 INFO rally.task.runner [-] Task cb6eaf6b-374d-44b1-9435-62556d46ec6d | ITER: 18 END: OK
2019-06-06 21:04:42.613 22862 INFO rally.task.runner [-] Task cb6eaf6b-374d-44b1-9435-62556d46ec6d | ITER: 24 START
2019-06-06 21:04:42.628 22858 INFO rally.task.runner [-] Task cb6eaf6b-374d-44b1-9435-62556d46ec6d | ITER: 19 END: OK
2019-06-06 21:04:42.631 22858 INFO rally.task.runner [-] Task cb6eaf6b-374d-44b1-9435-62556d46ec6d | ITER: 25 START
2019-06-06 21:04:42.666 22852 INFO rally.task.runner [-] Task cb6eaf6b-374d-44b1-9435-62556d46ec6d | ITER: 16 END: OK
2019-06-06 21:04:42.669 22852 INFO rally.task.runner [-] Task cb6eaf6b-374d-44b1-9435-62556d46ec6d | ITER: 26 START
2019-06-06 21:04:42.727 22828 INFO rally.task.runner [-] Task cb6eaf6b-374d-44b1-9435-62556d46ec6d | ITER: 9 END: OK
2019-06-06 21:04:42.730 22828 INFO rally.task.runner [-] Task cb6eaf6b-374d-44b1-9435-62556d46ec6d | ITER: 27 START
2019-06-06 21:04:42.764 22855 INFO rally.task.runner [-] Task cb6eaf6b-374d-44b1-9435-62556d46ec6d | ITER: 14 END: OK
2019-06-06 21:04:42.768 22855 INFO rally.task.runner [-] Task cb6eaf6b-374d-44b1-9435-62556d46ec6d | ITER: 28 START
2019-06-06 21:04:42.774 22827 INFO rally.task.runner [-] Task cb6eaf6b-374d-44b1-9435-62556d46ec6d | ITER: 7 END: OK
2019-06-06 21:04:42.774 22846 INFO rally.task.runner [-] Task cb6eaf6b-374d-44b1-9435-62556d46ec6d | ITER: 12 END: OK
2019-06-06 21:04:42.776 22827 INFO rally.task.runner [-] Task cb6eaf6b-374d-44b1-9435-62556d46ec6d | ITER: 29 START
2019-06-06 21:04:42.777 22846 INFO rally.task.runner [-] Task cb6eaf6b-374d-44b1-9435-62556d46ec6d | ITER: 30 START
2019-06-06 21:04:42.781 22826 INFO rally.task.runner [-] Task cb6eaf6b-374d-44b1-9435-62556d46ec6d | ITER: 2 END: OK
2019-06-06 21:04:42.783 22826 INFO rally.task.runner [-] Task cb6eaf6b-374d-44b1-9435-62556d46ec6d | ITER: 31 START
2019-06-06 21:04:42.807 22856 INFO rally.task.runner [-] Task cb6eaf6b-374d-44b1-9435-62556d46ec6d | ITER: 15 END: OK
2019-06-06 21:04:42.810 22856 INFO rally.task.runner [-] Task cb6eaf6b-374d-44b1-9435-62556d46ec6d | ITER: 32 START
2019-06-06 21:04:42.845 22825 INFO rally.task.runner [-] Task cb6eaf6b-374d-44b1-9435-62556d46ec6d | ITER: 3 END: OK
2019-06-06 21:04:42.848 22825 INFO rally.task.runner [-] Task cb6eaf6b-374d-44b1-9435-62556d46ec6d | ITER: 33 START
2019-06-06 21:04:42.903 22851 INFO rally.task.runner [-] Task cb6eaf6b-374d-44b1-9435-62556d46ec6d | ITER: 13 END: OK
2019-06-06 21:04:42.906 22851 INFO rally.task.runner [-] Task cb6eaf6b-374d-44b1-9435-62556d46ec6d | ITER: 34 START
2019-06-06 21:04:42.954 22825 INFO rally.task.runner [-] Task cb6eaf6b-374d-44b1-9435-62556d46ec6d | ITER: 1 END: OK
2019-06-06 21:04:42.957 22825 INFO rally.task.runner [-] Task cb6eaf6b-374d-44b1-9435-62556d46ec6d | ITER: 35 START
2019-06-06 21:04:42.961 22829 INFO rally.task.runner [-] Task cb6eaf6b-374d-44b1-9435-62556d46ec6d | ITER: 8 END: OK
2019-06-06 21:04:42.964 22829 INFO rally.task.runner [-] Task cb6eaf6b-374d-44b1-9435-62556d46ec6d | ITER: 36 START
2019-06-06 21:04:43.036 22865 INFO rally.task.runner [-] Task cb6eaf6b-374d-44b1-9435-62556d46ec6d | ITER: 17 END: OK
2019-06-06 21:04:43.039 22865 INFO rally.task.runner [-] Task cb6eaf6b-374d-44b1-9435-62556d46ec6d | ITER: 37 START
2019-06-06 21:04:43.075 22826 INFO rally.task.runner [-] Task cb6eaf6b-374d-44b1-9435-62556d46ec6d | ITER: 5 END: OK
2019-06-06 21:04:43.078 22826 INFO rally.task.runner [-] Task cb6eaf6b-374d-44b1-9435-62556d46ec6d | ITER: 38 START
2019-06-06 21:04:43.098 22828 INFO rally.task.runner [-] Task cb6eaf6b-374d-44b1-9435-62556d46ec6d | ITER: 6 END: OK
2019-06-06 21:04:43.101 22828 INFO rally.task.runner [-] Task cb6eaf6b-374d-44b1-9435-62556d46ec6d | ITER: 39 START
2019-06-06 21:04:43.175 22869 INFO rally.task.runner [-] Task cb6eaf6b-374d-44b1-9435-62556d46ec6d | ITER: 20 END: OK
2019-06-06 21:04:43.177 22869 INFO rally.task.runner [-] Task cb6eaf6b-374d-44b1-9435-62556d46ec6d | ITER: 40 START
2019-06-06 21:04:43.831 22833 INFO rally.task.runner [-] Task cb6eaf6b-374d-44b1-9435-62556d46ec6d | ITER: 23 END: OK
2019-06-06 21:04:43.832 22862 INFO rally.task.runner [-] Task cb6eaf6b-374d-44b1-9435-62556d46ec6d | ITER: 24 END: OK
2019-06-06 21:04:43.834 22833 INFO rally.task.runner [-] Task cb6eaf6b-374d-44b1-9435-62556d46ec6d | ITER: 41 START
2019-06-06 21:04:43.836 22862 INFO rally.task.runner [-] Task cb6eaf6b-374d-44b1-9435-62556d46ec6d | ITER: 42 START
2019-06-06 21:04:44.202 22842 INFO rally.task.runner [-] Task cb6eaf6b-374d-44b1-9435-62556d46ec6d | ITER: 21 END: OK
2019-06-06 21:04:44.205 22842 INFO rally.task.runner [-] Task cb6eaf6b-374d-44b1-9435-62556d46ec6d | ITER: 43 START
2019-06-06 21:04:44.227 22858 INFO rally.task.runner [-] Task cb6eaf6b-374d-44b1-9435-62556d46ec6d | ITER: 25 END: OK
2019-06-06 21:04:44.230 22858 INFO rally.task.runner [-] Task cb6eaf6b-374d-44b1-9435-62556d46ec6d | ITER: 44 START
2019-06-06 21:04:44.398 22851 INFO rally.task.runner [-] Task cb6eaf6b-374d-44b1-9435-62556d46ec6d | ITER: 34 END: OK
2019-06-06 21:04:44.401 22851 INFO rally.task.runner [-] Task cb6eaf6b-374d-44b1-9435-62556d46ec6d | ITER: 45 START
2019-06-06 21:04:44.496 22826 INFO rally.task.runner [-] Task cb6eaf6b-374d-44b1-9435-62556d46ec6d | ITER: 31 END: OK
2019-06-06 21:04:44.500 22826 INFO rally.task.runner [-] Task cb6eaf6b-374d-44b1-9435-62556d46ec6d | ITER: 46 START
2019-06-06 21:04:44.565 22855 INFO rally.task.runner [-] Task cb6eaf6b-374d-44b1-9435-62556d46ec6d | ITER: 28 END: OK
2019-06-06 21:04:44.568 22855 INFO rally.task.runner [-] Task cb6eaf6b-374d-44b1-9435-62556d46ec6d | ITER: 47 START
2019-06-06 21:04:44.605 22825 INFO rally.task.runner [-] Task cb6eaf6b-374d-44b1-9435-62556d46ec6d | ITER: 35 END: OK
2019-06-06 21:04:44.605 22827 INFO rally.task.runner [-] Task cb6eaf6b-374d-44b1-9435-62556d46ec6d | ITER: 22 END: OK
2019-06-06 21:04:44.607 22825 INFO rally.task.runner [-] Task cb6eaf6b-374d-44b1-9435-62556d46ec6d | ITER: 48 START
2019-06-06 21:04:44.608 22827 INFO rally.task.runner [-] Task cb6eaf6b-374d-44b1-9435-62556d46ec6d | ITER: 49 START
2019-06-06 21:04:44.674 22827 INFO rally.task.runner [-] Task cb6eaf6b-374d-44b1-9435-62556d46ec6d | ITER: 29 END: OK
2019-06-06 21:04:44.677 22827 INFO rally.task.runner [-] Task cb6eaf6b-374d-44b1-9435-62556d46ec6d | ITER: 50 START
2019-06-06 21:04:44.682 22856 INFO rally.task.runner [-] Task cb6eaf6b-374d-44b1-9435-62556d46ec6d | ITER: 32 END: OK
2019-06-06 21:04:44.682 22846 INFO rally.task.runner [-] Task cb6eaf6b-374d-44b1-9435-62556d46ec6d | ITER: 30 END: OK
2019-06-06 21:04:44.684 22856 INFO rally.task.runner [-] Task cb6eaf6b-374d-44b1-9435-62556d46ec6d | ITER: 51 START
2019-06-06 21:04:44.685 22846 INFO rally.task.runner [-] Task cb6eaf6b-374d-44b1-9435-62556d46ec6d | ITER: 52 START
2019-06-06 21:04:44.796 22852 INFO rally.task.runner [-] Task cb6eaf6b-374d-44b1-9435-62556d46ec6d | ITER: 26 END: OK
2019-06-06 21:04:44.799 22852 INFO rally.task.runner [-] Task cb6eaf6b-374d-44b1-9435-62556d46ec6d | ITER: 53 START
2019-06-06 21:04:45.004 22865 INFO rally.task.runner [-] Task cb6eaf6b-374d-44b1-9435-62556d46ec6d | ITER: 37 END: OK
2019-06-06 21:04:45.007 22865 INFO rally.task.runner [-] Task cb6eaf6b-374d-44b1-9435-62556d46ec6d | ITER: 54 START
2019-06-06 21:04:45.087 22825 INFO rally.task.runner [-] Task cb6eaf6b-374d-44b1-9435-62556d46ec6d | ITER: 33 END: OK
2019-06-06 21:04:45.090 22825 INFO rally.task.runner [-] Task cb6eaf6b-374d-44b1-9435-62556d46ec6d | ITER: 55 START
2019-06-06 21:04:45.320 22828 INFO rally.task.runner [-] Task cb6eaf6b-374d-44b1-9435-62556d46ec6d | ITER: 27 END: OK
2019-06-06 21:04:45.324 22828 INFO rally.task.runner [-] Task cb6eaf6b-374d-44b1-9435-62556d46ec6d | ITER: 56 START
2019-06-06 21:04:45.385 22826 INFO rally.task.runner [-] Task cb6eaf6b-374d-44b1-9435-62556d46ec6d | ITER: 38 END: OK
2019-06-06 21:04:45.388 22826 INFO rally.task.runner [-] Task cb6eaf6b-374d-44b1-9435-62556d46ec6d | ITER: 57 START
2019-06-06 21:04:45.594 22862 INFO rally.task.runner [-] Task cb6eaf6b-374d-44b1-9435-62556d46ec6d | ITER: 42 END: OK
2019-06-06 21:04:45.597 22862 INFO rally.task.runner [-] Task cb6eaf6b-374d-44b1-9435-62556d46ec6d | ITER: 58 START
2019-06-06 21:04:46.032 22827 INFO rally.task.runner [-] Task cb6eaf6b-374d-44b1-9435-62556d46ec6d | ITER: 49 END: OK
2019-06-06 21:04:46.036 22827 INFO rally.task.runner [-] Task cb6eaf6b-374d-44b1-9435-62556d46ec6d | ITER: 59 START
2019-06-06 21:04:46.399 22851 INFO rally.task.runner [-] Task cb6eaf6b-374d-44b1-9435-62556d46ec6d | ITER: 45 END: OK
2019-06-06 21:04:46.402 22851 INFO rally.task.runner [-] Task cb6eaf6b-374d-44b1-9435-62556d46ec6d | ITER: 60 START
2019-06-06 21:04:46.442 22869 INFO rally.task.runner [-] Task cb6eaf6b-374d-44b1-9435-62556d46ec6d | ITER: 40 END: OK
2019-06-06 21:04:46.445 22869 INFO rally.task.runner [-] Task cb6eaf6b-374d-44b1-9435-62556d46ec6d | ITER: 61 START
2019-06-06 21:04:46.503 22828 INFO rally.task.runner [-] Task cb6eaf6b-374d-44b1-9435-62556d46ec6d | ITER: 39 END: OK
2019-06-06 21:04:46.506 22828 INFO rally.task.runner [-] Task cb6eaf6b-374d-44b1-9435-62556d46ec6d | ITER: 62 START
2019-06-06 21:04:46.534 22858 INFO rally.task.runner [-] Task cb6eaf6b-374d-44b1-9435-62556d46ec6d | ITER: 44 END: OK
2019-06-06 21:04:46.536 22858 INFO rally.task.runner [-] Task cb6eaf6b-374d-44b1-9435-62556d46ec6d | ITER: 63 START
2019-06-06 21:04:46.614 22829 INFO rally.task.runner [-] Task cb6eaf6b-374d-44b1-9435-62556d46ec6d | ITER: 36 END: OK
2019-06-06 21:04:46.617 22829 INFO rally.task.runner [-] Task cb6eaf6b-374d-44b1-9435-62556d46ec6d | ITER: 64 START
2019-06-06 21:04:46.689 22833 INFO rally.task.runner [-] Task cb6eaf6b-374d-44b1-9435-62556d46ec6d | ITER: 41 END: OK
2019-06-06 21:04:46.692 22833 INFO rally.task.runner [-] Task cb6eaf6b-374d-44b1-9435-62556d46ec6d | ITER: 65 START
2019-06-06 21:04:46.742 22855 INFO rally.task.runner [-] Task cb6eaf6b-374d-44b1-9435-62556d46ec6d | ITER: 47 END: OK
2019-06-06 21:04:46.745 22855 INFO rally.task.runner [-] Task cb6eaf6b-374d-44b1-9435-62556d46ec6d | ITER: 66 START
2019-06-06 21:04:46.846 22826 INFO rally.task.runner [-] Task cb6eaf6b-374d-44b1-9435-62556d46ec6d | ITER: 46 END: OK
2019-06-06 21:04:46.847 22856 INFO rally.task.runner [-] Task cb6eaf6b-374d-44b1-9435-62556d46ec6d | ITER: 51 END: OK
2019-06-06 21:04:46.850 22826 INFO rally.task.runner [-] Task cb6eaf6b-374d-44b1-9435-62556d46ec6d | ITER: 67 START
2019-06-06 21:04:46.850 22856 INFO rally.task.runner [-] Task cb6eaf6b-374d-44b1-9435-62556d46ec6d | ITER: 68 START
2019-06-06 21:04:46.864 22842 INFO rally.task.runner [-] Task cb6eaf6b-374d-44b1-9435-62556d46ec6d | ITER: 43 END: OK
2019-06-06 21:04:46.867 22842 INFO rally.task.runner [-] Task cb6eaf6b-374d-44b1-9435-62556d46ec6d | ITER: 69 START
2019-06-06 21:04:47.205 22865 INFO rally.task.runner [-] Task cb6eaf6b-374d-44b1-9435-62556d46ec6d | ITER: 54 END: OK
2019-06-06 21:04:47.208 22865 INFO rally.task.runner [-] Task cb6eaf6b-374d-44b1-9435-62556d46ec6d | ITER: 70 START
2019-06-06 21:04:47.244 22846 INFO rally.task.runner [-] Task cb6eaf6b-374d-44b1-9435-62556d46ec6d | ITER: 52 END: OK
2019-06-06 21:04:47.247 22846 INFO rally.task.runner [-] Task cb6eaf6b-374d-44b1-9435-62556d46ec6d | ITER: 71 START
2019-06-06 21:04:47.254 22825 INFO rally.task.runner [-] Task cb6eaf6b-374d-44b1-9435-62556d46ec6d | ITER: 55 END: OK
2019-06-06 21:04:47.257 22825 INFO rally.task.runner [-] Task cb6eaf6b-374d-44b1-9435-62556d46ec6d | ITER: 72 START
2019-06-06 21:04:47.280 22825 INFO rally.task.runner [-] Task cb6eaf6b-374d-44b1-9435-62556d46ec6d | ITER: 48 END: OK
2019-06-06 21:04:47.283 22825 INFO rally.task.runner [-] Task cb6eaf6b-374d-44b1-9435-62556d46ec6d | ITER: 73 START
2019-06-06 21:04:47.354 22827 INFO rally.task.runner [-] Task cb6eaf6b-374d-44b1-9435-62556d46ec6d | ITER: 50 END: OK
2019-06-06 21:04:47.357 22827 INFO rally.task.runner [-] Task cb6eaf6b-374d-44b1-9435-62556d46ec6d | ITER: 74 START
2019-06-06 21:04:47.499 22828 INFO rally.task.runner [-] Task cb6eaf6b-374d-44b1-9435-62556d46ec6d | ITER: 56 END: OK
2019-06-06 21:04:47.502 22828 INFO rally.task.runner [-] Task cb6eaf6b-374d-44b1-9435-62556d46ec6d | ITER: 75 START
2019-06-06 21:04:47.719 22827 INFO rally.task.runner [-] Task cb6eaf6b-374d-44b1-9435-62556d46ec6d | ITER: 59 END: OK
2019-06-06 21:04:47.722 22827 INFO rally.task.runner [-] Task cb6eaf6b-374d-44b1-9435-62556d46ec6d | ITER: 76 START
2019-06-06 21:04:47.881 22828 INFO rally.task.runner [-] Task cb6eaf6b-374d-44b1-9435-62556d46ec6d | ITER: 62 END: OK
2019-06-06 21:04:47.885 22828 INFO rally.task.runner [-] Task cb6eaf6b-374d-44b1-9435-62556d46ec6d | ITER: 77 START
2019-06-06 21:04:47.916 22852 INFO rally.task.runner [-] Task cb6eaf6b-374d-44b1-9435-62556d46ec6d | ITER: 53 END: OK
2019-06-06 21:04:47.919 22852 INFO rally.task.runner [-] Task cb6eaf6b-374d-44b1-9435-62556d46ec6d | ITER: 78 START
2019-06-06 21:04:47.995 22826 INFO rally.task.runner [-] Task cb6eaf6b-374d-44b1-9435-62556d46ec6d | ITER: 57 END: OK
2019-06-06 21:04:47.997 22826 INFO rally.task.runner [-] Task cb6eaf6b-374d-44b1-9435-62556d46ec6d | ITER: 79 START
2019-06-06 21:04:48.112 22862 INFO rally.task.runner [-] Task cb6eaf6b-374d-44b1-9435-62556d46ec6d | ITER: 58 END: OK
2019-06-06 21:04:48.115 22862 INFO rally.task.runner [-] Task cb6eaf6b-374d-44b1-9435-62556d46ec6d | ITER: 80 START
2019-06-06 21:04:48.201 22858 INFO rally.task.runner [-] Task cb6eaf6b-374d-44b1-9435-62556d46ec6d | ITER: 63 END: OK
2019-06-06 21:04:48.204 22858 INFO rally.task.runner [-] Task cb6eaf6b-374d-44b1-9435-62556d46ec6d | ITER: 81 START
2019-06-06 21:04:48.381 22851 INFO rally.task.runner [-] Task cb6eaf6b-374d-44b1-9435-62556d46ec6d | ITER: 60 END: OK
2019-06-06 21:04:48.383 22851 INFO rally.task.runner [-] Task cb6eaf6b-374d-44b1-9435-62556d46ec6d | ITER: 82 START
2019-06-06 21:04:48.474 22833 INFO rally.task.runner [-] Task cb6eaf6b-374d-44b1-9435-62556d46ec6d | ITER: 65 END: OK
2019-06-06 21:04:48.478 22833 INFO rally.task.runner [-] Task cb6eaf6b-374d-44b1-9435-62556d46ec6d | ITER: 83 START
2019-06-06 21:04:48.548 22829 INFO rally.task.runner [-] Task cb6eaf6b-374d-44b1-9435-62556d46ec6d | ITER: 64 END: OK
2019-06-06 21:04:48.549 22869 INFO rally.task.runner [-] Task cb6eaf6b-374d-44b1-9435-62556d46ec6d | ITER: 61 END: OK
2019-06-06 21:04:48.552 22829 INFO rally.task.runner [-] Task cb6eaf6b-374d-44b1-9435-62556d46ec6d | ITER: 84 START
2019-06-06 21:04:48.553 22869 INFO rally.task.runner [-] Task cb6eaf6b-374d-44b1-9435-62556d46ec6d | ITER: 85 START
2019-06-06 21:04:48.598 22826 INFO rally.task.runner [-] Task cb6eaf6b-374d-44b1-9435-62556d46ec6d | ITER: 67 END: OK
2019-06-06 21:04:48.601 22826 INFO rally.task.runner [-] Task cb6eaf6b-374d-44b1-9435-62556d46ec6d | ITER: 86 START
2019-06-06 21:04:48.698 22855 INFO rally.task.runner [-] Task cb6eaf6b-374d-44b1-9435-62556d46ec6d | ITER: 66 END: OK
2019-06-06 21:04:48.701 22855 INFO rally.task.runner [-] Task cb6eaf6b-374d-44b1-9435-62556d46ec6d | ITER: 87 START
2019-06-06 21:04:48.749 22856 INFO rally.task.runner [-] Task cb6eaf6b-374d-44b1-9435-62556d46ec6d | ITER: 68 END: OK
2019-06-06 21:04:48.752 22856 INFO rally.task.runner [-] Task cb6eaf6b-374d-44b1-9435-62556d46ec6d | ITER: 88 START
2019-06-06 21:04:48.829 22842 INFO rally.task.runner [-] Task cb6eaf6b-374d-44b1-9435-62556d46ec6d | ITER: 69 END: OK
2019-06-06 21:04:48.833 22842 INFO rally.task.runner [-] Task cb6eaf6b-374d-44b1-9435-62556d46ec6d | ITER: 89 START
2019-06-06 21:04:48.990 22865 INFO rally.task.runner [-] Task cb6eaf6b-374d-44b1-9435-62556d46ec6d | ITER: 70 END: OK
2019-06-06 21:04:48.993 22865 INFO rally.task.runner [-] Task cb6eaf6b-374d-44b1-9435-62556d46ec6d | ITER: 90 START
2019-06-06 21:04:49.025 22846 INFO rally.task.runner [-] Task cb6eaf6b-374d-44b1-9435-62556d46ec6d | ITER: 71 END: OK
2019-06-06 21:04:49.029 22846 INFO rally.task.runner [-] Task cb6eaf6b-374d-44b1-9435-62556d46ec6d | ITER: 91 START
2019-06-06 21:04:49.322 22827 INFO rally.task.runner [-] Task cb6eaf6b-374d-44b1-9435-62556d46ec6d | ITER: 74 END: OK
2019-06-06 21:04:49.326 22827 INFO rally.task.runner [-] Task cb6eaf6b-374d-44b1-9435-62556d46ec6d | ITER: 92 START
2019-06-06 21:04:49.358 22852 INFO rally.task.runner [-] Task cb6eaf6b-374d-44b1-9435-62556d46ec6d | ITER: 78 END: OK
2019-06-06 21:04:49.361 22852 INFO rally.task.runner [-] Task cb6eaf6b-374d-44b1-9435-62556d46ec6d | ITER: 93 START
2019-06-06 21:04:49.512 22827 INFO rally.task.runner [-] Task cb6eaf6b-374d-44b1-9435-62556d46ec6d | ITER: 76 END: OK
2019-06-06 21:04:49.515 22827 INFO rally.task.runner [-] Task cb6eaf6b-374d-44b1-9435-62556d46ec6d | ITER: 94 START
2019-06-06 21:04:49.561 22825 INFO rally.task.runner [-] Task cb6eaf6b-374d-44b1-9435-62556d46ec6d | ITER: 73 END: OK
2019-06-06 21:04:49.564 22825 INFO rally.task.runner [-] Task cb6eaf6b-374d-44b1-9435-62556d46ec6d | ITER: 95 START
2019-06-06 21:04:49.606 22825 INFO rally.task.runner [-] Task cb6eaf6b-374d-44b1-9435-62556d46ec6d | ITER: 72 END: OK
2019-06-06 21:04:49.609 22825 INFO rally.task.runner [-] Task cb6eaf6b-374d-44b1-9435-62556d46ec6d | ITER: 96 START
2019-06-06 21:04:49.837 22828 INFO rally.task.runner [-] Task cb6eaf6b-374d-44b1-9435-62556d46ec6d | ITER: 75 END: OK
2019-06-06 21:04:49.840 22828 INFO rally.task.runner [-] Task cb6eaf6b-374d-44b1-9435-62556d46ec6d | ITER: 97 START
2019-06-06 21:04:49.880 22858 INFO rally.task.runner [-] Task cb6eaf6b-374d-44b1-9435-62556d46ec6d | ITER: 81 END: OK
2019-06-06 21:04:49.884 22858 INFO rally.task.runner [-] Task cb6eaf6b-374d-44b1-9435-62556d46ec6d | ITER: 98 START
2019-06-06 21:04:49.943 22862 INFO rally.task.runner [-] Task cb6eaf6b-374d-44b1-9435-62556d46ec6d | ITER: 80 END: OK
2019-06-06 21:04:49.946 22862 INFO rally.task.runner [-] Task cb6eaf6b-374d-44b1-9435-62556d46ec6d | ITER: 99 START
2019-06-06 21:04:50.063 22829 INFO rally.task.runner [-] Task cb6eaf6b-374d-44b1-9435-62556d46ec6d | ITER: 84 END: OK
2019-06-06 21:04:50.067 22829 INFO rally.task.runner [-] Task cb6eaf6b-374d-44b1-9435-62556d46ec6d | ITER: 100 START
2019-06-06 21:04:50.100 22826 INFO rally.task.runner [-] Task cb6eaf6b-374d-44b1-9435-62556d46ec6d | ITER: 79 END: OK
2019-06-06 21:04:50.334 22869 INFO rally.task.runner [-] Task cb6eaf6b-374d-44b1-9435-62556d46ec6d | ITER: 85 END: OK
2019-06-06 21:04:50.558 22855 INFO rally.task.runner [-] Task cb6eaf6b-374d-44b1-9435-62556d46ec6d | ITER: 87 END: OK
2019-06-06 21:04:50.590 22833 INFO rally.task.runner [-] Task cb6eaf6b-374d-44b1-9435-62556d46ec6d | ITER: 83 END: OK
2019-06-06 21:04:50.736 22851 INFO rally.task.runner [-] Task cb6eaf6b-374d-44b1-9435-62556d46ec6d | ITER: 82 END: OK
2019-06-06 21:04:50.777 22856 INFO rally.task.runner [-] Task cb6eaf6b-374d-44b1-9435-62556d46ec6d | ITER: 88 END: OK
2019-06-06 21:04:50.930 22826 INFO rally.task.runner [-] Task cb6eaf6b-374d-44b1-9435-62556d46ec6d | ITER: 86 END: OK
2019-06-06 21:04:50.982 22846 INFO rally.task.runner [-] Task cb6eaf6b-374d-44b1-9435-62556d46ec6d | ITER: 91 END: OK
2019-06-06 21:04:50.983 22842 INFO rally.task.runner [-] Task cb6eaf6b-374d-44b1-9435-62556d46ec6d | ITER: 89 END: OK
2019-06-06 21:04:50.992 22865 INFO rally.task.runner [-] Task cb6eaf6b-374d-44b1-9435-62556d46ec6d | ITER: 90 END: OK
2019-06-06 21:04:50.994 22828 INFO rally.task.runner [-] Task cb6eaf6b-374d-44b1-9435-62556d46ec6d | ITER: 77 END: OK
2019-06-06 21:04:51.481 22852 INFO rally.task.runner [-] Task cb6eaf6b-374d-44b1-9435-62556d46ec6d | ITER: 93 END: OK
2019-06-06 21:04:51.494 22827 INFO rally.task.runner [-] Task cb6eaf6b-374d-44b1-9435-62556d46ec6d | ITER: 94 END: OK
2019-06-06 21:04:51.502 22828 INFO rally.task.runner [-] Task cb6eaf6b-374d-44b1-9435-62556d46ec6d | ITER: 97 END: OK
2019-06-06 21:04:51.529 22827 INFO rally.task.runner [-] Task cb6eaf6b-374d-44b1-9435-62556d46ec6d | ITER: 92 END: OK
2019-06-06 21:04:51.552 22858 INFO rally.task.runner [-] Task cb6eaf6b-374d-44b1-9435-62556d46ec6d | ITER: 98 END: OK
2019-06-06 21:04:51.625 22825 INFO rally.task.runner [-] Task cb6eaf6b-374d-44b1-9435-62556d46ec6d | ITER: 96 END: OK
2019-06-06 21:04:51.703 22825 INFO rally.task.runner [-] Task cb6eaf6b-374d-44b1-9435-62556d46ec6d | ITER: 95 END: OK
2019-06-06 21:04:51.720 22862 INFO rally.task.runner [-] Task cb6eaf6b-374d-44b1-9435-62556d46ec6d | ITER: 99 END: OK
2019-06-06 21:04:51.965 22829 INFO rally.task.runner [-] Task cb6eaf6b-374d-44b1-9435-62556d46ec6d | ITER: 100 END: OK
2019-06-06 21:04:51.992 22701 INFO rally.task.context [-] Task cb6eaf6b-374d-44b1-9435-62556d46ec6d | Context cleanup@openstack cleanup() started
2019-06-06 21:04:51.995 22701 RALLYDEBUG rally_openstack.cleanup.manager [-] Cleaning up neutron vip objects
2019-06-06 21:04:52.658 22701 RALLYDEBUG rally_openstack.cleanup.manager [-] Cleaning up neutron health_monitor objects
2019-06-06 21:04:53.307 22701 RALLYDEBUG rally_openstack.cleanup.manager [-] Cleaning up neutron pool objects
2019-06-06 21:04:53.939 22701 RALLYDEBUG rally_openstack.cleanup.manager [-] Cleaning up neutron loadbalancer objects
2019-06-06 21:04:54.684 22701 RALLYDEBUG rally_openstack.cleanup.manager [-] Cleaning up neutron floatingip objects
2019-06-06 21:04:55.471 22701 RALLYDEBUG rally_openstack.cleanup.manager [-] Cleaning up neutron port objects
2019-06-06 21:04:56.219 22701 RALLYDEBUG rally_openstack.cleanup.manager [-] Cleaning up neutron subnet objects
2019-06-06 21:04:56.989 22701 RALLYDEBUG rally_openstack.cleanup.manager [-] Cleaning up neutron network objects
2019-06-06 21:04:58.016 22701 RALLYDEBUG rally_openstack.cleanup.manager [-] Deleting neutron.network object s_rally_ea62b502_ZKV6OdND (008a5772-5af4-4c7f-aa0c-f520d4785429)
2019-06-06 21:04:58.016 22701 RALLYDEBUG rally_openstack.cleanup.manager [-] Deleting neutron.network object s_rally_ea62b502_Fu3Nh14f (05255c14-f37d-469f-9784-a4a16b7fbb2b)
2019-06-06 21:04:58.018 22701 RALLYDEBUG rally_openstack.cleanup.manager [-] Deleting neutron.network object s_rally_ea62b502_Uupi1Zzs (021a8445-e63c-4499-9aae-2dfcf0d37ab5)
2019-06-06 21:04:58.029 22701 RALLYDEBUG rally_openstack.cleanup.manager [-] Deleting neutron.network object s_rally_ea62b502_87IOg8ZH (062bfdda-8ce9-482d-aa2f-7e1c39a45fbc)
2019-06-06 21:04:58.035 22701 RALLYDEBUG rally_openstack.cleanup.manager [-] Deleting neutron.network object s_rally_ea62b502_9bbQSwch (063c59df-718a-4f73-b945-2b7654612a02)
2019-06-06 21:04:58.044 22701 RALLYDEBUG rally_openstack.cleanup.manager [-] Deleting neutron.network object s_rally_ea62b502_Hf0u0a89 (0733860a-3bc5-4b6c-a039-138ab96ab014)
2019-06-06 21:04:58.050 22701 RALLYDEBUG rally_openstack.cleanup.manager [-] Deleting neutron.network object s_rally_ea62b502_V01Bnsvn (09f3f1e7-e061-4569-b5a8-90705079ee7f)
2019-06-06 21:04:58.069 22701 RALLYDEBUG rally_openstack.cleanup.manager [-] Deleting neutron.network object s_rally_ea62b502_fJpRnQew (0b43cdcb-ee36-4e94-8f5a-03e1f844c115)
2019-06-06 21:04:58.078 22701 RALLYDEBUG rally_openstack.cleanup.manager [-] Deleting neutron.network object s_rally_ea62b502_98bKZBIi (03c7d7b7-d79f-47a3-aa18-fe174da8cc58)
2019-06-06 21:04:58.103 22701 RALLYDEBUG rally_openstack.cleanup.manager [-] Deleting neutron.network object s_rally_ea62b502_yWSlNc75 (0aec37c3-4c68-4bf1-80fa-e67460829392)
2019-06-06 21:04:58.108 22701 RALLYDEBUG rally_openstack.cleanup.manager [-] Deleting neutron.network object s_rally_ea62b502_o5bvhOrq (154b5b11-2cf2-4dd2-a05f-ec4943010c69)
2019-06-06 21:04:58.109 22701 RALLYDEBUG rally_openstack.cleanup.manager [-] Deleting neutron.network object s_rally_ea62b502_Q4mjMO0E (0d4b9b1a-e32e-417a-baae-99666a7f9565)
2019-06-06 21:04:58.114 22701 RALLYDEBUG rally_openstack.cleanup.manager [-] Deleting neutron.network object s_rally_ea62b502_AOje1zeP (0b68f699-a73a-435a-86ee-3c534c194564)
2019-06-06 21:04:58.124 22701 RALLYDEBUG rally_openstack.cleanup.manager [-] Deleting neutron.network object s_rally_ea62b502_UxMbGBrS (160c0688-7065-4e25-a354-ec4a630dd66e)
2019-06-06 21:04:58.130 22701 RALLYDEBUG rally_openstack.cleanup.manager [-] Deleting neutron.network object s_rally_ea62b502_6ogk3uc9 (14cc4759-8340-490b-956f-34409ec56e35)
2019-06-06 21:04:58.154 22701 RALLYDEBUG rally_openstack.cleanup.manager [-] Deleting neutron.network object s_rally_ea62b502_Tx4aUlhL (169784c1-c80e-4949-a6b4-77ce6fb16fa9)
2019-06-06 21:04:58.162 22701 RALLYDEBUG rally_openstack.cleanup.manager [-] Deleting neutron.network object s_rally_ea62b502_PRUPEIK7 (16fa20a1-4d5d-4800-bc47-1b098a39fa2d)
2019-06-06 21:04:58.170 22701 RALLYDEBUG rally_openstack.cleanup.manager [-] Deleting neutron.network object s_rally_ea62b502_d89UcP6r (1deee808-1d25-4aa6-b2fe-22218881bc9b)
2019-06-06 21:04:58.178 22701 RALLYDEBUG rally_openstack.cleanup.manager [-] Deleting neutron.network object s_rally_ea62b502_RmFuMkxl (1e56e08f-9754-4111-b99d-f9ed133602a3)
2019-06-06 21:04:58.203 22701 RALLYDEBUG rally_openstack.cleanup.manager [-] Deleting neutron.network object s_rally_ea62b502_UCKm2kOC (1e6653e2-12e5-44f4-b607-2a89dd240970)
2019-06-06 21:05:00.840 22701 RALLYDEBUG rally_openstack.cleanup.manager [-] Deleting neutron.network object s_rally_ea62b502_Yy0sfvvR (1f18b54d-8f1b-4119-b4f2-fb836a234690)
2019-06-06 21:05:00.928 22701 RALLYDEBUG rally_openstack.cleanup.manager [-] Deleting neutron.network object s_rally_ea62b502_DQWcbSMB (268d2f53-1736-43d6-a34c-b328e5e7772b)
2019-06-06 21:05:00.948 22701 RALLYDEBUG rally_openstack.cleanup.manager [-] Deleting neutron.network object s_rally_ea62b502_I7j5cBIg (2781830a-ffe4-4879-9b43-3e1ad287b785)
2019-06-06 21:05:01.028 22701 RALLYDEBUG rally_openstack.cleanup.manager [-] Deleting neutron.network object s_rally_ea62b502_0aOwJCb3 (2ccae86a-12a3-4954-95c1-8d8a79c49211)
2019-06-06 21:05:01.034 22701 RALLYDEBUG rally_openstack.cleanup.manager [-] Deleting neutron.network object s_rally_ea62b502_xEFD2UUO (2e87ceea-c5e4-457d-95b3-d9e3e735e031)
2019-06-06 21:05:01.050 22701 RALLYDEBUG rally_openstack.cleanup.manager [-] Deleting neutron.network object s_rally_ea62b502_XiV1F6gc (2ea4edba-f3ea-4931-8e6d-0a0c7ce3042b)
2019-06-06 21:05:01.076 22701 RALLYDEBUG rally_openstack.cleanup.manager [-] Deleting neutron.network object s_rally_ea62b502_U8HdXR4E (331f4538-47d9-4a1a-99ae-de4b6652e427)
2019-06-06 21:05:01.409 22701 RALLYDEBUG rally_openstack.cleanup.manager [-] Deleting neutron.network object s_rally_ea62b502_8DYSYnr3 (3323d919-60c6-4487-a248-c7052d8d05a1)
2019-06-06 21:05:01.409 22701 RALLYDEBUG rally_openstack.cleanup.manager [-] Deleting neutron.network object s_rally_ea62b502_IKwE5Hiz (3aa8a4ef-2062-4a2d-ac3c-55c033756e4c)
2019-06-06 21:05:01.421 22701 RALLYDEBUG rally_openstack.cleanup.manager [-] Deleting neutron.network object s_rally_ea62b502_VRpKRuH4 (3e4cbca5-614b-45f0-a555-ac7e051a1854)
2019-06-06 21:05:01.453 22701 RALLYDEBUG rally_openstack.cleanup.manager [-] Deleting neutron.network object s_rally_ea62b502_h7tQ7A66 (3f2d6162-14b0-4b96-87c8-557f1ecf14ef)
2019-06-06 21:05:01.456 22701 RALLYDEBUG rally_openstack.cleanup.manager [-] Deleting neutron.network object s_rally_ea62b502_nYntzUWR (4741d44f-12d5-4fb4-888c-fd1fbbba4525)
2019-06-06 21:05:01.491 22701 RALLYDEBUG rally_openstack.cleanup.manager [-] Deleting neutron.network object s_rally_ea62b502_FWp4GcCa (475aec1e-1559-46c8-8be5-e2d29bbd3b75)
2019-06-06 21:05:02.298 22701 RALLYDEBUG rally_openstack.cleanup.manager [-] Deleting neutron.network object s_rally_ea62b502_zdgONHC8 (4849e599-e6e0-49ad-a766-5ccd9fabc6e2)
2019-06-06 21:05:02.304 22701 RALLYDEBUG rally_openstack.cleanup.manager [-] Deleting neutron.network object s_rally_ea62b502_mXFb1b1v (4fdcae8c-2c04-450e-9044-fa7b9b149b0a)
2019-06-06 21:05:02.396 22701 RALLYDEBUG rally_openstack.cleanup.manager [-] Deleting neutron.network object s_rally_ea62b502_SEbP58BX (502caf01-9bf5-4b7b-8700-f8c90fc7148d)
2019-06-06 21:05:02.658 22701 RALLYDEBUG rally_openstack.cleanup.manager [-] Deleting neutron.network object s_rally_ea62b502_SWx9a1YQ (53e203e8-44f8-4b3d-93e2-d16285874e36)
2019-06-06 21:05:02.974 22701 RALLYDEBUG rally_openstack.cleanup.manager [-] Deleting neutron.network object s_rally_ea62b502_keTpOl3i (5915336b-aaeb-4fc5-afc6-7fb572244753)
2019-06-06 21:05:02.986 22701 RALLYDEBUG rally_openstack.cleanup.manager [-] Deleting neutron.network object s_rally_ea62b502_A3w3yhtD (5a23438f-64b7-48b4-ad04-01c87f55b93f)
2019-06-06 21:05:03.023 22701 RALLYDEBUG rally_openstack.cleanup.manager [-] Deleting neutron.network object s_rally_ea62b502_7fppNeOR (5e87604f-ad04-4a29-a400-1bfae2b85e8b)
2019-06-06 21:05:03.600 22701 RALLYDEBUG rally_openstack.cleanup.manager [-] Deleting neutron.network object s_rally_ea62b502_BYMLHhQb (5ea0aa7b-cee6-4051-bcfb-2f020bd120e7)
2019-06-06 21:05:03.617 22701 RALLYDEBUG rally_openstack.cleanup.manager [-] Deleting neutron.network object s_rally_ea62b502_Aepd3TPj (5ea9214a-fa8f-4855-bd5f-953d68d60e0a)
2019-06-06 21:05:03.625 22701 RALLYDEBUG rally_openstack.cleanup.manager [-] Deleting neutron.network object s_rally_ea62b502_J95oX9eX (60611d71-f9ee-4576-9e69-16f2c98d7753)
2019-06-06 21:05:03.820 22701 RALLYDEBUG rally_openstack.cleanup.manager [-] Deleting neutron.network object s_rally_ea62b502_sVav3msX (62264566-c49a-4b08-9146-337edc68a1f3)
2019-06-06 21:05:03.878 22701 RALLYDEBUG rally_openstack.cleanup.manager [-] Deleting neutron.network object s_rally_ea62b502_6z1i0sOm (6547b3b7-5ab3-48db-a088-fd791f9cf4d8)
2019-06-06 21:05:04.256 22701 RALLYDEBUG rally_openstack.cleanup.manager [-] Deleting neutron.network object s_rally_ea62b502_dKOHdjEl (67dbfda8-ea4e-49c4-b6ff-42ac924e95ff)
2019-06-06 21:05:04.318 22701 RALLYDEBUG rally_openstack.cleanup.manager [-] Deleting neutron.network object s_rally_ea62b502_YjN1HvlW (68b21e47-9755-4f07-82cb-bdcc40d70215)
2019-06-06 21:05:04.530 22701 RALLYDEBUG rally_openstack.cleanup.manager [-] Deleting neutron.network object s_rally_ea62b502_dixninYU (69b6ce30-cb84-45c5-b4fe-52558e9725e6)
2019-06-06 21:05:04.561 22701 RALLYDEBUG rally_openstack.cleanup.manager [-] Deleting neutron.network object s_rally_ea62b502_8lkhglR3 (6aba86f9-730a-46cf-9576-af6500537717)
2019-06-06 21:05:04.670 22701 RALLYDEBUG rally_openstack.cleanup.manager [-] Deleting neutron.network object s_rally_ea62b502_NiNBsJ5w (6e85e326-13a4-4091-a2dd-e770666999f6)
2019-06-06 21:05:04.671 22701 RALLYDEBUG rally_openstack.cleanup.manager [-] Deleting neutron.network object s_rally_ea62b502_wZ9po9mo (6eadb1b5-1c5f-4276-985f-73354c3769b2)
2019-06-06 21:05:04.848 22701 RALLYDEBUG rally_openstack.cleanup.manager [-] Deleting neutron.network object s_rally_ea62b502_vOddIEOf (75f80cdc-6c69-4335-98d6-acb89907637d)
2019-06-06 21:05:04.873 22701 RALLYDEBUG rally_openstack.cleanup.manager [-] Deleting neutron.network object s_rally_ea62b502_7fydrK9Z (7792d276-0fdf-4107-b85c-bb4845971764)
2019-06-06 21:05:05.042 22701 RALLYDEBUG rally_openstack.cleanup.manager [-] Deleting neutron.network object s_rally_ea62b502_XOe5Jls6 (7aa95372-597a-4541-86ea-0f8c9a7b3c42)
2019-06-06 21:05:05.134 22701 RALLYDEBUG rally_openstack.cleanup.manager [-] Deleting neutron.network object s_rally_ea62b502_KHdyloPS (7d7a230c-8ac1-45be-93f6-9170e876ca5e)
2019-06-06 21:05:05.152 22701 RALLYDEBUG rally_openstack.cleanup.manager [-] Deleting neutron.network object s_rally_ea62b502_WV6Uaugx (7e6581c8-5cab-4d30-9ad6-52c83b51e4d7)
2019-06-06 21:05:05.163 22701 RALLYDEBUG rally_openstack.cleanup.manager [-] Deleting neutron.network object s_rally_ea62b502_CHCdJBX3 (7f04aa75-b862-4408-b169-da0791cc33cc)
2019-06-06 21:05:05.612 22701 RALLYDEBUG rally_openstack.cleanup.manager [-] Deleting neutron.network object s_rally_ea62b502_WqGgBvQs (7f3e011c-5bf9-47b0-92cc-1dbd3f474953)
2019-06-06 21:05:05.633 22701 RALLYDEBUG rally_openstack.cleanup.manager [-] Deleting neutron.network object s_rally_ea62b502_ewoUC621 (8ab9862f-c36a-481d-8889-8ee29f0c939d)
2019-06-06 21:05:05.664 22701 RALLYDEBUG rally_openstack.cleanup.manager [-] Deleting neutron.network object s_rally_ea62b502_Kx00ePBH (8cdeaed0-cbd1-4204-8288-b885cd8fba21)
2019-06-06 21:05:06.368 22701 RALLYDEBUG rally_openstack.cleanup.manager [-] Deleting neutron.network object s_rally_ea62b502_mEjdTw2M (8f695c80-9ab2-43ae-acee-00b17ee3f0c7)
2019-06-06 21:05:06.390 22701 RALLYDEBUG rally_openstack.cleanup.manager [-] Deleting neutron.network object s_rally_ea62b502_Rzq5RT7m (9104db12-64c1-440f-b86b-850cae5534fd)
2019-06-06 21:05:06.404 22701 RALLYDEBUG rally_openstack.cleanup.manager [-] Deleting neutron.network object s_rally_ea62b502_COd0myu2 (91ef4121-ff44-479a-b222-017e080ac25d)
2019-06-06 21:05:06.410 22701 RALLYDEBUG rally_openstack.cleanup.manager [-] Deleting neutron.network object s_rally_ea62b502_1DA7U2AA (92a8034d-be2c-485f-b763-5543ef09d0c0)
2019-06-06 21:05:06.565 22701 RALLYDEBUG rally_openstack.cleanup.manager [-] Deleting neutron.network object s_rally_ea62b502_mLrBtKal (9740805a-2b7b-44e4-a2bb-3826c4a73ee4)
2019-06-06 21:05:06.992 22701 RALLYDEBUG rally_openstack.cleanup.manager [-] Deleting neutron.network object s_rally_ea62b502_cuFeAlpU (9fd557de-a7cf-41c3-b178-eb3237384a53)
2019-06-06 21:05:07.111 22701 RALLYDEBUG rally_openstack.cleanup.manager [-] Deleting neutron.network object s_rally_ea62b502_4ieZjCi7 (a13ea5bd-7841-44d8-8db6-f923b3d9d0b4)
2019-06-06 21:05:07.127 22701 RALLYDEBUG rally_openstack.cleanup.manager [-] Deleting neutron.network object s_rally_ea62b502_WSFhM9Qy (a29c59f9-b53c-4f69-b663-5798df7697a1)
2019-06-06 21:05:07.148 22701 RALLYDEBUG rally_openstack.cleanup.manager [-] Deleting neutron.network object s_rally_ea62b502_H3JkZdco (a55266e7-9829-4a80-aaf0-f4884773eb4f)
2019-06-06 21:05:07.208 22701 RALLYDEBUG rally_openstack.cleanup.manager [-] Deleting neutron.network object s_rally_ea62b502_MFLz3ObH (a71956e5-da88-4bf5-a0db-93de950dde83)
2019-06-06 21:05:07.387 22701 RALLYDEBUG rally_openstack.cleanup.manager [-] Deleting neutron.network object s_rally_ea62b502_d9AxobCk (a80b84bb-e858-4f68-97ac-8f494aee288b)
2019-06-06 21:05:07.472 22701 RALLYDEBUG rally_openstack.cleanup.manager [-] Deleting neutron.network object s_rally_ea62b502_emDEj5aT (aa9e4f83-080e-4e78-ba31-090bcbeb8637)
2019-06-06 21:05:07.580 22701 RALLYDEBUG rally_openstack.cleanup.manager [-] Deleting neutron.network object s_rally_ea62b502_9dMJejnB (ac698a52-2dc3-4f60-a490-5df3dcc3ccef)
2019-06-06 21:05:07.654 22701 RALLYDEBUG rally_openstack.cleanup.manager [-] Deleting neutron.network object s_rally_ea62b502_2mhUE8Rn (ad781889-7100-44bb-bf8e-3d038fbab0b9)
2019-06-06 21:05:07.686 22701 RALLYDEBUG rally_openstack.cleanup.manager [-] Deleting neutron.network object s_rally_ea62b502_zGY1MM6i (adff1386-2926-4663-9627-51f46802c5de)
2019-06-06 21:05:07.844 22701 RALLYDEBUG rally_openstack.cleanup.manager [-] Deleting neutron.network object s_rally_ea62b502_vtCyX6sB (ae314bc9-3c38-42e0-a68d-77f8bbc806d2)
2019-06-06 21:05:07.959 22701 RALLYDEBUG rally_openstack.cleanup.manager [-] Deleting neutron.network object s_rally_ea62b502_iXeQMaBY (b6a6f1c1-6df7-4b55-a0f7-7428f198207c)
2019-06-06 21:05:08.022 22701 RALLYDEBUG rally_openstack.cleanup.manager [-] Deleting neutron.network object s_rally_ea62b502_ZZPhCnOs (b8f17a29-f12c-45e8-9db5-bd745c13644e)
2019-06-06 21:05:08.039 22701 RALLYDEBUG rally_openstack.cleanup.manager [-] Deleting neutron.network object s_rally_ea62b502_fhyHpXYI (baa14290-60ec-47fa-9537-66bcfc7da2d7)
2019-06-06 21:05:08.266 22701 RALLYDEBUG rally_openstack.cleanup.manager [-] Deleting neutron.network object s_rally_ea62b502_MFhJiCHF (bb461295-9d84-41ca-a954-7840b833b558)
2019-06-06 21:05:08.755 22701 RALLYDEBUG rally_openstack.cleanup.manager [-] Deleting neutron.network object s_rally_ea62b502_1nxKBIeR (c0b91583-cdff-4584-b62a-e206851ad019)
2019-06-06 21:05:08.846 22701 RALLYDEBUG rally_openstack.cleanup.manager [-] Deleting neutron.network object s_rally_ea62b502_B7IIoo7c (c1e8ced1-17f1-4e2a-a5c9-d9f5ec2a37be)
2019-06-06 21:05:08.982 22701 RALLYDEBUG rally_openstack.cleanup.manager [-] Deleting neutron.network object s_rally_ea62b502_AtnXVduR (c7999df9-e246-4c49-b53a-1de257505808)
2019-06-06 21:05:09.102 22701 RALLYDEBUG rally_openstack.cleanup.manager [-] Deleting neutron.network object s_rally_ea62b502_ENGvKSi3 (caf53cac-fd3d-48ca-85d2-17e54a74ba29)
2019-06-06 21:05:09.323 22701 RALLYDEBUG rally_openstack.cleanup.manager [-] Deleting neutron.network object s_rally_ea62b502_STEFbeAQ (cc6a2f2a-0e5c-4ba2-a484-bb540faa67cd)
2019-06-06 21:05:09.779 22701 RALLYDEBUG rally_openstack.cleanup.manager [-] Deleting neutron.network object s_rally_ea62b502_oAR5Pu19 (d2ac82b4-ea48-43b5-982d-f5f499415ea9)
2019-06-06 21:05:09.852 22701 RALLYDEBUG rally_openstack.cleanup.manager [-] Deleting neutron.network object s_rally_ea62b502_7tybFNdq (d62985b6-0ec0-487f-b1ca-e17c39adb179)
2019-06-06 21:05:09.867 22701 RALLYDEBUG rally_openstack.cleanup.manager [-] Deleting neutron.network object s_rally_ea62b502_o0lKO4oY (d681eaf4-ef2c-4b7a-b12e-2748b5cad678)
2019-06-06 21:05:09.939 22701 RALLYDEBUG rally_openstack.cleanup.manager [-] Deleting neutron.network object s_rally_ea62b502_2Jbsz5Nh (db023db3-15b3-426a-920c-1de11be05ec0)
2019-06-06 21:05:10.014 22701 RALLYDEBUG rally_openstack.cleanup.manager [-] Deleting neutron.network object s_rally_ea62b502_qkAsGuuH (dcb539a4-f367-44d9-b330-fa11c7188bd7)
2019-06-06 21:05:10.113 22701 RALLYDEBUG rally_openstack.cleanup.manager [-] Deleting neutron.network object s_rally_ea62b502_37bFLkjH (e0f1c816-36ea-4154-8f08-d5efee6388ec)
2019-06-06 21:05:10.468 22701 RALLYDEBUG rally_openstack.cleanup.manager [-] Deleting neutron.network object s_rally_ea62b502_srHBioEg (e7405523-0cda-4afa-8fa7-46ffaaeff6b7)
2019-06-06 21:05:10.481 22701 RALLYDEBUG rally_openstack.cleanup.manager [-] Deleting neutron.network object s_rally_ea62b502_T7fn9Jfv (e815f06e-9ac2-4428-a8cc-574ab8a4a39c)
2019-06-06 21:05:10.497 22701 RALLYDEBUG rally_openstack.cleanup.manager [-] Deleting neutron.network object s_rally_ea62b502_sv2LYHed (ed41b3b3-4d86-4647-94f0-b413af54099d)
2019-06-06 21:05:10.502 22701 RALLYDEBUG rally_openstack.cleanup.manager [-] Deleting neutron.network object s_rally_ea62b502_gZo6rCun (edbb88ec-d2c1-4f26-a392-54a602907453)
2019-06-06 21:05:10.593 22701 RALLYDEBUG rally_openstack.cleanup.manager [-] Deleting neutron.network object s_rally_ea62b502_28ulBXFo (eebc7a98-30fd-4166-8695-880b7c1f4f21)
