2019-06-06 21:24:41.166 22701 RALLYDEBUG rally_openstack.cleanup.manager [-] Deleting neutron.port object s_rally_238165f6_CeoJBp6E (5d481fe3-d00c-4c4f-b564-bd9beef22832)
2019-06-06 21:24:41.199 22701 RALLYDEBUG rally_openstack.cleanup.manager [-] Deleting neutron.port object s_rally_238165f6_0lfgkgQO (5e6aec5f-2d2a-4e99-adf8-ae40f1e90442)
2019-06-06 21:24:41.228 22701 RALLYDEBUG rally_openstack.cleanup.manager [-] Deleting neutron.port object s_rally_238165f6_u02gELfY (605cbbdc-3ec0-4994-afbc-289a9b055325)
2019-06-06 21:24:41.269 22701 RALLYDEBUG rally_openstack.cleanup.manager [-] Deleting neutron.port object s_rally_238165f6_OPdqroOs (614c08b9-01c5-4bc6-8381-abfba23fd4f1)
2019-06-06 21:24:41.309 22701 RALLYDEBUG rally_openstack.cleanup.manager [-] Deleting neutron.port object s_rally_238165f6_uxUv82A5 (635d20d1-273a-4f6c-9f6e-754941634194)
2019-06-06 21:24:41.323 22701 RALLYDEBUG rally_openstack.cleanup.manager [-] Deleting neutron.port object s_rally_238165f6_rbGn802q (63cc672e-e30d-45a1-9956-1f1149eb0bfb)
2019-06-06 21:24:41.431 22701 RALLYDEBUG rally_openstack.cleanup.manager [-] Deleting neutron.port object s_rally_238165f6_6ULDr1oR (641c30cd-9ec1-47a5-a3b2-1c059059efbb)
2019-06-06 21:24:41.442 22701 RALLYDEBUG rally_openstack.cleanup.manager [-] Deleting neutron.port object s_rally_238165f6_KAg2X7a3 (659ed19a-1f92-478c-9df7-8dbed76deeb9)
2019-06-06 21:24:41.460 22701 RALLYDEBUG rally_openstack.cleanup.manager [-] Deleting neutron.port object s_rally_238165f6_ORLzjbtG (6642c40e-e862-4317-ad75-c746c4ad5d48)
2019-06-06 21:24:41.509 22701 RALLYDEBUG rally_openstack.cleanup.manager [-] Deleting neutron.port object s_rally_238165f6_ZZnR40oF (66501972-240d-4c6a-b929-71e9b6f0a8e3)
2019-06-06 21:24:41.649 22701 RALLYDEBUG rally_openstack.cleanup.manager [-] Deleting neutron.port object s_rally_238165f6_rSxvRITO (67076f55-c568-436c-a5b3-f1bc5fd9b58c)
2019-06-06 21:24:42.333 22701 RALLYDEBUG rally_openstack.cleanup.manager [-] Deleting neutron.port object s_rally_238165f6_j7EKFW9H (673eead8-105a-470d-9ece-786d9d96c24a)
2019-06-06 21:24:42.453 22701 RALLYDEBUG rally_openstack.cleanup.manager [-] Deleting neutron.port object s_rally_238165f6_rwnpdzmU (67d0c26b-b362-4427-98fd-6757abcf7a4a)
2019-06-06 21:24:42.556 22701 RALLYDEBUG rally_openstack.cleanup.manager [-] Deleting neutron.port object s_rally_238165f6_YAXLvBgX (682a302b-6921-4ea5-bd38-7df4390b4ba9)
2019-06-06 21:24:42.926 22701 RALLYDEBUG rally_openstack.cleanup.manager [-] Deleting neutron.port object s_rally_238165f6_ySRpGK3C (6840c6a4-5045-4143-94d1-fcdb20567c81)
2019-06-06 21:24:42.976 22701 RALLYDEBUG rally_openstack.cleanup.manager [-] Deleting neutron.port object s_rally_238165f6_qzbMPMNn (68c27f9c-3ac5-4a20-a52d-dc470dc2a838)
2019-06-06 21:24:43.312 22701 RALLYDEBUG rally_openstack.cleanup.manager [-] Deleting neutron.port object s_rally_238165f6_PL1TLBja (69ded1f6-ebf4-4e30-851a-398b33e4909a)
2019-06-06 21:24:43.416 22701 RALLYDEBUG rally_openstack.cleanup.manager [-] Deleting neutron.port object s_rally_238165f6_0PxlGCSk (6ca3a19b-5428-4f8e-8896-3393d79fe64a)
2019-06-06 21:24:43.460 22701 RALLYDEBUG rally_openstack.cleanup.manager [-] Deleting neutron.port object s_rally_238165f6_o2wnMRtM (6d090981-4386-4bcc-af0f-6f0a63aa3a3d)
2019-06-06 21:24:43.511 22701 RALLYDEBUG rally_openstack.cleanup.manager [-] Deleting neutron.port object s_rally_238165f6_JOCe6gob (713c82a5-9d59-4628-b5e3-21b25a6863bf)
2019-06-06 21:24:43.619 22701 RALLYDEBUG rally_openstack.cleanup.manager [-] Deleting neutron.port object s_rally_238165f6_FqRUoqJb (71c50ef6-07a2-4093-83d8-e98918af81da)
2019-06-06 21:24:43.631 22701 RALLYDEBUG rally_openstack.cleanup.manager [-] Deleting neutron.port object s_rally_238165f6_Y7GrEBPQ (728dc2f2-231e-4f9e-89be-b70b770ca2d7)
2019-06-06 21:24:43.746 22701 RALLYDEBUG rally_openstack.cleanup.manager [-] Deleting neutron.port object s_rally_238165f6_r2tVf8qK (728e6c37-1e04-4004-86dc-86cba4e15593)
2019-06-06 21:24:43.772 22701 RALLYDEBUG rally_openstack.cleanup.manager [-] Deleting neutron.port object s_rally_238165f6_GbePr5lr (72d320eb-8158-4a49-af14-37d1ad565376)
2019-06-06 21:24:43.812 22701 RALLYDEBUG rally_openstack.cleanup.manager [-] Deleting neutron.port object s_rally_238165f6_zKqKWR7O (7568274e-6bb2-4a6b-b220-75b40ddac6b8)
2019-06-06 21:24:43.821 22701 RALLYDEBUG rally_openstack.cleanup.manager [-] Deleting neutron.port object s_rally_238165f6_ykki0zT7 (760ebe89-6c30-4afa-a616-c1386d3a04ff)
2019-06-06 21:24:43.826 22701 RALLYDEBUG rally_openstack.cleanup.manager [-] Deleting neutron.port object s_rally_238165f6_BE1H10B4 (758bf1b6-a8d5-4233-adf0-0d048386ea7a)
2019-06-06 21:24:44.073 22701 RALLYDEBUG rally_openstack.cleanup.manager [-] Deleting neutron.port object s_rally_238165f6_KPtAeRNK (76490e27-be92-43e5-8162-67d93a11c90a)
2019-06-06 21:24:44.160 22701 RALLYDEBUG rally_openstack.cleanup.manager [-] Deleting neutron.port object s_rally_238165f6_aPXt2iQn (7a3e926d-75b4-4b2d-a768-35b9e746628f)
2019-06-06 21:24:44.166 22701 RALLYDEBUG rally_openstack.cleanup.manager [-] Deleting neutron.port object s_rally_238165f6_COkdkbD8 (7a414b2b-fd2d-47eb-a531-ecc16bd124ce)
2019-06-06 21:24:44.185 22701 RALLYDEBUG rally_openstack.cleanup.manager [-] Deleting neutron.port object s_rally_238165f6_hJgkh3mv (7bc59eb4-4a36-48be-97b3-f032e917aa4d)
2019-06-06 21:24:44.544 22701 RALLYDEBUG rally_openstack.cleanup.manager [-] Deleting neutron.port object s_rally_238165f6_aSZOJeVc (7bd01032-daea-468c-a6a6-1e07d8be1e58)
2019-06-06 21:24:44.936 22701 RALLYDEBUG rally_openstack.cleanup.manager [-] Deleting neutron.port object s_rally_238165f6_nCOrV0BX (7c3c2944-287e-42f6-ae31-3f6b9d9b0423)
2019-06-06 21:24:44.979 22701 RALLYDEBUG rally_openstack.cleanup.manager [-] Deleting neutron.port object s_rally_238165f6_B6CqyOMI (80223d06-c6c3-40f7-aff5-eb0a1c5dc91d)
2019-06-06 21:24:45.057 22701 RALLYDEBUG rally_openstack.cleanup.manager [-] Deleting neutron.port object s_rally_238165f6_JHteWlfG (81a71f9a-0cf3-46fa-bc30-42948697d1cd)
2019-06-06 21:24:45.212 22701 RALLYDEBUG rally_openstack.cleanup.manager [-] Deleting neutron.port object s_rally_238165f6_EmyS1FFz (87cb9379-83d6-480a-b266-92ebd3ee6e6c)
2019-06-06 21:24:45.616 22701 RALLYDEBUG rally_openstack.cleanup.manager [-] Deleting neutron.port object s_rally_238165f6_ecIQ0IWK (8870c179-598c-429a-8283-89ba83f083dd)
2019-06-06 21:24:45.782 22701 RALLYDEBUG rally_openstack.cleanup.manager [-] Deleting neutron.port object s_rally_238165f6_HepvglXv (89280d2c-1bd4-45a6-b911-204ef105f442)
2019-06-06 21:24:45.848 22701 RALLYDEBUG rally_openstack.cleanup.manager [-] Deleting neutron.port object s_rally_238165f6_9ZyqSDxI (8af25eed-5b19-4a54-afe5-00b7137078f0)
2019-06-06 21:24:45.912 22701 RALLYDEBUG rally_openstack.cleanup.manager [-] Deleting neutron.port object s_rally_238165f6_RSPGdP4v (8c03bc7a-b863-42f7-8734-4cb8faa152d1)
2019-06-06 21:24:45.925 22701 RALLYDEBUG rally_openstack.cleanup.manager [-] Deleting neutron.port object s_rally_238165f6_wo4LiY12 (8c82d30b-c46d-431b-8a5d-05d951a5ddd0)
2019-06-06 21:24:45.971 22701 RALLYDEBUG rally_openstack.cleanup.manager [-] Deleting neutron.port object s_rally_238165f6_deZHB9JS (8c940c7c-33db-4c63-840a-d20984828f06)
2019-06-06 21:24:46.015 22701 RALLYDEBUG rally_openstack.cleanup.manager [-] Deleting neutron.port object s_rally_238165f6_glZvsSbT (8ccddb9b-a3e9-4eac-a877-7cd21fa0745b)
2019-06-06 21:24:46.029 22701 RALLYDEBUG rally_openstack.cleanup.manager [-] Deleting neutron.port object s_rally_238165f6_XzcCCLgO (8cf96293-2a1e-4700-a768-124417cc3812)
2019-06-06 21:24:46.115 22701 RALLYDEBUG rally_openstack.cleanup.manager [-] Deleting neutron.port object s_rally_238165f6_B5v6R4bb (8dbdde6c-0803-42fb-8ad4-ad93e462eafe)
2019-06-06 21:24:46.262 22701 RALLYDEBUG rally_openstack.cleanup.manager [-] Deleting neutron.port object s_rally_238165f6_NRx397IH (8e433e0d-00e9-4fce-b0b0-f1dbae56421f)
2019-06-06 21:24:46.402 22701 RALLYDEBUG rally_openstack.cleanup.manager [-] Deleting neutron.port object s_rally_238165f6_zi3zlptJ (9027f581-3749-4f02-b781-8897bf88e92c)
2019-06-06 21:24:46.460 22701 RALLYDEBUG rally_openstack.cleanup.manager [-] Deleting neutron.port object s_rally_238165f6_etiiSL8S (904c36b1-e720-4bb9-9b28-66e095479d50)
2019-06-06 21:24:46.561 22701 RALLYDEBUG rally_openstack.cleanup.manager [-] Deleting neutron.port object s_rally_238165f6_MDGei7p1 (931e6807-cf6a-4b8a-946f-cde208459894)
2019-06-06 21:24:46.901 22701 RALLYDEBUG rally_openstack.cleanup.manager [-] Deleting neutron.port object s_rally_238165f6_nS82cof3 (935d7f25-3974-495a-a60e-4ec4ca473ca4)
2019-06-06 21:24:46.909 22701 RALLYDEBUG rally_openstack.cleanup.manager [-] Deleting neutron.port object s_rally_238165f6_SXdSyza1 (94c635a7-a08e-47e1-9bc0-f568e201fd3d)
2019-06-06 21:24:47.048 22701 RALLYDEBUG rally_openstack.cleanup.manager [-] Deleting neutron.port object s_rally_238165f6_gwok8Lij (94f60fed-42c3-41d2-98cd-7d3c0ee968f4)
2019-06-06 21:24:47.103 22701 RALLYDEBUG rally_openstack.cleanup.manager [-] Deleting neutron.port object s_rally_238165f6_3DmAed2Q (95403f73-a08f-43e3-a8ef-e38ac564baee)
2019-06-06 21:24:47.376 22701 RALLYDEBUG rally_openstack.cleanup.manager [-] Deleting neutron.port object s_rally_238165f6_AXh3VhUX (982b3ed6-435c-4229-b83b-b6a659ccd404)
2019-06-06 21:24:47.431 22701 RALLYDEBUG rally_openstack.cleanup.manager [-] Deleting neutron.port object s_rally_238165f6_pD2fCfR9 (98b5760a-1998-4206-80d9-b18c9291a507)
2019-06-06 21:24:47.681 22701 RALLYDEBUG rally_openstack.cleanup.manager [-] Deleting neutron.port object s_rally_238165f6_HXQvNVb8 (992f0963-cd99-449b-ad54-711214fab5e7)
2019-06-06 21:24:48.082 22701 RALLYDEBUG rally_openstack.cleanup.manager [-] Deleting neutron.port object s_rally_238165f6_ZjVjFA95 (994f3fdc-9db0-488e-8510-e915b4957e22)
2019-06-06 21:24:48.261 22701 RALLYDEBUG rally_openstack.cleanup.manager [-] Deleting neutron.port object s_rally_238165f6_wB0Sdctc (9b62a9e8-f660-4a9d-9195-6e4470fe9c9c)
2019-06-06 21:24:48.402 22701 RALLYDEBUG rally_openstack.cleanup.manager [-] Deleting neutron.port object s_rally_238165f6_5z2AprSt (9bbefff5-955e-4a36-83ff-bdb0f5f21936)
2019-06-06 21:24:48.444 22701 RALLYDEBUG rally_openstack.cleanup.manager [-] Deleting neutron.port object s_rally_238165f6_KqPs20my (9f0e0564-b654-4528-a039-2033be1a1932)
2019-06-06 21:24:48.444 22701 RALLYDEBUG rally_openstack.cleanup.manager [-] Deleting neutron.port object s_rally_238165f6_nch51GBU (9cb79a34-58ab-4202-955f-e2c6d51b7d39)
2019-06-06 21:24:48.530 22701 RALLYDEBUG rally_openstack.cleanup.manager [-] Deleting neutron.port object s_rally_238165f6_BB2HCqvE (9ff1bb05-fdc6-46be-b207-81a573323868)
2019-06-06 21:24:48.614 22701 RALLYDEBUG rally_openstack.cleanup.manager [-] Deleting neutron.port object s_rally_238165f6_xosNePk3 (a17dd582-146e-4026-88f1-2bfd4772de56)
2019-06-06 21:24:48.657 22701 RALLYDEBUG rally_openstack.cleanup.manager [-] Deleting neutron.port object s_rally_238165f6_7KcSsHAd (a6848908-041f-4a66-a57d-c78ee73b8113)
2019-06-06 21:24:48.761 22701 RALLYDEBUG rally_openstack.cleanup.manager [-] Deleting neutron.port object s_rally_238165f6_SPIfmXwf (a824d3af-d679-4c66-a75f-77626ce4d182)
2019-06-06 21:24:48.822 22701 RALLYDEBUG rally_openstack.cleanup.manager [-] Deleting neutron.port object s_rally_238165f6_6Lla79Ea (a89b77e0-d434-4d8f-b40a-08ff8187df74)
2019-06-06 21:24:48.866 22701 RALLYDEBUG rally_openstack.cleanup.manager [-] Deleting neutron.port object s_rally_238165f6_DIv5PzUw (a8ba5dcc-841e-41f3-996c-efa023a7f954)
2019-06-06 21:24:48.893 22701 RALLYDEBUG rally_openstack.cleanup.manager [-] Deleting neutron.port object s_rally_238165f6_dgctMaBL (a9400601-7c99-408a-b2a8-333fab97d102)
2019-06-06 21:24:49.113 22701 RALLYDEBUG rally_openstack.cleanup.manager [-] Deleting neutron.port object s_rally_238165f6_pKDfq0YC (aa0a2320-36bd-4e33-8766-cc13342f6a1b)
2019-06-06 21:24:49.374 22701 RALLYDEBUG rally_openstack.cleanup.manager [-] Deleting neutron.port object s_rally_238165f6_RGfl09hg (aa71171f-5e43-407a-a001-89eb3d80dafa)
2019-06-06 21:24:49.404 22701 RALLYDEBUG rally_openstack.cleanup.manager [-] Deleting neutron.port object s_rally_238165f6_J3OpS7UA (aaf58493-bdbe-4ad3-8c32-afd922d20e4e)
2019-06-06 21:24:49.565 22701 RALLYDEBUG rally_openstack.cleanup.manager [-] Deleting neutron.port object s_rally_238165f6_RlFwM45P (aaf9985c-175c-428d-8b41-057b019467e3)
2019-06-06 21:24:49.594 22701 RALLYDEBUG rally_openstack.cleanup.manager [-] Deleting neutron.port object s_rally_238165f6_cDTEIO10 (ac7f9353-289e-4389-92de-d664724f49bf)
2019-06-06 21:24:49.606 22701 RALLYDEBUG rally_openstack.cleanup.manager [-] Deleting neutron.port object s_rally_238165f6_OLmHRA3R (ad715b32-0d7d-41f8-9d93-cb27d308167f)
2019-06-06 21:24:49.884 22701 RALLYDEBUG rally_openstack.cleanup.manager [-] Deleting neutron.port object s_rally_238165f6_YL9qC8ed (ad8d5868-66b1-4fdd-8ff9-6ec37452dd62)
2019-06-06 21:24:50.008 22701 RALLYDEBUG rally_openstack.cleanup.manager [-] Deleting neutron.port object s_rally_238165f6_0BXMLC7D (af74695b-92e0-4cdb-9059-fb0afc3423a2)
2019-06-06 21:24:50.532 22701 RALLYDEBUG rally_openstack.cleanup.manager [-] Deleting neutron.port object s_rally_238165f6_f9YJ1biB (b1accac1-7fae-411d-a280-f755d6d1cba9)
2019-06-06 21:24:50.588 22701 RALLYDEBUG rally_openstack.cleanup.manager [-] Deleting neutron.port object s_rally_238165f6_CbSNyTUa (bed4bad7-24d7-438d-8eb7-27e4cc401081)
2019-06-06 21:24:50.609 22701 RALLYDEBUG rally_openstack.cleanup.manager [-] Deleting neutron.port object s_rally_238165f6_MkqxpeyD (c11e83c8-5f6e-4243-a7c6-b482963be817)
2019-06-06 21:24:50.707 22701 RALLYDEBUG rally_openstack.cleanup.manager [-] Deleting neutron.port object s_rally_238165f6_ITmc4sg9 (c126f8c7-b8d5-4f96-9ed4-065637110f11)
2019-06-06 21:24:50.739 22701 RALLYDEBUG rally_openstack.cleanup.manager [-] Deleting neutron.port object s_rally_238165f6_5qJrvQYp (c1361bad-0dc5-4165-b478-66d4472ce4e5)
2019-06-06 21:24:51.096 22701 RALLYDEBUG rally_openstack.cleanup.manager [-] Deleting neutron.port object s_rally_238165f6_rQGM0sN3 (c1d29777-c85c-473a-b8b5-7b61aa824577)
2019-06-06 21:24:51.121 22701 RALLYDEBUG rally_openstack.cleanup.manager [-] Deleting neutron.port object s_rally_238165f6_pYSDbMNk (c3e29666-d953-48fb-b9d1-0f6a1079181c)
2019-06-06 21:24:51.136 22701 RALLYDEBUG rally_openstack.cleanup.manager [-] Deleting neutron.port object s_rally_238165f6_qO3dNsdA (c3e430c2-1553-41ed-80fd-8cc4c65a9964)
2019-06-06 21:24:51.159 22701 RALLYDEBUG rally_openstack.cleanup.manager [-] Deleting neutron.port object s_rally_238165f6_3dOHHXtZ (c49f85e6-7b64-4d83-9cad-1f2bf321b03d)
2019-06-06 21:24:51.281 22701 RALLYDEBUG rally_openstack.cleanup.manager [-] Deleting neutron.port object s_rally_238165f6_HkzDjfiF (c4b0c429-2efd-48e7-b0c0-281841d649de)
2019-06-06 21:24:51.358 22701 RALLYDEBUG rally_openstack.cleanup.manager [-] Deleting neutron.port object s_rally_238165f6_0KH5xMxj (c50fb85d-c9be-4070-a1ec-9714e9f3116b)
2019-06-06 21:24:51.428 22701 RALLYDEBUG rally_openstack.cleanup.manager [-] Deleting neutron.port object s_rally_238165f6_BhULABg6 (c67d0af5-e703-4a43-b8f1-e1f46f742f77)
2019-06-06 21:24:51.550 22701 RALLYDEBUG rally_openstack.cleanup.manager [-] Deleting neutron.port object s_rally_238165f6_sfbgYXw0 (c74ff725-6495-4e05-9ea2-abb69d42339d)
2019-06-06 21:24:51.618 22701 RALLYDEBUG rally_openstack.cleanup.manager [-] Deleting neutron.port object s_rally_238165f6_rWissFNH (c7f55d62-9e71-4eac-9c5b-02dfe355a04a)
2019-06-06 21:24:51.778 22701 RALLYDEBUG rally_openstack.cleanup.manager [-] Deleting neutron.port object s_rally_238165f6_IVnDbxMX (c846e2ed-c9d9-4842-9de0-3ef8dfb3989e)
2019-06-06 21:24:51.850 22701 RALLYDEBUG rally_openstack.cleanup.manager [-] Deleting neutron.port object s_rally_238165f6_iz9UtTCT (c8c493fd-da17-4b4b-a1b7-0913cf6e4631)
2019-06-06 21:24:51.915 22701 RALLYDEBUG rally_openstack.cleanup.manager [-] Deleting neutron.port object s_rally_238165f6_lmmJsbHy (cd13386e-7a0e-43cd-a05a-2dbc64009be1)
2019-06-06 21:24:52.085 22701 RALLYDEBUG rally_openstack.cleanup.manager [-] Deleting neutron.port object s_rally_238165f6_ndioSI97 (d0a64be2-fbfa-4e99-97c8-31adb4110929)
2019-06-06 21:24:52.158 22701 RALLYDEBUG rally_openstack.cleanup.manager [-] Deleting neutron.port object s_rally_238165f6_oi07LdRp (d32806f9-32d3-462f-a7d8-aaac34aeab5c)
2019-06-06 21:24:52.469 22701 RALLYDEBUG rally_openstack.cleanup.manager [-] Deleting neutron.port object s_rally_238165f6_aJ2E85bZ (d33ab621-7450-4141-b7b6-021cb5acb64b)
2019-06-06 21:24:52.718 22701 RALLYDEBUG rally_openstack.cleanup.manager [-] Deleting neutron.port object s_rally_238165f6_CxnqXiJt (d38915d7-bc09-419d-9376-0833d6bc6543)
2019-06-06 21:24:52.845 22701 RALLYDEBUG rally_openstack.cleanup.manager [-] Deleting neutron.port object s_rally_238165f6_NbjmlhqD (d461206c-514f-498f-ab0b-918f6a86bf10)
2019-06-06 21:24:52.874 22701 RALLYDEBUG rally_openstack.cleanup.manager [-] Deleting neutron.port object s_rally_238165f6_5MRJAn2C (d6b9def1-202b-4ca6-b4dd-980a66cfcd64)
2019-06-06 21:24:53.149 22701 RALLYDEBUG rally_openstack.cleanup.manager [-] Deleting neutron.port object s_rally_238165f6_nyGhid1T (d7adec2e-6e64-4cee-980e-ba1fee75f0bf)
2019-06-06 21:24:53.226 22701 RALLYDEBUG rally_openstack.cleanup.manager [-] Deleting neutron.port object s_rally_238165f6_JRFEsLz1 (d82c6696-6cca-444a-a5e1-b3998d7f5bd4)
2019-06-06 21:24:53.378 22701 RALLYDEBUG rally_openstack.cleanup.manager [-] Deleting neutron.port object s_rally_238165f6_4P9AkLFQ (d831518c-2dd3-4881-ac41-f71740d106a6)
2019-06-06 21:24:53.402 22701 RALLYDEBUG rally_openstack.cleanup.manager [-] Deleting neutron.port object s_rally_238165f6_gNO0gp2J (d9f57069-aa5b-44bc-8cc6-d54b1bb1d6be)
2019-06-06 21:24:53.542 22701 RALLYDEBUG rally_openstack.cleanup.manager [-] Deleting neutron.port object s_rally_238165f6_shHgYiGw (da7b05d5-2d86-40e7-bbca-e92ec40cc5df)
2019-06-06 21:24:53.680 22701 RALLYDEBUG rally_openstack.cleanup.manager [-] Deleting neutron.port object s_rally_238165f6_xP0m0Z0t (de2ec654-13ba-41ee-bc5c-7753f7f5fab3)
2019-06-06 21:24:53.713 22701 RALLYDEBUG rally_openstack.cleanup.manager [-] Deleting neutron.port object s_rally_238165f6_X28HgDVF (df0e4770-d620-4570-b224-48dde05bce21)
2019-06-06 21:24:53.874 22701 RALLYDEBUG rally_openstack.cleanup.manager [-] Deleting neutron.port object s_rally_238165f6_dRIYJw0D (dff9a207-d105-4c63-947f-ed23205d3b66)
2019-06-06 21:24:54.012 22701 RALLYDEBUG rally_openstack.cleanup.manager [-] Deleting neutron.port object s_rally_238165f6_6TYTi6ta (e123453c-b2da-4d07-8a55-e02eb544deab)
2019-06-06 21:24:54.047 22701 RALLYDEBUG rally_openstack.cleanup.manager [-] Deleting neutron.port object s_rally_238165f6_zf64BLvu (e3717297-4741-4f0c-8a18-26511fa404ca)
2019-06-06 21:24:54.064 22701 RALLYDEBUG rally_openstack.cleanup.manager [-] Deleting neutron.port object s_rally_238165f6_zwvwnypm (e4288e4f-f7a6-4c68-8506-905850ab7550)
2019-06-06 21:24:54.188 22701 RALLYDEBUG rally_openstack.cleanup.manager [-] Deleting neutron.port object s_rally_238165f6_fHXB0qiW (e456d3d7-9264-44e0-9dc9-0d8d72159065)
2019-06-06 21:24:54.327 22701 RALLYDEBUG rally_openstack.cleanup.manager [-] Deleting neutron.port object s_rally_238165f6_DIpc24EB (e4f6f00b-ee6a-4481-8804-6d263f761a76)
2019-06-06 21:24:54.354 22701 RALLYDEBUG rally_openstack.cleanup.manager [-] Deleting neutron.port object s_rally_238165f6_jJq3AeHD (e6f09840-3138-46b6-ab22-04fdab2ad541)
2019-06-06 21:24:54.435 22701 RALLYDEBUG rally_openstack.cleanup.manager [-] Deleting neutron.port object s_rally_238165f6_4jYQA0in (e701fd3f-fa53-4274-8e3d-17cd15acc4ff)
2019-06-06 21:24:54.632 22701 RALLYDEBUG rally_openstack.cleanup.manager [-] Deleting neutron.port object s_rally_238165f6_y5uZdrvk (e714374a-47e9-4ba4-b4cd-5f8e52090ea1)
2019-06-06 21:24:54.822 22701 RALLYDEBUG rally_openstack.cleanup.manager [-] Deleting neutron.port object s_rally_238165f6_z486EooD (e8a4c4db-30f2-4da6-a92e-765946b0abfa)
2019-06-06 21:24:55.064 22701 RALLYDEBUG rally_openstack.cleanup.manager [-] Deleting neutron.port object s_rally_238165f6_zRepc3wc (e9331fb9-e18b-46f0-b625-a2b3c4364368)
2019-06-06 21:24:55.079 22701 RALLYDEBUG rally_openstack.cleanup.manager [-] Deleting neutron.port object s_rally_238165f6_tKLKlawr (eafe595f-ed1e-4893-a71f-a7dbc0182548)
2019-06-06 21:24:55.192 22701 RALLYDEBUG rally_openstack.cleanup.manager [-] Deleting neutron.port object s_rally_238165f6_YoW97KqX (ebabfb39-fc9e-4ddd-88c9-7e093e4d0dc8)
2019-06-06 21:24:55.303 22701 RALLYDEBUG rally_openstack.cleanup.manager [-] Deleting neutron.port object s_rally_238165f6_8Sbdbi72 (ec0a2455-9730-46e1-bf95-173e7d19d566)
2019-06-06 21:24:55.355 22701 RALLYDEBUG rally_openstack.cleanup.manager [-] Deleting neutron.port object s_rally_238165f6_laENfnKA (edf7c9f1-92c5-4ed2-97b7-515b62a0c434)
2019-06-06 21:24:55.837 22701 RALLYDEBUG rally_openstack.cleanup.manager [-] Deleting neutron.port object s_rally_238165f6_wBCffMDR (efe4ca22-ffe5-4b97-8bc8-184746d838cd)
2019-06-06 21:24:56.013 22701 RALLYDEBUG rally_openstack.cleanup.manager [-] Deleting neutron.port object s_rally_238165f6_UqCZbJgy (f1f86b52-e793-4943-b414-aec232b36714)
2019-06-06 21:24:56.164 22701 RALLYDEBUG rally_openstack.cleanup.manager [-] Deleting neutron.port object s_rally_238165f6_oaIVFBS8 (f36bb0e2-cb7f-46ae-b3a5-6ae93683fe9f)
2019-06-06 21:24:56.192 22701 RALLYDEBUG rally_openstack.cleanup.manager [-] Deleting neutron.port object s_rally_238165f6_kpODPIqC (f57249cf-8b69-47d1-b334-e3a32fd532fe)
2019-06-06 21:24:56.261 22701 RALLYDEBUG rally_openstack.cleanup.manager [-] Deleting neutron.port object s_rally_238165f6_MEF6zPn9 (f709d40d-0512-4b97-87da-c1d8afe18df1)
2019-06-06 21:24:56.401 22701 RALLYDEBUG rally_openstack.cleanup.manager [-] Deleting neutron.port object s_rally_238165f6_It6n51ER (f8a5a9cb-2183-4872-9dfe-5e73691d85e9)
2019-06-06 21:24:56.468 22701 RALLYDEBUG rally_openstack.cleanup.manager [-] Deleting neutron.port object s_rally_238165f6_N82MM3D0 (fd24c1be-189f-4b29-9fa3-1b9f8e7a3e1f)
2019-06-06 21:24:56.531 22701 RALLYDEBUG rally_openstack.cleanup.manager [-] Deleting neutron.port object s_rally_238165f6_rlpUEqI9 (fd7d00a5-5148-44b1-8f91-65db1a0334f0)
2019-06-06 21:24:56.671 22701 RALLYDEBUG rally_openstack.cleanup.manager [-] Deleting neutron.port object s_rally_238165f6_4AnnjrQP (fe4a03f5-0d76-4f69-a765-a7d163fddd69)
2019-06-06 21:24:56.706 22701 RALLYDEBUG rally_openstack.cleanup.manager [-] Deleting neutron.port object s_rally_238165f6_nAICBJxa (fec2bcb0-f31c-40fc-8c02-bf676921792e)
2019-06-06 21:24:59.140 22701 RALLYDEBUG rally_openstack.cleanup.manager [-] Cleaning up neutron subnet objects
2019-06-06 21:24:59.935 22701 RALLYDEBUG rally_openstack.cleanup.manager [-] Cleaning up neutron network objects
2019-06-06 21:25:00.780 22701 RALLYDEBUG rally_openstack.cleanup.manager [-] Deleting neutron.network object s_rally_238165f6_2WNzc6xo (03315fe5-ec7c-40b8-b513-b720166b37d0)
2019-06-06 21:25:00.783 22701 RALLYDEBUG rally_openstack.cleanup.manager [-] Deleting neutron.network object s_rally_238165f6_Bhds3y28 (0c461458-4b22-48ee-a3e2-fbcb76d4d932)
2019-06-06 21:25:00.787 22701 RALLYDEBUG rally_openstack.cleanup.manager [-] Deleting neutron.network object s_rally_238165f6_dDx28j0L (15a74721-a06a-40a5-8bb2-188e459c8bbe)
2019-06-06 21:25:00.799 22701 RALLYDEBUG rally_openstack.cleanup.manager [-] Deleting neutron.network object s_rally_238165f6_K4f9IRQH (224cf3d8-6b0f-44f1-bc3d-4dc8590db80b)
2019-06-06 21:25:00.806 22701 RALLYDEBUG rally_openstack.cleanup.manager [-] Deleting neutron.network object s_rally_238165f6_Kz1sOSUT (2ece3038-7c51-42e5-9fde-368d5ac4d1e4)
2019-06-06 21:25:00.819 22701 RALLYDEBUG rally_openstack.cleanup.manager [-] Deleting neutron.network object s_rally_238165f6_Iv2VrXTL (1cff69c8-3acf-4735-b1a7-eda1fe70cd7e)
2019-06-06 21:25:00.829 22701 RALLYDEBUG rally_openstack.cleanup.manager [-] Deleting neutron.network object s_rally_238165f6_ANyrFA8R (31eb72fe-c358-4859-afeb-f04fb7226860)
2019-06-06 21:25:00.830 22701 RALLYDEBUG rally_openstack.cleanup.manager [-] Deleting neutron.network object s_rally_238165f6_SuoiGMSq (214d567c-a709-4b50-a5d7-cea0b274c759)
2019-06-06 21:25:00.834 22701 RALLYDEBUG rally_openstack.cleanup.manager [-] Deleting neutron.network object s_rally_238165f6_i7mmOMBU (2fcc3c3f-5db0-4373-a199-19601a4349fe)
2019-06-06 21:25:00.838 22701 RALLYDEBUG rally_openstack.cleanup.manager [-] Deleting neutron.network object s_rally_238165f6_irwsehab (343174bf-7723-47bf-a510-dfdd8fbc4157)
2019-06-06 21:25:00.839 22701 RALLYDEBUG rally_openstack.cleanup.manager [-] Deleting neutron.network object s_rally_238165f6_5b5ZG9ds (4b8471e8-52da-400f-aed0-010279de7305)
2019-06-06 21:25:00.840 22701 RALLYDEBUG rally_openstack.cleanup.manager [-] Deleting neutron.network object s_rally_238165f6_lLgFT61w (2bc288b1-476e-4565-805a-2dab3d601d57)
2019-06-06 21:25:00.867 22701 RALLYDEBUG rally_openstack.cleanup.manager [-] Deleting neutron.network object s_rally_238165f6_pKUInDYM (52276d3a-5ee0-4e6a-bb94-d618c23e7c9a)
2019-06-06 21:25:00.871 22701 RALLYDEBUG rally_openstack.cleanup.manager [-] Deleting neutron.network object s_rally_238165f6_OqlTIf9m (572204a7-b724-4632-9140-f5177324053b)
2019-06-06 21:25:00.876 22701 RALLYDEBUG rally_openstack.cleanup.manager [-] Deleting neutron.network object s_rally_238165f6_0ByBH8OY (56e9bece-9b06-4090-a2fc-2e11247cf183)
2019-06-06 21:25:00.884 22701 RALLYDEBUG rally_openstack.cleanup.manager [-] Deleting neutron.network object s_rally_238165f6_ZigpdrUJ (5cc9f322-2cd1-4454-834d-4dc02a3bac73)
2019-06-06 21:25:00.909 22701 RALLYDEBUG rally_openstack.cleanup.manager [-] Deleting neutron.network object s_rally_238165f6_9nv8oYrp (625e779f-ab54-45a4-bc96-7e5d61755ab6)
2019-06-06 21:25:00.921 22701 RALLYDEBUG rally_openstack.cleanup.manager [-] Deleting neutron.network object s_rally_238165f6_DZg2ANG8 (7331c2ee-90cd-4616-a9d4-fab567292198)
2019-06-06 21:25:00.934 22701 RALLYDEBUG rally_openstack.cleanup.manager [-] Deleting neutron.network object s_rally_238165f6_gwEXLzdx (8cc70729-7f7e-4a97-af81-0fdd0e7745f5)
2019-06-06 21:25:00.940 22701 RALLYDEBUG rally_openstack.cleanup.manager [-] Deleting neutron.network object s_rally_238165f6_IiByUdSn (91fa4a0a-d59b-4951-ac2d-d34032b6283c)
2019-06-06 21:25:03.496 22701 RALLYDEBUG rally_openstack.cleanup.manager [-] Deleting neutron.network object s_rally_238165f6_Rl1YAY9h (93409495-4528-4511-b448-65be16fd2772)
2019-06-06 21:25:03.502 22701 RALLYDEBUG rally_openstack.cleanup.manager [-] Deleting neutron.network object s_rally_238165f6_r6dGVDQW (aa354fe8-2a70-4535-a2d1-02303a4fa118)
2019-06-06 21:25:03.538 22701 RALLYDEBUG rally_openstack.cleanup.manager [-] Deleting neutron.network object s_rally_238165f6_uIZepvc0 (ac856d4e-e415-4169-8055-238f7283ff69)
2019-06-06 21:25:03.736 22701 RALLYDEBUG rally_openstack.cleanup.manager [-] Deleting neutron.network object s_rally_238165f6_czNIN2bH (b1695cc1-a04b-454d-8650-ec37caa48a2c)
2019-06-06 21:25:03.885 22701 RALLYDEBUG rally_openstack.cleanup.manager [-] Deleting neutron.network object s_rally_238165f6_rJ0PW2FX (b6348f69-e31b-4754-a7d2-35ffb4e88a13)
2019-06-06 21:25:03.910 22701 RALLYDEBUG rally_openstack.cleanup.manager [-] Deleting neutron.network object s_rally_238165f6_qLO6aezg (bdc32a16-2b4e-4399-b890-ac9712612dea)
2019-06-06 21:25:04.019 22701 RALLYDEBUG rally_openstack.cleanup.manager [-] Deleting neutron.network object s_rally_238165f6_lGgTskgn (be7fdf4b-f4cd-4176-b1ca-f386353488ff)
2019-06-06 21:25:04.049 22701 RALLYDEBUG rally_openstack.cleanup.manager [-] Deleting neutron.network object s_rally_238165f6_hdiVoIz7 (beff70ba-2849-4643-ac2f-be8a02044be2)
2019-06-06 21:25:04.076 22701 RALLYDEBUG rally_openstack.cleanup.manager [-] Deleting neutron.network object s_rally_238165f6_S9VUNfeu (c0fb5bee-7e78-4e82-88c9-be38f0b3ff25)
2019-06-06 21:25:04.104 22701 RALLYDEBUG rally_openstack.cleanup.manager [-] Deleting neutron.network object s_rally_238165f6_rTai81bO (c7822d69-fbaa-4a6e-b68c-08904a181177)
2019-06-06 21:25:04.166 22701 RALLYDEBUG rally_openstack.cleanup.manager [-] Deleting neutron.network object s_rally_238165f6_rSpd86E0 (c8b27faa-a8fe-4668-993d-395a371dd0b0)
2019-06-06 21:25:04.215 22701 RALLYDEBUG rally_openstack.cleanup.manager [-] Deleting neutron.network object s_rally_238165f6_QV9HpWPc (cde79588-7cf6-49b5-a70d-03edc9a89cd2)
2019-06-06 21:25:04.265 22701 RALLYDEBUG rally_openstack.cleanup.manager [-] Deleting neutron.network object s_rally_238165f6_dkW0lYE8 (ce957a05-61ec-4253-8ab5-fafa479e3aff)
2019-06-06 21:25:04.446 22701 RALLYDEBUG rally_openstack.cleanup.manager [-] Deleting neutron.network object s_rally_238165f6_yrH8TU3t (d8983aab-2071-4f37-a2f3-9d71687cac8b)
2019-06-06 21:25:04.484 22701 RALLYDEBUG rally_openstack.cleanup.manager [-] Deleting neutron.network object s_rally_238165f6_4052GQCr (db6006f0-408e-44e5-a42e-13ade86d275c)
2019-06-06 21:25:04.600 22701 RALLYDEBUG rally_openstack.cleanup.manager [-] Deleting neutron.network object s_rally_238165f6_HxP0CWQv (e5149846-0058-44ba-a409-ba9eb5e9fdb0)
2019-06-06 21:25:04.873 22701 RALLYDEBUG rally_openstack.cleanup.manager [-] Deleting neutron.network object s_rally_238165f6_rwyOpnRb (e53fd0ec-7636-43c6-bcd2-b564a42368c3)
2019-06-06 21:25:04.892 22701 RALLYDEBUG rally_openstack.cleanup.manager [-] Deleting neutron.network object s_rally_238165f6_wDq0cgO6 (ed054253-39d8-4d47-b18f-8218fb513f42)
2019-06-06 21:25:04.928 22701 RALLYDEBUG rally_openstack.cleanup.manager [-] Deleting neutron.network object s_rally_238165f6_Fdr5unCw (f97b6e3a-7a7f-46b4-a565-e94caf3d476f)
2019-06-06 21:25:04.936 22701 RALLYDEBUG rally_openstack.cleanup.manager [-] Deleting neutron.network object s_rally_238165f6_NqSdbJTG (fba4730d-22b4-44ad-a278-0879a2e6d159)
2019-06-06 21:25:07.717 22701 RALLYDEBUG rally_openstack.cleanup.manager [-] Cleaning up neutron router objects
2019-06-06 21:25:08.528 22701 RALLYDEBUG rally_openstack.cleanup.manager [-] Cleaning up neutron security_group objects
2019-06-06 21:25:09.216 22701 INFO rally.task.context [-] Task cb6eaf6b-374d-44b1-9435-62556d46ec6d | Context cleanup@openstack cleanup() finished in 41.33 sec
2019-06-06 21:25:09.217 22701 INFO rally.task.context [-] Task cb6eaf6b-374d-44b1-9435-62556d46ec6d | Context quotas@openstack cleanup() started
2019-06-06 21:25:09.467 22701 INFO rally.task.context [-] Task cb6eaf6b-374d-44b1-9435-62556d46ec6d | Context quotas@openstack cleanup() finished in 0.25 sec
2019-06-06 21:25:09.468 22701 INFO rally.task.context [-] Task cb6eaf6b-374d-44b1-9435-62556d46ec6d | Context users@openstack cleanup() started
2019-06-06 21:25:14.455 22701 INFO rally.task.context [-] Task cb6eaf6b-374d-44b1-9435-62556d46ec6d | Context users@openstack cleanup() finished in 4.99 sec
2019-06-06 21:25:14.707 22701 INFO rally.task.engine [-] Load duration is: 31.870247
2019-06-06 21:25:14.707 22701 INFO rally.task.engine [-] Full runner duration is: 31.915499
2019-06-06 21:25:14.708 22701 INFO rally.task.engine [-] Full duration is: 84.102029
2019-06-06 21:25:14.903 22701 INFO rally.task.engine [-] Running workload: position = 2 config = { "version": 2, "title": "A cropped version of a bigger task.", "description": "Auto-generated task from a single workload (uuid=08b404be-f66e-4bda-80bd-c766be9add2d)", "subtasks": [ { "title": "NeutronNetworks.create_and_delete_ports", "description": "Create and delete a port.", "scenario": { "NeutronNetworks.create_and_delete_ports": { "network_create_args": {}, "port_create_args": {}, "ports_per_network": 5 } }, "contexts": { "users": { "tenants": 1, "users_per_tenant": 1 }, "quotas": { "neutron": { "network": -1, "port": -1 } } }, "runner": { "constant": { "times": 40, "concurrency": 20 } }, "hooks": [], "sla": { "failure_rate": { "max": 0 } } } ] }
2019-06-06 21:25:14.924 22701 RALLYDEBUG rally_openstack.contexts.keystone.users [-] Creating 1 tenants using 20 threads
2019-06-06 21:25:16.824 22701 RALLYDEBUG rally_openstack.contexts.keystone.users [-] Creating 1 users using 20 threads
2019-06-06 21:25:19.760 22701 INFO rally.task.context [-] Task cb6eaf6b-374d-44b1-9435-62556d46ec6d | Context users@openstack setup() finished in 4.84 sec
2019-06-06 21:25:20.563 22701 INFO rally.task.context [-] Task cb6eaf6b-374d-44b1-9435-62556d46ec6d | Context quotas@openstack setup() finished in 0.80 sec
2019-06-06 21:25:20.563 22701 INFO rally.task.context [-] Task cb6eaf6b-374d-44b1-9435-62556d46ec6d | Context cleanup@openstack setup() finished in 0.01 msec
2019-06-06 21:25:20.571 22701 RALLYDEBUG rally.task.runner [-] Starting the constant runner (task UUID: cb6eaf6b-374d-44b1-9435-62556d46ec6d). timeout: 0 concurrency: 20 concurrency_per_worker: 1 times: 40 concurrency_overhead: 4 processes_to_start: 16 max_cpu_used: 16
2019-06-06 21:25:20.584 26947 RALLYDEBUG rally.task.runner [-] Starting a worker. concurrency: 2 args: {"network_create_args": {}, "port_create_args": {}, "ports_per_network": 5} times: 40 method_name: run timeout: 0 duration: None cls:
2019-06-06 21:25:20.587 26948 RALLYDEBUG rally.task.runner [-] Starting a worker. concurrency: 2 args: {"network_create_args": {}, "port_create_args": {}, "ports_per_network": 5} times: 40 method_name: run timeout: 0 duration: None cls:
2019-06-06 21:25:20.590 26949 RALLYDEBUG rally.task.runner [-] Starting a worker. concurrency: 2 args: {"network_create_args": {}, "port_create_args": {}, "ports_per_network": 5} times: 40 method_name: run timeout: 0 duration: None cls:
2019-06-06 21:25:20.591 26950 RALLYDEBUG rally.task.runner [-] Starting a worker. concurrency: 2 args: {"network_create_args": {}, "port_create_args": {}, "ports_per_network": 5} times: 40 method_name: run timeout: 0 duration: None cls:
2019-06-06 21:25:20.592 26947 INFO rally.task.runner [-] Task cb6eaf6b-374d-44b1-9435-62556d46ec6d | ITER: 1 START
2019-06-06 21:25:20.594 26948 INFO rally.task.runner [-] Task cb6eaf6b-374d-44b1-9435-62556d46ec6d | ITER: 2 START
2019-06-06 21:25:20.594 26947 WARNING rally_openstack.scenarios.neutron.utils [-] Running this scenario without either the 'network' or 'existing_network' context is deprecated
2019-06-06 21:25:20.596 26948 WARNING rally_openstack.scenarios.neutron.utils [-] Running this scenario without either the 'network' or 'existing_network' context is deprecated
2019-06-06 21:25:20.596 26952 RALLYDEBUG rally.task.runner [-] Starting a worker. concurrency: 1 args: {"network_create_args": {}, "port_create_args": {}, "ports_per_network": 5} times: 40 method_name: run timeout: 0 duration: None cls:
2019-06-06 21:25:20.595 26947 INFO rally.task.runner [-] Task cb6eaf6b-374d-44b1-9435-62556d46ec6d | ITER: 3 START
2019-06-06 21:25:20.597 26947 WARNING rally_openstack.scenarios.neutron.utils [-] Running this scenario without either the 'network' or 'existing_network' context is deprecated
2019-06-06 21:25:20.597 26950 INFO rally.task.runner [-] Task cb6eaf6b-374d-44b1-9435-62556d46ec6d | ITER: 6 START
2019-06-06 21:25:20.600 26950 WARNING rally_openstack.scenarios.neutron.utils [-] Running this scenario without either the 'network' or 'existing_network' context is deprecated
2019-06-06 21:25:20.599 26956 RALLYDEBUG rally.task.runner [-] Starting a worker. concurrency: 1 args: {"network_create_args": {}, "port_create_args": {}, "ports_per_network": 5} times: 40 method_name: run timeout: 0 duration: None cls:
2019-06-06 21:25:20.599 26949 INFO rally.task.runner [-] Task cb6eaf6b-374d-44b1-9435-62556d46ec6d | ITER: 5 START
2019-06-06 21:25:20.602 26952 INFO rally.task.runner [-] Task cb6eaf6b-374d-44b1-9435-62556d46ec6d | ITER: 9 START
2019-06-06 21:25:20.603 26952 WARNING rally_openstack.scenarios.neutron.utils [-] Running this scenario without either the 'network' or 'existing_network' context is deprecated
2019-06-06 21:25:20.603 26962 RALLYDEBUG rally.task.runner [-] Starting a worker. concurrency: 1 args: {"network_create_args": {}, "port_create_args": {}, "ports_per_network": 5} times: 40 method_name: run timeout: 0 duration: None cls:
2019-06-06 21:25:20.601 26949 INFO rally.task.runner [-] Task cb6eaf6b-374d-44b1-9435-62556d46ec6d | ITER: 8 START
2019-06-06 21:25:20.605 26949 WARNING rally_openstack.scenarios.neutron.utils [-] Running this scenario without either the 'network' or 'existing_network' context is deprecated
2019-06-06 21:25:20.606 26950 INFO rally.task.runner [-] Task cb6eaf6b-374d-44b1-9435-62556d46ec6d | ITER: 7 START
2019-06-06 21:25:20.607 26950 WARNING rally_openstack.scenarios.neutron.utils [-] Running this scenario without either the 'network' or 'existing_network' context is deprecated
2019-06-06 21:25:20.608 26965 RALLYDEBUG rally.task.runner [-] Starting a worker. concurrency: 1 args: {"network_create_args": {}, "port_create_args": {}, "ports_per_network": 5} times: 40 method_name: run timeout: 0 duration: None cls:
2019-06-06 21:25:20.610 26962 INFO rally.task.runner [-] Task cb6eaf6b-374d-44b1-9435-62556d46ec6d | ITER: 11 START
2019-06-06 21:25:20.611 26948 INFO rally.task.runner [-] Task cb6eaf6b-374d-44b1-9435-62556d46ec6d | ITER: 4 START
2019-06-06 21:25:20.611 26956 INFO rally.task.runner [-] Task cb6eaf6b-374d-44b1-9435-62556d46ec6d | ITER: 10 START
2019-06-06 21:25:20.612 26962 WARNING rally_openstack.scenarios.neutron.utils [-] Running this scenario without either the 'network' or 'existing_network' context is deprecated
2019-06-06 21:25:20.612 26948 WARNING rally_openstack.scenarios.neutron.utils [-] Running this scenario without either the 'network' or 'existing_network' context is deprecated
2019-06-06 21:25:20.613 26956 WARNING rally_openstack.scenarios.neutron.utils [-] Running this scenario without either the 'network' or 'existing_network' context is deprecated
2019-06-06 21:25:20.613 26970 RALLYDEBUG rally.task.runner [-] Starting a worker. concurrency: 1 args: {"network_create_args": {}, "port_create_args": {}, "ports_per_network": 5} times: 40 method_name: run timeout: 0 duration: None cls:
2019-06-06 21:25:20.602 26949 WARNING rally_openstack.scenarios.neutron.utils [-] Running this scenario without either the 'network' or 'existing_network' context is deprecated
2019-06-06 21:25:20.618 26965 INFO rally.task.runner [-] Task cb6eaf6b-374d-44b1-9435-62556d46ec6d | ITER: 12 START
2019-06-06 21:25:20.619 26970 INFO rally.task.runner [-] Task cb6eaf6b-374d-44b1-9435-62556d46ec6d | ITER: 13 START
2019-06-06 21:25:20.620 26965 WARNING rally_openstack.scenarios.neutron.utils [-] Running this scenario without either the 'network' or 'existing_network' context is deprecated
2019-06-06 21:25:20.620 26977 RALLYDEBUG rally.task.runner [-] Starting a worker. concurrency: 1 args: {"network_create_args": {}, "port_create_args": {}, "ports_per_network": 5} times: 40 method_name: run timeout: 0 duration: None cls:
2019-06-06 21:25:20.621 26974 RALLYDEBUG rally.task.runner [-] Starting a worker. concurrency: 1 args: {"network_create_args": {}, "port_create_args": {}, "ports_per_network": 5} times: 40 method_name: run timeout: 0 duration: None cls:
2019-06-06 21:25:20.621 26970 WARNING rally_openstack.scenarios.neutron.utils [-] Running this scenario without either the 'network' or 'existing_network' context is deprecated
2019-06-06 21:25:20.626 26974 INFO rally.task.runner [-] Task cb6eaf6b-374d-44b1-9435-62556d46ec6d | ITER: 15 START
2019-06-06 21:25:20.627 26980 RALLYDEBUG rally.task.runner [-] Starting a worker. concurrency: 1 args: {"network_create_args": {}, "port_create_args": {}, "ports_per_network": 5} times: 40 method_name: run timeout: 0 duration: None cls:
2019-06-06 21:25:20.627 26974 WARNING rally_openstack.scenarios.neutron.utils [-] Running this scenario without either the 'network' or 'existing_network' context is deprecated
2019-06-06 21:25:20.627 26977 INFO rally.task.runner [-] Task cb6eaf6b-374d-44b1-9435-62556d46ec6d | ITER: 14 START
2019-06-06 21:25:20.630 26977 WARNING rally_openstack.scenarios.neutron.utils [-] Running this scenario without either the 'network' or 'existing_network' context is deprecated
2019-06-06 21:25:20.631 26980 INFO rally.task.runner [-] Task cb6eaf6b-374d-44b1-9435-62556d46ec6d | ITER: 16 START
2019-06-06 21:25:20.632 26980 WARNING rally_openstack.scenarios.neutron.utils [-] Running this scenario without either the 'network' or 'existing_network' context is deprecated
2019-06-06 21:25:20.640 26985 RALLYDEBUG rally.task.runner [-] Starting a worker. concurrency: 1 args: {"network_create_args": {}, "port_create_args": {}, "ports_per_network": 5} times: 40 method_name: run timeout: 0 duration: None cls:
2019-06-06 21:25:20.642 26988 RALLYDEBUG rally.task.runner [-] Starting a worker. concurrency: 1 args: {"network_create_args": {}, "port_create_args": {}, "ports_per_network": 5} times: 40 method_name: run timeout: 0 duration: None cls:
2019-06-06 21:25:20.646 26988 INFO rally.task.runner [-] Task cb6eaf6b-374d-44b1-9435-62556d46ec6d | ITER: 18 START
2019-06-06 21:25:20.647 26988 WARNING rally_openstack.scenarios.neutron.utils [-] Running this scenario without either the 'network' or 'existing_network' context is deprecated
2019-06-06 21:25:20.649 26985 INFO rally.task.runner [-] Task cb6eaf6b-374d-44b1-9435-62556d46ec6d | ITER: 17 START
2019-06-06 21:25:20.650 26985 WARNING rally_openstack.scenarios.neutron.utils [-] Running this scenario without either the 'network' or 'existing_network' context is deprecated
2019-06-06 21:25:20.652 26991 RALLYDEBUG rally.task.runner [-] Starting a worker. concurrency: 1 args: {"network_create_args": {}, "port_create_args": {}, "ports_per_network": 5} times: 40 method_name: run timeout: 0 duration: None cls:
2019-06-06 21:25:20.656 26991 INFO rally.task.runner [-] Task cb6eaf6b-374d-44b1-9435-62556d46ec6d | ITER: 19 START
2019-06-06 21:25:20.657 26991 WARNING rally_openstack.scenarios.neutron.utils [-] Running this scenario without either the 'network' or 'existing_network' context is deprecated
2019-06-06 21:25:20.657 26994 RALLYDEBUG rally.task.runner [-] Starting a worker. concurrency: 1 args: {"network_create_args": {}, "port_create_args": {}, "ports_per_network": 5} times: 40 method_name: run timeout: 0 duration: None cls:
2019-06-06 21:25:20.661 26994 INFO rally.task.runner [-] Task cb6eaf6b-374d-44b1-9435-62556d46ec6d | ITER: 20 START
2019-06-06 21:25:20.662 26994 WARNING rally_openstack.scenarios.neutron.utils [-] Running this scenario without either the 'network' or 'existing_network' context is deprecated
2019-06-06 21:25:33.417 26950 INFO rally.task.runner [-] Task cb6eaf6b-374d-44b1-9435-62556d46ec6d | ITER: 7 END: OK
2019-06-06 21:25:33.422 26950 INFO rally.task.runner [-] Task cb6eaf6b-374d-44b1-9435-62556d46ec6d | ITER: 21 START
2019-06-06 21:25:33.422 26950 WARNING rally_openstack.scenarios.neutron.utils [-] Running this scenario without either the 'network' or 'existing_network' context is deprecated
2019-06-06 21:25:34.292 26980 INFO rally.task.runner [-] Task cb6eaf6b-374d-44b1-9435-62556d46ec6d | ITER: 16 END: OK
2019-06-06 21:25:34.296 26980 INFO rally.task.runner [-] Task cb6eaf6b-374d-44b1-9435-62556d46ec6d | ITER: 22 START
2019-06-06 21:25:34.297 26980 WARNING rally_openstack.scenarios.neutron.utils [-] Running this scenario without either the 'network' or 'existing_network' context is deprecated
2019-06-06 21:25:35.332 26952 INFO rally.task.runner [-] Task cb6eaf6b-374d-44b1-9435-62556d46ec6d | ITER: 9 END: OK
2019-06-06 21:25:35.337 26952 INFO rally.task.runner [-] Task cb6eaf6b-374d-44b1-9435-62556d46ec6d | ITER: 23 START
2019-06-06 21:25:35.338 26952 WARNING rally_openstack.scenarios.neutron.utils [-] Running this scenario without either the 'network' or 'existing_network' context is deprecated
2019-06-06 21:25:35.551 26988 INFO rally.task.runner [-] Task cb6eaf6b-374d-44b1-9435-62556d46ec6d | ITER: 18 END: OK
2019-06-06 21:25:35.556 26988 INFO rally.task.runner [-] Task cb6eaf6b-374d-44b1-9435-62556d46ec6d | ITER: 24 START
2019-06-06 21:25:35.556 26988 WARNING rally_openstack.scenarios.neutron.utils [-] Running this scenario without either the 'network' or 'existing_network' context is deprecated
2019-06-06 21:25:35.681 26994 INFO rally.task.runner [-] Task cb6eaf6b-374d-44b1-9435-62556d46ec6d | ITER: 20 END: OK
2019-06-06 21:25:35.685 26994 INFO rally.task.runner [-] Task cb6eaf6b-374d-44b1-9435-62556d46ec6d | ITER: 25 START
2019-06-06 21:25:35.686 26994 WARNING rally_openstack.scenarios.neutron.utils [-] Running this scenario without either the 'network' or 'existing_network' context is deprecated
2019-06-06 21:25:35.930 26950 INFO rally.task.runner [-] Task cb6eaf6b-374d-44b1-9435-62556d46ec6d | ITER: 6 END: OK
2019-06-06 21:25:35.933 26950 INFO rally.task.runner [-] Task cb6eaf6b-374d-44b1-9435-62556d46ec6d | ITER: 26 START
2019-06-06 21:25:35.934 26950 WARNING rally_openstack.scenarios.neutron.utils [-] Running this scenario without either the 'network' or 'existing_network' context is deprecated
2019-06-06 21:25:36.039 26962 INFO rally.task.runner [-] Task cb6eaf6b-374d-44b1-9435-62556d46ec6d | ITER: 11 END: OK
2019-06-06 21:25:36.044 26962 INFO rally.task.runner [-] Task cb6eaf6b-374d-44b1-9435-62556d46ec6d | ITER: 27 START
2019-06-06 21:25:36.045 26962 WARNING rally_openstack.scenarios.neutron.utils [-] Running this scenario without either the 'network' or 'existing_network' context is deprecated
2019-06-06 21:25:36.121 26970 INFO rally.task.runner [-] Task cb6eaf6b-374d-44b1-9435-62556d46ec6d | ITER: 13 END: OK
2019-06-06 21:25:36.125 26970 INFO rally.task.runner [-] Task cb6eaf6b-374d-44b1-9435-62556d46ec6d | ITER: 28 START
2019-06-06 21:25:36.126 26970 WARNING rally_openstack.scenarios.neutron.utils [-] Running this scenario without either the 'network' or 'existing_network' context is deprecated
2019-06-06 21:25:36.169 26949 INFO rally.task.runner [-] Task cb6eaf6b-374d-44b1-9435-62556d46ec6d | ITER: 8 END: OK
2019-06-06 21:25:36.173 26949 INFO rally.task.runner [-] Task cb6eaf6b-374d-44b1-9435-62556d46ec6d | ITER: 29 START
2019-06-06 21:25:36.174 26949 WARNING rally_openstack.scenarios.neutron.utils [-] Running this scenario without either the 'network' or 'existing_network' context is deprecated
2019-06-06 21:25:36.216 26956 INFO rally.task.runner [-] Task cb6eaf6b-374d-44b1-9435-62556d46ec6d | ITER: 10 END: OK
2019-06-06 21:25:36.221 26956 INFO rally.task.runner [-] Task cb6eaf6b-374d-44b1-9435-62556d46ec6d | ITER: 30 START
2019-06-06 21:25:36.221 26956 WARNING rally_openstack.scenarios.neutron.utils [-] Running this scenario without either the 'network' or 'existing_network' context is deprecated
2019-06-06 21:25:36.739 26948 INFO rally.task.runner [-] Task cb6eaf6b-374d-44b1-9435-62556d46ec6d | ITER: 4 END: OK
2019-06-06 21:25:36.743 26948 INFO rally.task.runner [-] Task cb6eaf6b-374d-44b1-9435-62556d46ec6d | ITER: 31 START
2019-06-06 21:25:36.744 26948 WARNING rally_openstack.scenarios.neutron.utils [-] Running this scenario without either the 'network' or 'existing_network' context is deprecated
2019-06-06 21:25:37.077 26947 INFO rally.task.runner [-] Task cb6eaf6b-374d-44b1-9435-62556d46ec6d | ITER: 3 END: OK
2019-06-06 21:25:37.081 26947 INFO rally.task.runner [-] Task cb6eaf6b-374d-44b1-9435-62556d46ec6d | ITER: 32 START
2019-06-06 21:25:37.081 26947 WARNING rally_openstack.scenarios.neutron.utils [-] Running this scenario without either the 'network' or 'existing_network' context is deprecated
2019-06-06 21:25:37.177 26991 INFO rally.task.runner [-] Task cb6eaf6b-374d-44b1-9435-62556d46ec6d | ITER: 19 END: OK
2019-06-06 21:25:37.181 26991 INFO rally.task.runner [-] Task cb6eaf6b-374d-44b1-9435-62556d46ec6d | ITER: 33 START
2019-06-06 21:25:37.182 26991 WARNING rally_openstack.scenarios.neutron.utils [-] Running this scenario without either the 'network' or 'existing_network' context is deprecated
2019-06-06 21:25:37.555 26947 INFO rally.task.runner [-] Task cb6eaf6b-374d-44b1-9435-62556d46ec6d | ITER: 1 END: OK
2019-06-06 21:25:37.559 26947 INFO rally.task.runner [-] Task cb6eaf6b-374d-44b1-9435-62556d46ec6d | ITER: 34 START
2019-06-06 21:25:37.560 26947 WARNING rally_openstack.scenarios.neutron.utils [-] Running this scenario without either the 'network' or 'existing_network' context is deprecated
2019-06-06 21:25:37.728 26948 INFO rally.task.runner [-] Task cb6eaf6b-374d-44b1-9435-62556d46ec6d | ITER: 2 END: OK
2019-06-06 21:25:37.732 26948 INFO rally.task.runner [-] Task cb6eaf6b-374d-44b1-9435-62556d46ec6d | ITER: 35 START
2019-06-06 21:25:37.732 26948 WARNING rally_openstack.scenarios.neutron.utils [-] Running this scenario without either the 'network' or 'existing_network' context is deprecated
2019-06-06 21:25:37.747 26977 INFO rally.task.runner [-] Task cb6eaf6b-374d-44b1-9435-62556d46ec6d | ITER: 14 END: OK
2019-06-06 21:25:37.750 26977 INFO rally.task.runner [-] Task cb6eaf6b-374d-44b1-9435-62556d46ec6d | ITER: 36 START
2019-06-06 21:25:37.751 26977 WARNING rally_openstack.scenarios.neutron.utils [-] Running this scenario without either the 'network' or 'existing_network' context is deprecated
2019-06-06 21:25:38.073 26949 INFO rally.task.runner [-] Task cb6eaf6b-374d-44b1-9435-62556d46ec6d | ITER: 5 END: OK
2019-06-06 21:25:38.076 26949 INFO rally.task.runner [-] Task cb6eaf6b-374d-44b1-9435-62556d46ec6d | ITER: 37 START
2019-06-06 21:25:38.077 26949 WARNING rally_openstack.scenarios.neutron.utils [-] Running this scenario without either the 'network' or 'existing_network' context is deprecated
2019-06-06 21:25:38.984 26965 INFO rally.task.runner [-] Task cb6eaf6b-374d-44b1-9435-62556d46ec6d | ITER: 12 END: OK
2019-06-06 21:25:38.988 26965 INFO rally.task.runner [-] Task cb6eaf6b-374d-44b1-9435-62556d46ec6d | ITER: 38 START
2019-06-06 21:25:38.989 26965 WARNING rally_openstack.scenarios.neutron.utils [-] Running this scenario without either the 'network' or 'existing_network' context is deprecated
2019-06-06 21:25:39.367 26974 INFO rally.task.runner [-] Task cb6eaf6b-374d-44b1-9435-62556d46ec6d | ITER: 15 END: OK
2019-06-06 21:25:39.372 26974 INFO rally.task.runner [-] Task cb6eaf6b-374d-44b1-9435-62556d46ec6d | ITER: 39 START
