2019-06-06 21:23:27.563 22701 RALLYDEBUG rally_openstack.cleanup.manager [-] Deleting neutron.port object s_rally_00666127_bWY3cyth (d44ac6ca-f48f-41ec-a4e3-70d4337d0a5e)
2019-06-06 21:23:27.666 22701 RALLYDEBUG rally_openstack.cleanup.manager [-] Deleting neutron.port object s_rally_00666127_VB8zmati (d52e4c5b-0bdb-463c-b999-0de15d3ee0bd)
2019-06-06 21:23:27.675 22701 RALLYDEBUG rally_openstack.cleanup.manager [-] Deleting neutron.port object s_rally_00666127_fWF4DZXl (d64b0fca-8bff-463b-bb6e-b4cfcbb57d8c)
2019-06-06 21:23:27.680 22701 RALLYDEBUG rally_openstack.cleanup.manager [-] Deleting neutron.port object s_rally_00666127_GqHIRV7U (d66c0b3e-cdeb-49b4-8d43-64e41588d0dd)
2019-06-06 21:23:28.575 22701 RALLYDEBUG rally_openstack.cleanup.manager [-] Deleting neutron.port object s_rally_00666127_7Q23luUo (d6c6ffce-7827-49d9-84fc-7e5272ee828b)
2019-06-06 21:23:28.647 22701 RALLYDEBUG rally_openstack.cleanup.manager [-] Deleting neutron.port object s_rally_00666127_J57KyP5v (d7b84d6d-4501-4b22-9fc7-938a2afbaa06)
2019-06-06 21:23:28.680 22701 RALLYDEBUG rally_openstack.cleanup.manager [-] Deleting neutron.port object s_rally_00666127_4f8r4b4I (d8a8d027-2879-4803-b016-f44b6dff75a2)
2019-06-06 21:23:28.681 22701 RALLYDEBUG rally_openstack.cleanup.manager [-] Deleting neutron.port object s_rally_00666127_7EOUhIyS (d81cba6d-dbcb-4649-8b56-728cd6ca880a)
2019-06-06 21:23:28.867 22701 RALLYDEBUG rally_openstack.cleanup.manager [-] Deleting neutron.port object s_rally_00666127_pYpw4vJg (d8f6ab50-0e84-4346-80cf-bf49a32b1b9d)
2019-06-06 21:23:28.900 22701 RALLYDEBUG rally_openstack.cleanup.manager [-] Deleting neutron.port object s_rally_00666127_fA1oJosI (d90515eb-6603-4f06-bf84-a0a40fb900a4)
2019-06-06 21:23:28.925 22701 RALLYDEBUG rally_openstack.cleanup.manager [-] Deleting neutron.port object s_rally_00666127_A1vPNrJD (d970c5d6-60c7-4b1e-a175-e54556cde38e)
2019-06-06 21:23:29.230 22701 RALLYDEBUG rally_openstack.cleanup.manager [-] Deleting neutron.port object s_rally_00666127_nuCyLGLs (d9850376-2a60-465c-9185-f08ccc6b12a0)
2019-06-06 21:23:29.342 22701 RALLYDEBUG rally_openstack.cleanup.manager [-] Deleting neutron.port object s_rally_00666127_guqUVvMA (d9dc4c79-026a-4cab-8989-68cabb7ccf2a)
2019-06-06 21:23:29.375 22701 RALLYDEBUG rally_openstack.cleanup.manager [-] Deleting neutron.port object s_rally_00666127_cCS8oRKH (dc06c254-7e1e-411e-a4ca-f1eca3dec2c5)
2019-06-06 21:23:29.376 22701 RALLYDEBUG rally_openstack.cleanup.manager [-] Deleting neutron.port object s_rally_00666127_4qWJZGkJ (db89f554-5653-4aa6-9def-951dc8b952c0)
2019-06-06 21:23:29.397 22701 RALLYDEBUG rally_openstack.cleanup.manager [-] Deleting neutron.port object s_rally_00666127_WA7xuFd7 (de051609-0f77-4561-ae88-beec9aba7c8f)
2019-06-06 21:23:29.452 22701 RALLYDEBUG rally_openstack.cleanup.manager [-] Deleting neutron.port object s_rally_00666127_6FspGgeq (de1c737d-7d1c-405d-82c6-0b02edfc8ebc)
2019-06-06 21:23:29.537 22701 RALLYDEBUG rally_openstack.cleanup.manager [-] Deleting neutron.port object s_rally_00666127_gLEb1zB1 (deb89895-be8c-45a3-a741-dc82950d8c51)
2019-06-06 21:23:29.594 22701 RALLYDEBUG rally_openstack.cleanup.manager [-] Deleting neutron.port object s_rally_00666127_kFvQ1qOx (df60ebda-bcf3-4a85-9433-bbd07f53f13c)
2019-06-06 21:23:29.745 22701 RALLYDEBUG rally_openstack.cleanup.manager [-] Deleting neutron.port object s_rally_00666127_8FwICZNB (df7d5f26-49d4-4934-a848-06fca56860b7)
2019-06-06 21:23:29.758 22701 RALLYDEBUG rally_openstack.cleanup.manager [-] Deleting neutron.port object s_rally_00666127_HnqDoYPV (e07ef2ed-1f1e-4f61-b7fa-2b85054f127f)
2019-06-06 21:23:29.919 22701 RALLYDEBUG rally_openstack.cleanup.manager [-] Deleting neutron.port object s_rally_00666127_c0FEK0nY (e103a66e-ac0b-4106-80fa-3a69ef55b554)
2019-06-06 21:23:30.079 22701 RALLYDEBUG rally_openstack.cleanup.manager [-] Deleting neutron.port object s_rally_00666127_cKpGP3hV (e23bf0ce-13b1-43f4-b878-6b6d6cd1f947)
2019-06-06 21:23:30.156 22701 RALLYDEBUG rally_openstack.cleanup.manager [-] Deleting neutron.port object s_rally_00666127_vev0LQhw (e34ec330-16e1-4c8b-93ba-b1d24f22b819)
2019-06-06 21:23:30.683 22701 RALLYDEBUG rally_openstack.cleanup.manager [-] Deleting neutron.port object s_rally_00666127_AsKZiGA9 (e474e97e-3919-4d53-a004-e45b1904f6df)
2019-06-06 21:23:31.055 22701 RALLYDEBUG rally_openstack.cleanup.manager [-] Deleting neutron.port object s_rally_00666127_r4nO1StW (e4b47cea-d316-48f2-af82-349883d03c2a)
2019-06-06 21:23:31.063 22701 RALLYDEBUG rally_openstack.cleanup.manager [-] Deleting neutron.port object s_rally_00666127_oYVShpjt (e60da9e1-3f0d-498a-b5b0-c82a2e5acaf8)
2019-06-06 21:23:31.102 22701 RALLYDEBUG rally_openstack.cleanup.manager [-] Deleting neutron.port object s_rally_00666127_gfhRHOFQ (e69c594c-2157-4f7a-b58d-c7e23990db42)
2019-06-06 21:23:31.153 22701 RALLYDEBUG rally_openstack.cleanup.manager [-] Deleting neutron.port object s_rally_00666127_sZefGdnQ (e722b874-e10f-44a8-88dd-ae982731df6a)
2019-06-06 21:23:31.160 22701 RALLYDEBUG rally_openstack.cleanup.manager [-] Deleting neutron.port object s_rally_00666127_BcGq9khO (e994ae79-3697-4a22-973d-3b62053ee204)
2019-06-06 21:23:31.492 22701 RALLYDEBUG rally_openstack.cleanup.manager [-] Deleting neutron.port object s_rally_00666127_1hoswdvp (eae7f6dd-efde-4503-b9a3-ae2678911f84)
2019-06-06 21:23:31.752 22701 RALLYDEBUG rally_openstack.cleanup.manager [-] Deleting neutron.port object s_rally_00666127_LIU8GnO8 (eb64b30c-b89f-462c-bce5-e36aa538e28a)
2019-06-06 21:23:31.787 22701 RALLYDEBUG rally_openstack.cleanup.manager [-] Deleting neutron.port object s_rally_00666127_MZsJHGcs (eb7476bb-0534-4c03-bc1c-090db334d66f)
2019-06-06 21:23:31.817 22701 RALLYDEBUG rally_openstack.cleanup.manager [-] Deleting neutron.port object s_rally_00666127_DIm7dka2 (ecac715e-51aa-4282-90c6-da435b28877b)
2019-06-06 21:23:31.975 22701 RALLYDEBUG rally_openstack.cleanup.manager [-] Deleting neutron.port object s_rally_00666127_z3ro0VIH (ecc5ef68-6899-4f45-a4de-8189237f1c03)
2019-06-06 21:23:32.082 22701 RALLYDEBUG rally_openstack.cleanup.manager [-] Deleting neutron.port object s_rally_00666127_ZAHoF1Ho (ee4b4432-2791-4560-9142-0673109801c0)
2019-06-06 21:23:32.188 22701 RALLYDEBUG rally_openstack.cleanup.manager [-] Deleting neutron.port object s_rally_00666127_QQlmLDcT (efa415a8-e877-41f1-b001-a5904e803160)
2019-06-06 21:23:32.328 22701 RALLYDEBUG rally_openstack.cleanup.manager [-] Deleting neutron.port object s_rally_00666127_LliWKq2s (efa76b4d-b55a-4a7b-91d2-ca3ffbcb8c4b)
2019-06-06 21:23:32.350 22701 RALLYDEBUG rally_openstack.cleanup.manager [-] Deleting neutron.port object s_rally_00666127_9ULJz8OS (efdf346d-dd2f-4269-85d3-b8d67b8c3952)
2019-06-06 21:23:32.370 22701 RALLYDEBUG rally_openstack.cleanup.manager [-] Deleting neutron.port object s_rally_00666127_CSvqBNMm (efe67236-59cf-444a-a17c-d46afd28295a)
2019-06-06 21:23:32.376 22701 RALLYDEBUG rally_openstack.cleanup.manager [-] Deleting neutron.port object s_rally_00666127_EQdxFozQ (f02998ca-b1db-4cf4-bc6c-85686a1dee71)
2019-06-06 21:23:32.396 22701 RALLYDEBUG rally_openstack.cleanup.manager [-] Deleting neutron.port object s_rally_00666127_7Se6tv5H (f154c445-d660-49db-b243-5a6dfc45dfa9)
2019-06-06 21:23:32.399 22701 RALLYDEBUG rally_openstack.cleanup.manager [-] Deleting neutron.port object s_rally_00666127_ggKJTzjk (f1b33b40-5b80-418a-bbbd-947a92870031)
2019-06-06 21:23:32.404 22701 RALLYDEBUG rally_openstack.cleanup.manager [-] Deleting neutron.port object s_rally_00666127_lXacl7Dq (f1c823d7-4faa-4820-8a2e-be6fd8088cba)
2019-06-06 21:23:33.082 22701 RALLYDEBUG rally_openstack.cleanup.manager [-] Deleting neutron.port object s_rally_00666127_TS4w7Iyt (f1f657ec-01c6-4824-821d-2a033acea6d0)
2019-06-06 21:23:33.251 22701 RALLYDEBUG rally_openstack.cleanup.manager [-] Deleting neutron.port object s_rally_00666127_MuSTB8vp (f22f7ee3-a279-41e6-9fad-0204101d6689)
2019-06-06 21:23:33.596 22701 RALLYDEBUG rally_openstack.cleanup.manager [-] Deleting neutron.port object s_rally_00666127_bkZwYRrT (f26baa99-a1b8-46c4-968f-323d14ab67d2)
2019-06-06 21:23:33.659 22701 RALLYDEBUG rally_openstack.cleanup.manager [-] Deleting neutron.port object s_rally_00666127_mvijymyT (f3037614-e7de-48b3-8c97-0500fc1f8479)
2019-06-06 21:23:33.697 22701 RALLYDEBUG rally_openstack.cleanup.manager [-] Deleting neutron.port object s_rally_00666127_yKro9BVn (f430d9a6-1e88-4677-9579-7aa199964a65)
2019-06-06 21:23:33.725 22701 RALLYDEBUG rally_openstack.cleanup.manager [-] Deleting neutron.port object s_rally_00666127_aW3zEJw8 (f4e9b5a0-c08c-47f2-934d-038220a5ad75)
2019-06-06 21:23:33.744 22701 RALLYDEBUG rally_openstack.cleanup.manager [-] Deleting neutron.port object s_rally_00666127_3VAzgvEB (f5698f2d-b3e7-4950-b8a1-d83c3cac9d04)
2019-06-06 21:23:33.956 22701 RALLYDEBUG rally_openstack.cleanup.manager [-] Deleting neutron.port object s_rally_00666127_UFwJYJf4 (f6015f52-811a-4f76-b320-1bb8b31bef79)
2019-06-06 21:23:34.089 22701 RALLYDEBUG rally_openstack.cleanup.manager [-] Deleting neutron.port object s_rally_00666127_jlOuKR4B (f99da6d9-4975-4664-91f5-81b03841ddce)
2019-06-06 21:23:34.272 22701 RALLYDEBUG rally_openstack.cleanup.manager [-] Deleting neutron.port object s_rally_00666127_LnQv1XWQ (fb858bc3-c4de-4e82-8202-dff7ad28ba4a)
2019-06-06 21:23:34.499 22701 RALLYDEBUG rally_openstack.cleanup.manager [-] Deleting neutron.port object s_rally_00666127_o497mf7g (fbf63b82-c111-4c5f-bb80-1f4b1a6fae9f)
2019-06-06 21:23:34.579 22701 RALLYDEBUG rally_openstack.cleanup.manager [-] Deleting neutron.port object s_rally_00666127_WvrKnYIi (fbfb04d1-55e4-424c-8e56-5e3faaf87c3c)
2019-06-06 21:23:34.762 22701 RALLYDEBUG rally_openstack.cleanup.manager [-] Deleting neutron.port object s_rally_00666127_eTZYn7g0 (fc46faa1-085e-4668-aeb2-ccf5e91ed9e4)
2019-06-06 21:23:34.806 22701 RALLYDEBUG rally_openstack.cleanup.manager [-] Deleting neutron.port object s_rally_00666127_uNgmr58Y (fd34048d-a37a-48e1-aa3c-0681671e3367)
2019-06-06 21:23:34.865 22701 RALLYDEBUG rally_openstack.cleanup.manager [-] Deleting neutron.port object s_rally_00666127_C9U1bwyA (ffad5a35-d168-4dcf-a3e5-f82e640ff670)
2019-06-06 21:23:34.886 22701 RALLYDEBUG rally_openstack.cleanup.manager [-] Deleting neutron.port object s_rally_00666127_bsIfTfz0 (ffe691a9-0a45-44d2-8660-5ca0e8c751b2)
2019-06-06 21:23:37.592 22701 RALLYDEBUG rally_openstack.cleanup.manager [-] Cleaning up neutron subnet objects
2019-06-06 21:23:38.275 22701 RALLYDEBUG rally_openstack.cleanup.manager [-] Cleaning up neutron network objects
2019-06-06 21:23:39.007 22701 RALLYDEBUG rally_openstack.cleanup.manager [-] Deleting neutron.network object s_rally_00666127_Pk4YyOEx (039b8a03-ca7c-4bcc-95ff-66405a3e8a42)
2019-06-06 21:23:39.013 22701 RALLYDEBUG rally_openstack.cleanup.manager [-] Deleting neutron.network object s_rally_00666127_m8SfITHg (0c88e3bd-c3be-41c8-82f3-6f054fed975b)
2019-06-06 21:23:39.024 22701 RALLYDEBUG rally_openstack.cleanup.manager [-] Deleting neutron.network object s_rally_00666127_XM8oSMJj (110bb0ae-c041-45f2-8028-68b4131796f1)
2019-06-06 21:23:39.025 22701 RALLYDEBUG rally_openstack.cleanup.manager [-] Deleting neutron.network object s_rally_00666127_KKkyJyd4 (778cca5b-906a-4040-ae0b-98fabf6d4b8f)
2019-06-06 21:23:39.033 22701 RALLYDEBUG rally_openstack.cleanup.manager [-] Deleting neutron.network object s_rally_00666127_iPiRLSYD (78e6510a-01e6-4f62-bd6b-672bdf0a8cc2)
2019-06-06 21:23:39.049 22701 RALLYDEBUG rally_openstack.cleanup.manager [-] Deleting neutron.network object s_rally_00666127_8ACGNmaN (4c28f282-b1d9-4545-ab7c-a6c6ffef770e)
2019-06-06 21:23:39.050 22701 RALLYDEBUG rally_openstack.cleanup.manager [-] Deleting neutron.network object s_rally_00666127_8152C0UZ (b6dcce01-3a8f-430d-a379-8b409afc7b07)
2019-06-06 21:23:39.066 22701 RALLYDEBUG rally_openstack.cleanup.manager [-] Deleting neutron.network object s_rally_00666127_wMIxgmO6 (ee038bc5-7ff5-4188-95a7-9193d93e90b7)
2019-06-06 21:23:42.185 22701 RALLYDEBUG rally_openstack.cleanup.manager [-] Cleaning up neutron router objects
2019-06-06 21:23:42.982 22701 RALLYDEBUG rally_openstack.cleanup.manager [-] Cleaning up neutron security_group objects
2019-06-06 21:23:43.765 22701 INFO rally.task.context [-] Task cb6eaf6b-374d-44b1-9435-62556d46ec6d | Context cleanup@openstack cleanup() finished in 1.04 min
2019-06-06 21:23:43.766 22701 INFO rally.task.context [-] Task cb6eaf6b-374d-44b1-9435-62556d46ec6d | Context quotas@openstack cleanup() started
2019-06-06 21:23:44.030 22701 INFO rally.task.context [-] Task cb6eaf6b-374d-44b1-9435-62556d46ec6d | Context quotas@openstack cleanup() finished in 0.26 sec
2019-06-06 21:23:44.030 22701 INFO rally.task.context [-] Task cb6eaf6b-374d-44b1-9435-62556d46ec6d | Context users@openstack cleanup() started
2019-06-06 21:23:49.024 22701 INFO rally.task.context [-] Task cb6eaf6b-374d-44b1-9435-62556d46ec6d | Context users@openstack cleanup() finished in 4.99 sec
2019-06-06 21:23:50.131 22701 INFO rally.task.engine [-] Load duration is: 92.108162
2019-06-06 21:23:50.132 22701 INFO rally.task.engine [-] Full runner duration is: 92.156561
2019-06-06 21:23:50.132 22701 INFO rally.task.engine [-] Full duration is: 165.518159
2019-06-06 21:23:50.334 22701 INFO rally.task.engine [-] Running workload: position = 1 config = { "version": 2, "title": "A cropped version of a bigger task.", "description": "Auto-generated task from a single workload (uuid=238165f6-cb20-4616-90f2-01b363cdef78)", "subtasks": [ { "title": "NeutronNetworks.create_and_update_ports", "description": "Create and update a given number of ports.", "scenario": { "NeutronNetworks.create_and_update_ports": { "network_create_args": {}, "port_create_args": {}, "ports_per_network": 5, "port_update_args": { "admin_state_up": false, "device_id": "dummy_id", "device_owner": "dummy_owner", "name": "_port_updated" } } }, "contexts": { "users": { "tenants": 1, "users_per_tenant": 1 }, "quotas": { "neutron": { "network": -1, "port": -1 } } }, "runner": { "constant": { "times": 40, "concurrency": 20 } }, "hooks": [], "sla": { "failure_rate": { "max": 0 } } } ] }
2019-06-06 21:23:50.357 22701 RALLYDEBUG rally_openstack.contexts.keystone.users [-] Creating 1 tenants using 20 threads
2019-06-06 21:23:52.249 22701 RALLYDEBUG rally_openstack.contexts.keystone.users [-] Creating 1 users using 20 threads
2019-06-06 21:23:55.152 22701 INFO rally.task.context [-] Task cb6eaf6b-374d-44b1-9435-62556d46ec6d | Context users@openstack setup() finished in 4.80 sec
2019-06-06 21:23:55.963 22701 INFO rally.task.context [-] Task cb6eaf6b-374d-44b1-9435-62556d46ec6d | Context quotas@openstack setup() finished in 0.81 sec
2019-06-06 21:23:55.963 22701 INFO rally.task.context [-] Task cb6eaf6b-374d-44b1-9435-62556d46ec6d | Context cleanup@openstack setup() finished in 0.01 msec
2019-06-06 21:23:55.971 22701 RALLYDEBUG rally.task.runner [-] Starting the constant runner (task UUID: cb6eaf6b-374d-44b1-9435-62556d46ec6d). timeout: 0 concurrency: 20 concurrency_per_worker: 1 times: 40 concurrency_overhead: 4 processes_to_start: 16 max_cpu_used: 16
2019-06-06 21:23:55.982 26577 RALLYDEBUG rally.task.runner [-] Starting a worker. concurrency: 2 args: {"network_create_args": {}, "port_create_args": {}, "ports_per_network": 5, "port_update_args": {"admin_state_up": false, "device_id": "dummy_id", "device_owner": "dummy_owner", "name": "_port_updated"}} times: 40 method_name: run timeout: 0 duration: None cls:
2019-06-06 21:23:55.988 26578 RALLYDEBUG rally.task.runner [-] Starting a worker. concurrency: 2 args: {"network_create_args": {}, "port_create_args": {}, "ports_per_network": 5, "port_update_args": {"admin_state_up": false, "device_id": "dummy_id", "device_owner": "dummy_owner", "name": "_port_updated"}} times: 40 method_name: run timeout: 0 duration: None cls:
2019-06-06 21:23:55.989 26579 RALLYDEBUG rally.task.runner [-] Starting a worker. concurrency: 2 args: {"network_create_args": {}, "port_create_args": {}, "ports_per_network": 5, "port_update_args": {"admin_state_up": false, "device_id": "dummy_id", "device_owner": "dummy_owner", "name": "_port_updated"}} times: 40 method_name: run timeout: 0 duration: None cls:
2019-06-06 21:23:55.989 26577 INFO rally.task.runner [-] Task cb6eaf6b-374d-44b1-9435-62556d46ec6d | ITER: 1 START
2019-06-06 21:23:55.990 26577 INFO rally.task.runner [-] Task cb6eaf6b-374d-44b1-9435-62556d46ec6d | ITER: 2 START
2019-06-06 21:23:55.991 26577 WARNING rally_openstack.scenarios.neutron.utils [-] Running this scenario without either the 'network' or 'existing_network' context is deprecated
2019-06-06 21:23:55.993 26581 RALLYDEBUG rally.task.runner [-] Starting a worker. concurrency: 2 args: {"network_create_args": {}, "port_create_args": {}, "ports_per_network": 5, "port_update_args": {"admin_state_up": false, "device_id": "dummy_id", "device_owner": "dummy_owner", "name": "_port_updated"}} times: 40 method_name: run timeout: 0 duration: None cls:
2019-06-06 21:23:55.995 26584 RALLYDEBUG rally.task.runner [-] Starting a worker. concurrency: 1 args: {"network_create_args": {}, "port_create_args": {}, "ports_per_network": 5, "port_update_args": {"admin_state_up": false, "device_id": "dummy_id", "device_owner": "dummy_owner", "name": "_port_updated"}} times: 40 method_name: run timeout: 0 duration: None cls:
2019-06-06 21:23:55.996 26579 INFO rally.task.runner [-] Task cb6eaf6b-374d-44b1-9435-62556d46ec6d | ITER: 4 START
2019-06-06 21:23:55.992 26577 WARNING rally_openstack.scenarios.neutron.utils [-] Running this scenario without either the 'network' or 'existing_network' context is deprecated
2019-06-06 21:23:55.998 26578 INFO rally.task.runner [-] Task cb6eaf6b-374d-44b1-9435-62556d46ec6d | ITER: 3 START
2019-06-06 21:23:55.999 26579 INFO rally.task.runner [-] Task cb6eaf6b-374d-44b1-9435-62556d46ec6d | ITER: 5 START
2019-06-06 21:23:56.000 26578 WARNING rally_openstack.scenarios.neutron.utils [-] Running this scenario without either the 'network' or 'existing_network' context is deprecated
2019-06-06 21:23:56.000 26579 WARNING rally_openstack.scenarios.neutron.utils [-] Running this scenario without either the 'network' or 'existing_network' context is deprecated
2019-06-06 21:23:56.001 26584 INFO rally.task.runner [-] Task cb6eaf6b-374d-44b1-9435-62556d46ec6d | ITER: 8 START
2019-06-06 21:23:56.000 26591 RALLYDEBUG rally.task.runner [-] Starting a worker. concurrency: 1 args: {"network_create_args": {}, "port_create_args": {}, "ports_per_network": 5, "port_update_args": {"admin_state_up": false, "device_id": "dummy_id", "device_owner": "dummy_owner", "name": "_port_updated"}} times: 40 method_name: run timeout: 0 duration: None cls:
2019-06-06 21:23:56.000 26586 RALLYDEBUG rally.task.runner [-] Starting a worker. concurrency: 1 args: {"network_create_args": {}, "port_create_args": {}, "ports_per_network": 5, "port_update_args": {"admin_state_up": false, "device_id": "dummy_id", "device_owner": "dummy_owner", "name": "_port_updated"}} times: 40 method_name: run timeout: 0 duration: None cls:
2019-06-06 21:23:56.002 26584 WARNING rally_openstack.scenarios.neutron.utils [-] Running this scenario without either the 'network' or 'existing_network' context is deprecated
2019-06-06 21:23:56.003 26578 INFO rally.task.runner [-] Task cb6eaf6b-374d-44b1-9435-62556d46ec6d | ITER: 6 START
2019-06-06 21:23:56.006 26591 INFO rally.task.runner [-] Task cb6eaf6b-374d-44b1-9435-62556d46ec6d | ITER: 10 START
2019-06-06 21:23:56.006 26594 RALLYDEBUG rally.task.runner [-] Starting a worker. concurrency: 1 args: {"network_create_args": {}, "port_create_args": {}, "ports_per_network": 5, "port_update_args": {"admin_state_up": false, "device_id": "dummy_id", "device_owner": "dummy_owner", "name": "_port_updated"}} times: 40 method_name: run timeout: 0 duration: None cls:
2019-06-06 21:23:56.000 26579 WARNING rally_openstack.scenarios.neutron.utils [-] Running this scenario without either the 'network' or 'existing_network' context is deprecated
2019-06-06 21:23:56.007 26591 WARNING rally_openstack.scenarios.neutron.utils [-] Running this scenario without either the 'network' or 'existing_network' context is deprecated
2019-06-06 21:23:56.006 26581 INFO rally.task.runner [-] Task cb6eaf6b-374d-44b1-9435-62556d46ec6d | ITER: 7 START
2019-06-06 21:23:56.008 26598 RALLYDEBUG rally.task.runner [-] Starting a worker. concurrency: 1 args: {"network_create_args": {}, "port_create_args": {}, "ports_per_network": 5, "port_update_args": {"admin_state_up": false, "device_id": "dummy_id", "device_owner": "dummy_owner", "name": "_port_updated"}} times: 40 method_name: run timeout: 0 duration: None cls:
2019-06-06 21:23:56.004 26578 WARNING rally_openstack.scenarios.neutron.utils [-] Running this scenario without either the 'network' or 'existing_network' context is deprecated
2019-06-06 21:23:56.008 26581 INFO rally.task.runner [-] Task cb6eaf6b-374d-44b1-9435-62556d46ec6d | ITER: 9 START
2019-06-06 21:23:56.009 26581 WARNING rally_openstack.scenarios.neutron.utils [-] Running this scenario without either the 'network' or 'existing_network' context is deprecated
2019-06-06 21:23:56.012 26594 INFO rally.task.runner [-] Task cb6eaf6b-374d-44b1-9435-62556d46ec6d | ITER: 12 START
2019-06-06 21:23:56.012 26602 RALLYDEBUG rally.task.runner [-] Starting a worker. concurrency: 1 args: {"network_create_args": {}, "port_create_args": {}, "ports_per_network": 5, "port_update_args": {"admin_state_up": false, "device_id": "dummy_id", "device_owner": "dummy_owner", "name": "_port_updated"}} times: 40 method_name: run timeout: 0 duration: None cls:
2019-06-06 21:23:56.013 26598 INFO rally.task.runner [-] Task cb6eaf6b-374d-44b1-9435-62556d46ec6d | ITER: 13 START
2019-06-06 21:23:56.014 26594 WARNING rally_openstack.scenarios.neutron.utils [-] Running this scenario without either the 'network' or 'existing_network' context is deprecated
2019-06-06 21:23:56.015 26598 WARNING rally_openstack.scenarios.neutron.utils [-] Running this scenario without either the 'network' or 'existing_network' context is deprecated
2019-06-06 21:23:56.015 26604 RALLYDEBUG rally.task.runner [-] Starting a worker. concurrency: 1 args: {"network_create_args": {}, "port_create_args": {}, "ports_per_network": 5, "port_update_args": {"admin_state_up": false, "device_id": "dummy_id", "device_owner": "dummy_owner", "name": "_port_updated"}} times: 40 method_name: run timeout: 0 duration: None cls:
2019-06-06 21:23:56.015 26586 INFO rally.task.runner [-] Task cb6eaf6b-374d-44b1-9435-62556d46ec6d | ITER: 11 START
2019-06-06 21:23:56.010 26581 WARNING rally_openstack.scenarios.neutron.utils [-] Running this scenario without either the 'network' or 'existing_network' context is deprecated
2019-06-06 21:23:56.017 26586 WARNING rally_openstack.scenarios.neutron.utils [-] Running this scenario without either the 'network' or 'existing_network' context is deprecated
2019-06-06 21:23:56.020 26602 INFO rally.task.runner [-] Task cb6eaf6b-374d-44b1-9435-62556d46ec6d | ITER: 14 START
2019-06-06 21:23:56.022 26602 WARNING rally_openstack.scenarios.neutron.utils [-] Running this scenario without either the 'network' or 'existing_network' context is deprecated
2019-06-06 21:23:56.026 26604 INFO rally.task.runner [-] Task cb6eaf6b-374d-44b1-9435-62556d46ec6d | ITER: 15 START
2019-06-06 21:23:56.030 26604 WARNING rally_openstack.scenarios.neutron.utils [-] Running this scenario without either the 'network' or 'existing_network' context is deprecated
2019-06-06 21:23:56.028 26610 RALLYDEBUG rally.task.runner [-] Starting a worker. concurrency: 1 args: {"network_create_args": {}, "port_create_args": {}, "ports_per_network": 5, "port_update_args": {"admin_state_up": false, "device_id": "dummy_id", "device_owner": "dummy_owner", "name": "_port_updated"}} times: 40 method_name: run timeout: 0 duration: None cls:
2019-06-06 21:23:56.032 26615 RALLYDEBUG rally.task.runner [-] Starting a worker. concurrency: 1 args: {"network_create_args": {}, "port_create_args": {}, "ports_per_network": 5, "port_update_args": {"admin_state_up": false, "device_id": "dummy_id", "device_owner": "dummy_owner", "name": "_port_updated"}} times: 40 method_name: run timeout: 0 duration: None cls:
2019-06-06 21:23:56.036 26615 INFO rally.task.runner [-] Task cb6eaf6b-374d-44b1-9435-62556d46ec6d | ITER: 17 START
2019-06-06 21:23:56.037 26615 WARNING rally_openstack.scenarios.neutron.utils [-] Running this scenario without either the 'network' or 'existing_network' context is deprecated
2019-06-06 21:23:56.038 26610 INFO rally.task.runner [-] Task cb6eaf6b-374d-44b1-9435-62556d46ec6d | ITER: 16 START
2019-06-06 21:23:56.039 26610 WARNING rally_openstack.scenarios.neutron.utils [-] Running this scenario without either the 'network' or 'existing_network' context is deprecated
2019-06-06 21:23:56.055 26622 RALLYDEBUG rally.task.runner [-] Starting a worker. concurrency: 1 args: {"network_create_args": {}, "port_create_args": {}, "ports_per_network": 5, "port_update_args": {"admin_state_up": false, "device_id": "dummy_id", "device_owner": "dummy_owner", "name": "_port_updated"}} times: 40 method_name: run timeout: 0 duration: None cls:
2019-06-06 21:23:56.052 26620 RALLYDEBUG rally.task.runner [-] Starting a worker. concurrency: 1 args: {"network_create_args": {}, "port_create_args": {}, "ports_per_network": 5, "port_update_args": {"admin_state_up": false, "device_id": "dummy_id", "device_owner": "dummy_owner", "name": "_port_updated"}} times: 40 method_name: run timeout: 0 duration: None cls:
2019-06-06 21:23:56.052 26621 RALLYDEBUG rally.task.runner [-] Starting a worker. concurrency: 1 args: {"network_create_args": {}, "port_create_args": {}, "ports_per_network": 5, "port_update_args": {"admin_state_up": false, "device_id": "dummy_id", "device_owner": "dummy_owner", "name": "_port_updated"}} times: 40 method_name: run timeout: 0 duration: None cls:
2019-06-06 21:23:56.064 26620 INFO rally.task.runner [-] Task cb6eaf6b-374d-44b1-9435-62556d46ec6d | ITER: 20 START
2019-06-06 21:23:56.064 26621 INFO rally.task.runner [-] Task cb6eaf6b-374d-44b1-9435-62556d46ec6d | ITER: 18 START
2019-06-06 21:23:56.064 26622 INFO rally.task.runner [-] Task cb6eaf6b-374d-44b1-9435-62556d46ec6d | ITER: 19 START
2019-06-06 21:23:56.067 26620 WARNING rally_openstack.scenarios.neutron.utils [-] Running this scenario without either the 'network' or 'existing_network' context is deprecated
2019-06-06 21:23:56.067 26622 WARNING rally_openstack.scenarios.neutron.utils [-] Running this scenario without either the 'network' or 'existing_network' context is deprecated
2019-06-06 21:23:56.067 26621 WARNING rally_openstack.scenarios.neutron.utils [-] Running this scenario without either the 'network' or 'existing_network' context is deprecated
2019-06-06 21:24:08.071 26621 INFO rally.task.runner [-] Task cb6eaf6b-374d-44b1-9435-62556d46ec6d | ITER: 18 END: OK
2019-06-06 21:24:08.076 26621 INFO rally.task.runner [-] Task cb6eaf6b-374d-44b1-9435-62556d46ec6d | ITER: 21 START
2019-06-06 21:24:08.077 26621 WARNING rally_openstack.scenarios.neutron.utils [-] Running this scenario without either the 'network' or 'existing_network' context is deprecated
2019-06-06 21:24:09.398 26579 INFO rally.task.runner [-] Task cb6eaf6b-374d-44b1-9435-62556d46ec6d | ITER: 5 END: OK
2019-06-06 21:24:09.404 26579 INFO rally.task.runner [-] Task cb6eaf6b-374d-44b1-9435-62556d46ec6d | ITER: 22 START
2019-06-06 21:24:09.404 26579 WARNING rally_openstack.scenarios.neutron.utils [-] Running this scenario without either the 'network' or 'existing_network' context is deprecated
2019-06-06 21:24:09.858 26581 INFO rally.task.runner [-] Task cb6eaf6b-374d-44b1-9435-62556d46ec6d | ITER: 7 END: OK
2019-06-06 21:24:09.863 26581 INFO rally.task.runner [-] Task cb6eaf6b-374d-44b1-9435-62556d46ec6d | ITER: 23 START
2019-06-06 21:24:09.864 26581 WARNING rally_openstack.scenarios.neutron.utils [-] Running this scenario without either the 'network' or 'existing_network' context is deprecated
2019-06-06 21:24:09.893 26586 INFO rally.task.runner [-] Task cb6eaf6b-374d-44b1-9435-62556d46ec6d | ITER: 11 END: OK
2019-06-06 21:24:09.897 26586 INFO rally.task.runner [-] Task cb6eaf6b-374d-44b1-9435-62556d46ec6d | ITER: 24 START
2019-06-06 21:24:09.898 26586 WARNING rally_openstack.scenarios.neutron.utils [-] Running this scenario without either the 'network' or 'existing_network' context is deprecated
2019-06-06 21:24:10.519 26594 INFO rally.task.runner [-] Task cb6eaf6b-374d-44b1-9435-62556d46ec6d | ITER: 12 END: OK
2019-06-06 21:24:10.524 26594 INFO rally.task.runner [-] Task cb6eaf6b-374d-44b1-9435-62556d46ec6d | ITER: 25 START
2019-06-06 21:24:10.525 26594 WARNING rally_openstack.scenarios.neutron.utils [-] Running this scenario without either the 'network' or 'existing_network' context is deprecated
2019-06-06 21:24:10.667 26598 INFO rally.task.runner [-] Task cb6eaf6b-374d-44b1-9435-62556d46ec6d | ITER: 13 END: OK
2019-06-06 21:24:10.672 26598 INFO rally.task.runner [-] Task cb6eaf6b-374d-44b1-9435-62556d46ec6d | ITER: 26 START
2019-06-06 21:24:10.672 26598 WARNING rally_openstack.scenarios.neutron.utils [-] Running this scenario without either the 'network' or 'existing_network' context is deprecated
2019-06-06 21:24:10.689 26622 INFO rally.task.runner [-] Task cb6eaf6b-374d-44b1-9435-62556d46ec6d | ITER: 19 END: OK
2019-06-06 21:24:10.694 26622 INFO rally.task.runner [-] Task cb6eaf6b-374d-44b1-9435-62556d46ec6d | ITER: 27 START
2019-06-06 21:24:10.694 26622 WARNING rally_openstack.scenarios.neutron.utils [-] Running this scenario without either the 'network' or 'existing_network' context is deprecated
2019-06-06 21:24:10.717 26620 INFO rally.task.runner [-] Task cb6eaf6b-374d-44b1-9435-62556d46ec6d | ITER: 20 END: OK
2019-06-06 21:24:10.722 26620 INFO rally.task.runner [-] Task cb6eaf6b-374d-44b1-9435-62556d46ec6d | ITER: 28 START
2019-06-06 21:24:10.722 26620 WARNING rally_openstack.scenarios.neutron.utils [-] Running this scenario without either the 'network' or 'existing_network' context is deprecated
2019-06-06 21:24:11.347 26602 INFO rally.task.runner [-] Task cb6eaf6b-374d-44b1-9435-62556d46ec6d | ITER: 14 END: OK
2019-06-06 21:24:11.351 26602 INFO rally.task.runner [-] Task cb6eaf6b-374d-44b1-9435-62556d46ec6d | ITER: 29 START
2019-06-06 21:24:11.352 26602 WARNING rally_openstack.scenarios.neutron.utils [-] Running this scenario without either the 'network' or 'existing_network' context is deprecated
2019-06-06 21:24:11.415 26584 INFO rally.task.runner [-] Task cb6eaf6b-374d-44b1-9435-62556d46ec6d | ITER: 8 END: OK
2019-06-06 21:24:11.420 26584 INFO rally.task.runner [-] Task cb6eaf6b-374d-44b1-9435-62556d46ec6d | ITER: 30 START
2019-06-06 21:24:11.420 26584 WARNING rally_openstack.scenarios.neutron.utils [-] Running this scenario without either the 'network' or 'existing_network' context is deprecated
2019-06-06 21:24:11.461 26615 INFO rally.task.runner [-] Task cb6eaf6b-374d-44b1-9435-62556d46ec6d | ITER: 17 END: OK
2019-06-06 21:24:11.465 26615 INFO rally.task.runner [-] Task cb6eaf6b-374d-44b1-9435-62556d46ec6d | ITER: 31 START
2019-06-06 21:24:11.466 26615 WARNING rally_openstack.scenarios.neutron.utils [-] Running this scenario without either the 'network' or 'existing_network' context is deprecated
2019-06-06 21:24:11.536 26610 INFO rally.task.runner [-] Task cb6eaf6b-374d-44b1-9435-62556d46ec6d | ITER: 16 END: OK
2019-06-06 21:24:11.540 26610 INFO rally.task.runner [-] Task cb6eaf6b-374d-44b1-9435-62556d46ec6d | ITER: 32 START
2019-06-06 21:24:11.541 26610 WARNING rally_openstack.scenarios.neutron.utils [-] Running this scenario without either the 'network' or 'existing_network' context is deprecated
2019-06-06 21:24:11.793 26604 INFO rally.task.runner [-] Task cb6eaf6b-374d-44b1-9435-62556d46ec6d | ITER: 15 END: OK
2019-06-06 21:24:11.798 26604 INFO rally.task.runner [-] Task cb6eaf6b-374d-44b1-9435-62556d46ec6d | ITER: 33 START
2019-06-06 21:24:11.799 26604 WARNING rally_openstack.scenarios.neutron.utils [-] Running this scenario without either the 'network' or 'existing_network' context is deprecated
2019-06-06 21:24:11.799 26579 INFO rally.task.runner [-] Task cb6eaf6b-374d-44b1-9435-62556d46ec6d | ITER: 4 END: OK
2019-06-06 21:24:11.803 26579 INFO rally.task.runner [-] Task cb6eaf6b-374d-44b1-9435-62556d46ec6d | ITER: 34 START
2019-06-06 21:24:11.804 26579 WARNING rally_openstack.scenarios.neutron.utils [-] Running this scenario without either the 'network' or 'existing_network' context is deprecated
2019-06-06 21:24:12.448 26577 INFO rally.task.runner [-] Task cb6eaf6b-374d-44b1-9435-62556d46ec6d | ITER: 1 END: OK
2019-06-06 21:24:12.452 26577 INFO rally.task.runner [-] Task cb6eaf6b-374d-44b1-9435-62556d46ec6d | ITER: 35 START
2019-06-06 21:24:12.453 26577 WARNING rally_openstack.scenarios.neutron.utils [-] Running this scenario without either the 'network' or 'existing_network' context is deprecated
2019-06-06 21:24:12.575 26591 INFO rally.task.runner [-] Task cb6eaf6b-374d-44b1-9435-62556d46ec6d | ITER: 10 END: OK
2019-06-06 21:24:12.579 26591 INFO rally.task.runner [-] Task cb6eaf6b-374d-44b1-9435-62556d46ec6d | ITER: 36 START
2019-06-06 21:24:12.580 26591 WARNING rally_openstack.scenarios.neutron.utils [-] Running this scenario without either the 'network' or 'existing_network' context is deprecated
2019-06-06 21:24:12.856 26581 INFO rally.task.runner [-] Task cb6eaf6b-374d-44b1-9435-62556d46ec6d | ITER: 9 END: OK
2019-06-06 21:24:12.861 26581 INFO rally.task.runner [-] Task cb6eaf6b-374d-44b1-9435-62556d46ec6d | ITER: 37 START
2019-06-06 21:24:12.861 26581 WARNING rally_openstack.scenarios.neutron.utils [-] Running this scenario without either the 'network' or 'existing_network' context is deprecated
2019-06-06 21:24:13.353 26578 INFO rally.task.runner [-] Task cb6eaf6b-374d-44b1-9435-62556d46ec6d | ITER: 3 END: OK
2019-06-06 21:24:13.357 26578 INFO rally.task.runner [-] Task cb6eaf6b-374d-44b1-9435-62556d46ec6d | ITER: 38 START
2019-06-06 21:24:13.358 26578 WARNING rally_openstack.scenarios.neutron.utils [-] Running this scenario without either the 'network' or 'existing_network' context is deprecated
2019-06-06 21:24:13.428 26578 INFO rally.task.runner [-] Task cb6eaf6b-374d-44b1-9435-62556d46ec6d | ITER: 6 END: OK
2019-06-06 21:24:13.432 26578 INFO rally.task.runner [-] Task cb6eaf6b-374d-44b1-9435-62556d46ec6d | ITER: 39 START
2019-06-06 21:24:13.433 26578 WARNING rally_openstack.scenarios.neutron.utils [-] Running this scenario without either the 'network' or 'existing_network' context is deprecated
2019-06-06 21:24:13.570 26577 INFO rally.task.runner [-] Task cb6eaf6b-374d-44b1-9435-62556d46ec6d | ITER: 2 END: OK
2019-06-06 21:24:13.574 26577 INFO rally.task.runner [-] Task cb6eaf6b-374d-44b1-9435-62556d46ec6d | ITER: 40 START
2019-06-06 21:24:13.575 26577 WARNING rally_openstack.scenarios.neutron.utils [-] Running this scenario without either the 'network' or 'existing_network' context is deprecated
2019-06-06 21:24:22.051 26621 INFO rally.task.runner [-] Task cb6eaf6b-374d-44b1-9435-62556d46ec6d | ITER: 21 END: OK
2019-06-06 21:24:22.574 26581 INFO rally.task.runner [-] Task cb6eaf6b-374d-44b1-9435-62556d46ec6d | ITER: 23 END: OK
2019-06-06 21:24:22.711 26622 INFO rally.task.runner [-] Task cb6eaf6b-374d-44b1-9435-62556d46ec6d | ITER: 27 END: OK
2019-06-06 21:24:22.992 26579 INFO rally.task.runner [-] Task cb6eaf6b-374d-44b1-9435-62556d46ec6d | ITER: 22 END: OK
2019-06-06 21:24:23.591 26586 INFO rally.task.runner [-] Task cb6eaf6b-374d-44b1-9435-62556d46ec6d | ITER: 24 END: OK
2019-06-06 21:24:24.401 26598 INFO rally.task.runner [-] Task cb6eaf6b-374d-44b1-9435-62556d46ec6d | ITER: 26 END: OK
2019-06-06 21:24:24.663 26620 INFO rally.task.runner [-] Task cb6eaf6b-374d-44b1-9435-62556d46ec6d | ITER: 28 END: OK
2019-06-06 21:24:25.067 26615 INFO rally.task.runner [-] Task cb6eaf6b-374d-44b1-9435-62556d46ec6d | ITER: 31 END: OK
2019-06-06 21:24:25.159 26584 INFO rally.task.runner [-] Task cb6eaf6b-374d-44b1-9435-62556d46ec6d | ITER: 30 END: OK
2019-06-06 21:24:25.504 26594 INFO rally.task.runner [-] Task cb6eaf6b-374d-44b1-9435-62556d46ec6d | ITER: 25 END: OK
2019-06-06 21:24:25.744 26602 INFO rally.task.runner [-] Task cb6eaf6b-374d-44b1-9435-62556d46ec6d | ITER: 29 END: OK
2019-06-06 21:24:25.996 26610 INFO rally.task.runner [-] Task cb6eaf6b-374d-44b1-9435-62556d46ec6d | ITER: 32 END: OK
2019-06-06 21:24:26.464 26591 INFO rally.task.runner [-] Task cb6eaf6b-374d-44b1-9435-62556d46ec6d | ITER: 36 END: OK
2019-06-06 21:24:26.736 26577 INFO rally.task.runner [-] Task cb6eaf6b-374d-44b1-9435-62556d46ec6d | ITER: 40 END: OK
2019-06-06 21:24:26.820 26577 INFO rally.task.runner [-] Task cb6eaf6b-374d-44b1-9435-62556d46ec6d | ITER: 35 END: OK
2019-06-06 21:24:27.026 26604 INFO rally.task.runner [-] Task cb6eaf6b-374d-44b1-9435-62556d46ec6d | ITER: 33 END: OK
2019-06-06 21:24:27.196 26578 INFO rally.task.runner [-] Task cb6eaf6b-374d-44b1-9435-62556d46ec6d | ITER: 39 END: OK
2019-06-06 21:24:27.528 26579 INFO rally.task.runner [-] Task cb6eaf6b-374d-44b1-9435-62556d46ec6d | ITER: 34 END: OK
2019-06-06 21:24:27.672 26578 INFO rally.task.runner [-] Task cb6eaf6b-374d-44b1-9435-62556d46ec6d | ITER: 38 END: OK
2019-06-06 21:24:27.861 26581 INFO rally.task.runner [-] Task cb6eaf6b-374d-44b1-9435-62556d46ec6d | ITER: 37 END: OK
2019-06-06 21:24:27.886 22701 INFO rally.task.context [-] Task cb6eaf6b-374d-44b1-9435-62556d46ec6d | Context cleanup@openstack cleanup() started
2019-06-06 21:24:27.889 22701 RALLYDEBUG rally_openstack.cleanup.manager [-] Cleaning up neutron vip objects
2019-06-06 21:24:28.626 22701 RALLYDEBUG rally_openstack.cleanup.manager [-] Cleaning up neutron health_monitor objects
2019-06-06 21:24:29.373 22701 RALLYDEBUG rally_openstack.cleanup.manager [-] Cleaning up neutron pool objects
2019-06-06 21:24:30.020 22701 RALLYDEBUG rally_openstack.cleanup.manager [-] Cleaning up neutron loadbalancer objects
2019-06-06 21:24:30.746 22701 RALLYDEBUG rally_openstack.cleanup.manager [-] Cleaning up neutron floatingip objects
2019-06-06 21:24:31.788 22701 RALLYDEBUG rally_openstack.cleanup.manager [-] Cleaning up neutron port objects
2019-06-06 21:24:32.919 22701 RALLYDEBUG rally_openstack.cleanup.manager [-] Deleting neutron.port object s_rally_238165f6_SUaq7Ooc (0d7c966f-1c65-4060-b374-102c3a642e69)
2019-06-06 21:24:32.919 22701 RALLYDEBUG rally_openstack.cleanup.manager [-] Deleting neutron.port object s_rally_238165f6_jl1xsLQI (0eda1a5b-550a-4813-98a4-d6849d6c8ffb)
2019-06-06 21:24:32.923 22701 RALLYDEBUG rally_openstack.cleanup.manager [-] Deleting neutron.port object s_rally_238165f6_M6wjyVuB (0e294a66-e6ea-4463-878c-e5fb46bee83c)
2019-06-06 21:24:32.925 22701 RALLYDEBUG rally_openstack.cleanup.manager [-] Deleting neutron.port object s_rally_238165f6_RYEwn8Tw (053bd41a-c84d-43ab-a1ca-f9c32ac09332)
2019-06-06 21:24:32.926 22701 RALLYDEBUG rally_openstack.cleanup.manager [-] Deleting neutron.port object s_rally_238165f6_ogKpDtUm (103c3466-d21f-46a2-a555-06844b539239)
2019-06-06 21:24:32.932 22701 RALLYDEBUG rally_openstack.cleanup.manager [-] Deleting neutron.port object s_rally_238165f6_50uzloxf (06e72cef-b934-4f6b-8a5d-19b4a5df3090)
2019-06-06 21:24:32.937 22701 RALLYDEBUG rally_openstack.cleanup.manager [-] Deleting neutron.port object s_rally_238165f6_m7KlLE12 (0aed5570-224b-4e44-914b-616a6eb67222)
2019-06-06 21:24:32.938 22701 RALLYDEBUG rally_openstack.cleanup.manager [-] Deleting neutron.port object s_rally_238165f6_nHOCz3C7 (17e03337-ee80-49b5-b325-7881557bfb97)
2019-06-06 21:24:32.939 22701 RALLYDEBUG rally_openstack.cleanup.manager [-] Deleting neutron.port object s_rally_238165f6_KxcfIgey (0305ef97-55b7-4b64-a110-23ac526b375e)
2019-06-06 21:24:32.951 22701 RALLYDEBUG rally_openstack.cleanup.manager [-] Deleting neutron.port object s_rally_238165f6_9G2hLgBM (154ede99-7c6f-46ac-9602-44fa26fa7a79)
2019-06-06 21:24:32.953 22701 RALLYDEBUG rally_openstack.cleanup.manager [-] Deleting neutron.port object s_rally_238165f6_fwvVxGCP (0b61c178-598c-4be6-a9d3-17a4a526a633)
2019-06-06 21:24:32.963 22701 RALLYDEBUG rally_openstack.cleanup.manager [-] Deleting neutron.port object s_rally_238165f6_e0C2gvZa (1a27e885-f8ff-4e8e-9510-7dff4987c78e)
2019-06-06 21:24:32.967 22701 RALLYDEBUG rally_openstack.cleanup.manager [-] Deleting neutron.port object s_rally_238165f6_rUc7xYlJ (083c90ee-ffb8-4d68-971e-c4bb08645e42)
2019-06-06 21:24:32.973 22701 RALLYDEBUG rally_openstack.cleanup.manager [-] Deleting neutron.port object s_rally_238165f6_PhR6Kd8t (0e8a17e4-0c75-4616-a93e-9f59d307a109)
2019-06-06 21:24:32.977 22701 RALLYDEBUG rally_openstack.cleanup.manager [-] Deleting neutron.port object s_rally_238165f6_00rrD6O5 (0900c694-e951-4969-83cb-6f73a5cd5cf1)
2019-06-06 21:24:32.982 22701 RALLYDEBUG rally_openstack.cleanup.manager [-] Deleting neutron.port object s_rally_238165f6_nuHQOiN9 (07b9153e-c919-4e6d-a498-264a0947fe57)
2019-06-06 21:24:32.983 22701 RALLYDEBUG rally_openstack.cleanup.manager [-] Deleting neutron.port object s_rally_238165f6_d4KtfdB1 (17e858fa-98fc-420f-a591-695405cb73bb)
2019-06-06 21:24:32.986 22701 RALLYDEBUG rally_openstack.cleanup.manager [-] Deleting neutron.port object s_rally_238165f6_wIHyJrrb (098c59f6-095d-4d8a-9a2b-acdf59b50901)
2019-06-06 21:24:32.993 22701 RALLYDEBUG rally_openstack.cleanup.manager [-] Deleting neutron.port object s_rally_238165f6_CgjoBsY6 (1be011ac-ef8f-4203-b917-de74f2c09e3c)
2019-06-06 21:24:33.000 22701 RALLYDEBUG rally_openstack.cleanup.manager [-] Deleting neutron.port object s_rally_238165f6_1mtvgnfx (1c4dfb2b-fcc3-4cd0-951c-51ab19eade4b)
2019-06-06 21:24:35.516 22701 RALLYDEBUG rally_openstack.cleanup.manager [-] Deleting neutron.port object s_rally_238165f6_7sLuI95P (1e71ccb7-c278-48cb-a915-4acbf01e91e2)
2019-06-06 21:24:35.520 22701 RALLYDEBUG rally_openstack.cleanup.manager [-] Deleting neutron.port object s_rally_238165f6_Y27xH8oG (1f3b9ec9-3079-4da5-839a-3483de180d37)
2019-06-06 21:24:35.538 22701 RALLYDEBUG rally_openstack.cleanup.manager [-] Deleting neutron.port object s_rally_238165f6_1IXgvqS6 (1ffdef79-f645-475e-8f7e-b39f9e8ff92a)
2019-06-06 21:24:35.585 22701 RALLYDEBUG rally_openstack.cleanup.manager [-] Deleting neutron.port object s_rally_238165f6_I3E4YBF9 (20e5fc9f-96ae-40dc-bd9a-cd064c497617)
2019-06-06 21:24:35.605 22701 RALLYDEBUG rally_openstack.cleanup.manager [-] Deleting neutron.port object s_rally_238165f6_ulilx8nQ (20f1d27f-b4db-41cf-b2d3-b1e00c51094d)
2019-06-06 21:24:35.613 22701 RALLYDEBUG rally_openstack.cleanup.manager [-] Deleting neutron.port object s_rally_238165f6_SwumXmuo (2229cfc5-a3e6-4a84-a7ba-e4b43577920b)
2019-06-06 21:24:35.636 22701 RALLYDEBUG rally_openstack.cleanup.manager [-] Deleting neutron.port object s_rally_238165f6_A7pirvBF (23187e6e-99c4-4622-b134-d5be557eca51)
2019-06-06 21:24:35.660 22701 RALLYDEBUG rally_openstack.cleanup.manager [-] Deleting neutron.port object s_rally_238165f6_sFe0yKID (23c921b8-f3e0-4e50-93cf-cbeb3f205f74)
2019-06-06 21:24:35.772 22701 RALLYDEBUG rally_openstack.cleanup.manager [-] Deleting neutron.port object s_rally_238165f6_Faqon6ld (24263304-fdb1-41bb-b99d-2134133bcb61)
2019-06-06 21:24:35.781 22701 RALLYDEBUG rally_openstack.cleanup.manager [-] Deleting neutron.port object s_rally_238165f6_r2FxfoL8 (26c8aec3-9563-4a5e-8c8b-4174bfff7a6e)
2019-06-06 21:24:35.823 22701 RALLYDEBUG rally_openstack.cleanup.manager [-] Deleting neutron.port object s_rally_238165f6_IjlMJgF2 (279c45f6-86d2-4797-925b-232c1589eea4)
2019-06-06 21:24:35.828 22701 RALLYDEBUG rally_openstack.cleanup.manager [-] Deleting neutron.port object s_rally_238165f6_FXN4z9jI (2912deec-2752-418c-926b-20e6a3754d78)
2019-06-06 21:24:35.853 22701 RALLYDEBUG rally_openstack.cleanup.manager [-] Deleting neutron.port object s_rally_238165f6_0IsckjA9 (2953b311-ac8e-4790-9815-21b06b3a8653)
2019-06-06 21:24:35.865 22701 RALLYDEBUG rally_openstack.cleanup.manager [-] Deleting neutron.port object s_rally_238165f6_Gchug3iZ (29f78d27-a6cf-4fcd-8091-ed7442c274e3)
2019-06-06 21:24:35.890 22701 RALLYDEBUG rally_openstack.cleanup.manager [-] Deleting neutron.port object s_rally_238165f6_308PB4hQ (2ba981cd-0514-49cb-b842-dd1a2ae281d0)
2019-06-06 21:24:35.980 22701 RALLYDEBUG rally_openstack.cleanup.manager [-] Deleting neutron.port object s_rally_238165f6_wSiVqM6S (2bc899de-1598-413a-843f-4e21752f4080)
2019-06-06 21:24:36.005 22701 RALLYDEBUG rally_openstack.cleanup.manager [-] Deleting neutron.port object s_rally_238165f6_6VFkaAdi (2d010329-7fd6-4088-9ddd-476b29f9c0d5)
2019-06-06 21:24:36.213 22701 RALLYDEBUG rally_openstack.cleanup.manager [-] Deleting neutron.port object s_rally_238165f6_zqFtqCqp (2ddb5e54-de8d-427d-b28c-d0bfc4d94389)
2019-06-06 21:24:36.439 22701 RALLYDEBUG rally_openstack.cleanup.manager [-] Deleting neutron.port object s_rally_238165f6_KQKPyN3w (2f256a50-cdc4-4976-afd0-6af9299ca860)
2019-06-06 21:24:36.446 22701 RALLYDEBUG rally_openstack.cleanup.manager [-] Deleting neutron.port object s_rally_238165f6_2yhljJvn (31b2d72f-edf3-4ce5-a372-e6002f81ae0a)
2019-06-06 21:24:37.794 22701 RALLYDEBUG rally_openstack.cleanup.manager [-] Deleting neutron.port object s_rally_238165f6_k7dHAJdz (376f0496-a814-4a1e-a03f-ebcced3cab39)
2019-06-06 21:24:37.949 22701 RALLYDEBUG rally_openstack.cleanup.manager [-] Deleting neutron.port object s_rally_238165f6_reoNPGWg (38303f38-ff97-46be-8bff-f09a62beaef9)
2019-06-06 21:24:37.994 22701 RALLYDEBUG rally_openstack.cleanup.manager [-] Deleting neutron.port object s_rally_238165f6_qaQd6EpX (3ab87c88-ff64-496d-8761-c42e3e83a941)
2019-06-06 21:24:38.016 22701 RALLYDEBUG rally_openstack.cleanup.manager [-] Deleting neutron.port object s_rally_238165f6_AhBem9bR (3be5721d-a3cc-46d3-b011-53fd5f428486)
2019-06-06 21:24:38.114 22701 RALLYDEBUG rally_openstack.cleanup.manager [-] Deleting neutron.port object s_rally_238165f6_sOvBv4Mz (3cb9c1b9-fa80-478a-ac14-7908206ccc6d)
2019-06-06 21:24:38.236 22701 RALLYDEBUG rally_openstack.cleanup.manager [-] Deleting neutron.port object s_rally_238165f6_nm3UX1vn (3ea5ed2c-8951-45e1-baa4-b0f50dc1b77b)
2019-06-06 21:24:38.360 22701 RALLYDEBUG rally_openstack.cleanup.manager [-] Deleting neutron.port object s_rally_238165f6_U8zK9Bkn (3f3318bd-3ac5-4d71-ae26-360d0b8c53c5)
2019-06-06 21:24:38.620 22701 RALLYDEBUG rally_openstack.cleanup.manager [-] Deleting neutron.port object s_rally_238165f6_0Q56LjTC (40945241-4604-43fd-ae71-1ae5fb37c40f)
2019-06-06 21:24:38.627 22701 RALLYDEBUG rally_openstack.cleanup.manager [-] Deleting neutron.port object s_rally_238165f6_Nh95yHTV (412d5f69-085c-4a94-9b34-668a3f281b2c)
2019-06-06 21:24:38.675 22701 RALLYDEBUG rally_openstack.cleanup.manager [-] Deleting neutron.port object s_rally_238165f6_NRygkHxk (41e653cb-4a27-4790-8ec8-7dc04a4f26f3)
2019-06-06 21:24:38.683 22701 RALLYDEBUG rally_openstack.cleanup.manager [-] Deleting neutron.port object s_rally_238165f6_eLQi41cz (41f75797-f629-4442-9168-00c98aa4513f)
2019-06-06 21:24:38.690 22701 RALLYDEBUG rally_openstack.cleanup.manager [-] Deleting neutron.port object s_rally_238165f6_hn8Gq12b (42484172-98ca-43d8-ac5e-7eb8164f659c)
2019-06-06 21:24:38.705 22701 RALLYDEBUG rally_openstack.cleanup.manager [-] Deleting neutron.port object s_rally_238165f6_rB9eSzOB (427c36ec-fc06-4a5b-a9ad-554ee641e6d1)
2019-06-06 21:24:38.724 22701 RALLYDEBUG rally_openstack.cleanup.manager [-] Deleting neutron.port object s_rally_238165f6_TlMQOtE0 (432f7db5-549e-4d61-b77b-b3a8f0565927)
2019-06-06 21:24:38.740 22701 RALLYDEBUG rally_openstack.cleanup.manager [-] Deleting neutron.port object s_rally_238165f6_to4tnmux (457dfbb3-0b2d-456e-abf0-efc753975dc9)
2019-06-06 21:24:38.743 22701 RALLYDEBUG rally_openstack.cleanup.manager [-] Deleting neutron.port object s_rally_238165f6_oJrjSFqD (4cc10517-4bf7-4106-9dd5-cbb7972f7ca3)
2019-06-06 21:24:38.751 22701 RALLYDEBUG rally_openstack.cleanup.manager [-] Deleting neutron.port object s_rally_238165f6_XNDRKGn3 (4dc21fb4-2e98-40e0-80d5-29c3415ac867)
2019-06-06 21:24:38.809 22701 RALLYDEBUG rally_openstack.cleanup.manager [-] Deleting neutron.port object s_rally_238165f6_Z52vqGxA (4e4087e7-713f-43be-8e91-680222a06fcd)
2019-06-06 21:24:38.907 22701 RALLYDEBUG rally_openstack.cleanup.manager [-] Deleting neutron.port object s_rally_238165f6_EfbcIQLq (4fe2f554-d480-4296-8221-b9fb1e564060)
2019-06-06 21:24:38.945 22701 RALLYDEBUG rally_openstack.cleanup.manager [-] Deleting neutron.port object s_rally_238165f6_nPyA5Do0 (50e7b824-c707-4c81-8f80-b33865317772)
2019-06-06 21:24:39.997 22701 RALLYDEBUG rally_openstack.cleanup.manager [-] Deleting neutron.port object s_rally_238165f6_w47BywcL (539c364c-f54d-4e03-91b2-313903fc3299)
2019-06-06 21:24:40.347 22701 RALLYDEBUG rally_openstack.cleanup.manager [-] Deleting neutron.port object s_rally_238165f6_MXU8fy28 (5449796e-39c9-4cdd-8d38-f33d70c2310e)
2019-06-06 21:24:40.400 22701 RALLYDEBUG rally_openstack.cleanup.manager [-] Deleting neutron.port object s_rally_238165f6_iTSODZZ2 (5487c424-cbb6-4b24-9f81-9ef6dc55a53d)
2019-06-06 21:24:40.477 22701 RALLYDEBUG rally_openstack.cleanup.manager [-] Deleting neutron.port object s_rally_238165f6_83OiEywM (564b2a51-10ac-4371-ba43-c2ac00f8feff)
2019-06-06 21:24:40.580 22701 RALLYDEBUG rally_openstack.cleanup.manager [-] Deleting neutron.port object s_rally_238165f6_cGqggQln (57311a1e-487f-468f-8ceb-402848955b68)
2019-06-06 21:24:41.006 22701 RALLYDEBUG rally_openstack.cleanup.manager [-] Deleting neutron.port object s_rally_238165f6_uw7Deuvb (583c3906-0702-454e-bb05-fb35d8e664d0)
2019-06-06 21:24:41.101 22701 RALLYDEBUG rally_openstack.cleanup.manager [-] Deleting neutron.port object s_rally_238165f6_OXvb4Hrb (590fae37-b059-44c1-8b87-cccbb1bb3fca)
2019-06-06 21:24:41.115 22701 RALLYDEBUG rally_openstack.cleanup.manager [-] Deleting neutron.port object s_rally_238165f6_coPEmbog (5aeb4974-cb81-4c1d-884f-ef32ebc63875)
2019-06-06 21:24:41.161 22701 RALLYDEBUG rally_openstack.cleanup.manager [-] Deleting neutron.port object s_rally_238165f6_oxK62uic (5b19d8b9-ca34-4c62-b1ca-f9f93fa8d484)
