2019-06-06 19:24:29.135 4354 INFO rally.task.runner [-] Task a97a3128-b001-49e6-be5c-5e73539dc9df | ITER: 1 END: OK
2019-06-06 19:24:29.141 4354 INFO rally.task.runner [-] Task a97a3128-b001-49e6-be5c-5e73539dc9df | ITER: 5 START
2019-06-06 19:24:29.228 4356 RALLYDEBUG rally.task.utils [-] Waiting for resource s_rally_4155f86a_7qHERxwG. Status changed: DOWNLOADING => AVAILABLE in 11.5829439163
2019-06-06 19:24:29.418 4357 RALLYDEBUG rally.task.utils [-] Waiting for resource s_rally_4155f86a_37WAPzbP. Status changed: DOWNLOADING => AVAILABLE in 9.20018482208
2019-06-06 19:24:29.936 4356 RALLYDEBUG rally.task.utils [-] Waiting for resource s_rally_4155f86a_7qHERxwG. Status changed: AVAILABLE => DELETING in 0.249470949173
2019-06-06 19:24:30.134 4357 RALLYDEBUG rally.task.utils [-] Waiting for resource s_rally_4155f86a_37WAPzbP. Status changed: AVAILABLE => DELETING in 0.345577001572
2019-06-06 19:24:31.233 4355 RALLYDEBUG rally.task.utils [-] Waiting for resource s_rally_4155f86a_YgUOG9VC. Status changed: DOWNLOADING => AVAILABLE in 9.0478310585
2019-06-06 19:24:31.824 4355 INFO rally.task.runner [-] Task a97a3128-b001-49e6-be5c-5e73539dc9df | ITER: 2 END: OK
2019-06-06 19:24:31.830 4355 INFO rally.task.runner [-] Task a97a3128-b001-49e6-be5c-5e73539dc9df | ITER: 6 START
2019-06-06 19:24:32.121 4356 INFO rally.task.runner [-] Task a97a3128-b001-49e6-be5c-5e73539dc9df | ITER: 3 END: OK
2019-06-06 19:24:32.126 4356 INFO rally.task.runner [-] Task a97a3128-b001-49e6-be5c-5e73539dc9df | ITER: 7 START
2019-06-06 19:24:32.456 4357 INFO rally.task.runner [-] Task a97a3128-b001-49e6-be5c-5e73539dc9df | ITER: 4 END: OK
2019-06-06 19:24:32.461 4357 INFO rally.task.runner [-] Task a97a3128-b001-49e6-be5c-5e73539dc9df | ITER: 8 START
2019-06-06 19:24:37.064 4354 RALLYDEBUG rally.task.utils [-] Waiting for resource s_rally_4155f86a_jy6fHG8o. Status changed: CREATING => DOWNLOADING in 3.0027589798
2019-06-06 19:24:41.726 4354 RALLYDEBUG rally.task.utils [-] Waiting for resource s_rally_4155f86a_jy6fHG8o. Status changed: DOWNLOADING => AVAILABLE in 4.66226291656
2019-06-06 19:24:42.167 4354 RALLYDEBUG rally.task.utils [-] Waiting for resource s_rally_4155f86a_jy6fHG8o. Status changed: AVAILABLE => DELETING in 0.361598014832
2019-06-06 19:24:43.397 4355 RALLYDEBUG rally.task.utils [-] Waiting for resource s_rally_4155f86a_KyLytdQO. Status changed: CREATING => DOWNLOADING in 7.26551198959
2019-06-06 19:24:43.685 4356 RALLYDEBUG rally.task.utils [-] Waiting for resource s_rally_4155f86a_Od6XDzJI. Status changed: CREATING => DOWNLOADING in 7.47480893135
2019-06-06 19:24:44.331 4357 RALLYDEBUG rally.task.utils [-] Waiting for resource s_rally_4155f86a_ll391IJH. Status changed: CREATING => DOWNLOADING in 7.65727996826
2019-06-06 19:24:44.470 4354 INFO rally.task.runner [-] Task a97a3128-b001-49e6-be5c-5e73539dc9df | ITER: 5 END: OK
2019-06-06 19:24:44.476 4354 INFO rally.task.runner [-] Task a97a3128-b001-49e6-be5c-5e73539dc9df | ITER: 9 START
2019-06-06 19:24:50.415 4355 RALLYDEBUG rally.task.utils [-] Waiting for resource s_rally_4155f86a_KyLytdQO. Status changed: DOWNLOADING => AVAILABLE in 7.01789093018
2019-06-06 19:24:50.662 4356 RALLYDEBUG rally.task.utils [-] Waiting for resource s_rally_4155f86a_Od6XDzJI. Status changed: DOWNLOADING => AVAILABLE in 6.97689294815
2019-06-06 19:24:50.811 4355 RALLYDEBUG rally.task.utils [-] Waiting for resource s_rally_4155f86a_KyLytdQO. Status changed: AVAILABLE => DELETING in 0.0586020946503
2019-06-06 19:24:51.000 4357 RALLYDEBUG rally.task.utils [-] Waiting for resource s_rally_4155f86a_ll391IJH. Status changed: DOWNLOADING => AVAILABLE in 6.66914701462
2019-06-06 19:24:51.321 4356 RALLYDEBUG rally.task.utils [-] Waiting for resource s_rally_4155f86a_Od6XDzJI. Status changed: AVAILABLE => DELETING in 0.383970022202
2019-06-06 19:24:51.702 4357 RALLYDEBUG rally.task.utils [-] Waiting for resource s_rally_4155f86a_ll391IJH. Status changed: AVAILABLE => DELETING in 0.321364164352
2019-06-06 19:24:52.857 4355 INFO rally.task.runner [-] Task a97a3128-b001-49e6-be5c-5e73539dc9df | ITER: 6 END: OK
2019-06-06 19:24:52.861 4355 INFO rally.task.runner [-] Task a97a3128-b001-49e6-be5c-5e73539dc9df | ITER: 10 START
2019-06-06 19:24:53.641 4356 INFO rally.task.runner [-] Task a97a3128-b001-49e6-be5c-5e73539dc9df | ITER: 7 END: OK
2019-06-06 19:24:53.738 4357 INFO rally.task.runner [-] Task a97a3128-b001-49e6-be5c-5e73539dc9df | ITER: 8 END: OK
2019-06-06 19:24:54.572 4354 RALLYDEBUG rally.task.utils [-] Waiting for resource s_rally_4155f86a_VIxM34Q5. Status changed: CREATING => DOWNLOADING in 5.22745013237
2019-06-06 19:24:58.964 4354 RALLYDEBUG rally.task.utils [-] Waiting for resource s_rally_4155f86a_VIxM34Q5. Status changed: DOWNLOADING => AVAILABLE in 4.39232492447
2019-06-06 19:24:59.099 4354 RALLYDEBUG rally.task.utils [-] Waiting for resource s_rally_4155f86a_VIxM34Q5. Status changed: AVAILABLE => DELETING in 0.0542168617249
2019-06-06 19:25:00.937 4355 RALLYDEBUG rally.task.utils [-] Waiting for resource s_rally_4155f86a_ypByEpWP. Status changed: CREATING => DOWNLOADING in 2.95026707649
2019-06-06 19:25:01.429 4354 INFO rally.task.runner [-] Task a97a3128-b001-49e6-be5c-5e73539dc9df | ITER: 9 END: OK
2019-06-06 19:25:03.264 4355 RALLYDEBUG rally.task.utils [-] Waiting for resource s_rally_4155f86a_ypByEpWP. Status changed: DOWNLOADING => AVAILABLE in 2.32680010796
2019-06-06 19:25:03.937 4355 INFO rally.task.runner [-] Task a97a3128-b001-49e6-be5c-5e73539dc9df | ITER: 10 END: OK
2019-06-06 19:25:03.960 1842 INFO rally.task.context [-] Task a97a3128-b001-49e6-be5c-5e73539dc9df | Context cleanup@openstack cleanup() started
2019-06-06 19:25:03.962 1842 RALLYDEBUG rally_openstack.cleanup.manager [-] Cleaning up cinder backups objects
2019-06-06 19:25:06.195 1842 RALLYDEBUG rally_openstack.cleanup.manager [-] Cleaning up cinder volume_snapshots objects
2019-06-06 19:25:08.345 1842 RALLYDEBUG rally_openstack.cleanup.manager [-] Cleaning up cinder transfers objects
2019-06-06 19:25:10.453 1842 RALLYDEBUG rally_openstack.cleanup.manager [-] Cleaning up cinder volumes objects
2019-06-06 19:25:12.719 1842 INFO rally.task.context [-] Task a97a3128-b001-49e6-be5c-5e73539dc9df | Context cleanup@openstack cleanup() finished in 8.76 sec
2019-06-06 19:25:12.720 1842 INFO rally.task.context [-] Task a97a3128-b001-49e6-be5c-5e73539dc9df | Context quotas@openstack cleanup() started
2019-06-06 19:25:13.694 1842 INFO rally.task.context [-] Task a97a3128-b001-49e6-be5c-5e73539dc9df | Context quotas@openstack cleanup() finished in 0.97 sec
2019-06-06 19:25:13.694 1842 INFO rally.task.context [-] Task a97a3128-b001-49e6-be5c-5e73539dc9df | Context api_versions@openstack cleanup() started
2019-06-06 19:25:13.695 1842 INFO rally.task.context [-] Task a97a3128-b001-49e6-be5c-5e73539dc9df | Context api_versions@openstack cleanup() finished in 0.32 msec
2019-06-06 19:25:13.695 1842 INFO rally.task.context [-] Task a97a3128-b001-49e6-be5c-5e73539dc9df | Context users@openstack cleanup() started
2019-06-06 19:25:21.629 1842 INFO rally.task.context [-] Task a97a3128-b001-49e6-be5c-5e73539dc9df | Context users@openstack cleanup() finished in 7.93 sec
2019-06-06 19:25:22.059 1842 INFO rally.task.engine [-] Load duration is: 54.287425
2019-06-06 19:25:22.060 1842 INFO rally.task.engine [-] Full runner duration is: 54.335464
2019-06-06 19:25:22.060 1842 INFO rally.task.engine [-] Full duration is: 79.862356
2019-06-06 19:25:22.224 1842 INFO rally.task.engine [-] Running workload: position = 2 config = { "version": 2, "title": "A cropped version of a bigger task.", "description": "Auto-generated task from a single workload (uuid=047acaa8-abd5-498f-a6f6-2006f4c70a20)", "subtasks": [ { "title": "CinderVolumes.create_and_delete_volume", "description": "Create and then delete a volume.", "scenario": { "CinderVolumes.create_and_delete_volume": { "size": 1 } }, "contexts": { "users": { "tenants": 3, "users_per_tenant": 2 }, "quotas": { "cinder": { "gigabytes": -1, "snapshots": -1, "volumes": -1 } }, "api_versions": { "cinder": { "version": 3, "service_type": "volumev3" } } }, "runner": { "constant": { "concurrency": 4, "times": 10 } }, "hooks": [], "sla": { "failure_rate": { "max": 0 } } } ] }
2019-06-06 19:25:22.245 1842 RALLYDEBUG rally_openstack.contexts.keystone.users [-] Creating 3 tenants using 20 threads
2019-06-06 19:25:24.133 1842 RALLYDEBUG rally_openstack.contexts.keystone.users [-] Creating 6 users using 20 threads
2019-06-06 19:25:27.079 1842 INFO rally.task.context [-] Task a97a3128-b001-49e6-be5c-5e73539dc9df | Context users@openstack setup() finished in 4.83 sec
2019-06-06 19:25:27.511 1842 INFO rally.task.context [-] Task a97a3128-b001-49e6-be5c-5e73539dc9df | Context api_versions@openstack setup() finished in 0.43 sec
2019-06-06 19:25:29.200 1842 INFO rally.task.context [-] Task a97a3128-b001-49e6-be5c-5e73539dc9df | Context quotas@openstack setup() finished in 1.69 sec
2019-06-06 19:25:29.200 1842 INFO rally.task.context [-] Task a97a3128-b001-49e6-be5c-5e73539dc9df | Context cleanup@openstack setup() finished in 0.00 msec
2019-06-06 19:25:29.207 1842 RALLYDEBUG rally.task.runner [-] Starting the constant runner (task UUID: a97a3128-b001-49e6-be5c-5e73539dc9df). timeout: 0 concurrency: 4 concurrency_per_worker: 1 times: 10 concurrency_overhead: 0 processes_to_start: 4 max_cpu_used: 16
2019-06-06 19:25:29.216 4538 RALLYDEBUG rally.task.runner [-] Starting a worker. concurrency: 1 args: {"size": 1} times: 10 method_name: run timeout: 0 duration: None cls:
2019-06-06 19:25:29.221 4538 INFO rally.task.runner [-] Task a97a3128-b001-49e6-be5c-5e73539dc9df | ITER: 1 START
2019-06-06 19:25:29.223 4539 RALLYDEBUG rally.task.runner [-] Starting a worker. concurrency: 1 args: {"size": 1} times: 10 method_name: run timeout: 0 duration: None cls:
2019-06-06 19:25:29.225 4540 RALLYDEBUG rally.task.runner [-] Starting a worker. concurrency: 1 args: {"size": 1} times: 10 method_name: run timeout: 0 duration: None cls:
2019-06-06 19:25:29.226 4543 RALLYDEBUG rally.task.runner [-] Starting a worker. concurrency: 1 args: {"size": 1} times: 10 method_name: run timeout: 0 duration: None cls:
2019-06-06 19:25:29.229 4543 INFO rally.task.runner [-] Task a97a3128-b001-49e6-be5c-5e73539dc9df | ITER: 4 START
2019-06-06 19:25:29.230 4539 INFO rally.task.runner [-] Task a97a3128-b001-49e6-be5c-5e73539dc9df | ITER: 2 START
2019-06-06 19:25:29.231 4540 INFO rally.task.runner [-] Task a97a3128-b001-49e6-be5c-5e73539dc9df | ITER: 3 START
2019-06-06 19:25:33.631 4543 RALLYDEBUG rally.task.utils [-] Waiting for resource s_rally_047acaa8_tYJ5Uiq8. Status changed: AVAILABLE => DELETING in 0.24497795105
2019-06-06 19:25:33.716 4538 RALLYDEBUG rally.task.utils [-] Waiting for resource s_rally_047acaa8_PhOBZZbv. Status changed: AVAILABLE => DELETING in 0.365753889084
2019-06-06 19:25:33.793 4540 RALLYDEBUG rally.task.utils [-] Waiting for resource s_rally_047acaa8_LCXOM6Wn. Status changed: AVAILABLE => DELETING in 0.257573843002
2019-06-06 19:25:33.951 4539 RALLYDEBUG rally.task.utils [-] Waiting for resource s_rally_047acaa8_MHTkoyoA. Status changed: AVAILABLE => DELETING in 0.462117910385
2019-06-06 19:25:35.936 4543 INFO rally.task.runner [-] Task a97a3128-b001-49e6-be5c-5e73539dc9df | ITER: 4 END: OK
2019-06-06 19:25:35.941 4543 INFO rally.task.runner [-] Task a97a3128-b001-49e6-be5c-5e73539dc9df | ITER: 5 START
2019-06-06 19:25:36.106 4540 INFO rally.task.runner [-] Task a97a3128-b001-49e6-be5c-5e73539dc9df | ITER: 3 END: OK
2019-06-06 19:25:36.106 4538 INFO rally.task.runner [-] Task a97a3128-b001-49e6-be5c-5e73539dc9df | ITER: 1 END: OK
2019-06-06 19:25:36.111 4540 INFO rally.task.runner [-] Task a97a3128-b001-49e6-be5c-5e73539dc9df | ITER: 6 START
2019-06-06 19:25:36.111 4538 INFO rally.task.runner [-] Task a97a3128-b001-49e6-be5c-5e73539dc9df | ITER: 7 START
2019-06-06 19:25:36.268 4539 INFO rally.task.runner [-] Task a97a3128-b001-49e6-be5c-5e73539dc9df | ITER: 2 END: OK
2019-06-06 19:25:36.273 4539 INFO rally.task.runner [-] Task a97a3128-b001-49e6-be5c-5e73539dc9df | ITER: 8 START
2019-06-06 19:25:40.052 4543 INFO rally.task.runner [-] Task a97a3128-b001-49e6-be5c-5e73539dc9df | ITER: 5 END: OK
2019-06-06 19:25:40.056 4543 INFO rally.task.runner [-] Task a97a3128-b001-49e6-be5c-5e73539dc9df | ITER: 9 START
2019-06-06 19:25:40.297 4540 RALLYDEBUG rally.task.utils [-] Waiting for resource s_rally_047acaa8_ERuFbWim. Status changed: AVAILABLE => DELETING in 0.288269996643
2019-06-06 19:25:40.587 4538 RALLYDEBUG rally.task.utils [-] Waiting for resource s_rally_047acaa8_0NSThUpI. Status changed: AVAILABLE => DELETING in 0.338418960571
2019-06-06 19:25:40.725 4539 RALLYDEBUG rally.task.utils [-] Waiting for resource s_rally_047acaa8_ECy0RY07. Status changed: AVAILABLE => DELETING in 0.374183893204
2019-06-06 19:25:42.605 4540 INFO rally.task.runner [-] Task a97a3128-b001-49e6-be5c-5e73539dc9df | ITER: 6 END: OK
2019-06-06 19:25:42.610 4540 INFO rally.task.runner [-] Task a97a3128-b001-49e6-be5c-5e73539dc9df | ITER: 10 START
2019-06-06 19:25:42.813 4538 INFO rally.task.runner [-] Task a97a3128-b001-49e6-be5c-5e73539dc9df | ITER: 7 END: OK
2019-06-06 19:25:42.952 4539 INFO rally.task.runner [-] Task a97a3128-b001-49e6-be5c-5e73539dc9df | ITER: 8 END: OK
2019-06-06 19:25:44.168 4543 INFO rally.task.runner [-] Task a97a3128-b001-49e6-be5c-5e73539dc9df | ITER: 9 END: OK
2019-06-06 19:25:46.825 4540 INFO rally.task.runner [-] Task a97a3128-b001-49e6-be5c-5e73539dc9df | ITER: 10 END: OK
2019-06-06 19:25:46.850 1842 INFO rally.task.context [-] Task a97a3128-b001-49e6-be5c-5e73539dc9df | Context cleanup@openstack cleanup() started
2019-06-06 19:25:46.852 1842 RALLYDEBUG rally_openstack.cleanup.manager [-] Cleaning up cinder backups objects
2019-06-06 19:25:49.013 1842 RALLYDEBUG rally_openstack.cleanup.manager [-] Cleaning up cinder volume_snapshots objects
2019-06-06 19:25:51.293 1842 RALLYDEBUG rally_openstack.cleanup.manager [-] Cleaning up cinder transfers objects
2019-06-06 19:25:53.395 1842 RALLYDEBUG rally_openstack.cleanup.manager [-] Cleaning up cinder volumes objects
2019-06-06 19:25:55.981 1842 INFO rally.task.context [-] Task a97a3128-b001-49e6-be5c-5e73539dc9df | Context cleanup@openstack cleanup() finished in 9.13 sec
2019-06-06 19:25:55.981 1842 INFO rally.task.context [-] Task a97a3128-b001-49e6-be5c-5e73539dc9df | Context quotas@openstack cleanup() started
2019-06-06 19:25:56.874 1842 INFO rally.task.context [-] Task a97a3128-b001-49e6-be5c-5e73539dc9df | Context quotas@openstack cleanup() finished in 0.89 sec
2019-06-06 19:25:56.874 1842 INFO rally.task.context [-] Task a97a3128-b001-49e6-be5c-5e73539dc9df | Context api_versions@openstack cleanup() started
2019-06-06 19:25:56.875 1842 INFO rally.task.context [-] Task a97a3128-b001-49e6-be5c-5e73539dc9df | Context api_versions@openstack cleanup() finished in 0.30 msec
2019-06-06 19:25:56.875 1842 INFO rally.task.context [-] Task a97a3128-b001-49e6-be5c-5e73539dc9df | Context users@openstack cleanup() started
2019-06-06 19:26:04.730 1842 INFO rally.task.context [-] Task a97a3128-b001-49e6-be5c-5e73539dc9df | Context users@openstack cleanup() finished in 7.85 sec
2019-06-06 19:26:06.424 1842 INFO rally.task.engine [-] Load duration is: 17.599381
2019-06-06 19:26:06.425 1842 INFO rally.task.engine [-] Full runner duration is: 17.642905
2019-06-06 19:26:06.425 1842 INFO rally.task.engine [-] Full duration is: 42.487946
2019-06-06 19:26:06.673 1842 INFO rally.task.engine [-] Running workload: position = 0 config = { "version": 2, "title": "A cropped version of a bigger task.", "description": "Auto-generated task from a single workload (uuid=9f1dce06-2df6-402d-b679-6977dd7003ce)", "subtasks": [ { "title": "CinderVolumes.create_and_extend_volume", "description": "Create and extend a volume and then delete it.", "scenario": { "CinderVolumes.create_and_extend_volume": { "new_size": 2, "size": 1 } }, "contexts": { "users": { "tenants": 3, "users_per_tenant": 2 }, "quotas": { "cinder": { "gigabytes": -1, "snapshots": -1, "volumes": -1 } }, "api_versions": { "cinder": { "version": 3, "service_type": "volumev3" } } }, "runner": { "constant": { "concurrency": 4, "times": 10 } }, "hooks": [], "sla": { "failure_rate": { "max": 0 } } } ] }
2019-06-06 19:26:06.697 1842 RALLYDEBUG rally_openstack.contexts.keystone.users [-] Creating 3 tenants using 20 threads
2019-06-06 19:26:08.470 1842 RALLYDEBUG rally_openstack.contexts.keystone.users [-] Creating 6 users using 20 threads
2019-06-06 19:26:11.270 1842 INFO rally.task.context [-] Task a97a3128-b001-49e6-be5c-5e73539dc9df | Context users@openstack setup() finished in 4.57 sec
2019-06-06 19:26:11.700 1842 INFO rally.task.context [-] Task a97a3128-b001-49e6-be5c-5e73539dc9df | Context api_versions@openstack setup() finished in 0.43 sec
2019-06-06 19:26:13.445 1842 INFO rally.task.context [-] Task a97a3128-b001-49e6-be5c-5e73539dc9df | Context quotas@openstack setup() finished in 1.74 sec
2019-06-06 19:26:13.445 1842 INFO rally.task.context [-] Task a97a3128-b001-49e6-be5c-5e73539dc9df | Context cleanup@openstack setup() finished in 0.01 msec
2019-06-06 19:26:13.453 1842 RALLYDEBUG rally.task.runner [-] Starting the constant runner (task UUID: a97a3128-b001-49e6-be5c-5e73539dc9df). timeout: 0 concurrency: 4 concurrency_per_worker: 1 times: 10 concurrency_overhead: 0 processes_to_start: 4 max_cpu_used: 16
2019-06-06 19:26:13.465 4722 RALLYDEBUG rally.task.runner [-] Starting a worker. concurrency: 1 args: {"new_size": 2, "size": 1} times: 10 method_name: run timeout: 0 duration: None cls:
2019-06-06 19:26:13.468 4723 RALLYDEBUG rally.task.runner [-] Starting a worker. concurrency: 1 args: {"new_size": 2, "size": 1} times: 10 method_name: run timeout: 0 duration: None cls:
2019-06-06 19:26:13.470 4724 RALLYDEBUG rally.task.runner [-] Starting a worker. concurrency: 1 args: {"new_size": 2, "size": 1} times: 10 method_name: run timeout: 0 duration: None cls:
2019-06-06 19:26:13.472 4722 INFO rally.task.runner [-] Task a97a3128-b001-49e6-be5c-5e73539dc9df | ITER: 1 START
2019-06-06 19:26:13.474 4725 RALLYDEBUG rally.task.runner [-] Starting a worker. concurrency: 1 args: {"new_size": 2, "size": 1} times: 10 method_name: run timeout: 0 duration: None cls:
2019-06-06 19:26:13.475 4723 INFO rally.task.runner [-] Task a97a3128-b001-49e6-be5c-5e73539dc9df | ITER: 2 START
2019-06-06 19:26:13.476 4724 INFO rally.task.runner [-] Task a97a3128-b001-49e6-be5c-5e73539dc9df | ITER: 3 START
2019-06-06 19:26:13.482 4725 INFO rally.task.runner [-] Task a97a3128-b001-49e6-be5c-5e73539dc9df | ITER: 4 START
2019-06-06 19:26:18.055 4723 RALLYDEBUG rally.task.utils [-] Waiting for resource s_rally_9f1dce06_v73Yv7rY. Status changed: AVAILABLE => EXTENDING in 0.325409889221
2019-06-06 19:26:18.153 4722 RALLYDEBUG rally.task.utils [-] Waiting for resource s_rally_9f1dce06_l03LViBS. Status changed: AVAILABLE => EXTENDING in 0.352103948593
2019-06-06 19:26:18.209 4724 RALLYDEBUG rally.task.utils [-] Waiting for resource s_rally_9f1dce06_S6fHW0gp. Status changed: AVAILABLE => EXTENDING in 0.31502699852
2019-06-06 19:26:18.369 4725 RALLYDEBUG rally.task.utils [-] Waiting for resource s_rally_9f1dce06_Q3FgZsiW. Status changed: AVAILABLE => DELETING in 0.382386922836
2019-06-06 19:26:20.404 4722 RALLYDEBUG rally.task.utils [-] Waiting for resource s_rally_9f1dce06_l03LViBS. Status changed: EXTENDING => AVAILABLE in 2.25143194199
2019-06-06 19:26:20.571 4724 RALLYDEBUG rally.task.utils [-] Waiting for resource s_rally_9f1dce06_S6fHW0gp. Status changed: EXTENDING => AVAILABLE in 2.36217403412
2019-06-06 19:26:20.578 4723 RALLYDEBUG rally.task.utils [-] Waiting for resource s_rally_9f1dce06_v73Yv7rY. Status changed: EXTENDING => AVAILABLE in 2.52294898033
2019-06-06 19:26:20.672 4725 INFO rally.task.runner [-] Task a97a3128-b001-49e6-be5c-5e73539dc9df | ITER: 4 END: OK
2019-06-06 19:26:20.677 4725 INFO rally.task.runner [-] Task a97a3128-b001-49e6-be5c-5e73539dc9df | ITER: 5 START
2019-06-06 19:26:20.902 4724 RALLYDEBUG rally.task.utils [-] Waiting for resource s_rally_9f1dce06_S6fHW0gp. Status changed: AVAILABLE => DELETING in 0.250982999802
2019-06-06 19:26:20.985 4722 RALLYDEBUG rally.task.utils [-] Waiting for resource s_rally_9f1dce06_l03LViBS. Status changed: AVAILABLE => DELETING in 0.24547791481
2019-06-06 19:26:21.019 4723 RALLYDEBUG rally.task.utils [-] Waiting for resource s_rally_9f1dce06_v73Yv7rY. Status changed: AVAILABLE => DELETING in 0.0510668754578
2019-06-06 19:26:22.940 4724 INFO rally.task.runner [-] Task a97a3128-b001-49e6-be5c-5e73539dc9df | ITER: 3 END: OK
2019-06-06 19:26:22.944 4724 INFO rally.task.runner [-] Task a97a3128-b001-49e6-be5c-5e73539dc9df | ITER: 6 START
2019-06-06 19:26:23.224 4722 INFO rally.task.runner [-] Task a97a3128-b001-49e6-be5c-5e73539dc9df | ITER: 1 END: OK
2019-06-06 19:26:23.230 4722 INFO rally.task.runner [-] Task a97a3128-b001-49e6-be5c-5e73539dc9df | ITER: 7 START
2019-06-06 19:26:23.256 4723 INFO rally.task.runner [-] Task a97a3128-b001-49e6-be5c-5e73539dc9df | ITER: 2 END: OK
2019-06-06 19:26:23.261 4723 INFO rally.task.runner [-] Task a97a3128-b001-49e6-be5c-5e73539dc9df | ITER: 8 START
2019-06-06 19:26:25.531 4725 INFO rally.task.runner [-] Task a97a3128-b001-49e6-be5c-5e73539dc9df | ITER: 5 END: OK
2019-06-06 19:26:25.535 4725 INFO rally.task.runner [-] Task a97a3128-b001-49e6-be5c-5e73539dc9df | ITER: 9 START
2019-06-06 19:26:27.809 4724 RALLYDEBUG rally.task.utils [-] Waiting for resource s_rally_9f1dce06_l1Z4DP3I. Status changed: AVAILABLE => DELETING in 0.237127065659
2019-06-06 19:26:27.861 4722 RALLYDEBUG rally.task.utils [-] Waiting for resource s_rally_9f1dce06_hAihnaV7. Status changed: AVAILABLE => DELETING in 0.247575044632
2019-06-06 19:26:28.160 4723 RALLYDEBUG rally.task.utils [-] Waiting for resource s_rally_9f1dce06_wBF0GbZR. Status changed: AVAILABLE => DELETING in 0.354965925217
2019-06-06 19:26:30.102 4722 INFO rally.task.runner [-] Task a97a3128-b001-49e6-be5c-5e73539dc9df | ITER: 7 END: OK
2019-06-06 19:26:30.108 4722 INFO rally.task.runner [-] Task a97a3128-b001-49e6-be5c-5e73539dc9df | ITER: 10 START
2019-06-06 19:26:30.159 4725 INFO rally.task.runner [-] Task a97a3128-b001-49e6-be5c-5e73539dc9df | ITER: 9 END: OK
2019-06-06 19:26:30.285 4724 INFO rally.task.runner [-] Task a97a3128-b001-49e6-be5c-5e73539dc9df | ITER: 6 END: OK
2019-06-06 19:26:30.481 4723 INFO rally.task.runner [-] Task a97a3128-b001-49e6-be5c-5e73539dc9df | ITER: 8 END: OK
2019-06-06 19:26:35.376 4722 INFO rally.task.runner [-] Task a97a3128-b001-49e6-be5c-5e73539dc9df | ITER: 10 END: OK
2019-06-06 19:26:35.407 1842 INFO rally.task.context [-] Task a97a3128-b001-49e6-be5c-5e73539dc9df | Context cleanup@openstack cleanup() started
2019-06-06 19:26:35.409 1842 RALLYDEBUG rally_openstack.cleanup.manager [-] Cleaning up cinder backups objects
2019-06-06 19:26:37.542 1842 RALLYDEBUG rally_openstack.cleanup.manager [-] Cleaning up cinder volume_snapshots objects
2019-06-06 19:26:39.642 1842 RALLYDEBUG rally_openstack.cleanup.manager [-] Cleaning up cinder transfers objects
2019-06-06 19:26:41.807 1842 RALLYDEBUG rally_openstack.cleanup.manager [-] Cleaning up cinder volumes objects
2019-06-06 19:26:44.201 1842 INFO rally.task.context [-] Task a97a3128-b001-49e6-be5c-5e73539dc9df | Context cleanup@openstack cleanup() finished in 8.79 sec
2019-06-06 19:26:44.202 1842 INFO rally.task.context [-] Task a97a3128-b001-49e6-be5c-5e73539dc9df | Context quotas@openstack cleanup() started
2019-06-06 19:26:44.713 1842 INFO rally.task.context [-] Task a97a3128-b001-49e6-be5c-5e73539dc9df | Context quotas@openstack cleanup() finished in 0.51 sec
2019-06-06 19:26:44.714 1842 INFO rally.task.context [-] Task a97a3128-b001-49e6-be5c-5e73539dc9df | Context api_versions@openstack cleanup() started
2019-06-06 19:26:44.714 1842 INFO rally.task.context [-] Task a97a3128-b001-49e6-be5c-5e73539dc9df | Context api_versions@openstack cleanup() finished in 0.30 msec
2019-06-06 19:26:44.714 1842 INFO rally.task.context [-] Task a97a3128-b001-49e6-be5c-5e73539dc9df | Context users@openstack cleanup() started
2019-06-06 19:26:52.664 1842 INFO rally.task.context [-] Task a97a3128-b001-49e6-be5c-5e73539dc9df | Context users@openstack cleanup() finished in 7.95 sec
2019-06-06 19:26:52.904 1842 INFO rally.task.engine [-] Load duration is: 21.898817
2019-06-06 19:26:52.905 1842 INFO rally.task.engine [-] Full runner duration is: 21.954544
2019-06-06 19:26:52.905 1842 INFO rally.task.engine [-] Full duration is: 45.971365
2019-06-06 19:26:53.151 1842 INFO rally.task.engine [-] Running workload: position = 0 config = { "version": 2, "title": "A cropped version of a bigger task.", "description": "Auto-generated task from a single workload (uuid=1b32c020-66ec-4da0-b7ca-82a05bf5a365)", "subtasks": [ { "title": "CinderVolumes.create_from_volume_and_delete_volume", "description": "Create volume from volume and then delete it.", "scenario": { "CinderVolumes.create_from_volume_and_delete_volume": { "size": 1 } }, "contexts": { "users": { "tenants": 3, "users_per_tenant": 2 }, "quotas": { "cinder": { "gigabytes": -1, "snapshots": -1, "volumes": -1 } }, "api_versions": { "cinder": { "version": 3, "service_type": "volumev3" } }, "volumes": { "size": 1, "volumes_per_tenant": 1 } }, "runner": { "constant": { "concurrency": 4, "times": 10 } }, "hooks": [], "sla": { "failure_rate": { "max": 0 } } } ] }
2019-06-06 19:26:53.175 1842 RALLYDEBUG rally_openstack.contexts.keystone.users [-] Creating 3 tenants using 20 threads
2019-06-06 19:26:55.148 1842 RALLYDEBUG rally_openstack.contexts.keystone.users [-] Creating 6 users using 20 threads
2019-06-06 19:26:57.974 1842 INFO rally.task.context [-] Task a97a3128-b001-49e6-be5c-5e73539dc9df | Context users@openstack setup() finished in 4.80 sec
2019-06-06 19:26:58.393 1842 INFO rally.task.context [-] Task a97a3128-b001-49e6-be5c-5e73539dc9df | Context api_versions@openstack setup() finished in 0.42 sec
2019-06-06 19:27:00.094 1842 INFO rally.task.context [-] Task a97a3128-b001-49e6-be5c-5e73539dc9df | Context quotas@openstack setup() finished in 1.70 sec
2019-06-06 19:27:11.244 1842 INFO rally.task.context [-] Task a97a3128-b001-49e6-be5c-5e73539dc9df | Context volumes@openstack setup() finished in 11.15 sec
2019-06-06 19:27:11.245 1842 INFO rally.task.context [-] Task a97a3128-b001-49e6-be5c-5e73539dc9df | Context cleanup@openstack setup() finished in 0.00 msec
2019-06-06 19:27:11.252 1842 RALLYDEBUG rally.task.runner [-] Starting the constant runner (task UUID: a97a3128-b001-49e6-be5c-5e73539dc9df). timeout: 0 concurrency: 4 concurrency_per_worker: 1 times: 10 concurrency_overhead: 0 processes_to_start: 4 max_cpu_used: 16
2019-06-06 19:27:11.265 4906 RALLYDEBUG rally.task.runner [-] Starting a worker. concurrency: 1 args: {"size": 1} times: 10 method_name: run timeout: 0 duration: None cls:
2019-06-06 19:27:11.267 4907 RALLYDEBUG rally.task.runner [-] Starting a worker. concurrency: 1 args: {"size": 1} times: 10 method_name: run timeout: 0 duration: None cls:
2019-06-06 19:27:11.270 4908 RALLYDEBUG rally.task.runner [-] Starting a worker. concurrency: 1 args: {"size": 1} times: 10 method_name: run timeout: 0 duration: None cls:
2019-06-06 19:27:11.273 4906 INFO rally.task.runner [-] Task a97a3128-b001-49e6-be5c-5e73539dc9df | ITER: 1 START
2019-06-06 19:27:11.274 4907 INFO rally.task.runner [-] Task a97a3128-b001-49e6-be5c-5e73539dc9df | ITER: 2 START
2019-06-06 19:27:11.273 4909 RALLYDEBUG rally.task.runner [-] Starting a worker. concurrency: 1 args: {"size": 1} times: 10 method_name: run timeout: 0 duration: None cls:
2019-06-06 19:27:11.278 4908 INFO rally.task.runner [-] Task a97a3128-b001-49e6-be5c-5e73539dc9df | ITER: 3 START
2019-06-06 19:27:11.281 4909 INFO rally.task.runner [-] Task a97a3128-b001-49e6-be5c-5e73539dc9df | ITER: 4 START
2019-06-06 19:27:15.516 4908 RALLYDEBUG rally.task.utils [-] Waiting for resource s_rally_1b32c020_ita9XPKL. Status changed: AVAILABLE => DELETING in 0.0505249500275
2019-06-06 19:27:15.535 4909 RALLYDEBUG rally.task.utils [-] Waiting for resource s_rally_1b32c020_RBY1OQUW. Status changed: AVAILABLE => DELETING in 0.058109998703
2019-06-06 19:27:17.285 4906 RALLYDEBUG rally.task.utils [-] Waiting for resource s_rally_1b32c020_atuWQWIp. Status changed: CREATING => AVAILABLE in 2.94558405876
2019-06-06 19:27:17.506 4907 RALLYDEBUG rally.task.utils [-] Waiting for resource s_rally_1b32c020_Sd12aTa1. Status changed: CREATING => AVAILABLE in 3.04869103432
2019-06-06 19:27:17.692 4906 RALLYDEBUG rally.task.utils [-] Waiting for resource s_rally_1b32c020_atuWQWIp. Status changed: AVAILABLE => DELETING in 0.0530290603638
2019-06-06 19:27:18.990 4907 RALLYDEBUG rally.task.utils [-] Waiting for resource s_rally_1b32c020_Sd12aTa1. Status changed: AVAILABLE => DELETING in 0.314399003983
2019-06-06 19:27:21.043 4907 INFO rally.task.runner [-] Task a97a3128-b001-49e6-be5c-5e73539dc9df | ITER: 2 END: OK
2019-06-06 19:27:21.048 4907 INFO rally.task.runner [-] Task a97a3128-b001-49e6-be5c-5e73539dc9df | ITER: 5 START
2019-06-06 19:27:22.273 4906 INFO rally.task.runner [-] Task a97a3128-b001-49e6-be5c-5e73539dc9df | ITER: 1 END: OK
2019-06-06 19:27:22.278 4906 INFO rally.task.runner [-] Task a97a3128-b001-49e6-be5c-5e73539dc9df | ITER: 6 START
2019-06-06 19:27:22.449 4909 INFO rally.task.runner [-] Task a97a3128-b001-49e6-be5c-5e73539dc9df | ITER: 4 END: OK
2019-06-06 19:27:22.455 4908 INFO rally.task.runner [-] Task a97a3128-b001-49e6-be5c-5e73539dc9df | ITER: 3 END: OK
2019-06-06 19:27:22.456 4909 INFO rally.task.runner [-] Task a97a3128-b001-49e6-be5c-5e73539dc9df | ITER: 7 START
2019-06-06 19:27:22.461 4908 INFO rally.task.runner [-] Task a97a3128-b001-49e6-be5c-5e73539dc9df | ITER: 8 START
2019-06-06 19:27:25.541 4907 RALLYDEBUG rally.task.utils [-] Waiting for resource s_rally_1b32c020_oEPrYasP. Status changed: AVAILABLE => DELETING in 0.339406013489
2019-06-06 19:27:26.648 4906 RALLYDEBUG rally.task.utils [-] Waiting for resource s_rally_1b32c020_txgmz4CZ. Status changed: AVAILABLE => DELETING in 0.272212982178
2019-06-06 19:27:28.694 4908 RALLYDEBUG rally.task.utils [-] Waiting for resource s_rally_1b32c020_xnbxOR7R. Status changed: CREATING => AVAILABLE in 2.92674899101
2019-06-06 19:27:28.738 4909 RALLYDEBUG rally.task.utils [-] Waiting for resource s_rally_1b32c020_T3XQlcq7. Status changed: CREATING => AVAILABLE in 3.08239197731
2019-06-06 19:27:28.976 4906 INFO rally.task.runner [-] Task a97a3128-b001-49e6-be5c-5e73539dc9df | ITER: 6 END: OK
2019-06-06 19:27:28.982 4906 INFO rally.task.runner [-] Task a97a3128-b001-49e6-be5c-5e73539dc9df | ITER: 9 START
2019-06-06 19:27:29.127 4908 RALLYDEBUG rally.task.utils [-] Waiting for resource s_rally_1b32c020_xnbxOR7R. Status changed: AVAILABLE => DELETING in 0.349987030029
2019-06-06 19:27:29.388 4909 RALLYDEBUG rally.task.utils [-] Waiting for resource s_rally_1b32c020_T3XQlcq7. Status changed: AVAILABLE => DELETING in 0.240727901459
2019-06-06 19:27:29.935 4907 INFO rally.task.runner [-] Task a97a3128-b001-49e6-be5c-5e73539dc9df | ITER: 5 END: OK
2019-06-06 19:27:29.940 4907 INFO rally.task.runner [-] Task a97a3128-b001-49e6-be5c-5e73539dc9df | ITER: 10 START
2019-06-06 19:27:31.447 4908 INFO rally.task.runner [-] Task a97a3128-b001-49e6-be5c-5e73539dc9df | ITER: 8 END: OK
2019-06-06 19:27:31.709 4909 INFO rally.task.runner [-] Task a97a3128-b001-49e6-be5c-5e73539dc9df | ITER: 7 END: OK
2019-06-06 19:27:33.443 4906 RALLYDEBUG rally.task.utils [-] Waiting for resource s_rally_1b32c020_MO4ljAKd. Status changed: AVAILABLE => DELETING in 0.252733945847
2019-06-06 19:27:34.141 4907 RALLYDEBUG rally.task.utils [-] Waiting for resource s_rally_1b32c020_S9UCzjmS. Status changed: AVAILABLE => DELETING in 0.251024007797
2019-06-06 19:27:35.778 4906 INFO rally.task.runner [-] Task a97a3128-b001-49e6-be5c-5e73539dc9df | ITER: 9 END: OK
2019-06-06 19:27:36.395 4907 INFO rally.task.runner [-] Task a97a3128-b001-49e6-be5c-5e73539dc9df | ITER: 10 END: OK
2019-06-06 19:27:36.421 1842 INFO rally.task.context [-] Task a97a3128-b001-49e6-be5c-5e73539dc9df | Context cleanup@openstack cleanup() started
2019-06-06 19:27:36.423 1842 RALLYDEBUG rally_openstack.cleanup.manager [-] Cleaning up cinder backups objects
2019-06-06 19:27:38.781 1842 RALLYDEBUG rally_openstack.cleanup.manager [-] Cleaning up cinder volume_snapshots objects
2019-06-06 19:27:41.097 1842 RALLYDEBUG rally_openstack.cleanup.manager [-] Cleaning up cinder transfers objects
2019-06-06 19:27:43.381 1842 RALLYDEBUG rally_openstack.cleanup.manager [-] Cleaning up cinder volumes objects
2019-06-06 19:27:45.695 1842 INFO rally.task.context [-] Task a97a3128-b001-49e6-be5c-5e73539dc9df | Context cleanup@openstack cleanup() finished in 9.27 sec
2019-06-06 19:27:45.695 1842 INFO rally.task.context [-] Task a97a3128-b001-49e6-be5c-5e73539dc9df | Context volumes@openstack cleanup() started
2019-06-06 19:27:45.696 1842 RALLYDEBUG rally_openstack.cleanup.manager [-] Cleaning up cinder volumes objects
2019-06-06 19:27:47.910 1842 RALLYDEBUG rally_openstack.cleanup.manager [-] Deleting cinder.volumes object c_rally_1b32c020_WZIucVel (67f61129-426e-4341-b4d9-b292cd955d5d)
2019-06-06 19:27:47.911 1842 RALLYDEBUG rally_openstack.cleanup.manager [-] Deleting cinder.volumes object c_rally_1b32c020_NCUMbMhg (6a6120be-f0ca-4a75-a52d-ec995e50e674)
2019-06-06 19:27:47.919 1842 RALLYDEBUG rally_openstack.cleanup.manager [-] Deleting cinder.volumes object c_rally_1b32c020_PxKukvwy (aed89930-89a2-4d4d-9a6f-cc71adfb4a44)
2019-06-06 19:27:51.368 1842 INFO rally.task.context [-] Task a97a3128-b001-49e6-be5c-5e73539dc9df | Context volumes@openstack cleanup() finished in 5.67 sec
2019-06-06 19:27:51.369 1842 INFO rally.task.context [-] Task a97a3128-b001-49e6-be5c-5e73539dc9df | Context quotas@openstack cleanup() started
2019-06-06 19:27:52.024 1842 INFO rally.task.context [-] Task a97a3128-b001-49e6-be5c-5e73539dc9df | Context quotas@openstack cleanup() finished in 0.65 sec
2019-06-06 19:27:52.025 1842 INFO rally.task.context [-] Task a97a3128-b001-49e6-be5c-5e73539dc9df | Context api_versions@openstack cleanup() started
2019-06-06 19:27:52.025 1842 INFO rally.task.context [-] Task a97a3128-b001-49e6-be5c-5e73539dc9df | Context api_versions@openstack cleanup() finished in 0.29 msec
2019-06-06 19:27:52.025 1842 INFO rally.task.context [-] Task a97a3128-b001-49e6-be5c-5e73539dc9df | Context users@openstack cleanup() started
2019-06-06 19:28:00.167 1842 INFO rally.task.context [-] Task a97a3128-b001-49e6-be5c-5e73539dc9df | Context users@openstack cleanup() finished in 8.14 sec
2019-06-06 19:28:01.475 1842 INFO rally.task.engine [-] Load duration is: 25.115749
2019-06-06 19:28:01.476 1842 INFO rally.task.engine [-] Full runner duration is: 25.169171
2019-06-06 19:28:01.476 1842 INFO rally.task.engine [-] Full duration is: 66.995007
2019-06-06 19:28:01.721 1842 INFO rally.task.engine [-] Running workload: position = 0 config = { "version": 2, "title": "A cropped version of a bigger task.", "description": "Auto-generated task from a single workload (uuid=8ee64830-d82d-4519-a3e0-7dc4a04ab055)", "subtasks": [ { "title": "CinderQos.create_and_get_qos", "description": "Create a qos, then get details of the qos.", "scenario": { "CinderQos.create_and_get_qos": { "consumer": "both", "write_iops_sec": "10", "read_iops_sec": "1000" } }, "contexts": { "users": { "tenants": 3, "users_per_tenant": 2 }, "api_versions": { "cinder": { "version": 3, "service_type": "volumev3" } } }, "runner": { "constant": { "concurrency": 4, "times": 10 } }, "hooks": [], "sla": { "failure_rate": { "max": 0 } } } ] }
2019-06-06 19:28:01.737 1842 RALLYDEBUG rally_openstack.contexts.keystone.users [-] Creating 3 tenants using 20 threads
2019-06-06 19:28:03.661 1842 RALLYDEBUG rally_openstack.contexts.keystone.users [-] Creating 6 users using 20 threads
2019-06-06 19:28:06.608 1842 INFO rally.task.context [-] Task a97a3128-b001-49e6-be5c-5e73539dc9df | Context users@openstack setup() finished in 4.87 sec
2019-06-06 19:28:07.155 1842 INFO rally.task.context [-] Task a97a3128-b001-49e6-be5c-5e73539dc9df | Context api_versions@openstack setup() finished in 0.55 sec
2019-06-06 19:28:07.156 1842 INFO rally.task.context [-] Task a97a3128-b001-49e6-be5c-5e73539dc9df | Context admin_cleanup@openstack setup() finished in 0.01 msec
2019-06-06 19:28:07.163 1842 RALLYDEBUG rally.task.runner [-] Starting the constant runner (task UUID: a97a3128-b001-49e6-be5c-5e73539dc9df). timeout: 0 concurrency: 4 concurrency_per_worker: 1 times: 10 concurrency_overhead: 0 processes_to_start: 4 max_cpu_used: 16
2019-06-06 19:28:07.171 5111 RALLYDEBUG rally.task.runner [-] Starting a worker. concurrency: 1 args: {"consumer": "both", "write_iops_sec": "10", "read_iops_sec": "1000"} times: 10 method_name: run timeout: 0 duration: None cls:
2019-06-06 19:28:07.171 5110 RALLYDEBUG rally.task.runner [-] Starting a worker. concurrency: 1 args: {"consumer": "both", "write_iops_sec": "10", "read_iops_sec": "1000"} times: 10 method_name: run timeout: 0 duration: None cls:
2019-06-06 19:28:07.175 5111 INFO rally.task.runner [-] Task a97a3128-b001-49e6-be5c-5e73539dc9df | ITER: 1 START
2019-06-06 19:28:07.175 5112 RALLYDEBUG rally.task.runner [-] Starting a worker. concurrency: 1 args: {"consumer": "both", "write_iops_sec": "10", "read_iops_sec": "1000"} times: 10 method_name: run timeout: 0 duration: None cls:
2019-06-06 19:28:07.178 5113 RALLYDEBUG rally.task.runner [-] Starting a worker. concurrency: 1 args: {"consumer": "both", "write_iops_sec": "10", "read_iops_sec": "1000"} times: 10 method_name: run timeout: 0 duration: None cls:
2019-06-06 19:28:07.179 5110 INFO rally.task.runner [-] Task a97a3128-b001-49e6-be5c-5e73539dc9df | ITER: 2 START
2019-06-06 19:28:07.183 5112 INFO rally.task.runner [-] Task a97a3128-b001-49e6-be5c-5e73539dc9df | ITER: 3 START
2019-06-06 19:28:07.183 5113 INFO rally.task.runner [-] Task a97a3128-b001-49e6-be5c-5e73539dc9df | ITER: 4 START
2019-06-06 19:28:08.234 5112 INFO rally.task.runner [-] Task a97a3128-b001-49e6-be5c-5e73539dc9df | ITER: 3 END: OK
2019-06-06 19:28:08.236 5111 INFO rally.task.runner [-] Task a97a3128-b001-49e6-be5c-5e73539dc9df | ITER: 1 END: OK
2019-06-06 19:28:08.239 5112 INFO rally.task.runner [-] Task a97a3128-b001-49e6-be5c-5e73539dc9df | ITER: 5 START
2019-06-06 19:28:08.241 5111 INFO rally.task.runner [-] Task a97a3128-b001-49e6-be5c-5e73539dc9df | ITER: 6 START
2019-06-06 19:28:08.305 5110 INFO rally.task.runner [-] Task a97a3128-b001-49e6-be5c-5e73539dc9df | ITER: 2 END: OK
2019-06-06 19:28:08.309 5110 INFO rally.task.runner [-] Task a97a3128-b001-49e6-be5c-5e73539dc9df | ITER: 7 START
2019-06-06 19:28:08.400 5113 INFO rally.task.runner [-] Task a97a3128-b001-49e6-be5c-5e73539dc9df | ITER: 4 END: OK
2019-06-06 19:28:08.404 5113 INFO rally.task.runner [-] Task a97a3128-b001-49e6-be5c-5e73539dc9df | ITER: 8 START
2019-06-06 19:28:09.311 5112 INFO rally.task.runner [-] Task a97a3128-b001-49e6-be5c-5e73539dc9df | ITER: 5 END: OK
2019-06-06 19:28:09.316 5112 INFO rally.task.runner [-] Task a97a3128-b001-49e6-be5c-5e73539dc9df | ITER: 9 START
2019-06-06 19:28:09.351 5111 INFO rally.task.runner [-] Task a97a3128-b001-49e6-be5c-5e73539dc9df | ITER: 6 END: OK
2019-06-06 19:28:09.355 5111 INFO rally.task.runner [-] Task a97a3128-b001-49e6-be5c-5e73539dc9df | ITER: 10 START
2019-06-06 19:28:09.367 5110 INFO rally.task.runner [-] Task a97a3128-b001-49e6-be5c-5e73539dc9df | ITER: 7 END: OK
2019-06-06 19:28:09.476 5113 INFO rally.task.runner [-] Task a97a3128-b001-49e6-be5c-5e73539dc9df | ITER: 8 END: OK
2019-06-06 19:28:10.301 5112 INFO rally.task.runner [-] Task a97a3128-b001-49e6-be5c-5e73539dc9df | ITER: 9 END: OK
2019-06-06 19:28:10.310 5111 INFO rally.task.runner [-] Task a97a3128-b001-49e6-be5c-5e73539dc9df | ITER: 10 END: OK
2019-06-06 19:28:10.334 1842 INFO rally.task.context [-] Task a97a3128-b001-49e6-be5c-5e73539dc9df | Context admin_cleanup@openstack cleanup() started
2019-06-06 19:28:10.336 1842 RALLYDEBUG rally_openstack.cleanup.manager [-] Cleaning up cinder volume_types objects
2019-06-06 19:28:10.998 1842 RALLYDEBUG rally_openstack.cleanup.manager [-] Cleaning up cinder image_volumes_cache objects
2019-06-06 19:28:12.338 1842 RALLYDEBUG rally_openstack.cleanup.manager [-] Cleaning up cinder quotas objects
2019-06-06 19:28:14.187 1842 RALLYDEBUG rally_openstack.cleanup.manager [-] Cleaning up cinder qos_specs objects
2019-06-06 19:28:14.865 1842 RALLYDEBUG rally_openstack.cleanup.manager [-] Deleting cinder.qos_specs object s_rally_8ee64830_T8EAJhBQ (5089f856-8295-4178-b6a7-258be6fa2ecc)
2019-06-06 19:28:14.868 1842 RALLYDEBUG rally_openstack.cleanup.manager [-] Deleting cinder.qos_specs object s_rally_8ee64830_hUKX9pay (4755bcd1-dc81-4edf-9c03-9ea65eabf622)
2019-06-06 19:28:14.879 1842 RALLYDEBUG rally_openstack.cleanup.manager [-] Deleting cinder.qos_specs object s_rally_8ee64830_FShod3d4 (de82cc2b-5522-4171-ae7e-c616d1b162c3)
2019-06-06 19:28:14.883 1842 RALLYDEBUG rally_openstack.cleanup.manager [-] Deleting cinder.qos_specs object s_rally_8ee64830_BhQ4lppq (557088a6-2c8f-4f34-be92-575670dba0ee)
2019-06-06 19:28:14.891 1842 RALLYDEBUG rally_openstack.cleanup.manager [-] Deleting cinder.qos_specs object s_rally_8ee64830_MTPUWCGz (331e7175-5a03-42c4-a6a3-88b130a8fd50)
2019-06-06 19:28:14.902 1842 RALLYDEBUG rally_openstack.cleanup.manager [-] Deleting cinder.qos_specs object s_rally_8ee64830_DFNNYBIo (84ded09f-a246-44ac-926d-171523e1784c)
2019-06-06 19:28:14.905 1842 RALLYDEBUG rally_openstack.cleanup.manager [-] Deleting cinder.qos_specs object s_rally_8ee64830_hc3thhwg (7de34f2c-b8be-47f8-89ab-4403e860e659)
2019-06-06 19:28:14.918 1842 RALLYDEBUG rally_openstack.cleanup.manager [-] Deleting cinder.qos_specs object s_rally_8ee64830_n4l5nxQd (ade9d754-3180-4f01-9d84-c0cdf70e34ab)
2019-06-06 19:28:14.922 1842 RALLYDEBUG rally_openstack.cleanup.manager [-] Deleting cinder.qos_specs object s_rally_8ee64830_jKDloztK (137b9acd-8c71-47af-b956-1a98ab2ee8ae)
2019-06-06 19:28:14.926 1842 RALLYDEBUG rally_openstack.cleanup.manager [-] Deleting cinder.qos_specs object s_rally_8ee64830_inVFOd0R (064b49ab-07c5-4888-8856-a5fe58e81f6a)
2019-06-06 19:28:17.230 1842 INFO rally.task.context [-] Task a97a3128-b001-49e6-be5c-5e73539dc9df | Context admin_cleanup@openstack cleanup() finished in 6.90 sec
2019-06-06 19:28:17.231 1842 INFO rally.task.context [-] Task a97a3128-b001-49e6-be5c-5e73539dc9df | Context api_versions@openstack cleanup() started
2019-06-06 19:28:17.231 1842 INFO rally.task.context [-] Task a97a3128-b001-49e6-be5c-5e73539dc9df | Context api_versions@openstack cleanup() finished in 0.30 msec
2019-06-06 19:28:17.231 1842 INFO rally.task.context [-] Task a97a3128-b001-49e6-be5c-5e73539dc9df | Context users@openstack cleanup() started
2019-06-06 19:28:25.126 1842 INFO rally.task.context [-] Task a97a3128-b001-49e6-be5c-5e73539dc9df | Context users@openstack cleanup() finished in 7.89 sec
2019-06-06 19:28:25.835 1842 INFO rally.task.engine [-] Load duration is: 3.130827
2019-06-06 19:28:25.836 1842 INFO rally.task.engine [-] Full runner duration is: 3.171998
2019-06-06 19:28:25.836 1842 INFO rally.task.engine [-] Full duration is: 23.39032
2019-06-06 19:28:26.063 1842 INFO rally.task.engine [-] Running workload: position = 0 config = { "version": 2, "title": "A cropped version of a bigger task.", "description": "Auto-generated task from a single workload (uuid=1787b2ba-32ba-4521-b382-7b558889f6a7)", "subtasks": [ { "title": "CinderQos.create_and_list_qos", "description": "Create a qos, then list all qos.", "scenario": { "CinderQos.create_and_list_qos": { "consumer": "both", "write_iops_sec": "10", "read_iops_sec": "1000" } }, "contexts": { "users": { "tenants": 3, "users_per_tenant": 2 }, "api_versions": { "cinder": { "version": 3, "service_type": "volumev3" } } }, "runner": { "constant": { "concurrency": 4, "times": 10 } }, "hooks": [], "sla": { "failure_rate": { "max": 0 } } } ] }
2019-06-06 19:28:26.082 1842 RALLYDEBUG rally_openstack.contexts.keystone.users [-] Creating 3 tenants using 20 threads
2019-06-06 19:28:28.015 1842 RALLYDEBUG rally_openstack.contexts.keystone.users [-] Creating 6 users using 20 threads
2019-06-06 19:28:30.912 1842 INFO rally.task.context [-] Task a97a3128-b001-49e6-be5c-5e73539dc9df | Context users@openstack setup() finished in 4.83 sec
2019-06-06 19:28:31.344 1842 INFO rally.task.context [-] Task a97a3128-b001-49e6-be5c-5e73539dc9df | Context api_versions@openstack setup() finished in 0.43 sec
2019-06-06 19:28:31.344 1842 INFO rally.task.context [-] Task a97a3128-b001-49e6-be5c-5e73539dc9df | Context admin_cleanup@openstack setup() finished in 0.01 msec
2019-06-06 19:28:31.351 1842 RALLYDEBUG rally.task.runner [-] Starting the constant runner (task UUID: a97a3128-b001-49e6-be5c-5e73539dc9df). timeout: 0 concurrency: 4 concurrency_per_worker: 1 times: 10 concurrency_overhead: 0 processes_to_start: 4 max_cpu_used: 16
2019-06-06 19:28:31.362 5294 RALLYDEBUG rally.task.runner [-] Starting a worker. concurrency: 1 args: {"consumer": "both", "write_iops_sec": "10", "read_iops_sec": "1000"} times: 10 method_name: run timeout: 0 duration: None cls:
2019-06-06 19:28:31.364 5295 RALLYDEBUG rally.task.runner [-] Starting a worker. concurrency: 1 args: {"consumer": "both", "write_iops_sec": "10", "read_iops_sec": "1000"} times: 10 method_name: run timeout: 0 duration: None cls:
2019-06-06 19:28:31.368 5294 INFO rally.task.runner [-] Task a97a3128-b001-49e6-be5c-5e73539dc9df | ITER: 1 START
2019-06-06 19:28:31.368 5296 RALLYDEBUG rally.task.runner [-] Starting a worker. concurrency: 1 args: {"consumer": "both", "write_iops_sec": "10", "read_iops_sec": "1000"} times: 10 method_name: run timeout: 0 duration: None cls:
2019-06-06 19:28:31.370 5297 RALLYDEBUG rally.task.runner [-] Starting a worker. concurrency: 1 args: {"consumer": "both", "write_iops_sec": "10", "read_iops_sec": "1000"} times: 10 method_name: run timeout: 0 duration: None cls:
2019-06-06 19:28:31.373 5295 INFO rally.task.runner [-] Task a97a3128-b001-49e6-be5c-5e73539dc9df | ITER: 2 START
2019-06-06 19:28:31.377 5296 INFO rally.task.runner [-] Task a97a3128-b001-49e6-be5c-5e73539dc9df | ITER: 3 START
2019-06-06 19:28:31.381 5297 INFO rally.task.runner [-] Task a97a3128-b001-49e6-be5c-5e73539dc9df | ITER: 4 START
2019-06-06 19:28:32.448 5294 INFO rally.task.runner [-] Task a97a3128-b001-49e6-be5c-5e73539dc9df | ITER: 1 END: OK
2019-06-06 19:28:32.453 5294 INFO rally.task.runner [-] Task a97a3128-b001-49e6-be5c-5e73539dc9df | ITER: 5 START
2019-06-06 19:28:32.465 5296 INFO rally.task.runner [-] Task a97a3128-b001-49e6-be5c-5e73539dc9df | ITER: 3 END: OK
2019-06-06 19:28:32.469 5296 INFO rally.task.runner [-] Task a97a3128-b001-49e6-be5c-5e73539dc9df | ITER: 6 START
2019-06-06 19:28:32.542 5297 INFO rally.task.runner [-] Task a97a3128-b001-49e6-be5c-5e73539dc9df | ITER: 4 END: OK
2019-06-06 19:28:32.547 5297 INFO rally.task.runner [-] Task a97a3128-b001-49e6-be5c-5e73539dc9df | ITER: 7 START
2019-06-06 19:28:32.579 5295 INFO rally.task.runner [-] Task a97a3128-b001-49e6-be5c-5e73539dc9df | ITER: 2 END: OK
2019-06-06 19:28:32.584 5295 INFO rally.task.runner [-] Task a97a3128-b001-49e6-be5c-5e73539dc9df | ITER: 8 START
2019-06-06 19:28:33.483 5294 INFO rally.task.runner [-] Task a97a3128-b001-49e6-be5c-5e73539dc9df | ITER: 5 END: OK
2019-06-06 19:28:33.488 5294 INFO rally.task.runner [-] Task a97a3128-b001-49e6-be5c-5e73539dc9df | ITER: 9 START
2019-06-06 19:28:33.522 5296 INFO rally.task.runner [-] Task a97a3128-b001-49e6-be5c-5e73539dc9df | ITER: 6 END: OK
2019-06-06 19:28:33.527 5296 INFO rally.task.runner [-] Task a97a3128-b001-49e6-be5c-5e73539dc9df | ITER: 10 START
2019-06-06 19:28:33.734 5297 INFO rally.task.runner [-] Task a97a3128-b001-49e6-be5c-5e73539dc9df | ITER: 7 END: OK
2019-06-06 19:28:33.757 5295 INFO rally.task.runner [-] Task a97a3128-b001-49e6-be5c-5e73539dc9df | ITER: 8 END: OK
2019-06-06 19:28:34.508 5296 INFO rally.task.runner [-] Task a97a3128-b001-49e6-be5c-5e73539dc9df | ITER: 10 END: OK
2019-06-06 19:28:34.549 5294 INFO rally.task.runner [-] Task a97a3128-b001-49e6-be5c-5e73539dc9df | ITER: 9 END: OK
2019-06-06 19:28:34.574 1842 INFO rally.task.context [-] Task a97a3128-b001-49e6-be5c-5e73539dc9df | Context admin_cleanup@openstack cleanup() started
2019-06-06 19:28:34.575 1842 RALLYDEBUG rally_openstack.cleanup.manager [-] Cleaning up cinder volume_types objects
2019-06-06 19:28:35.342 1842 RALLYDEBUG rally_openstack.cleanup.manager [-] Cleaning up cinder image_volumes_cache objects
2019-06-06 19:28:36.647 1842 RALLYDEBUG rally_openstack.cleanup.manager [-] Cleaning up cinder quotas objects
2019-06-06 19:28:38.261 1842 RALLYDEBUG rally_openstack.cleanup.manager [-] Cleaning up cinder qos_specs objects
2019-06-06 19:28:39.010 1842 RALLYDEBUG rally_openstack.cleanup.manager [-] Deleting cinder.qos_specs object s_rally_1787b2ba_99YgeWT6 (3fae307e-1220-4c29-9f8f-92600f59fe53)
2019-06-06 19:28:39.020 1842 RALLYDEBUG rally_openstack.cleanup.manager [-] Deleting cinder.qos_specs object s_rally_1787b2ba_LcDpHSB0 (0112fc61-e371-4cc5-8f2e-4b6889ff549c)
2019-06-06 19:28:39.020 1842 RALLYDEBUG rally_openstack.cleanup.manager [-] Deleting cinder.qos_specs object s_rally_1787b2ba_EY0wP1Wr (9715d3bc-5188-41a0-9c31-2d8476f63ad7)
2019-06-06 19:28:39.029 1842 RALLYDEBUG rally_openstack.cleanup.manager [-] Deleting cinder.qos_specs object s_rally_1787b2ba_XdAyhv0p (8e09d354-aecf-4977-a149-d317adc0ff55)
2019-06-06 19:28:39.039 1842 RALLYDEBUG rally_openstack.cleanup.manager [-] Deleting cinder.qos_specs object s_rally_1787b2ba_YRdwWvOQ (53115398-c2d9-4bdf-8cbc-40fedb3a42ab)
2019-06-06 19:28:39.049 1842 RALLYDEBUG rally_openstack.cleanup.manager [-] Deleting cinder.qos_specs object s_rally_1787b2ba_JFqW52Lk (3fe73946-a8e4-47b1-82b1-68c95b9c04dc)
2019-06-06 19:28:39.059 1842 RALLYDEBUG rally_openstack.cleanup.manager [-] Deleting cinder.qos_specs object s_rally_1787b2ba_lZcJ19Ao (b5f84673-c88b-4522-a323-1d45739c5a53)
