2019-06-06 19:19:29.134 1842 DEBUG novaclient.v2.client [-] RESP BODY: {"keypairs": []} _http_log_response /usr/lib/python2.7/site-packages/keystoneauth1/session.py:511
2019-06-06 19:19:29.135 1842 DEBUG novaclient.v2.client [-] GET call to compute for http://172.30.9.35:8774/v2.1/os-keypairs used request id req-8c9ca6ce-54e6-45f1-ba86-af895c406934 request /usr/lib/python2.7/site-packages/keystoneauth1/session.py:844
2019-06-06 19:19:29.142 1842 RALLYDEBUG rally_openstack.cleanup.manager [-] Cleaning up cinder backups objects
2019-06-06 19:19:31.508 1842 RALLYDEBUG rally_openstack.cleanup.manager [-] Cleaning up cinder volume_snapshots objects
2019-06-06 19:19:33.703 1842 RALLYDEBUG rally_openstack.cleanup.manager [-] Cleaning up cinder transfers objects
2019-06-06 19:19:35.936 1842 RALLYDEBUG rally_openstack.cleanup.manager [-] Cleaning up cinder volumes objects
2019-06-06 19:19:38.322 1842 INFO rally.task.context [-] Task a97a3128-b001-49e6-be5c-5e73539dc9df | Context cleanup@openstack cleanup() finished in 18.00 sec
2019-06-06 19:19:38.322 1842 INFO rally.task.context [-] Task a97a3128-b001-49e6-be5c-5e73539dc9df | Context quotas@openstack cleanup() started
2019-06-06 19:19:39.287 1842 INFO rally.task.context [-] Task a97a3128-b001-49e6-be5c-5e73539dc9df | Context quotas@openstack cleanup() finished in 0.97 sec
2019-06-06 19:19:39.288 1842 INFO rally.task.context [-] Task a97a3128-b001-49e6-be5c-5e73539dc9df | Context api_versions@openstack cleanup() started
2019-06-06 19:19:39.288 1842 INFO rally.task.context [-] Task a97a3128-b001-49e6-be5c-5e73539dc9df | Context api_versions@openstack cleanup() finished in 0.36 msec
2019-06-06 19:19:39.289 1842 INFO rally.task.context [-] Task a97a3128-b001-49e6-be5c-5e73539dc9df | Context users@openstack cleanup() started
2019-06-06 19:19:47.213 1842 INFO rally.task.context [-] Task a97a3128-b001-49e6-be5c-5e73539dc9df | Context users@openstack cleanup() finished in 7.92 sec
2019-06-06 19:19:47.248 1842 INFO rally.task.engine [-] Load duration is: 117.630096
2019-06-06 19:19:47.249 1842 INFO rally.task.engine [-] Full runner duration is: 118.683918
2019-06-06 19:19:47.249 1842 INFO rally.task.engine [-] Full duration is: 154.534602
2019-06-06 19:19:47.486 1842 INFO rally.task.engine [-] Running workload: position = 0 config = { "version": 2, "title": "A cropped version of a bigger task.", "description": "Auto-generated task from a single workload (uuid=563cbc69-9da7-4783-94c6-1880c42f9815)", "subtasks": [ { "title": "CinderVolumes.create_volume", "description": "Create a volume.", "scenario": { "CinderVolumes.create_volume": { "size": 1 } }, "contexts": { "users": { "tenants": 3, "users_per_tenant": 2 }, "api_versions": { "cinder": { "version": 3, "service_type": "volumev3" } } }, "runner": { "constant": { "concurrency": 4, "times": 10 } }, "hooks": [], "sla": { "failure_rate": { "max": 0 } } } ] }
2019-06-06 19:19:47.507 1842 RALLYDEBUG rally_openstack.contexts.keystone.users [-] Creating 3 tenants using 20 threads
2019-06-06 19:19:49.372 1842 RALLYDEBUG rally_openstack.contexts.keystone.users [-] Creating 6 users using 20 threads
2019-06-06 19:19:52.158 1842 INFO rally.task.context [-] Task a97a3128-b001-49e6-be5c-5e73539dc9df | Context users@openstack setup() finished in 4.65 sec
2019-06-06 19:19:52.576 1842 INFO rally.task.context [-] Task a97a3128-b001-49e6-be5c-5e73539dc9df | Context api_versions@openstack setup() finished in 0.42 sec
2019-06-06 19:19:52.577 1842 INFO rally.task.context [-] Task a97a3128-b001-49e6-be5c-5e73539dc9df | Context cleanup@openstack setup() finished in 0.03 msec
2019-06-06 19:19:52.584 1842 RALLYDEBUG rally.task.runner [-] Starting the constant runner (task UUID: a97a3128-b001-49e6-be5c-5e73539dc9df). timeout: 0 concurrency: 4 concurrency_per_worker: 1 times: 10 concurrency_overhead: 0 processes_to_start: 4 max_cpu_used: 16
2019-06-06 19:19:52.597 3474 RALLYDEBUG rally.task.runner [-] Starting a worker. concurrency: 1 args: {"size": 1} times: 10 method_name: run timeout: 0 duration: None cls:
2019-06-06 19:19:52.600 3475 RALLYDEBUG rally.task.runner [-] Starting a worker. concurrency: 1 args: {"size": 1} times: 10 method_name: run timeout: 0 duration: None cls:
2019-06-06 19:19:52.603 3476 RALLYDEBUG rally.task.runner [-] Starting a worker. concurrency: 1 args: {"size": 1} times: 10 method_name: run timeout: 0 duration: None cls:
2019-06-06 19:19:52.604 3474 INFO rally.task.runner [-] Task a97a3128-b001-49e6-be5c-5e73539dc9df | ITER: 1 START
2019-06-06 19:19:52.605 3477 RALLYDEBUG rally.task.runner [-] Starting a worker. concurrency: 1 args: {"size": 1} times: 10 method_name: run timeout: 0 duration: None cls:
2019-06-06 19:19:52.607 3475 INFO rally.task.runner [-] Task a97a3128-b001-49e6-be5c-5e73539dc9df | ITER: 2 START
2019-06-06 19:19:52.611 3476 INFO rally.task.runner [-] Task a97a3128-b001-49e6-be5c-5e73539dc9df | ITER: 3 START
2019-06-06 19:19:52.612 3477 INFO rally.task.runner [-] Task a97a3128-b001-49e6-be5c-5e73539dc9df | ITER: 4 START
2019-06-06 19:19:56.082 3475 INFO rally.task.runner [-] Task a97a3128-b001-49e6-be5c-5e73539dc9df | ITER: 2 END: OK
2019-06-06 19:19:56.087 3475 INFO rally.task.runner [-] Task a97a3128-b001-49e6-be5c-5e73539dc9df | ITER: 5 START
2019-06-06 19:19:56.245 3476 INFO rally.task.runner [-] Task a97a3128-b001-49e6-be5c-5e73539dc9df | ITER: 3 END: OK
2019-06-06 19:19:56.251 3476 INFO rally.task.runner [-] Task a97a3128-b001-49e6-be5c-5e73539dc9df | ITER: 6 START
2019-06-06 19:19:56.337 3477 INFO rally.task.runner [-] Task a97a3128-b001-49e6-be5c-5e73539dc9df | ITER: 4 END: OK
2019-06-06 19:19:56.343 3477 INFO rally.task.runner [-] Task a97a3128-b001-49e6-be5c-5e73539dc9df | ITER: 7 START
2019-06-06 19:19:56.348 3474 INFO rally.task.runner [-] Task a97a3128-b001-49e6-be5c-5e73539dc9df | ITER: 1 END: OK
2019-06-06 19:19:56.354 3474 INFO rally.task.runner [-] Task a97a3128-b001-49e6-be5c-5e73539dc9df | ITER: 8 START
2019-06-06 19:19:59.941 3475 INFO rally.task.runner [-] Task a97a3128-b001-49e6-be5c-5e73539dc9df | ITER: 5 END: OK
2019-06-06 19:19:59.946 3475 INFO rally.task.runner [-] Task a97a3128-b001-49e6-be5c-5e73539dc9df | ITER: 9 START
2019-06-06 19:20:00.000 3474 INFO rally.task.runner [-] Task a97a3128-b001-49e6-be5c-5e73539dc9df | ITER: 8 END: OK
2019-06-06 19:20:00.005 3474 INFO rally.task.runner [-] Task a97a3128-b001-49e6-be5c-5e73539dc9df | ITER: 10 START
2019-06-06 19:20:00.032 3476 INFO rally.task.runner [-] Task a97a3128-b001-49e6-be5c-5e73539dc9df | ITER: 6 END: OK
2019-06-06 19:20:00.130 3477 INFO rally.task.runner [-] Task a97a3128-b001-49e6-be5c-5e73539dc9df | ITER: 7 END: OK
2019-06-06 19:20:03.656 3475 INFO rally.task.runner [-] Task a97a3128-b001-49e6-be5c-5e73539dc9df | ITER: 9 END: OK
2019-06-06 19:20:03.703 3474 INFO rally.task.runner [-] Task a97a3128-b001-49e6-be5c-5e73539dc9df | ITER: 10 END: OK
2019-06-06 19:20:03.726 1842 INFO rally.task.context [-] Task a97a3128-b001-49e6-be5c-5e73539dc9df | Context cleanup@openstack cleanup() started
2019-06-06 19:20:03.729 1842 RALLYDEBUG rally_openstack.cleanup.manager [-] Cleaning up cinder backups objects
2019-06-06 19:20:05.796 1842 RALLYDEBUG rally_openstack.cleanup.manager [-] Cleaning up cinder volume_snapshots objects
2019-06-06 19:20:07.976 1842 RALLYDEBUG rally_openstack.cleanup.manager [-] Cleaning up cinder transfers objects
2019-06-06 19:20:10.239 1842 RALLYDEBUG rally_openstack.cleanup.manager [-] Cleaning up cinder volumes objects
2019-06-06 19:20:12.656 1842 RALLYDEBUG rally_openstack.cleanup.manager [-] Deleting cinder.volumes object s_rally_563cbc69_7sWYOLcR (2757ec8d-c77c-4056-be8e-be26e4d26763)
2019-06-06 19:20:12.657 1842 RALLYDEBUG rally_openstack.cleanup.manager [-] Deleting cinder.volumes object s_rally_563cbc69_7Wihinlt (e4943160-bf45-4814-b255-42b080933b3e)
2019-06-06 19:20:12.658 1842 RALLYDEBUG rally_openstack.cleanup.manager [-] Deleting cinder.volumes object s_rally_563cbc69_eL4Z5Hmr (3e400609-a132-41bc-807a-7db6ffcf5a2c)
2019-06-06 19:20:12.662 1842 RALLYDEBUG rally_openstack.cleanup.manager [-] Deleting cinder.volumes object s_rally_563cbc69_bHL9mRpw (a4d7b8c6-22b5-4dda-87f5-dcdd6cebb667)
2019-06-06 19:20:12.663 1842 RALLYDEBUG rally_openstack.cleanup.manager [-] Deleting cinder.volumes object s_rally_563cbc69_xRE1cWgW (e73c4928-a3c5-49ba-b22b-3e9e704f5f1d)
2019-06-06 19:20:12.667 1842 RALLYDEBUG rally_openstack.cleanup.manager [-] Deleting cinder.volumes object s_rally_563cbc69_BMInKLf5 (ed61bf7f-001a-45e1-9ff6-24a989b82b59)
2019-06-06 19:20:12.669 1842 RALLYDEBUG rally_openstack.cleanup.manager [-] Deleting cinder.volumes object s_rally_563cbc69_nTdLzMIy (8ffad9ad-b208-494a-8707-c471de249b84)
2019-06-06 19:20:12.671 1842 RALLYDEBUG rally_openstack.cleanup.manager [-] Deleting cinder.volumes object s_rally_563cbc69_jp00l0E3 (33dda628-3117-4c8b-ab37-3a14faf20410)
2019-06-06 19:20:12.674 1842 RALLYDEBUG rally_openstack.cleanup.manager [-] Deleting cinder.volumes object s_rally_563cbc69_IU1JXCer (30de0ab5-28c6-4815-8122-a9fcf9a6f8ed)
2019-06-06 19:20:12.686 1842 RALLYDEBUG rally_openstack.cleanup.manager [-] Deleting cinder.volumes object s_rally_563cbc69_gs3laBE2 (abb47c48-a05e-4894-8f10-8dc360d23d71)
2019-06-06 19:20:16.426 1842 INFO rally.task.context [-] Task a97a3128-b001-49e6-be5c-5e73539dc9df | Context cleanup@openstack cleanup() finished in 12.70 sec
2019-06-06 19:20:16.427 1842 INFO rally.task.context [-] Task a97a3128-b001-49e6-be5c-5e73539dc9df | Context api_versions@openstack cleanup() started
2019-06-06 19:20:16.427 1842 INFO rally.task.context [-] Task a97a3128-b001-49e6-be5c-5e73539dc9df | Context api_versions@openstack cleanup() finished in 0.32 msec
2019-06-06 19:20:16.427 1842 INFO rally.task.context [-] Task a97a3128-b001-49e6-be5c-5e73539dc9df | Context users@openstack cleanup() started
2019-06-06 19:20:24.584 1842 INFO rally.task.context [-] Task a97a3128-b001-49e6-be5c-5e73539dc9df | Context users@openstack cleanup() finished in 8.16 sec
2019-06-06 19:20:25.657 1842 INFO rally.task.engine [-] Load duration is: 11.093887
2019-06-06 19:20:25.657 1842 INFO rally.task.engine [-] Full runner duration is: 11.141367
2019-06-06 19:20:25.658 1842 INFO rally.task.engine [-] Full duration is: 37.08007
2019-06-06 19:20:25.804 1842 INFO rally.task.engine [-] Running workload: position = 1 config = { "version": 2, "title": "A cropped version of a bigger task.", "description": "Auto-generated task from a single workload (uuid=67384f64-72c7-4c03-9faa-6573adb5f5aa)", "subtasks": [ { "title": "CinderVolumes.create_volume", "description": "Create a volume.", "scenario": { "CinderVolumes.create_volume": { "size": { "min": 1, "max": 1 } } }, "contexts": { "users": { "tenants": 3, "users_per_tenant": 2 }, "quotas": { "cinder": { "gigabytes": -1, "snapshots": -1, "volumes": -1 } }, "api_versions": { "cinder": { "version": 3, "service_type": "volumev3" } } }, "runner": { "constant": { "concurrency": 4, "times": 10 } }, "hooks": [], "sla": { "failure_rate": { "max": 0 } } } ] }
2019-06-06 19:20:25.826 1842 RALLYDEBUG rally_openstack.contexts.keystone.users [-] Creating 3 tenants using 20 threads
2019-06-06 19:20:27.749 1842 RALLYDEBUG rally_openstack.contexts.keystone.users [-] Creating 6 users using 20 threads
2019-06-06 19:20:30.593 1842 INFO rally.task.context [-] Task a97a3128-b001-49e6-be5c-5e73539dc9df | Context users@openstack setup() finished in 4.77 sec
2019-06-06 19:20:31.022 1842 INFO rally.task.context [-] Task a97a3128-b001-49e6-be5c-5e73539dc9df | Context api_versions@openstack setup() finished in 0.43 sec
2019-06-06 19:20:32.712 1842 INFO rally.task.context [-] Task a97a3128-b001-49e6-be5c-5e73539dc9df | Context quotas@openstack setup() finished in 1.69 sec
2019-06-06 19:20:32.713 1842 INFO rally.task.context [-] Task a97a3128-b001-49e6-be5c-5e73539dc9df | Context cleanup@openstack setup() finished in 0.01 msec
2019-06-06 19:20:32.720 1842 RALLYDEBUG rally.task.runner [-] Starting the constant runner (task UUID: a97a3128-b001-49e6-be5c-5e73539dc9df). timeout: 0 concurrency: 4 concurrency_per_worker: 1 times: 10 concurrency_overhead: 0 processes_to_start: 4 max_cpu_used: 16
2019-06-06 19:20:32.732 3658 RALLYDEBUG rally.task.runner [-] Starting a worker. concurrency: 1 args: {"size": {"min": 1, "max": 1}} times: 10 method_name: run timeout: 0 duration: None cls:
2019-06-06 19:20:32.736 3659 RALLYDEBUG rally.task.runner [-] Starting a worker. concurrency: 1 args: {"size": {"min": 1, "max": 1}} times: 10 method_name: run timeout: 0 duration: None cls:
2019-06-06 19:20:32.738 3658 INFO rally.task.runner [-] Task a97a3128-b001-49e6-be5c-5e73539dc9df | ITER: 1 START
2019-06-06 19:20:32.739 3660 RALLYDEBUG rally.task.runner [-] Starting a worker. concurrency: 1 args: {"size": {"min": 1, "max": 1}} times: 10 method_name: run timeout: 0 duration: None cls:
2019-06-06 19:20:32.742 3661 RALLYDEBUG rally.task.runner [-] Starting a worker. concurrency: 1 args: {"size": {"min": 1, "max": 1}} times: 10 method_name: run timeout: 0 duration: None cls:
2019-06-06 19:20:32.744 3659 INFO rally.task.runner [-] Task a97a3128-b001-49e6-be5c-5e73539dc9df | ITER: 2 START
2019-06-06 19:20:32.746 3660 INFO rally.task.runner [-] Task a97a3128-b001-49e6-be5c-5e73539dc9df | ITER: 3 START
2019-06-06 19:20:32.750 3661 INFO rally.task.runner [-] Task a97a3128-b001-49e6-be5c-5e73539dc9df | ITER: 4 START
2019-06-06 19:20:36.361 3660 INFO rally.task.runner [-] Task a97a3128-b001-49e6-be5c-5e73539dc9df | ITER: 3 END: OK
2019-06-06 19:20:36.366 3660 INFO rally.task.runner [-] Task a97a3128-b001-49e6-be5c-5e73539dc9df | ITER: 5 START
2019-06-06 19:20:36.542 3661 INFO rally.task.runner [-] Task a97a3128-b001-49e6-be5c-5e73539dc9df | ITER: 4 END: OK
2019-06-06 19:20:36.547 3661 INFO rally.task.runner [-] Task a97a3128-b001-49e6-be5c-5e73539dc9df | ITER: 6 START
2019-06-06 19:20:36.589 3658 INFO rally.task.runner [-] Task a97a3128-b001-49e6-be5c-5e73539dc9df | ITER: 1 END: OK
2019-06-06 19:20:36.594 3658 INFO rally.task.runner [-] Task a97a3128-b001-49e6-be5c-5e73539dc9df | ITER: 7 START
2019-06-06 19:20:36.638 3659 INFO rally.task.runner [-] Task a97a3128-b001-49e6-be5c-5e73539dc9df | ITER: 2 END: OK
2019-06-06 19:20:36.644 3659 INFO rally.task.runner [-] Task a97a3128-b001-49e6-be5c-5e73539dc9df | ITER: 8 START
2019-06-06 19:20:39.916 3660 INFO rally.task.runner [-] Task a97a3128-b001-49e6-be5c-5e73539dc9df | ITER: 5 END: OK
2019-06-06 19:20:39.922 3660 INFO rally.task.runner [-] Task a97a3128-b001-49e6-be5c-5e73539dc9df | ITER: 9 START
2019-06-06 19:20:40.118 3661 INFO rally.task.runner [-] Task a97a3128-b001-49e6-be5c-5e73539dc9df | ITER: 6 END: OK
2019-06-06 19:20:40.123 3661 INFO rally.task.runner [-] Task a97a3128-b001-49e6-be5c-5e73539dc9df | ITER: 10 START
2019-06-06 19:20:40.333 3658 INFO rally.task.runner [-] Task a97a3128-b001-49e6-be5c-5e73539dc9df | ITER: 7 END: OK
2019-06-06 19:20:40.595 3659 INFO rally.task.runner [-] Task a97a3128-b001-49e6-be5c-5e73539dc9df | ITER: 8 END: OK
2019-06-06 19:20:43.419 3660 INFO rally.task.runner [-] Task a97a3128-b001-49e6-be5c-5e73539dc9df | ITER: 9 END: OK
2019-06-06 19:20:43.807 3661 INFO rally.task.runner [-] Task a97a3128-b001-49e6-be5c-5e73539dc9df | ITER: 10 END: OK
2019-06-06 19:20:43.832 1842 INFO rally.task.context [-] Task a97a3128-b001-49e6-be5c-5e73539dc9df | Context cleanup@openstack cleanup() started
2019-06-06 19:20:43.834 1842 RALLYDEBUG rally_openstack.cleanup.manager [-] Cleaning up cinder backups objects
2019-06-06 19:20:45.882 1842 RALLYDEBUG rally_openstack.cleanup.manager [-] Cleaning up cinder volume_snapshots objects
2019-06-06 19:20:47.909 1842 RALLYDEBUG rally_openstack.cleanup.manager [-] Cleaning up cinder transfers objects
2019-06-06 19:20:49.923 1842 RALLYDEBUG rally_openstack.cleanup.manager [-] Cleaning up cinder volumes objects
2019-06-06 19:20:52.265 1842 RALLYDEBUG rally_openstack.cleanup.manager [-] Deleting cinder.volumes object s_rally_67384f64_oYxcNtgh (2a38dbf7-aa97-4da0-b54f-9f404a1f56b8)
2019-06-06 19:20:52.267 1842 RALLYDEBUG rally_openstack.cleanup.manager [-] Deleting cinder.volumes object s_rally_67384f64_JlyAjoAE (20624a6c-f1ae-4a3c-a708-cf1d42f1696d)
2019-06-06 19:20:52.276 1842 RALLYDEBUG rally_openstack.cleanup.manager [-] Deleting cinder.volumes object s_rally_67384f64_vMIfl1Di (92583450-560a-4c00-b9b4-91e05ea6217f)
2019-06-06 19:20:52.276 1842 RALLYDEBUG rally_openstack.cleanup.manager [-] Deleting cinder.volumes object s_rally_67384f64_3unAIBn0 (bfcf25bb-12a1-48d2-9b9d-50325bc93902)
2019-06-06 19:20:52.280 1842 RALLYDEBUG rally_openstack.cleanup.manager [-] Deleting cinder.volumes object s_rally_67384f64_vmUiS6tC (53684db3-9115-4890-8a53-0ca1af24b718)
2019-06-06 19:20:52.283 1842 RALLYDEBUG rally_openstack.cleanup.manager [-] Deleting cinder.volumes object s_rally_67384f64_ZkgnSCiV (f045ec1e-74f0-43d0-b1ad-2864d3afb3a6)
2019-06-06 19:20:52.285 1842 RALLYDEBUG rally_openstack.cleanup.manager [-] Deleting cinder.volumes object s_rally_67384f64_HWSAJeW7 (daea46cf-d564-4e50-9b8d-a56568f53e02)
2019-06-06 19:20:52.290 1842 RALLYDEBUG rally_openstack.cleanup.manager [-] Deleting cinder.volumes object s_rally_67384f64_D7jCiqbV (9c094d43-cf75-4b2e-89ea-38328c2263ba)
2019-06-06 19:20:52.291 1842 RALLYDEBUG rally_openstack.cleanup.manager [-] Deleting cinder.volumes object s_rally_67384f64_yxJyg52p (30404a51-36e7-4fba-9e05-6545a75d3515)
2019-06-06 19:20:52.291 1842 RALLYDEBUG rally_openstack.cleanup.manager [-] Deleting cinder.volumes object s_rally_67384f64_TnCkpH7k (5099d59f-2365-464e-8bb6-98a47f55da9e)
2019-06-06 19:20:56.110 1842 INFO rally.task.context [-] Task a97a3128-b001-49e6-be5c-5e73539dc9df | Context cleanup@openstack cleanup() finished in 12.28 sec
2019-06-06 19:20:56.110 1842 INFO rally.task.context [-] Task a97a3128-b001-49e6-be5c-5e73539dc9df | Context quotas@openstack cleanup() started
2019-06-06 19:20:57.083 1842 INFO rally.task.context [-] Task a97a3128-b001-49e6-be5c-5e73539dc9df | Context quotas@openstack cleanup() finished in 0.97 sec
2019-06-06 19:20:57.084 1842 INFO rally.task.context [-] Task a97a3128-b001-49e6-be5c-5e73539dc9df | Context api_versions@openstack cleanup() started
2019-06-06 19:20:57.084 1842 INFO rally.task.context [-] Task a97a3128-b001-49e6-be5c-5e73539dc9df | Context api_versions@openstack cleanup() finished in 0.39 msec
2019-06-06 19:20:57.084 1842 INFO rally.task.context [-] Task a97a3128-b001-49e6-be5c-5e73539dc9df | Context users@openstack cleanup() started
2019-06-06 19:21:05.323 1842 INFO rally.task.context [-] Task a97a3128-b001-49e6-be5c-5e73539dc9df | Context users@openstack cleanup() finished in 8.24 sec
2019-06-06 19:21:05.996 1842 INFO rally.task.engine [-] Load duration is: 11.064541
2019-06-06 19:21:05.996 1842 INFO rally.task.engine [-] Full runner duration is: 11.111602
2019-06-06 19:21:05.997 1842 INFO rally.task.engine [-] Full duration is: 39.498813
2019-06-06 19:21:06.241 1842 INFO rally.task.engine [-] Running workload: position = 0 config = { "version": 2, "title": "A cropped version of a bigger task.", "description": "Auto-generated task from a single workload (uuid=38a18647-9382-47fe-a623-1e13eaf14423)", "subtasks": [ { "title": "CinderVolumes.list_volumes", "description": "List all volumes.", "scenario": { "CinderVolumes.list_volumes": { "detailed": true } }, "contexts": { "users": { "tenants": 3, "users_per_tenant": 2 }, "quotas": { "cinder": { "gigabytes": -1, "snapshots": -1, "volumes": -1 } }, "api_versions": { "cinder": { "version": 3, "service_type": "volumev3" } }, "volumes": { "size": 1, "volumes_per_tenant": 4 } }, "runner": { "constant": { "concurrency": 4, "times": 10 } }, "hooks": [], "sla": { "failure_rate": { "max": 0 } } } ] }
2019-06-06 19:21:06.267 1842 RALLYDEBUG rally_openstack.contexts.keystone.users [-] Creating 3 tenants using 20 threads
2019-06-06 19:21:08.164 1842 RALLYDEBUG rally_openstack.contexts.keystone.users [-] Creating 6 users using 20 threads
2019-06-06 19:21:10.980 1842 INFO rally.task.context [-] Task a97a3128-b001-49e6-be5c-5e73539dc9df | Context users@openstack setup() finished in 4.71 sec
2019-06-06 19:21:11.406 1842 INFO rally.task.context [-] Task a97a3128-b001-49e6-be5c-5e73539dc9df | Context api_versions@openstack setup() finished in 0.43 sec
2019-06-06 19:21:13.030 1842 INFO rally.task.context [-] Task a97a3128-b001-49e6-be5c-5e73539dc9df | Context quotas@openstack setup() finished in 1.62 sec
2019-06-06 19:21:52.143 1842 INFO rally.task.context [-] Task a97a3128-b001-49e6-be5c-5e73539dc9df | Context volumes@openstack setup() finished in 39.11 sec
2019-06-06 19:21:52.152 1842 RALLYDEBUG rally.task.runner [-] Starting the constant runner (task UUID: a97a3128-b001-49e6-be5c-5e73539dc9df). timeout: 0 concurrency: 4 concurrency_per_worker: 1 times: 10 concurrency_overhead: 0 processes_to_start: 4 max_cpu_used: 16
2019-06-06 19:21:52.164 3842 RALLYDEBUG rally.task.runner [-] Starting a worker. concurrency: 1 args: {"detailed": true} times: 10 method_name: run timeout: 0 duration: None cls:
2019-06-06 19:21:52.166 3843 RALLYDEBUG rally.task.runner [-] Starting a worker. concurrency: 1 args: {"detailed": true} times: 10 method_name: run timeout: 0 duration: None cls:
2019-06-06 19:21:52.169 3844 RALLYDEBUG rally.task.runner [-] Starting a worker. concurrency: 1 args: {"detailed": true} times: 10 method_name: run timeout: 0 duration: None cls:
2019-06-06 19:21:52.173 3845 RALLYDEBUG rally.task.runner [-] Starting a worker. concurrency: 1 args: {"detailed": true} times: 10 method_name: run timeout: 0 duration: None cls:
2019-06-06 19:21:52.172 3842 INFO rally.task.runner [-] Task a97a3128-b001-49e6-be5c-5e73539dc9df | ITER: 1 START
2019-06-06 19:21:52.177 3843 INFO rally.task.runner [-] Task a97a3128-b001-49e6-be5c-5e73539dc9df | ITER: 2 START
2019-06-06 19:21:52.180 3844 INFO rally.task.runner [-] Task a97a3128-b001-49e6-be5c-5e73539dc9df | ITER: 3 START
2019-06-06 19:21:52.183 3845 INFO rally.task.runner [-] Task a97a3128-b001-49e6-be5c-5e73539dc9df | ITER: 4 START
2019-06-06 19:21:52.978 3843 INFO rally.task.runner [-] Task a97a3128-b001-49e6-be5c-5e73539dc9df | ITER: 2 END: OK
2019-06-06 19:21:52.984 3844 INFO rally.task.runner [-] Task a97a3128-b001-49e6-be5c-5e73539dc9df | ITER: 3 END: OK
2019-06-06 19:21:52.984 3843 INFO rally.task.runner [-] Task a97a3128-b001-49e6-be5c-5e73539dc9df | ITER: 5 START
2019-06-06 19:21:52.985 3842 INFO rally.task.runner [-] Task a97a3128-b001-49e6-be5c-5e73539dc9df | ITER: 1 END: OK
2019-06-06 19:21:52.990 3844 INFO rally.task.runner [-] Task a97a3128-b001-49e6-be5c-5e73539dc9df | ITER: 6 START
2019-06-06 19:21:52.990 3842 INFO rally.task.runner [-] Task a97a3128-b001-49e6-be5c-5e73539dc9df | ITER: 7 START
2019-06-06 19:21:53.014 3845 INFO rally.task.runner [-] Task a97a3128-b001-49e6-be5c-5e73539dc9df | ITER: 4 END: OK
2019-06-06 19:21:53.020 3845 INFO rally.task.runner [-] Task a97a3128-b001-49e6-be5c-5e73539dc9df | ITER: 8 START
2019-06-06 19:21:53.700 3844 INFO rally.task.runner [-] Task a97a3128-b001-49e6-be5c-5e73539dc9df | ITER: 6 END: OK
2019-06-06 19:21:53.705 3844 INFO rally.task.runner [-] Task a97a3128-b001-49e6-be5c-5e73539dc9df | ITER: 9 START
2019-06-06 19:21:53.785 3842 INFO rally.task.runner [-] Task a97a3128-b001-49e6-be5c-5e73539dc9df | ITER: 7 END: OK
2019-06-06 19:21:53.791 3842 INFO rally.task.runner [-] Task a97a3128-b001-49e6-be5c-5e73539dc9df | ITER: 10 START
2019-06-06 19:21:53.801 3843 INFO rally.task.runner [-] Task a97a3128-b001-49e6-be5c-5e73539dc9df | ITER: 5 END: OK
2019-06-06 19:21:53.810 3845 INFO rally.task.runner [-] Task a97a3128-b001-49e6-be5c-5e73539dc9df | ITER: 8 END: OK
2019-06-06 19:21:54.489 3844 INFO rally.task.runner [-] Task a97a3128-b001-49e6-be5c-5e73539dc9df | ITER: 9 END: OK
2019-06-06 19:21:54.586 3842 INFO rally.task.runner [-] Task a97a3128-b001-49e6-be5c-5e73539dc9df | ITER: 10 END: OK
2019-06-06 19:21:54.610 1842 INFO rally.task.context [-] Task a97a3128-b001-49e6-be5c-5e73539dc9df | Context volumes@openstack cleanup() started
2019-06-06 19:21:54.611 1842 RALLYDEBUG rally_openstack.cleanup.manager [-] Cleaning up cinder volumes objects
2019-06-06 19:21:57.009 1842 RALLYDEBUG rally_openstack.cleanup.manager [-] Deleting cinder.volumes object c_rally_38a18647_awLXAHG1 (75fd2653-760e-47c9-80ad-8dd951ead2eb)
2019-06-06 19:21:57.013 1842 RALLYDEBUG rally_openstack.cleanup.manager [-] Deleting cinder.volumes object c_rally_38a18647_sr5aI6mf (d9983798-0f21-4024-ac63-cc24c4ec8c2c)
2019-06-06 19:21:57.017 1842 RALLYDEBUG rally_openstack.cleanup.manager [-] Deleting cinder.volumes object c_rally_38a18647_M1OfVoze (a081d8db-c344-46fe-b8dd-1ff4be752161)
2019-06-06 19:21:57.023 1842 RALLYDEBUG rally_openstack.cleanup.manager [-] Deleting cinder.volumes object c_rally_38a18647_sNuERyze (227b96a9-91a4-4b85-91ec-12fdce221aeb)
2019-06-06 19:21:57.023 1842 RALLYDEBUG rally_openstack.cleanup.manager [-] Deleting cinder.volumes object c_rally_38a18647_sk41upNy (0c5b6b40-0048-47eb-a770-30e0ec24e473)
2019-06-06 19:21:57.025 1842 RALLYDEBUG rally_openstack.cleanup.manager [-] Deleting cinder.volumes object c_rally_38a18647_9ftnFgZH (91ec9aa6-9202-4f91-be14-8b2dccce3802)
2019-06-06 19:21:57.036 1842 RALLYDEBUG rally_openstack.cleanup.manager [-] Deleting cinder.volumes object c_rally_38a18647_4D0go2KG (dabe11e9-f51a-467d-ba30-fb2bdd8b4d4e)
2019-06-06 19:21:57.037 1842 RALLYDEBUG rally_openstack.cleanup.manager [-] Deleting cinder.volumes object c_rally_38a18647_usRtSIXH (0b40fbb4-4884-46e6-bb0e-243a17b965e7)
2019-06-06 19:21:57.052 1842 RALLYDEBUG rally_openstack.cleanup.manager [-] Deleting cinder.volumes object c_rally_38a18647_kIN8qo4p (8012a2fc-25d4-4b50-9d12-e0c0f334ad1c)
2019-06-06 19:21:57.054 1842 RALLYDEBUG rally_openstack.cleanup.manager [-] Deleting cinder.volumes object c_rally_38a18647_J3bIIkr8 (f78ff481-f2cc-4793-9532-d859a4448f87)
2019-06-06 19:21:57.071 1842 RALLYDEBUG rally_openstack.cleanup.manager [-] Deleting cinder.volumes object c_rally_38a18647_62xRD0Wx (b30a3fa8-0219-4bf6-af8e-19348183ed00)
2019-06-06 19:21:57.082 1842 RALLYDEBUG rally_openstack.cleanup.manager [-] Deleting cinder.volumes object c_rally_38a18647_RS4yhOlN (12c5eaaf-9bba-4536-9d95-b80aba52ad3e)
2019-06-06 19:22:02.216 1842 INFO rally.task.context [-] Task a97a3128-b001-49e6-be5c-5e73539dc9df | Context volumes@openstack cleanup() finished in 7.61 sec
2019-06-06 19:22:02.216 1842 INFO rally.task.context [-] Task a97a3128-b001-49e6-be5c-5e73539dc9df | Context quotas@openstack cleanup() started
2019-06-06 19:22:02.927 1842 INFO rally.task.context [-] Task a97a3128-b001-49e6-be5c-5e73539dc9df | Context quotas@openstack cleanup() finished in 0.71 sec
2019-06-06 19:22:02.927 1842 INFO rally.task.context [-] Task a97a3128-b001-49e6-be5c-5e73539dc9df | Context api_versions@openstack cleanup() started
2019-06-06 19:22:02.928 1842 INFO rally.task.context [-] Task a97a3128-b001-49e6-be5c-5e73539dc9df | Context api_versions@openstack cleanup() finished in 0.30 msec
2019-06-06 19:22:02.928 1842 INFO rally.task.context [-] Task a97a3128-b001-49e6-be5c-5e73539dc9df | Context users@openstack cleanup() started
2019-06-06 19:22:11.148 1842 INFO rally.task.context [-] Task a97a3128-b001-49e6-be5c-5e73539dc9df | Context users@openstack cleanup() finished in 8.22 sec
2019-06-06 19:22:12.544 1842 INFO rally.task.engine [-] Load duration is: 2.40696
2019-06-06 19:22:12.545 1842 INFO rally.task.engine [-] Full runner duration is: 2.459816
2019-06-06 19:22:12.545 1842 INFO rally.task.engine [-] Full duration is: 64.887204
2019-06-06 19:22:12.802 1842 INFO rally.task.engine [-] Running workload: position = 0 config = { "version": 2, "title": "A cropped version of a bigger task.", "description": "Auto-generated task from a single workload (uuid=91f661a3-5e22-4287-8138-a391fc0e99d5)", "subtasks": [ { "title": "CinderVolumes.create_and_delete_snapshot", "description": "Create and then delete a volume-snapshot.", "scenario": { "CinderVolumes.create_and_delete_snapshot": { "force": false } }, "contexts": { "users": { "tenants": 3, "users_per_tenant": 2 }, "quotas": { "cinder": { "gigabytes": -1, "snapshots": -1, "volumes": -1 } }, "api_versions": { "cinder": { "version": 3, "service_type": "volumev3" } }, "volumes": { "size": 1, "volumes_per_tenant": 1 } }, "runner": { "constant": { "concurrency": 4, "times": 10 } }, "hooks": [], "sla": { "failure_rate": { "max": 0 } } } ] }
2019-06-06 19:22:12.826 1842 RALLYDEBUG rally_openstack.contexts.keystone.users [-] Creating 3 tenants using 20 threads
2019-06-06 19:22:14.648 1842 RALLYDEBUG rally_openstack.contexts.keystone.users [-] Creating 6 users using 20 threads
2019-06-06 19:22:17.481 1842 INFO rally.task.context [-] Task a97a3128-b001-49e6-be5c-5e73539dc9df | Context users@openstack setup() finished in 4.66 sec
2019-06-06 19:22:17.902 1842 INFO rally.task.context [-] Task a97a3128-b001-49e6-be5c-5e73539dc9df | Context api_versions@openstack setup() finished in 0.42 sec
2019-06-06 19:22:19.670 1842 INFO rally.task.context [-] Task a97a3128-b001-49e6-be5c-5e73539dc9df | Context quotas@openstack setup() finished in 1.77 sec
2019-06-06 19:22:30.756 1842 INFO rally.task.context [-] Task a97a3128-b001-49e6-be5c-5e73539dc9df | Context volumes@openstack setup() finished in 11.09 sec
2019-06-06 19:22:30.756 1842 INFO rally.task.context [-] Task a97a3128-b001-49e6-be5c-5e73539dc9df | Context cleanup@openstack setup() finished in 0.01 msec
2019-06-06 19:22:30.764 1842 RALLYDEBUG rally.task.runner [-] Starting the constant runner (task UUID: a97a3128-b001-49e6-be5c-5e73539dc9df). timeout: 0 concurrency: 4 concurrency_per_worker: 1 times: 10 concurrency_overhead: 0 processes_to_start: 4 max_cpu_used: 16
2019-06-06 19:22:30.778 3966 RALLYDEBUG rally.task.runner [-] Starting a worker. concurrency: 1 args: {"force": false} times: 10 method_name: run timeout: 0 duration: None cls:
2019-06-06 19:22:30.781 3967 RALLYDEBUG rally.task.runner [-] Starting a worker. concurrency: 1 args: {"force": false} times: 10 method_name: run timeout: 0 duration: None cls:
2019-06-06 19:22:30.783 3968 RALLYDEBUG rally.task.runner [-] Starting a worker. concurrency: 1 args: {"force": false} times: 10 method_name: run timeout: 0 duration: None cls:
2019-06-06 19:22:30.786 3969 RALLYDEBUG rally.task.runner [-] Starting a worker. concurrency: 1 args: {"force": false} times: 10 method_name: run timeout: 0 duration: None cls:
2019-06-06 19:22:30.789 3966 INFO rally.task.runner [-] Task a97a3128-b001-49e6-be5c-5e73539dc9df | ITER: 1 START
2019-06-06 19:22:30.790 3969 INFO rally.task.runner [-] Task a97a3128-b001-49e6-be5c-5e73539dc9df | ITER: 4 START
2019-06-06 19:22:30.792 3967 INFO rally.task.runner [-] Task a97a3128-b001-49e6-be5c-5e73539dc9df | ITER: 2 START
2019-06-06 19:22:30.792 3968 INFO rally.task.runner [-] Task a97a3128-b001-49e6-be5c-5e73539dc9df | ITER: 3 START
2019-06-06 19:22:34.320 3968 RALLYDEBUG rally.task.utils [-] Waiting for resource s_rally_91f661a3_1O5YPM01. Status changed: CREATING => AVAILABLE in 0.552268028259
2019-06-06 19:22:34.741 3969 RALLYDEBUG rally.task.utils [-] Waiting for resource s_rally_91f661a3_vD9C4DO1. Status changed: AVAILABLE => DELETING in 0.347040891647
2019-06-06 19:22:34.805 3968 RALLYDEBUG rally.task.utils [-] Waiting for resource s_rally_91f661a3_1O5YPM01. Status changed: AVAILABLE => DELETING in 0.214704990387
2019-06-06 19:22:34.978 3967 RALLYDEBUG rally.task.utils [-] Waiting for resource s_rally_91f661a3_lgTfmk2X. Status changed: AVAILABLE => DELETING in 0.247955799103
2019-06-06 19:22:35.139 3966 RALLYDEBUG rally.task.utils [-] Waiting for resource s_rally_91f661a3_PNa96zFK. Status changed: AVAILABLE => DELETING in 0.319957017899
2019-06-06 19:22:37.020 3968 INFO rally.task.runner [-] Task a97a3128-b001-49e6-be5c-5e73539dc9df | ITER: 3 END: OK
2019-06-06 19:22:37.025 3968 INFO rally.task.runner [-] Task a97a3128-b001-49e6-be5c-5e73539dc9df | ITER: 5 START
2019-06-06 19:22:37.051 3969 INFO rally.task.runner [-] Task a97a3128-b001-49e6-be5c-5e73539dc9df | ITER: 4 END: OK
2019-06-06 19:22:37.057 3969 INFO rally.task.runner [-] Task a97a3128-b001-49e6-be5c-5e73539dc9df | ITER: 6 START
2019-06-06 19:22:37.274 3967 INFO rally.task.runner [-] Task a97a3128-b001-49e6-be5c-5e73539dc9df | ITER: 2 END: OK
2019-06-06 19:22:37.279 3967 INFO rally.task.runner [-] Task a97a3128-b001-49e6-be5c-5e73539dc9df | ITER: 7 START
2019-06-06 19:22:37.447 3966 INFO rally.task.runner [-] Task a97a3128-b001-49e6-be5c-5e73539dc9df | ITER: 1 END: OK
2019-06-06 19:22:37.452 3966 INFO rally.task.runner [-] Task a97a3128-b001-49e6-be5c-5e73539dc9df | ITER: 8 START
2019-06-06 19:22:41.126 3968 RALLYDEBUG rally.task.utils [-] Waiting for resource s_rally_91f661a3_qADEmYZ2. Status changed: AVAILABLE => DELETING in 0.314239025116
2019-06-06 19:22:41.141 3969 RALLYDEBUG rally.task.utils [-] Waiting for resource s_rally_91f661a3_GzFwMx2Y. Status changed: AVAILABLE => DELETING in 0.239185094833
2019-06-06 19:22:41.265 3967 RALLYDEBUG rally.task.utils [-] Waiting for resource s_rally_91f661a3_klngWV2U. Status changed: AVAILABLE => DELETING in 0.225733995438
2019-06-06 19:22:41.503 3966 RALLYDEBUG rally.task.utils [-] Waiting for resource s_rally_91f661a3_L6Rmts0Y. Status changed: AVAILABLE => DELETING in 0.314388990402
2019-06-06 19:22:43.361 3969 INFO rally.task.runner [-] Task a97a3128-b001-49e6-be5c-5e73539dc9df | ITER: 6 END: OK
2019-06-06 19:22:43.365 3969 INFO rally.task.runner [-] Task a97a3128-b001-49e6-be5c-5e73539dc9df | ITER: 9 START
2019-06-06 19:22:43.430 3968 INFO rally.task.runner [-] Task a97a3128-b001-49e6-be5c-5e73539dc9df | ITER: 5 END: OK
2019-06-06 19:22:43.435 3968 INFO rally.task.runner [-] Task a97a3128-b001-49e6-be5c-5e73539dc9df | ITER: 10 START
2019-06-06 19:22:43.489 3967 INFO rally.task.runner [-] Task a97a3128-b001-49e6-be5c-5e73539dc9df | ITER: 7 END: OK
2019-06-06 19:22:43.528 3966 INFO rally.task.runner [-] Task a97a3128-b001-49e6-be5c-5e73539dc9df | ITER: 8 END: OK
2019-06-06 19:22:47.285 3969 RALLYDEBUG rally.task.utils [-] Waiting for resource s_rally_91f661a3_YedIIlCm. Status changed: AVAILABLE => DELETING in 0.299658060074
2019-06-06 19:22:47.630 3968 RALLYDEBUG rally.task.utils [-] Waiting for resource s_rally_91f661a3_WtcRFcfh. Status changed: AVAILABLE => DELETING in 0.21876001358
2019-06-06 19:22:49.494 3969 INFO rally.task.runner [-] Task a97a3128-b001-49e6-be5c-5e73539dc9df | ITER: 9 END: OK
2019-06-06 19:22:49.975 3968 INFO rally.task.runner [-] Task a97a3128-b001-49e6-be5c-5e73539dc9df | ITER: 10 END: OK
2019-06-06 19:22:50.000 1842 INFO rally.task.context [-] Task a97a3128-b001-49e6-be5c-5e73539dc9df | Context cleanup@openstack cleanup() started
2019-06-06 19:22:50.004 1842 RALLYDEBUG rally_openstack.cleanup.manager [-] Cleaning up cinder backups objects
2019-06-06 19:22:52.151 1842 RALLYDEBUG rally_openstack.cleanup.manager [-] Cleaning up cinder volume_snapshots objects
2019-06-06 19:22:54.364 1842 RALLYDEBUG rally_openstack.cleanup.manager [-] Cleaning up cinder transfers objects
2019-06-06 19:22:56.587 1842 RALLYDEBUG rally_openstack.cleanup.manager [-] Cleaning up cinder volumes objects
2019-06-06 19:22:58.734 1842 INFO rally.task.context [-] Task a97a3128-b001-49e6-be5c-5e73539dc9df | Context cleanup@openstack cleanup() finished in 8.73 sec
2019-06-06 19:22:58.735 1842 INFO rally.task.context [-] Task a97a3128-b001-49e6-be5c-5e73539dc9df | Context volumes@openstack cleanup() started
2019-06-06 19:22:58.735 1842 RALLYDEBUG rally_openstack.cleanup.manager [-] Cleaning up cinder volumes objects
2019-06-06 19:23:01.087 1842 RALLYDEBUG rally_openstack.cleanup.manager [-] Deleting cinder.volumes object c_rally_91f661a3_3e1lhs70 (36cfd65b-e72a-4a09-ae3b-0e7d62d345a3)
2019-06-06 19:23:01.088 1842 RALLYDEBUG rally_openstack.cleanup.manager [-] Deleting cinder.volumes object c_rally_91f661a3_8jfyt9Xn (9907d7bf-ce66-4024-a601-d88b8f661d4f)
2019-06-06 19:23:01.088 1842 RALLYDEBUG rally_openstack.cleanup.manager [-] Deleting cinder.volumes object c_rally_91f661a3_g9jcoX51 (1f3ddf31-ace6-4910-872d-bf176e833b29)
2019-06-06 19:23:04.594 1842 INFO rally.task.context [-] Task a97a3128-b001-49e6-be5c-5e73539dc9df | Context volumes@openstack cleanup() finished in 5.86 sec
2019-06-06 19:23:04.594 1842 INFO rally.task.context [-] Task a97a3128-b001-49e6-be5c-5e73539dc9df | Context quotas@openstack cleanup() started
2019-06-06 19:23:05.299 1842 INFO rally.task.context [-] Task a97a3128-b001-49e6-be5c-5e73539dc9df | Context quotas@openstack cleanup() finished in 0.70 sec
2019-06-06 19:23:05.300 1842 INFO rally.task.context [-] Task a97a3128-b001-49e6-be5c-5e73539dc9df | Context api_versions@openstack cleanup() started
2019-06-06 19:23:05.300 1842 INFO rally.task.context [-] Task a97a3128-b001-49e6-be5c-5e73539dc9df | Context api_versions@openstack cleanup() finished in 0.30 msec
2019-06-06 19:23:05.300 1842 INFO rally.task.context [-] Task a97a3128-b001-49e6-be5c-5e73539dc9df | Context users@openstack cleanup() started
2019-06-06 19:23:13.250 1842 INFO rally.task.context [-] Task a97a3128-b001-49e6-be5c-5e73539dc9df | Context users@openstack cleanup() finished in 7.95 sec
2019-06-06 19:23:15.111 1842 INFO rally.task.engine [-] Load duration is: 19.181022
2019-06-06 19:23:15.111 1842 INFO rally.task.engine [-] Full runner duration is: 19.236998
2019-06-06 19:23:15.111 1842 INFO rally.task.engine [-] Full duration is: 60.427614
2019-06-06 19:23:15.355 1842 INFO rally.task.engine [-] Running workload: position = 0 config = { "version": 2, "title": "A cropped version of a bigger task.", "description": "Auto-generated task from a single workload (uuid=ef078ea6-a0a4-47b8-9a1d-5ea8d0e6d15b)", "subtasks": [ { "title": "CinderVolumes.create_and_delete_volume", "description": "Create and then delete a volume.", "scenario": { "CinderVolumes.create_and_delete_volume": { "size": { "max": 1, "min": 1 } } }, "contexts": { "users": { "tenants": 3, "users_per_tenant": 2 }, "quotas": { "cinder": { "gigabytes": -1, "snapshots": -1, "volumes": -1 } }, "api_versions": { "cinder": { "version": 3, "service_type": "volumev3" } } }, "runner": { "constant": { "concurrency": 4, "times": 10 } }, "hooks": [], "sla": { "failure_rate": { "max": 0 } } } ] }
2019-06-06 19:23:15.376 1842 RALLYDEBUG rally_openstack.contexts.keystone.users [-] Creating 3 tenants using 20 threads
2019-06-06 19:23:17.415 1842 RALLYDEBUG rally_openstack.contexts.keystone.users [-] Creating 6 users using 20 threads
2019-06-06 19:23:20.195 1842 INFO rally.task.context [-] Task a97a3128-b001-49e6-be5c-5e73539dc9df | Context users@openstack setup() finished in 4.82 sec
2019-06-06 19:23:20.622 1842 INFO rally.task.context [-] Task a97a3128-b001-49e6-be5c-5e73539dc9df | Context api_versions@openstack setup() finished in 0.43 sec
2019-06-06 19:23:22.329 1842 INFO rally.task.context [-] Task a97a3128-b001-49e6-be5c-5e73539dc9df | Context quotas@openstack setup() finished in 1.71 sec
2019-06-06 19:23:22.330 1842 INFO rally.task.context [-] Task a97a3128-b001-49e6-be5c-5e73539dc9df | Context cleanup@openstack setup() finished in 0.01 msec
2019-06-06 19:23:22.338 1842 RALLYDEBUG rally.task.runner [-] Starting the constant runner (task UUID: a97a3128-b001-49e6-be5c-5e73539dc9df). timeout: 0 concurrency: 4 concurrency_per_worker: 1 times: 10 concurrency_overhead: 0 processes_to_start: 4 max_cpu_used: 16
2019-06-06 19:23:22.349 4170 RALLYDEBUG rally.task.runner [-] Starting a worker. concurrency: 1 args: {"size": {"max": 1, "min": 1}} times: 10 method_name: run timeout: 0 duration: None cls:
2019-06-06 19:23:22.353 4172 RALLYDEBUG rally.task.runner [-] Starting a worker. concurrency: 1 args: {"size": {"max": 1, "min": 1}} times: 10 method_name: run timeout: 0 duration: None cls:
2019-06-06 19:23:22.354 4171 RALLYDEBUG rally.task.runner [-] Starting a worker. concurrency: 1 args: {"size": {"max": 1, "min": 1}} times: 10 method_name: run timeout: 0 duration: None cls:
2019-06-06 19:23:22.354 4170 INFO rally.task.runner [-] Task a97a3128-b001-49e6-be5c-5e73539dc9df | ITER: 1 START
2019-06-06 19:23:22.357 4173 RALLYDEBUG rally.task.runner [-] Starting a worker. concurrency: 1 args: {"size": {"max": 1, "min": 1}} times: 10 method_name: run timeout: 0 duration: None cls:
2019-06-06 19:23:22.361 4173 INFO rally.task.runner [-] Task a97a3128-b001-49e6-be5c-5e73539dc9df | ITER: 4 START
2019-06-06 19:23:22.361 4172 INFO rally.task.runner [-] Task a97a3128-b001-49e6-be5c-5e73539dc9df | ITER: 2 START
2019-06-06 19:23:22.362 4171 INFO rally.task.runner [-] Task a97a3128-b001-49e6-be5c-5e73539dc9df | ITER: 3 START
2019-06-06 19:23:26.776 4172 RALLYDEBUG rally.task.utils [-] Waiting for resource s_rally_ef078ea6_gokiqt3s. Status changed: AVAILABLE => DELETING in 0.239857196808
2019-06-06 19:23:26.944 4171 RALLYDEBUG rally.task.utils [-] Waiting for resource s_rally_ef078ea6_Az7hly0n. Status changed: AVAILABLE => DELETING in 0.337115049362
2019-06-06 19:23:26.954 4170 RALLYDEBUG rally.task.utils [-] Waiting for resource s_rally_ef078ea6_pOENXzPe. Status changed: AVAILABLE => DELETING in 0.310873031616
2019-06-06 19:23:26.982 4173 RALLYDEBUG rally.task.utils [-] Waiting for resource s_rally_ef078ea6_nEHZRzcZ. Status changed: AVAILABLE => DELETING in 0.320338010788
2019-06-06 19:23:29.098 4172 INFO rally.task.runner [-] Task a97a3128-b001-49e6-be5c-5e73539dc9df | ITER: 2 END: OK
2019-06-06 19:23:29.105 4172 INFO rally.task.runner [-] Task a97a3128-b001-49e6-be5c-5e73539dc9df | ITER: 5 START
2019-06-06 19:23:29.180 4171 INFO rally.task.runner [-] Task a97a3128-b001-49e6-be5c-5e73539dc9df | ITER: 3 END: OK
2019-06-06 19:23:29.186 4171 INFO rally.task.runner [-] Task a97a3128-b001-49e6-be5c-5e73539dc9df | ITER: 6 START
2019-06-06 19:23:29.271 4170 INFO rally.task.runner [-] Task a97a3128-b001-49e6-be5c-5e73539dc9df | ITER: 1 END: OK
2019-06-06 19:23:29.276 4170 INFO rally.task.runner [-] Task a97a3128-b001-49e6-be5c-5e73539dc9df | ITER: 7 START
2019-06-06 19:23:29.293 4173 INFO rally.task.runner [-] Task a97a3128-b001-49e6-be5c-5e73539dc9df | ITER: 4 END: OK
2019-06-06 19:23:29.300 4173 INFO rally.task.runner [-] Task a97a3128-b001-49e6-be5c-5e73539dc9df | ITER: 8 START
2019-06-06 19:23:33.423 4171 RALLYDEBUG rally.task.utils [-] Waiting for resource s_rally_ef078ea6_WtWkf2yg. Status changed: AVAILABLE => DELETING in 0.360031843185
2019-06-06 19:23:33.526 4173 RALLYDEBUG rally.task.utils [-] Waiting for resource s_rally_ef078ea6_oZqTChzz. Status changed: AVAILABLE => DELETING in 0.349781036377
2019-06-06 19:23:33.623 4172 RALLYDEBUG rally.task.utils [-] Waiting for resource s_rally_ef078ea6_VHXn96JH. Status changed: AVAILABLE => DELETING in 0.385980129242
2019-06-06 19:23:33.727 4170 RALLYDEBUG rally.task.utils [-] Waiting for resource s_rally_ef078ea6_vqvbdLGh. Status changed: AVAILABLE => DELETING in 0.335527896881
2019-06-06 19:23:35.721 4171 INFO rally.task.runner [-] Task a97a3128-b001-49e6-be5c-5e73539dc9df | ITER: 6 END: OK
2019-06-06 19:23:35.726 4171 INFO rally.task.runner [-] Task a97a3128-b001-49e6-be5c-5e73539dc9df | ITER: 9 START
2019-06-06 19:23:35.850 4173 INFO rally.task.runner [-] Task a97a3128-b001-49e6-be5c-5e73539dc9df | ITER: 8 END: OK
2019-06-06 19:23:35.852 4172 INFO rally.task.runner [-] Task a97a3128-b001-49e6-be5c-5e73539dc9df | ITER: 5 END: OK
2019-06-06 19:23:35.855 4173 INFO rally.task.runner [-] Task a97a3128-b001-49e6-be5c-5e73539dc9df | ITER: 10 START
2019-06-06 19:23:36.039 4170 INFO rally.task.runner [-] Task a97a3128-b001-49e6-be5c-5e73539dc9df | ITER: 7 END: OK
2019-06-06 19:23:40.003 4173 RALLYDEBUG rally.task.utils [-] Waiting for resource s_rally_ef078ea6_Z0g78EMe. Status changed: AVAILABLE => DELETING in 0.251358985901
2019-06-06 19:23:40.089 4171 INFO rally.task.runner [-] Task a97a3128-b001-49e6-be5c-5e73539dc9df | ITER: 9 END: OK
2019-06-06 19:23:42.242 4173 INFO rally.task.runner [-] Task a97a3128-b001-49e6-be5c-5e73539dc9df | ITER: 10 END: OK
2019-06-06 19:23:42.265 1842 INFO rally.task.context [-] Task a97a3128-b001-49e6-be5c-5e73539dc9df | Context cleanup@openstack cleanup() started
2019-06-06 19:23:42.267 1842 RALLYDEBUG rally_openstack.cleanup.manager [-] Cleaning up cinder backups objects
2019-06-06 19:23:44.468 1842 RALLYDEBUG rally_openstack.cleanup.manager [-] Cleaning up cinder volume_snapshots objects
2019-06-06 19:23:46.514 1842 RALLYDEBUG rally_openstack.cleanup.manager [-] Cleaning up cinder transfers objects
2019-06-06 19:23:48.698 1842 RALLYDEBUG rally_openstack.cleanup.manager [-] Cleaning up cinder volumes objects
2019-06-06 19:23:50.827 1842 INFO rally.task.context [-] Task a97a3128-b001-49e6-be5c-5e73539dc9df | Context cleanup@openstack cleanup() finished in 8.56 sec
2019-06-06 19:23:50.828 1842 INFO rally.task.context [-] Task a97a3128-b001-49e6-be5c-5e73539dc9df | Context quotas@openstack cleanup() started
2019-06-06 19:23:51.700 1842 INFO rally.task.context [-] Task a97a3128-b001-49e6-be5c-5e73539dc9df | Context quotas@openstack cleanup() finished in 0.87 sec
2019-06-06 19:23:51.701 1842 INFO rally.task.context [-] Task a97a3128-b001-49e6-be5c-5e73539dc9df | Context api_versions@openstack cleanup() started
2019-06-06 19:23:51.701 1842 INFO rally.task.context [-] Task a97a3128-b001-49e6-be5c-5e73539dc9df | Context api_versions@openstack cleanup() finished in 0.32 msec
2019-06-06 19:23:51.701 1842 INFO rally.task.context [-] Task a97a3128-b001-49e6-be5c-5e73539dc9df | Context users@openstack cleanup() started
2019-06-06 19:23:59.559 1842 INFO rally.task.context [-] Task a97a3128-b001-49e6-be5c-5e73539dc9df | Context users@openstack cleanup() finished in 7.86 sec
2019-06-06 19:24:01.568 1842 INFO rally.task.engine [-] Load duration is: 19.882425
2019-06-06 19:24:01.568 1842 INFO rally.task.engine [-] Full runner duration is: 19.928322
2019-06-06 19:24:01.569 1842 INFO rally.task.engine [-] Full duration is: 44.185253
2019-06-06 19:24:01.746 1842 INFO rally.task.engine [-] Running workload: position = 1 config = { "version": 2, "title": "A cropped version of a bigger task.", "description": "Auto-generated task from a single workload (uuid=4155f86a-c330-4cf1-96c7-598063dc62e9)", "subtasks": [ { "title": "CinderVolumes.create_and_delete_volume", "description": "Create and then delete a volume.", "scenario": { "CinderVolumes.create_and_delete_volume": { "image": { "name": "rally_full-img_9f399e4d-c8ee-4635-a21e-38e0033fc541" }, "size": 1 } }, "contexts": { "users": { "tenants": 3, "users_per_tenant": 2 }, "quotas": { "cinder": { "gigabytes": -1, "snapshots": -1, "volumes": -1 } }, "api_versions": { "cinder": { "version": 3, "service_type": "volumev3" } } }, "runner": { "constant": { "concurrency": 4, "times": 10 } }, "hooks": [], "sla": { "failure_rate": { "max": 0 } } } ] }
2019-06-06 19:24:01.769 1842 RALLYDEBUG rally_openstack.contexts.keystone.users [-] Creating 3 tenants using 20 threads
2019-06-06 19:24:03.564 1842 RALLYDEBUG rally_openstack.contexts.keystone.users [-] Creating 6 users using 20 threads
2019-06-06 19:24:06.415 1842 INFO rally.task.context [-] Task a97a3128-b001-49e6-be5c-5e73539dc9df | Context users@openstack setup() finished in 4.65 sec
2019-06-06 19:24:06.836 1842 INFO rally.task.context [-] Task a97a3128-b001-49e6-be5c-5e73539dc9df | Context api_versions@openstack setup() finished in 0.42 sec
2019-06-06 19:24:08.494 1842 INFO rally.task.context [-] Task a97a3128-b001-49e6-be5c-5e73539dc9df | Context quotas@openstack setup() finished in 1.66 sec
2019-06-06 19:24:08.495 1842 INFO rally.task.context [-] Task a97a3128-b001-49e6-be5c-5e73539dc9df | Context cleanup@openstack setup() finished in 0.01 msec
2019-06-06 19:24:09.625 1842 RALLYDEBUG rally.task.runner [-] Starting the constant runner (task UUID: a97a3128-b001-49e6-be5c-5e73539dc9df). timeout: 0 concurrency: 4 concurrency_per_worker: 1 times: 10 concurrency_overhead: 0 processes_to_start: 4 max_cpu_used: 16
2019-06-06 19:24:09.637 4354 RALLYDEBUG rally.task.runner [-] Starting a worker. concurrency: 1 args: {"image": "daba8b91-1cc0-4a7e-adc2-f8864eaba5ef", "size": 1} times: 10 method_name: run timeout: 0 duration: None cls:
2019-06-06 19:24:09.641 4355 RALLYDEBUG rally.task.runner [-] Starting a worker. concurrency: 1 args: {"image": "daba8b91-1cc0-4a7e-adc2-f8864eaba5ef", "size": 1} times: 10 method_name: run timeout: 0 duration: None cls:
2019-06-06 19:24:09.644 4356 RALLYDEBUG rally.task.runner [-] Starting a worker. concurrency: 1 args: {"image": "daba8b91-1cc0-4a7e-adc2-f8864eaba5ef", "size": 1} times: 10 method_name: run timeout: 0 duration: None cls:
2019-06-06 19:24:09.645 4354 INFO rally.task.runner [-] Task a97a3128-b001-49e6-be5c-5e73539dc9df | ITER: 1 START
2019-06-06 19:24:09.646 4357 RALLYDEBUG rally.task.runner [-] Starting a worker. concurrency: 1 args: {"image": "daba8b91-1cc0-4a7e-adc2-f8864eaba5ef", "size": 1} times: 10 method_name: run timeout: 0 duration: None cls:
2019-06-06 19:24:09.649 4355 INFO rally.task.runner [-] Task a97a3128-b001-49e6-be5c-5e73539dc9df | ITER: 2 START
2019-06-06 19:24:09.652 4356 INFO rally.task.runner [-] Task a97a3128-b001-49e6-be5c-5e73539dc9df | ITER: 3 START
2019-06-06 19:24:09.654 4357 INFO rally.task.runner [-] Task a97a3128-b001-49e6-be5c-5e73539dc9df | ITER: 4 START
2019-06-06 19:24:17.645 4356 RALLYDEBUG rally.task.utils [-] Waiting for resource s_rally_4155f86a_7qHERxwG. Status changed: CREATING => DOWNLOADING in 3.00509905815
2019-06-06 19:24:20.218 4357 RALLYDEBUG rally.task.utils [-] Waiting for resource s_rally_4155f86a_37WAPzbP. Status changed: CREATING => DOWNLOADING in 5.29921412468
2019-06-06 19:24:21.407 4354 RALLYDEBUG rally.task.utils [-] Waiting for resource s_rally_4155f86a_jnc8cio6. Status changed: CREATING => DOWNLOADING in 7.33242201805
2019-06-06 19:24:22.185 4355 RALLYDEBUG rally.task.utils [-] Waiting for resource s_rally_4155f86a_YgUOG9VC. Status changed: CREATING => DOWNLOADING in 7.59826588631
2019-06-06 19:24:28.441 4354 RALLYDEBUG rally.task.utils [-] Waiting for resource s_rally_4155f86a_jnc8cio6. Status changed: DOWNLOADING => AVAILABLE in 7.03408098221
