2019-06-06 19:08:09.612 1842 DEBUG novaclient.v2.client [-] RESP BODY: {"servers": []} _http_log_response /usr/lib/python2.7/site-packages/keystoneauth1/session.py:511
2019-06-06 19:08:09.612 1842 DEBUG novaclient.v2.client [-] GET call to compute for http://172.30.9.35:8774/v2.1/servers/detail used request id req-ee3e3ecf-30cf-406d-a9ac-9578fb2d1ec9 request /usr/lib/python2.7/site-packages/keystoneauth1/session.py:844
2019-06-06 19:08:10.031 1842 DEBUG novaclient.v2.client [-] REQ: curl -g -i -X GET http://172.30.9.35:8774/v2.1/servers/detail -H "Accept: application/json" -H "User-Agent: python-novaclient" -H "X-Auth-Token: {SHA1}9fe31be59f9ec5d63dce7e632fd4a8b6173fc0c7" _http_log_request /usr/lib/python2.7/site-packages/keystoneauth1/session.py:448
2019-06-06 19:08:10.358 1842 DEBUG novaclient.v2.client [-] RESP: [200] Content-Length: 15 Content-Type: application/json Date: Thu, 06 Jun 2019 19:08:10 GMT OpenStack-API-Version: compute 2.1 Server: Apache Vary: OpenStack-API-Version,X-OpenStack-Nova-API-Version X-OpenStack-Nova-API-Version: 2.1 x-compute-request-id: req-7ee37ed2-8fcc-4cef-a1cc-4b2b0f24e733 x-openstack-request-id: req-7ee37ed2-8fcc-4cef-a1cc-4b2b0f24e733 _http_log_response /usr/lib/python2.7/site-packages/keystoneauth1/session.py:479
2019-06-06 19:08:10.358 1842 DEBUG novaclient.v2.client [-] RESP BODY: {"servers": []} _http_log_response /usr/lib/python2.7/site-packages/keystoneauth1/session.py:511
2019-06-06 19:08:10.359 1842 DEBUG novaclient.v2.client [-] GET call to compute for http://172.30.9.35:8774/v2.1/servers/detail used request id req-7ee37ed2-8fcc-4cef-a1cc-4b2b0f24e733 request /usr/lib/python2.7/site-packages/keystoneauth1/session.py:844
2019-06-06 19:08:10.861 1842 DEBUG novaclient.v2.client [-] REQ: curl -g -i -X GET http://172.30.9.35:8774/v2.1/servers/detail -H "Accept: application/json" -H "User-Agent: python-novaclient" -H "X-Auth-Token: {SHA1}a0f30d63cf43bc12ba972825305ba53d25b17541" _http_log_request /usr/lib/python2.7/site-packages/keystoneauth1/session.py:448
2019-06-06 19:08:11.219 1842 DEBUG novaclient.v2.client [-] RESP: [200] Content-Length: 15 Content-Type: application/json Date: Thu, 06 Jun 2019 19:08:10 GMT OpenStack-API-Version: compute 2.1 Server: Apache Vary: OpenStack-API-Version,X-OpenStack-Nova-API-Version X-OpenStack-Nova-API-Version: 2.1 x-compute-request-id: req-25b5b8a6-4fc1-45eb-92bf-e70788ee6db6 x-openstack-request-id: req-25b5b8a6-4fc1-45eb-92bf-e70788ee6db6 _http_log_response /usr/lib/python2.7/site-packages/keystoneauth1/session.py:479
2019-06-06 19:08:11.220 1842 DEBUG novaclient.v2.client [-] RESP BODY: {"servers": []} _http_log_response /usr/lib/python2.7/site-packages/keystoneauth1/session.py:511
2019-06-06 19:08:11.220 1842 DEBUG novaclient.v2.client [-] GET call to compute for http://172.30.9.35:8774/v2.1/servers/detail used request id req-25b5b8a6-4fc1-45eb-92bf-e70788ee6db6 request /usr/lib/python2.7/site-packages/keystoneauth1/session.py:844
2019-06-06 19:08:11.227 1842 RALLYDEBUG rally_openstack.cleanup.manager [-] Cleaning up nova server_groups objects
2019-06-06 19:08:11.652 1842 DEBUG novaclient.v2.client [-] REQ: curl -g -i -X GET http://172.30.9.35:8774/v2.1/os-server-groups -H "Accept: application/json" -H "User-Agent: python-novaclient" -H "X-Auth-Token: {SHA1}0371af3701ec129160348d9848325965690bb212" _http_log_request /usr/lib/python2.7/site-packages/keystoneauth1/session.py:448
2019-06-06 19:08:11.937 1842 DEBUG novaclient.v2.client [-] RESP: [200] Content-Length: 21 Content-Type: application/json Date: Thu, 06 Jun 2019 19:08:11 GMT OpenStack-API-Version: compute 2.1 Server: Apache Vary: OpenStack-API-Version,X-OpenStack-Nova-API-Version X-OpenStack-Nova-API-Version: 2.1 x-compute-request-id: req-434f36b4-4ec3-4b09-84e5-88fd4980c493 x-openstack-request-id: req-434f36b4-4ec3-4b09-84e5-88fd4980c493 _http_log_response /usr/lib/python2.7/site-packages/keystoneauth1/session.py:479
2019-06-06 19:08:11.937 1842 DEBUG novaclient.v2.client [-] RESP BODY: {"server_groups": []} _http_log_response /usr/lib/python2.7/site-packages/keystoneauth1/session.py:511
2019-06-06 19:08:11.937 1842 DEBUG novaclient.v2.client [-] GET call to compute for http://172.30.9.35:8774/v2.1/os-server-groups used request id req-434f36b4-4ec3-4b09-84e5-88fd4980c493 request /usr/lib/python2.7/site-packages/keystoneauth1/session.py:844
2019-06-06 19:08:12.365 1842 DEBUG novaclient.v2.client [-] REQ: curl -g -i -X GET http://172.30.9.35:8774/v2.1/os-server-groups -H "Accept: application/json" -H "User-Agent: python-novaclient" -H "X-Auth-Token: {SHA1}de487dbf184c94a2b1d2348946e1cc042641d131" _http_log_request /usr/lib/python2.7/site-packages/keystoneauth1/session.py:448
2019-06-06 19:08:12.671 1842 DEBUG novaclient.v2.client [-] RESP: [200] Content-Length: 21 Content-Type: application/json Date: Thu, 06 Jun 2019 19:08:12 GMT OpenStack-API-Version: compute 2.1 Server: Apache Vary: OpenStack-API-Version,X-OpenStack-Nova-API-Version X-OpenStack-Nova-API-Version: 2.1 x-compute-request-id: req-720695c0-be9f-45e3-865c-5e2f736fd92e x-openstack-request-id: req-720695c0-be9f-45e3-865c-5e2f736fd92e _http_log_response /usr/lib/python2.7/site-packages/keystoneauth1/session.py:479
2019-06-06 19:08:12.671 1842 DEBUG novaclient.v2.client [-] RESP BODY: {"server_groups": []} _http_log_response /usr/lib/python2.7/site-packages/keystoneauth1/session.py:511
2019-06-06 19:08:12.671 1842 DEBUG novaclient.v2.client [-] GET call to compute for http://172.30.9.35:8774/v2.1/os-server-groups used request id req-720695c0-be9f-45e3-865c-5e2f736fd92e request /usr/lib/python2.7/site-packages/keystoneauth1/session.py:844
2019-06-06 19:08:13.104 1842 DEBUG novaclient.v2.client [-] REQ: curl -g -i -X GET http://172.30.9.35:8774/v2.1/os-server-groups -H "Accept: application/json" -H "User-Agent: python-novaclient" -H "X-Auth-Token: {SHA1}1bc6b64436278743abae4a48767d2a86f536792f" _http_log_request /usr/lib/python2.7/site-packages/keystoneauth1/session.py:448
2019-06-06 19:08:13.405 1842 DEBUG novaclient.v2.client [-] RESP: [200] Content-Length: 21 Content-Type: application/json Date: Thu, 06 Jun 2019 19:08:13 GMT OpenStack-API-Version: compute 2.1 Server: Apache Vary: OpenStack-API-Version,X-OpenStack-Nova-API-Version X-OpenStack-Nova-API-Version: 2.1 x-compute-request-id: req-096ed55c-d9a1-4118-bc97-2804f324b7f0 x-openstack-request-id: req-096ed55c-d9a1-4118-bc97-2804f324b7f0 _http_log_response /usr/lib/python2.7/site-packages/keystoneauth1/session.py:479
2019-06-06 19:08:13.406 1842 DEBUG novaclient.v2.client [-] RESP BODY: {"server_groups": []} _http_log_response /usr/lib/python2.7/site-packages/keystoneauth1/session.py:511
2019-06-06 19:08:13.406 1842 DEBUG novaclient.v2.client [-] GET call to compute for http://172.30.9.35:8774/v2.1/os-server-groups used request id req-096ed55c-d9a1-4118-bc97-2804f324b7f0 request /usr/lib/python2.7/site-packages/keystoneauth1/session.py:844
2019-06-06 19:08:13.413 1842 RALLYDEBUG rally_openstack.cleanup.manager [-] Cleaning up nova keypairs objects
2019-06-06 19:08:13.853 1842 DEBUG novaclient.v2.client [-] REQ: curl -g -i -X GET http://172.30.9.35:8774/v2.1/os-keypairs -H "Accept: application/json" -H "User-Agent: python-novaclient" -H "X-Auth-Token: {SHA1}d4138dfd8da41c9cfe3fbdffb8d6349703af3b8b" _http_log_request /usr/lib/python2.7/site-packages/keystoneauth1/session.py:448
2019-06-06 19:08:14.146 1842 DEBUG novaclient.v2.client [-] RESP: [200] Content-Length: 16 Content-Type: application/json Date: Thu, 06 Jun 2019 19:08:13 GMT OpenStack-API-Version: compute 2.1 Server: Apache Vary: OpenStack-API-Version,X-OpenStack-Nova-API-Version X-OpenStack-Nova-API-Version: 2.1 x-compute-request-id: req-3fc4c097-3078-4d04-9ef8-d15133008154 x-openstack-request-id: req-3fc4c097-3078-4d04-9ef8-d15133008154 _http_log_response /usr/lib/python2.7/site-packages/keystoneauth1/session.py:479
2019-06-06 19:08:14.147 1842 DEBUG novaclient.v2.client [-] RESP BODY: {"keypairs": []} _http_log_response /usr/lib/python2.7/site-packages/keystoneauth1/session.py:511
2019-06-06 19:08:14.147 1842 DEBUG novaclient.v2.client [-] GET call to compute for http://172.30.9.35:8774/v2.1/os-keypairs used request id req-3fc4c097-3078-4d04-9ef8-d15133008154 request /usr/lib/python2.7/site-packages/keystoneauth1/session.py:844
2019-06-06 19:08:14.566 1842 DEBUG novaclient.v2.client [-] REQ: curl -g -i -X GET http://172.30.9.35:8774/v2.1/os-keypairs -H "Accept: application/json" -H "User-Agent: python-novaclient" -H "X-Auth-Token: {SHA1}d5c9a49536b77bb0cd24b8d9ff00f0da7091dd90" _http_log_request /usr/lib/python2.7/site-packages/keystoneauth1/session.py:448
2019-06-06 19:08:14.783 1842 DEBUG novaclient.v2.client [-] RESP: [200] Content-Length: 16 Content-Type: application/json Date: Thu, 06 Jun 2019 19:08:14 GMT OpenStack-API-Version: compute 2.1 Server: Apache Vary: OpenStack-API-Version,X-OpenStack-Nova-API-Version X-OpenStack-Nova-API-Version: 2.1 x-compute-request-id: req-67deef95-8d2d-4b90-ab05-3626a59f0dd8 x-openstack-request-id: req-67deef95-8d2d-4b90-ab05-3626a59f0dd8 _http_log_response /usr/lib/python2.7/site-packages/keystoneauth1/session.py:479
2019-06-06 19:08:14.784 1842 DEBUG novaclient.v2.client [-] RESP BODY: {"keypairs": []} _http_log_response /usr/lib/python2.7/site-packages/keystoneauth1/session.py:511
2019-06-06 19:08:14.784 1842 DEBUG novaclient.v2.client [-] GET call to compute for http://172.30.9.35:8774/v2.1/os-keypairs used request id req-67deef95-8d2d-4b90-ab05-3626a59f0dd8 request /usr/lib/python2.7/site-packages/keystoneauth1/session.py:844
2019-06-06 19:08:15.220 1842 DEBUG novaclient.v2.client [-] REQ: curl -g -i -X GET http://172.30.9.35:8774/v2.1/os-keypairs -H "Accept: application/json" -H "User-Agent: python-novaclient" -H "X-Auth-Token: {SHA1}a384e409afcb63258743a57e6d294f0646e8cc99" _http_log_request /usr/lib/python2.7/site-packages/keystoneauth1/session.py:448
2019-06-06 19:08:15.546 1842 DEBUG novaclient.v2.client [-] RESP: [200] Content-Length: 16 Content-Type: application/json Date: Thu, 06 Jun 2019 19:08:15 GMT OpenStack-API-Version: compute 2.1 Server: Apache Vary: OpenStack-API-Version,X-OpenStack-Nova-API-Version X-OpenStack-Nova-API-Version: 2.1 x-compute-request-id: req-9ae85332-9e62-4fbf-a59c-db130c2a0b6e x-openstack-request-id: req-9ae85332-9e62-4fbf-a59c-db130c2a0b6e _http_log_response /usr/lib/python2.7/site-packages/keystoneauth1/session.py:479
2019-06-06 19:08:15.547 1842 DEBUG novaclient.v2.client [-] RESP BODY: {"keypairs": []} _http_log_response /usr/lib/python2.7/site-packages/keystoneauth1/session.py:511
2019-06-06 19:08:15.547 1842 DEBUG novaclient.v2.client [-] GET call to compute for http://172.30.9.35:8774/v2.1/os-keypairs used request id req-9ae85332-9e62-4fbf-a59c-db130c2a0b6e request /usr/lib/python2.7/site-packages/keystoneauth1/session.py:844
2019-06-06 19:08:15.970 1842 DEBUG novaclient.v2.client [-] REQ: curl -g -i -X GET http://172.30.9.35:8774/v2.1/os-keypairs -H "Accept: application/json" -H "User-Agent: python-novaclient" -H "X-Auth-Token: {SHA1}18e5952c22e29fc43c473a29c7291e7aaa205139" _http_log_request /usr/lib/python2.7/site-packages/keystoneauth1/session.py:448
2019-06-06 19:08:16.265 1842 DEBUG novaclient.v2.client [-] RESP: [200] Content-Length: 16 Content-Type: application/json Date: Thu, 06 Jun 2019 19:08:15 GMT OpenStack-API-Version: compute 2.1 Server: Apache Vary: OpenStack-API-Version,X-OpenStack-Nova-API-Version X-OpenStack-Nova-API-Version: 2.1 x-compute-request-id: req-8b2b8343-59db-462a-b1dc-f203275641df x-openstack-request-id: req-8b2b8343-59db-462a-b1dc-f203275641df _http_log_response /usr/lib/python2.7/site-packages/keystoneauth1/session.py:479
2019-06-06 19:08:16.266 1842 DEBUG novaclient.v2.client [-] RESP BODY: {"keypairs": []} _http_log_response /usr/lib/python2.7/site-packages/keystoneauth1/session.py:511
2019-06-06 19:08:16.266 1842 DEBUG novaclient.v2.client [-] GET call to compute for http://172.30.9.35:8774/v2.1/os-keypairs used request id req-8b2b8343-59db-462a-b1dc-f203275641df request /usr/lib/python2.7/site-packages/keystoneauth1/session.py:844
2019-06-06 19:08:16.689 1842 DEBUG novaclient.v2.client [-] REQ: curl -g -i -X GET http://172.30.9.35:8774/v2.1/os-keypairs -H "Accept: application/json" -H "User-Agent: python-novaclient" -H "X-Auth-Token: {SHA1}4cd5070aad728ac8f22f508acd1e23ee7df882df" _http_log_request /usr/lib/python2.7/site-packages/keystoneauth1/session.py:448
2019-06-06 19:08:16.998 1842 DEBUG novaclient.v2.client [-] RESP: [200] Content-Length: 16 Content-Type: application/json Date: Thu, 06 Jun 2019 19:08:16 GMT OpenStack-API-Version: compute 2.1 Server: Apache Vary: OpenStack-API-Version,X-OpenStack-Nova-API-Version X-OpenStack-Nova-API-Version: 2.1 x-compute-request-id: req-0c68bd18-6c63-4953-ad04-d342db107105 x-openstack-request-id: req-0c68bd18-6c63-4953-ad04-d342db107105 _http_log_response /usr/lib/python2.7/site-packages/keystoneauth1/session.py:479
2019-06-06 19:08:16.998 1842 DEBUG novaclient.v2.client [-] RESP BODY: {"keypairs": []} _http_log_response /usr/lib/python2.7/site-packages/keystoneauth1/session.py:511
2019-06-06 19:08:16.999 1842 DEBUG novaclient.v2.client [-] GET call to compute for http://172.30.9.35:8774/v2.1/os-keypairs used request id req-0c68bd18-6c63-4953-ad04-d342db107105 request /usr/lib/python2.7/site-packages/keystoneauth1/session.py:844
2019-06-06 19:08:17.438 1842 DEBUG novaclient.v2.client [-] REQ: curl -g -i -X GET http://172.30.9.35:8774/v2.1/os-keypairs -H "Accept: application/json" -H "User-Agent: python-novaclient" -H "X-Auth-Token: {SHA1}69379e2c4b8e5eb1ae813c92ac5646eece7523fb" _http_log_request /usr/lib/python2.7/site-packages/keystoneauth1/session.py:448
2019-06-06 19:08:17.652 1842 DEBUG novaclient.v2.client [-] RESP: [200] Content-Length: 16 Content-Type: application/json Date: Thu, 06 Jun 2019 19:08:17 GMT OpenStack-API-Version: compute 2.1 Server: Apache Vary: OpenStack-API-Version,X-OpenStack-Nova-API-Version X-OpenStack-Nova-API-Version: 2.1 x-compute-request-id: req-36f9a1e6-5bfa-4f87-b73d-177b00fe00ed x-openstack-request-id: req-36f9a1e6-5bfa-4f87-b73d-177b00fe00ed _http_log_response /usr/lib/python2.7/site-packages/keystoneauth1/session.py:479
2019-06-06 19:08:17.652 1842 DEBUG novaclient.v2.client [-] RESP BODY: {"keypairs": []} _http_log_response /usr/lib/python2.7/site-packages/keystoneauth1/session.py:511
2019-06-06 19:08:17.653 1842 DEBUG novaclient.v2.client [-] GET call to compute for http://172.30.9.35:8774/v2.1/os-keypairs used request id req-36f9a1e6-5bfa-4f87-b73d-177b00fe00ed request /usr/lib/python2.7/site-packages/keystoneauth1/session.py:844
2019-06-06 19:08:17.660 1842 RALLYDEBUG rally_openstack.cleanup.manager [-] Cleaning up cinder backups objects
2019-06-06 19:08:19.891 1842 RALLYDEBUG rally_openstack.cleanup.manager [-] Cleaning up cinder volume_snapshots objects
2019-06-06 19:08:22.063 1842 RALLYDEBUG rally_openstack.cleanup.manager [-] Cleaning up cinder transfers objects
2019-06-06 19:08:24.308 1842 RALLYDEBUG rally_openstack.cleanup.manager [-] Cleaning up cinder volumes objects
2019-06-06 19:08:26.637 1842 INFO rally.task.context [-] Task a97a3128-b001-49e6-be5c-5e73539dc9df | Context cleanup@openstack cleanup() finished in 17.80 sec
2019-06-06 19:08:26.637 1842 INFO rally.task.context [-] Task a97a3128-b001-49e6-be5c-5e73539dc9df | Context quotas@openstack cleanup() started
2019-06-06 19:08:27.799 1842 INFO rally.task.context [-] Task a97a3128-b001-49e6-be5c-5e73539dc9df | Context quotas@openstack cleanup() finished in 1.16 sec
2019-06-06 19:08:27.799 1842 INFO rally.task.context [-] Task a97a3128-b001-49e6-be5c-5e73539dc9df | Context api_versions@openstack cleanup() started
2019-06-06 19:08:27.799 1842 INFO rally.task.context [-] Task a97a3128-b001-49e6-be5c-5e73539dc9df | Context api_versions@openstack cleanup() finished in 0.32 msec
2019-06-06 19:08:27.800 1842 INFO rally.task.context [-] Task a97a3128-b001-49e6-be5c-5e73539dc9df | Context users@openstack cleanup() started
2019-06-06 19:08:35.595 1842 INFO rally.task.context [-] Task a97a3128-b001-49e6-be5c-5e73539dc9df | Context users@openstack cleanup() finished in 7.80 sec
2019-06-06 19:08:37.158 1842 INFO rally.task.engine [-] Load duration is: 101.262565
2019-06-06 19:08:37.158 1842 INFO rally.task.engine [-] Full runner duration is: 102.317915
2019-06-06 19:08:37.158 1842 INFO rally.task.engine [-] Full duration is: 138.940114
2019-06-06 19:08:37.441 1842 INFO rally.task.engine [-] Running workload: position = 0 config = { "version": 2, "title": "A cropped version of a bigger task.", "description": "Auto-generated task from a single workload (uuid=ad49d153-8848-4062-b37f-6975c8649042)", "subtasks": [ { "title": "CinderVolumes.create_and_list_snapshots", "description": "Create and then list a volume-snapshot.", "scenario": { "CinderVolumes.create_and_list_snapshots": { "detailed": true, "force": false } }, "contexts": { "users": { "tenants": 3, "users_per_tenant": 2 }, "quotas": { "cinder": { "gigabytes": -1, "snapshots": -1, "volumes": -1 } }, "api_versions": { "cinder": { "version": 3, "service_type": "volumev3" } }, "volumes": { "size": 1, "volumes_per_tenant": 1 } }, "runner": { "constant": { "concurrency": 4, "times": 10 } }, "hooks": [], "sla": { "failure_rate": { "max": 0 } } } ] }
2019-06-06 19:08:37.467 1842 RALLYDEBUG rally_openstack.contexts.keystone.users [-] Creating 3 tenants using 20 threads
2019-06-06 19:08:39.316 1842 RALLYDEBUG rally_openstack.contexts.keystone.users [-] Creating 6 users using 20 threads
2019-06-06 19:08:42.348 1842 INFO rally.task.context [-] Task a97a3128-b001-49e6-be5c-5e73539dc9df | Context users@openstack setup() finished in 4.88 sec
2019-06-06 19:08:42.773 1842 INFO rally.task.context [-] Task a97a3128-b001-49e6-be5c-5e73539dc9df | Context api_versions@openstack setup() finished in 0.42 sec
2019-06-06 19:08:44.480 1842 INFO rally.task.context [-] Task a97a3128-b001-49e6-be5c-5e73539dc9df | Context quotas@openstack setup() finished in 1.71 sec
2019-06-06 19:08:55.554 1842 INFO rally.task.context [-] Task a97a3128-b001-49e6-be5c-5e73539dc9df | Context volumes@openstack setup() finished in 11.07 sec
2019-06-06 19:08:55.555 1842 INFO rally.task.context [-] Task a97a3128-b001-49e6-be5c-5e73539dc9df | Context cleanup@openstack setup() finished in 0.00 msec
2019-06-06 19:08:55.563 1842 RALLYDEBUG rally.task.runner [-] Starting the constant runner (task UUID: a97a3128-b001-49e6-be5c-5e73539dc9df). timeout: 0 concurrency: 4 concurrency_per_worker: 1 times: 10 concurrency_overhead: 0 processes_to_start: 4 max_cpu_used: 16
2019-06-06 19:08:55.573 2210 RALLYDEBUG rally.task.runner [-] Starting a worker. concurrency: 1 args: {"detailed": true, "force": false} times: 10 method_name: run timeout: 0 duration: None cls:
2019-06-06 19:08:55.574 2211 RALLYDEBUG rally.task.runner [-] Starting a worker. concurrency: 1 args: {"detailed": true, "force": false} times: 10 method_name: run timeout: 0 duration: None cls:
2019-06-06 19:08:55.578 2210 INFO rally.task.runner [-] Task a97a3128-b001-49e6-be5c-5e73539dc9df | ITER: 1 START
2019-06-06 19:08:55.578 2212 RALLYDEBUG rally.task.runner [-] Starting a worker. concurrency: 1 args: {"detailed": true, "force": false} times: 10 method_name: run timeout: 0 duration: None cls:
2019-06-06 19:08:55.579 2211 INFO rally.task.runner [-] Task a97a3128-b001-49e6-be5c-5e73539dc9df | ITER: 2 START
2019-06-06 19:08:55.582 2212 INFO rally.task.runner [-] Task a97a3128-b001-49e6-be5c-5e73539dc9df | ITER: 3 START
2019-06-06 19:08:55.584 2214 RALLYDEBUG rally.task.runner [-] Starting a worker. concurrency: 1 args: {"detailed": true, "force": false} times: 10 method_name: run timeout: 0 duration: None cls:
2019-06-06 19:08:55.591 2214 INFO rally.task.runner [-] Task a97a3128-b001-49e6-be5c-5e73539dc9df | ITER: 4 START
2019-06-06 19:08:59.378 2212 INFO rally.task.runner [-] Task a97a3128-b001-49e6-be5c-5e73539dc9df | ITER: 3 END: OK
2019-06-06 19:08:59.383 2212 INFO rally.task.runner [-] Task a97a3128-b001-49e6-be5c-5e73539dc9df | ITER: 5 START
2019-06-06 19:08:59.423 2214 INFO rally.task.runner [-] Task a97a3128-b001-49e6-be5c-5e73539dc9df | ITER: 4 END: OK
2019-06-06 19:08:59.428 2214 INFO rally.task.runner [-] Task a97a3128-b001-49e6-be5c-5e73539dc9df | ITER: 6 START
2019-06-06 19:08:59.436 2210 INFO rally.task.runner [-] Task a97a3128-b001-49e6-be5c-5e73539dc9df | ITER: 1 END: OK
2019-06-06 19:08:59.441 2210 INFO rally.task.runner [-] Task a97a3128-b001-49e6-be5c-5e73539dc9df | ITER: 7 START
2019-06-06 19:08:59.615 2211 INFO rally.task.runner [-] Task a97a3128-b001-49e6-be5c-5e73539dc9df | ITER: 2 END: OK
2019-06-06 19:08:59.621 2211 INFO rally.task.runner [-] Task a97a3128-b001-49e6-be5c-5e73539dc9df | ITER: 8 START
2019-06-06 19:09:02.841 2212 INFO rally.task.runner [-] Task a97a3128-b001-49e6-be5c-5e73539dc9df | ITER: 5 END: OK
2019-06-06 19:09:02.845 2212 INFO rally.task.runner [-] Task a97a3128-b001-49e6-be5c-5e73539dc9df | ITER: 9 START
2019-06-06 19:09:02.942 2214 INFO rally.task.runner [-] Task a97a3128-b001-49e6-be5c-5e73539dc9df | ITER: 6 END: OK
2019-06-06 19:09:02.947 2214 INFO rally.task.runner [-] Task a97a3128-b001-49e6-be5c-5e73539dc9df | ITER: 10 START
2019-06-06 19:09:03.233 2210 INFO rally.task.runner [-] Task a97a3128-b001-49e6-be5c-5e73539dc9df | ITER: 7 END: OK
2019-06-06 19:09:03.340 2211 INFO rally.task.runner [-] Task a97a3128-b001-49e6-be5c-5e73539dc9df | ITER: 8 END: OK
2019-06-06 19:09:06.788 2214 INFO rally.task.runner [-] Task a97a3128-b001-49e6-be5c-5e73539dc9df | ITER: 10 END: OK
2019-06-06 19:09:06.817 2212 INFO rally.task.runner [-] Task a97a3128-b001-49e6-be5c-5e73539dc9df | ITER: 9 END: OK
2019-06-06 19:09:06.839 1842 INFO rally.task.context [-] Task a97a3128-b001-49e6-be5c-5e73539dc9df | Context cleanup@openstack cleanup() started
2019-06-06 19:09:06.841 1842 RALLYDEBUG rally_openstack.cleanup.manager [-] Cleaning up cinder backups objects
2019-06-06 19:09:08.988 1842 RALLYDEBUG rally_openstack.cleanup.manager [-] Cleaning up cinder volume_snapshots objects
2019-06-06 19:09:11.196 1842 RALLYDEBUG rally_openstack.cleanup.manager [-] Deleting cinder.volume_snapshots object s_rally_ad49d153_QuDeAW9d (2cfd26e8-0bcb-434c-be99-80bd0735afa8)
2019-06-06 19:09:11.204 1842 RALLYDEBUG rally_openstack.cleanup.manager [-] Deleting cinder.volume_snapshots object s_rally_ad49d153_ppggrAVS (3c12b357-03d6-439f-bbca-92a96f7643ff)
2019-06-06 19:09:11.214 1842 RALLYDEBUG rally_openstack.cleanup.manager [-] Deleting cinder.volume_snapshots object s_rally_ad49d153_XlUS0PJp (64e3cd1e-bc31-4eb9-9e72-0ec42b04e84a)
2019-06-06 19:09:11.217 1842 RALLYDEBUG rally_openstack.cleanup.manager [-] Deleting cinder.volume_snapshots object s_rally_ad49d153_Xx3UHuRc (148c2f29-b01f-4d81-8778-fa42c7812bb8)
2019-06-06 19:09:11.225 1842 RALLYDEBUG rally_openstack.cleanup.manager [-] Deleting cinder.volume_snapshots object s_rally_ad49d153_t16ZKg2S (5abdbf4d-dc7b-42dc-af80-0b3ddba544cf)
2019-06-06 19:09:11.231 1842 RALLYDEBUG rally_openstack.cleanup.manager [-] Deleting cinder.volume_snapshots object s_rally_ad49d153_SKBRlm4x (4ed8d7f6-0b18-4143-ae78-2df69f751f77)
2019-06-06 19:09:11.237 1842 RALLYDEBUG rally_openstack.cleanup.manager [-] Deleting cinder.volume_snapshots object s_rally_ad49d153_2gs8ZF2q (ecfe7783-2cdf-4c37-b4f8-1b2f07dd2813)
2019-06-06 19:09:11.238 1842 RALLYDEBUG rally_openstack.cleanup.manager [-] Deleting cinder.volume_snapshots object s_rally_ad49d153_cIfG0Ubw (ad8ae9c7-1b9d-4bdb-ba12-9c238feafdb7)
2019-06-06 19:09:11.245 1842 RALLYDEBUG rally_openstack.cleanup.manager [-] Deleting cinder.volume_snapshots object s_rally_ad49d153_6i2EzGBR (d4d261c2-da61-4216-b05b-11fa17df1e1e)
2019-06-06 19:09:11.247 1842 RALLYDEBUG rally_openstack.cleanup.manager [-] Deleting cinder.volume_snapshots object s_rally_ad49d153_1oBUlOlj (47e1d196-4202-4135-9f43-75f689441e60)
2019-06-06 19:09:16.182 1842 RALLYDEBUG rally_openstack.cleanup.manager [-] Cleaning up cinder transfers objects
2019-06-06 19:09:18.292 1842 RALLYDEBUG rally_openstack.cleanup.manager [-] Cleaning up cinder volumes objects
2019-06-06 19:09:20.450 1842 INFO rally.task.context [-] Task a97a3128-b001-49e6-be5c-5e73539dc9df | Context cleanup@openstack cleanup() finished in 13.61 sec
2019-06-06 19:09:20.450 1842 INFO rally.task.context [-] Task a97a3128-b001-49e6-be5c-5e73539dc9df | Context volumes@openstack cleanup() started
2019-06-06 19:09:20.451 1842 RALLYDEBUG rally_openstack.cleanup.manager [-] Cleaning up cinder volumes objects
2019-06-06 19:09:22.653 1842 RALLYDEBUG rally_openstack.cleanup.manager [-] Deleting cinder.volumes object c_rally_ad49d153_npI36snM (9f737a69-9510-4884-b07d-52335a07aaf0)
2019-06-06 19:09:22.658 1842 RALLYDEBUG rally_openstack.cleanup.manager [-] Deleting cinder.volumes object c_rally_ad49d153_qkvEpdzW (28a46f12-2895-4360-9710-7ee82fea4b3a)
2019-06-06 19:09:22.663 1842 RALLYDEBUG rally_openstack.cleanup.manager [-] Deleting cinder.volumes object c_rally_ad49d153_9zlEGZXD (8cb579ce-d290-4194-ad73-a6e796f0ac2a)
2019-06-06 19:09:26.148 1842 INFO rally.task.context [-] Task a97a3128-b001-49e6-be5c-5e73539dc9df | Context volumes@openstack cleanup() finished in 5.70 sec
2019-06-06 19:09:26.149 1842 INFO rally.task.context [-] Task a97a3128-b001-49e6-be5c-5e73539dc9df | Context quotas@openstack cleanup() started
2019-06-06 19:09:27.020 1842 INFO rally.task.context [-] Task a97a3128-b001-49e6-be5c-5e73539dc9df | Context quotas@openstack cleanup() finished in 0.87 sec
2019-06-06 19:09:27.021 1842 INFO rally.task.context [-] Task a97a3128-b001-49e6-be5c-5e73539dc9df | Context api_versions@openstack cleanup() started
2019-06-06 19:09:27.021 1842 INFO rally.task.context [-] Task a97a3128-b001-49e6-be5c-5e73539dc9df | Context api_versions@openstack cleanup() finished in 0.31 msec
2019-06-06 19:09:27.021 1842 INFO rally.task.context [-] Task a97a3128-b001-49e6-be5c-5e73539dc9df | Context users@openstack cleanup() started
2019-06-06 19:09:35.141 1842 INFO rally.task.context [-] Task a97a3128-b001-49e6-be5c-5e73539dc9df | Context users@openstack cleanup() finished in 8.12 sec
2019-06-06 19:09:35.696 1842 INFO rally.task.engine [-] Load duration is: 11.236484
2019-06-06 19:09:35.696 1842 INFO rally.task.engine [-] Full runner duration is: 11.276993
2019-06-06 19:09:35.696 1842 INFO rally.task.engine [-] Full duration is: 57.678508
2019-06-06 19:09:35.927 1842 INFO rally.task.engine [-] Running workload: position = 0 config = { "version": 2, "title": "A cropped version of a bigger task.", "description": "Auto-generated task from a single workload (uuid=74bacff7-348c-4db7-a51a-e5035d85f3e3)", "subtasks": [ { "title": "CinderVolumes.create_and_list_volume", "description": "Create a volume and list all volumes.", "scenario": { "CinderVolumes.create_and_list_volume": { "detailed": true, "image": { "name": "rally_full-img_9f399e4d-c8ee-4635-a21e-38e0033fc541" }, "size": 1 } }, "contexts": { "users": { "tenants": 3, "users_per_tenant": 2 }, "quotas": { "cinder": { "gigabytes": -1, "snapshots": -1, "volumes": -1 } }, "api_versions": { "cinder": { "version": 3, "service_type": "volumev3" } } }, "runner": { "constant": { "concurrency": 4, "times": 10 } }, "hooks": [], "sla": { "failure_rate": { "max": 0 } } } ] }
2019-06-06 19:09:35.956 1842 RALLYDEBUG rally_openstack.contexts.keystone.users [-] Creating 3 tenants using 20 threads
2019-06-06 19:09:37.723 1842 RALLYDEBUG rally_openstack.contexts.keystone.users [-] Creating 6 users using 20 threads
2019-06-06 19:09:40.576 1842 INFO rally.task.context [-] Task a97a3128-b001-49e6-be5c-5e73539dc9df | Context users@openstack setup() finished in 4.62 sec
2019-06-06 19:09:41.016 1842 INFO rally.task.context [-] Task a97a3128-b001-49e6-be5c-5e73539dc9df | Context api_versions@openstack setup() finished in 0.44 sec
2019-06-06 19:09:42.693 1842 INFO rally.task.context [-] Task a97a3128-b001-49e6-be5c-5e73539dc9df | Context quotas@openstack setup() finished in 1.68 sec
2019-06-06 19:09:42.694 1842 INFO rally.task.context [-] Task a97a3128-b001-49e6-be5c-5e73539dc9df | Context cleanup@openstack setup() finished in 0.02 msec
2019-06-06 19:09:43.725 1842 RALLYDEBUG rally.task.runner [-] Starting the constant runner (task UUID: a97a3128-b001-49e6-be5c-5e73539dc9df). timeout: 0 concurrency: 4 concurrency_per_worker: 1 times: 10 concurrency_overhead: 0 processes_to_start: 4 max_cpu_used: 16
2019-06-06 19:09:43.736 2414 RALLYDEBUG rally.task.runner [-] Starting a worker. concurrency: 1 args: {"detailed": true, "image": "daba8b91-1cc0-4a7e-adc2-f8864eaba5ef", "size": 1} times: 10 method_name: run timeout: 0 duration: None cls:
2019-06-06 19:09:43.739 2416 RALLYDEBUG rally.task.runner [-] Starting a worker. concurrency: 1 args: {"detailed": true, "image": "daba8b91-1cc0-4a7e-adc2-f8864eaba5ef", "size": 1} times: 10 method_name: run timeout: 0 duration: None cls:
2019-06-06 19:09:43.740 2415 RALLYDEBUG rally.task.runner [-] Starting a worker. concurrency: 1 args: {"detailed": true, "image": "daba8b91-1cc0-4a7e-adc2-f8864eaba5ef", "size": 1} times: 10 method_name: run timeout: 0 duration: None cls:
2019-06-06 19:09:43.743 2414 INFO rally.task.runner [-] Task a97a3128-b001-49e6-be5c-5e73539dc9df | ITER: 1 START
2019-06-06 19:09:43.743 2416 INFO rally.task.runner [-] Task a97a3128-b001-49e6-be5c-5e73539dc9df | ITER: 2 START
2019-06-06 19:09:43.746 2417 RALLYDEBUG rally.task.runner [-] Starting a worker. concurrency: 1 args: {"detailed": true, "image": "daba8b91-1cc0-4a7e-adc2-f8864eaba5ef", "size": 1} times: 10 method_name: run timeout: 0 duration: None cls:
2019-06-06 19:09:43.747 2415 INFO rally.task.runner [-] Task a97a3128-b001-49e6-be5c-5e73539dc9df | ITER: 3 START
2019-06-06 19:09:43.754 2417 INFO rally.task.runner [-] Task a97a3128-b001-49e6-be5c-5e73539dc9df | ITER: 4 START
2019-06-06 19:09:53.984 2414 RALLYDEBUG rally.task.utils [-] Waiting for resource s_rally_74bacff7_hmEqmVmk. Status changed: CREATING => DOWNLOADING in 5.41767597198
2019-06-06 19:09:54.301 2416 RALLYDEBUG rally.task.utils [-] Waiting for resource s_rally_74bacff7_EwbCSFgG. Status changed: CREATING => DOWNLOADING in 5.36282587051
2019-06-06 19:09:55.991 2417 RALLYDEBUG rally.task.utils [-] Waiting for resource s_rally_74bacff7_LFYlEOxr. Status changed: CREATING => DOWNLOADING in 7.24061989784
2019-06-06 19:09:56.012 2415 RALLYDEBUG rally.task.utils [-] Waiting for resource s_rally_74bacff7_VV7vK7Cy. Status changed: CREATING => DOWNLOADING in 7.53584599495
2019-06-06 19:10:02.684 2417 RALLYDEBUG rally.task.utils [-] Waiting for resource s_rally_74bacff7_LFYlEOxr. Status changed: DOWNLOADING => AVAILABLE in 6.69317889214
2019-06-06 19:10:02.938 2414 RALLYDEBUG rally.task.utils [-] Waiting for resource s_rally_74bacff7_hmEqmVmk. Status changed: DOWNLOADING => AVAILABLE in 8.95467185974
2019-06-06 19:10:02.955 2415 RALLYDEBUG rally.task.utils [-] Waiting for resource s_rally_74bacff7_VV7vK7Cy. Status changed: DOWNLOADING => AVAILABLE in 6.9435210228
2019-06-06 19:10:03.143 2417 INFO rally.task.runner [-] Task a97a3128-b001-49e6-be5c-5e73539dc9df | ITER: 4 END: OK
2019-06-06 19:10:03.148 2417 INFO rally.task.runner [-] Task a97a3128-b001-49e6-be5c-5e73539dc9df | ITER: 5 START
2019-06-06 19:10:03.211 2416 RALLYDEBUG rally.task.utils [-] Waiting for resource s_rally_74bacff7_EwbCSFgG. Status changed: DOWNLOADING => AVAILABLE in 8.90939712524
2019-06-06 19:10:03.291 2414 INFO rally.task.runner [-] Task a97a3128-b001-49e6-be5c-5e73539dc9df | ITER: 1 END: OK
2019-06-06 19:10:03.296 2414 INFO rally.task.runner [-] Task a97a3128-b001-49e6-be5c-5e73539dc9df | ITER: 6 START
2019-06-06 19:10:03.330 2415 INFO rally.task.runner [-] Task a97a3128-b001-49e6-be5c-5e73539dc9df | ITER: 3 END: OK
2019-06-06 19:10:03.336 2415 INFO rally.task.runner [-] Task a97a3128-b001-49e6-be5c-5e73539dc9df | ITER: 7 START
2019-06-06 19:10:03.576 2416 INFO rally.task.runner [-] Task a97a3128-b001-49e6-be5c-5e73539dc9df | ITER: 2 END: OK
2019-06-06 19:10:03.581 2416 INFO rally.task.runner [-] Task a97a3128-b001-49e6-be5c-5e73539dc9df | ITER: 8 START
2019-06-06 19:10:11.031 2416 RALLYDEBUG rally.task.utils [-] Waiting for resource s_rally_74bacff7_5YANqrEa. Status changed: CREATING => DOWNLOADING in 3.07257604599
2019-06-06 19:10:13.590 2415 RALLYDEBUG rally.task.utils [-] Waiting for resource s_rally_74bacff7_cpa1k5oP. Status changed: CREATING => DOWNLOADING in 5.35601186752
2019-06-06 19:10:15.451 2417 RALLYDEBUG rally.task.utils [-] Waiting for resource s_rally_74bacff7_HfwMPZHd. Status changed: CREATING => DOWNLOADING in 7.65152001381
2019-06-06 19:10:17.562 2414 RALLYDEBUG rally.task.utils [-] Waiting for resource s_rally_74bacff7_y3KM5a9C. Status changed: CREATING => DOWNLOADING in 9.74477791786
2019-06-06 19:10:22.384 2416 RALLYDEBUG rally.task.utils [-] Waiting for resource s_rally_74bacff7_5YANqrEa. Status changed: DOWNLOADING => AVAILABLE in 11.3524940014
2019-06-06 19:10:22.492 2416 INFO rally.task.runner [-] Task a97a3128-b001-49e6-be5c-5e73539dc9df | ITER: 8 END: OK
2019-06-06 19:10:22.499 2416 INFO rally.task.runner [-] Task a97a3128-b001-49e6-be5c-5e73539dc9df | ITER: 9 START
2019-06-06 19:10:22.587 2415 RALLYDEBUG rally.task.utils [-] Waiting for resource s_rally_74bacff7_cpa1k5oP. Status changed: DOWNLOADING => AVAILABLE in 8.99707007408
2019-06-06 19:10:22.856 2415 INFO rally.task.runner [-] Task a97a3128-b001-49e6-be5c-5e73539dc9df | ITER: 7 END: OK
2019-06-06 19:10:22.863 2415 INFO rally.task.runner [-] Task a97a3128-b001-49e6-be5c-5e73539dc9df | ITER: 10 START
2019-06-06 19:10:24.059 2417 RALLYDEBUG rally.task.utils [-] Waiting for resource s_rally_74bacff7_HfwMPZHd. Status changed: DOWNLOADING => AVAILABLE in 8.60737776756
2019-06-06 19:10:24.437 2417 INFO rally.task.runner [-] Task a97a3128-b001-49e6-be5c-5e73539dc9df | ITER: 5 END: OK
2019-06-06 19:10:24.603 2414 RALLYDEBUG rally.task.utils [-] Waiting for resource s_rally_74bacff7_y3KM5a9C. Status changed: DOWNLOADING => AVAILABLE in 7.04123711586
2019-06-06 19:10:24.880 2414 INFO rally.task.runner [-] Task a97a3128-b001-49e6-be5c-5e73539dc9df | ITER: 6 END: OK
2019-06-06 19:10:30.429 2415 RALLYDEBUG rally.task.utils [-] Waiting for resource s_rally_74bacff7_Lb12Ee0Q. Status changed: CREATING => DOWNLOADING in 3.07569479942
2019-06-06 19:10:32.449 2416 RALLYDEBUG rally.task.utils [-] Waiting for resource s_rally_74bacff7_PgkNBaUC. Status changed: CREATING => DOWNLOADING in 5.3792719841
2019-06-06 19:10:34.790 2416 RALLYDEBUG rally.task.utils [-] Waiting for resource s_rally_74bacff7_PgkNBaUC. Status changed: DOWNLOADING => AVAILABLE in 2.34080815315
2019-06-06 19:10:35.100 2415 RALLYDEBUG rally.task.utils [-] Waiting for resource s_rally_74bacff7_Lb12Ee0Q. Status changed: DOWNLOADING => AVAILABLE in 4.67042899132
2019-06-06 19:10:35.172 2416 INFO rally.task.runner [-] Task a97a3128-b001-49e6-be5c-5e73539dc9df | ITER: 9 END: OK
2019-06-06 19:10:35.577 2415 INFO rally.task.runner [-] Task a97a3128-b001-49e6-be5c-5e73539dc9df | ITER: 10 END: OK
2019-06-06 19:10:35.601 1842 INFO rally.task.context [-] Task a97a3128-b001-49e6-be5c-5e73539dc9df | Context cleanup@openstack cleanup() started
2019-06-06 19:10:35.603 1842 RALLYDEBUG rally_openstack.cleanup.manager [-] Cleaning up cinder backups objects
2019-06-06 19:10:37.634 1842 RALLYDEBUG rally_openstack.cleanup.manager [-] Cleaning up cinder volume_snapshots objects
2019-06-06 19:10:39.860 1842 RALLYDEBUG rally_openstack.cleanup.manager [-] Cleaning up cinder transfers objects
2019-06-06 19:10:42.039 1842 RALLYDEBUG rally_openstack.cleanup.manager [-] Cleaning up cinder volumes objects
2019-06-06 19:10:44.560 1842 RALLYDEBUG rally_openstack.cleanup.manager [-] Deleting cinder.volumes object s_rally_74bacff7_LFYlEOxr (b7143510-9383-4cf1-a87e-e17c89eb36f8)
2019-06-06 19:10:44.563 1842 RALLYDEBUG rally_openstack.cleanup.manager [-] Deleting cinder.volumes object s_rally_74bacff7_HfwMPZHd (4c1191ca-882b-456b-b051-099efa07a23a)
2019-06-06 19:10:44.570 1842 RALLYDEBUG rally_openstack.cleanup.manager [-] Deleting cinder.volumes object s_rally_74bacff7_hmEqmVmk (00f93e70-503b-46c0-ad8d-7871252b3e81)
2019-06-06 19:10:44.571 1842 RALLYDEBUG rally_openstack.cleanup.manager [-] Deleting cinder.volumes object s_rally_74bacff7_Lb12Ee0Q (25594c10-5a65-4f1c-8348-98c47ba8cd24)
2019-06-06 19:10:44.572 1842 RALLYDEBUG rally_openstack.cleanup.manager [-] Deleting cinder.volumes object s_rally_74bacff7_VV7vK7Cy (16f541fb-b26e-4b3a-9b43-7ff40fc8ce22)
2019-06-06 19:10:44.573 1842 RALLYDEBUG rally_openstack.cleanup.manager [-] Deleting cinder.volumes object s_rally_74bacff7_EwbCSFgG (660a0c63-7e44-4693-b902-c65d26b355f1)
2019-06-06 19:10:44.573 1842 RALLYDEBUG rally_openstack.cleanup.manager [-] Deleting cinder.volumes object s_rally_74bacff7_y3KM5a9C (9be3ee50-ac2b-4c29-9bb0-211b93a731ce)
2019-06-06 19:10:44.574 1842 RALLYDEBUG rally_openstack.cleanup.manager [-] Deleting cinder.volumes object s_rally_74bacff7_cpa1k5oP (5b417ef0-99a0-4f1f-847e-3512b7aff043)
2019-06-06 19:10:44.578 1842 RALLYDEBUG rally_openstack.cleanup.manager [-] Deleting cinder.volumes object s_rally_74bacff7_5YANqrEa (469e0200-7f11-47b2-b874-b2ac23afdd3f)
2019-06-06 19:10:44.588 1842 RALLYDEBUG rally_openstack.cleanup.manager [-] Deleting cinder.volumes object s_rally_74bacff7_PgkNBaUC (188773dd-ec68-4dd1-af32-48fa702f4c1f)
2019-06-06 19:10:48.438 1842 INFO rally.task.context [-] Task a97a3128-b001-49e6-be5c-5e73539dc9df | Context cleanup@openstack cleanup() finished in 12.84 sec
2019-06-06 19:10:48.439 1842 INFO rally.task.context [-] Task a97a3128-b001-49e6-be5c-5e73539dc9df | Context quotas@openstack cleanup() started
2019-06-06 19:10:49.087 1842 INFO rally.task.context [-] Task a97a3128-b001-49e6-be5c-5e73539dc9df | Context quotas@openstack cleanup() finished in 0.65 sec
2019-06-06 19:10:49.087 1842 INFO rally.task.context [-] Task a97a3128-b001-49e6-be5c-5e73539dc9df | Context api_versions@openstack cleanup() started
2019-06-06 19:10:49.087 1842 INFO rally.task.context [-] Task a97a3128-b001-49e6-be5c-5e73539dc9df | Context api_versions@openstack cleanup() finished in 0.31 msec
2019-06-06 19:10:49.088 1842 INFO rally.task.context [-] Task a97a3128-b001-49e6-be5c-5e73539dc9df | Context users@openstack cleanup() started
2019-06-06 19:10:57.026 1842 INFO rally.task.context [-] Task a97a3128-b001-49e6-be5c-5e73539dc9df | Context users@openstack cleanup() finished in 7.94 sec
2019-06-06 19:10:58.266 1842 INFO rally.task.engine [-] Load duration is: 51.830507
2019-06-06 19:10:58.267 1842 INFO rally.task.engine [-] Full runner duration is: 51.876607
2019-06-06 19:10:58.267 1842 INFO rally.task.engine [-] Full duration is: 81.074877
2019-06-06 19:10:58.448 1842 INFO rally.task.engine [-] Running workload: position = 1 config = { "version": 2, "title": "A cropped version of a bigger task.", "description": "Auto-generated task from a single workload (uuid=067ebfef-6650-46c0-afee-617b1fa46fb6)", "subtasks": [ { "title": "CinderVolumes.create_and_list_volume", "description": "Create a volume and list all volumes.", "scenario": { "CinderVolumes.create_and_list_volume": { "detailed": true, "size": 1 } }, "contexts": { "users": { "tenants": 3, "users_per_tenant": 2 }, "quotas": { "cinder": { "gigabytes": -1, "snapshots": -1, "volumes": -1 } }, "api_versions": { "cinder": { "version": 3, "service_type": "volumev3" } } }, "runner": { "constant": { "concurrency": 4, "times": 10 } }, "hooks": [], "sla": { "failure_rate": { "max": 0 } } } ] }
2019-06-06 19:10:58.471 1842 RALLYDEBUG rally_openstack.contexts.keystone.users [-] Creating 3 tenants using 20 threads
2019-06-06 19:11:00.502 1842 RALLYDEBUG rally_openstack.contexts.keystone.users [-] Creating 6 users using 20 threads
2019-06-06 19:11:03.471 1842 INFO rally.task.context [-] Task a97a3128-b001-49e6-be5c-5e73539dc9df | Context users@openstack setup() finished in 5.00 sec
2019-06-06 19:11:03.901 1842 INFO rally.task.context [-] Task a97a3128-b001-49e6-be5c-5e73539dc9df | Context api_versions@openstack setup() finished in 0.43 sec
2019-06-06 19:11:05.748 1842 INFO rally.task.context [-] Task a97a3128-b001-49e6-be5c-5e73539dc9df | Context quotas@openstack setup() finished in 1.85 sec
2019-06-06 19:11:05.748 1842 INFO rally.task.context [-] Task a97a3128-b001-49e6-be5c-5e73539dc9df | Context cleanup@openstack setup() finished in 0.01 msec
2019-06-06 19:11:05.756 1842 RALLYDEBUG rally.task.runner [-] Starting the constant runner (task UUID: a97a3128-b001-49e6-be5c-5e73539dc9df). timeout: 0 concurrency: 4 concurrency_per_worker: 1 times: 10 concurrency_overhead: 0 processes_to_start: 4 max_cpu_used: 16
2019-06-06 19:11:05.768 2598 RALLYDEBUG rally.task.runner [-] Starting a worker. concurrency: 1 args: {"detailed": true, "size": 1} times: 10 method_name: run timeout: 0 duration: None cls:
2019-06-06 19:11:05.772 2599 RALLYDEBUG rally.task.runner [-] Starting a worker. concurrency: 1 args: {"detailed": true, "size": 1} times: 10 method_name: run timeout: 0 duration: None cls:
2019-06-06 19:11:05.775 2600 RALLYDEBUG rally.task.runner [-] Starting a worker. concurrency: 1 args: {"detailed": true, "size": 1} times: 10 method_name: run timeout: 0 duration: None cls:
2019-06-06 19:11:05.776 2598 INFO rally.task.runner [-] Task a97a3128-b001-49e6-be5c-5e73539dc9df | ITER: 1 START
2019-06-06 19:11:05.778 2601 RALLYDEBUG rally.task.runner [-] Starting a worker. concurrency: 1 args: {"detailed": true, "size": 1} times: 10 method_name: run timeout: 0 duration: None cls:
2019-06-06 19:11:05.780 2599 INFO rally.task.runner [-] Task a97a3128-b001-49e6-be5c-5e73539dc9df | ITER: 2 START
2019-06-06 19:11:05.782 2600 INFO rally.task.runner [-] Task a97a3128-b001-49e6-be5c-5e73539dc9df | ITER: 3 START
2019-06-06 19:11:05.785 2601 INFO rally.task.runner [-] Task a97a3128-b001-49e6-be5c-5e73539dc9df | ITER: 4 START
2019-06-06 19:11:09.898 2599 INFO rally.task.runner [-] Task a97a3128-b001-49e6-be5c-5e73539dc9df | ITER: 2 END: OK
2019-06-06 19:11:09.903 2599 INFO rally.task.runner [-] Task a97a3128-b001-49e6-be5c-5e73539dc9df | ITER: 5 START
2019-06-06 19:11:09.917 2600 INFO rally.task.runner [-] Task a97a3128-b001-49e6-be5c-5e73539dc9df | ITER: 3 END: OK
2019-06-06 19:11:09.922 2600 INFO rally.task.runner [-] Task a97a3128-b001-49e6-be5c-5e73539dc9df | ITER: 6 START
2019-06-06 19:11:09.944 2598 INFO rally.task.runner [-] Task a97a3128-b001-49e6-be5c-5e73539dc9df | ITER: 1 END: OK
2019-06-06 19:11:09.949 2598 INFO rally.task.runner [-] Task a97a3128-b001-49e6-be5c-5e73539dc9df | ITER: 7 START
2019-06-06 19:11:09.980 2601 INFO rally.task.runner [-] Task a97a3128-b001-49e6-be5c-5e73539dc9df | ITER: 4 END: OK
2019-06-06 19:11:09.984 2601 INFO rally.task.runner [-] Task a97a3128-b001-49e6-be5c-5e73539dc9df | ITER: 8 START
2019-06-06 19:11:13.784 2600 INFO rally.task.runner [-] Task a97a3128-b001-49e6-be5c-5e73539dc9df | ITER: 6 END: OK
2019-06-06 19:11:13.789 2600 INFO rally.task.runner [-] Task a97a3128-b001-49e6-be5c-5e73539dc9df | ITER: 9 START
2019-06-06 19:11:13.949 2599 INFO rally.task.runner [-] Task a97a3128-b001-49e6-be5c-5e73539dc9df | ITER: 5 END: OK
2019-06-06 19:11:13.954 2599 INFO rally.task.runner [-] Task a97a3128-b001-49e6-be5c-5e73539dc9df | ITER: 10 START
2019-06-06 19:11:14.052 2598 INFO rally.task.runner [-] Task a97a3128-b001-49e6-be5c-5e73539dc9df | ITER: 7 END: OK
2019-06-06 19:11:14.115 2601 INFO rally.task.runner [-] Task a97a3128-b001-49e6-be5c-5e73539dc9df | ITER: 8 END: OK
2019-06-06 19:11:17.382 2600 INFO rally.task.runner [-] Task a97a3128-b001-49e6-be5c-5e73539dc9df | ITER: 9 END: OK
2019-06-06 19:11:17.676 2599 INFO rally.task.runner [-] Task a97a3128-b001-49e6-be5c-5e73539dc9df | ITER: 10 END: OK
2019-06-06 19:11:17.704 1842 INFO rally.task.context [-] Task a97a3128-b001-49e6-be5c-5e73539dc9df | Context cleanup@openstack cleanup() started
2019-06-06 19:11:17.707 1842 RALLYDEBUG rally_openstack.cleanup.manager [-] Cleaning up cinder backups objects
2019-06-06 19:11:19.821 1842 RALLYDEBUG rally_openstack.cleanup.manager [-] Cleaning up cinder volume_snapshots objects
2019-06-06 19:11:22.052 1842 RALLYDEBUG rally_openstack.cleanup.manager [-] Cleaning up cinder transfers objects
2019-06-06 19:11:24.066 1842 RALLYDEBUG rally_openstack.cleanup.manager [-] Cleaning up cinder volumes objects
2019-06-06 19:11:26.510 1842 RALLYDEBUG rally_openstack.cleanup.manager [-] Deleting cinder.volumes object s_rally_067ebfef_YMkXz2Mj (dd2f166c-d37a-48de-a0c2-0a78a6a725fe)
2019-06-06 19:11:26.514 1842 RALLYDEBUG rally_openstack.cleanup.manager [-] Deleting cinder.volumes object s_rally_067ebfef_YxLAt1xD (e70183c3-c479-45a4-b2af-6f6cabed86af)
2019-06-06 19:11:26.516 1842 RALLYDEBUG rally_openstack.cleanup.manager [-] Deleting cinder.volumes object s_rally_067ebfef_suQ0YVzD (9b986238-c116-4af7-a5f0-ad611b7133ae)
2019-06-06 19:11:26.520 1842 RALLYDEBUG rally_openstack.cleanup.manager [-] Deleting cinder.volumes object s_rally_067ebfef_eHrjh7IR (50c62691-5df6-48d8-a2d0-a94eacf382f7)
2019-06-06 19:11:26.522 1842 RALLYDEBUG rally_openstack.cleanup.manager [-] Deleting cinder.volumes object s_rally_067ebfef_WYnqm4nd (f82d189e-1874-4188-b8c3-0ac6849b6670)
2019-06-06 19:11:26.525 1842 RALLYDEBUG rally_openstack.cleanup.manager [-] Deleting cinder.volumes object s_rally_067ebfef_0TSdyhEP (91dcceea-3523-4613-a70d-6c848b09e97e)
2019-06-06 19:11:26.526 1842 RALLYDEBUG rally_openstack.cleanup.manager [-] Deleting cinder.volumes object s_rally_067ebfef_LCXcoTYg (6d622105-98b5-4a86-b713-e937235cd9cd)
2019-06-06 19:11:26.528 1842 RALLYDEBUG rally_openstack.cleanup.manager [-] Deleting cinder.volumes object s_rally_067ebfef_BU35kuOd (b56c7b5c-e419-4dda-8b44-012e0dee3c14)
2019-06-06 19:11:26.532 1842 RALLYDEBUG rally_openstack.cleanup.manager [-] Deleting cinder.volumes object s_rally_067ebfef_HImzPFuy (4f487ebf-0fa8-490a-ad80-199ac121c368)
2019-06-06 19:11:26.553 1842 RALLYDEBUG rally_openstack.cleanup.manager [-] Deleting cinder.volumes object s_rally_067ebfef_8DbZqUhh (11deb3e3-655a-495c-ac66-419af695028c)
2019-06-06 19:11:31.649 1842 INFO rally.task.context [-] Task a97a3128-b001-49e6-be5c-5e73539dc9df | Context cleanup@openstack cleanup() finished in 13.94 sec
2019-06-06 19:11:31.649 1842 INFO rally.task.context [-] Task a97a3128-b001-49e6-be5c-5e73539dc9df | Context quotas@openstack cleanup() started
2019-06-06 19:11:32.128 1842 INFO rally.task.context [-] Task a97a3128-b001-49e6-be5c-5e73539dc9df | Context quotas@openstack cleanup() finished in 0.48 sec
2019-06-06 19:11:32.129 1842 INFO rally.task.context [-] Task a97a3128-b001-49e6-be5c-5e73539dc9df | Context api_versions@openstack cleanup() started
2019-06-06 19:11:32.129 1842 INFO rally.task.context [-] Task a97a3128-b001-49e6-be5c-5e73539dc9df | Context api_versions@openstack cleanup() finished in 0.27 msec
2019-06-06 19:11:32.129 1842 INFO rally.task.context [-] Task a97a3128-b001-49e6-be5c-5e73539dc9df | Context users@openstack cleanup() started
2019-06-06 19:11:40.128 1842 INFO rally.task.context [-] Task a97a3128-b001-49e6-be5c-5e73539dc9df | Context users@openstack cleanup() finished in 8.00 sec
2019-06-06 19:11:40.662 1842 INFO rally.task.engine [-] Load duration is: 11.895815
2019-06-06 19:11:40.662 1842 INFO rally.task.engine [-] Full runner duration is: 11.948843
2019-06-06 19:11:40.662 1842 INFO rally.task.engine [-] Full duration is: 41.66083
2019-06-06 19:11:40.903 1842 INFO rally.task.engine [-] Running workload: position = 0 config = { "version": 2, "title": "A cropped version of a bigger task.", "description": "Auto-generated task from a single workload (uuid=13bf7f53-60b1-448a-947e-c51878e6fcc0)", "subtasks": [ { "title": "CinderVolumes.create_and_upload_volume_to_image", "description": "Create and upload a volume to image.", "scenario": { "CinderVolumes.create_and_upload_volume_to_image": { "container_format": "bare", "disk_format": "raw", "do_delete": true, "force": false, "size": 1 } }, "contexts": { "users": { "tenants": 3, "users_per_tenant": 2 }, "quotas": { "cinder": { "gigabytes": -1, "snapshots": -1, "volumes": -1 } }, "api_versions": { "cinder": { "version": 3, "service_type": "volumev3" } } }, "runner": { "constant": { "concurrency": 4, "times": 10 } }, "hooks": [], "sla": { "failure_rate": { "max": 0 } } } ] }
2019-06-06 19:11:40.925 1842 RALLYDEBUG rally_openstack.contexts.keystone.users [-] Creating 3 tenants using 20 threads
2019-06-06 19:11:42.772 1842 RALLYDEBUG rally_openstack.contexts.keystone.users [-] Creating 6 users using 20 threads
2019-06-06 19:11:45.690 1842 INFO rally.task.context [-] Task a97a3128-b001-49e6-be5c-5e73539dc9df | Context users@openstack setup() finished in 4.76 sec
2019-06-06 19:11:46.129 1842 INFO rally.task.context [-] Task a97a3128-b001-49e6-be5c-5e73539dc9df | Context api_versions@openstack setup() finished in 0.44 sec
2019-06-06 19:11:47.918 1842 INFO rally.task.context [-] Task a97a3128-b001-49e6-be5c-5e73539dc9df | Context quotas@openstack setup() finished in 1.79 sec
2019-06-06 19:11:47.919 1842 INFO rally.task.context [-] Task a97a3128-b001-49e6-be5c-5e73539dc9df | Context cleanup@openstack setup() finished in 0.01 msec
2019-06-06 19:11:47.925 1842 RALLYDEBUG rally.task.runner [-] Starting the constant runner (task UUID: a97a3128-b001-49e6-be5c-5e73539dc9df). timeout: 0 concurrency: 4 concurrency_per_worker: 1 times: 10 concurrency_overhead: 0 processes_to_start: 4 max_cpu_used: 16
2019-06-06 19:11:47.938 2782 RALLYDEBUG rally.task.runner [-] Starting a worker. concurrency: 1 args: {"container_format": "bare", "disk_format": "raw", "do_delete": true, "force": false, "size": 1} times: 10 method_name: run timeout: 0 duration: None cls:
2019-06-06 19:11:47.940 2783 RALLYDEBUG rally.task.runner [-] Starting a worker. concurrency: 1 args: {"container_format": "bare", "disk_format": "raw", "do_delete": true, "force": false, "size": 1} times: 10 method_name: run timeout: 0 duration: None cls:
