2019-06-06 18:56:42.892 7 RALLYDEBUG rally.api [-] INFO logs from urllib3 and requests module are hide.
2019-06-06 18:56:42.892 7 RALLYDEBUG rally.api [-] urllib3 insecure warnings are hidden.
2019-06-06 18:56:42.892 7 RALLYDEBUG rally.api [-] ERROR log from boto module is hide.
2019-06-06 18:56:43.944 7 ERROR rally.cli.cliutils [-] Unexpected exception in CLI: DBRecordNotFound: Record for uuid or name is opnfv-rally not found in table envs
2019-06-06 18:56:43.944 7 ERROR rally.cli.cliutils
Traceback (most recent call last):
2019-06-06 18:56:43.944 7 ERROR rally.cli.cliutils
File "/usr/lib/python2.7/site-packages/rally/cli/cliutils.py", line 674, in run
2019-06-06 18:56:43.944 7 ERROR rally.cli.cliutils ret = fn(*fn_args, **fn_kwargs)
2019-06-06 18:56:43.944 7 ERROR rally.cli.cliutils File "", line 2, in destroy
2019-06-06 18:56:43.944 7 ERROR rally.cli.cliutils
File "/usr/lib/python2.7/site-packages/rally/cli/envutils.py", line 69, in default_from_global
2019-06-06 18:56:43.944 7 ERROR rally.cli.cliutils return f(*args, **kwargs)
2019-06-06 18:56:43.944 7 ERROR rally.cli.cliutils File "", line 2, in destroy
2019-06-06 18:56:43.944 7 ERROR rally.cli.cliutils
File "/usr/lib/python2.7/site-packages/rally/plugins/__init__.py", line 51, in ensure_plugins_are_loaded
2019-06-06 18:56:43.944 7 ERROR rally.cli.cliutils return f(*args, **kwargs)
2019-06-06 18:56:43.944 7 ERROR rally.cli.cliutils
File "/usr/lib/python2.7/site-packages/rally/cli/commands/deployment.py", line 140, in destroy
2019-06-06 18:56:43.944 7 ERROR rally.cli.cliutils api.deployment.destroy(deployment=deployment)
2019-06-06 18:56:43.944 7 ERROR rally.cli.cliutils
File "/usr/lib/python2.7/site-packages/rally/api.py", line 115, in destroy
2019-06-06 18:56:43.944 7 ERROR rally.cli.cliutils deploy = objects.Deployment.get(deployment)
2019-06-06 18:56:43.944 7 ERROR rally.cli.cliutils
File "/usr/lib/python2.7/site-packages/rally/common/objects/deploy.py", line 124, in get
2019-06-06 18:56:43.944 7 ERROR rally.cli.cliutils return Deployment(env_mgr.EnvManager.get(deploy))
2019-06-06 18:56:43.944 7 ERROR rally.cli.cliutils
File "/usr/lib/python2.7/site-packages/rally/env/env_mgr.py", line 212, in get
2019-06-06 18:56:43.944 7 ERROR rally.cli.cliutils return cls(db.env_get(uuid_or_name))
2019-06-06 18:56:43.944 7 ERROR rally.cli.cliutils
File "/usr/lib/python2.7/site-packages/rally/common/db/api.py", line 135, in wrapper
2019-06-06 18:56:43.944 7 ERROR rally.cli.cliutils result = f(session, *args, **kwargs)
2019-06-06 18:56:43.944 7 ERROR rally.cli.cliutils
File "/usr/lib/python2.7/site-packages/rally/common/db/api.py", line 521, in env_get
2019-06-06 18:56:43.944 7 ERROR rally.cli.cliutils criteria="uuid or name is %s" % uuid_or_name, table="envs")
2019-06-06 18:56:43.944 7 ERROR rally.cli.cliutils DBRecordNotFound: Record for uuid or name is opnfv-rally not found in table envs
2019-06-06 18:56:43.944 7 ERROR rally.cli.cliutils
2019-06-06 18:56:44.575 9 RALLYDEBUG rally.api [-] INFO logs from urllib3 and requests module are hide.
2019-06-06 18:56:44.575 9 RALLYDEBUG rally.api [-] urllib3 insecure warnings are hidden.
2019-06-06 18:56:44.575 9 RALLYDEBUG rally.api [-] ERROR log from boto module is hide.
2019-06-06 18:56:45.720 9 WARNING rally_openstack.platforms.existing [-] endpoint is deprecated and not used.
2019-06-06 18:56:46.663 11 RALLYDEBUG rally.api [-] INFO logs from urllib3 and requests module are hide.
2019-06-06 18:56:46.663 11 RALLYDEBUG rally.api [-] urllib3 insecure warnings are hidden.
2019-06-06 18:56:46.663 11 RALLYDEBUG rally.api [-] ERROR log from boto module is hide.
2019-06-06 18:56:50.060 14 RALLYDEBUG rally.api [-] INFO logs from urllib3 and requests module are hide.
2019-06-06 18:56:50.061 14 RALLYDEBUG rally.api [-] urllib3 insecure warnings are hidden.
2019-06-06 18:56:50.061 14 RALLYDEBUG rally.api [-] ERROR log from boto module is hide.
2019-06-06 18:56:51.764 16 RALLYDEBUG rally.api [-] INFO logs from urllib3 and requests module are hide.
2019-06-06 18:56:51.764 16 RALLYDEBUG rally.api [-] urllib3 insecure warnings are hidden.
2019-06-06 18:56:51.764 16 RALLYDEBUG rally.api [-] ERROR log from boto module is hide.
2019-06-06 18:56:53.087 16 INFO rally.task.engine [-] Task 7de257b7-71ff-4b32-8172-cd8920daff25 | Starting: Task validation.
2019-06-06 18:56:53.130 16 INFO rally.task.engine [-] Task 7de257b7-71ff-4b32-8172-cd8920daff25 | Starting: Task validation of syntax.
2019-06-06 18:56:53.211 16 INFO rally.task.engine [-] Task 7de257b7-71ff-4b32-8172-cd8920daff25 | Completed: Task validation of syntax.
2019-06-06 18:56:53.212 16 INFO rally.task.engine [-] Task 7de257b7-71ff-4b32-8172-cd8920daff25 | Starting: Task validation of required platforms.
2019-06-06 18:56:53.249 16 INFO rally.task.engine [-] Task 7de257b7-71ff-4b32-8172-cd8920daff25 | Completed: Task validation of required platforms.
2019-06-06 18:56:53.249 16 INFO rally.task.engine [-] Task 7de257b7-71ff-4b32-8172-cd8920daff25 | Starting: Task validation of semantic.
2019-06-06 18:56:53.249 16 INFO rally.task.engine [-] Check health of the environment '236fdc34-4c7e-4a64-acac-9a38f3b7928b'.
2019-06-06 18:56:54.214 16 INFO rally.task.engine [-] Platform existing@openstack (available: True): OK!
2019-06-06 18:56:54.231 16 RALLYDEBUG rally_openstack.contexts.keystone.users [-] Creating 1 tenants using 20 threads
2019-06-06 18:56:56.159 16 RALLYDEBUG rally_openstack.contexts.keystone.users [-] Creating 1 users using 20 threads
2019-06-06 18:56:58.908 16 INFO rally.task.context [-] Task 7de257b7-71ff-4b32-8172-cd8920daff25 | Context users@openstack setup() finished in 4.68 sec
2019-06-06 18:56:58.952 16 INFO rally.task.context [-] Task 7de257b7-71ff-4b32-8172-cd8920daff25 | Context users@openstack cleanup() started
2019-06-06 18:57:03.857 16 INFO rally.task.context [-] Task 7de257b7-71ff-4b32-8172-cd8920daff25 | Context users@openstack cleanup() finished in 4.90 sec
2019-06-06 18:57:03.857 16 INFO rally.task.engine [-] Task 7de257b7-71ff-4b32-8172-cd8920daff25 | Completed: Task validation of semantic.
2019-06-06 18:57:03.858 16 INFO rally.task.engine [-] Task 7de257b7-71ff-4b32-8172-cd8920daff25 | Completed: Task validation.
2019-06-06 18:57:03.858 16 INFO rally.api [-] Task 7de257b7-71ff-4b32-8172-cd8920daff25 input file is valid.
2019-06-06 18:57:03.858 16 INFO rally.api [-] Run Task 7de257b7-71ff-4b32-8172-cd8920daff25 against Deployment 236fdc34-4c7e-4a64-acac-9a38f3b7928b
2019-06-06 18:57:03.859 16 INFO rally.task.engine [-] Task 7de257b7-71ff-4b32-8172-cd8920daff25 | Starting: Running task.
2019-06-06 18:57:04.013 16 INFO rally.task.engine [-] Running workload: position = 0 config = { "version": 2, "title": "A cropped version of a bigger task.", "description": "Auto-generated task from a single workload (uuid=b5d87adc-0f14-4c54-bb9c-687f979b358b)", "subtasks": [ { "title": "Authenticate.keystone", "description": "Check Keystone Client.", "scenario": { "Authenticate.keystone": {} }, "contexts": { "users": { "tenants": 3, "users_per_tenant": 2 } }, "runner": { "constant": { "concurrency": 4, "times": 10 } }, "hooks": [], "sla": { "failure_rate": { "max": 0 } } } ] }
2019-06-06 18:57:04.028 16 RALLYDEBUG rally_openstack.contexts.keystone.users [-] Creating 3 tenants using 20 threads
2019-06-06 18:57:05.924 16 RALLYDEBUG rally_openstack.contexts.keystone.users [-] Creating 6 users using 20 threads
2019-06-06 18:57:08.647 16 INFO rally.task.context [-] Task 7de257b7-71ff-4b32-8172-cd8920daff25 | Context users@openstack setup() finished in 4.62 sec
2019-06-06 18:57:08.655 16 RALLYDEBUG rally.task.runner [-] Starting the constant runner (task UUID: 7de257b7-71ff-4b32-8172-cd8920daff25). timeout: 0 concurrency: 4 concurrency_per_worker: 1 times: 10 concurrency_overhead: 0 processes_to_start: 4 max_cpu_used: 16
2019-06-06 18:57:08.670 140 RALLYDEBUG rally.task.runner [-] Starting a worker. concurrency: 1 args: {} times: 10 method_name: run timeout: 0 duration: None cls:
2019-06-06 18:57:08.673 141 RALLYDEBUG rally.task.runner [-] Starting a worker. concurrency: 1 args: {} times: 10 method_name: run timeout: 0 duration: None cls:
2019-06-06 18:57:08.676 140 INFO rally.task.runner [-] Task 7de257b7-71ff-4b32-8172-cd8920daff25 | ITER: 1 START
2019-06-06 18:57:08.676 142 RALLYDEBUG rally.task.runner [-] Starting a worker. concurrency: 1 args: {} times: 10 method_name: run timeout: 0 duration: None cls:
2019-06-06 18:57:08.679 141 INFO rally.task.runner [-] Task 7de257b7-71ff-4b32-8172-cd8920daff25 | ITER: 2 START
2019-06-06 18:57:08.679 143 RALLYDEBUG rally.task.runner [-] Starting a worker. concurrency: 1 args: {} times: 10 method_name: run timeout: 0 duration: None cls:
2019-06-06 18:57:08.682 142 INFO rally.task.runner [-] Task 7de257b7-71ff-4b32-8172-cd8920daff25 | ITER: 3 START
2019-06-06 18:57:08.685 143 INFO rally.task.runner [-] Task 7de257b7-71ff-4b32-8172-cd8920daff25 | ITER: 4 START
2019-06-06 18:57:09.279 140 INFO rally.task.runner [-] Task 7de257b7-71ff-4b32-8172-cd8920daff25 | ITER: 1 END: OK
2019-06-06 18:57:09.283 141 INFO rally.task.runner [-] Task 7de257b7-71ff-4b32-8172-cd8920daff25 | ITER: 2 END: OK
2019-06-06 18:57:09.283 140 INFO rally.task.runner [-] Task 7de257b7-71ff-4b32-8172-cd8920daff25 | ITER: 5 START
2019-06-06 18:57:09.284 143 INFO rally.task.runner [-] Task 7de257b7-71ff-4b32-8172-cd8920daff25 | ITER: 4 END: OK
2019-06-06 18:57:09.287 141 INFO rally.task.runner [-] Task 7de257b7-71ff-4b32-8172-cd8920daff25 | ITER: 6 START
2019-06-06 18:57:09.288 143 INFO rally.task.runner [-] Task 7de257b7-71ff-4b32-8172-cd8920daff25 | ITER: 7 START
2019-06-06 18:57:09.308 142 INFO rally.task.runner [-] Task 7de257b7-71ff-4b32-8172-cd8920daff25 | ITER: 3 END: OK
2019-06-06 18:57:09.311 142 INFO rally.task.runner [-] Task 7de257b7-71ff-4b32-8172-cd8920daff25 | ITER: 8 START
2019-06-06 18:57:09.874 143 INFO rally.task.runner [-] Task 7de257b7-71ff-4b32-8172-cd8920daff25 | ITER: 7 END: OK
2019-06-06 18:57:09.878 143 INFO rally.task.runner [-] Task 7de257b7-71ff-4b32-8172-cd8920daff25 | ITER: 9 START
2019-06-06 18:57:09.880 140 INFO rally.task.runner [-] Task 7de257b7-71ff-4b32-8172-cd8920daff25 | ITER: 5 END: OK
2019-06-06 18:57:09.882 141 INFO rally.task.runner [-] Task 7de257b7-71ff-4b32-8172-cd8920daff25 | ITER: 6 END: OK
2019-06-06 18:57:09.883 140 INFO rally.task.runner [-] Task 7de257b7-71ff-4b32-8172-cd8920daff25 | ITER: 10 START
2019-06-06 18:57:09.914 142 INFO rally.task.runner [-] Task 7de257b7-71ff-4b32-8172-cd8920daff25 | ITER: 8 END: OK
2019-06-06 18:57:10.414 140 INFO rally.task.runner [-] Task 7de257b7-71ff-4b32-8172-cd8920daff25 | ITER: 10 END: OK
2019-06-06 18:57:10.494 143 INFO rally.task.runner [-] Task 7de257b7-71ff-4b32-8172-cd8920daff25 | ITER: 9 END: OK
2019-06-06 18:57:10.522 16 INFO rally.task.context [-] Task 7de257b7-71ff-4b32-8172-cd8920daff25 | Context users@openstack cleanup() started
2019-06-06 18:57:18.210 16 INFO rally.task.context [-] Task 7de257b7-71ff-4b32-8172-cd8920daff25 | Context users@openstack cleanup() finished in 7.69 sec
2019-06-06 18:57:20.111 16 INFO rally.task.engine [-] Load duration is: 1.816578
2019-06-06 18:57:20.112 16 INFO rally.task.engine [-] Full runner duration is: 1.86732
2019-06-06 18:57:20.112 16 INFO rally.task.engine [-] Full duration is: 14.185433
2019-06-06 18:57:20.373 16 INFO rally.task.engine [-] Running workload: position = 0 config = { "version": 2, "title": "A cropped version of a bigger task.", "description": "Auto-generated task from a single workload (uuid=fe164716-6ada-450c-bd9f-197fec519f79)", "subtasks": [ { "title": "Authenticate.validate_cinder", "description": "Check Cinder Client to ensure validation of token.", "scenario": { "Authenticate.validate_cinder": { "repetitions": 2 } }, "contexts": { "users": { "tenants": 3, "users_per_tenant": 2 } }, "runner": { "constant": { "concurrency": 4, "times": 10 } }, "hooks": [], "sla": { "failure_rate": { "max": 0 } } } ] }
2019-06-06 18:57:20.394 16 RALLYDEBUG rally_openstack.contexts.keystone.users [-] Creating 3 tenants using 20 threads
2019-06-06 18:57:22.259 16 RALLYDEBUG rally_openstack.contexts.keystone.users [-] Creating 6 users using 20 threads
2019-06-06 18:57:25.144 16 INFO rally.task.context [-] Task 7de257b7-71ff-4b32-8172-cd8920daff25 | Context users@openstack setup() finished in 4.75 sec
2019-06-06 18:57:25.152 16 RALLYDEBUG rally.task.runner [-] Starting the constant runner (task UUID: 7de257b7-71ff-4b32-8172-cd8920daff25). timeout: 0 concurrency: 4 concurrency_per_worker: 1 times: 10 concurrency_overhead: 0 processes_to_start: 4 max_cpu_used: 16
2019-06-06 18:57:25.165 244 RALLYDEBUG rally.task.runner [-] Starting a worker. concurrency: 1 args: {"repetitions": 2} times: 10 method_name: run timeout: 0 duration: None cls:
2019-06-06 18:57:25.167 246 RALLYDEBUG rally.task.runner [-] Starting a worker. concurrency: 1 args: {"repetitions": 2} times: 10 method_name: run timeout: 0 duration: None cls:
2019-06-06 18:57:25.167 245 RALLYDEBUG rally.task.runner [-] Starting a worker. concurrency: 1 args: {"repetitions": 2} times: 10 method_name: run timeout: 0 duration: None cls:
2019-06-06 18:57:25.171 244 INFO rally.task.runner [-] Task 7de257b7-71ff-4b32-8172-cd8920daff25 | ITER: 1 START
2019-06-06 18:57:25.171 246 INFO rally.task.runner [-] Task 7de257b7-71ff-4b32-8172-cd8920daff25 | ITER: 2 START
2019-06-06 18:57:25.172 245 INFO rally.task.runner [-] Task 7de257b7-71ff-4b32-8172-cd8920daff25 | ITER: 3 START
2019-06-06 18:57:25.173 247 RALLYDEBUG rally.task.runner [-] Starting a worker. concurrency: 1 args: {"repetitions": 2} times: 10 method_name: run timeout: 0 duration: None cls:
2019-06-06 18:57:25.179 247 INFO rally.task.runner [-] Task 7de257b7-71ff-4b32-8172-cd8920daff25 | ITER: 4 START
2019-06-06 18:57:27.086 245 INFO rally.task.runner [-] Task 7de257b7-71ff-4b32-8172-cd8920daff25 | ITER: 3 END: OK
2019-06-06 18:57:27.090 245 INFO rally.task.runner [-] Task 7de257b7-71ff-4b32-8172-cd8920daff25 | ITER: 5 START
2019-06-06 18:57:27.110 246 INFO rally.task.runner [-] Task 7de257b7-71ff-4b32-8172-cd8920daff25 | ITER: 2 END: OK
2019-06-06 18:57:27.114 246 INFO rally.task.runner [-] Task 7de257b7-71ff-4b32-8172-cd8920daff25 | ITER: 6 START
2019-06-06 18:57:27.121 244 INFO rally.task.runner [-] Task 7de257b7-71ff-4b32-8172-cd8920daff25 | ITER: 1 END: OK
2019-06-06 18:57:27.124 244 INFO rally.task.runner [-] Task 7de257b7-71ff-4b32-8172-cd8920daff25 | ITER: 7 START
2019-06-06 18:57:27.236 247 INFO rally.task.runner [-] Task 7de257b7-71ff-4b32-8172-cd8920daff25 | ITER: 4 END: OK
2019-06-06 18:57:27.240 247 INFO rally.task.runner [-] Task 7de257b7-71ff-4b32-8172-cd8920daff25 | ITER: 8 START
2019-06-06 18:57:28.677 246 INFO rally.task.runner [-] Task 7de257b7-71ff-4b32-8172-cd8920daff25 | ITER: 6 END: OK
2019-06-06 18:57:28.681 246 INFO rally.task.runner [-] Task 7de257b7-71ff-4b32-8172-cd8920daff25 | ITER: 9 START
2019-06-06 18:57:28.963 244 INFO rally.task.runner [-] Task 7de257b7-71ff-4b32-8172-cd8920daff25 | ITER: 7 END: OK
2019-06-06 18:57:28.967 244 INFO rally.task.runner [-] Task 7de257b7-71ff-4b32-8172-cd8920daff25 | ITER: 10 START
2019-06-06 18:57:28.973 245 INFO rally.task.runner [-] Task 7de257b7-71ff-4b32-8172-cd8920daff25 | ITER: 5 END: OK
2019-06-06 18:57:29.040 247 INFO rally.task.runner [-] Task 7de257b7-71ff-4b32-8172-cd8920daff25 | ITER: 8 END: OK
2019-06-06 18:57:30.577 246 INFO rally.task.runner [-] Task 7de257b7-71ff-4b32-8172-cd8920daff25 | ITER: 9 END: OK
2019-06-06 18:57:30.825 244 INFO rally.task.runner [-] Task 7de257b7-71ff-4b32-8172-cd8920daff25 | ITER: 10 END: OK
2019-06-06 18:57:30.852 16 INFO rally.task.context [-] Task 7de257b7-71ff-4b32-8172-cd8920daff25 | Context users@openstack cleanup() started
2019-06-06 18:57:38.407 16 INFO rally.task.context [-] Task 7de257b7-71ff-4b32-8172-cd8920daff25 | Context users@openstack cleanup() finished in 7.56 sec
2019-06-06 18:57:38.496 16 INFO rally.task.engine [-] Load duration is: 5.653543
2019-06-06 18:57:38.497 16 INFO rally.task.engine [-] Full runner duration is: 5.700444
2019-06-06 18:57:38.497 16 INFO rally.task.engine [-] Full duration is: 18.014528
2019-06-06 18:57:38.784 16 INFO rally.task.engine [-] Running workload: position = 0 config = { "version": 2, "title": "A cropped version of a bigger task.", "description": "Auto-generated task from a single workload (uuid=7cb1fd0f-36f1-478b-88de-5f6a51870608)", "subtasks": [ { "title": "Authenticate.validate_glance", "description": "Check Glance Client to ensure validation of token.", "scenario": { "Authenticate.validate_glance": { "repetitions": 2 } }, "contexts": { "users": { "tenants": 3, "users_per_tenant": 2 } }, "runner": { "constant": { "concurrency": 4, "times": 10 } }, "hooks": [], "sla": { "failure_rate": { "max": 0 } } } ] }
2019-06-06 18:57:38.804 16 RALLYDEBUG rally_openstack.contexts.keystone.users [-] Creating 3 tenants using 20 threads
2019-06-06 18:57:40.655 16 RALLYDEBUG rally_openstack.contexts.keystone.users [-] Creating 6 users using 20 threads
2019-06-06 18:57:43.711 16 INFO rally.task.context [-] Task 7de257b7-71ff-4b32-8172-cd8920daff25 | Context users@openstack setup() finished in 4.91 sec
2019-06-06 18:57:43.719 16 RALLYDEBUG rally.task.runner [-] Starting the constant runner (task UUID: 7de257b7-71ff-4b32-8172-cd8920daff25). timeout: 0 concurrency: 4 concurrency_per_worker: 1 times: 10 concurrency_overhead: 0 processes_to_start: 4 max_cpu_used: 16
2019-06-06 18:57:43.731 348 RALLYDEBUG rally.task.runner [-] Starting a worker. concurrency: 1 args: {"repetitions": 2} times: 10 method_name: run timeout: 0 duration: None cls:
2019-06-06 18:57:43.731 349 RALLYDEBUG rally.task.runner [-] Starting a worker. concurrency: 1 args: {"repetitions": 2} times: 10 method_name: run timeout: 0 duration: None cls:
2019-06-06 18:57:43.734 350 RALLYDEBUG rally.task.runner [-] Starting a worker. concurrency: 1 args: {"repetitions": 2} times: 10 method_name: run timeout: 0 duration: None cls:
2019-06-06 18:57:43.734 349 INFO rally.task.runner [-] Task 7de257b7-71ff-4b32-8172-cd8920daff25 | ITER: 2 START
2019-06-06 18:57:43.737 348 INFO rally.task.runner [-] Task 7de257b7-71ff-4b32-8172-cd8920daff25 | ITER: 1 START
2019-06-06 18:57:43.738 350 INFO rally.task.runner [-] Task 7de257b7-71ff-4b32-8172-cd8920daff25 | ITER: 3 START
2019-06-06 18:57:43.739 351 RALLYDEBUG rally.task.runner [-] Starting a worker. concurrency: 1 args: {"repetitions": 2} times: 10 method_name: run timeout: 0 duration: None cls:
2019-06-06 18:57:43.745 351 INFO rally.task.runner [-] Task 7de257b7-71ff-4b32-8172-cd8920daff25 | ITER: 4 START
2019-06-06 18:57:44.824 349 INFO rally.task.runner [-] Task 7de257b7-71ff-4b32-8172-cd8920daff25 | ITER: 2 END: OK
2019-06-06 18:57:44.828 349 INFO rally.task.runner [-] Task 7de257b7-71ff-4b32-8172-cd8920daff25 | ITER: 5 START
2019-06-06 18:57:44.927 350 INFO rally.task.runner [-] Task 7de257b7-71ff-4b32-8172-cd8920daff25 | ITER: 3 END: OK
2019-06-06 18:57:44.931 350 INFO rally.task.runner [-] Task 7de257b7-71ff-4b32-8172-cd8920daff25 | ITER: 6 START
2019-06-06 18:57:45.081 348 INFO rally.task.runner [-] Task 7de257b7-71ff-4b32-8172-cd8920daff25 | ITER: 1 END: OK
2019-06-06 18:57:45.086 348 INFO rally.task.runner [-] Task 7de257b7-71ff-4b32-8172-cd8920daff25 | ITER: 7 START
2019-06-06 18:57:45.477 351 INFO rally.task.runner [-] Task 7de257b7-71ff-4b32-8172-cd8920daff25 | ITER: 4 END: OK
2019-06-06 18:57:45.482 351 INFO rally.task.runner [-] Task 7de257b7-71ff-4b32-8172-cd8920daff25 | ITER: 8 START
2019-06-06 18:57:45.904 349 INFO rally.task.runner [-] Task 7de257b7-71ff-4b32-8172-cd8920daff25 | ITER: 5 END: OK
2019-06-06 18:57:45.908 349 INFO rally.task.runner [-] Task 7de257b7-71ff-4b32-8172-cd8920daff25 | ITER: 9 START
2019-06-06 18:57:46.018 350 INFO rally.task.runner [-] Task 7de257b7-71ff-4b32-8172-cd8920daff25 | ITER: 6 END: OK
2019-06-06 18:57:46.021 350 INFO rally.task.runner [-] Task 7de257b7-71ff-4b32-8172-cd8920daff25 | ITER: 10 START
2019-06-06 18:57:46.092 348 INFO rally.task.runner [-] Task 7de257b7-71ff-4b32-8172-cd8920daff25 | ITER: 7 END: OK
2019-06-06 18:57:46.472 351 INFO rally.task.runner [-] Task 7de257b7-71ff-4b32-8172-cd8920daff25 | ITER: 8 END: OK
2019-06-06 18:57:47.171 349 INFO rally.task.runner [-] Task 7de257b7-71ff-4b32-8172-cd8920daff25 | ITER: 9 END: OK
2019-06-06 18:57:47.343 350 INFO rally.task.runner [-] Task 7de257b7-71ff-4b32-8172-cd8920daff25 | ITER: 10 END: OK
2019-06-06 18:57:47.367 16 INFO rally.task.context [-] Task 7de257b7-71ff-4b32-8172-cd8920daff25 | Context users@openstack cleanup() started
2019-06-06 18:57:55.239 16 INFO rally.task.context [-] Task 7de257b7-71ff-4b32-8172-cd8920daff25 | Context users@openstack cleanup() finished in 7.87 sec
2019-06-06 18:57:56.894 16 INFO rally.task.engine [-] Load duration is: 3.608057
2019-06-06 18:57:56.894 16 INFO rally.task.engine [-] Full runner duration is: 3.649433
2019-06-06 18:57:56.895 16 INFO rally.task.engine [-] Full duration is: 16.436125
2019-06-06 18:57:57.146 16 INFO rally.task.engine [-] Running workload: position = 0 config = { "version": 2, "title": "A cropped version of a bigger task.", "description": "Auto-generated task from a single workload (uuid=c7909e27-b7f2-4930-91a9-e2483cf31570)", "subtasks": [ { "title": "Authenticate.validate_heat", "description": "Check Heat Client to ensure validation of token.", "scenario": { "Authenticate.validate_heat": { "repetitions": 2 } }, "contexts": { "users": { "tenants": 3, "users_per_tenant": 2 } }, "runner": { "constant": { "concurrency": 4, "times": 10 } }, "hooks": [], "sla": { "failure_rate": { "max": 0 } } } ] }
2019-06-06 18:57:57.165 16 RALLYDEBUG rally_openstack.contexts.keystone.users [-] Creating 3 tenants using 20 threads
2019-06-06 18:57:59.141 16 RALLYDEBUG rally_openstack.contexts.keystone.users [-] Creating 6 users using 20 threads
2019-06-06 18:58:02.107 16 INFO rally.task.context [-] Task 7de257b7-71ff-4b32-8172-cd8920daff25 | Context users@openstack setup() finished in 4.94 sec
2019-06-06 18:58:02.114 16 RALLYDEBUG rally.task.runner [-] Starting the constant runner (task UUID: 7de257b7-71ff-4b32-8172-cd8920daff25). timeout: 0 concurrency: 4 concurrency_per_worker: 1 times: 10 concurrency_overhead: 0 processes_to_start: 4 max_cpu_used: 16
2019-06-06 18:58:02.126 452 RALLYDEBUG rally.task.runner [-] Starting a worker. concurrency: 1 args: {"repetitions": 2} times: 10 method_name: run timeout: 0 duration: None cls:
2019-06-06 18:58:02.128 453 RALLYDEBUG rally.task.runner [-] Starting a worker. concurrency: 1 args: {"repetitions": 2} times: 10 method_name: run timeout: 0 duration: None cls:
2019-06-06 18:58:02.131 455 RALLYDEBUG rally.task.runner [-] Starting a worker. concurrency: 1 args: {"repetitions": 2} times: 10 method_name: run timeout: 0 duration: None cls:
2019-06-06 18:58:02.131 454 RALLYDEBUG rally.task.runner [-] Starting a worker. concurrency: 1 args: {"repetitions": 2} times: 10 method_name: run timeout: 0 duration: None cls:
2019-06-06 18:58:02.133 452 INFO rally.task.runner [-] Task 7de257b7-71ff-4b32-8172-cd8920daff25 | ITER: 1 START
2019-06-06 18:58:02.134 453 INFO rally.task.runner [-] Task 7de257b7-71ff-4b32-8172-cd8920daff25 | ITER: 2 START
2019-06-06 18:58:02.135 455 INFO rally.task.runner [-] Task 7de257b7-71ff-4b32-8172-cd8920daff25 | ITER: 3 START
2019-06-06 18:58:02.136 454 INFO rally.task.runner [-] Task 7de257b7-71ff-4b32-8172-cd8920daff25 | ITER: 4 START
2019-06-06 18:58:04.052 453 INFO rally.task.runner [-] Task 7de257b7-71ff-4b32-8172-cd8920daff25 | ITER: 2 END: OK
2019-06-06 18:58:04.056 453 INFO rally.task.runner [-] Task 7de257b7-71ff-4b32-8172-cd8920daff25 | ITER: 5 START
2019-06-06 18:58:04.120 455 INFO rally.task.runner [-] Task 7de257b7-71ff-4b32-8172-cd8920daff25 | ITER: 3 END: OK
2019-06-06 18:58:04.124 455 INFO rally.task.runner [-] Task 7de257b7-71ff-4b32-8172-cd8920daff25 | ITER: 6 START
2019-06-06 18:58:04.135 454 INFO rally.task.runner [-] Task 7de257b7-71ff-4b32-8172-cd8920daff25 | ITER: 4 END: OK
2019-06-06 18:58:04.139 454 INFO rally.task.runner [-] Task 7de257b7-71ff-4b32-8172-cd8920daff25 | ITER: 7 START
2019-06-06 18:58:04.169 452 INFO rally.task.runner [-] Task 7de257b7-71ff-4b32-8172-cd8920daff25 | ITER: 1 END: OK
2019-06-06 18:58:04.173 452 INFO rally.task.runner [-] Task 7de257b7-71ff-4b32-8172-cd8920daff25 | ITER: 8 START
2019-06-06 18:58:05.592 454 INFO rally.task.runner [-] Task 7de257b7-71ff-4b32-8172-cd8920daff25 | ITER: 7 END: OK
2019-06-06 18:58:05.594 454 INFO rally.task.runner [-] Task 7de257b7-71ff-4b32-8172-cd8920daff25 | ITER: 9 START
2019-06-06 18:58:05.961 452 INFO rally.task.runner [-] Task 7de257b7-71ff-4b32-8172-cd8920daff25 | ITER: 8 END: OK
2019-06-06 18:58:05.965 452 INFO rally.task.runner [-] Task 7de257b7-71ff-4b32-8172-cd8920daff25 | ITER: 10 START
2019-06-06 18:58:06.021 455 INFO rally.task.runner [-] Task 7de257b7-71ff-4b32-8172-cd8920daff25 | ITER: 6 END: OK
2019-06-06 18:58:06.143 453 INFO rally.task.runner [-] Task 7de257b7-71ff-4b32-8172-cd8920daff25 | ITER: 5 END: OK
2019-06-06 18:58:07.047 454 INFO rally.task.runner [-] Task 7de257b7-71ff-4b32-8172-cd8920daff25 | ITER: 9 END: OK
2019-06-06 18:58:07.377 452 INFO rally.task.runner [-] Task 7de257b7-71ff-4b32-8172-cd8920daff25 | ITER: 10 END: OK
2019-06-06 18:58:07.399 16 INFO rally.task.context [-] Task 7de257b7-71ff-4b32-8172-cd8920daff25 | Context users@openstack cleanup() started
2019-06-06 18:58:15.253 16 INFO rally.task.context [-] Task 7de257b7-71ff-4b32-8172-cd8920daff25 | Context users@openstack cleanup() finished in 7.85 sec
2019-06-06 18:58:15.312 16 INFO rally.task.engine [-] Load duration is: 5.242522
2019-06-06 18:58:15.313 16 INFO rally.task.engine [-] Full runner duration is: 5.285408
2019-06-06 18:58:15.313 16 INFO rally.task.engine [-] Full duration is: 18.08974
2019-06-06 18:58:15.565 16 INFO rally.task.engine [-] Running workload: position = 0 config = { "version": 2, "title": "A cropped version of a bigger task.", "description": "Auto-generated task from a single workload (uuid=e596b165-9ae1-41b5-9a8c-8ea09a8a5832)", "subtasks": [ { "title": "Authenticate.validate_neutron", "description": "Check Neutron Client to ensure validation of token.", "scenario": { "Authenticate.validate_neutron": { "repetitions": 2 } }, "contexts": { "users": { "tenants": 3, "users_per_tenant": 2 } }, "runner": { "constant": { "concurrency": 4, "times": 10 } }, "hooks": [], "sla": { "failure_rate": { "max": 0 } } } ] }
2019-06-06 18:58:15.585 16 RALLYDEBUG rally_openstack.contexts.keystone.users [-] Creating 3 tenants using 20 threads
2019-06-06 18:58:17.428 16 RALLYDEBUG rally_openstack.contexts.keystone.users [-] Creating 6 users using 20 threads
2019-06-06 18:58:20.398 16 INFO rally.task.context [-] Task 7de257b7-71ff-4b32-8172-cd8920daff25 | Context users@openstack setup() finished in 4.81 sec
2019-06-06 18:58:20.405 16 RALLYDEBUG rally.task.runner [-] Starting the constant runner (task UUID: 7de257b7-71ff-4b32-8172-cd8920daff25). timeout: 0 concurrency: 4 concurrency_per_worker: 1 times: 10 concurrency_overhead: 0 processes_to_start: 4 max_cpu_used: 16
2019-06-06 18:58:20.418 556 RALLYDEBUG rally.task.runner [-] Starting a worker. concurrency: 1 args: {"repetitions": 2} times: 10 method_name: run timeout: 0 duration: None cls:
2019-06-06 18:58:20.420 557 RALLYDEBUG rally.task.runner [-] Starting a worker. concurrency: 1 args: {"repetitions": 2} times: 10 method_name: run timeout: 0 duration: None cls:
2019-06-06 18:58:20.421 558 RALLYDEBUG rally.task.runner [-] Starting a worker. concurrency: 1 args: {"repetitions": 2} times: 10 method_name: run timeout: 0 duration: None cls:
2019-06-06 18:58:20.424 556 INFO rally.task.runner [-] Task 7de257b7-71ff-4b32-8172-cd8920daff25 | ITER: 1 START
2019-06-06 18:58:20.426 558 INFO rally.task.runner [-] Task 7de257b7-71ff-4b32-8172-cd8920daff25 | ITER: 3 START
2019-06-06 18:58:20.426 557 INFO rally.task.runner [-] Task 7de257b7-71ff-4b32-8172-cd8920daff25 | ITER: 2 START
2019-06-06 18:58:20.426 559 RALLYDEBUG rally.task.runner [-] Starting a worker. concurrency: 1 args: {"repetitions": 2} times: 10 method_name: run timeout: 0 duration: None cls:
2019-06-06 18:58:20.433 559 INFO rally.task.runner [-] Task 7de257b7-71ff-4b32-8172-cd8920daff25 | ITER: 4 START
2019-06-06 18:58:21.330 556 INFO rally.task.runner [-] Task 7de257b7-71ff-4b32-8172-cd8920daff25 | ITER: 1 END: OK
2019-06-06 18:58:21.334 557 INFO rally.task.runner [-] Task 7de257b7-71ff-4b32-8172-cd8920daff25 | ITER: 2 END: OK
2019-06-06 18:58:21.334 556 INFO rally.task.runner [-] Task 7de257b7-71ff-4b32-8172-cd8920daff25 | ITER: 5 START
2019-06-06 18:58:21.338 557 INFO rally.task.runner [-] Task 7de257b7-71ff-4b32-8172-cd8920daff25 | ITER: 6 START
2019-06-06 18:58:21.661 559 INFO rally.task.runner [-] Task 7de257b7-71ff-4b32-8172-cd8920daff25 | ITER: 4 END: OK
2019-06-06 18:58:21.665 559 INFO rally.task.runner [-] Task 7de257b7-71ff-4b32-8172-cd8920daff25 | ITER: 7 START
2019-06-06 18:58:21.713 558 INFO rally.task.runner [-] Task 7de257b7-71ff-4b32-8172-cd8920daff25 | ITER: 3 END: OK
2019-06-06 18:58:21.717 558 INFO rally.task.runner [-] Task 7de257b7-71ff-4b32-8172-cd8920daff25 | ITER: 8 START
2019-06-06 18:58:22.503 556 INFO rally.task.runner [-] Task 7de257b7-71ff-4b32-8172-cd8920daff25 | ITER: 5 END: OK
2019-06-06 18:58:22.507 556 INFO rally.task.runner [-] Task 7de257b7-71ff-4b32-8172-cd8920daff25 | ITER: 9 START
2019-06-06 18:58:22.744 557 INFO rally.task.runner [-] Task 7de257b7-71ff-4b32-8172-cd8920daff25 | ITER: 6 END: OK
2019-06-06 18:58:22.748 557 INFO rally.task.runner [-] Task 7de257b7-71ff-4b32-8172-cd8920daff25 | ITER: 10 START
2019-06-06 18:58:22.794 559 INFO rally.task.runner [-] Task 7de257b7-71ff-4b32-8172-cd8920daff25 | ITER: 7 END: OK
2019-06-06 18:58:22.899 558 INFO rally.task.runner [-] Task 7de257b7-71ff-4b32-8172-cd8920daff25 | ITER: 8 END: OK
2019-06-06 18:58:23.652 556 INFO rally.task.runner [-] Task 7de257b7-71ff-4b32-8172-cd8920daff25 | ITER: 9 END: OK
2019-06-06 18:58:24.115 557 INFO rally.task.runner [-] Task 7de257b7-71ff-4b32-8172-cd8920daff25 | ITER: 10 END: OK
2019-06-06 18:58:24.143 16 INFO rally.task.context [-] Task 7de257b7-71ff-4b32-8172-cd8920daff25 | Context users@openstack cleanup() started
2019-06-06 18:58:31.879 16 INFO rally.task.context [-] Task 7de257b7-71ff-4b32-8172-cd8920daff25 | Context users@openstack cleanup() finished in 7.74 sec
2019-06-06 18:58:33.685 16 INFO rally.task.engine [-] Load duration is: 3.689237
2019-06-06 18:58:33.686 16 INFO rally.task.engine [-] Full runner duration is: 3.738712
2019-06-06 18:58:33.686 16 INFO rally.task.engine [-] Full duration is: 16.295819
2019-06-06 18:58:33.960 16 INFO rally.task.engine [-] Running workload: position = 0 config = { "version": 2, "title": "A cropped version of a bigger task.", "description": "Auto-generated task from a single workload (uuid=f7bf95a7-80c5-4768-87fd-83f2298751b8)", "subtasks": [ { "title": "Authenticate.validate_nova", "description": "Check Nova Client to ensure validation of token.", "scenario": { "Authenticate.validate_nova": { "repetitions": 2 } }, "contexts": { "users": { "tenants": 3, "users_per_tenant": 2 } }, "runner": { "constant": { "concurrency": 4, "times": 10 } }, "hooks": [], "sla": { "failure_rate": { "max": 0 } } } ] }
2019-06-06 18:58:33.982 16 RALLYDEBUG rally_openstack.contexts.keystone.users [-] Creating 3 tenants using 20 threads
2019-06-06 18:58:35.871 16 RALLYDEBUG rally_openstack.contexts.keystone.users [-] Creating 6 users using 20 threads
2019-06-06 18:58:38.732 16 INFO rally.task.context [-] Task 7de257b7-71ff-4b32-8172-cd8920daff25 | Context users@openstack setup() finished in 4.75 sec
2019-06-06 18:58:38.740 16 RALLYDEBUG rally.task.runner [-] Starting the constant runner (task UUID: 7de257b7-71ff-4b32-8172-cd8920daff25). timeout: 0 concurrency: 4 concurrency_per_worker: 1 times: 10 concurrency_overhead: 0 processes_to_start: 4 max_cpu_used: 16
2019-06-06 18:58:38.750 660 RALLYDEBUG rally.task.runner [-] Starting a worker. concurrency: 1 args: {"repetitions": 2} times: 10 method_name: run timeout: 0 duration: None cls:
2019-06-06 18:58:38.755 660 INFO rally.task.runner [-] Task 7de257b7-71ff-4b32-8172-cd8920daff25 | ITER: 1 START
2019-06-06 18:58:38.754 661 RALLYDEBUG rally.task.runner [-] Starting a worker. concurrency: 1 args: {"repetitions": 2} times: 10 method_name: run timeout: 0 duration: None cls:
2019-06-06 18:58:38.757 662 RALLYDEBUG rally.task.runner [-] Starting a worker. concurrency: 1 args: {"repetitions": 2} times: 10 method_name: run timeout: 0 duration: None cls:
2019-06-06 18:58:38.760 661 INFO rally.task.runner [-] Task 7de257b7-71ff-4b32-8172-cd8920daff25 | ITER: 2 START
2019-06-06 18:58:38.761 665 RALLYDEBUG rally.task.runner [-] Starting a worker. concurrency: 1 args: {"repetitions": 2} times: 10 method_name: run timeout: 0 duration: None cls:
2019-06-06 18:58:38.764 662 INFO rally.task.runner [-] Task 7de257b7-71ff-4b32-8172-cd8920daff25 | ITER: 3 START
2019-06-06 18:58:38.767 665 INFO rally.task.runner [-] Task 7de257b7-71ff-4b32-8172-cd8920daff25 | ITER: 4 START
2019-06-06 18:58:39.247 660 DEBUG novaclient.v2.client [-] REQ: curl -g -i -X GET http://172.30.9.35:8774/v2.1/flavors/detail -H "Accept: application/json" -H "User-Agent: python-novaclient" -H "X-Auth-Token: {SHA1}1223899985705ea2d5845379862508a64826a114" _http_log_request /usr/lib/python2.7/site-packages/keystoneauth1/session.py:448
2019-06-06 18:58:39.248 661 DEBUG novaclient.v2.client [-] REQ: curl -g -i -X GET http://172.30.9.35:8774/v2.1/flavors/detail -H "Accept: application/json" -H "User-Agent: python-novaclient" -H "X-Auth-Token: {SHA1}48d7a9c44e961dbf7b4406c6b91d515387d5f4c7" _http_log_request /usr/lib/python2.7/site-packages/keystoneauth1/session.py:448
2019-06-06 18:58:39.256 665 DEBUG novaclient.v2.client [-] REQ: curl -g -i -X GET http://172.30.9.35:8774/v2.1/flavors/detail -H "Accept: application/json" -H "User-Agent: python-novaclient" -H "X-Auth-Token: {SHA1}300d9d48b48d0f83c484847d0764508dacdf3ed4" _http_log_request /usr/lib/python2.7/site-packages/keystoneauth1/session.py:448
2019-06-06 18:58:39.263 662 DEBUG novaclient.v2.client [-] REQ: curl -g -i -X GET http://172.30.9.35:8774/v2.1/flavors/detail -H "Accept: application/json" -H "User-Agent: python-novaclient" -H "X-Auth-Token: {SHA1}40b05e5c666b2c1923dcefcbfcb2811aa568ae66" _http_log_request /usr/lib/python2.7/site-packages/keystoneauth1/session.py:448
2019-06-06 18:58:39.536 665 DEBUG novaclient.v2.client [-] RESP: [200] Content-Encoding: gzip Content-Length: 364 Content-Type: application/json Date: Thu, 06 Jun 2019 18:58:39 GMT OpenStack-API-Version: compute 2.1 Server: Apache Vary: OpenStack-API-Version,X-OpenStack-Nova-API-Version,Accept-Encoding X-OpenStack-Nova-API-Version: 2.1 x-compute-request-id: req-e3aab0f6-2963-4213-b900-fa3853ecd612 x-openstack-request-id: req-e3aab0f6-2963-4213-b900-fa3853ecd612 _http_log_response /usr/lib/python2.7/site-packages/keystoneauth1/session.py:479
2019-06-06 18:58:39.537 665 DEBUG novaclient.v2.client [-] RESP BODY: {"flavors": [{"name": "rally_full-flavor_alt_9f399e4d-c8ee-4635-a21e-38e0033fc541", "links": [{"href": "http://172.30.9.35:8774/v2.1/flavors/143b3cfe-c680-440d-a0e7-63bdfbd1e9ac", "rel": "self"}, {"href": "http://172.30.9.35:8774/flavors/143b3cfe-c680-440d-a0e7-63bdfbd1e9ac", "rel": "bookmark"}], "ram": 1024, "OS-FLV-DISABLED:disabled": false, "vcpus": 1, "swap": "", "os-flavor-access:is_public": true, "rxtx_factor": 1.0, "OS-FLV-EXT-DATA:ephemeral": 0, "disk": 1, "id": "143b3cfe-c680-440d-a0e7-63bdfbd1e9ac"}, {"name": "rally_full-flavor_9f399e4d-c8ee-4635-a21e-38e0033fc541", "links": [{"href": "http://172.30.9.35:8774/v2.1/flavors/1f1718e8-197a-485c-9196-f3c2f8299282", "rel": "self"}, {"href": "http://172.30.9.35:8774/flavors/1f1718e8-197a-485c-9196-f3c2f8299282", "rel": "bookmark"}], "ram": 512, "OS-FLV-DISABLED:disabled": false, "vcpus": 1, "swap": "", "os-flavor-access:is_public": true, "rxtx_factor": 1.0, "OS-FLV-EXT-DATA:ephemeral": 0, "disk": 1, "id": "1f1718e8-197a-485c-9196-f3c2f8299282"}]} _http_log_response /usr/lib/python2.7/site-packages/keystoneauth1/session.py:511
2019-06-06 18:58:39.537 665 DEBUG novaclient.v2.client [-] GET call to compute for http://172.30.9.35:8774/v2.1/flavors/detail used request id req-e3aab0f6-2963-4213-b900-fa3853ecd612 request /usr/lib/python2.7/site-packages/keystoneauth1/session.py:844
2019-06-06 18:58:39.539 660 DEBUG novaclient.v2.client [-] RESP: [200] Content-Encoding: gzip Content-Length: 364 Content-Type: application/json Date: Thu, 06 Jun 2019 18:58:39 GMT OpenStack-API-Version: compute 2.1 Server: Apache Vary: OpenStack-API-Version,X-OpenStack-Nova-API-Version,Accept-Encoding X-OpenStack-Nova-API-Version: 2.1 x-compute-request-id: req-cc340928-96d4-4631-9fe6-5781b554b5cf x-openstack-request-id: req-cc340928-96d4-4631-9fe6-5781b554b5cf _http_log_response /usr/lib/python2.7/site-packages/keystoneauth1/session.py:479
2019-06-06 18:58:39.539 665 DEBUG novaclient.v2.client [-] REQ: curl -g -i -X GET http://172.30.9.35:8774/v2.1/flavors/detail -H "Accept: application/json" -H "User-Agent: python-novaclient" -H "X-Auth-Token: {SHA1}300d9d48b48d0f83c484847d0764508dacdf3ed4" _http_log_request /usr/lib/python2.7/site-packages/keystoneauth1/session.py:448
2019-06-06 18:58:39.540 660 DEBUG novaclient.v2.client [-] RESP BODY: {"flavors": [{"name": "rally_full-flavor_alt_9f399e4d-c8ee-4635-a21e-38e0033fc541", "links": [{"href": "http://172.30.9.35:8774/v2.1/flavors/143b3cfe-c680-440d-a0e7-63bdfbd1e9ac", "rel": "self"}, {"href": "http://172.30.9.35:8774/flavors/143b3cfe-c680-440d-a0e7-63bdfbd1e9ac", "rel": "bookmark"}], "ram": 1024, "OS-FLV-DISABLED:disabled": false, "vcpus": 1, "swap": "", "os-flavor-access:is_public": true, "rxtx_factor": 1.0, "OS-FLV-EXT-DATA:ephemeral": 0, "disk": 1, "id": "143b3cfe-c680-440d-a0e7-63bdfbd1e9ac"}, {"name": "rally_full-flavor_9f399e4d-c8ee-4635-a21e-38e0033fc541", "links": [{"href": "http://172.30.9.35:8774/v2.1/flavors/1f1718e8-197a-485c-9196-f3c2f8299282", "rel": "self"}, {"href": "http://172.30.9.35:8774/flavors/1f1718e8-197a-485c-9196-f3c2f8299282", "rel": "bookmark"}], "ram": 512, "OS-FLV-DISABLED:disabled": false, "vcpus": 1, "swap": "", "os-flavor-access:is_public": true, "rxtx_factor": 1.0, "OS-FLV-EXT-DATA:ephemeral": 0, "disk": 1, "id": "1f1718e8-197a-485c-9196-f3c2f8299282"}]} _http_log_response /usr/lib/python2.7/site-packages/keystoneauth1/session.py:511
2019-06-06 18:58:39.540 660 DEBUG novaclient.v2.client [-] GET call to compute for http://172.30.9.35:8774/v2.1/flavors/detail used request id req-cc340928-96d4-4631-9fe6-5781b554b5cf request /usr/lib/python2.7/site-packages/keystoneauth1/session.py:844
2019-06-06 18:58:39.542 660 DEBUG novaclient.v2.client [-] REQ: curl -g -i -X GET http://172.30.9.35:8774/v2.1/flavors/detail -H "Accept: application/json" -H "User-Agent: python-novaclient" -H "X-Auth-Token: {SHA1}1223899985705ea2d5845379862508a64826a114" _http_log_request /usr/lib/python2.7/site-packages/keystoneauth1/session.py:448
2019-06-06 18:58:39.559 661 DEBUG novaclient.v2.client [-] RESP: [200] Content-Encoding: gzip Content-Length: 364 Content-Type: application/json Date: Thu, 06 Jun 2019 18:58:39 GMT OpenStack-API-Version: compute 2.1 Server: Apache Vary: OpenStack-API-Version,X-OpenStack-Nova-API-Version,Accept-Encoding X-OpenStack-Nova-API-Version: 2.1 x-compute-request-id: req-a908be64-4955-4838-a9aa-43cd94569ebb x-openstack-request-id: req-a908be64-4955-4838-a9aa-43cd94569ebb _http_log_response /usr/lib/python2.7/site-packages/keystoneauth1/session.py:479
2019-06-06 18:58:39.560 661 DEBUG novaclient.v2.client [-] RESP BODY: {"flavors": [{"name": "rally_full-flavor_alt_9f399e4d-c8ee-4635-a21e-38e0033fc541", "links": [{"href": "http://172.30.9.35:8774/v2.1/flavors/143b3cfe-c680-440d-a0e7-63bdfbd1e9ac", "rel": "self"}, {"href": "http://172.30.9.35:8774/flavors/143b3cfe-c680-440d-a0e7-63bdfbd1e9ac", "rel": "bookmark"}], "ram": 1024, "OS-FLV-DISABLED:disabled": false, "vcpus": 1, "swap": "", "os-flavor-access:is_public": true, "rxtx_factor": 1.0, "OS-FLV-EXT-DATA:ephemeral": 0, "disk": 1, "id": "143b3cfe-c680-440d-a0e7-63bdfbd1e9ac"}, {"name": "rally_full-flavor_9f399e4d-c8ee-4635-a21e-38e0033fc541", "links": [{"href": "http://172.30.9.35:8774/v2.1/flavors/1f1718e8-197a-485c-9196-f3c2f8299282", "rel": "self"}, {"href": "http://172.30.9.35:8774/flavors/1f1718e8-197a-485c-9196-f3c2f8299282", "rel": "bookmark"}], "ram": 512, "OS-FLV-DISABLED:disabled": false, "vcpus": 1, "swap": "", "os-flavor-access:is_public": true, "rxtx_factor": 1.0, "OS-FLV-EXT-DATA:ephemeral": 0, "disk": 1, "id": "1f1718e8-197a-485c-9196-f3c2f8299282"}]} _http_log_response /usr/lib/python2.7/site-packages/keystoneauth1/session.py:511
2019-06-06 18:58:39.560 661 DEBUG novaclient.v2.client [-] GET call to compute for http://172.30.9.35:8774/v2.1/flavors/detail used request id req-a908be64-4955-4838-a9aa-43cd94569ebb request /usr/lib/python2.7/site-packages/keystoneauth1/session.py:844
2019-06-06 18:58:39.562 661 DEBUG novaclient.v2.client [-] REQ: curl -g -i -X GET http://172.30.9.35:8774/v2.1/flavors/detail -H "Accept: application/json" -H "User-Agent: python-novaclient" -H "X-Auth-Token: {SHA1}48d7a9c44e961dbf7b4406c6b91d515387d5f4c7" _http_log_request /usr/lib/python2.7/site-packages/keystoneauth1/session.py:448
2019-06-06 18:58:39.563 660 DEBUG novaclient.v2.client [-] RESP: [200] Content-Encoding: gzip Content-Length: 364 Content-Type: application/json Date: Thu, 06 Jun 2019 18:58:39 GMT OpenStack-API-Version: compute 2.1 Server: Apache Vary: OpenStack-API-Version,X-OpenStack-Nova-API-Version,Accept-Encoding X-OpenStack-Nova-API-Version: 2.1 x-compute-request-id: req-7f1e1d85-8ca7-4b03-bff6-4a4f679cbda5 x-openstack-request-id: req-7f1e1d85-8ca7-4b03-bff6-4a4f679cbda5 _http_log_response /usr/lib/python2.7/site-packages/keystoneauth1/session.py:479
2019-06-06 18:58:39.564 660 DEBUG novaclient.v2.client [-] RESP BODY: {"flavors": [{"name": "rally_full-flavor_alt_9f399e4d-c8ee-4635-a21e-38e0033fc541", "links": [{"href": "http://172.30.9.35:8774/v2.1/flavors/143b3cfe-c680-440d-a0e7-63bdfbd1e9ac", "rel": "self"}, {"href": "http://172.30.9.35:8774/flavors/143b3cfe-c680-440d-a0e7-63bdfbd1e9ac", "rel": "bookmark"}], "ram": 1024, "OS-FLV-DISABLED:disabled": false, "vcpus": 1, "swap": "", "os-flavor-access:is_public": true, "rxtx_factor": 1.0, "OS-FLV-EXT-DATA:ephemeral": 0, "disk": 1, "id": "143b3cfe-c680-440d-a0e7-63bdfbd1e9ac"}, {"name": "rally_full-flavor_9f399e4d-c8ee-4635-a21e-38e0033fc541", "links": [{"href": "http://172.30.9.35:8774/v2.1/flavors/1f1718e8-197a-485c-9196-f3c2f8299282", "rel": "self"}, {"href": "http://172.30.9.35:8774/flavors/1f1718e8-197a-485c-9196-f3c2f8299282", "rel": "bookmark"}], "ram": 512, "OS-FLV-DISABLED:disabled": false, "vcpus": 1, "swap": "", "os-flavor-access:is_public": true, "rxtx_factor": 1.0, "OS-FLV-EXT-DATA:ephemeral": 0, "disk": 1, "id": "1f1718e8-197a-485c-9196-f3c2f8299282"}]} _http_log_response /usr/lib/python2.7/site-packages/keystoneauth1/session.py:511
2019-06-06 18:58:39.564 660 DEBUG novaclient.v2.client [-] GET call to compute for http://172.30.9.35:8774/v2.1/flavors/detail used request id req-7f1e1d85-8ca7-4b03-bff6-4a4f679cbda5 request /usr/lib/python2.7/site-packages/keystoneauth1/session.py:844
2019-06-06 18:58:39.565 660 INFO rally.task.runner [-] Task 7de257b7-71ff-4b32-8172-cd8920daff25 | ITER: 1 END: OK
2019-06-06 18:58:39.567 665 DEBUG novaclient.v2.client [-] RESP: [200] Content-Encoding: gzip Content-Length: 364 Content-Type: application/json Date: Thu, 06 Jun 2019 18:58:39 GMT OpenStack-API-Version: compute 2.1 Server: Apache Vary: OpenStack-API-Version,X-OpenStack-Nova-API-Version,Accept-Encoding X-OpenStack-Nova-API-Version: 2.1 x-compute-request-id: req-65313637-e8cc-4042-847d-8fb3b6cbdeb9 x-openstack-request-id: req-65313637-e8cc-4042-847d-8fb3b6cbdeb9 _http_log_response /usr/lib/python2.7/site-packages/keystoneauth1/session.py:479
2019-06-06 18:58:39.567 665 DEBUG novaclient.v2.client [-] RESP BODY: {"flavors": [{"name": "rally_full-flavor_alt_9f399e4d-c8ee-4635-a21e-38e0033fc541", "links": [{"href": "http://172.30.9.35:8774/v2.1/flavors/143b3cfe-c680-440d-a0e7-63bdfbd1e9ac", "rel": "self"}, {"href": "http://172.30.9.35:8774/flavors/143b3cfe-c680-440d-a0e7-63bdfbd1e9ac", "rel": "bookmark"}], "ram": 1024, "OS-FLV-DISABLED:disabled": false, "vcpus": 1, "swap": "", "os-flavor-access:is_public": true, "rxtx_factor": 1.0, "OS-FLV-EXT-DATA:ephemeral": 0, "disk": 1, "id": "143b3cfe-c680-440d-a0e7-63bdfbd1e9ac"}, {"name": "rally_full-flavor_9f399e4d-c8ee-4635-a21e-38e0033fc541", "links": [{"href": "http://172.30.9.35:8774/v2.1/flavors/1f1718e8-197a-485c-9196-f3c2f8299282", "rel": "self"}, {"href": "http://172.30.9.35:8774/flavors/1f1718e8-197a-485c-9196-f3c2f8299282", "rel": "bookmark"}], "ram": 512, "OS-FLV-DISABLED:disabled": false, "vcpus": 1, "swap": "", "os-flavor-access:is_public": true, "rxtx_factor": 1.0, "OS-FLV-EXT-DATA:ephemeral": 0, "disk": 1, "id": "1f1718e8-197a-485c-9196-f3c2f8299282"}]} _http_log_response /usr/lib/python2.7/site-packages/keystoneauth1/session.py:511
2019-06-06 18:58:39.568 665 DEBUG novaclient.v2.client [-] GET call to compute for http://172.30.9.35:8774/v2.1/flavors/detail used request id req-65313637-e8cc-4042-847d-8fb3b6cbdeb9 request /usr/lib/python2.7/site-packages/keystoneauth1/session.py:844
2019-06-06 18:58:39.568 665 INFO rally.task.runner [-] Task 7de257b7-71ff-4b32-8172-cd8920daff25 | ITER: 4 END: OK
2019-06-06 18:58:39.569 660 INFO rally.task.runner [-] Task 7de257b7-71ff-4b32-8172-cd8920daff25 | ITER: 5 START
2019-06-06 18:58:39.572 665 INFO rally.task.runner [-] Task 7de257b7-71ff-4b32-8172-cd8920daff25 | ITER: 6 START
2019-06-06 18:58:39.590 661 DEBUG novaclient.v2.client [-] RESP: [200] Content-Encoding: gzip Content-Length: 364 Content-Type: application/json Date: Thu, 06 Jun 2019 18:58:39 GMT OpenStack-API-Version: compute 2.1 Server: Apache Vary: OpenStack-API-Version,X-OpenStack-Nova-API-Version,Accept-Encoding X-OpenStack-Nova-API-Version: 2.1 x-compute-request-id: req-687d1487-c045-4edd-9662-99508515ffa6 x-openstack-request-id: req-687d1487-c045-4edd-9662-99508515ffa6 _http_log_response /usr/lib/python2.7/site-packages/keystoneauth1/session.py:479
2019-06-06 18:58:39.590 661 DEBUG novaclient.v2.client [-] RESP BODY: {"flavors": [{"name": "rally_full-flavor_alt_9f399e4d-c8ee-4635-a21e-38e0033fc541", "links": [{"href": "http://172.30.9.35:8774/v2.1/flavors/143b3cfe-c680-440d-a0e7-63bdfbd1e9ac", "rel": "self"}, {"href": "http://172.30.9.35:8774/flavors/143b3cfe-c680-440d-a0e7-63bdfbd1e9ac", "rel": "bookmark"}], "ram": 1024, "OS-FLV-DISABLED:disabled": false, "vcpus": 1, "swap": "", "os-flavor-access:is_public": true, "rxtx_factor": 1.0, "OS-FLV-EXT-DATA:ephemeral": 0, "disk": 1, "id": "143b3cfe-c680-440d-a0e7-63bdfbd1e9ac"}, {"name": "rally_full-flavor_9f399e4d-c8ee-4635-a21e-38e0033fc541", "links": [{"href": "http://172.30.9.35:8774/v2.1/flavors/1f1718e8-197a-485c-9196-f3c2f8299282", "rel": "self"}, {"href": "http://172.30.9.35:8774/flavors/1f1718e8-197a-485c-9196-f3c2f8299282", "rel": "bookmark"}], "ram": 512, "OS-FLV-DISABLED:disabled": false, "vcpus": 1, "swap": "", "os-flavor-access:is_public": true, "rxtx_factor": 1.0, "OS-FLV-EXT-DATA:ephemeral": 0, "disk": 1, "id": "1f1718e8-197a-485c-9196-f3c2f8299282"}]} _http_log_response /usr/lib/python2.7/site-packages/keystoneauth1/session.py:511
2019-06-06 18:58:39.591 661 DEBUG novaclient.v2.client [-] GET call to compute for http://172.30.9.35:8774/v2.1/flavors/detail used request id req-687d1487-c045-4edd-9662-99508515ffa6 request /usr/lib/python2.7/site-packages/keystoneauth1/session.py:844
2019-06-06 18:58:39.592 661 INFO rally.task.runner [-] Task 7de257b7-71ff-4b32-8172-cd8920daff25 | ITER: 2 END: OK
2019-06-06 18:58:39.593 662 DEBUG novaclient.v2.client [-] RESP: [200] Content-Encoding: gzip Content-Length: 364 Content-Type: application/json Date: Thu, 06 Jun 2019 18:58:39 GMT OpenStack-API-Version: compute 2.1 Server: Apache Vary: OpenStack-API-Version,X-OpenStack-Nova-API-Version,Accept-Encoding X-OpenStack-Nova-API-Version: 2.1 x-compute-request-id: req-8534d0d9-26c3-4b7e-8acc-459f815d97d1 x-openstack-request-id: req-8534d0d9-26c3-4b7e-8acc-459f815d97d1 _http_log_response /usr/lib/python2.7/site-packages/keystoneauth1/session.py:479
2019-06-06 18:58:39.594 662 DEBUG novaclient.v2.client [-] RESP BODY: {"flavors": [{"name": "rally_full-flavor_alt_9f399e4d-c8ee-4635-a21e-38e0033fc541", "links": [{"href": "http://172.30.9.35:8774/v2.1/flavors/143b3cfe-c680-440d-a0e7-63bdfbd1e9ac", "rel": "self"}, {"href": "http://172.30.9.35:8774/flavors/143b3cfe-c680-440d-a0e7-63bdfbd1e9ac", "rel": "bookmark"}], "ram": 1024, "OS-FLV-DISABLED:disabled": false, "vcpus": 1, "swap": "", "os-flavor-access:is_public": true, "rxtx_factor": 1.0, "OS-FLV-EXT-DATA:ephemeral": 0, "disk": 1, "id": "143b3cfe-c680-440d-a0e7-63bdfbd1e9ac"}, {"name": "rally_full-flavor_9f399e4d-c8ee-4635-a21e-38e0033fc541", "links": [{"href": "http://172.30.9.35:8774/v2.1/flavors/1f1718e8-197a-485c-9196-f3c2f8299282", "rel": "self"}, {"href": "http://172.30.9.35:8774/flavors/1f1718e8-197a-485c-9196-f3c2f8299282", "rel": "bookmark"}], "ram": 512, "OS-FLV-DISABLED:disabled": false, "vcpus": 1, "swap": "", "os-flavor-access:is_public": true, "rxtx_factor": 1.0, "OS-FLV-EXT-DATA:ephemeral": 0, "disk": 1, "id": "1f1718e8-197a-485c-9196-f3c2f8299282"}]} _http_log_response /usr/lib/python2.7/site-packages/keystoneauth1/session.py:511
2019-06-06 18:58:39.595 662 DEBUG novaclient.v2.client [-] GET call to compute for http://172.30.9.35:8774/v2.1/flavors/detail used request id req-8534d0d9-26c3-4b7e-8acc-459f815d97d1 request /usr/lib/python2.7/site-packages/keystoneauth1/session.py:844
2019-06-06 18:58:39.596 661 INFO rally.task.runner [-] Task 7de257b7-71ff-4b32-8172-cd8920daff25 | ITER: 7 START
