2019-06-06 09:42:20.043 22705 RALLYDEBUG rally_openstack.cleanup.manager [-] Deleting neutron.port object s_rally_7b5ef3fa_BcXnU1Xf (dd0773db-4038-44f1-81d6-5514b497b7df)
2019-06-06 09:42:21.116 22705 RALLYDEBUG rally_openstack.cleanup.manager [-] Deleting neutron.port object s_rally_7b5ef3fa_iphCUwCm (dd07fcec-a9d3-46a8-9128-a1d45892b61e)
2019-06-06 09:42:21.433 22705 RALLYDEBUG rally_openstack.cleanup.manager [-] Deleting neutron.port object s_rally_7b5ef3fa_YP5HBjzs (ddce5ea8-36e0-474c-948b-6939c69185ad)
2019-06-06 09:42:21.491 22705 RALLYDEBUG rally_openstack.cleanup.manager [-] Deleting neutron.port object s_rally_7b5ef3fa_qsET70eH (de2d8c54-1f8d-44db-a37e-05cba9c785ce)
2019-06-06 09:42:21.513 22705 RALLYDEBUG rally_openstack.cleanup.manager [-] Deleting neutron.port object s_rally_7b5ef3fa_4ovM9qKV (de859a8a-774d-4081-b72e-574d743ec4b7)
2019-06-06 09:42:21.539 22705 RALLYDEBUG rally_openstack.cleanup.manager [-] Deleting neutron.port object s_rally_7b5ef3fa_kTRS9quH (e0bc9b9e-7183-4bc3-94df-f4d7d0c30405)
2019-06-06 09:42:21.626 22705 RALLYDEBUG rally_openstack.cleanup.manager [-] Deleting neutron.port object s_rally_7b5ef3fa_EzzkLzRS (e0f3b749-3ecf-4e4c-8e1c-e887a4fc0353)
2019-06-06 09:42:21.654 22705 RALLYDEBUG rally_openstack.cleanup.manager [-] Deleting neutron.port object s_rally_7b5ef3fa_8aS9WE2t (e15ec903-7420-4102-98b8-a336332cafda)
2019-06-06 09:42:21.885 22705 RALLYDEBUG rally_openstack.cleanup.manager [-] Deleting neutron.port object s_rally_7b5ef3fa_wN7QS65h (e28d7f79-9190-4bc5-94c9-01d7791a9992)
2019-06-06 09:42:22.174 22705 RALLYDEBUG rally_openstack.cleanup.manager [-] Deleting neutron.port object s_rally_7b5ef3fa_qqH92sAH (e2f7a330-0214-424b-a11a-e4fd6479eb0f)
2019-06-06 09:42:22.353 22705 RALLYDEBUG rally_openstack.cleanup.manager [-] Deleting neutron.port object s_rally_7b5ef3fa_swCxI1Af (e3866c83-f06f-4cd0-85d0-1924d0b222f0)
2019-06-06 09:42:22.440 22705 RALLYDEBUG rally_openstack.cleanup.manager [-] Deleting neutron.port object s_rally_7b5ef3fa_7432fqbv (e5103c8d-5c5a-4994-af6c-7a5aa789e45c)
2019-06-06 09:42:22.443 22705 RALLYDEBUG rally_openstack.cleanup.manager [-] Deleting neutron.port object s_rally_7b5ef3fa_LJEhOk98 (e4d32814-f6b9-42a5-9ff5-907c6a5ba8c5)
2019-06-06 09:42:22.453 22705 RALLYDEBUG rally_openstack.cleanup.manager [-] Deleting neutron.port object s_rally_7b5ef3fa_Y3p7K9BC (e5599b2f-61ef-4b96-a6d8-589cafdcf32f)
2019-06-06 09:42:22.536 22705 RALLYDEBUG rally_openstack.cleanup.manager [-] Deleting neutron.port object s_rally_7b5ef3fa_APTuVS25 (e5e583f8-be67-41a1-aab6-2bed0362f59c)
2019-06-06 09:42:22.556 22705 RALLYDEBUG rally_openstack.cleanup.manager [-] Deleting neutron.port object s_rally_7b5ef3fa_lCPiL3tq (e7c5bc2d-44b2-4b7a-a6fb-0d56ef67b532)
2019-06-06 09:42:22.586 22705 RALLYDEBUG rally_openstack.cleanup.manager [-] Deleting neutron.port object s_rally_7b5ef3fa_ZPnq39xA (e8314a64-bddf-4697-9597-013818aa797b)
2019-06-06 09:42:22.598 22705 RALLYDEBUG rally_openstack.cleanup.manager [-] Deleting neutron.port object s_rally_7b5ef3fa_CdynemI4 (e8853d6b-702c-4163-bc6e-6d5ef5d70773)
2019-06-06 09:42:22.790 22705 RALLYDEBUG rally_openstack.cleanup.manager [-] Deleting neutron.port object s_rally_7b5ef3fa_oqSG7qdF (e9c7932c-25bc-459b-a112-66dca09fa164)
2019-06-06 09:42:23.137 22705 RALLYDEBUG rally_openstack.cleanup.manager [-] Deleting neutron.port object s_rally_7b5ef3fa_ovffeP9N (e9f3695b-9561-48ce-bbe3-037a6be171fe)
2019-06-06 09:42:23.147 22705 RALLYDEBUG rally_openstack.cleanup.manager [-] Deleting neutron.port object s_rally_7b5ef3fa_mSQtHvUq (ea21f5e2-244c-4fd9-9dbe-6f865a80d840)
2019-06-06 09:42:23.408 22705 RALLYDEBUG rally_openstack.cleanup.manager [-] Deleting neutron.port object s_rally_7b5ef3fa_Poo388Dp (ea87dcc8-fa8a-44f1-a452-c5b811accb6e)
2019-06-06 09:42:24.022 22705 RALLYDEBUG rally_openstack.cleanup.manager [-] Deleting neutron.port object s_rally_7b5ef3fa_xkCg6OR5 (eab107b6-7026-4406-8fe0-196e500a5313)
2019-06-06 09:42:24.026 22705 RALLYDEBUG rally_openstack.cleanup.manager [-] Deleting neutron.port object s_rally_7b5ef3fa_hnQyW564 (eb4ea2dc-2015-4603-ad3d-cc6ba287d818)
2019-06-06 09:42:24.039 22705 RALLYDEBUG rally_openstack.cleanup.manager [-] Deleting neutron.port object s_rally_7b5ef3fa_uagpgzcz (eb9f7f77-6a4c-4980-8aeb-3fb1fccb813d)
2019-06-06 09:42:24.040 22705 RALLYDEBUG rally_openstack.cleanup.manager [-] Deleting neutron.port object s_rally_7b5ef3fa_7WwJXmj0 (eb7d319e-edc9-4179-b14f-92fc9cb54cfb)
2019-06-06 09:42:24.104 22705 RALLYDEBUG rally_openstack.cleanup.manager [-] Deleting neutron.port object s_rally_7b5ef3fa_OaL6zDq7 (ebad32bb-9c7d-4539-9dbe-aacd18eddc0d)
2019-06-06 09:42:24.151 22705 RALLYDEBUG rally_openstack.cleanup.manager [-] Deleting neutron.port object s_rally_7b5ef3fa_SWCDi05I (ece7dc96-f08f-4ff8-893f-339d0b03764e)
2019-06-06 09:42:24.698 22705 RALLYDEBUG rally_openstack.cleanup.manager [-] Deleting neutron.port object s_rally_7b5ef3fa_JjeodY33 (edf3586f-093b-4e37-90db-6746f61082cd)
2019-06-06 09:42:24.973 22705 RALLYDEBUG rally_openstack.cleanup.manager [-] Deleting neutron.port object s_rally_7b5ef3fa_Ht35ufec (ee465be8-0e59-4556-8fb0-b838ffd3473b)
2019-06-06 09:42:25.448 22705 RALLYDEBUG rally_openstack.cleanup.manager [-] Deleting neutron.port object s_rally_7b5ef3fa_rGsROMVJ (ee9a4d83-1d47-46c1-afe6-74fa78cb4c48)
2019-06-06 09:42:25.494 22705 RALLYDEBUG rally_openstack.cleanup.manager [-] Deleting neutron.port object s_rally_7b5ef3fa_130WzB6E (eee6dead-26a2-40b3-a2e3-987644c738d2)
2019-06-06 09:42:25.503 22705 RALLYDEBUG rally_openstack.cleanup.manager [-] Deleting neutron.port object s_rally_7b5ef3fa_csLxJnec (ef85fa0a-ee04-4a84-9c4e-9c4ceb1c97d1)
2019-06-06 09:42:25.888 22705 RALLYDEBUG rally_openstack.cleanup.manager [-] Deleting neutron.port object s_rally_7b5ef3fa_bK7ELuxr (f09eabed-b532-474c-b82e-0334263a4fd7)
2019-06-06 09:42:25.953 22705 RALLYDEBUG rally_openstack.cleanup.manager [-] Deleting neutron.port object s_rally_7b5ef3fa_nlealE4y (f1171432-6178-44d3-aa35-2f309fcc675d)
2019-06-06 09:42:26.006 22705 RALLYDEBUG rally_openstack.cleanup.manager [-] Deleting neutron.port object s_rally_7b5ef3fa_LroHs9oV (f282a6e5-4d5a-4d04-b138-bd350d5c27b2)
2019-06-06 09:42:26.161 22705 RALLYDEBUG rally_openstack.cleanup.manager [-] Deleting neutron.port object s_rally_7b5ef3fa_7QOjFkuQ (f32d2f22-4183-4542-8b07-0e8e288eea50)
2019-06-06 09:42:26.279 22705 RALLYDEBUG rally_openstack.cleanup.manager [-] Deleting neutron.port object s_rally_7b5ef3fa_eJR4Xmge (f37fa3c7-e323-473e-b086-0640339d7dea)
2019-06-06 09:42:26.283 22705 RALLYDEBUG rally_openstack.cleanup.manager [-] Deleting neutron.port object s_rally_7b5ef3fa_AcdNg8bF (f4cf68b8-e2ba-44e8-bb9f-ff463274ab3b)
2019-06-06 09:42:26.307 22705 RALLYDEBUG rally_openstack.cleanup.manager [-] Deleting neutron.port object s_rally_7b5ef3fa_ZR8xPsrq (f5ac6fa8-2249-42e0-a211-2bb8721dd4d0)
2019-06-06 09:42:26.435 22705 RALLYDEBUG rally_openstack.cleanup.manager [-] Deleting neutron.port object s_rally_7b5ef3fa_VYe5vjZi (f5b72f98-56a2-4eeb-9d78-d518fead53fe)
2019-06-06 09:42:26.617 22705 RALLYDEBUG rally_openstack.cleanup.manager [-] Deleting neutron.port object s_rally_7b5ef3fa_TV1xxIoJ (f60be80a-2f34-42b3-aef3-9a858be0bcd7)
2019-06-06 09:42:26.725 22705 RALLYDEBUG rally_openstack.cleanup.manager [-] Deleting neutron.port object s_rally_7b5ef3fa_xoSBocvI (f694cfc2-3f55-4515-9326-2f6a32618ecb)
2019-06-06 09:42:26.803 22705 RALLYDEBUG rally_openstack.cleanup.manager [-] Deleting neutron.port object s_rally_7b5ef3fa_lVIdKhiT (f753ca8a-9182-4f42-8516-2e620c6603a6)
2019-06-06 09:42:27.061 22705 RALLYDEBUG rally_openstack.cleanup.manager [-] Deleting neutron.port object s_rally_7b5ef3fa_0iqcOeU0 (f78e7f99-bdbe-43d7-9664-4f7d4a7f71d6)
2019-06-06 09:42:27.080 22705 RALLYDEBUG rally_openstack.cleanup.manager [-] Deleting neutron.port object s_rally_7b5ef3fa_2tKa07zb (f869aa10-18d8-4b32-b210-4de40a7b7685)
2019-06-06 09:42:27.241 22705 RALLYDEBUG rally_openstack.cleanup.manager [-] Deleting neutron.port object s_rally_7b5ef3fa_4S32Lc7l (f8802119-a06b-4c85-beec-fed72fd4ecb2)
2019-06-06 09:42:27.643 22705 RALLYDEBUG rally_openstack.cleanup.manager [-] Deleting neutron.port object s_rally_7b5ef3fa_I5LcoOWx (f9b83bd6-b19b-4c79-877f-cc1939a43bb0)
2019-06-06 09:42:27.646 22705 RALLYDEBUG rally_openstack.cleanup.manager [-] Deleting neutron.port object s_rally_7b5ef3fa_sRvLZWMk (f99a818f-e21e-4b8d-b879-92111c3560b7)
2019-06-06 09:42:28.089 22705 RALLYDEBUG rally_openstack.cleanup.manager [-] Deleting neutron.port object s_rally_7b5ef3fa_1ZFHThQo (f9ee08f6-852e-4c59-ab31-c5baf6999cd9)
2019-06-06 09:42:28.225 22705 RALLYDEBUG rally_openstack.cleanup.manager [-] Deleting neutron.port object s_rally_7b5ef3fa_NKt9vwU4 (fab7dbfe-2bf2-47e7-bcec-e1e74c17c2d6)
2019-06-06 09:42:28.356 22705 RALLYDEBUG rally_openstack.cleanup.manager [-] Deleting neutron.port object s_rally_7b5ef3fa_R8EaRf4T (fb565613-6417-4579-b1d2-291259a5d045)
2019-06-06 09:42:28.838 22705 RALLYDEBUG rally_openstack.cleanup.manager [-] Deleting neutron.port object s_rally_7b5ef3fa_s1sJpxoG (fc1c14c7-0ed2-4408-a761-f39f95214261)
2019-06-06 09:42:29.191 22705 RALLYDEBUG rally_openstack.cleanup.manager [-] Deleting neutron.port object s_rally_7b5ef3fa_zXdrBEoN (fc3af9f5-62e9-42f2-8e78-83376cc07a86)
2019-06-06 09:42:29.211 22705 RALLYDEBUG rally_openstack.cleanup.manager [-] Deleting neutron.port object s_rally_7b5ef3fa_vjA2dCeU (fc8fb38a-9be0-4aac-8074-5c55bfb94b8c)
2019-06-06 09:42:29.366 22705 RALLYDEBUG rally_openstack.cleanup.manager [-] Deleting neutron.port object s_rally_7b5ef3fa_ZhE36dK9 (fcb5bb96-dbde-4792-9f35-46d8990b8a7d)
2019-06-06 09:42:29.495 22705 RALLYDEBUG rally_openstack.cleanup.manager [-] Deleting neutron.port object s_rally_7b5ef3fa_mLXtpCzI (fcfb4d51-1603-49aa-afb7-0df6d7cf8404)
2019-06-06 09:42:29.505 22705 RALLYDEBUG rally_openstack.cleanup.manager [-] Deleting neutron.port object s_rally_7b5ef3fa_A6gn9zIE (fd19deb5-01eb-4e9c-aee2-e2106ddfedfb)
2019-06-06 09:42:29.553 22705 RALLYDEBUG rally_openstack.cleanup.manager [-] Deleting neutron.port object s_rally_7b5ef3fa_MFBXEy70 (fecce627-d3a4-4a98-bd3a-f69e1f5e5675)
2019-06-06 09:42:29.566 22705 RALLYDEBUG rally_openstack.cleanup.manager [-] Deleting neutron.port object s_rally_7b5ef3fa_RwW1vdEl (ff70011c-1ae5-48af-a4b5-7ed820e97414)
2019-06-06 09:42:32.684 22705 RALLYDEBUG rally_openstack.cleanup.manager [-] Cleaning up neutron subnet objects
2019-06-06 09:42:33.329 22705 RALLYDEBUG rally_openstack.cleanup.manager [-] Cleaning up neutron network objects
2019-06-06 09:42:34.035 22705 RALLYDEBUG rally_openstack.cleanup.manager [-] Deleting neutron.network object s_rally_7b5ef3fa_zJD7Accl (422e83ae-5c90-4030-ab36-84b3563cc97d)
2019-06-06 09:42:34.039 22705 RALLYDEBUG rally_openstack.cleanup.manager [-] Deleting neutron.network object s_rally_7b5ef3fa_Ntcqro6k (5455f4a3-1c25-4c59-98d9-67d921bd5b01)
2019-06-06 09:42:34.046 22705 RALLYDEBUG rally_openstack.cleanup.manager [-] Deleting neutron.network object s_rally_7b5ef3fa_5RQ3NF8c (5cf9233a-41a4-4029-81eb-64257b843d96)
2019-06-06 09:42:34.059 22705 RALLYDEBUG rally_openstack.cleanup.manager [-] Deleting neutron.network object s_rally_7b5ef3fa_lNAXs9bF (853349c5-3dc4-4299-9ca3-d1de386982ae)
2019-06-06 09:42:34.071 22705 RALLYDEBUG rally_openstack.cleanup.manager [-] Deleting neutron.network object s_rally_7b5ef3fa_V0kp8tZ6 (df98e379-ed88-4e3c-b9f1-f1b84797ba9a)
2019-06-06 09:42:34.072 22705 RALLYDEBUG rally_openstack.cleanup.manager [-] Deleting neutron.network object s_rally_7b5ef3fa_tpHXjrbz (e27b8a06-d603-4e0c-98c0-e52730a230b7)
2019-06-06 09:42:34.089 22705 RALLYDEBUG rally_openstack.cleanup.manager [-] Deleting neutron.network object s_rally_7b5ef3fa_XRNiN2J9 (fcc27169-a658-4d29-aff9-31c160a0a95a)
2019-06-06 09:42:34.091 22705 RALLYDEBUG rally_openstack.cleanup.manager [-] Deleting neutron.network object s_rally_7b5ef3fa_9trf42g1 (f51bbc73-08fb-45ed-bcc0-c49270a75356)
2019-06-06 09:42:38.279 22705 RALLYDEBUG rally_openstack.cleanup.manager [-] Cleaning up neutron router objects
2019-06-06 09:42:38.952 22705 RALLYDEBUG rally_openstack.cleanup.manager [-] Cleaning up neutron security_group objects
2019-06-06 09:42:39.637 22705 INFO rally.task.context [-] Task e7a54803-d05b-474e-b1fa-c0948ef3c5d3 | Context cleanup@openstack cleanup() finished in 1.32 min
2019-06-06 09:42:39.638 22705 INFO rally.task.context [-] Task e7a54803-d05b-474e-b1fa-c0948ef3c5d3 | Context quotas@openstack cleanup() started
2019-06-06 09:42:39.851 22705 INFO rally.task.context [-] Task e7a54803-d05b-474e-b1fa-c0948ef3c5d3 | Context quotas@openstack cleanup() finished in 0.21 sec
2019-06-06 09:42:39.852 22705 INFO rally.task.context [-] Task e7a54803-d05b-474e-b1fa-c0948ef3c5d3 | Context users@openstack cleanup() started
2019-06-06 09:42:44.300 22705 INFO rally.task.context [-] Task e7a54803-d05b-474e-b1fa-c0948ef3c5d3 | Context users@openstack cleanup() finished in 4.45 sec
2019-06-06 09:42:44.574 22705 INFO rally.task.engine [-] Load duration is: 106.073794
2019-06-06 09:42:44.575 22705 INFO rally.task.engine [-] Full runner duration is: 106.117991
2019-06-06 09:42:44.575 22705 INFO rally.task.engine [-] Full duration is: 196.409736
2019-06-06 09:42:44.797 22705 INFO rally.task.engine [-] Running workload: position = 1 config = { "version": 2, "title": "A cropped version of a bigger task.", "description": "Auto-generated task from a single workload (uuid=9076c682-d432-4d37-8427-2001ea656c42)", "subtasks": [ { "title": "NeutronNetworks.create_and_update_ports", "description": "Create and update a given number of ports.", "scenario": { "NeutronNetworks.create_and_update_ports": { "network_create_args": {}, "port_create_args": {}, "ports_per_network": 5, "port_update_args": { "admin_state_up": false, "device_id": "dummy_id", "device_owner": "dummy_owner", "name": "_port_updated" } } }, "contexts": { "users": { "tenants": 1, "users_per_tenant": 1 }, "quotas": { "neutron": { "network": -1, "port": -1 } } }, "runner": { "constant": { "times": 40, "concurrency": 20 } }, "hooks": [], "sla": { "failure_rate": { "max": 0 } } } ] }
2019-06-06 09:42:44.816 22705 RALLYDEBUG rally_openstack.contexts.keystone.users [-] Creating 1 tenants using 20 threads
2019-06-06 09:42:46.609 22705 RALLYDEBUG rally_openstack.contexts.keystone.users [-] Creating 1 users using 20 threads
2019-06-06 09:42:48.945 22705 INFO rally.task.context [-] Task e7a54803-d05b-474e-b1fa-c0948ef3c5d3 | Context users@openstack setup() finished in 4.13 sec
2019-06-06 09:42:49.676 22705 INFO rally.task.context [-] Task e7a54803-d05b-474e-b1fa-c0948ef3c5d3 | Context quotas@openstack setup() finished in 0.73 sec
2019-06-06 09:42:49.677 22705 INFO rally.task.context [-] Task e7a54803-d05b-474e-b1fa-c0948ef3c5d3 | Context cleanup@openstack setup() finished in 0.01 msec
2019-06-06 09:42:49.684 22705 RALLYDEBUG rally.task.runner [-] Starting the constant runner (task UUID: e7a54803-d05b-474e-b1fa-c0948ef3c5d3). timeout: 0 concurrency: 20 concurrency_per_worker: 1 times: 40 concurrency_overhead: 4 processes_to_start: 16 max_cpu_used: 16
2019-06-06 09:42:49.698 26581 RALLYDEBUG rally.task.runner [-] Starting a worker. concurrency: 2 args: {"network_create_args": {}, "port_create_args": {}, "ports_per_network": 5, "port_update_args": {"admin_state_up": false, "device_id": "dummy_id", "device_owner": "dummy_owner", "name": "_port_updated"}} times: 40 method_name: run timeout: 0 duration: None cls:
2019-06-06 09:42:49.701 26582 RALLYDEBUG rally.task.runner [-] Starting a worker. concurrency: 2 args: {"network_create_args": {}, "port_create_args": {}, "ports_per_network": 5, "port_update_args": {"admin_state_up": false, "device_id": "dummy_id", "device_owner": "dummy_owner", "name": "_port_updated"}} times: 40 method_name: run timeout: 0 duration: None cls:
2019-06-06 09:42:49.702 26583 RALLYDEBUG rally.task.runner [-] Starting a worker. concurrency: 2 args: {"network_create_args": {}, "port_create_args": {}, "ports_per_network": 5, "port_update_args": {"admin_state_up": false, "device_id": "dummy_id", "device_owner": "dummy_owner", "name": "_port_updated"}} times: 40 method_name: run timeout: 0 duration: None cls:
2019-06-06 09:42:49.706 26584 RALLYDEBUG rally.task.runner [-] Starting a worker. concurrency: 2 args: {"network_create_args": {}, "port_create_args": {}, "ports_per_network": 5, "port_update_args": {"admin_state_up": false, "device_id": "dummy_id", "device_owner": "dummy_owner", "name": "_port_updated"}} times: 40 method_name: run timeout: 0 duration: None cls:
2019-06-06 09:42:49.708 26581 INFO rally.task.runner [-] Task e7a54803-d05b-474e-b1fa-c0948ef3c5d3 | ITER: 1 START
2019-06-06 09:42:49.709 26581 WARNING rally_openstack.scenarios.neutron.utils [-] Running this scenario without either the 'network' or 'existing_network' context is deprecated
2019-06-06 09:42:49.709 26585 RALLYDEBUG rally.task.runner [-] Starting a worker. concurrency: 1 args: {"network_create_args": {}, "port_create_args": {}, "ports_per_network": 5, "port_update_args": {"admin_state_up": false, "device_id": "dummy_id", "device_owner": "dummy_owner", "name": "_port_updated"}} times: 40 method_name: run timeout: 0 duration: None cls:
2019-06-06 09:42:49.709 26582 INFO rally.task.runner [-] Task e7a54803-d05b-474e-b1fa-c0948ef3c5d3 | ITER: 2 START
2019-06-06 09:42:49.710 26583 INFO rally.task.runner [-] Task e7a54803-d05b-474e-b1fa-c0948ef3c5d3 | ITER: 6 START
2019-06-06 09:42:49.711 26582 WARNING rally_openstack.scenarios.neutron.utils [-] Running this scenario without either the 'network' or 'existing_network' context is deprecated
2019-06-06 09:42:49.711 26583 WARNING rally_openstack.scenarios.neutron.utils [-] Running this scenario without either the 'network' or 'existing_network' context is deprecated
2019-06-06 09:42:49.713 26589 RALLYDEBUG rally.task.runner [-] Starting a worker. concurrency: 1 args: {"network_create_args": {}, "port_create_args": {}, "ports_per_network": 5, "port_update_args": {"admin_state_up": false, "device_id": "dummy_id", "device_owner": "dummy_owner", "name": "_port_updated"}} times: 40 method_name: run timeout: 0 duration: None cls:
2019-06-06 09:42:49.715 26584 INFO rally.task.runner [-] Task e7a54803-d05b-474e-b1fa-c0948ef3c5d3 | ITER: 7 START
2019-06-06 09:42:49.715 26585 INFO rally.task.runner [-] Task e7a54803-d05b-474e-b1fa-c0948ef3c5d3 | ITER: 8 START
2019-06-06 09:42:49.716 26584 WARNING rally_openstack.scenarios.neutron.utils [-] Running this scenario without either the 'network' or 'existing_network' context is deprecated
2019-06-06 09:42:49.710 26582 INFO rally.task.runner [-] Task e7a54803-d05b-474e-b1fa-c0948ef3c5d3 | ITER: 5 START
2019-06-06 09:42:49.717 26585 WARNING rally_openstack.scenarios.neutron.utils [-] Running this scenario without either the 'network' or 'existing_network' context is deprecated
2019-06-06 09:42:49.717 26582 WARNING rally_openstack.scenarios.neutron.utils [-] Running this scenario without either the 'network' or 'existing_network' context is deprecated
2019-06-06 09:42:49.712 26583 INFO rally.task.runner [-] Task e7a54803-d05b-474e-b1fa-c0948ef3c5d3 | ITER: 4 START
2019-06-06 09:42:49.717 26581 INFO rally.task.runner [-] Task e7a54803-d05b-474e-b1fa-c0948ef3c5d3 | ITER: 3 START
2019-06-06 09:42:49.719 26581 WARNING rally_openstack.scenarios.neutron.utils [-] Running this scenario without either the 'network' or 'existing_network' context is deprecated
2019-06-06 09:42:49.719 26589 INFO rally.task.runner [-] Task e7a54803-d05b-474e-b1fa-c0948ef3c5d3 | ITER: 10 START
2019-06-06 09:42:49.720 26583 WARNING rally_openstack.scenarios.neutron.utils [-] Running this scenario without either the 'network' or 'existing_network' context is deprecated
2019-06-06 09:42:49.721 26589 WARNING rally_openstack.scenarios.neutron.utils [-] Running this scenario without either the 'network' or 'existing_network' context is deprecated
2019-06-06 09:42:49.723 26598 RALLYDEBUG rally.task.runner [-] Starting a worker. concurrency: 1 args: {"network_create_args": {}, "port_create_args": {}, "ports_per_network": 5, "port_update_args": {"admin_state_up": false, "device_id": "dummy_id", "device_owner": "dummy_owner", "name": "_port_updated"}} times: 40 method_name: run timeout: 0 duration: None cls:
2019-06-06 09:42:49.723 26584 INFO rally.task.runner [-] Task e7a54803-d05b-474e-b1fa-c0948ef3c5d3 | ITER: 9 START
2019-06-06 09:42:49.724 26584 WARNING rally_openstack.scenarios.neutron.utils [-] Running this scenario without either the 'network' or 'existing_network' context is deprecated
2019-06-06 09:42:49.729 26604 RALLYDEBUG rally.task.runner [-] Starting a worker. concurrency: 1 args: {"network_create_args": {}, "port_create_args": {}, "ports_per_network": 5, "port_update_args": {"admin_state_up": false, "device_id": "dummy_id", "device_owner": "dummy_owner", "name": "_port_updated"}} times: 40 method_name: run timeout: 0 duration: None cls:
2019-06-06 09:42:49.730 26598 INFO rally.task.runner [-] Task e7a54803-d05b-474e-b1fa-c0948ef3c5d3 | ITER: 11 START
2019-06-06 09:42:49.732 26598 WARNING rally_openstack.scenarios.neutron.utils [-] Running this scenario without either the 'network' or 'existing_network' context is deprecated
2019-06-06 09:42:49.736 26604 INFO rally.task.runner [-] Task e7a54803-d05b-474e-b1fa-c0948ef3c5d3 | ITER: 12 START
2019-06-06 09:42:49.737 26607 RALLYDEBUG rally.task.runner [-] Starting a worker. concurrency: 1 args: {"network_create_args": {}, "port_create_args": {}, "ports_per_network": 5, "port_update_args": {"admin_state_up": false, "device_id": "dummy_id", "device_owner": "dummy_owner", "name": "_port_updated"}} times: 40 method_name: run timeout: 0 duration: None cls:
2019-06-06 09:42:49.737 26604 WARNING rally_openstack.scenarios.neutron.utils [-] Running this scenario without either the 'network' or 'existing_network' context is deprecated
2019-06-06 09:42:49.741 26607 INFO rally.task.runner [-] Task e7a54803-d05b-474e-b1fa-c0948ef3c5d3 | ITER: 13 START
2019-06-06 09:42:49.742 26607 WARNING rally_openstack.scenarios.neutron.utils [-] Running this scenario without either the 'network' or 'existing_network' context is deprecated
2019-06-06 09:42:49.750 26612 RALLYDEBUG rally.task.runner [-] Starting a worker. concurrency: 1 args: {"network_create_args": {}, "port_create_args": {}, "ports_per_network": 5, "port_update_args": {"admin_state_up": false, "device_id": "dummy_id", "device_owner": "dummy_owner", "name": "_port_updated"}} times: 40 method_name: run timeout: 0 duration: None cls:
2019-06-06 09:42:49.757 26613 RALLYDEBUG rally.task.runner [-] Starting a worker. concurrency: 1 args: {"network_create_args": {}, "port_create_args": {}, "ports_per_network": 5, "port_update_args": {"admin_state_up": false, "device_id": "dummy_id", "device_owner": "dummy_owner", "name": "_port_updated"}} times: 40 method_name: run timeout: 0 duration: None cls:
2019-06-06 09:42:49.758 26612 INFO rally.task.runner [-] Task e7a54803-d05b-474e-b1fa-c0948ef3c5d3 | ITER: 14 START
2019-06-06 09:42:49.759 26612 WARNING rally_openstack.scenarios.neutron.utils [-] Running this scenario without either the 'network' or 'existing_network' context is deprecated
2019-06-06 09:42:49.761 26613 INFO rally.task.runner [-] Task e7a54803-d05b-474e-b1fa-c0948ef3c5d3 | ITER: 15 START
2019-06-06 09:42:49.762 26613 WARNING rally_openstack.scenarios.neutron.utils [-] Running this scenario without either the 'network' or 'existing_network' context is deprecated
2019-06-06 09:42:49.763 26614 RALLYDEBUG rally.task.runner [-] Starting a worker. concurrency: 1 args: {"network_create_args": {}, "port_create_args": {}, "ports_per_network": 5, "port_update_args": {"admin_state_up": false, "device_id": "dummy_id", "device_owner": "dummy_owner", "name": "_port_updated"}} times: 40 method_name: run timeout: 0 duration: None cls:
2019-06-06 09:42:49.766 26617 RALLYDEBUG rally.task.runner [-] Starting a worker. concurrency: 1 args: {"network_create_args": {}, "port_create_args": {}, "ports_per_network": 5, "port_update_args": {"admin_state_up": false, "device_id": "dummy_id", "device_owner": "dummy_owner", "name": "_port_updated"}} times: 40 method_name: run timeout: 0 duration: None cls:
2019-06-06 09:42:49.768 26614 INFO rally.task.runner [-] Task e7a54803-d05b-474e-b1fa-c0948ef3c5d3 | ITER: 16 START
2019-06-06 09:42:49.769 26614 WARNING rally_openstack.scenarios.neutron.utils [-] Running this scenario without either the 'network' or 'existing_network' context is deprecated
2019-06-06 09:42:49.769 26620 RALLYDEBUG rally.task.runner [-] Starting a worker. concurrency: 1 args: {"network_create_args": {}, "port_create_args": {}, "ports_per_network": 5, "port_update_args": {"admin_state_up": false, "device_id": "dummy_id", "device_owner": "dummy_owner", "name": "_port_updated"}} times: 40 method_name: run timeout: 0 duration: None cls:
2019-06-06 09:42:49.772 26617 INFO rally.task.runner [-] Task e7a54803-d05b-474e-b1fa-c0948ef3c5d3 | ITER: 17 START
2019-06-06 09:42:49.773 26617 WARNING rally_openstack.scenarios.neutron.utils [-] Running this scenario without either the 'network' or 'existing_network' context is deprecated
2019-06-06 09:42:49.774 26620 INFO rally.task.runner [-] Task e7a54803-d05b-474e-b1fa-c0948ef3c5d3 | ITER: 18 START
2019-06-06 09:42:49.775 26620 WARNING rally_openstack.scenarios.neutron.utils [-] Running this scenario without either the 'network' or 'existing_network' context is deprecated
2019-06-06 09:42:49.775 26623 RALLYDEBUG rally.task.runner [-] Starting a worker. concurrency: 1 args: {"network_create_args": {}, "port_create_args": {}, "ports_per_network": 5, "port_update_args": {"admin_state_up": false, "device_id": "dummy_id", "device_owner": "dummy_owner", "name": "_port_updated"}} times: 40 method_name: run timeout: 0 duration: None cls:
2019-06-06 09:42:49.779 26623 INFO rally.task.runner [-] Task e7a54803-d05b-474e-b1fa-c0948ef3c5d3 | ITER: 19 START
2019-06-06 09:42:49.779 26628 RALLYDEBUG rally.task.runner [-] Starting a worker. concurrency: 1 args: {"network_create_args": {}, "port_create_args": {}, "ports_per_network": 5, "port_update_args": {"admin_state_up": false, "device_id": "dummy_id", "device_owner": "dummy_owner", "name": "_port_updated"}} times: 40 method_name: run timeout: 0 duration: None cls:
2019-06-06 09:42:49.780 26623 WARNING rally_openstack.scenarios.neutron.utils [-] Running this scenario without either the 'network' or 'existing_network' context is deprecated
2019-06-06 09:42:49.783 26628 INFO rally.task.runner [-] Task e7a54803-d05b-474e-b1fa-c0948ef3c5d3 | ITER: 20 START
2019-06-06 09:42:49.784 26628 WARNING rally_openstack.scenarios.neutron.utils [-] Running this scenario without either the 'network' or 'existing_network' context is deprecated
2019-06-06 09:43:05.825 26612 INFO rally.task.runner [-] Task e7a54803-d05b-474e-b1fa-c0948ef3c5d3 | ITER: 14 END: OK
2019-06-06 09:43:05.830 26612 INFO rally.task.runner [-] Task e7a54803-d05b-474e-b1fa-c0948ef3c5d3 | ITER: 21 START
2019-06-06 09:43:05.831 26612 WARNING rally_openstack.scenarios.neutron.utils [-] Running this scenario without either the 'network' or 'existing_network' context is deprecated
2019-06-06 09:43:05.912 26620 INFO rally.task.runner [-] Task e7a54803-d05b-474e-b1fa-c0948ef3c5d3 | ITER: 18 END: OK
2019-06-06 09:43:05.916 26620 INFO rally.task.runner [-] Task e7a54803-d05b-474e-b1fa-c0948ef3c5d3 | ITER: 22 START
2019-06-06 09:43:05.916 26620 WARNING rally_openstack.scenarios.neutron.utils [-] Running this scenario without either the 'network' or 'existing_network' context is deprecated
2019-06-06 09:43:06.318 26607 INFO rally.task.runner [-] Task e7a54803-d05b-474e-b1fa-c0948ef3c5d3 | ITER: 13 END: OK
2019-06-06 09:43:06.320 26623 INFO rally.task.runner [-] Task e7a54803-d05b-474e-b1fa-c0948ef3c5d3 | ITER: 19 END: OK
2019-06-06 09:43:06.323 26607 INFO rally.task.runner [-] Task e7a54803-d05b-474e-b1fa-c0948ef3c5d3 | ITER: 23 START
2019-06-06 09:43:06.324 26607 WARNING rally_openstack.scenarios.neutron.utils [-] Running this scenario without either the 'network' or 'existing_network' context is deprecated
2019-06-06 09:43:06.324 26623 INFO rally.task.runner [-] Task e7a54803-d05b-474e-b1fa-c0948ef3c5d3 | ITER: 24 START
2019-06-06 09:43:06.325 26623 WARNING rally_openstack.scenarios.neutron.utils [-] Running this scenario without either the 'network' or 'existing_network' context is deprecated
2019-06-06 09:43:11.112 26581 INFO rally.task.runner [-] Task e7a54803-d05b-474e-b1fa-c0948ef3c5d3 | ITER: 1 END: OK
2019-06-06 09:43:11.117 26581 INFO rally.task.runner [-] Task e7a54803-d05b-474e-b1fa-c0948ef3c5d3 | ITER: 25 START
2019-06-06 09:43:11.117 26581 WARNING rally_openstack.scenarios.neutron.utils [-] Running this scenario without either the 'network' or 'existing_network' context is deprecated
2019-06-06 09:43:11.289 26583 INFO rally.task.runner [-] Task e7a54803-d05b-474e-b1fa-c0948ef3c5d3 | ITER: 6 END: OK
2019-06-06 09:43:11.294 26583 INFO rally.task.runner [-] Task e7a54803-d05b-474e-b1fa-c0948ef3c5d3 | ITER: 26 START
2019-06-06 09:43:11.295 26583 WARNING rally_openstack.scenarios.neutron.utils [-] Running this scenario without either the 'network' or 'existing_network' context is deprecated
2019-06-06 09:43:11.300 26628 INFO rally.task.runner [-] Task e7a54803-d05b-474e-b1fa-c0948ef3c5d3 | ITER: 20 END: OK
2019-06-06 09:43:11.305 26628 INFO rally.task.runner [-] Task e7a54803-d05b-474e-b1fa-c0948ef3c5d3 | ITER: 27 START
2019-06-06 09:43:11.305 26628 WARNING rally_openstack.scenarios.neutron.utils [-] Running this scenario without either the 'network' or 'existing_network' context is deprecated
2019-06-06 09:43:11.337 26581 INFO rally.task.runner [-] Task e7a54803-d05b-474e-b1fa-c0948ef3c5d3 | ITER: 3 END: OK
2019-06-06 09:43:11.341 26581 INFO rally.task.runner [-] Task e7a54803-d05b-474e-b1fa-c0948ef3c5d3 | ITER: 28 START
2019-06-06 09:43:11.341 26581 WARNING rally_openstack.scenarios.neutron.utils [-] Running this scenario without either the 'network' or 'existing_network' context is deprecated
2019-06-06 09:43:11.654 26584 INFO rally.task.runner [-] Task e7a54803-d05b-474e-b1fa-c0948ef3c5d3 | ITER: 9 END: OK
2019-06-06 09:43:11.659 26584 INFO rally.task.runner [-] Task e7a54803-d05b-474e-b1fa-c0948ef3c5d3 | ITER: 29 START
2019-06-06 09:43:11.660 26584 WARNING rally_openstack.scenarios.neutron.utils [-] Running this scenario without either the 'network' or 'existing_network' context is deprecated
2019-06-06 09:43:11.690 26585 INFO rally.task.runner [-] Task e7a54803-d05b-474e-b1fa-c0948ef3c5d3 | ITER: 8 END: OK
2019-06-06 09:43:11.694 26585 INFO rally.task.runner [-] Task e7a54803-d05b-474e-b1fa-c0948ef3c5d3 | ITER: 30 START
2019-06-06 09:43:11.695 26585 WARNING rally_openstack.scenarios.neutron.utils [-] Running this scenario without either the 'network' or 'existing_network' context is deprecated
2019-06-06 09:43:13.262 26614 INFO rally.task.runner [-] Task e7a54803-d05b-474e-b1fa-c0948ef3c5d3 | ITER: 16 END: OK
2019-06-06 09:43:13.267 26582 INFO rally.task.runner [-] Task e7a54803-d05b-474e-b1fa-c0948ef3c5d3 | ITER: 2 END: OK
2019-06-06 09:43:13.267 26614 INFO rally.task.runner [-] Task e7a54803-d05b-474e-b1fa-c0948ef3c5d3 | ITER: 31 START
2019-06-06 09:43:13.268 26614 WARNING rally_openstack.scenarios.neutron.utils [-] Running this scenario without either the 'network' or 'existing_network' context is deprecated
2019-06-06 09:43:13.271 26582 INFO rally.task.runner [-] Task e7a54803-d05b-474e-b1fa-c0948ef3c5d3 | ITER: 32 START
2019-06-06 09:43:13.272 26582 WARNING rally_openstack.scenarios.neutron.utils [-] Running this scenario without either the 'network' or 'existing_network' context is deprecated
2019-06-06 09:43:13.324 26617 INFO rally.task.runner [-] Task e7a54803-d05b-474e-b1fa-c0948ef3c5d3 | ITER: 17 END: OK
2019-06-06 09:43:13.328 26617 INFO rally.task.runner [-] Task e7a54803-d05b-474e-b1fa-c0948ef3c5d3 | ITER: 33 START
2019-06-06 09:43:13.328 26617 WARNING rally_openstack.scenarios.neutron.utils [-] Running this scenario without either the 'network' or 'existing_network' context is deprecated
2019-06-06 09:43:13.562 26613 INFO rally.task.runner [-] Task e7a54803-d05b-474e-b1fa-c0948ef3c5d3 | ITER: 15 END: OK
2019-06-06 09:43:13.566 26613 INFO rally.task.runner [-] Task e7a54803-d05b-474e-b1fa-c0948ef3c5d3 | ITER: 34 START
2019-06-06 09:43:13.566 26613 WARNING rally_openstack.scenarios.neutron.utils [-] Running this scenario without either the 'network' or 'existing_network' context is deprecated
2019-06-06 09:43:13.607 26582 INFO rally.task.runner [-] Task e7a54803-d05b-474e-b1fa-c0948ef3c5d3 | ITER: 5 END: OK
2019-06-06 09:43:13.611 26582 INFO rally.task.runner [-] Task e7a54803-d05b-474e-b1fa-c0948ef3c5d3 | ITER: 35 START
2019-06-06 09:43:13.611 26582 WARNING rally_openstack.scenarios.neutron.utils [-] Running this scenario without either the 'network' or 'existing_network' context is deprecated
2019-06-06 09:43:14.003 26604 INFO rally.task.runner [-] Task e7a54803-d05b-474e-b1fa-c0948ef3c5d3 | ITER: 12 END: OK
2019-06-06 09:43:14.008 26604 INFO rally.task.runner [-] Task e7a54803-d05b-474e-b1fa-c0948ef3c5d3 | ITER: 36 START
2019-06-06 09:43:14.009 26604 WARNING rally_openstack.scenarios.neutron.utils [-] Running this scenario without either the 'network' or 'existing_network' context is deprecated
2019-06-06 09:43:16.008 26607 INFO rally.task.runner [-] Task e7a54803-d05b-474e-b1fa-c0948ef3c5d3 | ITER: 23 END: OK
2019-06-06 09:43:16.012 26607 INFO rally.task.runner [-] Task e7a54803-d05b-474e-b1fa-c0948ef3c5d3 | ITER: 37 START
2019-06-06 09:43:16.013 26607 WARNING rally_openstack.scenarios.neutron.utils [-] Running this scenario without either the 'network' or 'existing_network' context is deprecated
2019-06-06 09:43:16.781 26612 INFO rally.task.runner [-] Task e7a54803-d05b-474e-b1fa-c0948ef3c5d3 | ITER: 21 END: OK
2019-06-06 09:43:16.786 26612 INFO rally.task.runner [-] Task e7a54803-d05b-474e-b1fa-c0948ef3c5d3 | ITER: 38 START
2019-06-06 09:43:16.787 26612 WARNING rally_openstack.scenarios.neutron.utils [-] Running this scenario without either the 'network' or 'existing_network' context is deprecated
2019-06-06 09:43:22.230 26598 INFO rally.task.runner [-] Task e7a54803-d05b-474e-b1fa-c0948ef3c5d3 | ITER: 11 END: OK
2019-06-06 09:43:22.236 26598 INFO rally.task.runner [-] Task e7a54803-d05b-474e-b1fa-c0948ef3c5d3 | ITER: 39 START
2019-06-06 09:43:22.237 26598 WARNING rally_openstack.scenarios.neutron.utils [-] Running this scenario without either the 'network' or 'existing_network' context is deprecated
2019-06-06 09:43:22.260 26583 INFO rally.task.runner [-] Task e7a54803-d05b-474e-b1fa-c0948ef3c5d3 | ITER: 4 END: OK
2019-06-06 09:43:22.265 26583 INFO rally.task.runner [-] Task e7a54803-d05b-474e-b1fa-c0948ef3c5d3 | ITER: 40 START
2019-06-06 09:43:22.266 26583 WARNING rally_openstack.scenarios.neutron.utils [-] Running this scenario without either the 'network' or 'existing_network' context is deprecated
2019-06-06 09:43:22.294 26584 INFO rally.task.runner [-] Task e7a54803-d05b-474e-b1fa-c0948ef3c5d3 | ITER: 7 END: OK
2019-06-06 09:43:22.343 26589 INFO rally.task.runner [-] Task e7a54803-d05b-474e-b1fa-c0948ef3c5d3 | ITER: 10 END: OK
2019-06-06 09:43:23.025 26620 INFO rally.task.runner [-] Task e7a54803-d05b-474e-b1fa-c0948ef3c5d3 | ITER: 22 END: OK
2019-06-06 09:43:24.066 26623 INFO rally.task.runner [-] Task e7a54803-d05b-474e-b1fa-c0948ef3c5d3 | ITER: 24 END: OK
2019-06-06 09:43:24.499 26607 INFO rally.task.runner [-] Task e7a54803-d05b-474e-b1fa-c0948ef3c5d3 | ITER: 37 END: OK
2019-06-06 09:43:25.423 26613 INFO rally.task.runner [-] Task e7a54803-d05b-474e-b1fa-c0948ef3c5d3 | ITER: 34 END: OK
2019-06-06 09:43:26.215 26628 INFO rally.task.runner [-] Task e7a54803-d05b-474e-b1fa-c0948ef3c5d3 | ITER: 27 END: OK
2019-06-06 09:43:26.353 26584 INFO rally.task.runner [-] Task e7a54803-d05b-474e-b1fa-c0948ef3c5d3 | ITER: 29 END: OK
2019-06-06 09:43:26.476 26612 INFO rally.task.runner [-] Task e7a54803-d05b-474e-b1fa-c0948ef3c5d3 | ITER: 38 END: OK
2019-06-06 09:43:28.269 26581 INFO rally.task.runner [-] Task e7a54803-d05b-474e-b1fa-c0948ef3c5d3 | ITER: 25 END: OK
2019-06-06 09:43:28.590 26581 INFO rally.task.runner [-] Task e7a54803-d05b-474e-b1fa-c0948ef3c5d3 | ITER: 28 END: OK
2019-06-06 09:43:28.801 26583 INFO rally.task.runner [-] Task e7a54803-d05b-474e-b1fa-c0948ef3c5d3 | ITER: 26 END: OK
2019-06-06 09:43:28.952 26585 INFO rally.task.runner [-] Task e7a54803-d05b-474e-b1fa-c0948ef3c5d3 | ITER: 30 END: OK
2019-06-06 09:43:29.694 26598 INFO rally.task.runner [-] Task e7a54803-d05b-474e-b1fa-c0948ef3c5d3 | ITER: 39 END: OK
2019-06-06 09:43:29.884 26617 INFO rally.task.runner [-] Task e7a54803-d05b-474e-b1fa-c0948ef3c5d3 | ITER: 33 END: OK
2019-06-06 09:43:30.290 26582 INFO rally.task.runner [-] Task e7a54803-d05b-474e-b1fa-c0948ef3c5d3 | ITER: 35 END: OK
2019-06-06 09:43:31.545 26583 INFO rally.task.runner [-] Task e7a54803-d05b-474e-b1fa-c0948ef3c5d3 | ITER: 40 END: OK
2019-06-06 09:43:35.973 26614 INFO rally.task.runner [-] Task e7a54803-d05b-474e-b1fa-c0948ef3c5d3 | ITER: 31 END: OK
2019-06-06 09:43:36.011 26582 INFO rally.task.runner [-] Task e7a54803-d05b-474e-b1fa-c0948ef3c5d3 | ITER: 32 END: OK
2019-06-06 09:43:36.246 26604 INFO rally.task.runner [-] Task e7a54803-d05b-474e-b1fa-c0948ef3c5d3 | ITER: 36 END: OK
2019-06-06 09:43:36.268 22705 INFO rally.task.context [-] Task e7a54803-d05b-474e-b1fa-c0948ef3c5d3 | Context cleanup@openstack cleanup() started
2019-06-06 09:43:36.272 22705 RALLYDEBUG rally_openstack.cleanup.manager [-] Cleaning up neutron vip objects
2019-06-06 09:43:36.904 22705 RALLYDEBUG rally_openstack.cleanup.manager [-] Cleaning up neutron health_monitor objects
2019-06-06 09:43:37.649 22705 RALLYDEBUG rally_openstack.cleanup.manager [-] Cleaning up neutron pool objects
2019-06-06 09:43:38.365 22705 RALLYDEBUG rally_openstack.cleanup.manager [-] Cleaning up neutron loadbalancer objects
2019-06-06 09:43:39.111 22705 RALLYDEBUG rally_openstack.cleanup.manager [-] Cleaning up neutron floatingip objects
2019-06-06 09:43:39.886 22705 RALLYDEBUG rally_openstack.cleanup.manager [-] Cleaning up neutron port objects
2019-06-06 09:43:41.054 22705 RALLYDEBUG rally_openstack.cleanup.manager [-] Deleting neutron.port object s_rally_9076c682_hh6Firlp (11c0d840-7e0f-4bc5-ab23-45ba8fbb6749)
2019-06-06 09:43:41.058 22705 RALLYDEBUG rally_openstack.cleanup.manager [-] Deleting neutron.port object s_rally_9076c682_2ZxiNSAr (15654605-0d26-4937-ba98-4066eba073c1)
2019-06-06 09:43:41.065 22705 RALLYDEBUG rally_openstack.cleanup.manager [-] Deleting neutron.port object s_rally_9076c682_8zCXAxtP (0e4c0180-f7a3-42ce-92a7-51f38511dc3b)
2019-06-06 09:43:41.066 22705 RALLYDEBUG rally_openstack.cleanup.manager [-] Deleting neutron.port object s_rally_9076c682_tpjR0Clr (0b620370-1499-491c-a3d8-07516798ef3b)
2019-06-06 09:43:41.068 22705 RALLYDEBUG rally_openstack.cleanup.manager [-] Deleting neutron.port object s_rally_9076c682_Mfq9O7FD (0927a859-04c7-4523-8223-c8bf7057fc5b)
2019-06-06 09:43:41.069 22705 RALLYDEBUG rally_openstack.cleanup.manager [-] Deleting neutron.port object s_rally_9076c682_QbP1M6Dl (0ac5d998-0a3d-43d4-ad55-3783a5b0f9f1)
2019-06-06 09:43:41.068 22705 RALLYDEBUG rally_openstack.cleanup.manager [-] Deleting neutron.port object s_rally_9076c682_CVePUq11 (14417000-edd2-4559-acb9-7efb62d445ca)
2019-06-06 09:43:41.079 22705 RALLYDEBUG rally_openstack.cleanup.manager [-] Deleting neutron.port object s_rally_9076c682_DFHdGpmi (16bab747-f9c9-47fc-8580-b529643a52da)
2019-06-06 09:43:41.218 22705 RALLYDEBUG rally_openstack.cleanup.manager [-] Deleting neutron.port object s_rally_9076c682_jWPGkRZ5 (178b0424-9c1a-4b10-b167-7d3318206624)
2019-06-06 09:43:41.234 22705 RALLYDEBUG rally_openstack.cleanup.manager [-] Deleting neutron.port object s_rally_9076c682_PpQWxFSo (178dd8f9-05cd-41ac-a71f-041b6ca737c7)
2019-06-06 09:43:41.258 22705 RALLYDEBUG rally_openstack.cleanup.manager [-] Deleting neutron.port object s_rally_9076c682_XczaBLs2 (1b6ca85e-0155-4995-8c82-9296005d5dc9)
2019-06-06 09:43:41.271 22705 RALLYDEBUG rally_openstack.cleanup.manager [-] Deleting neutron.port object s_rally_9076c682_tu7PEyUR (1de2a48c-b04d-4b3c-b79d-d93430cba339)
2019-06-06 09:43:41.277 22705 RALLYDEBUG rally_openstack.cleanup.manager [-] Deleting neutron.port object s_rally_9076c682_fdey2tlb (1b93cf88-1c15-49c0-88fc-2d12e63ada85)
2019-06-06 09:43:41.304 22705 RALLYDEBUG rally_openstack.cleanup.manager [-] Deleting neutron.port object s_rally_9076c682_FL9E03i6 (1e28a708-8753-455b-8752-72a05cc2156a)
2019-06-06 09:43:41.311 22705 RALLYDEBUG rally_openstack.cleanup.manager [-] Deleting neutron.port object s_rally_9076c682_TJcPqOxk (1eb855d9-6bb4-49ee-afd1-190ca2ba798a)
2019-06-06 09:43:41.320 22705 RALLYDEBUG rally_openstack.cleanup.manager [-] Deleting neutron.port object s_rally_9076c682_RMhvIOz0 (1f64d24f-b755-44ba-ae2d-14cb47d210ad)
2019-06-06 09:43:41.336 22705 RALLYDEBUG rally_openstack.cleanup.manager [-] Deleting neutron.port object s_rally_9076c682_niY3sMqu (1f934ebc-a022-45fe-a4dc-e949838d51ff)
2019-06-06 09:43:41.352 22705 RALLYDEBUG rally_openstack.cleanup.manager [-] Deleting neutron.port object s_rally_9076c682_jfAdOLCy (2111307d-ca35-44cd-8132-f64653db1bf8)
2019-06-06 09:43:41.358 22705 RALLYDEBUG rally_openstack.cleanup.manager [-] Deleting neutron.port object s_rally_9076c682_vUKBGkRO (24e0f5b1-3eb1-4a47-b8f6-0c9ad865a3de)
2019-06-06 09:43:41.372 22705 RALLYDEBUG rally_openstack.cleanup.manager [-] Deleting neutron.port object s_rally_9076c682_ZPy1aXKj (263ff428-f780-4c58-982e-ae4a4555e828)
2019-06-06 09:43:43.581 22705 RALLYDEBUG rally_openstack.cleanup.manager [-] Deleting neutron.port object s_rally_9076c682_xFvUpIVA (27c768c2-76b1-4e3b-9118-9a93ddea7cca)
2019-06-06 09:43:43.970 22705 RALLYDEBUG rally_openstack.cleanup.manager [-] Deleting neutron.port object s_rally_9076c682_U7wjj0SD (2860f082-1bf9-4984-9801-b01594d13bf9)
2019-06-06 09:43:44.030 22705 RALLYDEBUG rally_openstack.cleanup.manager [-] Deleting neutron.port object s_rally_9076c682_IqgEgvt6 (28a1c97f-7dcd-4547-b72e-69ad0115ae3f)
2019-06-06 09:43:45.549 22705 RALLYDEBUG rally_openstack.cleanup.manager [-] Deleting neutron.port object s_rally_9076c682_8BC4BbFz (291da155-d874-456d-9342-6ae0cb7bfe6a)
2019-06-06 09:43:45.553 22705 RALLYDEBUG rally_openstack.cleanup.manager [-] Deleting neutron.port object s_rally_9076c682_VOyBnzhC (29b76fd2-bcf8-4606-9912-2735b642346a)
2019-06-06 09:43:45.730 22705 RALLYDEBUG rally_openstack.cleanup.manager [-] Deleting neutron.port object s_rally_9076c682_JhYzwsDm (2b725e6d-38c5-481b-9701-4b25b8ba2284)
2019-06-06 09:43:45.937 22705 RALLYDEBUG rally_openstack.cleanup.manager [-] Deleting neutron.port object s_rally_9076c682_gTaCTr0n (2c17c44c-cf8a-46c6-af2c-48c3cfe1e969)
2019-06-06 09:43:45.957 22705 RALLYDEBUG rally_openstack.cleanup.manager [-] Deleting neutron.port object s_rally_9076c682_4Je4xxX4 (2c273f75-5110-453a-a038-b9597a12fae1)
2019-06-06 09:43:45.967 22705 RALLYDEBUG rally_openstack.cleanup.manager [-] Deleting neutron.port object s_rally_9076c682_KZupZLrF (2c41a5a1-f38b-4db7-ad3b-8aa61d065c36)
2019-06-06 09:43:46.179 22705 RALLYDEBUG rally_openstack.cleanup.manager [-] Deleting neutron.port object s_rally_9076c682_WhLjwYlq (2e6650c2-36bb-403d-80be-3fcc2ac57fc9)
2019-06-06 09:43:47.323 22705 RALLYDEBUG rally_openstack.cleanup.manager [-] Deleting neutron.port object s_rally_9076c682_noiluYhy (32506d82-b0ed-4163-a248-e219b2a32d8e)
2019-06-06 09:43:47.352 22705 RALLYDEBUG rally_openstack.cleanup.manager [-] Deleting neutron.port object s_rally_9076c682_FLDyMl7N (3257942b-c82a-41c8-b414-b535761d4df9)
2019-06-06 09:43:47.485 22705 RALLYDEBUG rally_openstack.cleanup.manager [-] Deleting neutron.port object s_rally_9076c682_SNTvmrTO (33c773f0-c779-4440-abe9-07b0374ffafc)
2019-06-06 09:43:47.519 22705 RALLYDEBUG rally_openstack.cleanup.manager [-] Deleting neutron.port object s_rally_9076c682_8fi4hJFj (3415d3a9-9463-4ebf-bfa4-794ae3281819)
2019-06-06 09:43:48.178 22705 RALLYDEBUG rally_openstack.cleanup.manager [-] Deleting neutron.port object s_rally_9076c682_a3q356JG (345b9ce7-e4f7-44f0-8455-7618f9d0492b)
2019-06-06 09:43:48.410 22705 RALLYDEBUG rally_openstack.cleanup.manager [-] Deleting neutron.port object s_rally_9076c682_1sIcvl0L (3513b634-886a-464f-ad43-51c5db102bf5)
2019-06-06 09:43:48.652 22705 RALLYDEBUG rally_openstack.cleanup.manager [-] Deleting neutron.port object s_rally_9076c682_fCcVH2gE (36d4c9dc-4ba2-49bc-9a50-a34807b550d5)
2019-06-06 09:43:48.715 22705 RALLYDEBUG rally_openstack.cleanup.manager [-] Deleting neutron.port object s_rally_9076c682_PoBFULMS (388a330c-b1b8-4a12-9da5-49a558670a50)
2019-06-06 09:43:49.122 22705 RALLYDEBUG rally_openstack.cleanup.manager [-] Deleting neutron.port object s_rally_9076c682_4IWrSATY (3a9027aa-3af1-42ca-bbcb-d30cf3688cb3)
2019-06-06 09:43:49.172 22705 RALLYDEBUG rally_openstack.cleanup.manager [-] Deleting neutron.port object s_rally_9076c682_Om0dGGcZ (3abb625d-071e-4f44-a266-7b70698d19a8)
2019-06-06 09:43:49.512 22705 RALLYDEBUG rally_openstack.cleanup.manager [-] Deleting neutron.port object s_rally_9076c682_3YhXmnCR (3b051b1b-6b47-4a05-861c-63705e8f45e1)
2019-06-06 09:43:49.516 22705 RALLYDEBUG rally_openstack.cleanup.manager [-] Deleting neutron.port object s_rally_9076c682_s00tD3cB (3b3a1c71-8eb9-4a06-aaf5-52119d28738b)
2019-06-06 09:43:49.550 22705 RALLYDEBUG rally_openstack.cleanup.manager [-] Deleting neutron.port object s_rally_9076c682_oqfx419u (3e869239-55e3-4865-b73e-b92c6b9d4261)
2019-06-06 09:43:49.594 22705 RALLYDEBUG rally_openstack.cleanup.manager [-] Deleting neutron.port object s_rally_9076c682_hOQuI8rJ (3f37d4ac-1c24-46cd-bd5b-f3f3eb5e5af5)
2019-06-06 09:43:49.631 22705 RALLYDEBUG rally_openstack.cleanup.manager [-] Deleting neutron.port object s_rally_9076c682_VdnUWJhO (41b7f14a-d059-406f-8f79-5697bbb9c26f)
2019-06-06 09:43:50.180 22705 RALLYDEBUG rally_openstack.cleanup.manager [-] Deleting neutron.port object s_rally_9076c682_umNw2TFa (41d3a128-3280-4da0-853c-b509244565d2)
2019-06-06 09:43:50.201 22705 RALLYDEBUG rally_openstack.cleanup.manager [-] Deleting neutron.port object s_rally_9076c682_k6w7iVsv (4494708e-277e-4be6-a22e-0bf44c48ee4a)
2019-06-06 09:43:50.213 22705 RALLYDEBUG rally_openstack.cleanup.manager [-] Deleting neutron.port object s_rally_9076c682_bfIrPSev (46819ed9-86d8-4101-9cee-d7d367932206)
2019-06-06 09:43:50.386 22705 RALLYDEBUG rally_openstack.cleanup.manager [-] Deleting neutron.port object s_rally_9076c682_AFoUoUkP (47123790-e0d1-4190-b31f-70103ca9b2b0)
2019-06-06 09:43:50.416 22705 RALLYDEBUG rally_openstack.cleanup.manager [-] Deleting neutron.port object s_rally_9076c682_cet8U1up (490293de-6c25-4ecc-ba93-c17fe61d6116)
2019-06-06 09:43:50.509 22705 RALLYDEBUG rally_openstack.cleanup.manager [-] Deleting neutron.port object s_rally_9076c682_m3KN6mV2 (49141f02-f23d-4a48-a0c1-2cc2c2bedc4c)
2019-06-06 09:43:50.524 22705 RALLYDEBUG rally_openstack.cleanup.manager [-] Deleting neutron.port object s_rally_9076c682_QXZQddg3 (4d402ecb-c4fc-49fd-8684-366b64f44bda)
2019-06-06 09:43:50.520 22705 RALLYDEBUG rally_openstack.cleanup.manager [-] Deleting neutron.port object s_rally_9076c682_HMkJuMZE (49759b37-de80-4194-9364-0fee383aee61)
2019-06-06 09:43:50.682 22705 RALLYDEBUG rally_openstack.cleanup.manager [-] Deleting neutron.port object s_rally_9076c682_jqhz72fT (4d49ee7c-47f0-408f-a663-7390171871f1)
2019-06-06 09:43:50.714 22705 RALLYDEBUG rally_openstack.cleanup.manager [-] Deleting neutron.port object s_rally_9076c682_02gNUKC6 (4d9134f7-7735-484f-a704-5460ea37ffd5)
2019-06-06 09:43:50.750 22705 RALLYDEBUG rally_openstack.cleanup.manager [-] Deleting neutron.port object s_rally_9076c682_abK880sC (4e722fd7-9dfc-4515-a002-978a297373dc)
2019-06-06 09:43:50.987 22705 RALLYDEBUG rally_openstack.cleanup.manager [-] Deleting neutron.port object s_rally_9076c682_XfMW3gwD (4f8c7756-4d45-4a4e-bff4-9922b24e1a33)
2019-06-06 09:43:51.121 22705 RALLYDEBUG rally_openstack.cleanup.manager [-] Deleting neutron.port object s_rally_9076c682_7ca60Kj3 (50ad44d2-72d0-460d-83ab-979b2c40789f)
2019-06-06 09:43:51.350 22705 RALLYDEBUG rally_openstack.cleanup.manager [-] Deleting neutron.port object s_rally_9076c682_3lpEiQYL (516ff2fa-fe3a-4026-aa5e-7b629ec3fde7)
2019-06-06 09:43:51.666 22705 RALLYDEBUG rally_openstack.cleanup.manager [-] Deleting neutron.port object s_rally_9076c682_3TmosgjN (5185cf80-9b8c-457a-b27b-0f5390d9edf9)
2019-06-06 09:43:51.976 22705 RALLYDEBUG rally_openstack.cleanup.manager [-] Deleting neutron.port object s_rally_9076c682_jNaZfnh9 (53a6cdd6-ff95-4d1a-a743-2087c064e195)
2019-06-06 09:43:52.097 22705 RALLYDEBUG rally_openstack.cleanup.manager [-] Deleting neutron.port object s_rally_9076c682_kVTEVgxa (5643e377-49a8-4eb7-b620-8edf9419291e)
2019-06-06 09:43:53.096 22705 RALLYDEBUG rally_openstack.cleanup.manager [-] Deleting neutron.port object s_rally_9076c682_UvAlsG6T (570540d0-5c08-41bd-80a5-c430de2b2e40)
2019-06-06 09:43:53.113 22705 RALLYDEBUG rally_openstack.cleanup.manager [-] Deleting neutron.port object s_rally_9076c682_vDKdDeda (58251368-ddf9-42ef-81d5-d5f3cca6db3d)
2019-06-06 09:43:53.202 22705 RALLYDEBUG rally_openstack.cleanup.manager [-] Deleting neutron.port object s_rally_9076c682_qpSBHgRE (595c12d1-ef9e-48dc-a020-9518e65bf576)
2019-06-06 09:43:53.243 22705 RALLYDEBUG rally_openstack.cleanup.manager [-] Deleting neutron.port object s_rally_9076c682_AZJXpjlM (5aa9784b-5689-40a5-953d-ff0a7c0cda39)
2019-06-06 09:43:53.262 22705 RALLYDEBUG rally_openstack.cleanup.manager [-] Deleting neutron.port object s_rally_9076c682_eo4jOfpT (5c59f25c-492e-4cee-9b6d-71ee5a60a776)
2019-06-06 09:43:53.395 22705 RALLYDEBUG rally_openstack.cleanup.manager [-] Deleting neutron.port object s_rally_9076c682_IkHpXcAM (5cf1aef0-5c80-4fe7-b0a7-67e8f96a9620)
2019-06-06 09:43:53.472 22705 RALLYDEBUG rally_openstack.cleanup.manager [-] Deleting neutron.port object s_rally_9076c682_vDRXqVym (5cfa00ff-8046-4cf8-922a-85716cf623dd)
