2019-06-06 09:22:47.032 22696 RALLYDEBUG rally.api [-] INFO logs from urllib3 and requests module are hide.
2019-06-06 09:22:47.032 22696 RALLYDEBUG rally.api [-] urllib3 insecure warnings are hidden.
2019-06-06 09:22:47.032 22696 RALLYDEBUG rally.api [-] ERROR log from boto module is hide.
2019-06-06 09:22:49.278 22698 RALLYDEBUG rally.api [-] INFO logs from urllib3 and requests module are hide.
2019-06-06 09:22:49.278 22698 RALLYDEBUG rally.api [-] urllib3 insecure warnings are hidden.
2019-06-06 09:22:49.279 22698 RALLYDEBUG rally.api [-] ERROR log from boto module is hide.
2019-06-06 09:22:50.498 22698 WARNING rally_openstack.platforms.existing [-] endpoint is deprecated and not used.
2019-06-06 09:22:51.394 22700 RALLYDEBUG rally.api [-] INFO logs from urllib3 and requests module are hide.
2019-06-06 09:22:51.394 22700 RALLYDEBUG rally.api [-] urllib3 insecure warnings are hidden.
2019-06-06 09:22:51.394 22700 RALLYDEBUG rally.api [-] ERROR log from boto module is hide.
2019-06-06 09:22:54.732 22703 RALLYDEBUG rally.api [-] INFO logs from urllib3 and requests module are hide.
2019-06-06 09:22:54.732 22703 RALLYDEBUG rally.api [-] urllib3 insecure warnings are hidden.
2019-06-06 09:22:54.732 22703 RALLYDEBUG rally.api [-] ERROR log from boto module is hide.
2019-06-06 09:22:56.313 22705 RALLYDEBUG rally.api [-] INFO logs from urllib3 and requests module are hide.
2019-06-06 09:22:56.313 22705 RALLYDEBUG rally.api [-] urllib3 insecure warnings are hidden.
2019-06-06 09:22:56.313 22705 RALLYDEBUG rally.api [-] ERROR log from boto module is hide.
2019-06-06 09:22:57.315 22705 INFO rally.common.plugin.discover [-] Loading plugins from directories /root/.rally/plugins/*
2019-06-06 09:22:57.316 22705 INFO rally.common.plugin.discover [-] Loaded module with plugins: /root/.rally/plugins/__init__.py
2019-06-06 09:22:57.318 22705 INFO rally.common.plugin.discover [-] Loaded module with plugins: /root/.rally/plugins/trunk_scenario.py
2019-06-06 09:22:57.531 22705 INFO rally.task.engine [-] Task e7a54803-d05b-474e-b1fa-c0948ef3c5d3 | Starting: Task validation.
2019-06-06 09:22:57.573 22705 INFO rally.task.engine [-] Task e7a54803-d05b-474e-b1fa-c0948ef3c5d3 | Starting: Task validation of syntax.
2019-06-06 09:22:57.779 22705 INFO rally.task.engine [-] Task e7a54803-d05b-474e-b1fa-c0948ef3c5d3 | Completed: Task validation of syntax.
2019-06-06 09:22:57.779 22705 INFO rally.task.engine [-] Task e7a54803-d05b-474e-b1fa-c0948ef3c5d3 | Starting: Task validation of required platforms.
2019-06-06 09:22:57.837 22705 INFO rally.task.engine [-] Task e7a54803-d05b-474e-b1fa-c0948ef3c5d3 | Completed: Task validation of required platforms.
2019-06-06 09:22:57.837 22705 INFO rally.task.engine [-] Task e7a54803-d05b-474e-b1fa-c0948ef3c5d3 | Starting: Task validation of semantic.
2019-06-06 09:22:57.837 22705 INFO rally.task.engine [-] Check health of the environment '970493dc-efa4-4eb4-90d6-bc8c662a1710'.
2019-06-06 09:22:58.651 22705 INFO rally.task.engine [-] Platform existing@openstack (available: True): OK!
2019-06-06 09:22:58.671 22705 RALLYDEBUG rally_openstack.contexts.keystone.users [-] Creating 1 tenants using 20 threads
2019-06-06 09:23:00.376 22705 RALLYDEBUG rally_openstack.contexts.keystone.users [-] Creating 1 users using 20 threads
2019-06-06 09:23:02.970 22705 INFO rally.task.context [-] Task e7a54803-d05b-474e-b1fa-c0948ef3c5d3 | Context users@openstack setup() finished in 4.30 sec
2019-06-06 09:23:09.052 22705 INFO rally.task.context [-] Task e7a54803-d05b-474e-b1fa-c0948ef3c5d3 | Context users@openstack cleanup() started
2019-06-06 09:23:13.751 22705 INFO rally.task.context [-] Task e7a54803-d05b-474e-b1fa-c0948ef3c5d3 | Context users@openstack cleanup() finished in 4.70 sec
2019-06-06 09:23:13.752 22705 INFO rally.task.engine [-] Task e7a54803-d05b-474e-b1fa-c0948ef3c5d3 | Completed: Task validation of semantic.
2019-06-06 09:23:13.752 22705 INFO rally.task.engine [-] Task e7a54803-d05b-474e-b1fa-c0948ef3c5d3 | Completed: Task validation.
2019-06-06 09:23:13.752 22705 INFO rally.api [-] Task e7a54803-d05b-474e-b1fa-c0948ef3c5d3 input file is valid.
2019-06-06 09:23:13.753 22705 INFO rally.api [-] Run Task e7a54803-d05b-474e-b1fa-c0948ef3c5d3 against Deployment 970493dc-efa4-4eb4-90d6-bc8c662a1710
2019-06-06 09:23:13.753 22705 INFO rally.task.engine [-] Task e7a54803-d05b-474e-b1fa-c0948ef3c5d3 | Starting: Running task.
2019-06-06 09:23:13.909 22705 INFO rally.task.engine [-] Running workload: position = 0 config = { "version": 2, "title": "A cropped version of a bigger task.", "description": "Auto-generated task from a single workload (uuid=0433183f-437c-4c6a-a10c-0268ccb04f2e)", "subtasks": [ { "title": "NeutronNetworks.create_and_list_networks", "description": "Check performance of list_networks action and ensure > network quotas are not exceeded", "scenario": { "NeutronNetworks.create_and_list_networks": {} }, "contexts": { "users": { "tenants": 1, "users_per_tenant": 1 }, "quotas": { "neutron": { "network": 119 } } }, "runner": { "constant": { "times": 100, "concurrency": 20 } }, "hooks": [], "sla": { "max_avg_duration_per_atomic": { "neutron.list_networks": 15 }, "failure_rate": { "max": 0 } } } ] }
2019-06-06 09:23:13.932 22705 RALLYDEBUG rally_openstack.contexts.keystone.users [-] Creating 1 tenants using 20 threads
2019-06-06 09:23:15.823 22705 RALLYDEBUG rally_openstack.contexts.keystone.users [-] Creating 1 users using 20 threads
2019-06-06 09:23:18.174 22705 INFO rally.task.context [-] Task e7a54803-d05b-474e-b1fa-c0948ef3c5d3 | Context users@openstack setup() finished in 4.24 sec
2019-06-06 09:23:18.897 22705 INFO rally.task.context [-] Task e7a54803-d05b-474e-b1fa-c0948ef3c5d3 | Context quotas@openstack setup() finished in 0.72 sec
2019-06-06 09:23:18.897 22705 INFO rally.task.context [-] Task e7a54803-d05b-474e-b1fa-c0948ef3c5d3 | Context cleanup@openstack setup() finished in 0.01 msec
2019-06-06 09:23:18.904 22705 RALLYDEBUG rally.task.runner [-] Starting the constant runner (task UUID: e7a54803-d05b-474e-b1fa-c0948ef3c5d3). timeout: 0 concurrency: 20 concurrency_per_worker: 1 times: 100 concurrency_overhead: 4 processes_to_start: 16 max_cpu_used: 16
2019-06-06 09:23:18.917 22829 RALLYDEBUG rally.task.runner [-] Starting a worker. concurrency: 2 args: {} times: 100 method_name: run timeout: 0 duration: None cls:
2019-06-06 09:23:18.919 22830 RALLYDEBUG rally.task.runner [-] Starting a worker. concurrency: 2 args: {} times: 100 method_name: run timeout: 0 duration: None cls:
2019-06-06 09:23:18.922 22831 RALLYDEBUG rally.task.runner [-] Starting a worker. concurrency: 2 args: {} times: 100 method_name: run timeout: 0 duration: None cls:
2019-06-06 09:23:18.925 22832 RALLYDEBUG rally.task.runner [-] Starting a worker. concurrency: 2 args: {} times: 100 method_name: run timeout: 0 duration: None cls:
2019-06-06 09:23:18.927 22829 INFO rally.task.runner [-] Task e7a54803-d05b-474e-b1fa-c0948ef3c5d3 | ITER: 1 START
2019-06-06 09:23:18.928 22834 RALLYDEBUG rally.task.runner [-] Starting a worker. concurrency: 1 args: {} times: 100 method_name: run timeout: 0 duration: None cls:
2019-06-06 09:23:18.929 22830 INFO rally.task.runner [-] Task e7a54803-d05b-474e-b1fa-c0948ef3c5d3 | ITER: 2 START
2019-06-06 09:23:18.931 22831 INFO rally.task.runner [-] Task e7a54803-d05b-474e-b1fa-c0948ef3c5d3 | ITER: 4 START
2019-06-06 09:23:18.931 22836 RALLYDEBUG rally.task.runner [-] Starting a worker. concurrency: 1 args: {} times: 100 method_name: run timeout: 0 duration: None cls:
2019-06-06 09:23:18.927 22829 INFO rally.task.runner [-] Task e7a54803-d05b-474e-b1fa-c0948ef3c5d3 | ITER: 3 START
2019-06-06 09:23:18.934 22843 RALLYDEBUG rally.task.runner [-] Starting a worker. concurrency: 1 args: {} times: 100 method_name: run timeout: 0 duration: None cls:
2019-06-06 09:23:18.930 22830 INFO rally.task.runner [-] Task e7a54803-d05b-474e-b1fa-c0948ef3c5d3 | ITER: 5 START
2019-06-06 09:23:18.935 22832 INFO rally.task.runner [-] Task e7a54803-d05b-474e-b1fa-c0948ef3c5d3 | ITER: 7 START
2019-06-06 09:23:18.933 22834 INFO rally.task.runner [-] Task e7a54803-d05b-474e-b1fa-c0948ef3c5d3 | ITER: 8 START
2019-06-06 09:23:18.937 22831 INFO rally.task.runner [-] Task e7a54803-d05b-474e-b1fa-c0948ef3c5d3 | ITER: 6 START
2019-06-06 09:23:18.941 22836 INFO rally.task.runner [-] Task e7a54803-d05b-474e-b1fa-c0948ef3c5d3 | ITER: 10 START
2019-06-06 09:23:18.935 22832 INFO rally.task.runner [-] Task e7a54803-d05b-474e-b1fa-c0948ef3c5d3 | ITER: 9 START
2019-06-06 09:23:18.943 22843 INFO rally.task.runner [-] Task e7a54803-d05b-474e-b1fa-c0948ef3c5d3 | ITER: 11 START
2019-06-06 09:23:18.945 22853 RALLYDEBUG rally.task.runner [-] Starting a worker. concurrency: 1 args: {} times: 100 method_name: run timeout: 0 duration: None cls:
2019-06-06 09:23:18.946 22846 RALLYDEBUG rally.task.runner [-] Starting a worker. concurrency: 1 args: {} times: 100 method_name: run timeout: 0 duration: None cls:
2019-06-06 09:23:18.953 22856 RALLYDEBUG rally.task.runner [-] Starting a worker. concurrency: 1 args: {} times: 100 method_name: run timeout: 0 duration: None cls:
2019-06-06 09:23:18.955 22857 RALLYDEBUG rally.task.runner [-] Starting a worker. concurrency: 1 args: {} times: 100 method_name: run timeout: 0 duration: None cls:
2019-06-06 09:23:18.957 22853 INFO rally.task.runner [-] Task e7a54803-d05b-474e-b1fa-c0948ef3c5d3 | ITER: 12 START
2019-06-06 09:23:18.961 22856 INFO rally.task.runner [-] Task e7a54803-d05b-474e-b1fa-c0948ef3c5d3 | ITER: 14 START
2019-06-06 09:23:18.962 22857 INFO rally.task.runner [-] Task e7a54803-d05b-474e-b1fa-c0948ef3c5d3 | ITER: 15 START
2019-06-06 09:23:18.964 22846 INFO rally.task.runner [-] Task e7a54803-d05b-474e-b1fa-c0948ef3c5d3 | ITER: 13 START
2019-06-06 09:23:18.966 22861 RALLYDEBUG rally.task.runner [-] Starting a worker. concurrency: 1 args: {} times: 100 method_name: run timeout: 0 duration: None cls:
2019-06-06 09:23:18.967 22867 RALLYDEBUG rally.task.runner [-] Starting a worker. concurrency: 1 args: {} times: 100 method_name: run timeout: 0 duration: None cls:
2019-06-06 09:23:18.973 22861 INFO rally.task.runner [-] Task e7a54803-d05b-474e-b1fa-c0948ef3c5d3 | ITER: 16 START
2019-06-06 09:23:18.973 22867 INFO rally.task.runner [-] Task e7a54803-d05b-474e-b1fa-c0948ef3c5d3 | ITER: 17 START
2019-06-06 09:23:18.974 22868 RALLYDEBUG rally.task.runner [-] Starting a worker. concurrency: 1 args: {} times: 100 method_name: run timeout: 0 duration: None cls:
2019-06-06 09:23:18.980 22868 INFO rally.task.runner [-] Task e7a54803-d05b-474e-b1fa-c0948ef3c5d3 | ITER: 18 START
2019-06-06 09:23:18.984 22874 RALLYDEBUG rally.task.runner [-] Starting a worker. concurrency: 1 args: {} times: 100 method_name: run timeout: 0 duration: None cls:
2019-06-06 09:23:18.984 22873 RALLYDEBUG rally.task.runner [-] Starting a worker. concurrency: 1 args: {} times: 100 method_name: run timeout: 0 duration: None cls:
2019-06-06 09:23:18.989 22874 INFO rally.task.runner [-] Task e7a54803-d05b-474e-b1fa-c0948ef3c5d3 | ITER: 19 START
2019-06-06 09:23:18.990 22873 INFO rally.task.runner [-] Task e7a54803-d05b-474e-b1fa-c0948ef3c5d3 | ITER: 20 START
2019-06-06 09:23:20.365 22830 INFO rally.task.runner [-] Task e7a54803-d05b-474e-b1fa-c0948ef3c5d3 | ITER: 5 END: OK
2019-06-06 09:23:20.368 22830 INFO rally.task.runner [-] Task e7a54803-d05b-474e-b1fa-c0948ef3c5d3 | ITER: 21 START
2019-06-06 09:23:20.838 22856 INFO rally.task.runner [-] Task e7a54803-d05b-474e-b1fa-c0948ef3c5d3 | ITER: 14 END: OK
2019-06-06 09:23:20.842 22856 INFO rally.task.runner [-] Task e7a54803-d05b-474e-b1fa-c0948ef3c5d3 | ITER: 22 START
2019-06-06 09:23:20.903 22829 INFO rally.task.runner [-] Task e7a54803-d05b-474e-b1fa-c0948ef3c5d3 | ITER: 1 END: OK
2019-06-06 09:23:20.907 22829 INFO rally.task.runner [-] Task e7a54803-d05b-474e-b1fa-c0948ef3c5d3 | ITER: 23 START
2019-06-06 09:23:21.102 22829 INFO rally.task.runner [-] Task e7a54803-d05b-474e-b1fa-c0948ef3c5d3 | ITER: 3 END: OK
2019-06-06 09:23:21.105 22829 INFO rally.task.runner [-] Task e7a54803-d05b-474e-b1fa-c0948ef3c5d3 | ITER: 24 START
2019-06-06 09:23:21.189 22843 INFO rally.task.runner [-] Task e7a54803-d05b-474e-b1fa-c0948ef3c5d3 | ITER: 11 END: OK
2019-06-06 09:23:21.192 22843 INFO rally.task.runner [-] Task e7a54803-d05b-474e-b1fa-c0948ef3c5d3 | ITER: 25 START
2019-06-06 09:23:21.585 22830 INFO rally.task.runner [-] Task e7a54803-d05b-474e-b1fa-c0948ef3c5d3 | ITER: 2 END: OK
2019-06-06 09:23:21.588 22830 INFO rally.task.runner [-] Task e7a54803-d05b-474e-b1fa-c0948ef3c5d3 | ITER: 26 START
2019-06-06 09:23:21.668 22836 INFO rally.task.runner [-] Task e7a54803-d05b-474e-b1fa-c0948ef3c5d3 | ITER: 10 END: OK
2019-06-06 09:23:21.673 22836 INFO rally.task.runner [-] Task e7a54803-d05b-474e-b1fa-c0948ef3c5d3 | ITER: 27 START
2019-06-06 09:23:21.929 22832 INFO rally.task.runner [-] Task e7a54803-d05b-474e-b1fa-c0948ef3c5d3 | ITER: 7 END: OK
2019-06-06 09:23:21.933 22832 INFO rally.task.runner [-] Task e7a54803-d05b-474e-b1fa-c0948ef3c5d3 | ITER: 28 START
2019-06-06 09:23:21.953 22831 INFO rally.task.runner [-] Task e7a54803-d05b-474e-b1fa-c0948ef3c5d3 | ITER: 6 END: OK
2019-06-06 09:23:21.957 22831 INFO rally.task.runner [-] Task e7a54803-d05b-474e-b1fa-c0948ef3c5d3 | ITER: 29 START
2019-06-06 09:23:21.965 22834 INFO rally.task.runner [-] Task e7a54803-d05b-474e-b1fa-c0948ef3c5d3 | ITER: 8 END: OK
2019-06-06 09:23:21.969 22834 INFO rally.task.runner [-] Task e7a54803-d05b-474e-b1fa-c0948ef3c5d3 | ITER: 30 START
2019-06-06 09:23:22.141 22832 INFO rally.task.runner [-] Task e7a54803-d05b-474e-b1fa-c0948ef3c5d3 | ITER: 9 END: OK
2019-06-06 09:23:22.144 22832 INFO rally.task.runner [-] Task e7a54803-d05b-474e-b1fa-c0948ef3c5d3 | ITER: 31 START
2019-06-06 09:23:22.485 22867 INFO rally.task.runner [-] Task e7a54803-d05b-474e-b1fa-c0948ef3c5d3 | ITER: 17 END: OK
2019-06-06 09:23:22.488 22867 INFO rally.task.runner [-] Task e7a54803-d05b-474e-b1fa-c0948ef3c5d3 | ITER: 32 START
2019-06-06 09:23:22.756 22873 INFO rally.task.runner [-] Task e7a54803-d05b-474e-b1fa-c0948ef3c5d3 | ITER: 20 END: OK
2019-06-06 09:23:22.759 22873 INFO rally.task.runner [-] Task e7a54803-d05b-474e-b1fa-c0948ef3c5d3 | ITER: 33 START
2019-06-06 09:23:22.969 22853 INFO rally.task.runner [-] Task e7a54803-d05b-474e-b1fa-c0948ef3c5d3 | ITER: 12 END: OK
2019-06-06 09:23:22.973 22831 INFO rally.task.runner [-] Task e7a54803-d05b-474e-b1fa-c0948ef3c5d3 | ITER: 4 END: OK
2019-06-06 09:23:22.973 22853 INFO rally.task.runner [-] Task e7a54803-d05b-474e-b1fa-c0948ef3c5d3 | ITER: 34 START
2019-06-06 09:23:22.977 22831 INFO rally.task.runner [-] Task e7a54803-d05b-474e-b1fa-c0948ef3c5d3 | ITER: 35 START
2019-06-06 09:23:23.133 22846 INFO rally.task.runner [-] Task e7a54803-d05b-474e-b1fa-c0948ef3c5d3 | ITER: 13 END: OK
2019-06-06 09:23:23.137 22857 INFO rally.task.runner [-] Task e7a54803-d05b-474e-b1fa-c0948ef3c5d3 | ITER: 15 END: OK
2019-06-06 09:23:23.138 22846 INFO rally.task.runner [-] Task e7a54803-d05b-474e-b1fa-c0948ef3c5d3 | ITER: 36 START
2019-06-06 09:23:23.141 22857 INFO rally.task.runner [-] Task e7a54803-d05b-474e-b1fa-c0948ef3c5d3 | ITER: 37 START
2019-06-06 09:23:23.305 22868 INFO rally.task.runner [-] Task e7a54803-d05b-474e-b1fa-c0948ef3c5d3 | ITER: 18 END: OK
2019-06-06 09:23:23.308 22868 INFO rally.task.runner [-] Task e7a54803-d05b-474e-b1fa-c0948ef3c5d3 | ITER: 38 START
2019-06-06 09:23:23.450 22874 INFO rally.task.runner [-] Task e7a54803-d05b-474e-b1fa-c0948ef3c5d3 | ITER: 19 END: OK
2019-06-06 09:23:23.454 22874 INFO rally.task.runner [-] Task e7a54803-d05b-474e-b1fa-c0948ef3c5d3 | ITER: 39 START
2019-06-06 09:23:23.660 22843 INFO rally.task.runner [-] Task e7a54803-d05b-474e-b1fa-c0948ef3c5d3 | ITER: 25 END: OK
2019-06-06 09:23:23.663 22843 INFO rally.task.runner [-] Task e7a54803-d05b-474e-b1fa-c0948ef3c5d3 | ITER: 40 START
2019-06-06 09:23:24.009 22829 INFO rally.task.runner [-] Task e7a54803-d05b-474e-b1fa-c0948ef3c5d3 | ITER: 24 END: OK
2019-06-06 09:23:24.012 22829 INFO rally.task.runner [-] Task e7a54803-d05b-474e-b1fa-c0948ef3c5d3 | ITER: 41 START
2019-06-06 09:23:24.263 22832 INFO rally.task.runner [-] Task e7a54803-d05b-474e-b1fa-c0948ef3c5d3 | ITER: 28 END: OK
2019-06-06 09:23:24.266 22832 INFO rally.task.runner [-] Task e7a54803-d05b-474e-b1fa-c0948ef3c5d3 | ITER: 42 START
2019-06-06 09:23:24.462 22861 INFO rally.task.runner [-] Task e7a54803-d05b-474e-b1fa-c0948ef3c5d3 | ITER: 16 END: OK
2019-06-06 09:23:24.466 22861 INFO rally.task.runner [-] Task e7a54803-d05b-474e-b1fa-c0948ef3c5d3 | ITER: 43 START
2019-06-06 09:23:24.675 22836 INFO rally.task.runner [-] Task e7a54803-d05b-474e-b1fa-c0948ef3c5d3 | ITER: 27 END: OK
2019-06-06 09:23:24.678 22836 INFO rally.task.runner [-] Task e7a54803-d05b-474e-b1fa-c0948ef3c5d3 | ITER: 44 START
2019-06-06 09:23:24.810 22830 INFO rally.task.runner [-] Task e7a54803-d05b-474e-b1fa-c0948ef3c5d3 | ITER: 21 END: OK
2019-06-06 09:23:24.813 22830 INFO rally.task.runner [-] Task e7a54803-d05b-474e-b1fa-c0948ef3c5d3 | ITER: 45 START
2019-06-06 09:23:24.909 22856 INFO rally.task.runner [-] Task e7a54803-d05b-474e-b1fa-c0948ef3c5d3 | ITER: 22 END: OK
2019-06-06 09:23:24.912 22856 INFO rally.task.runner [-] Task e7a54803-d05b-474e-b1fa-c0948ef3c5d3 | ITER: 46 START
2019-06-06 09:23:24.960 22829 INFO rally.task.runner [-] Task e7a54803-d05b-474e-b1fa-c0948ef3c5d3 | ITER: 23 END: OK
2019-06-06 09:23:24.964 22829 INFO rally.task.runner [-] Task e7a54803-d05b-474e-b1fa-c0948ef3c5d3 | ITER: 47 START
2019-06-06 09:23:25.185 22853 INFO rally.task.runner [-] Task e7a54803-d05b-474e-b1fa-c0948ef3c5d3 | ITER: 34 END: OK
2019-06-06 09:23:25.189 22853 INFO rally.task.runner [-] Task e7a54803-d05b-474e-b1fa-c0948ef3c5d3 | ITER: 48 START
2019-06-06 09:23:25.228 22857 INFO rally.task.runner [-] Task e7a54803-d05b-474e-b1fa-c0948ef3c5d3 | ITER: 37 END: OK
2019-06-06 09:23:25.232 22857 INFO rally.task.runner [-] Task e7a54803-d05b-474e-b1fa-c0948ef3c5d3 | ITER: 49 START
2019-06-06 09:23:25.295 22867 INFO rally.task.runner [-] Task e7a54803-d05b-474e-b1fa-c0948ef3c5d3 | ITER: 32 END: OK
2019-06-06 09:23:25.298 22867 INFO rally.task.runner [-] Task e7a54803-d05b-474e-b1fa-c0948ef3c5d3 | ITER: 50 START
2019-06-06 09:23:25.328 22831 INFO rally.task.runner [-] Task e7a54803-d05b-474e-b1fa-c0948ef3c5d3 | ITER: 35 END: OK
2019-06-06 09:23:25.332 22831 INFO rally.task.runner [-] Task e7a54803-d05b-474e-b1fa-c0948ef3c5d3 | ITER: 51 START
2019-06-06 09:23:25.463 22830 INFO rally.task.runner [-] Task e7a54803-d05b-474e-b1fa-c0948ef3c5d3 | ITER: 26 END: OK
2019-06-06 09:23:25.466 22830 INFO rally.task.runner [-] Task e7a54803-d05b-474e-b1fa-c0948ef3c5d3 | ITER: 52 START
2019-06-06 09:23:25.813 22874 INFO rally.task.runner [-] Task e7a54803-d05b-474e-b1fa-c0948ef3c5d3 | ITER: 39 END: OK
2019-06-06 09:23:25.817 22874 INFO rally.task.runner [-] Task e7a54803-d05b-474e-b1fa-c0948ef3c5d3 | ITER: 53 START
2019-06-06 09:23:25.890 22829 INFO rally.task.runner [-] Task e7a54803-d05b-474e-b1fa-c0948ef3c5d3 | ITER: 41 END: OK
2019-06-06 09:23:25.893 22829 INFO rally.task.runner [-] Task e7a54803-d05b-474e-b1fa-c0948ef3c5d3 | ITER: 54 START
2019-06-06 09:23:25.920 22846 INFO rally.task.runner [-] Task e7a54803-d05b-474e-b1fa-c0948ef3c5d3 | ITER: 36 END: OK
2019-06-06 09:23:25.923 22846 INFO rally.task.runner [-] Task e7a54803-d05b-474e-b1fa-c0948ef3c5d3 | ITER: 55 START
2019-06-06 09:23:25.944 22843 INFO rally.task.runner [-] Task e7a54803-d05b-474e-b1fa-c0948ef3c5d3 | ITER: 40 END: OK
2019-06-06 09:23:25.948 22843 INFO rally.task.runner [-] Task e7a54803-d05b-474e-b1fa-c0948ef3c5d3 | ITER: 56 START
2019-06-06 09:23:25.993 22832 INFO rally.task.runner [-] Task e7a54803-d05b-474e-b1fa-c0948ef3c5d3 | ITER: 31 END: OK
2019-06-06 09:23:25.996 22832 INFO rally.task.runner [-] Task e7a54803-d05b-474e-b1fa-c0948ef3c5d3 | ITER: 57 START
2019-06-06 09:23:26.113 22868 INFO rally.task.runner [-] Task e7a54803-d05b-474e-b1fa-c0948ef3c5d3 | ITER: 38 END: OK
2019-06-06 09:23:26.116 22868 INFO rally.task.runner [-] Task e7a54803-d05b-474e-b1fa-c0948ef3c5d3 | ITER: 58 START
2019-06-06 09:23:26.208 22873 INFO rally.task.runner [-] Task e7a54803-d05b-474e-b1fa-c0948ef3c5d3 | ITER: 33 END: OK
2019-06-06 09:23:26.212 22873 INFO rally.task.runner [-] Task e7a54803-d05b-474e-b1fa-c0948ef3c5d3 | ITER: 59 START
2019-06-06 09:23:26.372 22832 INFO rally.task.runner [-] Task e7a54803-d05b-474e-b1fa-c0948ef3c5d3 | ITER: 42 END: OK
2019-06-06 09:23:26.375 22832 INFO rally.task.runner [-] Task e7a54803-d05b-474e-b1fa-c0948ef3c5d3 | ITER: 60 START
2019-06-06 09:23:26.583 22831 INFO rally.task.runner [-] Task e7a54803-d05b-474e-b1fa-c0948ef3c5d3 | ITER: 29 END: OK
2019-06-06 09:23:26.586 22831 INFO rally.task.runner [-] Task e7a54803-d05b-474e-b1fa-c0948ef3c5d3 | ITER: 61 START
2019-06-06 09:23:26.673 22836 INFO rally.task.runner [-] Task e7a54803-d05b-474e-b1fa-c0948ef3c5d3 | ITER: 44 END: OK
2019-06-06 09:23:26.676 22836 INFO rally.task.runner [-] Task e7a54803-d05b-474e-b1fa-c0948ef3c5d3 | ITER: 62 START
2019-06-06 09:23:26.935 22861 INFO rally.task.runner [-] Task e7a54803-d05b-474e-b1fa-c0948ef3c5d3 | ITER: 43 END: OK
2019-06-06 09:23:26.938 22861 INFO rally.task.runner [-] Task e7a54803-d05b-474e-b1fa-c0948ef3c5d3 | ITER: 63 START
2019-06-06 09:23:27.134 22829 INFO rally.task.runner [-] Task e7a54803-d05b-474e-b1fa-c0948ef3c5d3 | ITER: 47 END: OK
2019-06-06 09:23:27.136 22829 INFO rally.task.runner [-] Task e7a54803-d05b-474e-b1fa-c0948ef3c5d3 | ITER: 64 START
2019-06-06 09:23:27.175 22856 INFO rally.task.runner [-] Task e7a54803-d05b-474e-b1fa-c0948ef3c5d3 | ITER: 46 END: OK
2019-06-06 09:23:27.177 22830 INFO rally.task.runner [-] Task e7a54803-d05b-474e-b1fa-c0948ef3c5d3 | ITER: 45 END: OK
2019-06-06 09:23:27.177 22856 INFO rally.task.runner [-] Task e7a54803-d05b-474e-b1fa-c0948ef3c5d3 | ITER: 65 START
2019-06-06 09:23:27.180 22830 INFO rally.task.runner [-] Task e7a54803-d05b-474e-b1fa-c0948ef3c5d3 | ITER: 66 START
2019-06-06 09:23:27.240 22834 INFO rally.task.runner [-] Task e7a54803-d05b-474e-b1fa-c0948ef3c5d3 | ITER: 30 END: OK
2019-06-06 09:23:27.243 22834 INFO rally.task.runner [-] Task e7a54803-d05b-474e-b1fa-c0948ef3c5d3 | ITER: 67 START
2019-06-06 09:23:27.547 22853 INFO rally.task.runner [-] Task e7a54803-d05b-474e-b1fa-c0948ef3c5d3 | ITER: 48 END: OK
2019-06-06 09:23:27.550 22853 INFO rally.task.runner [-] Task e7a54803-d05b-474e-b1fa-c0948ef3c5d3 | ITER: 68 START
2019-06-06 09:23:27.643 22831 INFO rally.task.runner [-] Task e7a54803-d05b-474e-b1fa-c0948ef3c5d3 | ITER: 51 END: OK
2019-06-06 09:23:27.645 22831 INFO rally.task.runner [-] Task e7a54803-d05b-474e-b1fa-c0948ef3c5d3 | ITER: 69 START
2019-06-06 09:23:27.654 22830 INFO rally.task.runner [-] Task e7a54803-d05b-474e-b1fa-c0948ef3c5d3 | ITER: 52 END: OK
2019-06-06 09:23:27.657 22830 INFO rally.task.runner [-] Task e7a54803-d05b-474e-b1fa-c0948ef3c5d3 | ITER: 70 START
2019-06-06 09:23:27.884 22867 INFO rally.task.runner [-] Task e7a54803-d05b-474e-b1fa-c0948ef3c5d3 | ITER: 50 END: OK
2019-06-06 09:23:27.886 22867 INFO rally.task.runner [-] Task e7a54803-d05b-474e-b1fa-c0948ef3c5d3 | ITER: 71 START
2019-06-06 09:23:28.102 22857 INFO rally.task.runner [-] Task e7a54803-d05b-474e-b1fa-c0948ef3c5d3 | ITER: 49 END: OK
2019-06-06 09:23:28.105 22857 INFO rally.task.runner [-] Task e7a54803-d05b-474e-b1fa-c0948ef3c5d3 | ITER: 72 START
2019-06-06 09:23:28.162 22829 INFO rally.task.runner [-] Task e7a54803-d05b-474e-b1fa-c0948ef3c5d3 | ITER: 54 END: OK
2019-06-06 09:23:28.165 22829 INFO rally.task.runner [-] Task e7a54803-d05b-474e-b1fa-c0948ef3c5d3 | ITER: 73 START
2019-06-06 09:23:28.321 22874 INFO rally.task.runner [-] Task e7a54803-d05b-474e-b1fa-c0948ef3c5d3 | ITER: 53 END: OK
2019-06-06 09:23:28.324 22874 INFO rally.task.runner [-] Task e7a54803-d05b-474e-b1fa-c0948ef3c5d3 | ITER: 74 START
2019-06-06 09:23:28.339 22832 INFO rally.task.runner [-] Task e7a54803-d05b-474e-b1fa-c0948ef3c5d3 | ITER: 60 END: OK
2019-06-06 09:23:28.342 22832 INFO rally.task.runner [-] Task e7a54803-d05b-474e-b1fa-c0948ef3c5d3 | ITER: 75 START
2019-06-06 09:23:28.396 22873 INFO rally.task.runner [-] Task e7a54803-d05b-474e-b1fa-c0948ef3c5d3 | ITER: 59 END: OK
2019-06-06 09:23:28.400 22873 INFO rally.task.runner [-] Task e7a54803-d05b-474e-b1fa-c0948ef3c5d3 | ITER: 76 START
2019-06-06 09:23:28.554 22846 INFO rally.task.runner [-] Task e7a54803-d05b-474e-b1fa-c0948ef3c5d3 | ITER: 55 END: OK
2019-06-06 09:23:28.558 22846 INFO rally.task.runner [-] Task e7a54803-d05b-474e-b1fa-c0948ef3c5d3 | ITER: 77 START
2019-06-06 09:23:28.607 22868 INFO rally.task.runner [-] Task e7a54803-d05b-474e-b1fa-c0948ef3c5d3 | ITER: 58 END: OK
2019-06-06 09:23:28.610 22831 INFO rally.task.runner [-] Task e7a54803-d05b-474e-b1fa-c0948ef3c5d3 | ITER: 61 END: OK
2019-06-06 09:23:28.610 22868 INFO rally.task.runner [-] Task e7a54803-d05b-474e-b1fa-c0948ef3c5d3 | ITER: 78 START
2019-06-06 09:23:28.613 22831 INFO rally.task.runner [-] Task e7a54803-d05b-474e-b1fa-c0948ef3c5d3 | ITER: 79 START
2019-06-06 09:23:28.685 22832 INFO rally.task.runner [-] Task e7a54803-d05b-474e-b1fa-c0948ef3c5d3 | ITER: 57 END: OK
2019-06-06 09:23:28.688 22832 INFO rally.task.runner [-] Task e7a54803-d05b-474e-b1fa-c0948ef3c5d3 | ITER: 80 START
2019-06-06 09:23:29.191 22861 INFO rally.task.runner [-] Task e7a54803-d05b-474e-b1fa-c0948ef3c5d3 | ITER: 63 END: OK
2019-06-06 09:23:29.194 22861 INFO rally.task.runner [-] Task e7a54803-d05b-474e-b1fa-c0948ef3c5d3 | ITER: 81 START
2019-06-06 09:23:29.739 22856 INFO rally.task.runner [-] Task e7a54803-d05b-474e-b1fa-c0948ef3c5d3 | ITER: 65 END: OK
2019-06-06 09:23:29.742 22856 INFO rally.task.runner [-] Task e7a54803-d05b-474e-b1fa-c0948ef3c5d3 | ITER: 82 START
2019-06-06 09:23:29.744 22830 INFO rally.task.runner [-] Task e7a54803-d05b-474e-b1fa-c0948ef3c5d3 | ITER: 66 END: OK
2019-06-06 09:23:29.747 22830 INFO rally.task.runner [-] Task e7a54803-d05b-474e-b1fa-c0948ef3c5d3 | ITER: 83 START
2019-06-06 09:23:29.749 22834 INFO rally.task.runner [-] Task e7a54803-d05b-474e-b1fa-c0948ef3c5d3 | ITER: 67 END: OK
2019-06-06 09:23:29.753 22834 INFO rally.task.runner [-] Task e7a54803-d05b-474e-b1fa-c0948ef3c5d3 | ITER: 84 START
2019-06-06 09:23:29.756 22853 INFO rally.task.runner [-] Task e7a54803-d05b-474e-b1fa-c0948ef3c5d3 | ITER: 68 END: OK
2019-06-06 09:23:29.760 22853 INFO rally.task.runner [-] Task e7a54803-d05b-474e-b1fa-c0948ef3c5d3 | ITER: 85 START
2019-06-06 09:23:29.779 22843 INFO rally.task.runner [-] Task e7a54803-d05b-474e-b1fa-c0948ef3c5d3 | ITER: 56 END: OK
2019-06-06 09:23:29.782 22843 INFO rally.task.runner [-] Task e7a54803-d05b-474e-b1fa-c0948ef3c5d3 | ITER: 86 START
2019-06-06 09:23:29.797 22829 INFO rally.task.runner [-] Task e7a54803-d05b-474e-b1fa-c0948ef3c5d3 | ITER: 64 END: OK
2019-06-06 09:23:29.800 22829 INFO rally.task.runner [-] Task e7a54803-d05b-474e-b1fa-c0948ef3c5d3 | ITER: 87 START
2019-06-06 09:23:30.213 22836 INFO rally.task.runner [-] Task e7a54803-d05b-474e-b1fa-c0948ef3c5d3 | ITER: 62 END: OK
2019-06-06 09:23:30.216 22836 INFO rally.task.runner [-] Task e7a54803-d05b-474e-b1fa-c0948ef3c5d3 | ITER: 88 START
2019-06-06 09:23:30.459 22831 INFO rally.task.runner [-] Task e7a54803-d05b-474e-b1fa-c0948ef3c5d3 | ITER: 69 END: OK
2019-06-06 09:23:30.463 22831 INFO rally.task.runner [-] Task e7a54803-d05b-474e-b1fa-c0948ef3c5d3 | ITER: 89 START
2019-06-06 09:23:30.616 22857 INFO rally.task.runner [-] Task e7a54803-d05b-474e-b1fa-c0948ef3c5d3 | ITER: 72 END: OK
2019-06-06 09:23:30.619 22857 INFO rally.task.runner [-] Task e7a54803-d05b-474e-b1fa-c0948ef3c5d3 | ITER: 90 START
2019-06-06 09:23:30.687 22830 INFO rally.task.runner [-] Task e7a54803-d05b-474e-b1fa-c0948ef3c5d3 | ITER: 70 END: OK
2019-06-06 09:23:30.690 22830 INFO rally.task.runner [-] Task e7a54803-d05b-474e-b1fa-c0948ef3c5d3 | ITER: 91 START
2019-06-06 09:23:30.754 22829 INFO rally.task.runner [-] Task e7a54803-d05b-474e-b1fa-c0948ef3c5d3 | ITER: 73 END: OK
2019-06-06 09:23:30.758 22829 INFO rally.task.runner [-] Task e7a54803-d05b-474e-b1fa-c0948ef3c5d3 | ITER: 92 START
2019-06-06 09:23:30.793 22867 INFO rally.task.runner [-] Task e7a54803-d05b-474e-b1fa-c0948ef3c5d3 | ITER: 71 END: OK
2019-06-06 09:23:30.796 22867 INFO rally.task.runner [-] Task e7a54803-d05b-474e-b1fa-c0948ef3c5d3 | ITER: 93 START
2019-06-06 09:23:31.067 22832 INFO rally.task.runner [-] Task e7a54803-d05b-474e-b1fa-c0948ef3c5d3 | ITER: 75 END: OK
2019-06-06 09:23:31.071 22832 INFO rally.task.runner [-] Task e7a54803-d05b-474e-b1fa-c0948ef3c5d3 | ITER: 94 START
2019-06-06 09:23:31.205 22874 INFO rally.task.runner [-] Task e7a54803-d05b-474e-b1fa-c0948ef3c5d3 | ITER: 74 END: OK
2019-06-06 09:23:31.208 22874 INFO rally.task.runner [-] Task e7a54803-d05b-474e-b1fa-c0948ef3c5d3 | ITER: 95 START
2019-06-06 09:23:31.331 22846 INFO rally.task.runner [-] Task e7a54803-d05b-474e-b1fa-c0948ef3c5d3 | ITER: 77 END: OK
2019-06-06 09:23:31.335 22846 INFO rally.task.runner [-] Task e7a54803-d05b-474e-b1fa-c0948ef3c5d3 | ITER: 96 START
2019-06-06 09:23:31.348 22832 INFO rally.task.runner [-] Task e7a54803-d05b-474e-b1fa-c0948ef3c5d3 | ITER: 80 END: OK
2019-06-06 09:23:31.352 22832 INFO rally.task.runner [-] Task e7a54803-d05b-474e-b1fa-c0948ef3c5d3 | ITER: 97 START
2019-06-06 09:23:31.972 22861 INFO rally.task.runner [-] Task e7a54803-d05b-474e-b1fa-c0948ef3c5d3 | ITER: 81 END: OK
2019-06-06 09:23:31.975 22861 INFO rally.task.runner [-] Task e7a54803-d05b-474e-b1fa-c0948ef3c5d3 | ITER: 98 START
2019-06-06 09:23:32.048 22831 INFO rally.task.runner [-] Task e7a54803-d05b-474e-b1fa-c0948ef3c5d3 | ITER: 89 END: OK
2019-06-06 09:23:32.051 22831 INFO rally.task.runner [-] Task e7a54803-d05b-474e-b1fa-c0948ef3c5d3 | ITER: 99 START
2019-06-06 09:23:32.217 22831 INFO rally.task.runner [-] Task e7a54803-d05b-474e-b1fa-c0948ef3c5d3 | ITER: 79 END: OK
2019-06-06 09:23:32.220 22831 INFO rally.task.runner [-] Task e7a54803-d05b-474e-b1fa-c0948ef3c5d3 | ITER: 100 START
2019-06-06 09:23:32.222 22873 INFO rally.task.runner [-] Task e7a54803-d05b-474e-b1fa-c0948ef3c5d3 | ITER: 76 END: OK
2019-06-06 09:23:32.222 22868 INFO rally.task.runner [-] Task e7a54803-d05b-474e-b1fa-c0948ef3c5d3 | ITER: 78 END: OK
2019-06-06 09:23:32.354 22853 INFO rally.task.runner [-] Task e7a54803-d05b-474e-b1fa-c0948ef3c5d3 | ITER: 85 END: OK
2019-06-06 09:23:32.491 22830 INFO rally.task.runner [-] Task e7a54803-d05b-474e-b1fa-c0948ef3c5d3 | ITER: 83 END: OK
2019-06-06 09:23:32.496 22836 INFO rally.task.runner [-] Task e7a54803-d05b-474e-b1fa-c0948ef3c5d3 | ITER: 88 END: OK
2019-06-06 09:23:32.559 22834 INFO rally.task.runner [-] Task e7a54803-d05b-474e-b1fa-c0948ef3c5d3 | ITER: 84 END: OK
2019-06-06 09:23:32.731 22856 INFO rally.task.runner [-] Task e7a54803-d05b-474e-b1fa-c0948ef3c5d3 | ITER: 82 END: OK
2019-06-06 09:23:32.853 22832 INFO rally.task.runner [-] Task e7a54803-d05b-474e-b1fa-c0948ef3c5d3 | ITER: 97 END: OK
2019-06-06 09:23:32.893 22846 INFO rally.task.runner [-] Task e7a54803-d05b-474e-b1fa-c0948ef3c5d3 | ITER: 96 END: OK
2019-06-06 09:23:32.914 22857 INFO rally.task.runner [-] Task e7a54803-d05b-474e-b1fa-c0948ef3c5d3 | ITER: 90 END: OK
2019-06-06 09:23:32.963 22832 INFO rally.task.runner [-] Task e7a54803-d05b-474e-b1fa-c0948ef3c5d3 | ITER: 94 END: OK
2019-06-06 09:23:33.171 22874 INFO rally.task.runner [-] Task e7a54803-d05b-474e-b1fa-c0948ef3c5d3 | ITER: 95 END: OK
2019-06-06 09:23:33.220 22830 INFO rally.task.runner [-] Task e7a54803-d05b-474e-b1fa-c0948ef3c5d3 | ITER: 91 END: OK
2019-06-06 09:23:33.377 22829 INFO rally.task.runner [-] Task e7a54803-d05b-474e-b1fa-c0948ef3c5d3 | ITER: 87 END: OK
2019-06-06 09:23:33.412 22861 INFO rally.task.runner [-] Task e7a54803-d05b-474e-b1fa-c0948ef3c5d3 | ITER: 98 END: OK
2019-06-06 09:23:33.421 22829 INFO rally.task.runner [-] Task e7a54803-d05b-474e-b1fa-c0948ef3c5d3 | ITER: 92 END: OK
2019-06-06 09:23:33.645 22867 INFO rally.task.runner [-] Task e7a54803-d05b-474e-b1fa-c0948ef3c5d3 | ITER: 93 END: OK
2019-06-06 09:23:33.668 22843 INFO rally.task.runner [-] Task e7a54803-d05b-474e-b1fa-c0948ef3c5d3 | ITER: 86 END: OK
2019-06-06 09:23:33.835 22831 INFO rally.task.runner [-] Task e7a54803-d05b-474e-b1fa-c0948ef3c5d3 | ITER: 100 END: OK
2019-06-06 09:23:33.879 22831 INFO rally.task.runner [-] Task e7a54803-d05b-474e-b1fa-c0948ef3c5d3 | ITER: 99 END: OK
2019-06-06 09:23:33.903 22705 INFO rally.task.context [-] Task e7a54803-d05b-474e-b1fa-c0948ef3c5d3 | Context cleanup@openstack cleanup() started
2019-06-06 09:23:33.906 22705 RALLYDEBUG rally_openstack.cleanup.manager [-] Cleaning up neutron vip objects
2019-06-06 09:23:34.527 22705 RALLYDEBUG rally_openstack.cleanup.manager [-] Cleaning up neutron health_monitor objects
2019-06-06 09:23:35.148 22705 RALLYDEBUG rally_openstack.cleanup.manager [-] Cleaning up neutron pool objects
2019-06-06 09:23:35.775 22705 RALLYDEBUG rally_openstack.cleanup.manager [-] Cleaning up neutron loadbalancer objects
2019-06-06 09:23:36.380 22705 RALLYDEBUG rally_openstack.cleanup.manager [-] Cleaning up neutron floatingip objects
2019-06-06 09:23:37.036 22705 RALLYDEBUG rally_openstack.cleanup.manager [-] Cleaning up neutron port objects
2019-06-06 09:23:37.754 22705 RALLYDEBUG rally_openstack.cleanup.manager [-] Cleaning up neutron subnet objects
2019-06-06 09:23:38.409 22705 RALLYDEBUG rally_openstack.cleanup.manager [-] Cleaning up neutron network objects
2019-06-06 09:23:39.445 22705 RALLYDEBUG rally_openstack.cleanup.manager [-] Deleting neutron.network object s_rally_0433183f_PBmKJr4q (027d6f3d-95b5-4a5c-bbfc-f9072f57a1b7)
2019-06-06 09:23:39.446 22705 RALLYDEBUG rally_openstack.cleanup.manager [-] Deleting neutron.network object s_rally_0433183f_ANrOSBVa (10cccc6b-6547-4629-9f5d-43869113c42e)
2019-06-06 09:23:39.448 22705 RALLYDEBUG rally_openstack.cleanup.manager [-] Deleting neutron.network object s_rally_0433183f_G0K1y9rs (0346382e-ad18-4d93-bb5c-5e012a2d048b)
2019-06-06 09:23:39.452 22705 RALLYDEBUG rally_openstack.cleanup.manager [-] Deleting neutron.network object s_rally_0433183f_QWaIvQTw (256c9bc4-8883-44c6-b115-4d6123c1f9b1)
2019-06-06 09:23:39.456 22705 RALLYDEBUG rally_openstack.cleanup.manager [-] Deleting neutron.network object s_rally_0433183f_e8ml3dSM (0831fcb1-ebd0-453b-99c4-34e63d51805c)
2019-06-06 09:23:39.461 22705 RALLYDEBUG rally_openstack.cleanup.manager [-] Deleting neutron.network object s_rally_0433183f_hiGSJ5WN (28b30873-08c7-4568-9abf-cd732a4df4ac)
2019-06-06 09:23:39.473 22705 RALLYDEBUG rally_openstack.cleanup.manager [-] Deleting neutron.network object s_rally_0433183f_z3rQqSed (050c07e5-4a69-43f8-91dd-c1248939237e)
2019-06-06 09:23:39.473 22705 RALLYDEBUG rally_openstack.cleanup.manager [-] Deleting neutron.network object s_rally_0433183f_xHoAXuCY (15e70528-c38b-419e-9bfc-78932637ca03)
2019-06-06 09:23:39.475 22705 RALLYDEBUG rally_openstack.cleanup.manager [-] Deleting neutron.network object s_rally_0433183f_X0bnnetn (1d322853-4f2d-471d-a33b-8d40d9bd8c32)
2019-06-06 09:23:39.481 22705 RALLYDEBUG rally_openstack.cleanup.manager [-] Deleting neutron.network object s_rally_0433183f_oRw8hpuv (2aca6134-a30c-4917-9bec-6c128228e156)
2019-06-06 09:23:39.486 22705 RALLYDEBUG rally_openstack.cleanup.manager [-] Deleting neutron.network object s_rally_0433183f_ClUIKoVG (2f57b29b-c37e-4a4f-bbc8-a9defd729cc2)
2019-06-06 09:23:39.496 22705 RALLYDEBUG rally_openstack.cleanup.manager [-] Deleting neutron.network object s_rally_0433183f_JeXpjY97 (36527902-8784-41e3-b3a5-46a46ebca8d3)
2019-06-06 09:23:39.532 22705 RALLYDEBUG rally_openstack.cleanup.manager [-] Deleting neutron.network object s_rally_0433183f_RFCfR7d1 (38b4347d-af56-464c-9ab3-3b2356991fbc)
2019-06-06 09:23:39.568 22705 RALLYDEBUG rally_openstack.cleanup.manager [-] Deleting neutron.network object s_rally_0433183f_vbOSlCaU (3d5ae98f-52ed-4779-b64b-75ca1593bdef)
2019-06-06 09:23:39.577 22705 RALLYDEBUG rally_openstack.cleanup.manager [-] Deleting neutron.network object s_rally_0433183f_LHU5FnQP (3f82eddb-cbf9-4816-a23f-5e75013aaa80)
2019-06-06 09:23:39.591 22705 RALLYDEBUG rally_openstack.cleanup.manager [-] Deleting neutron.network object s_rally_0433183f_uokYTw5I (42ec5920-324c-44df-8f38-e66205c6564b)
2019-06-06 09:23:39.594 22705 RALLYDEBUG rally_openstack.cleanup.manager [-] Deleting neutron.network object s_rally_0433183f_vpx989ms (4345cdc4-87ca-42c2-8522-ecfa4920efec)
2019-06-06 09:23:39.630 22705 RALLYDEBUG rally_openstack.cleanup.manager [-] Deleting neutron.network object s_rally_0433183f_tbfZ7cnN (43df5736-5c86-42bb-b26b-01fee4d22134)
2019-06-06 09:23:39.641 22705 RALLYDEBUG rally_openstack.cleanup.manager [-] Deleting neutron.network object s_rally_0433183f_YCOumyDK (4bb04107-f966-4bc6-8e0f-01d6b76ab05d)
2019-06-06 09:23:39.645 22705 RALLYDEBUG rally_openstack.cleanup.manager [-] Deleting neutron.network object s_rally_0433183f_vGsXEwrf (4af0b024-9fb4-4b0d-8c0f-3eb6ff26b225)
2019-06-06 09:23:43.130 22705 RALLYDEBUG rally_openstack.cleanup.manager [-] Deleting neutron.network object s_rally_0433183f_LW1PnxFx (4bf11038-aa4d-4882-b06a-0aedc8999354)
2019-06-06 09:23:43.831 22705 RALLYDEBUG rally_openstack.cleanup.manager [-] Deleting neutron.network object s_rally_0433183f_WD3y8qKd (4f8d3b60-9b93-4e3f-a295-70f9807f12ac)
2019-06-06 09:23:44.263 22705 RALLYDEBUG rally_openstack.cleanup.manager [-] Deleting neutron.network object s_rally_0433183f_yl3G76ek (51391269-8d58-4182-8153-db4c3f50064a)
2019-06-06 09:23:44.283 22705 RALLYDEBUG rally_openstack.cleanup.manager [-] Deleting neutron.network object s_rally_0433183f_JiY84lCu (51990b86-5c0c-4a73-8028-a5deb4ab7bf3)
2019-06-06 09:23:44.808 22705 RALLYDEBUG rally_openstack.cleanup.manager [-] Deleting neutron.network object s_rally_0433183f_2B1wdbd9 (523806c9-7298-4626-b287-3e5218add1c0)
2019-06-06 09:23:45.166 22705 RALLYDEBUG rally_openstack.cleanup.manager [-] Deleting neutron.network object s_rally_0433183f_ryST88mD (53f7f6ea-0db0-4ea6-b765-49dcd93a27aa)
2019-06-06 09:23:45.433 22705 RALLYDEBUG rally_openstack.cleanup.manager [-] Deleting neutron.network object s_rally_0433183f_CEoMcJZW (55958882-307f-4b93-b112-a7a2a5873fa1)
2019-06-06 09:23:45.469 22705 RALLYDEBUG rally_openstack.cleanup.manager [-] Deleting neutron.network object s_rally_0433183f_dr3hdud0 (56d60775-c3bf-42ac-92d8-2f9e0f20916a)
2019-06-06 09:23:45.473 22705 RALLYDEBUG rally_openstack.cleanup.manager [-] Deleting neutron.network object s_rally_0433183f_Z3Jsv82f (5c2b2514-9222-4cf9-b593-510c1b32a346)
2019-06-06 09:23:45.614 22705 RALLYDEBUG rally_openstack.cleanup.manager [-] Deleting neutron.network object s_rally_0433183f_sn8Ivcvw (5cbcb42c-c11d-4002-9732-fb05910f7ad3)
2019-06-06 09:23:45.645 22705 RALLYDEBUG rally_openstack.cleanup.manager [-] Deleting neutron.network object s_rally_0433183f_YxNjouGO (6154cfda-43fe-48d8-8781-5b0ebf57eab0)
2019-06-06 09:23:45.754 22705 RALLYDEBUG rally_openstack.cleanup.manager [-] Deleting neutron.network object s_rally_0433183f_Sk88Yn8t (66088f12-3ba2-4055-bf65-e522ae7af390)
2019-06-06 09:23:45.791 22705 RALLYDEBUG rally_openstack.cleanup.manager [-] Deleting neutron.network object s_rally_0433183f_dvCWYkPC (67192606-2304-4575-8342-45b68f967e07)
2019-06-06 09:23:45.798 22705 RALLYDEBUG rally_openstack.cleanup.manager [-] Deleting neutron.network object s_rally_0433183f_PiFZ5K8i (6f612087-ae6c-4c6d-b627-37c0728b79b8)
2019-06-06 09:23:45.888 22705 RALLYDEBUG rally_openstack.cleanup.manager [-] Deleting neutron.network object s_rally_0433183f_eAPJ5tAw (71b8d003-470b-42bc-b2b2-c427073548e1)
2019-06-06 09:23:46.093 22705 RALLYDEBUG rally_openstack.cleanup.manager [-] Deleting neutron.network object s_rally_0433183f_OK0HQXPI (7586555e-012d-4240-8a23-45fe859e62d0)
2019-06-06 09:23:46.094 22705 RALLYDEBUG rally_openstack.cleanup.manager [-] Deleting neutron.network object s_rally_0433183f_5CWDVzLq (760e70ca-b3da-4a24-9caf-c6f61918c365)
2019-06-06 09:23:46.110 22705 RALLYDEBUG rally_openstack.cleanup.manager [-] Deleting neutron.network object s_rally_0433183f_2kpt4i2I (7b83df77-91a6-47bc-8792-d54cc9dee08d)
2019-06-06 09:23:46.253 22705 RALLYDEBUG rally_openstack.cleanup.manager [-] Deleting neutron.network object s_rally_0433183f_1MBbEQZa (7cdcb475-cec1-41aa-9758-75d3d45a3fe8)
2019-06-06 09:23:46.267 22705 RALLYDEBUG rally_openstack.cleanup.manager [-] Deleting neutron.network object s_rally_0433183f_b6l5JYy4 (7d26d446-2cb2-4798-896e-bae337650216)
2019-06-06 09:23:46.386 22705 RALLYDEBUG rally_openstack.cleanup.manager [-] Deleting neutron.network object s_rally_0433183f_SS811GCM (7d46e695-d4b3-43c3-ae12-03dbe4717113)
2019-06-06 09:23:46.498 22705 RALLYDEBUG rally_openstack.cleanup.manager [-] Deleting neutron.network object s_rally_0433183f_Btv2UTlD (7dc95b3f-b013-4dbe-ad9b-9789da930427)
2019-06-06 09:23:46.730 22705 RALLYDEBUG rally_openstack.cleanup.manager [-] Deleting neutron.network object s_rally_0433183f_VCm8WBHJ (7e7b2a18-7dd8-41dd-a23e-b23b366eb8fb)
2019-06-06 09:23:47.155 22705 RALLYDEBUG rally_openstack.cleanup.manager [-] Deleting neutron.network object s_rally_0433183f_zXE9rcms (7ee75c9b-d64d-481e-bba5-468460674561)
2019-06-06 09:23:47.881 22705 RALLYDEBUG rally_openstack.cleanup.manager [-] Deleting neutron.network object s_rally_0433183f_qXK9zt1V (85aa8e4e-52ae-4a80-bcf1-13254ed4b3b0)
2019-06-06 09:23:48.009 22705 RALLYDEBUG rally_openstack.cleanup.manager [-] Deleting neutron.network object s_rally_0433183f_HawheI0X (869232b3-5d35-4fab-accd-86571049ecc9)
2019-06-06 09:23:48.938 22705 RALLYDEBUG rally_openstack.cleanup.manager [-] Deleting neutron.network object s_rally_0433183f_qx0pHMvQ (870873c2-056b-4e38-96a1-3dcdfe745e51)
2019-06-06 09:23:49.073 22705 RALLYDEBUG rally_openstack.cleanup.manager [-] Deleting neutron.network object s_rally_0433183f_lVL8et5E (87b68f03-de35-4357-ba52-3e8494389488)
2019-06-06 09:23:49.179 22705 RALLYDEBUG rally_openstack.cleanup.manager [-] Deleting neutron.network object s_rally_0433183f_elCkVwqe (87c78ded-6a36-4b41-8787-a996bc5b175e)
2019-06-06 09:23:49.266 22705 RALLYDEBUG rally_openstack.cleanup.manager [-] Deleting neutron.network object s_rally_0433183f_PVStxSNg (8840870b-16ad-41de-bb33-d941988dd3dd)
2019-06-06 09:23:49.289 22705 RALLYDEBUG rally_openstack.cleanup.manager [-] Deleting neutron.network object s_rally_0433183f_M8LDDeRq (8cbd47fb-adbc-4d37-bc8c-82bcf6e72fb0)
2019-06-06 09:23:49.506 22705 RALLYDEBUG rally_openstack.cleanup.manager [-] Deleting neutron.network object s_rally_0433183f_tnL64fWn (90473f70-f5a5-475c-bc70-c53b733d9102)
2019-06-06 09:23:49.587 22705 RALLYDEBUG rally_openstack.cleanup.manager [-] Deleting neutron.network object s_rally_0433183f_WlTtlGqi (94fdae32-7573-4d97-ae0a-d12a7b70954d)
2019-06-06 09:23:49.915 22705 RALLYDEBUG rally_openstack.cleanup.manager [-] Deleting neutron.network object s_rally_0433183f_8X90JxSE (95409571-dd4f-46de-b1a8-2b1a6dda30b6)
2019-06-06 09:23:50.168 22705 RALLYDEBUG rally_openstack.cleanup.manager [-] Deleting neutron.network object s_rally_0433183f_4sJfoBvV (9597f71f-ce1b-49ae-8c90-3b96423e764a)
2019-06-06 09:23:50.390 22705 RALLYDEBUG rally_openstack.cleanup.manager [-] Deleting neutron.network object s_rally_0433183f_wJqA4rwH (95a06929-53e3-4a73-90d2-12dd10647fe4)
2019-06-06 09:23:50.402 22705 RALLYDEBUG rally_openstack.cleanup.manager [-] Deleting neutron.network object s_rally_0433183f_c1KnuX2H (95e7b446-5cd2-49be-a80e-40f990b655d7)
2019-06-06 09:23:50.493 22705 RALLYDEBUG rally_openstack.cleanup.manager [-] Deleting neutron.network object s_rally_0433183f_wQlWoFUv (9803264c-344c-411f-bede-8b8dfeb0709c)
2019-06-06 09:23:50.498 22705 RALLYDEBUG rally_openstack.cleanup.manager [-] Deleting neutron.network object s_rally_0433183f_MSgjo0g2 (99ae182f-77af-4839-a471-8b0b3dc62d4b)
2019-06-06 09:23:50.579 22705 RALLYDEBUG rally_openstack.cleanup.manager [-] Deleting neutron.network object s_rally_0433183f_Akh44BNt (9c7057ca-e288-4846-9d4c-9b7e5b27524e)
2019-06-06 09:23:50.579 22705 RALLYDEBUG rally_openstack.cleanup.manager [-] Deleting neutron.network object s_rally_0433183f_7KkFHIT4 (9a802180-ed2e-41a2-bdb8-c9d8a9dd6c7f)
2019-06-06 09:23:50.776 22705 RALLYDEBUG rally_openstack.cleanup.manager [-] Deleting neutron.network object s_rally_0433183f_kgXY7GNJ (9effe234-81c6-478e-8217-5c227321a7bc)
2019-06-06 09:23:50.791 22705 RALLYDEBUG rally_openstack.cleanup.manager [-] Deleting neutron.network object s_rally_0433183f_5o72eF53 (9ff7b23f-1502-4c5d-93f3-6ce3626f763d)
2019-06-06 09:23:50.967 22705 RALLYDEBUG rally_openstack.cleanup.manager [-] Deleting neutron.network object s_rally_0433183f_SpvisocB (a3eec385-123e-4332-a6f8-2fb8871e38d1)
2019-06-06 09:23:51.036 22705 RALLYDEBUG rally_openstack.cleanup.manager [-] Deleting neutron.network object s_rally_0433183f_cJjcns9c (a652864a-9bdc-46b6-8cf1-5f5daf2061c6)
2019-06-06 09:23:51.044 22705 RALLYDEBUG rally_openstack.cleanup.manager [-] Deleting neutron.network object s_rally_0433183f_4GGoPaZx (a9acd823-d0de-4c0b-aede-f867339114ca)
2019-06-06 09:23:52.120 22705 RALLYDEBUG rally_openstack.cleanup.manager [-] Deleting neutron.network object s_rally_0433183f_WSdEWP1e (ae25563b-96b2-4dc0-91b8-7f7b866d9ba3)
2019-06-06 09:23:52.234 22705 RALLYDEBUG rally_openstack.cleanup.manager [-] Deleting neutron.network object s_rally_0433183f_JGGsn2Br (b0b4ed33-2b7f-4743-9d49-108ddd96d9fe)
2019-06-06 09:23:52.350 22705 RALLYDEBUG rally_openstack.cleanup.manager [-] Deleting neutron.network object s_rally_0433183f_ZON8XZTW (bae434db-030a-4a36-bd0a-fabeb2ccaaf2)
2019-06-06 09:23:52.609 22705 RALLYDEBUG rally_openstack.cleanup.manager [-] Deleting neutron.network object s_rally_0433183f_w4kjjU6W (bbf49297-1897-4ea1-9bf5-000eb3d6940e)
2019-06-06 09:23:52.698 22705 RALLYDEBUG rally_openstack.cleanup.manager [-] Deleting neutron.network object s_rally_0433183f_AERSL2HL (bd21921c-57fe-4a55-bebe-4d17f626b235)
2019-06-06 09:23:53.277 22705 RALLYDEBUG rally_openstack.cleanup.manager [-] Deleting neutron.network object s_rally_0433183f_Rj7lhCi2 (c452f081-db87-4541-85cf-128c58c68dfd)
2019-06-06 09:23:53.316 22705 RALLYDEBUG rally_openstack.cleanup.manager [-] Deleting neutron.network object s_rally_0433183f_JnS5MPXO (c7f0c3ff-4d59-443c-801c-8cf045a423da)
2019-06-06 09:23:53.329 22705 RALLYDEBUG rally_openstack.cleanup.manager [-] Deleting neutron.network object s_rally_0433183f_HIwAD5Fz (c99a9ab0-78ab-4c0f-a6ee-c3e3ccd44294)
2019-06-06 09:23:54.090 22705 RALLYDEBUG rally_openstack.cleanup.manager [-] Deleting neutron.network object s_rally_0433183f_58fQ4Yxo (cc469e12-93ad-45f4-98cb-977b2374cf70)
2019-06-06 09:23:54.258 22705 RALLYDEBUG rally_openstack.cleanup.manager [-] Deleting neutron.network object s_rally_0433183f_mTmVX0e2 (cc9b8fef-6896-4c2a-aec5-13ef10b5e3c0)
2019-06-06 09:23:54.456 22705 RALLYDEBUG rally_openstack.cleanup.manager [-] Deleting neutron.network object s_rally_0433183f_iVdPoHqu (cd797d4e-3337-4d1f-8b6f-a824c29ed325)
2019-06-06 09:23:54.704 22705 RALLYDEBUG rally_openstack.cleanup.manager [-] Deleting neutron.network object s_rally_0433183f_NB6e95Sl (d20aaddd-68d7-4e51-9ee1-f45aa04b6bdc)
2019-06-06 09:23:54.774 22705 RALLYDEBUG rally_openstack.cleanup.manager [-] Deleting neutron.network object s_rally_0433183f_wE31Lqhg (d34763b4-aa1f-416b-a8f7-c710dad5f9c1)
2019-06-06 09:23:55.041 22705 RALLYDEBUG rally_openstack.cleanup.manager [-] Deleting neutron.network object s_rally_0433183f_gepa80WO (d3b02b4a-321f-4f4d-8be8-06df3fc467e4)
2019-06-06 09:23:55.062 22705 RALLYDEBUG rally_openstack.cleanup.manager [-] Deleting neutron.network object s_rally_0433183f_lYLokKVG (d49188f0-8776-4d92-a003-e387fee259db)
2019-06-06 09:23:55.120 22705 RALLYDEBUG rally_openstack.cleanup.manager [-] Deleting neutron.network object s_rally_0433183f_KwW8HgsD (d5b8901c-80a3-4afc-b0f2-181f945d9b69)
2019-06-06 09:23:55.303 22705 RALLYDEBUG rally_openstack.cleanup.manager [-] Deleting neutron.network object s_rally_0433183f_PGTemOfY (d5d04793-7f23-46c3-946a-b0c9243d767e)
2019-06-06 09:23:55.375 22705 RALLYDEBUG rally_openstack.cleanup.manager [-] Deleting neutron.network object s_rally_0433183f_t353i8RH (d6aa25d7-808d-4fad-81b2-5b2d852b6fab)
2019-06-06 09:23:55.394 22705 RALLYDEBUG rally_openstack.cleanup.manager [-] Deleting neutron.network object s_rally_0433183f_1OBy7Xx3 (d87796d0-49fe-487b-90b6-2739c64bea2b)
2019-06-06 09:23:55.488 22705 RALLYDEBUG rally_openstack.cleanup.manager [-] Deleting neutron.network object s_rally_0433183f_GjnUOPPU (e08938b6-96dd-4946-b8d9-2aafb02b0d68)
2019-06-06 09:23:55.560 22705 RALLYDEBUG rally_openstack.cleanup.manager [-] Deleting neutron.network object s_rally_0433183f_OJdSd64P (e0c015f4-7d90-4248-a1dc-1e025dd34731)
2019-06-06 09:23:55.713 22705 RALLYDEBUG rally_openstack.cleanup.manager [-] Deleting neutron.network object s_rally_0433183f_0u2PBEvt (e1565f09-34ba-4f8b-bb69-574fd172322f)
2019-06-06 09:23:56.031 22705 RALLYDEBUG rally_openstack.cleanup.manager [-] Deleting neutron.network object s_rally_0433183f_NWFAiHie (e34bed76-f86f-4966-908c-f790daaf24df)
2019-06-06 09:23:56.136 22705 RALLYDEBUG rally_openstack.cleanup.manager [-] Deleting neutron.network object s_rally_0433183f_ZkdNHGgk (e8081912-2098-466b-8db5-4bbe2dd6d39f)
2019-06-06 09:23:56.180 22705 RALLYDEBUG rally_openstack.cleanup.manager [-] Deleting neutron.network object s_rally_0433183f_KPDv5yBd (eba8f7aa-6997-4ee3-98e7-aac908eab38b)
2019-06-06 09:23:56.239 22705 RALLYDEBUG rally_openstack.cleanup.manager [-] Deleting neutron.network object s_rally_0433183f_hDnVanxl (ec50513c-d3ba-41a1-9091-1b03fc0c4662)
2019-06-06 09:23:56.328 22705 RALLYDEBUG rally_openstack.cleanup.manager [-] Deleting neutron.network object s_rally_0433183f_ctyZbBUO (ed18d7a2-7cd3-4e35-b568-ea227443a6d7)
2019-06-06 09:23:56.473 22705 RALLYDEBUG rally_openstack.cleanup.manager [-] Deleting neutron.network object s_rally_0433183f_JBsdhQHT (edabfed4-6696-4b36-b19d-7ab6afa6b181)
2019-06-06 09:23:56.805 22705 RALLYDEBUG rally_openstack.cleanup.manager [-] Deleting neutron.network object s_rally_0433183f_676dIIuz (f1d91456-897a-4e8c-b6a6-c8fb84456d99)
2019-06-06 09:23:57.483 22705 RALLYDEBUG rally_openstack.cleanup.manager [-] Deleting neutron.network object s_rally_0433183f_UELLUxLM (f2320c39-ffd1-4bf3-828a-aa6a6ba4f31a)
