2019-06-06 09:45:14.759 26955 WARNING rally_openstack.scenarios.neutron.utils [-] Running this scenario without either the 'network' or 'existing_network' context is deprecated
2019-06-06 09:45:14.775 26954 INFO rally.task.runner [-] Task e7a54803-d05b-474e-b1fa-c0948ef3c5d3 | ITER: 26 END: OK
2019-06-06 09:45:14.779 26954 INFO rally.task.runner [-] Task e7a54803-d05b-474e-b1fa-c0948ef3c5d3 | ITER: 40 START
2019-06-06 09:45:14.780 26954 WARNING rally_openstack.scenarios.neutron.utils [-] Running this scenario without either the 'network' or 'existing_network' context is deprecated
2019-06-06 09:45:15.557 26998 INFO rally.task.runner [-] Task e7a54803-d05b-474e-b1fa-c0948ef3c5d3 | ITER: 25 END: OK
2019-06-06 09:45:15.634 26951 INFO rally.task.runner [-] Task e7a54803-d05b-474e-b1fa-c0948ef3c5d3 | ITER: 5 END: OK
2019-06-06 09:45:15.671 26952 INFO rally.task.runner [-] Task e7a54803-d05b-474e-b1fa-c0948ef3c5d3 | ITER: 4 END: OK
2019-06-06 09:45:15.694 26971 INFO rally.task.runner [-] Task e7a54803-d05b-474e-b1fa-c0948ef3c5d3 | ITER: 12 END: OK
2019-06-06 09:45:15.731 26953 INFO rally.task.runner [-] Task e7a54803-d05b-474e-b1fa-c0948ef3c5d3 | ITER: 3 END: OK
2019-06-06 09:45:16.591 26951 INFO rally.task.runner [-] Task e7a54803-d05b-474e-b1fa-c0948ef3c5d3 | ITER: 33 END: OK
2019-06-06 09:45:17.393 26984 INFO rally.task.runner [-] Task e7a54803-d05b-474e-b1fa-c0948ef3c5d3 | ITER: 29 END: OK
2019-06-06 09:45:21.916 26952 INFO rally.task.runner [-] Task e7a54803-d05b-474e-b1fa-c0948ef3c5d3 | ITER: 37 END: OK
2019-06-06 09:45:22.200 26959 INFO rally.task.runner [-] Task e7a54803-d05b-474e-b1fa-c0948ef3c5d3 | ITER: 34 END: OK
2019-06-06 09:45:22.576 26964 INFO rally.task.runner [-] Task e7a54803-d05b-474e-b1fa-c0948ef3c5d3 | ITER: 36 END: OK
2019-06-06 09:45:22.596 26954 INFO rally.task.runner [-] Task e7a54803-d05b-474e-b1fa-c0948ef3c5d3 | ITER: 38 END: OK
2019-06-06 09:45:23.895 26966 INFO rally.task.runner [-] Task e7a54803-d05b-474e-b1fa-c0948ef3c5d3 | ITER: 35 END: OK
2019-06-06 09:45:26.666 26953 INFO rally.task.runner [-] Task e7a54803-d05b-474e-b1fa-c0948ef3c5d3 | ITER: 7 END: OK
2019-06-06 09:45:29.087 26954 INFO rally.task.runner [-] Task e7a54803-d05b-474e-b1fa-c0948ef3c5d3 | ITER: 40 END: OK
2019-06-06 09:45:29.091 26955 INFO rally.task.runner [-] Task e7a54803-d05b-474e-b1fa-c0948ef3c5d3 | ITER: 39 END: OK
2019-06-06 09:45:29.168 26991 INFO rally.task.runner [-] Task e7a54803-d05b-474e-b1fa-c0948ef3c5d3 | ITER: 17 END: OK
2019-06-06 09:45:29.186 26981 INFO rally.task.runner [-] Task e7a54803-d05b-474e-b1fa-c0948ef3c5d3 | ITER: 15 END: OK
2019-06-06 09:45:29.326 26993 INFO rally.task.runner [-] Task e7a54803-d05b-474e-b1fa-c0948ef3c5d3 | ITER: 18 END: OK
2019-06-06 09:45:29.427 26995 INFO rally.task.runner [-] Task e7a54803-d05b-474e-b1fa-c0948ef3c5d3 | ITER: 19 END: OK
2019-06-06 09:45:29.862 26974 INFO rally.task.runner [-] Task e7a54803-d05b-474e-b1fa-c0948ef3c5d3 | ITER: 14 END: OK
2019-06-06 09:45:29.889 22705 INFO rally.task.context [-] Task e7a54803-d05b-474e-b1fa-c0948ef3c5d3 | Context cleanup@openstack cleanup() started
2019-06-06 09:45:29.891 22705 RALLYDEBUG rally_openstack.cleanup.manager [-] Cleaning up neutron vip objects
2019-06-06 09:45:30.506 22705 RALLYDEBUG rally_openstack.cleanup.manager [-] Cleaning up neutron health_monitor objects
2019-06-06 09:45:31.213 22705 RALLYDEBUG rally_openstack.cleanup.manager [-] Cleaning up neutron pool objects
2019-06-06 09:45:31.838 22705 RALLYDEBUG rally_openstack.cleanup.manager [-] Cleaning up neutron loadbalancer objects
2019-06-06 09:45:32.529 22705 RALLYDEBUG rally_openstack.cleanup.manager [-] Cleaning up neutron floatingip objects
2019-06-06 09:45:33.368 22705 RALLYDEBUG rally_openstack.cleanup.manager [-] Cleaning up neutron port objects
2019-06-06 09:45:34.141 22705 RALLYDEBUG rally_openstack.cleanup.manager [-] Cleaning up neutron subnet objects
2019-06-06 09:45:34.785 22705 RALLYDEBUG rally_openstack.cleanup.manager [-] Cleaning up neutron network objects
2019-06-06 09:45:35.736 22705 RALLYDEBUG rally_openstack.cleanup.manager [-] Deleting neutron.network object s_rally_9c35254c_WL6luxEi (1fb95ed7-30e5-4d70-b6de-f7ed7f4cbd16)
2019-06-06 09:45:35.737 22705 RALLYDEBUG rally_openstack.cleanup.manager [-] Deleting neutron.network object s_rally_9c35254c_DbzJ8Q5B (15925efe-15c3-4c46-b58e-249bd4ab0d22)
2019-06-06 09:45:35.744 22705 RALLYDEBUG rally_openstack.cleanup.manager [-] Deleting neutron.network object s_rally_9c35254c_dDVSpv45 (20f7201e-c4aa-464d-b5c4-3a2544cc88c4)
2019-06-06 09:45:35.745 22705 RALLYDEBUG rally_openstack.cleanup.manager [-] Deleting neutron.network object s_rally_9c35254c_9mfuQdvB (1d37db40-998f-44e4-a588-3482ce9e195f)
2019-06-06 09:45:35.758 22705 RALLYDEBUG rally_openstack.cleanup.manager [-] Deleting neutron.network object s_rally_9c35254c_z7Nino2i (13386666-967c-4f4d-8248-5ef29d0688c1)
2019-06-06 09:45:35.758 22705 RALLYDEBUG rally_openstack.cleanup.manager [-] Deleting neutron.network object s_rally_9c35254c_Rh7woa8z (22fdb9c2-860e-4a50-a34f-77a042bd7085)
2019-06-06 09:45:35.759 22705 RALLYDEBUG rally_openstack.cleanup.manager [-] Deleting neutron.network object s_rally_9c35254c_FPgWJRiC (1f710b5e-0086-4730-baf3-30f01bae726d)
2019-06-06 09:45:35.763 22705 RALLYDEBUG rally_openstack.cleanup.manager [-] Deleting neutron.network object s_rally_9c35254c_5P5UUPtS (3179854e-bc9f-4055-acf6-909e9f144dbd)
2019-06-06 09:45:35.763 22705 RALLYDEBUG rally_openstack.cleanup.manager [-] Deleting neutron.network object s_rally_9c35254c_XoLSfAsV (276cb251-61c9-4388-b380-693c1c03383b)
2019-06-06 09:45:35.764 22705 RALLYDEBUG rally_openstack.cleanup.manager [-] Deleting neutron.network object s_rally_9c35254c_5UZPaiWf (16e866c0-fc3e-430a-b4db-fbca0f68eff1)
2019-06-06 09:45:35.778 22705 RALLYDEBUG rally_openstack.cleanup.manager [-] Deleting neutron.network object s_rally_9c35254c_FRWnyEj6 (321faf9e-e1f1-4e7c-9aa7-e0392ddd25ca)
2019-06-06 09:45:35.791 22705 RALLYDEBUG rally_openstack.cleanup.manager [-] Deleting neutron.network object s_rally_9c35254c_7gNZ5gnf (34529c54-ab2f-40ba-8f5d-06f751931ca4)
2019-06-06 09:45:35.808 22705 RALLYDEBUG rally_openstack.cleanup.manager [-] Deleting neutron.network object s_rally_9c35254c_Dwte59fj (34cab814-4fb8-4430-aa7c-44210fde125c)
2019-06-06 09:45:35.815 22705 RALLYDEBUG rally_openstack.cleanup.manager [-] Deleting neutron.network object s_rally_9c35254c_XC75oH0a (3a1fcdb8-e1e8-4f8e-bf6f-4e02c6e386de)
2019-06-06 09:45:35.819 22705 RALLYDEBUG rally_openstack.cleanup.manager [-] Deleting neutron.network object s_rally_9c35254c_gmE0PicT (3c29a8b8-b9a4-4cb0-af39-dca5b67ba206)
2019-06-06 09:45:35.828 22705 RALLYDEBUG rally_openstack.cleanup.manager [-] Deleting neutron.network object s_rally_9c35254c_DMfptLcN (4811a129-fedb-4a24-a6c0-4273bbe2b154)
2019-06-06 09:45:35.847 22705 RALLYDEBUG rally_openstack.cleanup.manager [-] Deleting neutron.network object s_rally_9c35254c_BzU8nAm6 (4dbb6f85-4357-4fed-a75f-80af5ca2ad63)
2019-06-06 09:45:35.850 22705 RALLYDEBUG rally_openstack.cleanup.manager [-] Deleting neutron.network object s_rally_9c35254c_rXn1nxBj (5a71a9a5-c280-4df5-95bf-004338155392)
2019-06-06 09:45:35.869 22705 RALLYDEBUG rally_openstack.cleanup.manager [-] Deleting neutron.network object s_rally_9c35254c_fQuZbR2j (6ba44aad-d92f-4c5a-b9f9-7a7d2000640f)
2019-06-06 09:45:35.869 22705 RALLYDEBUG rally_openstack.cleanup.manager [-] Deleting neutron.network object s_rally_9c35254c_BZSw2Wfb (5d1d7231-9df2-4909-8d39-01816cd259da)
2019-06-06 09:45:39.002 22705 RALLYDEBUG rally_openstack.cleanup.manager [-] Deleting neutron.network object s_rally_9c35254c_FGKqcXfR (76259311-120f-450d-9f7e-8619feadefdb)
2019-06-06 09:45:39.336 22705 RALLYDEBUG rally_openstack.cleanup.manager [-] Deleting neutron.network object s_rally_9c35254c_uwGoIWjz (7ef55094-aaac-426d-8a1d-6825642357f8)
2019-06-06 09:45:40.509 22705 RALLYDEBUG rally_openstack.cleanup.manager [-] Deleting neutron.network object s_rally_9c35254c_LrKYZG4k (8079ad30-8593-42ec-a0e2-1fa5d70465b9)
2019-06-06 09:45:41.824 22705 RALLYDEBUG rally_openstack.cleanup.manager [-] Deleting neutron.network object s_rally_9c35254c_cdd7jqUg (8373c34f-2b81-4506-959e-0f05a7c6b425)
2019-06-06 09:45:42.492 22705 RALLYDEBUG rally_openstack.cleanup.manager [-] Deleting neutron.network object s_rally_9c35254c_0Z9rM87O (85636615-43eb-4c60-82e1-cae2ed7696d4)
2019-06-06 09:45:42.557 22705 RALLYDEBUG rally_openstack.cleanup.manager [-] Deleting neutron.network object s_rally_9c35254c_sJZirrIy (973ef817-77c2-40ae-965f-b949da937bbc)
2019-06-06 09:45:42.569 22705 RALLYDEBUG rally_openstack.cleanup.manager [-] Deleting neutron.network object s_rally_9c35254c_mRS5n5KM (978df8c5-7579-4132-8177-2e07026ebc91)
2019-06-06 09:45:42.603 22705 RALLYDEBUG rally_openstack.cleanup.manager [-] Deleting neutron.network object s_rally_9c35254c_yb28SSV2 (a3e03a61-01bd-4043-bff5-a469a1371c8f)
2019-06-06 09:45:42.607 22705 RALLYDEBUG rally_openstack.cleanup.manager [-] Deleting neutron.network object s_rally_9c35254c_tcJDUCFq (aa5847c0-f568-44d7-9180-f2463a877c28)
2019-06-06 09:45:42.758 22705 RALLYDEBUG rally_openstack.cleanup.manager [-] Deleting neutron.network object s_rally_9c35254c_QdXRI3Wh (ab469bc1-2a36-4121-9e38-3d9df6a8ccba)
2019-06-06 09:45:43.111 22705 RALLYDEBUG rally_openstack.cleanup.manager [-] Deleting neutron.network object s_rally_9c35254c_4dlwjPoz (ac36b332-ced7-47e1-9628-b08015749263)
2019-06-06 09:45:43.317 22705 RALLYDEBUG rally_openstack.cleanup.manager [-] Deleting neutron.network object s_rally_9c35254c_eLX5x6KJ (b8478799-d080-495f-bfe8-7fdf8755899c)
2019-06-06 09:45:43.362 22705 RALLYDEBUG rally_openstack.cleanup.manager [-] Deleting neutron.network object s_rally_9c35254c_WzrCB35s (bd96c756-7ea4-40ac-9da0-6aa74bbe6088)
2019-06-06 09:45:43.420 22705 RALLYDEBUG rally_openstack.cleanup.manager [-] Deleting neutron.network object s_rally_9c35254c_sLA80mQ9 (c639a337-7e03-4c1a-b6f5-42d72916bd68)
2019-06-06 09:45:43.438 22705 RALLYDEBUG rally_openstack.cleanup.manager [-] Deleting neutron.network object s_rally_9c35254c_hPsMPFqP (d6e073e0-78e7-4de8-9adb-dd0e6b0ba70a)
2019-06-06 09:45:43.439 22705 RALLYDEBUG rally_openstack.cleanup.manager [-] Deleting neutron.network object s_rally_9c35254c_6eZSM2rT (c8389b39-c933-4b04-bd5e-3838266793c2)
2019-06-06 09:45:43.642 22705 RALLYDEBUG rally_openstack.cleanup.manager [-] Deleting neutron.network object s_rally_9c35254c_dHV2rUWb (da5da530-e5f6-4406-98e6-d704d2f5f609)
2019-06-06 09:45:43.705 22705 RALLYDEBUG rally_openstack.cleanup.manager [-] Deleting neutron.network object s_rally_9c35254c_fVethihw (e566868e-0eff-4ccc-bdd3-82ef9d5f1ec2)
2019-06-06 09:45:43.808 22705 RALLYDEBUG rally_openstack.cleanup.manager [-] Deleting neutron.network object s_rally_9c35254c_wos8Tf3z (e74fbdb9-2f63-4131-b90b-68c2e73db1c4)
2019-06-06 09:45:43.828 22705 RALLYDEBUG rally_openstack.cleanup.manager [-] Deleting neutron.network object s_rally_9c35254c_N5AipPlk (f7a11250-8c46-4221-9afb-8a543e5d522b)
2019-06-06 09:45:48.750 22705 RALLYDEBUG rally_openstack.cleanup.manager [-] Cleaning up neutron router objects
2019-06-06 09:45:49.519 22705 RALLYDEBUG rally_openstack.cleanup.manager [-] Cleaning up neutron security_group objects
2019-06-06 09:45:50.186 22705 INFO rally.task.context [-] Task e7a54803-d05b-474e-b1fa-c0948ef3c5d3 | Context cleanup@openstack cleanup() finished in 20.30 sec
2019-06-06 09:45:50.186 22705 INFO rally.task.context [-] Task e7a54803-d05b-474e-b1fa-c0948ef3c5d3 | Context quotas@openstack cleanup() started
2019-06-06 09:45:50.212 22705 INFO rally.task.context [-] Task e7a54803-d05b-474e-b1fa-c0948ef3c5d3 | Context quotas@openstack cleanup() finished in 25.82 msec
2019-06-06 09:45:50.213 22705 INFO rally.task.context [-] Task e7a54803-d05b-474e-b1fa-c0948ef3c5d3 | Context users@openstack cleanup() started
2019-06-06 09:45:54.758 22705 INFO rally.task.context [-] Task e7a54803-d05b-474e-b1fa-c0948ef3c5d3 | Context users@openstack cleanup() finished in 4.54 sec
2019-06-06 09:45:55.830 22705 INFO rally.task.engine [-] Load duration is: 49.282433
2019-06-06 09:45:55.830 22705 INFO rally.task.engine [-] Full runner duration is: 49.336551
2019-06-06 09:45:55.831 22705 INFO rally.task.engine [-] Full duration is: 79.263034
2019-06-06 09:45:56.242 22705 INFO rally.task.engine [-] Running workload: position = 0 config = { "version": 2, "title": "A cropped version of a bigger task.", "description": "Auto-generated task from a single workload (uuid=2a2a52d1-b9c0-40a7-b4ed-3c527bd60426)", "subtasks": [ { "title": "Quotas.neutron_update", "description": "Update quotas for neutron.", "scenario": { "Quotas.neutron_update": { "max_quota": 1024 } }, "contexts": { "users": { "tenants": 20, "users_per_tenant": 1 } }, "runner": { "constant": { "times": 40, "concurrency": 20 } }, "hooks": [], "sla": { "failure_rate": { "max": 0 } } } ] }
2019-06-06 09:45:56.264 22705 RALLYDEBUG rally_openstack.contexts.keystone.users [-] Creating 20 tenants using 20 threads
2019-06-06 09:46:00.305 22705 RALLYDEBUG rally_openstack.contexts.keystone.users [-] Creating 20 users using 20 threads
2019-06-06 09:46:06.003 22705 INFO rally.task.context [-] Task e7a54803-d05b-474e-b1fa-c0948ef3c5d3 | Context users@openstack setup() finished in 9.74 sec
2019-06-06 09:46:06.003 22705 INFO rally.task.context [-] Task e7a54803-d05b-474e-b1fa-c0948ef3c5d3 | Context admin_cleanup@openstack setup() finished in 0.01 msec
2019-06-06 09:46:06.011 22705 RALLYDEBUG rally.task.runner [-] Starting the constant runner (task UUID: e7a54803-d05b-474e-b1fa-c0948ef3c5d3). timeout: 0 concurrency: 20 concurrency_per_worker: 1 times: 40 concurrency_overhead: 4 processes_to_start: 16 max_cpu_used: 16
2019-06-06 09:46:06.024 27321 RALLYDEBUG rally.task.runner [-] Starting a worker. concurrency: 2 args: {"max_quota": 1024} times: 40 method_name: run timeout: 0 duration: None cls:
2019-06-06 09:46:06.027 27322 RALLYDEBUG rally.task.runner [-] Starting a worker. concurrency: 2 args: {"max_quota": 1024} times: 40 method_name: run timeout: 0 duration: None cls:
2019-06-06 09:46:06.031 27323 RALLYDEBUG rally.task.runner [-] Starting a worker. concurrency: 2 args: {"max_quota": 1024} times: 40 method_name: run timeout: 0 duration: None cls:
2019-06-06 09:46:06.034 27324 RALLYDEBUG rally.task.runner [-] Starting a worker. concurrency: 2 args: {"max_quota": 1024} times: 40 method_name: run timeout: 0 duration: None cls:
2019-06-06 09:46:06.036 27325 RALLYDEBUG rally.task.runner [-] Starting a worker. concurrency: 1 args: {"max_quota": 1024} times: 40 method_name: run timeout: 0 duration: None cls:
2019-06-06 09:46:06.041 27321 INFO rally.task.runner [-] Task e7a54803-d05b-474e-b1fa-c0948ef3c5d3 | ITER: 1 START
2019-06-06 09:46:06.041 27322 INFO rally.task.runner [-] Task e7a54803-d05b-474e-b1fa-c0948ef3c5d3 | ITER: 2 START
2019-06-06 09:46:06.042 27326 RALLYDEBUG rally.task.runner [-] Starting a worker. concurrency: 1 args: {"max_quota": 1024} times: 40 method_name: run timeout: 0 duration: None cls:
2019-06-06 09:46:06.044 27331 RALLYDEBUG rally.task.runner [-] Starting a worker. concurrency: 1 args: {"max_quota": 1024} times: 40 method_name: run timeout: 0 duration: None cls:
2019-06-06 09:46:06.045 27325 INFO rally.task.runner [-] Task e7a54803-d05b-474e-b1fa-c0948ef3c5d3 | ITER: 7 START
2019-06-06 09:46:06.048 27321 INFO rally.task.runner [-] Task e7a54803-d05b-474e-b1fa-c0948ef3c5d3 | ITER: 4 START
2019-06-06 09:46:06.049 27332 RALLYDEBUG rally.task.runner [-] Starting a worker. concurrency: 1 args: {"max_quota": 1024} times: 40 method_name: run timeout: 0 duration: None cls:
2019-06-06 09:46:06.054 27324 INFO rally.task.runner [-] Task e7a54803-d05b-474e-b1fa-c0948ef3c5d3 | ITER: 5 START
2019-06-06 09:46:06.056 27331 INFO rally.task.runner [-] Task e7a54803-d05b-474e-b1fa-c0948ef3c5d3 | ITER: 11 START
2019-06-06 09:46:06.057 27326 INFO rally.task.runner [-] Task e7a54803-d05b-474e-b1fa-c0948ef3c5d3 | ITER: 10 START
2019-06-06 09:46:06.056 27340 RALLYDEBUG rally.task.runner [-] Starting a worker. concurrency: 1 args: {"max_quota": 1024} times: 40 method_name: run timeout: 0 duration: None cls:
2019-06-06 09:46:06.059 27322 INFO rally.task.runner [-] Task e7a54803-d05b-474e-b1fa-c0948ef3c5d3 | ITER: 6 START
2019-06-06 09:46:06.059 27323 INFO rally.task.runner [-] Task e7a54803-d05b-474e-b1fa-c0948ef3c5d3 | ITER: 3 START
2019-06-06 09:46:06.060 27335 RALLYDEBUG rally.task.runner [-] Starting a worker. concurrency: 1 args: {"max_quota": 1024} times: 40 method_name: run timeout: 0 duration: None cls:
2019-06-06 09:46:06.061 27332 INFO rally.task.runner [-] Task e7a54803-d05b-474e-b1fa-c0948ef3c5d3 | ITER: 12 START
2019-06-06 09:46:06.061 27341 RALLYDEBUG rally.task.runner [-] Starting a worker. concurrency: 1 args: {"max_quota": 1024} times: 40 method_name: run timeout: 0 duration: None cls:
2019-06-06 09:46:06.062 27346 RALLYDEBUG rally.task.runner [-] Starting a worker. concurrency: 1 args: {"max_quota": 1024} times: 40 method_name: run timeout: 0 duration: None cls:
2019-06-06 09:46:06.061 27323 INFO rally.task.runner [-] Task e7a54803-d05b-474e-b1fa-c0948ef3c5d3 | ITER: 8 START
2019-06-06 09:46:06.069 27340 INFO rally.task.runner [-] Task e7a54803-d05b-474e-b1fa-c0948ef3c5d3 | ITER: 13 START
2019-06-06 09:46:06.069 27352 RALLYDEBUG rally.task.runner [-] Starting a worker. concurrency: 1 args: {"max_quota": 1024} times: 40 method_name: run timeout: 0 duration: None cls:
2019-06-06 09:46:06.076 27346 INFO rally.task.runner [-] Task e7a54803-d05b-474e-b1fa-c0948ef3c5d3 | ITER: 16 START
2019-06-06 09:46:06.077 27341 INFO rally.task.runner [-] Task e7a54803-d05b-474e-b1fa-c0948ef3c5d3 | ITER: 15 START
2019-06-06 09:46:06.078 27349 RALLYDEBUG rally.task.runner [-] Starting a worker. concurrency: 1 args: {"max_quota": 1024} times: 40 method_name: run timeout: 0 duration: None cls:
2019-06-06 09:46:06.079 27352 INFO rally.task.runner [-] Task e7a54803-d05b-474e-b1fa-c0948ef3c5d3 | ITER: 17 START
2019-06-06 09:46:06.079 27324 INFO rally.task.runner [-] Task e7a54803-d05b-474e-b1fa-c0948ef3c5d3 | ITER: 9 START
2019-06-06 09:46:06.080 27355 RALLYDEBUG rally.task.runner [-] Starting a worker. concurrency: 1 args: {"max_quota": 1024} times: 40 method_name: run timeout: 0 duration: None cls:
2019-06-06 09:46:06.083 27360 RALLYDEBUG rally.task.runner [-] Starting a worker. concurrency: 1 args: {"max_quota": 1024} times: 40 method_name: run timeout: 0 duration: None cls:
2019-06-06 09:46:06.085 27335 INFO rally.task.runner [-] Task e7a54803-d05b-474e-b1fa-c0948ef3c5d3 | ITER: 14 START
2019-06-06 09:46:06.089 27349 INFO rally.task.runner [-] Task e7a54803-d05b-474e-b1fa-c0948ef3c5d3 | ITER: 18 START
2019-06-06 09:46:06.091 27355 INFO rally.task.runner [-] Task e7a54803-d05b-474e-b1fa-c0948ef3c5d3 | ITER: 19 START
2019-06-06 09:46:06.096 27360 INFO rally.task.runner [-] Task e7a54803-d05b-474e-b1fa-c0948ef3c5d3 | ITER: 20 START
2019-06-06 09:46:07.519 27326 INFO rally.task.runner [-] Task e7a54803-d05b-474e-b1fa-c0948ef3c5d3 | ITER: 10 END: OK
2019-06-06 09:46:07.526 27326 INFO rally.task.runner [-] Task e7a54803-d05b-474e-b1fa-c0948ef3c5d3 | ITER: 21 START
2019-06-06 09:46:07.578 27323 INFO rally.task.runner [-] Task e7a54803-d05b-474e-b1fa-c0948ef3c5d3 | ITER: 8 END: OK
2019-06-06 09:46:07.585 27323 INFO rally.task.runner [-] Task e7a54803-d05b-474e-b1fa-c0948ef3c5d3 | ITER: 22 START
2019-06-06 09:46:07.598 27322 INFO rally.task.runner [-] Task e7a54803-d05b-474e-b1fa-c0948ef3c5d3 | ITER: 6 END: OK
2019-06-06 09:46:07.604 27322 INFO rally.task.runner [-] Task e7a54803-d05b-474e-b1fa-c0948ef3c5d3 | ITER: 23 START
2019-06-06 09:46:07.651 27322 INFO rally.task.runner [-] Task e7a54803-d05b-474e-b1fa-c0948ef3c5d3 | ITER: 2 END: OK
2019-06-06 09:46:07.657 27322 INFO rally.task.runner [-] Task e7a54803-d05b-474e-b1fa-c0948ef3c5d3 | ITER: 24 START
2019-06-06 09:46:07.686 27321 INFO rally.task.runner [-] Task e7a54803-d05b-474e-b1fa-c0948ef3c5d3 | ITER: 1 END: OK
2019-06-06 09:46:07.690 27323 INFO rally.task.runner [-] Task e7a54803-d05b-474e-b1fa-c0948ef3c5d3 | ITER: 3 END: OK
2019-06-06 09:46:07.692 27321 INFO rally.task.runner [-] Task e7a54803-d05b-474e-b1fa-c0948ef3c5d3 | ITER: 25 START
2019-06-06 09:46:07.700 27323 INFO rally.task.runner [-] Task e7a54803-d05b-474e-b1fa-c0948ef3c5d3 | ITER: 26 START
2019-06-06 09:46:07.758 27332 INFO rally.task.runner [-] Task e7a54803-d05b-474e-b1fa-c0948ef3c5d3 | ITER: 12 END: OK
2019-06-06 09:46:07.764 27332 INFO rally.task.runner [-] Task e7a54803-d05b-474e-b1fa-c0948ef3c5d3 | ITER: 27 START
2019-06-06 09:46:07.766 27325 INFO rally.task.runner [-] Task e7a54803-d05b-474e-b1fa-c0948ef3c5d3 | ITER: 7 END: OK
2019-06-06 09:46:07.767 27324 INFO rally.task.runner [-] Task e7a54803-d05b-474e-b1fa-c0948ef3c5d3 | ITER: 5 END: OK
2019-06-06 09:46:07.772 27325 INFO rally.task.runner [-] Task e7a54803-d05b-474e-b1fa-c0948ef3c5d3 | ITER: 29 START
2019-06-06 09:46:07.773 27324 INFO rally.task.runner [-] Task e7a54803-d05b-474e-b1fa-c0948ef3c5d3 | ITER: 28 START
2019-06-06 09:46:07.807 27331 INFO rally.task.runner [-] Task e7a54803-d05b-474e-b1fa-c0948ef3c5d3 | ITER: 11 END: OK
2019-06-06 09:46:07.812 27331 INFO rally.task.runner [-] Task e7a54803-d05b-474e-b1fa-c0948ef3c5d3 | ITER: 30 START
2019-06-06 09:46:07.864 27340 INFO rally.task.runner [-] Task e7a54803-d05b-474e-b1fa-c0948ef3c5d3 | ITER: 13 END: OK
2019-06-06 09:46:07.871 27340 INFO rally.task.runner [-] Task e7a54803-d05b-474e-b1fa-c0948ef3c5d3 | ITER: 31 START
2019-06-06 09:46:07.883 27360 INFO rally.task.runner [-] Task e7a54803-d05b-474e-b1fa-c0948ef3c5d3 | ITER: 20 END: OK
2019-06-06 09:46:07.890 27360 INFO rally.task.runner [-] Task e7a54803-d05b-474e-b1fa-c0948ef3c5d3 | ITER: 32 START
2019-06-06 09:46:07.902 27335 INFO rally.task.runner [-] Task e7a54803-d05b-474e-b1fa-c0948ef3c5d3 | ITER: 14 END: OK
2019-06-06 09:46:07.908 27335 INFO rally.task.runner [-] Task e7a54803-d05b-474e-b1fa-c0948ef3c5d3 | ITER: 33 START
2019-06-06 09:46:08.063 27324 INFO rally.task.runner [-] Task e7a54803-d05b-474e-b1fa-c0948ef3c5d3 | ITER: 9 END: OK
2019-06-06 09:46:08.069 27324 INFO rally.task.runner [-] Task e7a54803-d05b-474e-b1fa-c0948ef3c5d3 | ITER: 34 START
2019-06-06 09:46:08.085 27321 INFO rally.task.runner [-] Task e7a54803-d05b-474e-b1fa-c0948ef3c5d3 | ITER: 4 END: OK
2019-06-06 09:46:08.087 27349 INFO rally.task.runner [-] Task e7a54803-d05b-474e-b1fa-c0948ef3c5d3 | ITER: 18 END: OK
2019-06-06 09:46:08.091 27321 INFO rally.task.runner [-] Task e7a54803-d05b-474e-b1fa-c0948ef3c5d3 | ITER: 35 START
2019-06-06 09:46:08.093 27349 INFO rally.task.runner [-] Task e7a54803-d05b-474e-b1fa-c0948ef3c5d3 | ITER: 36 START
2019-06-06 09:46:08.127 27346 INFO rally.task.runner [-] Task e7a54803-d05b-474e-b1fa-c0948ef3c5d3 | ITER: 16 END: OK
2019-06-06 09:46:08.133 27346 INFO rally.task.runner [-] Task e7a54803-d05b-474e-b1fa-c0948ef3c5d3 | ITER: 37 START
2019-06-06 09:46:08.158 27352 INFO rally.task.runner [-] Task e7a54803-d05b-474e-b1fa-c0948ef3c5d3 | ITER: 17 END: OK
2019-06-06 09:46:08.163 27341 INFO rally.task.runner [-] Task e7a54803-d05b-474e-b1fa-c0948ef3c5d3 | ITER: 15 END: OK
2019-06-06 09:46:08.164 27352 INFO rally.task.runner [-] Task e7a54803-d05b-474e-b1fa-c0948ef3c5d3 | ITER: 38 START
2019-06-06 09:46:08.167 27355 INFO rally.task.runner [-] Task e7a54803-d05b-474e-b1fa-c0948ef3c5d3 | ITER: 19 END: OK
2019-06-06 09:46:08.169 27341 INFO rally.task.runner [-] Task e7a54803-d05b-474e-b1fa-c0948ef3c5d3 | ITER: 39 START
2019-06-06 09:46:08.173 27355 INFO rally.task.runner [-] Task e7a54803-d05b-474e-b1fa-c0948ef3c5d3 | ITER: 40 START
2019-06-06 09:46:08.971 27326 INFO rally.task.runner [-] Task e7a54803-d05b-474e-b1fa-c0948ef3c5d3 | ITER: 21 END: OK
2019-06-06 09:46:09.060 27322 INFO rally.task.runner [-] Task e7a54803-d05b-474e-b1fa-c0948ef3c5d3 | ITER: 24 END: OK
2019-06-06 09:46:09.069 27323 INFO rally.task.runner [-] Task e7a54803-d05b-474e-b1fa-c0948ef3c5d3 | ITER: 26 END: OK
2019-06-06 09:46:09.088 27322 INFO rally.task.runner [-] Task e7a54803-d05b-474e-b1fa-c0948ef3c5d3 | ITER: 23 END: OK
2019-06-06 09:46:09.094 27323 INFO rally.task.runner [-] Task e7a54803-d05b-474e-b1fa-c0948ef3c5d3 | ITER: 22 END: OK
2019-06-06 09:46:09.154 27332 INFO rally.task.runner [-] Task e7a54803-d05b-474e-b1fa-c0948ef3c5d3 | ITER: 27 END: OK
2019-06-06 09:46:09.181 27331 INFO rally.task.runner [-] Task e7a54803-d05b-474e-b1fa-c0948ef3c5d3 | ITER: 30 END: OK
2019-06-06 09:46:09.183 27340 INFO rally.task.runner [-] Task e7a54803-d05b-474e-b1fa-c0948ef3c5d3 | ITER: 31 END: OK
2019-06-06 09:46:09.202 27324 INFO rally.task.runner [-] Task e7a54803-d05b-474e-b1fa-c0948ef3c5d3 | ITER: 28 END: OK
2019-06-06 09:46:09.209 27321 INFO rally.task.runner [-] Task e7a54803-d05b-474e-b1fa-c0948ef3c5d3 | ITER: 25 END: OK
2019-06-06 09:46:09.218 27360 INFO rally.task.runner [-] Task e7a54803-d05b-474e-b1fa-c0948ef3c5d3 | ITER: 32 END: OK
2019-06-06 09:46:09.283 27325 INFO rally.task.runner [-] Task e7a54803-d05b-474e-b1fa-c0948ef3c5d3 | ITER: 29 END: OK
2019-06-06 09:46:09.342 27324 INFO rally.task.runner [-] Task e7a54803-d05b-474e-b1fa-c0948ef3c5d3 | ITER: 34 END: OK
2019-06-06 09:46:09.388 27341 INFO rally.task.runner [-] Task e7a54803-d05b-474e-b1fa-c0948ef3c5d3 | ITER: 39 END: OK
2019-06-06 09:46:09.389 27335 INFO rally.task.runner [-] Task e7a54803-d05b-474e-b1fa-c0948ef3c5d3 | ITER: 33 END: OK
2019-06-06 09:46:09.410 27349 INFO rally.task.runner [-] Task e7a54803-d05b-474e-b1fa-c0948ef3c5d3 | ITER: 36 END: OK
2019-06-06 09:46:09.421 27321 INFO rally.task.runner [-] Task e7a54803-d05b-474e-b1fa-c0948ef3c5d3 | ITER: 35 END: OK
2019-06-06 09:46:09.431 27352 INFO rally.task.runner [-] Task e7a54803-d05b-474e-b1fa-c0948ef3c5d3 | ITER: 38 END: OK
2019-06-06 09:46:09.438 27346 INFO rally.task.runner [-] Task e7a54803-d05b-474e-b1fa-c0948ef3c5d3 | ITER: 37 END: OK
2019-06-06 09:46:09.459 27355 INFO rally.task.runner [-] Task e7a54803-d05b-474e-b1fa-c0948ef3c5d3 | ITER: 40 END: OK
2019-06-06 09:46:09.476 22705 INFO rally.task.context [-] Task e7a54803-d05b-474e-b1fa-c0948ef3c5d3 | Context admin_cleanup@openstack cleanup() started
2019-06-06 09:46:09.478 22705 RALLYDEBUG rally_openstack.cleanup.manager [-] Cleaning up neutron quota objects
2019-06-06 09:46:13.325 22705 INFO rally.task.context [-] Task e7a54803-d05b-474e-b1fa-c0948ef3c5d3 | Context admin_cleanup@openstack cleanup() finished in 3.85 sec
2019-06-06 09:46:13.325 22705 INFO rally.task.context [-] Task e7a54803-d05b-474e-b1fa-c0948ef3c5d3 | Context users@openstack cleanup() started
2019-06-06 09:46:40.999 22705 INFO rally.task.context [-] Task e7a54803-d05b-474e-b1fa-c0948ef3c5d3 | Context users@openstack cleanup() finished in 27.67 sec
2019-06-06 09:46:42.510 22705 INFO rally.task.engine [-] Load duration is: 3.41705
2019-06-06 09:46:42.510 22705 INFO rally.task.engine [-] Full runner duration is: 3.465129
2019-06-06 09:46:42.511 22705 INFO rally.task.engine [-] Full duration is: 44.73697
2019-06-06 09:46:42.769 22705 INFO rally.task.engine [-] Running workload: position = 0 config = { "version": 2, "title": "A cropped version of a bigger task.", "description": "Auto-generated task from a single workload (uuid=0927be93-2ce2-447a-bbdf-33af7e73a359)", "subtasks": [ { "title": "NeutronTrunks.create_and_list_trunk_subports", "description": "", "scenario": { "NeutronTrunks.create_and_list_trunk_subports": { "subport_count": 125 } }, "contexts": { "users": { "tenants": 1, "users_per_tenant": 1 }, "quotas": { "neutron": { "network": -1, "port": 1000 } } }, "runner": { "constant": { "times": 4, "concurrency": 4 } }, "hooks": [], "sla": { "failure_rate": { "max": 0 } } } ] }
2019-06-06 09:46:42.785 22705 RALLYDEBUG rally_openstack.contexts.keystone.users [-] Creating 1 tenants using 20 threads
2019-06-06 09:46:44.421 22705 RALLYDEBUG rally_openstack.contexts.keystone.users [-] Creating 1 users using 20 threads
2019-06-06 09:46:46.712 22705 INFO rally.task.context [-] Task e7a54803-d05b-474e-b1fa-c0948ef3c5d3 | Context users@openstack setup() finished in 3.93 sec
2019-06-06 09:46:47.490 22705 INFO rally.task.context [-] Task e7a54803-d05b-474e-b1fa-c0948ef3c5d3 | Context quotas@openstack setup() finished in 0.78 sec
2019-06-06 09:46:47.491 22705 INFO rally.task.context [-] Task e7a54803-d05b-474e-b1fa-c0948ef3c5d3 | Context cleanup@openstack setup() finished in 0.00 msec
2019-06-06 09:46:47.498 22705 RALLYDEBUG rally.task.runner [-] Starting the constant runner (task UUID: e7a54803-d05b-474e-b1fa-c0948ef3c5d3). timeout: 0 concurrency: 4 concurrency_per_worker: 1 times: 4 concurrency_overhead: 0 processes_to_start: 4 max_cpu_used: 16
2019-06-06 09:46:47.511 27511 RALLYDEBUG rally.task.runner [-] Starting a worker. concurrency: 1 args: {"subport_count": 125} times: 4 method_name: run timeout: 0 duration: None cls:
2019-06-06 09:46:47.514 27512 RALLYDEBUG rally.task.runner [-] Starting a worker. concurrency: 1 args: {"subport_count": 125} times: 4 method_name: run timeout: 0 duration: None cls:
2019-06-06 09:46:47.516 27513 RALLYDEBUG rally.task.runner [-] Starting a worker. concurrency: 1 args: {"subport_count": 125} times: 4 method_name: run timeout: 0 duration: None cls:
2019-06-06 09:46:47.517 27511 INFO rally.task.runner [-] Task e7a54803-d05b-474e-b1fa-c0948ef3c5d3 | ITER: 1 START
2019-06-06 09:46:47.520 27512 INFO rally.task.runner [-] Task e7a54803-d05b-474e-b1fa-c0948ef3c5d3 | ITER: 2 START
2019-06-06 09:46:47.519 27514 RALLYDEBUG rally.task.runner [-] Starting a worker. concurrency: 1 args: {"subport_count": 125} times: 4 method_name: run timeout: 0 duration: None cls:
2019-06-06 09:46:47.520 27513 INFO rally.task.runner [-] Task e7a54803-d05b-474e-b1fa-c0948ef3c5d3 | ITER: 3 START
2019-06-06 09:46:47.524 27514 INFO rally.task.runner [-] Task e7a54803-d05b-474e-b1fa-c0948ef3c5d3 | ITER: 4 START
2019-06-06 09:49:16.319 27513 WARNING rally.task.atomic [-] 'optional_action_timer' is deprecated since rally v0.10.0.Please use action_timer instead, we have improved atomic actions, now do not need to explicitly close original action.
2019-06-06 09:49:16.357 27513 WARNING rally.task.atomic [-] 'optional_action_timer' is deprecated since rally v0.10.0.Please use action_timer instead, we have improved atomic actions, now do not need to explicitly close original action.
2019-06-06 09:49:16.697 27511 WARNING rally.task.atomic [-] 'optional_action_timer' is deprecated since rally v0.10.0.Please use action_timer instead, we have improved atomic actions, now do not need to explicitly close original action.
2019-06-06 09:49:16.735 27511 WARNING rally.task.atomic [-] 'optional_action_timer' is deprecated since rally v0.10.0.Please use action_timer instead, we have improved atomic actions, now do not need to explicitly close original action.
2019-06-06 09:49:17.185 27513 INFO rally.task.runner [-] Task e7a54803-d05b-474e-b1fa-c0948ef3c5d3 | ITER: 3 END: OK
2019-06-06 09:49:17.712 27511 INFO rally.task.runner [-] Task e7a54803-d05b-474e-b1fa-c0948ef3c5d3 | ITER: 1 END: OK
2019-06-06 09:49:17.834 27514 WARNING rally.task.atomic [-] 'optional_action_timer' is deprecated since rally v0.10.0.Please use action_timer instead, we have improved atomic actions, now do not need to explicitly close original action.
2019-06-06 09:49:17.870 27514 WARNING rally.task.atomic [-] 'optional_action_timer' is deprecated since rally v0.10.0.Please use action_timer instead, we have improved atomic actions, now do not need to explicitly close original action.
2019-06-06 09:49:18.662 27514 INFO rally.task.runner [-] Task e7a54803-d05b-474e-b1fa-c0948ef3c5d3 | ITER: 4 END: OK
2019-06-06 09:49:20.014 27512 WARNING rally.task.atomic [-] 'optional_action_timer' is deprecated since rally v0.10.0.Please use action_timer instead, we have improved atomic actions, now do not need to explicitly close original action.
2019-06-06 09:49:20.050 27512 WARNING rally.task.atomic [-] 'optional_action_timer' is deprecated since rally v0.10.0.Please use action_timer instead, we have improved atomic actions, now do not need to explicitly close original action.
2019-06-06 09:49:20.597 27512 INFO rally.task.runner [-] Task e7a54803-d05b-474e-b1fa-c0948ef3c5d3 | ITER: 2 END: OK
2019-06-06 09:49:20.624 22705 INFO rally.task.context [-] Task e7a54803-d05b-474e-b1fa-c0948ef3c5d3 | Context cleanup@openstack cleanup() started
2019-06-06 09:49:20.626 22705 RALLYDEBUG rally_openstack.cleanup.manager [-] Cleaning up neutron vip objects
2019-06-06 09:49:21.364 22705 RALLYDEBUG rally_openstack.cleanup.manager [-] Cleaning up neutron health_monitor objects
2019-06-06 09:49:22.075 22705 RALLYDEBUG rally_openstack.cleanup.manager [-] Cleaning up neutron pool objects
2019-06-06 09:49:22.826 22705 RALLYDEBUG rally_openstack.cleanup.manager [-] Cleaning up neutron loadbalancer objects
2019-06-06 09:49:23.536 22705 RALLYDEBUG rally_openstack.cleanup.manager [-] Cleaning up neutron floatingip objects
2019-06-06 09:49:24.308 22705 RALLYDEBUG rally_openstack.cleanup.manager [-] Cleaning up neutron port objects
2019-06-06 09:49:26.755 22705 RALLYDEBUG rally_openstack.cleanup.manager [-] Deleting neutron.port object s_rally_0927be93_9xS7Rb6i (0126dd6e-7826-4547-96b8-8b1124df0166)
2019-06-06 09:49:26.757 22705 RALLYDEBUG rally_openstack.cleanup.manager [-] Deleting neutron.port object s_rally_0927be93_pY11vxtt (0203f1f6-e1bf-492f-8815-71e19be6a8ad)
2019-06-06 09:49:26.764 22705 RALLYDEBUG rally_openstack.cleanup.manager [-] Deleting neutron.port object s_rally_0927be93_yex795T0 (02c58891-b2ef-4051-be9d-6c6c7ccc0f00)
2019-06-06 09:49:26.771 22705 RALLYDEBUG rally_openstack.cleanup.manager [-] Deleting neutron.port object s_rally_0927be93_YRdFjVxt (0318971c-2e16-4c5c-9cc1-d811ebea9c81)
2019-06-06 09:49:26.776 22705 RALLYDEBUG rally_openstack.cleanup.manager [-] Deleting neutron.port object s_rally_0927be93_UBpj9Xz1 (016f2428-e881-4a26-82af-e2c6775fb0c8)
2019-06-06 09:49:26.777 22705 RALLYDEBUG rally_openstack.cleanup.manager [-] Deleting neutron.port object s_rally_0927be93_s0gCsfgV (0356ecff-0717-42eb-8b76-0a797f5212ff)
2019-06-06 09:49:26.779 22705 RALLYDEBUG rally_openstack.cleanup.manager [-] Deleting neutron.port object s_rally_0927be93_4Ljq2YPy (0004dce8-6255-40dd-bcf3-ebe2ea6e5d21)
2019-06-06 09:49:26.786 22705 RALLYDEBUG rally_openstack.cleanup.manager [-] Deleting neutron.port object s_rally_0927be93_ozCxD9Qc (04d874aa-b3e7-4755-93e1-e83b26e7c229)
2019-06-06 09:49:26.802 22705 RALLYDEBUG rally_openstack.cleanup.manager [-] Deleting neutron.port object s_rally_0927be93_v4iw6msT (02481016-069f-4ddb-b233-44cd48c52860)
2019-06-06 09:49:26.810 22705 RALLYDEBUG rally_openstack.cleanup.manager [-] Deleting neutron.port object s_rally_0927be93_DlssIf6p (04f0e288-2b95-4fc8-af17-79ae9e3fa4bc)
2019-06-06 09:49:26.836 22705 RALLYDEBUG rally_openstack.cleanup.manager [-] Deleting neutron.port object s_rally_0927be93_ePk7pDt2 (0589e61c-aa93-4baa-b154-a301d56a75f9)
2019-06-06 09:49:26.843 22705 RALLYDEBUG rally_openstack.cleanup.manager [-] Deleting neutron.port object s_rally_0927be93_bDh7gKzh (06e3cecb-1f40-40ec-9c48-887d7b7d18f3)
2019-06-06 09:49:26.847 22705 RALLYDEBUG rally_openstack.cleanup.manager [-] Deleting neutron.port object s_rally_0927be93_ZSdizWqp (05b1e2b9-f352-42c3-80f5-0c7e3c026c8a)
2019-06-06 09:49:26.863 22705 RALLYDEBUG rally_openstack.cleanup.manager [-] Deleting neutron.port object s_rally_0927be93_MpEYDIMj (071f5665-b4db-4d8c-9685-3b592fd0b70e)
2019-06-06 09:49:26.880 22705 RALLYDEBUG rally_openstack.cleanup.manager [-] Deleting neutron.port object s_rally_0927be93_M3a3spv9 (07e3b411-8991-46a5-8f3b-ebb93e981eb5)
2019-06-06 09:49:26.891 22705 RALLYDEBUG rally_openstack.cleanup.manager [-] Deleting neutron.port object s_rally_0927be93_qkxsqWaV (08ff26de-fdbe-4538-b492-e39bdf07f841)
2019-06-06 09:49:26.910 22705 RALLYDEBUG rally_openstack.cleanup.manager [-] Deleting neutron.port object s_rally_0927be93_i6BGahjj (095623cb-bfcd-4534-9f90-3a60e74379b7)
2019-06-06 09:49:26.914 22705 RALLYDEBUG rally_openstack.cleanup.manager [-] Deleting neutron.port object s_rally_0927be93_7mTGZYhn (0a8573e7-bd49-4d46-99a9-32104a58b3ce)
2019-06-06 09:49:26.920 22705 RALLYDEBUG rally_openstack.cleanup.manager [-] Deleting neutron.port object s_rally_0927be93_rlJ6Bya9 (0ac61ba7-cc1b-4176-91ff-692bc9a66519)
2019-06-06 09:49:26.928 22705 RALLYDEBUG rally_openstack.cleanup.manager [-] Deleting neutron.port object s_rally_0927be93_gnafMXyb (0b355331-cba9-43fb-b414-02f4bd1b4895)
2019-06-06 09:49:29.376 22705 RALLYDEBUG rally_openstack.cleanup.manager [-] Deleting neutron.port object s_rally_0927be93_GnnHe3oy (0bbb3812-f863-4898-b427-2da287022132)
2019-06-06 09:49:29.426 22705 RALLYDEBUG rally_openstack.cleanup.manager [-] Deleting neutron.port object s_rally_0927be93_HsHRWuUW (0bf598f4-60fa-466b-86cd-69e04427a79a)
2019-06-06 09:49:30.937 22705 RALLYDEBUG rally_openstack.cleanup.manager [-] Deleting neutron.port object s_rally_0927be93_KDadDl5L (0cb0c310-b33d-4958-932a-06e9e014e6c5)
2019-06-06 09:49:31.397 22705 RALLYDEBUG rally_openstack.cleanup.manager [-] Deleting neutron.port object s_rally_0927be93_x38TRwNk (0d2f6808-793e-41f1-984a-a5e52b30135b)
2019-06-06 09:49:31.554 22705 RALLYDEBUG rally_openstack.cleanup.manager [-] Deleting neutron.port object s_rally_0927be93_44dWtFv7 (0e26d334-0f5a-4e7e-b7c7-3e2d0b2468b1)
2019-06-06 09:49:31.566 22705 RALLYDEBUG rally_openstack.cleanup.manager [-] Deleting neutron.port object s_rally_0927be93_CGTgwBu3 (0e561faa-29ba-4887-a1ab-bce879da73d6)
2019-06-06 09:49:31.822 22705 RALLYDEBUG rally_openstack.cleanup.manager [-] Deleting neutron.port object s_rally_0927be93_VsAEsvMB (0e5ea261-9cf2-41c3-8512-791f195ce995)
2019-06-06 09:49:32.041 22705 RALLYDEBUG rally_openstack.cleanup.manager [-] Deleting neutron.port object s_rally_0927be93_ATYwFUgF (0e6c569f-96fa-4b88-b45c-5c0437f2053b)
2019-06-06 09:49:32.544 22705 RALLYDEBUG rally_openstack.cleanup.manager [-] Deleting neutron.port object s_rally_0927be93_pse4EU9M (0ea9954d-3604-47ca-9d64-145a9d4be2c8)
2019-06-06 09:49:32.775 22705 RALLYDEBUG rally_openstack.cleanup.manager [-] Deleting neutron.port object s_rally_0927be93_hOf5pxSJ (0eb46e92-c03a-4b9e-952e-c9101af7185d)
2019-06-06 09:49:33.279 22705 RALLYDEBUG rally_openstack.cleanup.manager [-] Deleting neutron.port object s_rally_0927be93_SJTRhlvZ (0eb57141-ab56-4c42-b8da-2528280af7d8)
2019-06-06 09:49:33.986 22705 RALLYDEBUG rally_openstack.cleanup.manager [-] Deleting neutron.port object s_rally_0927be93_rLLYJ4gw (10345295-7ebc-4e03-a153-e2c522fccca0)
2019-06-06 09:49:34.439 22705 RALLYDEBUG rally_openstack.cleanup.manager [-] Deleting neutron.port object s_rally_0927be93_5GOgYT7z (107af168-aca3-4696-8dd7-64c4fb2d0b2c)
2019-06-06 09:49:34.485 22705 RALLYDEBUG rally_openstack.cleanup.manager [-] Deleting neutron.port object s_rally_0927be93_EnI3kbog (10ad6b23-7b71-45cf-8719-41423018b4da)
2019-06-06 09:49:35.295 22705 RALLYDEBUG rally_openstack.cleanup.manager [-] Deleting neutron.port object s_rally_0927be93_blCa5C2n (117a3791-9124-49b9-8a3b-15105b7940fc)
2019-06-06 09:49:35.556 22705 RALLYDEBUG rally_openstack.cleanup.manager [-] Deleting neutron.port object s_rally_0927be93_sK74B1Ym (120929d1-3fcb-4284-a20e-9c0cec07cd4b)
2019-06-06 09:49:35.730 22705 RALLYDEBUG rally_openstack.cleanup.manager [-] Deleting neutron.port object s_rally_0927be93_RSAPM1v7 (1211209a-e8b5-46a2-b66f-75ca90925254)
2019-06-06 09:49:35.899 22705 RALLYDEBUG rally_openstack.cleanup.manager [-] Deleting neutron.port object s_rally_0927be93_tCUKfqzY (12305507-13c9-44f7-b36d-56c73ec63e83)
2019-06-06 09:49:35.920 22705 RALLYDEBUG rally_openstack.cleanup.manager [-] Deleting neutron.port object s_rally_0927be93_AN3J4Tg1 (12a07256-4c58-46e1-8057-c25a4fb2ef5b)
2019-06-06 09:49:35.921 22705 RALLYDEBUG rally_openstack.cleanup.manager [-] Deleting neutron.port object s_rally_0927be93_EJqj0oxk (124a19d1-4359-42ae-9c0c-e022095847fe)
2019-06-06 09:49:36.329 22705 RALLYDEBUG rally_openstack.cleanup.manager [-] Deleting neutron.port object s_rally_0927be93_u4o17URH (133cb2a6-6c1c-4c0a-aa1c-d047e7c6af2a)
2019-06-06 09:49:36.465 22705 RALLYDEBUG rally_openstack.cleanup.manager [-] Deleting neutron.port object s_rally_0927be93_EbXlZhbT (13d84ba3-0638-4cfc-8f07-06d6617d401b)
2019-06-06 09:49:36.493 22705 RALLYDEBUG rally_openstack.cleanup.manager [-] Deleting neutron.port object s_rally_0927be93_pdkvm2k2 (144ac079-594a-4ebe-9f4b-49c25d7a379c)
2019-06-06 09:49:36.527 22705 RALLYDEBUG rally_openstack.cleanup.manager [-] Deleting neutron.port object s_rally_0927be93_tDEnzqmq (16f003ab-46e3-4370-91ee-1671c33bd1c3)
2019-06-06 09:49:36.539 22705 RALLYDEBUG rally_openstack.cleanup.manager [-] Deleting neutron.port object s_rally_0927be93_3fYUwj8R (17344df7-fff9-44dd-bca1-e4c7f770ee89)
2019-06-06 09:49:36.648 22705 RALLYDEBUG rally_openstack.cleanup.manager [-] Deleting neutron.port object s_rally_0927be93_zQp4ugg5 (1736235c-4d92-49eb-8e92-65be78743821)
2019-06-06 09:49:36.748 22705 RALLYDEBUG rally_openstack.cleanup.manager [-] Deleting neutron.port object s_rally_0927be93_Wa2ZKhX7 (178632c7-2974-4bf2-ae0d-8f3087352a0f)
2019-06-06 09:49:36.755 22705 RALLYDEBUG rally_openstack.cleanup.manager [-] Deleting neutron.port object s_rally_0927be93_pbDrzqQw (181650e2-aab7-42a6-8613-eb6b5deef5a1)
2019-06-06 09:49:36.781 22705 RALLYDEBUG rally_openstack.cleanup.manager [-] Deleting neutron.port object s_rally_0927be93_KKv69kxg (1886e50c-66e0-4646-9521-a67264b3b6f9)
2019-06-06 09:49:36.793 22705 RALLYDEBUG rally_openstack.cleanup.manager [-] Deleting neutron.port object s_rally_0927be93_jjgG888n (18f83f2f-7c96-432b-868b-cc2989e0b34a)
2019-06-06 09:49:36.804 22705 RALLYDEBUG rally_openstack.cleanup.manager [-] Deleting neutron.port object s_rally_0927be93_3q21gyNM (190e7768-eca0-49de-98cb-73eab176ce3f)
2019-06-06 09:49:36.826 22705 RALLYDEBUG rally_openstack.cleanup.manager [-] Deleting neutron.port object s_rally_0927be93_FstHJbvk (1975971e-8b64-4645-8d68-225a98ffd3f9)
2019-06-06 09:49:36.834 22705 RALLYDEBUG rally_openstack.cleanup.manager [-] Deleting neutron.port object s_rally_0927be93_tCDA28Bb (19b14bf8-cac4-4803-a3ca-9c58a7a9d4a2)
2019-06-06 09:49:36.861 22705 RALLYDEBUG rally_openstack.cleanup.manager [-] Deleting neutron.port object s_rally_0927be93_pG35RfCf (1a071121-3270-4e25-a568-24ab41818f51)
2019-06-06 09:49:38.437 22705 RALLYDEBUG rally_openstack.cleanup.manager [-] Deleting neutron.port object s_rally_0927be93_J9yaUAMr (1a564baa-a00f-434a-8123-78d8b04e8439)
2019-06-06 09:49:38.509 22705 RALLYDEBUG rally_openstack.cleanup.manager [-] Deleting neutron.port object s_rally_0927be93_NMyzXhbk (1a903a1b-050b-4102-b479-da8e4ef9e4d3)
2019-06-06 09:49:38.960 22705 RALLYDEBUG rally_openstack.cleanup.manager [-] Deleting neutron.port object s_rally_0927be93_TaGJnkUU (1b208545-ad53-4955-a235-de637a0ad72b)
2019-06-06 09:49:38.961 22705 RALLYDEBUG rally_openstack.cleanup.manager [-] Deleting neutron.port object s_rally_0927be93_tcDOtwpU (1b197327-aae4-4d74-a18a-e2e66cf68ff2)
2019-06-06 09:49:39.193 22705 RALLYDEBUG rally_openstack.cleanup.manager [-] Deleting neutron.port object s_rally_0927be93_FgQdl1sf (1d2d4127-fb82-44cc-9d6f-567cc584be57)
2019-06-06 09:49:39.341 22705 RALLYDEBUG rally_openstack.cleanup.manager [-] Deleting neutron.port object s_rally_0927be93_xDjVURTN (1d31beb7-4b71-4b05-8edc-6538a65acbaa)
2019-06-06 09:49:39.822 22705 RALLYDEBUG rally_openstack.cleanup.manager [-] Deleting neutron.port object s_rally_0927be93_AJIcdQQH (1d36bcff-8e08-4da3-a9c4-bff6b41a525c)
2019-06-06 09:49:40.089 22705 RALLYDEBUG rally_openstack.cleanup.manager [-] Deleting neutron.port object s_rally_0927be93_pFaYAdG7 (1f21c2a5-97f5-42b2-a389-9e75ab598af8)
2019-06-06 09:49:40.233 22705 RALLYDEBUG rally_openstack.cleanup.manager [-] Deleting neutron.port object s_rally_0927be93_mC3raHjY (2029bf25-ae1d-4d30-9ba7-9b11fa559d9c)
2019-06-06 09:49:40.528 22705 RALLYDEBUG rally_openstack.cleanup.manager [-] Deleting neutron.port object s_rally_0927be93_n8VwGX78 (21c0dd77-3a74-4662-a2fd-a8b28265e2a7)
2019-06-06 09:49:40.671 22705 RALLYDEBUG rally_openstack.cleanup.manager [-] Deleting neutron.port object s_rally_0927be93_MWuBDiRF (21f58987-ae7f-4ed9-8013-204bb5e9e4bf)
2019-06-06 09:49:40.747 22705 RALLYDEBUG rally_openstack.cleanup.manager [-] Deleting neutron.port object s_rally_0927be93_EfYIBNd5 (2251ba4c-c11e-4908-bc46-7d6935ba2c86)
2019-06-06 09:49:41.362 22705 RALLYDEBUG rally_openstack.cleanup.manager [-] Deleting neutron.port object s_rally_0927be93_fUTc8K2a (22a9eaf8-b481-4794-a59c-905ea4e7138d)
2019-06-06 09:49:41.451 22705 RALLYDEBUG rally_openstack.cleanup.manager [-] Deleting neutron.port object s_rally_0927be93_iByDzpwK (22aaf906-c56c-40e8-a078-183782958c85)
2019-06-06 09:49:42.314 22705 RALLYDEBUG rally_openstack.cleanup.manager [-] Deleting neutron.port object s_rally_0927be93_BpzpRY2b (236c3983-a0c3-4750-b413-9b0b4d4d0b1b)
2019-06-06 09:49:42.385 22705 RALLYDEBUG rally_openstack.cleanup.manager [-] Deleting neutron.port object s_rally_0927be93_XeGZxiuI (248d198a-e115-48f7-afef-c18f51c79d00)
2019-06-06 09:49:42.399 22705 RALLYDEBUG rally_openstack.cleanup.manager [-] Deleting neutron.port object s_rally_0927be93_2G70buqa (24be0b41-007b-45a7-8f34-f6e3af36c5f6)
2019-06-06 09:49:42.434 22705 RALLYDEBUG rally_openstack.cleanup.manager [-] Deleting neutron.port object s_rally_0927be93_IyddMo1p (27461981-3e19-41e0-aa5a-c818c8db1fcf)
2019-06-06 09:49:42.449 22705 RALLYDEBUG rally_openstack.cleanup.manager [-] Deleting neutron.port object s_rally_0927be93_ZDAo7Iuq (2788faa4-a8be-44a8-a508-500f4351d4db)
2019-06-06 09:49:42.610 22705 RALLYDEBUG rally_openstack.cleanup.manager [-] Deleting neutron.port object s_rally_0927be93_hOz6a4x0 (279bed09-7b2b-4964-ac22-78b6894d3e87)
2019-06-06 09:49:42.659 22705 RALLYDEBUG rally_openstack.cleanup.manager [-] Deleting neutron.port object s_rally_0927be93_BWju2EBV (281a460e-9163-497a-936e-314386461417)
2019-06-06 09:49:42.689 22705 RALLYDEBUG rally_openstack.cleanup.manager [-] Deleting neutron.port object s_rally_0927be93_7ARWAwXa (288dca9c-c795-41a9-9372-07d48f7b420f)
2019-06-06 09:49:42.759 22705 RALLYDEBUG rally_openstack.cleanup.manager [-] Deleting neutron.port object s_rally_0927be93_2blzcVna (290ac0a4-d7f0-4530-a704-8c032814458c)
2019-06-06 09:49:42.771 22705 RALLYDEBUG rally_openstack.cleanup.manager [-] Deleting neutron.port object s_rally_0927be93_rPuWrKup (2a027ba0-6bb1-4830-ada1-6d1e41ed8cca)
2019-06-06 09:49:42.773 22705 RALLYDEBUG rally_openstack.cleanup.manager [-] Deleting neutron.port object s_rally_0927be93_17uH66Xy (29998329-f557-4890-bfed-f970d5cc926c)
2019-06-06 09:49:42.806 22705 RALLYDEBUG rally_openstack.cleanup.manager [-] Deleting neutron.port object s_rally_0927be93_KjbbQZGg (2a5aca55-cfe3-4821-8f51-757089aa53b1)
2019-06-06 09:49:42.813 22705 RALLYDEBUG rally_openstack.cleanup.manager [-] Deleting neutron.port object s_rally_0927be93_Uz1IdaD8 (2ab14567-10e6-473d-b3a2-f6eddfd9aafa)
2019-06-06 09:49:42.907 22705 RALLYDEBUG rally_openstack.cleanup.manager [-] Deleting neutron.port object s_rally_0927be93_YKu9wlsd (2b4e6ba1-7015-45da-985a-6c3320e755e7)
2019-06-06 09:49:42.955 22705 RALLYDEBUG rally_openstack.cleanup.manager [-] Deleting neutron.port object s_rally_0927be93_qzfsYTv6 (2cbe788f-8a81-402a-8c3d-da0515edb46a)
2019-06-06 09:49:43.149 22705 RALLYDEBUG rally_openstack.cleanup.manager [-] Deleting neutron.port object s_rally_0927be93_68rnNvfA (2db253dc-8947-4eeb-950a-17715d0cbd9f)
2019-06-06 09:49:43.404 22705 RALLYDEBUG rally_openstack.cleanup.manager [-] Deleting neutron.port object s_rally_0927be93_8IaccpZ7 (2dd322b8-af0e-4a74-a379-06ab814e1838)
2019-06-06 09:49:44.420 22705 RALLYDEBUG rally_openstack.cleanup.manager [-] Deleting neutron.port object s_rally_0927be93_sxshjgOh (2de621ee-7ac1-4ff3-a9c3-4d32c09d3da8)
2019-06-06 09:49:44.844 22705 RALLYDEBUG rally_openstack.cleanup.manager [-] Deleting neutron.port object s_rally_0927be93_dvU7eMXu (2e3a9bb4-a745-494b-82e6-0383c03c7879)
2019-06-06 09:49:44.851 22705 RALLYDEBUG rally_openstack.cleanup.manager [-] Deleting neutron.port object s_rally_0927be93_XlFUylXY (2f182219-0727-4b37-893b-2646e6dc8c08)
2019-06-06 09:49:45.376 22705 RALLYDEBUG rally_openstack.cleanup.manager [-] Deleting neutron.port object s_rally_0927be93_UXdg5egG (2f2ed5bc-6c00-4385-accc-2c55c9d7b50e)
2019-06-06 09:49:45.802 22705 RALLYDEBUG rally_openstack.cleanup.manager [-] Deleting neutron.port object s_rally_0927be93_2xRK3yYH (2f407aea-e43d-4802-b662-9df2eb7993b7)
2019-06-06 09:49:45.853 22705 RALLYDEBUG rally_openstack.cleanup.manager [-] Deleting neutron.port object s_rally_0927be93_5nAWrpaZ (2ff6d3d4-9cb3-4cc4-bd07-2f6675de7990)
2019-06-06 09:49:47.029 22705 RALLYDEBUG rally_openstack.cleanup.manager [-] Deleting neutron.port object s_rally_0927be93_tgiAJP5q (2ffc72f0-a22d-4d43-b7da-018a8c5aba48)
2019-06-06 09:49:47.119 22705 RALLYDEBUG rally_openstack.cleanup.manager [-] Deleting neutron.port object s_rally_0927be93_utRTRDzB (310c35d1-185a-4607-9f51-08ce6fba52ea)
2019-06-06 09:49:47.126 22705 RALLYDEBUG rally_openstack.cleanup.manager [-] Deleting neutron.port object s_rally_0927be93_a18ksLHo (313e3d1c-0171-40d0-921b-1f67739b3789)
2019-06-06 09:49:47.209 22705 RALLYDEBUG rally_openstack.cleanup.manager [-] Deleting neutron.port object s_rally_0927be93_q5b67xe3 (31aff1b3-0620-4c20-be6f-98574e09dd58)
2019-06-06 09:49:47.421 22705 RALLYDEBUG rally_openstack.cleanup.manager [-] Deleting neutron.port object s_rally_0927be93_roiEWj22 (326c7e56-4757-4a18-83c9-2d09db9d9039)
2019-06-06 09:49:47.428 22705 RALLYDEBUG rally_openstack.cleanup.manager [-] Deleting neutron.port object s_rally_0927be93_gR8h3AjV (329ab9b5-c4a4-4d1f-b1e2-a5f861fb1f4e)
2019-06-06 09:49:47.436 22705 RALLYDEBUG rally_openstack.cleanup.manager [-] Deleting neutron.port object s_rally_0927be93_BND1YNgd (33017fce-b701-4459-9aa3-31f7fc0a575f)
2019-06-06 09:49:47.459 22705 RALLYDEBUG rally_openstack.cleanup.manager [-] Deleting neutron.port object s_rally_0927be93_Ti8jd50o (33692e77-3207-4d29-a991-c5eeca367a9c)
