2019-06-06 09:43:53.736 22705 RALLYDEBUG rally_openstack.cleanup.manager [-] Deleting neutron.port object s_rally_9076c682_TAieUgYu (5e7926a6-9e0f-4026-9db9-e2f810742352)
2019-06-06 09:43:53.743 22705 RALLYDEBUG rally_openstack.cleanup.manager [-] Deleting neutron.port object s_rally_9076c682_3jyyLPrT (6057ed16-d59d-4a3c-b4c6-4281dc8ea21c)
2019-06-06 09:43:53.744 22705 RALLYDEBUG rally_openstack.cleanup.manager [-] Deleting neutron.port object s_rally_9076c682_KKx2Rr6H (5dc6723c-60ba-4c7f-b0aa-17d2881e9524)
2019-06-06 09:43:53.887 22705 RALLYDEBUG rally_openstack.cleanup.manager [-] Deleting neutron.port object s_rally_9076c682_btzp44JQ (6059a2e9-9e38-46aa-9e1a-f7cc414e2d32)
2019-06-06 09:43:53.944 22705 RALLYDEBUG rally_openstack.cleanup.manager [-] Deleting neutron.port object s_rally_9076c682_fTXPudkc (6808d01f-c6fd-4fbf-b90e-05b81626c534)
2019-06-06 09:43:53.944 22705 RALLYDEBUG rally_openstack.cleanup.manager [-] Deleting neutron.port object s_rally_9076c682_EHBQkkpc (62400c84-973e-46b4-be41-84b72c4518c9)
2019-06-06 09:43:53.962 22705 RALLYDEBUG rally_openstack.cleanup.manager [-] Deleting neutron.port object s_rally_9076c682_EyhF9yTa (687b0ef5-9d98-41fe-b426-24e838fac839)
2019-06-06 09:43:53.962 22705 RALLYDEBUG rally_openstack.cleanup.manager [-] Deleting neutron.port object s_rally_9076c682_X23KCpa2 (680fcdd6-115d-4c2b-9a9d-a205fcace3dd)
2019-06-06 09:43:54.009 22705 RALLYDEBUG rally_openstack.cleanup.manager [-] Deleting neutron.port object s_rally_9076c682_36OWAizx (69e74580-2a97-407c-8662-540e2b784caa)
2019-06-06 09:43:54.047 22705 RALLYDEBUG rally_openstack.cleanup.manager [-] Deleting neutron.port object s_rally_9076c682_nqKUoS4b (6a5ca9d6-15c1-4d49-b040-062bbbd131bb)
2019-06-06 09:43:54.075 22705 RALLYDEBUG rally_openstack.cleanup.manager [-] Deleting neutron.port object s_rally_9076c682_suW8qFdX (6ca7387a-071b-4232-83f3-a788fe23fcb0)
2019-06-06 09:43:54.448 22705 RALLYDEBUG rally_openstack.cleanup.manager [-] Deleting neutron.port object s_rally_9076c682_7jZKq9rY (71f07af7-3c60-4026-9a1e-ab8db3a00e85)
2019-06-06 09:43:54.654 22705 RALLYDEBUG rally_openstack.cleanup.manager [-] Deleting neutron.port object s_rally_9076c682_GHsZYSu4 (72752630-f8eb-4396-b0fa-809e3e3889ca)
2019-06-06 09:43:56.343 22705 RALLYDEBUG rally_openstack.cleanup.manager [-] Deleting neutron.port object s_rally_9076c682_6BEpdW1I (72858213-0d45-481f-99bb-436dd71075b6)
2019-06-06 09:43:56.353 22705 RALLYDEBUG rally_openstack.cleanup.manager [-] Deleting neutron.port object s_rally_9076c682_ICa6wncd (7370fc5b-4480-4b16-933d-aa1646f39a46)
2019-06-06 09:43:56.493 22705 RALLYDEBUG rally_openstack.cleanup.manager [-] Deleting neutron.port object s_rally_9076c682_bQ342MoG (73ef3480-b2d8-449d-a71e-a7344a7650c6)
2019-06-06 09:43:56.535 22705 RALLYDEBUG rally_openstack.cleanup.manager [-] Deleting neutron.port object s_rally_9076c682_Q7lzHxFd (753ab25e-9d7e-44ee-9a66-dc5ac2c057ae)
2019-06-06 09:43:56.614 22705 RALLYDEBUG rally_openstack.cleanup.manager [-] Deleting neutron.port object s_rally_9076c682_4JPweUWi (75cb8e10-550b-4c4c-ace4-ac8297c36d41)
2019-06-06 09:43:56.662 22705 RALLYDEBUG rally_openstack.cleanup.manager [-] Deleting neutron.port object s_rally_9076c682_H8JzDIjv (7681c2ba-0c7b-4cf7-8d73-62d570873da7)
2019-06-06 09:43:56.679 22705 RALLYDEBUG rally_openstack.cleanup.manager [-] Deleting neutron.port object s_rally_9076c682_6j3Yj7zc (76dfbb95-0cf1-4a22-841a-76580e7e9782)
2019-06-06 09:43:56.987 22705 RALLYDEBUG rally_openstack.cleanup.manager [-] Deleting neutron.port object s_rally_9076c682_ztznYIBr (77196f0a-3d33-4285-9123-5640230dc259)
2019-06-06 09:43:57.057 22705 RALLYDEBUG rally_openstack.cleanup.manager [-] Deleting neutron.port object s_rally_9076c682_BUVax1L2 (7f06300d-649b-432f-a4cd-0f1f55f03d46)
2019-06-06 09:43:57.100 22705 RALLYDEBUG rally_openstack.cleanup.manager [-] Deleting neutron.port object s_rally_9076c682_g6hIxg4k (7f3d597d-62bd-4d91-8cae-bdf18f45c5e7)
2019-06-06 09:43:57.162 22705 RALLYDEBUG rally_openstack.cleanup.manager [-] Deleting neutron.port object s_rally_9076c682_XEvZlGqn (7f54a03c-f706-4a90-ac5d-d33cb2463d77)
2019-06-06 09:43:57.167 22705 RALLYDEBUG rally_openstack.cleanup.manager [-] Deleting neutron.port object s_rally_9076c682_ct9ygEDv (7fc34558-611a-46b3-916c-607d1b32da08)
2019-06-06 09:43:57.250 22705 RALLYDEBUG rally_openstack.cleanup.manager [-] Deleting neutron.port object s_rally_9076c682_hTliOsoQ (7fe25e4e-5a4a-401f-94d1-2491be52e2cf)
2019-06-06 09:43:57.256 22705 RALLYDEBUG rally_openstack.cleanup.manager [-] Deleting neutron.port object s_rally_9076c682_8zxuxr1t (8163c513-7a31-40b3-b705-5eedad95c348)
2019-06-06 09:43:57.284 22705 RALLYDEBUG rally_openstack.cleanup.manager [-] Deleting neutron.port object s_rally_9076c682_IEsS1run (8197ac84-b5a6-42c5-984c-854445c09d82)
2019-06-06 09:43:57.476 22705 RALLYDEBUG rally_openstack.cleanup.manager [-] Deleting neutron.port object s_rally_9076c682_6RScmTtW (81a9ac99-780d-4e6b-a888-3aee6143a14e)
2019-06-06 09:43:57.488 22705 RALLYDEBUG rally_openstack.cleanup.manager [-] Deleting neutron.port object s_rally_9076c682_Z4MNerTY (81ef8019-4b71-4e74-97d0-0db1aef53077)
2019-06-06 09:43:57.961 22705 RALLYDEBUG rally_openstack.cleanup.manager [-] Deleting neutron.port object s_rally_9076c682_EtkPe1aX (8226c953-615d-423c-ad54-3d77cae2cf8f)
2019-06-06 09:43:57.965 22705 RALLYDEBUG rally_openstack.cleanup.manager [-] Deleting neutron.port object s_rally_9076c682_Jy8q6eSo (82f2c1d4-34b0-419d-b585-fc25680bc845)
2019-06-06 09:43:57.974 22705 RALLYDEBUG rally_openstack.cleanup.manager [-] Deleting neutron.port object s_rally_9076c682_ozqDGEGA (82af9bde-cb62-47ca-a37d-c6ea61e8fc86)
2019-06-06 09:43:59.082 22705 RALLYDEBUG rally_openstack.cleanup.manager [-] Deleting neutron.port object s_rally_9076c682_rKWi64eQ (837b0b8f-c74e-4ae3-ae61-fa7f7145a4f1)
2019-06-06 09:43:59.092 22705 RALLYDEBUG rally_openstack.cleanup.manager [-] Deleting neutron.port object s_rally_9076c682_NlzlKQC8 (83d5019e-ccd1-4ddd-ae7b-f7e5d64d3cd3)
2019-06-06 09:43:59.508 22705 RALLYDEBUG rally_openstack.cleanup.manager [-] Deleting neutron.port object s_rally_9076c682_dxdNEtyB (83f8f75c-8823-4503-bd85-80b894ce0f02)
2019-06-06 09:43:59.711 22705 RALLYDEBUG rally_openstack.cleanup.manager [-] Deleting neutron.port object s_rally_9076c682_6ZVFeCyr (8558fab4-e2f2-45d2-9021-198a23e8c403)
2019-06-06 09:43:59.716 22705 RALLYDEBUG rally_openstack.cleanup.manager [-] Deleting neutron.port object s_rally_9076c682_Qn4SDery (865a47d9-7568-49ac-b600-af41cbd38ccf)
2019-06-06 09:43:59.967 22705 RALLYDEBUG rally_openstack.cleanup.manager [-] Deleting neutron.port object s_rally_9076c682_Lfg3YbIk (86d88393-2973-46b4-975d-d2db5feeadc3)
2019-06-06 09:44:00.017 22705 RALLYDEBUG rally_openstack.cleanup.manager [-] Deleting neutron.port object s_rally_9076c682_BqHOqpCZ (86e7a111-041e-4a0c-bac5-966ca12e268a)
2019-06-06 09:44:00.313 22705 RALLYDEBUG rally_openstack.cleanup.manager [-] Deleting neutron.port object s_rally_9076c682_jBDV0jJP (88c54c75-6803-4c48-a080-20a75007d43a)
2019-06-06 09:44:00.636 22705 RALLYDEBUG rally_openstack.cleanup.manager [-] Deleting neutron.port object s_rally_9076c682_VdxcfRjx (898e647a-2400-4d6f-9472-57144f3655a8)
2019-06-06 09:44:00.731 22705 RALLYDEBUG rally_openstack.cleanup.manager [-] Deleting neutron.port object s_rally_9076c682_hfFo4u8Z (8a9a8d0f-281b-432d-8b77-58b0ebc2cb36)
2019-06-06 09:44:00.752 22705 RALLYDEBUG rally_openstack.cleanup.manager [-] Deleting neutron.port object s_rally_9076c682_8Y0WVPo0 (8b76b575-1928-40b6-a00b-d94b872e54f7)
2019-06-06 09:44:00.769 22705 RALLYDEBUG rally_openstack.cleanup.manager [-] Deleting neutron.port object s_rally_9076c682_mKJyN0S7 (8be54f72-b109-421b-8a38-a71efffe2737)
2019-06-06 09:44:00.802 22705 RALLYDEBUG rally_openstack.cleanup.manager [-] Deleting neutron.port object s_rally_9076c682_Ngsj8mmO (8df00f17-051e-49aa-b486-56963b32ad92)
2019-06-06 09:44:00.844 22705 RALLYDEBUG rally_openstack.cleanup.manager [-] Deleting neutron.port object s_rally_9076c682_e6StEoSh (8e11398f-0011-4021-9d9a-441e2be94bfe)
2019-06-06 09:44:00.961 22705 RALLYDEBUG rally_openstack.cleanup.manager [-] Deleting neutron.port object s_rally_9076c682_wWF8a52g (8e65ac38-f5f9-49a8-ab40-d60855921d52)
2019-06-06 09:44:00.992 22705 RALLYDEBUG rally_openstack.cleanup.manager [-] Deleting neutron.port object s_rally_9076c682_4wG4I8BU (8f43b0ed-8bc2-4b2d-a56b-06bc44107136)
2019-06-06 09:44:01.138 22705 RALLYDEBUG rally_openstack.cleanup.manager [-] Deleting neutron.port object s_rally_9076c682_ROte1y4x (900b3c55-388d-4658-b706-d80be8c08afb)
2019-06-06 09:44:01.409 22705 RALLYDEBUG rally_openstack.cleanup.manager [-] Deleting neutron.port object s_rally_9076c682_SF7NywON (910250b4-a041-4b07-8bff-8a91d8461a63)
2019-06-06 09:44:01.477 22705 RALLYDEBUG rally_openstack.cleanup.manager [-] Deleting neutron.port object s_rally_9076c682_8qTWLRE5 (922a55d8-4ca2-4a41-b3d5-ebd055a7d8d9)
2019-06-06 09:44:01.606 22705 RALLYDEBUG rally_openstack.cleanup.manager [-] Deleting neutron.port object s_rally_9076c682_TEivphp0 (92ab9fe1-7e28-47b6-986e-bdddda0a0b0f)
2019-06-06 09:44:01.619 22705 RALLYDEBUG rally_openstack.cleanup.manager [-] Deleting neutron.port object s_rally_9076c682_DS1IEBqu (931e5236-2046-4a22-9333-8218ade6ac9d)
2019-06-06 09:44:01.619 22705 RALLYDEBUG rally_openstack.cleanup.manager [-] Deleting neutron.port object s_rally_9076c682_mi9fyqFi (936ca1d4-c912-48bc-b0cf-5d009d70f942)
2019-06-06 09:44:01.856 22705 RALLYDEBUG rally_openstack.cleanup.manager [-] Deleting neutron.port object s_rally_9076c682_x6IrUuCJ (95102427-b77e-4876-845e-dc49f5489cdf)
2019-06-06 09:44:02.052 22705 RALLYDEBUG rally_openstack.cleanup.manager [-] Deleting neutron.port object s_rally_9076c682_mQoUQAeo (95303a6c-0d43-44ee-bf3d-ff97087c6b1c)
2019-06-06 09:44:02.687 22705 RALLYDEBUG rally_openstack.cleanup.manager [-] Deleting neutron.port object s_rally_9076c682_I7LNceE3 (95e95014-931d-428f-b520-4aa6560e80a8)
2019-06-06 09:44:02.698 22705 RALLYDEBUG rally_openstack.cleanup.manager [-] Deleting neutron.port object s_rally_9076c682_1vRfVRfr (967b1616-7666-4fb6-8b84-7858c79a7124)
2019-06-06 09:44:03.128 22705 RALLYDEBUG rally_openstack.cleanup.manager [-] Deleting neutron.port object s_rally_9076c682_j3K1fJrl (97c2f451-3616-4443-aae0-6dd9e2460b5b)
2019-06-06 09:44:03.520 22705 RALLYDEBUG rally_openstack.cleanup.manager [-] Deleting neutron.port object s_rally_9076c682_ZjuPW2Xj (9b4c0aa0-099f-416c-8085-768ca4820e48)
2019-06-06 09:44:03.735 22705 RALLYDEBUG rally_openstack.cleanup.manager [-] Deleting neutron.port object s_rally_9076c682_XwjjTo3d (9b99bc9b-0b1c-48fd-8a5e-aa4b2821042c)
2019-06-06 09:44:03.887 22705 RALLYDEBUG rally_openstack.cleanup.manager [-] Deleting neutron.port object s_rally_9076c682_70xlGBX1 (9bad801d-5ae0-4dff-a101-b39916c0e1a1)
2019-06-06 09:44:04.111 22705 RALLYDEBUG rally_openstack.cleanup.manager [-] Deleting neutron.port object s_rally_9076c682_xlwYU6Q9 (9db365d5-c48a-45a9-b85d-2090a1862fdc)
2019-06-06 09:44:04.201 22705 RALLYDEBUG rally_openstack.cleanup.manager [-] Deleting neutron.port object s_rally_9076c682_e5HVOBPF (9e7bfc2e-246e-4f5d-b1fa-ac3745b83bb3)
2019-06-06 09:44:04.277 22705 RALLYDEBUG rally_openstack.cleanup.manager [-] Deleting neutron.port object s_rally_9076c682_szZ0nWpd (9eb14e6e-2730-4c23-9493-9ac1feed5f5d)
2019-06-06 09:44:04.317 22705 RALLYDEBUG rally_openstack.cleanup.manager [-] Deleting neutron.port object s_rally_9076c682_wCY5CN8y (9f2d6b13-e6bb-4bff-ad92-f8f460fb811a)
2019-06-06 09:44:04.420 22705 RALLYDEBUG rally_openstack.cleanup.manager [-] Deleting neutron.port object s_rally_9076c682_Tk85AYgw (9fc731ce-4071-4170-9b9f-c30641e8e03d)
2019-06-06 09:44:04.436 22705 RALLYDEBUG rally_openstack.cleanup.manager [-] Deleting neutron.port object s_rally_9076c682_52EOe7jZ (a27813b6-f1a8-43fa-ac50-7875396914d0)
2019-06-06 09:44:04.468 22705 RALLYDEBUG rally_openstack.cleanup.manager [-] Deleting neutron.port object s_rally_9076c682_JE45jALS (a2a624ec-e19f-412a-9aa7-7872bca6eb96)
2019-06-06 09:44:04.515 22705 RALLYDEBUG rally_openstack.cleanup.manager [-] Deleting neutron.port object s_rally_9076c682_iCnEZR22 (a2c04775-4159-4bc3-8d11-148378dab2f1)
2019-06-06 09:44:04.560 22705 RALLYDEBUG rally_openstack.cleanup.manager [-] Deleting neutron.port object s_rally_9076c682_0rkSiuPv (a32c2b3b-99ff-4ecf-af18-463ad2b3636f)
2019-06-06 09:44:04.606 22705 RALLYDEBUG rally_openstack.cleanup.manager [-] Deleting neutron.port object s_rally_9076c682_81qx0CBe (a7075f19-65c8-4baa-9f43-5ff7fbc9f47b)
2019-06-06 09:44:04.607 22705 RALLYDEBUG rally_openstack.cleanup.manager [-] Deleting neutron.port object s_rally_9076c682_P7AmHN7F (a5a0d385-f16a-446d-a501-c9e2f3169ed2)
2019-06-06 09:44:04.972 22705 RALLYDEBUG rally_openstack.cleanup.manager [-] Deleting neutron.port object s_rally_9076c682_cHMhpIEL (a76bf372-7be1-4d0c-8f2a-6114d5052754)
2019-06-06 09:44:05.041 22705 RALLYDEBUG rally_openstack.cleanup.manager [-] Deleting neutron.port object s_rally_9076c682_8HMcugYA (a92375ef-b9b7-455d-8bc3-45e489b27742)
2019-06-06 09:44:05.055 22705 RALLYDEBUG rally_openstack.cleanup.manager [-] Deleting neutron.port object s_rally_9076c682_Nyifn06B (aa0f6b37-6628-4097-bc39-9f9c3442e486)
2019-06-06 09:44:05.110 22705 RALLYDEBUG rally_openstack.cleanup.manager [-] Deleting neutron.port object s_rally_9076c682_vT3gel86 (aa76a077-0978-43c7-b2ab-a5a6b8507b8a)
2019-06-06 09:44:05.130 22705 RALLYDEBUG rally_openstack.cleanup.manager [-] Deleting neutron.port object s_rally_9076c682_20bf9ClE (abad1fe9-61ad-4513-bfae-3e5211063f82)
2019-06-06 09:44:05.598 22705 RALLYDEBUG rally_openstack.cleanup.manager [-] Deleting neutron.port object s_rally_9076c682_DIgcUoYt (aca4d57a-023a-43d0-82a8-ef2ede2a94a0)
2019-06-06 09:44:06.345 22705 RALLYDEBUG rally_openstack.cleanup.manager [-] Deleting neutron.port object s_rally_9076c682_a8Y2PYQp (b0628969-cdd5-4edd-87ec-aee2307b9399)
2019-06-06 09:44:06.727 22705 RALLYDEBUG rally_openstack.cleanup.manager [-] Deleting neutron.port object s_rally_9076c682_L5YGZ94Q (b18ef8a6-1ca5-4765-b49c-f05eaab598d3)
2019-06-06 09:44:06.919 22705 RALLYDEBUG rally_openstack.cleanup.manager [-] Deleting neutron.port object s_rally_9076c682_5s0cQ5JB (b20453ed-503e-47e0-8fa5-2a166a347bf9)
2019-06-06 09:44:06.939 22705 RALLYDEBUG rally_openstack.cleanup.manager [-] Deleting neutron.port object s_rally_9076c682_F4e4Hl4T (b332be1f-f6b9-4b4c-a765-a8a5068d01b9)
2019-06-06 09:44:07.073 22705 RALLYDEBUG rally_openstack.cleanup.manager [-] Deleting neutron.port object s_rally_9076c682_xi4nN9Tq (b4be4251-5bd5-496f-bfe1-aaabeeca857f)
2019-06-06 09:44:07.115 22705 RALLYDEBUG rally_openstack.cleanup.manager [-] Deleting neutron.port object s_rally_9076c682_iRtEV1Dd (b5fc0c0b-b4be-42fb-b150-2d4ce11f7759)
2019-06-06 09:44:07.385 22705 RALLYDEBUG rally_openstack.cleanup.manager [-] Deleting neutron.port object s_rally_9076c682_c10m9gAj (b9b620e1-3df4-4a1a-958b-be5fa558f580)
2019-06-06 09:44:07.631 22705 RALLYDEBUG rally_openstack.cleanup.manager [-] Deleting neutron.port object s_rally_9076c682_geCCRP8F (bab1fce5-dbc2-4f5f-bcbe-0a335e5c338e)
2019-06-06 09:44:07.673 22705 RALLYDEBUG rally_openstack.cleanup.manager [-] Deleting neutron.port object s_rally_9076c682_NtsS6LYo (bbbc1456-1fba-4c39-bdf8-794f04f223c4)
2019-06-06 09:44:07.704 22705 RALLYDEBUG rally_openstack.cleanup.manager [-] Deleting neutron.port object s_rally_9076c682_1hZKbOSK (bddf156e-1411-407f-93cc-f6962b4fd60e)
2019-06-06 09:44:07.864 22705 RALLYDEBUG rally_openstack.cleanup.manager [-] Deleting neutron.port object s_rally_9076c682_c7bOiwMK (be1dbbe0-1a87-43a8-b011-708aa185ab23)
2019-06-06 09:44:07.916 22705 RALLYDEBUG rally_openstack.cleanup.manager [-] Deleting neutron.port object s_rally_9076c682_Gs3Ub2Sn (bf1c4ff7-daf0-4d07-b9f0-4de4b9958039)
2019-06-06 09:44:07.998 22705 RALLYDEBUG rally_openstack.cleanup.manager [-] Deleting neutron.port object s_rally_9076c682_nuSzIr06 (bf7eb72d-859a-4f1a-9dae-9490d1cc217d)
2019-06-06 09:44:08.539 22705 RALLYDEBUG rally_openstack.cleanup.manager [-] Deleting neutron.port object s_rally_9076c682_1qSD4frX (c1289ab4-b7c6-4295-98e3-9e3548ff5df2)
2019-06-06 09:44:08.655 22705 RALLYDEBUG rally_openstack.cleanup.manager [-] Deleting neutron.port object s_rally_9076c682_bYvYSVFB (c294d23c-6ded-4d26-89a9-da8e28c7dc94)
2019-06-06 09:44:08.687 22705 RALLYDEBUG rally_openstack.cleanup.manager [-] Deleting neutron.port object s_rally_9076c682_an6jCk3Y (c5045331-e9dc-4ee2-b982-eb3f7875a2f3)
2019-06-06 09:44:08.722 22705 RALLYDEBUG rally_openstack.cleanup.manager [-] Deleting neutron.port object s_rally_9076c682_L0fPmf3k (c9b2aee1-2a13-49be-ad61-2a322335459d)
2019-06-06 09:44:09.299 22705 RALLYDEBUG rally_openstack.cleanup.manager [-] Deleting neutron.port object s_rally_9076c682_NjBnwEdM (cbae6923-88d6-4d0f-b177-eba7715de466)
2019-06-06 09:44:09.301 22705 RALLYDEBUG rally_openstack.cleanup.manager [-] Deleting neutron.port object s_rally_9076c682_Zxx8dIha (cb40ca00-f659-4039-bcb5-36c3c4dc6449)
2019-06-06 09:44:09.306 22705 RALLYDEBUG rally_openstack.cleanup.manager [-] Deleting neutron.port object s_rally_9076c682_2rsAoGHs (cca77050-3a53-4140-8ce4-d4388a25d320)
2019-06-06 09:44:09.347 22705 RALLYDEBUG rally_openstack.cleanup.manager [-] Deleting neutron.port object s_rally_9076c682_KFksODfH (cccd3958-8960-40be-94ca-27a7428bf055)
2019-06-06 09:44:09.354 22705 RALLYDEBUG rally_openstack.cleanup.manager [-] Deleting neutron.port object s_rally_9076c682_zvAByayS (cecb56a1-5d0e-441e-8306-1fdc16c0f8df)
2019-06-06 09:44:09.405 22705 RALLYDEBUG rally_openstack.cleanup.manager [-] Deleting neutron.port object s_rally_9076c682_tZG5lPKG (cffeab56-2d36-49a6-ac81-5dbf2e73df90)
2019-06-06 09:44:09.506 22705 RALLYDEBUG rally_openstack.cleanup.manager [-] Deleting neutron.port object s_rally_9076c682_WHln0Im1 (d09aa8ea-829e-4e04-a585-f6a39a2b0f65)
2019-06-06 09:44:10.214 22705 RALLYDEBUG rally_openstack.cleanup.manager [-] Deleting neutron.port object s_rally_9076c682_nSW6nI3G (d1daff8e-3a11-4fc4-b9a1-3ac1d75cdd82)
2019-06-06 09:44:10.244 22705 RALLYDEBUG rally_openstack.cleanup.manager [-] Deleting neutron.port object s_rally_9076c682_7IDJ4k08 (d23d3315-696e-4744-9265-cfa5c0697edb)
2019-06-06 09:44:10.244 22705 RALLYDEBUG rally_openstack.cleanup.manager [-] Deleting neutron.port object s_rally_9076c682_VpzZUSWh (d56e38b9-059f-4dac-9fec-fe1642d93ee5)
2019-06-06 09:44:10.264 22705 RALLYDEBUG rally_openstack.cleanup.manager [-] Deleting neutron.port object s_rally_9076c682_vTXepDrP (d598171d-b2d3-4084-ac95-82fce6b487eb)
2019-06-06 09:44:10.352 22705 RALLYDEBUG rally_openstack.cleanup.manager [-] Deleting neutron.port object s_rally_9076c682_rajxNHRX (d7092d54-a6b6-43be-9bcb-e1b1e14507c3)
2019-06-06 09:44:10.848 22705 RALLYDEBUG rally_openstack.cleanup.manager [-] Deleting neutron.port object s_rally_9076c682_5x2SCEES (d80c95d5-4525-46f6-b17e-dfe1bf774e9a)
2019-06-06 09:44:10.859 22705 RALLYDEBUG rally_openstack.cleanup.manager [-] Deleting neutron.port object s_rally_9076c682_utig26fm (dab4a838-a881-4fd0-8a5f-acb45bafb10e)
2019-06-06 09:44:11.138 22705 RALLYDEBUG rally_openstack.cleanup.manager [-] Deleting neutron.port object s_rally_9076c682_wIdvMVce (dcabc85a-85ae-4f37-9f50-3f66fd1df7da)
2019-06-06 09:44:11.138 22705 RALLYDEBUG rally_openstack.cleanup.manager [-] Deleting neutron.port object s_rally_9076c682_9uoRGviH (dbaf5a4f-ec1f-40cb-9b0f-3c85bef3940d)
2019-06-06 09:44:11.212 22705 RALLYDEBUG rally_openstack.cleanup.manager [-] Deleting neutron.port object s_rally_9076c682_v5pZGCbF (df5ff4e6-4648-423a-be18-d7f43e3e70d1)
2019-06-06 09:44:11.489 22705 RALLYDEBUG rally_openstack.cleanup.manager [-] Deleting neutron.port object s_rally_9076c682_b1MuuXiT (e0c5947a-afc9-4ff5-b1da-f688b5c5ff2f)
2019-06-06 09:44:11.612 22705 RALLYDEBUG rally_openstack.cleanup.manager [-] Deleting neutron.port object s_rally_9076c682_Ou81ym7T (e2350563-b0e5-4f24-9b5d-b9fa4bebe989)
2019-06-06 09:44:11.697 22705 RALLYDEBUG rally_openstack.cleanup.manager [-] Deleting neutron.port object s_rally_9076c682_cdqJEJE3 (e2d5bae9-558b-4898-9194-06927a8aacd3)
2019-06-06 09:44:11.833 22705 RALLYDEBUG rally_openstack.cleanup.manager [-] Deleting neutron.port object s_rally_9076c682_beKV6NY9 (e74c9ba8-2388-4b22-8944-e805e9498b98)
2019-06-06 09:44:11.927 22705 RALLYDEBUG rally_openstack.cleanup.manager [-] Deleting neutron.port object s_rally_9076c682_fMqPeJSJ (e9b1f24a-da61-4424-83ef-344780f75c77)
2019-06-06 09:44:12.433 22705 RALLYDEBUG rally_openstack.cleanup.manager [-] Deleting neutron.port object s_rally_9076c682_pnF5feyK (ea0853f9-0867-4c0b-a5ae-b7aa0af8174e)
2019-06-06 09:44:12.439 22705 RALLYDEBUG rally_openstack.cleanup.manager [-] Deleting neutron.port object s_rally_9076c682_xvOgwvwN (edfbe18c-2f73-49c0-b1cd-e0c90384f46e)
2019-06-06 09:44:12.880 22705 RALLYDEBUG rally_openstack.cleanup.manager [-] Deleting neutron.port object s_rally_9076c682_GVrMWuhu (eed149ce-952b-40b4-886d-8a643ca363fe)
2019-06-06 09:44:12.934 22705 RALLYDEBUG rally_openstack.cleanup.manager [-] Deleting neutron.port object s_rally_9076c682_XyZcQSZl (f2064d35-7bf6-495c-8619-153fbd4c198e)
2019-06-06 09:44:12.947 22705 RALLYDEBUG rally_openstack.cleanup.manager [-] Deleting neutron.port object s_rally_9076c682_mXUUOipJ (f3d50a32-24f8-4545-972f-48cfc0f7c622)
2019-06-06 09:44:13.068 22705 RALLYDEBUG rally_openstack.cleanup.manager [-] Deleting neutron.port object s_rally_9076c682_0vSvAHbA (f46bf685-f95b-4815-85c4-72cc0b0399d4)
2019-06-06 09:44:13.147 22705 RALLYDEBUG rally_openstack.cleanup.manager [-] Deleting neutron.port object s_rally_9076c682_BZ406Nh4 (f5f5cd36-6c9f-4647-9019-186892b33550)
2019-06-06 09:44:13.987 22705 RALLYDEBUG rally_openstack.cleanup.manager [-] Deleting neutron.port object s_rally_9076c682_1fgUdpwU (fa18ab40-9479-4b42-bd58-e4ee825432df)
2019-06-06 09:44:13.987 22705 RALLYDEBUG rally_openstack.cleanup.manager [-] Deleting neutron.port object s_rally_9076c682_QFonKiOy (f81c20e9-cf60-4367-adf8-ac50afe37ead)
2019-06-06 09:44:14.207 22705 RALLYDEBUG rally_openstack.cleanup.manager [-] Deleting neutron.port object s_rally_9076c682_O7M3DrsP (fcad66a0-1396-4c75-ba01-ee85c6a4f0ee)
2019-06-06 09:44:14.222 22705 RALLYDEBUG rally_openstack.cleanup.manager [-] Deleting neutron.port object s_rally_9076c682_vepMV1OG (fe757232-444f-45ab-b2fc-539d35c23732)
2019-06-06 09:44:14.225 22705 RALLYDEBUG rally_openstack.cleanup.manager [-] Deleting neutron.port object s_rally_9076c682_yL2crl18 (ff71e580-97a5-4967-93a2-e18881ba2f1a)
2019-06-06 09:44:16.776 22705 RALLYDEBUG rally_openstack.cleanup.manager [-] Cleaning up neutron subnet objects
2019-06-06 09:44:17.429 22705 RALLYDEBUG rally_openstack.cleanup.manager [-] Cleaning up neutron network objects
2019-06-06 09:44:18.245 22705 RALLYDEBUG rally_openstack.cleanup.manager [-] Deleting neutron.network object s_rally_9076c682_CaErYJC5 (060cf0b5-8510-44e1-9005-ed02c52bbd3a)
2019-06-06 09:44:18.251 22705 RALLYDEBUG rally_openstack.cleanup.manager [-] Deleting neutron.network object s_rally_9076c682_TIdOasvl (0d4af04e-35a1-40c8-80fb-5d927e3a9852)
2019-06-06 09:44:18.258 22705 RALLYDEBUG rally_openstack.cleanup.manager [-] Deleting neutron.network object s_rally_9076c682_4n3HzVse (1026fb13-be99-4226-ade9-cf8c2b867687)
2019-06-06 09:44:18.263 22705 RALLYDEBUG rally_openstack.cleanup.manager [-] Deleting neutron.network object s_rally_9076c682_LdOGEwAX (11d5e762-6bef-4a2f-8d72-8ee0fec57e7e)
2019-06-06 09:44:18.275 22705 RALLYDEBUG rally_openstack.cleanup.manager [-] Deleting neutron.network object s_rally_9076c682_cKnhOsQH (15d8544a-3618-4e9c-8819-c3ad04761afb)
2019-06-06 09:44:18.282 22705 RALLYDEBUG rally_openstack.cleanup.manager [-] Deleting neutron.network object s_rally_9076c682_XFIezMWe (280fa8dd-67d1-477e-a467-17741f669608)
2019-06-06 09:44:18.290 22705 RALLYDEBUG rally_openstack.cleanup.manager [-] Deleting neutron.network object s_rally_9076c682_wKWuoQaM (282205f2-ed30-4d6e-8f34-b456a05488b2)
2019-06-06 09:44:18.300 22705 RALLYDEBUG rally_openstack.cleanup.manager [-] Deleting neutron.network object s_rally_9076c682_i7fA6IFY (2970a3e3-fda5-4855-9283-bdd82b4ee2eb)
2019-06-06 09:44:18.321 22705 RALLYDEBUG rally_openstack.cleanup.manager [-] Deleting neutron.network object s_rally_9076c682_y3XICC4O (2e6927bc-0dc4-4192-ae22-207d7e818776)
2019-06-06 09:44:18.334 22705 RALLYDEBUG rally_openstack.cleanup.manager [-] Deleting neutron.network object s_rally_9076c682_qrQCCY95 (3c532828-bcc8-45e5-aa39-55371905f1ad)
2019-06-06 09:44:18.335 22705 RALLYDEBUG rally_openstack.cleanup.manager [-] Deleting neutron.network object s_rally_9076c682_MiRWMft0 (3a3bd111-9749-4859-9731-b8ea5c1e06e8)
2019-06-06 09:44:18.347 22705 RALLYDEBUG rally_openstack.cleanup.manager [-] Deleting neutron.network object s_rally_9076c682_qfZ7pSu9 (3d85ebfb-3580-42dd-a343-448a462de560)
2019-06-06 09:44:18.369 22705 RALLYDEBUG rally_openstack.cleanup.manager [-] Deleting neutron.network object s_rally_9076c682_EFMnliEk (40ddf08f-29fc-4696-a2ab-6d5e546c1499)
2019-06-06 09:44:18.382 22705 RALLYDEBUG rally_openstack.cleanup.manager [-] Deleting neutron.network object s_rally_9076c682_wQHTO7nB (4d05af83-7930-46e7-b09f-9c2c29363591)
2019-06-06 09:44:18.392 22705 RALLYDEBUG rally_openstack.cleanup.manager [-] Deleting neutron.network object s_rally_9076c682_Sm9jsnrg (46717ed4-ad69-405f-92f5-b1e75b59b22f)
2019-06-06 09:44:18.410 22705 RALLYDEBUG rally_openstack.cleanup.manager [-] Deleting neutron.network object s_rally_9076c682_39loAePf (5662b997-62c6-4bee-a72d-83ec6da0110d)
2019-06-06 09:44:18.417 22705 RALLYDEBUG rally_openstack.cleanup.manager [-] Deleting neutron.network object s_rally_9076c682_dE5LHvlf (4d15be78-a8f2-4c35-99e7-64ea9e113965)
2019-06-06 09:44:18.434 22705 RALLYDEBUG rally_openstack.cleanup.manager [-] Deleting neutron.network object s_rally_9076c682_1VqC7xP7 (57fece93-d424-49c0-a67c-fd44d7854469)
2019-06-06 09:44:18.448 22705 RALLYDEBUG rally_openstack.cleanup.manager [-] Deleting neutron.network object s_rally_9076c682_tdNBkdYp (64f3e38e-4f28-4f82-b1e1-8693030f1b18)
2019-06-06 09:44:18.464 22705 RALLYDEBUG rally_openstack.cleanup.manager [-] Deleting neutron.network object s_rally_9076c682_DnO7GfSc (6b860e6d-f794-4fc8-880c-2e2a38c5e349)
2019-06-06 09:44:21.439 22705 RALLYDEBUG rally_openstack.cleanup.manager [-] Deleting neutron.network object s_rally_9076c682_RYTjLuW8 (6be95c16-ea6f-46e7-81e3-7b97deee05f4)
2019-06-06 09:44:22.319 22705 RALLYDEBUG rally_openstack.cleanup.manager [-] Deleting neutron.network object s_rally_9076c682_r3sGuUNG (75e2db59-98e5-4d6f-98f8-1fb621eabb92)
2019-06-06 09:44:22.327 22705 RALLYDEBUG rally_openstack.cleanup.manager [-] Deleting neutron.network object s_rally_9076c682_OoQKi3cQ (772fb11f-4094-41fe-aeec-5d8bfce062ed)
2019-06-06 09:44:22.790 22705 RALLYDEBUG rally_openstack.cleanup.manager [-] Deleting neutron.network object s_rally_9076c682_sNfmlRQ7 (85ab9b8d-2b81-4f0f-af06-8f71c8eba042)
2019-06-06 09:44:22.796 22705 RALLYDEBUG rally_openstack.cleanup.manager [-] Deleting neutron.network object s_rally_9076c682_8UKvGPtk (8dbc6fa1-6b9a-47c2-a594-5fd40395d745)
2019-06-06 09:44:22.977 22705 RALLYDEBUG rally_openstack.cleanup.manager [-] Deleting neutron.network object s_rally_9076c682_AS5CMIwF (8fc84c84-4608-4b7b-bd08-ecdceb5f608b)
2019-06-06 09:44:22.980 22705 RALLYDEBUG rally_openstack.cleanup.manager [-] Deleting neutron.network object s_rally_9076c682_xqpzaQH0 (9cc60583-809b-4649-bfbf-9f877ccc95fe)
2019-06-06 09:44:23.065 22705 RALLYDEBUG rally_openstack.cleanup.manager [-] Deleting neutron.network object s_rally_9076c682_aDA5tzNo (a35fa1f0-9839-4f41-8583-a50853224918)
2019-06-06 09:44:23.084 22705 RALLYDEBUG rally_openstack.cleanup.manager [-] Deleting neutron.network object s_rally_9076c682_VobWFXGo (a3db655e-12e7-4236-8b07-23e50b81a3e5)
2019-06-06 09:44:23.105 22705 RALLYDEBUG rally_openstack.cleanup.manager [-] Deleting neutron.network object s_rally_9076c682_WwoSaruM (a9e6b58b-175d-429b-b7be-35f7b0842eb1)
2019-06-06 09:44:24.153 22705 RALLYDEBUG rally_openstack.cleanup.manager [-] Deleting neutron.network object s_rally_9076c682_qwhjtSwg (aacf85f3-9695-4861-9c24-638f54dfd525)
2019-06-06 09:44:24.266 22705 RALLYDEBUG rally_openstack.cleanup.manager [-] Deleting neutron.network object s_rally_9076c682_KoIPXsJz (b11f058b-1280-4a22-9777-94b4f7d87f7a)
2019-06-06 09:44:25.082 22705 RALLYDEBUG rally_openstack.cleanup.manager [-] Deleting neutron.network object s_rally_9076c682_202EYXra (bd776a3a-9289-46fb-8b2a-bb4fb8a88f1f)
2019-06-06 09:44:25.139 22705 RALLYDEBUG rally_openstack.cleanup.manager [-] Deleting neutron.network object s_rally_9076c682_u5mbk8gn (bdead4dc-db8d-4364-aa60-b0c994a13b0f)
2019-06-06 09:44:25.234 22705 RALLYDEBUG rally_openstack.cleanup.manager [-] Deleting neutron.network object s_rally_9076c682_FEuC2lGb (cce4edb0-bef8-41a0-bc5e-f5a6df35c591)
2019-06-06 09:44:25.249 22705 RALLYDEBUG rally_openstack.cleanup.manager [-] Deleting neutron.network object s_rally_9076c682_CfOGPd6D (d1ac5b8d-8051-4474-8ea6-b5e673a484a3)
2019-06-06 09:44:25.263 22705 RALLYDEBUG rally_openstack.cleanup.manager [-] Deleting neutron.network object s_rally_9076c682_VlbjEDUA (f1dbae17-4327-44a8-9975-1bd92fcf5af1)
2019-06-06 09:44:25.370 22705 RALLYDEBUG rally_openstack.cleanup.manager [-] Deleting neutron.network object s_rally_9076c682_KEIR4kW3 (f2e567f5-a8a7-4b9c-8cf0-a5bcf46721b2)
2019-06-06 09:44:25.377 22705 RALLYDEBUG rally_openstack.cleanup.manager [-] Deleting neutron.network object s_rally_9076c682_MPzIcmnF (f8c7b5d2-3e03-4d3c-889f-fccf128002c9)
2019-06-06 09:44:25.378 22705 RALLYDEBUG rally_openstack.cleanup.manager [-] Deleting neutron.network object s_rally_9076c682_VCk2HCYO (fa96d890-8ee7-4f6c-a87d-aa44b0c54109)
2019-06-06 09:44:28.663 22705 RALLYDEBUG rally_openstack.cleanup.manager [-] Cleaning up neutron router objects
2019-06-06 09:44:29.330 22705 RALLYDEBUG rally_openstack.cleanup.manager [-] Cleaning up neutron security_group objects
2019-06-06 09:44:30.027 22705 INFO rally.task.context [-] Task e7a54803-d05b-474e-b1fa-c0948ef3c5d3 | Context cleanup@openstack cleanup() finished in 53.76 sec
2019-06-06 09:44:30.027 22705 INFO rally.task.context [-] Task e7a54803-d05b-474e-b1fa-c0948ef3c5d3 | Context quotas@openstack cleanup() started
2019-06-06 09:44:30.049 22705 INFO rally.task.context [-] Task e7a54803-d05b-474e-b1fa-c0948ef3c5d3 | Context quotas@openstack cleanup() finished in 21.40 msec
2019-06-06 09:44:30.049 22705 INFO rally.task.context [-] Task e7a54803-d05b-474e-b1fa-c0948ef3c5d3 | Context users@openstack cleanup() started
2019-06-06 09:44:34.743 22705 INFO rally.task.context [-] Task e7a54803-d05b-474e-b1fa-c0948ef3c5d3 | Context users@openstack cleanup() finished in 4.69 sec
2019-06-06 09:44:35.287 22705 INFO rally.task.engine [-] Load duration is: 46.536439
2019-06-06 09:44:35.287 22705 INFO rally.task.engine [-] Full runner duration is: 46.584492
2019-06-06 09:44:35.287 22705 INFO rally.task.engine [-] Full duration is: 109.928999
2019-06-06 09:44:35.476 22705 INFO rally.task.engine [-] Running workload: position = 2 config = { "version": 2, "title": "A cropped version of a bigger task.", "description": "Auto-generated task from a single workload (uuid=9c35254c-ca08-4003-a31b-df1090273563)", "subtasks": [ { "title": "NeutronNetworks.create_and_delete_ports", "description": "Create and delete a port.", "scenario": { "NeutronNetworks.create_and_delete_ports": { "network_create_args": {}, "port_create_args": {}, "ports_per_network": 5 } }, "contexts": { "users": { "tenants": 1, "users_per_tenant": 1 }, "quotas": { "neutron": { "network": -1, "port": -1 } } }, "runner": { "constant": { "times": 40, "concurrency": 20 } }, "hooks": [], "sla": { "failure_rate": { "max": 0 } } } ] }
2019-06-06 09:44:35.497 22705 RALLYDEBUG rally_openstack.contexts.keystone.users [-] Creating 1 tenants using 20 threads
2019-06-06 09:44:37.310 22705 RALLYDEBUG rally_openstack.contexts.keystone.users [-] Creating 1 users using 20 threads
2019-06-06 09:44:39.800 22705 INFO rally.task.context [-] Task e7a54803-d05b-474e-b1fa-c0948ef3c5d3 | Context users@openstack setup() finished in 4.30 sec
2019-06-06 09:44:40.544 22705 INFO rally.task.context [-] Task e7a54803-d05b-474e-b1fa-c0948ef3c5d3 | Context quotas@openstack setup() finished in 0.74 sec
2019-06-06 09:44:40.545 22705 INFO rally.task.context [-] Task e7a54803-d05b-474e-b1fa-c0948ef3c5d3 | Context cleanup@openstack setup() finished in 0.00 msec
2019-06-06 09:44:40.552 22705 RALLYDEBUG rally.task.runner [-] Starting the constant runner (task UUID: e7a54803-d05b-474e-b1fa-c0948ef3c5d3). timeout: 0 concurrency: 20 concurrency_per_worker: 1 times: 40 concurrency_overhead: 4 processes_to_start: 16 max_cpu_used: 16
2019-06-06 09:44:40.568 26951 RALLYDEBUG rally.task.runner [-] Starting a worker. concurrency: 2 args: {"network_create_args": {}, "port_create_args": {}, "ports_per_network": 5} times: 40 method_name: run timeout: 0 duration: None cls:
2019-06-06 09:44:40.569 26952 RALLYDEBUG rally.task.runner [-] Starting a worker. concurrency: 2 args: {"network_create_args": {}, "port_create_args": {}, "ports_per_network": 5} times: 40 method_name: run timeout: 0 duration: None cls:
2019-06-06 09:44:40.572 26953 RALLYDEBUG rally.task.runner [-] Starting a worker. concurrency: 2 args: {"network_create_args": {}, "port_create_args": {}, "ports_per_network": 5} times: 40 method_name: run timeout: 0 duration: None cls:
2019-06-06 09:44:40.574 26954 RALLYDEBUG rally.task.runner [-] Starting a worker. concurrency: 2 args: {"network_create_args": {}, "port_create_args": {}, "ports_per_network": 5} times: 40 method_name: run timeout: 0 duration: None cls:
2019-06-06 09:44:40.577 26952 INFO rally.task.runner [-] Task e7a54803-d05b-474e-b1fa-c0948ef3c5d3 | ITER: 2 START
2019-06-06 09:44:40.579 26951 INFO rally.task.runner [-] Task e7a54803-d05b-474e-b1fa-c0948ef3c5d3 | ITER: 1 START
2019-06-06 09:44:40.578 26955 RALLYDEBUG rally.task.runner [-] Starting a worker. concurrency: 1 args: {"network_create_args": {}, "port_create_args": {}, "ports_per_network": 5} times: 40 method_name: run timeout: 0 duration: None cls:
2019-06-06 09:44:40.580 26953 INFO rally.task.runner [-] Task e7a54803-d05b-474e-b1fa-c0948ef3c5d3 | ITER: 3 START
2019-06-06 09:44:40.580 26951 WARNING rally_openstack.scenarios.neutron.utils [-] Running this scenario without either the 'network' or 'existing_network' context is deprecated
2019-06-06 09:44:40.580 26952 WARNING rally_openstack.scenarios.neutron.utils [-] Running this scenario without either the 'network' or 'existing_network' context is deprecated
2019-06-06 09:44:40.582 26953 WARNING rally_openstack.scenarios.neutron.utils [-] Running this scenario without either the 'network' or 'existing_network' context is deprecated
2019-06-06 09:44:40.584 26955 INFO rally.task.runner [-] Task e7a54803-d05b-474e-b1fa-c0948ef3c5d3 | ITER: 8 START
2019-06-06 09:44:40.584 26959 RALLYDEBUG rally.task.runner [-] Starting a worker. concurrency: 1 args: {"network_create_args": {}, "port_create_args": {}, "ports_per_network": 5} times: 40 method_name: run timeout: 0 duration: None cls:
2019-06-06 09:44:40.586 26954 INFO rally.task.runner [-] Task e7a54803-d05b-474e-b1fa-c0948ef3c5d3 | ITER: 6 START
2019-06-06 09:44:40.586 26955 WARNING rally_openstack.scenarios.neutron.utils [-] Running this scenario without either the 'network' or 'existing_network' context is deprecated
2019-06-06 09:44:40.587 26954 INFO rally.task.runner [-] Task e7a54803-d05b-474e-b1fa-c0948ef3c5d3 | ITER: 9 START
2019-06-06 09:44:40.588 26954 WARNING rally_openstack.scenarios.neutron.utils [-] Running this scenario without either the 'network' or 'existing_network' context is deprecated
2019-06-06 09:44:40.588 26964 RALLYDEBUG rally.task.runner [-] Starting a worker. concurrency: 1 args: {"network_create_args": {}, "port_create_args": {}, "ports_per_network": 5} times: 40 method_name: run timeout: 0 duration: None cls:
2019-06-06 09:44:40.593 26951 INFO rally.task.runner [-] Task e7a54803-d05b-474e-b1fa-c0948ef3c5d3 | ITER: 5 START
2019-06-06 09:44:40.594 26951 WARNING rally_openstack.scenarios.neutron.utils [-] Running this scenario without either the 'network' or 'existing_network' context is deprecated
2019-06-06 09:44:40.589 26954 WARNING rally_openstack.scenarios.neutron.utils [-] Running this scenario without either the 'network' or 'existing_network' context is deprecated
2019-06-06 09:44:40.595 26971 RALLYDEBUG rally.task.runner [-] Starting a worker. concurrency: 1 args: {"network_create_args": {}, "port_create_args": {}, "ports_per_network": 5} times: 40 method_name: run timeout: 0 duration: None cls:
2019-06-06 09:44:40.595 26952 INFO rally.task.runner [-] Task e7a54803-d05b-474e-b1fa-c0948ef3c5d3 | ITER: 4 START
2019-06-06 09:44:40.595 26966 RALLYDEBUG rally.task.runner [-] Starting a worker. concurrency: 1 args: {"network_create_args": {}, "port_create_args": {}, "ports_per_network": 5} times: 40 method_name: run timeout: 0 duration: None cls:
2019-06-06 09:44:40.596 26952 WARNING rally_openstack.scenarios.neutron.utils [-] Running this scenario without either the 'network' or 'existing_network' context is deprecated
2019-06-06 09:44:40.597 26953 INFO rally.task.runner [-] Task e7a54803-d05b-474e-b1fa-c0948ef3c5d3 | ITER: 7 START
2019-06-06 09:44:40.597 26964 INFO rally.task.runner [-] Task e7a54803-d05b-474e-b1fa-c0948ef3c5d3 | ITER: 11 START
2019-06-06 09:44:40.598 26953 WARNING rally_openstack.scenarios.neutron.utils [-] Running this scenario without either the 'network' or 'existing_network' context is deprecated
2019-06-06 09:44:40.599 26964 WARNING rally_openstack.scenarios.neutron.utils [-] Running this scenario without either the 'network' or 'existing_network' context is deprecated
2019-06-06 09:44:40.600 26959 INFO rally.task.runner [-] Task e7a54803-d05b-474e-b1fa-c0948ef3c5d3 | ITER: 10 START
2019-06-06 09:44:40.602 26959 WARNING rally_openstack.scenarios.neutron.utils [-] Running this scenario without either the 'network' or 'existing_network' context is deprecated
2019-06-06 09:44:40.601 26971 INFO rally.task.runner [-] Task e7a54803-d05b-474e-b1fa-c0948ef3c5d3 | ITER: 12 START
2019-06-06 09:44:40.602 26966 INFO rally.task.runner [-] Task e7a54803-d05b-474e-b1fa-c0948ef3c5d3 | ITER: 13 START
2019-06-06 09:44:40.603 26971 WARNING rally_openstack.scenarios.neutron.utils [-] Running this scenario without either the 'network' or 'existing_network' context is deprecated
2019-06-06 09:44:40.604 26966 WARNING rally_openstack.scenarios.neutron.utils [-] Running this scenario without either the 'network' or 'existing_network' context is deprecated
2019-06-06 09:44:40.604 26974 RALLYDEBUG rally.task.runner [-] Starting a worker. concurrency: 1 args: {"network_create_args": {}, "port_create_args": {}, "ports_per_network": 5} times: 40 method_name: run timeout: 0 duration: None cls:
2019-06-06 09:44:40.610 26981 RALLYDEBUG rally.task.runner [-] Starting a worker. concurrency: 1 args: {"network_create_args": {}, "port_create_args": {}, "ports_per_network": 5} times: 40 method_name: run timeout: 0 duration: None cls:
2019-06-06 09:44:40.611 26974 INFO rally.task.runner [-] Task e7a54803-d05b-474e-b1fa-c0948ef3c5d3 | ITER: 14 START
2019-06-06 09:44:40.614 26974 WARNING rally_openstack.scenarios.neutron.utils [-] Running this scenario without either the 'network' or 'existing_network' context is deprecated
2019-06-06 09:44:40.615 26984 RALLYDEBUG rally.task.runner [-] Starting a worker. concurrency: 1 args: {"network_create_args": {}, "port_create_args": {}, "ports_per_network": 5} times: 40 method_name: run timeout: 0 duration: None cls:
2019-06-06 09:44:40.620 26981 INFO rally.task.runner [-] Task e7a54803-d05b-474e-b1fa-c0948ef3c5d3 | ITER: 15 START
2019-06-06 09:44:40.621 26984 INFO rally.task.runner [-] Task e7a54803-d05b-474e-b1fa-c0948ef3c5d3 | ITER: 16 START
2019-06-06 09:44:40.622 26981 WARNING rally_openstack.scenarios.neutron.utils [-] Running this scenario without either the 'network' or 'existing_network' context is deprecated
2019-06-06 09:44:40.623 26984 WARNING rally_openstack.scenarios.neutron.utils [-] Running this scenario without either the 'network' or 'existing_network' context is deprecated
2019-06-06 09:44:40.627 26991 RALLYDEBUG rally.task.runner [-] Starting a worker. concurrency: 1 args: {"network_create_args": {}, "port_create_args": {}, "ports_per_network": 5} times: 40 method_name: run timeout: 0 duration: None cls:
2019-06-06 09:44:40.632 26991 INFO rally.task.runner [-] Task e7a54803-d05b-474e-b1fa-c0948ef3c5d3 | ITER: 17 START
2019-06-06 09:44:40.634 26991 WARNING rally_openstack.scenarios.neutron.utils [-] Running this scenario without either the 'network' or 'existing_network' context is deprecated
2019-06-06 09:44:40.637 26993 RALLYDEBUG rally.task.runner [-] Starting a worker. concurrency: 1 args: {"network_create_args": {}, "port_create_args": {}, "ports_per_network": 5} times: 40 method_name: run timeout: 0 duration: None cls:
2019-06-06 09:44:40.641 26993 INFO rally.task.runner [-] Task e7a54803-d05b-474e-b1fa-c0948ef3c5d3 | ITER: 18 START
2019-06-06 09:44:40.643 26993 WARNING rally_openstack.scenarios.neutron.utils [-] Running this scenario without either the 'network' or 'existing_network' context is deprecated
2019-06-06 09:44:40.644 26995 RALLYDEBUG rally.task.runner [-] Starting a worker. concurrency: 1 args: {"network_create_args": {}, "port_create_args": {}, "ports_per_network": 5} times: 40 method_name: run timeout: 0 duration: None cls:
2019-06-06 09:44:40.646 26998 RALLYDEBUG rally.task.runner [-] Starting a worker. concurrency: 1 args: {"network_create_args": {}, "port_create_args": {}, "ports_per_network": 5} times: 40 method_name: run timeout: 0 duration: None cls:
2019-06-06 09:44:40.648 26995 INFO rally.task.runner [-] Task e7a54803-d05b-474e-b1fa-c0948ef3c5d3 | ITER: 19 START
2019-06-06 09:44:40.650 26995 WARNING rally_openstack.scenarios.neutron.utils [-] Running this scenario without either the 'network' or 'existing_network' context is deprecated
2019-06-06 09:44:40.650 26998 INFO rally.task.runner [-] Task e7a54803-d05b-474e-b1fa-c0948ef3c5d3 | ITER: 20 START
2019-06-06 09:44:40.651 26998 WARNING rally_openstack.scenarios.neutron.utils [-] Running this scenario without either the 'network' or 'existing_network' context is deprecated
2019-06-06 09:44:50.299 26951 INFO rally.task.runner [-] Task e7a54803-d05b-474e-b1fa-c0948ef3c5d3 | ITER: 1 END: OK
2019-06-06 09:44:50.303 26951 INFO rally.task.runner [-] Task e7a54803-d05b-474e-b1fa-c0948ef3c5d3 | ITER: 21 START
2019-06-06 09:44:50.304 26951 WARNING rally_openstack.scenarios.neutron.utils [-] Running this scenario without either the 'network' or 'existing_network' context is deprecated
2019-06-06 09:44:51.156 26959 INFO rally.task.runner [-] Task e7a54803-d05b-474e-b1fa-c0948ef3c5d3 | ITER: 10 END: OK
2019-06-06 09:44:51.161 26959 INFO rally.task.runner [-] Task e7a54803-d05b-474e-b1fa-c0948ef3c5d3 | ITER: 22 START
2019-06-06 09:44:51.162 26959 WARNING rally_openstack.scenarios.neutron.utils [-] Running this scenario without either the 'network' or 'existing_network' context is deprecated
2019-06-06 09:44:52.042 26984 INFO rally.task.runner [-] Task e7a54803-d05b-474e-b1fa-c0948ef3c5d3 | ITER: 16 END: OK
2019-06-06 09:44:52.047 26984 INFO rally.task.runner [-] Task e7a54803-d05b-474e-b1fa-c0948ef3c5d3 | ITER: 23 START
2019-06-06 09:44:52.047 26984 WARNING rally_openstack.scenarios.neutron.utils [-] Running this scenario without either the 'network' or 'existing_network' context is deprecated
2019-06-06 09:44:57.626 26955 INFO rally.task.runner [-] Task e7a54803-d05b-474e-b1fa-c0948ef3c5d3 | ITER: 8 END: OK
2019-06-06 09:44:57.630 26955 INFO rally.task.runner [-] Task e7a54803-d05b-474e-b1fa-c0948ef3c5d3 | ITER: 24 START
2019-06-06 09:44:57.631 26955 WARNING rally_openstack.scenarios.neutron.utils [-] Running this scenario without either the 'network' or 'existing_network' context is deprecated
2019-06-06 09:44:57.979 26998 INFO rally.task.runner [-] Task e7a54803-d05b-474e-b1fa-c0948ef3c5d3 | ITER: 20 END: OK
2019-06-06 09:44:57.983 26998 INFO rally.task.runner [-] Task e7a54803-d05b-474e-b1fa-c0948ef3c5d3 | ITER: 25 START
2019-06-06 09:44:57.984 26998 WARNING rally_openstack.scenarios.neutron.utils [-] Running this scenario without either the 'network' or 'existing_network' context is deprecated
2019-06-06 09:44:58.596 26954 INFO rally.task.runner [-] Task e7a54803-d05b-474e-b1fa-c0948ef3c5d3 | ITER: 9 END: OK
2019-06-06 09:44:58.600 26954 INFO rally.task.runner [-] Task e7a54803-d05b-474e-b1fa-c0948ef3c5d3 | ITER: 26 START
2019-06-06 09:44:58.601 26954 WARNING rally_openstack.scenarios.neutron.utils [-] Running this scenario without either the 'network' or 'existing_network' context is deprecated
2019-06-06 09:44:59.747 26966 INFO rally.task.runner [-] Task e7a54803-d05b-474e-b1fa-c0948ef3c5d3 | ITER: 13 END: OK
2019-06-06 09:44:59.751 26966 INFO rally.task.runner [-] Task e7a54803-d05b-474e-b1fa-c0948ef3c5d3 | ITER: 27 START
2019-06-06 09:44:59.752 26966 WARNING rally_openstack.scenarios.neutron.utils [-] Running this scenario without either the 'network' or 'existing_network' context is deprecated
2019-06-06 09:44:59.909 26959 INFO rally.task.runner [-] Task e7a54803-d05b-474e-b1fa-c0948ef3c5d3 | ITER: 22 END: OK
2019-06-06 09:44:59.913 26959 INFO rally.task.runner [-] Task e7a54803-d05b-474e-b1fa-c0948ef3c5d3 | ITER: 28 START
2019-06-06 09:44:59.914 26959 WARNING rally_openstack.scenarios.neutron.utils [-] Running this scenario without either the 'network' or 'existing_network' context is deprecated
2019-06-06 09:45:00.450 26984 INFO rally.task.runner [-] Task e7a54803-d05b-474e-b1fa-c0948ef3c5d3 | ITER: 23 END: OK
2019-06-06 09:45:00.454 26984 INFO rally.task.runner [-] Task e7a54803-d05b-474e-b1fa-c0948ef3c5d3 | ITER: 29 START
2019-06-06 09:45:00.455 26984 WARNING rally_openstack.scenarios.neutron.utils [-] Running this scenario without either the 'network' or 'existing_network' context is deprecated
2019-06-06 09:45:03.776 26954 INFO rally.task.runner [-] Task e7a54803-d05b-474e-b1fa-c0948ef3c5d3 | ITER: 6 END: OK
2019-06-06 09:45:03.779 26954 INFO rally.task.runner [-] Task e7a54803-d05b-474e-b1fa-c0948ef3c5d3 | ITER: 30 START
2019-06-06 09:45:03.780 26954 WARNING rally_openstack.scenarios.neutron.utils [-] Running this scenario without either the 'network' or 'existing_network' context is deprecated
2019-06-06 09:45:03.823 26952 INFO rally.task.runner [-] Task e7a54803-d05b-474e-b1fa-c0948ef3c5d3 | ITER: 2 END: OK
2019-06-06 09:45:03.827 26952 INFO rally.task.runner [-] Task e7a54803-d05b-474e-b1fa-c0948ef3c5d3 | ITER: 31 START
2019-06-06 09:45:03.828 26952 WARNING rally_openstack.scenarios.neutron.utils [-] Running this scenario without either the 'network' or 'existing_network' context is deprecated
2019-06-06 09:45:03.858 26964 INFO rally.task.runner [-] Task e7a54803-d05b-474e-b1fa-c0948ef3c5d3 | ITER: 11 END: OK
2019-06-06 09:45:03.863 26964 INFO rally.task.runner [-] Task e7a54803-d05b-474e-b1fa-c0948ef3c5d3 | ITER: 32 START
2019-06-06 09:45:03.863 26964 WARNING rally_openstack.scenarios.neutron.utils [-] Running this scenario without either the 'network' or 'existing_network' context is deprecated
2019-06-06 09:45:07.516 26951 INFO rally.task.runner [-] Task e7a54803-d05b-474e-b1fa-c0948ef3c5d3 | ITER: 21 END: OK
2019-06-06 09:45:07.520 26951 INFO rally.task.runner [-] Task e7a54803-d05b-474e-b1fa-c0948ef3c5d3 | ITER: 33 START
2019-06-06 09:45:07.520 26951 WARNING rally_openstack.scenarios.neutron.utils [-] Running this scenario without either the 'network' or 'existing_network' context is deprecated
2019-06-06 09:45:09.701 26959 INFO rally.task.runner [-] Task e7a54803-d05b-474e-b1fa-c0948ef3c5d3 | ITER: 28 END: OK
2019-06-06 09:45:09.705 26959 INFO rally.task.runner [-] Task e7a54803-d05b-474e-b1fa-c0948ef3c5d3 | ITER: 34 START
2019-06-06 09:45:09.706 26959 WARNING rally_openstack.scenarios.neutron.utils [-] Running this scenario without either the 'network' or 'existing_network' context is deprecated
2019-06-06 09:45:11.101 26966 INFO rally.task.runner [-] Task e7a54803-d05b-474e-b1fa-c0948ef3c5d3 | ITER: 27 END: OK
2019-06-06 09:45:11.105 26966 INFO rally.task.runner [-] Task e7a54803-d05b-474e-b1fa-c0948ef3c5d3 | ITER: 35 START
2019-06-06 09:45:11.105 26966 WARNING rally_openstack.scenarios.neutron.utils [-] Running this scenario without either the 'network' or 'existing_network' context is deprecated
2019-06-06 09:45:13.740 26964 INFO rally.task.runner [-] Task e7a54803-d05b-474e-b1fa-c0948ef3c5d3 | ITER: 32 END: OK
2019-06-06 09:45:13.747 26964 INFO rally.task.runner [-] Task e7a54803-d05b-474e-b1fa-c0948ef3c5d3 | ITER: 36 START
2019-06-06 09:45:13.748 26964 WARNING rally_openstack.scenarios.neutron.utils [-] Running this scenario without either the 'network' or 'existing_network' context is deprecated
2019-06-06 09:45:13.873 26952 INFO rally.task.runner [-] Task e7a54803-d05b-474e-b1fa-c0948ef3c5d3 | ITER: 31 END: OK
2019-06-06 09:45:13.878 26952 INFO rally.task.runner [-] Task e7a54803-d05b-474e-b1fa-c0948ef3c5d3 | ITER: 37 START
2019-06-06 09:45:13.879 26952 WARNING rally_openstack.scenarios.neutron.utils [-] Running this scenario without either the 'network' or 'existing_network' context is deprecated
2019-06-06 09:45:14.163 26954 INFO rally.task.runner [-] Task e7a54803-d05b-474e-b1fa-c0948ef3c5d3 | ITER: 30 END: OK
2019-06-06 09:45:14.169 26954 INFO rally.task.runner [-] Task e7a54803-d05b-474e-b1fa-c0948ef3c5d3 | ITER: 38 START
2019-06-06 09:45:14.170 26954 WARNING rally_openstack.scenarios.neutron.utils [-] Running this scenario without either the 'network' or 'existing_network' context is deprecated
2019-06-06 09:45:14.753 26955 INFO rally.task.runner [-] Task e7a54803-d05b-474e-b1fa-c0948ef3c5d3 | ITER: 24 END: OK
2019-06-06 09:45:14.758 26955 INFO rally.task.runner [-] Task e7a54803-d05b-474e-b1fa-c0948ef3c5d3 | ITER: 39 START
