2019-06-06 09:29:15.710 24813 INFO rally.task.runner [-] Task e7a54803-d05b-474e-b1fa-c0948ef3c5d3 | ITER: 10 START
2019-06-06 09:29:15.710 24816 RALLYDEBUG rally.task.runner [-] Starting a worker. concurrency: 1 args: {"network_create_args": {}, "subnet_create_args": {}, "subnet_cidr_start": "1.1.0.0/30", "subnets_per_network": 2} times: 40 method_name: run timeout: 0 duration: None cls:
2019-06-06 09:29:15.711 24813 WARNING rally_openstack.scenarios.neutron.utils [-] Running this scenario without either the 'network' or 'existing_network' context is deprecated
2019-06-06 09:29:15.711 24803 INFO rally.task.runner [-] Task e7a54803-d05b-474e-b1fa-c0948ef3c5d3 | ITER: 9 START
2019-06-06 09:29:15.711 24802 INFO rally.task.runner [-] Task e7a54803-d05b-474e-b1fa-c0948ef3c5d3 | ITER: 7 START
2019-06-06 09:29:15.711 24800 INFO rally.task.runner [-] Task e7a54803-d05b-474e-b1fa-c0948ef3c5d3 | ITER: 6 START
2019-06-06 09:29:15.712 24800 WARNING rally_openstack.scenarios.neutron.utils [-] Running this scenario without either the 'network' or 'existing_network' context is deprecated
2019-06-06 09:29:15.713 24803 WARNING rally_openstack.scenarios.neutron.utils [-] Running this scenario without either the 'network' or 'existing_network' context is deprecated
2019-06-06 09:29:15.714 24812 INFO rally.task.runner [-] Task e7a54803-d05b-474e-b1fa-c0948ef3c5d3 | ITER: 11 START
2019-06-06 09:29:15.713 24802 INFO rally.task.runner [-] Task e7a54803-d05b-474e-b1fa-c0948ef3c5d3 | ITER: 8 START
2019-06-06 09:29:15.714 24819 RALLYDEBUG rally.task.runner [-] Starting a worker. concurrency: 1 args: {"network_create_args": {}, "subnet_create_args": {}, "subnet_cidr_start": "1.1.0.0/30", "subnets_per_network": 2} times: 40 method_name: run timeout: 0 duration: None cls:
2019-06-06 09:29:15.715 24812 WARNING rally_openstack.scenarios.neutron.utils [-] Running this scenario without either the 'network' or 'existing_network' context is deprecated
2019-06-06 09:29:15.714 24802 WARNING rally_openstack.scenarios.neutron.utils [-] Running this scenario without either the 'network' or 'existing_network' context is deprecated
2019-06-06 09:29:15.717 24816 INFO rally.task.runner [-] Task e7a54803-d05b-474e-b1fa-c0948ef3c5d3 | ITER: 12 START
2019-06-06 09:29:15.719 24816 WARNING rally_openstack.scenarios.neutron.utils [-] Running this scenario without either the 'network' or 'existing_network' context is deprecated
2019-06-06 09:29:15.720 24819 INFO rally.task.runner [-] Task e7a54803-d05b-474e-b1fa-c0948ef3c5d3 | ITER: 13 START
2019-06-06 09:29:15.722 24819 WARNING rally_openstack.scenarios.neutron.utils [-] Running this scenario without either the 'network' or 'existing_network' context is deprecated
2019-06-06 09:29:15.715 24802 WARNING rally_openstack.scenarios.neutron.utils [-] Running this scenario without either the 'network' or 'existing_network' context is deprecated
2019-06-06 09:29:15.724 24825 RALLYDEBUG rally.task.runner [-] Starting a worker. concurrency: 1 args: {"network_create_args": {}, "subnet_create_args": {}, "subnet_cidr_start": "1.1.0.0/30", "subnets_per_network": 2} times: 40 method_name: run timeout: 0 duration: None cls:
2019-06-06 09:29:15.728 24831 RALLYDEBUG rally.task.runner [-] Starting a worker. concurrency: 1 args: {"network_create_args": {}, "subnet_create_args": {}, "subnet_cidr_start": "1.1.0.0/30", "subnets_per_network": 2} times: 40 method_name: run timeout: 0 duration: None cls:
2019-06-06 09:29:15.731 24825 INFO rally.task.runner [-] Task e7a54803-d05b-474e-b1fa-c0948ef3c5d3 | ITER: 14 START
2019-06-06 09:29:15.733 24825 WARNING rally_openstack.scenarios.neutron.utils [-] Running this scenario without either the 'network' or 'existing_network' context is deprecated
2019-06-06 09:29:15.733 24831 INFO rally.task.runner [-] Task e7a54803-d05b-474e-b1fa-c0948ef3c5d3 | ITER: 15 START
2019-06-06 09:29:15.734 24831 WARNING rally_openstack.scenarios.neutron.utils [-] Running this scenario without either the 'network' or 'existing_network' context is deprecated
2019-06-06 09:29:15.736 24832 RALLYDEBUG rally.task.runner [-] Starting a worker. concurrency: 1 args: {"network_create_args": {}, "subnet_create_args": {}, "subnet_cidr_start": "1.1.0.0/30", "subnets_per_network": 2} times: 40 method_name: run timeout: 0 duration: None cls:
2019-06-06 09:29:15.742 24832 INFO rally.task.runner [-] Task e7a54803-d05b-474e-b1fa-c0948ef3c5d3 | ITER: 16 START
2019-06-06 09:29:15.743 24832 WARNING rally_openstack.scenarios.neutron.utils [-] Running this scenario without either the 'network' or 'existing_network' context is deprecated
2019-06-06 09:29:15.746 24837 RALLYDEBUG rally.task.runner [-] Starting a worker. concurrency: 1 args: {"network_create_args": {}, "subnet_create_args": {}, "subnet_cidr_start": "1.1.0.0/30", "subnets_per_network": 2} times: 40 method_name: run timeout: 0 duration: None cls:
2019-06-06 09:29:15.749 24840 RALLYDEBUG rally.task.runner [-] Starting a worker. concurrency: 1 args: {"network_create_args": {}, "subnet_create_args": {}, "subnet_cidr_start": "1.1.0.0/30", "subnets_per_network": 2} times: 40 method_name: run timeout: 0 duration: None cls:
2019-06-06 09:29:15.754 24837 INFO rally.task.runner [-] Task e7a54803-d05b-474e-b1fa-c0948ef3c5d3 | ITER: 17 START
2019-06-06 09:29:15.755 24837 WARNING rally_openstack.scenarios.neutron.utils [-] Running this scenario without either the 'network' or 'existing_network' context is deprecated
2019-06-06 09:29:15.755 24840 INFO rally.task.runner [-] Task e7a54803-d05b-474e-b1fa-c0948ef3c5d3 | ITER: 18 START
2019-06-06 09:29:15.756 24840 WARNING rally_openstack.scenarios.neutron.utils [-] Running this scenario without either the 'network' or 'existing_network' context is deprecated
2019-06-06 09:29:15.756 24841 RALLYDEBUG rally.task.runner [-] Starting a worker. concurrency: 1 args: {"network_create_args": {}, "subnet_create_args": {}, "subnet_cidr_start": "1.1.0.0/30", "subnets_per_network": 2} times: 40 method_name: run timeout: 0 duration: None cls:
2019-06-06 09:29:15.761 24846 RALLYDEBUG rally.task.runner [-] Starting a worker. concurrency: 1 args: {"network_create_args": {}, "subnet_create_args": {}, "subnet_cidr_start": "1.1.0.0/30", "subnets_per_network": 2} times: 40 method_name: run timeout: 0 duration: None cls:
2019-06-06 09:29:15.761 24841 INFO rally.task.runner [-] Task e7a54803-d05b-474e-b1fa-c0948ef3c5d3 | ITER: 19 START
2019-06-06 09:29:15.763 24841 WARNING rally_openstack.scenarios.neutron.utils [-] Running this scenario without either the 'network' or 'existing_network' context is deprecated
2019-06-06 09:29:15.765 24846 INFO rally.task.runner [-] Task e7a54803-d05b-474e-b1fa-c0948ef3c5d3 | ITER: 20 START
2019-06-06 09:29:15.766 24846 WARNING rally_openstack.scenarios.neutron.utils [-] Running this scenario without either the 'network' or 'existing_network' context is deprecated
2019-06-06 09:29:17.472 24813 RALLYDEBUG rally_openstack.wrappers.network [-] CIDR generated: 1.1.4.96/30
2019-06-06 09:29:17.490 24803 RALLYDEBUG rally_openstack.wrappers.network [-] CIDR generated: 1.1.4.100/30
2019-06-06 09:29:17.505 24801 RALLYDEBUG rally_openstack.wrappers.network [-] CIDR generated: 1.1.4.104/30
2019-06-06 09:29:17.514 24800 RALLYDEBUG rally_openstack.wrappers.network [-] CIDR generated: 1.1.4.108/30
2019-06-06 09:29:17.518 24801 RALLYDEBUG rally_openstack.wrappers.network [-] CIDR generated: 1.1.4.112/30
2019-06-06 09:29:17.580 24799 RALLYDEBUG rally_openstack.wrappers.network [-] CIDR generated: 1.1.4.116/30
2019-06-06 09:29:17.614 24831 RALLYDEBUG rally_openstack.wrappers.network [-] CIDR generated: 1.1.4.120/30
2019-06-06 09:29:17.654 24812 RALLYDEBUG rally_openstack.wrappers.network [-] CIDR generated: 1.1.4.124/30
2019-06-06 09:29:17.660 24819 RALLYDEBUG rally_openstack.wrappers.network [-] CIDR generated: 1.1.4.128/30
2019-06-06 09:29:17.848 24802 RALLYDEBUG rally_openstack.wrappers.network [-] CIDR generated: 1.1.4.132/30
2019-06-06 09:29:17.848 24799 RALLYDEBUG rally_openstack.wrappers.network [-] CIDR generated: 1.1.4.136/30
2019-06-06 09:29:17.855 24840 RALLYDEBUG rally_openstack.wrappers.network [-] CIDR generated: 1.1.4.140/30
2019-06-06 09:29:18.112 24802 RALLYDEBUG rally_openstack.wrappers.network [-] CIDR generated: 1.1.4.148/30
2019-06-06 09:29:18.112 24825 RALLYDEBUG rally_openstack.wrappers.network [-] CIDR generated: 1.1.4.144/30
2019-06-06 09:29:18.251 24816 RALLYDEBUG rally_openstack.wrappers.network [-] CIDR generated: 1.1.4.152/30
2019-06-06 09:29:18.582 24841 RALLYDEBUG rally_openstack.wrappers.network [-] CIDR generated: 1.1.4.156/30
2019-06-06 09:29:18.729 24800 RALLYDEBUG rally_openstack.wrappers.network [-] CIDR generated: 1.1.4.160/30
2019-06-06 09:29:18.813 24846 RALLYDEBUG rally_openstack.wrappers.network [-] CIDR generated: 1.1.4.164/30
2019-06-06 09:29:18.944 24837 RALLYDEBUG rally_openstack.wrappers.network [-] CIDR generated: 1.1.4.168/30
2019-06-06 09:29:19.083 24832 RALLYDEBUG rally_openstack.wrappers.network [-] CIDR generated: 1.1.4.172/30
2019-06-06 09:29:19.185 24813 RALLYDEBUG rally_openstack.wrappers.network [-] CIDR generated: 1.1.4.176/30
2019-06-06 09:29:19.394 24812 RALLYDEBUG rally_openstack.wrappers.network [-] CIDR generated: 1.1.4.180/30
2019-06-06 09:29:19.838 24819 RALLYDEBUG rally_openstack.wrappers.network [-] CIDR generated: 1.1.4.184/30
2019-06-06 09:29:19.883 24800 RALLYDEBUG rally_openstack.wrappers.network [-] CIDR generated: 1.1.4.188/30
2019-06-06 09:29:20.308 24801 RALLYDEBUG rally_openstack.wrappers.network [-] CIDR generated: 1.1.4.192/30
2019-06-06 09:29:20.391 24799 RALLYDEBUG rally_openstack.wrappers.network [-] CIDR generated: 1.1.4.196/30
2019-06-06 09:29:21.301 24801 RALLYDEBUG rally_openstack.wrappers.network [-] CIDR generated: 1.1.4.200/30
2019-06-06 09:29:21.852 24825 RALLYDEBUG rally_openstack.wrappers.network [-] CIDR generated: 1.1.4.204/30
2019-06-06 09:29:21.894 24802 RALLYDEBUG rally_openstack.wrappers.network [-] CIDR generated: 1.1.4.208/30
2019-06-06 09:29:21.929 24840 RALLYDEBUG rally_openstack.wrappers.network [-] CIDR generated: 1.1.4.212/30
2019-06-06 09:29:22.552 24802 RALLYDEBUG rally_openstack.wrappers.network [-] CIDR generated: 1.1.4.216/30
2019-06-06 09:29:22.557 24799 RALLYDEBUG rally_openstack.wrappers.network [-] CIDR generated: 1.1.4.220/30
2019-06-06 09:29:22.595 24831 RALLYDEBUG rally_openstack.wrappers.network [-] CIDR generated: 1.1.4.224/30
2019-06-06 09:29:22.714 24832 RALLYDEBUG rally_openstack.wrappers.network [-] CIDR generated: 1.1.4.228/30
2019-06-06 09:29:22.899 24803 RALLYDEBUG rally_openstack.wrappers.network [-] CIDR generated: 1.1.4.232/30
2019-06-06 09:29:23.063 24816 RALLYDEBUG rally_openstack.wrappers.network [-] CIDR generated: 1.1.4.236/30
2019-06-06 09:29:23.482 24846 RALLYDEBUG rally_openstack.wrappers.network [-] CIDR generated: 1.1.4.240/30
2019-06-06 09:29:23.507 24841 RALLYDEBUG rally_openstack.wrappers.network [-] CIDR generated: 1.1.4.244/30
2019-06-06 09:29:23.577 24800 RALLYDEBUG rally_openstack.wrappers.network [-] CIDR generated: 1.1.4.248/30
2019-06-06 09:29:24.395 24837 RALLYDEBUG rally_openstack.wrappers.network [-] CIDR generated: 1.1.4.252/30
2019-06-06 09:29:25.589 24813 INFO rally.task.runner [-] Task e7a54803-d05b-474e-b1fa-c0948ef3c5d3 | ITER: 10 END: OK
2019-06-06 09:29:25.594 24813 INFO rally.task.runner [-] Task e7a54803-d05b-474e-b1fa-c0948ef3c5d3 | ITER: 21 START
2019-06-06 09:29:25.595 24813 WARNING rally_openstack.scenarios.neutron.utils [-] Running this scenario without either the 'network' or 'existing_network' context is deprecated
2019-06-06 09:29:25.707 24812 INFO rally.task.runner [-] Task e7a54803-d05b-474e-b1fa-c0948ef3c5d3 | ITER: 11 END: OK
2019-06-06 09:29:25.711 24812 INFO rally.task.runner [-] Task e7a54803-d05b-474e-b1fa-c0948ef3c5d3 | ITER: 22 START
2019-06-06 09:29:25.712 24812 WARNING rally_openstack.scenarios.neutron.utils [-] Running this scenario without either the 'network' or 'existing_network' context is deprecated
2019-06-06 09:29:26.626 24813 RALLYDEBUG rally_openstack.wrappers.network [-] CIDR generated: 1.1.5.0/30
2019-06-06 09:29:27.009 24812 RALLYDEBUG rally_openstack.wrappers.network [-] CIDR generated: 1.1.5.4/30
2019-06-06 09:29:27.170 24800 INFO rally.task.runner [-] Task e7a54803-d05b-474e-b1fa-c0948ef3c5d3 | ITER: 6 END: OK
2019-06-06 09:29:27.175 24800 INFO rally.task.runner [-] Task e7a54803-d05b-474e-b1fa-c0948ef3c5d3 | ITER: 23 START
2019-06-06 09:29:27.175 24800 WARNING rally_openstack.scenarios.neutron.utils [-] Running this scenario without either the 'network' or 'existing_network' context is deprecated
2019-06-06 09:29:27.204 24819 INFO rally.task.runner [-] Task e7a54803-d05b-474e-b1fa-c0948ef3c5d3 | ITER: 13 END: OK
2019-06-06 09:29:27.209 24819 INFO rally.task.runner [-] Task e7a54803-d05b-474e-b1fa-c0948ef3c5d3 | ITER: 24 START
2019-06-06 09:29:27.209 24819 WARNING rally_openstack.scenarios.neutron.utils [-] Running this scenario without either the 'network' or 'existing_network' context is deprecated
2019-06-06 09:29:27.562 24799 INFO rally.task.runner [-] Task e7a54803-d05b-474e-b1fa-c0948ef3c5d3 | ITER: 4 END: OK
2019-06-06 09:29:27.566 24801 INFO rally.task.runner [-] Task e7a54803-d05b-474e-b1fa-c0948ef3c5d3 | ITER: 2 END: OK
2019-06-06 09:29:27.567 24799 INFO rally.task.runner [-] Task e7a54803-d05b-474e-b1fa-c0948ef3c5d3 | ITER: 25 START
2019-06-06 09:29:27.567 24799 WARNING rally_openstack.scenarios.neutron.utils [-] Running this scenario without either the 'network' or 'existing_network' context is deprecated
2019-06-06 09:29:27.571 24801 INFO rally.task.runner [-] Task e7a54803-d05b-474e-b1fa-c0948ef3c5d3 | ITER: 26 START
2019-06-06 09:29:27.572 24801 WARNING rally_openstack.scenarios.neutron.utils [-] Running this scenario without either the 'network' or 'existing_network' context is deprecated
2019-06-06 09:29:28.411 24800 RALLYDEBUG rally_openstack.wrappers.network [-] CIDR generated: 1.1.5.8/30
2019-06-06 09:29:28.592 24819 RALLYDEBUG rally_openstack.wrappers.network [-] CIDR generated: 1.1.5.12/30
2019-06-06 09:29:28.748 24813 RALLYDEBUG rally_openstack.wrappers.network [-] CIDR generated: 1.1.5.16/30
2019-06-06 09:29:28.837 24801 RALLYDEBUG rally_openstack.wrappers.network [-] CIDR generated: 1.1.5.20/30
2019-06-06 09:29:29.183 24812 RALLYDEBUG rally_openstack.wrappers.network [-] CIDR generated: 1.1.5.24/30
2019-06-06 09:29:29.549 24799 RALLYDEBUG rally_openstack.wrappers.network [-] CIDR generated: 1.1.5.28/30
2019-06-06 09:29:29.862 24802 INFO rally.task.runner [-] Task e7a54803-d05b-474e-b1fa-c0948ef3c5d3 | ITER: 7 END: OK
2019-06-06 09:29:29.867 24802 INFO rally.task.runner [-] Task e7a54803-d05b-474e-b1fa-c0948ef3c5d3 | ITER: 27 START
2019-06-06 09:29:29.867 24802 WARNING rally_openstack.scenarios.neutron.utils [-] Running this scenario without either the 'network' or 'existing_network' context is deprecated
2019-06-06 09:29:30.095 24832 INFO rally.task.runner [-] Task e7a54803-d05b-474e-b1fa-c0948ef3c5d3 | ITER: 16 END: OK
2019-06-06 09:29:30.100 24832 INFO rally.task.runner [-] Task e7a54803-d05b-474e-b1fa-c0948ef3c5d3 | ITER: 28 START
2019-06-06 09:29:30.100 24832 WARNING rally_openstack.scenarios.neutron.utils [-] Running this scenario without either the 'network' or 'existing_network' context is deprecated
2019-06-06 09:29:30.139 24840 INFO rally.task.runner [-] Task e7a54803-d05b-474e-b1fa-c0948ef3c5d3 | ITER: 18 END: OK
2019-06-06 09:29:30.143 24840 INFO rally.task.runner [-] Task e7a54803-d05b-474e-b1fa-c0948ef3c5d3 | ITER: 29 START
2019-06-06 09:29:30.143 24840 WARNING rally_openstack.scenarios.neutron.utils [-] Running this scenario without either the 'network' or 'existing_network' context is deprecated
2019-06-06 09:29:32.761 24819 RALLYDEBUG rally_openstack.wrappers.network [-] CIDR generated: 1.1.5.32/30
2019-06-06 09:29:32.766 24800 RALLYDEBUG rally_openstack.wrappers.network [-] CIDR generated: 1.1.5.36/30
2019-06-06 09:29:32.847 24802 RALLYDEBUG rally_openstack.wrappers.network [-] CIDR generated: 1.1.5.40/30
2019-06-06 09:29:32.953 24801 INFO rally.task.runner [-] Task e7a54803-d05b-474e-b1fa-c0948ef3c5d3 | ITER: 5 END: OK
2019-06-06 09:29:32.957 24801 RALLYDEBUG rally_openstack.wrappers.network [-] CIDR generated: 1.1.5.44/30
2019-06-06 09:29:32.963 24801 INFO rally.task.runner [-] Task e7a54803-d05b-474e-b1fa-c0948ef3c5d3 | ITER: 30 START
2019-06-06 09:29:32.964 24801 WARNING rally_openstack.scenarios.neutron.utils [-] Running this scenario without either the 'network' or 'existing_network' context is deprecated
2019-06-06 09:29:33.054 24832 RALLYDEBUG rally_openstack.wrappers.network [-] CIDR generated: 1.1.5.48/30
2019-06-06 09:29:33.091 24802 INFO rally.task.runner [-] Task e7a54803-d05b-474e-b1fa-c0948ef3c5d3 | ITER: 8 END: OK
2019-06-06 09:29:33.095 24802 INFO rally.task.runner [-] Task e7a54803-d05b-474e-b1fa-c0948ef3c5d3 | ITER: 31 START
2019-06-06 09:29:33.096 24802 WARNING rally_openstack.scenarios.neutron.utils [-] Running this scenario without either the 'network' or 'existing_network' context is deprecated
2019-06-06 09:29:33.661 24799 INFO rally.task.runner [-] Task e7a54803-d05b-474e-b1fa-c0948ef3c5d3 | ITER: 1 END: OK
2019-06-06 09:29:33.665 24799 INFO rally.task.runner [-] Task e7a54803-d05b-474e-b1fa-c0948ef3c5d3 | ITER: 32 START
2019-06-06 09:29:33.666 24799 WARNING rally_openstack.scenarios.neutron.utils [-] Running this scenario without either the 'network' or 'existing_network' context is deprecated
2019-06-06 09:29:33.759 24831 INFO rally.task.runner [-] Task e7a54803-d05b-474e-b1fa-c0948ef3c5d3 | ITER: 15 END: OK
2019-06-06 09:29:33.764 24831 INFO rally.task.runner [-] Task e7a54803-d05b-474e-b1fa-c0948ef3c5d3 | ITER: 33 START
2019-06-06 09:29:33.765 24831 WARNING rally_openstack.scenarios.neutron.utils [-] Running this scenario without either the 'network' or 'existing_network' context is deprecated
2019-06-06 09:29:33.804 24840 RALLYDEBUG rally_openstack.wrappers.network [-] CIDR generated: 1.1.5.52/30
2019-06-06 09:29:33.859 24799 RALLYDEBUG rally_openstack.wrappers.network [-] CIDR generated: 1.1.5.56/30
2019-06-06 09:29:33.915 24825 INFO rally.task.runner [-] Task e7a54803-d05b-474e-b1fa-c0948ef3c5d3 | ITER: 14 END: OK
2019-06-06 09:29:33.919 24825 INFO rally.task.runner [-] Task e7a54803-d05b-474e-b1fa-c0948ef3c5d3 | ITER: 34 START
2019-06-06 09:29:33.920 24825 WARNING rally_openstack.scenarios.neutron.utils [-] Running this scenario without either the 'network' or 'existing_network' context is deprecated
2019-06-06 09:29:34.617 24816 INFO rally.task.runner [-] Task e7a54803-d05b-474e-b1fa-c0948ef3c5d3 | ITER: 12 END: OK
2019-06-06 09:29:34.621 24816 INFO rally.task.runner [-] Task e7a54803-d05b-474e-b1fa-c0948ef3c5d3 | ITER: 35 START
2019-06-06 09:29:34.622 24816 WARNING rally_openstack.scenarios.neutron.utils [-] Running this scenario without either the 'network' or 'existing_network' context is deprecated
2019-06-06 09:29:34.649 24803 INFO rally.task.runner [-] Task e7a54803-d05b-474e-b1fa-c0948ef3c5d3 | ITER: 9 END: OK
2019-06-06 09:29:34.653 24803 INFO rally.task.runner [-] Task e7a54803-d05b-474e-b1fa-c0948ef3c5d3 | ITER: 36 START
2019-06-06 09:29:34.654 24803 WARNING rally_openstack.scenarios.neutron.utils [-] Running this scenario without either the 'network' or 'existing_network' context is deprecated
2019-06-06 09:29:35.268 24802 RALLYDEBUG rally_openstack.wrappers.network [-] CIDR generated: 1.1.5.60/30
2019-06-06 09:29:35.321 24846 INFO rally.task.runner [-] Task e7a54803-d05b-474e-b1fa-c0948ef3c5d3 | ITER: 20 END: OK
2019-06-06 09:29:35.326 24846 INFO rally.task.runner [-] Task e7a54803-d05b-474e-b1fa-c0948ef3c5d3 | ITER: 37 START
2019-06-06 09:29:35.327 24846 WARNING rally_openstack.scenarios.neutron.utils [-] Running this scenario without either the 'network' or 'existing_network' context is deprecated
2019-06-06 09:29:35.629 24801 RALLYDEBUG rally_openstack.wrappers.network [-] CIDR generated: 1.1.5.64/30
2019-06-06 09:29:35.744 24802 RALLYDEBUG rally_openstack.wrappers.network [-] CIDR generated: 1.1.5.68/30
2019-06-06 09:29:35.902 24837 INFO rally.task.runner [-] Task e7a54803-d05b-474e-b1fa-c0948ef3c5d3 | ITER: 17 END: OK
2019-06-06 09:29:35.906 24837 INFO rally.task.runner [-] Task e7a54803-d05b-474e-b1fa-c0948ef3c5d3 | ITER: 38 START
2019-06-06 09:29:35.907 24837 WARNING rally_openstack.scenarios.neutron.utils [-] Running this scenario without either the 'network' or 'existing_network' context is deprecated
2019-06-06 09:29:35.989 24841 INFO rally.task.runner [-] Task e7a54803-d05b-474e-b1fa-c0948ef3c5d3 | ITER: 19 END: OK
2019-06-06 09:29:35.993 24841 INFO rally.task.runner [-] Task e7a54803-d05b-474e-b1fa-c0948ef3c5d3 | ITER: 39 START
2019-06-06 09:29:35.994 24841 WARNING rally_openstack.scenarios.neutron.utils [-] Running this scenario without either the 'network' or 'existing_network' context is deprecated
2019-06-06 09:29:36.201 24831 RALLYDEBUG rally_openstack.wrappers.network [-] CIDR generated: 1.1.5.72/30
2019-06-06 09:29:36.308 24800 INFO rally.task.runner [-] Task e7a54803-d05b-474e-b1fa-c0948ef3c5d3 | ITER: 3 END: OK
2019-06-06 09:29:36.311 24800 INFO rally.task.runner [-] Task e7a54803-d05b-474e-b1fa-c0948ef3c5d3 | ITER: 40 START
2019-06-06 09:29:36.312 24800 WARNING rally_openstack.scenarios.neutron.utils [-] Running this scenario without either the 'network' or 'existing_network' context is deprecated
2019-06-06 09:29:36.382 24825 RALLYDEBUG rally_openstack.wrappers.network [-] CIDR generated: 1.1.5.76/30
2019-06-06 09:29:36.955 24799 RALLYDEBUG rally_openstack.wrappers.network [-] CIDR generated: 1.1.5.80/30
2019-06-06 09:29:37.048 24803 RALLYDEBUG rally_openstack.wrappers.network [-] CIDR generated: 1.1.5.84/30
2019-06-06 09:29:37.142 24813 INFO rally.task.runner [-] Task e7a54803-d05b-474e-b1fa-c0948ef3c5d3 | ITER: 21 END: OK
2019-06-06 09:29:37.145 24812 INFO rally.task.runner [-] Task e7a54803-d05b-474e-b1fa-c0948ef3c5d3 | ITER: 22 END: OK
2019-06-06 09:29:37.323 24832 RALLYDEBUG rally_openstack.wrappers.network [-] CIDR generated: 1.1.5.88/30
2019-06-06 09:29:37.633 24846 RALLYDEBUG rally_openstack.wrappers.network [-] CIDR generated: 1.1.5.92/30
2019-06-06 09:29:37.865 24816 RALLYDEBUG rally_openstack.wrappers.network [-] CIDR generated: 1.1.5.96/30
2019-06-06 09:29:38.034 24841 RALLYDEBUG rally_openstack.wrappers.network [-] CIDR generated: 1.1.5.100/30
2019-06-06 09:29:38.147 24802 RALLYDEBUG rally_openstack.wrappers.network [-] CIDR generated: 1.1.5.104/30
2019-06-06 09:29:38.211 24837 RALLYDEBUG rally_openstack.wrappers.network [-] CIDR generated: 1.1.5.108/30
2019-06-06 09:29:38.299 24800 RALLYDEBUG rally_openstack.wrappers.network [-] CIDR generated: 1.1.5.112/30
2019-06-06 09:29:38.755 24840 RALLYDEBUG rally_openstack.wrappers.network [-] CIDR generated: 1.1.5.116/30
2019-06-06 09:29:39.869 24825 RALLYDEBUG rally_openstack.wrappers.network [-] CIDR generated: 1.1.5.120/30
2019-06-06 09:29:39.918 24831 RALLYDEBUG rally_openstack.wrappers.network [-] CIDR generated: 1.1.5.124/30
2019-06-06 09:29:39.976 24800 RALLYDEBUG rally_openstack.wrappers.network [-] CIDR generated: 1.1.5.128/30
2019-06-06 09:29:40.046 24846 RALLYDEBUG rally_openstack.wrappers.network [-] CIDR generated: 1.1.5.132/30
2019-06-06 09:29:40.189 24841 RALLYDEBUG rally_openstack.wrappers.network [-] CIDR generated: 1.1.5.136/30
2019-06-06 09:29:40.604 24837 RALLYDEBUG rally_openstack.wrappers.network [-] CIDR generated: 1.1.5.140/30
2019-06-06 09:29:40.659 24801 RALLYDEBUG rally_openstack.wrappers.network [-] CIDR generated: 1.1.5.144/30
2019-06-06 09:29:41.237 24800 INFO rally.task.runner [-] Task e7a54803-d05b-474e-b1fa-c0948ef3c5d3 | ITER: 23 END: OK
2019-06-06 09:29:41.731 24799 RALLYDEBUG rally_openstack.wrappers.network [-] CIDR generated: 1.1.5.148/30
2019-06-06 09:29:42.084 24816 RALLYDEBUG rally_openstack.wrappers.network [-] CIDR generated: 1.1.5.152/30
2019-06-06 09:29:42.174 24803 RALLYDEBUG rally_openstack.wrappers.network [-] CIDR generated: 1.1.5.156/30
2019-06-06 09:29:43.335 24819 INFO rally.task.runner [-] Task e7a54803-d05b-474e-b1fa-c0948ef3c5d3 | ITER: 24 END: OK
2019-06-06 09:29:43.909 24801 INFO rally.task.runner [-] Task e7a54803-d05b-474e-b1fa-c0948ef3c5d3 | ITER: 26 END: OK
2019-06-06 09:29:43.941 24799 INFO rally.task.runner [-] Task e7a54803-d05b-474e-b1fa-c0948ef3c5d3 | ITER: 25 END: OK
2019-06-06 09:29:44.048 24802 INFO rally.task.runner [-] Task e7a54803-d05b-474e-b1fa-c0948ef3c5d3 | ITER: 31 END: OK
2019-06-06 09:29:44.573 24841 INFO rally.task.runner [-] Task e7a54803-d05b-474e-b1fa-c0948ef3c5d3 | ITER: 39 END: OK
2019-06-06 09:29:45.001 24837 INFO rally.task.runner [-] Task e7a54803-d05b-474e-b1fa-c0948ef3c5d3 | ITER: 38 END: OK
2019-06-06 09:29:45.518 24800 INFO rally.task.runner [-] Task e7a54803-d05b-474e-b1fa-c0948ef3c5d3 | ITER: 40 END: OK
2019-06-06 09:29:45.601 24846 INFO rally.task.runner [-] Task e7a54803-d05b-474e-b1fa-c0948ef3c5d3 | ITER: 37 END: OK
2019-06-06 09:29:47.075 24799 INFO rally.task.runner [-] Task e7a54803-d05b-474e-b1fa-c0948ef3c5d3 | ITER: 32 END: OK
2019-06-06 09:29:48.009 24825 INFO rally.task.runner [-] Task e7a54803-d05b-474e-b1fa-c0948ef3c5d3 | ITER: 34 END: OK
2019-06-06 09:29:48.029 24831 INFO rally.task.runner [-] Task e7a54803-d05b-474e-b1fa-c0948ef3c5d3 | ITER: 33 END: OK
2019-06-06 09:29:48.813 24832 INFO rally.task.runner [-] Task e7a54803-d05b-474e-b1fa-c0948ef3c5d3 | ITER: 28 END: OK
2019-06-06 09:29:49.549 24840 INFO rally.task.runner [-] Task e7a54803-d05b-474e-b1fa-c0948ef3c5d3 | ITER: 29 END: OK
2019-06-06 09:29:49.991 24802 INFO rally.task.runner [-] Task e7a54803-d05b-474e-b1fa-c0948ef3c5d3 | ITER: 27 END: OK
2019-06-06 09:29:50.675 24801 INFO rally.task.runner [-] Task e7a54803-d05b-474e-b1fa-c0948ef3c5d3 | ITER: 30 END: OK
2019-06-06 09:29:51.328 24803 INFO rally.task.runner [-] Task e7a54803-d05b-474e-b1fa-c0948ef3c5d3 | ITER: 36 END: OK
2019-06-06 09:29:51.939 24816 INFO rally.task.runner [-] Task e7a54803-d05b-474e-b1fa-c0948ef3c5d3 | ITER: 35 END: OK
2019-06-06 09:29:51.972 22705 INFO rally.task.context [-] Task e7a54803-d05b-474e-b1fa-c0948ef3c5d3 | Context cleanup@openstack cleanup() started
2019-06-06 09:29:51.974 22705 RALLYDEBUG rally_openstack.cleanup.manager [-] Cleaning up neutron vip objects
2019-06-06 09:29:52.669 22705 RALLYDEBUG rally_openstack.cleanup.manager [-] Cleaning up neutron health_monitor objects
2019-06-06 09:29:53.529 22705 RALLYDEBUG rally_openstack.cleanup.manager [-] Cleaning up neutron pool objects
2019-06-06 09:29:54.176 22705 RALLYDEBUG rally_openstack.cleanup.manager [-] Cleaning up neutron loadbalancer objects
2019-06-06 09:29:54.891 22705 RALLYDEBUG rally_openstack.cleanup.manager [-] Cleaning up neutron floatingip objects
2019-06-06 09:29:55.673 22705 RALLYDEBUG rally_openstack.cleanup.manager [-] Cleaning up neutron port objects
2019-06-06 09:29:56.492 22705 RALLYDEBUG rally_openstack.cleanup.manager [-] Cleaning up neutron subnet objects
2019-06-06 09:29:57.257 22705 RALLYDEBUG rally_openstack.cleanup.manager [-] Cleaning up neutron network objects
2019-06-06 09:29:58.072 22705 RALLYDEBUG rally_openstack.cleanup.manager [-] Deleting neutron.network object s_rally_666f4511_mKdqzuCp (07f54d57-fc64-423f-a97f-7004a9e74e60)
2019-06-06 09:29:58.073 22705 RALLYDEBUG rally_openstack.cleanup.manager [-] Deleting neutron.network object s_rally_666f4511_sSH20cxS (08048a41-4590-4be8-a2f3-a2b237b2a848)
2019-06-06 09:29:58.078 22705 RALLYDEBUG rally_openstack.cleanup.manager [-] Deleting neutron.network object s_rally_666f4511_UJpNFvJj (0b1e4709-6423-44cc-9abe-a4821dd99172)
2019-06-06 09:29:58.089 22705 RALLYDEBUG rally_openstack.cleanup.manager [-] Deleting neutron.network object s_rally_666f4511_mH4bOLbA (0f5a8794-0a8e-46db-9b8a-77ce086fabbf)
2019-06-06 09:29:58.102 22705 RALLYDEBUG rally_openstack.cleanup.manager [-] Deleting neutron.network object s_rally_666f4511_r1Do5VPI (1dff5b9e-2531-4f23-bc55-234973aef1f6)
2019-06-06 09:29:58.114 22705 RALLYDEBUG rally_openstack.cleanup.manager [-] Deleting neutron.network object s_rally_666f4511_wwOQzab4 (30d82ddd-7c90-4a2e-9a73-a13e690f1048)
2019-06-06 09:29:58.124 22705 RALLYDEBUG rally_openstack.cleanup.manager [-] Deleting neutron.network object s_rally_666f4511_ggUNdFyG (30fc82b2-83e0-4ab7-8afd-1df3c9632ae6)
2019-06-06 09:29:58.130 22705 RALLYDEBUG rally_openstack.cleanup.manager [-] Deleting neutron.network object s_rally_666f4511_SrYGjKKG (19909133-9771-48c5-a6c7-a19799d8686d)
2019-06-06 09:29:58.135 22705 RALLYDEBUG rally_openstack.cleanup.manager [-] Deleting neutron.network object s_rally_666f4511_un3ikrOz (31148e34-23bc-4b06-b3de-af55c635ad2d)
2019-06-06 09:29:58.148 22705 RALLYDEBUG rally_openstack.cleanup.manager [-] Deleting neutron.network object s_rally_666f4511_hactNOyt (341c6f21-c33a-44ac-9bae-f6430d257402)
2019-06-06 09:29:58.155 22705 RALLYDEBUG rally_openstack.cleanup.manager [-] Deleting neutron.network object s_rally_666f4511_ATdhSwax (3ddc37d9-a12a-4679-8127-5d8f69cb543a)
2019-06-06 09:29:58.176 22705 RALLYDEBUG rally_openstack.cleanup.manager [-] Deleting neutron.network object s_rally_666f4511_YTPCNXvb (418b5a38-5434-42a4-bbec-a6a6e88bc180)
2019-06-06 09:29:58.193 22705 RALLYDEBUG rally_openstack.cleanup.manager [-] Deleting neutron.network object s_rally_666f4511_Cm6umwvf (41ceee45-1e94-46cf-97fb-b92a8acf90a9)
2019-06-06 09:29:58.202 22705 RALLYDEBUG rally_openstack.cleanup.manager [-] Deleting neutron.network object s_rally_666f4511_BYpNzz7y (43e942a2-538e-470f-b78b-beb4dbe3359e)
2019-06-06 09:29:58.217 22705 RALLYDEBUG rally_openstack.cleanup.manager [-] Deleting neutron.network object s_rally_666f4511_kZQMHbpz (4b975e44-2803-4540-8f4a-2d9bdebf8f93)
2019-06-06 09:29:58.230 22705 RALLYDEBUG rally_openstack.cleanup.manager [-] Deleting neutron.network object s_rally_666f4511_84OIeIOd (5c620f0d-aa7a-40be-9855-1be76b7ab47a)
2019-06-06 09:29:58.233 22705 RALLYDEBUG rally_openstack.cleanup.manager [-] Deleting neutron.network object s_rally_666f4511_mmIToTQu (5f82b99f-d92f-4cfb-bb0f-f64fa293c98b)
2019-06-06 09:29:58.255 22705 RALLYDEBUG rally_openstack.cleanup.manager [-] Deleting neutron.network object s_rally_666f4511_08akQjvW (65cbf1f3-3ff1-4315-b5c6-3ecbf4d4f2ef)
2019-06-06 09:29:58.260 22705 RALLYDEBUG rally_openstack.cleanup.manager [-] Deleting neutron.network object s_rally_666f4511_zEZniJ34 (6b9c17de-280d-4412-bff4-4b51f3b70b79)
2019-06-06 09:29:58.268 22705 RALLYDEBUG rally_openstack.cleanup.manager [-] Deleting neutron.network object s_rally_666f4511_ktBhvvFa (68f1a7ec-f56a-4389-ba6f-a51d757a282d)
2019-06-06 09:30:00.878 22705 RALLYDEBUG rally_openstack.cleanup.manager [-] Deleting neutron.network object s_rally_666f4511_g0cKIOIn (6e9732a3-518f-4bae-83e6-68fd35507bbc)
2019-06-06 09:30:00.886 22705 RALLYDEBUG rally_openstack.cleanup.manager [-] Deleting neutron.network object s_rally_666f4511_l2RAtT6g (7c8b0726-b220-49f9-bc88-3dbbf66c4c32)
2019-06-06 09:30:01.160 22705 RALLYDEBUG rally_openstack.cleanup.manager [-] Deleting neutron.network object s_rally_666f4511_74DUdNqV (8df513d2-5447-4c15-a28f-866c880bd42a)
2019-06-06 09:30:01.227 22705 RALLYDEBUG rally_openstack.cleanup.manager [-] Deleting neutron.network object s_rally_666f4511_rCsZTG5d (9056f1ca-10ec-4f89-ae95-2d5fdb40fc6b)
2019-06-06 09:30:01.320 22705 RALLYDEBUG rally_openstack.cleanup.manager [-] Deleting neutron.network object s_rally_666f4511_Obivo1zT (96cf7d9a-a4c9-4bd5-868b-a70be100c39f)
2019-06-06 09:30:02.904 22705 RALLYDEBUG rally_openstack.cleanup.manager [-] Deleting neutron.network object s_rally_666f4511_Y1QTaAjh (bf677213-70aa-497f-88c5-27a19095f731)
2019-06-06 09:30:02.907 22705 RALLYDEBUG rally_openstack.cleanup.manager [-] Deleting neutron.network object s_rally_666f4511_MZRZMqAN (ac13b0fd-b246-49ea-b23c-601a10b5d586)
2019-06-06 09:30:03.304 22705 RALLYDEBUG rally_openstack.cleanup.manager [-] Deleting neutron.network object s_rally_666f4511_WgUUy6AX (c20d30c4-87d8-4351-b5ed-33ada814fad1)
2019-06-06 09:30:04.181 22705 RALLYDEBUG rally_openstack.cleanup.manager [-] Deleting neutron.network object s_rally_666f4511_Rs8Gjuk6 (c29690b2-f4c7-454c-b677-6fd9aba2f6f8)
2019-06-06 09:30:04.387 22705 RALLYDEBUG rally_openstack.cleanup.manager [-] Deleting neutron.network object s_rally_666f4511_ALVUJdi3 (c8ce64ce-9ef1-4ad0-b7e1-b7239c9e1d98)
2019-06-06 09:30:04.477 22705 RALLYDEBUG rally_openstack.cleanup.manager [-] Deleting neutron.network object s_rally_666f4511_hmA7A3Dg (ccf806d0-15c6-4788-8376-0ab29f13bf02)
2019-06-06 09:30:04.484 22705 RALLYDEBUG rally_openstack.cleanup.manager [-] Deleting neutron.network object s_rally_666f4511_szLAkF7W (cda3c8ff-275b-4021-8070-b51fe116862b)
2019-06-06 09:30:04.514 22705 RALLYDEBUG rally_openstack.cleanup.manager [-] Deleting neutron.network object s_rally_666f4511_vLaJlGcU (e236d92c-299a-467a-ab8b-5ec7e29515f3)
2019-06-06 09:30:04.724 22705 RALLYDEBUG rally_openstack.cleanup.manager [-] Deleting neutron.network object s_rally_666f4511_nZPSfY8Q (e62cd011-9996-4b56-b511-16a4bddd5172)
2019-06-06 09:30:04.946 22705 RALLYDEBUG rally_openstack.cleanup.manager [-] Deleting neutron.network object s_rally_666f4511_OJCMqh10 (e9df77ef-345d-45ea-b895-1e5fe4d8f4f1)
2019-06-06 09:30:05.182 22705 RALLYDEBUG rally_openstack.cleanup.manager [-] Deleting neutron.network object s_rally_666f4511_5KpyOyLP (ebf1f02f-89f6-4afc-8f1f-2e4fb90faaac)
2019-06-06 09:30:05.543 22705 RALLYDEBUG rally_openstack.cleanup.manager [-] Deleting neutron.network object s_rally_666f4511_7EnqozUg (ef7f16fe-bb04-4b95-8671-b740ed40b6df)
2019-06-06 09:30:05.838 22705 RALLYDEBUG rally_openstack.cleanup.manager [-] Deleting neutron.network object s_rally_666f4511_m9lznLvD (f82c215a-0be6-4932-a3c5-6b180993e986)
2019-06-06 09:30:05.913 22705 RALLYDEBUG rally_openstack.cleanup.manager [-] Deleting neutron.network object s_rally_666f4511_ahmjGbbn (fc8affb4-3c30-4500-a0f0-6324a13d24fd)
2019-06-06 09:30:06.151 22705 RALLYDEBUG rally_openstack.cleanup.manager [-] Deleting neutron.network object s_rally_666f4511_UogVoVtM (fd41c7ba-fd77-4d3d-bf75-d2b8a6ac0159)
2019-06-06 09:30:09.301 22705 RALLYDEBUG rally_openstack.cleanup.manager [-] Cleaning up neutron router objects
2019-06-06 09:30:09.967 22705 RALLYDEBUG rally_openstack.cleanup.manager [-] Cleaning up neutron security_group objects
2019-06-06 09:30:10.642 22705 INFO rally.task.context [-] Task e7a54803-d05b-474e-b1fa-c0948ef3c5d3 | Context cleanup@openstack cleanup() finished in 18.67 sec
2019-06-06 09:30:10.642 22705 INFO rally.task.context [-] Task e7a54803-d05b-474e-b1fa-c0948ef3c5d3 | Context quotas@openstack cleanup() started
2019-06-06 09:30:10.665 22705 INFO rally.task.context [-] Task e7a54803-d05b-474e-b1fa-c0948ef3c5d3 | Context quotas@openstack cleanup() finished in 22.35 msec
2019-06-06 09:30:10.665 22705 INFO rally.task.context [-] Task e7a54803-d05b-474e-b1fa-c0948ef3c5d3 | Context users@openstack cleanup() started
2019-06-06 09:30:15.479 22705 INFO rally.task.context [-] Task e7a54803-d05b-474e-b1fa-c0948ef3c5d3 | Context users@openstack cleanup() finished in 4.81 sec
2019-06-06 09:30:16.838 22705 INFO rally.task.engine [-] Load duration is: 36.2389
2019-06-06 09:30:16.839 22705 INFO rally.task.engine [-] Full runner duration is: 36.296333
2019-06-06 09:30:16.839 22705 INFO rally.task.engine [-] Full duration is: 64.892995
2019-06-06 09:30:17.115 22705 INFO rally.task.engine [-] Running workload: position = 0 config = { "version": 2, "title": "A cropped version of a bigger task.", "description": "Auto-generated task from a single workload (uuid=bd3dcfcc-b3db-4b5d-83dc-294ce10bc14f)", "subtasks": [ { "title": "NeutronNetworks.create_and_list_routers", "description": "Create and a given number of routers and list all routers.", "scenario": { "NeutronNetworks.create_and_list_routers": { "network_create_args": null, "subnet_create_args": null, "subnet_cidr_start": "1.1.0.0/30", "subnets_per_network": 2, "router_create_args": null } }, "contexts": { "users": { "tenants": 1, "users_per_tenant": 1 }, "quotas": { "neutron": { "network": -1, "subnet": -1, "router": -1 } } }, "runner": { "constant": { "times": 40, "concurrency": 20 } }, "hooks": [], "sla": { "failure_rate": { "max": 0 } } } ] }
2019-06-06 09:30:17.138 22705 RALLYDEBUG rally_openstack.contexts.keystone.users [-] Creating 1 tenants using 20 threads
2019-06-06 09:30:19.015 22705 RALLYDEBUG rally_openstack.contexts.keystone.users [-] Creating 1 users using 20 threads
2019-06-06 09:30:21.683 22705 INFO rally.task.context [-] Task e7a54803-d05b-474e-b1fa-c0948ef3c5d3 | Context users@openstack setup() finished in 4.54 sec
2019-06-06 09:30:22.474 22705 INFO rally.task.context [-] Task e7a54803-d05b-474e-b1fa-c0948ef3c5d3 | Context quotas@openstack setup() finished in 0.79 sec
2019-06-06 09:30:22.475 22705 INFO rally.task.context [-] Task e7a54803-d05b-474e-b1fa-c0948ef3c5d3 | Context cleanup@openstack setup() finished in 0.01 msec
2019-06-06 09:30:22.483 22705 RALLYDEBUG rally.task.runner [-] Starting the constant runner (task UUID: e7a54803-d05b-474e-b1fa-c0948ef3c5d3). timeout: 0 concurrency: 20 concurrency_per_worker: 1 times: 40 concurrency_overhead: 4 processes_to_start: 16 max_cpu_used: 16
2019-06-06 09:30:22.496 25169 RALLYDEBUG rally.task.runner [-] Starting a worker. concurrency: 2 args: {"network_create_args": null, "subnet_create_args": null, "subnet_cidr_start": "1.1.0.0/30", "subnets_per_network": 2, "router_create_args": null} times: 40 method_name: run timeout: 0 duration: None cls:
2019-06-06 09:30:22.499 25170 RALLYDEBUG rally.task.runner [-] Starting a worker. concurrency: 2 args: {"network_create_args": null, "subnet_create_args": null, "subnet_cidr_start": "1.1.0.0/30", "subnets_per_network": 2, "router_create_args": null} times: 40 method_name: run timeout: 0 duration: None cls:
2019-06-06 09:30:22.502 25171 RALLYDEBUG rally.task.runner [-] Starting a worker. concurrency: 2 args: {"network_create_args": null, "subnet_create_args": null, "subnet_cidr_start": "1.1.0.0/30", "subnets_per_network": 2, "router_create_args": null} times: 40 method_name: run timeout: 0 duration: None cls:
2019-06-06 09:30:22.504 25169 INFO rally.task.runner [-] Task e7a54803-d05b-474e-b1fa-c0948ef3c5d3 | ITER: 1 START
2019-06-06 09:30:22.504 25172 RALLYDEBUG rally.task.runner [-] Starting a worker. concurrency: 2 args: {"network_create_args": null, "subnet_create_args": null, "subnet_cidr_start": "1.1.0.0/30", "subnets_per_network": 2, "router_create_args": null} times: 40 method_name: run timeout: 0 duration: None cls:
2019-06-06 09:30:22.505 25174 RALLYDEBUG rally.task.runner [-] Starting a worker. concurrency: 1 args: {"network_create_args": null, "subnet_create_args": null, "subnet_cidr_start": "1.1.0.0/30", "subnets_per_network": 2, "router_create_args": null} times: 40 method_name: run timeout: 0 duration: None cls:
2019-06-06 09:30:22.508 25170 INFO rally.task.runner [-] Task e7a54803-d05b-474e-b1fa-c0948ef3c5d3 | ITER: 2 START
2019-06-06 09:30:22.510 25171 INFO rally.task.runner [-] Task e7a54803-d05b-474e-b1fa-c0948ef3c5d3 | ITER: 8 START
2019-06-06 09:30:22.511 25174 INFO rally.task.runner [-] Task e7a54803-d05b-474e-b1fa-c0948ef3c5d3 | ITER: 7 START
2019-06-06 09:30:22.511 25171 INFO rally.task.runner [-] Task e7a54803-d05b-474e-b1fa-c0948ef3c5d3 | ITER: 4 START
2019-06-06 09:30:22.512 25172 INFO rally.task.runner [-] Task e7a54803-d05b-474e-b1fa-c0948ef3c5d3 | ITER: 6 START
2019-06-06 09:30:22.513 25177 RALLYDEBUG rally.task.runner [-] Starting a worker. concurrency: 1 args: {"network_create_args": null, "subnet_create_args": null, "subnet_cidr_start": "1.1.0.0/30", "subnets_per_network": 2, "router_create_args": null} times: 40 method_name: run timeout: 0 duration: None cls:
2019-06-06 09:30:22.513 25169 INFO rally.task.runner [-] Task e7a54803-d05b-474e-b1fa-c0948ef3c5d3 | ITER: 3 START
2019-06-06 09:30:22.515 25181 RALLYDEBUG rally.task.runner [-] Starting a worker. concurrency: 1 args: {"network_create_args": null, "subnet_create_args": null, "subnet_cidr_start": "1.1.0.0/30", "subnets_per_network": 2, "router_create_args": null} times: 40 method_name: run timeout: 0 duration: None cls:
2019-06-06 09:30:22.515 25172 INFO rally.task.runner [-] Task e7a54803-d05b-474e-b1fa-c0948ef3c5d3 | ITER: 9 START
2019-06-06 09:30:22.517 25170 INFO rally.task.runner [-] Task e7a54803-d05b-474e-b1fa-c0948ef3c5d3 | ITER: 5 START
2019-06-06 09:30:22.518 25189 RALLYDEBUG rally.task.runner [-] Starting a worker. concurrency: 1 args: {"network_create_args": null, "subnet_create_args": null, "subnet_cidr_start": "1.1.0.0/30", "subnets_per_network": 2, "router_create_args": null} times: 40 method_name: run timeout: 0 duration: None cls:
2019-06-06 09:30:22.520 25177 INFO rally.task.runner [-] Task e7a54803-d05b-474e-b1fa-c0948ef3c5d3 | ITER: 10 START
2019-06-06 09:30:22.522 25181 INFO rally.task.runner [-] Task e7a54803-d05b-474e-b1fa-c0948ef3c5d3 | ITER: 11 START
2019-06-06 09:30:22.522 25191 RALLYDEBUG rally.task.runner [-] Starting a worker. concurrency: 1 args: {"network_create_args": null, "subnet_create_args": null, "subnet_cidr_start": "1.1.0.0/30", "subnets_per_network": 2, "router_create_args": null} times: 40 method_name: run timeout: 0 duration: None cls:
2019-06-06 09:30:22.524 25189 INFO rally.task.runner [-] Task e7a54803-d05b-474e-b1fa-c0948ef3c5d3 | ITER: 12 START
2019-06-06 09:30:22.527 25191 INFO rally.task.runner [-] Task e7a54803-d05b-474e-b1fa-c0948ef3c5d3 | ITER: 13 START
2019-06-06 09:30:22.527 25192 RALLYDEBUG rally.task.runner [-] Starting a worker. concurrency: 1 args: {"network_create_args": null, "subnet_create_args": null, "subnet_cidr_start": "1.1.0.0/30", "subnets_per_network": 2, "router_create_args": null} times: 40 method_name: run timeout: 0 duration: None cls:
2019-06-06 09:30:22.530 25196 RALLYDEBUG rally.task.runner [-] Starting a worker. concurrency: 1 args: {"network_create_args": null, "subnet_create_args": null, "subnet_cidr_start": "1.1.0.0/30", "subnets_per_network": 2, "router_create_args": null} times: 40 method_name: run timeout: 0 duration: None cls:
2019-06-06 09:30:22.533 25192 INFO rally.task.runner [-] Task e7a54803-d05b-474e-b1fa-c0948ef3c5d3 | ITER: 14 START
2019-06-06 09:30:22.537 25196 INFO rally.task.runner [-] Task e7a54803-d05b-474e-b1fa-c0948ef3c5d3 | ITER: 15 START
2019-06-06 09:30:22.537 25202 RALLYDEBUG rally.task.runner [-] Starting a worker. concurrency: 1 args: {"network_create_args": null, "subnet_create_args": null, "subnet_cidr_start": "1.1.0.0/30", "subnets_per_network": 2, "router_create_args": null} times: 40 method_name: run timeout: 0 duration: None cls:
2019-06-06 09:30:22.542 25202 INFO rally.task.runner [-] Task e7a54803-d05b-474e-b1fa-c0948ef3c5d3 | ITER: 16 START
2019-06-06 09:30:22.542 25205 RALLYDEBUG rally.task.runner [-] Starting a worker. concurrency: 1 args: {"network_create_args": null, "subnet_create_args": null, "subnet_cidr_start": "1.1.0.0/30", "subnets_per_network": 2, "router_create_args": null} times: 40 method_name: run timeout: 0 duration: None cls:
2019-06-06 09:30:22.547 25205 INFO rally.task.runner [-] Task e7a54803-d05b-474e-b1fa-c0948ef3c5d3 | ITER: 17 START
2019-06-06 09:30:22.546 25208 RALLYDEBUG rally.task.runner [-] Starting a worker. concurrency: 1 args: {"network_create_args": null, "subnet_create_args": null, "subnet_cidr_start": "1.1.0.0/30", "subnets_per_network": 2, "router_create_args": null} times: 40 method_name: run timeout: 0 duration: None cls:
2019-06-06 09:30:22.551 25212 RALLYDEBUG rally.task.runner [-] Starting a worker. concurrency: 1 args: {"network_create_args": null, "subnet_create_args": null, "subnet_cidr_start": "1.1.0.0/30", "subnets_per_network": 2, "router_create_args": null} times: 40 method_name: run timeout: 0 duration: None cls:
2019-06-06 09:30:22.552 25208 INFO rally.task.runner [-] Task e7a54803-d05b-474e-b1fa-c0948ef3c5d3 | ITER: 18 START
2019-06-06 09:30:22.555 25212 INFO rally.task.runner [-] Task e7a54803-d05b-474e-b1fa-c0948ef3c5d3 | ITER: 19 START
2019-06-06 09:30:22.560 25218 RALLYDEBUG rally.task.runner [-] Starting a worker. concurrency: 1 args: {"network_create_args": null, "subnet_create_args": null, "subnet_cidr_start": "1.1.0.0/30", "subnets_per_network": 2, "router_create_args": null} times: 40 method_name: run timeout: 0 duration: None cls:
2019-06-06 09:30:22.564 25218 INFO rally.task.runner [-] Task e7a54803-d05b-474e-b1fa-c0948ef3c5d3 | ITER: 20 START
2019-06-06 09:30:24.246 25170 RALLYDEBUG rally_openstack.wrappers.network [-] CIDR generated: 1.1.5.160/30
2019-06-06 09:30:24.271 25169 RALLYDEBUG rally_openstack.wrappers.network [-] CIDR generated: 1.1.5.164/30
2019-06-06 09:30:24.282 25171 RALLYDEBUG rally_openstack.wrappers.network [-] CIDR generated: 1.1.5.168/30
2019-06-06 09:30:24.295 25170 RALLYDEBUG rally_openstack.wrappers.network [-] CIDR generated: 1.1.5.172/30
2019-06-06 09:30:24.471 25177 RALLYDEBUG rally_openstack.wrappers.network [-] CIDR generated: 1.1.5.176/30
2019-06-06 09:30:24.477 25189 RALLYDEBUG rally_openstack.wrappers.network [-] CIDR generated: 1.1.5.180/30
2019-06-06 09:30:24.525 25218 RALLYDEBUG rally_openstack.wrappers.network [-] CIDR generated: 1.1.5.184/30
2019-06-06 09:30:24.592 25172 RALLYDEBUG rally_openstack.wrappers.network [-] CIDR generated: 1.1.5.188/30
2019-06-06 09:30:24.601 25169 RALLYDEBUG rally_openstack.wrappers.network [-] CIDR generated: 1.1.5.192/30
2019-06-06 09:30:24.656 25196 RALLYDEBUG rally_openstack.wrappers.network [-] CIDR generated: 1.1.5.196/30
2019-06-06 09:30:24.660 25205 RALLYDEBUG rally_openstack.wrappers.network [-] CIDR generated: 1.1.5.200/30
2019-06-06 09:30:24.698 25172 RALLYDEBUG rally_openstack.wrappers.network [-] CIDR generated: 1.1.5.204/30
2019-06-06 09:30:24.737 25192 RALLYDEBUG rally_openstack.wrappers.network [-] CIDR generated: 1.1.5.208/30
2019-06-06 09:30:24.745 25171 RALLYDEBUG rally_openstack.wrappers.network [-] CIDR generated: 1.1.5.212/30
2019-06-06 09:30:24.903 25202 RALLYDEBUG rally_openstack.wrappers.network [-] CIDR generated: 1.1.5.216/30
2019-06-06 09:30:24.926 25174 RALLYDEBUG rally_openstack.wrappers.network [-] CIDR generated: 1.1.5.220/30
2019-06-06 09:30:24.963 25212 RALLYDEBUG rally_openstack.wrappers.network [-] CIDR generated: 1.1.5.224/30
2019-06-06 09:30:25.160 25181 RALLYDEBUG rally_openstack.wrappers.network [-] CIDR generated: 1.1.5.228/30
2019-06-06 09:30:25.478 25170 RALLYDEBUG rally_openstack.wrappers.network [-] CIDR generated: 1.1.5.232/30
2019-06-06 09:30:25.590 25208 RALLYDEBUG rally_openstack.wrappers.network [-] CIDR generated: 1.1.5.236/30
2019-06-06 09:30:25.779 25171 RALLYDEBUG rally_openstack.wrappers.network [-] CIDR generated: 1.1.5.240/30
2019-06-06 09:30:25.822 25172 RALLYDEBUG rally_openstack.wrappers.network [-] CIDR generated: 1.1.5.244/30
2019-06-06 09:30:26.175 25218 RALLYDEBUG rally_openstack.wrappers.network [-] CIDR generated: 1.1.5.248/30
2019-06-06 09:30:26.216 25191 RALLYDEBUG rally_openstack.wrappers.network [-] CIDR generated: 1.1.5.252/30
2019-06-06 09:30:27.157 25169 RALLYDEBUG rally_openstack.wrappers.network [-] CIDR generated: 1.1.6.0/30
2019-06-06 09:30:27.926 25202 RALLYDEBUG rally_openstack.wrappers.network [-] CIDR generated: 1.1.6.4/30
2019-06-06 09:30:28.515 25170 RALLYDEBUG rally_openstack.wrappers.network [-] CIDR generated: 1.1.6.8/30
2019-06-06 09:30:29.049 25172 RALLYDEBUG rally_openstack.wrappers.network [-] CIDR generated: 1.1.6.12/30
2019-06-06 09:30:29.141 25171 RALLYDEBUG rally_openstack.wrappers.network [-] CIDR generated: 1.1.6.16/30
2019-06-06 09:30:29.336 25174 RALLYDEBUG rally_openstack.wrappers.network [-] CIDR generated: 1.1.6.20/30
2019-06-06 09:30:29.372 25181 RALLYDEBUG rally_openstack.wrappers.network [-] CIDR generated: 1.1.6.24/30
2019-06-06 09:30:29.402 25177 RALLYDEBUG rally_openstack.wrappers.network [-] CIDR generated: 1.1.6.28/30
2019-06-06 09:30:29.542 25169 RALLYDEBUG rally_openstack.wrappers.network [-] CIDR generated: 1.1.6.32/30
2019-06-06 09:30:29.653 25205 RALLYDEBUG rally_openstack.wrappers.network [-] CIDR generated: 1.1.6.36/30
2019-06-06 09:30:29.699 25189 RALLYDEBUG rally_openstack.wrappers.network [-] CIDR generated: 1.1.6.40/30
2019-06-06 09:30:29.995 25208 RALLYDEBUG rally_openstack.wrappers.network [-] CIDR generated: 1.1.6.44/30
2019-06-06 09:30:30.250 25212 RALLYDEBUG rally_openstack.wrappers.network [-] CIDR generated: 1.1.6.48/30
2019-06-06 09:30:30.300 25196 RALLYDEBUG rally_openstack.wrappers.network [-] CIDR generated: 1.1.6.52/30
2019-06-06 09:30:30.520 25192 RALLYDEBUG rally_openstack.wrappers.network [-] CIDR generated: 1.1.6.56/30
2019-06-06 09:30:31.119 25191 RALLYDEBUG rally_openstack.wrappers.network [-] CIDR generated: 1.1.6.60/30
2019-06-06 09:30:37.871 25170 INFO rally.task.runner [-] Task e7a54803-d05b-474e-b1fa-c0948ef3c5d3 | ITER: 5 END: OK
2019-06-06 09:30:37.876 25170 INFO rally.task.runner [-] Task e7a54803-d05b-474e-b1fa-c0948ef3c5d3 | ITER: 21 START
2019-06-06 09:30:37.884 25172 INFO rally.task.runner [-] Task e7a54803-d05b-474e-b1fa-c0948ef3c5d3 | ITER: 9 END: OK
2019-06-06 09:30:37.888 25172 INFO rally.task.runner [-] Task e7a54803-d05b-474e-b1fa-c0948ef3c5d3 | ITER: 22 START
2019-06-06 09:30:38.167 25171 INFO rally.task.runner [-] Task e7a54803-d05b-474e-b1fa-c0948ef3c5d3 | ITER: 4 END: OK
2019-06-06 09:30:38.172 25171 INFO rally.task.runner [-] Task e7a54803-d05b-474e-b1fa-c0948ef3c5d3 | ITER: 23 START
2019-06-06 09:30:38.964 25218 INFO rally.task.runner [-] Task e7a54803-d05b-474e-b1fa-c0948ef3c5d3 | ITER: 20 END: OK
2019-06-06 09:30:38.969 25218 INFO rally.task.runner [-] Task e7a54803-d05b-474e-b1fa-c0948ef3c5d3 | ITER: 24 START
2019-06-06 09:30:39.815 25170 RALLYDEBUG rally_openstack.wrappers.network [-] CIDR generated: 1.1.6.64/30
2019-06-06 09:30:40.626 25171 RALLYDEBUG rally_openstack.wrappers.network [-] CIDR generated: 1.1.6.68/30
2019-06-06 09:30:40.638 25218 RALLYDEBUG rally_openstack.wrappers.network [-] CIDR generated: 1.1.6.72/30
2019-06-06 09:30:40.765 25172 RALLYDEBUG rally_openstack.wrappers.network [-] CIDR generated: 1.1.6.76/30
