2019-06-06 07:56:05.855 3661 INFO rally.task.runner [-] Task 1005e582-c263-4621-9c9a-1e1831336be4 | ITER: 4 START
2019-06-06 07:56:09.419 3658 INFO rally.task.runner [-] Task 1005e582-c263-4621-9c9a-1e1831336be4 | ITER: 1 END: OK
2019-06-06 07:56:09.425 3658 INFO rally.task.runner [-] Task 1005e582-c263-4621-9c9a-1e1831336be4 | ITER: 5 START
2019-06-06 07:56:09.429 3661 INFO rally.task.runner [-] Task 1005e582-c263-4621-9c9a-1e1831336be4 | ITER: 4 END: OK
2019-06-06 07:56:09.435 3661 INFO rally.task.runner [-] Task 1005e582-c263-4621-9c9a-1e1831336be4 | ITER: 6 START
2019-06-06 07:56:09.473 3659 INFO rally.task.runner [-] Task 1005e582-c263-4621-9c9a-1e1831336be4 | ITER: 2 END: OK
2019-06-06 07:56:09.479 3659 INFO rally.task.runner [-] Task 1005e582-c263-4621-9c9a-1e1831336be4 | ITER: 7 START
2019-06-06 07:56:09.629 3660 INFO rally.task.runner [-] Task 1005e582-c263-4621-9c9a-1e1831336be4 | ITER: 3 END: OK
2019-06-06 07:56:09.634 3660 INFO rally.task.runner [-] Task 1005e582-c263-4621-9c9a-1e1831336be4 | ITER: 8 START
2019-06-06 07:56:12.852 3661 INFO rally.task.runner [-] Task 1005e582-c263-4621-9c9a-1e1831336be4 | ITER: 6 END: OK
2019-06-06 07:56:12.857 3661 INFO rally.task.runner [-] Task 1005e582-c263-4621-9c9a-1e1831336be4 | ITER: 9 START
2019-06-06 07:56:13.025 3660 INFO rally.task.runner [-] Task 1005e582-c263-4621-9c9a-1e1831336be4 | ITER: 8 END: OK
2019-06-06 07:56:13.030 3660 INFO rally.task.runner [-] Task 1005e582-c263-4621-9c9a-1e1831336be4 | ITER: 10 START
2019-06-06 07:56:13.038 3659 INFO rally.task.runner [-] Task 1005e582-c263-4621-9c9a-1e1831336be4 | ITER: 7 END: OK
2019-06-06 07:56:13.056 3658 INFO rally.task.runner [-] Task 1005e582-c263-4621-9c9a-1e1831336be4 | ITER: 5 END: OK
2019-06-06 07:56:16.384 3660 INFO rally.task.runner [-] Task 1005e582-c263-4621-9c9a-1e1831336be4 | ITER: 10 END: OK
2019-06-06 07:56:16.407 3661 INFO rally.task.runner [-] Task 1005e582-c263-4621-9c9a-1e1831336be4 | ITER: 9 END: OK
2019-06-06 07:56:16.428 1842 INFO rally.task.context [-] Task 1005e582-c263-4621-9c9a-1e1831336be4 | Context cleanup@openstack cleanup() started
2019-06-06 07:56:16.430 1842 RALLYDEBUG rally_openstack.cleanup.manager [-] Cleaning up cinder backups objects
2019-06-06 07:56:18.313 1842 RALLYDEBUG rally_openstack.cleanup.manager [-] Cleaning up cinder volume_snapshots objects
2019-06-06 07:56:20.303 1842 RALLYDEBUG rally_openstack.cleanup.manager [-] Cleaning up cinder transfers objects
2019-06-06 07:56:22.297 1842 RALLYDEBUG rally_openstack.cleanup.manager [-] Cleaning up cinder volumes objects
2019-06-06 07:56:24.454 1842 RALLYDEBUG rally_openstack.cleanup.manager [-] Deleting cinder.volumes object s_rally_8f61602a_eOSlhHHZ (1a6ffedf-85dc-41bf-8091-9065d59e5f06)
2019-06-06 07:56:24.458 1842 RALLYDEBUG rally_openstack.cleanup.manager [-] Deleting cinder.volumes object s_rally_8f61602a_xP6ZWCP3 (e4a4d42d-1027-499b-9d11-d5a4e71ac5d7)
2019-06-06 07:56:24.458 1842 RALLYDEBUG rally_openstack.cleanup.manager [-] Deleting cinder.volumes object s_rally_8f61602a_iPEQZTo9 (0f2a58af-0007-418b-a3d5-4f70d51dee1a)
2019-06-06 07:56:24.463 1842 RALLYDEBUG rally_openstack.cleanup.manager [-] Deleting cinder.volumes object s_rally_8f61602a_XY8YVnoQ (657471fb-89f6-4e72-a4e4-44756588eb75)
2019-06-06 07:56:24.467 1842 RALLYDEBUG rally_openstack.cleanup.manager [-] Deleting cinder.volumes object s_rally_8f61602a_uavOOu6Q (008ba352-7a56-4ba6-8132-cee15766f63f)
2019-06-06 07:56:24.471 1842 RALLYDEBUG rally_openstack.cleanup.manager [-] Deleting cinder.volumes object s_rally_8f61602a_yjeGuA2D (929a4f0f-358d-4c5e-910a-7cb8dad799bf)
2019-06-06 07:56:24.473 1842 RALLYDEBUG rally_openstack.cleanup.manager [-] Deleting cinder.volumes object s_rally_8f61602a_vyRmZbLW (c1ca172e-fc8e-41cf-877c-ad725f0becb0)
2019-06-06 07:56:24.484 1842 RALLYDEBUG rally_openstack.cleanup.manager [-] Deleting cinder.volumes object s_rally_8f61602a_uLELlA6R (249bb4d0-8579-4413-bc72-11bc9f1227a3)
2019-06-06 07:56:24.490 1842 RALLYDEBUG rally_openstack.cleanup.manager [-] Deleting cinder.volumes object s_rally_8f61602a_6SUiPWpn (dae0eddd-765c-426c-a7d9-49bab14740b6)
2019-06-06 07:56:24.501 1842 RALLYDEBUG rally_openstack.cleanup.manager [-] Deleting cinder.volumes object s_rally_8f61602a_5755ujFB (b500d0d6-ee02-4bab-88cd-e6fe873c030f)
2019-06-06 07:56:28.388 1842 INFO rally.task.context [-] Task 1005e582-c263-4621-9c9a-1e1831336be4 | Context cleanup@openstack cleanup() finished in 11.96 sec
2019-06-06 07:56:28.388 1842 INFO rally.task.context [-] Task 1005e582-c263-4621-9c9a-1e1831336be4 | Context quotas@openstack cleanup() started
2019-06-06 07:56:29.134 1842 INFO rally.task.context [-] Task 1005e582-c263-4621-9c9a-1e1831336be4 | Context quotas@openstack cleanup() finished in 0.75 sec
2019-06-06 07:56:29.134 1842 INFO rally.task.context [-] Task 1005e582-c263-4621-9c9a-1e1831336be4 | Context api_versions@openstack cleanup() started
2019-06-06 07:56:29.135 1842 INFO rally.task.context [-] Task 1005e582-c263-4621-9c9a-1e1831336be4 | Context api_versions@openstack cleanup() finished in 0.32 msec
2019-06-06 07:56:29.135 1842 INFO rally.task.context [-] Task 1005e582-c263-4621-9c9a-1e1831336be4 | Context users@openstack cleanup() started
2019-06-06 07:56:36.064 1842 INFO rally.task.context [-] Task 1005e582-c263-4621-9c9a-1e1831336be4 | Context users@openstack cleanup() finished in 6.93 sec
2019-06-06 07:56:37.626 1842 INFO rally.task.engine [-] Load duration is: 10.554015
2019-06-06 07:56:37.626 1842 INFO rally.task.engine [-] Full runner duration is: 10.603167
2019-06-06 07:56:37.626 1842 INFO rally.task.engine [-] Full duration is: 36.59754
2019-06-06 07:56:37.909 1842 INFO rally.task.engine [-] Running workload: position = 0 config = { "version": 2, "title": "A cropped version of a bigger task.", "description": "Auto-generated task from a single workload (uuid=7f1bdfe7-56b7-49ac-bf68-2a1037160ae1)", "subtasks": [ { "title": "CinderVolumes.list_volumes", "description": "List all volumes.", "scenario": { "CinderVolumes.list_volumes": { "detailed": true } }, "contexts": { "users": { "tenants": 3, "users_per_tenant": 2 }, "quotas": { "cinder": { "gigabytes": -1, "snapshots": -1, "volumes": -1 } }, "api_versions": { "cinder": { "version": 3, "service_type": "volumev3" } }, "volumes": { "size": 1, "volumes_per_tenant": 4 } }, "runner": { "constant": { "concurrency": 4, "times": 10 } }, "hooks": [], "sla": { "failure_rate": { "max": 0 } } } ] }
2019-06-06 07:56:37.928 1842 RALLYDEBUG rally_openstack.contexts.keystone.users [-] Creating 3 tenants using 20 threads
2019-06-06 07:56:39.756 1842 RALLYDEBUG rally_openstack.contexts.keystone.users [-] Creating 6 users using 20 threads
2019-06-06 07:56:42.414 1842 INFO rally.task.context [-] Task 1005e582-c263-4621-9c9a-1e1831336be4 | Context users@openstack setup() finished in 4.49 sec
2019-06-06 07:56:42.843 1842 INFO rally.task.context [-] Task 1005e582-c263-4621-9c9a-1e1831336be4 | Context api_versions@openstack setup() finished in 0.43 sec
2019-06-06 07:56:44.378 1842 INFO rally.task.context [-] Task 1005e582-c263-4621-9c9a-1e1831336be4 | Context quotas@openstack setup() finished in 1.53 sec
2019-06-06 07:57:19.572 1842 INFO rally.task.context [-] Task 1005e582-c263-4621-9c9a-1e1831336be4 | Context volumes@openstack setup() finished in 35.19 sec
2019-06-06 07:57:19.581 1842 RALLYDEBUG rally.task.runner [-] Starting the constant runner (task UUID: 1005e582-c263-4621-9c9a-1e1831336be4). timeout: 0 concurrency: 4 concurrency_per_worker: 1 times: 10 concurrency_overhead: 0 processes_to_start: 4 max_cpu_used: 16
2019-06-06 07:57:19.594 3842 RALLYDEBUG rally.task.runner [-] Starting a worker. concurrency: 1 args: {"detailed": true} times: 10 method_name: run timeout: 0 duration: None cls:
2019-06-06 07:57:19.597 3843 RALLYDEBUG rally.task.runner [-] Starting a worker. concurrency: 1 args: {"detailed": true} times: 10 method_name: run timeout: 0 duration: None cls:
2019-06-06 07:57:19.600 3844 RALLYDEBUG rally.task.runner [-] Starting a worker. concurrency: 1 args: {"detailed": true} times: 10 method_name: run timeout: 0 duration: None cls:
2019-06-06 07:57:19.603 3842 INFO rally.task.runner [-] Task 1005e582-c263-4621-9c9a-1e1831336be4 | ITER: 1 START
2019-06-06 07:57:19.603 3845 RALLYDEBUG rally.task.runner [-] Starting a worker. concurrency: 1 args: {"detailed": true} times: 10 method_name: run timeout: 0 duration: None cls:
2019-06-06 07:57:19.604 3843 INFO rally.task.runner [-] Task 1005e582-c263-4621-9c9a-1e1831336be4 | ITER: 2 START
2019-06-06 07:57:19.608 3844 INFO rally.task.runner [-] Task 1005e582-c263-4621-9c9a-1e1831336be4 | ITER: 3 START
2019-06-06 07:57:19.611 3845 INFO rally.task.runner [-] Task 1005e582-c263-4621-9c9a-1e1831336be4 | ITER: 4 START
2019-06-06 07:57:20.324 3842 INFO rally.task.runner [-] Task 1005e582-c263-4621-9c9a-1e1831336be4 | ITER: 1 END: OK
2019-06-06 07:57:20.331 3842 INFO rally.task.runner [-] Task 1005e582-c263-4621-9c9a-1e1831336be4 | ITER: 5 START
2019-06-06 07:57:20.392 3843 INFO rally.task.runner [-] Task 1005e582-c263-4621-9c9a-1e1831336be4 | ITER: 2 END: OK
2019-06-06 07:57:20.398 3843 INFO rally.task.runner [-] Task 1005e582-c263-4621-9c9a-1e1831336be4 | ITER: 6 START
2019-06-06 07:57:20.422 3845 INFO rally.task.runner [-] Task 1005e582-c263-4621-9c9a-1e1831336be4 | ITER: 4 END: OK
2019-06-06 07:57:20.424 3844 INFO rally.task.runner [-] Task 1005e582-c263-4621-9c9a-1e1831336be4 | ITER: 3 END: OK
2019-06-06 07:57:20.429 3845 INFO rally.task.runner [-] Task 1005e582-c263-4621-9c9a-1e1831336be4 | ITER: 7 START
2019-06-06 07:57:20.430 3844 INFO rally.task.runner [-] Task 1005e582-c263-4621-9c9a-1e1831336be4 | ITER: 8 START
2019-06-06 07:57:21.136 3844 INFO rally.task.runner [-] Task 1005e582-c263-4621-9c9a-1e1831336be4 | ITER: 8 END: OK
2019-06-06 07:57:21.136 3845 INFO rally.task.runner [-] Task 1005e582-c263-4621-9c9a-1e1831336be4 | ITER: 7 END: OK
2019-06-06 07:57:21.141 3844 INFO rally.task.runner [-] Task 1005e582-c263-4621-9c9a-1e1831336be4 | ITER: 9 START
2019-06-06 07:57:21.142 3845 INFO rally.task.runner [-] Task 1005e582-c263-4621-9c9a-1e1831336be4 | ITER: 10 START
2019-06-06 07:57:21.245 3843 INFO rally.task.runner [-] Task 1005e582-c263-4621-9c9a-1e1831336be4 | ITER: 6 END: OK
2019-06-06 07:57:21.245 3842 INFO rally.task.runner [-] Task 1005e582-c263-4621-9c9a-1e1831336be4 | ITER: 5 END: OK
2019-06-06 07:57:21.817 3845 INFO rally.task.runner [-] Task 1005e582-c263-4621-9c9a-1e1831336be4 | ITER: 10 END: OK
2019-06-06 07:57:21.959 3844 INFO rally.task.runner [-] Task 1005e582-c263-4621-9c9a-1e1831336be4 | ITER: 9 END: OK
2019-06-06 07:57:21.988 1842 INFO rally.task.context [-] Task 1005e582-c263-4621-9c9a-1e1831336be4 | Context volumes@openstack cleanup() started
2019-06-06 07:57:21.989 1842 RALLYDEBUG rally_openstack.cleanup.manager [-] Cleaning up cinder volumes objects
2019-06-06 07:57:24.099 1842 RALLYDEBUG rally_openstack.cleanup.manager [-] Deleting cinder.volumes object c_rally_7f1bdfe7_ZeSeQibm (8ff3101b-a7d3-4f0e-bb8a-706e585696d9)
2019-06-06 07:57:24.099 1842 RALLYDEBUG rally_openstack.cleanup.manager [-] Deleting cinder.volumes object c_rally_7f1bdfe7_F1wkpxzs (9c88b262-7a15-4a5e-9d11-b2f0c326d03c)
2019-06-06 07:57:24.109 1842 RALLYDEBUG rally_openstack.cleanup.manager [-] Deleting cinder.volumes object c_rally_7f1bdfe7_CGUojHyU (acf02fe2-be0f-4c4a-b089-b3074f63dd2d)
2019-06-06 07:57:24.117 1842 RALLYDEBUG rally_openstack.cleanup.manager [-] Deleting cinder.volumes object c_rally_7f1bdfe7_xNsHBC4p (c5fde4d9-1a05-469a-b82c-d341b5d4a161)
2019-06-06 07:57:24.119 1842 RALLYDEBUG rally_openstack.cleanup.manager [-] Deleting cinder.volumes object c_rally_7f1bdfe7_YHGrNTDE (65c07920-a537-459d-9ddd-59980375059a)
2019-06-06 07:57:24.124 1842 RALLYDEBUG rally_openstack.cleanup.manager [-] Deleting cinder.volumes object c_rally_7f1bdfe7_8fvjtp22 (9c157144-73a7-4fc7-a8b0-aee09707bd53)
2019-06-06 07:57:24.136 1842 RALLYDEBUG rally_openstack.cleanup.manager [-] Deleting cinder.volumes object c_rally_7f1bdfe7_4Otq2ZPE (56bfec26-372a-44b5-8829-86093bab9e85)
2019-06-06 07:57:24.141 1842 RALLYDEBUG rally_openstack.cleanup.manager [-] Deleting cinder.volumes object c_rally_7f1bdfe7_RpjXKf2k (371e3f82-8b15-4b82-a834-f106c4f111d8)
2019-06-06 07:57:24.143 1842 RALLYDEBUG rally_openstack.cleanup.manager [-] Deleting cinder.volumes object c_rally_7f1bdfe7_SwOBVNDj (12d2006a-e69b-4e84-b9ca-2665d99f4056)
2019-06-06 07:57:24.152 1842 RALLYDEBUG rally_openstack.cleanup.manager [-] Deleting cinder.volumes object c_rally_7f1bdfe7_9pnzX8ff (48c3653e-593b-4b68-804d-f23abd81fd00)
2019-06-06 07:57:24.160 1842 RALLYDEBUG rally_openstack.cleanup.manager [-] Deleting cinder.volumes object c_rally_7f1bdfe7_RykRsgyU (2f8d546b-6de3-446c-8090-ad3de01fff9c)
2019-06-06 07:57:24.172 1842 RALLYDEBUG rally_openstack.cleanup.manager [-] Deleting cinder.volumes object c_rally_7f1bdfe7_LZKmea47 (632046b2-aad2-4233-86c4-874284f00b4c)
2019-06-06 07:57:29.395 1842 INFO rally.task.context [-] Task 1005e582-c263-4621-9c9a-1e1831336be4 | Context volumes@openstack cleanup() finished in 7.41 sec
2019-06-06 07:57:29.396 1842 INFO rally.task.context [-] Task 1005e582-c263-4621-9c9a-1e1831336be4 | Context quotas@openstack cleanup() started
2019-06-06 07:57:29.863 1842 INFO rally.task.context [-] Task 1005e582-c263-4621-9c9a-1e1831336be4 | Context quotas@openstack cleanup() finished in 0.47 sec
2019-06-06 07:57:29.864 1842 INFO rally.task.context [-] Task 1005e582-c263-4621-9c9a-1e1831336be4 | Context api_versions@openstack cleanup() started
2019-06-06 07:57:29.864 1842 INFO rally.task.context [-] Task 1005e582-c263-4621-9c9a-1e1831336be4 | Context api_versions@openstack cleanup() finished in 0.29 msec
2019-06-06 07:57:29.864 1842 INFO rally.task.context [-] Task 1005e582-c263-4621-9c9a-1e1831336be4 | Context users@openstack cleanup() started
2019-06-06 07:57:36.947 1842 INFO rally.task.context [-] Task 1005e582-c263-4621-9c9a-1e1831336be4 | Context users@openstack cleanup() finished in 7.08 sec
2019-06-06 07:57:38.183 1842 INFO rally.task.engine [-] Load duration is: 2.352814
2019-06-06 07:57:38.183 1842 INFO rally.task.engine [-] Full runner duration is: 2.408217
2019-06-06 07:57:38.183 1842 INFO rally.task.engine [-] Full duration is: 59.021166
2019-06-06 07:57:38.472 1842 INFO rally.task.engine [-] Running workload: position = 0 config = { "version": 2, "title": "A cropped version of a bigger task.", "description": "Auto-generated task from a single workload (uuid=49e51dff-cdcb-4f48-a70f-bb5ad2847d98)", "subtasks": [ { "title": "CinderVolumes.create_and_delete_snapshot", "description": "Create and then delete a volume-snapshot.", "scenario": { "CinderVolumes.create_and_delete_snapshot": { "force": false } }, "contexts": { "users": { "tenants": 3, "users_per_tenant": 2 }, "quotas": { "cinder": { "gigabytes": -1, "snapshots": -1, "volumes": -1 } }, "api_versions": { "cinder": { "version": 3, "service_type": "volumev3" } }, "volumes": { "size": 1, "volumes_per_tenant": 1 } }, "runner": { "constant": { "concurrency": 4, "times": 10 } }, "hooks": [], "sla": { "failure_rate": { "max": 0 } } } ] }
2019-06-06 07:57:38.496 1842 RALLYDEBUG rally_openstack.contexts.keystone.users [-] Creating 3 tenants using 20 threads
2019-06-06 07:57:40.524 1842 RALLYDEBUG rally_openstack.contexts.keystone.users [-] Creating 6 users using 20 threads
2019-06-06 07:57:43.375 1842 INFO rally.task.context [-] Task 1005e582-c263-4621-9c9a-1e1831336be4 | Context users@openstack setup() finished in 4.88 sec
2019-06-06 07:57:43.796 1842 INFO rally.task.context [-] Task 1005e582-c263-4621-9c9a-1e1831336be4 | Context api_versions@openstack setup() finished in 0.42 sec
2019-06-06 07:57:45.349 1842 INFO rally.task.context [-] Task 1005e582-c263-4621-9c9a-1e1831336be4 | Context quotas@openstack setup() finished in 1.55 sec
2019-06-06 07:57:55.720 1842 INFO rally.task.context [-] Task 1005e582-c263-4621-9c9a-1e1831336be4 | Context volumes@openstack setup() finished in 10.37 sec
2019-06-06 07:57:55.720 1842 INFO rally.task.context [-] Task 1005e582-c263-4621-9c9a-1e1831336be4 | Context cleanup@openstack setup() finished in 0.01 msec
2019-06-06 07:57:55.729 1842 RALLYDEBUG rally.task.runner [-] Starting the constant runner (task UUID: 1005e582-c263-4621-9c9a-1e1831336be4). timeout: 0 concurrency: 4 concurrency_per_worker: 1 times: 10 concurrency_overhead: 0 processes_to_start: 4 max_cpu_used: 16
2019-06-06 07:57:55.742 3966 RALLYDEBUG rally.task.runner [-] Starting a worker. concurrency: 1 args: {"force": false} times: 10 method_name: run timeout: 0 duration: None cls:
2019-06-06 07:57:55.746 3967 RALLYDEBUG rally.task.runner [-] Starting a worker. concurrency: 1 args: {"force": false} times: 10 method_name: run timeout: 0 duration: None cls:
2019-06-06 07:57:55.748 3968 RALLYDEBUG rally.task.runner [-] Starting a worker. concurrency: 1 args: {"force": false} times: 10 method_name: run timeout: 0 duration: None cls:
2019-06-06 07:57:55.749 3969 RALLYDEBUG rally.task.runner [-] Starting a worker. concurrency: 1 args: {"force": false} times: 10 method_name: run timeout: 0 duration: None cls:
2019-06-06 07:57:55.749 3966 INFO rally.task.runner [-] Task 1005e582-c263-4621-9c9a-1e1831336be4 | ITER: 1 START
2019-06-06 07:57:55.754 3967 INFO rally.task.runner [-] Task 1005e582-c263-4621-9c9a-1e1831336be4 | ITER: 2 START
2019-06-06 07:57:55.754 3969 INFO rally.task.runner [-] Task 1005e582-c263-4621-9c9a-1e1831336be4 | ITER: 4 START
2019-06-06 07:57:55.756 3968 INFO rally.task.runner [-] Task 1005e582-c263-4621-9c9a-1e1831336be4 | ITER: 3 START
2019-06-06 07:57:59.372 3967 RALLYDEBUG rally.task.utils [-] Waiting for resource s_rally_49e51dff_RfnzWQOU. Status changed: AVAILABLE => DELETING in 0.0252320766449
2019-06-06 07:57:59.563 3968 RALLYDEBUG rally.task.utils [-] Waiting for resource s_rally_49e51dff_ZHLpuT4b. Status changed: AVAILABLE => DELETING in 0.242834806442
2019-06-06 07:57:59.594 3969 RALLYDEBUG rally.task.utils [-] Waiting for resource s_rally_49e51dff_PJXSj48A. Status changed: AVAILABLE => DELETING in 0.238352060318
2019-06-06 07:57:59.686 3966 RALLYDEBUG rally.task.utils [-] Waiting for resource s_rally_49e51dff_JdqEJE2s. Status changed: AVAILABLE => DELETING in 0.233123064041
2019-06-06 07:58:01.587 3967 INFO rally.task.runner [-] Task 1005e582-c263-4621-9c9a-1e1831336be4 | ITER: 2 END: OK
2019-06-06 07:58:01.593 3967 INFO rally.task.runner [-] Task 1005e582-c263-4621-9c9a-1e1831336be4 | ITER: 5 START
2019-06-06 07:58:01.618 3969 INFO rally.task.runner [-] Task 1005e582-c263-4621-9c9a-1e1831336be4 | ITER: 4 END: OK
2019-06-06 07:58:01.623 3969 INFO rally.task.runner [-] Task 1005e582-c263-4621-9c9a-1e1831336be4 | ITER: 6 START
2019-06-06 07:58:01.712 3966 INFO rally.task.runner [-] Task 1005e582-c263-4621-9c9a-1e1831336be4 | ITER: 1 END: OK
2019-06-06 07:58:01.716 3966 INFO rally.task.runner [-] Task 1005e582-c263-4621-9c9a-1e1831336be4 | ITER: 7 START
2019-06-06 07:58:01.877 3968 INFO rally.task.runner [-] Task 1005e582-c263-4621-9c9a-1e1831336be4 | ITER: 3 END: OK
2019-06-06 07:58:01.883 3968 INFO rally.task.runner [-] Task 1005e582-c263-4621-9c9a-1e1831336be4 | ITER: 8 START
2019-06-06 07:58:05.247 3969 RALLYDEBUG rally.task.utils [-] Waiting for resource s_rally_49e51dff_eYjRmibb. Status changed: AVAILABLE => DELETING in 0.244976043701
2019-06-06 07:58:05.360 3967 RALLYDEBUG rally.task.utils [-] Waiting for resource s_rally_49e51dff_TsxvQSyx. Status changed: AVAILABLE => DELETING in 0.248153924942
2019-06-06 07:58:05.638 3966 RALLYDEBUG rally.task.utils [-] Waiting for resource s_rally_49e51dff_IWX6XlCS. Status changed: AVAILABLE => DELETING in 0.216912984848
2019-06-06 07:58:05.903 3968 RALLYDEBUG rally.task.utils [-] Waiting for resource s_rally_49e51dff_EKTcNw1e. Status changed: AVAILABLE => DELETING in 0.216243982315
2019-06-06 07:58:07.387 3967 INFO rally.task.runner [-] Task 1005e582-c263-4621-9c9a-1e1831336be4 | ITER: 5 END: OK
2019-06-06 07:58:07.392 3967 INFO rally.task.runner [-] Task 1005e582-c263-4621-9c9a-1e1831336be4 | ITER: 9 START
2019-06-06 07:58:07.582 3969 INFO rally.task.runner [-] Task 1005e582-c263-4621-9c9a-1e1831336be4 | ITER: 6 END: OK
2019-06-06 07:58:07.587 3969 INFO rally.task.runner [-] Task 1005e582-c263-4621-9c9a-1e1831336be4 | ITER: 10 START
2019-06-06 07:58:07.845 3966 INFO rally.task.runner [-] Task 1005e582-c263-4621-9c9a-1e1831336be4 | ITER: 7 END: OK
2019-06-06 07:58:08.124 3968 INFO rally.task.runner [-] Task 1005e582-c263-4621-9c9a-1e1831336be4 | ITER: 8 END: OK
2019-06-06 07:58:11.061 3967 RALLYDEBUG rally.task.utils [-] Waiting for resource s_rally_49e51dff_ue6Vpx0K. Status changed: AVAILABLE => DELETING in 0.22353887558
2019-06-06 07:58:11.159 3969 RALLYDEBUG rally.task.utils [-] Waiting for resource s_rally_49e51dff_V4BSKcb1. Status changed: AVAILABLE => DELETING in 0.303936958313
2019-06-06 07:58:13.283 3967 INFO rally.task.runner [-] Task 1005e582-c263-4621-9c9a-1e1831336be4 | ITER: 9 END: OK
2019-06-06 07:58:13.372 3969 INFO rally.task.runner [-] Task 1005e582-c263-4621-9c9a-1e1831336be4 | ITER: 10 END: OK
2019-06-06 07:58:13.401 1842 INFO rally.task.context [-] Task 1005e582-c263-4621-9c9a-1e1831336be4 | Context cleanup@openstack cleanup() started
2019-06-06 07:58:13.403 1842 RALLYDEBUG rally_openstack.cleanup.manager [-] Cleaning up cinder backups objects
2019-06-06 07:58:15.284 1842 RALLYDEBUG rally_openstack.cleanup.manager [-] Cleaning up cinder volume_snapshots objects
2019-06-06 07:58:17.244 1842 RALLYDEBUG rally_openstack.cleanup.manager [-] Cleaning up cinder transfers objects
2019-06-06 07:58:19.215 1842 RALLYDEBUG rally_openstack.cleanup.manager [-] Cleaning up cinder volumes objects
2019-06-06 07:58:21.223 1842 INFO rally.task.context [-] Task 1005e582-c263-4621-9c9a-1e1831336be4 | Context cleanup@openstack cleanup() finished in 7.82 sec
2019-06-06 07:58:21.223 1842 INFO rally.task.context [-] Task 1005e582-c263-4621-9c9a-1e1831336be4 | Context volumes@openstack cleanup() started
2019-06-06 07:58:21.224 1842 RALLYDEBUG rally_openstack.cleanup.manager [-] Cleaning up cinder volumes objects
2019-06-06 07:58:23.196 1842 RALLYDEBUG rally_openstack.cleanup.manager [-] Deleting cinder.volumes object c_rally_49e51dff_Nk8UsiUt (7f40fa50-1bea-4446-bcd3-8b9334d240b5)
2019-06-06 07:58:23.197 1842 RALLYDEBUG rally_openstack.cleanup.manager [-] Deleting cinder.volumes object c_rally_49e51dff_Oi4nu72P (d9792745-3c32-414e-a785-5a5834be7e35)
2019-06-06 07:58:23.207 1842 RALLYDEBUG rally_openstack.cleanup.manager [-] Deleting cinder.volumes object c_rally_49e51dff_tPrEas28 (d98ff1ad-0b48-4f7d-84af-8a5beaa0ee2d)
2019-06-06 07:58:26.540 1842 INFO rally.task.context [-] Task 1005e582-c263-4621-9c9a-1e1831336be4 | Context volumes@openstack cleanup() finished in 5.32 sec
2019-06-06 07:58:26.541 1842 INFO rally.task.context [-] Task 1005e582-c263-4621-9c9a-1e1831336be4 | Context quotas@openstack cleanup() started
2019-06-06 07:58:27.013 1842 INFO rally.task.context [-] Task 1005e582-c263-4621-9c9a-1e1831336be4 | Context quotas@openstack cleanup() finished in 0.47 sec
2019-06-06 07:58:27.014 1842 INFO rally.task.context [-] Task 1005e582-c263-4621-9c9a-1e1831336be4 | Context api_versions@openstack cleanup() started
2019-06-06 07:58:27.014 1842 INFO rally.task.context [-] Task 1005e582-c263-4621-9c9a-1e1831336be4 | Context api_versions@openstack cleanup() finished in 0.32 msec
2019-06-06 07:58:27.015 1842 INFO rally.task.context [-] Task 1005e582-c263-4621-9c9a-1e1831336be4 | Context users@openstack cleanup() started
2019-06-06 07:58:34.571 1842 INFO rally.task.context [-] Task 1005e582-c263-4621-9c9a-1e1831336be4 | Context users@openstack cleanup() finished in 7.56 sec
2019-06-06 07:58:34.707 1842 INFO rally.task.engine [-] Load duration is: 17.618769
2019-06-06 07:58:34.707 1842 INFO rally.task.engine [-] Full runner duration is: 17.673771
2019-06-06 07:58:34.708 1842 INFO rally.task.engine [-] Full duration is: 56.078728
2019-06-06 07:58:34.981 1842 INFO rally.task.engine [-] Running workload: position = 0 config = { "version": 2, "title": "A cropped version of a bigger task.", "description": "Auto-generated task from a single workload (uuid=dc991ec5-25c0-466c-9534-9bbd80403816)", "subtasks": [ { "title": "CinderVolumes.create_and_delete_volume", "description": "Create and then delete a volume.", "scenario": { "CinderVolumes.create_and_delete_volume": { "size": { "max": 1, "min": 1 } } }, "contexts": { "users": { "tenants": 3, "users_per_tenant": 2 }, "quotas": { "cinder": { "gigabytes": -1, "snapshots": -1, "volumes": -1 } }, "api_versions": { "cinder": { "version": 3, "service_type": "volumev3" } } }, "runner": { "constant": { "concurrency": 4, "times": 10 } }, "hooks": [], "sla": { "failure_rate": { "max": 0 } } } ] }
2019-06-06 07:58:35.004 1842 RALLYDEBUG rally_openstack.contexts.keystone.users [-] Creating 3 tenants using 20 threads
2019-06-06 07:58:36.783 1842 RALLYDEBUG rally_openstack.contexts.keystone.users [-] Creating 6 users using 20 threads
2019-06-06 07:58:39.429 1842 INFO rally.task.context [-] Task 1005e582-c263-4621-9c9a-1e1831336be4 | Context users@openstack setup() finished in 4.43 sec
2019-06-06 07:58:39.851 1842 INFO rally.task.context [-] Task 1005e582-c263-4621-9c9a-1e1831336be4 | Context api_versions@openstack setup() finished in 0.42 sec
2019-06-06 07:58:41.449 1842 INFO rally.task.context [-] Task 1005e582-c263-4621-9c9a-1e1831336be4 | Context quotas@openstack setup() finished in 1.60 sec
2019-06-06 07:58:41.449 1842 INFO rally.task.context [-] Task 1005e582-c263-4621-9c9a-1e1831336be4 | Context cleanup@openstack setup() finished in 0.00 msec
2019-06-06 07:58:41.457 1842 RALLYDEBUG rally.task.runner [-] Starting the constant runner (task UUID: 1005e582-c263-4621-9c9a-1e1831336be4). timeout: 0 concurrency: 4 concurrency_per_worker: 1 times: 10 concurrency_overhead: 0 processes_to_start: 4 max_cpu_used: 16
2019-06-06 07:58:41.471 4170 RALLYDEBUG rally.task.runner [-] Starting a worker. concurrency: 1 args: {"size": {"max": 1, "min": 1}} times: 10 method_name: run timeout: 0 duration: None cls:
2019-06-06 07:58:41.473 4172 RALLYDEBUG rally.task.runner [-] Starting a worker. concurrency: 1 args: {"size": {"max": 1, "min": 1}} times: 10 method_name: run timeout: 0 duration: None cls:
2019-06-06 07:58:41.474 4171 RALLYDEBUG rally.task.runner [-] Starting a worker. concurrency: 1 args: {"size": {"max": 1, "min": 1}} times: 10 method_name: run timeout: 0 duration: None cls:
2019-06-06 07:58:41.477 4173 RALLYDEBUG rally.task.runner [-] Starting a worker. concurrency: 1 args: {"size": {"max": 1, "min": 1}} times: 10 method_name: run timeout: 0 duration: None cls:
2019-06-06 07:58:41.479 4172 INFO rally.task.runner [-] Task 1005e582-c263-4621-9c9a-1e1831336be4 | ITER: 2 START
2019-06-06 07:58:41.480 4170 INFO rally.task.runner [-] Task 1005e582-c263-4621-9c9a-1e1831336be4 | ITER: 1 START
2019-06-06 07:58:41.481 4171 INFO rally.task.runner [-] Task 1005e582-c263-4621-9c9a-1e1831336be4 | ITER: 3 START
2019-06-06 07:58:41.483 4173 INFO rally.task.runner [-] Task 1005e582-c263-4621-9c9a-1e1831336be4 | ITER: 4 START
2019-06-06 07:58:45.499 4171 RALLYDEBUG rally.task.utils [-] Waiting for resource s_rally_dc991ec5_mUm4b7OF. Status changed: AVAILABLE => DELETING in 0.059730052948
2019-06-06 07:58:45.625 4172 RALLYDEBUG rally.task.utils [-] Waiting for resource s_rally_dc991ec5_xrzAUK8N. Status changed: AVAILABLE => DELETING in 0.0652360916138
2019-06-06 07:58:45.770 4170 RALLYDEBUG rally.task.utils [-] Waiting for resource s_rally_dc991ec5_RKJdGZBx. Status changed: AVAILABLE => DELETING in 0.258728981018
2019-06-06 07:58:45.955 4173 RALLYDEBUG rally.task.utils [-] Waiting for resource s_rally_dc991ec5_leZMhR7q. Status changed: AVAILABLE => DELETING in 0.0700459480286
2019-06-06 07:58:47.718 4171 INFO rally.task.runner [-] Task 1005e582-c263-4621-9c9a-1e1831336be4 | ITER: 3 END: OK
2019-06-06 07:58:47.724 4171 INFO rally.task.runner [-] Task 1005e582-c263-4621-9c9a-1e1831336be4 | ITER: 5 START
2019-06-06 07:58:47.844 4172 INFO rally.task.runner [-] Task 1005e582-c263-4621-9c9a-1e1831336be4 | ITER: 2 END: OK
2019-06-06 07:58:47.850 4172 INFO rally.task.runner [-] Task 1005e582-c263-4621-9c9a-1e1831336be4 | ITER: 6 START
2019-06-06 07:58:48.075 4170 INFO rally.task.runner [-] Task 1005e582-c263-4621-9c9a-1e1831336be4 | ITER: 1 END: OK
2019-06-06 07:58:48.080 4170 INFO rally.task.runner [-] Task 1005e582-c263-4621-9c9a-1e1831336be4 | ITER: 7 START
2019-06-06 07:58:48.169 4173 INFO rally.task.runner [-] Task 1005e582-c263-4621-9c9a-1e1831336be4 | ITER: 4 END: OK
2019-06-06 07:58:48.174 4173 INFO rally.task.runner [-] Task 1005e582-c263-4621-9c9a-1e1831336be4 | ITER: 8 START
2019-06-06 07:58:51.639 4172 INFO rally.task.runner [-] Task 1005e582-c263-4621-9c9a-1e1831336be4 | ITER: 6 END: OK
2019-06-06 07:58:51.645 4172 INFO rally.task.runner [-] Task 1005e582-c263-4621-9c9a-1e1831336be4 | ITER: 9 START
2019-06-06 07:58:51.698 4171 RALLYDEBUG rally.task.utils [-] Waiting for resource s_rally_dc991ec5_FhXEQXt2. Status changed: AVAILABLE => DELETING in 0.0565428733826
2019-06-06 07:58:52.213 4170 RALLYDEBUG rally.task.utils [-] Waiting for resource s_rally_dc991ec5_kQfqJiTe. Status changed: AVAILABLE => DELETING in 0.28177189827
2019-06-06 07:58:52.520 4173 RALLYDEBUG rally.task.utils [-] Waiting for resource s_rally_dc991ec5_IuyXlAJX. Status changed: AVAILABLE => DELETING in 0.420694112778
2019-06-06 07:58:53.938 4171 INFO rally.task.runner [-] Task 1005e582-c263-4621-9c9a-1e1831336be4 | ITER: 5 END: OK
2019-06-06 07:58:53.944 4171 INFO rally.task.runner [-] Task 1005e582-c263-4621-9c9a-1e1831336be4 | ITER: 10 START
2019-06-06 07:58:54.430 4170 INFO rally.task.runner [-] Task 1005e582-c263-4621-9c9a-1e1831336be4 | ITER: 7 END: OK
2019-06-06 07:58:54.840 4173 INFO rally.task.runner [-] Task 1005e582-c263-4621-9c9a-1e1831336be4 | ITER: 8 END: OK
2019-06-06 07:58:55.470 4172 RALLYDEBUG rally.task.utils [-] Waiting for resource s_rally_dc991ec5_kHmNM7kh. Status changed: AVAILABLE => DELETING in 0.232818841934
2019-06-06 07:58:57.507 4172 INFO rally.task.runner [-] Task 1005e582-c263-4621-9c9a-1e1831336be4 | ITER: 9 END: OK
2019-06-06 07:58:57.564 4171 INFO rally.task.runner [-] Task 1005e582-c263-4621-9c9a-1e1831336be4 | ITER: 10 END: OK
2019-06-06 07:58:57.586 1842 INFO rally.task.context [-] Task 1005e582-c263-4621-9c9a-1e1831336be4 | Context cleanup@openstack cleanup() started
2019-06-06 07:58:57.588 1842 RALLYDEBUG rally_openstack.cleanup.manager [-] Cleaning up cinder backups objects
2019-06-06 07:58:59.540 1842 RALLYDEBUG rally_openstack.cleanup.manager [-] Cleaning up cinder volume_snapshots objects
2019-06-06 07:59:01.428 1842 RALLYDEBUG rally_openstack.cleanup.manager [-] Cleaning up cinder transfers objects
2019-06-06 07:59:03.485 1842 RALLYDEBUG rally_openstack.cleanup.manager [-] Cleaning up cinder volumes objects
2019-06-06 07:59:05.438 1842 INFO rally.task.context [-] Task 1005e582-c263-4621-9c9a-1e1831336be4 | Context cleanup@openstack cleanup() finished in 7.85 sec
2019-06-06 07:59:05.438 1842 INFO rally.task.context [-] Task 1005e582-c263-4621-9c9a-1e1831336be4 | Context quotas@openstack cleanup() started
2019-06-06 07:59:06.062 1842 INFO rally.task.context [-] Task 1005e582-c263-4621-9c9a-1e1831336be4 | Context quotas@openstack cleanup() finished in 0.62 sec
2019-06-06 07:59:06.063 1842 INFO rally.task.context [-] Task 1005e582-c263-4621-9c9a-1e1831336be4 | Context api_versions@openstack cleanup() started
2019-06-06 07:59:06.063 1842 INFO rally.task.context [-] Task 1005e582-c263-4621-9c9a-1e1831336be4 | Context api_versions@openstack cleanup() finished in 0.31 msec
2019-06-06 07:59:06.063 1842 INFO rally.task.context [-] Task 1005e582-c263-4621-9c9a-1e1831336be4 | Context users@openstack cleanup() started
2019-06-06 07:59:12.723 1842 INFO rally.task.context [-] Task 1005e582-c263-4621-9c9a-1e1831336be4 | Context users@openstack cleanup() finished in 6.66 sec
2019-06-06 07:59:13.188 1842 INFO rally.task.engine [-] Load duration is: 16.083567
2019-06-06 07:59:13.189 1842 INFO rally.task.engine [-] Full runner duration is: 16.129246
2019-06-06 07:59:13.189 1842 INFO rally.task.engine [-] Full duration is: 37.722605
2019-06-06 07:59:13.334 1842 INFO rally.task.engine [-] Running workload: position = 1 config = { "version": 2, "title": "A cropped version of a bigger task.", "description": "Auto-generated task from a single workload (uuid=2ac1baa3-1b43-4b33-b1b6-27861087ff22)", "subtasks": [ { "title": "CinderVolumes.create_and_delete_volume", "description": "Create and then delete a volume.", "scenario": { "CinderVolumes.create_and_delete_volume": { "image": { "name": "rally_full-img_29d8bcc7-84f1-4504-9609-dd299ffd3273" }, "size": 1 } }, "contexts": { "users": { "tenants": 3, "users_per_tenant": 2 }, "quotas": { "cinder": { "gigabytes": -1, "snapshots": -1, "volumes": -1 } }, "api_versions": { "cinder": { "version": 3, "service_type": "volumev3" } } }, "runner": { "constant": { "concurrency": 4, "times": 10 } }, "hooks": [], "sla": { "failure_rate": { "max": 0 } } } ] }
2019-06-06 07:59:13.351 1842 RALLYDEBUG rally_openstack.contexts.keystone.users [-] Creating 3 tenants using 20 threads
2019-06-06 07:59:15.214 1842 RALLYDEBUG rally_openstack.contexts.keystone.users [-] Creating 6 users using 20 threads
2019-06-06 07:59:17.908 1842 INFO rally.task.context [-] Task 1005e582-c263-4621-9c9a-1e1831336be4 | Context users@openstack setup() finished in 4.56 sec
2019-06-06 07:59:18.343 1842 INFO rally.task.context [-] Task 1005e582-c263-4621-9c9a-1e1831336be4 | Context api_versions@openstack setup() finished in 0.43 sec
2019-06-06 07:59:19.871 1842 INFO rally.task.context [-] Task 1005e582-c263-4621-9c9a-1e1831336be4 | Context quotas@openstack setup() finished in 1.53 sec
2019-06-06 07:59:19.871 1842 INFO rally.task.context [-] Task 1005e582-c263-4621-9c9a-1e1831336be4 | Context cleanup@openstack setup() finished in 0.00 msec
2019-06-06 07:59:20.605 1842 RALLYDEBUG rally.task.runner [-] Starting the constant runner (task UUID: 1005e582-c263-4621-9c9a-1e1831336be4). timeout: 0 concurrency: 4 concurrency_per_worker: 1 times: 10 concurrency_overhead: 0 processes_to_start: 4 max_cpu_used: 16
2019-06-06 07:59:20.618 4354 RALLYDEBUG rally.task.runner [-] Starting a worker. concurrency: 1 args: {"image": "3f03768c-435b-4cc9-9135-af4b2d64536c", "size": 1} times: 10 method_name: run timeout: 0 duration: None cls:
2019-06-06 07:59:20.621 4355 RALLYDEBUG rally.task.runner [-] Starting a worker. concurrency: 1 args: {"image": "3f03768c-435b-4cc9-9135-af4b2d64536c", "size": 1} times: 10 method_name: run timeout: 0 duration: None cls:
2019-06-06 07:59:20.624 4356 RALLYDEBUG rally.task.runner [-] Starting a worker. concurrency: 1 args: {"image": "3f03768c-435b-4cc9-9135-af4b2d64536c", "size": 1} times: 10 method_name: run timeout: 0 duration: None cls:
2019-06-06 07:59:20.626 4357 RALLYDEBUG rally.task.runner [-] Starting a worker. concurrency: 1 args: {"image": "3f03768c-435b-4cc9-9135-af4b2d64536c", "size": 1} times: 10 method_name: run timeout: 0 duration: None cls:
2019-06-06 07:59:20.628 4354 INFO rally.task.runner [-] Task 1005e582-c263-4621-9c9a-1e1831336be4 | ITER: 1 START
2019-06-06 07:59:20.629 4355 INFO rally.task.runner [-] Task 1005e582-c263-4621-9c9a-1e1831336be4 | ITER: 2 START
2019-06-06 07:59:20.632 4356 INFO rally.task.runner [-] Task 1005e582-c263-4621-9c9a-1e1831336be4 | ITER: 3 START
2019-06-06 07:59:20.633 4357 INFO rally.task.runner [-] Task 1005e582-c263-4621-9c9a-1e1831336be4 | ITER: 4 START
2019-06-06 07:59:24.539 4355 RALLYDEBUG rally.task.utils [-] Waiting for resource s_rally_2ac1baa3_jeaIpILv. Status changed: CREATING => DOWNLOADING in 0.57692193985
2019-06-06 07:59:27.000 4354 RALLYDEBUG rally.task.utils [-] Waiting for resource s_rally_2ac1baa3_2CEGZ64d. Status changed: DOWNLOADING => AVAILABLE in 2.9198141098
2019-06-06 07:59:27.178 4356 RALLYDEBUG rally.task.utils [-] Waiting for resource s_rally_2ac1baa3_UE4W6vr4. Status changed: DOWNLOADING => AVAILABLE in 2.79578709602
2019-06-06 07:59:27.514 4356 RALLYDEBUG rally.task.utils [-] Waiting for resource s_rally_2ac1baa3_UE4W6vr4. Status changed: AVAILABLE => DELETING in 0.0551741123199
2019-06-06 07:59:27.570 4354 INFO rally.task.runner [-] Task 1005e582-c263-4621-9c9a-1e1831336be4 | ITER: 1 END: OK
2019-06-06 07:59:27.576 4354 INFO rally.task.runner [-] Task 1005e582-c263-4621-9c9a-1e1831336be4 | ITER: 5 START
2019-06-06 07:59:27.620 4357 RALLYDEBUG rally.task.utils [-] Waiting for resource s_rally_2ac1baa3_7yGHC0Oj. Status changed: DOWNLOADING => AVAILABLE in 3.02783608437
2019-06-06 07:59:28.143 4357 INFO rally.task.runner [-] Task 1005e582-c263-4621-9c9a-1e1831336be4 | ITER: 4 END: OK
2019-06-06 07:59:28.148 4357 INFO rally.task.runner [-] Task 1005e582-c263-4621-9c9a-1e1831336be4 | ITER: 6 START
2019-06-06 07:59:29.145 4355 RALLYDEBUG rally.task.utils [-] Waiting for resource s_rally_2ac1baa3_jeaIpILv. Status changed: DOWNLOADING => AVAILABLE in 4.60604310036
2019-06-06 07:59:29.289 4355 RALLYDEBUG rally.task.utils [-] Waiting for resource s_rally_2ac1baa3_jeaIpILv. Status changed: AVAILABLE => DELETING in 0.0551948547363
2019-06-06 07:59:29.768 4356 INFO rally.task.runner [-] Task 1005e582-c263-4621-9c9a-1e1831336be4 | ITER: 3 END: OK
2019-06-06 07:59:29.774 4356 INFO rally.task.runner [-] Task 1005e582-c263-4621-9c9a-1e1831336be4 | ITER: 7 START
2019-06-06 07:59:31.593 4355 INFO rally.task.runner [-] Task 1005e582-c263-4621-9c9a-1e1831336be4 | ITER: 2 END: OK
2019-06-06 07:59:31.598 4355 INFO rally.task.runner [-] Task 1005e582-c263-4621-9c9a-1e1831336be4 | ITER: 8 START
2019-06-06 07:59:33.579 4354 RALLYDEBUG rally.task.utils [-] Waiting for resource s_rally_2ac1baa3_vS1MH8qV. Status changed: DOWNLOADING => AVAILABLE in 2.79030489922
2019-06-06 07:59:34.103 4354 RALLYDEBUG rally.task.utils [-] Waiting for resource s_rally_2ac1baa3_vS1MH8qV. Status changed: AVAILABLE => DELETING in 0.255884885788
2019-06-06 07:59:34.685 4357 RALLYDEBUG rally.task.utils [-] Waiting for resource s_rally_2ac1baa3_f9CNuXwM. Status changed: DOWNLOADING => AVAILABLE in 2.84094309807
2019-06-06 07:59:35.313 4357 RALLYDEBUG rally.task.utils [-] Waiting for resource s_rally_2ac1baa3_f9CNuXwM. Status changed: AVAILABLE => DELETING in 0.262495994568
2019-06-06 07:59:35.730 4356 RALLYDEBUG rally.task.utils [-] Waiting for resource s_rally_2ac1baa3_jJImc4vY. Status changed: DOWNLOADING => AVAILABLE in 2.64846110344
2019-06-06 07:59:36.060 4356 RALLYDEBUG rally.task.utils [-] Waiting for resource s_rally_2ac1baa3_jJImc4vY. Status changed: AVAILABLE => DELETING in 0.053416967392
2019-06-06 07:59:36.139 4354 INFO rally.task.runner [-] Task 1005e582-c263-4621-9c9a-1e1831336be4 | ITER: 5 END: OK
2019-06-06 07:59:36.143 4354 INFO rally.task.runner [-] Task 1005e582-c263-4621-9c9a-1e1831336be4 | ITER: 9 START
2019-06-06 07:59:37.349 4357 INFO rally.task.runner [-] Task 1005e582-c263-4621-9c9a-1e1831336be4 | ITER: 6 END: OK
2019-06-06 07:59:37.355 4357 INFO rally.task.runner [-] Task 1005e582-c263-4621-9c9a-1e1831336be4 | ITER: 10 START
2019-06-06 07:59:37.580 4355 RALLYDEBUG rally.task.utils [-] Waiting for resource s_rally_2ac1baa3_oa0iwSxq. Status changed: DOWNLOADING => AVAILABLE in 2.83904600143
2019-06-06 07:59:38.164 4355 INFO rally.task.runner [-] Task 1005e582-c263-4621-9c9a-1e1831336be4 | ITER: 8 END: OK
2019-06-06 07:59:38.394 4356 INFO rally.task.runner [-] Task 1005e582-c263-4621-9c9a-1e1831336be4 | ITER: 7 END: OK
2019-06-06 07:59:42.278 4354 RALLYDEBUG rally.task.utils [-] Waiting for resource s_rally_2ac1baa3_u8BvNbcb. Status changed: DOWNLOADING => AVAILABLE in 2.9242579937
2019-06-06 07:59:42.715 4354 INFO rally.task.runner [-] Task 1005e582-c263-4621-9c9a-1e1831336be4 | ITER: 9 END: OK
2019-06-06 07:59:43.336 4357 RALLYDEBUG rally.task.utils [-] Waiting for resource s_rally_2ac1baa3_OAzPKxBQ. Status changed: DOWNLOADING => AVAILABLE in 2.7508649826
2019-06-06 07:59:43.979 4357 INFO rally.task.runner [-] Task 1005e582-c263-4621-9c9a-1e1831336be4 | ITER: 10 END: OK
2019-06-06 07:59:44.006 1842 INFO rally.task.context [-] Task 1005e582-c263-4621-9c9a-1e1831336be4 | Context cleanup@openstack cleanup() started
2019-06-06 07:59:44.008 1842 RALLYDEBUG rally_openstack.cleanup.manager [-] Cleaning up cinder backups objects
2019-06-06 07:59:46.070 1842 RALLYDEBUG rally_openstack.cleanup.manager [-] Cleaning up cinder volume_snapshots objects
2019-06-06 07:59:48.032 1842 RALLYDEBUG rally_openstack.cleanup.manager [-] Cleaning up cinder transfers objects
2019-06-06 07:59:49.962 1842 RALLYDEBUG rally_openstack.cleanup.manager [-] Cleaning up cinder volumes objects
2019-06-06 07:59:52.049 1842 INFO rally.task.context [-] Task 1005e582-c263-4621-9c9a-1e1831336be4 | Context cleanup@openstack cleanup() finished in 8.04 sec
2019-06-06 07:59:52.050 1842 INFO rally.task.context [-] Task 1005e582-c263-4621-9c9a-1e1831336be4 | Context quotas@openstack cleanup() started
2019-06-06 07:59:52.764 1842 INFO rally.task.context [-] Task 1005e582-c263-4621-9c9a-1e1831336be4 | Context quotas@openstack cleanup() finished in 0.71 sec
2019-06-06 07:59:52.764 1842 INFO rally.task.context [-] Task 1005e582-c263-4621-9c9a-1e1831336be4 | Context api_versions@openstack cleanup() started
2019-06-06 07:59:52.765 1842 INFO rally.task.context [-] Task 1005e582-c263-4621-9c9a-1e1831336be4 | Context api_versions@openstack cleanup() finished in 0.32 msec
2019-06-06 07:59:52.765 1842 INFO rally.task.context [-] Task 1005e582-c263-4621-9c9a-1e1831336be4 | Context users@openstack cleanup() started
2019-06-06 07:59:59.816 1842 INFO rally.task.context [-] Task 1005e582-c263-4621-9c9a-1e1831336be4 | Context users@openstack cleanup() finished in 7.05 sec
2019-06-06 08:00:01.539 1842 INFO rally.task.engine [-] Load duration is: 23.34845
2019-06-06 08:00:01.540 1842 INFO rally.task.engine [-] Full runner duration is: 23.401182
2019-06-06 08:00:01.540 1842 INFO rally.task.engine [-] Full duration is: 46.468254
2019-06-06 08:00:01.705 1842 INFO rally.task.engine [-] Running workload: position = 2 config = { "version": 2, "title": "A cropped version of a bigger task.", "description": "Auto-generated task from a single workload (uuid=fb79007d-70b5-4822-9a4c-59911d189ae1)", "subtasks": [ { "title": "CinderVolumes.create_and_delete_volume", "description": "Create and then delete a volume.", "scenario": { "CinderVolumes.create_and_delete_volume": { "size": 1 } }, "contexts": { "users": { "tenants": 3, "users_per_tenant": 2 }, "quotas": { "cinder": { "gigabytes": -1, "snapshots": -1, "volumes": -1 } }, "api_versions": { "cinder": { "version": 3, "service_type": "volumev3" } } }, "runner": { "constant": { "concurrency": 4, "times": 10 } }, "hooks": [], "sla": { "failure_rate": { "max": 0 } } } ] }
2019-06-06 08:00:01.728 1842 RALLYDEBUG rally_openstack.contexts.keystone.users [-] Creating 3 tenants using 20 threads
2019-06-06 08:00:03.521 1842 RALLYDEBUG rally_openstack.contexts.keystone.users [-] Creating 6 users using 20 threads
2019-06-06 08:00:06.153 1842 INFO rally.task.context [-] Task 1005e582-c263-4621-9c9a-1e1831336be4 | Context users@openstack setup() finished in 4.43 sec
2019-06-06 08:00:06.580 1842 INFO rally.task.context [-] Task 1005e582-c263-4621-9c9a-1e1831336be4 | Context api_versions@openstack setup() finished in 0.43 sec
2019-06-06 08:00:08.113 1842 INFO rally.task.context [-] Task 1005e582-c263-4621-9c9a-1e1831336be4 | Context quotas@openstack setup() finished in 1.53 sec
2019-06-06 08:00:08.113 1842 INFO rally.task.context [-] Task 1005e582-c263-4621-9c9a-1e1831336be4 | Context cleanup@openstack setup() finished in 0.01 msec
2019-06-06 08:00:08.122 1842 RALLYDEBUG rally.task.runner [-] Starting the constant runner (task UUID: 1005e582-c263-4621-9c9a-1e1831336be4). timeout: 0 concurrency: 4 concurrency_per_worker: 1 times: 10 concurrency_overhead: 0 processes_to_start: 4 max_cpu_used: 16
2019-06-06 08:00:08.136 4538 RALLYDEBUG rally.task.runner [-] Starting a worker. concurrency: 1 args: {"size": 1} times: 10 method_name: run timeout: 0 duration: None cls:
2019-06-06 08:00:08.138 4539 RALLYDEBUG rally.task.runner [-] Starting a worker. concurrency: 1 args: {"size": 1} times: 10 method_name: run timeout: 0 duration: None cls:
2019-06-06 08:00:08.141 4540 RALLYDEBUG rally.task.runner [-] Starting a worker. concurrency: 1 args: {"size": 1} times: 10 method_name: run timeout: 0 duration: None cls:
2019-06-06 08:00:08.143 4541 RALLYDEBUG rally.task.runner [-] Starting a worker. concurrency: 1 args: {"size": 1} times: 10 method_name: run timeout: 0 duration: None cls:
2019-06-06 08:00:08.144 4538 INFO rally.task.runner [-] Task 1005e582-c263-4621-9c9a-1e1831336be4 | ITER: 1 START
2019-06-06 08:00:08.146 4539 INFO rally.task.runner [-] Task 1005e582-c263-4621-9c9a-1e1831336be4 | ITER: 2 START
2019-06-06 08:00:08.149 4540 INFO rally.task.runner [-] Task 1005e582-c263-4621-9c9a-1e1831336be4 | ITER: 3 START
2019-06-06 08:00:08.151 4541 INFO rally.task.runner [-] Task 1005e582-c263-4621-9c9a-1e1831336be4 | ITER: 4 START
2019-06-06 08:00:12.122 4541 INFO rally.task.runner [-] Task 1005e582-c263-4621-9c9a-1e1831336be4 | ITER: 4 END: OK
2019-06-06 08:00:12.128 4541 INFO rally.task.runner [-] Task 1005e582-c263-4621-9c9a-1e1831336be4 | ITER: 5 START
2019-06-06 08:00:12.139 4538 INFO rally.task.runner [-] Task 1005e582-c263-4621-9c9a-1e1831336be4 | ITER: 1 END: OK
2019-06-06 08:00:12.144 4538 INFO rally.task.runner [-] Task 1005e582-c263-4621-9c9a-1e1831336be4 | ITER: 6 START
2019-06-06 08:00:12.161 4540 RALLYDEBUG rally.task.utils [-] Waiting for resource s_rally_fb79007d_TQaXkqx5. Status changed: AVAILABLE => DELETING in 0.0563971996307
2019-06-06 08:00:12.236 4539 RALLYDEBUG rally.task.utils [-] Waiting for resource s_rally_fb79007d_M3MfCZ3n. Status changed: AVAILABLE => DELETING in 0.0582849979401
2019-06-06 08:00:14.277 4539 INFO rally.task.runner [-] Task 1005e582-c263-4621-9c9a-1e1831336be4 | ITER: 2 END: OK
2019-06-06 08:00:14.282 4539 INFO rally.task.runner [-] Task 1005e582-c263-4621-9c9a-1e1831336be4 | ITER: 7 START
2019-06-06 08:00:14.399 4540 INFO rally.task.runner [-] Task 1005e582-c263-4621-9c9a-1e1831336be4 | ITER: 3 END: OK
2019-06-06 08:00:14.405 4540 INFO rally.task.runner [-] Task 1005e582-c263-4621-9c9a-1e1831336be4 | ITER: 8 START
2019-06-06 08:00:16.343 4541 RALLYDEBUG rally.task.utils [-] Waiting for resource s_rally_fb79007d_uNEFN77P. Status changed: AVAILABLE => DELETING in 0.307801008224
2019-06-06 08:00:16.693 4538 INFO rally.task.runner [-] Task 1005e582-c263-4621-9c9a-1e1831336be4 | ITER: 6 END: OK
2019-06-06 08:00:16.698 4538 INFO rally.task.runner [-] Task 1005e582-c263-4621-9c9a-1e1831336be4 | ITER: 9 START
2019-06-06 08:00:18.034 4539 INFO rally.task.runner [-] Task 1005e582-c263-4621-9c9a-1e1831336be4 | ITER: 7 END: OK
2019-06-06 08:00:18.039 4539 INFO rally.task.runner [-] Task 1005e582-c263-4621-9c9a-1e1831336be4 | ITER: 10 START
2019-06-06 08:00:18.203 4540 RALLYDEBUG rally.task.utils [-] Waiting for resource s_rally_fb79007d_wTBzOP3m. Status changed: AVAILABLE => DELETING in 0.0546028614044
2019-06-06 08:00:18.563 4541 INFO rally.task.runner [-] Task 1005e582-c263-4621-9c9a-1e1831336be4 | ITER: 5 END: OK
2019-06-06 08:00:20.392 4538 RALLYDEBUG rally.task.utils [-] Waiting for resource s_rally_fb79007d_uMTl9U7M. Status changed: AVAILABLE => DELETING in 0.0507071018219
2019-06-06 08:00:20.431 4540 INFO rally.task.runner [-] Task 1005e582-c263-4621-9c9a-1e1831336be4 | ITER: 8 END: OK
2019-06-06 08:00:22.057 4539 RALLYDEBUG rally.task.utils [-] Waiting for resource s_rally_fb79007d_pl6O98eO. Status changed: AVAILABLE => DELETING in 0.243947982788
2019-06-06 08:00:22.609 4538 INFO rally.task.runner [-] Task 1005e582-c263-4621-9c9a-1e1831336be4 | ITER: 9 END: OK
2019-06-06 08:00:24.289 4539 INFO rally.task.runner [-] Task 1005e582-c263-4621-9c9a-1e1831336be4 | ITER: 10 END: OK
2019-06-06 08:00:24.314 1842 INFO rally.task.context [-] Task 1005e582-c263-4621-9c9a-1e1831336be4 | Context cleanup@openstack cleanup() started
2019-06-06 08:00:24.317 1842 RALLYDEBUG rally_openstack.cleanup.manager [-] Cleaning up cinder backups objects
2019-06-06 08:00:26.392 1842 RALLYDEBUG rally_openstack.cleanup.manager [-] Cleaning up cinder volume_snapshots objects
2019-06-06 08:00:28.259 1842 RALLYDEBUG rally_openstack.cleanup.manager [-] Cleaning up cinder transfers objects
2019-06-06 08:00:30.214 1842 RALLYDEBUG rally_openstack.cleanup.manager [-] Cleaning up cinder volumes objects
2019-06-06 08:00:32.230 1842 INFO rally.task.context [-] Task 1005e582-c263-4621-9c9a-1e1831336be4 | Context cleanup@openstack cleanup() finished in 7.92 sec
2019-06-06 08:00:32.231 1842 INFO rally.task.context [-] Task 1005e582-c263-4621-9c9a-1e1831336be4 | Context quotas@openstack cleanup() started
2019-06-06 08:00:33.112 1842 INFO rally.task.context [-] Task 1005e582-c263-4621-9c9a-1e1831336be4 | Context quotas@openstack cleanup() finished in 0.88 sec
2019-06-06 08:00:33.113 1842 INFO rally.task.context [-] Task 1005e582-c263-4621-9c9a-1e1831336be4 | Context api_versions@openstack cleanup() started
2019-06-06 08:00:33.113 1842 INFO rally.task.context [-] Task 1005e582-c263-4621-9c9a-1e1831336be4 | Context api_versions@openstack cleanup() finished in 0.34 msec
2019-06-06 08:00:33.114 1842 INFO rally.task.context [-] Task 1005e582-c263-4621-9c9a-1e1831336be4 | Context users@openstack cleanup() started
2019-06-06 08:00:40.215 1842 INFO rally.task.context [-] Task 1005e582-c263-4621-9c9a-1e1831336be4 | Context users@openstack cleanup() finished in 7.10 sec
2019-06-06 08:00:41.890 1842 INFO rally.task.engine [-] Load duration is: 16.14185
2019-06-06 08:00:41.891 1842 INFO rally.task.engine [-] Full runner duration is: 16.193689
2019-06-06 08:00:41.891 1842 INFO rally.task.engine [-] Full duration is: 38.490098
