2019-06-06 08:00:42.161 1842 INFO rally.task.engine [-] Running workload: position = 0 config = { "version": 2, "title": "A cropped version of a bigger task.", "description": "Auto-generated task from a single workload (uuid=44f69656-a37b-4df6-8986-7bd3235e33c1)", "subtasks": [ { "title": "CinderVolumes.create_and_extend_volume", "description": "Create and extend a volume and then delete it.", "scenario": { "CinderVolumes.create_and_extend_volume": { "new_size": 2, "size": 1 } }, "contexts": { "users": { "tenants": 3, "users_per_tenant": 2 }, "quotas": { "cinder": { "gigabytes": -1, "snapshots": -1, "volumes": -1 } }, "api_versions": { "cinder": { "version": 3, "service_type": "volumev3" } } }, "runner": { "constant": { "concurrency": 4, "times": 10 } }, "hooks": [], "sla": { "failure_rate": { "max": 0 } } } ] }
2019-06-06 08:00:42.182 1842 RALLYDEBUG rally_openstack.contexts.keystone.users [-] Creating 3 tenants using 20 threads
2019-06-06 08:00:43.978 1842 RALLYDEBUG rally_openstack.contexts.keystone.users [-] Creating 6 users using 20 threads
2019-06-06 08:00:46.812 1842 INFO rally.task.context [-] Task 1005e582-c263-4621-9c9a-1e1831336be4 | Context users@openstack setup() finished in 4.63 sec
2019-06-06 08:00:47.240 1842 INFO rally.task.context [-] Task 1005e582-c263-4621-9c9a-1e1831336be4 | Context api_versions@openstack setup() finished in 0.43 sec
2019-06-06 08:00:48.836 1842 INFO rally.task.context [-] Task 1005e582-c263-4621-9c9a-1e1831336be4 | Context quotas@openstack setup() finished in 1.60 sec
2019-06-06 08:00:48.836 1842 INFO rally.task.context [-] Task 1005e582-c263-4621-9c9a-1e1831336be4 | Context cleanup@openstack setup() finished in 0.00 msec
2019-06-06 08:00:48.844 1842 RALLYDEBUG rally.task.runner [-] Starting the constant runner (task UUID: 1005e582-c263-4621-9c9a-1e1831336be4). timeout: 0 concurrency: 4 concurrency_per_worker: 1 times: 10 concurrency_overhead: 0 processes_to_start: 4 max_cpu_used: 16
2019-06-06 08:00:48.858 4722 RALLYDEBUG rally.task.runner [-] Starting a worker. concurrency: 1 args: {"new_size": 2, "size": 1} times: 10 method_name: run timeout: 0 duration: None cls:
2019-06-06 08:00:48.860 4723 RALLYDEBUG rally.task.runner [-] Starting a worker. concurrency: 1 args: {"new_size": 2, "size": 1} times: 10 method_name: run timeout: 0 duration: None cls:
2019-06-06 08:00:48.862 4724 RALLYDEBUG rally.task.runner [-] Starting a worker. concurrency: 1 args: {"new_size": 2, "size": 1} times: 10 method_name: run timeout: 0 duration: None cls:
2019-06-06 08:00:48.866 4725 RALLYDEBUG rally.task.runner [-] Starting a worker. concurrency: 1 args: {"new_size": 2, "size": 1} times: 10 method_name: run timeout: 0 duration: None cls:
2019-06-06 08:00:48.868 4722 INFO rally.task.runner [-] Task 1005e582-c263-4621-9c9a-1e1831336be4 | ITER: 1 START
2019-06-06 08:00:48.868 4723 INFO rally.task.runner [-] Task 1005e582-c263-4621-9c9a-1e1831336be4 | ITER: 2 START
2019-06-06 08:00:48.869 4724 INFO rally.task.runner [-] Task 1005e582-c263-4621-9c9a-1e1831336be4 | ITER: 3 START
2019-06-06 08:00:48.876 4725 INFO rally.task.runner [-] Task 1005e582-c263-4621-9c9a-1e1831336be4 | ITER: 4 START
2019-06-06 08:00:53.165 4725 RALLYDEBUG rally.task.utils [-] Waiting for resource s_rally_44f69656_JtZFJGP3. Status changed: AVAILABLE => DELETING in 0.0590531826019
2019-06-06 08:00:53.249 4724 RALLYDEBUG rally.task.utils [-] Waiting for resource s_rally_44f69656_lxZCt5SF. Status changed: AVAILABLE => DELETING in 0.0588819980621
2019-06-06 08:00:53.697 4722 RALLYDEBUG rally.task.utils [-] Waiting for resource s_rally_44f69656_F0UldrHl. Status changed: AVAILABLE => DELETING in 0.241117954254
2019-06-06 08:00:53.893 4723 RALLYDEBUG rally.task.utils [-] Waiting for resource s_rally_44f69656_fRX0xoPT. Status changed: AVAILABLE => DELETING in 0.234832048416
2019-06-06 08:00:55.409 4725 INFO rally.task.runner [-] Task 1005e582-c263-4621-9c9a-1e1831336be4 | ITER: 4 END: OK
2019-06-06 08:00:55.414 4725 INFO rally.task.runner [-] Task 1005e582-c263-4621-9c9a-1e1831336be4 | ITER: 5 START
2019-06-06 08:00:55.493 4724 INFO rally.task.runner [-] Task 1005e582-c263-4621-9c9a-1e1831336be4 | ITER: 3 END: OK
2019-06-06 08:00:55.499 4724 INFO rally.task.runner [-] Task 1005e582-c263-4621-9c9a-1e1831336be4 | ITER: 6 START
2019-06-06 08:00:55.735 4722 INFO rally.task.runner [-] Task 1005e582-c263-4621-9c9a-1e1831336be4 | ITER: 1 END: OK
2019-06-06 08:00:55.740 4722 INFO rally.task.runner [-] Task 1005e582-c263-4621-9c9a-1e1831336be4 | ITER: 7 START
2019-06-06 08:00:55.939 4723 INFO rally.task.runner [-] Task 1005e582-c263-4621-9c9a-1e1831336be4 | ITER: 2 END: OK
2019-06-06 08:00:55.944 4723 INFO rally.task.runner [-] Task 1005e582-c263-4621-9c9a-1e1831336be4 | ITER: 8 START
2019-06-06 08:00:59.166 4724 RALLYDEBUG rally.task.utils [-] Waiting for resource s_rally_44f69656_APCY6vpx. Status changed: AVAILABLE => EXTENDING in 0.0777540206909
2019-06-06 08:00:59.623 4725 RALLYDEBUG rally.task.utils [-] Waiting for resource s_rally_44f69656_thD4qLAM. Status changed: AVAILABLE => DELETING in 0.0603368282318
2019-06-06 08:00:59.935 4722 RALLYDEBUG rally.task.utils [-] Waiting for resource s_rally_44f69656_ETIcxGdb. Status changed: AVAILABLE => DELETING in 0.270599842072
2019-06-06 08:00:59.953 4723 RALLYDEBUG rally.task.utils [-] Waiting for resource s_rally_44f69656_cZjqTjE1. Status changed: AVAILABLE => EXTENDING in 0.0566170215607
2019-06-06 08:01:01.232 4724 RALLYDEBUG rally.task.utils [-] Waiting for resource s_rally_44f69656_APCY6vpx. Status changed: EXTENDING => AVAILABLE in 2.06616711617
2019-06-06 08:01:01.574 4724 INFO rally.task.runner [-] Task 1005e582-c263-4621-9c9a-1e1831336be4 | ITER: 6 END: OK
2019-06-06 08:01:01.578 4724 INFO rally.task.runner [-] Task 1005e582-c263-4621-9c9a-1e1831336be4 | ITER: 9 START
2019-06-06 08:01:01.850 4725 INFO rally.task.runner [-] Task 1005e582-c263-4621-9c9a-1e1831336be4 | ITER: 5 END: OK
2019-06-06 08:01:01.854 4725 INFO rally.task.runner [-] Task 1005e582-c263-4621-9c9a-1e1831336be4 | ITER: 10 START
2019-06-06 08:01:02.189 4722 INFO rally.task.runner [-] Task 1005e582-c263-4621-9c9a-1e1831336be4 | ITER: 7 END: OK
2019-06-06 08:01:02.255 4723 RALLYDEBUG rally.task.utils [-] Waiting for resource s_rally_44f69656_cZjqTjE1. Status changed: EXTENDING => AVAILABLE in 2.30276608467
2019-06-06 08:01:02.675 4723 INFO rally.task.runner [-] Task 1005e582-c263-4621-9c9a-1e1831336be4 | ITER: 8 END: OK
2019-06-06 08:01:05.255 4724 RALLYDEBUG rally.task.utils [-] Waiting for resource s_rally_44f69656_gim1WGfv. Status changed: AVAILABLE => EXTENDING in 0.0661361217499
2019-06-06 08:01:05.561 4725 RALLYDEBUG rally.task.utils [-] Waiting for resource s_rally_44f69656_OvY0D9h1. Status changed: AVAILABLE => EXTENDING in 0.0544691085815
2019-06-06 08:01:07.658 4724 RALLYDEBUG rally.task.utils [-] Waiting for resource s_rally_44f69656_gim1WGfv. Status changed: EXTENDING => AVAILABLE in 2.40281295776
2019-06-06 08:01:07.814 4725 RALLYDEBUG rally.task.utils [-] Waiting for resource s_rally_44f69656_OvY0D9h1. Status changed: EXTENDING => AVAILABLE in 2.25322794914
2019-06-06 08:01:08.170 4725 RALLYDEBUG rally.task.utils [-] Waiting for resource s_rally_44f69656_OvY0D9h1. Status changed: AVAILABLE => DELETING in 0.0529708862305
2019-06-06 08:01:08.236 4724 INFO rally.task.runner [-] Task 1005e582-c263-4621-9c9a-1e1831336be4 | ITER: 9 END: OK
2019-06-06 08:01:10.214 4725 INFO rally.task.runner [-] Task 1005e582-c263-4621-9c9a-1e1831336be4 | ITER: 10 END: OK
2019-06-06 08:01:10.236 1842 INFO rally.task.context [-] Task 1005e582-c263-4621-9c9a-1e1831336be4 | Context cleanup@openstack cleanup() started
2019-06-06 08:01:10.238 1842 RALLYDEBUG rally_openstack.cleanup.manager [-] Cleaning up cinder backups objects
2019-06-06 08:01:12.259 1842 RALLYDEBUG rally_openstack.cleanup.manager [-] Cleaning up cinder volume_snapshots objects
2019-06-06 08:01:14.130 1842 RALLYDEBUG rally_openstack.cleanup.manager [-] Cleaning up cinder transfers objects
2019-06-06 08:01:15.968 1842 RALLYDEBUG rally_openstack.cleanup.manager [-] Cleaning up cinder volumes objects
2019-06-06 08:01:18.300 1842 INFO rally.task.context [-] Task 1005e582-c263-4621-9c9a-1e1831336be4 | Context cleanup@openstack cleanup() finished in 8.06 sec
2019-06-06 08:01:18.300 1842 INFO rally.task.context [-] Task 1005e582-c263-4621-9c9a-1e1831336be4 | Context quotas@openstack cleanup() started
2019-06-06 08:01:18.946 1842 INFO rally.task.context [-] Task 1005e582-c263-4621-9c9a-1e1831336be4 | Context quotas@openstack cleanup() finished in 0.65 sec
2019-06-06 08:01:18.947 1842 INFO rally.task.context [-] Task 1005e582-c263-4621-9c9a-1e1831336be4 | Context api_versions@openstack cleanup() started
2019-06-06 08:01:18.947 1842 INFO rally.task.context [-] Task 1005e582-c263-4621-9c9a-1e1831336be4 | Context api_versions@openstack cleanup() finished in 0.31 msec
2019-06-06 08:01:18.948 1842 INFO rally.task.context [-] Task 1005e582-c263-4621-9c9a-1e1831336be4 | Context users@openstack cleanup() started
2019-06-06 08:01:25.713 1842 INFO rally.task.context [-] Task 1005e582-c263-4621-9c9a-1e1831336be4 | Context users@openstack cleanup() finished in 6.76 sec
2019-06-06 08:01:26.413 1842 INFO rally.task.engine [-] Load duration is: 21.342887
2019-06-06 08:01:26.413 1842 INFO rally.task.engine [-] Full runner duration is: 21.392106
2019-06-06 08:01:26.413 1842 INFO rally.task.engine [-] Full duration is: 43.532723
2019-06-06 08:01:26.660 1842 INFO rally.task.engine [-] Running workload: position = 0 config = { "version": 2, "title": "A cropped version of a bigger task.", "description": "Auto-generated task from a single workload (uuid=7c9fd031-bf20-4d8f-b266-025db9998c92)", "subtasks": [ { "title": "CinderVolumes.create_from_volume_and_delete_volume", "description": "Create volume from volume and then delete it.", "scenario": { "CinderVolumes.create_from_volume_and_delete_volume": { "size": 1 } }, "contexts": { "users": { "tenants": 3, "users_per_tenant": 2 }, "quotas": { "cinder": { "gigabytes": -1, "snapshots": -1, "volumes": -1 } }, "api_versions": { "cinder": { "version": 3, "service_type": "volumev3" } }, "volumes": { "size": 1, "volumes_per_tenant": 1 } }, "runner": { "constant": { "concurrency": 4, "times": 10 } }, "hooks": [], "sla": { "failure_rate": { "max": 0 } } } ] }
2019-06-06 08:01:26.686 1842 RALLYDEBUG rally_openstack.contexts.keystone.users [-] Creating 3 tenants using 20 threads
2019-06-06 08:01:28.646 1842 RALLYDEBUG rally_openstack.contexts.keystone.users [-] Creating 6 users using 20 threads
2019-06-06 08:01:31.246 1842 INFO rally.task.context [-] Task 1005e582-c263-4621-9c9a-1e1831336be4 | Context users@openstack setup() finished in 4.56 sec
2019-06-06 08:01:31.673 1842 INFO rally.task.context [-] Task 1005e582-c263-4621-9c9a-1e1831336be4 | Context api_versions@openstack setup() finished in 0.43 sec
2019-06-06 08:01:33.373 1842 INFO rally.task.context [-] Task 1005e582-c263-4621-9c9a-1e1831336be4 | Context quotas@openstack setup() finished in 1.70 sec
2019-06-06 08:01:44.169 1842 INFO rally.task.context [-] Task 1005e582-c263-4621-9c9a-1e1831336be4 | Context volumes@openstack setup() finished in 10.80 sec
2019-06-06 08:01:44.169 1842 INFO rally.task.context [-] Task 1005e582-c263-4621-9c9a-1e1831336be4 | Context cleanup@openstack setup() finished in 0.00 msec
2019-06-06 08:01:44.177 1842 RALLYDEBUG rally.task.runner [-] Starting the constant runner (task UUID: 1005e582-c263-4621-9c9a-1e1831336be4). timeout: 0 concurrency: 4 concurrency_per_worker: 1 times: 10 concurrency_overhead: 0 processes_to_start: 4 max_cpu_used: 16
2019-06-06 08:01:44.188 4906 RALLYDEBUG rally.task.runner [-] Starting a worker. concurrency: 1 args: {"size": 1} times: 10 method_name: run timeout: 0 duration: None cls:
2019-06-06 08:01:44.190 4907 RALLYDEBUG rally.task.runner [-] Starting a worker. concurrency: 1 args: {"size": 1} times: 10 method_name: run timeout: 0 duration: None cls:
2019-06-06 08:01:44.195 4908 RALLYDEBUG rally.task.runner [-] Starting a worker. concurrency: 1 args: {"size": 1} times: 10 method_name: run timeout: 0 duration: None cls:
2019-06-06 08:01:44.198 4906 INFO rally.task.runner [-] Task 1005e582-c263-4621-9c9a-1e1831336be4 | ITER: 1 START
2019-06-06 08:01:44.198 4909 RALLYDEBUG rally.task.runner [-] Starting a worker. concurrency: 1 args: {"size": 1} times: 10 method_name: run timeout: 0 duration: None cls:
2019-06-06 08:01:44.200 4907 INFO rally.task.runner [-] Task 1005e582-c263-4621-9c9a-1e1831336be4 | ITER: 2 START
2019-06-06 08:01:44.209 4908 INFO rally.task.runner [-] Task 1005e582-c263-4621-9c9a-1e1831336be4 | ITER: 3 START
2019-06-06 08:01:44.211 4909 INFO rally.task.runner [-] Task 1005e582-c263-4621-9c9a-1e1831336be4 | ITER: 4 START
2019-06-06 08:01:48.001 4908 RALLYDEBUG rally.task.utils [-] Waiting for resource s_rally_7c9fd031_7ojpjZ3b. Status changed: CREATING => AVAILABLE in 0.661139965057
2019-06-06 08:01:48.118 4907 RALLYDEBUG rally.task.utils [-] Waiting for resource s_rally_7c9fd031_yDgjkqQi. Status changed: AVAILABLE => DELETING in 0.246392011642
2019-06-06 08:01:48.150 4908 RALLYDEBUG rally.task.utils [-] Waiting for resource s_rally_7c9fd031_7ojpjZ3b. Status changed: AVAILABLE => DELETING in 0.0577080249786
2019-06-06 08:01:49.966 4909 RALLYDEBUG rally.task.utils [-] Waiting for resource s_rally_7c9fd031_MBfleOnZ. Status changed: CREATING => AVAILABLE in 2.63344597816
2019-06-06 08:01:50.012 4906 RALLYDEBUG rally.task.utils [-] Waiting for resource s_rally_7c9fd031_TNECBpCT. Status changed: CREATING => AVAILABLE in 2.64510893822
2019-06-06 08:01:50.500 4909 RALLYDEBUG rally.task.utils [-] Waiting for resource s_rally_7c9fd031_MBfleOnZ. Status changed: AVAILABLE => DELETING in 0.256551027298
2019-06-06 08:01:50.618 4906 RALLYDEBUG rally.task.utils [-] Waiting for resource s_rally_7c9fd031_TNECBpCT. Status changed: AVAILABLE => DELETING in 0.237489938736
2019-06-06 08:01:54.668 4907 INFO rally.task.runner [-] Task 1005e582-c263-4621-9c9a-1e1831336be4 | ITER: 2 END: OK
2019-06-06 08:01:54.673 4907 INFO rally.task.runner [-] Task 1005e582-c263-4621-9c9a-1e1831336be4 | ITER: 5 START
2019-06-06 08:01:54.715 4906 INFO rally.task.runner [-] Task 1005e582-c263-4621-9c9a-1e1831336be4 | ITER: 1 END: OK
2019-06-06 08:01:54.720 4906 INFO rally.task.runner [-] Task 1005e582-c263-4621-9c9a-1e1831336be4 | ITER: 6 START
2019-06-06 08:01:54.771 4909 INFO rally.task.runner [-] Task 1005e582-c263-4621-9c9a-1e1831336be4 | ITER: 4 END: OK
2019-06-06 08:01:54.776 4909 INFO rally.task.runner [-] Task 1005e582-c263-4621-9c9a-1e1831336be4 | ITER: 7 START
2019-06-06 08:01:55.095 4908 INFO rally.task.runner [-] Task 1005e582-c263-4621-9c9a-1e1831336be4 | ITER: 3 END: OK
2019-06-06 08:01:55.100 4908 INFO rally.task.runner [-] Task 1005e582-c263-4621-9c9a-1e1831336be4 | ITER: 8 START
2019-06-06 08:01:58.728 4906 RALLYDEBUG rally.task.utils [-] Waiting for resource s_rally_7c9fd031_7Ejj0gWs. Status changed: AVAILABLE => DELETING in 0.34912610054
2019-06-06 08:01:58.881 4909 RALLYDEBUG rally.task.utils [-] Waiting for resource s_rally_7c9fd031_Z6hv00eF. Status changed: AVAILABLE => DELETING in 0.241251945496
2019-06-06 08:01:59.421 4908 RALLYDEBUG rally.task.utils [-] Waiting for resource s_rally_7c9fd031_CJY9M3XL. Status changed: AVAILABLE => DELETING in 0.238745927811
2019-06-06 08:02:00.622 4907 RALLYDEBUG rally.task.utils [-] Waiting for resource s_rally_7c9fd031_1Z2Afilr. Status changed: CREATING => AVAILABLE in 2.78198218346
2019-06-06 08:02:01.033 4907 RALLYDEBUG rally.task.utils [-] Waiting for resource s_rally_7c9fd031_1Z2Afilr. Status changed: AVAILABLE => DELETING in 0.0601758956909
2019-06-06 08:02:02.831 4906 INFO rally.task.runner [-] Task 1005e582-c263-4621-9c9a-1e1831336be4 | ITER: 6 END: OK
2019-06-06 08:02:02.836 4906 INFO rally.task.runner [-] Task 1005e582-c263-4621-9c9a-1e1831336be4 | ITER: 9 START
2019-06-06 08:02:03.158 4909 INFO rally.task.runner [-] Task 1005e582-c263-4621-9c9a-1e1831336be4 | ITER: 7 END: OK
2019-06-06 08:02:03.163 4909 INFO rally.task.runner [-] Task 1005e582-c263-4621-9c9a-1e1831336be4 | ITER: 10 START
2019-06-06 08:02:04.004 4908 INFO rally.task.runner [-] Task 1005e582-c263-4621-9c9a-1e1831336be4 | ITER: 8 END: OK
2019-06-06 08:02:05.505 4907 INFO rally.task.runner [-] Task 1005e582-c263-4621-9c9a-1e1831336be4 | ITER: 5 END: OK
2019-06-06 08:02:06.582 4906 RALLYDEBUG rally.task.utils [-] Waiting for resource s_rally_7c9fd031_KtU0ntnb. Status changed: AVAILABLE => DELETING in 0.0533711910248
2019-06-06 08:02:07.419 4909 RALLYDEBUG rally.task.utils [-] Waiting for resource s_rally_7c9fd031_v0wNSfBc. Status changed: AVAILABLE => DELETING in 0.334070920944
2019-06-06 08:02:08.798 4906 INFO rally.task.runner [-] Task 1005e582-c263-4621-9c9a-1e1831336be4 | ITER: 9 END: OK
2019-06-06 08:02:09.660 4909 INFO rally.task.runner [-] Task 1005e582-c263-4621-9c9a-1e1831336be4 | ITER: 10 END: OK
2019-06-06 08:02:09.681 1842 INFO rally.task.context [-] Task 1005e582-c263-4621-9c9a-1e1831336be4 | Context cleanup@openstack cleanup() started
2019-06-06 08:02:09.683 1842 RALLYDEBUG rally_openstack.cleanup.manager [-] Cleaning up cinder backups objects
2019-06-06 08:02:11.679 1842 RALLYDEBUG rally_openstack.cleanup.manager [-] Cleaning up cinder volume_snapshots objects
2019-06-06 08:02:13.628 1842 RALLYDEBUG rally_openstack.cleanup.manager [-] Cleaning up cinder transfers objects
2019-06-06 08:02:15.583 1842 RALLYDEBUG rally_openstack.cleanup.manager [-] Cleaning up cinder volumes objects
2019-06-06 08:02:17.682 1842 INFO rally.task.context [-] Task 1005e582-c263-4621-9c9a-1e1831336be4 | Context cleanup@openstack cleanup() finished in 8.00 sec
2019-06-06 08:02:17.682 1842 INFO rally.task.context [-] Task 1005e582-c263-4621-9c9a-1e1831336be4 | Context volumes@openstack cleanup() started
2019-06-06 08:02:17.683 1842 RALLYDEBUG rally_openstack.cleanup.manager [-] Cleaning up cinder volumes objects
2019-06-06 08:02:19.672 1842 RALLYDEBUG rally_openstack.cleanup.manager [-] Deleting cinder.volumes object c_rally_7c9fd031_XZRQemsz (f8ce9bbe-59c0-44a0-958e-70e93b12476e)
2019-06-06 08:02:19.676 1842 RALLYDEBUG rally_openstack.cleanup.manager [-] Deleting cinder.volumes object c_rally_7c9fd031_0G78s0i1 (adc9b4e9-c165-4e22-9ab6-0e44088b72e2)
2019-06-06 08:02:19.680 1842 RALLYDEBUG rally_openstack.cleanup.manager [-] Deleting cinder.volumes object c_rally_7c9fd031_j3TSbgDo (626b064f-4218-4af4-b7f6-66a7a6f20998)
2019-06-06 08:02:23.163 1842 INFO rally.task.context [-] Task 1005e582-c263-4621-9c9a-1e1831336be4 | Context volumes@openstack cleanup() finished in 5.48 sec
2019-06-06 08:02:23.163 1842 INFO rally.task.context [-] Task 1005e582-c263-4621-9c9a-1e1831336be4 | Context quotas@openstack cleanup() started
2019-06-06 08:02:23.691 1842 INFO rally.task.context [-] Task 1005e582-c263-4621-9c9a-1e1831336be4 | Context quotas@openstack cleanup() finished in 0.53 sec
2019-06-06 08:02:23.691 1842 INFO rally.task.context [-] Task 1005e582-c263-4621-9c9a-1e1831336be4 | Context api_versions@openstack cleanup() started
2019-06-06 08:02:23.691 1842 INFO rally.task.context [-] Task 1005e582-c263-4621-9c9a-1e1831336be4 | Context api_versions@openstack cleanup() finished in 0.28 msec
2019-06-06 08:02:23.692 1842 INFO rally.task.context [-] Task 1005e582-c263-4621-9c9a-1e1831336be4 | Context users@openstack cleanup() started
2019-06-06 08:02:31.062 1842 INFO rally.task.context [-] Task 1005e582-c263-4621-9c9a-1e1831336be4 | Context users@openstack cleanup() finished in 7.37 sec
2019-06-06 08:02:32.973 1842 INFO rally.task.engine [-] Load duration is: 25.458593
2019-06-06 08:02:32.974 1842 INFO rally.task.engine [-] Full runner duration is: 25.504082
2019-06-06 08:02:32.974 1842 INFO rally.task.engine [-] Full duration is: 64.381278
2019-06-06 08:02:33.209 1842 INFO rally.task.engine [-] Running workload: position = 0 config = { "version": 2, "title": "A cropped version of a bigger task.", "description": "Auto-generated task from a single workload (uuid=c3db0c6e-1820-4fb1-8472-a9175946e203)", "subtasks": [ { "title": "CinderQos.create_and_get_qos", "description": "Create a qos, then get details of the qos.", "scenario": { "CinderQos.create_and_get_qos": { "consumer": "both", "write_iops_sec": "10", "read_iops_sec": "1000" } }, "contexts": { "users": { "tenants": 3, "users_per_tenant": 2 }, "api_versions": { "cinder": { "version": 3, "service_type": "volumev3" } } }, "runner": { "constant": { "concurrency": 4, "times": 10 } }, "hooks": [], "sla": { "failure_rate": { "max": 0 } } } ] }
2019-06-06 08:02:33.233 1842 RALLYDEBUG rally_openstack.contexts.keystone.users [-] Creating 3 tenants using 20 threads
2019-06-06 08:02:34.981 1842 RALLYDEBUG rally_openstack.contexts.keystone.users [-] Creating 6 users using 20 threads
2019-06-06 08:02:37.730 1842 INFO rally.task.context [-] Task 1005e582-c263-4621-9c9a-1e1831336be4 | Context users@openstack setup() finished in 4.50 sec
2019-06-06 08:02:38.150 1842 INFO rally.task.context [-] Task 1005e582-c263-4621-9c9a-1e1831336be4 | Context api_versions@openstack setup() finished in 0.42 sec
2019-06-06 08:02:38.151 1842 INFO rally.task.context [-] Task 1005e582-c263-4621-9c9a-1e1831336be4 | Context admin_cleanup@openstack setup() finished in 0.01 msec
2019-06-06 08:02:38.158 1842 RALLYDEBUG rally.task.runner [-] Starting the constant runner (task UUID: 1005e582-c263-4621-9c9a-1e1831336be4). timeout: 0 concurrency: 4 concurrency_per_worker: 1 times: 10 concurrency_overhead: 0 processes_to_start: 4 max_cpu_used: 16
2019-06-06 08:02:38.171 5110 RALLYDEBUG rally.task.runner [-] Starting a worker. concurrency: 1 args: {"consumer": "both", "write_iops_sec": "10", "read_iops_sec": "1000"} times: 10 method_name: run timeout: 0 duration: None cls:
2019-06-06 08:02:38.173 5111 RALLYDEBUG rally.task.runner [-] Starting a worker. concurrency: 1 args: {"consumer": "both", "write_iops_sec": "10", "read_iops_sec": "1000"} times: 10 method_name: run timeout: 0 duration: None cls:
2019-06-06 08:02:38.175 5112 RALLYDEBUG rally.task.runner [-] Starting a worker. concurrency: 1 args: {"consumer": "both", "write_iops_sec": "10", "read_iops_sec": "1000"} times: 10 method_name: run timeout: 0 duration: None cls:
2019-06-06 08:02:38.179 5110 INFO rally.task.runner [-] Task 1005e582-c263-4621-9c9a-1e1831336be4 | ITER: 1 START
2019-06-06 08:02:38.180 5111 INFO rally.task.runner [-] Task 1005e582-c263-4621-9c9a-1e1831336be4 | ITER: 2 START
2019-06-06 08:02:38.179 5113 RALLYDEBUG rally.task.runner [-] Starting a worker. concurrency: 1 args: {"consumer": "both", "write_iops_sec": "10", "read_iops_sec": "1000"} times: 10 method_name: run timeout: 0 duration: None cls:
2019-06-06 08:02:38.181 5112 INFO rally.task.runner [-] Task 1005e582-c263-4621-9c9a-1e1831336be4 | ITER: 3 START
2019-06-06 08:02:38.186 5113 INFO rally.task.runner [-] Task 1005e582-c263-4621-9c9a-1e1831336be4 | ITER: 4 START
2019-06-06 08:02:39.264 5113 INFO rally.task.runner [-] Task 1005e582-c263-4621-9c9a-1e1831336be4 | ITER: 4 END: OK
2019-06-06 08:02:39.269 5113 INFO rally.task.runner [-] Task 1005e582-c263-4621-9c9a-1e1831336be4 | ITER: 5 START
2019-06-06 08:02:39.271 5111 INFO rally.task.runner [-] Task 1005e582-c263-4621-9c9a-1e1831336be4 | ITER: 2 END: OK
2019-06-06 08:02:39.278 5111 INFO rally.task.runner [-] Task 1005e582-c263-4621-9c9a-1e1831336be4 | ITER: 6 START
2019-06-06 08:02:39.299 5110 INFO rally.task.runner [-] Task 1005e582-c263-4621-9c9a-1e1831336be4 | ITER: 1 END: OK
2019-06-06 08:02:39.304 5110 INFO rally.task.runner [-] Task 1005e582-c263-4621-9c9a-1e1831336be4 | ITER: 7 START
2019-06-06 08:02:39.313 5112 INFO rally.task.runner [-] Task 1005e582-c263-4621-9c9a-1e1831336be4 | ITER: 3 END: OK
2019-06-06 08:02:39.320 5112 INFO rally.task.runner [-] Task 1005e582-c263-4621-9c9a-1e1831336be4 | ITER: 8 START
2019-06-06 08:02:40.255 5113 INFO rally.task.runner [-] Task 1005e582-c263-4621-9c9a-1e1831336be4 | ITER: 5 END: OK
2019-06-06 08:02:40.261 5113 INFO rally.task.runner [-] Task 1005e582-c263-4621-9c9a-1e1831336be4 | ITER: 9 START
2019-06-06 08:02:40.288 5112 INFO rally.task.runner [-] Task 1005e582-c263-4621-9c9a-1e1831336be4 | ITER: 8 END: OK
2019-06-06 08:02:40.293 5112 INFO rally.task.runner [-] Task 1005e582-c263-4621-9c9a-1e1831336be4 | ITER: 10 START
2019-06-06 08:02:40.312 5111 INFO rally.task.runner [-] Task 1005e582-c263-4621-9c9a-1e1831336be4 | ITER: 6 END: OK
2019-06-06 08:02:40.376 5110 INFO rally.task.runner [-] Task 1005e582-c263-4621-9c9a-1e1831336be4 | ITER: 7 END: OK
2019-06-06 08:02:41.156 5112 INFO rally.task.runner [-] Task 1005e582-c263-4621-9c9a-1e1831336be4 | ITER: 10 END: OK
2019-06-06 08:02:41.226 5113 INFO rally.task.runner [-] Task 1005e582-c263-4621-9c9a-1e1831336be4 | ITER: 9 END: OK
2019-06-06 08:02:41.247 1842 INFO rally.task.context [-] Task 1005e582-c263-4621-9c9a-1e1831336be4 | Context admin_cleanup@openstack cleanup() started
2019-06-06 08:02:41.249 1842 RALLYDEBUG rally_openstack.cleanup.manager [-] Cleaning up cinder volume_types objects
2019-06-06 08:02:41.891 1842 RALLYDEBUG rally_openstack.cleanup.manager [-] Cleaning up cinder image_volumes_cache objects
2019-06-06 08:02:42.890 1842 RALLYDEBUG rally_openstack.cleanup.manager [-] Cleaning up cinder quotas objects
2019-06-06 08:02:44.447 1842 RALLYDEBUG rally_openstack.cleanup.manager [-] Cleaning up cinder qos_specs objects
2019-06-06 08:02:45.069 1842 RALLYDEBUG rally_openstack.cleanup.manager [-] Deleting cinder.qos_specs object s_rally_c3db0c6e_1HrvB2jD (f9fdfe17-6734-43a9-a5d5-39719ed82a51)
2019-06-06 08:02:45.077 1842 RALLYDEBUG rally_openstack.cleanup.manager [-] Deleting cinder.qos_specs object s_rally_c3db0c6e_P8nGdbHJ (e72a32c4-9c05-4f93-aa7c-2bce79bb37fb)
2019-06-06 08:02:45.089 1842 RALLYDEBUG rally_openstack.cleanup.manager [-] Deleting cinder.qos_specs object s_rally_c3db0c6e_THy7PspC (96b04798-965e-47d7-9efa-fd9e7f0c8a5d)
2019-06-06 08:02:45.090 1842 RALLYDEBUG rally_openstack.cleanup.manager [-] Deleting cinder.qos_specs object s_rally_c3db0c6e_nqUT6CuM (c5fa73ed-1ab0-4f08-b542-7649204964de)
2019-06-06 08:02:45.102 1842 RALLYDEBUG rally_openstack.cleanup.manager [-] Deleting cinder.qos_specs object s_rally_c3db0c6e_T8JrQmxT (b4faf152-8cab-47ec-a0ce-8c7410bd0b67)
2019-06-06 08:02:45.103 1842 RALLYDEBUG rally_openstack.cleanup.manager [-] Deleting cinder.qos_specs object s_rally_c3db0c6e_Xd1paM2S (93017f8f-9b11-48c6-b1ce-5eb9bf5a8e1b)
2019-06-06 08:02:45.113 1842 RALLYDEBUG rally_openstack.cleanup.manager [-] Deleting cinder.qos_specs object s_rally_c3db0c6e_l38033Y9 (abdc5f9f-22ee-4c42-826d-6a2cc0e34228)
2019-06-06 08:02:45.260 1842 RALLYDEBUG rally_openstack.cleanup.manager [-] Deleting cinder.qos_specs object s_rally_c3db0c6e_NVv2b8Oy (7050f8b3-04b7-4887-b87a-5e0bf54d33c2)
2019-06-06 08:02:45.278 1842 RALLYDEBUG rally_openstack.cleanup.manager [-] Deleting cinder.qos_specs object s_rally_c3db0c6e_OhMkJbj5 (23d6f297-4160-4db1-ad9c-cca5375635e9)
2019-06-06 08:02:45.279 1842 RALLYDEBUG rally_openstack.cleanup.manager [-] Deleting cinder.qos_specs object s_rally_c3db0c6e_tATfAA59 (5cb3090a-1f02-4e4f-bda0-00dcb7daacf8)
2019-06-06 08:02:47.583 1842 INFO rally.task.context [-] Task 1005e582-c263-4621-9c9a-1e1831336be4 | Context admin_cleanup@openstack cleanup() finished in 6.34 sec
2019-06-06 08:02:47.584 1842 INFO rally.task.context [-] Task 1005e582-c263-4621-9c9a-1e1831336be4 | Context api_versions@openstack cleanup() started
2019-06-06 08:02:47.584 1842 INFO rally.task.context [-] Task 1005e582-c263-4621-9c9a-1e1831336be4 | Context api_versions@openstack cleanup() finished in 0.31 msec
2019-06-06 08:02:47.584 1842 INFO rally.task.context [-] Task 1005e582-c263-4621-9c9a-1e1831336be4 | Context users@openstack cleanup() started
2019-06-06 08:02:54.581 1842 INFO rally.task.context [-] Task 1005e582-c263-4621-9c9a-1e1831336be4 | Context users@openstack cleanup() finished in 7.00 sec
2019-06-06 08:02:55.371 1842 INFO rally.task.engine [-] Load duration is: 3.043743
2019-06-06 08:02:55.372 1842 INFO rally.task.engine [-] Full runner duration is: 3.08881
2019-06-06 08:02:55.372 1842 INFO rally.task.engine [-] Full duration is: 21.351483
2019-06-06 08:02:55.610 1842 INFO rally.task.engine [-] Running workload: position = 0 config = { "version": 2, "title": "A cropped version of a bigger task.", "description": "Auto-generated task from a single workload (uuid=2a6b70e9-5e77-4add-bf65-a0de68d3e7e2)", "subtasks": [ { "title": "CinderQos.create_and_list_qos", "description": "Create a qos, then list all qos.", "scenario": { "CinderQos.create_and_list_qos": { "consumer": "both", "write_iops_sec": "10", "read_iops_sec": "1000" } }, "contexts": { "users": { "tenants": 3, "users_per_tenant": 2 }, "api_versions": { "cinder": { "version": 3, "service_type": "volumev3" } } }, "runner": { "constant": { "concurrency": 4, "times": 10 } }, "hooks": [], "sla": { "failure_rate": { "max": 0 } } } ] }
2019-06-06 08:02:55.633 1842 RALLYDEBUG rally_openstack.contexts.keystone.users [-] Creating 3 tenants using 20 threads
2019-06-06 08:02:57.360 1842 RALLYDEBUG rally_openstack.contexts.keystone.users [-] Creating 6 users using 20 threads
2019-06-06 08:03:00.153 1842 INFO rally.task.context [-] Task 1005e582-c263-4621-9c9a-1e1831336be4 | Context users@openstack setup() finished in 4.52 sec
2019-06-06 08:03:00.580 1842 INFO rally.task.context [-] Task 1005e582-c263-4621-9c9a-1e1831336be4 | Context api_versions@openstack setup() finished in 0.43 sec
2019-06-06 08:03:00.581 1842 INFO rally.task.context [-] Task 1005e582-c263-4621-9c9a-1e1831336be4 | Context admin_cleanup@openstack setup() finished in 0.01 msec
2019-06-06 08:03:00.588 1842 RALLYDEBUG rally.task.runner [-] Starting the constant runner (task UUID: 1005e582-c263-4621-9c9a-1e1831336be4). timeout: 0 concurrency: 4 concurrency_per_worker: 1 times: 10 concurrency_overhead: 0 processes_to_start: 4 max_cpu_used: 16
2019-06-06 08:03:00.601 5294 RALLYDEBUG rally.task.runner [-] Starting a worker. concurrency: 1 args: {"consumer": "both", "write_iops_sec": "10", "read_iops_sec": "1000"} times: 10 method_name: run timeout: 0 duration: None cls:
2019-06-06 08:03:00.604 5295 RALLYDEBUG rally.task.runner [-] Starting a worker. concurrency: 1 args: {"consumer": "both", "write_iops_sec": "10", "read_iops_sec": "1000"} times: 10 method_name: run timeout: 0 duration: None cls:
2019-06-06 08:03:00.607 5296 RALLYDEBUG rally.task.runner [-] Starting a worker. concurrency: 1 args: {"consumer": "both", "write_iops_sec": "10", "read_iops_sec": "1000"} times: 10 method_name: run timeout: 0 duration: None cls:
2019-06-06 08:03:00.609 5294 INFO rally.task.runner [-] Task 1005e582-c263-4621-9c9a-1e1831336be4 | ITER: 1 START
2019-06-06 08:03:00.610 5297 RALLYDEBUG rally.task.runner [-] Starting a worker. concurrency: 1 args: {"consumer": "both", "write_iops_sec": "10", "read_iops_sec": "1000"} times: 10 method_name: run timeout: 0 duration: None cls:
2019-06-06 08:03:00.611 5295 INFO rally.task.runner [-] Task 1005e582-c263-4621-9c9a-1e1831336be4 | ITER: 2 START
2019-06-06 08:03:00.614 5296 INFO rally.task.runner [-] Task 1005e582-c263-4621-9c9a-1e1831336be4 | ITER: 3 START
2019-06-06 08:03:00.617 5297 INFO rally.task.runner [-] Task 1005e582-c263-4621-9c9a-1e1831336be4 | ITER: 4 START
2019-06-06 08:03:01.633 5295 INFO rally.task.runner [-] Task 1005e582-c263-4621-9c9a-1e1831336be4 | ITER: 2 END: OK
2019-06-06 08:03:01.637 5295 INFO rally.task.runner [-] Task 1005e582-c263-4621-9c9a-1e1831336be4 | ITER: 5 START
2019-06-06 08:03:01.661 5296 INFO rally.task.runner [-] Task 1005e582-c263-4621-9c9a-1e1831336be4 | ITER: 3 END: OK
2019-06-06 08:03:01.662 5294 INFO rally.task.runner [-] Task 1005e582-c263-4621-9c9a-1e1831336be4 | ITER: 1 END: OK
2019-06-06 08:03:01.666 5296 INFO rally.task.runner [-] Task 1005e582-c263-4621-9c9a-1e1831336be4 | ITER: 6 START
2019-06-06 08:03:01.668 5294 INFO rally.task.runner [-] Task 1005e582-c263-4621-9c9a-1e1831336be4 | ITER: 7 START
2019-06-06 08:03:01.674 5297 INFO rally.task.runner [-] Task 1005e582-c263-4621-9c9a-1e1831336be4 | ITER: 4 END: OK
2019-06-06 08:03:01.678 5297 INFO rally.task.runner [-] Task 1005e582-c263-4621-9c9a-1e1831336be4 | ITER: 8 START
2019-06-06 08:03:02.542 5295 INFO rally.task.runner [-] Task 1005e582-c263-4621-9c9a-1e1831336be4 | ITER: 5 END: OK
2019-06-06 08:03:02.546 5295 INFO rally.task.runner [-] Task 1005e582-c263-4621-9c9a-1e1831336be4 | ITER: 9 START
2019-06-06 08:03:02.595 5294 INFO rally.task.runner [-] Task 1005e582-c263-4621-9c9a-1e1831336be4 | ITER: 7 END: OK
2019-06-06 08:03:02.600 5294 INFO rally.task.runner [-] Task 1005e582-c263-4621-9c9a-1e1831336be4 | ITER: 10 START
2019-06-06 08:03:02.615 5296 INFO rally.task.runner [-] Task 1005e582-c263-4621-9c9a-1e1831336be4 | ITER: 6 END: OK
2019-06-06 08:03:02.617 5297 INFO rally.task.runner [-] Task 1005e582-c263-4621-9c9a-1e1831336be4 | ITER: 8 END: OK
2019-06-06 08:03:03.478 5294 INFO rally.task.runner [-] Task 1005e582-c263-4621-9c9a-1e1831336be4 | ITER: 10 END: OK
2019-06-06 08:03:03.494 5295 INFO rally.task.runner [-] Task 1005e582-c263-4621-9c9a-1e1831336be4 | ITER: 9 END: OK
2019-06-06 08:03:03.521 1842 INFO rally.task.context [-] Task 1005e582-c263-4621-9c9a-1e1831336be4 | Context admin_cleanup@openstack cleanup() started
2019-06-06 08:03:03.523 1842 RALLYDEBUG rally_openstack.cleanup.manager [-] Cleaning up cinder volume_types objects
2019-06-06 08:03:04.248 1842 RALLYDEBUG rally_openstack.cleanup.manager [-] Cleaning up cinder image_volumes_cache objects
2019-06-06 08:03:05.352 1842 RALLYDEBUG rally_openstack.cleanup.manager [-] Cleaning up cinder quotas objects
2019-06-06 08:03:06.814 1842 RALLYDEBUG rally_openstack.cleanup.manager [-] Cleaning up cinder qos_specs objects
2019-06-06 08:03:07.441 1842 RALLYDEBUG rally_openstack.cleanup.manager [-] Deleting cinder.qos_specs object s_rally_2a6b70e9_h4ja8ctq (b4f3cd03-3186-44ba-a4e8-8d3e68494c9e)
2019-06-06 08:03:07.445 1842 RALLYDEBUG rally_openstack.cleanup.manager [-] Deleting cinder.qos_specs object s_rally_2a6b70e9_c3adRrUS (3e2217b8-f365-4da4-88e4-6a6e3e9fd425)
2019-06-06 08:03:07.449 1842 RALLYDEBUG rally_openstack.cleanup.manager [-] Deleting cinder.qos_specs object s_rally_2a6b70e9_jvp0k5Nc (fddca234-5176-4653-b21c-7bf81f06e4e7)
2019-06-06 08:03:07.455 1842 RALLYDEBUG rally_openstack.cleanup.manager [-] Deleting cinder.qos_specs object s_rally_2a6b70e9_OkFSYjHS (b7fd31fe-668f-417a-b86f-da605abc2f6f)
2019-06-06 08:03:07.473 1842 RALLYDEBUG rally_openstack.cleanup.manager [-] Deleting cinder.qos_specs object s_rally_2a6b70e9_E6LjDM09 (459dadde-3a8d-4fda-a532-51ade8e64cbc)
2019-06-06 08:03:07.485 1842 RALLYDEBUG rally_openstack.cleanup.manager [-] Deleting cinder.qos_specs object s_rally_2a6b70e9_3tgTV7bh (1ad38543-fd26-4fe3-ae02-e5f9af273ebb)
2019-06-06 08:03:07.488 1842 RALLYDEBUG rally_openstack.cleanup.manager [-] Deleting cinder.qos_specs object s_rally_2a6b70e9_kpKWTsHD (d4339f5c-0562-4e50-afee-fe9fde409a52)
2019-06-06 08:03:07.504 1842 RALLYDEBUG rally_openstack.cleanup.manager [-] Deleting cinder.qos_specs object s_rally_2a6b70e9_Axk8EDkC (5ac4119b-81bf-468b-b3da-cad16752a9de)
2019-06-06 08:03:07.507 1842 RALLYDEBUG rally_openstack.cleanup.manager [-] Deleting cinder.qos_specs object s_rally_2a6b70e9_YlM9Q6I4 (af63e124-e941-47e1-aeb3-9c1be40492ad)
2019-06-06 08:03:07.525 1842 RALLYDEBUG rally_openstack.cleanup.manager [-] Deleting cinder.qos_specs object s_rally_2a6b70e9_XtsTigbS (27127adf-d275-48d2-8814-3fd5b681d247)
2019-06-06 08:03:09.886 1842 INFO rally.task.context [-] Task 1005e582-c263-4621-9c9a-1e1831336be4 | Context admin_cleanup@openstack cleanup() finished in 6.36 sec
2019-06-06 08:03:09.886 1842 INFO rally.task.context [-] Task 1005e582-c263-4621-9c9a-1e1831336be4 | Context api_versions@openstack cleanup() started
2019-06-06 08:03:09.886 1842 INFO rally.task.context [-] Task 1005e582-c263-4621-9c9a-1e1831336be4 | Context api_versions@openstack cleanup() finished in 0.33 msec
2019-06-06 08:03:09.887 1842 INFO rally.task.context [-] Task 1005e582-c263-4621-9c9a-1e1831336be4 | Context users@openstack cleanup() started
2019-06-06 08:03:18.476 1842 INFO rally.task.context [-] Task 1005e582-c263-4621-9c9a-1e1831336be4 | Context users@openstack cleanup() finished in 8.59 sec
2019-06-06 08:03:19.759 1842 INFO rally.task.engine [-] Load duration is: 2.881125
2019-06-06 08:03:19.759 1842 INFO rally.task.engine [-] Full runner duration is: 2.932922
2019-06-06 08:03:19.759 1842 INFO rally.task.engine [-] Full duration is: 22.846728
2019-06-06 08:03:20.018 1842 INFO rally.task.engine [-] Running workload: position = 0 config = { "version": 2, "title": "A cropped version of a bigger task.", "description": "Auto-generated task from a single workload (uuid=bba3d2f9-b48a-4f2c-8e87-375f3d1e1e66)", "subtasks": [ { "title": "CinderQos.create_and_set_qos", "description": "Create a qos, then Add/Update keys in qos specs.", "scenario": { "CinderQos.create_and_set_qos": { "consumer": "back-end", "write_iops_sec": "10", "read_iops_sec": "1000", "set_consumer": "both", "set_write_iops_sec": "11", "set_read_iops_sec": "1001" } }, "contexts": { "users": { "tenants": 3, "users_per_tenant": 2 }, "api_versions": { "cinder": { "version": 3, "service_type": "volumev3" } } }, "runner": { "constant": { "concurrency": 4, "times": 10 } }, "hooks": [], "sla": { "failure_rate": { "max": 0 } } } ] }
2019-06-06 08:03:20.042 1842 RALLYDEBUG rally_openstack.contexts.keystone.users [-] Creating 3 tenants using 20 threads
2019-06-06 08:03:21.886 1842 RALLYDEBUG rally_openstack.contexts.keystone.users [-] Creating 6 users using 20 threads
2019-06-06 08:03:24.574 1842 INFO rally.task.context [-] Task 1005e582-c263-4621-9c9a-1e1831336be4 | Context users@openstack setup() finished in 4.53 sec
2019-06-06 08:03:25.019 1842 INFO rally.task.context [-] Task 1005e582-c263-4621-9c9a-1e1831336be4 | Context api_versions@openstack setup() finished in 0.44 sec
2019-06-06 08:03:25.019 1842 INFO rally.task.context [-] Task 1005e582-c263-4621-9c9a-1e1831336be4 | Context admin_cleanup@openstack setup() finished in 0.00 msec
2019-06-06 08:03:25.027 1842 RALLYDEBUG rally.task.runner [-] Starting the constant runner (task UUID: 1005e582-c263-4621-9c9a-1e1831336be4). timeout: 0 concurrency: 4 concurrency_per_worker: 1 times: 10 concurrency_overhead: 0 processes_to_start: 4 max_cpu_used: 16
2019-06-06 08:03:25.040 5478 RALLYDEBUG rally.task.runner [-] Starting a worker. concurrency: 1 args: {"consumer": "back-end", "write_iops_sec": "10", "read_iops_sec": "1000", "set_consumer": "both", "set_write_iops_sec": "11", "set_read_iops_sec": "1001"} times: 10 method_name: run timeout: 0 duration: None cls:
2019-06-06 08:03:25.042 5479 RALLYDEBUG rally.task.runner [-] Starting a worker. concurrency: 1 args: {"consumer": "back-end", "write_iops_sec": "10", "read_iops_sec": "1000", "set_consumer": "both", "set_write_iops_sec": "11", "set_read_iops_sec": "1001"} times: 10 method_name: run timeout: 0 duration: None cls:
2019-06-06 08:03:25.045 5480 RALLYDEBUG rally.task.runner [-] Starting a worker. concurrency: 1 args: {"consumer": "back-end", "write_iops_sec": "10", "read_iops_sec": "1000", "set_consumer": "both", "set_write_iops_sec": "11", "set_read_iops_sec": "1001"} times: 10 method_name: run timeout: 0 duration: None cls:
2019-06-06 08:03:25.048 5478 INFO rally.task.runner [-] Task 1005e582-c263-4621-9c9a-1e1831336be4 | ITER: 1 START
2019-06-06 08:03:25.048 5481 RALLYDEBUG rally.task.runner [-] Starting a worker. concurrency: 1 args: {"consumer": "back-end", "write_iops_sec": "10", "read_iops_sec": "1000", "set_consumer": "both", "set_write_iops_sec": "11", "set_read_iops_sec": "1001"} times: 10 method_name: run timeout: 0 duration: None cls:
2019-06-06 08:03:25.050 5479 INFO rally.task.runner [-] Task 1005e582-c263-4621-9c9a-1e1831336be4 | ITER: 2 START
2019-06-06 08:03:25.053 5480 INFO rally.task.runner [-] Task 1005e582-c263-4621-9c9a-1e1831336be4 | ITER: 3 START
2019-06-06 08:03:25.056 5481 INFO rally.task.runner [-] Task 1005e582-c263-4621-9c9a-1e1831336be4 | ITER: 4 START
2019-06-06 08:03:26.138 5481 INFO rally.task.runner [-] Task 1005e582-c263-4621-9c9a-1e1831336be4 | ITER: 4 END: OK
2019-06-06 08:03:26.144 5481 INFO rally.task.runner [-] Task 1005e582-c263-4621-9c9a-1e1831336be4 | ITER: 5 START
2019-06-06 08:03:26.210 5479 INFO rally.task.runner [-] Task 1005e582-c263-4621-9c9a-1e1831336be4 | ITER: 2 END: OK
2019-06-06 08:03:26.216 5479 INFO rally.task.runner [-] Task 1005e582-c263-4621-9c9a-1e1831336be4 | ITER: 6 START
2019-06-06 08:03:26.216 5480 INFO rally.task.runner [-] Task 1005e582-c263-4621-9c9a-1e1831336be4 | ITER: 3 END: OK
2019-06-06 08:03:26.221 5480 INFO rally.task.runner [-] Task 1005e582-c263-4621-9c9a-1e1831336be4 | ITER: 7 START
2019-06-06 08:03:26.234 5478 INFO rally.task.runner [-] Task 1005e582-c263-4621-9c9a-1e1831336be4 | ITER: 1 END: OK
2019-06-06 08:03:26.238 5478 INFO rally.task.runner [-] Task 1005e582-c263-4621-9c9a-1e1831336be4 | ITER: 8 START
2019-06-06 08:03:27.120 5481 INFO rally.task.runner [-] Task 1005e582-c263-4621-9c9a-1e1831336be4 | ITER: 5 END: OK
2019-06-06 08:03:27.124 5481 INFO rally.task.runner [-] Task 1005e582-c263-4621-9c9a-1e1831336be4 | ITER: 9 START
2019-06-06 08:03:27.162 5480 INFO rally.task.runner [-] Task 1005e582-c263-4621-9c9a-1e1831336be4 | ITER: 7 END: OK
2019-06-06 08:03:27.165 5480 INFO rally.task.runner [-] Task 1005e582-c263-4621-9c9a-1e1831336be4 | ITER: 10 START
2019-06-06 08:03:27.175 5478 INFO rally.task.runner [-] Task 1005e582-c263-4621-9c9a-1e1831336be4 | ITER: 8 END: OK
2019-06-06 08:03:27.341 5479 INFO rally.task.runner [-] Task 1005e582-c263-4621-9c9a-1e1831336be4 | ITER: 6 END: OK
2019-06-06 08:03:28.012 5481 INFO rally.task.runner [-] Task 1005e582-c263-4621-9c9a-1e1831336be4 | ITER: 9 END: OK
2019-06-06 08:03:28.102 5480 INFO rally.task.runner [-] Task 1005e582-c263-4621-9c9a-1e1831336be4 | ITER: 10 END: OK
2019-06-06 08:03:28.124 1842 INFO rally.task.context [-] Task 1005e582-c263-4621-9c9a-1e1831336be4 | Context admin_cleanup@openstack cleanup() started
2019-06-06 08:03:28.126 1842 RALLYDEBUG rally_openstack.cleanup.manager [-] Cleaning up cinder volume_types objects
2019-06-06 08:03:28.771 1842 RALLYDEBUG rally_openstack.cleanup.manager [-] Cleaning up cinder image_volumes_cache objects
2019-06-06 08:03:29.828 1842 RALLYDEBUG rally_openstack.cleanup.manager [-] Cleaning up cinder quotas objects
2019-06-06 08:03:31.343 1842 RALLYDEBUG rally_openstack.cleanup.manager [-] Cleaning up cinder qos_specs objects
2019-06-06 08:03:32.057 1842 RALLYDEBUG rally_openstack.cleanup.manager [-] Deleting cinder.qos_specs object s_rally_bba3d2f9_jLGNLbF8 (4461bda5-609b-42ec-910a-47ce2ffa659f)
2019-06-06 08:03:32.063 1842 RALLYDEBUG rally_openstack.cleanup.manager [-] Deleting cinder.qos_specs object s_rally_bba3d2f9_4c6bK8p5 (263de177-041a-4a02-be2d-2a29e62324f0)
2019-06-06 08:03:32.075 1842 RALLYDEBUG rally_openstack.cleanup.manager [-] Deleting cinder.qos_specs object s_rally_bba3d2f9_BqbQigU2 (23a46a6b-dcdf-4b48-aa34-f8beb807f117)
2019-06-06 08:03:32.082 1842 RALLYDEBUG rally_openstack.cleanup.manager [-] Deleting cinder.qos_specs object s_rally_bba3d2f9_EWDbWfy9 (5c6888fd-d01c-41cd-8047-5e94b95d7371)
2019-06-06 08:03:32.083 1842 RALLYDEBUG rally_openstack.cleanup.manager [-] Deleting cinder.qos_specs object s_rally_bba3d2f9_RE5GuZ7t (ef270d9a-d5d7-438b-a408-f6cfc29248aa)
2019-06-06 08:03:32.091 1842 RALLYDEBUG rally_openstack.cleanup.manager [-] Deleting cinder.qos_specs object s_rally_bba3d2f9_LpSrkXnu (2d36907d-1752-4abc-a481-dde8d1e62dce)
2019-06-06 08:03:32.106 1842 RALLYDEBUG rally_openstack.cleanup.manager [-] Deleting cinder.qos_specs object s_rally_bba3d2f9_SUsi8eJ5 (d55a2e3e-e524-4b52-b8f5-227d530ea9c9)
2019-06-06 08:03:32.133 1842 RALLYDEBUG rally_openstack.cleanup.manager [-] Deleting cinder.qos_specs object s_rally_bba3d2f9_SGLc4VI3 (a164c4d7-e49c-4cce-ae64-b1cf122c56fa)
2019-06-06 08:03:32.138 1842 RALLYDEBUG rally_openstack.cleanup.manager [-] Deleting cinder.qos_specs object s_rally_bba3d2f9_7ZQQullA (bd014ef1-29d3-481c-abed-93d26a712f9e)
2019-06-06 08:03:32.150 1842 RALLYDEBUG rally_openstack.cleanup.manager [-] Deleting cinder.qos_specs object s_rally_bba3d2f9_CbV07rCM (38542ed6-9491-4b42-aba7-365357923868)
2019-06-06 08:03:34.460 1842 INFO rally.task.context [-] Task 1005e582-c263-4621-9c9a-1e1831336be4 | Context admin_cleanup@openstack cleanup() finished in 6.34 sec
2019-06-06 08:03:34.461 1842 INFO rally.task.context [-] Task 1005e582-c263-4621-9c9a-1e1831336be4 | Context api_versions@openstack cleanup() started
2019-06-06 08:03:34.461 1842 INFO rally.task.context [-] Task 1005e582-c263-4621-9c9a-1e1831336be4 | Context api_versions@openstack cleanup() finished in 0.35 msec
2019-06-06 08:03:34.462 1842 INFO rally.task.context [-] Task 1005e582-c263-4621-9c9a-1e1831336be4 | Context users@openstack cleanup() started
2019-06-06 08:03:41.333 1842 INFO rally.task.context [-] Task 1005e582-c263-4621-9c9a-1e1831336be4 | Context users@openstack cleanup() finished in 6.87 sec
2019-06-06 08:03:42.161 1842 INFO rally.task.engine [-] Load duration is: 3.051172
2019-06-06 08:03:42.162 1842 INFO rally.task.engine [-] Full runner duration is: 3.097725
2019-06-06 08:03:42.162 1842 INFO rally.task.engine [-] Full duration is: 21.295276
2019-06-06 08:03:42.425 1842 INFO rally.task.engine [-] Running workload: position = 0 config = { "version": 2, "title": "A cropped version of a bigger task.", "description": "Auto-generated task from a single workload (uuid=4cd9548c-76ae-470d-92c2-b7aa05b4ae7c)", "subtasks": [ { "title": "CinderVolumeTypes.create_and_get_volume_type", "description": "Create a volume Type, then get the details of the type.", "scenario": { "CinderVolumeTypes.create_and_get_volume_type": { "description": "rally tests creating types" } }, "contexts": { "users": { "tenants": 3, "users_per_tenant": 2 }, "api_versions": { "cinder": { "version": 3, "service_type": "volumev3" } } }, "runner": { "constant": { "concurrency": 4, "times": 10 } }, "hooks": [], "sla": { "failure_rate": { "max": 0 } } } ] }
2019-06-06 08:03:42.448 1842 RALLYDEBUG rally_openstack.contexts.keystone.users [-] Creating 3 tenants using 20 threads
2019-06-06 08:03:44.167 1842 RALLYDEBUG rally_openstack.contexts.keystone.users [-] Creating 6 users using 20 threads
2019-06-06 08:03:47.077 1842 INFO rally.task.context [-] Task 1005e582-c263-4621-9c9a-1e1831336be4 | Context users@openstack setup() finished in 4.63 sec
2019-06-06 08:03:47.500 1842 INFO rally.task.context [-] Task 1005e582-c263-4621-9c9a-1e1831336be4 | Context api_versions@openstack setup() finished in 0.42 sec
2019-06-06 08:03:47.500 1842 INFO rally.task.context [-] Task 1005e582-c263-4621-9c9a-1e1831336be4 | Context admin_cleanup@openstack setup() finished in 0.01 msec
2019-06-06 08:03:47.507 1842 RALLYDEBUG rally.task.runner [-] Starting the constant runner (task UUID: 1005e582-c263-4621-9c9a-1e1831336be4). timeout: 0 concurrency: 4 concurrency_per_worker: 1 times: 10 concurrency_overhead: 0 processes_to_start: 4 max_cpu_used: 16
2019-06-06 08:03:47.520 5662 RALLYDEBUG rally.task.runner [-] Starting a worker. concurrency: 1 args: {"description": "rally tests creating types"} times: 10 method_name: run timeout: 0 duration: None cls:
2019-06-06 08:03:47.522 5663 RALLYDEBUG rally.task.runner [-] Starting a worker. concurrency: 1 args: {"description": "rally tests creating types"} times: 10 method_name: run timeout: 0 duration: None cls:
2019-06-06 08:03:47.526 5664 RALLYDEBUG rally.task.runner [-] Starting a worker. concurrency: 1 args: {"description": "rally tests creating types"} times: 10 method_name: run timeout: 0 duration: None cls:
2019-06-06 08:03:47.528 5662 INFO rally.task.runner [-] Task 1005e582-c263-4621-9c9a-1e1831336be4 | ITER: 1 START
2019-06-06 08:03:47.529 5663 INFO rally.task.runner [-] Task 1005e582-c263-4621-9c9a-1e1831336be4 | ITER: 2 START
2019-06-06 08:03:47.528 5665 RALLYDEBUG rally.task.runner [-] Starting a worker. concurrency: 1 args: {"description": "rally tests creating types"} times: 10 method_name: run timeout: 0 duration: None cls:
2019-06-06 08:03:47.534 5664 INFO rally.task.runner [-] Task 1005e582-c263-4621-9c9a-1e1831336be4 | ITER: 3 START
2019-06-06 08:03:47.537 5665 INFO rally.task.runner [-] Task 1005e582-c263-4621-9c9a-1e1831336be4 | ITER: 4 START
2019-06-06 08:03:48.618 5664 INFO rally.task.runner [-] Task 1005e582-c263-4621-9c9a-1e1831336be4 | ITER: 3 END: OK
2019-06-06 08:03:48.622 5663 INFO rally.task.runner [-] Task 1005e582-c263-4621-9c9a-1e1831336be4 | ITER: 2 END: OK
2019-06-06 08:03:48.625 5664 INFO rally.task.runner [-] Task 1005e582-c263-4621-9c9a-1e1831336be4 | ITER: 5 START
2019-06-06 08:03:48.626 5663 INFO rally.task.runner [-] Task 1005e582-c263-4621-9c9a-1e1831336be4 | ITER: 6 START
2019-06-06 08:03:48.652 5662 INFO rally.task.runner [-] Task 1005e582-c263-4621-9c9a-1e1831336be4 | ITER: 1 END: OK
2019-06-06 08:03:48.657 5662 INFO rally.task.runner [-] Task 1005e582-c263-4621-9c9a-1e1831336be4 | ITER: 7 START
2019-06-06 08:03:48.815 5665 INFO rally.task.runner [-] Task 1005e582-c263-4621-9c9a-1e1831336be4 | ITER: 4 END: OK
2019-06-06 08:03:48.820 5665 INFO rally.task.runner [-] Task 1005e582-c263-4621-9c9a-1e1831336be4 | ITER: 8 START
2019-06-06 08:03:49.584 5663 INFO rally.task.runner [-] Task 1005e582-c263-4621-9c9a-1e1831336be4 | ITER: 6 END: OK
2019-06-06 08:03:49.590 5663 INFO rally.task.runner [-] Task 1005e582-c263-4621-9c9a-1e1831336be4 | ITER: 9 START
2019-06-06 08:03:49.700 5662 INFO rally.task.runner [-] Task 1005e582-c263-4621-9c9a-1e1831336be4 | ITER: 7 END: OK
2019-06-06 08:03:49.704 5662 INFO rally.task.runner [-] Task 1005e582-c263-4621-9c9a-1e1831336be4 | ITER: 10 START
2019-06-06 08:03:49.723 5664 INFO rally.task.runner [-] Task 1005e582-c263-4621-9c9a-1e1831336be4 | ITER: 5 END: OK
2019-06-06 08:03:49.858 5665 INFO rally.task.runner [-] Task 1005e582-c263-4621-9c9a-1e1831336be4 | ITER: 8 END: OK
