2019-06-06 07:34:56.044 7 RALLYDEBUG rally.api [-] INFO logs from urllib3 and requests module are hide.
2019-06-06 07:34:56.044 7 RALLYDEBUG rally.api [-] urllib3 insecure warnings are hidden.
2019-06-06 07:34:56.044 7 RALLYDEBUG rally.api [-] ERROR log from boto module is hide.
2019-06-06 07:34:57.244 7 ERROR rally.cli.cliutils [-] Unexpected exception in CLI: DBRecordNotFound: Record for uuid or name is opnfv-rally not found in table envs
2019-06-06 07:34:57.244 7 ERROR rally.cli.cliutils
Traceback (most recent call last):
2019-06-06 07:34:57.244 7 ERROR rally.cli.cliutils
File "/usr/lib/python2.7/site-packages/rally/cli/cliutils.py", line 674, in run
2019-06-06 07:34:57.244 7 ERROR rally.cli.cliutils ret = fn(*fn_args, **fn_kwargs)
2019-06-06 07:34:57.244 7 ERROR rally.cli.cliutils File "", line 2, in destroy
2019-06-06 07:34:57.244 7 ERROR rally.cli.cliutils
File "/usr/lib/python2.7/site-packages/rally/cli/envutils.py", line 69, in default_from_global
2019-06-06 07:34:57.244 7 ERROR rally.cli.cliutils return f(*args, **kwargs)
2019-06-06 07:34:57.244 7 ERROR rally.cli.cliutils File "", line 2, in destroy
2019-06-06 07:34:57.244 7 ERROR rally.cli.cliutils
File "/usr/lib/python2.7/site-packages/rally/plugins/__init__.py", line 51, in ensure_plugins_are_loaded
2019-06-06 07:34:57.244 7 ERROR rally.cli.cliutils return f(*args, **kwargs)
2019-06-06 07:34:57.244 7 ERROR rally.cli.cliutils
File "/usr/lib/python2.7/site-packages/rally/cli/commands/deployment.py", line 140, in destroy
2019-06-06 07:34:57.244 7 ERROR rally.cli.cliutils api.deployment.destroy(deployment=deployment)
2019-06-06 07:34:57.244 7 ERROR rally.cli.cliutils
File "/usr/lib/python2.7/site-packages/rally/api.py", line 115, in destroy
2019-06-06 07:34:57.244 7 ERROR rally.cli.cliutils deploy = objects.Deployment.get(deployment)
2019-06-06 07:34:57.244 7 ERROR rally.cli.cliutils
File "/usr/lib/python2.7/site-packages/rally/common/objects/deploy.py", line 124, in get
2019-06-06 07:34:57.244 7 ERROR rally.cli.cliutils return Deployment(env_mgr.EnvManager.get(deploy))
2019-06-06 07:34:57.244 7 ERROR rally.cli.cliutils
File "/usr/lib/python2.7/site-packages/rally/env/env_mgr.py", line 212, in get
2019-06-06 07:34:57.244 7 ERROR rally.cli.cliutils return cls(db.env_get(uuid_or_name))
2019-06-06 07:34:57.244 7 ERROR rally.cli.cliutils
File "/usr/lib/python2.7/site-packages/rally/common/db/api.py", line 135, in wrapper
2019-06-06 07:34:57.244 7 ERROR rally.cli.cliutils result = f(session, *args, **kwargs)
2019-06-06 07:34:57.244 7 ERROR rally.cli.cliutils
File "/usr/lib/python2.7/site-packages/rally/common/db/api.py", line 521, in env_get
2019-06-06 07:34:57.244 7 ERROR rally.cli.cliutils criteria="uuid or name is %s" % uuid_or_name, table="envs")
2019-06-06 07:34:57.244 7 ERROR rally.cli.cliutils DBRecordNotFound: Record for uuid or name is opnfv-rally not found in table envs
2019-06-06 07:34:57.244 7 ERROR rally.cli.cliutils
2019-06-06 07:34:57.996 9 RALLYDEBUG rally.api [-] INFO logs from urllib3 and requests module are hide.
2019-06-06 07:34:57.997 9 RALLYDEBUG rally.api [-] urllib3 insecure warnings are hidden.
2019-06-06 07:34:57.997 9 RALLYDEBUG rally.api [-] ERROR log from boto module is hide.
2019-06-06 07:34:59.281 9 WARNING rally_openstack.platforms.existing [-] endpoint is deprecated and not used.
2019-06-06 07:35:00.273 11 RALLYDEBUG rally.api [-] INFO logs from urllib3 and requests module are hide.
2019-06-06 07:35:00.273 11 RALLYDEBUG rally.api [-] urllib3 insecure warnings are hidden.
2019-06-06 07:35:00.273 11 RALLYDEBUG rally.api [-] ERROR log from boto module is hide.
2019-06-06 07:35:03.456 14 RALLYDEBUG rally.api [-] INFO logs from urllib3 and requests module are hide.
2019-06-06 07:35:03.456 14 RALLYDEBUG rally.api [-] urllib3 insecure warnings are hidden.
2019-06-06 07:35:03.456 14 RALLYDEBUG rally.api [-] ERROR log from boto module is hide.
2019-06-06 07:35:04.794 16 RALLYDEBUG rally.api [-] INFO logs from urllib3 and requests module are hide.
2019-06-06 07:35:04.794 16 RALLYDEBUG rally.api [-] urllib3 insecure warnings are hidden.
2019-06-06 07:35:04.794 16 RALLYDEBUG rally.api [-] ERROR log from boto module is hide.
2019-06-06 07:35:06.117 16 INFO rally.task.engine [-] Task 67f785ab-076e-413d-9ad1-a9cbd6d7dd8a | Starting: Task validation.
2019-06-06 07:35:06.166 16 INFO rally.task.engine [-] Task 67f785ab-076e-413d-9ad1-a9cbd6d7dd8a | Starting: Task validation of syntax.
2019-06-06 07:35:06.246 16 INFO rally.task.engine [-] Task 67f785ab-076e-413d-9ad1-a9cbd6d7dd8a | Completed: Task validation of syntax.
2019-06-06 07:35:06.247 16 INFO rally.task.engine [-] Task 67f785ab-076e-413d-9ad1-a9cbd6d7dd8a | Starting: Task validation of required platforms.
2019-06-06 07:35:06.283 16 INFO rally.task.engine [-] Task 67f785ab-076e-413d-9ad1-a9cbd6d7dd8a | Completed: Task validation of required platforms.
2019-06-06 07:35:06.284 16 INFO rally.task.engine [-] Task 67f785ab-076e-413d-9ad1-a9cbd6d7dd8a | Starting: Task validation of semantic.
2019-06-06 07:35:06.284 16 INFO rally.task.engine [-] Check health of the environment '413a4f60-2bbc-4259-8978-9e1a5623b4a1'.
2019-06-06 07:35:07.012 16 INFO rally.task.engine [-] Platform existing@openstack (available: True): OK!
2019-06-06 07:35:07.030 16 RALLYDEBUG rally_openstack.contexts.keystone.users [-] Creating 1 tenants using 20 threads
2019-06-06 07:35:08.654 16 RALLYDEBUG rally_openstack.contexts.keystone.users [-] Creating 1 users using 20 threads
2019-06-06 07:35:10.985 16 INFO rally.task.context [-] Task 67f785ab-076e-413d-9ad1-a9cbd6d7dd8a | Context users@openstack setup() finished in 3.96 sec
2019-06-06 07:35:11.033 16 INFO rally.task.context [-] Task 67f785ab-076e-413d-9ad1-a9cbd6d7dd8a | Context users@openstack cleanup() started
2019-06-06 07:35:15.897 16 INFO rally.task.context [-] Task 67f785ab-076e-413d-9ad1-a9cbd6d7dd8a | Context users@openstack cleanup() finished in 4.86 sec
2019-06-06 07:35:15.898 16 INFO rally.task.engine [-] Task 67f785ab-076e-413d-9ad1-a9cbd6d7dd8a | Completed: Task validation of semantic.
2019-06-06 07:35:15.898 16 INFO rally.task.engine [-] Task 67f785ab-076e-413d-9ad1-a9cbd6d7dd8a | Completed: Task validation.
2019-06-06 07:35:15.898 16 INFO rally.api [-] Task 67f785ab-076e-413d-9ad1-a9cbd6d7dd8a input file is valid.
2019-06-06 07:35:15.899 16 INFO rally.api [-] Run Task 67f785ab-076e-413d-9ad1-a9cbd6d7dd8a against Deployment 413a4f60-2bbc-4259-8978-9e1a5623b4a1
2019-06-06 07:35:15.899 16 INFO rally.task.engine [-] Task 67f785ab-076e-413d-9ad1-a9cbd6d7dd8a | Starting: Running task.
2019-06-06 07:35:16.029 16 INFO rally.task.engine [-] Running workload: position = 0 config = { "version": 2, "title": "A cropped version of a bigger task.", "description": "Auto-generated task from a single workload (uuid=e5d729ad-4196-40a3-9e5a-86dbf57e8238)", "subtasks": [ { "title": "Authenticate.keystone", "description": "Check Keystone Client.", "scenario": { "Authenticate.keystone": {} }, "contexts": { "users": { "tenants": 3, "users_per_tenant": 2 } }, "runner": { "constant": { "concurrency": 4, "times": 10 } }, "hooks": [], "sla": { "failure_rate": { "max": 0 } } } ] }
2019-06-06 07:35:16.049 16 RALLYDEBUG rally_openstack.contexts.keystone.users [-] Creating 3 tenants using 20 threads
2019-06-06 07:35:17.886 16 RALLYDEBUG rally_openstack.contexts.keystone.users [-] Creating 6 users using 20 threads
2019-06-06 07:35:20.633 16 INFO rally.task.context [-] Task 67f785ab-076e-413d-9ad1-a9cbd6d7dd8a | Context users@openstack setup() finished in 4.58 sec
2019-06-06 07:35:20.640 16 RALLYDEBUG rally.task.runner [-] Starting the constant runner (task UUID: 67f785ab-076e-413d-9ad1-a9cbd6d7dd8a). timeout: 0 concurrency: 4 concurrency_per_worker: 1 times: 10 concurrency_overhead: 0 processes_to_start: 4 max_cpu_used: 16
2019-06-06 07:35:20.651 140 RALLYDEBUG rally.task.runner [-] Starting a worker. concurrency: 1 args: {} times: 10 method_name: run timeout: 0 duration: None cls:
2019-06-06 07:35:20.655 140 INFO rally.task.runner [-] Task 67f785ab-076e-413d-9ad1-a9cbd6d7dd8a | ITER: 1 START
2019-06-06 07:35:20.655 141 RALLYDEBUG rally.task.runner [-] Starting a worker. concurrency: 1 args: {} times: 10 method_name: run timeout: 0 duration: None cls:
2019-06-06 07:35:20.658 142 RALLYDEBUG rally.task.runner [-] Starting a worker. concurrency: 1 args: {} times: 10 method_name: run timeout: 0 duration: None cls:
2019-06-06 07:35:20.661 141 INFO rally.task.runner [-] Task 67f785ab-076e-413d-9ad1-a9cbd6d7dd8a | ITER: 2 START
2019-06-06 07:35:20.661 145 RALLYDEBUG rally.task.runner [-] Starting a worker. concurrency: 1 args: {} times: 10 method_name: run timeout: 0 duration: None cls:
2019-06-06 07:35:20.663 142 INFO rally.task.runner [-] Task 67f785ab-076e-413d-9ad1-a9cbd6d7dd8a | ITER: 3 START
2019-06-06 07:35:20.666 145 INFO rally.task.runner [-] Task 67f785ab-076e-413d-9ad1-a9cbd6d7dd8a | ITER: 4 START
2019-06-06 07:35:21.240 140 INFO rally.task.runner [-] Task 67f785ab-076e-413d-9ad1-a9cbd6d7dd8a | ITER: 1 END: OK
2019-06-06 07:35:21.245 140 INFO rally.task.runner [-] Task 67f785ab-076e-413d-9ad1-a9cbd6d7dd8a | ITER: 5 START
2019-06-06 07:35:21.256 142 INFO rally.task.runner [-] Task 67f785ab-076e-413d-9ad1-a9cbd6d7dd8a | ITER: 3 END: OK
2019-06-06 07:35:21.257 145 INFO rally.task.runner [-] Task 67f785ab-076e-413d-9ad1-a9cbd6d7dd8a | ITER: 4 END: OK
2019-06-06 07:35:21.258 142 INFO rally.task.runner [-] Task 67f785ab-076e-413d-9ad1-a9cbd6d7dd8a | ITER: 6 START
2019-06-06 07:35:21.260 145 INFO rally.task.runner [-] Task 67f785ab-076e-413d-9ad1-a9cbd6d7dd8a | ITER: 7 START
2019-06-06 07:35:21.263 141 INFO rally.task.runner [-] Task 67f785ab-076e-413d-9ad1-a9cbd6d7dd8a | ITER: 2 END: OK
2019-06-06 07:35:21.266 141 INFO rally.task.runner [-] Task 67f785ab-076e-413d-9ad1-a9cbd6d7dd8a | ITER: 8 START
2019-06-06 07:35:21.848 140 INFO rally.task.runner [-] Task 67f785ab-076e-413d-9ad1-a9cbd6d7dd8a | ITER: 5 END: OK
2019-06-06 07:35:21.850 140 INFO rally.task.runner [-] Task 67f785ab-076e-413d-9ad1-a9cbd6d7dd8a | ITER: 9 START
2019-06-06 07:35:21.856 142 INFO rally.task.runner [-] Task 67f785ab-076e-413d-9ad1-a9cbd6d7dd8a | ITER: 6 END: OK
2019-06-06 07:35:21.858 142 INFO rally.task.runner [-] Task 67f785ab-076e-413d-9ad1-a9cbd6d7dd8a | ITER: 10 START
2019-06-06 07:35:21.898 145 INFO rally.task.runner [-] Task 67f785ab-076e-413d-9ad1-a9cbd6d7dd8a | ITER: 7 END: OK
2019-06-06 07:35:21.909 141 INFO rally.task.runner [-] Task 67f785ab-076e-413d-9ad1-a9cbd6d7dd8a | ITER: 8 END: OK
2019-06-06 07:35:22.442 140 INFO rally.task.runner [-] Task 67f785ab-076e-413d-9ad1-a9cbd6d7dd8a | ITER: 9 END: OK
2019-06-06 07:35:22.459 142 INFO rally.task.runner [-] Task 67f785ab-076e-413d-9ad1-a9cbd6d7dd8a | ITER: 10 END: OK
2019-06-06 07:35:22.482 16 INFO rally.task.context [-] Task 67f785ab-076e-413d-9ad1-a9cbd6d7dd8a | Context users@openstack cleanup() started
2019-06-06 07:35:29.114 16 INFO rally.task.context [-] Task 67f785ab-076e-413d-9ad1-a9cbd6d7dd8a | Context users@openstack cleanup() finished in 6.63 sec
2019-06-06 07:35:30.120 16 INFO rally.task.engine [-] Load duration is: 1.803668
2019-06-06 07:35:30.120 16 INFO rally.task.engine [-] Full runner duration is: 1.842301
2019-06-06 07:35:30.120 16 INFO rally.task.engine [-] Full duration is: 13.068302
2019-06-06 07:35:30.352 16 INFO rally.task.engine [-] Running workload: position = 0 config = { "version": 2, "title": "A cropped version of a bigger task.", "description": "Auto-generated task from a single workload (uuid=ab27f49b-536f-4d06-8c89-05cf8d2a9b4b)", "subtasks": [ { "title": "Authenticate.validate_cinder", "description": "Check Cinder Client to ensure validation of token.", "scenario": { "Authenticate.validate_cinder": { "repetitions": 2 } }, "contexts": { "users": { "tenants": 3, "users_per_tenant": 2 } }, "runner": { "constant": { "concurrency": 4, "times": 10 } }, "hooks": [], "sla": { "failure_rate": { "max": 0 } } } ] }
2019-06-06 07:35:30.375 16 RALLYDEBUG rally_openstack.contexts.keystone.users [-] Creating 3 tenants using 20 threads
2019-06-06 07:35:32.256 16 RALLYDEBUG rally_openstack.contexts.keystone.users [-] Creating 6 users using 20 threads
2019-06-06 07:35:34.898 16 INFO rally.task.context [-] Task 67f785ab-076e-413d-9ad1-a9cbd6d7dd8a | Context users@openstack setup() finished in 4.52 sec
2019-06-06 07:35:34.905 16 RALLYDEBUG rally.task.runner [-] Starting the constant runner (task UUID: 67f785ab-076e-413d-9ad1-a9cbd6d7dd8a). timeout: 0 concurrency: 4 concurrency_per_worker: 1 times: 10 concurrency_overhead: 0 processes_to_start: 4 max_cpu_used: 16
2019-06-06 07:35:34.916 244 RALLYDEBUG rally.task.runner [-] Starting a worker. concurrency: 1 args: {"repetitions": 2} times: 10 method_name: run timeout: 0 duration: None cls:
2019-06-06 07:35:34.918 245 RALLYDEBUG rally.task.runner [-] Starting a worker. concurrency: 1 args: {"repetitions": 2} times: 10 method_name: run timeout: 0 duration: None cls:
2019-06-06 07:35:34.921 246 RALLYDEBUG rally.task.runner [-] Starting a worker. concurrency: 1 args: {"repetitions": 2} times: 10 method_name: run timeout: 0 duration: None cls:
2019-06-06 07:35:34.923 244 INFO rally.task.runner [-] Task 67f785ab-076e-413d-9ad1-a9cbd6d7dd8a | ITER: 1 START
2019-06-06 07:35:34.924 245 INFO rally.task.runner [-] Task 67f785ab-076e-413d-9ad1-a9cbd6d7dd8a | ITER: 2 START
2019-06-06 07:35:34.924 247 RALLYDEBUG rally.task.runner [-] Starting a worker. concurrency: 1 args: {"repetitions": 2} times: 10 method_name: run timeout: 0 duration: None cls:
2019-06-06 07:35:34.927 246 INFO rally.task.runner [-] Task 67f785ab-076e-413d-9ad1-a9cbd6d7dd8a | ITER: 3 START
2019-06-06 07:35:34.930 247 INFO rally.task.runner [-] Task 67f785ab-076e-413d-9ad1-a9cbd6d7dd8a | ITER: 4 START
2019-06-06 07:35:36.472 246 INFO rally.task.runner [-] Task 67f785ab-076e-413d-9ad1-a9cbd6d7dd8a | ITER: 3 END: OK
2019-06-06 07:35:36.476 246 INFO rally.task.runner [-] Task 67f785ab-076e-413d-9ad1-a9cbd6d7dd8a | ITER: 5 START
2019-06-06 07:35:36.828 244 INFO rally.task.runner [-] Task 67f785ab-076e-413d-9ad1-a9cbd6d7dd8a | ITER: 1 END: OK
2019-06-06 07:35:36.831 245 INFO rally.task.runner [-] Task 67f785ab-076e-413d-9ad1-a9cbd6d7dd8a | ITER: 2 END: OK
2019-06-06 07:35:36.832 244 INFO rally.task.runner [-] Task 67f785ab-076e-413d-9ad1-a9cbd6d7dd8a | ITER: 6 START
2019-06-06 07:35:36.835 245 INFO rally.task.runner [-] Task 67f785ab-076e-413d-9ad1-a9cbd6d7dd8a | ITER: 7 START
2019-06-06 07:35:36.982 247 INFO rally.task.runner [-] Task 67f785ab-076e-413d-9ad1-a9cbd6d7dd8a | ITER: 4 END: OK
2019-06-06 07:35:36.986 247 INFO rally.task.runner [-] Task 67f785ab-076e-413d-9ad1-a9cbd6d7dd8a | ITER: 8 START
2019-06-06 07:35:37.851 245 INFO rally.task.runner [-] Task 67f785ab-076e-413d-9ad1-a9cbd6d7dd8a | ITER: 7 END: OK
2019-06-06 07:35:37.855 245 INFO rally.task.runner [-] Task 67f785ab-076e-413d-9ad1-a9cbd6d7dd8a | ITER: 9 START
2019-06-06 07:35:37.912 247 INFO rally.task.runner [-] Task 67f785ab-076e-413d-9ad1-a9cbd6d7dd8a | ITER: 8 END: OK
2019-06-06 07:35:37.916 247 INFO rally.task.runner [-] Task 67f785ab-076e-413d-9ad1-a9cbd6d7dd8a | ITER: 10 START
2019-06-06 07:35:39.174 244 INFO rally.task.runner [-] Task 67f785ab-076e-413d-9ad1-a9cbd6d7dd8a | ITER: 6 END: OK
2019-06-06 07:35:39.381 246 INFO rally.task.runner [-] Task 67f785ab-076e-413d-9ad1-a9cbd6d7dd8a | ITER: 5 END: OK
2019-06-06 07:35:39.583 245 INFO rally.task.runner [-] Task 67f785ab-076e-413d-9ad1-a9cbd6d7dd8a | ITER: 9 END: OK
2019-06-06 07:35:40.092 247 INFO rally.task.runner [-] Task 67f785ab-076e-413d-9ad1-a9cbd6d7dd8a | ITER: 10 END: OK
2019-06-06 07:35:40.116 16 INFO rally.task.context [-] Task 67f785ab-076e-413d-9ad1-a9cbd6d7dd8a | Context users@openstack cleanup() started
2019-06-06 07:35:48.188 16 INFO rally.task.context [-] Task 67f785ab-076e-413d-9ad1-a9cbd6d7dd8a | Context users@openstack cleanup() finished in 8.07 sec
2019-06-06 07:35:48.463 16 INFO rally.task.engine [-] Load duration is: 5.167332
2019-06-06 07:35:48.463 16 INFO rally.task.engine [-] Full runner duration is: 5.211949
2019-06-06 07:35:48.463 16 INFO rally.task.engine [-] Full duration is: 17.815879
2019-06-06 07:35:48.704 16 INFO rally.task.engine [-] Running workload: position = 0 config = { "version": 2, "title": "A cropped version of a bigger task.", "description": "Auto-generated task from a single workload (uuid=f742fbde-4ad8-4eb0-a3be-32f7c43b0808)", "subtasks": [ { "title": "Authenticate.validate_glance", "description": "Check Glance Client to ensure validation of token.", "scenario": { "Authenticate.validate_glance": { "repetitions": 2 } }, "contexts": { "users": { "tenants": 3, "users_per_tenant": 2 } }, "runner": { "constant": { "concurrency": 4, "times": 10 } }, "hooks": [], "sla": { "failure_rate": { "max": 0 } } } ] }
2019-06-06 07:35:48.725 16 RALLYDEBUG rally_openstack.contexts.keystone.users [-] Creating 3 tenants using 20 threads
2019-06-06 07:35:50.633 16 RALLYDEBUG rally_openstack.contexts.keystone.users [-] Creating 6 users using 20 threads
2019-06-06 07:35:53.586 16 INFO rally.task.context [-] Task 67f785ab-076e-413d-9ad1-a9cbd6d7dd8a | Context users@openstack setup() finished in 4.86 sec
2019-06-06 07:35:53.593 16 RALLYDEBUG rally.task.runner [-] Starting the constant runner (task UUID: 67f785ab-076e-413d-9ad1-a9cbd6d7dd8a). timeout: 0 concurrency: 4 concurrency_per_worker: 1 times: 10 concurrency_overhead: 0 processes_to_start: 4 max_cpu_used: 16
2019-06-06 07:35:53.605 348 RALLYDEBUG rally.task.runner [-] Starting a worker. concurrency: 1 args: {"repetitions": 2} times: 10 method_name: run timeout: 0 duration: None cls:
2019-06-06 07:35:53.608 349 RALLYDEBUG rally.task.runner [-] Starting a worker. concurrency: 1 args: {"repetitions": 2} times: 10 method_name: run timeout: 0 duration: None cls:
2019-06-06 07:35:53.610 350 RALLYDEBUG rally.task.runner [-] Starting a worker. concurrency: 1 args: {"repetitions": 2} times: 10 method_name: run timeout: 0 duration: None cls:
2019-06-06 07:35:53.611 348 INFO rally.task.runner [-] Task 67f785ab-076e-413d-9ad1-a9cbd6d7dd8a | ITER: 1 START
2019-06-06 07:35:53.614 349 INFO rally.task.runner [-] Task 67f785ab-076e-413d-9ad1-a9cbd6d7dd8a | ITER: 2 START
2019-06-06 07:35:53.613 351 RALLYDEBUG rally.task.runner [-] Starting a worker. concurrency: 1 args: {"repetitions": 2} times: 10 method_name: run timeout: 0 duration: None cls:
2019-06-06 07:35:53.616 350 INFO rally.task.runner [-] Task 67f785ab-076e-413d-9ad1-a9cbd6d7dd8a | ITER: 3 START
2019-06-06 07:35:53.619 351 INFO rally.task.runner [-] Task 67f785ab-076e-413d-9ad1-a9cbd6d7dd8a | ITER: 4 START
2019-06-06 07:35:54.427 348 INFO rally.task.runner [-] Task 67f785ab-076e-413d-9ad1-a9cbd6d7dd8a | ITER: 1 END: OK
2019-06-06 07:35:54.432 348 INFO rally.task.runner [-] Task 67f785ab-076e-413d-9ad1-a9cbd6d7dd8a | ITER: 5 START
2019-06-06 07:35:54.454 350 INFO rally.task.runner [-] Task 67f785ab-076e-413d-9ad1-a9cbd6d7dd8a | ITER: 3 END: OK
2019-06-06 07:35:54.457 351 INFO rally.task.runner [-] Task 67f785ab-076e-413d-9ad1-a9cbd6d7dd8a | ITER: 4 END: OK
2019-06-06 07:35:54.458 350 INFO rally.task.runner [-] Task 67f785ab-076e-413d-9ad1-a9cbd6d7dd8a | ITER: 6 START
2019-06-06 07:35:54.461 351 INFO rally.task.runner [-] Task 67f785ab-076e-413d-9ad1-a9cbd6d7dd8a | ITER: 7 START
2019-06-06 07:35:54.530 349 INFO rally.task.runner [-] Task 67f785ab-076e-413d-9ad1-a9cbd6d7dd8a | ITER: 2 END: OK
2019-06-06 07:35:54.534 349 INFO rally.task.runner [-] Task 67f785ab-076e-413d-9ad1-a9cbd6d7dd8a | ITER: 8 START
2019-06-06 07:35:55.231 351 INFO rally.task.runner [-] Task 67f785ab-076e-413d-9ad1-a9cbd6d7dd8a | ITER: 7 END: OK
2019-06-06 07:35:55.235 351 INFO rally.task.runner [-] Task 67f785ab-076e-413d-9ad1-a9cbd6d7dd8a | ITER: 9 START
2019-06-06 07:35:55.312 349 INFO rally.task.runner [-] Task 67f785ab-076e-413d-9ad1-a9cbd6d7dd8a | ITER: 8 END: OK
2019-06-06 07:35:55.316 349 INFO rally.task.runner [-] Task 67f785ab-076e-413d-9ad1-a9cbd6d7dd8a | ITER: 10 START
2019-06-06 07:35:55.375 348 INFO rally.task.runner [-] Task 67f785ab-076e-413d-9ad1-a9cbd6d7dd8a | ITER: 5 END: OK
2019-06-06 07:35:55.382 350 INFO rally.task.runner [-] Task 67f785ab-076e-413d-9ad1-a9cbd6d7dd8a | ITER: 6 END: OK
2019-06-06 07:35:56.032 349 INFO rally.task.runner [-] Task 67f785ab-076e-413d-9ad1-a9cbd6d7dd8a | ITER: 10 END: OK
2019-06-06 07:35:56.034 351 INFO rally.task.runner [-] Task 67f785ab-076e-413d-9ad1-a9cbd6d7dd8a | ITER: 9 END: OK
2019-06-06 07:35:56.063 16 INFO rally.task.context [-] Task 67f785ab-076e-413d-9ad1-a9cbd6d7dd8a | Context users@openstack cleanup() started
2019-06-06 07:36:02.655 16 INFO rally.task.context [-] Task 67f785ab-076e-413d-9ad1-a9cbd6d7dd8a | Context users@openstack cleanup() finished in 6.59 sec
2019-06-06 07:36:02.797 16 INFO rally.task.engine [-] Load duration is: 2.4211
2019-06-06 07:36:02.797 16 INFO rally.task.engine [-] Full runner duration is: 2.469869
2019-06-06 07:36:02.797 16 INFO rally.task.engine [-] Full duration is: 13.931425
2019-06-06 07:36:03.012 16 INFO rally.task.engine [-] Running workload: position = 0 config = { "version": 2, "title": "A cropped version of a bigger task.", "description": "Auto-generated task from a single workload (uuid=9f422b59-62fe-4211-a420-7af34e0c4edd)", "subtasks": [ { "title": "Authenticate.validate_heat", "description": "Check Heat Client to ensure validation of token.", "scenario": { "Authenticate.validate_heat": { "repetitions": 2 } }, "contexts": { "users": { "tenants": 3, "users_per_tenant": 2 } }, "runner": { "constant": { "concurrency": 4, "times": 10 } }, "hooks": [], "sla": { "failure_rate": { "max": 0 } } } ] }
2019-06-06 07:36:03.034 16 RALLYDEBUG rally_openstack.contexts.keystone.users [-] Creating 3 tenants using 20 threads
2019-06-06 07:36:04.834 16 RALLYDEBUG rally_openstack.contexts.keystone.users [-] Creating 6 users using 20 threads
2019-06-06 07:36:07.518 16 INFO rally.task.context [-] Task 67f785ab-076e-413d-9ad1-a9cbd6d7dd8a | Context users@openstack setup() finished in 4.48 sec
2019-06-06 07:36:07.525 16 RALLYDEBUG rally.task.runner [-] Starting the constant runner (task UUID: 67f785ab-076e-413d-9ad1-a9cbd6d7dd8a). timeout: 0 concurrency: 4 concurrency_per_worker: 1 times: 10 concurrency_overhead: 0 processes_to_start: 4 max_cpu_used: 16
2019-06-06 07:36:07.538 452 RALLYDEBUG rally.task.runner [-] Starting a worker. concurrency: 1 args: {"repetitions": 2} times: 10 method_name: run timeout: 0 duration: None cls:
2019-06-06 07:36:07.540 453 RALLYDEBUG rally.task.runner [-] Starting a worker. concurrency: 1 args: {"repetitions": 2} times: 10 method_name: run timeout: 0 duration: None cls:
2019-06-06 07:36:07.543 454 RALLYDEBUG rally.task.runner [-] Starting a worker. concurrency: 1 args: {"repetitions": 2} times: 10 method_name: run timeout: 0 duration: None cls:
2019-06-06 07:36:07.545 452 INFO rally.task.runner [-] Task 67f785ab-076e-413d-9ad1-a9cbd6d7dd8a | ITER: 1 START
2019-06-06 07:36:07.546 453 INFO rally.task.runner [-] Task 67f785ab-076e-413d-9ad1-a9cbd6d7dd8a | ITER: 2 START
2019-06-06 07:36:07.545 455 RALLYDEBUG rally.task.runner [-] Starting a worker. concurrency: 1 args: {"repetitions": 2} times: 10 method_name: run timeout: 0 duration: None cls:
2019-06-06 07:36:07.548 454 INFO rally.task.runner [-] Task 67f785ab-076e-413d-9ad1-a9cbd6d7dd8a | ITER: 3 START
2019-06-06 07:36:07.552 455 INFO rally.task.runner [-] Task 67f785ab-076e-413d-9ad1-a9cbd6d7dd8a | ITER: 4 START
2019-06-06 07:36:09.378 454 INFO rally.task.runner [-] Task 67f785ab-076e-413d-9ad1-a9cbd6d7dd8a | ITER: 3 END: OK
2019-06-06 07:36:09.383 454 INFO rally.task.runner [-] Task 67f785ab-076e-413d-9ad1-a9cbd6d7dd8a | ITER: 5 START
2019-06-06 07:36:09.472 452 INFO rally.task.runner [-] Task 67f785ab-076e-413d-9ad1-a9cbd6d7dd8a | ITER: 1 END: OK
2019-06-06 07:36:09.476 452 INFO rally.task.runner [-] Task 67f785ab-076e-413d-9ad1-a9cbd6d7dd8a | ITER: 6 START
2019-06-06 07:36:09.498 453 INFO rally.task.runner [-] Task 67f785ab-076e-413d-9ad1-a9cbd6d7dd8a | ITER: 2 END: OK
2019-06-06 07:36:09.502 453 INFO rally.task.runner [-] Task 67f785ab-076e-413d-9ad1-a9cbd6d7dd8a | ITER: 7 START
2019-06-06 07:36:09.560 455 INFO rally.task.runner [-] Task 67f785ab-076e-413d-9ad1-a9cbd6d7dd8a | ITER: 4 END: OK
2019-06-06 07:36:09.565 455 INFO rally.task.runner [-] Task 67f785ab-076e-413d-9ad1-a9cbd6d7dd8a | ITER: 8 START
2019-06-06 07:36:10.429 454 INFO rally.task.runner [-] Task 67f785ab-076e-413d-9ad1-a9cbd6d7dd8a | ITER: 5 END: OK
2019-06-06 07:36:10.433 454 INFO rally.task.runner [-] Task 67f785ab-076e-413d-9ad1-a9cbd6d7dd8a | ITER: 9 START
2019-06-06 07:36:10.645 455 INFO rally.task.runner [-] Task 67f785ab-076e-413d-9ad1-a9cbd6d7dd8a | ITER: 8 END: OK
2019-06-06 07:36:10.648 455 INFO rally.task.runner [-] Task 67f785ab-076e-413d-9ad1-a9cbd6d7dd8a | ITER: 10 START
2019-06-06 07:36:10.844 452 INFO rally.task.runner [-] Task 67f785ab-076e-413d-9ad1-a9cbd6d7dd8a | ITER: 6 END: OK
2019-06-06 07:36:10.854 453 INFO rally.task.runner [-] Task 67f785ab-076e-413d-9ad1-a9cbd6d7dd8a | ITER: 7 END: OK
2019-06-06 07:36:11.414 454 INFO rally.task.runner [-] Task 67f785ab-076e-413d-9ad1-a9cbd6d7dd8a | ITER: 9 END: OK
2019-06-06 07:36:11.583 455 INFO rally.task.runner [-] Task 67f785ab-076e-413d-9ad1-a9cbd6d7dd8a | ITER: 10 END: OK
2019-06-06 07:36:11.607 16 INFO rally.task.context [-] Task 67f785ab-076e-413d-9ad1-a9cbd6d7dd8a | Context users@openstack cleanup() started
2019-06-06 07:36:20.166 16 INFO rally.task.context [-] Task 67f785ab-076e-413d-9ad1-a9cbd6d7dd8a | Context users@openstack cleanup() finished in 8.56 sec
2019-06-06 07:36:21.144 16 INFO rally.task.engine [-] Load duration is: 4.037438
2019-06-06 07:36:21.144 16 INFO rally.task.engine [-] Full runner duration is: 4.082173
2019-06-06 07:36:21.145 16 INFO rally.task.engine [-] Full duration is: 17.134631
2019-06-06 07:36:21.387 16 INFO rally.task.engine [-] Running workload: position = 0 config = { "version": 2, "title": "A cropped version of a bigger task.", "description": "Auto-generated task from a single workload (uuid=16402ae7-518b-43fe-81d6-99438b55999b)", "subtasks": [ { "title": "Authenticate.validate_neutron", "description": "Check Neutron Client to ensure validation of token.", "scenario": { "Authenticate.validate_neutron": { "repetitions": 2 } }, "contexts": { "users": { "tenants": 3, "users_per_tenant": 2 } }, "runner": { "constant": { "concurrency": 4, "times": 10 } }, "hooks": [], "sla": { "failure_rate": { "max": 0 } } } ] }
2019-06-06 07:36:21.406 16 RALLYDEBUG rally_openstack.contexts.keystone.users [-] Creating 3 tenants using 20 threads
2019-06-06 07:36:23.310 16 RALLYDEBUG rally_openstack.contexts.keystone.users [-] Creating 6 users using 20 threads
2019-06-06 07:36:25.969 16 INFO rally.task.context [-] Task 67f785ab-076e-413d-9ad1-a9cbd6d7dd8a | Context users@openstack setup() finished in 4.56 sec
2019-06-06 07:36:25.976 16 RALLYDEBUG rally.task.runner [-] Starting the constant runner (task UUID: 67f785ab-076e-413d-9ad1-a9cbd6d7dd8a). timeout: 0 concurrency: 4 concurrency_per_worker: 1 times: 10 concurrency_overhead: 0 processes_to_start: 4 max_cpu_used: 16
2019-06-06 07:36:25.989 556 RALLYDEBUG rally.task.runner [-] Starting a worker. concurrency: 1 args: {"repetitions": 2} times: 10 method_name: run timeout: 0 duration: None cls:
2019-06-06 07:36:25.991 557 RALLYDEBUG rally.task.runner [-] Starting a worker. concurrency: 1 args: {"repetitions": 2} times: 10 method_name: run timeout: 0 duration: None cls:
2019-06-06 07:36:25.993 558 RALLYDEBUG rally.task.runner [-] Starting a worker. concurrency: 1 args: {"repetitions": 2} times: 10 method_name: run timeout: 0 duration: None cls:
2019-06-06 07:36:25.995 556 INFO rally.task.runner [-] Task 67f785ab-076e-413d-9ad1-a9cbd6d7dd8a | ITER: 1 START
2019-06-06 07:36:25.997 557 INFO rally.task.runner [-] Task 67f785ab-076e-413d-9ad1-a9cbd6d7dd8a | ITER: 2 START
2019-06-06 07:36:25.997 559 RALLYDEBUG rally.task.runner [-] Starting a worker. concurrency: 1 args: {"repetitions": 2} times: 10 method_name: run timeout: 0 duration: None cls:
2019-06-06 07:36:25.999 558 INFO rally.task.runner [-] Task 67f785ab-076e-413d-9ad1-a9cbd6d7dd8a | ITER: 3 START
2019-06-06 07:36:26.003 559 INFO rally.task.runner [-] Task 67f785ab-076e-413d-9ad1-a9cbd6d7dd8a | ITER: 4 START
2019-06-06 07:36:26.918 556 INFO rally.task.runner [-] Task 67f785ab-076e-413d-9ad1-a9cbd6d7dd8a | ITER: 1 END: OK
2019-06-06 07:36:26.922 556 INFO rally.task.runner [-] Task 67f785ab-076e-413d-9ad1-a9cbd6d7dd8a | ITER: 5 START
2019-06-06 07:36:27.232 559 INFO rally.task.runner [-] Task 67f785ab-076e-413d-9ad1-a9cbd6d7dd8a | ITER: 4 END: OK
2019-06-06 07:36:27.236 559 INFO rally.task.runner [-] Task 67f785ab-076e-413d-9ad1-a9cbd6d7dd8a | ITER: 6 START
2019-06-06 07:36:27.377 558 INFO rally.task.runner [-] Task 67f785ab-076e-413d-9ad1-a9cbd6d7dd8a | ITER: 3 END: OK
2019-06-06 07:36:27.381 558 INFO rally.task.runner [-] Task 67f785ab-076e-413d-9ad1-a9cbd6d7dd8a | ITER: 7 START
2019-06-06 07:36:27.382 557 INFO rally.task.runner [-] Task 67f785ab-076e-413d-9ad1-a9cbd6d7dd8a | ITER: 2 END: OK
2019-06-06 07:36:27.386 557 INFO rally.task.runner [-] Task 67f785ab-076e-413d-9ad1-a9cbd6d7dd8a | ITER: 8 START
2019-06-06 07:36:27.830 556 INFO rally.task.runner [-] Task 67f785ab-076e-413d-9ad1-a9cbd6d7dd8a | ITER: 5 END: OK
2019-06-06 07:36:27.833 556 INFO rally.task.runner [-] Task 67f785ab-076e-413d-9ad1-a9cbd6d7dd8a | ITER: 9 START
2019-06-06 07:36:28.361 559 INFO rally.task.runner [-] Task 67f785ab-076e-413d-9ad1-a9cbd6d7dd8a | ITER: 6 END: OK
2019-06-06 07:36:28.364 559 INFO rally.task.runner [-] Task 67f785ab-076e-413d-9ad1-a9cbd6d7dd8a | ITER: 10 START
2019-06-06 07:36:28.516 557 INFO rally.task.runner [-] Task 67f785ab-076e-413d-9ad1-a9cbd6d7dd8a | ITER: 8 END: OK
2019-06-06 07:36:28.523 558 INFO rally.task.runner [-] Task 67f785ab-076e-413d-9ad1-a9cbd6d7dd8a | ITER: 7 END: OK
2019-06-06 07:36:28.983 556 INFO rally.task.runner [-] Task 67f785ab-076e-413d-9ad1-a9cbd6d7dd8a | ITER: 9 END: OK
2019-06-06 07:36:29.165 559 INFO rally.task.runner [-] Task 67f785ab-076e-413d-9ad1-a9cbd6d7dd8a | ITER: 10 END: OK
2019-06-06 07:36:29.192 16 INFO rally.task.context [-] Task 67f785ab-076e-413d-9ad1-a9cbd6d7dd8a | Context users@openstack cleanup() started
2019-06-06 07:36:35.791 16 INFO rally.task.context [-] Task 67f785ab-076e-413d-9ad1-a9cbd6d7dd8a | Context users@openstack cleanup() finished in 6.60 sec
2019-06-06 07:36:37.496 16 INFO rally.task.engine [-] Load duration is: 3.168115
2019-06-06 07:36:37.497 16 INFO rally.task.engine [-] Full runner duration is: 3.216818
2019-06-06 07:36:37.497 16 INFO rally.task.engine [-] Full duration is: 14.387059
2019-06-06 07:36:37.712 16 INFO rally.task.engine [-] Running workload: position = 0 config = { "version": 2, "title": "A cropped version of a bigger task.", "description": "Auto-generated task from a single workload (uuid=ce2a43d6-f4a3-492b-a98c-8200c45ab424)", "subtasks": [ { "title": "Authenticate.validate_nova", "description": "Check Nova Client to ensure validation of token.", "scenario": { "Authenticate.validate_nova": { "repetitions": 2 } }, "contexts": { "users": { "tenants": 3, "users_per_tenant": 2 } }, "runner": { "constant": { "concurrency": 4, "times": 10 } }, "hooks": [], "sla": { "failure_rate": { "max": 0 } } } ] }
2019-06-06 07:36:37.734 16 RALLYDEBUG rally_openstack.contexts.keystone.users [-] Creating 3 tenants using 20 threads
2019-06-06 07:36:39.513 16 RALLYDEBUG rally_openstack.contexts.keystone.users [-] Creating 6 users using 20 threads
2019-06-06 07:36:42.420 16 INFO rally.task.context [-] Task 67f785ab-076e-413d-9ad1-a9cbd6d7dd8a | Context users@openstack setup() finished in 4.69 sec
2019-06-06 07:36:42.428 16 RALLYDEBUG rally.task.runner [-] Starting the constant runner (task UUID: 67f785ab-076e-413d-9ad1-a9cbd6d7dd8a). timeout: 0 concurrency: 4 concurrency_per_worker: 1 times: 10 concurrency_overhead: 0 processes_to_start: 4 max_cpu_used: 16
2019-06-06 07:36:42.440 660 RALLYDEBUG rally.task.runner [-] Starting a worker. concurrency: 1 args: {"repetitions": 2} times: 10 method_name: run timeout: 0 duration: None cls:
2019-06-06 07:36:42.444 661 RALLYDEBUG rally.task.runner [-] Starting a worker. concurrency: 1 args: {"repetitions": 2} times: 10 method_name: run timeout: 0 duration: None cls:
2019-06-06 07:36:42.447 660 INFO rally.task.runner [-] Task 67f785ab-076e-413d-9ad1-a9cbd6d7dd8a | ITER: 1 START
2019-06-06 07:36:42.448 662 RALLYDEBUG rally.task.runner [-] Starting a worker. concurrency: 1 args: {"repetitions": 2} times: 10 method_name: run timeout: 0 duration: None cls:
2019-06-06 07:36:42.450 661 INFO rally.task.runner [-] Task 67f785ab-076e-413d-9ad1-a9cbd6d7dd8a | ITER: 2 START
2019-06-06 07:36:42.451 663 RALLYDEBUG rally.task.runner [-] Starting a worker. concurrency: 1 args: {"repetitions": 2} times: 10 method_name: run timeout: 0 duration: None cls:
2019-06-06 07:36:42.454 662 INFO rally.task.runner [-] Task 67f785ab-076e-413d-9ad1-a9cbd6d7dd8a | ITER: 3 START
2019-06-06 07:36:42.457 663 INFO rally.task.runner [-] Task 67f785ab-076e-413d-9ad1-a9cbd6d7dd8a | ITER: 4 START
2019-06-06 07:36:42.938 660 DEBUG novaclient.v2.client [-] REQ: curl -g -i -X GET http://172.30.9.21:8774/v2.1/flavors/detail -H "Accept: application/json" -H "User-Agent: python-novaclient" -H "X-Auth-Token: {SHA1}fe204d6bc2dad92f3f02bcd640bf0869b47ccea4" _http_log_request /usr/lib/python2.7/site-packages/keystoneauth1/session.py:448
2019-06-06 07:36:42.939 661 DEBUG novaclient.v2.client [-] REQ: curl -g -i -X GET http://172.30.9.21:8774/v2.1/flavors/detail -H "Accept: application/json" -H "User-Agent: python-novaclient" -H "X-Auth-Token: {SHA1}047f70f580e378355e0f781d2774ebd381793710" _http_log_request /usr/lib/python2.7/site-packages/keystoneauth1/session.py:448
2019-06-06 07:36:42.954 663 DEBUG novaclient.v2.client [-] REQ: curl -g -i -X GET http://172.30.9.21:8774/v2.1/flavors/detail -H "Accept: application/json" -H "User-Agent: python-novaclient" -H "X-Auth-Token: {SHA1}aa18acf343289319e394587dec0b2985227cc570" _http_log_request /usr/lib/python2.7/site-packages/keystoneauth1/session.py:448
2019-06-06 07:36:42.964 662 DEBUG novaclient.v2.client [-] REQ: curl -g -i -X GET http://172.30.9.21:8774/v2.1/flavors/detail -H "Accept: application/json" -H "User-Agent: python-novaclient" -H "X-Auth-Token: {SHA1}29405b34312a95f4d33987e788f257fb92977c8d" _http_log_request /usr/lib/python2.7/site-packages/keystoneauth1/session.py:448
2019-06-06 07:36:43.226 661 DEBUG novaclient.v2.client [-] RESP: [200] Content-Encoding: gzip Content-Length: 363 Content-Type: application/json Date: Thu, 06 Jun 2019 07:36:42 GMT OpenStack-API-Version: compute 2.1 Server: Apache Vary: OpenStack-API-Version,X-OpenStack-Nova-API-Version,Accept-Encoding X-OpenStack-Nova-API-Version: 2.1 x-compute-request-id: req-cb7f9603-340f-409e-8c3f-1afaab7c3090 x-openstack-request-id: req-cb7f9603-340f-409e-8c3f-1afaab7c3090 _http_log_response /usr/lib/python2.7/site-packages/keystoneauth1/session.py:479
2019-06-06 07:36:43.227 661 DEBUG novaclient.v2.client [-] RESP BODY: {"flavors": [{"name": "rally_full-flavor_29d8bcc7-84f1-4504-9609-dd299ffd3273", "links": [{"href": "http://172.30.9.21:8774/v2.1/flavors/54c731a0-2cab-4a96-a707-254a3c27aa1c", "rel": "self"}, {"href": "http://172.30.9.21:8774/flavors/54c731a0-2cab-4a96-a707-254a3c27aa1c", "rel": "bookmark"}], "ram": 512, "OS-FLV-DISABLED:disabled": false, "vcpus": 1, "swap": "", "os-flavor-access:is_public": true, "rxtx_factor": 1.0, "OS-FLV-EXT-DATA:ephemeral": 0, "disk": 1, "id": "54c731a0-2cab-4a96-a707-254a3c27aa1c"}, {"name": "rally_full-flavor_alt_29d8bcc7-84f1-4504-9609-dd299ffd3273", "links": [{"href": "http://172.30.9.21:8774/v2.1/flavors/cfc6ea16-0b2d-4824-a9be-fc00f063ccc0", "rel": "self"}, {"href": "http://172.30.9.21:8774/flavors/cfc6ea16-0b2d-4824-a9be-fc00f063ccc0", "rel": "bookmark"}], "ram": 1024, "OS-FLV-DISABLED:disabled": false, "vcpus": 1, "swap": "", "os-flavor-access:is_public": true, "rxtx_factor": 1.0, "OS-FLV-EXT-DATA:ephemeral": 0, "disk": 1, "id": "cfc6ea16-0b2d-4824-a9be-fc00f063ccc0"}]} _http_log_response /usr/lib/python2.7/site-packages/keystoneauth1/session.py:511
2019-06-06 07:36:43.227 661 DEBUG novaclient.v2.client [-] GET call to compute for http://172.30.9.21:8774/v2.1/flavors/detail used request id req-cb7f9603-340f-409e-8c3f-1afaab7c3090 request /usr/lib/python2.7/site-packages/keystoneauth1/session.py:844
2019-06-06 07:36:43.229 661 DEBUG novaclient.v2.client [-] REQ: curl -g -i -X GET http://172.30.9.21:8774/v2.1/flavors/detail -H "Accept: application/json" -H "User-Agent: python-novaclient" -H "X-Auth-Token: {SHA1}047f70f580e378355e0f781d2774ebd381793710" _http_log_request /usr/lib/python2.7/site-packages/keystoneauth1/session.py:448
2019-06-06 07:36:43.235 663 DEBUG novaclient.v2.client [-] RESP: [200] Content-Encoding: gzip Content-Length: 363 Content-Type: application/json Date: Thu, 06 Jun 2019 07:36:42 GMT OpenStack-API-Version: compute 2.1 Server: Apache Vary: OpenStack-API-Version,X-OpenStack-Nova-API-Version,Accept-Encoding X-OpenStack-Nova-API-Version: 2.1 x-compute-request-id: req-3311f409-ef5a-44eb-9687-b0caa0e13e0a x-openstack-request-id: req-3311f409-ef5a-44eb-9687-b0caa0e13e0a _http_log_response /usr/lib/python2.7/site-packages/keystoneauth1/session.py:479
2019-06-06 07:36:43.236 663 DEBUG novaclient.v2.client [-] RESP BODY: {"flavors": [{"name": "rally_full-flavor_29d8bcc7-84f1-4504-9609-dd299ffd3273", "links": [{"href": "http://172.30.9.21:8774/v2.1/flavors/54c731a0-2cab-4a96-a707-254a3c27aa1c", "rel": "self"}, {"href": "http://172.30.9.21:8774/flavors/54c731a0-2cab-4a96-a707-254a3c27aa1c", "rel": "bookmark"}], "ram": 512, "OS-FLV-DISABLED:disabled": false, "vcpus": 1, "swap": "", "os-flavor-access:is_public": true, "rxtx_factor": 1.0, "OS-FLV-EXT-DATA:ephemeral": 0, "disk": 1, "id": "54c731a0-2cab-4a96-a707-254a3c27aa1c"}, {"name": "rally_full-flavor_alt_29d8bcc7-84f1-4504-9609-dd299ffd3273", "links": [{"href": "http://172.30.9.21:8774/v2.1/flavors/cfc6ea16-0b2d-4824-a9be-fc00f063ccc0", "rel": "self"}, {"href": "http://172.30.9.21:8774/flavors/cfc6ea16-0b2d-4824-a9be-fc00f063ccc0", "rel": "bookmark"}], "ram": 1024, "OS-FLV-DISABLED:disabled": false, "vcpus": 1, "swap": "", "os-flavor-access:is_public": true, "rxtx_factor": 1.0, "OS-FLV-EXT-DATA:ephemeral": 0, "disk": 1, "id": "cfc6ea16-0b2d-4824-a9be-fc00f063ccc0"}]} _http_log_response /usr/lib/python2.7/site-packages/keystoneauth1/session.py:511
2019-06-06 07:36:43.237 663 DEBUG novaclient.v2.client [-] GET call to compute for http://172.30.9.21:8774/v2.1/flavors/detail used request id req-3311f409-ef5a-44eb-9687-b0caa0e13e0a request /usr/lib/python2.7/site-packages/keystoneauth1/session.py:844
2019-06-06 07:36:43.238 663 DEBUG novaclient.v2.client [-] REQ: curl -g -i -X GET http://172.30.9.21:8774/v2.1/flavors/detail -H "Accept: application/json" -H "User-Agent: python-novaclient" -H "X-Auth-Token: {SHA1}aa18acf343289319e394587dec0b2985227cc570" _http_log_request /usr/lib/python2.7/site-packages/keystoneauth1/session.py:448
2019-06-06 07:36:43.238 660 DEBUG novaclient.v2.client [-] RESP: [200] Content-Encoding: gzip Content-Length: 363 Content-Type: application/json Date: Thu, 06 Jun 2019 07:36:42 GMT OpenStack-API-Version: compute 2.1 Server: Apache Vary: OpenStack-API-Version,X-OpenStack-Nova-API-Version,Accept-Encoding X-OpenStack-Nova-API-Version: 2.1 x-compute-request-id: req-e827f7a1-d4dc-46bc-b3f8-9e7f424f4e80 x-openstack-request-id: req-e827f7a1-d4dc-46bc-b3f8-9e7f424f4e80 _http_log_response /usr/lib/python2.7/site-packages/keystoneauth1/session.py:479
2019-06-06 07:36:43.239 660 DEBUG novaclient.v2.client [-] RESP BODY: {"flavors": [{"name": "rally_full-flavor_29d8bcc7-84f1-4504-9609-dd299ffd3273", "links": [{"href": "http://172.30.9.21:8774/v2.1/flavors/54c731a0-2cab-4a96-a707-254a3c27aa1c", "rel": "self"}, {"href": "http://172.30.9.21:8774/flavors/54c731a0-2cab-4a96-a707-254a3c27aa1c", "rel": "bookmark"}], "ram": 512, "OS-FLV-DISABLED:disabled": false, "vcpus": 1, "swap": "", "os-flavor-access:is_public": true, "rxtx_factor": 1.0, "OS-FLV-EXT-DATA:ephemeral": 0, "disk": 1, "id": "54c731a0-2cab-4a96-a707-254a3c27aa1c"}, {"name": "rally_full-flavor_alt_29d8bcc7-84f1-4504-9609-dd299ffd3273", "links": [{"href": "http://172.30.9.21:8774/v2.1/flavors/cfc6ea16-0b2d-4824-a9be-fc00f063ccc0", "rel": "self"}, {"href": "http://172.30.9.21:8774/flavors/cfc6ea16-0b2d-4824-a9be-fc00f063ccc0", "rel": "bookmark"}], "ram": 1024, "OS-FLV-DISABLED:disabled": false, "vcpus": 1, "swap": "", "os-flavor-access:is_public": true, "rxtx_factor": 1.0, "OS-FLV-EXT-DATA:ephemeral": 0, "disk": 1, "id": "cfc6ea16-0b2d-4824-a9be-fc00f063ccc0"}]} _http_log_response /usr/lib/python2.7/site-packages/keystoneauth1/session.py:511
2019-06-06 07:36:43.240 660 DEBUG novaclient.v2.client [-] GET call to compute for http://172.30.9.21:8774/v2.1/flavors/detail used request id req-e827f7a1-d4dc-46bc-b3f8-9e7f424f4e80 request /usr/lib/python2.7/site-packages/keystoneauth1/session.py:844
2019-06-06 07:36:43.241 660 DEBUG novaclient.v2.client [-] REQ: curl -g -i -X GET http://172.30.9.21:8774/v2.1/flavors/detail -H "Accept: application/json" -H "User-Agent: python-novaclient" -H "X-Auth-Token: {SHA1}fe204d6bc2dad92f3f02bcd640bf0869b47ccea4" _http_log_request /usr/lib/python2.7/site-packages/keystoneauth1/session.py:448
2019-06-06 07:36:43.245 662 DEBUG novaclient.v2.client [-] RESP: [200] Content-Encoding: gzip Content-Length: 363 Content-Type: application/json Date: Thu, 06 Jun 2019 07:36:42 GMT OpenStack-API-Version: compute 2.1 Server: Apache Vary: OpenStack-API-Version,X-OpenStack-Nova-API-Version,Accept-Encoding X-OpenStack-Nova-API-Version: 2.1 x-compute-request-id: req-41a510b1-633f-4686-ac67-d3063275bcd3 x-openstack-request-id: req-41a510b1-633f-4686-ac67-d3063275bcd3 _http_log_response /usr/lib/python2.7/site-packages/keystoneauth1/session.py:479
2019-06-06 07:36:43.246 662 DEBUG novaclient.v2.client [-] RESP BODY: {"flavors": [{"name": "rally_full-flavor_29d8bcc7-84f1-4504-9609-dd299ffd3273", "links": [{"href": "http://172.30.9.21:8774/v2.1/flavors/54c731a0-2cab-4a96-a707-254a3c27aa1c", "rel": "self"}, {"href": "http://172.30.9.21:8774/flavors/54c731a0-2cab-4a96-a707-254a3c27aa1c", "rel": "bookmark"}], "ram": 512, "OS-FLV-DISABLED:disabled": false, "vcpus": 1, "swap": "", "os-flavor-access:is_public": true, "rxtx_factor": 1.0, "OS-FLV-EXT-DATA:ephemeral": 0, "disk": 1, "id": "54c731a0-2cab-4a96-a707-254a3c27aa1c"}, {"name": "rally_full-flavor_alt_29d8bcc7-84f1-4504-9609-dd299ffd3273", "links": [{"href": "http://172.30.9.21:8774/v2.1/flavors/cfc6ea16-0b2d-4824-a9be-fc00f063ccc0", "rel": "self"}, {"href": "http://172.30.9.21:8774/flavors/cfc6ea16-0b2d-4824-a9be-fc00f063ccc0", "rel": "bookmark"}], "ram": 1024, "OS-FLV-DISABLED:disabled": false, "vcpus": 1, "swap": "", "os-flavor-access:is_public": true, "rxtx_factor": 1.0, "OS-FLV-EXT-DATA:ephemeral": 0, "disk": 1, "id": "cfc6ea16-0b2d-4824-a9be-fc00f063ccc0"}]} _http_log_response /usr/lib/python2.7/site-packages/keystoneauth1/session.py:511
2019-06-06 07:36:43.247 662 DEBUG novaclient.v2.client [-] GET call to compute for http://172.30.9.21:8774/v2.1/flavors/detail used request id req-41a510b1-633f-4686-ac67-d3063275bcd3 request /usr/lib/python2.7/site-packages/keystoneauth1/session.py:844
2019-06-06 07:36:43.248 662 DEBUG novaclient.v2.client [-] REQ: curl -g -i -X GET http://172.30.9.21:8774/v2.1/flavors/detail -H "Accept: application/json" -H "User-Agent: python-novaclient" -H "X-Auth-Token: {SHA1}29405b34312a95f4d33987e788f257fb92977c8d" _http_log_request /usr/lib/python2.7/site-packages/keystoneauth1/session.py:448
2019-06-06 07:36:43.250 661 DEBUG novaclient.v2.client [-] RESP: [200] Content-Encoding: gzip Content-Length: 363 Content-Type: application/json Date: Thu, 06 Jun 2019 07:36:43 GMT OpenStack-API-Version: compute 2.1 Server: Apache Vary: OpenStack-API-Version,X-OpenStack-Nova-API-Version,Accept-Encoding X-OpenStack-Nova-API-Version: 2.1 x-compute-request-id: req-68c0d734-c9e2-4eb0-902b-d71c845bebd2 x-openstack-request-id: req-68c0d734-c9e2-4eb0-902b-d71c845bebd2 _http_log_response /usr/lib/python2.7/site-packages/keystoneauth1/session.py:479
2019-06-06 07:36:43.250 661 DEBUG novaclient.v2.client [-] RESP BODY: {"flavors": [{"name": "rally_full-flavor_29d8bcc7-84f1-4504-9609-dd299ffd3273", "links": [{"href": "http://172.30.9.21:8774/v2.1/flavors/54c731a0-2cab-4a96-a707-254a3c27aa1c", "rel": "self"}, {"href": "http://172.30.9.21:8774/flavors/54c731a0-2cab-4a96-a707-254a3c27aa1c", "rel": "bookmark"}], "ram": 512, "OS-FLV-DISABLED:disabled": false, "vcpus": 1, "swap": "", "os-flavor-access:is_public": true, "rxtx_factor": 1.0, "OS-FLV-EXT-DATA:ephemeral": 0, "disk": 1, "id": "54c731a0-2cab-4a96-a707-254a3c27aa1c"}, {"name": "rally_full-flavor_alt_29d8bcc7-84f1-4504-9609-dd299ffd3273", "links": [{"href": "http://172.30.9.21:8774/v2.1/flavors/cfc6ea16-0b2d-4824-a9be-fc00f063ccc0", "rel": "self"}, {"href": "http://172.30.9.21:8774/flavors/cfc6ea16-0b2d-4824-a9be-fc00f063ccc0", "rel": "bookmark"}], "ram": 1024, "OS-FLV-DISABLED:disabled": false, "vcpus": 1, "swap": "", "os-flavor-access:is_public": true, "rxtx_factor": 1.0, "OS-FLV-EXT-DATA:ephemeral": 0, "disk": 1, "id": "cfc6ea16-0b2d-4824-a9be-fc00f063ccc0"}]} _http_log_response /usr/lib/python2.7/site-packages/keystoneauth1/session.py:511
2019-06-06 07:36:43.251 661 DEBUG novaclient.v2.client [-] GET call to compute for http://172.30.9.21:8774/v2.1/flavors/detail used request id req-68c0d734-c9e2-4eb0-902b-d71c845bebd2 request /usr/lib/python2.7/site-packages/keystoneauth1/session.py:844
2019-06-06 07:36:43.252 661 INFO rally.task.runner [-] Task 67f785ab-076e-413d-9ad1-a9cbd6d7dd8a | ITER: 2 END: OK
2019-06-06 07:36:43.256 661 INFO rally.task.runner [-] Task 67f785ab-076e-413d-9ad1-a9cbd6d7dd8a | ITER: 5 START
2019-06-06 07:36:43.258 663 DEBUG novaclient.v2.client [-] RESP: [200] Content-Encoding: gzip Content-Length: 363 Content-Type: application/json Date: Thu, 06 Jun 2019 07:36:43 GMT OpenStack-API-Version: compute 2.1 Server: Apache Vary: OpenStack-API-Version,X-OpenStack-Nova-API-Version,Accept-Encoding X-OpenStack-Nova-API-Version: 2.1 x-compute-request-id: req-c55042f2-dc02-4377-9c62-b47593883db7 x-openstack-request-id: req-c55042f2-dc02-4377-9c62-b47593883db7 _http_log_response /usr/lib/python2.7/site-packages/keystoneauth1/session.py:479
2019-06-06 07:36:43.258 663 DEBUG novaclient.v2.client [-] RESP BODY: {"flavors": [{"name": "rally_full-flavor_29d8bcc7-84f1-4504-9609-dd299ffd3273", "links": [{"href": "http://172.30.9.21:8774/v2.1/flavors/54c731a0-2cab-4a96-a707-254a3c27aa1c", "rel": "self"}, {"href": "http://172.30.9.21:8774/flavors/54c731a0-2cab-4a96-a707-254a3c27aa1c", "rel": "bookmark"}], "ram": 512, "OS-FLV-DISABLED:disabled": false, "vcpus": 1, "swap": "", "os-flavor-access:is_public": true, "rxtx_factor": 1.0, "OS-FLV-EXT-DATA:ephemeral": 0, "disk": 1, "id": "54c731a0-2cab-4a96-a707-254a3c27aa1c"}, {"name": "rally_full-flavor_alt_29d8bcc7-84f1-4504-9609-dd299ffd3273", "links": [{"href": "http://172.30.9.21:8774/v2.1/flavors/cfc6ea16-0b2d-4824-a9be-fc00f063ccc0", "rel": "self"}, {"href": "http://172.30.9.21:8774/flavors/cfc6ea16-0b2d-4824-a9be-fc00f063ccc0", "rel": "bookmark"}], "ram": 1024, "OS-FLV-DISABLED:disabled": false, "vcpus": 1, "swap": "", "os-flavor-access:is_public": true, "rxtx_factor": 1.0, "OS-FLV-EXT-DATA:ephemeral": 0, "disk": 1, "id": "cfc6ea16-0b2d-4824-a9be-fc00f063ccc0"}]} _http_log_response /usr/lib/python2.7/site-packages/keystoneauth1/session.py:511
2019-06-06 07:36:43.259 663 DEBUG novaclient.v2.client [-] GET call to compute for http://172.30.9.21:8774/v2.1/flavors/detail used request id req-c55042f2-dc02-4377-9c62-b47593883db7 request /usr/lib/python2.7/site-packages/keystoneauth1/session.py:844
2019-06-06 07:36:43.259 663 INFO rally.task.runner [-] Task 67f785ab-076e-413d-9ad1-a9cbd6d7dd8a | ITER: 4 END: OK
2019-06-06 07:36:43.263 660 DEBUG novaclient.v2.client [-] RESP: [200] Content-Encoding: gzip Content-Length: 363 Content-Type: application/json Date: Thu, 06 Jun 2019 07:36:43 GMT OpenStack-API-Version: compute 2.1 Server: Apache Vary: OpenStack-API-Version,X-OpenStack-Nova-API-Version,Accept-Encoding X-OpenStack-Nova-API-Version: 2.1 x-compute-request-id: req-e0f75424-5021-4ecb-a3da-f60f8ae3c543 x-openstack-request-id: req-e0f75424-5021-4ecb-a3da-f60f8ae3c543 _http_log_response /usr/lib/python2.7/site-packages/keystoneauth1/session.py:479
2019-06-06 07:36:43.264 660 DEBUG novaclient.v2.client [-] RESP BODY: {"flavors": [{"name": "rally_full-flavor_29d8bcc7-84f1-4504-9609-dd299ffd3273", "links": [{"href": "http://172.30.9.21:8774/v2.1/flavors/54c731a0-2cab-4a96-a707-254a3c27aa1c", "rel": "self"}, {"href": "http://172.30.9.21:8774/flavors/54c731a0-2cab-4a96-a707-254a3c27aa1c", "rel": "bookmark"}], "ram": 512, "OS-FLV-DISABLED:disabled": false, "vcpus": 1, "swap": "", "os-flavor-access:is_public": true, "rxtx_factor": 1.0, "OS-FLV-EXT-DATA:ephemeral": 0, "disk": 1, "id": "54c731a0-2cab-4a96-a707-254a3c27aa1c"}, {"name": "rally_full-flavor_alt_29d8bcc7-84f1-4504-9609-dd299ffd3273", "links": [{"href": "http://172.30.9.21:8774/v2.1/flavors/cfc6ea16-0b2d-4824-a9be-fc00f063ccc0", "rel": "self"}, {"href": "http://172.30.9.21:8774/flavors/cfc6ea16-0b2d-4824-a9be-fc00f063ccc0", "rel": "bookmark"}], "ram": 1024, "OS-FLV-DISABLED:disabled": false, "vcpus": 1, "swap": "", "os-flavor-access:is_public": true, "rxtx_factor": 1.0, "OS-FLV-EXT-DATA:ephemeral": 0, "disk": 1, "id": "cfc6ea16-0b2d-4824-a9be-fc00f063ccc0"}]} _http_log_response /usr/lib/python2.7/site-packages/keystoneauth1/session.py:511
2019-06-06 07:36:43.264 663 INFO rally.task.runner [-] Task 67f785ab-076e-413d-9ad1-a9cbd6d7dd8a | ITER: 6 START
2019-06-06 07:36:43.264 660 DEBUG novaclient.v2.client [-] GET call to compute for http://172.30.9.21:8774/v2.1/flavors/detail used request id req-e0f75424-5021-4ecb-a3da-f60f8ae3c543 request /usr/lib/python2.7/site-packages/keystoneauth1/session.py:844
