2019-06-06 07:40:30.384 725 DEBUG novaclient.v2.client [-] RESP: [202] Content-Length: 0 Content-Type: application/json Date: Thu, 06 Jun 2019 07:40:30 GMT OpenStack-API-Version: compute 2.1 Server: Apache Vary: OpenStack-API-Version,X-OpenStack-Nova-API-Version X-OpenStack-Nova-API-Version: 2.1 x-compute-request-id: req-829b8b00-2be2-4532-be73-b25afd8b480c x-openstack-request-id: req-829b8b00-2be2-4532-be73-b25afd8b480c _http_log_response /usr/lib/python2.7/site-packages/keystoneauth1/session.py:479
2019-06-06 07:40:30.385 725 DEBUG novaclient.v2.client [-] DELETE call to compute for http://172.30.9.21:8774/v2.1/os-quota-sets/c15c565023674c238b627dd01b1b484a used request id req-829b8b00-2be2-4532-be73-b25afd8b480c request /usr/lib/python2.7/site-packages/keystoneauth1/session.py:844
2019-06-06 07:40:30.385 725 INFO rally.task.context [-] Task 9478fcc1-9114-4691-b6c3-b772bb86535a | Context quotas@openstack cleanup() finished in 0.10 sec
2019-06-06 07:40:30.386 725 INFO rally.task.context [-] Task 9478fcc1-9114-4691-b6c3-b772bb86535a | Context users@openstack cleanup() started
2019-06-06 07:40:37.115 725 INFO rally.task.context [-] Task 9478fcc1-9114-4691-b6c3-b772bb86535a | Context users@openstack cleanup() finished in 6.73 sec
2019-06-06 07:40:37.653 725 INFO rally.task.engine [-] Load duration is: 75.132361
2019-06-06 07:40:37.654 725 INFO rally.task.engine [-] Full runner duration is: 77.040412
2019-06-06 07:40:37.654 725 INFO rally.task.engine [-] Full duration is: 121.980213
2019-06-06 07:40:37.924 725 INFO rally.task.engine [-] Running workload: position = 0 config = { "version": 2, "title": "A cropped version of a bigger task.", "description": "Auto-generated task from a single workload (uuid=2249bc38-c7c3-4e9c-b97a-5a1e8266ace5)", "subtasks": [ { "title": "GlanceImages.create_and_deactivate_image", "description": "Create an image, then deactivate it.", "scenario": { "GlanceImages.create_and_deactivate_image": { "container_format": "bare", "disk_format": "qcow2", "image_location": "/home/opnfv/functest/images/cirros-0.4.0-x86_64-disk.img" } }, "contexts": { "users": { "tenants": 3, "users_per_tenant": 2 } }, "runner": { "constant": { "concurrency": 4, "times": 10 } }, "hooks": [], "sla": { "failure_rate": { "max": 0 } } } ] }
2019-06-06 07:40:37.944 725 RALLYDEBUG rally_openstack.contexts.keystone.users [-] Creating 3 tenants using 20 threads
2019-06-06 07:40:39.748 725 RALLYDEBUG rally_openstack.contexts.keystone.users [-] Creating 6 users using 20 threads
2019-06-06 07:40:42.323 725 INFO rally.task.context [-] Task 9478fcc1-9114-4691-b6c3-b772bb86535a | Context users@openstack setup() finished in 4.38 sec
2019-06-06 07:40:42.324 725 INFO rally.task.context [-] Task 9478fcc1-9114-4691-b6c3-b772bb86535a | Context cleanup@openstack setup() finished in 0.01 msec
2019-06-06 07:40:42.330 725 RALLYDEBUG rally.task.runner [-] Starting the constant runner (task UUID: 9478fcc1-9114-4691-b6c3-b772bb86535a). timeout: 0 concurrency: 4 concurrency_per_worker: 1 times: 10 concurrency_overhead: 0 processes_to_start: 4 max_cpu_used: 16
2019-06-06 07:40:42.341 1385 RALLYDEBUG rally.task.runner [-] Starting a worker. concurrency: 1 args: {"container_format": "bare", "disk_format": "qcow2", "image_location": "/home/opnfv/functest/images/cirros-0.4.0-x86_64-disk.img"} times: 10 method_name: run timeout: 0 duration: None cls:
2019-06-06 07:40:42.345 1386 RALLYDEBUG rally.task.runner [-] Starting a worker. concurrency: 1 args: {"container_format": "bare", "disk_format": "qcow2", "image_location": "/home/opnfv/functest/images/cirros-0.4.0-x86_64-disk.img"} times: 10 method_name: run timeout: 0 duration: None cls:
2019-06-06 07:40:42.347 1385 INFO rally.task.runner [-] Task 9478fcc1-9114-4691-b6c3-b772bb86535a | ITER: 1 START
2019-06-06 07:40:42.347 1387 RALLYDEBUG rally.task.runner [-] Starting a worker. concurrency: 1 args: {"container_format": "bare", "disk_format": "qcow2", "image_location": "/home/opnfv/functest/images/cirros-0.4.0-x86_64-disk.img"} times: 10 method_name: run timeout: 0 duration: None cls:
2019-06-06 07:40:42.350 1388 RALLYDEBUG rally.task.runner [-] Starting a worker. concurrency: 1 args: {"container_format": "bare", "disk_format": "qcow2", "image_location": "/home/opnfv/functest/images/cirros-0.4.0-x86_64-disk.img"} times: 10 method_name: run timeout: 0 duration: None cls:
2019-06-06 07:40:42.352 1386 INFO rally.task.runner [-] Task 9478fcc1-9114-4691-b6c3-b772bb86535a | ITER: 2 START
2019-06-06 07:40:42.354 1387 INFO rally.task.runner [-] Task 9478fcc1-9114-4691-b6c3-b772bb86535a | ITER: 3 START
2019-06-06 07:40:42.358 1388 INFO rally.task.runner [-] Task 9478fcc1-9114-4691-b6c3-b772bb86535a | ITER: 4 START
2019-06-06 07:40:45.642 1386 RALLYDEBUG rally.task.utils [-] Waiting for resource u'fe71d417-3894-4d3f-8a3d-f809c170cbc6'. Status changed: NONE => QUEUED in 0.0339369773865
2019-06-06 07:40:45.689 1387 RALLYDEBUG rally.task.utils [-] Waiting for resource u'8dac7607-e624-440b-a8ec-57cc68fffebf'. Status changed: NONE => QUEUED in 0.0557880401611
2019-06-06 07:40:45.692 1388 RALLYDEBUG rally.task.utils [-] Waiting for resource u'307f8322-af93-465a-9f4b-c6782b86833b'. Status changed: NONE => QUEUED in 0.0668430328369
2019-06-06 07:40:45.698 1385 RALLYDEBUG rally.task.utils [-] Waiting for resource u'e61cc538-242e-4690-abb8-7df47589709c'. Status changed: NONE => QUEUED in 0.05770611763
2019-06-06 07:40:50.287 1386 RALLYDEBUG rally.task.utils [-] Waiting for resource s_rally_2249bc38_fjr02IFv. Status changed: QUEUED => ACTIVE in 0.0431959629059
2019-06-06 07:40:50.304 1385 RALLYDEBUG rally.task.utils [-] Waiting for resource s_rally_2249bc38_SbjyZhBM. Status changed: QUEUED => ACTIVE in 0.0488760471344
2019-06-06 07:40:50.350 1388 RALLYDEBUG rally.task.utils [-] Waiting for resource s_rally_2249bc38_YS0s7xYk. Status changed: QUEUED => ACTIVE in 0.0489749908447
2019-06-06 07:40:50.391 1387 RALLYDEBUG rally.task.utils [-] Waiting for resource s_rally_2249bc38_Q4tDqkMu. Status changed: QUEUED => ACTIVE in 0.0550999641418
2019-06-06 07:40:50.468 1386 INFO rally.task.runner [-] Task 9478fcc1-9114-4691-b6c3-b772bb86535a | ITER: 2 END: OK
2019-06-06 07:40:50.472 1386 INFO rally.task.runner [-] Task 9478fcc1-9114-4691-b6c3-b772bb86535a | ITER: 5 START
2019-06-06 07:40:50.484 1385 INFO rally.task.runner [-] Task 9478fcc1-9114-4691-b6c3-b772bb86535a | ITER: 1 END: OK
2019-06-06 07:40:50.488 1385 INFO rally.task.runner [-] Task 9478fcc1-9114-4691-b6c3-b772bb86535a | ITER: 6 START
2019-06-06 07:40:50.496 1388 INFO rally.task.runner [-] Task 9478fcc1-9114-4691-b6c3-b772bb86535a | ITER: 4 END: OK
2019-06-06 07:40:50.499 1387 INFO rally.task.runner [-] Task 9478fcc1-9114-4691-b6c3-b772bb86535a | ITER: 3 END: OK
2019-06-06 07:40:50.500 1388 INFO rally.task.runner [-] Task 9478fcc1-9114-4691-b6c3-b772bb86535a | ITER: 7 START
2019-06-06 07:40:50.502 1387 INFO rally.task.runner [-] Task 9478fcc1-9114-4691-b6c3-b772bb86535a | ITER: 8 START
2019-06-06 07:40:53.745 1387 RALLYDEBUG rally.task.utils [-] Waiting for resource u'32465601-1191-42c9-b27a-08d29e49f5b7'. Status changed: NONE => QUEUED in 0.0307297706604
2019-06-06 07:40:53.783 1388 RALLYDEBUG rally.task.utils [-] Waiting for resource u'8e85a380-2b2a-47b4-8269-51b3caa82211'. Status changed: NONE => QUEUED in 0.0316660404205
2019-06-06 07:40:53.804 1386 RALLYDEBUG rally.task.utils [-] Waiting for resource u'a83df0d7-2121-4a4d-9bb9-b429740d78e5'. Status changed: NONE => QUEUED in 0.0314748287201
2019-06-06 07:40:53.894 1385 RALLYDEBUG rally.task.utils [-] Waiting for resource u'4873805c-1a06-459f-b5bc-49cfebc9c605'. Status changed: NONE => QUEUED in 0.0257060527802
2019-06-06 07:40:55.034 1388 RALLYDEBUG rally.task.utils [-] Waiting for resource s_rally_2249bc38_Ju7zACZP. Status changed: QUEUED => ACTIVE in 0.0239291191101
2019-06-06 07:40:55.040 1385 RALLYDEBUG rally.task.utils [-] Waiting for resource s_rally_2249bc38_X3ml8xu1. Status changed: QUEUED => ACTIVE in 0.0214791297913
2019-06-06 07:40:55.044 1387 RALLYDEBUG rally.task.utils [-] Waiting for resource s_rally_2249bc38_StbgN1wA. Status changed: QUEUED => ACTIVE in 0.0212969779968
2019-06-06 07:40:55.045 1386 RALLYDEBUG rally.task.utils [-] Waiting for resource s_rally_2249bc38_0Ge72w6v. Status changed: QUEUED => ACTIVE in 0.0260629653931
2019-06-06 07:40:55.118 1385 INFO rally.task.runner [-] Task 9478fcc1-9114-4691-b6c3-b772bb86535a | ITER: 6 END: OK
2019-06-06 07:40:55.121 1385 INFO rally.task.runner [-] Task 9478fcc1-9114-4691-b6c3-b772bb86535a | ITER: 9 START
2019-06-06 07:40:55.129 1387 INFO rally.task.runner [-] Task 9478fcc1-9114-4691-b6c3-b772bb86535a | ITER: 8 END: OK
2019-06-06 07:40:55.129 1388 INFO rally.task.runner [-] Task 9478fcc1-9114-4691-b6c3-b772bb86535a | ITER: 7 END: OK
2019-06-06 07:40:55.132 1386 INFO rally.task.runner [-] Task 9478fcc1-9114-4691-b6c3-b772bb86535a | ITER: 5 END: OK
2019-06-06 07:40:55.132 1388 INFO rally.task.runner [-] Task 9478fcc1-9114-4691-b6c3-b772bb86535a | ITER: 10 START
2019-06-06 07:40:58.309 1385 RALLYDEBUG rally.task.utils [-] Waiting for resource u'bcde92fb-e040-4a2b-9225-038ddbab0d1c'. Status changed: NONE => QUEUED in 0.0284640789032
2019-06-06 07:40:59.020 1388 RALLYDEBUG rally.task.utils [-] Waiting for resource u'ea4a12a8-d481-4d85-9b3c-e2c2177abc3a'. Status changed: NONE => QUEUED in 0.658560991287
2019-06-06 07:40:59.082 1385 RALLYDEBUG rally.task.utils [-] Waiting for resource s_rally_2249bc38_YwWcVvoQ. Status changed: QUEUED => ACTIVE in 0.0242910385132
2019-06-06 07:41:00.084 1385 INFO rally.task.runner [-] Task 9478fcc1-9114-4691-b6c3-b772bb86535a | ITER: 9 END: OK
2019-06-06 07:41:00.122 1388 RALLYDEBUG rally.task.utils [-] Waiting for resource s_rally_2249bc38_Qup1KdbT. Status changed: QUEUED => ACTIVE in 0.0387089252472
2019-06-06 07:41:00.190 1388 INFO rally.task.runner [-] Task 9478fcc1-9114-4691-b6c3-b772bb86535a | ITER: 10 END: OK
2019-06-06 07:41:00.215 725 INFO rally.task.context [-] Task 9478fcc1-9114-4691-b6c3-b772bb86535a | Context cleanup@openstack cleanup() started
2019-06-06 07:41:00.216 725 RALLYDEBUG rally_openstack.cleanup.manager [-] Cleaning up glance images objects
2019-06-06 07:41:02.397 725 RALLYDEBUG rally_openstack.cleanup.manager [-] Deleting glance.images object s_rally_2249bc38_Qup1KdbT (ea4a12a8-d481-4d85-9b3c-e2c2177abc3a)
2019-06-06 07:41:02.400 725 RALLYDEBUG rally_openstack.cleanup.manager [-] Deleting glance.images object s_rally_2249bc38_X3ml8xu1 (4873805c-1a06-459f-b5bc-49cfebc9c605)
2019-06-06 07:41:02.411 725 RALLYDEBUG rally_openstack.cleanup.manager [-] Deleting glance.images object s_rally_2249bc38_YS0s7xYk (307f8322-af93-465a-9f4b-c6782b86833b)
2019-06-06 07:41:02.412 725 RALLYDEBUG rally_openstack.cleanup.manager [-] Deleting glance.images object s_rally_2249bc38_YwWcVvoQ (bcde92fb-e040-4a2b-9225-038ddbab0d1c)
2019-06-06 07:41:02.413 725 RALLYDEBUG rally_openstack.cleanup.manager [-] Deleting glance.images object s_rally_2249bc38_fjr02IFv (fe71d417-3894-4d3f-8a3d-f809c170cbc6)
2019-06-06 07:41:02.414 725 RALLYDEBUG rally_openstack.cleanup.manager [-] Deleting glance.images object s_rally_2249bc38_Q4tDqkMu (8dac7607-e624-440b-a8ec-57cc68fffebf)
2019-06-06 07:41:02.414 725 RALLYDEBUG rally_openstack.cleanup.manager [-] Deleting glance.images object s_rally_2249bc38_Ju7zACZP (8e85a380-2b2a-47b4-8269-51b3caa82211)
2019-06-06 07:41:02.434 725 RALLYDEBUG rally_openstack.cleanup.manager [-] Deleting glance.images object s_rally_2249bc38_SbjyZhBM (e61cc538-242e-4690-abb8-7df47589709c)
2019-06-06 07:41:02.436 725 RALLYDEBUG rally_openstack.cleanup.manager [-] Deleting glance.images object s_rally_2249bc38_StbgN1wA (32465601-1191-42c9-b27a-08d29e49f5b7)
2019-06-06 07:41:02.445 725 RALLYDEBUG rally_openstack.cleanup.manager [-] Deleting glance.images object s_rally_2249bc38_0Ge72w6v (a83df0d7-2121-4a4d-9bb9-b429740d78e5)
2019-06-06 07:41:03.651 725 DEBUG glanceclient.common.http [-] Request returned failure status 404. _handle_response /usr/lib/python2.7/site-packages/glanceclient/common/http.py:125
2019-06-06 07:41:03.666 725 DEBUG glanceclient.common.http [-] Request returned failure status 404. _handle_response /usr/lib/python2.7/site-packages/glanceclient/common/http.py:125
2019-06-06 07:41:04.773 725 DEBUG glanceclient.common.http [-] Request returned failure status 404. _handle_response /usr/lib/python2.7/site-packages/glanceclient/common/http.py:125
2019-06-06 07:41:04.784 725 DEBUG glanceclient.common.http [-] Request returned failure status 404. _handle_response /usr/lib/python2.7/site-packages/glanceclient/common/http.py:125
2019-06-06 07:41:04.790 725 DEBUG glanceclient.common.http [-] Request returned failure status 404. _handle_response /usr/lib/python2.7/site-packages/glanceclient/common/http.py:125
2019-06-06 07:41:04.805 725 DEBUG glanceclient.common.http [-] Request returned failure status 404. _handle_response /usr/lib/python2.7/site-packages/glanceclient/common/http.py:125
2019-06-06 07:41:04.811 725 DEBUG glanceclient.common.http [-] Request returned failure status 404. _handle_response /usr/lib/python2.7/site-packages/glanceclient/common/http.py:125
2019-06-06 07:41:04.813 725 DEBUG glanceclient.common.http [-] Request returned failure status 404. _handle_response /usr/lib/python2.7/site-packages/glanceclient/common/http.py:125
2019-06-06 07:41:04.820 725 DEBUG glanceclient.common.http [-] Request returned failure status 404. _handle_response /usr/lib/python2.7/site-packages/glanceclient/common/http.py:125
2019-06-06 07:41:04.820 725 DEBUG glanceclient.common.http [-] Request returned failure status 404. _handle_response /usr/lib/python2.7/site-packages/glanceclient/common/http.py:125
2019-06-06 07:41:04.820 725 DEBUG glanceclient.common.http [-] Request returned failure status 404. _handle_response /usr/lib/python2.7/site-packages/glanceclient/common/http.py:125
2019-06-06 07:41:04.827 725 DEBUG glanceclient.common.http [-] Request returned failure status 404. _handle_response /usr/lib/python2.7/site-packages/glanceclient/common/http.py:125
2019-06-06 07:41:04.827 725 DEBUG glanceclient.common.http [-] Request returned failure status 404. _handle_response /usr/lib/python2.7/site-packages/glanceclient/common/http.py:125
2019-06-06 07:41:04.838 725 DEBUG glanceclient.common.http [-] Request returned failure status 404. _handle_response /usr/lib/python2.7/site-packages/glanceclient/common/http.py:125
2019-06-06 07:41:04.841 725 DEBUG glanceclient.common.http [-] Request returned failure status 404. _handle_response /usr/lib/python2.7/site-packages/glanceclient/common/http.py:125
2019-06-06 07:41:04.847 725 DEBUG glanceclient.common.http [-] Request returned failure status 404. _handle_response /usr/lib/python2.7/site-packages/glanceclient/common/http.py:125
2019-06-06 07:41:05.745 725 DEBUG glanceclient.common.http [-] Request returned failure status 404. _handle_response /usr/lib/python2.7/site-packages/glanceclient/common/http.py:125
2019-06-06 07:41:05.761 725 DEBUG glanceclient.common.http [-] Request returned failure status 404. _handle_response /usr/lib/python2.7/site-packages/glanceclient/common/http.py:125
2019-06-06 07:41:05.764 725 DEBUG glanceclient.common.http [-] Request returned failure status 404. _handle_response /usr/lib/python2.7/site-packages/glanceclient/common/http.py:125
2019-06-06 07:41:05.776 725 DEBUG glanceclient.common.http [-] Request returned failure status 404. _handle_response /usr/lib/python2.7/site-packages/glanceclient/common/http.py:125
2019-06-06 07:41:06.779 725 INFO rally.task.context [-] Task 9478fcc1-9114-4691-b6c3-b772bb86535a | Context cleanup@openstack cleanup() finished in 6.56 sec
2019-06-06 07:41:06.779 725 INFO rally.task.context [-] Task 9478fcc1-9114-4691-b6c3-b772bb86535a | Context users@openstack cleanup() started
2019-06-06 07:41:13.990 725 INFO rally.task.context [-] Task 9478fcc1-9114-4691-b6c3-b772bb86535a | Context users@openstack cleanup() finished in 7.21 sec
2019-06-06 07:41:14.091 725 INFO rally.task.engine [-] Load duration is: 16.982116
2019-06-06 07:41:14.091 725 INFO rally.task.engine [-] Full runner duration is: 17.884749
2019-06-06 07:41:14.091 725 INFO rally.task.engine [-] Full duration is: 36.047379
2019-06-06 07:41:14.317 725 INFO rally.task.engine [-] Running workload: position = 0 config = { "version": 2, "title": "A cropped version of a bigger task.", "description": "Auto-generated task from a single workload (uuid=8046f7fa-52fd-41ba-8c41-6383be3291d0)", "subtasks": [ { "title": "GlanceImages.create_and_download_image", "description": "Create an image, then download data of the image.", "scenario": { "GlanceImages.create_and_download_image": { "container_format": "bare", "disk_format": "qcow2", "image_location": "/home/opnfv/functest/images/cirros-0.4.0-x86_64-disk.img" } }, "contexts": { "users": { "tenants": 3, "users_per_tenant": 2 } }, "runner": { "constant": { "concurrency": 4, "times": 10 } }, "hooks": [], "sla": { "failure_rate": { "max": 0 } } } ] }
2019-06-06 07:41:14.329 725 RALLYDEBUG rally_openstack.contexts.keystone.users [-] Creating 3 tenants using 20 threads
2019-06-06 07:41:16.125 725 RALLYDEBUG rally_openstack.contexts.keystone.users [-] Creating 6 users using 20 threads
2019-06-06 07:41:18.943 725 INFO rally.task.context [-] Task 9478fcc1-9114-4691-b6c3-b772bb86535a | Context users@openstack setup() finished in 4.61 sec
2019-06-06 07:41:18.944 725 INFO rally.task.context [-] Task 9478fcc1-9114-4691-b6c3-b772bb86535a | Context cleanup@openstack setup() finished in 0.03 msec
2019-06-06 07:41:18.950 725 RALLYDEBUG rally.task.runner [-] Starting the constant runner (task UUID: 9478fcc1-9114-4691-b6c3-b772bb86535a). timeout: 0 concurrency: 4 concurrency_per_worker: 1 times: 10 concurrency_overhead: 0 processes_to_start: 4 max_cpu_used: 16
2019-06-06 07:41:18.962 1509 RALLYDEBUG rally.task.runner [-] Starting a worker. concurrency: 1 args: {"container_format": "bare", "disk_format": "qcow2", "image_location": "/home/opnfv/functest/images/cirros-0.4.0-x86_64-disk.img"} times: 10 method_name: run timeout: 0 duration: None cls:
2019-06-06 07:41:18.965 1510 RALLYDEBUG rally.task.runner [-] Starting a worker. concurrency: 1 args: {"container_format": "bare", "disk_format": "qcow2", "image_location": "/home/opnfv/functest/images/cirros-0.4.0-x86_64-disk.img"} times: 10 method_name: run timeout: 0 duration: None cls:
2019-06-06 07:41:18.968 1509 INFO rally.task.runner [-] Task 9478fcc1-9114-4691-b6c3-b772bb86535a | ITER: 1 START
2019-06-06 07:41:18.969 1511 RALLYDEBUG rally.task.runner [-] Starting a worker. concurrency: 1 args: {"container_format": "bare", "disk_format": "qcow2", "image_location": "/home/opnfv/functest/images/cirros-0.4.0-x86_64-disk.img"} times: 10 method_name: run timeout: 0 duration: None cls:
2019-06-06 07:41:18.971 1510 INFO rally.task.runner [-] Task 9478fcc1-9114-4691-b6c3-b772bb86535a | ITER: 2 START
2019-06-06 07:41:18.972 1512 RALLYDEBUG rally.task.runner [-] Starting a worker. concurrency: 1 args: {"container_format": "bare", "disk_format": "qcow2", "image_location": "/home/opnfv/functest/images/cirros-0.4.0-x86_64-disk.img"} times: 10 method_name: run timeout: 0 duration: None cls:
2019-06-06 07:41:18.976 1511 INFO rally.task.runner [-] Task 9478fcc1-9114-4691-b6c3-b772bb86535a | ITER: 3 START
2019-06-06 07:41:18.979 1512 INFO rally.task.runner [-] Task 9478fcc1-9114-4691-b6c3-b772bb86535a | ITER: 4 START
2019-06-06 07:41:22.265 1512 RALLYDEBUG rally.task.utils [-] Waiting for resource u'93563711-22cf-49de-9d2f-dab4fa06ef66'. Status changed: NONE => QUEUED in 0.0406198501587
2019-06-06 07:41:22.267 1511 RALLYDEBUG rally.task.utils [-] Waiting for resource u'2eb80995-f8f3-4db1-b336-42b1b88f7c70'. Status changed: NONE => QUEUED in 0.0385708808899
2019-06-06 07:41:22.268 1509 RALLYDEBUG rally.task.utils [-] Waiting for resource u'c57530b7-aaa5-44f1-86bc-65ffb1f263aa'. Status changed: NONE => QUEUED in 0.0300030708313
2019-06-06 07:41:23.376 1510 RALLYDEBUG rally.task.utils [-] Waiting for resource u'bc5510b0-e1e6-4de9-8c8d-1ab14435034c'. Status changed: NONE => QUEUED in 1.02284812927
2019-06-06 07:41:23.405 1509 RALLYDEBUG rally.task.utils [-] Waiting for resource s_rally_8046f7fa_a7dGkTui. Status changed: QUEUED => ACTIVE in 0.0196969509125
2019-06-06 07:41:23.574 1509 INFO rally.task.runner [-] Task 9478fcc1-9114-4691-b6c3-b772bb86535a | ITER: 1 END: OK
2019-06-06 07:41:23.578 1509 INFO rally.task.runner [-] Task 9478fcc1-9114-4691-b6c3-b772bb86535a | ITER: 5 START
2019-06-06 07:41:24.068 1512 RALLYDEBUG rally.task.utils [-] Waiting for resource s_rally_8046f7fa_erplkw7W. Status changed: QUEUED => ACTIVE in 0.0265538692474
2019-06-06 07:41:25.163 1512 INFO rally.task.runner [-] Task 9478fcc1-9114-4691-b6c3-b772bb86535a | ITER: 4 END: OK
2019-06-06 07:41:25.167 1512 INFO rally.task.runner [-] Task 9478fcc1-9114-4691-b6c3-b772bb86535a | ITER: 6 START
2019-06-06 07:41:25.193 1511 RALLYDEBUG rally.task.utils [-] Waiting for resource s_rally_8046f7fa_9raMn2rW. Status changed: QUEUED => ACTIVE in 0.141353845596
2019-06-06 07:41:25.340 1511 INFO rally.task.runner [-] Task 9478fcc1-9114-4691-b6c3-b772bb86535a | ITER: 3 END: OK
2019-06-06 07:41:25.344 1511 INFO rally.task.runner [-] Task 9478fcc1-9114-4691-b6c3-b772bb86535a | ITER: 7 START
2019-06-06 07:41:25.371 1510 RALLYDEBUG rally.task.utils [-] Waiting for resource s_rally_8046f7fa_MUntlAjW. Status changed: QUEUED => ACTIVE in 0.0164728164673
2019-06-06 07:41:25.509 1510 INFO rally.task.runner [-] Task 9478fcc1-9114-4691-b6c3-b772bb86535a | ITER: 2 END: OK
2019-06-06 07:41:25.513 1510 INFO rally.task.runner [-] Task 9478fcc1-9114-4691-b6c3-b772bb86535a | ITER: 8 START
2019-06-06 07:41:26.825 1509 RALLYDEBUG rally.task.utils [-] Waiting for resource u'7a00d8ee-deac-416e-9845-6246621e6046'. Status changed: NONE => QUEUED in 0.0261509418488
2019-06-06 07:41:27.235 1509 RALLYDEBUG rally.task.utils [-] Waiting for resource s_rally_8046f7fa_auXiweze. Status changed: QUEUED => ACTIVE in 0.0197749137878
2019-06-06 07:41:27.379 1509 INFO rally.task.runner [-] Task 9478fcc1-9114-4691-b6c3-b772bb86535a | ITER: 5 END: OK
2019-06-06 07:41:27.382 1509 INFO rally.task.runner [-] Task 9478fcc1-9114-4691-b6c3-b772bb86535a | ITER: 9 START
2019-06-06 07:41:28.522 1512 RALLYDEBUG rally.task.utils [-] Waiting for resource u'fe0bcf92-b3fa-4fd7-851f-3a3c81fc47f0'. Status changed: NONE => QUEUED in 0.0278520584106
2019-06-06 07:41:28.573 1511 RALLYDEBUG rally.task.utils [-] Waiting for resource u'ddf7db11-c2b0-48a9-8002-285dcea21ae3'. Status changed: NONE => QUEUED in 0.026554107666
2019-06-06 07:41:28.743 1510 RALLYDEBUG rally.task.utils [-] Waiting for resource u'1a57c253-cba0-409f-888d-70649536f199'. Status changed: NONE => QUEUED in 0.0270898342133
2019-06-06 07:41:29.349 1511 RALLYDEBUG rally.task.utils [-] Waiting for resource s_rally_8046f7fa_JOJgO6BN. Status changed: QUEUED => ACTIVE in 0.0198230743408
2019-06-06 07:41:29.366 1512 RALLYDEBUG rally.task.utils [-] Waiting for resource s_rally_8046f7fa_MsZKZN1j. Status changed: QUEUED => ACTIVE in 0.0206580162048
2019-06-06 07:41:29.367 1510 RALLYDEBUG rally.task.utils [-] Waiting for resource s_rally_8046f7fa_nSBTNZ9W. Status changed: QUEUED => ACTIVE in 0.0218210220337
2019-06-06 07:41:29.505 1511 INFO rally.task.runner [-] Task 9478fcc1-9114-4691-b6c3-b772bb86535a | ITER: 7 END: OK
2019-06-06 07:41:29.509 1511 INFO rally.task.runner [-] Task 9478fcc1-9114-4691-b6c3-b772bb86535a | ITER: 10 START
2019-06-06 07:41:29.539 1512 INFO rally.task.runner [-] Task 9478fcc1-9114-4691-b6c3-b772bb86535a | ITER: 6 END: OK
2019-06-06 07:41:29.548 1510 INFO rally.task.runner [-] Task 9478fcc1-9114-4691-b6c3-b772bb86535a | ITER: 8 END: OK
2019-06-06 07:41:30.615 1509 RALLYDEBUG rally.task.utils [-] Waiting for resource u'19fa185a-eb08-4a86-b3e5-efe7eead4344'. Status changed: NONE => QUEUED in 0.0275270938873
2019-06-06 07:41:31.480 1509 RALLYDEBUG rally.task.utils [-] Waiting for resource s_rally_8046f7fa_owYWkJ12. Status changed: QUEUED => ACTIVE in 0.0193781852722
2019-06-06 07:41:31.621 1509 INFO rally.task.runner [-] Task 9478fcc1-9114-4691-b6c3-b772bb86535a | ITER: 9 END: OK
2019-06-06 07:41:32.709 1511 RALLYDEBUG rally.task.utils [-] Waiting for resource u'bb253805-e27c-4c4f-b8e1-220f1ec9a5bb'. Status changed: NONE => QUEUED in 0.0311810970306
2019-06-06 07:41:33.773 1511 RALLYDEBUG rally.task.utils [-] Waiting for resource s_rally_8046f7fa_p9Kj9lRJ. Status changed: QUEUED => ACTIVE in 0.0182068347931
2019-06-06 07:41:34.122 1511 INFO rally.task.runner [-] Task 9478fcc1-9114-4691-b6c3-b772bb86535a | ITER: 10 END: OK
2019-06-06 07:41:34.147 725 INFO rally.task.context [-] Task 9478fcc1-9114-4691-b6c3-b772bb86535a | Context cleanup@openstack cleanup() started
2019-06-06 07:41:34.149 725 RALLYDEBUG rally_openstack.cleanup.manager [-] Cleaning up glance images objects
2019-06-06 07:41:36.546 725 RALLYDEBUG rally_openstack.cleanup.manager [-] Deleting glance.images object s_rally_8046f7fa_owYWkJ12 (19fa185a-eb08-4a86-b3e5-efe7eead4344)
2019-06-06 07:41:36.547 725 RALLYDEBUG rally_openstack.cleanup.manager [-] Deleting glance.images object s_rally_8046f7fa_a7dGkTui (c57530b7-aaa5-44f1-86bc-65ffb1f263aa)
2019-06-06 07:41:36.548 725 RALLYDEBUG rally_openstack.cleanup.manager [-] Deleting glance.images object s_rally_8046f7fa_MUntlAjW (bc5510b0-e1e6-4de9-8c8d-1ab14435034c)
2019-06-06 07:41:36.557 725 RALLYDEBUG rally_openstack.cleanup.manager [-] Deleting glance.images object s_rally_8046f7fa_p9Kj9lRJ (bb253805-e27c-4c4f-b8e1-220f1ec9a5bb)
2019-06-06 07:41:36.557 725 RALLYDEBUG rally_openstack.cleanup.manager [-] Deleting glance.images object s_rally_8046f7fa_MsZKZN1j (fe0bcf92-b3fa-4fd7-851f-3a3c81fc47f0)
2019-06-06 07:41:36.558 725 RALLYDEBUG rally_openstack.cleanup.manager [-] Deleting glance.images object s_rally_8046f7fa_erplkw7W (93563711-22cf-49de-9d2f-dab4fa06ef66)
2019-06-06 07:41:36.561 725 RALLYDEBUG rally_openstack.cleanup.manager [-] Deleting glance.images object s_rally_8046f7fa_nSBTNZ9W (1a57c253-cba0-409f-888d-70649536f199)
2019-06-06 07:41:36.575 725 RALLYDEBUG rally_openstack.cleanup.manager [-] Deleting glance.images object s_rally_8046f7fa_9raMn2rW (2eb80995-f8f3-4db1-b336-42b1b88f7c70)
2019-06-06 07:41:36.576 725 RALLYDEBUG rally_openstack.cleanup.manager [-] Deleting glance.images object s_rally_8046f7fa_JOJgO6BN (ddf7db11-c2b0-48a9-8002-285dcea21ae3)
2019-06-06 07:41:36.585 725 RALLYDEBUG rally_openstack.cleanup.manager [-] Deleting glance.images object s_rally_8046f7fa_auXiweze (7a00d8ee-deac-416e-9845-6246621e6046)
2019-06-06 07:41:37.737 725 DEBUG glanceclient.common.http [-] Request returned failure status 404. _handle_response /usr/lib/python2.7/site-packages/glanceclient/common/http.py:125
2019-06-06 07:41:37.743 725 DEBUG glanceclient.common.http [-] Request returned failure status 404. _handle_response /usr/lib/python2.7/site-packages/glanceclient/common/http.py:125
2019-06-06 07:41:37.749 725 DEBUG glanceclient.common.http [-] Request returned failure status 404. _handle_response /usr/lib/python2.7/site-packages/glanceclient/common/http.py:125
2019-06-06 07:41:37.751 725 DEBUG glanceclient.common.http [-] Request returned failure status 404. _handle_response /usr/lib/python2.7/site-packages/glanceclient/common/http.py:125
2019-06-06 07:41:37.756 725 DEBUG glanceclient.common.http [-] Request returned failure status 404. _handle_response /usr/lib/python2.7/site-packages/glanceclient/common/http.py:125
2019-06-06 07:41:37.764 725 DEBUG glanceclient.common.http [-] Request returned failure status 404. _handle_response /usr/lib/python2.7/site-packages/glanceclient/common/http.py:125
2019-06-06 07:41:38.824 725 DEBUG glanceclient.common.http [-] Request returned failure status 404. _handle_response /usr/lib/python2.7/site-packages/glanceclient/common/http.py:125
2019-06-06 07:41:38.836 725 DEBUG glanceclient.common.http [-] Request returned failure status 404. _handle_response /usr/lib/python2.7/site-packages/glanceclient/common/http.py:125
2019-06-06 07:41:39.951 725 DEBUG glanceclient.common.http [-] Request returned failure status 404. _handle_response /usr/lib/python2.7/site-packages/glanceclient/common/http.py:125
2019-06-06 07:41:39.960 725 DEBUG glanceclient.common.http [-] Request returned failure status 404. _handle_response /usr/lib/python2.7/site-packages/glanceclient/common/http.py:125
2019-06-06 07:41:39.965 725 DEBUG glanceclient.common.http [-] Request returned failure status 404. _handle_response /usr/lib/python2.7/site-packages/glanceclient/common/http.py:125
2019-06-06 07:41:39.967 725 DEBUG glanceclient.common.http [-] Request returned failure status 404. _handle_response /usr/lib/python2.7/site-packages/glanceclient/common/http.py:125
2019-06-06 07:41:39.971 725 DEBUG glanceclient.common.http [-] Request returned failure status 404. _handle_response /usr/lib/python2.7/site-packages/glanceclient/common/http.py:125
2019-06-06 07:41:39.988 725 DEBUG glanceclient.common.http [-] Request returned failure status 404. _handle_response /usr/lib/python2.7/site-packages/glanceclient/common/http.py:125
2019-06-06 07:41:39.991 725 DEBUG glanceclient.common.http [-] Request returned failure status 404. _handle_response /usr/lib/python2.7/site-packages/glanceclient/common/http.py:125
2019-06-06 07:41:39.995 725 DEBUG glanceclient.common.http [-] Request returned failure status 404. _handle_response /usr/lib/python2.7/site-packages/glanceclient/common/http.py:125
2019-06-06 07:41:39.996 725 DEBUG glanceclient.common.http [-] Request returned failure status 404. _handle_response /usr/lib/python2.7/site-packages/glanceclient/common/http.py:125
2019-06-06 07:41:39.998 725 DEBUG glanceclient.common.http [-] Request returned failure status 404. _handle_response /usr/lib/python2.7/site-packages/glanceclient/common/http.py:125
2019-06-06 07:41:40.001 725 DEBUG glanceclient.common.http [-] Request returned failure status 404. _handle_response /usr/lib/python2.7/site-packages/glanceclient/common/http.py:125
2019-06-06 07:41:40.010 725 DEBUG glanceclient.common.http [-] Request returned failure status 404. _handle_response /usr/lib/python2.7/site-packages/glanceclient/common/http.py:125
2019-06-06 07:41:41.012 725 INFO rally.task.context [-] Task 9478fcc1-9114-4691-b6c3-b772bb86535a | Context cleanup@openstack cleanup() finished in 6.86 sec
2019-06-06 07:41:41.013 725 INFO rally.task.context [-] Task 9478fcc1-9114-4691-b6c3-b772bb86535a | Context users@openstack cleanup() started
2019-06-06 07:41:48.204 725 INFO rally.task.context [-] Task 9478fcc1-9114-4691-b6c3-b772bb86535a | Context users@openstack cleanup() finished in 7.19 sec
2019-06-06 07:41:48.447 725 INFO rally.task.engine [-] Load duration is: 14.301029
2019-06-06 07:41:48.447 725 INFO rally.task.engine [-] Full runner duration is: 15.197237
2019-06-06 07:41:48.447 725 INFO rally.task.engine [-] Full duration is: 33.876407
2019-06-06 07:41:48.695 725 INFO rally.task.engine [-] Running workload: position = 0 config = { "version": 2, "title": "A cropped version of a bigger task.", "description": "Auto-generated task from a single workload (uuid=e70a6de3-c736-4f02-84e3-8adc3184f079)", "subtasks": [ { "title": "GlanceImages.create_and_get_image", "description": "Create and get detailed information of an image.", "scenario": { "GlanceImages.create_and_get_image": { "container_format": "bare", "disk_format": "qcow2", "image_location": "/home/opnfv/functest/images/cirros-0.4.0-x86_64-disk.img" } }, "contexts": { "users": { "tenants": 3, "users_per_tenant": 2 } }, "runner": { "constant": { "concurrency": 4, "times": 10 } }, "hooks": [], "sla": { "failure_rate": { "max": 0 } } } ] }
2019-06-06 07:41:48.708 725 RALLYDEBUG rally_openstack.contexts.keystone.users [-] Creating 3 tenants using 20 threads
2019-06-06 07:41:50.492 725 RALLYDEBUG rally_openstack.contexts.keystone.users [-] Creating 6 users using 20 threads
2019-06-06 07:41:53.117 725 INFO rally.task.context [-] Task 9478fcc1-9114-4691-b6c3-b772bb86535a | Context users@openstack setup() finished in 4.41 sec
2019-06-06 07:41:53.118 725 INFO rally.task.context [-] Task 9478fcc1-9114-4691-b6c3-b772bb86535a | Context cleanup@openstack setup() finished in 0.01 msec
2019-06-06 07:41:53.125 725 RALLYDEBUG rally.task.runner [-] Starting the constant runner (task UUID: 9478fcc1-9114-4691-b6c3-b772bb86535a). timeout: 0 concurrency: 4 concurrency_per_worker: 1 times: 10 concurrency_overhead: 0 processes_to_start: 4 max_cpu_used: 16
2019-06-06 07:41:53.136 1633 RALLYDEBUG rally.task.runner [-] Starting a worker. concurrency: 1 args: {"container_format": "bare", "disk_format": "qcow2", "image_location": "/home/opnfv/functest/images/cirros-0.4.0-x86_64-disk.img"} times: 10 method_name: run timeout: 0 duration: None cls:
2019-06-06 07:41:53.137 1634 RALLYDEBUG rally.task.runner [-] Starting a worker. concurrency: 1 args: {"container_format": "bare", "disk_format": "qcow2", "image_location": "/home/opnfv/functest/images/cirros-0.4.0-x86_64-disk.img"} times: 10 method_name: run timeout: 0 duration: None cls:
2019-06-06 07:41:53.139 1635 RALLYDEBUG rally.task.runner [-] Starting a worker. concurrency: 1 args: {"container_format": "bare", "disk_format": "qcow2", "image_location": "/home/opnfv/functest/images/cirros-0.4.0-x86_64-disk.img"} times: 10 method_name: run timeout: 0 duration: None cls:
2019-06-06 07:41:53.141 1634 INFO rally.task.runner [-] Task 9478fcc1-9114-4691-b6c3-b772bb86535a | ITER: 2 START
2019-06-06 07:41:53.142 1633 INFO rally.task.runner [-] Task 9478fcc1-9114-4691-b6c3-b772bb86535a | ITER: 1 START
2019-06-06 07:41:53.142 1635 INFO rally.task.runner [-] Task 9478fcc1-9114-4691-b6c3-b772bb86535a | ITER: 3 START
2019-06-06 07:41:53.145 1636 RALLYDEBUG rally.task.runner [-] Starting a worker. concurrency: 1 args: {"container_format": "bare", "disk_format": "qcow2", "image_location": "/home/opnfv/functest/images/cirros-0.4.0-x86_64-disk.img"} times: 10 method_name: run timeout: 0 duration: None cls:
2019-06-06 07:41:53.151 1636 INFO rally.task.runner [-] Task 9478fcc1-9114-4691-b6c3-b772bb86535a | ITER: 4 START
2019-06-06 07:41:56.426 1635 RALLYDEBUG rally.task.utils [-] Waiting for resource u'b272eb3e-16fa-4ca7-8904-3b006de61237'. Status changed: NONE => QUEUED in 0.0274169445038
2019-06-06 07:41:56.455 1633 RALLYDEBUG rally.task.utils [-] Waiting for resource u'3cfe138f-4f61-4bc6-aebf-ee0a115ef3d1'. Status changed: NONE => QUEUED in 0.031464099884
2019-06-06 07:41:56.456 1636 RALLYDEBUG rally.task.utils [-] Waiting for resource u'264553b7-48c2-4726-9727-2f6307d5d9e8'. Status changed: NONE => QUEUED in 0.0330631732941
2019-06-06 07:41:56.563 1634 RALLYDEBUG rally.task.utils [-] Waiting for resource u'92155d0a-af37-4763-833a-299a556f5048'. Status changed: NONE => QUEUED in 0.0886778831482
2019-06-06 07:41:57.046 1636 RALLYDEBUG rally.task.utils [-] Waiting for resource s_rally_e70a6de3_qQmJkdtL. Status changed: QUEUED => ACTIVE in 0.0192341804504
2019-06-06 07:41:57.052 1633 RALLYDEBUG rally.task.utils [-] Waiting for resource s_rally_e70a6de3_bdjFZc97. Status changed: QUEUED => ACTIVE in 0.0197949409485
2019-06-06 07:41:57.066 1636 INFO rally.task.runner [-] Task 9478fcc1-9114-4691-b6c3-b772bb86535a | ITER: 4 END: OK
2019-06-06 07:41:57.069 1636 INFO rally.task.runner [-] Task 9478fcc1-9114-4691-b6c3-b772bb86535a | ITER: 5 START
2019-06-06 07:41:57.072 1633 INFO rally.task.runner [-] Task 9478fcc1-9114-4691-b6c3-b772bb86535a | ITER: 1 END: OK
2019-06-06 07:41:57.075 1633 INFO rally.task.runner [-] Task 9478fcc1-9114-4691-b6c3-b772bb86535a | ITER: 6 START
2019-06-06 07:41:58.067 1635 RALLYDEBUG rally.task.utils [-] Waiting for resource s_rally_e70a6de3_wuYEu1cc. Status changed: QUEUED => ACTIVE in 1.01319313049
2019-06-06 07:41:58.091 1635 INFO rally.task.runner [-] Task 9478fcc1-9114-4691-b6c3-b772bb86535a | ITER: 3 END: OK
2019-06-06 07:41:58.095 1635 INFO rally.task.runner [-] Task 9478fcc1-9114-4691-b6c3-b772bb86535a | ITER: 7 START
2019-06-06 07:41:58.147 1634 RALLYDEBUG rally.task.utils [-] Waiting for resource s_rally_e70a6de3_GIO366Rf. Status changed: QUEUED => ACTIVE in 0.0210011005402
2019-06-06 07:41:58.165 1634 INFO rally.task.runner [-] Task 9478fcc1-9114-4691-b6c3-b772bb86535a | ITER: 2 END: OK
2019-06-06 07:41:58.169 1634 INFO rally.task.runner [-] Task 9478fcc1-9114-4691-b6c3-b772bb86535a | ITER: 8 START
2019-06-06 07:42:00.314 1636 RALLYDEBUG rally.task.utils [-] Waiting for resource u'78395e14-a775-4ac3-83e1-a63c5f510f8a'. Status changed: NONE => QUEUED in 0.0307800769806
2019-06-06 07:42:00.395 1633 RALLYDEBUG rally.task.utils [-] Waiting for resource u'9e82b032-9aec-47e2-b49d-9066ea38bb74'. Status changed: NONE => QUEUED in 0.0267081260681
2019-06-06 07:42:01.203 1636 RALLYDEBUG rally.task.utils [-] Waiting for resource s_rally_e70a6de3_pr0zs3aY. Status changed: QUEUED => ACTIVE in 0.0184252262115
2019-06-06 07:42:01.216 1633 RALLYDEBUG rally.task.utils [-] Waiting for resource s_rally_e70a6de3_zFeSkmHi. Status changed: QUEUED => ACTIVE in 0.0183198451996
2019-06-06 07:42:01.221 1636 INFO rally.task.runner [-] Task 9478fcc1-9114-4691-b6c3-b772bb86535a | ITER: 5 END: OK
2019-06-06 07:42:01.225 1636 INFO rally.task.runner [-] Task 9478fcc1-9114-4691-b6c3-b772bb86535a | ITER: 9 START
2019-06-06 07:42:01.234 1633 INFO rally.task.runner [-] Task 9478fcc1-9114-4691-b6c3-b772bb86535a | ITER: 6 END: OK
2019-06-06 07:42:01.238 1633 INFO rally.task.runner [-] Task 9478fcc1-9114-4691-b6c3-b772bb86535a | ITER: 10 START
2019-06-06 07:42:01.352 1635 RALLYDEBUG rally.task.utils [-] Waiting for resource u'c41651ec-3257-4d4b-95d4-750501a2bc67'. Status changed: NONE => QUEUED in 0.0324339866638
2019-06-06 07:42:01.436 1634 RALLYDEBUG rally.task.utils [-] Waiting for resource u'68c393ab-45b8-4f79-b5b6-a55efc564733'. Status changed: NONE => QUEUED in 0.027370929718
2019-06-06 07:42:02.244 1635 RALLYDEBUG rally.task.utils [-] Waiting for resource s_rally_e70a6de3_ezaqfGNR. Status changed: QUEUED => ACTIVE in 0.0187809467316
2019-06-06 07:42:02.250 1634 RALLYDEBUG rally.task.utils [-] Waiting for resource s_rally_e70a6de3_4uVgK3E7. Status changed: QUEUED => ACTIVE in 0.0182778835297
2019-06-06 07:42:02.263 1635 INFO rally.task.runner [-] Task 9478fcc1-9114-4691-b6c3-b772bb86535a | ITER: 7 END: OK
2019-06-06 07:42:02.266 1634 INFO rally.task.runner [-] Task 9478fcc1-9114-4691-b6c3-b772bb86535a | ITER: 8 END: OK
2019-06-06 07:42:04.537 1633 RALLYDEBUG rally.task.utils [-] Waiting for resource u'eb73db48-91fb-4e22-a185-d9649a332a43'. Status changed: NONE => QUEUED in 0.0332190990448
2019-06-06 07:42:04.541 1636 RALLYDEBUG rally.task.utils [-] Waiting for resource u'7cd67500-c43b-413a-bb6a-ee35deb0d420'. Status changed: NONE => QUEUED in 0.0290229320526
2019-06-06 07:42:05.381 1633 RALLYDEBUG rally.task.utils [-] Waiting for resource s_rally_e70a6de3_VYXuNwhL. Status changed: QUEUED => ACTIVE in 0.021222114563
2019-06-06 07:42:05.385 1636 RALLYDEBUG rally.task.utils [-] Waiting for resource s_rally_e70a6de3_o0Q4tVYt. Status changed: QUEUED => ACTIVE in 0.0180058479309
2019-06-06 07:42:05.397 1633 INFO rally.task.runner [-] Task 9478fcc1-9114-4691-b6c3-b772bb86535a | ITER: 10 END: OK
2019-06-06 07:42:05.402 1636 INFO rally.task.runner [-] Task 9478fcc1-9114-4691-b6c3-b772bb86535a | ITER: 9 END: OK
2019-06-06 07:42:05.423 725 INFO rally.task.context [-] Task 9478fcc1-9114-4691-b6c3-b772bb86535a | Context cleanup@openstack cleanup() started
2019-06-06 07:42:05.426 725 RALLYDEBUG rally_openstack.cleanup.manager [-] Cleaning up glance images objects
2019-06-06 07:42:07.607 725 RALLYDEBUG rally_openstack.cleanup.manager [-] Deleting glance.images object s_rally_e70a6de3_VYXuNwhL (eb73db48-91fb-4e22-a185-d9649a332a43)
2019-06-06 07:42:07.615 725 RALLYDEBUG rally_openstack.cleanup.manager [-] Deleting glance.images object s_rally_e70a6de3_o0Q4tVYt (7cd67500-c43b-413a-bb6a-ee35deb0d420)
2019-06-06 07:42:07.623 725 RALLYDEBUG rally_openstack.cleanup.manager [-] Deleting glance.images object s_rally_e70a6de3_zFeSkmHi (9e82b032-9aec-47e2-b49d-9066ea38bb74)
2019-06-06 07:42:07.624 725 RALLYDEBUG rally_openstack.cleanup.manager [-] Deleting glance.images object s_rally_e70a6de3_qQmJkdtL (264553b7-48c2-4726-9727-2f6307d5d9e8)
2019-06-06 07:42:07.633 725 RALLYDEBUG rally_openstack.cleanup.manager [-] Deleting glance.images object s_rally_e70a6de3_GIO366Rf (92155d0a-af37-4763-833a-299a556f5048)
2019-06-06 07:42:07.649 725 RALLYDEBUG rally_openstack.cleanup.manager [-] Deleting glance.images object s_rally_e70a6de3_bdjFZc97 (3cfe138f-4f61-4bc6-aebf-ee0a115ef3d1)
2019-06-06 07:42:07.654 725 RALLYDEBUG rally_openstack.cleanup.manager [-] Deleting glance.images object s_rally_e70a6de3_ezaqfGNR (c41651ec-3257-4d4b-95d4-750501a2bc67)
2019-06-06 07:42:07.661 725 RALLYDEBUG rally_openstack.cleanup.manager [-] Deleting glance.images object s_rally_e70a6de3_pr0zs3aY (78395e14-a775-4ac3-83e1-a63c5f510f8a)
2019-06-06 07:42:07.684 725 RALLYDEBUG rally_openstack.cleanup.manager [-] Deleting glance.images object s_rally_e70a6de3_4uVgK3E7 (68c393ab-45b8-4f79-b5b6-a55efc564733)
2019-06-06 07:42:07.699 725 RALLYDEBUG rally_openstack.cleanup.manager [-] Deleting glance.images object s_rally_e70a6de3_wuYEu1cc (b272eb3e-16fa-4ca7-8904-3b006de61237)
2019-06-06 07:42:09.117 725 DEBUG glanceclient.common.http [-] Request returned failure status 404. _handle_response /usr/lib/python2.7/site-packages/glanceclient/common/http.py:125
2019-06-06 07:42:09.131 725 DEBUG glanceclient.common.http [-] Request returned failure status 404. _handle_response /usr/lib/python2.7/site-packages/glanceclient/common/http.py:125
2019-06-06 07:42:09.139 725 DEBUG glanceclient.common.http [-] Request returned failure status 404. _handle_response /usr/lib/python2.7/site-packages/glanceclient/common/http.py:125
2019-06-06 07:42:09.155 725 DEBUG glanceclient.common.http [-] Request returned failure status 404. _handle_response /usr/lib/python2.7/site-packages/glanceclient/common/http.py:125
2019-06-06 07:42:09.161 725 DEBUG glanceclient.common.http [-] Request returned failure status 404. _handle_response /usr/lib/python2.7/site-packages/glanceclient/common/http.py:125
2019-06-06 07:42:09.163 725 DEBUG glanceclient.common.http [-] Request returned failure status 404. _handle_response /usr/lib/python2.7/site-packages/glanceclient/common/http.py:125
2019-06-06 07:42:09.167 725 DEBUG glanceclient.common.http [-] Request returned failure status 404. _handle_response /usr/lib/python2.7/site-packages/glanceclient/common/http.py:125
2019-06-06 07:42:09.170 725 DEBUG glanceclient.common.http [-] Request returned failure status 404. _handle_response /usr/lib/python2.7/site-packages/glanceclient/common/http.py:125
2019-06-06 07:42:09.172 725 DEBUG glanceclient.common.http [-] Request returned failure status 404. _handle_response /usr/lib/python2.7/site-packages/glanceclient/common/http.py:125
2019-06-06 07:42:09.179 725 DEBUG glanceclient.common.http [-] Request returned failure status 404. _handle_response /usr/lib/python2.7/site-packages/glanceclient/common/http.py:125
2019-06-06 07:42:09.183 725 DEBUG glanceclient.common.http [-] Request returned failure status 404. _handle_response /usr/lib/python2.7/site-packages/glanceclient/common/http.py:125
2019-06-06 07:42:09.186 725 DEBUG glanceclient.common.http [-] Request returned failure status 404. _handle_response /usr/lib/python2.7/site-packages/glanceclient/common/http.py:125
2019-06-06 07:42:10.152 725 DEBUG glanceclient.common.http [-] Request returned failure status 404. _handle_response /usr/lib/python2.7/site-packages/glanceclient/common/http.py:125
2019-06-06 07:42:10.157 725 DEBUG glanceclient.common.http [-] Request returned failure status 404. _handle_response /usr/lib/python2.7/site-packages/glanceclient/common/http.py:125
2019-06-06 07:42:10.165 725 DEBUG glanceclient.common.http [-] Request returned failure status 404. _handle_response /usr/lib/python2.7/site-packages/glanceclient/common/http.py:125
2019-06-06 07:42:10.168 725 DEBUG glanceclient.common.http [-] Request returned failure status 404. _handle_response /usr/lib/python2.7/site-packages/glanceclient/common/http.py:125
2019-06-06 07:42:10.177 725 DEBUG glanceclient.common.http [-] Request returned failure status 404. _handle_response /usr/lib/python2.7/site-packages/glanceclient/common/http.py:125
2019-06-06 07:42:10.188 725 DEBUG glanceclient.common.http [-] Request returned failure status 404. _handle_response /usr/lib/python2.7/site-packages/glanceclient/common/http.py:125
2019-06-06 07:42:10.191 725 DEBUG glanceclient.common.http [-] Request returned failure status 404. _handle_response /usr/lib/python2.7/site-packages/glanceclient/common/http.py:125
2019-06-06 07:42:10.206 725 DEBUG glanceclient.common.http [-] Request returned failure status 404. _handle_response /usr/lib/python2.7/site-packages/glanceclient/common/http.py:125
2019-06-06 07:42:11.209 725 INFO rally.task.context [-] Task 9478fcc1-9114-4691-b6c3-b772bb86535a | Context cleanup@openstack cleanup() finished in 5.79 sec
2019-06-06 07:42:11.209 725 INFO rally.task.context [-] Task 9478fcc1-9114-4691-b6c3-b772bb86535a | Context users@openstack cleanup() started
2019-06-06 07:42:18.126 725 INFO rally.task.context [-] Task 9478fcc1-9114-4691-b6c3-b772bb86535a | Context users@openstack cleanup() finished in 6.92 sec
2019-06-06 07:42:18.871 725 INFO rally.task.engine [-] Load duration is: 11.396287
2019-06-06 07:42:18.872 725 INFO rally.task.engine [-] Full runner duration is: 12.298768
2019-06-06 07:42:18.872 725 INFO rally.task.engine [-] Full duration is: 29.421468
2019-06-06 07:42:19.121 725 INFO rally.task.engine [-] Running workload: position = 0 config = { "version": 2, "title": "A cropped version of a bigger task.", "description": "Auto-generated task from a single workload (uuid=7ccd157a-7876-40b8-8026-9a5af6ad7165)", "subtasks": [ { "title": "GlanceImages.create_and_update_image", "description": "Create an image then update it.", "scenario": { "GlanceImages.create_and_update_image": { "container_format": "bare", "disk_format": "qcow2", "image_location": "/home/opnfv/functest/images/cirros-0.4.0-x86_64-disk.img" } }, "contexts": { "users": { "tenants": 3, "users_per_tenant": 2 } }, "runner": { "constant": { "concurrency": 4, "times": 10 } }, "hooks": [], "sla": { "failure_rate": { "max": 0 } } } ] }
2019-06-06 07:42:19.143 725 RALLYDEBUG rally_openstack.contexts.keystone.users [-] Creating 3 tenants using 20 threads
2019-06-06 07:42:20.978 725 RALLYDEBUG rally_openstack.contexts.keystone.users [-] Creating 6 users using 20 threads
2019-06-06 07:42:23.678 725 INFO rally.task.context [-] Task 9478fcc1-9114-4691-b6c3-b772bb86535a | Context users@openstack setup() finished in 4.53 sec
2019-06-06 07:42:23.678 725 INFO rally.task.context [-] Task 9478fcc1-9114-4691-b6c3-b772bb86535a | Context cleanup@openstack setup() finished in 0.01 msec
2019-06-06 07:42:23.686 725 RALLYDEBUG rally.task.runner [-] Starting the constant runner (task UUID: 9478fcc1-9114-4691-b6c3-b772bb86535a). timeout: 0 concurrency: 4 concurrency_per_worker: 1 times: 10 concurrency_overhead: 0 processes_to_start: 4 max_cpu_used: 16
2019-06-06 07:42:23.699 1757 RALLYDEBUG rally.task.runner [-] Starting a worker. concurrency: 1 args: {"container_format": "bare", "disk_format": "qcow2", "image_location": "/home/opnfv/functest/images/cirros-0.4.0-x86_64-disk.img"} times: 10 method_name: run timeout: 0 duration: None cls:
2019-06-06 07:42:23.702 1758 RALLYDEBUG rally.task.runner [-] Starting a worker. concurrency: 1 args: {"container_format": "bare", "disk_format": "qcow2", "image_location": "/home/opnfv/functest/images/cirros-0.4.0-x86_64-disk.img"} times: 10 method_name: run timeout: 0 duration: None cls:
2019-06-06 07:42:23.706 1757 INFO rally.task.runner [-] Task 9478fcc1-9114-4691-b6c3-b772bb86535a | ITER: 1 START
2019-06-06 07:42:23.706 1759 RALLYDEBUG rally.task.runner [-] Starting a worker. concurrency: 1 args: {"container_format": "bare", "disk_format": "qcow2", "image_location": "/home/opnfv/functest/images/cirros-0.4.0-x86_64-disk.img"} times: 10 method_name: run timeout: 0 duration: None cls:
2019-06-06 07:42:23.708 1758 INFO rally.task.runner [-] Task 9478fcc1-9114-4691-b6c3-b772bb86535a | ITER: 2 START
2019-06-06 07:42:23.708 1760 RALLYDEBUG rally.task.runner [-] Starting a worker. concurrency: 1 args: {"container_format": "bare", "disk_format": "qcow2", "image_location": "/home/opnfv/functest/images/cirros-0.4.0-x86_64-disk.img"} times: 10 method_name: run timeout: 0 duration: None cls:
2019-06-06 07:42:23.712 1759 INFO rally.task.runner [-] Task 9478fcc1-9114-4691-b6c3-b772bb86535a | ITER: 3 START
2019-06-06 07:42:23.715 1760 INFO rally.task.runner [-] Task 9478fcc1-9114-4691-b6c3-b772bb86535a | ITER: 4 START
2019-06-06 07:42:26.973 1758 RALLYDEBUG rally.task.utils [-] Waiting for resource u'64e2328d-9f29-40c7-9642-db30688394a6'. Status changed: NONE => QUEUED in 0.0293419361115
2019-06-06 07:42:26.987 1757 RALLYDEBUG rally.task.utils [-] Waiting for resource u'e07067e0-34e4-4c88-a93e-192478d3f60e'. Status changed: NONE => QUEUED in 0.0370769500732
2019-06-06 07:42:26.989 1760 RALLYDEBUG rally.task.utils [-] Waiting for resource u'68a5021d-ce4f-4ee8-95eb-e5e7eda78ecd'. Status changed: NONE => QUEUED in 0.0290169715881
2019-06-06 07:42:27.058 1759 RALLYDEBUG rally.task.utils [-] Waiting for resource u'3f442293-f459-4bee-a492-720a8ab94599'. Status changed: NONE => QUEUED in 0.0264348983765
2019-06-06 07:42:27.689 1758 RALLYDEBUG rally.task.utils [-] Waiting for resource s_rally_7ccd157a_WlrkbGOw. Status changed: QUEUED => ACTIVE in 0.019523859024
2019-06-06 07:42:27.841 1758 INFO rally.task.runner [-] Task 9478fcc1-9114-4691-b6c3-b772bb86535a | ITER: 2 END: OK
2019-06-06 07:42:27.845 1758 INFO rally.task.runner [-] Task 9478fcc1-9114-4691-b6c3-b772bb86535a | ITER: 5 START
2019-06-06 07:42:28.473 1759 RALLYDEBUG rally.task.utils [-] Waiting for resource s_rally_7ccd157a_BIN4ZV5T. Status changed: QUEUED => ACTIVE in 0.022068977356
