2019-06-05 08:22:52.007 18992 RALLYDEBUG rally_openstack.cleanup.manager [-] Deleting neutron.port object s_rally_f2fde3c2_heEkcF1L (db265485-ae85-4729-9ff8-ec1f59cc8d41)
2019-06-05 08:22:52.243 18992 RALLYDEBUG rally_openstack.cleanup.manager [-] Deleting neutron.port object s_rally_f2fde3c2_sSqboNej (dc159a95-ab31-4aeb-ac25-cc06001317ae)
2019-06-05 08:22:52.292 18992 RALLYDEBUG rally_openstack.cleanup.manager [-] Deleting neutron.port object s_rally_f2fde3c2_nBScDbk3 (dc87c818-5ac4-46ba-b484-56a0e8f35c8e)
2019-06-05 08:22:52.366 18992 RALLYDEBUG rally_openstack.cleanup.manager [-] Deleting neutron.port object s_rally_f2fde3c2_rDEN1GMR (dd51114c-be81-4d77-9346-c9f22ebccd9a)
2019-06-05 08:22:52.459 18992 RALLYDEBUG rally_openstack.cleanup.manager [-] Deleting neutron.port object s_rally_f2fde3c2_A0KnEuHL (dd55cb82-6352-41bb-a7e2-dbfe23a93272)
2019-06-05 08:22:52.580 18992 RALLYDEBUG rally_openstack.cleanup.manager [-] Deleting neutron.port object s_rally_f2fde3c2_7jr8qGG8 (de3fd631-e92a-45b2-a054-3e38f1306e73)
2019-06-05 08:22:52.609 18992 RALLYDEBUG rally_openstack.cleanup.manager [-] Deleting neutron.port object s_rally_f2fde3c2_dsIf7NA6 (de7eeb9c-61fb-4c11-af6e-8cc4b3f2de65)
2019-06-05 08:22:52.836 18992 RALLYDEBUG rally_openstack.cleanup.manager [-] Deleting neutron.port object s_rally_f2fde3c2_vNzulUmv (e02aefc0-1d0e-4c7b-91f7-1d760766ab33)
2019-06-05 08:22:52.919 18992 RALLYDEBUG rally_openstack.cleanup.manager [-] Deleting neutron.port object s_rally_f2fde3c2_SMGmHIWT (e099a30d-a003-4b73-9f4c-00d4207b0ffe)
2019-06-05 08:22:53.054 18992 RALLYDEBUG rally_openstack.cleanup.manager [-] Deleting neutron.port object s_rally_f2fde3c2_bXsTkw1O (e1f6cfa9-cc0e-475b-8713-78148a06a61f)
2019-06-05 08:22:53.054 18992 RALLYDEBUG rally_openstack.cleanup.manager [-] Deleting neutron.port object s_rally_f2fde3c2_6RhxRUCs (e0a4e772-6ebc-4943-b144-e46a233048a6)
2019-06-05 08:22:53.213 18992 RALLYDEBUG rally_openstack.cleanup.manager [-] Deleting neutron.port object s_rally_f2fde3c2_56H0HZsv (e24caf82-fea7-4857-9d7e-a6d1c9292a32)
2019-06-05 08:22:53.231 18992 RALLYDEBUG rally_openstack.cleanup.manager [-] Deleting neutron.port object s_rally_f2fde3c2_MCpUn6w6 (e27750ad-df2b-4923-8588-b7c87065104d)
2019-06-05 08:22:53.405 18992 RALLYDEBUG rally_openstack.cleanup.manager [-] Deleting neutron.port object s_rally_f2fde3c2_r1349IKA (e2b33a32-acd2-40d5-bd76-713c101b0529)
2019-06-05 08:22:53.574 18992 RALLYDEBUG rally_openstack.cleanup.manager [-] Deleting neutron.port object s_rally_f2fde3c2_IrJx7Tae (e2c6d681-fdad-498f-9002-6ccabc037518)
2019-06-05 08:22:53.665 18992 RALLYDEBUG rally_openstack.cleanup.manager [-] Deleting neutron.port object s_rally_f2fde3c2_Rmj5tNT3 (e3c2d4b1-ef3c-40e7-88d3-398054179783)
2019-06-05 08:22:53.698 18992 RALLYDEBUG rally_openstack.cleanup.manager [-] Deleting neutron.port object s_rally_f2fde3c2_zGmwzZlh (e4794510-ce58-49f8-a81b-8c04d5ce8b24)
2019-06-05 08:22:53.741 18992 RALLYDEBUG rally_openstack.cleanup.manager [-] Deleting neutron.port object s_rally_f2fde3c2_1OLbCqd3 (e6c11386-5658-4d6e-bdeb-5a410979ada8)
2019-06-05 08:22:53.828 18992 RALLYDEBUG rally_openstack.cleanup.manager [-] Deleting neutron.port object s_rally_f2fde3c2_clFG7swN (e76d26de-dbbc-400b-aef9-274998ff9f1f)
2019-06-05 08:22:54.128 18992 RALLYDEBUG rally_openstack.cleanup.manager [-] Deleting neutron.port object s_rally_f2fde3c2_DUSSM9p7 (e7826ad8-71bb-4a12-905b-5ee3679cd51c)
2019-06-05 08:22:54.279 18992 RALLYDEBUG rally_openstack.cleanup.manager [-] Deleting neutron.port object s_rally_f2fde3c2_FVMe6vQc (e78493ca-0ae0-4ebb-98ff-43ab7b40f2d2)
2019-06-05 08:22:54.460 18992 RALLYDEBUG rally_openstack.cleanup.manager [-] Deleting neutron.port object s_rally_f2fde3c2_u0ue7uci (e859299d-b439-41af-8e0e-37a6e25977b6)
2019-06-05 08:22:54.570 18992 RALLYDEBUG rally_openstack.cleanup.manager [-] Deleting neutron.port object s_rally_f2fde3c2_H9zubvK5 (e90a6104-62e2-48d0-961b-17c8c4a79eaf)
2019-06-05 08:22:54.757 18992 RALLYDEBUG rally_openstack.cleanup.manager [-] Deleting neutron.port object s_rally_f2fde3c2_UY3yhYca (ea561ac6-a5f6-49ac-af19-9a51fdf021e7)
2019-06-05 08:22:54.772 18992 RALLYDEBUG rally_openstack.cleanup.manager [-] Deleting neutron.port object s_rally_f2fde3c2_XZFXS5Ze (eb11d484-10d2-46ec-b012-b96fd5032b69)
2019-06-05 08:22:54.868 18992 RALLYDEBUG rally_openstack.cleanup.manager [-] Deleting neutron.port object s_rally_f2fde3c2_x8QI6GNn (eb3f0d06-48ff-4ef7-8c92-858fb1b62e5b)
2019-06-05 08:22:55.187 18992 RALLYDEBUG rally_openstack.cleanup.manager [-] Deleting neutron.port object s_rally_f2fde3c2_Akq3UZNP (ec4f8c55-b473-4656-bbf6-69294f1f33e2)
2019-06-05 08:22:55.228 18992 RALLYDEBUG rally_openstack.cleanup.manager [-] Deleting neutron.port object s_rally_f2fde3c2_IW26bBJr (ed721bbc-3d4b-4aff-a835-827cee4dd0c8)
2019-06-05 08:22:55.256 18992 RALLYDEBUG rally_openstack.cleanup.manager [-] Deleting neutron.port object s_rally_f2fde3c2_swARJU3n (edb1b333-6b9b-42f6-8535-67f16cad8f9c)
2019-06-05 08:22:55.555 18992 RALLYDEBUG rally_openstack.cleanup.manager [-] Deleting neutron.port object s_rally_f2fde3c2_9nY8oKzy (ee154d2d-6f02-430f-bacb-eb0c5ab53ff4)
2019-06-05 08:22:55.628 18992 RALLYDEBUG rally_openstack.cleanup.manager [-] Deleting neutron.port object s_rally_f2fde3c2_V9a6EInA (ee61037c-5bdb-4f5b-a529-4c2b82b47361)
2019-06-05 08:22:55.662 18992 RALLYDEBUG rally_openstack.cleanup.manager [-] Deleting neutron.port object s_rally_f2fde3c2_WYy4wmZ1 (f0882b9f-87d6-4fae-8b23-77696d887c0f)
2019-06-05 08:22:55.711 18992 RALLYDEBUG rally_openstack.cleanup.manager [-] Deleting neutron.port object s_rally_f2fde3c2_KsnXQvRZ (f10c3d53-322f-4146-a008-3da2a72651ad)
2019-06-05 08:22:55.773 18992 RALLYDEBUG rally_openstack.cleanup.manager [-] Deleting neutron.port object s_rally_f2fde3c2_1SeQsyHF (f28854f9-70ec-46f7-a078-4866ed7f6baa)
2019-06-05 08:22:56.138 18992 RALLYDEBUG rally_openstack.cleanup.manager [-] Deleting neutron.port object s_rally_f2fde3c2_geX8DkMY (f3102120-a874-429f-9bc1-eb48ba00a69e)
2019-06-05 08:22:56.241 18992 RALLYDEBUG rally_openstack.cleanup.manager [-] Deleting neutron.port object s_rally_f2fde3c2_fPwnxXK4 (f35f02f3-9e68-4900-8c2f-41bf6fcb6174)
2019-06-05 08:22:56.306 18992 RALLYDEBUG rally_openstack.cleanup.manager [-] Deleting neutron.port object s_rally_f2fde3c2_FRWioK4y (f3a97171-e675-47d7-aeda-c4c8f6911f31)
2019-06-05 08:22:56.316 18992 RALLYDEBUG rally_openstack.cleanup.manager [-] Deleting neutron.port object s_rally_f2fde3c2_o3POzSwb (f47a2ee8-cb3b-4474-8502-0ed48d79df6c)
2019-06-05 08:22:56.478 18992 RALLYDEBUG rally_openstack.cleanup.manager [-] Deleting neutron.port object s_rally_f2fde3c2_xpDbcHbu (f4bd8925-2cbc-4cad-a525-e7c1b52ee7dd)
2019-06-05 08:22:56.523 18992 RALLYDEBUG rally_openstack.cleanup.manager [-] Deleting neutron.port object s_rally_f2fde3c2_5PBKrO8O (f5730417-3f20-485b-96a8-f203ade097d5)
2019-06-05 08:22:56.846 18992 RALLYDEBUG rally_openstack.cleanup.manager [-] Deleting neutron.port object s_rally_f2fde3c2_YxlH7t42 (f599172c-59d0-487d-b60a-f9a2a593b41c)
2019-06-05 08:22:56.967 18992 RALLYDEBUG rally_openstack.cleanup.manager [-] Deleting neutron.port object s_rally_f2fde3c2_aPmg5uDf (f69afa5c-a29b-45d5-807b-91530eb9a259)
2019-06-05 08:22:57.046 18992 RALLYDEBUG rally_openstack.cleanup.manager [-] Deleting neutron.port object s_rally_f2fde3c2_x5oyFgcf (f6a02eb0-bf37-4eca-96c2-c9c9624ac8b7)
2019-06-05 08:22:57.160 18992 RALLYDEBUG rally_openstack.cleanup.manager [-] Deleting neutron.port object s_rally_f2fde3c2_siqInzzg (f6c8d1c8-312b-456d-8984-592800a8ddac)
2019-06-05 08:22:57.346 18992 RALLYDEBUG rally_openstack.cleanup.manager [-] Deleting neutron.port object s_rally_f2fde3c2_kENILxQI (f6eae85b-2421-4c32-8e82-dd0cb1193555)
2019-06-05 08:22:57.867 18992 RALLYDEBUG rally_openstack.cleanup.manager [-] Deleting neutron.port object s_rally_f2fde3c2_S2S5rTWV (f9562d2a-e39b-40b8-9b51-007da1698917)
2019-06-05 08:22:57.932 18992 RALLYDEBUG rally_openstack.cleanup.manager [-] Deleting neutron.port object s_rally_f2fde3c2_dS03fqEF (fa249f35-bdf2-413a-bd97-95d64a9d2901)
2019-06-05 08:22:57.959 18992 RALLYDEBUG rally_openstack.cleanup.manager [-] Deleting neutron.port object s_rally_f2fde3c2_CkkmJilS (fa441766-9bcf-419e-bd29-8ad4e7b743bc)
2019-06-05 08:22:58.104 18992 RALLYDEBUG rally_openstack.cleanup.manager [-] Deleting neutron.port object s_rally_f2fde3c2_sLWUU1KY (faddfcd3-10be-4162-8a7e-bacb528ab048)
2019-06-05 08:22:58.230 18992 RALLYDEBUG rally_openstack.cleanup.manager [-] Deleting neutron.port object s_rally_f2fde3c2_HtBAWg8W (fb294d98-a674-4a05-b6da-d2418f563c68)
2019-06-05 08:22:58.234 18992 RALLYDEBUG rally_openstack.cleanup.manager [-] Deleting neutron.port object s_rally_f2fde3c2_9JneuCZ5 (fb5c8379-2d86-424e-8566-2d6ce922aea2)
2019-06-05 08:22:58.282 18992 RALLYDEBUG rally_openstack.cleanup.manager [-] Deleting neutron.port object s_rally_f2fde3c2_acN12kvi (fc1c7108-95b3-44b9-a03c-0af5c3c8a43f)
2019-06-05 08:22:58.347 18992 RALLYDEBUG rally_openstack.cleanup.manager [-] Deleting neutron.port object s_rally_f2fde3c2_a6AQ6Si9 (fcaa4a3b-1b3f-46c3-8d30-322d30dd6879)
2019-06-05 08:22:58.420 18992 RALLYDEBUG rally_openstack.cleanup.manager [-] Deleting neutron.port object s_rally_f2fde3c2_acxqi7h6 (fcd37ea2-db4a-4046-9766-77c2c611ded1)
2019-06-05 08:22:58.638 18992 RALLYDEBUG rally_openstack.cleanup.manager [-] Deleting neutron.port object s_rally_f2fde3c2_ZX0EaP7I (fd1088b9-8a12-4f5a-bbc9-50a69d4950f8)
2019-06-05 08:22:58.822 18992 RALLYDEBUG rally_openstack.cleanup.manager [-] Deleting neutron.port object s_rally_f2fde3c2_GfU08aXm (fdbeb5dc-7a37-4b1e-a2e4-808a2c342e68)
2019-06-05 08:22:58.895 18992 RALLYDEBUG rally_openstack.cleanup.manager [-] Deleting neutron.port object s_rally_f2fde3c2_HY6aZjFh (fe2b394e-b7b9-40dc-9088-a4b762c513e2)
2019-06-05 08:22:58.896 18992 RALLYDEBUG rally_openstack.cleanup.manager [-] Deleting neutron.port object s_rally_f2fde3c2_idrA5zFT (fe7e95f0-4ce1-42d8-8160-e55ffdfe2f54)
2019-06-05 08:22:58.964 18992 RALLYDEBUG rally_openstack.cleanup.manager [-] Deleting neutron.port object s_rally_f2fde3c2_lBcyVAYn (fedc899e-10c0-48ad-86b0-f11553d063a2)
2019-06-05 08:22:59.011 18992 RALLYDEBUG rally_openstack.cleanup.manager [-] Deleting neutron.port object s_rally_f2fde3c2_HwWnvwdc (ff1bbb2c-5bb4-40f4-b2b0-cc2f5701bf6a)
2019-06-05 08:23:01.617 18992 RALLYDEBUG rally_openstack.cleanup.manager [-] Cleaning up neutron subnet objects
2019-06-05 08:23:02.358 18992 RALLYDEBUG rally_openstack.cleanup.manager [-] Cleaning up neutron network objects
2019-06-05 08:23:03.196 18992 RALLYDEBUG rally_openstack.cleanup.manager [-] Deleting neutron.network object s_rally_f2fde3c2_C7ft7vsu (13bf7bd1-59c9-4e73-8b5a-e7f727be297b)
2019-06-05 08:23:03.196 18992 RALLYDEBUG rally_openstack.cleanup.manager [-] Deleting neutron.network object s_rally_f2fde3c2_m5Z64hP5 (383f1805-2c00-46b9-8264-f87cba32ef9b)
2019-06-05 08:23:03.204 18992 RALLYDEBUG rally_openstack.cleanup.manager [-] Deleting neutron.network object s_rally_f2fde3c2_b7ulcoLn (5e2b7986-6bac-461b-8ae5-1f10ab9eb393)
2019-06-05 08:23:03.214 18992 RALLYDEBUG rally_openstack.cleanup.manager [-] Deleting neutron.network object s_rally_f2fde3c2_1iAlPAeJ (81be139f-e67b-4245-b091-13c9944dc226)
2019-06-05 08:23:03.228 18992 RALLYDEBUG rally_openstack.cleanup.manager [-] Deleting neutron.network object s_rally_f2fde3c2_nHl2ttQW (9da9390b-9484-484c-be14-b855d7ae10ee)
2019-06-05 08:23:03.230 18992 RALLYDEBUG rally_openstack.cleanup.manager [-] Deleting neutron.network object s_rally_f2fde3c2_52G2Ot9o (ab182965-50ed-4b14-8b0a-40eeb056b586)
2019-06-05 08:23:03.245 18992 RALLYDEBUG rally_openstack.cleanup.manager [-] Deleting neutron.network object s_rally_f2fde3c2_odx2QFQf (db9635ba-fa0b-44af-b6a1-d2a06a529d4b)
2019-06-05 08:23:03.260 18992 RALLYDEBUG rally_openstack.cleanup.manager [-] Deleting neutron.network object s_rally_f2fde3c2_Q1Kl5Ckc (f33f9776-0cd9-4af2-ab2d-1437753a5071)
2019-06-05 08:23:07.574 18992 RALLYDEBUG rally_openstack.cleanup.manager [-] Cleaning up neutron router objects
2019-06-05 08:23:08.378 18992 RALLYDEBUG rally_openstack.cleanup.manager [-] Cleaning up neutron security_group objects
2019-06-05 08:23:09.122 18992 INFO rally.task.context [-] Task 15125b8c-61ed-4323-9ad8-e875beceb282 | Context cleanup@openstack cleanup() finished in 1.11 min
2019-06-05 08:23:09.122 18992 INFO rally.task.context [-] Task 15125b8c-61ed-4323-9ad8-e875beceb282 | Context quotas@openstack cleanup() started
2019-06-05 08:23:09.581 18992 INFO rally.task.context [-] Task 15125b8c-61ed-4323-9ad8-e875beceb282 | Context quotas@openstack cleanup() finished in 0.46 sec
2019-06-05 08:23:09.582 18992 INFO rally.task.context [-] Task 15125b8c-61ed-4323-9ad8-e875beceb282 | Context users@openstack cleanup() started
2019-06-05 08:23:14.618 18992 INFO rally.task.context [-] Task 15125b8c-61ed-4323-9ad8-e875beceb282 | Context users@openstack cleanup() finished in 5.04 sec
2019-06-05 08:23:15.462 18992 INFO rally.task.engine [-] Load duration is: 114.115901
2019-06-05 08:23:15.462 18992 INFO rally.task.engine [-] Full runner duration is: 114.154587
2019-06-05 08:23:15.463 18992 INFO rally.task.engine [-] Full duration is: 191.8272
2019-06-05 08:23:15.677 18992 INFO rally.task.engine [-] Running workload: position = 1 config = { "version": 2, "title": "A cropped version of a bigger task.", "description": "Auto-generated task from a single workload (uuid=de8f25fb-49bf-4e15-b07e-18a8c08f721e)", "subtasks": [ { "title": "NeutronNetworks.create_and_update_ports", "description": "Create and update a given number of ports.", "scenario": { "NeutronNetworks.create_and_update_ports": { "network_create_args": {}, "port_create_args": {}, "ports_per_network": 5, "port_update_args": { "admin_state_up": false, "device_id": "dummy_id", "device_owner": "dummy_owner", "name": "_port_updated" } } }, "contexts": { "users": { "tenants": 1, "users_per_tenant": 1 }, "quotas": { "neutron": { "network": -1, "port": -1 } } }, "runner": { "constant": { "times": 40, "concurrency": 20 } }, "hooks": [], "sla": { "failure_rate": { "max": 0 } } } ] }
2019-06-05 08:23:15.697 18992 RALLYDEBUG rally_openstack.contexts.keystone.users [-] Creating 1 tenants using 20 threads
2019-06-05 08:23:17.722 18992 RALLYDEBUG rally_openstack.contexts.keystone.users [-] Creating 1 users using 20 threads
2019-06-05 08:23:20.361 18992 INFO rally.task.context [-] Task 15125b8c-61ed-4323-9ad8-e875beceb282 | Context users@openstack setup() finished in 4.66 sec
2019-06-05 08:23:21.085 18992 INFO rally.task.context [-] Task 15125b8c-61ed-4323-9ad8-e875beceb282 | Context quotas@openstack setup() finished in 0.72 sec
2019-06-05 08:23:21.085 18992 INFO rally.task.context [-] Task 15125b8c-61ed-4323-9ad8-e875beceb282 | Context cleanup@openstack setup() finished in 0.00 msec
2019-06-05 08:23:21.093 18992 RALLYDEBUG rally.task.runner [-] Starting the constant runner (task UUID: 15125b8c-61ed-4323-9ad8-e875beceb282). timeout: 0 concurrency: 20 concurrency_per_worker: 1 times: 40 concurrency_overhead: 4 processes_to_start: 16 max_cpu_used: 16
2019-06-05 08:23:21.105 22866 RALLYDEBUG rally.task.runner [-] Starting a worker. concurrency: 2 args: {"network_create_args": {}, "port_create_args": {}, "ports_per_network": 5, "port_update_args": {"admin_state_up": false, "device_id": "dummy_id", "device_owner": "dummy_owner", "name": "_port_updated"}} times: 40 method_name: run timeout: 0 duration: None cls:
2019-06-05 08:23:21.108 22867 RALLYDEBUG rally.task.runner [-] Starting a worker. concurrency: 2 args: {"network_create_args": {}, "port_create_args": {}, "ports_per_network": 5, "port_update_args": {"admin_state_up": false, "device_id": "dummy_id", "device_owner": "dummy_owner", "name": "_port_updated"}} times: 40 method_name: run timeout: 0 duration: None cls:
2019-06-05 08:23:21.109 22868 RALLYDEBUG rally.task.runner [-] Starting a worker. concurrency: 2 args: {"network_create_args": {}, "port_create_args": {}, "ports_per_network": 5, "port_update_args": {"admin_state_up": false, "device_id": "dummy_id", "device_owner": "dummy_owner", "name": "_port_updated"}} times: 40 method_name: run timeout: 0 duration: None cls:
2019-06-05 08:23:21.113 22866 INFO rally.task.runner [-] Task 15125b8c-61ed-4323-9ad8-e875beceb282 | ITER: 1 START
2019-06-05 08:23:21.114 22869 RALLYDEBUG rally.task.runner [-] Starting a worker. concurrency: 2 args: {"network_create_args": {}, "port_create_args": {}, "ports_per_network": 5, "port_update_args": {"admin_state_up": false, "device_id": "dummy_id", "device_owner": "dummy_owner", "name": "_port_updated"}} times: 40 method_name: run timeout: 0 duration: None cls:
2019-06-05 08:23:21.115 22866 WARNING rally_openstack.scenarios.neutron.utils [-] Running this scenario without either the 'network' or 'existing_network' context is deprecated
2019-06-05 08:23:21.117 22867 INFO rally.task.runner [-] Task 15125b8c-61ed-4323-9ad8-e875beceb282 | ITER: 3 START
2019-06-05 08:23:21.117 22868 INFO rally.task.runner [-] Task 15125b8c-61ed-4323-9ad8-e875beceb282 | ITER: 5 START
2019-06-05 08:23:21.119 22867 WARNING rally_openstack.scenarios.neutron.utils [-] Running this scenario without either the 'network' or 'existing_network' context is deprecated
2019-06-05 08:23:21.118 22872 RALLYDEBUG rally.task.runner [-] Starting a worker. concurrency: 1 args: {"network_create_args": {}, "port_create_args": {}, "ports_per_network": 5, "port_update_args": {"admin_state_up": false, "device_id": "dummy_id", "device_owner": "dummy_owner", "name": "_port_updated"}} times: 40 method_name: run timeout: 0 duration: None cls:
2019-06-05 08:23:21.119 22877 RALLYDEBUG rally.task.runner [-] Starting a worker. concurrency: 1 args: {"network_create_args": {}, "port_create_args": {}, "ports_per_network": 5, "port_update_args": {"admin_state_up": false, "device_id": "dummy_id", "device_owner": "dummy_owner", "name": "_port_updated"}} times: 40 method_name: run timeout: 0 duration: None cls:
2019-06-05 08:23:21.118 22868 INFO rally.task.runner [-] Task 15125b8c-61ed-4323-9ad8-e875beceb282 | ITER: 4 START
2019-06-05 08:23:21.122 22868 WARNING rally_openstack.scenarios.neutron.utils [-] Running this scenario without either the 'network' or 'existing_network' context is deprecated
2019-06-05 08:23:21.123 22869 INFO rally.task.runner [-] Task 15125b8c-61ed-4323-9ad8-e875beceb282 | ITER: 7 START
2019-06-05 08:23:21.125 22869 WARNING rally_openstack.scenarios.neutron.utils [-] Running this scenario without either the 'network' or 'existing_network' context is deprecated
2019-06-05 08:23:21.125 22877 INFO rally.task.runner [-] Task 15125b8c-61ed-4323-9ad8-e875beceb282 | ITER: 10 START
2019-06-05 08:23:21.125 22872 INFO rally.task.runner [-] Task 15125b8c-61ed-4323-9ad8-e875beceb282 | ITER: 9 START
2019-06-05 08:23:21.125 22881 RALLYDEBUG rally.task.runner [-] Starting a worker. concurrency: 1 args: {"network_create_args": {}, "port_create_args": {}, "ports_per_network": 5, "port_update_args": {"admin_state_up": false, "device_id": "dummy_id", "device_owner": "dummy_owner", "name": "_port_updated"}} times: 40 method_name: run timeout: 0 duration: None cls:
2019-06-05 08:23:21.126 22877 WARNING rally_openstack.scenarios.neutron.utils [-] Running this scenario without either the 'network' or 'existing_network' context is deprecated
2019-06-05 08:23:21.127 22872 WARNING rally_openstack.scenarios.neutron.utils [-] Running this scenario without either the 'network' or 'existing_network' context is deprecated
2019-06-05 08:23:21.126 22883 RALLYDEBUG rally.task.runner [-] Starting a worker. concurrency: 1 args: {"network_create_args": {}, "port_create_args": {}, "ports_per_network": 5, "port_update_args": {"admin_state_up": false, "device_id": "dummy_id", "device_owner": "dummy_owner", "name": "_port_updated"}} times: 40 method_name: run timeout: 0 duration: None cls:
2019-06-05 08:23:21.129 22866 INFO rally.task.runner [-] Task 15125b8c-61ed-4323-9ad8-e875beceb282 | ITER: 2 START
2019-06-05 08:23:21.130 22866 WARNING rally_openstack.scenarios.neutron.utils [-] Running this scenario without either the 'network' or 'existing_network' context is deprecated
2019-06-05 08:23:21.131 22889 RALLYDEBUG rally.task.runner [-] Starting a worker. concurrency: 1 args: {"network_create_args": {}, "port_create_args": {}, "ports_per_network": 5, "port_update_args": {"admin_state_up": false, "device_id": "dummy_id", "device_owner": "dummy_owner", "name": "_port_updated"}} times: 40 method_name: run timeout: 0 duration: None cls:
2019-06-05 08:23:21.133 22868 WARNING rally_openstack.scenarios.neutron.utils [-] Running this scenario without either the 'network' or 'existing_network' context is deprecated
2019-06-05 08:23:21.120 22867 INFO rally.task.runner [-] Task 15125b8c-61ed-4323-9ad8-e875beceb282 | ITER: 6 START
2019-06-05 08:23:21.134 22881 INFO rally.task.runner [-] Task 15125b8c-61ed-4323-9ad8-e875beceb282 | ITER: 11 START
2019-06-05 08:23:21.135 22867 WARNING rally_openstack.scenarios.neutron.utils [-] Running this scenario without either the 'network' or 'existing_network' context is deprecated
2019-06-05 08:23:21.136 22881 WARNING rally_openstack.scenarios.neutron.utils [-] Running this scenario without either the 'network' or 'existing_network' context is deprecated
2019-06-05 08:23:21.136 22883 INFO rally.task.runner [-] Task 15125b8c-61ed-4323-9ad8-e875beceb282 | ITER: 12 START
2019-06-05 08:23:21.137 22883 WARNING rally_openstack.scenarios.neutron.utils [-] Running this scenario without either the 'network' or 'existing_network' context is deprecated
2019-06-05 08:23:21.137 22889 INFO rally.task.runner [-] Task 15125b8c-61ed-4323-9ad8-e875beceb282 | ITER: 13 START
2019-06-05 08:23:21.139 22889 WARNING rally_openstack.scenarios.neutron.utils [-] Running this scenario without either the 'network' or 'existing_network' context is deprecated
2019-06-05 08:23:21.139 22869 INFO rally.task.runner [-] Task 15125b8c-61ed-4323-9ad8-e875beceb282 | ITER: 8 START
2019-06-05 08:23:21.139 22869 WARNING rally_openstack.scenarios.neutron.utils [-] Running this scenario without either the 'network' or 'existing_network' context is deprecated
2019-06-05 08:23:21.139 22894 RALLYDEBUG rally.task.runner [-] Starting a worker. concurrency: 1 args: {"network_create_args": {}, "port_create_args": {}, "ports_per_network": 5, "port_update_args": {"admin_state_up": false, "device_id": "dummy_id", "device_owner": "dummy_owner", "name": "_port_updated"}} times: 40 method_name: run timeout: 0 duration: None cls:
2019-06-05 08:23:21.147 22894 INFO rally.task.runner [-] Task 15125b8c-61ed-4323-9ad8-e875beceb282 | ITER: 14 START
2019-06-05 08:23:21.149 22894 WARNING rally_openstack.scenarios.neutron.utils [-] Running this scenario without either the 'network' or 'existing_network' context is deprecated
2019-06-05 08:23:21.150 22898 RALLYDEBUG rally.task.runner [-] Starting a worker. concurrency: 1 args: {"network_create_args": {}, "port_create_args": {}, "ports_per_network": 5, "port_update_args": {"admin_state_up": false, "device_id": "dummy_id", "device_owner": "dummy_owner", "name": "_port_updated"}} times: 40 method_name: run timeout: 0 duration: None cls:
2019-06-05 08:23:21.156 22901 RALLYDEBUG rally.task.runner [-] Starting a worker. concurrency: 1 args: {"network_create_args": {}, "port_create_args": {}, "ports_per_network": 5, "port_update_args": {"admin_state_up": false, "device_id": "dummy_id", "device_owner": "dummy_owner", "name": "_port_updated"}} times: 40 method_name: run timeout: 0 duration: None cls:
2019-06-05 08:23:21.158 22898 INFO rally.task.runner [-] Task 15125b8c-61ed-4323-9ad8-e875beceb282 | ITER: 15 START
2019-06-05 08:23:21.160 22898 WARNING rally_openstack.scenarios.neutron.utils [-] Running this scenario without either the 'network' or 'existing_network' context is deprecated
2019-06-05 08:23:21.164 22904 RALLYDEBUG rally.task.runner [-] Starting a worker. concurrency: 1 args: {"network_create_args": {}, "port_create_args": {}, "ports_per_network": 5, "port_update_args": {"admin_state_up": false, "device_id": "dummy_id", "device_owner": "dummy_owner", "name": "_port_updated"}} times: 40 method_name: run timeout: 0 duration: None cls:
2019-06-05 08:23:21.166 22901 INFO rally.task.runner [-] Task 15125b8c-61ed-4323-9ad8-e875beceb282 | ITER: 16 START
2019-06-05 08:23:21.167 22901 WARNING rally_openstack.scenarios.neutron.utils [-] Running this scenario without either the 'network' or 'existing_network' context is deprecated
2019-06-05 08:23:21.170 22904 INFO rally.task.runner [-] Task 15125b8c-61ed-4323-9ad8-e875beceb282 | ITER: 17 START
2019-06-05 08:23:21.171 22904 WARNING rally_openstack.scenarios.neutron.utils [-] Running this scenario without either the 'network' or 'existing_network' context is deprecated
2019-06-05 08:23:21.173 22907 RALLYDEBUG rally.task.runner [-] Starting a worker. concurrency: 1 args: {"network_create_args": {}, "port_create_args": {}, "ports_per_network": 5, "port_update_args": {"admin_state_up": false, "device_id": "dummy_id", "device_owner": "dummy_owner", "name": "_port_updated"}} times: 40 method_name: run timeout: 0 duration: None cls:
2019-06-05 08:23:21.178 22910 RALLYDEBUG rally.task.runner [-] Starting a worker. concurrency: 1 args: {"network_create_args": {}, "port_create_args": {}, "ports_per_network": 5, "port_update_args": {"admin_state_up": false, "device_id": "dummy_id", "device_owner": "dummy_owner", "name": "_port_updated"}} times: 40 method_name: run timeout: 0 duration: None cls:
2019-06-05 08:23:21.179 22907 INFO rally.task.runner [-] Task 15125b8c-61ed-4323-9ad8-e875beceb282 | ITER: 18 START
2019-06-05 08:23:21.181 22907 WARNING rally_openstack.scenarios.neutron.utils [-] Running this scenario without either the 'network' or 'existing_network' context is deprecated
2019-06-05 08:23:21.183 22910 INFO rally.task.runner [-] Task 15125b8c-61ed-4323-9ad8-e875beceb282 | ITER: 19 START
2019-06-05 08:23:21.184 22910 WARNING rally_openstack.scenarios.neutron.utils [-] Running this scenario without either the 'network' or 'existing_network' context is deprecated
2019-06-05 08:23:21.185 22913 RALLYDEBUG rally.task.runner [-] Starting a worker. concurrency: 1 args: {"network_create_args": {}, "port_create_args": {}, "ports_per_network": 5, "port_update_args": {"admin_state_up": false, "device_id": "dummy_id", "device_owner": "dummy_owner", "name": "_port_updated"}} times: 40 method_name: run timeout: 0 duration: None cls:
2019-06-05 08:23:21.190 22913 INFO rally.task.runner [-] Task 15125b8c-61ed-4323-9ad8-e875beceb282 | ITER: 20 START
2019-06-05 08:23:21.191 22913 WARNING rally_openstack.scenarios.neutron.utils [-] Running this scenario without either the 'network' or 'existing_network' context is deprecated
2019-06-05 08:23:37.143 22868 INFO rally.task.runner [-] Task 15125b8c-61ed-4323-9ad8-e875beceb282 | ITER: 5 END: OK
2019-06-05 08:23:37.148 22868 INFO rally.task.runner [-] Task 15125b8c-61ed-4323-9ad8-e875beceb282 | ITER: 21 START
2019-06-05 08:23:37.148 22868 WARNING rally_openstack.scenarios.neutron.utils [-] Running this scenario without either the 'network' or 'existing_network' context is deprecated
2019-06-05 08:23:37.759 22866 INFO rally.task.runner [-] Task 15125b8c-61ed-4323-9ad8-e875beceb282 | ITER: 2 END: OK
2019-06-05 08:23:37.764 22866 INFO rally.task.runner [-] Task 15125b8c-61ed-4323-9ad8-e875beceb282 | ITER: 22 START
2019-06-05 08:23:37.764 22866 WARNING rally_openstack.scenarios.neutron.utils [-] Running this scenario without either the 'network' or 'existing_network' context is deprecated
2019-06-05 08:23:37.859 22881 INFO rally.task.runner [-] Task 15125b8c-61ed-4323-9ad8-e875beceb282 | ITER: 11 END: OK
2019-06-05 08:23:37.864 22881 INFO rally.task.runner [-] Task 15125b8c-61ed-4323-9ad8-e875beceb282 | ITER: 23 START
2019-06-05 08:23:37.865 22881 WARNING rally_openstack.scenarios.neutron.utils [-] Running this scenario without either the 'network' or 'existing_network' context is deprecated
2019-06-05 08:23:38.539 22869 INFO rally.task.runner [-] Task 15125b8c-61ed-4323-9ad8-e875beceb282 | ITER: 7 END: OK
2019-06-05 08:23:38.543 22869 INFO rally.task.runner [-] Task 15125b8c-61ed-4323-9ad8-e875beceb282 | ITER: 24 START
2019-06-05 08:23:38.544 22869 WARNING rally_openstack.scenarios.neutron.utils [-] Running this scenario without either the 'network' or 'existing_network' context is deprecated
2019-06-05 08:23:39.000 22904 INFO rally.task.runner [-] Task 15125b8c-61ed-4323-9ad8-e875beceb282 | ITER: 17 END: OK
2019-06-05 08:23:39.005 22904 INFO rally.task.runner [-] Task 15125b8c-61ed-4323-9ad8-e875beceb282 | ITER: 25 START
2019-06-05 08:23:39.005 22904 WARNING rally_openstack.scenarios.neutron.utils [-] Running this scenario without either the 'network' or 'existing_network' context is deprecated
2019-06-05 08:23:39.271 22907 INFO rally.task.runner [-] Task 15125b8c-61ed-4323-9ad8-e875beceb282 | ITER: 18 END: OK
2019-06-05 08:23:39.275 22907 INFO rally.task.runner [-] Task 15125b8c-61ed-4323-9ad8-e875beceb282 | ITER: 26 START
2019-06-05 08:23:39.276 22907 WARNING rally_openstack.scenarios.neutron.utils [-] Running this scenario without either the 'network' or 'existing_network' context is deprecated
2019-06-05 08:23:39.283 22898 INFO rally.task.runner [-] Task 15125b8c-61ed-4323-9ad8-e875beceb282 | ITER: 15 END: OK
2019-06-05 08:23:39.288 22898 INFO rally.task.runner [-] Task 15125b8c-61ed-4323-9ad8-e875beceb282 | ITER: 27 START
2019-06-05 08:23:39.288 22898 WARNING rally_openstack.scenarios.neutron.utils [-] Running this scenario without either the 'network' or 'existing_network' context is deprecated
2019-06-05 08:23:39.335 22910 INFO rally.task.runner [-] Task 15125b8c-61ed-4323-9ad8-e875beceb282 | ITER: 19 END: OK
2019-06-05 08:23:39.339 22910 INFO rally.task.runner [-] Task 15125b8c-61ed-4323-9ad8-e875beceb282 | ITER: 28 START
2019-06-05 08:23:39.340 22910 WARNING rally_openstack.scenarios.neutron.utils [-] Running this scenario without either the 'network' or 'existing_network' context is deprecated
2019-06-05 08:23:39.399 22913 INFO rally.task.runner [-] Task 15125b8c-61ed-4323-9ad8-e875beceb282 | ITER: 20 END: OK
2019-06-05 08:23:39.403 22913 INFO rally.task.runner [-] Task 15125b8c-61ed-4323-9ad8-e875beceb282 | ITER: 29 START
2019-06-05 08:23:39.404 22913 WARNING rally_openstack.scenarios.neutron.utils [-] Running this scenario without either the 'network' or 'existing_network' context is deprecated
2019-06-05 08:23:39.558 22889 INFO rally.task.runner [-] Task 15125b8c-61ed-4323-9ad8-e875beceb282 | ITER: 13 END: OK
2019-06-05 08:23:39.563 22889 INFO rally.task.runner [-] Task 15125b8c-61ed-4323-9ad8-e875beceb282 | ITER: 30 START
2019-06-05 08:23:39.563 22889 WARNING rally_openstack.scenarios.neutron.utils [-] Running this scenario without either the 'network' or 'existing_network' context is deprecated
2019-06-05 08:23:39.581 22894 INFO rally.task.runner [-] Task 15125b8c-61ed-4323-9ad8-e875beceb282 | ITER: 14 END: OK
2019-06-05 08:23:39.586 22894 INFO rally.task.runner [-] Task 15125b8c-61ed-4323-9ad8-e875beceb282 | ITER: 31 START
2019-06-05 08:23:39.587 22894 WARNING rally_openstack.scenarios.neutron.utils [-] Running this scenario without either the 'network' or 'existing_network' context is deprecated
2019-06-05 08:23:39.698 22867 INFO rally.task.runner [-] Task 15125b8c-61ed-4323-9ad8-e875beceb282 | ITER: 6 END: OK
2019-06-05 08:23:39.703 22867 INFO rally.task.runner [-] Task 15125b8c-61ed-4323-9ad8-e875beceb282 | ITER: 32 START
2019-06-05 08:23:39.703 22867 WARNING rally_openstack.scenarios.neutron.utils [-] Running this scenario without either the 'network' or 'existing_network' context is deprecated
2019-06-05 08:23:39.885 22901 INFO rally.task.runner [-] Task 15125b8c-61ed-4323-9ad8-e875beceb282 | ITER: 16 END: OK
2019-06-05 08:23:39.889 22901 INFO rally.task.runner [-] Task 15125b8c-61ed-4323-9ad8-e875beceb282 | ITER: 33 START
2019-06-05 08:23:39.890 22901 WARNING rally_openstack.scenarios.neutron.utils [-] Running this scenario without either the 'network' or 'existing_network' context is deprecated
2019-06-05 08:23:40.226 22866 INFO rally.task.runner [-] Task 15125b8c-61ed-4323-9ad8-e875beceb282 | ITER: 1 END: OK
2019-06-05 08:23:40.230 22866 INFO rally.task.runner [-] Task 15125b8c-61ed-4323-9ad8-e875beceb282 | ITER: 34 START
2019-06-05 08:23:40.231 22866 WARNING rally_openstack.scenarios.neutron.utils [-] Running this scenario without either the 'network' or 'existing_network' context is deprecated
2019-06-05 08:23:40.501 22877 INFO rally.task.runner [-] Task 15125b8c-61ed-4323-9ad8-e875beceb282 | ITER: 10 END: OK
2019-06-05 08:23:40.505 22877 INFO rally.task.runner [-] Task 15125b8c-61ed-4323-9ad8-e875beceb282 | ITER: 35 START
2019-06-05 08:23:40.506 22877 WARNING rally_openstack.scenarios.neutron.utils [-] Running this scenario without either the 'network' or 'existing_network' context is deprecated
2019-06-05 08:23:40.544 22868 INFO rally.task.runner [-] Task 15125b8c-61ed-4323-9ad8-e875beceb282 | ITER: 4 END: OK
2019-06-05 08:23:40.548 22868 INFO rally.task.runner [-] Task 15125b8c-61ed-4323-9ad8-e875beceb282 | ITER: 36 START
2019-06-05 08:23:40.549 22868 WARNING rally_openstack.scenarios.neutron.utils [-] Running this scenario without either the 'network' or 'existing_network' context is deprecated
2019-06-05 08:23:40.880 22869 INFO rally.task.runner [-] Task 15125b8c-61ed-4323-9ad8-e875beceb282 | ITER: 8 END: OK
2019-06-05 08:23:40.884 22869 INFO rally.task.runner [-] Task 15125b8c-61ed-4323-9ad8-e875beceb282 | ITER: 37 START
2019-06-05 08:23:40.884 22869 WARNING rally_openstack.scenarios.neutron.utils [-] Running this scenario without either the 'network' or 'existing_network' context is deprecated
2019-06-05 08:23:41.083 22872 INFO rally.task.runner [-] Task 15125b8c-61ed-4323-9ad8-e875beceb282 | ITER: 9 END: OK
2019-06-05 08:23:41.087 22872 INFO rally.task.runner [-] Task 15125b8c-61ed-4323-9ad8-e875beceb282 | ITER: 38 START
2019-06-05 08:23:41.088 22872 WARNING rally_openstack.scenarios.neutron.utils [-] Running this scenario without either the 'network' or 'existing_network' context is deprecated
2019-06-05 08:23:41.241 22883 INFO rally.task.runner [-] Task 15125b8c-61ed-4323-9ad8-e875beceb282 | ITER: 12 END: OK
2019-06-05 08:23:41.247 22883 INFO rally.task.runner [-] Task 15125b8c-61ed-4323-9ad8-e875beceb282 | ITER: 39 START
2019-06-05 08:23:41.247 22883 WARNING rally_openstack.scenarios.neutron.utils [-] Running this scenario without either the 'network' or 'existing_network' context is deprecated
2019-06-05 08:23:41.730 22867 INFO rally.task.runner [-] Task 15125b8c-61ed-4323-9ad8-e875beceb282 | ITER: 3 END: OK
2019-06-05 08:23:41.733 22867 INFO rally.task.runner [-] Task 15125b8c-61ed-4323-9ad8-e875beceb282 | ITER: 40 START
2019-06-05 08:23:41.734 22867 WARNING rally_openstack.scenarios.neutron.utils [-] Running this scenario without either the 'network' or 'existing_network' context is deprecated
2019-06-05 08:23:55.438 22868 INFO rally.task.runner [-] Task 15125b8c-61ed-4323-9ad8-e875beceb282 | ITER: 21 END: OK
2019-06-05 08:23:55.465 22869 INFO rally.task.runner [-] Task 15125b8c-61ed-4323-9ad8-e875beceb282 | ITER: 24 END: OK
2019-06-05 08:23:55.833 22866 INFO rally.task.runner [-] Task 15125b8c-61ed-4323-9ad8-e875beceb282 | ITER: 22 END: OK
2019-06-05 08:23:56.158 22913 INFO rally.task.runner [-] Task 15125b8c-61ed-4323-9ad8-e875beceb282 | ITER: 29 END: OK
2019-06-05 08:23:56.382 22894 INFO rally.task.runner [-] Task 15125b8c-61ed-4323-9ad8-e875beceb282 | ITER: 31 END: OK
2019-06-05 08:23:56.456 22907 INFO rally.task.runner [-] Task 15125b8c-61ed-4323-9ad8-e875beceb282 | ITER: 26 END: OK
2019-06-05 08:23:56.525 22867 INFO rally.task.runner [-] Task 15125b8c-61ed-4323-9ad8-e875beceb282 | ITER: 32 END: OK
2019-06-05 08:23:56.702 22904 INFO rally.task.runner [-] Task 15125b8c-61ed-4323-9ad8-e875beceb282 | ITER: 25 END: OK
2019-06-05 08:23:56.709 22881 INFO rally.task.runner [-] Task 15125b8c-61ed-4323-9ad8-e875beceb282 | ITER: 23 END: OK
2019-06-05 08:23:57.009 22872 INFO rally.task.runner [-] Task 15125b8c-61ed-4323-9ad8-e875beceb282 | ITER: 38 END: OK
2019-06-05 08:23:57.019 22889 INFO rally.task.runner [-] Task 15125b8c-61ed-4323-9ad8-e875beceb282 | ITER: 30 END: OK
2019-06-05 08:23:57.020 22910 INFO rally.task.runner [-] Task 15125b8c-61ed-4323-9ad8-e875beceb282 | ITER: 28 END: OK
2019-06-05 08:23:57.120 22866 INFO rally.task.runner [-] Task 15125b8c-61ed-4323-9ad8-e875beceb282 | ITER: 34 END: OK
2019-06-05 08:23:57.228 22901 INFO rally.task.runner [-] Task 15125b8c-61ed-4323-9ad8-e875beceb282 | ITER: 33 END: OK
2019-06-05 08:23:57.244 22883 INFO rally.task.runner [-] Task 15125b8c-61ed-4323-9ad8-e875beceb282 | ITER: 39 END: OK
2019-06-05 08:23:57.765 22877 INFO rally.task.runner [-] Task 15125b8c-61ed-4323-9ad8-e875beceb282 | ITER: 35 END: OK
2019-06-05 08:23:57.868 22898 INFO rally.task.runner [-] Task 15125b8c-61ed-4323-9ad8-e875beceb282 | ITER: 27 END: OK
2019-06-05 08:23:57.896 22867 INFO rally.task.runner [-] Task 15125b8c-61ed-4323-9ad8-e875beceb282 | ITER: 40 END: OK
2019-06-05 08:23:58.521 22868 INFO rally.task.runner [-] Task 15125b8c-61ed-4323-9ad8-e875beceb282 | ITER: 36 END: OK
2019-06-05 08:23:58.892 22869 INFO rally.task.runner [-] Task 15125b8c-61ed-4323-9ad8-e875beceb282 | ITER: 37 END: OK
2019-06-05 08:23:58.920 18992 INFO rally.task.context [-] Task 15125b8c-61ed-4323-9ad8-e875beceb282 | Context cleanup@openstack cleanup() started
2019-06-05 08:23:58.922 18992 RALLYDEBUG rally_openstack.cleanup.manager [-] Cleaning up neutron vip objects
2019-06-05 08:23:59.673 18992 RALLYDEBUG rally_openstack.cleanup.manager [-] Cleaning up neutron health_monitor objects
2019-06-05 08:24:00.347 18992 RALLYDEBUG rally_openstack.cleanup.manager [-] Cleaning up neutron pool objects
2019-06-05 08:24:01.094 18992 RALLYDEBUG rally_openstack.cleanup.manager [-] Cleaning up neutron loadbalancer objects
2019-06-05 08:24:01.844 18992 RALLYDEBUG rally_openstack.cleanup.manager [-] Cleaning up neutron floatingip objects
2019-06-05 08:24:02.737 18992 RALLYDEBUG rally_openstack.cleanup.manager [-] Cleaning up neutron port objects
2019-06-05 08:24:03.886 18992 RALLYDEBUG rally_openstack.cleanup.manager [-] Deleting neutron.port object s_rally_de8f25fb_x1JQC1sG (02ea79da-5944-4f55-829b-d70f1d14a3ae)
2019-06-05 08:24:03.889 18992 RALLYDEBUG rally_openstack.cleanup.manager [-] Deleting neutron.port object s_rally_de8f25fb_m5qW84Xf (02ac731b-3d2f-435e-99ae-854682badd63)
2019-06-05 08:24:03.891 18992 RALLYDEBUG rally_openstack.cleanup.manager [-] Deleting neutron.port object s_rally_de8f25fb_ETnMcHxO (04973d93-41f1-4571-8e8d-1fb3c19b7a8e)
2019-06-05 08:24:03.893 18992 RALLYDEBUG rally_openstack.cleanup.manager [-] Deleting neutron.port object s_rally_de8f25fb_vCiI5JRb (00227d60-4c83-43cb-9002-212f070c16b0)
2019-06-05 08:24:03.895 18992 RALLYDEBUG rally_openstack.cleanup.manager [-] Deleting neutron.port object s_rally_de8f25fb_71t2GbLZ (0542f94e-6863-4306-82ab-ab1b9f81d65e)
2019-06-05 08:24:03.901 18992 RALLYDEBUG rally_openstack.cleanup.manager [-] Deleting neutron.port object s_rally_de8f25fb_DkdZfton (05ffbcb3-1c47-45c3-b147-5e9d10510b31)
2019-06-05 08:24:03.907 18992 RALLYDEBUG rally_openstack.cleanup.manager [-] Deleting neutron.port object s_rally_de8f25fb_YYOGtRiD (009e31b8-7f69-4c87-8431-d5782ffdbfc4)
2019-06-05 08:24:03.908 18992 RALLYDEBUG rally_openstack.cleanup.manager [-] Deleting neutron.port object s_rally_de8f25fb_7938YeDg (051af709-4b85-4732-9875-c401b76b576d)
2019-06-05 08:24:03.914 18992 RALLYDEBUG rally_openstack.cleanup.manager [-] Deleting neutron.port object s_rally_de8f25fb_u7ODgHB0 (08e83a18-7d18-45c5-9943-d1942e201247)
2019-06-05 08:24:03.936 18992 RALLYDEBUG rally_openstack.cleanup.manager [-] Deleting neutron.port object s_rally_de8f25fb_GaU5PZoX (0af7e74e-5e37-46eb-a3d7-f4b025d9b588)
2019-06-05 08:24:03.949 18992 RALLYDEBUG rally_openstack.cleanup.manager [-] Deleting neutron.port object s_rally_de8f25fb_qsAzjl6H (0c0c8f60-7b0a-43c4-a134-1038fa7cdb19)
2019-06-05 08:24:03.953 18992 RALLYDEBUG rally_openstack.cleanup.manager [-] Deleting neutron.port object s_rally_de8f25fb_zCbPlSzZ (0a510b71-327f-4f81-ae2e-d0185e428754)
2019-06-05 08:24:03.955 18992 RALLYDEBUG rally_openstack.cleanup.manager [-] Deleting neutron.port object s_rally_de8f25fb_8mac9HXM (0a67d8e6-699b-431c-996a-622ec491fb75)
2019-06-05 08:24:03.977 18992 RALLYDEBUG rally_openstack.cleanup.manager [-] Deleting neutron.port object s_rally_de8f25fb_5AyiHdyT (0c8b75a4-8b5b-423a-aea4-cbdff9ccea3d)
2019-06-05 08:24:03.982 18992 RALLYDEBUG rally_openstack.cleanup.manager [-] Deleting neutron.port object s_rally_de8f25fb_wHy7YV84 (0f8fb06c-999a-4073-8c76-d511d778bc1c)
2019-06-05 08:24:03.982 18992 RALLYDEBUG rally_openstack.cleanup.manager [-] Deleting neutron.port object s_rally_de8f25fb_2jEfnG0m (101956cc-375e-4e7b-b4b8-fd609281d4c8)
2019-06-05 08:24:04.000 18992 RALLYDEBUG rally_openstack.cleanup.manager [-] Deleting neutron.port object s_rally_de8f25fb_aEGVwtMW (1377ec41-f66a-4923-af8c-b81efee31a62)
2019-06-05 08:24:04.002 18992 RALLYDEBUG rally_openstack.cleanup.manager [-] Deleting neutron.port object s_rally_de8f25fb_X847jYFT (12970efb-fd6a-47b3-8763-1d5185de3f22)
2019-06-05 08:24:04.011 18992 RALLYDEBUG rally_openstack.cleanup.manager [-] Deleting neutron.port object s_rally_de8f25fb_o54fE4eZ (1471cc29-0d9d-41c9-8dc0-d4d384c14bf0)
2019-06-05 08:24:04.013 18992 RALLYDEBUG rally_openstack.cleanup.manager [-] Deleting neutron.port object s_rally_de8f25fb_PGxdZ5Ao (13ce0197-12c3-4fce-9f47-341a759d8013)
2019-06-05 08:24:06.610 18992 RALLYDEBUG rally_openstack.cleanup.manager [-] Deleting neutron.port object s_rally_de8f25fb_RNBLK5rc (16aed3b1-9fee-4f79-a1e9-da9c02c7696d)
2019-06-05 08:24:06.707 18992 RALLYDEBUG rally_openstack.cleanup.manager [-] Deleting neutron.port object s_rally_de8f25fb_y5xsXRLK (17177d44-94eb-4932-828e-e27b52f1a600)
2019-06-05 08:24:06.723 18992 RALLYDEBUG rally_openstack.cleanup.manager [-] Deleting neutron.port object s_rally_de8f25fb_GztRABMh (1b433ae4-46a6-40ad-bcdd-6d236570d627)
2019-06-05 08:24:06.733 18992 RALLYDEBUG rally_openstack.cleanup.manager [-] Deleting neutron.port object s_rally_de8f25fb_hwEK5Scp (1faaf8b6-27e8-4e23-acd0-6c724e2111a3)
2019-06-05 08:24:06.825 18992 RALLYDEBUG rally_openstack.cleanup.manager [-] Deleting neutron.port object s_rally_de8f25fb_zQkXS5n7 (208300b7-db8a-4e0e-98c8-afc57e549e1b)
2019-06-05 08:24:06.853 18992 RALLYDEBUG rally_openstack.cleanup.manager [-] Deleting neutron.port object s_rally_de8f25fb_7yaU5zTC (211f1036-d560-4f3d-ae1e-ae8a9f587105)
2019-06-05 08:24:06.878 18992 RALLYDEBUG rally_openstack.cleanup.manager [-] Deleting neutron.port object s_rally_de8f25fb_jlMTAlFO (22b10440-a7ca-4302-9043-8dc35880635b)
2019-06-05 08:24:06.984 18992 RALLYDEBUG rally_openstack.cleanup.manager [-] Deleting neutron.port object s_rally_de8f25fb_BbTMOY8M (232bb043-f3d4-4c21-92c0-16e9e997e1a7)
2019-06-05 08:24:06.998 18992 RALLYDEBUG rally_openstack.cleanup.manager [-] Deleting neutron.port object s_rally_de8f25fb_pDpp8guL (29122f5c-cffb-477c-a16f-df35a1fc27db)
2019-06-05 08:24:07.094 18992 RALLYDEBUG rally_openstack.cleanup.manager [-] Deleting neutron.port object s_rally_de8f25fb_FUuYwmvk (29804824-e900-4c64-9bdc-fe580d3a7d92)
2019-06-05 08:24:07.159 18992 RALLYDEBUG rally_openstack.cleanup.manager [-] Deleting neutron.port object s_rally_de8f25fb_tK94gN4V (29b769ad-0521-4a1a-a510-6003e0c1cce5)
2019-06-05 08:24:07.202 18992 RALLYDEBUG rally_openstack.cleanup.manager [-] Deleting neutron.port object s_rally_de8f25fb_cT6Msw1U (2c854695-1af8-4a16-b021-77371317dba3)
2019-06-05 08:24:07.856 18992 RALLYDEBUG rally_openstack.cleanup.manager [-] Deleting neutron.port object s_rally_de8f25fb_o47FflFL (2ccea965-b115-4897-8176-9d0d212f41a1)
2019-06-05 08:24:07.886 18992 RALLYDEBUG rally_openstack.cleanup.manager [-] Deleting neutron.port object s_rally_de8f25fb_fGcn0LKO (2cfbaf3e-6f47-4a0a-a7a6-789734531d73)
2019-06-05 08:24:07.926 18992 RALLYDEBUG rally_openstack.cleanup.manager [-] Deleting neutron.port object s_rally_de8f25fb_JBFo73cx (2dc8e322-a40a-4721-bbf0-3fe066ccc96c)
2019-06-05 08:24:08.170 18992 RALLYDEBUG rally_openstack.cleanup.manager [-] Deleting neutron.port object s_rally_de8f25fb_uKeewuIv (3056c6f8-fe54-4939-8145-d695588b42d7)
2019-06-05 08:24:08.830 18992 RALLYDEBUG rally_openstack.cleanup.manager [-] Deleting neutron.port object s_rally_de8f25fb_MSoM1ogG (32261c7f-ac64-402e-8aed-397bfc9b3a37)
2019-06-05 08:24:08.840 18992 RALLYDEBUG rally_openstack.cleanup.manager [-] Deleting neutron.port object s_rally_de8f25fb_kGvldHvc (34ca72e8-c122-4c94-a024-bbdcc290af98)
2019-06-05 08:24:08.853 18992 RALLYDEBUG rally_openstack.cleanup.manager [-] Deleting neutron.port object s_rally_de8f25fb_TRCF1gSq (34dfe966-919c-45c4-a2fe-79c12cd53368)
2019-06-05 08:24:08.867 18992 RALLYDEBUG rally_openstack.cleanup.manager [-] Deleting neutron.port object s_rally_de8f25fb_KP0mKSAh (35a6c73e-75c2-4080-aa91-67b04ee79741)
2019-06-05 08:24:09.311 18992 RALLYDEBUG rally_openstack.cleanup.manager [-] Deleting neutron.port object s_rally_de8f25fb_YuLLVF23 (3652e7b9-fb0a-4509-89de-cbd91f88d6dd)
2019-06-05 08:24:09.449 18992 RALLYDEBUG rally_openstack.cleanup.manager [-] Deleting neutron.port object s_rally_de8f25fb_ts6aTVmo (3727d927-7dde-439d-8f9e-c36d3901ed9e)
2019-06-05 08:24:09.516 18992 RALLYDEBUG rally_openstack.cleanup.manager [-] Deleting neutron.port object s_rally_de8f25fb_5tN11pon (39064a99-e701-477b-98aa-35cf5dcdee0a)
2019-06-05 08:24:09.747 18992 RALLYDEBUG rally_openstack.cleanup.manager [-] Deleting neutron.port object s_rally_de8f25fb_eJOGr96H (3a66843c-e1c8-4a52-b27c-9ff32adead11)
2019-06-05 08:24:09.841 18992 RALLYDEBUG rally_openstack.cleanup.manager [-] Deleting neutron.port object s_rally_de8f25fb_bK273Ylm (3acad4db-e30e-4739-bbdf-99b85b78d98e)
2019-06-05 08:24:09.851 18992 RALLYDEBUG rally_openstack.cleanup.manager [-] Deleting neutron.port object s_rally_de8f25fb_lE3muRGR (3c0dd655-4afb-48a7-b51e-1de10e681e73)
2019-06-05 08:24:09.860 18992 RALLYDEBUG rally_openstack.cleanup.manager [-] Deleting neutron.port object s_rally_de8f25fb_srWtpXAO (3ca07229-fbba-4c2a-9d74-17e1cf36357a)
2019-06-05 08:24:09.977 18992 RALLYDEBUG rally_openstack.cleanup.manager [-] Deleting neutron.port object s_rally_de8f25fb_OY18Sqwr (3e990a34-3d28-4783-9236-e6e30e33d43e)
2019-06-05 08:24:10.010 18992 RALLYDEBUG rally_openstack.cleanup.manager [-] Deleting neutron.port object s_rally_de8f25fb_M3zzwDb8 (3fec6d1b-296c-4a37-a18d-25dfd44fef85)
2019-06-05 08:24:10.030 18992 RALLYDEBUG rally_openstack.cleanup.manager [-] Deleting neutron.port object s_rally_de8f25fb_7UJpWu2W (460f2b5e-55ac-4cfc-a457-57de34cf4a15)
2019-06-05 08:24:10.127 18992 RALLYDEBUG rally_openstack.cleanup.manager [-] Deleting neutron.port object s_rally_de8f25fb_Hej2jBUQ (473f7487-77ca-492d-9053-93cc6453a5e3)
2019-06-05 08:24:10.262 18992 RALLYDEBUG rally_openstack.cleanup.manager [-] Deleting neutron.port object s_rally_de8f25fb_o6l6W3hG (47f4cde9-bfb2-4736-9c8b-409a5bbd565c)
2019-06-05 08:24:10.278 18992 RALLYDEBUG rally_openstack.cleanup.manager [-] Deleting neutron.port object s_rally_de8f25fb_kz6INu20 (480e4e2b-9295-4667-9d10-ee9fde0ba320)
2019-06-05 08:24:10.433 18992 RALLYDEBUG rally_openstack.cleanup.manager [-] Deleting neutron.port object s_rally_de8f25fb_Ecf2xrmt (486f223e-23be-4fb5-bd15-3ec906d15542)
2019-06-05 08:24:10.495 18992 RALLYDEBUG rally_openstack.cleanup.manager [-] Deleting neutron.port object s_rally_de8f25fb_7HS57eTK (48ff354e-46f1-4dab-9b67-ce2a7daddb88)
2019-06-05 08:24:10.750 18992 RALLYDEBUG rally_openstack.cleanup.manager [-] Deleting neutron.port object s_rally_de8f25fb_ZwOEmZgy (4a1f4d26-568d-43a3-ada6-df24865c08c0)
2019-06-05 08:24:11.162 18992 RALLYDEBUG rally_openstack.cleanup.manager [-] Deleting neutron.port object s_rally_de8f25fb_yifwZs8o (4bfdcc84-c399-4ece-86fd-92695d937ebd)
2019-06-05 08:24:11.177 18992 RALLYDEBUG rally_openstack.cleanup.manager [-] Deleting neutron.port object s_rally_de8f25fb_CktqcOXK (4ce58737-26d3-4185-974c-f4f755faf615)
2019-06-05 08:24:11.301 18992 RALLYDEBUG rally_openstack.cleanup.manager [-] Deleting neutron.port object s_rally_de8f25fb_YRqnSuxx (4f75d558-354f-47eb-9eff-b435662ea29c)
2019-06-05 08:24:11.357 18992 RALLYDEBUG rally_openstack.cleanup.manager [-] Deleting neutron.port object s_rally_de8f25fb_HDq1rGbV (50d74038-e004-444d-a2d9-f0168128e10a)
2019-06-05 08:24:11.718 18992 RALLYDEBUG rally_openstack.cleanup.manager [-] Deleting neutron.port object s_rally_de8f25fb_x9uxviIa (52294a84-09da-4dc1-b9a4-afc495b1ff50)
2019-06-05 08:24:12.189 18992 RALLYDEBUG rally_openstack.cleanup.manager [-] Deleting neutron.port object s_rally_de8f25fb_uIZXgAPS (53730a5d-24c0-4a64-9b23-aa6b29dfb145)
2019-06-05 08:24:12.385 18992 RALLYDEBUG rally_openstack.cleanup.manager [-] Deleting neutron.port object s_rally_de8f25fb_lGvIsgF6 (53df6f86-6199-4d98-a604-3242566c3db3)
2019-06-05 08:24:12.413 18992 RALLYDEBUG rally_openstack.cleanup.manager [-] Deleting neutron.port object s_rally_de8f25fb_saEZ6zNb (542a4386-01c5-444e-840a-0c4be0fec8f9)
2019-06-05 08:24:12.485 18992 RALLYDEBUG rally_openstack.cleanup.manager [-] Deleting neutron.port object s_rally_de8f25fb_kA7Fb0UG (55b85a27-d191-454a-8795-5fa2b8461bb5)
2019-06-05 08:24:12.498 18992 RALLYDEBUG rally_openstack.cleanup.manager [-] Deleting neutron.port object s_rally_de8f25fb_t2kZgmS2 (576b9825-cfb5-48fe-963a-5782f21a5d9b)
2019-06-05 08:24:12.665 18992 RALLYDEBUG rally_openstack.cleanup.manager [-] Deleting neutron.port object s_rally_de8f25fb_UtRHi8lg (597aa151-f173-4bb4-ab9f-0ad3fe073d64)
2019-06-05 08:24:12.727 18992 RALLYDEBUG rally_openstack.cleanup.manager [-] Deleting neutron.port object s_rally_de8f25fb_ax5cGI9s (5a836fab-b7eb-4c9c-9318-0258fde50a30)
2019-06-05 08:24:12.739 18992 RALLYDEBUG rally_openstack.cleanup.manager [-] Deleting neutron.port object s_rally_de8f25fb_EdxKCj1B (5b2b5cac-3ad9-45ba-bac4-f962db8b7c11)
