2019-06-05 08:24:12.810 18992 RALLYDEBUG rally_openstack.cleanup.manager [-] Deleting neutron.port object s_rally_de8f25fb_TQDdjjXq (5bbd716c-4dee-45c1-8a5b-5997978dc0f6)
2019-06-05 08:24:12.838 18992 RALLYDEBUG rally_openstack.cleanup.manager [-] Deleting neutron.port object s_rally_de8f25fb_5OpE4w1A (5d8f75dc-8ed5-4361-833a-408573085a15)
2019-06-05 08:24:12.861 18992 RALLYDEBUG rally_openstack.cleanup.manager [-] Deleting neutron.port object s_rally_de8f25fb_ML4bzqCb (5db37806-ec5c-40fb-b2f2-856c31a8499e)
2019-06-05 08:24:12.941 18992 RALLYDEBUG rally_openstack.cleanup.manager [-] Deleting neutron.port object s_rally_de8f25fb_4SPOAqNi (5e286600-c8de-43f0-a881-1fc66427e883)
2019-06-05 08:24:13.152 18992 RALLYDEBUG rally_openstack.cleanup.manager [-] Deleting neutron.port object s_rally_de8f25fb_v2Dyf8UF (5ec813ff-231a-43f3-84e3-6ce653be4a3e)
2019-06-05 08:24:13.178 18992 RALLYDEBUG rally_openstack.cleanup.manager [-] Deleting neutron.port object s_rally_de8f25fb_ONeim9T8 (5f97dcd5-368c-4b78-bced-ee25c31fe7d5)
2019-06-05 08:24:13.319 18992 RALLYDEBUG rally_openstack.cleanup.manager [-] Deleting neutron.port object s_rally_de8f25fb_r5GS86i0 (61f257ba-f277-4043-9c3e-4ee36fcb4b54)
2019-06-05 08:24:13.485 18992 RALLYDEBUG rally_openstack.cleanup.manager [-] Deleting neutron.port object s_rally_de8f25fb_Vq5Dam6K (63a6af40-4dfb-45d9-9bec-6b749edb8f40)
2019-06-05 08:24:13.597 18992 RALLYDEBUG rally_openstack.cleanup.manager [-] Deleting neutron.port object s_rally_de8f25fb_JGmj7mlE (64284482-0ca0-47dc-b2d6-7c962814b73e)
2019-06-05 08:24:13.829 18992 RALLYDEBUG rally_openstack.cleanup.manager [-] Deleting neutron.port object s_rally_de8f25fb_98hTtxkZ (64f32233-025c-4a84-b20a-4426a6d0c460)
2019-06-05 08:24:14.233 18992 RALLYDEBUG rally_openstack.cleanup.manager [-] Deleting neutron.port object s_rally_de8f25fb_tICUPlmf (65a2a20e-ee85-4a1f-b833-64a782ac7a48)
2019-06-05 08:24:14.445 18992 RALLYDEBUG rally_openstack.cleanup.manager [-] Deleting neutron.port object s_rally_de8f25fb_C3bOULpX (678c2634-9657-4a3e-8508-d00833d01f46)
2019-06-05 08:24:14.886 18992 RALLYDEBUG rally_openstack.cleanup.manager [-] Deleting neutron.port object s_rally_de8f25fb_e24p7n39 (6818a04e-4525-46cd-a291-14b0ad435364)
2019-06-05 08:24:14.956 18992 RALLYDEBUG rally_openstack.cleanup.manager [-] Deleting neutron.port object s_rally_de8f25fb_JnVGBs9H (69c439bf-b406-476e-b06d-0a94d7e476ab)
2019-06-05 08:24:14.971 18992 RALLYDEBUG rally_openstack.cleanup.manager [-] Deleting neutron.port object s_rally_de8f25fb_yguS0TTN (6a99dbb4-4f84-402f-8496-a923c54852ae)
2019-06-05 08:24:15.183 18992 RALLYDEBUG rally_openstack.cleanup.manager [-] Deleting neutron.port object s_rally_de8f25fb_j9fANMR1 (6abac1f5-74e1-4917-b85b-050685fd6fdd)
2019-06-05 08:24:15.249 18992 RALLYDEBUG rally_openstack.cleanup.manager [-] Deleting neutron.port object s_rally_de8f25fb_nEbKVkf9 (6b311332-8c72-4157-8695-5c271cc1c71a)
2019-06-05 08:24:15.333 18992 RALLYDEBUG rally_openstack.cleanup.manager [-] Deleting neutron.port object s_rally_de8f25fb_Sp2Qm4Aq (6ca35e7c-6add-4d7a-8284-d70c84eec4bd)
2019-06-05 08:24:15.396 18992 RALLYDEBUG rally_openstack.cleanup.manager [-] Deleting neutron.port object s_rally_de8f25fb_yrj7aqFB (6cbbdd06-26c6-44dc-9507-5bd28b305947)
2019-06-05 08:24:15.479 18992 RALLYDEBUG rally_openstack.cleanup.manager [-] Deleting neutron.port object s_rally_de8f25fb_qJEd31uW (6de85c50-5054-42a7-8167-5921d9a6ee7d)
2019-06-05 08:24:15.541 18992 RALLYDEBUG rally_openstack.cleanup.manager [-] Deleting neutron.port object s_rally_de8f25fb_aBdreRDd (6fb450b8-7f0c-463d-9302-3a75a0bdf082)
2019-06-05 08:24:15.712 18992 RALLYDEBUG rally_openstack.cleanup.manager [-] Deleting neutron.port object s_rally_de8f25fb_emXT9E3e (706054a3-f835-4443-9894-511b35d584a2)
2019-06-05 08:24:15.726 18992 RALLYDEBUG rally_openstack.cleanup.manager [-] Deleting neutron.port object s_rally_de8f25fb_dStART2k (70e434ca-13ed-44c7-b1fc-9b76e66ae150)
2019-06-05 08:24:15.799 18992 RALLYDEBUG rally_openstack.cleanup.manager [-] Deleting neutron.port object s_rally_de8f25fb_QvPBaJEU (740fd8d7-59c6-40b2-b34c-ac93abd3c3fb)
2019-06-05 08:24:15.847 18992 RALLYDEBUG rally_openstack.cleanup.manager [-] Deleting neutron.port object s_rally_de8f25fb_6wp6cxnZ (762f506c-e793-4183-a848-08e45aa2d8ba)
2019-06-05 08:24:16.078 18992 RALLYDEBUG rally_openstack.cleanup.manager [-] Deleting neutron.port object s_rally_de8f25fb_wPu4JMYn (765eb5ed-79aa-4b62-a653-0b60f573f479)
2019-06-05 08:24:16.155 18992 RALLYDEBUG rally_openstack.cleanup.manager [-] Deleting neutron.port object s_rally_de8f25fb_GqXKqxef (788e7260-949f-4308-a672-bc1d3d2cbd3b)
2019-06-05 08:24:16.180 18992 RALLYDEBUG rally_openstack.cleanup.manager [-] Deleting neutron.port object s_rally_de8f25fb_zI0kxsWM (7a92b05d-ba0a-402a-a86a-dac267486b9f)
2019-06-05 08:24:16.196 18992 RALLYDEBUG rally_openstack.cleanup.manager [-] Deleting neutron.port object s_rally_de8f25fb_fFYZTSPM (7beebee2-3cb9-45d6-9c24-98d61463acfa)
2019-06-05 08:24:16.496 18992 RALLYDEBUG rally_openstack.cleanup.manager [-] Deleting neutron.port object s_rally_de8f25fb_9GwQibvx (7ce560e5-ce4d-4b32-88b3-4812eb5c2f18)
2019-06-05 08:24:16.759 18992 RALLYDEBUG rally_openstack.cleanup.manager [-] Deleting neutron.port object s_rally_de8f25fb_Ci5dKWYB (7cfb5025-93ce-4016-9891-46ae6e4c625c)
2019-06-05 08:24:16.900 18992 RALLYDEBUG rally_openstack.cleanup.manager [-] Deleting neutron.port object s_rally_de8f25fb_6fYI51e1 (7d4946bc-3b00-41d7-b72d-83edd58d712e)
2019-06-05 08:24:17.294 18992 RALLYDEBUG rally_openstack.cleanup.manager [-] Deleting neutron.port object s_rally_de8f25fb_F7IGKlJU (7eaaeaee-edd2-41f8-b8f9-412020c8011a)
2019-06-05 08:24:17.427 18992 RALLYDEBUG rally_openstack.cleanup.manager [-] Deleting neutron.port object s_rally_de8f25fb_UipHdpIy (7ec3ad13-6330-4d79-a517-8e7f025cea5b)
2019-06-05 08:24:17.527 18992 RALLYDEBUG rally_openstack.cleanup.manager [-] Deleting neutron.port object s_rally_de8f25fb_Qh8SaWSR (7f4c05cd-1d66-4642-ab65-f5d31fb57adb)
2019-06-05 08:24:17.547 18992 RALLYDEBUG rally_openstack.cleanup.manager [-] Deleting neutron.port object s_rally_de8f25fb_8P28d6Ox (7f91a744-65ac-4fbd-83de-57a8a66003ae)
2019-06-05 08:24:17.639 18992 RALLYDEBUG rally_openstack.cleanup.manager [-] Deleting neutron.port object s_rally_de8f25fb_dgmF7olF (81d8c560-e3b7-43ea-b02b-5dff79cb20ed)
2019-06-05 08:24:18.080 18992 RALLYDEBUG rally_openstack.cleanup.manager [-] Deleting neutron.port object s_rally_de8f25fb_yMszGsTe (82dc79fe-3ab4-4667-abe9-ed403d0dea7a)
2019-06-05 08:24:18.151 18992 RALLYDEBUG rally_openstack.cleanup.manager [-] Deleting neutron.port object s_rally_de8f25fb_EzafoWBC (84f29117-9aed-42b9-9155-5cd8ab2691c2)
2019-06-05 08:24:18.254 18992 RALLYDEBUG rally_openstack.cleanup.manager [-] Deleting neutron.port object s_rally_de8f25fb_sMkR0kVG (8576d65f-7169-4843-8387-4a3918cfd161)
2019-06-05 08:24:18.362 18992 RALLYDEBUG rally_openstack.cleanup.manager [-] Deleting neutron.port object s_rally_de8f25fb_Py4KvY8V (8647af34-fd8c-44f0-b99d-31906ff2e024)
2019-06-05 08:24:18.400 18992 RALLYDEBUG rally_openstack.cleanup.manager [-] Deleting neutron.port object s_rally_de8f25fb_LwPzAaOw (885c4be1-f736-4e74-a094-8f4ddac2087f)
2019-06-05 08:24:18.497 18992 RALLYDEBUG rally_openstack.cleanup.manager [-] Deleting neutron.port object s_rally_de8f25fb_88DuUkA5 (8bf2a4f0-fbff-4d58-8f20-8f95910c4370)
2019-06-05 08:24:18.539 18992 RALLYDEBUG rally_openstack.cleanup.manager [-] Deleting neutron.port object s_rally_de8f25fb_G5LwGnFd (8c3302a4-3e50-4340-870f-c483ea53c419)
2019-06-05 08:24:18.583 18992 RALLYDEBUG rally_openstack.cleanup.manager [-] Deleting neutron.port object s_rally_de8f25fb_QeW62l1a (8cf4ae19-efa3-42e5-aa5c-72a1ff367a41)
2019-06-05 08:24:18.625 18992 RALLYDEBUG rally_openstack.cleanup.manager [-] Deleting neutron.port object s_rally_de8f25fb_udOKEYDv (8d793794-8709-4d1d-bbbb-8d32e47c9363)
2019-06-05 08:24:18.787 18992 RALLYDEBUG rally_openstack.cleanup.manager [-] Deleting neutron.port object s_rally_de8f25fb_iwSaUOWj (9267a1ac-8421-4a18-a613-0c7ee6747c85)
2019-06-05 08:24:18.817 18992 RALLYDEBUG rally_openstack.cleanup.manager [-] Deleting neutron.port object s_rally_de8f25fb_m0kcZqdz (93c36664-48a8-47ff-8fa9-09b3b7589974)
2019-06-05 08:24:18.843 18992 RALLYDEBUG rally_openstack.cleanup.manager [-] Deleting neutron.port object s_rally_de8f25fb_hcxYuGsT (977a9c3c-ad12-4039-9fda-93bf8e27ade3)
2019-06-05 08:24:18.852 18992 RALLYDEBUG rally_openstack.cleanup.manager [-] Deleting neutron.port object s_rally_de8f25fb_BolKV2Kk (9842775f-d631-4283-b6a6-e6009882dc0b)
2019-06-05 08:24:19.032 18992 RALLYDEBUG rally_openstack.cleanup.manager [-] Deleting neutron.port object s_rally_de8f25fb_OX9jk1cu (98e66eef-fec3-4a57-b6d8-e4ae74760892)
2019-06-05 08:24:19.246 18992 RALLYDEBUG rally_openstack.cleanup.manager [-] Deleting neutron.port object s_rally_de8f25fb_8mmBM7pn (99318972-7596-4e44-a186-ac891813b267)
2019-06-05 08:24:19.485 18992 RALLYDEBUG rally_openstack.cleanup.manager [-] Deleting neutron.port object s_rally_de8f25fb_QuuscCFd (999ddbc1-7e62-491b-8fc2-6fd146d8f189)
2019-06-05 08:24:19.805 18992 RALLYDEBUG rally_openstack.cleanup.manager [-] Deleting neutron.port object s_rally_de8f25fb_jtYpbKq2 (9e0d7fb9-2c5c-42b6-bed1-ca10ec4f3878)
2019-06-05 08:24:19.900 18992 RALLYDEBUG rally_openstack.cleanup.manager [-] Deleting neutron.port object s_rally_de8f25fb_v7Q8lH1h (9f3c8d2d-d662-4aa6-aa94-21d4f2ee5625)
2019-06-05 08:24:19.982 18992 RALLYDEBUG rally_openstack.cleanup.manager [-] Deleting neutron.port object s_rally_de8f25fb_Z4zJJRhO (a26cb255-3a00-4af8-8c55-71f19dd48d9b)
2019-06-05 08:24:20.193 18992 RALLYDEBUG rally_openstack.cleanup.manager [-] Deleting neutron.port object s_rally_de8f25fb_zVzL2eb9 (a2fbb072-eddd-4873-8942-caa1b9e86708)
2019-06-05 08:24:20.644 18992 RALLYDEBUG rally_openstack.cleanup.manager [-] Deleting neutron.port object s_rally_de8f25fb_3osXDXZH (a5d1dcae-b6f4-468b-a7db-b4767743f947)
2019-06-05 08:24:20.779 18992 RALLYDEBUG rally_openstack.cleanup.manager [-] Deleting neutron.port object s_rally_de8f25fb_FMkEUDOw (a6772c50-4723-46df-8966-af5101fcaa0c)
2019-06-05 08:24:20.791 18992 RALLYDEBUG rally_openstack.cleanup.manager [-] Deleting neutron.port object s_rally_de8f25fb_1dwDuBOE (a795469b-f038-4e96-a594-9f917b628738)
2019-06-05 08:24:20.899 18992 RALLYDEBUG rally_openstack.cleanup.manager [-] Deleting neutron.port object s_rally_de8f25fb_2Hmj5gJ0 (a7ed757d-9848-4991-be52-76b810921b22)
2019-06-05 08:24:20.961 18992 RALLYDEBUG rally_openstack.cleanup.manager [-] Deleting neutron.port object s_rally_de8f25fb_sie7aFd1 (a8a43e40-59eb-4cb3-87b4-e7396a730ad3)
2019-06-05 08:24:21.017 18992 RALLYDEBUG rally_openstack.cleanup.manager [-] Deleting neutron.port object s_rally_de8f25fb_SXnHXRHV (a9c16fbf-39d7-4d8f-aa6c-2d4cffe67f47)
2019-06-05 08:24:21.123 18992 RALLYDEBUG rally_openstack.cleanup.manager [-] Deleting neutron.port object s_rally_de8f25fb_aOUnhqA5 (aa0b7825-8b0c-4442-a889-b2a68b069f00)
2019-06-05 08:24:21.151 18992 RALLYDEBUG rally_openstack.cleanup.manager [-] Deleting neutron.port object s_rally_de8f25fb_XfJumOPo (ad6444ae-05c8-4528-a673-6306101aca8d)
2019-06-05 08:24:21.239 18992 RALLYDEBUG rally_openstack.cleanup.manager [-] Deleting neutron.port object s_rally_de8f25fb_B1aBCYlR (af6d2687-415a-409c-bdc8-c6adafcbcaf3)
2019-06-05 08:24:21.354 18992 RALLYDEBUG rally_openstack.cleanup.manager [-] Deleting neutron.port object s_rally_de8f25fb_PKzarNjf (b02d590f-9368-403f-8a9a-331e7401dca1)
2019-06-05 08:24:21.407 18992 RALLYDEBUG rally_openstack.cleanup.manager [-] Deleting neutron.port object s_rally_de8f25fb_bciN9Pjw (b1f4e0a5-893c-4cc7-a079-ae03d0e5e8e7)
2019-06-05 08:24:21.513 18992 RALLYDEBUG rally_openstack.cleanup.manager [-] Deleting neutron.port object s_rally_de8f25fb_xObXjzCG (b314d51b-2e8f-4aa2-b9ff-11decf5b11ec)
2019-06-05 08:24:21.536 18992 RALLYDEBUG rally_openstack.cleanup.manager [-] Deleting neutron.port object s_rally_de8f25fb_ObAvNhMH (b41d7667-36ac-4855-933b-174afac004b9)
2019-06-05 08:24:21.602 18992 RALLYDEBUG rally_openstack.cleanup.manager [-] Deleting neutron.port object s_rally_de8f25fb_j8v0amri (b4c69c1f-deab-425c-ba94-4deafe5a0909)
2019-06-05 08:24:21.622 18992 RALLYDEBUG rally_openstack.cleanup.manager [-] Deleting neutron.port object s_rally_de8f25fb_Vu7T1gUL (b7624cee-ccc1-481f-bc68-6c40af51ddfc)
2019-06-05 08:24:22.112 18992 RALLYDEBUG rally_openstack.cleanup.manager [-] Deleting neutron.port object s_rally_de8f25fb_KBn8mEAG (b7ff39a3-e530-44cf-832b-0c7eceb5b831)
2019-06-05 08:24:22.220 18992 RALLYDEBUG rally_openstack.cleanup.manager [-] Deleting neutron.port object s_rally_de8f25fb_a44d3r2S (b8ea98e1-c41f-4269-b7dd-ae621af9b821)
2019-06-05 08:24:22.272 18992 RALLYDEBUG rally_openstack.cleanup.manager [-] Deleting neutron.port object s_rally_de8f25fb_km9uQssZ (b9226f8e-7ee6-4e89-9be2-560f4d0918b5)
2019-06-05 08:24:22.449 18992 RALLYDEBUG rally_openstack.cleanup.manager [-] Deleting neutron.port object s_rally_de8f25fb_BHUrdeRS (bc2e80b2-3b8b-4ec6-ab8e-2a923e4722eb)
2019-06-05 08:24:22.696 18992 RALLYDEBUG rally_openstack.cleanup.manager [-] Deleting neutron.port object s_rally_de8f25fb_Oyc3t62o (bc3ab4bc-a522-44df-94e2-8b65c5aaf618)
2019-06-05 08:24:23.136 18992 RALLYDEBUG rally_openstack.cleanup.manager [-] Deleting neutron.port object s_rally_de8f25fb_8EIgDgoj (bca064fd-8086-40c9-ae93-705599b9e842)
2019-06-05 08:24:23.239 18992 RALLYDEBUG rally_openstack.cleanup.manager [-] Deleting neutron.port object s_rally_de8f25fb_1b6A6GdY (bcdff1e1-56fa-43fa-a976-d419c114af86)
2019-06-05 08:24:23.306 18992 RALLYDEBUG rally_openstack.cleanup.manager [-] Deleting neutron.port object s_rally_de8f25fb_Ipgi4I7U (bdd86da2-21fe-4fda-ac8e-d39bbc4c8ba7)
2019-06-05 08:24:23.328 18992 RALLYDEBUG rally_openstack.cleanup.manager [-] Deleting neutron.port object s_rally_de8f25fb_4aj5sOII (c09e8f9b-623c-4216-af5d-58e09fe8afb2)
2019-06-05 08:24:23.612 18992 RALLYDEBUG rally_openstack.cleanup.manager [-] Deleting neutron.port object s_rally_de8f25fb_4nszJ09K (c1cabea4-22b4-45be-8c45-ccc363ee59c9)
2019-06-05 08:24:23.630 18992 RALLYDEBUG rally_openstack.cleanup.manager [-] Deleting neutron.port object s_rally_de8f25fb_uHQWkdpx (c2b9e87c-de16-4436-ae94-cdce0ca1f1c0)
2019-06-05 08:24:23.675 18992 RALLYDEBUG rally_openstack.cleanup.manager [-] Deleting neutron.port object s_rally_de8f25fb_iocIcfZn (c3e501e2-2660-4481-a795-336a74d89a7e)
2019-06-05 08:24:23.703 18992 RALLYDEBUG rally_openstack.cleanup.manager [-] Deleting neutron.port object s_rally_de8f25fb_DL3x6IXl (c45d0a37-555b-4498-9533-2bfd5748749a)
2019-06-05 08:24:23.766 18992 RALLYDEBUG rally_openstack.cleanup.manager [-] Deleting neutron.port object s_rally_de8f25fb_xRNHVZcg (c53bf4d4-fe50-4c84-aaa4-6faf9564061c)
2019-06-05 08:24:23.902 18992 RALLYDEBUG rally_openstack.cleanup.manager [-] Deleting neutron.port object s_rally_de8f25fb_DWTZdjWI (c79ddde8-4bc8-46c4-a412-ff3250511c1f)
2019-06-05 08:24:23.958 18992 RALLYDEBUG rally_openstack.cleanup.manager [-] Deleting neutron.port object s_rally_de8f25fb_pQMwrH65 (c851f93c-1125-4f23-b2b4-89c531608ac4)
2019-06-05 08:24:24.053 18992 RALLYDEBUG rally_openstack.cleanup.manager [-] Deleting neutron.port object s_rally_de8f25fb_nxfSjaDS (c98185de-74df-4df5-b8e2-c7c29e47d006)
2019-06-05 08:24:24.123 18992 RALLYDEBUG rally_openstack.cleanup.manager [-] Deleting neutron.port object s_rally_de8f25fb_99WAZQYj (ca0017b7-be17-4451-ab39-0bf6af73b7c7)
2019-06-05 08:24:24.253 18992 RALLYDEBUG rally_openstack.cleanup.manager [-] Deleting neutron.port object s_rally_de8f25fb_mkB9GU6b (cb0a7ce3-a8eb-487e-b4df-afc1c3f8f7d5)
2019-06-05 08:24:24.406 18992 RALLYDEBUG rally_openstack.cleanup.manager [-] Deleting neutron.port object s_rally_de8f25fb_4gtztCz7 (cb9b8bf8-1fad-46d7-bab5-65583ba5e98f)
2019-06-05 08:24:24.499 18992 RALLYDEBUG rally_openstack.cleanup.manager [-] Deleting neutron.port object s_rally_de8f25fb_QWNSpAkc (d12721a5-44f0-4dba-8c71-ed30e1348238)
2019-06-05 08:24:24.827 18992 RALLYDEBUG rally_openstack.cleanup.manager [-] Deleting neutron.port object s_rally_de8f25fb_sIjWaFis (d1b73780-294d-4378-96b8-9f12da4dc52f)
2019-06-05 08:24:24.948 18992 RALLYDEBUG rally_openstack.cleanup.manager [-] Deleting neutron.port object s_rally_de8f25fb_624CZthw (d326e1a7-33af-4601-9fdc-1d4092a4aca6)
2019-06-05 08:24:25.102 18992 RALLYDEBUG rally_openstack.cleanup.manager [-] Deleting neutron.port object s_rally_de8f25fb_xzX2KtEI (d39e6185-b7a6-49d5-99f2-30ee46739e8d)
2019-06-05 08:24:25.147 18992 RALLYDEBUG rally_openstack.cleanup.manager [-] Deleting neutron.port object s_rally_de8f25fb_eD3HEzta (d3eae535-4a4d-485a-85c0-1da21137e8b8)
2019-06-05 08:24:25.565 18992 RALLYDEBUG rally_openstack.cleanup.manager [-] Deleting neutron.port object s_rally_de8f25fb_Dza9hsd0 (d5409de1-0c08-4931-889e-b6abe8e8ef02)
2019-06-05 08:24:25.586 18992 RALLYDEBUG rally_openstack.cleanup.manager [-] Deleting neutron.port object s_rally_de8f25fb_F0zEy0iY (d5d80a57-feb4-48fb-a255-3feed98eb4d7)
2019-06-05 08:24:25.833 18992 RALLYDEBUG rally_openstack.cleanup.manager [-] Deleting neutron.port object s_rally_de8f25fb_cOVQGwC1 (d653e12e-a00d-4ee4-b46d-b409d3db10f3)
2019-06-05 08:24:25.954 18992 RALLYDEBUG rally_openstack.cleanup.manager [-] Deleting neutron.port object s_rally_de8f25fb_ZxksZ4Dk (d8edecee-178a-4c04-b426-dd78b3f22d9e)
2019-06-05 08:24:26.013 18992 RALLYDEBUG rally_openstack.cleanup.manager [-] Deleting neutron.port object s_rally_de8f25fb_oPQJ2kIg (da77fea0-5d2f-4c20-b07c-35a29e8750e0)
2019-06-05 08:24:26.034 18992 RALLYDEBUG rally_openstack.cleanup.manager [-] Deleting neutron.port object s_rally_de8f25fb_AbNHk33o (dd164d76-0d52-4752-bb27-61b8744e27b4)
2019-06-05 08:24:26.063 18992 RALLYDEBUG rally_openstack.cleanup.manager [-] Deleting neutron.port object s_rally_de8f25fb_wbIZ2BGL (dd33801b-3558-4695-a663-d8b8ea1301a7)
2019-06-05 08:24:26.230 18992 RALLYDEBUG rally_openstack.cleanup.manager [-] Deleting neutron.port object s_rally_de8f25fb_MAQ4NJkz (de4cfee0-ba02-46e5-af7d-0c439e746082)
2019-06-05 08:24:26.342 18992 RALLYDEBUG rally_openstack.cleanup.manager [-] Deleting neutron.port object s_rally_de8f25fb_wWZu79tg (dfced380-39eb-4e11-9784-28cc719ac2d3)
2019-06-05 08:24:26.495 18992 RALLYDEBUG rally_openstack.cleanup.manager [-] Deleting neutron.port object s_rally_de8f25fb_Zbboaaov (e54c59f9-345c-4edc-980c-76a87800de8c)
2019-06-05 08:24:26.746 18992 RALLYDEBUG rally_openstack.cleanup.manager [-] Deleting neutron.port object s_rally_de8f25fb_gEgM3j0F (e6e86d4d-92b4-46c7-8ba7-30f4055d8b59)
2019-06-05 08:24:26.822 18992 RALLYDEBUG rally_openstack.cleanup.manager [-] Deleting neutron.port object s_rally_de8f25fb_8Y3efmev (e98c319a-40d5-4731-a9f8-3b0845a32eb4)
2019-06-05 08:24:26.848 18992 RALLYDEBUG rally_openstack.cleanup.manager [-] Deleting neutron.port object s_rally_de8f25fb_1h0aewYe (ea79f695-f5fa-4d0c-a05c-01c7eb261479)
2019-06-05 08:24:26.917 18992 RALLYDEBUG rally_openstack.cleanup.manager [-] Deleting neutron.port object s_rally_de8f25fb_7eCgLR0x (eb74a1aa-4305-44a8-b7b0-16ccee8231c4)
2019-06-05 08:24:27.024 18992 RALLYDEBUG rally_openstack.cleanup.manager [-] Deleting neutron.port object s_rally_de8f25fb_z5sINGWD (ed1f0d44-1f3f-46cd-96d0-8f79b9a466c7)
2019-06-05 08:24:27.155 18992 RALLYDEBUG rally_openstack.cleanup.manager [-] Deleting neutron.port object s_rally_de8f25fb_sE5FjXIV (eea00417-2bdc-45e9-a1f2-4532febbfcfc)
2019-06-05 08:24:27.163 18992 RALLYDEBUG rally_openstack.cleanup.manager [-] Deleting neutron.port object s_rally_de8f25fb_4TIBwh2T (ef8d1067-5992-4d08-9cad-afc21f90f1be)
2019-06-05 08:24:27.276 18992 RALLYDEBUG rally_openstack.cleanup.manager [-] Deleting neutron.port object s_rally_de8f25fb_hd8GJ4Vr (f02f32d1-5ef9-45e5-8d4a-b87259d8e5cf)
2019-06-05 08:24:27.376 18992 RALLYDEBUG rally_openstack.cleanup.manager [-] Deleting neutron.port object s_rally_de8f25fb_TDOMF1z3 (f1eae8cd-01c4-4b2a-8161-1a42a0f74fe8)
2019-06-05 08:24:27.472 18992 RALLYDEBUG rally_openstack.cleanup.manager [-] Deleting neutron.port object s_rally_de8f25fb_XYPcQp00 (f24ba4bd-b215-4208-b75b-0e35c349062a)
2019-06-05 08:24:27.828 18992 RALLYDEBUG rally_openstack.cleanup.manager [-] Deleting neutron.port object s_rally_de8f25fb_CmPzzTuZ (f2c215f5-dd49-44fd-9fbd-6f26b269a217)
2019-06-05 08:24:28.058 18992 RALLYDEBUG rally_openstack.cleanup.manager [-] Deleting neutron.port object s_rally_de8f25fb_oV94DeM4 (f3aab716-4d51-4246-88ef-e61af95e5b22)
2019-06-05 08:24:28.331 18992 RALLYDEBUG rally_openstack.cleanup.manager [-] Deleting neutron.port object s_rally_de8f25fb_ahDdleii (f57a47bf-e8a3-4401-a221-f2be41e7f6cf)
2019-06-05 08:24:28.456 18992 RALLYDEBUG rally_openstack.cleanup.manager [-] Deleting neutron.port object s_rally_de8f25fb_eIsPA0qS (f60141dd-0043-44c6-9603-e50a10a8a8ce)
2019-06-05 08:24:28.632 18992 RALLYDEBUG rally_openstack.cleanup.manager [-] Deleting neutron.port object s_rally_de8f25fb_Mjpt0Kq2 (f635300b-6c9a-4e40-8c52-f8c0ceb67710)
2019-06-05 08:24:28.900 18992 RALLYDEBUG rally_openstack.cleanup.manager [-] Deleting neutron.port object s_rally_de8f25fb_TKVKeBGe (f677e69f-7d67-4e7a-98f3-969e646d9300)
2019-06-05 08:24:28.993 18992 RALLYDEBUG rally_openstack.cleanup.manager [-] Deleting neutron.port object s_rally_de8f25fb_hyn052o0 (f72e9116-187e-47fe-87c9-58efe6081d86)
2019-06-05 08:24:29.006 18992 RALLYDEBUG rally_openstack.cleanup.manager [-] Deleting neutron.port object s_rally_de8f25fb_F7n03p7l (f99af2e0-4381-4a82-b0a8-f43447b90e33)
2019-06-05 08:24:29.007 18992 RALLYDEBUG rally_openstack.cleanup.manager [-] Deleting neutron.port object s_rally_de8f25fb_k5PEi4fj (f95c7eb0-5c01-49b7-8a1f-982ac70b4643)
2019-06-05 08:24:29.226 18992 RALLYDEBUG rally_openstack.cleanup.manager [-] Deleting neutron.port object s_rally_de8f25fb_hEbxXeaX (fac35946-3c75-4a50-ba41-a621ab5aa6ee)
2019-06-05 08:24:29.289 18992 RALLYDEBUG rally_openstack.cleanup.manager [-] Deleting neutron.port object s_rally_de8f25fb_11VaW8MU (fdcfd857-a3d1-4957-a761-484c73800171)
2019-06-05 08:24:29.382 18992 RALLYDEBUG rally_openstack.cleanup.manager [-] Deleting neutron.port object s_rally_de8f25fb_HSY0KBd7 (fe44fac5-9a86-4521-baaf-8907d3620117)
2019-06-05 08:24:29.656 18992 RALLYDEBUG rally_openstack.cleanup.manager [-] Deleting neutron.port object s_rally_de8f25fb_qnGW8bXJ (fea099d7-1bbb-4744-9edb-c96cc86894d3)
2019-06-05 08:24:29.686 18992 RALLYDEBUG rally_openstack.cleanup.manager [-] Deleting neutron.port object s_rally_de8f25fb_f8GZhKPk (fec14f49-3771-474a-a2db-7494fd5d5430)
2019-06-05 08:24:32.223 18992 RALLYDEBUG rally_openstack.cleanup.manager [-] Cleaning up neutron subnet objects
2019-06-05 08:24:32.983 18992 RALLYDEBUG rally_openstack.cleanup.manager [-] Cleaning up neutron network objects
2019-06-05 08:24:33.886 18992 RALLYDEBUG rally_openstack.cleanup.manager [-] Deleting neutron.network object s_rally_de8f25fb_DjKZcKxH (049cc134-6d0c-4299-9042-f27117bf71a8)
2019-06-05 08:24:33.895 18992 RALLYDEBUG rally_openstack.cleanup.manager [-] Deleting neutron.network object s_rally_de8f25fb_JYK4hTKV (1086cb12-e4f9-4e5c-bd22-abb79e0e1691)
2019-06-05 08:24:33.899 18992 RALLYDEBUG rally_openstack.cleanup.manager [-] Deleting neutron.network object s_rally_de8f25fb_se5STzlX (06fa233d-5352-43a5-9475-0f9686b751cb)
2019-06-05 08:24:33.902 18992 RALLYDEBUG rally_openstack.cleanup.manager [-] Deleting neutron.network object s_rally_de8f25fb_3RnngtNh (09683f61-66c6-49df-bbb6-9bc2f34abe08)
2019-06-05 08:24:33.917 18992 RALLYDEBUG rally_openstack.cleanup.manager [-] Deleting neutron.network object s_rally_de8f25fb_LdK6fhSb (16645718-8bb1-4f20-b4b0-c10abcde189f)
2019-06-05 08:24:33.924 18992 RALLYDEBUG rally_openstack.cleanup.manager [-] Deleting neutron.network object s_rally_de8f25fb_UIcNUBVE (11af4501-ca57-4cec-ac23-e8dc35344527)
2019-06-05 08:24:33.933 18992 RALLYDEBUG rally_openstack.cleanup.manager [-] Deleting neutron.network object s_rally_de8f25fb_73ZQeyBA (18d79c61-8320-46d4-b91d-40d631667566)
2019-06-05 08:24:33.948 18992 RALLYDEBUG rally_openstack.cleanup.manager [-] Deleting neutron.network object s_rally_de8f25fb_lhyc2tl5 (1913f8a8-b98a-498c-902d-b5be93f732d1)
2019-06-05 08:24:33.952 18992 RALLYDEBUG rally_openstack.cleanup.manager [-] Deleting neutron.network object s_rally_de8f25fb_VfxOTDAL (1b070726-6d28-48e9-aaeb-78e4ed4af8dd)
2019-06-05 08:24:33.969 18992 RALLYDEBUG rally_openstack.cleanup.manager [-] Deleting neutron.network object s_rally_de8f25fb_CxqsJBXq (23009de7-8195-415f-b5c1-0eb357422284)
2019-06-05 08:24:33.980 18992 RALLYDEBUG rally_openstack.cleanup.manager [-] Deleting neutron.network object s_rally_de8f25fb_NlNoipBn (2713d0b9-5c2e-4137-a77f-49b7adf7691c)
2019-06-05 08:24:33.982 18992 RALLYDEBUG rally_openstack.cleanup.manager [-] Deleting neutron.network object s_rally_de8f25fb_N09UDegV (1f5c80b8-041e-4ead-8fa1-7fd224222599)
2019-06-05 08:24:34.005 18992 RALLYDEBUG rally_openstack.cleanup.manager [-] Deleting neutron.network object s_rally_de8f25fb_0WNelzIS (275f1295-c8a4-4bbc-9457-4545faf21211)
2019-06-05 08:24:34.017 18992 RALLYDEBUG rally_openstack.cleanup.manager [-] Deleting neutron.network object s_rally_de8f25fb_f9DfDerI (2cfb7b47-bcc4-4cc9-823c-6e58a321eb0b)
2019-06-05 08:24:34.030 18992 RALLYDEBUG rally_openstack.cleanup.manager [-] Deleting neutron.network object s_rally_de8f25fb_08P8I8b0 (2f3e6eb2-aac7-4e8d-9c7e-1794d4ea0ac8)
2019-06-05 08:24:34.056 18992 RALLYDEBUG rally_openstack.cleanup.manager [-] Deleting neutron.network object s_rally_de8f25fb_Ro5aukkI (3a77b392-6cad-47e9-a9d3-4e369f005c51)
2019-06-05 08:24:34.069 18992 RALLYDEBUG rally_openstack.cleanup.manager [-] Deleting neutron.network object s_rally_de8f25fb_4c2qRNVl (3d474c22-e34a-45b7-a54a-7bdf0d8f2ca9)
2019-06-05 08:24:34.079 18992 RALLYDEBUG rally_openstack.cleanup.manager [-] Deleting neutron.network object s_rally_de8f25fb_g0EfIfPN (3dad9f68-b2a8-48aa-b5d8-3e85442d7f30)
2019-06-05 08:24:34.095 18992 RALLYDEBUG rally_openstack.cleanup.manager [-] Deleting neutron.network object s_rally_de8f25fb_HA8Vzyu4 (4e4e17f4-606f-4390-b935-68bf94031f5f)
2019-06-05 08:24:34.096 18992 RALLYDEBUG rally_openstack.cleanup.manager [-] Deleting neutron.network object s_rally_de8f25fb_u6hvyCqa (45fba60d-31fe-43c0-8ff8-71faf1c7494a)
2019-06-05 08:24:37.078 18992 RALLYDEBUG rally_openstack.cleanup.manager [-] Deleting neutron.network object s_rally_de8f25fb_3HuVtL18 (591404b9-8da9-406f-b6c7-51c465766fe5)
2019-06-05 08:24:37.577 18992 RALLYDEBUG rally_openstack.cleanup.manager [-] Deleting neutron.network object s_rally_de8f25fb_gSBZlrF1 (6bfd2cc1-de38-4ba6-b955-1ec72d2f8b79)
2019-06-05 08:24:37.584 18992 RALLYDEBUG rally_openstack.cleanup.manager [-] Deleting neutron.network object s_rally_de8f25fb_YFEFiTyt (705a5c6a-7694-441d-872a-17ee702150ca)
2019-06-05 08:24:37.602 18992 RALLYDEBUG rally_openstack.cleanup.manager [-] Deleting neutron.network object s_rally_de8f25fb_Xhq73HdA (7d8729f6-4c26-4039-892b-6c91a0f55068)
2019-06-05 08:24:37.747 18992 RALLYDEBUG rally_openstack.cleanup.manager [-] Deleting neutron.network object s_rally_de8f25fb_aPclZkfK (7e3384b8-caa2-42bd-b2f3-6141b5a13795)
2019-06-05 08:24:37.785 18992 RALLYDEBUG rally_openstack.cleanup.manager [-] Deleting neutron.network object s_rally_de8f25fb_6iJGKaCH (7ebf5461-1aae-4700-8b9a-dbb9a2430cba)
2019-06-05 08:24:37.808 18992 RALLYDEBUG rally_openstack.cleanup.manager [-] Deleting neutron.network object s_rally_de8f25fb_3vDhmcHZ (7f800781-9841-483e-bba9-73c66c7b18cc)
2019-06-05 08:24:37.847 18992 RALLYDEBUG rally_openstack.cleanup.manager [-] Deleting neutron.network object s_rally_de8f25fb_rtaVtavh (85f02cf2-0710-4fe2-8127-5f3623ac69e1)
2019-06-05 08:24:37.966 18992 RALLYDEBUG rally_openstack.cleanup.manager [-] Deleting neutron.network object s_rally_de8f25fb_MXyCQ6NY (9a21f7ad-4bf1-4a21-8033-83dba9497f72)
2019-06-05 08:24:38.024 18992 RALLYDEBUG rally_openstack.cleanup.manager [-] Deleting neutron.network object s_rally_de8f25fb_OqbqZbB2 (a7cd1e2e-0995-4c90-831d-0882e4047ead)
2019-06-05 08:24:38.049 18992 RALLYDEBUG rally_openstack.cleanup.manager [-] Deleting neutron.network object s_rally_de8f25fb_WkGdFvHQ (a8d36935-f3cb-4e78-b684-978a3e776f0e)
2019-06-05 08:24:38.124 18992 RALLYDEBUG rally_openstack.cleanup.manager [-] Deleting neutron.network object s_rally_de8f25fb_neDKNKUz (aab77c63-3c12-497f-b53f-9f478d335544)
2019-06-05 08:24:38.245 18992 RALLYDEBUG rally_openstack.cleanup.manager [-] Deleting neutron.network object s_rally_de8f25fb_lpmPC3gf (adaa2756-0087-4364-9ff6-f9042a7fdc9d)
2019-06-05 08:24:38.473 18992 RALLYDEBUG rally_openstack.cleanup.manager [-] Deleting neutron.network object s_rally_de8f25fb_ChbUvuLx (b4b3e446-45a7-4cc2-9ede-834066e7dae3)
2019-06-05 08:24:38.503 18992 RALLYDEBUG rally_openstack.cleanup.manager [-] Deleting neutron.network object s_rally_de8f25fb_JiwTxQtr (b887d41d-3d0c-4123-8bb6-48d1759c0819)
2019-06-05 08:24:38.560 18992 RALLYDEBUG rally_openstack.cleanup.manager [-] Deleting neutron.network object s_rally_de8f25fb_qDriWNbn (deddd4d8-5acd-41d7-b4d9-ff4d9b202235)
2019-06-05 08:24:38.630 18992 RALLYDEBUG rally_openstack.cleanup.manager [-] Deleting neutron.network object s_rally_de8f25fb_mAaHtkL6 (e8b3a3b2-1a3d-4178-928e-db1284957c25)
2019-06-05 08:24:38.766 18992 RALLYDEBUG rally_openstack.cleanup.manager [-] Deleting neutron.network object s_rally_de8f25fb_A0rIS2u2 (f25ae78a-a8de-4df7-870c-d7dda2908a74)
2019-06-05 08:24:38.846 18992 RALLYDEBUG rally_openstack.cleanup.manager [-] Deleting neutron.network object s_rally_de8f25fb_5JlugpeN (f6157803-b7ca-4a77-9743-f3309a14b84c)
2019-06-05 08:24:38.847 18992 RALLYDEBUG rally_openstack.cleanup.manager [-] Deleting neutron.network object s_rally_de8f25fb_hIZ4XVQv (fe077540-aa18-409b-b6a4-56a98ddf860c)
2019-06-05 08:24:42.748 18992 RALLYDEBUG rally_openstack.cleanup.manager [-] Cleaning up neutron router objects
2019-06-05 08:24:43.546 18992 RALLYDEBUG rally_openstack.cleanup.manager [-] Cleaning up neutron security_group objects
2019-06-05 08:24:44.367 18992 INFO rally.task.context [-] Task 15125b8c-61ed-4323-9ad8-e875beceb282 | Context cleanup@openstack cleanup() finished in 45.45 sec
2019-06-05 08:24:44.368 18992 INFO rally.task.context [-] Task 15125b8c-61ed-4323-9ad8-e875beceb282 | Context quotas@openstack cleanup() started
2019-06-05 08:24:44.689 18992 INFO rally.task.context [-] Task 15125b8c-61ed-4323-9ad8-e875beceb282 | Context quotas@openstack cleanup() finished in 0.32 sec
2019-06-05 08:24:44.690 18992 INFO rally.task.context [-] Task 15125b8c-61ed-4323-9ad8-e875beceb282 | Context users@openstack cleanup() started
2019-06-05 08:24:49.667 18992 INFO rally.task.context [-] Task 15125b8c-61ed-4323-9ad8-e875beceb282 | Context users@openstack cleanup() finished in 4.98 sec
2019-06-05 08:24:50.173 18992 INFO rally.task.engine [-] Load duration is: 37.776768
2019-06-05 08:24:50.174 18992 INFO rally.task.engine [-] Full runner duration is: 37.827074
2019-06-05 08:24:50.174 18992 INFO rally.task.engine [-] Full duration is: 93.972313
2019-06-05 08:24:50.380 18992 INFO rally.task.engine [-] Running workload: position = 2 config = { "version": 2, "title": "A cropped version of a bigger task.", "description": "Auto-generated task from a single workload (uuid=d8dcbc39-95f1-4360-be3e-730f048a18b9)", "subtasks": [ { "title": "NeutronNetworks.create_and_delete_ports", "description": "Create and delete a port.", "scenario": { "NeutronNetworks.create_and_delete_ports": { "network_create_args": {}, "port_create_args": {}, "ports_per_network": 5 } }, "contexts": { "users": { "tenants": 1, "users_per_tenant": 1 }, "quotas": { "neutron": { "network": -1, "port": -1 } } }, "runner": { "constant": { "times": 40, "concurrency": 20 } }, "hooks": [], "sla": { "failure_rate": { "max": 0 } } } ] }
2019-06-05 08:24:50.401 18992 RALLYDEBUG rally_openstack.contexts.keystone.users [-] Creating 1 tenants using 20 threads
2019-06-05 08:24:52.274 18992 RALLYDEBUG rally_openstack.contexts.keystone.users [-] Creating 1 users using 20 threads
2019-06-05 08:24:55.210 18992 INFO rally.task.context [-] Task 15125b8c-61ed-4323-9ad8-e875beceb282 | Context users@openstack setup() finished in 4.81 sec
2019-06-05 08:24:56.110 18992 INFO rally.task.context [-] Task 15125b8c-61ed-4323-9ad8-e875beceb282 | Context quotas@openstack setup() finished in 0.90 sec
2019-06-05 08:24:56.110 18992 INFO rally.task.context [-] Task 15125b8c-61ed-4323-9ad8-e875beceb282 | Context cleanup@openstack setup() finished in 0.01 msec
2019-06-05 08:24:56.117 18992 RALLYDEBUG rally.task.runner [-] Starting the constant runner (task UUID: 15125b8c-61ed-4323-9ad8-e875beceb282). timeout: 0 concurrency: 20 concurrency_per_worker: 1 times: 40 concurrency_overhead: 4 processes_to_start: 16 max_cpu_used: 16
2019-06-05 08:24:56.130 23237 RALLYDEBUG rally.task.runner [-] Starting a worker. concurrency: 2 args: {"network_create_args": {}, "port_create_args": {}, "ports_per_network": 5} times: 40 method_name: run timeout: 0 duration: None cls:
2019-06-05 08:24:56.130 23236 RALLYDEBUG rally.task.runner [-] Starting a worker. concurrency: 2 args: {"network_create_args": {}, "port_create_args": {}, "ports_per_network": 5} times: 40 method_name: run timeout: 0 duration: None cls:
2019-06-05 08:24:56.135 23237 INFO rally.task.runner [-] Task 15125b8c-61ed-4323-9ad8-e875beceb282 | ITER: 1 START
2019-06-05 08:24:56.136 23238 RALLYDEBUG rally.task.runner [-] Starting a worker. concurrency: 2 args: {"network_create_args": {}, "port_create_args": {}, "ports_per_network": 5} times: 40 method_name: run timeout: 0 duration: None cls:
2019-06-05 08:24:56.137 23237 WARNING rally_openstack.scenarios.neutron.utils [-] Running this scenario without either the 'network' or 'existing_network' context is deprecated
2019-06-05 08:24:56.139 23242 RALLYDEBUG rally.task.runner [-] Starting a worker. concurrency: 1 args: {"network_create_args": {}, "port_create_args": {}, "ports_per_network": 5} times: 40 method_name: run timeout: 0 duration: None cls:
2019-06-05 08:24:56.139 23236 INFO rally.task.runner [-] Task 15125b8c-61ed-4323-9ad8-e875beceb282 | ITER: 2 START
2019-06-05 08:24:56.139 23239 RALLYDEBUG rally.task.runner [-] Starting a worker. concurrency: 2 args: {"network_create_args": {}, "port_create_args": {}, "ports_per_network": 5} times: 40 method_name: run timeout: 0 duration: None cls:
2019-06-05 08:24:56.141 23236 WARNING rally_openstack.scenarios.neutron.utils [-] Running this scenario without either the 'network' or 'existing_network' context is deprecated
2019-06-05 08:24:56.143 23242 INFO rally.task.runner [-] Task 15125b8c-61ed-4323-9ad8-e875beceb282 | ITER: 6 START
2019-06-05 08:24:56.145 23242 WARNING rally_openstack.scenarios.neutron.utils [-] Running this scenario without either the 'network' or 'existing_network' context is deprecated
2019-06-05 08:24:56.146 23239 INFO rally.task.runner [-] Task 15125b8c-61ed-4323-9ad8-e875beceb282 | ITER: 7 START
2019-06-05 08:24:56.142 23236 INFO rally.task.runner [-] Task 15125b8c-61ed-4323-9ad8-e875beceb282 | ITER: 4 START
2019-06-05 08:24:56.146 23238 INFO rally.task.runner [-] Task 15125b8c-61ed-4323-9ad8-e875beceb282 | ITER: 8 START
2019-06-05 08:24:56.148 23236 WARNING rally_openstack.scenarios.neutron.utils [-] Running this scenario without either the 'network' or 'existing_network' context is deprecated
2019-06-05 08:24:56.148 23238 WARNING rally_openstack.scenarios.neutron.utils [-] Running this scenario without either the 'network' or 'existing_network' context is deprecated
2019-06-05 08:24:56.148 23237 INFO rally.task.runner [-] Task 15125b8c-61ed-4323-9ad8-e875beceb282 | ITER: 3 START
2019-06-05 08:24:56.148 23244 RALLYDEBUG rally.task.runner [-] Starting a worker. concurrency: 1 args: {"network_create_args": {}, "port_create_args": {}, "ports_per_network": 5} times: 40 method_name: run timeout: 0 duration: None cls:
2019-06-05 08:24:56.149 23239 WARNING rally_openstack.scenarios.neutron.utils [-] Running this scenario without either the 'network' or 'existing_network' context is deprecated
2019-06-05 08:24:56.150 23249 RALLYDEBUG rally.task.runner [-] Starting a worker. concurrency: 1 args: {"network_create_args": {}, "port_create_args": {}, "ports_per_network": 5} times: 40 method_name: run timeout: 0 duration: None cls:
2019-06-05 08:24:56.150 23254 RALLYDEBUG rally.task.runner [-] Starting a worker. concurrency: 1 args: {"network_create_args": {}, "port_create_args": {}, "ports_per_network": 5} times: 40 method_name: run timeout: 0 duration: None cls:
2019-06-05 08:24:56.153 23237 WARNING rally_openstack.scenarios.neutron.utils [-] Running this scenario without either the 'network' or 'existing_network' context is deprecated
2019-06-05 08:24:56.149 23238 INFO rally.task.runner [-] Task 15125b8c-61ed-4323-9ad8-e875beceb282 | ITER: 5 START
2019-06-05 08:24:56.156 23254 INFO rally.task.runner [-] Task 15125b8c-61ed-4323-9ad8-e875beceb282 | ITER: 11 START
2019-06-05 08:24:56.156 23258 RALLYDEBUG rally.task.runner [-] Starting a worker. concurrency: 1 args: {"network_create_args": {}, "port_create_args": {}, "ports_per_network": 5} times: 40 method_name: run timeout: 0 duration: None cls:
2019-06-05 08:24:56.157 23249 INFO rally.task.runner [-] Task 15125b8c-61ed-4323-9ad8-e875beceb282 | ITER: 12 START
2019-06-05 08:24:56.158 23254 WARNING rally_openstack.scenarios.neutron.utils [-] Running this scenario without either the 'network' or 'existing_network' context is deprecated
2019-06-05 08:24:56.158 23249 WARNING rally_openstack.scenarios.neutron.utils [-] Running this scenario without either the 'network' or 'existing_network' context is deprecated
2019-06-05 08:24:56.159 23244 INFO rally.task.runner [-] Task 15125b8c-61ed-4323-9ad8-e875beceb282 | ITER: 10 START
2019-06-05 08:24:56.159 23257 RALLYDEBUG rally.task.runner [-] Starting a worker. concurrency: 1 args: {"network_create_args": {}, "port_create_args": {}, "ports_per_network": 5} times: 40 method_name: run timeout: 0 duration: None cls:
2019-06-05 08:24:56.161 23244 WARNING rally_openstack.scenarios.neutron.utils [-] Running this scenario without either the 'network' or 'existing_network' context is deprecated
2019-06-05 08:24:56.160 23238 WARNING rally_openstack.scenarios.neutron.utils [-] Running this scenario without either the 'network' or 'existing_network' context is deprecated
2019-06-05 08:24:56.162 23259 RALLYDEBUG rally.task.runner [-] Starting a worker. concurrency: 1 args: {"network_create_args": {}, "port_create_args": {}, "ports_per_network": 5} times: 40 method_name: run timeout: 0 duration: None cls:
2019-06-05 08:24:56.163 23239 INFO rally.task.runner [-] Task 15125b8c-61ed-4323-9ad8-e875beceb282 | ITER: 9 START
2019-06-05 08:24:56.164 23239 WARNING rally_openstack.scenarios.neutron.utils [-] Running this scenario without either the 'network' or 'existing_network' context is deprecated
2019-06-05 08:24:56.163 23258 INFO rally.task.runner [-] Task 15125b8c-61ed-4323-9ad8-e875beceb282 | ITER: 13 START
2019-06-05 08:24:56.166 23257 INFO rally.task.runner [-] Task 15125b8c-61ed-4323-9ad8-e875beceb282 | ITER: 14 START
2019-06-05 08:24:56.167 23258 WARNING rally_openstack.scenarios.neutron.utils [-] Running this scenario without either the 'network' or 'existing_network' context is deprecated
2019-06-05 08:24:56.168 23259 INFO rally.task.runner [-] Task 15125b8c-61ed-4323-9ad8-e875beceb282 | ITER: 15 START
2019-06-05 08:24:56.168 23257 WARNING rally_openstack.scenarios.neutron.utils [-] Running this scenario without either the 'network' or 'existing_network' context is deprecated
2019-06-05 08:24:56.169 23259 WARNING rally_openstack.scenarios.neutron.utils [-] Running this scenario without either the 'network' or 'existing_network' context is deprecated
2019-06-05 08:24:56.169 23266 RALLYDEBUG rally.task.runner [-] Starting a worker. concurrency: 1 args: {"network_create_args": {}, "port_create_args": {}, "ports_per_network": 5} times: 40 method_name: run timeout: 0 duration: None cls:
2019-06-05 08:24:56.177 23275 RALLYDEBUG rally.task.runner [-] Starting a worker. concurrency: 1 args: {"network_create_args": {}, "port_create_args": {}, "ports_per_network": 5} times: 40 method_name: run timeout: 0 duration: None cls:
2019-06-05 08:24:56.179 23266 INFO rally.task.runner [-] Task 15125b8c-61ed-4323-9ad8-e875beceb282 | ITER: 16 START
2019-06-05 08:24:56.180 23266 WARNING rally_openstack.scenarios.neutron.utils [-] Running this scenario without either the 'network' or 'existing_network' context is deprecated
2019-06-05 08:24:56.180 23271 RALLYDEBUG rally.task.runner [-] Starting a worker. concurrency: 1 args: {"network_create_args": {}, "port_create_args": {}, "ports_per_network": 5} times: 40 method_name: run timeout: 0 duration: None cls:
2019-06-05 08:24:56.182 23275 INFO rally.task.runner [-] Task 15125b8c-61ed-4323-9ad8-e875beceb282 | ITER: 17 START
2019-06-05 08:24:56.183 23275 WARNING rally_openstack.scenarios.neutron.utils [-] Running this scenario without either the 'network' or 'existing_network' context is deprecated
2019-06-05 08:24:56.185 23278 RALLYDEBUG rally.task.runner [-] Starting a worker. concurrency: 1 args: {"network_create_args": {}, "port_create_args": {}, "ports_per_network": 5} times: 40 method_name: run timeout: 0 duration: None cls:
2019-06-05 08:24:56.187 23271 INFO rally.task.runner [-] Task 15125b8c-61ed-4323-9ad8-e875beceb282 | ITER: 18 START
2019-06-05 08:24:56.189 23271 WARNING rally_openstack.scenarios.neutron.utils [-] Running this scenario without either the 'network' or 'existing_network' context is deprecated
2019-06-05 08:24:56.191 23278 INFO rally.task.runner [-] Task 15125b8c-61ed-4323-9ad8-e875beceb282 | ITER: 19 START
2019-06-05 08:24:56.192 23281 RALLYDEBUG rally.task.runner [-] Starting a worker. concurrency: 1 args: {"network_create_args": {}, "port_create_args": {}, "ports_per_network": 5} times: 40 method_name: run timeout: 0 duration: None cls:
2019-06-05 08:24:56.193 23278 WARNING rally_openstack.scenarios.neutron.utils [-] Running this scenario without either the 'network' or 'existing_network' context is deprecated
2019-06-05 08:24:56.198 23281 INFO rally.task.runner [-] Task 15125b8c-61ed-4323-9ad8-e875beceb282 | ITER: 20 START
2019-06-05 08:24:56.199 23281 WARNING rally_openstack.scenarios.neutron.utils [-] Running this scenario without either the 'network' or 'existing_network' context is deprecated
2019-06-05 08:25:10.308 23236 INFO rally.task.runner [-] Task 15125b8c-61ed-4323-9ad8-e875beceb282 | ITER: 4 END: OK
2019-06-05 08:25:10.312 23236 INFO rally.task.runner [-] Task 15125b8c-61ed-4323-9ad8-e875beceb282 | ITER: 21 START
2019-06-05 08:25:10.312 23236 WARNING rally_openstack.scenarios.neutron.utils [-] Running this scenario without either the 'network' or 'existing_network' context is deprecated
2019-06-05 08:25:11.815 23237 INFO rally.task.runner [-] Task 15125b8c-61ed-4323-9ad8-e875beceb282 | ITER: 1 END: OK
2019-06-05 08:25:11.819 23237 INFO rally.task.runner [-] Task 15125b8c-61ed-4323-9ad8-e875beceb282 | ITER: 22 START
2019-06-05 08:25:11.820 23237 WARNING rally_openstack.scenarios.neutron.utils [-] Running this scenario without either the 'network' or 'existing_network' context is deprecated
2019-06-05 08:25:12.152 23275 INFO rally.task.runner [-] Task 15125b8c-61ed-4323-9ad8-e875beceb282 | ITER: 17 END: OK
2019-06-05 08:25:12.158 23275 INFO rally.task.runner [-] Task 15125b8c-61ed-4323-9ad8-e875beceb282 | ITER: 23 START
2019-06-05 08:25:12.158 23275 WARNING rally_openstack.scenarios.neutron.utils [-] Running this scenario without either the 'network' or 'existing_network' context is deprecated
2019-06-05 08:25:12.529 23238 INFO rally.task.runner [-] Task 15125b8c-61ed-4323-9ad8-e875beceb282 | ITER: 8 END: OK
2019-06-05 08:25:12.534 23238 INFO rally.task.runner [-] Task 15125b8c-61ed-4323-9ad8-e875beceb282 | ITER: 24 START
2019-06-05 08:25:12.535 23238 WARNING rally_openstack.scenarios.neutron.utils [-] Running this scenario without either the 'network' or 'existing_network' context is deprecated
2019-06-05 08:25:12.938 23266 INFO rally.task.runner [-] Task 15125b8c-61ed-4323-9ad8-e875beceb282 | ITER: 16 END: OK
2019-06-05 08:25:12.942 23266 INFO rally.task.runner [-] Task 15125b8c-61ed-4323-9ad8-e875beceb282 | ITER: 25 START
2019-06-05 08:25:12.943 23266 WARNING rally_openstack.scenarios.neutron.utils [-] Running this scenario without either the 'network' or 'existing_network' context is deprecated
2019-06-05 08:25:13.147 23236 INFO rally.task.runner [-] Task 15125b8c-61ed-4323-9ad8-e875beceb282 | ITER: 2 END: OK
2019-06-05 08:25:13.151 23236 INFO rally.task.runner [-] Task 15125b8c-61ed-4323-9ad8-e875beceb282 | ITER: 26 START
2019-06-05 08:25:13.151 23236 WARNING rally_openstack.scenarios.neutron.utils [-] Running this scenario without either the 'network' or 'existing_network' context is deprecated
2019-06-05 08:25:13.440 23244 INFO rally.task.runner [-] Task 15125b8c-61ed-4323-9ad8-e875beceb282 | ITER: 10 END: OK
2019-06-05 08:25:13.444 23244 INFO rally.task.runner [-] Task 15125b8c-61ed-4323-9ad8-e875beceb282 | ITER: 27 START
2019-06-05 08:25:13.445 23244 WARNING rally_openstack.scenarios.neutron.utils [-] Running this scenario without either the 'network' or 'existing_network' context is deprecated
2019-06-05 08:25:13.586 23249 INFO rally.task.runner [-] Task 15125b8c-61ed-4323-9ad8-e875beceb282 | ITER: 12 END: OK
2019-06-05 08:25:13.591 23249 INFO rally.task.runner [-] Task 15125b8c-61ed-4323-9ad8-e875beceb282 | ITER: 28 START
2019-06-05 08:25:13.592 23249 WARNING rally_openstack.scenarios.neutron.utils [-] Running this scenario without either the 'network' or 'existing_network' context is deprecated
2019-06-05 08:25:13.831 23239 INFO rally.task.runner [-] Task 15125b8c-61ed-4323-9ad8-e875beceb282 | ITER: 7 END: OK
2019-06-05 08:25:13.835 23239 INFO rally.task.runner [-] Task 15125b8c-61ed-4323-9ad8-e875beceb282 | ITER: 29 START
2019-06-05 08:25:13.835 23239 WARNING rally_openstack.scenarios.neutron.utils [-] Running this scenario without either the 'network' or 'existing_network' context is deprecated
2019-06-05 08:25:13.837 23254 INFO rally.task.runner [-] Task 15125b8c-61ed-4323-9ad8-e875beceb282 | ITER: 11 END: OK
2019-06-05 08:25:13.841 23254 INFO rally.task.runner [-] Task 15125b8c-61ed-4323-9ad8-e875beceb282 | ITER: 30 START
2019-06-05 08:25:13.842 23254 WARNING rally_openstack.scenarios.neutron.utils [-] Running this scenario without either the 'network' or 'existing_network' context is deprecated
2019-06-05 08:25:13.955 23258 INFO rally.task.runner [-] Task 15125b8c-61ed-4323-9ad8-e875beceb282 | ITER: 13 END: OK
2019-06-05 08:25:13.959 23258 INFO rally.task.runner [-] Task 15125b8c-61ed-4323-9ad8-e875beceb282 | ITER: 31 START
2019-06-05 08:25:13.960 23258 WARNING rally_openstack.scenarios.neutron.utils [-] Running this scenario without either the 'network' or 'existing_network' context is deprecated
2019-06-05 08:25:14.493 23238 INFO rally.task.runner [-] Task 15125b8c-61ed-4323-9ad8-e875beceb282 | ITER: 5 END: OK
2019-06-05 08:25:14.498 23238 INFO rally.task.runner [-] Task 15125b8c-61ed-4323-9ad8-e875beceb282 | ITER: 32 START
2019-06-05 08:25:14.499 23238 WARNING rally_openstack.scenarios.neutron.utils [-] Running this scenario without either the 'network' or 'existing_network' context is deprecated
2019-06-05 08:25:14.750 23239 INFO rally.task.runner [-] Task 15125b8c-61ed-4323-9ad8-e875beceb282 | ITER: 9 END: OK
2019-06-05 08:25:14.753 23239 INFO rally.task.runner [-] Task 15125b8c-61ed-4323-9ad8-e875beceb282 | ITER: 33 START
2019-06-05 08:25:14.754 23239 WARNING rally_openstack.scenarios.neutron.utils [-] Running this scenario without either the 'network' or 'existing_network' context is deprecated
2019-06-05 08:25:14.873 23257 INFO rally.task.runner [-] Task 15125b8c-61ed-4323-9ad8-e875beceb282 | ITER: 14 END: OK
2019-06-05 08:25:14.878 23257 INFO rally.task.runner [-] Task 15125b8c-61ed-4323-9ad8-e875beceb282 | ITER: 34 START
2019-06-05 08:25:14.878 23257 WARNING rally_openstack.scenarios.neutron.utils [-] Running this scenario without either the 'network' or 'existing_network' context is deprecated
2019-06-05 08:25:15.953 23259 INFO rally.task.runner [-] Task 15125b8c-61ed-4323-9ad8-e875beceb282 | ITER: 15 END: OK
2019-06-05 08:25:15.957 23259 INFO rally.task.runner [-] Task 15125b8c-61ed-4323-9ad8-e875beceb282 | ITER: 35 START
2019-06-05 08:25:15.958 23259 WARNING rally_openstack.scenarios.neutron.utils [-] Running this scenario without either the 'network' or 'existing_network' context is deprecated
2019-06-05 08:25:16.226 23278 INFO rally.task.runner [-] Task 15125b8c-61ed-4323-9ad8-e875beceb282 | ITER: 19 END: OK
2019-06-05 08:25:16.231 23278 INFO rally.task.runner [-] Task 15125b8c-61ed-4323-9ad8-e875beceb282 | ITER: 36 START
2019-06-05 08:25:16.232 23278 WARNING rally_openstack.scenarios.neutron.utils [-] Running this scenario without either the 'network' or 'existing_network' context is deprecated
2019-06-05 08:25:16.938 23242 INFO rally.task.runner [-] Task 15125b8c-61ed-4323-9ad8-e875beceb282 | ITER: 6 END: OK
2019-06-05 08:25:16.943 23242 INFO rally.task.runner [-] Task 15125b8c-61ed-4323-9ad8-e875beceb282 | ITER: 37 START
2019-06-05 08:25:16.943 23242 WARNING rally_openstack.scenarios.neutron.utils [-] Running this scenario without either the 'network' or 'existing_network' context is deprecated
2019-06-05 08:25:17.076 23281 INFO rally.task.runner [-] Task 15125b8c-61ed-4323-9ad8-e875beceb282 | ITER: 20 END: OK
2019-06-05 08:25:17.081 23281 INFO rally.task.runner [-] Task 15125b8c-61ed-4323-9ad8-e875beceb282 | ITER: 38 START
2019-06-05 08:25:17.082 23281 WARNING rally_openstack.scenarios.neutron.utils [-] Running this scenario without either the 'network' or 'existing_network' context is deprecated
2019-06-05 08:25:17.226 23237 INFO rally.task.runner [-] Task 15125b8c-61ed-4323-9ad8-e875beceb282 | ITER: 3 END: OK
2019-06-05 08:25:17.229 23237 INFO rally.task.runner [-] Task 15125b8c-61ed-4323-9ad8-e875beceb282 | ITER: 39 START
