2019-06-05 08:06:34.086 18983 RALLYDEBUG rally.api [-] INFO logs from urllib3 and requests module are hide.
2019-06-05 08:06:34.087 18983 RALLYDEBUG rally.api [-] urllib3 insecure warnings are hidden.
2019-06-05 08:06:34.087 18983 RALLYDEBUG rally.api [-] ERROR log from boto module is hide.
2019-06-05 08:06:36.195 18985 RALLYDEBUG rally.api [-] INFO logs from urllib3 and requests module are hide.
2019-06-05 08:06:36.196 18985 RALLYDEBUG rally.api [-] urllib3 insecure warnings are hidden.
2019-06-05 08:06:36.196 18985 RALLYDEBUG rally.api [-] ERROR log from boto module is hide.
2019-06-05 08:06:37.487 18985 WARNING rally_openstack.platforms.existing [-] endpoint is deprecated and not used.
2019-06-05 08:06:38.463 18987 RALLYDEBUG rally.api [-] INFO logs from urllib3 and requests module are hide.
2019-06-05 08:06:38.463 18987 RALLYDEBUG rally.api [-] urllib3 insecure warnings are hidden.
2019-06-05 08:06:38.463 18987 RALLYDEBUG rally.api [-] ERROR log from boto module is hide.
2019-06-05 08:06:41.725 18990 RALLYDEBUG rally.api [-] INFO logs from urllib3 and requests module are hide.
2019-06-05 08:06:41.725 18990 RALLYDEBUG rally.api [-] urllib3 insecure warnings are hidden.
2019-06-05 08:06:41.725 18990 RALLYDEBUG rally.api [-] ERROR log from boto module is hide.
2019-06-05 08:06:43.720 18992 RALLYDEBUG rally.api [-] INFO logs from urllib3 and requests module are hide.
2019-06-05 08:06:43.720 18992 RALLYDEBUG rally.api [-] urllib3 insecure warnings are hidden.
2019-06-05 08:06:43.721 18992 RALLYDEBUG rally.api [-] ERROR log from boto module is hide.
2019-06-05 08:06:44.868 18992 INFO rally.common.plugin.discover [-] Loading plugins from directories /root/.rally/plugins/*
2019-06-05 08:06:44.868 18992 INFO rally.common.plugin.discover [-] Loaded module with plugins: /root/.rally/plugins/__init__.py
2019-06-05 08:06:44.871 18992 INFO rally.common.plugin.discover [-] Loaded module with plugins: /root/.rally/plugins/trunk_scenario.py
2019-06-05 08:06:45.054 18992 INFO rally.task.engine [-] Task 15125b8c-61ed-4323-9ad8-e875beceb282 | Starting: Task validation.
2019-06-05 08:06:45.096 18992 INFO rally.task.engine [-] Task 15125b8c-61ed-4323-9ad8-e875beceb282 | Starting: Task validation of syntax.
2019-06-05 08:06:45.305 18992 INFO rally.task.engine [-] Task 15125b8c-61ed-4323-9ad8-e875beceb282 | Completed: Task validation of syntax.
2019-06-05 08:06:45.305 18992 INFO rally.task.engine [-] Task 15125b8c-61ed-4323-9ad8-e875beceb282 | Starting: Task validation of required platforms.
2019-06-05 08:06:45.363 18992 INFO rally.task.engine [-] Task 15125b8c-61ed-4323-9ad8-e875beceb282 | Completed: Task validation of required platforms.
2019-06-05 08:06:45.363 18992 INFO rally.task.engine [-] Task 15125b8c-61ed-4323-9ad8-e875beceb282 | Starting: Task validation of semantic.
2019-06-05 08:06:45.363 18992 INFO rally.task.engine [-] Check health of the environment 'ed026095-fab4-4dfe-9b20-a373d62be989'.
2019-06-05 08:06:46.191 18992 INFO rally.task.engine [-] Platform existing@openstack (available: True): OK!
2019-06-05 08:06:46.209 18992 RALLYDEBUG rally_openstack.contexts.keystone.users [-] Creating 1 tenants using 20 threads
2019-06-05 08:06:48.143 18992 RALLYDEBUG rally_openstack.contexts.keystone.users [-] Creating 1 users using 20 threads
2019-06-05 08:06:50.997 18992 INFO rally.task.context [-] Task 15125b8c-61ed-4323-9ad8-e875beceb282 | Context users@openstack setup() finished in 4.79 sec
2019-06-05 08:06:57.477 18992 INFO rally.task.context [-] Task 15125b8c-61ed-4323-9ad8-e875beceb282 | Context users@openstack cleanup() started
2019-06-05 08:07:02.913 18992 INFO rally.task.context [-] Task 15125b8c-61ed-4323-9ad8-e875beceb282 | Context users@openstack cleanup() finished in 5.44 sec
2019-06-05 08:07:02.913 18992 INFO rally.task.engine [-] Task 15125b8c-61ed-4323-9ad8-e875beceb282 | Completed: Task validation of semantic.
2019-06-05 08:07:02.914 18992 INFO rally.task.engine [-] Task 15125b8c-61ed-4323-9ad8-e875beceb282 | Completed: Task validation.
2019-06-05 08:07:02.914 18992 INFO rally.api [-] Task 15125b8c-61ed-4323-9ad8-e875beceb282 input file is valid.
2019-06-05 08:07:02.914 18992 INFO rally.api [-] Run Task 15125b8c-61ed-4323-9ad8-e875beceb282 against Deployment ed026095-fab4-4dfe-9b20-a373d62be989
2019-06-05 08:07:02.914 18992 INFO rally.task.engine [-] Task 15125b8c-61ed-4323-9ad8-e875beceb282 | Starting: Running task.
2019-06-05 08:07:03.061 18992 INFO rally.task.engine [-] Running workload: position = 0 config = { "version": 2, "title": "A cropped version of a bigger task.", "description": "Auto-generated task from a single workload (uuid=9e4d8644-2717-4b3d-9a8b-dc7e40140d38)", "subtasks": [ { "title": "NeutronNetworks.create_and_list_networks", "description": "Check performance of list_networks action and ensure > network quotas are not exceeded", "scenario": { "NeutronNetworks.create_and_list_networks": {} }, "contexts": { "users": { "tenants": 1, "users_per_tenant": 1 }, "quotas": { "neutron": { "network": 119 } } }, "runner": { "constant": { "times": 100, "concurrency": 20 } }, "hooks": [], "sla": { "max_avg_duration_per_atomic": { "neutron.list_networks": 15 }, "failure_rate": { "max": 0 } } } ] }
2019-06-05 08:07:03.080 18992 RALLYDEBUG rally_openstack.contexts.keystone.users [-] Creating 1 tenants using 20 threads
2019-06-05 08:07:04.878 18992 RALLYDEBUG rally_openstack.contexts.keystone.users [-] Creating 1 users using 20 threads
2019-06-05 08:07:07.673 18992 INFO rally.task.context [-] Task 15125b8c-61ed-4323-9ad8-e875beceb282 | Context users@openstack setup() finished in 4.59 sec
2019-06-05 08:07:08.414 18992 INFO rally.task.context [-] Task 15125b8c-61ed-4323-9ad8-e875beceb282 | Context quotas@openstack setup() finished in 0.74 sec
2019-06-05 08:07:08.415 18992 INFO rally.task.context [-] Task 15125b8c-61ed-4323-9ad8-e875beceb282 | Context cleanup@openstack setup() finished in 0.01 msec
2019-06-05 08:07:08.422 18992 RALLYDEBUG rally.task.runner [-] Starting the constant runner (task UUID: 15125b8c-61ed-4323-9ad8-e875beceb282). timeout: 0 concurrency: 20 concurrency_per_worker: 1 times: 100 concurrency_overhead: 4 processes_to_start: 16 max_cpu_used: 16
2019-06-05 08:07:08.435 19116 RALLYDEBUG rally.task.runner [-] Starting a worker. concurrency: 2 args: {} times: 100 method_name: run timeout: 0 duration: None cls:
2019-06-05 08:07:08.437 19117 RALLYDEBUG rally.task.runner [-] Starting a worker. concurrency: 2 args: {} times: 100 method_name: run timeout: 0 duration: None cls:
2019-06-05 08:07:08.440 19118 RALLYDEBUG rally.task.runner [-] Starting a worker. concurrency: 2 args: {} times: 100 method_name: run timeout: 0 duration: None cls:
2019-06-05 08:07:08.442 19119 RALLYDEBUG rally.task.runner [-] Starting a worker. concurrency: 2 args: {} times: 100 method_name: run timeout: 0 duration: None cls:
2019-06-05 08:07:08.445 19116 INFO rally.task.runner [-] Task 15125b8c-61ed-4323-9ad8-e875beceb282 | ITER: 3 START
2019-06-05 08:07:08.445 19121 RALLYDEBUG rally.task.runner [-] Starting a worker. concurrency: 1 args: {} times: 100 method_name: run timeout: 0 duration: None cls:
2019-06-05 08:07:08.447 19117 INFO rally.task.runner [-] Task 15125b8c-61ed-4323-9ad8-e875beceb282 | ITER: 2 START
2019-06-05 08:07:08.448 19116 INFO rally.task.runner [-] Task 15125b8c-61ed-4323-9ad8-e875beceb282 | ITER: 1 START
2019-06-05 08:07:08.452 19119 INFO rally.task.runner [-] Task 15125b8c-61ed-4323-9ad8-e875beceb282 | ITER: 6 START
2019-06-05 08:07:08.452 19118 INFO rally.task.runner [-] Task 15125b8c-61ed-4323-9ad8-e875beceb282 | ITER: 4 START
2019-06-05 08:07:08.450 19123 RALLYDEBUG rally.task.runner [-] Starting a worker. concurrency: 1 args: {} times: 100 method_name: run timeout: 0 duration: None cls:
2019-06-05 08:07:08.452 19121 INFO rally.task.runner [-] Task 15125b8c-61ed-4323-9ad8-e875beceb282 | ITER: 8 START
2019-06-05 08:07:08.452 19128 RALLYDEBUG rally.task.runner [-] Starting a worker. concurrency: 1 args: {} times: 100 method_name: run timeout: 0 duration: None cls:
2019-06-05 08:07:08.454 19117 INFO rally.task.runner [-] Task 15125b8c-61ed-4323-9ad8-e875beceb282 | ITER: 5 START
2019-06-05 08:07:08.456 19132 RALLYDEBUG rally.task.runner [-] Starting a worker. concurrency: 1 args: {} times: 100 method_name: run timeout: 0 duration: None cls:
2019-06-05 08:07:08.458 19118 INFO rally.task.runner [-] Task 15125b8c-61ed-4323-9ad8-e875beceb282 | ITER: 7 START
2019-06-05 08:07:08.457 19137 RALLYDEBUG rally.task.runner [-] Starting a worker. concurrency: 1 args: {} times: 100 method_name: run timeout: 0 duration: None cls:
2019-06-05 08:07:08.459 19123 INFO rally.task.runner [-] Task 15125b8c-61ed-4323-9ad8-e875beceb282 | ITER: 10 START
2019-06-05 08:07:08.461 19128 INFO rally.task.runner [-] Task 15125b8c-61ed-4323-9ad8-e875beceb282 | ITER: 11 START
2019-06-05 08:07:08.460 19119 INFO rally.task.runner [-] Task 15125b8c-61ed-4323-9ad8-e875beceb282 | ITER: 9 START
2019-06-05 08:07:08.462 19139 RALLYDEBUG rally.task.runner [-] Starting a worker. concurrency: 1 args: {} times: 100 method_name: run timeout: 0 duration: None cls:
2019-06-05 08:07:08.463 19132 INFO rally.task.runner [-] Task 15125b8c-61ed-4323-9ad8-e875beceb282 | ITER: 12 START
2019-06-05 08:07:08.465 19137 INFO rally.task.runner [-] Task 15125b8c-61ed-4323-9ad8-e875beceb282 | ITER: 13 START
2019-06-05 08:07:08.470 19139 INFO rally.task.runner [-] Task 15125b8c-61ed-4323-9ad8-e875beceb282 | ITER: 14 START
2019-06-05 08:07:08.470 19147 RALLYDEBUG rally.task.runner [-] Starting a worker. concurrency: 1 args: {} times: 100 method_name: run timeout: 0 duration: None cls:
2019-06-05 08:07:08.471 19149 RALLYDEBUG rally.task.runner [-] Starting a worker. concurrency: 1 args: {} times: 100 method_name: run timeout: 0 duration: None cls:
2019-06-05 08:07:08.477 19147 INFO rally.task.runner [-] Task 15125b8c-61ed-4323-9ad8-e875beceb282 | ITER: 15 START
2019-06-05 08:07:08.477 19149 INFO rally.task.runner [-] Task 15125b8c-61ed-4323-9ad8-e875beceb282 | ITER: 16 START
2019-06-05 08:07:08.482 19152 RALLYDEBUG rally.task.runner [-] Starting a worker. concurrency: 1 args: {} times: 100 method_name: run timeout: 0 duration: None cls:
2019-06-05 08:07:08.489 19152 INFO rally.task.runner [-] Task 15125b8c-61ed-4323-9ad8-e875beceb282 | ITER: 17 START
2019-06-05 08:07:08.490 19157 RALLYDEBUG rally.task.runner [-] Starting a worker. concurrency: 1 args: {} times: 100 method_name: run timeout: 0 duration: None cls:
2019-06-05 08:07:08.496 19157 INFO rally.task.runner [-] Task 15125b8c-61ed-4323-9ad8-e875beceb282 | ITER: 18 START
2019-06-05 08:07:08.497 19160 RALLYDEBUG rally.task.runner [-] Starting a worker. concurrency: 1 args: {} times: 100 method_name: run timeout: 0 duration: None cls:
2019-06-05 08:07:08.503 19160 INFO rally.task.runner [-] Task 15125b8c-61ed-4323-9ad8-e875beceb282 | ITER: 19 START
2019-06-05 08:07:08.502 19163 RALLYDEBUG rally.task.runner [-] Starting a worker. concurrency: 1 args: {} times: 100 method_name: run timeout: 0 duration: None cls:
2019-06-05 08:07:08.507 19163 INFO rally.task.runner [-] Task 15125b8c-61ed-4323-9ad8-e875beceb282 | ITER: 20 START
2019-06-05 08:07:11.503 19163 INFO rally.task.runner [-] Task 15125b8c-61ed-4323-9ad8-e875beceb282 | ITER: 20 END: OK
2019-06-05 08:07:11.507 19160 INFO rally.task.runner [-] Task 15125b8c-61ed-4323-9ad8-e875beceb282 | ITER: 19 END: OK
2019-06-05 08:07:11.508 19163 INFO rally.task.runner [-] Task 15125b8c-61ed-4323-9ad8-e875beceb282 | ITER: 21 START
2019-06-05 08:07:11.510 19160 INFO rally.task.runner [-] Task 15125b8c-61ed-4323-9ad8-e875beceb282 | ITER: 22 START
2019-06-05 08:07:11.543 19119 INFO rally.task.runner [-] Task 15125b8c-61ed-4323-9ad8-e875beceb282 | ITER: 6 END: OK
2019-06-05 08:07:11.546 19119 INFO rally.task.runner [-] Task 15125b8c-61ed-4323-9ad8-e875beceb282 | ITER: 23 START
2019-06-05 08:07:11.548 19128 INFO rally.task.runner [-] Task 15125b8c-61ed-4323-9ad8-e875beceb282 | ITER: 11 END: OK
2019-06-05 08:07:11.551 19128 INFO rally.task.runner [-] Task 15125b8c-61ed-4323-9ad8-e875beceb282 | ITER: 24 START
2019-06-05 08:07:11.569 19147 INFO rally.task.runner [-] Task 15125b8c-61ed-4323-9ad8-e875beceb282 | ITER: 15 END: OK
2019-06-05 08:07:11.572 19147 INFO rally.task.runner [-] Task 15125b8c-61ed-4323-9ad8-e875beceb282 | ITER: 25 START
2019-06-05 08:07:11.838 19116 INFO rally.task.runner [-] Task 15125b8c-61ed-4323-9ad8-e875beceb282 | ITER: 1 END: OK
2019-06-05 08:07:11.842 19116 INFO rally.task.runner [-] Task 15125b8c-61ed-4323-9ad8-e875beceb282 | ITER: 26 START
2019-06-05 08:07:11.987 19117 INFO rally.task.runner [-] Task 15125b8c-61ed-4323-9ad8-e875beceb282 | ITER: 5 END: OK
2019-06-05 08:07:11.990 19117 INFO rally.task.runner [-] Task 15125b8c-61ed-4323-9ad8-e875beceb282 | ITER: 27 START
2019-06-05 08:07:13.121 19116 INFO rally.task.runner [-] Task 15125b8c-61ed-4323-9ad8-e875beceb282 | ITER: 3 END: OK
2019-06-05 08:07:13.124 19116 INFO rally.task.runner [-] Task 15125b8c-61ed-4323-9ad8-e875beceb282 | ITER: 28 START
2019-06-05 08:07:13.247 19132 INFO rally.task.runner [-] Task 15125b8c-61ed-4323-9ad8-e875beceb282 | ITER: 12 END: OK
2019-06-05 08:07:13.252 19132 INFO rally.task.runner [-] Task 15125b8c-61ed-4323-9ad8-e875beceb282 | ITER: 29 START
2019-06-05 08:07:13.350 19152 INFO rally.task.runner [-] Task 15125b8c-61ed-4323-9ad8-e875beceb282 | ITER: 17 END: OK
2019-06-05 08:07:13.353 19152 INFO rally.task.runner [-] Task 15125b8c-61ed-4323-9ad8-e875beceb282 | ITER: 30 START
2019-06-05 08:07:13.402 19137 INFO rally.task.runner [-] Task 15125b8c-61ed-4323-9ad8-e875beceb282 | ITER: 13 END: OK
2019-06-05 08:07:13.404 19137 INFO rally.task.runner [-] Task 15125b8c-61ed-4323-9ad8-e875beceb282 | ITER: 31 START
2019-06-05 08:07:13.643 19157 INFO rally.task.runner [-] Task 15125b8c-61ed-4323-9ad8-e875beceb282 | ITER: 18 END: OK
2019-06-05 08:07:13.646 19157 INFO rally.task.runner [-] Task 15125b8c-61ed-4323-9ad8-e875beceb282 | ITER: 32 START
2019-06-05 08:07:13.659 19139 INFO rally.task.runner [-] Task 15125b8c-61ed-4323-9ad8-e875beceb282 | ITER: 14 END: OK
2019-06-05 08:07:13.661 19139 INFO rally.task.runner [-] Task 15125b8c-61ed-4323-9ad8-e875beceb282 | ITER: 33 START
2019-06-05 08:07:13.721 19118 INFO rally.task.runner [-] Task 15125b8c-61ed-4323-9ad8-e875beceb282 | ITER: 7 END: OK
2019-06-05 08:07:13.724 19118 INFO rally.task.runner [-] Task 15125b8c-61ed-4323-9ad8-e875beceb282 | ITER: 34 START
2019-06-05 08:07:13.921 19147 INFO rally.task.runner [-] Task 15125b8c-61ed-4323-9ad8-e875beceb282 | ITER: 25 END: OK
2019-06-05 08:07:13.924 19147 INFO rally.task.runner [-] Task 15125b8c-61ed-4323-9ad8-e875beceb282 | ITER: 35 START
2019-06-05 08:07:14.009 19123 INFO rally.task.runner [-] Task 15125b8c-61ed-4323-9ad8-e875beceb282 | ITER: 10 END: OK
2019-06-05 08:07:14.013 19123 INFO rally.task.runner [-] Task 15125b8c-61ed-4323-9ad8-e875beceb282 | ITER: 36 START
2019-06-05 08:07:14.023 19116 INFO rally.task.runner [-] Task 15125b8c-61ed-4323-9ad8-e875beceb282 | ITER: 26 END: OK
2019-06-05 08:07:14.026 19116 INFO rally.task.runner [-] Task 15125b8c-61ed-4323-9ad8-e875beceb282 | ITER: 37 START
2019-06-05 08:07:14.121 19128 INFO rally.task.runner [-] Task 15125b8c-61ed-4323-9ad8-e875beceb282 | ITER: 24 END: OK
2019-06-05 08:07:14.124 19128 INFO rally.task.runner [-] Task 15125b8c-61ed-4323-9ad8-e875beceb282 | ITER: 38 START
2019-06-05 08:07:14.332 19119 INFO rally.task.runner [-] Task 15125b8c-61ed-4323-9ad8-e875beceb282 | ITER: 23 END: OK
2019-06-05 08:07:14.335 19119 INFO rally.task.runner [-] Task 15125b8c-61ed-4323-9ad8-e875beceb282 | ITER: 39 START
2019-06-05 08:07:14.406 19117 INFO rally.task.runner [-] Task 15125b8c-61ed-4323-9ad8-e875beceb282 | ITER: 2 END: OK
2019-06-05 08:07:14.409 19117 INFO rally.task.runner [-] Task 15125b8c-61ed-4323-9ad8-e875beceb282 | ITER: 40 START
2019-06-05 08:07:14.496 19118 INFO rally.task.runner [-] Task 15125b8c-61ed-4323-9ad8-e875beceb282 | ITER: 4 END: OK
2019-06-05 08:07:14.499 19118 INFO rally.task.runner [-] Task 15125b8c-61ed-4323-9ad8-e875beceb282 | ITER: 41 START
2019-06-05 08:07:14.982 19160 INFO rally.task.runner [-] Task 15125b8c-61ed-4323-9ad8-e875beceb282 | ITER: 22 END: OK
2019-06-05 08:07:14.986 19160 INFO rally.task.runner [-] Task 15125b8c-61ed-4323-9ad8-e875beceb282 | ITER: 42 START
2019-06-05 08:07:15.278 19119 INFO rally.task.runner [-] Task 15125b8c-61ed-4323-9ad8-e875beceb282 | ITER: 9 END: OK
2019-06-05 08:07:15.280 19119 INFO rally.task.runner [-] Task 15125b8c-61ed-4323-9ad8-e875beceb282 | ITER: 43 START
2019-06-05 08:07:15.363 19149 INFO rally.task.runner [-] Task 15125b8c-61ed-4323-9ad8-e875beceb282 | ITER: 16 END: OK
2019-06-05 08:07:15.365 19149 INFO rally.task.runner [-] Task 15125b8c-61ed-4323-9ad8-e875beceb282 | ITER: 44 START
2019-06-05 08:07:15.376 19121 INFO rally.task.runner [-] Task 15125b8c-61ed-4323-9ad8-e875beceb282 | ITER: 8 END: OK
2019-06-05 08:07:15.378 19121 INFO rally.task.runner [-] Task 15125b8c-61ed-4323-9ad8-e875beceb282 | ITER: 45 START
2019-06-05 08:07:15.415 19163 INFO rally.task.runner [-] Task 15125b8c-61ed-4323-9ad8-e875beceb282 | ITER: 21 END: OK
2019-06-05 08:07:15.417 19163 INFO rally.task.runner [-] Task 15125b8c-61ed-4323-9ad8-e875beceb282 | ITER: 46 START
2019-06-05 08:07:15.921 19116 INFO rally.task.runner [-] Task 15125b8c-61ed-4323-9ad8-e875beceb282 | ITER: 28 END: OK
2019-06-05 08:07:15.925 19116 INFO rally.task.runner [-] Task 15125b8c-61ed-4323-9ad8-e875beceb282 | ITER: 47 START
2019-06-05 08:07:16.146 19117 INFO rally.task.runner [-] Task 15125b8c-61ed-4323-9ad8-e875beceb282 | ITER: 27 END: OK
2019-06-05 08:07:16.149 19117 INFO rally.task.runner [-] Task 15125b8c-61ed-4323-9ad8-e875beceb282 | ITER: 48 START
2019-06-05 08:07:16.480 19157 INFO rally.task.runner [-] Task 15125b8c-61ed-4323-9ad8-e875beceb282 | ITER: 32 END: OK
2019-06-05 08:07:16.484 19157 INFO rally.task.runner [-] Task 15125b8c-61ed-4323-9ad8-e875beceb282 | ITER: 49 START
2019-06-05 08:07:16.540 19152 INFO rally.task.runner [-] Task 15125b8c-61ed-4323-9ad8-e875beceb282 | ITER: 30 END: OK
2019-06-05 08:07:16.543 19152 INFO rally.task.runner [-] Task 15125b8c-61ed-4323-9ad8-e875beceb282 | ITER: 50 START
2019-06-05 08:07:16.683 19132 INFO rally.task.runner [-] Task 15125b8c-61ed-4323-9ad8-e875beceb282 | ITER: 29 END: OK
2019-06-05 08:07:16.686 19132 INFO rally.task.runner [-] Task 15125b8c-61ed-4323-9ad8-e875beceb282 | ITER: 51 START
2019-06-05 08:07:16.948 19137 INFO rally.task.runner [-] Task 15125b8c-61ed-4323-9ad8-e875beceb282 | ITER: 31 END: OK
2019-06-05 08:07:16.951 19137 INFO rally.task.runner [-] Task 15125b8c-61ed-4323-9ad8-e875beceb282 | ITER: 52 START
2019-06-05 08:07:17.208 19139 INFO rally.task.runner [-] Task 15125b8c-61ed-4323-9ad8-e875beceb282 | ITER: 33 END: OK
2019-06-05 08:07:17.212 19139 INFO rally.task.runner [-] Task 15125b8c-61ed-4323-9ad8-e875beceb282 | ITER: 53 START
2019-06-05 08:07:17.556 19123 INFO rally.task.runner [-] Task 15125b8c-61ed-4323-9ad8-e875beceb282 | ITER: 36 END: OK
2019-06-05 08:07:17.559 19123 INFO rally.task.runner [-] Task 15125b8c-61ed-4323-9ad8-e875beceb282 | ITER: 54 START
2019-06-05 08:07:17.582 19118 INFO rally.task.runner [-] Task 15125b8c-61ed-4323-9ad8-e875beceb282 | ITER: 34 END: OK
2019-06-05 08:07:17.585 19118 INFO rally.task.runner [-] Task 15125b8c-61ed-4323-9ad8-e875beceb282 | ITER: 55 START
2019-06-05 08:07:17.774 19119 INFO rally.task.runner [-] Task 15125b8c-61ed-4323-9ad8-e875beceb282 | ITER: 39 END: OK
2019-06-05 08:07:17.777 19119 INFO rally.task.runner [-] Task 15125b8c-61ed-4323-9ad8-e875beceb282 | ITER: 56 START
2019-06-05 08:07:17.855 19116 INFO rally.task.runner [-] Task 15125b8c-61ed-4323-9ad8-e875beceb282 | ITER: 37 END: OK
2019-06-05 08:07:17.859 19116 INFO rally.task.runner [-] Task 15125b8c-61ed-4323-9ad8-e875beceb282 | ITER: 57 START
2019-06-05 08:07:18.098 19121 INFO rally.task.runner [-] Task 15125b8c-61ed-4323-9ad8-e875beceb282 | ITER: 45 END: OK
2019-06-05 08:07:18.101 19121 INFO rally.task.runner [-] Task 15125b8c-61ed-4323-9ad8-e875beceb282 | ITER: 58 START
2019-06-05 08:07:18.121 19149 INFO rally.task.runner [-] Task 15125b8c-61ed-4323-9ad8-e875beceb282 | ITER: 44 END: OK
2019-06-05 08:07:18.124 19149 INFO rally.task.runner [-] Task 15125b8c-61ed-4323-9ad8-e875beceb282 | ITER: 59 START
2019-06-05 08:07:18.135 19160 INFO rally.task.runner [-] Task 15125b8c-61ed-4323-9ad8-e875beceb282 | ITER: 42 END: OK
2019-06-05 08:07:18.138 19160 INFO rally.task.runner [-] Task 15125b8c-61ed-4323-9ad8-e875beceb282 | ITER: 60 START
2019-06-05 08:07:18.145 19128 INFO rally.task.runner [-] Task 15125b8c-61ed-4323-9ad8-e875beceb282 | ITER: 38 END: OK
2019-06-05 08:07:18.149 19128 INFO rally.task.runner [-] Task 15125b8c-61ed-4323-9ad8-e875beceb282 | ITER: 61 START
2019-06-05 08:07:18.186 19118 INFO rally.task.runner [-] Task 15125b8c-61ed-4323-9ad8-e875beceb282 | ITER: 41 END: OK
2019-06-05 08:07:18.189 19118 INFO rally.task.runner [-] Task 15125b8c-61ed-4323-9ad8-e875beceb282 | ITER: 62 START
2019-06-05 08:07:18.227 19117 INFO rally.task.runner [-] Task 15125b8c-61ed-4323-9ad8-e875beceb282 | ITER: 40 END: OK
2019-06-05 08:07:18.230 19117 INFO rally.task.runner [-] Task 15125b8c-61ed-4323-9ad8-e875beceb282 | ITER: 63 START
2019-06-05 08:07:18.323 19147 INFO rally.task.runner [-] Task 15125b8c-61ed-4323-9ad8-e875beceb282 | ITER: 35 END: OK
2019-06-05 08:07:18.326 19147 INFO rally.task.runner [-] Task 15125b8c-61ed-4323-9ad8-e875beceb282 | ITER: 64 START
2019-06-05 08:07:18.444 19116 INFO rally.task.runner [-] Task 15125b8c-61ed-4323-9ad8-e875beceb282 | ITER: 47 END: OK
2019-06-05 08:07:18.447 19116 INFO rally.task.runner [-] Task 15125b8c-61ed-4323-9ad8-e875beceb282 | ITER: 65 START
2019-06-05 08:07:18.455 19119 INFO rally.task.runner [-] Task 15125b8c-61ed-4323-9ad8-e875beceb282 | ITER: 43 END: OK
2019-06-05 08:07:18.458 19119 INFO rally.task.runner [-] Task 15125b8c-61ed-4323-9ad8-e875beceb282 | ITER: 66 START
2019-06-05 08:07:18.480 19163 INFO rally.task.runner [-] Task 15125b8c-61ed-4323-9ad8-e875beceb282 | ITER: 46 END: OK
2019-06-05 08:07:18.484 19163 INFO rally.task.runner [-] Task 15125b8c-61ed-4323-9ad8-e875beceb282 | ITER: 67 START
2019-06-05 08:07:19.553 19152 INFO rally.task.runner [-] Task 15125b8c-61ed-4323-9ad8-e875beceb282 | ITER: 50 END: OK
2019-06-05 08:07:19.555 19152 INFO rally.task.runner [-] Task 15125b8c-61ed-4323-9ad8-e875beceb282 | ITER: 68 START
2019-06-05 08:07:19.600 19117 INFO rally.task.runner [-] Task 15125b8c-61ed-4323-9ad8-e875beceb282 | ITER: 48 END: OK
2019-06-05 08:07:19.603 19117 INFO rally.task.runner [-] Task 15125b8c-61ed-4323-9ad8-e875beceb282 | ITER: 69 START
2019-06-05 08:07:19.817 19157 INFO rally.task.runner [-] Task 15125b8c-61ed-4323-9ad8-e875beceb282 | ITER: 49 END: OK
2019-06-05 08:07:19.820 19157 INFO rally.task.runner [-] Task 15125b8c-61ed-4323-9ad8-e875beceb282 | ITER: 70 START
2019-06-05 08:07:20.235 19137 INFO rally.task.runner [-] Task 15125b8c-61ed-4323-9ad8-e875beceb282 | ITER: 52 END: OK
2019-06-05 08:07:20.238 19137 INFO rally.task.runner [-] Task 15125b8c-61ed-4323-9ad8-e875beceb282 | ITER: 71 START
2019-06-05 08:07:20.256 19139 INFO rally.task.runner [-] Task 15125b8c-61ed-4323-9ad8-e875beceb282 | ITER: 53 END: OK
2019-06-05 08:07:20.260 19139 INFO rally.task.runner [-] Task 15125b8c-61ed-4323-9ad8-e875beceb282 | ITER: 72 START
2019-06-05 08:07:20.465 19132 INFO rally.task.runner [-] Task 15125b8c-61ed-4323-9ad8-e875beceb282 | ITER: 51 END: OK
2019-06-05 08:07:20.469 19132 INFO rally.task.runner [-] Task 15125b8c-61ed-4323-9ad8-e875beceb282 | ITER: 73 START
2019-06-05 08:07:20.568 19118 INFO rally.task.runner [-] Task 15125b8c-61ed-4323-9ad8-e875beceb282 | ITER: 55 END: OK
2019-06-05 08:07:20.571 19118 INFO rally.task.runner [-] Task 15125b8c-61ed-4323-9ad8-e875beceb282 | ITER: 74 START
2019-06-05 08:07:20.701 19123 INFO rally.task.runner [-] Task 15125b8c-61ed-4323-9ad8-e875beceb282 | ITER: 54 END: OK
2019-06-05 08:07:20.704 19123 INFO rally.task.runner [-] Task 15125b8c-61ed-4323-9ad8-e875beceb282 | ITER: 75 START
2019-06-05 08:07:20.849 19116 INFO rally.task.runner [-] Task 15125b8c-61ed-4323-9ad8-e875beceb282 | ITER: 57 END: OK
2019-06-05 08:07:20.852 19116 INFO rally.task.runner [-] Task 15125b8c-61ed-4323-9ad8-e875beceb282 | ITER: 76 START
2019-06-05 08:07:20.989 19160 INFO rally.task.runner [-] Task 15125b8c-61ed-4323-9ad8-e875beceb282 | ITER: 60 END: OK
2019-06-05 08:07:20.992 19160 INFO rally.task.runner [-] Task 15125b8c-61ed-4323-9ad8-e875beceb282 | ITER: 77 START
2019-06-05 08:07:21.056 19118 INFO rally.task.runner [-] Task 15125b8c-61ed-4323-9ad8-e875beceb282 | ITER: 62 END: OK
2019-06-05 08:07:21.059 19118 INFO rally.task.runner [-] Task 15125b8c-61ed-4323-9ad8-e875beceb282 | ITER: 78 START
2019-06-05 08:07:21.241 19117 INFO rally.task.runner [-] Task 15125b8c-61ed-4323-9ad8-e875beceb282 | ITER: 63 END: OK
2019-06-05 08:07:21.244 19117 INFO rally.task.runner [-] Task 15125b8c-61ed-4323-9ad8-e875beceb282 | ITER: 79 START
2019-06-05 08:07:21.373 19149 INFO rally.task.runner [-] Task 15125b8c-61ed-4323-9ad8-e875beceb282 | ITER: 59 END: OK
2019-06-05 08:07:21.376 19149 INFO rally.task.runner [-] Task 15125b8c-61ed-4323-9ad8-e875beceb282 | ITER: 80 START
2019-06-05 08:07:21.458 19119 INFO rally.task.runner [-] Task 15125b8c-61ed-4323-9ad8-e875beceb282 | ITER: 56 END: OK
2019-06-05 08:07:21.461 19119 INFO rally.task.runner [-] Task 15125b8c-61ed-4323-9ad8-e875beceb282 | ITER: 81 START
2019-06-05 08:07:21.776 19128 INFO rally.task.runner [-] Task 15125b8c-61ed-4323-9ad8-e875beceb282 | ITER: 61 END: OK
2019-06-05 08:07:21.779 19128 INFO rally.task.runner [-] Task 15125b8c-61ed-4323-9ad8-e875beceb282 | ITER: 82 START
2019-06-05 08:07:21.862 19147 INFO rally.task.runner [-] Task 15125b8c-61ed-4323-9ad8-e875beceb282 | ITER: 64 END: OK
2019-06-05 08:07:21.865 19147 INFO rally.task.runner [-] Task 15125b8c-61ed-4323-9ad8-e875beceb282 | ITER: 83 START
2019-06-05 08:07:22.156 19121 INFO rally.task.runner [-] Task 15125b8c-61ed-4323-9ad8-e875beceb282 | ITER: 58 END: OK
2019-06-05 08:07:22.159 19121 INFO rally.task.runner [-] Task 15125b8c-61ed-4323-9ad8-e875beceb282 | ITER: 84 START
2019-06-05 08:07:22.165 19163 INFO rally.task.runner [-] Task 15125b8c-61ed-4323-9ad8-e875beceb282 | ITER: 67 END: OK
2019-06-05 08:07:22.168 19163 INFO rally.task.runner [-] Task 15125b8c-61ed-4323-9ad8-e875beceb282 | ITER: 85 START
2019-06-05 08:07:22.324 19116 INFO rally.task.runner [-] Task 15125b8c-61ed-4323-9ad8-e875beceb282 | ITER: 65 END: OK
2019-06-05 08:07:22.328 19116 INFO rally.task.runner [-] Task 15125b8c-61ed-4323-9ad8-e875beceb282 | ITER: 86 START
2019-06-05 08:07:22.416 19117 INFO rally.task.runner [-] Task 15125b8c-61ed-4323-9ad8-e875beceb282 | ITER: 69 END: OK
2019-06-05 08:07:22.419 19117 INFO rally.task.runner [-] Task 15125b8c-61ed-4323-9ad8-e875beceb282 | ITER: 87 START
2019-06-05 08:07:22.477 19152 INFO rally.task.runner [-] Task 15125b8c-61ed-4323-9ad8-e875beceb282 | ITER: 68 END: OK
2019-06-05 08:07:22.480 19152 INFO rally.task.runner [-] Task 15125b8c-61ed-4323-9ad8-e875beceb282 | ITER: 88 START
2019-06-05 08:07:22.543 19119 INFO rally.task.runner [-] Task 15125b8c-61ed-4323-9ad8-e875beceb282 | ITER: 66 END: OK
2019-06-05 08:07:22.547 19119 INFO rally.task.runner [-] Task 15125b8c-61ed-4323-9ad8-e875beceb282 | ITER: 89 START
2019-06-05 08:07:22.665 19157 INFO rally.task.runner [-] Task 15125b8c-61ed-4323-9ad8-e875beceb282 | ITER: 70 END: OK
2019-06-05 08:07:22.668 19157 INFO rally.task.runner [-] Task 15125b8c-61ed-4323-9ad8-e875beceb282 | ITER: 90 START
2019-06-05 08:07:23.099 19139 INFO rally.task.runner [-] Task 15125b8c-61ed-4323-9ad8-e875beceb282 | ITER: 72 END: OK
2019-06-05 08:07:23.102 19139 INFO rally.task.runner [-] Task 15125b8c-61ed-4323-9ad8-e875beceb282 | ITER: 91 START
2019-06-05 08:07:23.681 19132 INFO rally.task.runner [-] Task 15125b8c-61ed-4323-9ad8-e875beceb282 | ITER: 73 END: OK
2019-06-05 08:07:23.685 19132 INFO rally.task.runner [-] Task 15125b8c-61ed-4323-9ad8-e875beceb282 | ITER: 92 START
2019-06-05 08:07:23.759 19118 INFO rally.task.runner [-] Task 15125b8c-61ed-4323-9ad8-e875beceb282 | ITER: 74 END: OK
2019-06-05 08:07:23.762 19118 INFO rally.task.runner [-] Task 15125b8c-61ed-4323-9ad8-e875beceb282 | ITER: 93 START
2019-06-05 08:07:23.895 19137 INFO rally.task.runner [-] Task 15125b8c-61ed-4323-9ad8-e875beceb282 | ITER: 71 END: OK
2019-06-05 08:07:23.898 19137 INFO rally.task.runner [-] Task 15125b8c-61ed-4323-9ad8-e875beceb282 | ITER: 94 START
2019-06-05 08:07:23.964 19117 INFO rally.task.runner [-] Task 15125b8c-61ed-4323-9ad8-e875beceb282 | ITER: 79 END: OK
2019-06-05 08:07:23.968 19117 INFO rally.task.runner [-] Task 15125b8c-61ed-4323-9ad8-e875beceb282 | ITER: 95 START
2019-06-05 08:07:24.143 19118 INFO rally.task.runner [-] Task 15125b8c-61ed-4323-9ad8-e875beceb282 | ITER: 78 END: OK
2019-06-05 08:07:24.146 19118 INFO rally.task.runner [-] Task 15125b8c-61ed-4323-9ad8-e875beceb282 | ITER: 96 START
2019-06-05 08:07:24.164 19116 INFO rally.task.runner [-] Task 15125b8c-61ed-4323-9ad8-e875beceb282 | ITER: 76 END: OK
2019-06-05 08:07:24.167 19116 INFO rally.task.runner [-] Task 15125b8c-61ed-4323-9ad8-e875beceb282 | ITER: 97 START
2019-06-05 08:07:24.488 19149 INFO rally.task.runner [-] Task 15125b8c-61ed-4323-9ad8-e875beceb282 | ITER: 80 END: OK
2019-06-05 08:07:24.491 19149 INFO rally.task.runner [-] Task 15125b8c-61ed-4323-9ad8-e875beceb282 | ITER: 98 START
2019-06-05 08:07:24.493 19123 INFO rally.task.runner [-] Task 15125b8c-61ed-4323-9ad8-e875beceb282 | ITER: 75 END: OK
2019-06-05 08:07:24.497 19123 INFO rally.task.runner [-] Task 15125b8c-61ed-4323-9ad8-e875beceb282 | ITER: 99 START
2019-06-05 08:07:24.502 19160 INFO rally.task.runner [-] Task 15125b8c-61ed-4323-9ad8-e875beceb282 | ITER: 77 END: OK
2019-06-05 08:07:24.506 19160 INFO rally.task.runner [-] Task 15125b8c-61ed-4323-9ad8-e875beceb282 | ITER: 100 START
2019-06-05 08:07:24.735 19119 INFO rally.task.runner [-] Task 15125b8c-61ed-4323-9ad8-e875beceb282 | ITER: 81 END: OK
2019-06-05 08:07:25.012 19163 INFO rally.task.runner [-] Task 15125b8c-61ed-4323-9ad8-e875beceb282 | ITER: 85 END: OK
2019-06-05 08:07:25.250 19147 INFO rally.task.runner [-] Task 15125b8c-61ed-4323-9ad8-e875beceb282 | ITER: 83 END: OK
2019-06-05 08:07:25.383 19117 INFO rally.task.runner [-] Task 15125b8c-61ed-4323-9ad8-e875beceb282 | ITER: 87 END: OK
2019-06-05 08:07:25.430 19128 INFO rally.task.runner [-] Task 15125b8c-61ed-4323-9ad8-e875beceb282 | ITER: 82 END: OK
2019-06-05 08:07:25.696 19116 INFO rally.task.runner [-] Task 15125b8c-61ed-4323-9ad8-e875beceb282 | ITER: 86 END: OK
2019-06-05 08:07:25.795 19121 INFO rally.task.runner [-] Task 15125b8c-61ed-4323-9ad8-e875beceb282 | ITER: 84 END: OK
2019-06-05 08:07:26.196 19139 INFO rally.task.runner [-] Task 15125b8c-61ed-4323-9ad8-e875beceb282 | ITER: 91 END: OK
2019-06-05 08:07:26.228 19132 INFO rally.task.runner [-] Task 15125b8c-61ed-4323-9ad8-e875beceb282 | ITER: 92 END: OK
2019-06-05 08:07:26.257 19152 INFO rally.task.runner [-] Task 15125b8c-61ed-4323-9ad8-e875beceb282 | ITER: 88 END: OK
2019-06-05 08:07:26.443 19119 INFO rally.task.runner [-] Task 15125b8c-61ed-4323-9ad8-e875beceb282 | ITER: 89 END: OK
2019-06-05 08:07:26.638 19157 INFO rally.task.runner [-] Task 15125b8c-61ed-4323-9ad8-e875beceb282 | ITER: 90 END: OK
2019-06-05 08:07:26.741 19117 INFO rally.task.runner [-] Task 15125b8c-61ed-4323-9ad8-e875beceb282 | ITER: 95 END: OK
2019-06-05 08:07:26.753 19160 INFO rally.task.runner [-] Task 15125b8c-61ed-4323-9ad8-e875beceb282 | ITER: 100 END: OK
2019-06-05 08:07:26.805 19118 INFO rally.task.runner [-] Task 15125b8c-61ed-4323-9ad8-e875beceb282 | ITER: 93 END: OK
2019-06-05 08:07:26.873 19116 INFO rally.task.runner [-] Task 15125b8c-61ed-4323-9ad8-e875beceb282 | ITER: 97 END: OK
2019-06-05 08:07:27.144 19149 INFO rally.task.runner [-] Task 15125b8c-61ed-4323-9ad8-e875beceb282 | ITER: 98 END: OK
2019-06-05 08:07:27.177 19118 INFO rally.task.runner [-] Task 15125b8c-61ed-4323-9ad8-e875beceb282 | ITER: 96 END: OK
2019-06-05 08:07:27.201 19137 INFO rally.task.runner [-] Task 15125b8c-61ed-4323-9ad8-e875beceb282 | ITER: 94 END: OK
2019-06-05 08:07:27.780 19123 INFO rally.task.runner [-] Task 15125b8c-61ed-4323-9ad8-e875beceb282 | ITER: 99 END: OK
2019-06-05 08:07:27.806 18992 INFO rally.task.context [-] Task 15125b8c-61ed-4323-9ad8-e875beceb282 | Context cleanup@openstack cleanup() started
2019-06-05 08:07:27.808 18992 RALLYDEBUG rally_openstack.cleanup.manager [-] Cleaning up neutron vip objects
2019-06-05 08:07:28.471 18992 RALLYDEBUG rally_openstack.cleanup.manager [-] Cleaning up neutron health_monitor objects
2019-06-05 08:07:29.224 18992 RALLYDEBUG rally_openstack.cleanup.manager [-] Cleaning up neutron pool objects
2019-06-05 08:07:30.093 18992 RALLYDEBUG rally_openstack.cleanup.manager [-] Cleaning up neutron loadbalancer objects
2019-06-05 08:07:30.870 18992 RALLYDEBUG rally_openstack.cleanup.manager [-] Cleaning up neutron floatingip objects
2019-06-05 08:07:31.655 18992 RALLYDEBUG rally_openstack.cleanup.manager [-] Cleaning up neutron port objects
2019-06-05 08:07:32.830 18992 RALLYDEBUG rally_openstack.cleanup.manager [-] Cleaning up neutron subnet objects
2019-06-05 08:07:33.541 18992 RALLYDEBUG rally_openstack.cleanup.manager [-] Cleaning up neutron network objects
2019-06-05 08:07:34.495 18992 RALLYDEBUG rally_openstack.cleanup.manager [-] Deleting neutron.network object s_rally_9e4d8644_fQ4pm4yF (00838371-21e2-46e3-9d3b-e65fdd54cbcb)
2019-06-05 08:07:34.499 18992 RALLYDEBUG rally_openstack.cleanup.manager [-] Deleting neutron.network object s_rally_9e4d8644_VlYjku26 (02981d36-45b9-484b-89c1-c3022645d507)
2019-06-05 08:07:34.511 18992 RALLYDEBUG rally_openstack.cleanup.manager [-] Deleting neutron.network object s_rally_9e4d8644_IzC9h8Hz (0c313dc7-c6f4-4513-b51a-b1d0a8430dd3)
2019-06-05 08:07:34.512 18992 RALLYDEBUG rally_openstack.cleanup.manager [-] Deleting neutron.network object s_rally_9e4d8644_uMpQWCDM (04feed2e-d901-4c87-88dd-0b62f4e131f8)
2019-06-05 08:07:34.513 18992 RALLYDEBUG rally_openstack.cleanup.manager [-] Deleting neutron.network object s_rally_9e4d8644_ek8bLwFY (05fda374-3bf2-4d4b-82b7-6f02cf457831)
2019-06-05 08:07:34.519 18992 RALLYDEBUG rally_openstack.cleanup.manager [-] Deleting neutron.network object s_rally_9e4d8644_cPOcVpuB (11a49a30-0f23-4de0-8174-3144f96b33c2)
2019-06-05 08:07:34.537 18992 RALLYDEBUG rally_openstack.cleanup.manager [-] Deleting neutron.network object s_rally_9e4d8644_hS7Zp3xK (12d35812-8d59-48b8-a2c0-70424231eeef)
2019-06-05 08:07:34.538 18992 RALLYDEBUG rally_openstack.cleanup.manager [-] Deleting neutron.network object s_rally_9e4d8644_STQGO1bL (12ce34f0-1767-4f22-beac-90964c4c95de)
2019-06-05 08:07:34.546 18992 RALLYDEBUG rally_openstack.cleanup.manager [-] Deleting neutron.network object s_rally_9e4d8644_AoQaxd0q (0f55d193-5e19-484b-8dbd-00c9b178f913)
2019-06-05 08:07:34.557 18992 RALLYDEBUG rally_openstack.cleanup.manager [-] Deleting neutron.network object s_rally_9e4d8644_FCeVzClt (13333e8b-9769-4c59-9ef8-307ee2884bc5)
2019-06-05 08:07:34.560 18992 RALLYDEBUG rally_openstack.cleanup.manager [-] Deleting neutron.network object s_rally_9e4d8644_xQYp6VTv (1378dcec-b0c2-4231-897b-18be449ae002)
2019-06-05 08:07:34.584 18992 RALLYDEBUG rally_openstack.cleanup.manager [-] Deleting neutron.network object s_rally_9e4d8644_HItq7lej (146fca5d-b05c-42f8-bf5e-27fe396137a7)
2019-06-05 08:07:34.597 18992 RALLYDEBUG rally_openstack.cleanup.manager [-] Deleting neutron.network object s_rally_9e4d8644_3bIa70hT (14f88d6f-90dc-4517-8487-d9bca9aacc5f)
2019-06-05 08:07:34.605 18992 RALLYDEBUG rally_openstack.cleanup.manager [-] Deleting neutron.network object s_rally_9e4d8644_VoIB6JgG (1670b7d1-8eeb-4c7e-bafb-978ef4b868ef)
2019-06-05 08:07:34.609 18992 RALLYDEBUG rally_openstack.cleanup.manager [-] Deleting neutron.network object s_rally_9e4d8644_93E0n6GP (17200baf-7573-4a1a-a39b-b28c60654795)
2019-06-05 08:07:34.615 18992 RALLYDEBUG rally_openstack.cleanup.manager [-] Deleting neutron.network object s_rally_9e4d8644_fXPZKI9k (19773565-c225-4474-8b7e-049b790bae21)
2019-06-05 08:07:34.641 18992 RALLYDEBUG rally_openstack.cleanup.manager [-] Deleting neutron.network object s_rally_9e4d8644_OdDcpfNm (1bd99574-ea78-4e58-a5bc-3cff236b2709)
2019-06-05 08:07:34.642 18992 RALLYDEBUG rally_openstack.cleanup.manager [-] Deleting neutron.network object s_rally_9e4d8644_Nnjy3c5F (19f3b52d-f4cc-4c54-a2b1-19e70ff38057)
2019-06-05 08:07:34.663 18992 RALLYDEBUG rally_openstack.cleanup.manager [-] Deleting neutron.network object s_rally_9e4d8644_NQzWEbri (1fb763df-148d-4422-8172-30a38314595f)
2019-06-05 08:07:34.670 18992 RALLYDEBUG rally_openstack.cleanup.manager [-] Deleting neutron.network object s_rally_9e4d8644_JS61DPSP (2114c03b-5c75-44c2-83a1-e397490d5fad)
2019-06-05 08:07:37.959 18992 RALLYDEBUG rally_openstack.cleanup.manager [-] Deleting neutron.network object s_rally_9e4d8644_Ocgviiju (2323326a-0df9-4dff-8e2c-e20a69dfe854)
2019-06-05 08:07:38.040 18992 RALLYDEBUG rally_openstack.cleanup.manager [-] Deleting neutron.network object s_rally_9e4d8644_mXTgK9Tg (25219760-6521-43d8-9b3a-6b4c1e9db90e)
2019-06-05 08:07:38.136 18992 RALLYDEBUG rally_openstack.cleanup.manager [-] Deleting neutron.network object s_rally_9e4d8644_GaUPNsel (263d6887-b571-40ad-94d2-de35a9782623)
2019-06-05 08:07:38.203 18992 RALLYDEBUG rally_openstack.cleanup.manager [-] Deleting neutron.network object s_rally_9e4d8644_7H4602KS (264a2dc1-804f-4fd0-9399-a087eb89cc10)
2019-06-05 08:07:38.231 18992 RALLYDEBUG rally_openstack.cleanup.manager [-] Deleting neutron.network object s_rally_9e4d8644_LrHbtnLH (27416307-afdc-4a1f-aa30-efea7013ea9a)
2019-06-05 08:07:38.285 18992 RALLYDEBUG rally_openstack.cleanup.manager [-] Deleting neutron.network object s_rally_9e4d8644_luONDL1g (27f49aa9-51be-4df7-bdeb-bf2f73b21ff3)
2019-06-05 08:07:38.290 18992 RALLYDEBUG rally_openstack.cleanup.manager [-] Deleting neutron.network object s_rally_9e4d8644_NfYS2zY7 (2d106026-b49e-4d9b-a1c9-40bf1dadd5c2)
2019-06-05 08:07:38.414 18992 RALLYDEBUG rally_openstack.cleanup.manager [-] Deleting neutron.network object s_rally_9e4d8644_vWhrnTfg (2d5c3eea-f986-4458-a5e0-8d45dd1342c1)
2019-06-05 08:07:38.431 18992 RALLYDEBUG rally_openstack.cleanup.manager [-] Deleting neutron.network object s_rally_9e4d8644_vIJJBer5 (3021b199-5747-46bd-83a2-b2fa94d1b642)
2019-06-05 08:07:38.510 18992 RALLYDEBUG rally_openstack.cleanup.manager [-] Deleting neutron.network object s_rally_9e4d8644_N8El2RiI (31466073-314e-4f45-9b2e-58006ff3c2ac)
2019-06-05 08:07:38.521 18992 RALLYDEBUG rally_openstack.cleanup.manager [-] Deleting neutron.network object s_rally_9e4d8644_UkpgDbFY (3251d4f0-dae2-4191-9e32-7046cf3abbb7)
2019-06-05 08:07:38.550 18992 RALLYDEBUG rally_openstack.cleanup.manager [-] Deleting neutron.network object s_rally_9e4d8644_juC0b5fL (3820ac3c-1b97-412d-9be9-73f445538073)
2019-06-05 08:07:38.650 18992 RALLYDEBUG rally_openstack.cleanup.manager [-] Deleting neutron.network object s_rally_9e4d8644_knCHRrc3 (39ac3884-2283-40ea-9d86-c1a99e755d4f)
2019-06-05 08:07:38.675 18992 RALLYDEBUG rally_openstack.cleanup.manager [-] Deleting neutron.network object s_rally_9e4d8644_dfZNmcTI (39dca582-1722-4043-b4fd-890b61e258fb)
2019-06-05 08:07:38.756 18992 RALLYDEBUG rally_openstack.cleanup.manager [-] Deleting neutron.network object s_rally_9e4d8644_UOM2eIto (3a67e640-ccfa-4501-b003-a793e473489f)
2019-06-05 08:07:38.835 18992 RALLYDEBUG rally_openstack.cleanup.manager [-] Deleting neutron.network object s_rally_9e4d8644_PbyX8mlD (3dc1fb0a-817e-4ef1-ac9d-7e2948818046)
2019-06-05 08:07:39.326 18992 RALLYDEBUG rally_openstack.cleanup.manager [-] Deleting neutron.network object s_rally_9e4d8644_YGCRZ06K (3eea8425-da88-40c8-94f4-fbb722ff13ae)
2019-06-05 08:07:39.354 18992 RALLYDEBUG rally_openstack.cleanup.manager [-] Deleting neutron.network object s_rally_9e4d8644_SRtr5iWM (40840ac3-e5cd-450b-bc1a-118b7dd88cb9)
2019-06-05 08:07:39.420 18992 RALLYDEBUG rally_openstack.cleanup.manager [-] Deleting neutron.network object s_rally_9e4d8644_PiQ6ojF8 (40ca804b-8651-47d1-8bec-f8b4166b841d)
2019-06-05 08:07:39.423 18992 RALLYDEBUG rally_openstack.cleanup.manager [-] Deleting neutron.network object s_rally_9e4d8644_J7FVWCJs (48078eeb-edee-42e9-97df-fb1b02694032)
2019-06-05 08:07:41.514 18992 RALLYDEBUG rally_openstack.cleanup.manager [-] Deleting neutron.network object s_rally_9e4d8644_GDrYyHYG (48ce3baa-b661-4e50-8fb7-6ab7b193a0f5)
2019-06-05 08:07:41.596 18992 RALLYDEBUG rally_openstack.cleanup.manager [-] Deleting neutron.network object s_rally_9e4d8644_bmKrfL8e (48ef0f58-908c-4fa4-95ee-b3135e2fc6cb)
2019-06-05 08:07:41.920 18992 RALLYDEBUG rally_openstack.cleanup.manager [-] Deleting neutron.network object s_rally_9e4d8644_XFyDhGDI (53271433-d674-4a3c-a520-11c396711467)
2019-06-05 08:07:41.931 18992 RALLYDEBUG rally_openstack.cleanup.manager [-] Deleting neutron.network object s_rally_9e4d8644_wBiaMWEm (602fb995-d702-41a7-8be2-93d2dbba5664)
2019-06-05 08:07:42.033 18992 RALLYDEBUG rally_openstack.cleanup.manager [-] Deleting neutron.network object s_rally_9e4d8644_RaFOGoUJ (61c6e1ce-af9d-4d10-9ba8-41b37f18603c)
2019-06-05 08:07:42.285 18992 RALLYDEBUG rally_openstack.cleanup.manager [-] Deleting neutron.network object s_rally_9e4d8644_e01ppX0O (662d3896-bd6c-4eb8-96bc-57c61738dae5)
2019-06-05 08:07:42.314 18992 RALLYDEBUG rally_openstack.cleanup.manager [-] Deleting neutron.network object s_rally_9e4d8644_uxvCd6zh (6a0ca18b-98bd-441c-9353-c032188575f8)
2019-06-05 08:07:42.556 18992 RALLYDEBUG rally_openstack.cleanup.manager [-] Deleting neutron.network object s_rally_9e4d8644_OnnhLg0c (6e8b6fc8-769f-4141-9607-18bae3ab8e83)
2019-06-05 08:07:42.637 18992 RALLYDEBUG rally_openstack.cleanup.manager [-] Deleting neutron.network object s_rally_9e4d8644_RzAbAi3c (6ea9acc6-08ef-419f-bfa7-d88879ab5364)
2019-06-05 08:07:42.654 18992 RALLYDEBUG rally_openstack.cleanup.manager [-] Deleting neutron.network object s_rally_9e4d8644_lz1q6QHR (6f960678-e4ba-4c95-bc64-d9b40e966df0)
2019-06-05 08:07:42.738 18992 RALLYDEBUG rally_openstack.cleanup.manager [-] Deleting neutron.network object s_rally_9e4d8644_2Hd9I1by (7183bd71-5959-4d50-bc8a-9ff993c0b367)
2019-06-05 08:07:42.774 18992 RALLYDEBUG rally_openstack.cleanup.manager [-] Deleting neutron.network object s_rally_9e4d8644_UnsO14iK (77f4d514-b5b4-41c4-b7eb-13eb8a98a73d)
2019-06-05 08:07:42.839 18992 RALLYDEBUG rally_openstack.cleanup.manager [-] Deleting neutron.network object s_rally_9e4d8644_lx2cPVYu (79fe9d84-4b8e-469b-a504-7779a4b5a04d)
2019-06-05 08:07:42.986 18992 RALLYDEBUG rally_openstack.cleanup.manager [-] Deleting neutron.network object s_rally_9e4d8644_OmaG82eO (7e2c737f-3ae7-46d3-a16c-4386dc65d40e)
2019-06-05 08:07:43.009 18992 RALLYDEBUG rally_openstack.cleanup.manager [-] Deleting neutron.network object s_rally_9e4d8644_ePYesefP (8242e348-2785-470a-bad9-76d17ecce054)
2019-06-05 08:07:43.110 18992 RALLYDEBUG rally_openstack.cleanup.manager [-] Deleting neutron.network object s_rally_9e4d8644_6Dm83Yhb (82e916bf-4c56-4d29-bdf3-99de6823c8d1)
2019-06-05 08:07:43.121 18992 RALLYDEBUG rally_openstack.cleanup.manager [-] Deleting neutron.network object s_rally_9e4d8644_YFK59lHr (83562ec5-5a3f-4d2e-b9f7-bbdc4df983b0)
2019-06-05 08:07:43.244 18992 RALLYDEBUG rally_openstack.cleanup.manager [-] Deleting neutron.network object s_rally_9e4d8644_8X0MEWbT (898a5113-751b-41c5-892c-73b751b08e50)
2019-06-05 08:07:43.249 18992 RALLYDEBUG rally_openstack.cleanup.manager [-] Deleting neutron.network object s_rally_9e4d8644_pxi25aXI (8a863755-9e1f-40a3-8b06-5c09b1f2a9e8)
2019-06-05 08:07:43.450 18992 RALLYDEBUG rally_openstack.cleanup.manager [-] Deleting neutron.network object s_rally_9e4d8644_PTkX1FHn (8eaadd6d-3f8f-41b3-8d52-f38744aac22c)
2019-06-05 08:07:44.503 18992 RALLYDEBUG rally_openstack.cleanup.manager [-] Deleting neutron.network object s_rally_9e4d8644_srtxZKPj (973b1bab-25c3-49b8-871e-ef43ee2ca2a3)
2019-06-05 08:07:45.120 18992 RALLYDEBUG rally_openstack.cleanup.manager [-] Deleting neutron.network object s_rally_9e4d8644_8qpn6TOP (99f3099b-d653-4855-b07a-9670a4dc0ad6)
2019-06-05 08:07:45.134 18992 RALLYDEBUG rally_openstack.cleanup.manager [-] Deleting neutron.network object s_rally_9e4d8644_0NrcDBP9 (a18b39d3-99c0-4cf0-b760-b7fdc6bff63f)
2019-06-05 08:07:45.134 18992 RALLYDEBUG rally_openstack.cleanup.manager [-] Deleting neutron.network object s_rally_9e4d8644_AgOzKF05 (9e1a1fe1-26e6-42cf-8bda-8283a91b9955)
2019-06-05 08:07:45.293 18992 RALLYDEBUG rally_openstack.cleanup.manager [-] Deleting neutron.network object s_rally_9e4d8644_yJSw1JFH (a1c102b6-3441-4e30-948b-8dc6ac205894)
2019-06-05 08:07:45.652 18992 RALLYDEBUG rally_openstack.cleanup.manager [-] Deleting neutron.network object s_rally_9e4d8644_HZY9aCVh (a33d4e02-35e6-4d51-98a4-e1011cde65a8)
2019-06-05 08:07:46.041 18992 RALLYDEBUG rally_openstack.cleanup.manager [-] Deleting neutron.network object s_rally_9e4d8644_WhvtXPja (a3857b43-3b7a-4012-bbf5-8e31229d4916)
2019-06-05 08:07:46.269 18992 RALLYDEBUG rally_openstack.cleanup.manager [-] Deleting neutron.network object s_rally_9e4d8644_RhDR8XVs (a3f38ed2-6ae4-45a7-8343-f7199f1ed7cd)
2019-06-05 08:07:46.357 18992 RALLYDEBUG rally_openstack.cleanup.manager [-] Deleting neutron.network object s_rally_9e4d8644_z3VuDMKt (a66e0b00-e156-4505-abe7-aa9d1918122e)
2019-06-05 08:07:46.429 18992 RALLYDEBUG rally_openstack.cleanup.manager [-] Deleting neutron.network object s_rally_9e4d8644_PpOteOtC (ab076d9e-4cc1-418e-a591-be02512f936f)
2019-06-05 08:07:46.504 18992 RALLYDEBUG rally_openstack.cleanup.manager [-] Deleting neutron.network object s_rally_9e4d8644_4W5B88TS (ac55ff4d-17f2-45c4-bbcc-5a0b2a08176d)
2019-06-05 08:07:46.632 18992 RALLYDEBUG rally_openstack.cleanup.manager [-] Deleting neutron.network object s_rally_9e4d8644_xIQwogWp (acb6ed6a-519b-46bb-81a9-313d4d661a53)
2019-06-05 08:07:46.639 18992 RALLYDEBUG rally_openstack.cleanup.manager [-] Deleting neutron.network object s_rally_9e4d8644_bAlgghBz (b1db91f6-7689-460f-af38-7b82b54e48d0)
2019-06-05 08:07:46.930 18992 RALLYDEBUG rally_openstack.cleanup.manager [-] Deleting neutron.network object s_rally_9e4d8644_OHLrTivn (b68dd46d-c5f4-4e37-b222-49b8c1b3acc2)
2019-06-05 08:07:46.971 18992 RALLYDEBUG rally_openstack.cleanup.manager [-] Deleting neutron.network object s_rally_9e4d8644_jaiQkse5 (ba4f9cb5-27a6-4d3b-80df-7cb2b82b2acb)
2019-06-05 08:07:47.246 18992 RALLYDEBUG rally_openstack.cleanup.manager [-] Deleting neutron.network object s_rally_9e4d8644_yYOzyOez (bc3138a8-d7da-4007-8408-77d1fd9a636d)
2019-06-05 08:07:47.392 18992 RALLYDEBUG rally_openstack.cleanup.manager [-] Deleting neutron.network object s_rally_9e4d8644_v0QYBHE2 (c1e3afe1-70a8-4ef8-a0fb-55cce981f88d)
2019-06-05 08:07:47.466 18992 RALLYDEBUG rally_openstack.cleanup.manager [-] Deleting neutron.network object s_rally_9e4d8644_g5NkOdRI (cb2ad68b-6047-4f64-ab69-9e51b80a3c72)
2019-06-05 08:07:47.466 18992 RALLYDEBUG rally_openstack.cleanup.manager [-] Deleting neutron.network object s_rally_9e4d8644_Ox7wanj6 (c522f3ca-4f57-4e74-bf16-1695f6ef0282)
2019-06-05 08:07:47.649 18992 RALLYDEBUG rally_openstack.cleanup.manager [-] Deleting neutron.network object s_rally_9e4d8644_btxPx6lS (cc533308-93fd-4c01-924d-d66764e250fc)
2019-06-05 08:07:47.655 18992 RALLYDEBUG rally_openstack.cleanup.manager [-] Deleting neutron.network object s_rally_9e4d8644_VICL8bsJ (d1161f4c-b0fe-4f5d-8650-316bd62fefa1)
2019-06-05 08:07:48.177 18992 RALLYDEBUG rally_openstack.cleanup.manager [-] Deleting neutron.network object s_rally_9e4d8644_T1hhG6f4 (d21f0772-3475-4d47-a900-6213c75faf87)
2019-06-05 08:07:48.326 18992 RALLYDEBUG rally_openstack.cleanup.manager [-] Deleting neutron.network object s_rally_9e4d8644_jERzLxIg (d353f374-8c2b-4143-8cdb-73e085c905f6)
2019-06-05 08:07:48.853 18992 RALLYDEBUG rally_openstack.cleanup.manager [-] Deleting neutron.network object s_rally_9e4d8644_Lk3Zj9GC (d422294e-274a-4a9e-8dda-7ad97ccd7f95)
2019-06-05 08:07:48.866 18992 RALLYDEBUG rally_openstack.cleanup.manager [-] Deleting neutron.network object s_rally_9e4d8644_oskxTO8x (d52433e8-406a-46a8-8a72-09002efa8c7b)
2019-06-05 08:07:49.482 18992 RALLYDEBUG rally_openstack.cleanup.manager [-] Deleting neutron.network object s_rally_9e4d8644_lpEOiFiA (dff6f88a-0824-4473-a004-2dbeb948e3bb)
2019-06-05 08:07:49.522 18992 RALLYDEBUG rally_openstack.cleanup.manager [-] Deleting neutron.network object s_rally_9e4d8644_uBkvpbWH (e32a5f04-b681-43c7-8050-e59aac4d71fb)
2019-06-05 08:07:49.689 18992 RALLYDEBUG rally_openstack.cleanup.manager [-] Deleting neutron.network object s_rally_9e4d8644_RQ2oz2k6 (e4ec1816-f1fb-4b66-8be6-289cb327bdc4)
2019-06-05 08:07:50.086 18992 RALLYDEBUG rally_openstack.cleanup.manager [-] Deleting neutron.network object s_rally_9e4d8644_QKwkhuYK (e5daa57f-1ed3-4e05-9b07-22cf84066377)
2019-06-05 08:07:50.104 18992 RALLYDEBUG rally_openstack.cleanup.manager [-] Deleting neutron.network object s_rally_9e4d8644_Dw7ufzy2 (e604368c-6fd7-4216-a384-e3536bd723d7)
2019-06-05 08:07:50.152 18992 RALLYDEBUG rally_openstack.cleanup.manager [-] Deleting neutron.network object s_rally_9e4d8644_wIVEAnUC (e620d704-48f5-4d0a-ab90-09578033f57c)
2019-06-05 08:07:50.291 18992 RALLYDEBUG rally_openstack.cleanup.manager [-] Deleting neutron.network object s_rally_9e4d8644_VH4vXlNb (e6831342-e1f8-4799-bf06-27086d6e618a)
2019-06-05 08:07:50.309 18992 RALLYDEBUG rally_openstack.cleanup.manager [-] Deleting neutron.network object s_rally_9e4d8644_T29TP22t (e730ac73-dd1d-49a6-810a-a0b28e81f991)
2019-06-05 08:07:50.429 18992 RALLYDEBUG rally_openstack.cleanup.manager [-] Deleting neutron.network object s_rally_9e4d8644_VVIlRf1Q (eb98d5b1-340b-478e-aa43-3e7fa425d575)
2019-06-05 08:07:50.494 18992 RALLYDEBUG rally_openstack.cleanup.manager [-] Deleting neutron.network object s_rally_9e4d8644_fwp20zpY (effb2022-53b7-4671-b3c8-32262b73cab9)
2019-06-05 08:07:50.621 18992 RALLYDEBUG rally_openstack.cleanup.manager [-] Deleting neutron.network object s_rally_9e4d8644_bte5JNhD (f60537b6-d91f-4258-9324-e421653f0cf6)
