2019-06-05 08:12:55.953 21089 WARNING rally_openstack.scenarios.neutron.utils [-] Running this scenario without either the 'network' or 'existing_network' context is deprecated
2019-06-05 08:12:55.954 21092 INFO rally.task.runner [-] Task 15125b8c-61ed-4323-9ad8-e875beceb282 | ITER: 10 START
2019-06-05 08:12:55.954 21101 RALLYDEBUG rally.task.runner [-] Starting a worker. concurrency: 1 args: {"network_create_args": {}, "subnet_create_args": {}, "subnet_cidr_start": "1.1.0.0/30", "subnets_per_network": 2} times: 40 method_name: run timeout: 0 duration: None cls:
2019-06-05 08:12:55.956 21092 WARNING rally_openstack.scenarios.neutron.utils [-] Running this scenario without either the 'network' or 'existing_network' context is deprecated
2019-06-05 08:12:55.950 21087 INFO rally.task.runner [-] Task 15125b8c-61ed-4323-9ad8-e875beceb282 | ITER: 5 START
2019-06-05 08:12:55.954 21088 WARNING rally_openstack.scenarios.neutron.utils [-] Running this scenario without either the 'network' or 'existing_network' context is deprecated
2019-06-05 08:12:55.959 21101 INFO rally.task.runner [-] Task 15125b8c-61ed-4323-9ad8-e875beceb282 | ITER: 11 START
2019-06-05 08:12:55.960 21087 WARNING rally_openstack.scenarios.neutron.utils [-] Running this scenario without either the 'network' or 'existing_network' context is deprecated
2019-06-05 08:12:55.960 21101 WARNING rally_openstack.scenarios.neutron.utils [-] Running this scenario without either the 'network' or 'existing_network' context is deprecated
2019-06-05 08:12:55.960 21107 RALLYDEBUG rally.task.runner [-] Starting a worker. concurrency: 1 args: {"network_create_args": {}, "subnet_create_args": {}, "subnet_cidr_start": "1.1.0.0/30", "subnets_per_network": 2} times: 40 method_name: run timeout: 0 duration: None cls:
2019-06-05 08:12:55.961 21089 INFO rally.task.runner [-] Task 15125b8c-61ed-4323-9ad8-e875beceb282 | ITER: 8 START
2019-06-05 08:12:55.962 21089 WARNING rally_openstack.scenarios.neutron.utils [-] Running this scenario without either the 'network' or 'existing_network' context is deprecated
2019-06-05 08:12:55.965 21107 INFO rally.task.runner [-] Task 15125b8c-61ed-4323-9ad8-e875beceb282 | ITER: 12 START
2019-06-05 08:12:55.966 21107 WARNING rally_openstack.scenarios.neutron.utils [-] Running this scenario without either the 'network' or 'existing_network' context is deprecated
2019-06-05 08:12:55.968 21112 RALLYDEBUG rally.task.runner [-] Starting a worker. concurrency: 1 args: {"network_create_args": {}, "subnet_create_args": {}, "subnet_cidr_start": "1.1.0.0/30", "subnets_per_network": 2} times: 40 method_name: run timeout: 0 duration: None cls:
2019-06-05 08:12:55.970 21115 RALLYDEBUG rally.task.runner [-] Starting a worker. concurrency: 1 args: {"network_create_args": {}, "subnet_create_args": {}, "subnet_cidr_start": "1.1.0.0/30", "subnets_per_network": 2} times: 40 method_name: run timeout: 0 duration: None cls:
2019-06-05 08:12:55.975 21112 INFO rally.task.runner [-] Task 15125b8c-61ed-4323-9ad8-e875beceb282 | ITER: 13 START
2019-06-05 08:12:55.975 21115 INFO rally.task.runner [-] Task 15125b8c-61ed-4323-9ad8-e875beceb282 | ITER: 14 START
2019-06-05 08:12:55.976 21112 WARNING rally_openstack.scenarios.neutron.utils [-] Running this scenario without either the 'network' or 'existing_network' context is deprecated
2019-06-05 08:12:55.977 21115 WARNING rally_openstack.scenarios.neutron.utils [-] Running this scenario without either the 'network' or 'existing_network' context is deprecated
2019-06-05 08:12:55.978 21116 RALLYDEBUG rally.task.runner [-] Starting a worker. concurrency: 1 args: {"network_create_args": {}, "subnet_create_args": {}, "subnet_cidr_start": "1.1.0.0/30", "subnets_per_network": 2} times: 40 method_name: run timeout: 0 duration: None cls:
2019-06-05 08:12:55.983 21121 RALLYDEBUG rally.task.runner [-] Starting a worker. concurrency: 1 args: {"network_create_args": {}, "subnet_create_args": {}, "subnet_cidr_start": "1.1.0.0/30", "subnets_per_network": 2} times: 40 method_name: run timeout: 0 duration: None cls:
2019-06-05 08:12:55.987 21116 INFO rally.task.runner [-] Task 15125b8c-61ed-4323-9ad8-e875beceb282 | ITER: 15 START
2019-06-05 08:12:55.988 21116 WARNING rally_openstack.scenarios.neutron.utils [-] Running this scenario without either the 'network' or 'existing_network' context is deprecated
2019-06-05 08:12:55.988 21121 INFO rally.task.runner [-] Task 15125b8c-61ed-4323-9ad8-e875beceb282 | ITER: 16 START
2019-06-05 08:12:55.989 21121 WARNING rally_openstack.scenarios.neutron.utils [-] Running this scenario without either the 'network' or 'existing_network' context is deprecated
2019-06-05 08:12:55.990 21122 RALLYDEBUG rally.task.runner [-] Starting a worker. concurrency: 1 args: {"network_create_args": {}, "subnet_create_args": {}, "subnet_cidr_start": "1.1.0.0/30", "subnets_per_network": 2} times: 40 method_name: run timeout: 0 duration: None cls:
2019-06-05 08:12:55.995 21122 INFO rally.task.runner [-] Task 15125b8c-61ed-4323-9ad8-e875beceb282 | ITER: 17 START
2019-06-05 08:12:55.997 21122 WARNING rally_openstack.scenarios.neutron.utils [-] Running this scenario without either the 'network' or 'existing_network' context is deprecated
2019-06-05 08:12:56.000 21130 RALLYDEBUG rally.task.runner [-] Starting a worker. concurrency: 1 args: {"network_create_args": {}, "subnet_create_args": {}, "subnet_cidr_start": "1.1.0.0/30", "subnets_per_network": 2} times: 40 method_name: run timeout: 0 duration: None cls:
2019-06-05 08:12:56.001 21127 RALLYDEBUG rally.task.runner [-] Starting a worker. concurrency: 1 args: {"network_create_args": {}, "subnet_create_args": {}, "subnet_cidr_start": "1.1.0.0/30", "subnets_per_network": 2} times: 40 method_name: run timeout: 0 duration: None cls:
2019-06-05 08:12:56.005 21130 INFO rally.task.runner [-] Task 15125b8c-61ed-4323-9ad8-e875beceb282 | ITER: 18 START
2019-06-05 08:12:56.005 21127 INFO rally.task.runner [-] Task 15125b8c-61ed-4323-9ad8-e875beceb282 | ITER: 19 START
2019-06-05 08:12:56.007 21130 WARNING rally_openstack.scenarios.neutron.utils [-] Running this scenario without either the 'network' or 'existing_network' context is deprecated
2019-06-05 08:12:56.007 21127 WARNING rally_openstack.scenarios.neutron.utils [-] Running this scenario without either the 'network' or 'existing_network' context is deprecated
2019-06-05 08:12:58.760 21095 RALLYDEBUG rally_openstack.wrappers.network [-] CIDR generated: 1.1.4.96/30
2019-06-05 08:12:58.886 21086 RALLYDEBUG rally_openstack.wrappers.network [-] CIDR generated: 1.1.4.100/30
2019-06-05 08:12:58.913 21115 RALLYDEBUG rally_openstack.wrappers.network [-] CIDR generated: 1.1.4.104/30
2019-06-05 08:12:58.928 21087 RALLYDEBUG rally_openstack.wrappers.network [-] CIDR generated: 1.1.4.108/30
2019-06-05 08:12:58.939 21089 RALLYDEBUG rally_openstack.wrappers.network [-] CIDR generated: 1.1.4.112/30
2019-06-05 08:12:58.945 21092 RALLYDEBUG rally_openstack.wrappers.network [-] CIDR generated: 1.1.4.116/30
2019-06-05 08:12:59.071 21130 RALLYDEBUG rally_openstack.wrappers.network [-] CIDR generated: 1.1.4.120/30
2019-06-05 08:12:59.096 21116 RALLYDEBUG rally_openstack.wrappers.network [-] CIDR generated: 1.1.4.124/30
2019-06-05 08:12:59.186 21088 RALLYDEBUG rally_openstack.wrappers.network [-] CIDR generated: 1.1.4.128/30
2019-06-05 08:12:59.197 21101 RALLYDEBUG rally_openstack.wrappers.network [-] CIDR generated: 1.1.4.132/30
2019-06-05 08:12:59.340 21089 RALLYDEBUG rally_openstack.wrappers.network [-] CIDR generated: 1.1.4.136/30
2019-06-05 08:12:59.688 21112 RALLYDEBUG rally_openstack.wrappers.network [-] CIDR generated: 1.1.4.140/30
2019-06-05 08:12:59.725 21107 RALLYDEBUG rally_openstack.wrappers.network [-] CIDR generated: 1.1.4.144/30
2019-06-05 08:12:59.813 21088 RALLYDEBUG rally_openstack.wrappers.network [-] CIDR generated: 1.1.4.148/30
2019-06-05 08:12:59.844 21127 RALLYDEBUG rally_openstack.wrappers.network [-] CIDR generated: 1.1.4.152/30
2019-06-05 08:12:59.895 21121 RALLYDEBUG rally_openstack.wrappers.network [-] CIDR generated: 1.1.4.156/30
2019-06-05 08:13:00.089 21086 RALLYDEBUG rally_openstack.wrappers.network [-] CIDR generated: 1.1.4.160/30
2019-06-05 08:13:00.107 21122 RALLYDEBUG rally_openstack.wrappers.network [-] CIDR generated: 1.1.4.164/30
2019-06-05 08:13:00.130 21087 RALLYDEBUG rally_openstack.wrappers.network [-] CIDR generated: 1.1.4.168/30
2019-06-05 08:13:01.034 21089 RALLYDEBUG rally_openstack.wrappers.network [-] CIDR generated: 1.1.4.172/30
2019-06-05 08:13:01.341 21095 RALLYDEBUG rally_openstack.wrappers.network [-] CIDR generated: 1.1.4.176/30
2019-06-05 08:13:01.407 21087 RALLYDEBUG rally_openstack.wrappers.network [-] CIDR generated: 1.1.4.180/30
2019-06-05 08:13:01.520 21130 RALLYDEBUG rally_openstack.wrappers.network [-] CIDR generated: 1.1.4.184/30
2019-06-05 08:13:01.598 21101 RALLYDEBUG rally_openstack.wrappers.network [-] CIDR generated: 1.1.4.188/30
2019-06-05 08:13:01.711 21088 RALLYDEBUG rally_openstack.wrappers.network [-] CIDR generated: 1.1.4.192/30
2019-06-05 08:13:01.736 21115 RALLYDEBUG rally_openstack.wrappers.network [-] CIDR generated: 1.1.4.196/30
2019-06-05 08:13:01.819 21092 RALLYDEBUG rally_openstack.wrappers.network [-] CIDR generated: 1.1.4.200/30
2019-06-05 08:13:01.832 21089 RALLYDEBUG rally_openstack.wrappers.network [-] CIDR generated: 1.1.4.204/30
2019-06-05 08:13:01.934 21112 RALLYDEBUG rally_openstack.wrappers.network [-] CIDR generated: 1.1.4.208/30
2019-06-05 08:13:02.149 21127 RALLYDEBUG rally_openstack.wrappers.network [-] CIDR generated: 1.1.4.212/30
2019-06-05 08:13:02.202 21122 RALLYDEBUG rally_openstack.wrappers.network [-] CIDR generated: 1.1.4.216/30
2019-06-05 08:13:02.352 21088 RALLYDEBUG rally_openstack.wrappers.network [-] CIDR generated: 1.1.4.220/30
2019-06-05 08:13:02.485 21086 RALLYDEBUG rally_openstack.wrappers.network [-] CIDR generated: 1.1.4.224/30
2019-06-05 08:13:02.595 21121 RALLYDEBUG rally_openstack.wrappers.network [-] CIDR generated: 1.1.4.228/30
2019-06-05 08:13:02.891 21116 RALLYDEBUG rally_openstack.wrappers.network [-] CIDR generated: 1.1.4.232/30
2019-06-05 08:13:02.933 21086 RALLYDEBUG rally_openstack.wrappers.network [-] CIDR generated: 1.1.4.236/30
2019-06-05 08:13:05.119 21087 RALLYDEBUG rally_openstack.wrappers.network [-] CIDR generated: 1.1.4.240/30
2019-06-05 08:13:05.215 21107 RALLYDEBUG rally_openstack.wrappers.network [-] CIDR generated: 1.1.4.244/30
2019-06-05 08:13:07.028 21089 INFO rally.task.runner [-] Task 15125b8c-61ed-4323-9ad8-e875beceb282 | ITER: 8 END: OK
2019-06-05 08:13:07.032 21089 INFO rally.task.runner [-] Task 15125b8c-61ed-4323-9ad8-e875beceb282 | ITER: 20 START
2019-06-05 08:13:07.032 21089 WARNING rally_openstack.scenarios.neutron.utils [-] Running this scenario without either the 'network' or 'existing_network' context is deprecated
2019-06-05 08:13:07.961 21130 INFO rally.task.runner [-] Task 15125b8c-61ed-4323-9ad8-e875beceb282 | ITER: 18 END: OK
2019-06-05 08:13:07.965 21130 INFO rally.task.runner [-] Task 15125b8c-61ed-4323-9ad8-e875beceb282 | ITER: 21 START
2019-06-05 08:13:07.965 21130 WARNING rally_openstack.scenarios.neutron.utils [-] Running this scenario without either the 'network' or 'existing_network' context is deprecated
2019-06-05 08:13:08.376 21112 INFO rally.task.runner [-] Task 15125b8c-61ed-4323-9ad8-e875beceb282 | ITER: 13 END: OK
2019-06-05 08:13:08.381 21112 INFO rally.task.runner [-] Task 15125b8c-61ed-4323-9ad8-e875beceb282 | ITER: 22 START
2019-06-05 08:13:08.381 21112 WARNING rally_openstack.scenarios.neutron.utils [-] Running this scenario without either the 'network' or 'existing_network' context is deprecated
2019-06-05 08:13:08.487 21088 INFO rally.task.runner [-] Task 15125b8c-61ed-4323-9ad8-e875beceb282 | ITER: 4 END: OK
2019-06-05 08:13:08.490 21088 INFO rally.task.runner [-] Task 15125b8c-61ed-4323-9ad8-e875beceb282 | ITER: 23 START
2019-06-05 08:13:08.491 21088 WARNING rally_openstack.scenarios.neutron.utils [-] Running this scenario without either the 'network' or 'existing_network' context is deprecated
2019-06-05 08:13:08.678 21115 INFO rally.task.runner [-] Task 15125b8c-61ed-4323-9ad8-e875beceb282 | ITER: 14 END: OK
2019-06-05 08:13:08.683 21115 INFO rally.task.runner [-] Task 15125b8c-61ed-4323-9ad8-e875beceb282 | ITER: 24 START
2019-06-05 08:13:08.683 21115 WARNING rally_openstack.scenarios.neutron.utils [-] Running this scenario without either the 'network' or 'existing_network' context is deprecated
2019-06-05 08:13:08.730 21127 INFO rally.task.runner [-] Task 15125b8c-61ed-4323-9ad8-e875beceb282 | ITER: 19 END: OK
2019-06-05 08:13:08.734 21127 INFO rally.task.runner [-] Task 15125b8c-61ed-4323-9ad8-e875beceb282 | ITER: 25 START
2019-06-05 08:13:08.735 21127 WARNING rally_openstack.scenarios.neutron.utils [-] Running this scenario without either the 'network' or 'existing_network' context is deprecated
2019-06-05 08:13:08.823 21089 INFO rally.task.runner [-] Task 15125b8c-61ed-4323-9ad8-e875beceb282 | ITER: 6 END: OK
2019-06-05 08:13:08.827 21089 INFO rally.task.runner [-] Task 15125b8c-61ed-4323-9ad8-e875beceb282 | ITER: 26 START
2019-06-05 08:13:08.827 21089 WARNING rally_openstack.scenarios.neutron.utils [-] Running this scenario without either the 'network' or 'existing_network' context is deprecated
2019-06-05 08:13:08.835 21101 INFO rally.task.runner [-] Task 15125b8c-61ed-4323-9ad8-e875beceb282 | ITER: 11 END: OK
2019-06-05 08:13:08.840 21101 INFO rally.task.runner [-] Task 15125b8c-61ed-4323-9ad8-e875beceb282 | ITER: 27 START
2019-06-05 08:13:08.841 21101 WARNING rally_openstack.scenarios.neutron.utils [-] Running this scenario without either the 'network' or 'existing_network' context is deprecated
2019-06-05 08:13:08.948 21092 INFO rally.task.runner [-] Task 15125b8c-61ed-4323-9ad8-e875beceb282 | ITER: 10 END: OK
2019-06-05 08:13:08.952 21092 INFO rally.task.runner [-] Task 15125b8c-61ed-4323-9ad8-e875beceb282 | ITER: 28 START
2019-06-05 08:13:08.953 21092 WARNING rally_openstack.scenarios.neutron.utils [-] Running this scenario without either the 'network' or 'existing_network' context is deprecated
2019-06-05 08:13:09.011 21121 INFO rally.task.runner [-] Task 15125b8c-61ed-4323-9ad8-e875beceb282 | ITER: 16 END: OK
2019-06-05 08:13:09.015 21121 INFO rally.task.runner [-] Task 15125b8c-61ed-4323-9ad8-e875beceb282 | ITER: 29 START
2019-06-05 08:13:09.016 21121 WARNING rally_openstack.scenarios.neutron.utils [-] Running this scenario without either the 'network' or 'existing_network' context is deprecated
2019-06-05 08:13:09.212 21087 INFO rally.task.runner [-] Task 15125b8c-61ed-4323-9ad8-e875beceb282 | ITER: 5 END: OK
2019-06-05 08:13:09.217 21087 INFO rally.task.runner [-] Task 15125b8c-61ed-4323-9ad8-e875beceb282 | ITER: 30 START
2019-06-05 08:13:09.217 21087 WARNING rally_openstack.scenarios.neutron.utils [-] Running this scenario without either the 'network' or 'existing_network' context is deprecated
2019-06-05 08:13:09.222 21095 INFO rally.task.runner [-] Task 15125b8c-61ed-4323-9ad8-e875beceb282 | ITER: 9 END: OK
2019-06-05 08:13:09.226 21095 INFO rally.task.runner [-] Task 15125b8c-61ed-4323-9ad8-e875beceb282 | ITER: 31 START
2019-06-05 08:13:09.226 21095 WARNING rally_openstack.scenarios.neutron.utils [-] Running this scenario without either the 'network' or 'existing_network' context is deprecated
2019-06-05 08:13:09.286 21089 RALLYDEBUG rally_openstack.wrappers.network [-] CIDR generated: 1.1.4.248/30
2019-06-05 08:13:09.675 21116 INFO rally.task.runner [-] Task 15125b8c-61ed-4323-9ad8-e875beceb282 | ITER: 15 END: OK
2019-06-05 08:13:09.679 21116 INFO rally.task.runner [-] Task 15125b8c-61ed-4323-9ad8-e875beceb282 | ITER: 32 START
2019-06-05 08:13:09.680 21116 WARNING rally_openstack.scenarios.neutron.utils [-] Running this scenario without either the 'network' or 'existing_network' context is deprecated
2019-06-05 08:13:10.226 21088 INFO rally.task.runner [-] Task 15125b8c-61ed-4323-9ad8-e875beceb282 | ITER: 7 END: OK
2019-06-05 08:13:10.230 21088 INFO rally.task.runner [-] Task 15125b8c-61ed-4323-9ad8-e875beceb282 | ITER: 33 START
2019-06-05 08:13:10.231 21088 WARNING rally_openstack.scenarios.neutron.utils [-] Running this scenario without either the 'network' or 'existing_network' context is deprecated
2019-06-05 08:13:10.462 21086 INFO rally.task.runner [-] Task 15125b8c-61ed-4323-9ad8-e875beceb282 | ITER: 3 END: OK
2019-06-05 08:13:10.466 21086 INFO rally.task.runner [-] Task 15125b8c-61ed-4323-9ad8-e875beceb282 | ITER: 34 START
2019-06-05 08:13:10.467 21086 WARNING rally_openstack.scenarios.neutron.utils [-] Running this scenario without either the 'network' or 'existing_network' context is deprecated
2019-06-05 08:13:10.629 21130 RALLYDEBUG rally_openstack.wrappers.network [-] CIDR generated: 1.1.4.252/30
2019-06-05 08:13:10.648 21122 INFO rally.task.runner [-] Task 15125b8c-61ed-4323-9ad8-e875beceb282 | ITER: 17 END: OK
2019-06-05 08:13:10.652 21122 INFO rally.task.runner [-] Task 15125b8c-61ed-4323-9ad8-e875beceb282 | ITER: 35 START
2019-06-05 08:13:10.653 21122 WARNING rally_openstack.scenarios.neutron.utils [-] Running this scenario without either the 'network' or 'existing_network' context is deprecated
2019-06-05 08:13:10.754 21112 RALLYDEBUG rally_openstack.wrappers.network [-] CIDR generated: 1.1.5.0/30
2019-06-05 08:13:11.029 21088 RALLYDEBUG rally_openstack.wrappers.network [-] CIDR generated: 1.1.5.4/30
2019-06-05 08:13:11.268 21086 INFO rally.task.runner [-] Task 15125b8c-61ed-4323-9ad8-e875beceb282 | ITER: 1 END: OK
2019-06-05 08:13:11.272 21086 INFO rally.task.runner [-] Task 15125b8c-61ed-4323-9ad8-e875beceb282 | ITER: 36 START
2019-06-05 08:13:11.272 21086 WARNING rally_openstack.scenarios.neutron.utils [-] Running this scenario without either the 'network' or 'existing_network' context is deprecated
2019-06-05 08:13:11.396 21092 RALLYDEBUG rally_openstack.wrappers.network [-] CIDR generated: 1.1.5.8/30
2019-06-05 08:13:11.475 21115 RALLYDEBUG rally_openstack.wrappers.network [-] CIDR generated: 1.1.5.12/30
2019-06-05 08:13:11.516 21101 RALLYDEBUG rally_openstack.wrappers.network [-] CIDR generated: 1.1.5.16/30
2019-06-05 08:13:11.586 21127 RALLYDEBUG rally_openstack.wrappers.network [-] CIDR generated: 1.1.5.20/30
2019-06-05 08:13:11.689 21095 RALLYDEBUG rally_openstack.wrappers.network [-] CIDR generated: 1.1.5.24/30
2019-06-05 08:13:11.712 21087 RALLYDEBUG rally_openstack.wrappers.network [-] CIDR generated: 1.1.5.28/30
2019-06-05 08:13:11.747 21089 RALLYDEBUG rally_openstack.wrappers.network [-] CIDR generated: 1.1.5.32/30
2019-06-05 08:13:11.976 21089 RALLYDEBUG rally_openstack.wrappers.network [-] CIDR generated: 1.1.5.36/30
2019-06-05 08:13:12.101 21116 RALLYDEBUG rally_openstack.wrappers.network [-] CIDR generated: 1.1.5.40/30
2019-06-05 08:13:12.119 21121 RALLYDEBUG rally_openstack.wrappers.network [-] CIDR generated: 1.1.5.44/30
2019-06-05 08:13:12.754 21130 RALLYDEBUG rally_openstack.wrappers.network [-] CIDR generated: 1.1.5.48/30
2019-06-05 08:13:13.011 21086 RALLYDEBUG rally_openstack.wrappers.network [-] CIDR generated: 1.1.5.52/30
2019-06-05 08:13:13.517 21088 RALLYDEBUG rally_openstack.wrappers.network [-] CIDR generated: 1.1.5.56/30
2019-06-05 08:13:13.744 21122 RALLYDEBUG rally_openstack.wrappers.network [-] CIDR generated: 1.1.5.60/30
2019-06-05 08:13:13.934 21087 INFO rally.task.runner [-] Task 15125b8c-61ed-4323-9ad8-e875beceb282 | ITER: 2 END: OK
2019-06-05 08:13:13.938 21087 INFO rally.task.runner [-] Task 15125b8c-61ed-4323-9ad8-e875beceb282 | ITER: 37 START
2019-06-05 08:13:13.939 21087 WARNING rally_openstack.scenarios.neutron.utils [-] Running this scenario without either the 'network' or 'existing_network' context is deprecated
2019-06-05 08:13:14.196 21092 RALLYDEBUG rally_openstack.wrappers.network [-] CIDR generated: 1.1.5.64/30
2019-06-05 08:13:14.251 21115 RALLYDEBUG rally_openstack.wrappers.network [-] CIDR generated: 1.1.5.68/30
2019-06-05 08:13:14.299 21101 RALLYDEBUG rally_openstack.wrappers.network [-] CIDR generated: 1.1.5.72/30
2019-06-05 08:13:14.364 21088 RALLYDEBUG rally_openstack.wrappers.network [-] CIDR generated: 1.1.5.76/30
2019-06-05 08:13:14.527 21127 RALLYDEBUG rally_openstack.wrappers.network [-] CIDR generated: 1.1.5.80/30
2019-06-05 08:13:14.634 21086 RALLYDEBUG rally_openstack.wrappers.network [-] CIDR generated: 1.1.5.84/30
2019-06-05 08:13:14.669 21089 RALLYDEBUG rally_openstack.wrappers.network [-] CIDR generated: 1.1.5.88/30
2019-06-05 08:13:14.748 21116 RALLYDEBUG rally_openstack.wrappers.network [-] CIDR generated: 1.1.5.92/30
2019-06-05 08:13:14.949 21112 RALLYDEBUG rally_openstack.wrappers.network [-] CIDR generated: 1.1.5.96/30
2019-06-05 08:13:15.370 21087 RALLYDEBUG rally_openstack.wrappers.network [-] CIDR generated: 1.1.5.100/30
2019-06-05 08:13:15.472 21086 RALLYDEBUG rally_openstack.wrappers.network [-] CIDR generated: 1.1.5.104/30
2019-06-05 08:13:15.662 21107 INFO rally.task.runner [-] Task 15125b8c-61ed-4323-9ad8-e875beceb282 | ITER: 12 END: OK
2019-06-05 08:13:15.667 21107 INFO rally.task.runner [-] Task 15125b8c-61ed-4323-9ad8-e875beceb282 | ITER: 38 START
2019-06-05 08:13:15.667 21107 WARNING rally_openstack.scenarios.neutron.utils [-] Running this scenario without either the 'network' or 'existing_network' context is deprecated
2019-06-05 08:13:15.861 21088 RALLYDEBUG rally_openstack.wrappers.network [-] CIDR generated: 1.1.5.108/30
2019-06-05 08:13:15.985 21095 RALLYDEBUG rally_openstack.wrappers.network [-] CIDR generated: 1.1.5.112/30
2019-06-05 08:13:16.133 21121 RALLYDEBUG rally_openstack.wrappers.network [-] CIDR generated: 1.1.5.116/30
2019-06-05 08:13:16.263 21122 RALLYDEBUG rally_openstack.wrappers.network [-] CIDR generated: 1.1.5.120/30
2019-06-05 08:13:16.311 21087 RALLYDEBUG rally_openstack.wrappers.network [-] CIDR generated: 1.1.5.124/30
2019-06-05 08:13:17.677 21107 RALLYDEBUG rally_openstack.wrappers.network [-] CIDR generated: 1.1.5.128/30
2019-06-05 08:13:18.160 21087 RALLYDEBUG rally_openstack.wrappers.network [-] CIDR generated: 1.1.5.132/30
2019-06-05 08:13:18.536 21130 INFO rally.task.runner [-] Task 15125b8c-61ed-4323-9ad8-e875beceb282 | ITER: 21 END: OK
2019-06-05 08:13:18.540 21130 INFO rally.task.runner [-] Task 15125b8c-61ed-4323-9ad8-e875beceb282 | ITER: 39 START
2019-06-05 08:13:18.541 21130 WARNING rally_openstack.scenarios.neutron.utils [-] Running this scenario without either the 'network' or 'existing_network' context is deprecated
2019-06-05 08:13:18.592 21086 RALLYDEBUG rally_openstack.wrappers.network [-] CIDR generated: 1.1.5.136/30
2019-06-05 08:13:19.897 21107 RALLYDEBUG rally_openstack.wrappers.network [-] CIDR generated: 1.1.5.140/30
2019-06-05 08:13:20.490 21088 INFO rally.task.runner [-] Task 15125b8c-61ed-4323-9ad8-e875beceb282 | ITER: 23 END: OK
2019-06-05 08:13:20.493 21088 INFO rally.task.runner [-] Task 15125b8c-61ed-4323-9ad8-e875beceb282 | ITER: 40 START
2019-06-05 08:13:20.494 21088 WARNING rally_openstack.scenarios.neutron.utils [-] Running this scenario without either the 'network' or 'existing_network' context is deprecated
2019-06-05 08:13:20.746 21130 RALLYDEBUG rally_openstack.wrappers.network [-] CIDR generated: 1.1.5.144/30
2019-06-05 08:13:20.838 21092 INFO rally.task.runner [-] Task 15125b8c-61ed-4323-9ad8-e875beceb282 | ITER: 28 END: OK
2019-06-05 08:13:21.199 21089 INFO rally.task.runner [-] Task 15125b8c-61ed-4323-9ad8-e875beceb282 | ITER: 20 END: OK
2019-06-05 08:13:21.304 21115 INFO rally.task.runner [-] Task 15125b8c-61ed-4323-9ad8-e875beceb282 | ITER: 24 END: OK
2019-06-05 08:13:21.499 21101 INFO rally.task.runner [-] Task 15125b8c-61ed-4323-9ad8-e875beceb282 | ITER: 27 END: OK
2019-06-05 08:13:21.708 21088 INFO rally.task.runner [-] Task 15125b8c-61ed-4323-9ad8-e875beceb282 | ITER: 33 END: OK
2019-06-05 08:13:21.861 21086 INFO rally.task.runner [-] Task 15125b8c-61ed-4323-9ad8-e875beceb282 | ITER: 34 END: OK
2019-06-05 08:13:21.954 21116 INFO rally.task.runner [-] Task 15125b8c-61ed-4323-9ad8-e875beceb282 | ITER: 32 END: OK
2019-06-05 08:13:21.957 21089 INFO rally.task.runner [-] Task 15125b8c-61ed-4323-9ad8-e875beceb282 | ITER: 26 END: OK
2019-06-05 08:13:22.183 21112 INFO rally.task.runner [-] Task 15125b8c-61ed-4323-9ad8-e875beceb282 | ITER: 22 END: OK
2019-06-05 08:13:22.469 21095 INFO rally.task.runner [-] Task 15125b8c-61ed-4323-9ad8-e875beceb282 | ITER: 31 END: OK
2019-06-05 08:13:22.657 21088 RALLYDEBUG rally_openstack.wrappers.network [-] CIDR generated: 1.1.5.148/30
2019-06-05 08:13:22.765 21130 RALLYDEBUG rally_openstack.wrappers.network [-] CIDR generated: 1.1.5.152/30
2019-06-05 08:13:22.780 21087 INFO rally.task.runner [-] Task 15125b8c-61ed-4323-9ad8-e875beceb282 | ITER: 30 END: OK
2019-06-05 08:13:22.818 21127 INFO rally.task.runner [-] Task 15125b8c-61ed-4323-9ad8-e875beceb282 | ITER: 25 END: OK
2019-06-05 08:13:22.953 21122 INFO rally.task.runner [-] Task 15125b8c-61ed-4323-9ad8-e875beceb282 | ITER: 35 END: OK
2019-06-05 08:13:24.411 21121 INFO rally.task.runner [-] Task 15125b8c-61ed-4323-9ad8-e875beceb282 | ITER: 29 END: OK
2019-06-05 08:13:24.712 21088 RALLYDEBUG rally_openstack.wrappers.network [-] CIDR generated: 1.1.5.156/30
2019-06-05 08:13:24.782 21087 INFO rally.task.runner [-] Task 15125b8c-61ed-4323-9ad8-e875beceb282 | ITER: 37 END: OK
2019-06-05 08:13:25.540 21107 INFO rally.task.runner [-] Task 15125b8c-61ed-4323-9ad8-e875beceb282 | ITER: 38 END: OK
2019-06-05 08:13:25.646 21086 INFO rally.task.runner [-] Task 15125b8c-61ed-4323-9ad8-e875beceb282 | ITER: 36 END: OK
2019-06-05 08:13:28.308 21130 INFO rally.task.runner [-] Task 15125b8c-61ed-4323-9ad8-e875beceb282 | ITER: 39 END: OK
2019-06-05 08:13:29.548 21088 INFO rally.task.runner [-] Task 15125b8c-61ed-4323-9ad8-e875beceb282 | ITER: 40 END: OK
2019-06-05 08:13:29.567 18992 INFO rally.task.context [-] Task 15125b8c-61ed-4323-9ad8-e875beceb282 | Context cleanup@openstack cleanup() started
2019-06-05 08:13:29.569 18992 RALLYDEBUG rally_openstack.cleanup.manager [-] Cleaning up neutron vip objects
2019-06-05 08:13:30.320 18992 RALLYDEBUG rally_openstack.cleanup.manager [-] Cleaning up neutron health_monitor objects
2019-06-05 08:13:31.073 18992 RALLYDEBUG rally_openstack.cleanup.manager [-] Cleaning up neutron pool objects
2019-06-05 08:13:31.843 18992 RALLYDEBUG rally_openstack.cleanup.manager [-] Cleaning up neutron loadbalancer objects
2019-06-05 08:13:32.503 18992 RALLYDEBUG rally_openstack.cleanup.manager [-] Cleaning up neutron floatingip objects
2019-06-05 08:13:33.199 18992 RALLYDEBUG rally_openstack.cleanup.manager [-] Cleaning up neutron port objects
2019-06-05 08:13:34.174 18992 RALLYDEBUG rally_openstack.cleanup.manager [-] Cleaning up neutron subnet objects
2019-06-05 08:13:34.878 18992 RALLYDEBUG rally_openstack.cleanup.manager [-] Cleaning up neutron network objects
2019-06-05 08:13:35.779 18992 RALLYDEBUG rally_openstack.cleanup.manager [-] Deleting neutron.network object s_rally_1d67bac1_5J7J75Ko (000eeb91-e970-4160-9231-e350d19a9bfe)
2019-06-05 08:13:35.787 18992 RALLYDEBUG rally_openstack.cleanup.manager [-] Deleting neutron.network object s_rally_1d67bac1_vaLHu7OI (0cd43576-5c0a-4b89-a99c-3662f330e1a8)
2019-06-05 08:13:35.792 18992 RALLYDEBUG rally_openstack.cleanup.manager [-] Deleting neutron.network object s_rally_1d67bac1_Ja4b2Eof (1496d194-c7ee-4c67-a349-b37c917f9ac7)
2019-06-05 08:13:35.795 18992 RALLYDEBUG rally_openstack.cleanup.manager [-] Deleting neutron.network object s_rally_1d67bac1_2cBJdK3V (0d29c27f-3bbf-4933-98e3-c57ab1b1c22c)
2019-06-05 08:13:35.803 18992 RALLYDEBUG rally_openstack.cleanup.manager [-] Deleting neutron.network object s_rally_1d67bac1_eiYZjdup (166c19a6-cdde-42b3-8498-d0969922709a)
2019-06-05 08:13:35.804 18992 RALLYDEBUG rally_openstack.cleanup.manager [-] Deleting neutron.network object s_rally_1d67bac1_A2zojvI1 (1a979f3a-4b89-4927-8c83-972432e43a0e)
2019-06-05 08:13:35.817 18992 RALLYDEBUG rally_openstack.cleanup.manager [-] Deleting neutron.network object s_rally_1d67bac1_298PBUGl (1ea00df8-c634-424e-aaab-ce7b15366403)
2019-06-05 08:13:35.828 18992 RALLYDEBUG rally_openstack.cleanup.manager [-] Deleting neutron.network object s_rally_1d67bac1_Vqrw8G93 (20080024-20a6-404b-84c4-83618b588f7a)
2019-06-05 08:13:35.845 18992 RALLYDEBUG rally_openstack.cleanup.manager [-] Deleting neutron.network object s_rally_1d67bac1_cBYT8PiO (21759ff6-cea0-4c1e-8426-428034f42077)
2019-06-05 08:13:35.855 18992 RALLYDEBUG rally_openstack.cleanup.manager [-] Deleting neutron.network object s_rally_1d67bac1_8ClhAJ9T (25bb9f1b-6414-448a-9cb0-819e33ea7392)
2019-06-05 08:13:35.879 18992 RALLYDEBUG rally_openstack.cleanup.manager [-] Deleting neutron.network object s_rally_1d67bac1_tsqiCchE (31ca35b5-9a33-4715-978d-b202d5243c07)
2019-06-05 08:13:35.889 18992 RALLYDEBUG rally_openstack.cleanup.manager [-] Deleting neutron.network object s_rally_1d67bac1_OdSGoaAk (2f0f2504-1054-4973-8c36-d8ee6b11fe4d)
2019-06-05 08:13:35.899 18992 RALLYDEBUG rally_openstack.cleanup.manager [-] Deleting neutron.network object s_rally_1d67bac1_BficRHzi (3ff1609b-a89b-4e54-aec3-1f92909b54dd)
2019-06-05 08:13:35.913 18992 RALLYDEBUG rally_openstack.cleanup.manager [-] Deleting neutron.network object s_rally_1d67bac1_rTXOrWQz (42f4c9ba-5850-4be4-b8aa-599f1883774a)
2019-06-05 08:13:35.921 18992 RALLYDEBUG rally_openstack.cleanup.manager [-] Deleting neutron.network object s_rally_1d67bac1_BMfmXjCI (492b14a8-1e45-4e17-8e90-4df776d5ee49)
2019-06-05 08:13:35.941 18992 RALLYDEBUG rally_openstack.cleanup.manager [-] Deleting neutron.network object s_rally_1d67bac1_ubPbDxSX (4a37e230-fba6-46e1-a122-313779d39045)
2019-06-05 08:13:35.951 18992 RALLYDEBUG rally_openstack.cleanup.manager [-] Deleting neutron.network object s_rally_1d67bac1_QTEjBVkz (4e8b49cf-99cf-4afd-9f17-aeba8d329d86)
2019-06-05 08:13:35.968 18992 RALLYDEBUG rally_openstack.cleanup.manager [-] Deleting neutron.network object s_rally_1d67bac1_ko5XPm9L (73a5fb0e-db81-4141-b8bb-056939c102db)
2019-06-05 08:13:35.972 18992 RALLYDEBUG rally_openstack.cleanup.manager [-] Deleting neutron.network object s_rally_1d67bac1_ewLDDh8s (53dc7b34-e713-4aca-8202-8fd37e43a91f)
2019-06-05 08:13:35.981 18992 RALLYDEBUG rally_openstack.cleanup.manager [-] Deleting neutron.network object s_rally_1d67bac1_j8XwW2HT (73cb262b-34d9-4b8a-80a1-da7cdd8b1736)
2019-06-05 08:13:39.219 18992 RALLYDEBUG rally_openstack.cleanup.manager [-] Deleting neutron.network object s_rally_1d67bac1_0NSfTYPv (73dbb8db-9a17-405c-8635-af79bfb2916c)
2019-06-05 08:13:39.396 18992 RALLYDEBUG rally_openstack.cleanup.manager [-] Deleting neutron.network object s_rally_1d67bac1_cNQZ0aqQ (7b5e8780-4994-4913-9e0a-cc10b08ef1b2)
2019-06-05 08:13:39.409 18992 RALLYDEBUG rally_openstack.cleanup.manager [-] Deleting neutron.network object s_rally_1d67bac1_y1zPf1qj (7ccfb5b5-6e24-4dff-800d-230036a611f9)
2019-06-05 08:13:39.566 18992 RALLYDEBUG rally_openstack.cleanup.manager [-] Deleting neutron.network object s_rally_1d67bac1_39yealva (8fd4b932-4fbf-4aee-8657-449fed77f7ac)
2019-06-05 08:13:39.618 18992 RALLYDEBUG rally_openstack.cleanup.manager [-] Deleting neutron.network object s_rally_1d67bac1_AyjnSnaA (944384d6-2b09-4279-b17a-16e5c052c2a3)
2019-06-05 08:13:39.624 18992 RALLYDEBUG rally_openstack.cleanup.manager [-] Deleting neutron.network object s_rally_1d67bac1_KANWtaS3 (95d7865d-03a1-4d08-a9a0-bdc6d289561b)
2019-06-05 08:13:39.650 18992 RALLYDEBUG rally_openstack.cleanup.manager [-] Deleting neutron.network object s_rally_1d67bac1_Lst8F2cF (9a2d64b6-4724-41d6-a906-79bba1554178)
2019-06-05 08:13:40.187 18992 RALLYDEBUG rally_openstack.cleanup.manager [-] Deleting neutron.network object s_rally_1d67bac1_aVhysPGP (9f11843c-692d-42d8-85bc-19947327ce67)
2019-06-05 08:13:40.475 18992 RALLYDEBUG rally_openstack.cleanup.manager [-] Deleting neutron.network object s_rally_1d67bac1_YcFrkmNX (a58d773f-28b9-4320-a289-b31a6a58c98b)
2019-06-05 08:13:40.588 18992 RALLYDEBUG rally_openstack.cleanup.manager [-] Deleting neutron.network object s_rally_1d67bac1_LRWT2jhD (a6e176e2-175d-44ea-a8d9-986048bda89d)
2019-06-05 08:13:40.732 18992 RALLYDEBUG rally_openstack.cleanup.manager [-] Deleting neutron.network object s_rally_1d67bac1_ilMpAMx9 (a6f7873c-afca-466f-b93d-81ddbc6a9f02)
2019-06-05 08:13:41.637 18992 RALLYDEBUG rally_openstack.cleanup.manager [-] Deleting neutron.network object s_rally_1d67bac1_EBSK9MP0 (a9b75cf1-0868-4d42-bc68-23dff5f64d6a)
2019-06-05 08:13:41.652 18992 RALLYDEBUG rally_openstack.cleanup.manager [-] Deleting neutron.network object s_rally_1d67bac1_9LhKfnpZ (af9c6238-6b31-4f80-b1f9-620421430d93)
2019-06-05 08:13:41.687 18992 RALLYDEBUG rally_openstack.cleanup.manager [-] Deleting neutron.network object s_rally_1d67bac1_xDVWz9BS (afa6f99c-6a9c-4422-b04c-22ecc58ce154)
2019-06-05 08:13:41.695 18992 RALLYDEBUG rally_openstack.cleanup.manager [-] Deleting neutron.network object s_rally_1d67bac1_ixYzr6CQ (be60622f-a641-4ccd-b9b7-d92f374b1632)
2019-06-05 08:13:41.716 18992 RALLYDEBUG rally_openstack.cleanup.manager [-] Deleting neutron.network object s_rally_1d67bac1_mvDuW6l9 (c4b4cf0b-bf5b-4526-8860-f1df067a3c6a)
2019-06-05 08:13:41.794 18992 RALLYDEBUG rally_openstack.cleanup.manager [-] Deleting neutron.network object s_rally_1d67bac1_mQYjxaZ2 (c7fd88ca-ec57-4482-8d54-d9ef52126f5b)
2019-06-05 08:13:41.987 18992 RALLYDEBUG rally_openstack.cleanup.manager [-] Deleting neutron.network object s_rally_1d67bac1_3IjmQeMN (ce099d9d-23e8-4493-af49-465f0022e60c)
2019-06-05 08:13:42.022 18992 RALLYDEBUG rally_openstack.cleanup.manager [-] Deleting neutron.network object s_rally_1d67bac1_a8Zld9GF (dba534a8-faf0-4f16-9a6b-46de4a9c72d9)
2019-06-05 08:13:42.135 18992 RALLYDEBUG rally_openstack.cleanup.manager [-] Deleting neutron.network object s_rally_1d67bac1_TmgMLH9m (dbe69591-728f-45af-bceb-040aaf8955aa)
2019-06-05 08:13:46.460 18992 RALLYDEBUG rally_openstack.cleanup.manager [-] Cleaning up neutron router objects
2019-06-05 08:13:47.252 18992 RALLYDEBUG rally_openstack.cleanup.manager [-] Cleaning up neutron security_group objects
2019-06-05 08:13:47.938 18992 INFO rally.task.context [-] Task 15125b8c-61ed-4323-9ad8-e875beceb282 | Context cleanup@openstack cleanup() finished in 18.37 sec
2019-06-05 08:13:47.938 18992 INFO rally.task.context [-] Task 15125b8c-61ed-4323-9ad8-e875beceb282 | Context quotas@openstack cleanup() started
2019-06-05 08:13:48.243 18992 INFO rally.task.context [-] Task 15125b8c-61ed-4323-9ad8-e875beceb282 | Context quotas@openstack cleanup() finished in 0.30 sec
2019-06-05 08:13:48.243 18992 INFO rally.task.context [-] Task 15125b8c-61ed-4323-9ad8-e875beceb282 | Context users@openstack cleanup() started
2019-06-05 08:13:53.484 18992 INFO rally.task.context [-] Task 15125b8c-61ed-4323-9ad8-e875beceb282 | Context users@openstack cleanup() finished in 5.24 sec
2019-06-05 08:13:54.251 18992 INFO rally.task.engine [-] Load duration is: 33.604555
2019-06-05 08:13:54.251 18992 INFO rally.task.engine [-] Full runner duration is: 33.645316
2019-06-05 08:13:54.252 18992 INFO rally.task.engine [-] Full duration is: 63.52233
2019-06-05 08:13:54.543 18992 INFO rally.task.engine [-] Running workload: position = 0 config = { "version": 2, "title": "A cropped version of a bigger task.", "description": "Auto-generated task from a single workload (uuid=df4853ac-56cf-48e1-b797-0d57270d524d)", "subtasks": [ { "title": "NeutronNetworks.create_and_list_routers", "description": "Create and a given number of routers and list all routers.", "scenario": { "NeutronNetworks.create_and_list_routers": { "network_create_args": null, "subnet_create_args": null, "subnet_cidr_start": "1.1.0.0/30", "subnets_per_network": 2, "router_create_args": null } }, "contexts": { "users": { "tenants": 1, "users_per_tenant": 1 }, "quotas": { "neutron": { "network": -1, "subnet": -1, "router": -1 } } }, "runner": { "constant": { "times": 40, "concurrency": 20 } }, "hooks": [], "sla": { "failure_rate": { "max": 0 } } } ] }
2019-06-05 08:13:54.567 18992 RALLYDEBUG rally_openstack.contexts.keystone.users [-] Creating 1 tenants using 20 threads
2019-06-05 08:13:56.343 18992 RALLYDEBUG rally_openstack.contexts.keystone.users [-] Creating 1 users using 20 threads
2019-06-05 08:13:59.234 18992 INFO rally.task.context [-] Task 15125b8c-61ed-4323-9ad8-e875beceb282 | Context users@openstack setup() finished in 4.67 sec
2019-06-05 08:14:00.086 18992 INFO rally.task.context [-] Task 15125b8c-61ed-4323-9ad8-e875beceb282 | Context quotas@openstack setup() finished in 0.85 sec
2019-06-05 08:14:00.087 18992 INFO rally.task.context [-] Task 15125b8c-61ed-4323-9ad8-e875beceb282 | Context cleanup@openstack setup() finished in 0.01 msec
2019-06-05 08:14:00.094 18992 RALLYDEBUG rally.task.runner [-] Starting the constant runner (task UUID: 15125b8c-61ed-4323-9ad8-e875beceb282). timeout: 0 concurrency: 20 concurrency_per_worker: 1 times: 40 concurrency_overhead: 4 processes_to_start: 16 max_cpu_used: 16
2019-06-05 08:14:00.106 21454 RALLYDEBUG rally.task.runner [-] Starting a worker. concurrency: 2 args: {"network_create_args": null, "subnet_create_args": null, "subnet_cidr_start": "1.1.0.0/30", "subnets_per_network": 2, "router_create_args": null} times: 40 method_name: run timeout: 0 duration: None cls:
2019-06-05 08:14:00.108 21455 RALLYDEBUG rally.task.runner [-] Starting a worker. concurrency: 2 args: {"network_create_args": null, "subnet_create_args": null, "subnet_cidr_start": "1.1.0.0/30", "subnets_per_network": 2, "router_create_args": null} times: 40 method_name: run timeout: 0 duration: None cls:
2019-06-05 08:14:00.112 21456 RALLYDEBUG rally.task.runner [-] Starting a worker. concurrency: 2 args: {"network_create_args": null, "subnet_create_args": null, "subnet_cidr_start": "1.1.0.0/30", "subnets_per_network": 2, "router_create_args": null} times: 40 method_name: run timeout: 0 duration: None cls:
2019-06-05 08:14:00.114 21455 INFO rally.task.runner [-] Task 15125b8c-61ed-4323-9ad8-e875beceb282 | ITER: 2 START
2019-06-05 08:14:00.112 21454 INFO rally.task.runner [-] Task 15125b8c-61ed-4323-9ad8-e875beceb282 | ITER: 1 START
2019-06-05 08:14:00.116 21457 RALLYDEBUG rally.task.runner [-] Starting a worker. concurrency: 2 args: {"network_create_args": null, "subnet_create_args": null, "subnet_cidr_start": "1.1.0.0/30", "subnets_per_network": 2, "router_create_args": null} times: 40 method_name: run timeout: 0 duration: None cls:
2019-06-05 08:14:00.122 21456 INFO rally.task.runner [-] Task 15125b8c-61ed-4323-9ad8-e875beceb282 | ITER: 5 START
2019-06-05 08:14:00.123 21461 RALLYDEBUG rally.task.runner [-] Starting a worker. concurrency: 1 args: {"network_create_args": null, "subnet_create_args": null, "subnet_cidr_start": "1.1.0.0/30", "subnets_per_network": 2, "router_create_args": null} times: 40 method_name: run timeout: 0 duration: None cls:
2019-06-05 08:14:00.125 21467 RALLYDEBUG rally.task.runner [-] Starting a worker. concurrency: 1 args: {"network_create_args": null, "subnet_create_args": null, "subnet_cidr_start": "1.1.0.0/30", "subnets_per_network": 2, "router_create_args": null} times: 40 method_name: run timeout: 0 duration: None cls:
2019-06-05 08:14:00.126 21457 INFO rally.task.runner [-] Task 15125b8c-61ed-4323-9ad8-e875beceb282 | ITER: 7 START
2019-06-05 08:14:00.127 21457 INFO rally.task.runner [-] Task 15125b8c-61ed-4323-9ad8-e875beceb282 | ITER: 8 START
2019-06-05 08:14:00.128 21461 INFO rally.task.runner [-] Task 15125b8c-61ed-4323-9ad8-e875beceb282 | ITER: 9 START
2019-06-05 08:14:00.116 21454 INFO rally.task.runner [-] Task 15125b8c-61ed-4323-9ad8-e875beceb282 | ITER: 3 START
2019-06-05 08:14:00.131 21455 INFO rally.task.runner [-] Task 15125b8c-61ed-4323-9ad8-e875beceb282 | ITER: 4 START
2019-06-05 08:14:00.132 21467 INFO rally.task.runner [-] Task 15125b8c-61ed-4323-9ad8-e875beceb282 | ITER: 10 START
2019-06-05 08:14:00.133 21472 RALLYDEBUG rally.task.runner [-] Starting a worker. concurrency: 1 args: {"network_create_args": null, "subnet_create_args": null, "subnet_cidr_start": "1.1.0.0/30", "subnets_per_network": 2, "router_create_args": null} times: 40 method_name: run timeout: 0 duration: None cls:
2019-06-05 08:14:00.137 21456 INFO rally.task.runner [-] Task 15125b8c-61ed-4323-9ad8-e875beceb282 | ITER: 6 START
2019-06-05 08:14:00.139 21472 INFO rally.task.runner [-] Task 15125b8c-61ed-4323-9ad8-e875beceb282 | ITER: 11 START
2019-06-05 08:14:00.139 21477 RALLYDEBUG rally.task.runner [-] Starting a worker. concurrency: 1 args: {"network_create_args": null, "subnet_create_args": null, "subnet_cidr_start": "1.1.0.0/30", "subnets_per_network": 2, "router_create_args": null} times: 40 method_name: run timeout: 0 duration: None cls:
2019-06-05 08:14:00.143 21477 INFO rally.task.runner [-] Task 15125b8c-61ed-4323-9ad8-e875beceb282 | ITER: 12 START
2019-06-05 08:14:00.143 21478 RALLYDEBUG rally.task.runner [-] Starting a worker. concurrency: 1 args: {"network_create_args": null, "subnet_create_args": null, "subnet_cidr_start": "1.1.0.0/30", "subnets_per_network": 2, "router_create_args": null} times: 40 method_name: run timeout: 0 duration: None cls:
2019-06-05 08:14:00.150 21478 INFO rally.task.runner [-] Task 15125b8c-61ed-4323-9ad8-e875beceb282 | ITER: 13 START
2019-06-05 08:14:00.155 21483 RALLYDEBUG rally.task.runner [-] Starting a worker. concurrency: 1 args: {"network_create_args": null, "subnet_create_args": null, "subnet_cidr_start": "1.1.0.0/30", "subnets_per_network": 2, "router_create_args": null} times: 40 method_name: run timeout: 0 duration: None cls:
2019-06-05 08:14:00.160 21483 INFO rally.task.runner [-] Task 15125b8c-61ed-4323-9ad8-e875beceb282 | ITER: 14 START
2019-06-05 08:14:00.169 21486 RALLYDEBUG rally.task.runner [-] Starting a worker. concurrency: 1 args: {"network_create_args": null, "subnet_create_args": null, "subnet_cidr_start": "1.1.0.0/30", "subnets_per_network": 2, "router_create_args": null} times: 40 method_name: run timeout: 0 duration: None cls:
2019-06-05 08:14:00.169 21489 RALLYDEBUG rally.task.runner [-] Starting a worker. concurrency: 1 args: {"network_create_args": null, "subnet_create_args": null, "subnet_cidr_start": "1.1.0.0/30", "subnets_per_network": 2, "router_create_args": null} times: 40 method_name: run timeout: 0 duration: None cls:
2019-06-05 08:14:00.175 21489 INFO rally.task.runner [-] Task 15125b8c-61ed-4323-9ad8-e875beceb282 | ITER: 16 START
2019-06-05 08:14:00.176 21486 INFO rally.task.runner [-] Task 15125b8c-61ed-4323-9ad8-e875beceb282 | ITER: 15 START
2019-06-05 08:14:00.177 21490 RALLYDEBUG rally.task.runner [-] Starting a worker. concurrency: 1 args: {"network_create_args": null, "subnet_create_args": null, "subnet_cidr_start": "1.1.0.0/30", "subnets_per_network": 2, "router_create_args": null} times: 40 method_name: run timeout: 0 duration: None cls:
2019-06-05 08:14:00.182 21490 INFO rally.task.runner [-] Task 15125b8c-61ed-4323-9ad8-e875beceb282 | ITER: 17 START
2019-06-05 08:14:00.183 21495 RALLYDEBUG rally.task.runner [-] Starting a worker. concurrency: 1 args: {"network_create_args": null, "subnet_create_args": null, "subnet_cidr_start": "1.1.0.0/30", "subnets_per_network": 2, "router_create_args": null} times: 40 method_name: run timeout: 0 duration: None cls:
2019-06-05 08:14:00.188 21495 INFO rally.task.runner [-] Task 15125b8c-61ed-4323-9ad8-e875beceb282 | ITER: 18 START
2019-06-05 08:14:00.188 21498 RALLYDEBUG rally.task.runner [-] Starting a worker. concurrency: 1 args: {"network_create_args": null, "subnet_create_args": null, "subnet_cidr_start": "1.1.0.0/30", "subnets_per_network": 2, "router_create_args": null} times: 40 method_name: run timeout: 0 duration: None cls:
2019-06-05 08:14:00.191 21498 INFO rally.task.runner [-] Task 15125b8c-61ed-4323-9ad8-e875beceb282 | ITER: 19 START
2019-06-05 08:14:00.193 21501 RALLYDEBUG rally.task.runner [-] Starting a worker. concurrency: 1 args: {"network_create_args": null, "subnet_create_args": null, "subnet_cidr_start": "1.1.0.0/30", "subnets_per_network": 2, "router_create_args": null} times: 40 method_name: run timeout: 0 duration: None cls:
2019-06-05 08:14:00.197 21501 INFO rally.task.runner [-] Task 15125b8c-61ed-4323-9ad8-e875beceb282 | ITER: 20 START
2019-06-05 08:14:02.874 21489 RALLYDEBUG rally_openstack.wrappers.network [-] CIDR generated: 1.1.5.160/30
2019-06-05 08:14:02.910 21490 RALLYDEBUG rally_openstack.wrappers.network [-] CIDR generated: 1.1.5.164/30
2019-06-05 08:14:02.972 21472 RALLYDEBUG rally_openstack.wrappers.network [-] CIDR generated: 1.1.5.168/30
2019-06-05 08:14:03.048 21456 RALLYDEBUG rally_openstack.wrappers.network [-] CIDR generated: 1.1.5.172/30
2019-06-05 08:14:03.127 21457 RALLYDEBUG rally_openstack.wrappers.network [-] CIDR generated: 1.1.5.176/30
2019-06-05 08:14:03.221 21478 RALLYDEBUG rally_openstack.wrappers.network [-] CIDR generated: 1.1.5.180/30
2019-06-05 08:14:03.258 21495 RALLYDEBUG rally_openstack.wrappers.network [-] CIDR generated: 1.1.5.184/30
2019-06-05 08:14:03.306 21455 RALLYDEBUG rally_openstack.wrappers.network [-] CIDR generated: 1.1.5.188/30
2019-06-05 08:14:03.408 21461 RALLYDEBUG rally_openstack.wrappers.network [-] CIDR generated: 1.1.5.192/30
2019-06-05 08:14:03.856 21467 RALLYDEBUG rally_openstack.wrappers.network [-] CIDR generated: 1.1.5.196/30
2019-06-05 08:14:03.900 21456 RALLYDEBUG rally_openstack.wrappers.network [-] CIDR generated: 1.1.5.200/30
2019-06-05 08:14:03.948 21455 RALLYDEBUG rally_openstack.wrappers.network [-] CIDR generated: 1.1.5.204/30
2019-06-05 08:14:03.967 21457 RALLYDEBUG rally_openstack.wrappers.network [-] CIDR generated: 1.1.5.208/30
2019-06-05 08:14:04.120 21498 RALLYDEBUG rally_openstack.wrappers.network [-] CIDR generated: 1.1.5.212/30
2019-06-05 08:14:04.131 21477 RALLYDEBUG rally_openstack.wrappers.network [-] CIDR generated: 1.1.5.216/30
2019-06-05 08:14:04.703 21454 RALLYDEBUG rally_openstack.wrappers.network [-] CIDR generated: 1.1.5.220/30
2019-06-05 08:14:04.742 21454 RALLYDEBUG rally_openstack.wrappers.network [-] CIDR generated: 1.1.5.224/30
2019-06-05 08:14:04.858 21486 RALLYDEBUG rally_openstack.wrappers.network [-] CIDR generated: 1.1.5.228/30
2019-06-05 08:14:04.861 21456 RALLYDEBUG rally_openstack.wrappers.network [-] CIDR generated: 1.1.5.232/30
2019-06-05 08:14:04.949 21483 RALLYDEBUG rally_openstack.wrappers.network [-] CIDR generated: 1.1.5.236/30
2019-06-05 08:14:05.200 21501 RALLYDEBUG rally_openstack.wrappers.network [-] CIDR generated: 1.1.5.240/30
2019-06-05 08:14:05.293 21490 RALLYDEBUG rally_openstack.wrappers.network [-] CIDR generated: 1.1.5.244/30
2019-06-05 08:14:05.317 21455 RALLYDEBUG rally_openstack.wrappers.network [-] CIDR generated: 1.1.5.248/30
2019-06-05 08:14:05.622 21495 RALLYDEBUG rally_openstack.wrappers.network [-] CIDR generated: 1.1.5.252/30
2019-06-05 08:14:05.699 21489 RALLYDEBUG rally_openstack.wrappers.network [-] CIDR generated: 1.1.6.0/30
2019-06-05 08:14:05.831 21467 RALLYDEBUG rally_openstack.wrappers.network [-] CIDR generated: 1.1.6.4/30
2019-06-05 08:14:06.023 21461 RALLYDEBUG rally_openstack.wrappers.network [-] CIDR generated: 1.1.6.8/30
2019-06-05 08:14:06.089 21457 RALLYDEBUG rally_openstack.wrappers.network [-] CIDR generated: 1.1.6.12/30
2019-06-05 08:14:06.634 21472 RALLYDEBUG rally_openstack.wrappers.network [-] CIDR generated: 1.1.6.16/30
2019-06-05 08:14:06.701 21455 RALLYDEBUG rally_openstack.wrappers.network [-] CIDR generated: 1.1.6.20/30
2019-06-05 08:14:07.580 21477 RALLYDEBUG rally_openstack.wrappers.network [-] CIDR generated: 1.1.6.24/30
2019-06-05 08:14:07.780 21454 RALLYDEBUG rally_openstack.wrappers.network [-] CIDR generated: 1.1.6.28/30
2019-06-05 08:14:08.073 21457 RALLYDEBUG rally_openstack.wrappers.network [-] CIDR generated: 1.1.6.32/30
2019-06-05 08:14:08.136 21478 RALLYDEBUG rally_openstack.wrappers.network [-] CIDR generated: 1.1.6.36/30
2019-06-05 08:14:08.288 21486 RALLYDEBUG rally_openstack.wrappers.network [-] CIDR generated: 1.1.6.40/30
2019-06-05 08:14:08.335 21498 RALLYDEBUG rally_openstack.wrappers.network [-] CIDR generated: 1.1.6.44/30
2019-06-05 08:14:08.376 21456 RALLYDEBUG rally_openstack.wrappers.network [-] CIDR generated: 1.1.6.48/30
2019-06-05 08:14:08.586 21454 RALLYDEBUG rally_openstack.wrappers.network [-] CIDR generated: 1.1.6.52/30
2019-06-05 08:14:08.837 21483 RALLYDEBUG rally_openstack.wrappers.network [-] CIDR generated: 1.1.6.56/30
2019-06-05 08:14:09.096 21501 RALLYDEBUG rally_openstack.wrappers.network [-] CIDR generated: 1.1.6.60/30
2019-06-05 08:14:17.348 21456 INFO rally.task.runner [-] Task 15125b8c-61ed-4323-9ad8-e875beceb282 | ITER: 6 END: OK
2019-06-05 08:14:17.351 21456 INFO rally.task.runner [-] Task 15125b8c-61ed-4323-9ad8-e875beceb282 | ITER: 21 START
2019-06-05 08:14:18.506 21455 INFO rally.task.runner [-] Task 15125b8c-61ed-4323-9ad8-e875beceb282 | ITER: 2 END: OK
2019-06-05 08:14:18.511 21455 INFO rally.task.runner [-] Task 15125b8c-61ed-4323-9ad8-e875beceb282 | ITER: 22 START
2019-06-05 08:14:18.985 21467 INFO rally.task.runner [-] Task 15125b8c-61ed-4323-9ad8-e875beceb282 | ITER: 10 END: OK
2019-06-05 08:14:18.990 21467 INFO rally.task.runner [-] Task 15125b8c-61ed-4323-9ad8-e875beceb282 | ITER: 23 START
2019-06-05 08:14:19.127 21461 INFO rally.task.runner [-] Task 15125b8c-61ed-4323-9ad8-e875beceb282 | ITER: 9 END: OK
2019-06-05 08:14:19.132 21461 INFO rally.task.runner [-] Task 15125b8c-61ed-4323-9ad8-e875beceb282 | ITER: 24 START
2019-06-05 08:14:19.363 21455 INFO rally.task.runner [-] Task 15125b8c-61ed-4323-9ad8-e875beceb282 | ITER: 4 END: OK
2019-06-05 08:14:19.366 21455 INFO rally.task.runner [-] Task 15125b8c-61ed-4323-9ad8-e875beceb282 | ITER: 25 START
2019-06-05 08:14:19.433 21489 INFO rally.task.runner [-] Task 15125b8c-61ed-4323-9ad8-e875beceb282 | ITER: 16 END: OK
2019-06-05 08:14:19.437 21489 INFO rally.task.runner [-] Task 15125b8c-61ed-4323-9ad8-e875beceb282 | ITER: 26 START
2019-06-05 08:14:19.480 21490 INFO rally.task.runner [-] Task 15125b8c-61ed-4323-9ad8-e875beceb282 | ITER: 17 END: OK
