2019-06-05 08:25:17.230 23237 WARNING rally_openstack.scenarios.neutron.utils [-] Running this scenario without either the 'network' or 'existing_network' context is deprecated
2019-06-05 08:25:17.489 23271 INFO rally.task.runner [-] Task 15125b8c-61ed-4323-9ad8-e875beceb282 | ITER: 18 END: OK
2019-06-05 08:25:17.494 23271 INFO rally.task.runner [-] Task 15125b8c-61ed-4323-9ad8-e875beceb282 | ITER: 40 START
2019-06-05 08:25:17.494 23271 WARNING rally_openstack.scenarios.neutron.utils [-] Running this scenario without either the 'network' or 'existing_network' context is deprecated
2019-06-05 08:25:28.316 23236 INFO rally.task.runner [-] Task 15125b8c-61ed-4323-9ad8-e875beceb282 | ITER: 21 END: OK
2019-06-05 08:25:28.499 23244 INFO rally.task.runner [-] Task 15125b8c-61ed-4323-9ad8-e875beceb282 | ITER: 27 END: OK
2019-06-05 08:25:28.653 23275 INFO rally.task.runner [-] Task 15125b8c-61ed-4323-9ad8-e875beceb282 | ITER: 23 END: OK
2019-06-05 08:25:28.987 23237 INFO rally.task.runner [-] Task 15125b8c-61ed-4323-9ad8-e875beceb282 | ITER: 22 END: OK
2019-06-05 08:25:29.085 23236 INFO rally.task.runner [-] Task 15125b8c-61ed-4323-9ad8-e875beceb282 | ITER: 26 END: OK
2019-06-05 08:25:29.798 23257 INFO rally.task.runner [-] Task 15125b8c-61ed-4323-9ad8-e875beceb282 | ITER: 34 END: OK
2019-06-05 08:25:30.280 23238 INFO rally.task.runner [-] Task 15125b8c-61ed-4323-9ad8-e875beceb282 | ITER: 32 END: OK
2019-06-05 08:25:30.314 23254 INFO rally.task.runner [-] Task 15125b8c-61ed-4323-9ad8-e875beceb282 | ITER: 30 END: OK
2019-06-05 08:25:30.641 23239 INFO rally.task.runner [-] Task 15125b8c-61ed-4323-9ad8-e875beceb282 | ITER: 29 END: OK
2019-06-05 08:25:30.856 23249 INFO rally.task.runner [-] Task 15125b8c-61ed-4323-9ad8-e875beceb282 | ITER: 28 END: OK
2019-06-05 08:25:31.068 23266 INFO rally.task.runner [-] Task 15125b8c-61ed-4323-9ad8-e875beceb282 | ITER: 25 END: OK
2019-06-05 08:25:31.337 23239 INFO rally.task.runner [-] Task 15125b8c-61ed-4323-9ad8-e875beceb282 | ITER: 33 END: OK
2019-06-05 08:25:31.368 23258 INFO rally.task.runner [-] Task 15125b8c-61ed-4323-9ad8-e875beceb282 | ITER: 31 END: OK
2019-06-05 08:25:31.564 23238 INFO rally.task.runner [-] Task 15125b8c-61ed-4323-9ad8-e875beceb282 | ITER: 24 END: OK
2019-06-05 08:25:32.617 23259 INFO rally.task.runner [-] Task 15125b8c-61ed-4323-9ad8-e875beceb282 | ITER: 35 END: OK
2019-06-05 08:25:32.709 23242 INFO rally.task.runner [-] Task 15125b8c-61ed-4323-9ad8-e875beceb282 | ITER: 37 END: OK
2019-06-05 08:25:32.762 23271 INFO rally.task.runner [-] Task 15125b8c-61ed-4323-9ad8-e875beceb282 | ITER: 40 END: OK
2019-06-05 08:25:33.076 23237 INFO rally.task.runner [-] Task 15125b8c-61ed-4323-9ad8-e875beceb282 | ITER: 39 END: OK
2019-06-05 08:25:33.470 23281 INFO rally.task.runner [-] Task 15125b8c-61ed-4323-9ad8-e875beceb282 | ITER: 38 END: OK
2019-06-05 08:25:34.087 23278 INFO rally.task.runner [-] Task 15125b8c-61ed-4323-9ad8-e875beceb282 | ITER: 36 END: OK
2019-06-05 08:25:34.117 18992 INFO rally.task.context [-] Task 15125b8c-61ed-4323-9ad8-e875beceb282 | Context cleanup@openstack cleanup() started
2019-06-05 08:25:34.120 18992 RALLYDEBUG rally_openstack.cleanup.manager [-] Cleaning up neutron vip objects
2019-06-05 08:25:34.885 18992 RALLYDEBUG rally_openstack.cleanup.manager [-] Cleaning up neutron health_monitor objects
2019-06-05 08:25:35.735 18992 RALLYDEBUG rally_openstack.cleanup.manager [-] Cleaning up neutron pool objects
2019-06-05 08:25:36.481 18992 RALLYDEBUG rally_openstack.cleanup.manager [-] Cleaning up neutron loadbalancer objects
2019-06-05 08:25:37.126 18992 RALLYDEBUG rally_openstack.cleanup.manager [-] Cleaning up neutron floatingip objects
2019-06-05 08:25:37.826 18992 RALLYDEBUG rally_openstack.cleanup.manager [-] Cleaning up neutron port objects
2019-06-05 08:25:38.860 18992 RALLYDEBUG rally_openstack.cleanup.manager [-] Cleaning up neutron subnet objects
2019-06-05 08:25:39.523 18992 RALLYDEBUG rally_openstack.cleanup.manager [-] Cleaning up neutron network objects
2019-06-05 08:25:40.487 18992 RALLYDEBUG rally_openstack.cleanup.manager [-] Deleting neutron.network object s_rally_d8dcbc39_VqiKmSUX (085b7331-2698-4794-b289-b2e1df84a10b)
2019-06-05 08:25:40.489 18992 RALLYDEBUG rally_openstack.cleanup.manager [-] Deleting neutron.network object s_rally_d8dcbc39_0bQ4lcBQ (06c964ed-994a-4603-b9fb-913ee92dfcc5)
2019-06-05 08:25:40.501 18992 RALLYDEBUG rally_openstack.cleanup.manager [-] Deleting neutron.network object s_rally_d8dcbc39_Ga4Ix4xJ (121d7756-e3e0-4304-94cf-95563c752a05)
2019-06-05 08:25:40.502 18992 RALLYDEBUG rally_openstack.cleanup.manager [-] Deleting neutron.network object s_rally_d8dcbc39_1Wm2aFJK (09cf172f-2b60-4566-a898-90357de72939)
2019-06-05 08:25:40.509 18992 RALLYDEBUG rally_openstack.cleanup.manager [-] Deleting neutron.network object s_rally_d8dcbc39_ES615BRz (1867094b-0323-419a-b86f-a5f4bb7eb236)
2019-06-05 08:25:40.513 18992 RALLYDEBUG rally_openstack.cleanup.manager [-] Deleting neutron.network object s_rally_d8dcbc39_K4AddUzS (28c8d5f8-cbbd-4d27-9961-062bac23c0b0)
2019-06-05 08:25:40.528 18992 RALLYDEBUG rally_openstack.cleanup.manager [-] Deleting neutron.network object s_rally_d8dcbc39_b8pzoBV6 (2b3b13c3-8b8a-4086-82c0-3f9db74afb2c)
2019-06-05 08:25:40.537 18992 RALLYDEBUG rally_openstack.cleanup.manager [-] Deleting neutron.network object s_rally_d8dcbc39_BX3wwYXM (2c797700-c5d2-486c-9bad-777172c000e2)
2019-06-05 08:25:40.545 18992 RALLYDEBUG rally_openstack.cleanup.manager [-] Deleting neutron.network object s_rally_d8dcbc39_8oWFqIwC (3686697f-6995-4438-8de5-5a5fbf50902f)
2019-06-05 08:25:40.556 18992 RALLYDEBUG rally_openstack.cleanup.manager [-] Deleting neutron.network object s_rally_d8dcbc39_9KlTn04b (3efd4319-a0d4-486c-b728-0ccc85f28780)
2019-06-05 08:25:40.567 18992 RALLYDEBUG rally_openstack.cleanup.manager [-] Deleting neutron.network object s_rally_d8dcbc39_dYpjU4ox (4beaee90-b9af-4deb-929f-bdc60871a2ef)
2019-06-05 08:25:40.707 18992 RALLYDEBUG rally_openstack.cleanup.manager [-] Deleting neutron.network object s_rally_d8dcbc39_L71Uh5AG (4eb98465-a503-4f42-b445-4f7e9852b9bd)
2019-06-05 08:25:40.716 18992 RALLYDEBUG rally_openstack.cleanup.manager [-] Deleting neutron.network object s_rally_d8dcbc39_otNLEdNT (530b1bf9-fbaf-461c-a5d8-71612ae7a11c)
2019-06-05 08:25:40.735 18992 RALLYDEBUG rally_openstack.cleanup.manager [-] Deleting neutron.network object s_rally_d8dcbc39_k1cO5grO (5c91d5d7-646a-44db-964a-eb6d8f482e83)
2019-06-05 08:25:40.745 18992 RALLYDEBUG rally_openstack.cleanup.manager [-] Deleting neutron.network object s_rally_d8dcbc39_c6x0Dk1l (5bc822a2-0a37-455d-bcc2-54513d607e66)
2019-06-05 08:25:40.751 18992 RALLYDEBUG rally_openstack.cleanup.manager [-] Deleting neutron.network object s_rally_d8dcbc39_065RJMlY (5d3868ae-2090-4a89-959e-edc796578b49)
2019-06-05 08:25:40.760 18992 RALLYDEBUG rally_openstack.cleanup.manager [-] Deleting neutron.network object s_rally_d8dcbc39_Y2N0lY7v (61d992f7-6c93-48be-805c-2d502d0c44c7)
2019-06-05 08:25:40.765 18992 RALLYDEBUG rally_openstack.cleanup.manager [-] Deleting neutron.network object s_rally_d8dcbc39_BQRgHwXt (66a315a9-bfb1-49bc-ada5-213c22adc6a6)
2019-06-05 08:25:40.778 18992 RALLYDEBUG rally_openstack.cleanup.manager [-] Deleting neutron.network object s_rally_d8dcbc39_UUWMopNM (745f37d1-9cb0-449a-912a-10813feefa85)
2019-06-05 08:25:40.796 18992 RALLYDEBUG rally_openstack.cleanup.manager [-] Deleting neutron.network object s_rally_d8dcbc39_1BjBS5H8 (7a470ee1-9596-42cd-ae6c-bb32068d15b7)
2019-06-05 08:25:44.266 18992 RALLYDEBUG rally_openstack.cleanup.manager [-] Deleting neutron.network object s_rally_d8dcbc39_EysCrloo (7aec2fd9-9c76-40c2-9c53-0b17716f1fe3)
2019-06-05 08:25:44.274 18992 RALLYDEBUG rally_openstack.cleanup.manager [-] Deleting neutron.network object s_rally_d8dcbc39_PuWgo5Hj (7c3500e5-4c34-40fa-b7f6-4c440b522b0e)
2019-06-05 08:25:44.302 18992 RALLYDEBUG rally_openstack.cleanup.manager [-] Deleting neutron.network object s_rally_d8dcbc39_dCOuilZr (7c4c529a-b398-44ec-8f21-784632020bc7)
2019-06-05 08:25:44.377 18992 RALLYDEBUG rally_openstack.cleanup.manager [-] Deleting neutron.network object s_rally_d8dcbc39_7rzg3iWK (838e89fa-1eeb-40ce-973e-8a2c5fa0a825)
2019-06-05 08:25:44.391 18992 RALLYDEBUG rally_openstack.cleanup.manager [-] Deleting neutron.network object s_rally_d8dcbc39_S8wt0F39 (8c3353e8-f9b3-4201-9686-5738e859f01a)
2019-06-05 08:25:44.458 18992 RALLYDEBUG rally_openstack.cleanup.manager [-] Deleting neutron.network object s_rally_d8dcbc39_Lr6a2b6r (8f1da63a-d386-4335-9e72-7f5f1dd647be)
2019-06-05 08:25:44.472 18992 RALLYDEBUG rally_openstack.cleanup.manager [-] Deleting neutron.network object s_rally_d8dcbc39_vKgbmgeS (9283e1eb-2ea9-486c-8f1c-1adf0928770f)
2019-06-05 08:25:44.571 18992 RALLYDEBUG rally_openstack.cleanup.manager [-] Deleting neutron.network object s_rally_d8dcbc39_oTWdtSMJ (93620b50-5eea-4c5f-9dc8-fab3f690d6d5)
2019-06-05 08:25:44.627 18992 RALLYDEBUG rally_openstack.cleanup.manager [-] Deleting neutron.network object s_rally_d8dcbc39_N0JeMU11 (98aaf8b4-985b-4847-befa-153854c87ecc)
2019-06-05 08:25:44.688 18992 RALLYDEBUG rally_openstack.cleanup.manager [-] Deleting neutron.network object s_rally_d8dcbc39_E5kzDHXI (9c8d410c-ad65-4073-b424-a0fbfd1a1a4d)
2019-06-05 08:25:45.274 18992 RALLYDEBUG rally_openstack.cleanup.manager [-] Deleting neutron.network object s_rally_d8dcbc39_6DEc00Gc (a90075e6-11e5-44c2-bbde-487f3b7b7b7e)
2019-06-05 08:25:45.469 18992 RALLYDEBUG rally_openstack.cleanup.manager [-] Deleting neutron.network object s_rally_d8dcbc39_E5WYuy3k (a9df7d6e-370d-4a2a-8408-6655563d9b3f)
2019-06-05 08:25:47.468 18992 RALLYDEBUG rally_openstack.cleanup.manager [-] Deleting neutron.network object s_rally_d8dcbc39_XTWAFYyt (b05e4296-56b0-4676-a5e8-f11a4586dce0)
2019-06-05 08:25:47.804 18992 RALLYDEBUG rally_openstack.cleanup.manager [-] Deleting neutron.network object s_rally_d8dcbc39_pObn095o (bfc7048b-5acb-40c1-b972-63048a97aec6)
2019-06-05 08:25:47.806 18992 RALLYDEBUG rally_openstack.cleanup.manager [-] Deleting neutron.network object s_rally_d8dcbc39_jGTe9gbO (bb3be67f-abf4-42ba-ab0e-d811bcbcb722)
2019-06-05 08:25:47.820 18992 RALLYDEBUG rally_openstack.cleanup.manager [-] Deleting neutron.network object s_rally_d8dcbc39_syT8aIag (c6dbcb62-361b-48db-b1a4-e0d316f8152f)
2019-06-05 08:25:48.155 18992 RALLYDEBUG rally_openstack.cleanup.manager [-] Deleting neutron.network object s_rally_d8dcbc39_4ypMdvXe (e3fe4e8c-5996-408e-9ec2-d73ba4be4741)
2019-06-05 08:25:48.182 18992 RALLYDEBUG rally_openstack.cleanup.manager [-] Deleting neutron.network object s_rally_d8dcbc39_QVgfaGiF (ea8106b9-551f-4d89-b360-aa7fbcca8069)
2019-06-05 08:25:48.272 18992 RALLYDEBUG rally_openstack.cleanup.manager [-] Deleting neutron.network object s_rally_d8dcbc39_OII5AJL9 (ec767441-6728-4655-8c23-c505b86f7b1d)
2019-06-05 08:25:48.535 18992 RALLYDEBUG rally_openstack.cleanup.manager [-] Deleting neutron.network object s_rally_d8dcbc39_N19f61pu (f70892dd-938d-4945-86af-8faacb201f5b)
2019-06-05 08:25:52.140 18992 RALLYDEBUG rally_openstack.cleanup.manager [-] Cleaning up neutron router objects
2019-06-05 08:25:52.856 18992 RALLYDEBUG rally_openstack.cleanup.manager [-] Cleaning up neutron security_group objects
2019-06-05 08:25:53.978 18992 INFO rally.task.context [-] Task 15125b8c-61ed-4323-9ad8-e875beceb282 | Context cleanup@openstack cleanup() finished in 19.86 sec
2019-06-05 08:25:53.978 18992 INFO rally.task.context [-] Task 15125b8c-61ed-4323-9ad8-e875beceb282 | Context quotas@openstack cleanup() started
2019-06-05 08:25:54.294 18992 INFO rally.task.context [-] Task 15125b8c-61ed-4323-9ad8-e875beceb282 | Context quotas@openstack cleanup() finished in 0.32 sec
2019-06-05 08:25:54.295 18992 INFO rally.task.context [-] Task 15125b8c-61ed-4323-9ad8-e875beceb282 | Context users@openstack cleanup() started
2019-06-05 08:25:59.319 18992 INFO rally.task.context [-] Task 15125b8c-61ed-4323-9ad8-e875beceb282 | Context users@openstack cleanup() finished in 5.02 sec
2019-06-05 08:26:00.818 18992 INFO rally.task.engine [-] Load duration is: 37.94992
2019-06-05 08:26:00.819 18992 INFO rally.task.engine [-] Full runner duration is: 38.000065
2019-06-05 08:26:00.819 18992 INFO rally.task.engine [-] Full duration is: 68.921936
2019-06-05 08:26:01.117 18992 INFO rally.task.engine [-] Running workload: position = 0 config = { "version": 2, "title": "A cropped version of a bigger task.", "description": "Auto-generated task from a single workload (uuid=7a772b03-75ea-47f2-87c1-6058af2d0e05)", "subtasks": [ { "title": "Quotas.neutron_update", "description": "Update quotas for neutron.", "scenario": { "Quotas.neutron_update": { "max_quota": 1024 } }, "contexts": { "users": { "tenants": 20, "users_per_tenant": 1 } }, "runner": { "constant": { "times": 40, "concurrency": 20 } }, "hooks": [], "sla": { "failure_rate": { "max": 0 } } } ] }
2019-06-05 08:26:01.136 18992 RALLYDEBUG rally_openstack.contexts.keystone.users [-] Creating 20 tenants using 20 threads
2019-06-05 08:26:03.729 18992 RALLYDEBUG rally_openstack.contexts.keystone.users [-] Creating 20 users using 20 threads
2019-06-05 08:26:07.293 18992 INFO rally.task.context [-] Task 15125b8c-61ed-4323-9ad8-e875beceb282 | Context users@openstack setup() finished in 6.16 sec
2019-06-05 08:26:07.294 18992 INFO rally.task.context [-] Task 15125b8c-61ed-4323-9ad8-e875beceb282 | Context admin_cleanup@openstack setup() finished in 0.01 msec
2019-06-05 08:26:07.301 18992 RALLYDEBUG rally.task.runner [-] Starting the constant runner (task UUID: 15125b8c-61ed-4323-9ad8-e875beceb282). timeout: 0 concurrency: 20 concurrency_per_worker: 1 times: 40 concurrency_overhead: 4 processes_to_start: 16 max_cpu_used: 16
2019-06-05 08:26:07.315 23606 RALLYDEBUG rally.task.runner [-] Starting a worker. concurrency: 2 args: {"max_quota": 1024} times: 40 method_name: run timeout: 0 duration: None cls:
2019-06-05 08:26:07.317 23607 RALLYDEBUG rally.task.runner [-] Starting a worker. concurrency: 2 args: {"max_quota": 1024} times: 40 method_name: run timeout: 0 duration: None cls:
2019-06-05 08:26:07.320 23608 RALLYDEBUG rally.task.runner [-] Starting a worker. concurrency: 2 args: {"max_quota": 1024} times: 40 method_name: run timeout: 0 duration: None cls:
2019-06-05 08:26:07.324 23609 RALLYDEBUG rally.task.runner [-] Starting a worker. concurrency: 2 args: {"max_quota": 1024} times: 40 method_name: run timeout: 0 duration: None cls:
2019-06-05 08:26:07.329 23607 INFO rally.task.runner [-] Task 15125b8c-61ed-4323-9ad8-e875beceb282 | ITER: 2 START
2019-06-05 08:26:07.328 23610 RALLYDEBUG rally.task.runner [-] Starting a worker. concurrency: 1 args: {"max_quota": 1024} times: 40 method_name: run timeout: 0 duration: None cls:
2019-06-05 08:26:07.331 23606 INFO rally.task.runner [-] Task 15125b8c-61ed-4323-9ad8-e875beceb282 | ITER: 1 START
2019-06-05 08:26:07.332 23612 RALLYDEBUG rally.task.runner [-] Starting a worker. concurrency: 1 args: {"max_quota": 1024} times: 40 method_name: run timeout: 0 duration: None cls:
2019-06-05 08:26:07.332 23606 INFO rally.task.runner [-] Task 15125b8c-61ed-4323-9ad8-e875beceb282 | ITER: 4 START
2019-06-05 08:26:07.338 23610 INFO rally.task.runner [-] Task 15125b8c-61ed-4323-9ad8-e875beceb282 | ITER: 7 START
2019-06-05 08:26:07.338 23609 INFO rally.task.runner [-] Task 15125b8c-61ed-4323-9ad8-e875beceb282 | ITER: 6 START
2019-06-05 08:26:07.337 23608 INFO rally.task.runner [-] Task 15125b8c-61ed-4323-9ad8-e875beceb282 | ITER: 3 START
2019-06-05 08:26:07.339 23616 RALLYDEBUG rally.task.runner [-] Starting a worker. concurrency: 1 args: {"max_quota": 1024} times: 40 method_name: run timeout: 0 duration: None cls:
2019-06-05 08:26:07.343 23612 INFO rally.task.runner [-] Task 15125b8c-61ed-4323-9ad8-e875beceb282 | ITER: 9 START
2019-06-05 08:26:07.344 23607 INFO rally.task.runner [-] Task 15125b8c-61ed-4323-9ad8-e875beceb282 | ITER: 5 START
2019-06-05 08:26:07.344 23622 RALLYDEBUG rally.task.runner [-] Starting a worker. concurrency: 1 args: {"max_quota": 1024} times: 40 method_name: run timeout: 0 duration: None cls:
2019-06-05 08:26:07.345 23608 INFO rally.task.runner [-] Task 15125b8c-61ed-4323-9ad8-e875beceb282 | ITER: 8 START
2019-06-05 08:26:07.349 23627 RALLYDEBUG rally.task.runner [-] Starting a worker. concurrency: 1 args: {"max_quota": 1024} times: 40 method_name: run timeout: 0 duration: None cls:
2019-06-05 08:26:07.351 23616 INFO rally.task.runner [-] Task 15125b8c-61ed-4323-9ad8-e875beceb282 | ITER: 11 START
2019-06-05 08:26:07.352 23630 RALLYDEBUG rally.task.runner [-] Starting a worker. concurrency: 1 args: {"max_quota": 1024} times: 40 method_name: run timeout: 0 duration: None cls:
2019-06-05 08:26:07.354 23609 INFO rally.task.runner [-] Task 15125b8c-61ed-4323-9ad8-e875beceb282 | ITER: 10 START
2019-06-05 08:26:07.355 23622 INFO rally.task.runner [-] Task 15125b8c-61ed-4323-9ad8-e875beceb282 | ITER: 12 START
2019-06-05 08:26:07.359 23634 RALLYDEBUG rally.task.runner [-] Starting a worker. concurrency: 1 args: {"max_quota": 1024} times: 40 method_name: run timeout: 0 duration: None cls:
2019-06-05 08:26:07.362 23627 INFO rally.task.runner [-] Task 15125b8c-61ed-4323-9ad8-e875beceb282 | ITER: 13 START
2019-06-05 08:26:07.362 23630 INFO rally.task.runner [-] Task 15125b8c-61ed-4323-9ad8-e875beceb282 | ITER: 14 START
2019-06-05 08:26:07.368 23637 RALLYDEBUG rally.task.runner [-] Starting a worker. concurrency: 1 args: {"max_quota": 1024} times: 40 method_name: run timeout: 0 duration: None cls:
2019-06-05 08:26:07.370 23634 INFO rally.task.runner [-] Task 15125b8c-61ed-4323-9ad8-e875beceb282 | ITER: 15 START
2019-06-05 08:26:07.374 23642 RALLYDEBUG rally.task.runner [-] Starting a worker. concurrency: 1 args: {"max_quota": 1024} times: 40 method_name: run timeout: 0 duration: None cls:
2019-06-05 08:26:07.379 23637 INFO rally.task.runner [-] Task 15125b8c-61ed-4323-9ad8-e875beceb282 | ITER: 16 START
2019-06-05 08:26:07.382 23645 RALLYDEBUG rally.task.runner [-] Starting a worker. concurrency: 1 args: {"max_quota": 1024} times: 40 method_name: run timeout: 0 duration: None cls:
2019-06-05 08:26:07.384 23642 INFO rally.task.runner [-] Task 15125b8c-61ed-4323-9ad8-e875beceb282 | ITER: 17 START
2019-06-05 08:26:07.387 23648 RALLYDEBUG rally.task.runner [-] Starting a worker. concurrency: 1 args: {"max_quota": 1024} times: 40 method_name: run timeout: 0 duration: None cls:
2019-06-05 08:26:07.391 23645 INFO rally.task.runner [-] Task 15125b8c-61ed-4323-9ad8-e875beceb282 | ITER: 18 START
2019-06-05 08:26:07.392 23651 RALLYDEBUG rally.task.runner [-] Starting a worker. concurrency: 1 args: {"max_quota": 1024} times: 40 method_name: run timeout: 0 duration: None cls:
2019-06-05 08:26:07.394 23648 INFO rally.task.runner [-] Task 15125b8c-61ed-4323-9ad8-e875beceb282 | ITER: 19 START
2019-06-05 08:26:07.398 23651 INFO rally.task.runner [-] Task 15125b8c-61ed-4323-9ad8-e875beceb282 | ITER: 20 START
2019-06-05 08:26:08.930 23606 INFO rally.task.runner [-] Task 15125b8c-61ed-4323-9ad8-e875beceb282 | ITER: 4 END: OK
2019-06-05 08:26:08.937 23606 INFO rally.task.runner [-] Task 15125b8c-61ed-4323-9ad8-e875beceb282 | ITER: 21 START
2019-06-05 08:26:09.307 23630 INFO rally.task.runner [-] Task 15125b8c-61ed-4323-9ad8-e875beceb282 | ITER: 14 END: OK
2019-06-05 08:26:09.314 23630 INFO rally.task.runner [-] Task 15125b8c-61ed-4323-9ad8-e875beceb282 | ITER: 22 START
2019-06-05 08:26:09.426 23607 INFO rally.task.runner [-] Task 15125b8c-61ed-4323-9ad8-e875beceb282 | ITER: 2 END: OK
2019-06-05 08:26:09.433 23607 INFO rally.task.runner [-] Task 15125b8c-61ed-4323-9ad8-e875beceb282 | ITER: 23 START
2019-06-05 08:26:09.509 23609 INFO rally.task.runner [-] Task 15125b8c-61ed-4323-9ad8-e875beceb282 | ITER: 10 END: OK
2019-06-05 08:26:09.516 23609 INFO rally.task.runner [-] Task 15125b8c-61ed-4323-9ad8-e875beceb282 | ITER: 24 START
2019-06-05 08:26:09.559 23648 INFO rally.task.runner [-] Task 15125b8c-61ed-4323-9ad8-e875beceb282 | ITER: 19 END: OK
2019-06-05 08:26:09.566 23648 INFO rally.task.runner [-] Task 15125b8c-61ed-4323-9ad8-e875beceb282 | ITER: 25 START
2019-06-05 08:26:09.689 23610 INFO rally.task.runner [-] Task 15125b8c-61ed-4323-9ad8-e875beceb282 | ITER: 7 END: OK
2019-06-05 08:26:09.695 23610 INFO rally.task.runner [-] Task 15125b8c-61ed-4323-9ad8-e875beceb282 | ITER: 26 START
2019-06-05 08:26:09.811 23608 INFO rally.task.runner [-] Task 15125b8c-61ed-4323-9ad8-e875beceb282 | ITER: 8 END: OK
2019-06-05 08:26:09.818 23608 INFO rally.task.runner [-] Task 15125b8c-61ed-4323-9ad8-e875beceb282 | ITER: 27 START
2019-06-05 08:26:09.821 23609 INFO rally.task.runner [-] Task 15125b8c-61ed-4323-9ad8-e875beceb282 | ITER: 6 END: OK
2019-06-05 08:26:09.827 23609 INFO rally.task.runner [-] Task 15125b8c-61ed-4323-9ad8-e875beceb282 | ITER: 28 START
2019-06-05 08:26:09.858 23634 INFO rally.task.runner [-] Task 15125b8c-61ed-4323-9ad8-e875beceb282 | ITER: 15 END: OK
2019-06-05 08:26:09.864 23634 INFO rally.task.runner [-] Task 15125b8c-61ed-4323-9ad8-e875beceb282 | ITER: 29 START
2019-06-05 08:26:09.972 23622 INFO rally.task.runner [-] Task 15125b8c-61ed-4323-9ad8-e875beceb282 | ITER: 12 END: OK
2019-06-05 08:26:09.979 23622 INFO rally.task.runner [-] Task 15125b8c-61ed-4323-9ad8-e875beceb282 | ITER: 30 START
2019-06-05 08:26:09.991 23627 INFO rally.task.runner [-] Task 15125b8c-61ed-4323-9ad8-e875beceb282 | ITER: 13 END: OK
2019-06-05 08:26:10.000 23627 INFO rally.task.runner [-] Task 15125b8c-61ed-4323-9ad8-e875beceb282 | ITER: 31 START
2019-06-05 08:26:10.048 23645 INFO rally.task.runner [-] Task 15125b8c-61ed-4323-9ad8-e875beceb282 | ITER: 18 END: OK
2019-06-05 08:26:10.054 23645 INFO rally.task.runner [-] Task 15125b8c-61ed-4323-9ad8-e875beceb282 | ITER: 32 START
2019-06-05 08:26:10.079 23608 INFO rally.task.runner [-] Task 15125b8c-61ed-4323-9ad8-e875beceb282 | ITER: 3 END: OK
2019-06-05 08:26:10.087 23608 INFO rally.task.runner [-] Task 15125b8c-61ed-4323-9ad8-e875beceb282 | ITER: 33 START
2019-06-05 08:26:10.118 23607 INFO rally.task.runner [-] Task 15125b8c-61ed-4323-9ad8-e875beceb282 | ITER: 5 END: OK
2019-06-05 08:26:10.124 23607 INFO rally.task.runner [-] Task 15125b8c-61ed-4323-9ad8-e875beceb282 | ITER: 34 START
2019-06-05 08:26:10.133 23606 INFO rally.task.runner [-] Task 15125b8c-61ed-4323-9ad8-e875beceb282 | ITER: 1 END: OK
2019-06-05 08:26:10.139 23606 INFO rally.task.runner [-] Task 15125b8c-61ed-4323-9ad8-e875beceb282 | ITER: 35 START
2019-06-05 08:26:10.156 23612 INFO rally.task.runner [-] Task 15125b8c-61ed-4323-9ad8-e875beceb282 | ITER: 9 END: OK
2019-06-05 08:26:10.161 23612 INFO rally.task.runner [-] Task 15125b8c-61ed-4323-9ad8-e875beceb282 | ITER: 36 START
2019-06-05 08:26:10.173 23616 INFO rally.task.runner [-] Task 15125b8c-61ed-4323-9ad8-e875beceb282 | ITER: 11 END: OK
2019-06-05 08:26:10.179 23616 INFO rally.task.runner [-] Task 15125b8c-61ed-4323-9ad8-e875beceb282 | ITER: 37 START
2019-06-05 08:26:10.186 23642 INFO rally.task.runner [-] Task 15125b8c-61ed-4323-9ad8-e875beceb282 | ITER: 17 END: OK
2019-06-05 08:26:10.192 23642 INFO rally.task.runner [-] Task 15125b8c-61ed-4323-9ad8-e875beceb282 | ITER: 38 START
2019-06-05 08:26:10.195 23637 INFO rally.task.runner [-] Task 15125b8c-61ed-4323-9ad8-e875beceb282 | ITER: 16 END: OK
2019-06-05 08:26:10.200 23637 INFO rally.task.runner [-] Task 15125b8c-61ed-4323-9ad8-e875beceb282 | ITER: 39 START
2019-06-05 08:26:10.208 23651 INFO rally.task.runner [-] Task 15125b8c-61ed-4323-9ad8-e875beceb282 | ITER: 20 END: OK
2019-06-05 08:26:10.214 23651 INFO rally.task.runner [-] Task 15125b8c-61ed-4323-9ad8-e875beceb282 | ITER: 40 START
2019-06-05 08:26:10.470 23606 INFO rally.task.runner [-] Task 15125b8c-61ed-4323-9ad8-e875beceb282 | ITER: 21 END: OK
2019-06-05 08:26:10.564 23630 INFO rally.task.runner [-] Task 15125b8c-61ed-4323-9ad8-e875beceb282 | ITER: 22 END: OK
2019-06-05 08:26:10.630 23648 INFO rally.task.runner [-] Task 15125b8c-61ed-4323-9ad8-e875beceb282 | ITER: 25 END: OK
2019-06-05 08:26:10.707 23609 INFO rally.task.runner [-] Task 15125b8c-61ed-4323-9ad8-e875beceb282 | ITER: 24 END: OK
2019-06-05 08:26:10.721 23607 INFO rally.task.runner [-] Task 15125b8c-61ed-4323-9ad8-e875beceb282 | ITER: 23 END: OK
2019-06-05 08:26:10.870 23610 INFO rally.task.runner [-] Task 15125b8c-61ed-4323-9ad8-e875beceb282 | ITER: 26 END: OK
2019-06-05 08:26:11.109 23608 INFO rally.task.runner [-] Task 15125b8c-61ed-4323-9ad8-e875beceb282 | ITER: 27 END: OK
2019-06-05 08:26:11.381 23622 INFO rally.task.runner [-] Task 15125b8c-61ed-4323-9ad8-e875beceb282 | ITER: 30 END: OK
2019-06-05 08:26:11.451 23627 INFO rally.task.runner [-] Task 15125b8c-61ed-4323-9ad8-e875beceb282 | ITER: 31 END: OK
2019-06-05 08:26:11.475 23609 INFO rally.task.runner [-] Task 15125b8c-61ed-4323-9ad8-e875beceb282 | ITER: 28 END: OK
2019-06-05 08:26:11.690 23608 INFO rally.task.runner [-] Task 15125b8c-61ed-4323-9ad8-e875beceb282 | ITER: 33 END: OK
2019-06-05 08:26:11.814 23645 INFO rally.task.runner [-] Task 15125b8c-61ed-4323-9ad8-e875beceb282 | ITER: 32 END: OK
2019-06-05 08:26:11.875 23634 INFO rally.task.runner [-] Task 15125b8c-61ed-4323-9ad8-e875beceb282 | ITER: 29 END: OK
2019-06-05 08:26:11.895 23612 INFO rally.task.runner [-] Task 15125b8c-61ed-4323-9ad8-e875beceb282 | ITER: 36 END: OK
2019-06-05 08:26:11.954 23606 INFO rally.task.runner [-] Task 15125b8c-61ed-4323-9ad8-e875beceb282 | ITER: 35 END: OK
2019-06-05 08:26:11.989 23642 INFO rally.task.runner [-] Task 15125b8c-61ed-4323-9ad8-e875beceb282 | ITER: 38 END: OK
2019-06-05 08:26:12.008 23637 INFO rally.task.runner [-] Task 15125b8c-61ed-4323-9ad8-e875beceb282 | ITER: 39 END: OK
2019-06-05 08:26:12.031 23616 INFO rally.task.runner [-] Task 15125b8c-61ed-4323-9ad8-e875beceb282 | ITER: 37 END: OK
2019-06-05 08:26:12.037 23651 INFO rally.task.runner [-] Task 15125b8c-61ed-4323-9ad8-e875beceb282 | ITER: 40 END: OK
2019-06-05 08:26:12.048 23607 INFO rally.task.runner [-] Task 15125b8c-61ed-4323-9ad8-e875beceb282 | ITER: 34 END: OK
2019-06-05 08:26:12.070 18992 INFO rally.task.context [-] Task 15125b8c-61ed-4323-9ad8-e875beceb282 | Context admin_cleanup@openstack cleanup() started
2019-06-05 08:26:12.073 18992 RALLYDEBUG rally_openstack.cleanup.manager [-] Cleaning up neutron quota objects
2019-06-05 08:26:16.634 18992 INFO rally.task.context [-] Task 15125b8c-61ed-4323-9ad8-e875beceb282 | Context admin_cleanup@openstack cleanup() finished in 4.56 sec
2019-06-05 08:26:16.634 18992 INFO rally.task.context [-] Task 15125b8c-61ed-4323-9ad8-e875beceb282 | Context users@openstack cleanup() started
2019-06-05 08:26:48.056 18992 INFO rally.task.context [-] Task 15125b8c-61ed-4323-9ad8-e875beceb282 | Context users@openstack cleanup() finished in 31.42 sec
2019-06-05 08:26:49.364 18992 INFO rally.task.engine [-] Load duration is: 4.718086
2019-06-05 08:26:49.365 18992 INFO rally.task.engine [-] Full runner duration is: 4.769416
2019-06-05 08:26:49.365 18992 INFO rally.task.engine [-] Full duration is: 46.921755
2019-06-05 08:26:49.639 18992 INFO rally.task.engine [-] Running workload: position = 0 config = { "version": 2, "title": "A cropped version of a bigger task.", "description": "Auto-generated task from a single workload (uuid=5259f142-d637-4de2-9542-b306ea07bc11)", "subtasks": [ { "title": "NeutronTrunks.create_and_list_trunk_subports", "description": "", "scenario": { "NeutronTrunks.create_and_list_trunk_subports": { "subport_count": 125 } }, "contexts": { "users": { "tenants": 1, "users_per_tenant": 1 }, "quotas": { "neutron": { "network": -1, "port": 1000 } } }, "runner": { "constant": { "times": 4, "concurrency": 4 } }, "hooks": [], "sla": { "failure_rate": { "max": 0 } } } ] }
2019-06-05 08:26:49.661 18992 RALLYDEBUG rally_openstack.contexts.keystone.users [-] Creating 1 tenants using 20 threads
2019-06-05 08:26:51.478 18992 RALLYDEBUG rally_openstack.contexts.keystone.users [-] Creating 1 users using 20 threads
2019-06-05 08:26:54.195 18992 INFO rally.task.context [-] Task 15125b8c-61ed-4323-9ad8-e875beceb282 | Context users@openstack setup() finished in 4.53 sec
2019-06-05 08:26:54.964 18992 INFO rally.task.context [-] Task 15125b8c-61ed-4323-9ad8-e875beceb282 | Context quotas@openstack setup() finished in 0.77 sec
2019-06-05 08:26:54.965 18992 INFO rally.task.context [-] Task 15125b8c-61ed-4323-9ad8-e875beceb282 | Context cleanup@openstack setup() finished in 0.01 msec
2019-06-05 08:26:54.973 18992 RALLYDEBUG rally.task.runner [-] Starting the constant runner (task UUID: 15125b8c-61ed-4323-9ad8-e875beceb282). timeout: 0 concurrency: 4 concurrency_per_worker: 1 times: 4 concurrency_overhead: 0 processes_to_start: 4 max_cpu_used: 16
2019-06-05 08:26:54.987 23796 RALLYDEBUG rally.task.runner [-] Starting a worker. concurrency: 1 args: {"subport_count": 125} times: 4 method_name: run timeout: 0 duration: None cls:
2019-06-05 08:26:54.990 23797 RALLYDEBUG rally.task.runner [-] Starting a worker. concurrency: 1 args: {"subport_count": 125} times: 4 method_name: run timeout: 0 duration: None cls:
2019-06-05 08:26:54.992 23796 INFO rally.task.runner [-] Task 15125b8c-61ed-4323-9ad8-e875beceb282 | ITER: 1 START
2019-06-05 08:26:54.993 23798 RALLYDEBUG rally.task.runner [-] Starting a worker. concurrency: 1 args: {"subport_count": 125} times: 4 method_name: run timeout: 0 duration: None cls:
2019-06-05 08:26:54.996 23797 INFO rally.task.runner [-] Task 15125b8c-61ed-4323-9ad8-e875beceb282 | ITER: 2 START
2019-06-05 08:26:54.998 23798 INFO rally.task.runner [-] Task 15125b8c-61ed-4323-9ad8-e875beceb282 | ITER: 3 START
2019-06-05 08:26:54.998 23799 RALLYDEBUG rally.task.runner [-] Starting a worker. concurrency: 1 args: {"subport_count": 125} times: 4 method_name: run timeout: 0 duration: None cls:
2019-06-05 08:26:55.004 23799 INFO rally.task.runner [-] Task 15125b8c-61ed-4323-9ad8-e875beceb282 | ITER: 4 START
2019-06-05 08:31:42.102 23799 DEBUG neutronclient.v2_0.client [-] Error message:

504 Gateway Time-out

The server didn't respond in time. _handle_fault_response /usr/lib/python2.7/site-packages/neutronclient/v2_0/client.py:259
2019-06-05 08:31:42.110 23799 ERROR rally.task.runner [-] Iteration 4 raised Exception: NeutronClientException:

504 Gateway Time-out

The server didn't respond in time.
2019-06-05 08:31:42.110 23799 ERROR rally.task.runner
Traceback (most recent call last):
2019-06-05 08:31:42.110 23799 ERROR rally.task.runner
File "/usr/lib/python2.7/site-packages/rally/task/runner.py", line 71, in _run_scenario_once
2019-06-05 08:31:42.110 23799 ERROR rally.task.runner getattr(scenario_inst, method_name)(**scenario_kwargs)
2019-06-05 08:31:42.110 23799 ERROR rally.task.runner
File "/root/.rally/plugins/trunk_scenario.py", line 41, in run
2019-06-05 08:31:42.110 23799 ERROR rally.task.runner trunk = self._create_trunk(trunk_payload)
2019-06-05 08:31:42.110 23799 ERROR rally.task.runner
File "/usr/lib/python2.7/site-packages/rally/task/atomic.py", line 91, in func_atomic_actions
2019-06-05 08:31:42.110 23799 ERROR rally.task.runner f = func(self, *args, **kwargs)
2019-06-05 08:31:42.110 23799 ERROR rally.task.runner
File "/root/.rally/plugins/trunk_scenario.py", line 53, in _create_trunk
2019-06-05 08:31:42.110 23799 ERROR rally.task.runner return self.clients("neutron").create_trunk({'trunk': trunk_payload})
2019-06-05 08:31:42.110 23799 ERROR rally.task.runner
File "/usr/lib/python2.7/site-packages/neutronclient/v2_0/client.py", line 2091, in create_trunk
2019-06-05 08:31:42.110 23799 ERROR rally.task.runner return self.post(self.trunks_path, body=body)
2019-06-05 08:31:42.110 23799 ERROR rally.task.runner
File "/usr/lib/python2.7/site-packages/neutronclient/v2_0/client.py", line 359, in post
2019-06-05 08:31:42.110 23799 ERROR rally.task.runner headers=headers, params=params)
2019-06-05 08:31:42.110 23799 ERROR rally.task.runner
File "/usr/lib/python2.7/site-packages/neutronclient/v2_0/client.py", line 294, in do_request
2019-06-05 08:31:42.110 23799 ERROR rally.task.runner self._handle_fault_response(status_code, replybody, resp)
2019-06-05 08:31:42.110 23799 ERROR rally.task.runner
File "/usr/lib/python2.7/site-packages/neutronclient/v2_0/client.py", line 269, in _handle_fault_response
2019-06-05 08:31:42.110 23799 ERROR rally.task.runner exception_handler_v20(status_code, error_body)
2019-06-05 08:31:42.110 23799 ERROR rally.task.runner
File "/usr/lib/python2.7/site-packages/neutronclient/v2_0/client.py", line 93, in exception_handler_v20
2019-06-05 08:31:42.110 23799 ERROR rally.task.runner request_ids=request_ids)
2019-06-05 08:31:42.110 23799 ERROR rally.task.runner NeutronClientException:

504 Gateway Time-out

2019-06-05 08:31:42.110 23799 ERROR rally.task.runner The server didn't respond in time.
2019-06-05 08:31:42.110 23799 ERROR rally.task.runner
2019-06-05 08:31:42.110 23799 ERROR rally.task.runner
2019-06-05 08:31:42.110 23799 ERROR rally.task.runner
2019-06-05 08:31:42.112 23799 INFO rally.task.runner [-] Task 15125b8c-61ed-4323-9ad8-e875beceb282 | ITER: 4 END: Error NeutronClientException:

504 Gateway Time-out

The server didn't respond in time.
2019-06-05 08:31:46.259 23798 DEBUG neutronclient.v2_0.client [-] Error message:

504 Gateway Time-out

The server didn't respond in time. _handle_fault_response /usr/lib/python2.7/site-packages/neutronclient/v2_0/client.py:259
2019-06-05 08:31:46.267 23798 ERROR rally.task.runner [-] Iteration 3 raised Exception: NeutronClientException:

504 Gateway Time-out

The server didn't respond in time.
2019-06-05 08:31:46.267 23798 ERROR rally.task.runner
Traceback (most recent call last):
2019-06-05 08:31:46.267 23798 ERROR rally.task.runner
File "/usr/lib/python2.7/site-packages/rally/task/runner.py", line 71, in _run_scenario_once
2019-06-05 08:31:46.267 23798 ERROR rally.task.runner getattr(scenario_inst, method_name)(**scenario_kwargs)
2019-06-05 08:31:46.267 23798 ERROR rally.task.runner
File "/root/.rally/plugins/trunk_scenario.py", line 41, in run
2019-06-05 08:31:46.267 23798 ERROR rally.task.runner trunk = self._create_trunk(trunk_payload)
2019-06-05 08:31:46.267 23798 ERROR rally.task.runner
File "/usr/lib/python2.7/site-packages/rally/task/atomic.py", line 91, in func_atomic_actions
2019-06-05 08:31:46.267 23798 ERROR rally.task.runner f = func(self, *args, **kwargs)
2019-06-05 08:31:46.267 23798 ERROR rally.task.runner
File "/root/.rally/plugins/trunk_scenario.py", line 53, in _create_trunk
2019-06-05 08:31:46.267 23798 ERROR rally.task.runner return self.clients("neutron").create_trunk({'trunk': trunk_payload})
2019-06-05 08:31:46.267 23798 ERROR rally.task.runner
File "/usr/lib/python2.7/site-packages/neutronclient/v2_0/client.py", line 2091, in create_trunk
2019-06-05 08:31:46.267 23798 ERROR rally.task.runner return self.post(self.trunks_path, body=body)
2019-06-05 08:31:46.267 23798 ERROR rally.task.runner
File "/usr/lib/python2.7/site-packages/neutronclient/v2_0/client.py", line 359, in post
2019-06-05 08:31:46.267 23798 ERROR rally.task.runner headers=headers, params=params)
2019-06-05 08:31:46.267 23798 ERROR rally.task.runner
File "/usr/lib/python2.7/site-packages/neutronclient/v2_0/client.py", line 294, in do_request
2019-06-05 08:31:46.267 23798 ERROR rally.task.runner self._handle_fault_response(status_code, replybody, resp)
2019-06-05 08:31:46.267 23798 ERROR rally.task.runner
File "/usr/lib/python2.7/site-packages/neutronclient/v2_0/client.py", line 269, in _handle_fault_response
2019-06-05 08:31:46.267 23798 ERROR rally.task.runner exception_handler_v20(status_code, error_body)
2019-06-05 08:31:46.267 23798 ERROR rally.task.runner
File "/usr/lib/python2.7/site-packages/neutronclient/v2_0/client.py", line 93, in exception_handler_v20
2019-06-05 08:31:46.267 23798 ERROR rally.task.runner request_ids=request_ids)
2019-06-05 08:31:46.267 23798 ERROR rally.task.runner NeutronClientException:

504 Gateway Time-out

2019-06-05 08:31:46.267 23798 ERROR rally.task.runner The server didn't respond in time.
2019-06-05 08:31:46.267 23798 ERROR rally.task.runner
2019-06-05 08:31:46.267 23798 ERROR rally.task.runner
2019-06-05 08:31:46.267 23798 ERROR rally.task.runner
2019-06-05 08:31:46.269 23798 INFO rally.task.runner [-] Task 15125b8c-61ed-4323-9ad8-e875beceb282 | ITER: 3 END: Error NeutronClientException:

504 Gateway Time-out

The server didn't respond in time.
2019-06-05 08:31:47.658 23797 DEBUG neutronclient.v2_0.client [-] Error message:

504 Gateway Time-out

The server didn't respond in time. _handle_fault_response /usr/lib/python2.7/site-packages/neutronclient/v2_0/client.py:259
2019-06-05 08:31:47.666 23797 ERROR rally.task.runner [-] Iteration 2 raised Exception: NeutronClientException:

504 Gateway Time-out

The server didn't respond in time.
2019-06-05 08:31:47.666 23797 ERROR rally.task.runner
Traceback (most recent call last):
2019-06-05 08:31:47.666 23797 ERROR rally.task.runner
File "/usr/lib/python2.7/site-packages/rally/task/runner.py", line 71, in _run_scenario_once
2019-06-05 08:31:47.666 23797 ERROR rally.task.runner getattr(scenario_inst, method_name)(**scenario_kwargs)
2019-06-05 08:31:47.666 23797 ERROR rally.task.runner
File "/root/.rally/plugins/trunk_scenario.py", line 41, in run
2019-06-05 08:31:47.666 23797 ERROR rally.task.runner trunk = self._create_trunk(trunk_payload)
2019-06-05 08:31:47.666 23797 ERROR rally.task.runner
File "/usr/lib/python2.7/site-packages/rally/task/atomic.py", line 91, in func_atomic_actions
2019-06-05 08:31:47.666 23797 ERROR rally.task.runner f = func(self, *args, **kwargs)
2019-06-05 08:31:47.666 23797 ERROR rally.task.runner
File "/root/.rally/plugins/trunk_scenario.py", line 53, in _create_trunk
2019-06-05 08:31:47.666 23797 ERROR rally.task.runner return self.clients("neutron").create_trunk({'trunk': trunk_payload})
2019-06-05 08:31:47.666 23797 ERROR rally.task.runner
File "/usr/lib/python2.7/site-packages/neutronclient/v2_0/client.py", line 2091, in create_trunk
2019-06-05 08:31:47.666 23797 ERROR rally.task.runner return self.post(self.trunks_path, body=body)
2019-06-05 08:31:47.666 23797 ERROR rally.task.runner
File "/usr/lib/python2.7/site-packages/neutronclient/v2_0/client.py", line 359, in post
2019-06-05 08:31:47.666 23797 ERROR rally.task.runner headers=headers, params=params)
2019-06-05 08:31:47.666 23797 ERROR rally.task.runner
File "/usr/lib/python2.7/site-packages/neutronclient/v2_0/client.py", line 294, in do_request
2019-06-05 08:31:47.666 23797 ERROR rally.task.runner self._handle_fault_response(status_code, replybody, resp)
2019-06-05 08:31:47.666 23797 ERROR rally.task.runner
File "/usr/lib/python2.7/site-packages/neutronclient/v2_0/client.py", line 269, in _handle_fault_response
2019-06-05 08:31:47.666 23797 ERROR rally.task.runner exception_handler_v20(status_code, error_body)
2019-06-05 08:31:47.666 23797 ERROR rally.task.runner
File "/usr/lib/python2.7/site-packages/neutronclient/v2_0/client.py", line 93, in exception_handler_v20
2019-06-05 08:31:47.666 23797 ERROR rally.task.runner request_ids=request_ids)
2019-06-05 08:31:47.666 23797 ERROR rally.task.runner NeutronClientException:

504 Gateway Time-out

2019-06-05 08:31:47.666 23797 ERROR rally.task.runner The server didn't respond in time.
2019-06-05 08:31:47.666 23797 ERROR rally.task.runner
2019-06-05 08:31:47.666 23797 ERROR rally.task.runner
2019-06-05 08:31:47.666 23797 ERROR rally.task.runner
2019-06-05 08:31:47.668 23797 INFO rally.task.runner [-] Task 15125b8c-61ed-4323-9ad8-e875beceb282 | ITER: 2 END: Error NeutronClientException:

504 Gateway Time-out

The server didn't respond in time.
2019-06-05 08:31:48.268 23796 DEBUG neutronclient.v2_0.client [-] Error message:

504 Gateway Time-out

The server didn't respond in time. _handle_fault_response /usr/lib/python2.7/site-packages/neutronclient/v2_0/client.py:259
2019-06-05 08:31:48.276 23796 ERROR rally.task.runner [-] Iteration 1 raised Exception: NeutronClientException:

504 Gateway Time-out

The server didn't respond in time.
2019-06-05 08:31:48.276 23796 ERROR rally.task.runner
Traceback (most recent call last):
2019-06-05 08:31:48.276 23796 ERROR rally.task.runner
File "/usr/lib/python2.7/site-packages/rally/task/runner.py", line 71, in _run_scenario_once
2019-06-05 08:31:48.276 23796 ERROR rally.task.runner getattr(scenario_inst, method_name)(**scenario_kwargs)
2019-06-05 08:31:48.276 23796 ERROR rally.task.runner
File "/root/.rally/plugins/trunk_scenario.py", line 41, in run
2019-06-05 08:31:48.276 23796 ERROR rally.task.runner trunk = self._create_trunk(trunk_payload)
2019-06-05 08:31:48.276 23796 ERROR rally.task.runner
File "/usr/lib/python2.7/site-packages/rally/task/atomic.py", line 91, in func_atomic_actions
2019-06-05 08:31:48.276 23796 ERROR rally.task.runner f = func(self, *args, **kwargs)
2019-06-05 08:31:48.276 23796 ERROR rally.task.runner
File "/root/.rally/plugins/trunk_scenario.py", line 53, in _create_trunk
2019-06-05 08:31:48.276 23796 ERROR rally.task.runner return self.clients("neutron").create_trunk({'trunk': trunk_payload})
2019-06-05 08:31:48.276 23796 ERROR rally.task.runner
File "/usr/lib/python2.7/site-packages/neutronclient/v2_0/client.py", line 2091, in create_trunk
2019-06-05 08:31:48.276 23796 ERROR rally.task.runner return self.post(self.trunks_path, body=body)
2019-06-05 08:31:48.276 23796 ERROR rally.task.runner
File "/usr/lib/python2.7/site-packages/neutronclient/v2_0/client.py", line 359, in post
2019-06-05 08:31:48.276 23796 ERROR rally.task.runner headers=headers, params=params)
2019-06-05 08:31:48.276 23796 ERROR rally.task.runner
File "/usr/lib/python2.7/site-packages/neutronclient/v2_0/client.py", line 294, in do_request
2019-06-05 08:31:48.276 23796 ERROR rally.task.runner self._handle_fault_response(status_code, replybody, resp)
2019-06-05 08:31:48.276 23796 ERROR rally.task.runner
File "/usr/lib/python2.7/site-packages/neutronclient/v2_0/client.py", line 269, in _handle_fault_response
2019-06-05 08:31:48.276 23796 ERROR rally.task.runner exception_handler_v20(status_code, error_body)
2019-06-05 08:31:48.276 23796 ERROR rally.task.runner
File "/usr/lib/python2.7/site-packages/neutronclient/v2_0/client.py", line 93, in exception_handler_v20
2019-06-05 08:31:48.276 23796 ERROR rally.task.runner request_ids=request_ids)
2019-06-05 08:31:48.276 23796 ERROR rally.task.runner NeutronClientException:

504 Gateway Time-out

2019-06-05 08:31:48.276 23796 ERROR rally.task.runner The server didn't respond in time.
2019-06-05 08:31:48.276 23796 ERROR rally.task.runner
2019-06-05 08:31:48.276 23796 ERROR rally.task.runner
2019-06-05 08:31:48.276 23796 ERROR rally.task.runner
2019-06-05 08:31:48.277 23796 INFO rally.task.runner [-] Task 15125b8c-61ed-4323-9ad8-e875beceb282 | ITER: 1 END: Error NeutronClientException:

504 Gateway Time-out

The server didn't respond in time.
2019-06-05 08:31:48.300 18992 INFO rally.task.context [-] Task 15125b8c-61ed-4323-9ad8-e875beceb282 | Context cleanup@openstack cleanup() started
2019-06-05 08:31:48.305 18992 RALLYDEBUG rally_openstack.cleanup.manager [-] Cleaning up neutron vip objects
2019-06-05 08:31:49.067 18992 RALLYDEBUG rally_openstack.cleanup.manager [-] Cleaning up neutron health_monitor objects
2019-06-05 08:31:49.793 18992 RALLYDEBUG rally_openstack.cleanup.manager [-] Cleaning up neutron pool objects
2019-06-05 08:31:50.526 18992 RALLYDEBUG rally_openstack.cleanup.manager [-] Cleaning up neutron loadbalancer objects
2019-06-05 08:31:51.263 18992 RALLYDEBUG rally_openstack.cleanup.manager [-] Cleaning up neutron floatingip objects
2019-06-05 08:31:51.960 18992 RALLYDEBUG rally_openstack.cleanup.manager [-] Cleaning up neutron port objects
2019-06-05 08:31:54.977 18992 RALLYDEBUG rally_openstack.cleanup.manager [-] Deleting neutron.port object s_rally_5259f142_KwWGYSRP (013faa27-ff7c-451b-ac7e-bd520454310e)
2019-06-05 08:31:54.979 18992 RALLYDEBUG rally_openstack.cleanup.manager [-] Deleting neutron.port object s_rally_5259f142_X3lwzoTo (030ccca2-3764-4b5d-bed9-efefeb7e59c7)
2019-06-05 08:31:54.984 18992 RALLYDEBUG rally_openstack.cleanup.manager [-] Deleting neutron.port object s_rally_5259f142_Y1wGZ26v (036b9016-6cfa-4674-a1fc-e038edf1fe55)
2019-06-05 08:31:54.984 18992 RALLYDEBUG rally_openstack.cleanup.manager [-] Deleting neutron.port object s_rally_5259f142_CeCckRBX (02822566-30c3-42d7-b3b8-c2c0b34676f5)
2019-06-05 08:31:54.984 18992 RALLYDEBUG rally_openstack.cleanup.manager [-] Deleting neutron.port object s_rally_5259f142_lgfKGftf (01bb60a2-7540-453e-bb4c-766ac87abbd3)
2019-06-05 08:31:54.985 18992 RALLYDEBUG rally_openstack.cleanup.manager [-] Deleting neutron.port object s_rally_5259f142_ezihBhIF (02eb3b91-89e1-421f-8116-7724d6e56f8e)
2019-06-05 08:31:54.990 18992 RALLYDEBUG rally_openstack.cleanup.manager [-] Deleting neutron.port object s_rally_5259f142_UvyiKQQm (01546a68-f460-4189-a0fd-d9ea36df8cb2)
2019-06-05 08:31:54.990 18992 RALLYDEBUG rally_openstack.cleanup.manager [-] Deleting neutron.port object s_rally_5259f142_V4PZsHAz (003c59c5-20be-42b2-a23d-564cc4df01b4)
2019-06-05 08:31:54.993 18992 RALLYDEBUG rally_openstack.cleanup.manager [-] Deleting neutron.port object s_rally_5259f142_xl29C28B (049ea501-3a61-4613-ae30-09e50afaaf71)
2019-06-05 08:31:55.001 18992 RALLYDEBUG rally_openstack.cleanup.manager [-] Deleting neutron.port object s_rally_5259f142_n4O854pR (057d4944-c1e1-4acf-b215-afc3c1889ac5)
2019-06-05 08:31:55.010 18992 RALLYDEBUG rally_openstack.cleanup.manager [-] Deleting neutron.port object s_rally_5259f142_r5nR8Uo9 (06a4b477-51a1-4277-a49c-94bd0d417d57)
2019-06-05 08:31:55.041 18992 RALLYDEBUG rally_openstack.cleanup.manager [-] Deleting neutron.port object s_rally_5259f142_coVwvopG (0738fc89-d035-4022-bd2f-8d4a404cc8e5)
2019-06-05 08:31:55.052 18992 RALLYDEBUG rally_openstack.cleanup.manager [-] Deleting neutron.port object s_rally_5259f142_trCFG4dr (087ed72e-a7f9-4cfe-a483-ba35fab306fa)
2019-06-05 08:31:55.067 18992 RALLYDEBUG rally_openstack.cleanup.manager [-] Deleting neutron.port object s_rally_5259f142_2XEXTPjl (08922d76-a664-4da3-aece-5af428678fb1)
2019-06-05 08:31:55.068 18992 RALLYDEBUG rally_openstack.cleanup.manager [-] Deleting neutron.port object s_rally_5259f142_ZbezAzNF (0aa0cbb2-22e7-4c02-b464-ff0a0569a274)
2019-06-05 08:31:55.088 18992 RALLYDEBUG rally_openstack.cleanup.manager [-] Deleting neutron.port object s_rally_5259f142_3HZPYTfv (0aa5c653-ed76-4473-8a32-3d31c680099b)
2019-06-05 08:31:55.111 18992 RALLYDEBUG rally_openstack.cleanup.manager [-] Deleting neutron.port object s_rally_5259f142_412fM8zT (0b02d661-94a5-4d1a-9a83-84b0b3598197)
2019-06-05 08:31:55.113 18992 RALLYDEBUG rally_openstack.cleanup.manager [-] Deleting neutron.port object s_rally_5259f142_vNa3mMe7 (0afb7f06-628f-4592-b886-4fa99b506280)
2019-06-05 08:31:55.136 18992 RALLYDEBUG rally_openstack.cleanup.manager [-] Deleting neutron.port object s_rally_5259f142_4hmoO2jK (0bbba2c2-ed70-4aa1-9356-70ee2ccd4b69)
2019-06-05 08:31:55.144 18992 RALLYDEBUG rally_openstack.cleanup.manager [-] Deleting neutron.port object s_rally_5259f142_uJrVpSok (0c27fadb-3ea0-4329-aef9-bb4f702f40f4)
2019-06-05 08:31:56.161 18992 DEBUG neutronclient.v2_0.client [-] Error message: {"NeutronError": {"message": "Port 036b9016-6cfa-4674-a1fc-e038edf1fe55 is currently a subport for trunk 5832a5f5-a356-47fb-a20c-a245e7ac1d86.", "type": "PortInUseAsSubPort", "detail": ""}} _handle_fault_response /usr/lib/python2.7/site-packages/neutronclient/v2_0/client.py:259
2019-06-05 08:31:56.208 18992 DEBUG neutronclient.v2_0.client [-] Error message: {"NeutronError": {"message": "Port 013faa27-ff7c-451b-ac7e-bd520454310e is currently a subport for trunk bd891612-a94d-4eed-b7e9-6e6567d870ba.", "type": "PortInUseAsSubPort", "detail": ""}} _handle_fault_response /usr/lib/python2.7/site-packages/neutronclient/v2_0/client.py:259
2019-06-05 08:31:56.300 18992 DEBUG neutronclient.v2_0.client [-] Error message: {"NeutronError": {"message": "Port 01546a68-f460-4189-a0fd-d9ea36df8cb2 is currently a subport for trunk 5832a5f5-a356-47fb-a20c-a245e7ac1d86.", "type": "PortInUseAsSubPort", "detail": ""}} _handle_fault_response /usr/lib/python2.7/site-packages/neutronclient/v2_0/client.py:259
2019-06-05 08:31:56.348 18992 DEBUG neutronclient.v2_0.client [-] Error message: {"NeutronError": {"message": "Port 0738fc89-d035-4022-bd2f-8d4a404cc8e5 is currently a subport for trunk 5832a5f5-a356-47fb-a20c-a245e7ac1d86.", "type": "PortInUseAsSubPort", "detail": ""}} _handle_fault_response /usr/lib/python2.7/site-packages/neutronclient/v2_0/client.py:259
2019-06-05 08:31:56.360 18992 DEBUG neutronclient.v2_0.client [-] Error message: {"NeutronError": {"message": "Port 08922d76-a664-4da3-aece-5af428678fb1 is currently a subport for trunk 5832a5f5-a356-47fb-a20c-a245e7ac1d86.", "type": "PortInUseAsSubPort", "detail": ""}} _handle_fault_response /usr/lib/python2.7/site-packages/neutronclient/v2_0/client.py:259
2019-06-05 08:31:56.365 18992 DEBUG neutronclient.v2_0.client [-] Error message: {"NeutronError": {"message": "Port 030ccca2-3764-4b5d-bed9-efefeb7e59c7 is currently a subport for trunk 70c651c0-6044-451c-b51d-9c71032bd4e3.", "type": "PortInUseAsSubPort", "detail": ""}} _handle_fault_response /usr/lib/python2.7/site-packages/neutronclient/v2_0/client.py:259
2019-06-05 08:31:56.381 18992 DEBUG neutronclient.v2_0.client [-] Error message: {"NeutronError": {"message": "Port 0bbba2c2-ed70-4aa1-9356-70ee2ccd4b69 is currently a subport for trunk 70c651c0-6044-451c-b51d-9c71032bd4e3.", "type": "PortInUseAsSubPort", "detail": ""}} _handle_fault_response /usr/lib/python2.7/site-packages/neutronclient/v2_0/client.py:259
2019-06-05 08:31:56.388 18992 DEBUG neutronclient.v2_0.client [-] Error message: {"NeutronError": {"message": "Port 087ed72e-a7f9-4cfe-a483-ba35fab306fa is currently a subport for trunk bd891612-a94d-4eed-b7e9-6e6567d870ba.", "type": "PortInUseAsSubPort", "detail": ""}} _handle_fault_response /usr/lib/python2.7/site-packages/neutronclient/v2_0/client.py:259
