2019-06-05 06:24:32.344 725 DEBUG glanceclient.common.http [-] Request returned failure status 404. _handle_response /usr/lib/python2.7/site-packages/glanceclient/common/http.py:125
2019-06-05 06:24:32.459 725 DEBUG glanceclient.common.http [-] Request returned failure status 404. _handle_response /usr/lib/python2.7/site-packages/glanceclient/common/http.py:125
2019-06-05 06:24:32.572 725 DEBUG glanceclient.common.http [-] Request returned failure status 404. _handle_response /usr/lib/python2.7/site-packages/glanceclient/common/http.py:125
2019-06-05 06:24:32.576 725 DEBUG glanceclient.common.http [-] Request returned failure status 404. _handle_response /usr/lib/python2.7/site-packages/glanceclient/common/http.py:125
2019-06-05 06:24:32.590 725 DEBUG glanceclient.common.http [-] Request returned failure status 404. _handle_response /usr/lib/python2.7/site-packages/glanceclient/common/http.py:125
2019-06-05 06:24:32.601 725 DEBUG glanceclient.common.http [-] Request returned failure status 404. _handle_response /usr/lib/python2.7/site-packages/glanceclient/common/http.py:125
2019-06-05 06:24:32.613 725 DEBUG glanceclient.common.http [-] Request returned failure status 404. _handle_response /usr/lib/python2.7/site-packages/glanceclient/common/http.py:125
2019-06-05 06:24:32.629 725 DEBUG glanceclient.common.http [-] Request returned failure status 404. _handle_response /usr/lib/python2.7/site-packages/glanceclient/common/http.py:125
2019-06-05 06:24:32.864 725 DEBUG glanceclient.common.http [-] Request returned failure status 404. _handle_response /usr/lib/python2.7/site-packages/glanceclient/common/http.py:125
2019-06-05 06:24:32.933 725 DEBUG glanceclient.common.http [-] Request returned failure status 404. _handle_response /usr/lib/python2.7/site-packages/glanceclient/common/http.py:125
2019-06-05 06:24:33.399 725 DEBUG glanceclient.common.http [-] Request returned failure status 404. _handle_response /usr/lib/python2.7/site-packages/glanceclient/common/http.py:125
2019-06-05 06:24:33.414 725 DEBUG glanceclient.common.http [-] Request returned failure status 404. _handle_response /usr/lib/python2.7/site-packages/glanceclient/common/http.py:125
2019-06-05 06:24:33.415 725 DEBUG glanceclient.common.http [-] Request returned failure status 404. _handle_response /usr/lib/python2.7/site-packages/glanceclient/common/http.py:125
2019-06-05 06:24:33.429 725 DEBUG glanceclient.common.http [-] Request returned failure status 404. _handle_response /usr/lib/python2.7/site-packages/glanceclient/common/http.py:125
2019-06-05 06:24:34.432 725 INFO rally.task.context [-] Task 1a08394e-981a-4952-b065-03c7560bf192 | Context cleanup@openstack cleanup() finished in 33.41 sec
2019-06-05 06:24:34.432 725 INFO rally.task.context [-] Task 1a08394e-981a-4952-b065-03c7560bf192 | Context quotas@openstack cleanup() started
2019-06-05 06:24:34.433 725 DEBUG novaclient.v2.client [-] REQ: curl -g -i -X DELETE http://172.30.9.23:8774/v2.1/os-quota-sets/491f4a63a7794e6b89435386b932fa13 -H "Accept: application/json" -H "User-Agent: python-novaclient" -H "X-Auth-Token: {SHA1}47e90202af10eda9e7b3a24901ea1c2bd41b225b" _http_log_request /usr/lib/python2.7/site-packages/keystoneauth1/session.py:448
2019-06-05 06:24:34.490 725 DEBUG novaclient.v2.client [-] RESP: [202] Content-Length: 0 Content-Type: application/json Date: Wed, 05 Jun 2019 06:24:34 GMT OpenStack-API-Version: compute 2.1 Server: Apache Vary: OpenStack-API-Version,X-OpenStack-Nova-API-Version X-OpenStack-Nova-API-Version: 2.1 x-compute-request-id: req-ebba865c-d09a-49dc-9752-f30fc8ffe259 x-openstack-request-id: req-ebba865c-d09a-49dc-9752-f30fc8ffe259 _http_log_response /usr/lib/python2.7/site-packages/keystoneauth1/session.py:479
2019-06-05 06:24:34.490 725 DEBUG novaclient.v2.client [-] DELETE call to compute for http://172.30.9.23:8774/v2.1/os-quota-sets/491f4a63a7794e6b89435386b932fa13 used request id req-ebba865c-d09a-49dc-9752-f30fc8ffe259 request /usr/lib/python2.7/site-packages/keystoneauth1/session.py:844
2019-06-05 06:24:34.492 725 DEBUG novaclient.v2.client [-] REQ: curl -g -i -X DELETE http://172.30.9.23:8774/v2.1/os-quota-sets/3b56f0b2928b494cad25ee3b6f29c0c1 -H "Accept: application/json" -H "User-Agent: python-novaclient" -H "X-Auth-Token: {SHA1}47e90202af10eda9e7b3a24901ea1c2bd41b225b" _http_log_request /usr/lib/python2.7/site-packages/keystoneauth1/session.py:448
2019-06-05 06:24:34.514 725 DEBUG novaclient.v2.client [-] RESP: [202] Content-Length: 0 Content-Type: application/json Date: Wed, 05 Jun 2019 06:24:34 GMT OpenStack-API-Version: compute 2.1 Server: Apache Vary: OpenStack-API-Version,X-OpenStack-Nova-API-Version X-OpenStack-Nova-API-Version: 2.1 x-compute-request-id: req-a44e1b16-5f71-470f-971d-3f51d0fa262b x-openstack-request-id: req-a44e1b16-5f71-470f-971d-3f51d0fa262b _http_log_response /usr/lib/python2.7/site-packages/keystoneauth1/session.py:479
2019-06-05 06:24:34.514 725 DEBUG novaclient.v2.client [-] DELETE call to compute for http://172.30.9.23:8774/v2.1/os-quota-sets/3b56f0b2928b494cad25ee3b6f29c0c1 used request id req-a44e1b16-5f71-470f-971d-3f51d0fa262b request /usr/lib/python2.7/site-packages/keystoneauth1/session.py:844
2019-06-05 06:24:34.515 725 DEBUG novaclient.v2.client [-] REQ: curl -g -i -X DELETE http://172.30.9.23:8774/v2.1/os-quota-sets/38b0f6d5b7e6444491062113a09eadf3 -H "Accept: application/json" -H "User-Agent: python-novaclient" -H "X-Auth-Token: {SHA1}47e90202af10eda9e7b3a24901ea1c2bd41b225b" _http_log_request /usr/lib/python2.7/site-packages/keystoneauth1/session.py:448
2019-06-05 06:24:34.537 725 DEBUG novaclient.v2.client [-] RESP: [202] Content-Length: 0 Content-Type: application/json Date: Wed, 05 Jun 2019 06:24:34 GMT OpenStack-API-Version: compute 2.1 Server: Apache Vary: OpenStack-API-Version,X-OpenStack-Nova-API-Version X-OpenStack-Nova-API-Version: 2.1 x-compute-request-id: req-45d6deaf-5252-4833-ac69-1133e4a20fa3 x-openstack-request-id: req-45d6deaf-5252-4833-ac69-1133e4a20fa3 _http_log_response /usr/lib/python2.7/site-packages/keystoneauth1/session.py:479
2019-06-05 06:24:34.538 725 DEBUG novaclient.v2.client [-] DELETE call to compute for http://172.30.9.23:8774/v2.1/os-quota-sets/38b0f6d5b7e6444491062113a09eadf3 used request id req-45d6deaf-5252-4833-ac69-1133e4a20fa3 request /usr/lib/python2.7/site-packages/keystoneauth1/session.py:844
2019-06-05 06:24:34.538 725 INFO rally.task.context [-] Task 1a08394e-981a-4952-b065-03c7560bf192 | Context quotas@openstack cleanup() finished in 0.11 sec
2019-06-05 06:24:34.539 725 INFO rally.task.context [-] Task 1a08394e-981a-4952-b065-03c7560bf192 | Context users@openstack cleanup() started
2019-06-05 06:24:42.609 725 INFO rally.task.context [-] Task 1a08394e-981a-4952-b065-03c7560bf192 | Context users@openstack cleanup() finished in 8.07 sec
2019-06-05 06:24:42.818 725 INFO rally.task.engine [-] Load duration is: 82.828637
2019-06-05 06:24:42.819 725 INFO rally.task.engine [-] Full runner duration is: 84.740475
2019-06-05 06:24:42.819 725 INFO rally.task.engine [-] Full duration is: 134.286715
2019-06-05 06:24:43.089 725 INFO rally.task.engine [-] Running workload: position = 0 config = { "version": 2, "title": "A cropped version of a bigger task.", "description": "Auto-generated task from a single workload (uuid=7acc4c66-ca63-4705-ac27-ea73bdb95de3)", "subtasks": [ { "title": "GlanceImages.create_and_deactivate_image", "description": "Create an image, then deactivate it.", "scenario": { "GlanceImages.create_and_deactivate_image": { "container_format": "bare", "disk_format": "qcow2", "image_location": "/home/opnfv/functest/images/cirros-0.4.0-x86_64-disk.img" } }, "contexts": { "users": { "tenants": 3, "users_per_tenant": 2 } }, "runner": { "constant": { "concurrency": 4, "times": 10 } }, "hooks": [], "sla": { "failure_rate": { "max": 0 } } } ] }
2019-06-05 06:24:43.111 725 RALLYDEBUG rally_openstack.contexts.keystone.users [-] Creating 3 tenants using 20 threads
2019-06-05 06:24:44.953 725 RALLYDEBUG rally_openstack.contexts.keystone.users [-] Creating 6 users using 20 threads
2019-06-05 06:24:47.752 725 INFO rally.task.context [-] Task 1a08394e-981a-4952-b065-03c7560bf192 | Context users@openstack setup() finished in 4.64 sec
2019-06-05 06:24:47.753 725 INFO rally.task.context [-] Task 1a08394e-981a-4952-b065-03c7560bf192 | Context cleanup@openstack setup() finished in 0.03 msec
2019-06-05 06:24:47.761 725 RALLYDEBUG rally.task.runner [-] Starting the constant runner (task UUID: 1a08394e-981a-4952-b065-03c7560bf192). timeout: 0 concurrency: 4 concurrency_per_worker: 1 times: 10 concurrency_overhead: 0 processes_to_start: 4 max_cpu_used: 16
2019-06-05 06:24:47.774 1385 RALLYDEBUG rally.task.runner [-] Starting a worker. concurrency: 1 args: {"container_format": "bare", "disk_format": "qcow2", "image_location": "/home/opnfv/functest/images/cirros-0.4.0-x86_64-disk.img"} times: 10 method_name: run timeout: 0 duration: None cls:
2019-06-05 06:24:47.776 1386 RALLYDEBUG rally.task.runner [-] Starting a worker. concurrency: 1 args: {"container_format": "bare", "disk_format": "qcow2", "image_location": "/home/opnfv/functest/images/cirros-0.4.0-x86_64-disk.img"} times: 10 method_name: run timeout: 0 duration: None cls:
2019-06-05 06:24:47.778 1387 RALLYDEBUG rally.task.runner [-] Starting a worker. concurrency: 1 args: {"container_format": "bare", "disk_format": "qcow2", "image_location": "/home/opnfv/functest/images/cirros-0.4.0-x86_64-disk.img"} times: 10 method_name: run timeout: 0 duration: None cls:
2019-06-05 06:24:47.780 1388 RALLYDEBUG rally.task.runner [-] Starting a worker. concurrency: 1 args: {"container_format": "bare", "disk_format": "qcow2", "image_location": "/home/opnfv/functest/images/cirros-0.4.0-x86_64-disk.img"} times: 10 method_name: run timeout: 0 duration: None cls:
2019-06-05 06:24:47.781 1385 INFO rally.task.runner [-] Task 1a08394e-981a-4952-b065-03c7560bf192 | ITER: 1 START
2019-06-05 06:24:47.782 1387 INFO rally.task.runner [-] Task 1a08394e-981a-4952-b065-03c7560bf192 | ITER: 3 START
2019-06-05 06:24:47.783 1386 INFO rally.task.runner [-] Task 1a08394e-981a-4952-b065-03c7560bf192 | ITER: 2 START
2019-06-05 06:24:47.783 1388 INFO rally.task.runner [-] Task 1a08394e-981a-4952-b065-03c7560bf192 | ITER: 4 START
2019-06-05 06:24:51.344 1388 RALLYDEBUG rally.task.utils [-] Waiting for resource u'07cf5a1b-6638-40fa-9cd7-6f97e4ea9d50'. Status changed: NONE => QUEUED in 0.0286769866943
2019-06-05 06:24:51.552 1386 RALLYDEBUG rally.task.utils [-] Waiting for resource u'cf9e1140-ea51-441b-9c7e-2403f844bb78'. Status changed: NONE => QUEUED in 0.48988199234
2019-06-05 06:24:51.615 1385 RALLYDEBUG rally.task.utils [-] Waiting for resource u'3b0ee3d3-7c55-4ad2-9a7a-3d2d99782a70'. Status changed: NONE => QUEUED in 0.309305906296
2019-06-05 06:24:52.763 1387 RALLYDEBUG rally.task.utils [-] Waiting for resource u'ff158cb8-52df-4793-8bb9-f7f8fdf1e266'. Status changed: NONE => QUEUED in 1.00770497322
2019-06-05 06:24:52.818 1388 RALLYDEBUG rally.task.utils [-] Waiting for resource s_rally_7acc4c66_KYTow4nQ. Status changed: QUEUED => ACTIVE in 0.308934211731
2019-06-05 06:24:52.854 1385 RALLYDEBUG rally.task.utils [-] Waiting for resource s_rally_7acc4c66_PvjAkSgW. Status changed: QUEUED => ACTIVE in 0.219314813614
2019-06-05 06:24:52.907 1386 RALLYDEBUG rally.task.utils [-] Waiting for resource s_rally_7acc4c66_botaLtiX. Status changed: QUEUED => ACTIVE in 0.224195957184
2019-06-05 06:24:53.175 1386 INFO rally.task.runner [-] Task 1a08394e-981a-4952-b065-03c7560bf192 | ITER: 2 END: OK
2019-06-05 06:24:53.179 1386 INFO rally.task.runner [-] Task 1a08394e-981a-4952-b065-03c7560bf192 | ITER: 5 START
2019-06-05 06:24:53.193 1388 INFO rally.task.runner [-] Task 1a08394e-981a-4952-b065-03c7560bf192 | ITER: 4 END: OK
2019-06-05 06:24:53.197 1388 INFO rally.task.runner [-] Task 1a08394e-981a-4952-b065-03c7560bf192 | ITER: 6 START
2019-06-05 06:24:53.241 1385 INFO rally.task.runner [-] Task 1a08394e-981a-4952-b065-03c7560bf192 | ITER: 1 END: OK
2019-06-05 06:24:53.245 1385 INFO rally.task.runner [-] Task 1a08394e-981a-4952-b065-03c7560bf192 | ITER: 7 START
2019-06-05 06:24:54.983 1387 RALLYDEBUG rally.task.utils [-] Waiting for resource s_rally_7acc4c66_3hQ0NNDF. Status changed: QUEUED => ACTIVE in 0.305954933167
2019-06-05 06:24:55.250 1387 INFO rally.task.runner [-] Task 1a08394e-981a-4952-b065-03c7560bf192 | ITER: 3 END: OK
2019-06-05 06:24:55.254 1387 INFO rally.task.runner [-] Task 1a08394e-981a-4952-b065-03c7560bf192 | ITER: 8 START
2019-06-05 06:24:56.608 1386 RALLYDEBUG rally.task.utils [-] Waiting for resource u'83c0db37-d87e-4fb4-9538-cca9204be23a'. Status changed: NONE => QUEUED in 0.230337142944
2019-06-05 06:24:56.722 1388 RALLYDEBUG rally.task.utils [-] Waiting for resource u'f112d778-ec17-45d5-bffa-b4f435b00c4f'. Status changed: NONE => QUEUED in 0.334174871445
2019-06-05 06:24:56.752 1385 RALLYDEBUG rally.task.utils [-] Waiting for resource u'c2352b8b-c429-48d6-ab25-45600fe43c18'. Status changed: NONE => QUEUED in 0.314512968063
2019-06-05 06:24:57.587 1385 RALLYDEBUG rally.task.utils [-] Waiting for resource s_rally_7acc4c66_rwSYD5hX. Status changed: QUEUED => ACTIVE in 0.363811969757
2019-06-05 06:24:57.965 1385 INFO rally.task.runner [-] Task 1a08394e-981a-4952-b065-03c7560bf192 | ITER: 7 END: OK
2019-06-05 06:24:57.969 1385 INFO rally.task.runner [-] Task 1a08394e-981a-4952-b065-03c7560bf192 | ITER: 9 START
2019-06-05 06:24:58.337 1386 RALLYDEBUG rally.task.utils [-] Waiting for resource s_rally_7acc4c66_fVd9Duhp. Status changed: QUEUED => ACTIVE in 0.0169858932495
2019-06-05 06:24:58.619 1388 RALLYDEBUG rally.task.utils [-] Waiting for resource s_rally_7acc4c66_PgHjtQRR. Status changed: QUEUED => ACTIVE in 0.318620920181
2019-06-05 06:24:58.632 1386 INFO rally.task.runner [-] Task 1a08394e-981a-4952-b065-03c7560bf192 | ITER: 5 END: OK
2019-06-05 06:24:58.636 1386 INFO rally.task.runner [-] Task 1a08394e-981a-4952-b065-03c7560bf192 | ITER: 10 START
2019-06-05 06:24:58.727 1388 INFO rally.task.runner [-] Task 1a08394e-981a-4952-b065-03c7560bf192 | ITER: 6 END: OK
2019-06-05 06:24:59.451 1387 RALLYDEBUG rally.task.utils [-] Waiting for resource u'0a03ea5b-8749-4a9a-b3e3-91bae67d2f7e'. Status changed: NONE => QUEUED in 0.731511116028
2019-06-05 06:25:00.687 1387 RALLYDEBUG rally.task.utils [-] Waiting for resource s_rally_7acc4c66_PflEq15h. Status changed: QUEUED => ACTIVE in 0.309078931808
2019-06-05 06:25:01.065 1387 INFO rally.task.runner [-] Task 1a08394e-981a-4952-b065-03c7560bf192 | ITER: 8 END: OK
2019-06-05 06:25:02.287 1385 RALLYDEBUG rally.task.utils [-] Waiting for resource u'74a8cf07-1116-4918-ab29-2827acfc465d'. Status changed: NONE => QUEUED in 0.587474107742
2019-06-05 06:25:02.664 1386 RALLYDEBUG rally.task.utils [-] Waiting for resource u'a3a070e3-0078-4651-8683-38e39e3d0ae8'. Status changed: NONE => QUEUED in 0.621677160263
2019-06-05 06:25:03.023 1385 RALLYDEBUG rally.task.utils [-] Waiting for resource s_rally_7acc4c66_6pwPH90j. Status changed: QUEUED => ACTIVE in 0.0220868587494
2019-06-05 06:25:03.299 1385 INFO rally.task.runner [-] Task 1a08394e-981a-4952-b065-03c7560bf192 | ITER: 9 END: OK
2019-06-05 06:25:04.095 1386 RALLYDEBUG rally.task.utils [-] Waiting for resource s_rally_7acc4c66_CTddQS2l. Status changed: QUEUED => ACTIVE in 0.0175211429596
2019-06-05 06:25:04.452 1386 INFO rally.task.runner [-] Task 1a08394e-981a-4952-b065-03c7560bf192 | ITER: 10 END: OK
2019-06-05 06:25:04.478 725 INFO rally.task.context [-] Task 1a08394e-981a-4952-b065-03c7560bf192 | Context cleanup@openstack cleanup() started
2019-06-05 06:25:04.480 725 RALLYDEBUG rally_openstack.cleanup.manager [-] Cleaning up glance images objects
2019-06-05 06:25:08.592 725 RALLYDEBUG rally_openstack.cleanup.manager [-] Deleting glance.images object s_rally_7acc4c66_fVd9Duhp (83c0db37-d87e-4fb4-9538-cca9204be23a)
2019-06-05 06:25:08.593 725 RALLYDEBUG rally_openstack.cleanup.manager [-] Deleting glance.images object s_rally_7acc4c66_PvjAkSgW (3b0ee3d3-7c55-4ad2-9a7a-3d2d99782a70)
2019-06-05 06:25:08.595 725 RALLYDEBUG rally_openstack.cleanup.manager [-] Deleting glance.images object s_rally_7acc4c66_3hQ0NNDF (ff158cb8-52df-4793-8bb9-f7f8fdf1e266)
2019-06-05 06:25:08.597 725 RALLYDEBUG rally_openstack.cleanup.manager [-] Deleting glance.images object s_rally_7acc4c66_rwSYD5hX (c2352b8b-c429-48d6-ab25-45600fe43c18)
2019-06-05 06:25:08.600 725 RALLYDEBUG rally_openstack.cleanup.manager [-] Deleting glance.images object s_rally_7acc4c66_CTddQS2l (a3a070e3-0078-4651-8683-38e39e3d0ae8)
2019-06-05 06:25:08.610 725 RALLYDEBUG rally_openstack.cleanup.manager [-] Deleting glance.images object s_rally_7acc4c66_6pwPH90j (74a8cf07-1116-4918-ab29-2827acfc465d)
2019-06-05 06:25:08.611 725 RALLYDEBUG rally_openstack.cleanup.manager [-] Deleting glance.images object s_rally_7acc4c66_botaLtiX (cf9e1140-ea51-441b-9c7e-2403f844bb78)
2019-06-05 06:25:08.616 725 RALLYDEBUG rally_openstack.cleanup.manager [-] Deleting glance.images object s_rally_7acc4c66_PflEq15h (0a03ea5b-8749-4a9a-b3e3-91bae67d2f7e)
2019-06-05 06:25:08.627 725 RALLYDEBUG rally_openstack.cleanup.manager [-] Deleting glance.images object s_rally_7acc4c66_PgHjtQRR (f112d778-ec17-45d5-bffa-b4f435b00c4f)
2019-06-05 06:25:08.631 725 RALLYDEBUG rally_openstack.cleanup.manager [-] Deleting glance.images object s_rally_7acc4c66_KYTow4nQ (07cf5a1b-6638-40fa-9cd7-6f97e4ea9d50)
2019-06-05 06:25:10.701 725 DEBUG glanceclient.common.http [-] Request returned failure status 404. _handle_response /usr/lib/python2.7/site-packages/glanceclient/common/http.py:125
2019-06-05 06:25:10.734 725 DEBUG glanceclient.common.http [-] Request returned failure status 404. _handle_response /usr/lib/python2.7/site-packages/glanceclient/common/http.py:125
2019-06-05 06:25:10.747 725 DEBUG glanceclient.common.http [-] Request returned failure status 404. _handle_response /usr/lib/python2.7/site-packages/glanceclient/common/http.py:125
2019-06-05 06:25:10.760 725 DEBUG glanceclient.common.http [-] Request returned failure status 404. _handle_response /usr/lib/python2.7/site-packages/glanceclient/common/http.py:125
2019-06-05 06:25:10.929 725 DEBUG glanceclient.common.http [-] Request returned failure status 404. _handle_response /usr/lib/python2.7/site-packages/glanceclient/common/http.py:125
2019-06-05 06:25:10.943 725 DEBUG glanceclient.common.http [-] Request returned failure status 404. _handle_response /usr/lib/python2.7/site-packages/glanceclient/common/http.py:125
2019-06-05 06:25:11.033 725 DEBUG glanceclient.common.http [-] Request returned failure status 404. _handle_response /usr/lib/python2.7/site-packages/glanceclient/common/http.py:125
2019-06-05 06:25:11.040 725 DEBUG glanceclient.common.http [-] Request returned failure status 404. _handle_response /usr/lib/python2.7/site-packages/glanceclient/common/http.py:125
2019-06-05 06:25:11.046 725 DEBUG glanceclient.common.http [-] Request returned failure status 404. _handle_response /usr/lib/python2.7/site-packages/glanceclient/common/http.py:125
2019-06-05 06:25:11.147 725 DEBUG glanceclient.common.http [-] Request returned failure status 404. _handle_response /usr/lib/python2.7/site-packages/glanceclient/common/http.py:125
2019-06-05 06:25:11.662 725 DEBUG glanceclient.common.http [-] Request returned failure status 404. _handle_response /usr/lib/python2.7/site-packages/glanceclient/common/http.py:125
2019-06-05 06:25:11.687 725 DEBUG glanceclient.common.http [-] Request returned failure status 404. _handle_response /usr/lib/python2.7/site-packages/glanceclient/common/http.py:125
2019-06-05 06:25:11.820 725 DEBUG glanceclient.common.http [-] Request returned failure status 404. _handle_response /usr/lib/python2.7/site-packages/glanceclient/common/http.py:125
2019-06-05 06:25:11.920 725 DEBUG glanceclient.common.http [-] Request returned failure status 404. _handle_response /usr/lib/python2.7/site-packages/glanceclient/common/http.py:125
2019-06-05 06:25:11.932 725 DEBUG glanceclient.common.http [-] Request returned failure status 404. _handle_response /usr/lib/python2.7/site-packages/glanceclient/common/http.py:125
2019-06-05 06:25:11.959 725 DEBUG glanceclient.common.http [-] Request returned failure status 404. _handle_response /usr/lib/python2.7/site-packages/glanceclient/common/http.py:125
2019-06-05 06:25:11.984 725 DEBUG glanceclient.common.http [-] Request returned failure status 404. _handle_response /usr/lib/python2.7/site-packages/glanceclient/common/http.py:125
2019-06-05 06:25:12.004 725 DEBUG glanceclient.common.http [-] Request returned failure status 404. _handle_response /usr/lib/python2.7/site-packages/glanceclient/common/http.py:125
2019-06-05 06:25:12.027 725 DEBUG glanceclient.common.http [-] Request returned failure status 404. _handle_response /usr/lib/python2.7/site-packages/glanceclient/common/http.py:125
2019-06-05 06:25:12.200 725 DEBUG glanceclient.common.http [-] Request returned failure status 404. _handle_response /usr/lib/python2.7/site-packages/glanceclient/common/http.py:125
2019-06-05 06:25:13.203 725 INFO rally.task.context [-] Task 1a08394e-981a-4952-b065-03c7560bf192 | Context cleanup@openstack cleanup() finished in 8.73 sec
2019-06-05 06:25:13.203 725 INFO rally.task.context [-] Task 1a08394e-981a-4952-b065-03c7560bf192 | Context users@openstack cleanup() started
2019-06-05 06:25:20.939 725 INFO rally.task.context [-] Task 1a08394e-981a-4952-b065-03c7560bf192 | Context users@openstack cleanup() finished in 7.74 sec
2019-06-05 06:25:21.300 725 INFO rally.task.engine [-] Load duration is: 15.812517
2019-06-05 06:25:21.300 725 INFO rally.task.engine [-] Full runner duration is: 16.717744
2019-06-05 06:25:21.300 725 INFO rally.task.engine [-] Full duration is: 37.829943
2019-06-05 06:25:21.538 725 INFO rally.task.engine [-] Running workload: position = 0 config = { "version": 2, "title": "A cropped version of a bigger task.", "description": "Auto-generated task from a single workload (uuid=adc79449-8b90-41fa-820a-c0f2995b3701)", "subtasks": [ { "title": "GlanceImages.create_and_download_image", "description": "Create an image, then download data of the image.", "scenario": { "GlanceImages.create_and_download_image": { "container_format": "bare", "disk_format": "qcow2", "image_location": "/home/opnfv/functest/images/cirros-0.4.0-x86_64-disk.img" } }, "contexts": { "users": { "tenants": 3, "users_per_tenant": 2 } }, "runner": { "constant": { "concurrency": 4, "times": 10 } }, "hooks": [], "sla": { "failure_rate": { "max": 0 } } } ] }
2019-06-05 06:25:21.559 725 RALLYDEBUG rally_openstack.contexts.keystone.users [-] Creating 3 tenants using 20 threads
2019-06-05 06:25:23.433 725 RALLYDEBUG rally_openstack.contexts.keystone.users [-] Creating 6 users using 20 threads
2019-06-05 06:25:26.335 725 INFO rally.task.context [-] Task 1a08394e-981a-4952-b065-03c7560bf192 | Context users@openstack setup() finished in 4.78 sec
2019-06-05 06:25:26.335 725 INFO rally.task.context [-] Task 1a08394e-981a-4952-b065-03c7560bf192 | Context cleanup@openstack setup() finished in 0.01 msec
2019-06-05 06:25:26.343 725 RALLYDEBUG rally.task.runner [-] Starting the constant runner (task UUID: 1a08394e-981a-4952-b065-03c7560bf192). timeout: 0 concurrency: 4 concurrency_per_worker: 1 times: 10 concurrency_overhead: 0 processes_to_start: 4 max_cpu_used: 16
2019-06-05 06:25:26.356 1509 RALLYDEBUG rally.task.runner [-] Starting a worker. concurrency: 1 args: {"container_format": "bare", "disk_format": "qcow2", "image_location": "/home/opnfv/functest/images/cirros-0.4.0-x86_64-disk.img"} times: 10 method_name: run timeout: 0 duration: None cls:
2019-06-05 06:25:26.359 1510 RALLYDEBUG rally.task.runner [-] Starting a worker. concurrency: 1 args: {"container_format": "bare", "disk_format": "qcow2", "image_location": "/home/opnfv/functest/images/cirros-0.4.0-x86_64-disk.img"} times: 10 method_name: run timeout: 0 duration: None cls:
2019-06-05 06:25:26.359 1511 RALLYDEBUG rally.task.runner [-] Starting a worker. concurrency: 1 args: {"container_format": "bare", "disk_format": "qcow2", "image_location": "/home/opnfv/functest/images/cirros-0.4.0-x86_64-disk.img"} times: 10 method_name: run timeout: 0 duration: None cls:
2019-06-05 06:25:26.362 1509 INFO rally.task.runner [-] Task 1a08394e-981a-4952-b065-03c7560bf192 | ITER: 1 START
2019-06-05 06:25:26.364 1511 INFO rally.task.runner [-] Task 1a08394e-981a-4952-b065-03c7560bf192 | ITER: 3 START
2019-06-05 06:25:26.364 1512 RALLYDEBUG rally.task.runner [-] Starting a worker. concurrency: 1 args: {"container_format": "bare", "disk_format": "qcow2", "image_location": "/home/opnfv/functest/images/cirros-0.4.0-x86_64-disk.img"} times: 10 method_name: run timeout: 0 duration: None cls:
2019-06-05 06:25:26.365 1510 INFO rally.task.runner [-] Task 1a08394e-981a-4952-b065-03c7560bf192 | ITER: 2 START
2019-06-05 06:25:26.370 1512 INFO rally.task.runner [-] Task 1a08394e-981a-4952-b065-03c7560bf192 | ITER: 4 START
2019-06-05 06:25:30.134 1510 RALLYDEBUG rally.task.utils [-] Waiting for resource u'e0f7edf7-17cf-458c-8247-531fefde0b3f'. Status changed: NONE => QUEUED in 0.216890096664
2019-06-05 06:25:30.156 1511 RALLYDEBUG rally.task.utils [-] Waiting for resource u'f6d2c48d-726f-49d8-9235-755b053b28ed'. Status changed: NONE => QUEUED in 0.505218029022
2019-06-05 06:25:30.208 1512 RALLYDEBUG rally.task.utils [-] Waiting for resource u'6c2845d1-4cb3-4ee2-8e35-2fd74f8e3d47'. Status changed: NONE => QUEUED in 0.224983930588
2019-06-05 06:25:30.220 1509 RALLYDEBUG rally.task.utils [-] Waiting for resource u'a4c4d7df-c772-47c3-887f-b5182065c03e'. Status changed: NONE => QUEUED in 0.293544054031
2019-06-05 06:25:31.055 1509 RALLYDEBUG rally.task.utils [-] Waiting for resource s_rally_adc79449_vZZDfpyo. Status changed: QUEUED => ACTIVE in 0.407768011093
2019-06-05 06:25:31.717 1509 INFO rally.task.runner [-] Task 1a08394e-981a-4952-b065-03c7560bf192 | ITER: 1 END: OK
2019-06-05 06:25:31.720 1509 INFO rally.task.runner [-] Task 1a08394e-981a-4952-b065-03c7560bf192 | ITER: 5 START
2019-06-05 06:25:32.052 1512 RALLYDEBUG rally.task.utils [-] Waiting for resource s_rally_adc79449_mjGtF9Gv. Status changed: QUEUED => ACTIVE in 0.294322967529
2019-06-05 06:25:32.074 1511 RALLYDEBUG rally.task.utils [-] Waiting for resource s_rally_adc79449_3ClLvPG7. Status changed: QUEUED => ACTIVE in 0.293514966965
2019-06-05 06:25:32.147 1510 RALLYDEBUG rally.task.utils [-] Waiting for resource s_rally_adc79449_KIXOzmVQ. Status changed: QUEUED => ACTIVE in 0.313487052917
2019-06-05 06:25:32.200 1512 INFO rally.task.runner [-] Task 1a08394e-981a-4952-b065-03c7560bf192 | ITER: 4 END: OK
2019-06-05 06:25:32.204 1512 INFO rally.task.runner [-] Task 1a08394e-981a-4952-b065-03c7560bf192 | ITER: 6 START
2019-06-05 06:25:32.298 1510 INFO rally.task.runner [-] Task 1a08394e-981a-4952-b065-03c7560bf192 | ITER: 2 END: OK
2019-06-05 06:25:32.301 1510 INFO rally.task.runner [-] Task 1a08394e-981a-4952-b065-03c7560bf192 | ITER: 7 START
2019-06-05 06:25:32.546 1511 INFO rally.task.runner [-] Task 1a08394e-981a-4952-b065-03c7560bf192 | ITER: 3 END: OK
2019-06-05 06:25:32.549 1511 INFO rally.task.runner [-] Task 1a08394e-981a-4952-b065-03c7560bf192 | ITER: 8 START
2019-06-05 06:25:35.759 1509 RALLYDEBUG rally.task.utils [-] Waiting for resource u'88becbd3-4e45-4064-a7d8-f131e0224b4b'. Status changed: NONE => QUEUED in 0.516630172729
2019-06-05 06:25:35.853 1510 RALLYDEBUG rally.task.utils [-] Waiting for resource u'aead0857-c981-473e-b494-4971e84c388e'. Status changed: NONE => QUEUED in 0.316465139389
2019-06-05 06:25:35.867 1511 RALLYDEBUG rally.task.utils [-] Waiting for resource u'e26bc7f2-40fe-41a3-bd57-2817b2ad9f35'. Status changed: NONE => QUEUED in 0.0288181304932
2019-06-05 06:25:36.395 1512 RALLYDEBUG rally.task.utils [-] Waiting for resource u'73834f0e-0cf2-4d13-8d33-c9e8e3e18ff2'. Status changed: NONE => QUEUED in 0.875741004944
2019-06-05 06:25:36.573 1509 RALLYDEBUG rally.task.utils [-] Waiting for resource s_rally_adc79449_R1ijgB2m. Status changed: QUEUED => ACTIVE in 0.0163779258728
2019-06-05 06:25:36.852 1510 RALLYDEBUG rally.task.utils [-] Waiting for resource s_rally_adc79449_pPmz5TmO. Status changed: QUEUED => ACTIVE in 0.31844496727
2019-06-05 06:25:37.323 1510 INFO rally.task.runner [-] Task 1a08394e-981a-4952-b065-03c7560bf192 | ITER: 7 END: OK
2019-06-05 06:25:37.327 1510 INFO rally.task.runner [-] Task 1a08394e-981a-4952-b065-03c7560bf192 | ITER: 9 START
2019-06-05 06:25:37.591 1511 RALLYDEBUG rally.task.utils [-] Waiting for resource s_rally_adc79449_hDX3bqP1. Status changed: QUEUED => ACTIVE in 0.0223369598389
2019-06-05 06:25:37.639 1509 INFO rally.task.runner [-] Task 1a08394e-981a-4952-b065-03c7560bf192 | ITER: 5 END: OK
2019-06-05 06:25:37.643 1509 INFO rally.task.runner [-] Task 1a08394e-981a-4952-b065-03c7560bf192 | ITER: 10 START
2019-06-05 06:25:37.682 1512 RALLYDEBUG rally.task.utils [-] Waiting for resource s_rally_adc79449_OkwRjoRW. Status changed: QUEUED => ACTIVE in 0.018383026123
2019-06-05 06:25:38.117 1512 INFO rally.task.runner [-] Task 1a08394e-981a-4952-b065-03c7560bf192 | ITER: 6 END: OK
2019-06-05 06:25:38.265 1511 INFO rally.task.runner [-] Task 1a08394e-981a-4952-b065-03c7560bf192 | ITER: 8 END: OK
2019-06-05 06:25:41.234 1510 RALLYDEBUG rally.task.utils [-] Waiting for resource u'b4708c3a-b9b4-4ace-9446-8552286106c3'. Status changed: NONE => QUEUED in 0.416501998901
2019-06-05 06:25:41.743 1509 RALLYDEBUG rally.task.utils [-] Waiting for resource u'c53bf3f0-8c33-41e7-aea7-d190d7e5a651'. Status changed: NONE => QUEUED in 0.505560874939
2019-06-05 06:25:42.792 1510 RALLYDEBUG rally.task.utils [-] Waiting for resource s_rally_adc79449_YZ6JCYSy. Status changed: QUEUED => ACTIVE in 0.222712993622
2019-06-05 06:25:43.426 1510 INFO rally.task.runner [-] Task 1a08394e-981a-4952-b065-03c7560bf192 | ITER: 9 END: OK
2019-06-05 06:25:43.928 1509 RALLYDEBUG rally.task.utils [-] Waiting for resource s_rally_adc79449_ISuOMgw8. Status changed: QUEUED => ACTIVE in 0.329254865646
2019-06-05 06:25:44.553 1509 INFO rally.task.runner [-] Task 1a08394e-981a-4952-b065-03c7560bf192 | ITER: 10 END: OK
2019-06-05 06:25:44.579 725 INFO rally.task.context [-] Task 1a08394e-981a-4952-b065-03c7560bf192 | Context cleanup@openstack cleanup() started
2019-06-05 06:25:44.582 725 RALLYDEBUG rally_openstack.cleanup.manager [-] Cleaning up glance images objects
2019-06-05 06:25:48.671 725 RALLYDEBUG rally_openstack.cleanup.manager [-] Deleting glance.images object s_rally_adc79449_YZ6JCYSy (b4708c3a-b9b4-4ace-9446-8552286106c3)
2019-06-05 06:25:48.671 725 RALLYDEBUG rally_openstack.cleanup.manager [-] Deleting glance.images object s_rally_adc79449_vZZDfpyo (a4c4d7df-c772-47c3-887f-b5182065c03e)
2019-06-05 06:25:48.672 725 RALLYDEBUG rally_openstack.cleanup.manager [-] Deleting glance.images object s_rally_adc79449_OkwRjoRW (73834f0e-0cf2-4d13-8d33-c9e8e3e18ff2)
2019-06-05 06:25:48.673 725 RALLYDEBUG rally_openstack.cleanup.manager [-] Deleting glance.images object s_rally_adc79449_ISuOMgw8 (c53bf3f0-8c33-41e7-aea7-d190d7e5a651)
2019-06-05 06:25:48.675 725 RALLYDEBUG rally_openstack.cleanup.manager [-] Deleting glance.images object s_rally_adc79449_pPmz5TmO (aead0857-c981-473e-b494-4971e84c388e)
2019-06-05 06:25:48.680 725 RALLYDEBUG rally_openstack.cleanup.manager [-] Deleting glance.images object s_rally_adc79449_mjGtF9Gv (6c2845d1-4cb3-4ee2-8e35-2fd74f8e3d47)
2019-06-05 06:25:48.683 725 RALLYDEBUG rally_openstack.cleanup.manager [-] Deleting glance.images object s_rally_adc79449_hDX3bqP1 (e26bc7f2-40fe-41a3-bd57-2817b2ad9f35)
2019-06-05 06:25:48.683 725 RALLYDEBUG rally_openstack.cleanup.manager [-] Deleting glance.images object s_rally_adc79449_KIXOzmVQ (e0f7edf7-17cf-458c-8247-531fefde0b3f)
2019-06-05 06:25:48.688 725 RALLYDEBUG rally_openstack.cleanup.manager [-] Deleting glance.images object s_rally_adc79449_R1ijgB2m (88becbd3-4e45-4064-a7d8-f131e0224b4b)
2019-06-05 06:25:48.705 725 RALLYDEBUG rally_openstack.cleanup.manager [-] Deleting glance.images object s_rally_adc79449_3ClLvPG7 (f6d2c48d-726f-49d8-9235-755b053b28ed)
2019-06-05 06:25:50.967 725 DEBUG glanceclient.common.http [-] Request returned failure status 404. _handle_response /usr/lib/python2.7/site-packages/glanceclient/common/http.py:125
2019-06-05 06:25:50.980 725 DEBUG glanceclient.common.http [-] Request returned failure status 404. _handle_response /usr/lib/python2.7/site-packages/glanceclient/common/http.py:125
2019-06-05 06:25:51.001 725 DEBUG glanceclient.common.http [-] Request returned failure status 404. _handle_response /usr/lib/python2.7/site-packages/glanceclient/common/http.py:125
2019-06-05 06:25:51.037 725 DEBUG glanceclient.common.http [-] Request returned failure status 404. _handle_response /usr/lib/python2.7/site-packages/glanceclient/common/http.py:125
2019-06-05 06:25:51.042 725 DEBUG glanceclient.common.http [-] Request returned failure status 404. _handle_response /usr/lib/python2.7/site-packages/glanceclient/common/http.py:125
2019-06-05 06:25:51.046 725 DEBUG glanceclient.common.http [-] Request returned failure status 404. _handle_response /usr/lib/python2.7/site-packages/glanceclient/common/http.py:125
2019-06-05 06:25:51.048 725 DEBUG glanceclient.common.http [-] Request returned failure status 404. _handle_response /usr/lib/python2.7/site-packages/glanceclient/common/http.py:125
2019-06-05 06:25:51.057 725 DEBUG glanceclient.common.http [-] Request returned failure status 404. _handle_response /usr/lib/python2.7/site-packages/glanceclient/common/http.py:125
2019-06-05 06:25:51.065 725 DEBUG glanceclient.common.http [-] Request returned failure status 404. _handle_response /usr/lib/python2.7/site-packages/glanceclient/common/http.py:125
2019-06-05 06:25:51.076 725 DEBUG glanceclient.common.http [-] Request returned failure status 404. _handle_response /usr/lib/python2.7/site-packages/glanceclient/common/http.py:125
2019-06-05 06:25:51.103 725 DEBUG glanceclient.common.http [-] Request returned failure status 404. _handle_response /usr/lib/python2.7/site-packages/glanceclient/common/http.py:125
2019-06-05 06:25:51.111 725 DEBUG glanceclient.common.http [-] Request returned failure status 404. _handle_response /usr/lib/python2.7/site-packages/glanceclient/common/http.py:125
2019-06-05 06:25:51.285 725 DEBUG glanceclient.common.http [-] Request returned failure status 404. _handle_response /usr/lib/python2.7/site-packages/glanceclient/common/http.py:125
2019-06-05 06:25:51.305 725 DEBUG glanceclient.common.http [-] Request returned failure status 404. _handle_response /usr/lib/python2.7/site-packages/glanceclient/common/http.py:125
2019-06-05 06:25:51.339 725 DEBUG glanceclient.common.http [-] Request returned failure status 404. _handle_response /usr/lib/python2.7/site-packages/glanceclient/common/http.py:125
2019-06-05 06:25:51.390 725 DEBUG glanceclient.common.http [-] Request returned failure status 404. _handle_response /usr/lib/python2.7/site-packages/glanceclient/common/http.py:125
2019-06-05 06:25:51.655 725 DEBUG glanceclient.common.http [-] Request returned failure status 404. _handle_response /usr/lib/python2.7/site-packages/glanceclient/common/http.py:125
2019-06-05 06:25:51.887 725 DEBUG glanceclient.common.http [-] Request returned failure status 404. _handle_response /usr/lib/python2.7/site-packages/glanceclient/common/http.py:125
2019-06-05 06:25:51.900 725 DEBUG glanceclient.common.http [-] Request returned failure status 404. _handle_response /usr/lib/python2.7/site-packages/glanceclient/common/http.py:125
2019-06-05 06:25:51.944 725 DEBUG glanceclient.common.http [-] Request returned failure status 404. _handle_response /usr/lib/python2.7/site-packages/glanceclient/common/http.py:125
2019-06-05 06:25:52.947 725 INFO rally.task.context [-] Task 1a08394e-981a-4952-b065-03c7560bf192 | Context cleanup@openstack cleanup() finished in 8.37 sec
2019-06-05 06:25:52.948 725 INFO rally.task.context [-] Task 1a08394e-981a-4952-b065-03c7560bf192 | Context users@openstack cleanup() started
2019-06-05 06:26:01.130 725 INFO rally.task.context [-] Task 1a08394e-981a-4952-b065-03c7560bf192 | Context users@openstack cleanup() finished in 8.18 sec
2019-06-05 06:26:01.735 725 INFO rally.task.engine [-] Load duration is: 17.306642
2019-06-05 06:26:01.735 725 INFO rally.task.engine [-] Full runner duration is: 18.236576
2019-06-05 06:26:01.735 725 INFO rally.task.engine [-] Full duration is: 39.572719
2019-06-05 06:26:01.993 725 INFO rally.task.engine [-] Running workload: position = 0 config = { "version": 2, "title": "A cropped version of a bigger task.", "description": "Auto-generated task from a single workload (uuid=26a9d165-2e00-4bb4-9ea0-f5ed176b3b5d)", "subtasks": [ { "title": "GlanceImages.create_and_get_image", "description": "Create and get detailed information of an image.", "scenario": { "GlanceImages.create_and_get_image": { "container_format": "bare", "disk_format": "qcow2", "image_location": "/home/opnfv/functest/images/cirros-0.4.0-x86_64-disk.img" } }, "contexts": { "users": { "tenants": 3, "users_per_tenant": 2 } }, "runner": { "constant": { "concurrency": 4, "times": 10 } }, "hooks": [], "sla": { "failure_rate": { "max": 0 } } } ] }
2019-06-05 06:26:02.014 725 RALLYDEBUG rally_openstack.contexts.keystone.users [-] Creating 3 tenants using 20 threads
2019-06-05 06:26:03.930 725 RALLYDEBUG rally_openstack.contexts.keystone.users [-] Creating 6 users using 20 threads
2019-06-05 06:26:06.755 725 INFO rally.task.context [-] Task 1a08394e-981a-4952-b065-03c7560bf192 | Context users@openstack setup() finished in 4.74 sec
2019-06-05 06:26:06.755 725 INFO rally.task.context [-] Task 1a08394e-981a-4952-b065-03c7560bf192 | Context cleanup@openstack setup() finished in 0.01 msec
2019-06-05 06:26:06.763 725 RALLYDEBUG rally.task.runner [-] Starting the constant runner (task UUID: 1a08394e-981a-4952-b065-03c7560bf192). timeout: 0 concurrency: 4 concurrency_per_worker: 1 times: 10 concurrency_overhead: 0 processes_to_start: 4 max_cpu_used: 16
2019-06-05 06:26:06.772 1633 RALLYDEBUG rally.task.runner [-] Starting a worker. concurrency: 1 args: {"container_format": "bare", "disk_format": "qcow2", "image_location": "/home/opnfv/functest/images/cirros-0.4.0-x86_64-disk.img"} times: 10 method_name: run timeout: 0 duration: None cls:
2019-06-05 06:26:06.775 1634 RALLYDEBUG rally.task.runner [-] Starting a worker. concurrency: 1 args: {"container_format": "bare", "disk_format": "qcow2", "image_location": "/home/opnfv/functest/images/cirros-0.4.0-x86_64-disk.img"} times: 10 method_name: run timeout: 0 duration: None cls:
2019-06-05 06:26:06.775 1633 INFO rally.task.runner [-] Task 1a08394e-981a-4952-b065-03c7560bf192 | ITER: 1 START
2019-06-05 06:26:06.777 1636 RALLYDEBUG rally.task.runner [-] Starting a worker. concurrency: 1 args: {"container_format": "bare", "disk_format": "qcow2", "image_location": "/home/opnfv/functest/images/cirros-0.4.0-x86_64-disk.img"} times: 10 method_name: run timeout: 0 duration: None cls:
2019-06-05 06:26:06.779 1634 INFO rally.task.runner [-] Task 1a08394e-981a-4952-b065-03c7560bf192 | ITER: 2 START
2019-06-05 06:26:06.780 1636 INFO rally.task.runner [-] Task 1a08394e-981a-4952-b065-03c7560bf192 | ITER: 3 START
2019-06-05 06:26:06.782 1638 RALLYDEBUG rally.task.runner [-] Starting a worker. concurrency: 1 args: {"container_format": "bare", "disk_format": "qcow2", "image_location": "/home/opnfv/functest/images/cirros-0.4.0-x86_64-disk.img"} times: 10 method_name: run timeout: 0 duration: None cls:
2019-06-05 06:26:06.786 1638 INFO rally.task.runner [-] Task 1a08394e-981a-4952-b065-03c7560bf192 | ITER: 4 START
2019-06-05 06:26:10.541 1638 RALLYDEBUG rally.task.utils [-] Waiting for resource u'fbfe203b-e407-4734-9a72-e9ac590f4a7b'. Status changed: NONE => QUEUED in 0.218177080154
2019-06-05 06:26:10.597 1633 RALLYDEBUG rally.task.utils [-] Waiting for resource u'e415b6bc-9590-4ea4-96dd-9f1b105d3e4e'. Status changed: NONE => QUEUED in 0.285691976547
2019-06-05 06:26:10.649 1636 RALLYDEBUG rally.task.utils [-] Waiting for resource u'de0eba59-fa9a-4b91-bb6f-3f453199bf88'. Status changed: NONE => QUEUED in 0.606930017471
2019-06-05 06:26:10.874 1634 RALLYDEBUG rally.task.utils [-] Waiting for resource u'ec836dc6-fe66-44d6-9b5a-f73e6e308aeb'. Status changed: NONE => QUEUED in 0.578414916992
2019-06-05 06:26:11.941 1634 RALLYDEBUG rally.task.utils [-] Waiting for resource s_rally_26a9d165_dGZFD1q0. Status changed: QUEUED => ACTIVE in 0.292289972305
2019-06-05 06:26:12.331 1634 INFO rally.task.runner [-] Task 1a08394e-981a-4952-b065-03c7560bf192 | ITER: 2 END: OK
2019-06-05 06:26:12.335 1634 INFO rally.task.runner [-] Task 1a08394e-981a-4952-b065-03c7560bf192 | ITER: 5 START
2019-06-05 06:26:12.432 1638 RALLYDEBUG rally.task.utils [-] Waiting for resource s_rally_26a9d165_LfBpXqe4. Status changed: QUEUED => ACTIVE in 0.0220139026642
2019-06-05 06:26:12.449 1636 RALLYDEBUG rally.task.utils [-] Waiting for resource s_rally_26a9d165_TppFO72a. Status changed: QUEUED => ACTIVE in 0.0176210403442
2019-06-05 06:26:12.470 1636 INFO rally.task.runner [-] Task 1a08394e-981a-4952-b065-03c7560bf192 | ITER: 3 END: OK
2019-06-05 06:26:12.475 1636 INFO rally.task.runner [-] Task 1a08394e-981a-4952-b065-03c7560bf192 | ITER: 6 START
2019-06-05 06:26:12.616 1633 RALLYDEBUG rally.task.utils [-] Waiting for resource s_rally_26a9d165_xXqsONl7. Status changed: QUEUED => ACTIVE in 0.22624206543
2019-06-05 06:26:12.775 1638 INFO rally.task.runner [-] Task 1a08394e-981a-4952-b065-03c7560bf192 | ITER: 4 END: OK
2019-06-05 06:26:12.779 1638 INFO rally.task.runner [-] Task 1a08394e-981a-4952-b065-03c7560bf192 | ITER: 7 START
2019-06-05 06:26:12.952 1633 INFO rally.task.runner [-] Task 1a08394e-981a-4952-b065-03c7560bf192 | ITER: 1 END: OK
2019-06-05 06:26:12.956 1633 INFO rally.task.runner [-] Task 1a08394e-981a-4952-b065-03c7560bf192 | ITER: 8 START
2019-06-05 06:26:16.048 1634 RALLYDEBUG rally.task.utils [-] Waiting for resource u'1e4f7801-ab2e-4523-84e4-5dca36cde2be'. Status changed: NONE => QUEUED in 0.222011089325
2019-06-05 06:26:16.452 1636 RALLYDEBUG rally.task.utils [-] Waiting for resource u'32aa6735-0d37-4572-9d7d-80de98562f29'. Status changed: NONE => QUEUED in 0.495508909225
2019-06-05 06:26:16.605 1638 RALLYDEBUG rally.task.utils [-] Waiting for resource u'67f486d3-5d11-4fe2-b267-469c19fe45f6'. Status changed: NONE => QUEUED in 0.336247205734
2019-06-05 06:26:16.719 1634 RALLYDEBUG rally.task.utils [-] Waiting for resource s_rally_26a9d165_QjScumBZ. Status changed: QUEUED => ACTIVE in 0.0179989337921
2019-06-05 06:26:17.023 1634 INFO rally.task.runner [-] Task 1a08394e-981a-4952-b065-03c7560bf192 | ITER: 5 END: OK
2019-06-05 06:26:17.027 1634 INFO rally.task.runner [-] Task 1a08394e-981a-4952-b065-03c7560bf192 | ITER: 9 START
2019-06-05 06:26:17.835 1633 RALLYDEBUG rally.task.utils [-] Waiting for resource u'45c03b10-e741-4bf0-8042-67aa0cc161e0'. Status changed: NONE => QUEUED in 1.34467983246
2019-06-05 06:26:17.958 1638 RALLYDEBUG rally.task.utils [-] Waiting for resource s_rally_26a9d165_a5Xukxsu. Status changed: QUEUED => ACTIVE in 0.0164401531219
2019-06-05 06:26:18.168 1638 INFO rally.task.runner [-] Task 1a08394e-981a-4952-b065-03c7560bf192 | ITER: 7 END: OK
2019-06-05 06:26:18.172 1638 INFO rally.task.runner [-] Task 1a08394e-981a-4952-b065-03c7560bf192 | ITER: 10 START
2019-06-05 06:26:18.306 1636 RALLYDEBUG rally.task.utils [-] Waiting for resource s_rally_26a9d165_PjC5f8Er. Status changed: QUEUED => ACTIVE in 0.385266780853
2019-06-05 06:26:18.602 1636 INFO rally.task.runner [-] Task 1a08394e-981a-4952-b065-03c7560bf192 | ITER: 6 END: OK
2019-06-05 06:26:19.198 1633 RALLYDEBUG rally.task.utils [-] Waiting for resource s_rally_26a9d165_7TcdoSDx. Status changed: QUEUED => ACTIVE in 0.222627878189
2019-06-05 06:26:19.217 1633 INFO rally.task.runner [-] Task 1a08394e-981a-4952-b065-03c7560bf192 | ITER: 8 END: OK
2019-06-05 06:26:21.130 1634 RALLYDEBUG rally.task.utils [-] Waiting for resource u'c40804d2-74aa-4295-9b35-b1c20ac7c88c'. Status changed: NONE => QUEUED in 0.567613840103
2019-06-05 06:26:22.309 1638 RALLYDEBUG rally.task.utils [-] Waiting for resource u'bca9cdcf-d66f-4a94-ba0c-01f4f1437633'. Status changed: NONE => QUEUED in 0.59614109993
2019-06-05 06:26:22.844 1634 RALLYDEBUG rally.task.utils [-] Waiting for resource s_rally_26a9d165_xcl7fSz5. Status changed: QUEUED => ACTIVE in 0.303704977036
2019-06-05 06:26:23.064 1634 INFO rally.task.runner [-] Task 1a08394e-981a-4952-b065-03c7560bf192 | ITER: 9 END: OK
2019-06-05 06:26:23.851 1638 RALLYDEBUG rally.task.utils [-] Waiting for resource s_rally_26a9d165_SadzZmcF. Status changed: QUEUED => ACTIVE in 0.0177929401398
2019-06-05 06:26:24.122 1638 INFO rally.task.runner [-] Task 1a08394e-981a-4952-b065-03c7560bf192 | ITER: 10 END: OK
2019-06-05 06:26:24.146 725 INFO rally.task.context [-] Task 1a08394e-981a-4952-b065-03c7560bf192 | Context cleanup@openstack cleanup() started
2019-06-05 06:26:24.148 725 RALLYDEBUG rally_openstack.cleanup.manager [-] Cleaning up glance images objects
2019-06-05 06:26:28.141 725 RALLYDEBUG rally_openstack.cleanup.manager [-] Deleting glance.images object s_rally_26a9d165_TppFO72a (de0eba59-fa9a-4b91-bb6f-3f453199bf88)
2019-06-05 06:26:28.142 725 RALLYDEBUG rally_openstack.cleanup.manager [-] Deleting glance.images object s_rally_26a9d165_dGZFD1q0 (ec836dc6-fe66-44d6-9b5a-f73e6e308aeb)
2019-06-05 06:26:28.147 725 RALLYDEBUG rally_openstack.cleanup.manager [-] Deleting glance.images object s_rally_26a9d165_PjC5f8Er (32aa6735-0d37-4572-9d7d-80de98562f29)
2019-06-05 06:26:28.157 725 RALLYDEBUG rally_openstack.cleanup.manager [-] Deleting glance.images object s_rally_26a9d165_SadzZmcF (bca9cdcf-d66f-4a94-ba0c-01f4f1437633)
2019-06-05 06:26:28.157 725 RALLYDEBUG rally_openstack.cleanup.manager [-] Deleting glance.images object s_rally_26a9d165_xXqsONl7 (e415b6bc-9590-4ea4-96dd-9f1b105d3e4e)
2019-06-05 06:26:28.157 725 RALLYDEBUG rally_openstack.cleanup.manager [-] Deleting glance.images object s_rally_26a9d165_LfBpXqe4 (fbfe203b-e407-4734-9a72-e9ac590f4a7b)
2019-06-05 06:26:28.163 725 RALLYDEBUG rally_openstack.cleanup.manager [-] Deleting glance.images object s_rally_26a9d165_7TcdoSDx (45c03b10-e741-4bf0-8042-67aa0cc161e0)
2019-06-05 06:26:28.168 725 RALLYDEBUG rally_openstack.cleanup.manager [-] Deleting glance.images object s_rally_26a9d165_QjScumBZ (1e4f7801-ab2e-4523-84e4-5dca36cde2be)
2019-06-05 06:26:28.169 725 RALLYDEBUG rally_openstack.cleanup.manager [-] Deleting glance.images object s_rally_26a9d165_xcl7fSz5 (c40804d2-74aa-4295-9b35-b1c20ac7c88c)
2019-06-05 06:26:28.174 725 RALLYDEBUG rally_openstack.cleanup.manager [-] Deleting glance.images object s_rally_26a9d165_a5Xukxsu (67f486d3-5d11-4fe2-b267-469c19fe45f6)
2019-06-05 06:26:29.582 725 DEBUG glanceclient.common.http [-] Request returned failure status 404. _handle_response /usr/lib/python2.7/site-packages/glanceclient/common/http.py:125
2019-06-05 06:26:29.905 725 DEBUG glanceclient.common.http [-] Request returned failure status 404. _handle_response /usr/lib/python2.7/site-packages/glanceclient/common/http.py:125
2019-06-05 06:26:30.495 725 DEBUG glanceclient.common.http [-] Request returned failure status 404. _handle_response /usr/lib/python2.7/site-packages/glanceclient/common/http.py:125
2019-06-05 06:26:30.516 725 DEBUG glanceclient.common.http [-] Request returned failure status 404. _handle_response /usr/lib/python2.7/site-packages/glanceclient/common/http.py:125
2019-06-05 06:26:30.757 725 DEBUG glanceclient.common.http [-] Request returned failure status 404. _handle_response /usr/lib/python2.7/site-packages/glanceclient/common/http.py:125
2019-06-05 06:26:30.781 725 DEBUG glanceclient.common.http [-] Request returned failure status 404. _handle_response /usr/lib/python2.7/site-packages/glanceclient/common/http.py:125
2019-06-05 06:26:30.805 725 DEBUG glanceclient.common.http [-] Request returned failure status 404. _handle_response /usr/lib/python2.7/site-packages/glanceclient/common/http.py:125
2019-06-05 06:26:30.832 725 DEBUG glanceclient.common.http [-] Request returned failure status 404. _handle_response /usr/lib/python2.7/site-packages/glanceclient/common/http.py:125
2019-06-05 06:26:30.838 725 DEBUG glanceclient.common.http [-] Request returned failure status 404. _handle_response /usr/lib/python2.7/site-packages/glanceclient/common/http.py:125
2019-06-05 06:26:30.851 725 DEBUG glanceclient.common.http [-] Request returned failure status 404. _handle_response /usr/lib/python2.7/site-packages/glanceclient/common/http.py:125
2019-06-05 06:26:30.852 725 DEBUG glanceclient.common.http [-] Request returned failure status 404. _handle_response /usr/lib/python2.7/site-packages/glanceclient/common/http.py:125
2019-06-05 06:26:30.912 725 DEBUG glanceclient.common.http [-] Request returned failure status 404. _handle_response /usr/lib/python2.7/site-packages/glanceclient/common/http.py:125
2019-06-05 06:26:30.913 725 DEBUG glanceclient.common.http [-] Request returned failure status 404. _handle_response /usr/lib/python2.7/site-packages/glanceclient/common/http.py:125
2019-06-05 06:26:30.947 725 DEBUG glanceclient.common.http [-] Request returned failure status 404. _handle_response /usr/lib/python2.7/site-packages/glanceclient/common/http.py:125
2019-06-05 06:26:30.952 725 DEBUG glanceclient.common.http [-] Request returned failure status 404. _handle_response /usr/lib/python2.7/site-packages/glanceclient/common/http.py:125
2019-06-05 06:26:31.064 725 DEBUG glanceclient.common.http [-] Request returned failure status 404. _handle_response /usr/lib/python2.7/site-packages/glanceclient/common/http.py:125
2019-06-05 06:26:31.113 725 DEBUG glanceclient.common.http [-] Request returned failure status 404. _handle_response /usr/lib/python2.7/site-packages/glanceclient/common/http.py:125
