2019-06-05 06:31:40.705 1842 INFO rally.task.context [-] Task 520f9225-fb5f-4f3a-b267-a21f991bb8b4 | Context users@openstack setup() finished in 4.76 sec
2019-06-05 06:31:41.132 1842 INFO rally.task.context [-] Task 520f9225-fb5f-4f3a-b267-a21f991bb8b4 | Context api_versions@openstack setup() finished in 0.43 sec
2019-06-05 06:31:42.809 1842 INFO rally.task.context [-] Task 520f9225-fb5f-4f3a-b267-a21f991bb8b4 | Context quotas@openstack setup() finished in 1.68 sec
2019-06-05 06:31:42.810 1842 INFO rally.task.context [-] Task 520f9225-fb5f-4f3a-b267-a21f991bb8b4 | Context cleanup@openstack setup() finished in 0.01 msec
2019-06-05 06:31:43.927 1842 RALLYDEBUG rally.task.runner [-] Starting the constant runner (task UUID: 520f9225-fb5f-4f3a-b267-a21f991bb8b4). timeout: 0 concurrency: 4 concurrency_per_worker: 1 times: 10 concurrency_overhead: 0 processes_to_start: 4 max_cpu_used: 16
2019-06-05 06:31:43.939 2414 RALLYDEBUG rally.task.runner [-] Starting a worker. concurrency: 1 args: {"detailed": true, "image": "e6e3ec61-affc-4b56-b47d-4513d61f6cb5", "size": 1} times: 10 method_name: run timeout: 0 duration: None cls:
2019-06-05 06:31:43.942 2415 RALLYDEBUG rally.task.runner [-] Starting a worker. concurrency: 1 args: {"detailed": true, "image": "e6e3ec61-affc-4b56-b47d-4513d61f6cb5", "size": 1} times: 10 method_name: run timeout: 0 duration: None cls:
2019-06-05 06:31:43.946 2414 INFO rally.task.runner [-] Task 520f9225-fb5f-4f3a-b267-a21f991bb8b4 | ITER: 1 START
2019-06-05 06:31:43.945 2416 RALLYDEBUG rally.task.runner [-] Starting a worker. concurrency: 1 args: {"detailed": true, "image": "e6e3ec61-affc-4b56-b47d-4513d61f6cb5", "size": 1} times: 10 method_name: run timeout: 0 duration: None cls:
2019-06-05 06:31:43.949 2417 RALLYDEBUG rally.task.runner [-] Starting a worker. concurrency: 1 args: {"detailed": true, "image": "e6e3ec61-affc-4b56-b47d-4513d61f6cb5", "size": 1} times: 10 method_name: run timeout: 0 duration: None cls:
2019-06-05 06:31:43.951 2415 INFO rally.task.runner [-] Task 520f9225-fb5f-4f3a-b267-a21f991bb8b4 | ITER: 2 START
2019-06-05 06:31:43.954 2416 INFO rally.task.runner [-] Task 520f9225-fb5f-4f3a-b267-a21f991bb8b4 | ITER: 3 START
2019-06-05 06:31:43.959 2417 INFO rally.task.runner [-] Task 520f9225-fb5f-4f3a-b267-a21f991bb8b4 | ITER: 4 START
2019-06-05 06:31:51.546 2414 RALLYDEBUG rally.task.utils [-] Waiting for resource s_rally_5900a5b3_Kkgiiztg. Status changed: CREATING => DOWNLOADING in 2.99863696098
2019-06-05 06:31:53.448 2416 RALLYDEBUG rally.task.utils [-] Waiting for resource s_rally_5900a5b3_udq6bdWR. Status changed: CREATING => DOWNLOADING in 5.28525090218
2019-06-05 06:31:56.354 2415 RALLYDEBUG rally.task.utils [-] Waiting for resource s_rally_5900a5b3_5SC2abHj. Status changed: CREATING => DOWNLOADING in 7.67712306976
2019-06-05 06:31:58.958 2417 RALLYDEBUG rally.task.utils [-] Waiting for resource s_rally_5900a5b3_O5FR3NDy. Status changed: CREATING => DOWNLOADING in 10.0017540455
2019-06-05 06:32:02.984 2414 RALLYDEBUG rally.task.utils [-] Waiting for resource s_rally_5900a5b3_Kkgiiztg. Status changed: DOWNLOADING => AVAILABLE in 11.4385430813
2019-06-05 06:32:03.328 2417 RALLYDEBUG rally.task.utils [-] Waiting for resource s_rally_5900a5b3_O5FR3NDy. Status changed: DOWNLOADING => AVAILABLE in 4.36932706833
2019-06-05 06:32:03.339 2414 INFO rally.task.runner [-] Task 520f9225-fb5f-4f3a-b267-a21f991bb8b4 | ITER: 1 END: OK
2019-06-05 06:32:03.343 2414 INFO rally.task.runner [-] Task 520f9225-fb5f-4f3a-b267-a21f991bb8b4 | ITER: 5 START
2019-06-05 06:32:03.388 2415 RALLYDEBUG rally.task.utils [-] Waiting for resource s_rally_5900a5b3_5SC2abHj. Status changed: DOWNLOADING => AVAILABLE in 7.03402113914
2019-06-05 06:32:03.669 2417 INFO rally.task.runner [-] Task 520f9225-fb5f-4f3a-b267-a21f991bb8b4 | ITER: 4 END: OK
2019-06-05 06:32:03.674 2417 INFO rally.task.runner [-] Task 520f9225-fb5f-4f3a-b267-a21f991bb8b4 | ITER: 6 START
2019-06-05 06:32:03.741 2415 INFO rally.task.runner [-] Task 520f9225-fb5f-4f3a-b267-a21f991bb8b4 | ITER: 2 END: OK
2019-06-05 06:32:03.746 2415 INFO rally.task.runner [-] Task 520f9225-fb5f-4f3a-b267-a21f991bb8b4 | ITER: 7 START
2019-06-05 06:32:04.907 2416 RALLYDEBUG rally.task.utils [-] Waiting for resource s_rally_5900a5b3_udq6bdWR. Status changed: DOWNLOADING => AVAILABLE in 11.4594671726
2019-06-05 06:32:05.232 2416 INFO rally.task.runner [-] Task 520f9225-fb5f-4f3a-b267-a21f991bb8b4 | ITER: 3 END: OK
2019-06-05 06:32:05.235 2416 INFO rally.task.runner [-] Task 520f9225-fb5f-4f3a-b267-a21f991bb8b4 | ITER: 8 START
2019-06-05 06:32:10.826 2414 RALLYDEBUG rally.task.utils [-] Waiting for resource s_rally_5900a5b3_G7bOqOL1. Status changed: CREATING => DOWNLOADING in 3.0968849659
2019-06-05 06:32:13.655 2417 RALLYDEBUG rally.task.utils [-] Waiting for resource s_rally_5900a5b3_1LkD3aeL. Status changed: CREATING => DOWNLOADING in 5.26329398155
2019-06-05 06:32:13.837 2415 RALLYDEBUG rally.task.utils [-] Waiting for resource s_rally_5900a5b3_7PjIYv3h. Status changed: CREATING => DOWNLOADING in 5.28466916084
2019-06-05 06:32:20.217 2414 RALLYDEBUG rally.task.utils [-] Waiting for resource s_rally_5900a5b3_G7bOqOL1. Status changed: DOWNLOADING => AVAILABLE in 9.39053106308
2019-06-05 06:32:20.304 2415 RALLYDEBUG rally.task.utils [-] Waiting for resource s_rally_5900a5b3_7PjIYv3h. Status changed: DOWNLOADING => AVAILABLE in 6.46671199799
2019-06-05 06:32:20.508 2414 INFO rally.task.runner [-] Task 520f9225-fb5f-4f3a-b267-a21f991bb8b4 | ITER: 5 END: OK
2019-06-05 06:32:20.516 2414 INFO rally.task.runner [-] Task 520f9225-fb5f-4f3a-b267-a21f991bb8b4 | ITER: 9 START
2019-06-05 06:32:20.574 2415 INFO rally.task.runner [-] Task 520f9225-fb5f-4f3a-b267-a21f991bb8b4 | ITER: 7 END: OK
2019-06-05 06:32:20.577 2417 RALLYDEBUG rally.task.utils [-] Waiting for resource s_rally_5900a5b3_1LkD3aeL. Status changed: DOWNLOADING => AVAILABLE in 6.92236685753
2019-06-05 06:32:20.580 2415 INFO rally.task.runner [-] Task 520f9225-fb5f-4f3a-b267-a21f991bb8b4 | ITER: 10 START
2019-06-05 06:32:20.840 2417 INFO rally.task.runner [-] Task 520f9225-fb5f-4f3a-b267-a21f991bb8b4 | ITER: 6 END: OK
2019-06-05 06:32:22.015 2416 RALLYDEBUG rally.task.utils [-] Waiting for resource s_rally_5900a5b3_vd9zyJlK. Status changed: CREATING => DOWNLOADING in 11.9154379368
2019-06-05 06:32:24.366 2416 RALLYDEBUG rally.task.utils [-] Waiting for resource s_rally_5900a5b3_vd9zyJlK. Status changed: DOWNLOADING => AVAILABLE in 2.35084819794
2019-06-05 06:32:24.744 2416 INFO rally.task.runner [-] Task 520f9225-fb5f-4f3a-b267-a21f991bb8b4 | ITER: 8 END: OK
2019-06-05 06:32:27.992 2414 RALLYDEBUG rally.task.utils [-] Waiting for resource s_rally_5900a5b3_xSRIOc4s. Status changed: CREATING => DOWNLOADING in 2.66208314896
2019-06-05 06:32:28.045 2415 RALLYDEBUG rally.task.utils [-] Waiting for resource s_rally_5900a5b3_rwKBsCiJ. Status changed: CREATING => DOWNLOADING in 2.91097903252
2019-06-05 06:32:32.696 2414 RALLYDEBUG rally.task.utils [-] Waiting for resource s_rally_5900a5b3_xSRIOc4s. Status changed: DOWNLOADING => AVAILABLE in 4.70420598984
2019-06-05 06:32:32.739 2415 RALLYDEBUG rally.task.utils [-] Waiting for resource s_rally_5900a5b3_rwKBsCiJ. Status changed: DOWNLOADING => AVAILABLE in 4.69361519814
2019-06-05 06:32:33.040 2414 INFO rally.task.runner [-] Task 520f9225-fb5f-4f3a-b267-a21f991bb8b4 | ITER: 9 END: OK
2019-06-05 06:32:33.090 2415 INFO rally.task.runner [-] Task 520f9225-fb5f-4f3a-b267-a21f991bb8b4 | ITER: 10 END: OK
2019-06-05 06:32:33.114 1842 INFO rally.task.context [-] Task 520f9225-fb5f-4f3a-b267-a21f991bb8b4 | Context cleanup@openstack cleanup() started
2019-06-05 06:32:33.116 1842 RALLYDEBUG rally_openstack.cleanup.manager [-] Cleaning up cinder backups objects
2019-06-05 06:32:35.299 1842 RALLYDEBUG rally_openstack.cleanup.manager [-] Cleaning up cinder volume_snapshots objects
2019-06-05 06:32:37.629 1842 RALLYDEBUG rally_openstack.cleanup.manager [-] Cleaning up cinder transfers objects
2019-06-05 06:32:39.848 1842 RALLYDEBUG rally_openstack.cleanup.manager [-] Cleaning up cinder volumes objects
2019-06-05 06:32:42.216 1842 RALLYDEBUG rally_openstack.cleanup.manager [-] Deleting cinder.volumes object s_rally_5900a5b3_7PjIYv3h (2c64763a-97ff-4e05-97f8-a0f5e1fbf6ca)
2019-06-05 06:32:42.219 1842 RALLYDEBUG rally_openstack.cleanup.manager [-] Deleting cinder.volumes object s_rally_5900a5b3_rwKBsCiJ (4bdff286-2688-492d-aa42-ec92e06b6b51)
2019-06-05 06:32:42.219 1842 RALLYDEBUG rally_openstack.cleanup.manager [-] Deleting cinder.volumes object s_rally_5900a5b3_1LkD3aeL (4ea53527-6c49-4869-ae54-a36aa1391a00)
2019-06-05 06:32:42.221 1842 RALLYDEBUG rally_openstack.cleanup.manager [-] Deleting cinder.volumes object s_rally_5900a5b3_udq6bdWR (c5d4ad98-1064-4230-bf2d-a696a6d395ce)
2019-06-05 06:32:42.230 1842 RALLYDEBUG rally_openstack.cleanup.manager [-] Deleting cinder.volumes object s_rally_5900a5b3_O5FR3NDy (aba56050-5c08-471e-b295-b7aab48c1887)
2019-06-05 06:32:42.231 1842 RALLYDEBUG rally_openstack.cleanup.manager [-] Deleting cinder.volumes object s_rally_5900a5b3_5SC2abHj (5f9424c8-2f11-49db-92a0-f8ddc0c192e9)
2019-06-05 06:32:42.235 1842 RALLYDEBUG rally_openstack.cleanup.manager [-] Deleting cinder.volumes object s_rally_5900a5b3_xSRIOc4s (a809ecb1-a0b1-44ad-8d6c-8693facf6fd5)
2019-06-05 06:32:42.237 1842 RALLYDEBUG rally_openstack.cleanup.manager [-] Deleting cinder.volumes object s_rally_5900a5b3_vd9zyJlK (8ee5378c-f497-4c22-8c66-fcd53fbfc7e5)
2019-06-05 06:32:42.239 1842 RALLYDEBUG rally_openstack.cleanup.manager [-] Deleting cinder.volumes object s_rally_5900a5b3_Kkgiiztg (95c561a6-2bfb-4d1e-947c-f4c351a5ea88)
2019-06-05 06:32:42.260 1842 RALLYDEBUG rally_openstack.cleanup.manager [-] Deleting cinder.volumes object s_rally_5900a5b3_G7bOqOL1 (2c44b393-22b4-47ee-a599-1a047fbd8146)
2019-06-05 06:32:46.186 1842 INFO rally.task.context [-] Task 520f9225-fb5f-4f3a-b267-a21f991bb8b4 | Context cleanup@openstack cleanup() finished in 13.07 sec
2019-06-05 06:32:46.186 1842 INFO rally.task.context [-] Task 520f9225-fb5f-4f3a-b267-a21f991bb8b4 | Context quotas@openstack cleanup() started
2019-06-05 06:32:46.726 1842 INFO rally.task.context [-] Task 520f9225-fb5f-4f3a-b267-a21f991bb8b4 | Context quotas@openstack cleanup() finished in 0.54 sec
2019-06-05 06:32:46.726 1842 INFO rally.task.context [-] Task 520f9225-fb5f-4f3a-b267-a21f991bb8b4 | Context api_versions@openstack cleanup() started
2019-06-05 06:32:46.726 1842 INFO rally.task.context [-] Task 520f9225-fb5f-4f3a-b267-a21f991bb8b4 | Context api_versions@openstack cleanup() finished in 0.33 msec
2019-06-05 06:32:46.727 1842 INFO rally.task.context [-] Task 520f9225-fb5f-4f3a-b267-a21f991bb8b4 | Context users@openstack cleanup() started
2019-06-05 06:32:55.067 1842 INFO rally.task.context [-] Task 520f9225-fb5f-4f3a-b267-a21f991bb8b4 | Context users@openstack cleanup() finished in 8.34 sec
2019-06-05 06:32:56.262 1842 INFO rally.task.engine [-] Load duration is: 49.141096
2019-06-05 06:32:56.263 1842 INFO rally.task.engine [-] Full runner duration is: 49.188321
2019-06-05 06:32:56.263 1842 INFO rally.task.engine [-] Full duration is: 79.126346
2019-06-05 06:32:56.422 1842 INFO rally.task.engine [-] Running workload: position = 1 config = { "version": 2, "title": "A cropped version of a bigger task.", "description": "Auto-generated task from a single workload (uuid=d8d07bc2-0b99-4251-a076-5c8da0b85022)", "subtasks": [ { "title": "CinderVolumes.create_and_list_volume", "description": "Create a volume and list all volumes.", "scenario": { "CinderVolumes.create_and_list_volume": { "detailed": true, "size": 1 } }, "contexts": { "users": { "tenants": 3, "users_per_tenant": 2 }, "quotas": { "cinder": { "gigabytes": -1, "snapshots": -1, "volumes": -1 } }, "api_versions": { "cinder": { "version": 3, "service_type": "volumev3" } } }, "runner": { "constant": { "concurrency": 4, "times": 10 } }, "hooks": [], "sla": { "failure_rate": { "max": 0 } } } ] }
2019-06-05 06:32:56.441 1842 RALLYDEBUG rally_openstack.contexts.keystone.users [-] Creating 3 tenants using 20 threads
2019-06-05 06:32:58.351 1842 RALLYDEBUG rally_openstack.contexts.keystone.users [-] Creating 6 users using 20 threads
2019-06-05 06:33:01.141 1842 INFO rally.task.context [-] Task 520f9225-fb5f-4f3a-b267-a21f991bb8b4 | Context users@openstack setup() finished in 4.70 sec
2019-06-05 06:33:01.568 1842 INFO rally.task.context [-] Task 520f9225-fb5f-4f3a-b267-a21f991bb8b4 | Context api_versions@openstack setup() finished in 0.43 sec
2019-06-05 06:33:03.407 1842 INFO rally.task.context [-] Task 520f9225-fb5f-4f3a-b267-a21f991bb8b4 | Context quotas@openstack setup() finished in 1.84 sec
2019-06-05 06:33:03.408 1842 INFO rally.task.context [-] Task 520f9225-fb5f-4f3a-b267-a21f991bb8b4 | Context cleanup@openstack setup() finished in 0.01 msec
2019-06-05 06:33:03.416 1842 RALLYDEBUG rally.task.runner [-] Starting the constant runner (task UUID: 520f9225-fb5f-4f3a-b267-a21f991bb8b4). timeout: 0 concurrency: 4 concurrency_per_worker: 1 times: 10 concurrency_overhead: 0 processes_to_start: 4 max_cpu_used: 16
2019-06-05 06:33:03.428 2598 RALLYDEBUG rally.task.runner [-] Starting a worker. concurrency: 1 args: {"detailed": true, "size": 1} times: 10 method_name: run timeout: 0 duration: None cls:
2019-06-05 06:33:03.431 2599 RALLYDEBUG rally.task.runner [-] Starting a worker. concurrency: 1 args: {"detailed": true, "size": 1} times: 10 method_name: run timeout: 0 duration: None cls:
2019-06-05 06:33:03.434 2600 RALLYDEBUG rally.task.runner [-] Starting a worker. concurrency: 1 args: {"detailed": true, "size": 1} times: 10 method_name: run timeout: 0 duration: None cls:
2019-06-05 06:33:03.435 2598 INFO rally.task.runner [-] Task 520f9225-fb5f-4f3a-b267-a21f991bb8b4 | ITER: 1 START
2019-06-05 06:33:03.438 2601 RALLYDEBUG rally.task.runner [-] Starting a worker. concurrency: 1 args: {"detailed": true, "size": 1} times: 10 method_name: run timeout: 0 duration: None cls:
2019-06-05 06:33:03.439 2599 INFO rally.task.runner [-] Task 520f9225-fb5f-4f3a-b267-a21f991bb8b4 | ITER: 2 START
2019-06-05 06:33:03.441 2600 INFO rally.task.runner [-] Task 520f9225-fb5f-4f3a-b267-a21f991bb8b4 | ITER: 3 START
2019-06-05 06:33:03.447 2601 INFO rally.task.runner [-] Task 520f9225-fb5f-4f3a-b267-a21f991bb8b4 | ITER: 4 START
2019-06-05 06:33:07.261 2601 INFO rally.task.runner [-] Task 520f9225-fb5f-4f3a-b267-a21f991bb8b4 | ITER: 4 END: OK
2019-06-05 06:33:07.267 2601 INFO rally.task.runner [-] Task 520f9225-fb5f-4f3a-b267-a21f991bb8b4 | ITER: 5 START
2019-06-05 06:33:07.516 2600 INFO rally.task.runner [-] Task 520f9225-fb5f-4f3a-b267-a21f991bb8b4 | ITER: 3 END: OK
2019-06-05 06:33:07.521 2600 INFO rally.task.runner [-] Task 520f9225-fb5f-4f3a-b267-a21f991bb8b4 | ITER: 6 START
2019-06-05 06:33:07.591 2599 INFO rally.task.runner [-] Task 520f9225-fb5f-4f3a-b267-a21f991bb8b4 | ITER: 2 END: OK
2019-06-05 06:33:07.591 2598 INFO rally.task.runner [-] Task 520f9225-fb5f-4f3a-b267-a21f991bb8b4 | ITER: 1 END: OK
2019-06-05 06:33:07.596 2599 INFO rally.task.runner [-] Task 520f9225-fb5f-4f3a-b267-a21f991bb8b4 | ITER: 7 START
2019-06-05 06:33:07.597 2598 INFO rally.task.runner [-] Task 520f9225-fb5f-4f3a-b267-a21f991bb8b4 | ITER: 8 START
2019-06-05 06:33:11.219 2601 INFO rally.task.runner [-] Task 520f9225-fb5f-4f3a-b267-a21f991bb8b4 | ITER: 5 END: OK
2019-06-05 06:33:11.224 2601 INFO rally.task.runner [-] Task 520f9225-fb5f-4f3a-b267-a21f991bb8b4 | ITER: 9 START
2019-06-05 06:33:11.356 2600 INFO rally.task.runner [-] Task 520f9225-fb5f-4f3a-b267-a21f991bb8b4 | ITER: 6 END: OK
2019-06-05 06:33:11.361 2600 INFO rally.task.runner [-] Task 520f9225-fb5f-4f3a-b267-a21f991bb8b4 | ITER: 10 START
2019-06-05 06:33:11.488 2598 INFO rally.task.runner [-] Task 520f9225-fb5f-4f3a-b267-a21f991bb8b4 | ITER: 8 END: OK
2019-06-05 06:33:11.505 2599 INFO rally.task.runner [-] Task 520f9225-fb5f-4f3a-b267-a21f991bb8b4 | ITER: 7 END: OK
2019-06-05 06:33:15.139 2600 INFO rally.task.runner [-] Task 520f9225-fb5f-4f3a-b267-a21f991bb8b4 | ITER: 10 END: OK
2019-06-05 06:33:15.140 2601 INFO rally.task.runner [-] Task 520f9225-fb5f-4f3a-b267-a21f991bb8b4 | ITER: 9 END: OK
2019-06-05 06:33:15.166 1842 INFO rally.task.context [-] Task 520f9225-fb5f-4f3a-b267-a21f991bb8b4 | Context cleanup@openstack cleanup() started
2019-06-05 06:33:15.170 1842 RALLYDEBUG rally_openstack.cleanup.manager [-] Cleaning up cinder backups objects
2019-06-05 06:33:17.250 1842 RALLYDEBUG rally_openstack.cleanup.manager [-] Cleaning up cinder volume_snapshots objects
2019-06-05 06:33:19.454 1842 RALLYDEBUG rally_openstack.cleanup.manager [-] Cleaning up cinder transfers objects
2019-06-05 06:33:21.648 1842 RALLYDEBUG rally_openstack.cleanup.manager [-] Cleaning up cinder volumes objects
2019-06-05 06:33:23.951 1842 RALLYDEBUG rally_openstack.cleanup.manager [-] Deleting cinder.volumes object s_rally_d8d07bc2_YLfOv6vV (5f394555-9133-48f1-b9ae-d00721fc0a9c)
2019-06-05 06:33:23.953 1842 RALLYDEBUG rally_openstack.cleanup.manager [-] Deleting cinder.volumes object s_rally_d8d07bc2_yjgf7e8U (eb5d1263-7803-4949-8e5c-a49b29f36dc2)
2019-06-05 06:33:23.959 1842 RALLYDEBUG rally_openstack.cleanup.manager [-] Deleting cinder.volumes object s_rally_d8d07bc2_99sgazUO (9df54823-128a-4f09-bf58-221cb0f64f79)
2019-06-05 06:33:23.962 1842 RALLYDEBUG rally_openstack.cleanup.manager [-] Deleting cinder.volumes object s_rally_d8d07bc2_LDghx9Dr (bdf551d3-93a6-4bb0-afd2-dbea6dad572f)
2019-06-05 06:33:23.962 1842 RALLYDEBUG rally_openstack.cleanup.manager [-] Deleting cinder.volumes object s_rally_d8d07bc2_WCbXSMB9 (01288dc3-838d-4daf-80fa-321518c0430b)
2019-06-05 06:33:23.964 1842 RALLYDEBUG rally_openstack.cleanup.manager [-] Deleting cinder.volumes object s_rally_d8d07bc2_TWdgH7nz (8c1aa70e-eea1-446b-93db-6ea35737e9b7)
2019-06-05 06:33:23.974 1842 RALLYDEBUG rally_openstack.cleanup.manager [-] Deleting cinder.volumes object s_rally_d8d07bc2_eN68HFKk (b18c2348-8f77-4328-bdc8-4817e47e6996)
2019-06-05 06:33:23.977 1842 RALLYDEBUG rally_openstack.cleanup.manager [-] Deleting cinder.volumes object s_rally_d8d07bc2_HRBUixip (f3d99bf8-d040-4d6b-8c93-3413dc4705f9)
2019-06-05 06:33:23.980 1842 RALLYDEBUG rally_openstack.cleanup.manager [-] Deleting cinder.volumes object s_rally_d8d07bc2_8LONKqjM (6376c414-e008-4c63-94df-9aff4dce9708)
2019-06-05 06:33:23.992 1842 RALLYDEBUG rally_openstack.cleanup.manager [-] Deleting cinder.volumes object s_rally_d8d07bc2_PsOdETQJ (1cfe5d41-5e64-4cb1-a1ac-0c5c60262f56)
2019-06-05 06:33:27.752 1842 INFO rally.task.context [-] Task 520f9225-fb5f-4f3a-b267-a21f991bb8b4 | Context cleanup@openstack cleanup() finished in 12.59 sec
2019-06-05 06:33:27.753 1842 INFO rally.task.context [-] Task 520f9225-fb5f-4f3a-b267-a21f991bb8b4 | Context quotas@openstack cleanup() started
2019-06-05 06:33:28.565 1842 INFO rally.task.context [-] Task 520f9225-fb5f-4f3a-b267-a21f991bb8b4 | Context quotas@openstack cleanup() finished in 0.81 sec
2019-06-05 06:33:28.565 1842 INFO rally.task.context [-] Task 520f9225-fb5f-4f3a-b267-a21f991bb8b4 | Context api_versions@openstack cleanup() started
2019-06-05 06:33:28.566 1842 INFO rally.task.context [-] Task 520f9225-fb5f-4f3a-b267-a21f991bb8b4 | Context api_versions@openstack cleanup() finished in 0.30 msec
2019-06-05 06:33:28.566 1842 INFO rally.task.context [-] Task 520f9225-fb5f-4f3a-b267-a21f991bb8b4 | Context users@openstack cleanup() started
2019-06-05 06:33:37.033 1842 INFO rally.task.context [-] Task 520f9225-fb5f-4f3a-b267-a21f991bb8b4 | Context users@openstack cleanup() finished in 8.47 sec
2019-06-05 06:33:38.622 1842 INFO rally.task.engine [-] Load duration is: 11.702688
2019-06-05 06:33:38.623 1842 INFO rally.task.engine [-] Full runner duration is: 11.751465
2019-06-05 06:33:38.623 1842 INFO rally.task.engine [-] Full duration is: 40.59707
2019-06-05 06:33:38.832 1842 INFO rally.task.engine [-] Running workload: position = 0 config = { "version": 2, "title": "A cropped version of a bigger task.", "description": "Auto-generated task from a single workload (uuid=a628e09c-bb7a-4b07-a1af-c4e47c3b6bca)", "subtasks": [ { "title": "CinderVolumes.create_and_upload_volume_to_image", "description": "Create and upload a volume to image.", "scenario": { "CinderVolumes.create_and_upload_volume_to_image": { "container_format": "bare", "disk_format": "raw", "do_delete": true, "force": false, "size": 1 } }, "contexts": { "users": { "tenants": 3, "users_per_tenant": 2 }, "quotas": { "cinder": { "gigabytes": -1, "snapshots": -1, "volumes": -1 } }, "api_versions": { "cinder": { "version": 3, "service_type": "volumev3" } } }, "runner": { "constant": { "concurrency": 4, "times": 10 } }, "hooks": [], "sla": { "failure_rate": { "max": 0 } } } ] }
2019-06-05 06:33:38.857 1842 RALLYDEBUG rally_openstack.contexts.keystone.users [-] Creating 3 tenants using 20 threads
2019-06-05 06:33:40.764 1842 RALLYDEBUG rally_openstack.contexts.keystone.users [-] Creating 6 users using 20 threads
2019-06-05 06:33:43.620 1842 INFO rally.task.context [-] Task 520f9225-fb5f-4f3a-b267-a21f991bb8b4 | Context users@openstack setup() finished in 4.76 sec
2019-06-05 06:33:44.044 1842 INFO rally.task.context [-] Task 520f9225-fb5f-4f3a-b267-a21f991bb8b4 | Context api_versions@openstack setup() finished in 0.42 sec
2019-06-05 06:33:45.680 1842 INFO rally.task.context [-] Task 520f9225-fb5f-4f3a-b267-a21f991bb8b4 | Context quotas@openstack setup() finished in 1.63 sec
2019-06-05 06:33:45.680 1842 INFO rally.task.context [-] Task 520f9225-fb5f-4f3a-b267-a21f991bb8b4 | Context cleanup@openstack setup() finished in 0.01 msec
2019-06-05 06:33:45.689 1842 RALLYDEBUG rally.task.runner [-] Starting the constant runner (task UUID: 520f9225-fb5f-4f3a-b267-a21f991bb8b4). timeout: 0 concurrency: 4 concurrency_per_worker: 1 times: 10 concurrency_overhead: 0 processes_to_start: 4 max_cpu_used: 16
2019-06-05 06:33:45.700 2782 RALLYDEBUG rally.task.runner [-] Starting a worker. concurrency: 1 args: {"container_format": "bare", "disk_format": "raw", "do_delete": true, "force": false, "size": 1} times: 10 method_name: run timeout: 0 duration: None cls:
2019-06-05 06:33:45.703 2783 RALLYDEBUG rally.task.runner [-] Starting a worker. concurrency: 1 args: {"container_format": "bare", "disk_format": "raw", "do_delete": true, "force": false, "size": 1} times: 10 method_name: run timeout: 0 duration: None cls:
2019-06-05 06:33:45.706 2784 RALLYDEBUG rally.task.runner [-] Starting a worker. concurrency: 1 args: {"container_format": "bare", "disk_format": "raw", "do_delete": true, "force": false, "size": 1} times: 10 method_name: run timeout: 0 duration: None cls:
2019-06-05 06:33:45.708 2782 INFO rally.task.runner [-] Task 520f9225-fb5f-4f3a-b267-a21f991bb8b4 | ITER: 1 START
2019-06-05 06:33:45.708 2785 RALLYDEBUG rally.task.runner [-] Starting a worker. concurrency: 1 args: {"container_format": "bare", "disk_format": "raw", "do_delete": true, "force": false, "size": 1} times: 10 method_name: run timeout: 0 duration: None cls:
2019-06-05 06:33:45.711 2783 INFO rally.task.runner [-] Task 520f9225-fb5f-4f3a-b267-a21f991bb8b4 | ITER: 2 START
2019-06-05 06:33:45.714 2784 INFO rally.task.runner [-] Task 520f9225-fb5f-4f3a-b267-a21f991bb8b4 | ITER: 3 START
2019-06-05 06:33:45.715 2785 INFO rally.task.runner [-] Task 520f9225-fb5f-4f3a-b267-a21f991bb8b4 | ITER: 4 START
2019-06-05 06:33:51.266 2782 RALLYDEBUG rally.task.utils [-] Waiting for resource s_rally_a628e09c_b3xRWXgV. Status changed: AVAILABLE => UPLOADING in 0.394773006439
2019-06-05 06:33:51.269 2785 RALLYDEBUG rally.task.utils [-] Waiting for resource s_rally_a628e09c_UgS4Po8a. Status changed: AVAILABLE => UPLOADING in 0.2681889534
2019-06-05 06:33:51.381 2784 RALLYDEBUG rally.task.utils [-] Waiting for resource s_rally_a628e09c_lQMm6qKK. Status changed: AVAILABLE => UPLOADING in 0.317607164383
2019-06-05 06:33:51.481 2783 RALLYDEBUG rally.task.utils [-] Waiting for resource s_rally_a628e09c_JyrB9xKQ. Status changed: AVAILABLE => UPLOADING in 0.269582986832
2019-06-05 06:34:34.279 2782 RALLYDEBUG rally.task.utils [-] Waiting for resource s_rally_a628e09c_b3xRWXgV. Status changed: UPLOADING => AVAILABLE in 43.0123329163
2019-06-05 06:34:34.455 2784 RALLYDEBUG rally.task.utils [-] Waiting for resource s_rally_a628e09c_lQMm6qKK. Status changed: UPLOADING => AVAILABLE in 43.0745420456
2019-06-05 06:34:35.066 2782 RALLYDEBUG rally.task.utils [-] Waiting for resource s_rally_a628e09c_b3xRWXgV. Status changed: AVAILABLE => DELETING in 0.0540668964386
2019-06-05 06:34:35.484 2784 RALLYDEBUG rally.task.utils [-] Waiting for resource s_rally_a628e09c_lQMm6qKK. Status changed: AVAILABLE => DELETING in 0.376482009888
2019-06-05 06:34:39.207 2784 INFO rally.task.runner [-] Task 520f9225-fb5f-4f3a-b267-a21f991bb8b4 | ITER: 3 END: OK
2019-06-05 06:34:39.214 2784 INFO rally.task.runner [-] Task 520f9225-fb5f-4f3a-b267-a21f991bb8b4 | ITER: 5 START
2019-06-05 06:34:39.220 2782 INFO rally.task.runner [-] Task 520f9225-fb5f-4f3a-b267-a21f991bb8b4 | ITER: 1 END: OK
2019-06-05 06:34:39.227 2782 INFO rally.task.runner [-] Task 520f9225-fb5f-4f3a-b267-a21f991bb8b4 | ITER: 6 START
2019-06-05 06:34:44.908 2784 RALLYDEBUG rally.task.utils [-] Waiting for resource s_rally_a628e09c_PpoKWx9a. Status changed: AVAILABLE => UPLOADING in 0.0536329746246
2019-06-05 06:34:45.001 2782 RALLYDEBUG rally.task.utils [-] Waiting for resource s_rally_a628e09c_rakQv4Et. Status changed: AVAILABLE => UPLOADING in 0.0549578666687
2019-06-05 06:34:59.222 2785 RALLYDEBUG rally.task.utils [-] Waiting for resource s_rally_a628e09c_UgS4Po8a. Status changed: UPLOADING => AVAILABLE in 67.9528691769
2019-06-05 06:34:59.458 2783 RALLYDEBUG rally.task.utils [-] Waiting for resource s_rally_a628e09c_JyrB9xKQ. Status changed: UPLOADING => AVAILABLE in 67.976788044
2019-06-05 06:35:00.161 2783 RALLYDEBUG rally.task.utils [-] Waiting for resource s_rally_a628e09c_JyrB9xKQ. Status changed: AVAILABLE => DELETING in 0.054535150528
2019-06-05 06:35:00.217 2785 RALLYDEBUG rally.task.utils [-] Waiting for resource s_rally_a628e09c_UgS4Po8a. Status changed: AVAILABLE => DELETING in 0.0557038784027
2019-06-05 06:35:04.024 2783 INFO rally.task.runner [-] Task 520f9225-fb5f-4f3a-b267-a21f991bb8b4 | ITER: 2 END: OK
2019-06-05 06:35:04.030 2783 INFO rally.task.runner [-] Task 520f9225-fb5f-4f3a-b267-a21f991bb8b4 | ITER: 7 START
2019-06-05 06:35:05.579 2785 INFO rally.task.runner [-] Task 520f9225-fb5f-4f3a-b267-a21f991bb8b4 | ITER: 4 END: OK
2019-06-05 06:35:05.586 2785 INFO rally.task.runner [-] Task 520f9225-fb5f-4f3a-b267-a21f991bb8b4 | ITER: 8 START
2019-06-05 06:35:09.901 2783 RALLYDEBUG rally.task.utils [-] Waiting for resource s_rally_a628e09c_7qRxao6j. Status changed: AVAILABLE => UPLOADING in 0.316174030304
2019-06-05 06:35:11.763 2785 RALLYDEBUG rally.task.utils [-] Waiting for resource s_rally_a628e09c_56gN0AtM. Status changed: AVAILABLE => UPLOADING in 0.362324953079
2019-06-05 06:35:26.293 2782 RALLYDEBUG rally.task.utils [-] Waiting for resource s_rally_a628e09c_rakQv4Et. Status changed: UPLOADING => AVAILABLE in 41.291793108
2019-06-05 06:35:27.145 2784 RALLYDEBUG rally.task.utils [-] Waiting for resource s_rally_a628e09c_PpoKWx9a. Status changed: UPLOADING => AVAILABLE in 42.2364890575
2019-06-05 06:35:27.735 2782 RALLYDEBUG rally.task.utils [-] Waiting for resource s_rally_a628e09c_rakQv4Et. Status changed: AVAILABLE => DELETING in 0.274791955948
2019-06-05 06:35:28.223 2784 RALLYDEBUG rally.task.utils [-] Waiting for resource s_rally_a628e09c_PpoKWx9a. Status changed: AVAILABLE => DELETING in 0.0562520027161
2019-06-05 06:35:31.825 2782 INFO rally.task.runner [-] Task 520f9225-fb5f-4f3a-b267-a21f991bb8b4 | ITER: 6 END: OK
2019-06-05 06:35:31.831 2782 INFO rally.task.runner [-] Task 520f9225-fb5f-4f3a-b267-a21f991bb8b4 | ITER: 9 START
2019-06-05 06:35:31.904 2784 INFO rally.task.runner [-] Task 520f9225-fb5f-4f3a-b267-a21f991bb8b4 | ITER: 5 END: OK
2019-06-05 06:35:31.910 2784 INFO rally.task.runner [-] Task 520f9225-fb5f-4f3a-b267-a21f991bb8b4 | ITER: 10 START
2019-06-05 06:35:37.711 2782 RALLYDEBUG rally.task.utils [-] Waiting for resource s_rally_a628e09c_6mDD5FRQ. Status changed: AVAILABLE => UPLOADING in 0.35143995285
2019-06-05 06:35:37.872 2784 RALLYDEBUG rally.task.utils [-] Waiting for resource s_rally_a628e09c_2JY8oXqE. Status changed: AVAILABLE => UPLOADING in 0.435383081436
2019-06-05 06:35:51.736 2783 RALLYDEBUG rally.task.utils [-] Waiting for resource s_rally_a628e09c_7qRxao6j. Status changed: UPLOADING => AVAILABLE in 41.8350460529
2019-06-05 06:35:52.508 2783 RALLYDEBUG rally.task.utils [-] Waiting for resource s_rally_a628e09c_7qRxao6j. Status changed: AVAILABLE => DELETING in 0.0593218803406
2019-06-05 06:35:55.992 2783 INFO rally.task.runner [-] Task 520f9225-fb5f-4f3a-b267-a21f991bb8b4 | ITER: 7 END: OK
2019-06-05 06:36:03.039 2785 RALLYDEBUG rally.task.utils [-] Waiting for resource s_rally_a628e09c_56gN0AtM. Status changed: UPLOADING => AVAILABLE in 51.276512146
2019-06-05 06:36:04.168 2785 RALLYDEBUG rally.task.utils [-] Waiting for resource s_rally_a628e09c_56gN0AtM. Status changed: AVAILABLE => DELETING in 0.0548980236053
2019-06-05 06:36:07.790 2785 INFO rally.task.runner [-] Task 520f9225-fb5f-4f3a-b267-a21f991bb8b4 | ITER: 8 END: OK
2019-06-05 06:36:13.917 2784 RALLYDEBUG rally.task.utils [-] Waiting for resource s_rally_a628e09c_2JY8oXqE. Status changed: UPLOADING => AVAILABLE in 36.0449090004
2019-06-05 06:36:14.902 2784 RALLYDEBUG rally.task.utils [-] Waiting for resource s_rally_a628e09c_2JY8oXqE. Status changed: AVAILABLE => DELETING in 0.345310926437
2019-06-05 06:36:18.675 2784 INFO rally.task.runner [-] Task 520f9225-fb5f-4f3a-b267-a21f991bb8b4 | ITER: 10 END: OK
2019-06-05 06:36:20.008 2782 RALLYDEBUG rally.task.utils [-] Waiting for resource s_rally_a628e09c_6mDD5FRQ. Status changed: UPLOADING => AVAILABLE in 42.2971870899
2019-06-05 06:36:21.879 2782 INFO rally.task.runner [-] Task 520f9225-fb5f-4f3a-b267-a21f991bb8b4 | ITER: 9 END: OK
2019-06-05 06:36:21.910 1842 INFO rally.task.context [-] Task 520f9225-fb5f-4f3a-b267-a21f991bb8b4 | Context cleanup@openstack cleanup() started
2019-06-05 06:36:21.913 1842 RALLYDEBUG rally_openstack.cleanup.manager [-] Cleaning up cinder backups objects
2019-06-05 06:36:24.148 1842 RALLYDEBUG rally_openstack.cleanup.manager [-] Cleaning up cinder volume_snapshots objects
2019-06-05 06:36:26.417 1842 RALLYDEBUG rally_openstack.cleanup.manager [-] Cleaning up cinder transfers objects
2019-06-05 06:36:28.659 1842 RALLYDEBUG rally_openstack.cleanup.manager [-] Cleaning up cinder volumes objects
2019-06-05 06:36:30.930 1842 RALLYDEBUG rally_openstack.cleanup.manager [-] Cleaning up glance images objects
2019-06-05 06:36:34.260 1842 INFO rally.task.context [-] Task 520f9225-fb5f-4f3a-b267-a21f991bb8b4 | Context cleanup@openstack cleanup() finished in 12.35 sec
2019-06-05 06:36:34.260 1842 INFO rally.task.context [-] Task 520f9225-fb5f-4f3a-b267-a21f991bb8b4 | Context quotas@openstack cleanup() started
2019-06-05 06:36:35.295 1842 INFO rally.task.context [-] Task 520f9225-fb5f-4f3a-b267-a21f991bb8b4 | Context quotas@openstack cleanup() finished in 1.04 sec
2019-06-05 06:36:35.296 1842 INFO rally.task.context [-] Task 520f9225-fb5f-4f3a-b267-a21f991bb8b4 | Context api_versions@openstack cleanup() started
2019-06-05 06:36:35.296 1842 INFO rally.task.context [-] Task 520f9225-fb5f-4f3a-b267-a21f991bb8b4 | Context api_versions@openstack cleanup() finished in 0.35 msec
2019-06-05 06:36:35.296 1842 INFO rally.task.context [-] Task 520f9225-fb5f-4f3a-b267-a21f991bb8b4 | Context users@openstack cleanup() started
2019-06-05 06:36:43.350 1842 INFO rally.task.context [-] Task 520f9225-fb5f-4f3a-b267-a21f991bb8b4 | Context users@openstack cleanup() finished in 8.05 sec
2019-06-05 06:36:43.487 1842 INFO rally.task.engine [-] Load duration is: 155.298006
2019-06-05 06:36:43.488 1842 INFO rally.task.engine [-] Full runner duration is: 156.222211
2019-06-05 06:36:43.488 1842 INFO rally.task.engine [-] Full duration is: 184.496903
2019-06-05 06:36:43.747 1842 INFO rally.task.engine [-] Running workload: position = 0 config = { "version": 2, "title": "A cropped version of a bigger task.", "description": "Auto-generated task from a single workload (uuid=b6746eab-7a4c-48d2-8651-9ffa2e5e4bf2)", "subtasks": [ { "title": "CinderVolumes.create_nested_snapshots_and_attach_volume", "description": "Create a volume from snapshot and attach/detach the volume", "scenario": { "CinderVolumes.create_nested_snapshots_and_attach_volume": { "flavor": { "name": "rally_full-flavor_598fe74d-8779-40c6-9f38-239dfcb49e60" }, "image": { "name": "rally_full-img_598fe74d-8779-40c6-9f38-239dfcb49e60" }, "nested_level": 1, "size": { "max": 1, "min": 1 }, "create_vm_params": { "nics": [ { "net-id": "5e2c863e-921d-442e-ba1a-828ee67e6797" } ] } } }, "contexts": { "users": { "tenants": 3, "users_per_tenant": 2 }, "quotas": { "cinder": { "gigabytes": -1, "snapshots": -1, "volumes": -1 } }, "api_versions": { "cinder": { "version": 3, "service_type": "volumev3" } } }, "runner": { "constant": { "concurrency": 4, "times": 10 } }, "hooks": [], "sla": { "failure_rate": { "max": 0 } } } ] }
2019-06-05 06:36:43.780 1842 RALLYDEBUG rally_openstack.contexts.keystone.users [-] Creating 3 tenants using 20 threads
2019-06-05 06:36:45.772 1842 RALLYDEBUG rally_openstack.contexts.keystone.users [-] Creating 6 users using 20 threads
2019-06-05 06:36:48.625 1842 INFO rally.task.context [-] Task 520f9225-fb5f-4f3a-b267-a21f991bb8b4 | Context users@openstack setup() finished in 4.85 sec
2019-06-05 06:36:49.056 1842 INFO rally.task.context [-] Task 520f9225-fb5f-4f3a-b267-a21f991bb8b4 | Context api_versions@openstack setup() finished in 0.43 sec
2019-06-05 06:36:50.737 1842 INFO rally.task.context [-] Task 520f9225-fb5f-4f3a-b267-a21f991bb8b4 | Context quotas@openstack setup() finished in 1.68 sec
2019-06-05 06:36:50.738 1842 INFO rally.task.context [-] Task 520f9225-fb5f-4f3a-b267-a21f991bb8b4 | Context cleanup@openstack setup() finished in 0.02 msec
2019-06-05 06:36:52.338 1842 DEBUG novaclient.v2.client [-] REQ: curl -g -i -X GET http://172.30.9.23:8774/v2.1/flavors/detail -H "Accept: application/json" -H "User-Agent: python-novaclient" -H "X-Auth-Token: {SHA1}eabc7d6c167e32377de94afd977481701cd510bb" _http_log_request /usr/lib/python2.7/site-packages/keystoneauth1/session.py:448
2019-06-05 06:36:52.647 1842 DEBUG novaclient.v2.client [-] RESP: [200] Content-Encoding: gzip Content-Length: 367 Content-Type: application/json Date: Wed, 05 Jun 2019 06:36:52 GMT OpenStack-API-Version: compute 2.1 Server: Apache Vary: OpenStack-API-Version,X-OpenStack-Nova-API-Version,Accept-Encoding X-OpenStack-Nova-API-Version: 2.1 x-compute-request-id: req-dec7d639-dc1c-4a28-aed6-5b3a33fa60c1 x-openstack-request-id: req-dec7d639-dc1c-4a28-aed6-5b3a33fa60c1 _http_log_response /usr/lib/python2.7/site-packages/keystoneauth1/session.py:479
2019-06-05 06:36:52.647 1842 DEBUG novaclient.v2.client [-] RESP BODY: {"flavors": [{"name": "rally_full-flavor_alt_598fe74d-8779-40c6-9f38-239dfcb49e60", "links": [{"href": "http://172.30.9.23:8774/v2.1/flavors/45cc20a7-48ed-4e90-ade3-69ae3fa36fe5", "rel": "self"}, {"href": "http://172.30.9.23:8774/flavors/45cc20a7-48ed-4e90-ade3-69ae3fa36fe5", "rel": "bookmark"}], "ram": 1024, "OS-FLV-DISABLED:disabled": false, "vcpus": 1, "swap": "", "os-flavor-access:is_public": true, "rxtx_factor": 1.0, "OS-FLV-EXT-DATA:ephemeral": 0, "disk": 1, "id": "45cc20a7-48ed-4e90-ade3-69ae3fa36fe5"}, {"name": "rally_full-flavor_598fe74d-8779-40c6-9f38-239dfcb49e60", "links": [{"href": "http://172.30.9.23:8774/v2.1/flavors/70f27cbd-f9ec-474e-a1ea-03802dfd930b", "rel": "self"}, {"href": "http://172.30.9.23:8774/flavors/70f27cbd-f9ec-474e-a1ea-03802dfd930b", "rel": "bookmark"}], "ram": 512, "OS-FLV-DISABLED:disabled": false, "vcpus": 1, "swap": "", "os-flavor-access:is_public": true, "rxtx_factor": 1.0, "OS-FLV-EXT-DATA:ephemeral": 0, "disk": 1, "id": "70f27cbd-f9ec-474e-a1ea-03802dfd930b"}]} _http_log_response /usr/lib/python2.7/site-packages/keystoneauth1/session.py:511
2019-06-05 06:36:52.648 1842 DEBUG novaclient.v2.client [-] GET call to compute for http://172.30.9.23:8774/v2.1/flavors/detail used request id req-dec7d639-dc1c-4a28-aed6-5b3a33fa60c1 request /usr/lib/python2.7/site-packages/keystoneauth1/session.py:844
2019-06-05 06:36:52.650 1842 RALLYDEBUG rally.task.runner [-] Starting the constant runner (task UUID: 520f9225-fb5f-4f3a-b267-a21f991bb8b4). timeout: 0 concurrency: 4 concurrency_per_worker: 1 times: 10 concurrency_overhead: 0 processes_to_start: 4 max_cpu_used: 16
2019-06-05 06:36:52.664 2986 RALLYDEBUG rally.task.runner [-] Starting a worker. concurrency: 1 args: {"flavor": "70f27cbd-f9ec-474e-a1ea-03802dfd930b", "image": "e6e3ec61-affc-4b56-b47d-4513d61f6cb5", "nested_level": 1, "size": {"max": 1, "min": 1}, "create_vm_params": {"nics": [{"net-id": "5e2c863e-921d-442e-ba1a-828ee67e6797"}]}} times: 10 method_name: run timeout: 0 duration: None cls:
2019-06-05 06:36:52.666 2987 RALLYDEBUG rally.task.runner [-] Starting a worker. concurrency: 1 args: {"flavor": "70f27cbd-f9ec-474e-a1ea-03802dfd930b", "image": "e6e3ec61-affc-4b56-b47d-4513d61f6cb5", "nested_level": 1, "size": {"max": 1, "min": 1}, "create_vm_params": {"nics": [{"net-id": "5e2c863e-921d-442e-ba1a-828ee67e6797"}]}} times: 10 method_name: run timeout: 0 duration: None cls:
2019-06-05 06:36:52.668 2988 RALLYDEBUG rally.task.runner [-] Starting a worker. concurrency: 1 args: {"flavor": "70f27cbd-f9ec-474e-a1ea-03802dfd930b", "image": "e6e3ec61-affc-4b56-b47d-4513d61f6cb5", "nested_level": 1, "size": {"max": 1, "min": 1}, "create_vm_params": {"nics": [{"net-id": "5e2c863e-921d-442e-ba1a-828ee67e6797"}]}} times: 10 method_name: run timeout: 0 duration: None cls:
2019-06-05 06:36:52.672 2986 INFO rally.task.runner [-] Task 520f9225-fb5f-4f3a-b267-a21f991bb8b4 | ITER: 1 START
2019-06-05 06:36:52.672 2989 RALLYDEBUG rally.task.runner [-] Starting a worker. concurrency: 1 args: {"flavor": "70f27cbd-f9ec-474e-a1ea-03802dfd930b", "image": "e6e3ec61-affc-4b56-b47d-4513d61f6cb5", "nested_level": 1, "size": {"max": 1, "min": 1}, "create_vm_params": {"nics": [{"net-id": "5e2c863e-921d-442e-ba1a-828ee67e6797"}]}} times: 10 method_name: run timeout: 0 duration: None cls:
2019-06-05 06:36:52.675 2987 INFO rally.task.runner [-] Task 520f9225-fb5f-4f3a-b267-a21f991bb8b4 | ITER: 2 START
2019-06-05 06:36:52.676 2988 INFO rally.task.runner [-] Task 520f9225-fb5f-4f3a-b267-a21f991bb8b4 | ITER: 3 START
2019-06-05 06:36:52.680 2989 INFO rally.task.runner [-] Task 520f9225-fb5f-4f3a-b267-a21f991bb8b4 | ITER: 4 START
2019-06-05 06:36:53.118 2989 DEBUG novaclient.v2.client [-] REQ: curl -g -i -X POST http://172.30.9.23:8774/v2.1/servers -H "Accept: application/json" -H "Content-Type: application/json" -H "User-Agent: python-novaclient" -H "X-Auth-Token: {SHA1}ef11ebac3707bde8b46829ff078550e71759eaf7" -d '{"server": {"name": "s_rally_b6746eab_KMidbssP", "imageRef": "e6e3ec61-affc-4b56-b47d-4513d61f6cb5", "flavorRef": "70f27cbd-f9ec-474e-a1ea-03802dfd930b", "max_count": 1, "min_count": 1, "networks": [{"uuid": "5e2c863e-921d-442e-ba1a-828ee67e6797"}]}}' _http_log_request /usr/lib/python2.7/site-packages/keystoneauth1/session.py:448
2019-06-05 06:36:53.119 2988 DEBUG novaclient.v2.client [-] REQ: curl -g -i -X POST http://172.30.9.23:8774/v2.1/servers -H "Accept: application/json" -H "Content-Type: application/json" -H "User-Agent: python-novaclient" -H "X-Auth-Token: {SHA1}858e61e3908097976c2066067476fc478a7d461b" -d '{"server": {"name": "s_rally_b6746eab_vFI8sZsz", "imageRef": "e6e3ec61-affc-4b56-b47d-4513d61f6cb5", "flavorRef": "70f27cbd-f9ec-474e-a1ea-03802dfd930b", "max_count": 1, "min_count": 1, "networks": [{"uuid": "5e2c863e-921d-442e-ba1a-828ee67e6797"}]}}' _http_log_request /usr/lib/python2.7/site-packages/keystoneauth1/session.py:448
2019-06-05 06:36:53.119 2987 DEBUG novaclient.v2.client [-] REQ: curl -g -i -X POST http://172.30.9.23:8774/v2.1/servers -H "Accept: application/json" -H "Content-Type: application/json" -H "User-Agent: python-novaclient" -H "X-Auth-Token: {SHA1}0cba9c5e5be1793244ae8b3546d45912a0cd17fc" -d '{"server": {"name": "s_rally_b6746eab_GTH95sY9", "imageRef": "e6e3ec61-affc-4b56-b47d-4513d61f6cb5", "flavorRef": "70f27cbd-f9ec-474e-a1ea-03802dfd930b", "max_count": 1, "min_count": 1, "networks": [{"uuid": "5e2c863e-921d-442e-ba1a-828ee67e6797"}]}}' _http_log_request /usr/lib/python2.7/site-packages/keystoneauth1/session.py:448
2019-06-05 06:36:53.125 2986 DEBUG novaclient.v2.client [-] REQ: curl -g -i -X POST http://172.30.9.23:8774/v2.1/servers -H "Accept: application/json" -H "Content-Type: application/json" -H "User-Agent: python-novaclient" -H "X-Auth-Token: {SHA1}89a4acbd1891929e677b33590dec23429075d338" -d '{"server": {"name": "s_rally_b6746eab_kIJkX83Z", "imageRef": "e6e3ec61-affc-4b56-b47d-4513d61f6cb5", "flavorRef": "70f27cbd-f9ec-474e-a1ea-03802dfd930b", "max_count": 1, "min_count": 1, "networks": [{"uuid": "5e2c863e-921d-442e-ba1a-828ee67e6797"}]}}' _http_log_request /usr/lib/python2.7/site-packages/keystoneauth1/session.py:448
2019-06-05 06:36:56.479 2988 DEBUG novaclient.v2.client [-] RESP: [202] Content-Length: 374 Content-Type: application/json Date: Wed, 05 Jun 2019 06:36:53 GMT OpenStack-API-Version: compute 2.1 Server: Apache Vary: OpenStack-API-Version,X-OpenStack-Nova-API-Version X-OpenStack-Nova-API-Version: 2.1 location: http://172.30.9.23:8774/v2.1/servers/caa7668b-b0f9-496a-aa78-22f2844a04d0 x-compute-request-id: req-74662535-1b31-4fe3-9b4a-37d2f421a3e1 x-openstack-request-id: req-74662535-1b31-4fe3-9b4a-37d2f421a3e1 _http_log_response /usr/lib/python2.7/site-packages/keystoneauth1/session.py:479
2019-06-05 06:36:56.480 2988 DEBUG novaclient.v2.client [-] RESP BODY: {"server": {"security_groups": [{"name": "default"}], "OS-DCF:diskConfig": "MANUAL", "id": "caa7668b-b0f9-496a-aa78-22f2844a04d0", "links": [{"href": "http://172.30.9.23:8774/v2.1/servers/caa7668b-b0f9-496a-aa78-22f2844a04d0", "rel": "self"}, {"href": "http://172.30.9.23:8774/servers/caa7668b-b0f9-496a-aa78-22f2844a04d0", "rel": "bookmark"}], "adminPass": "NCgcgA79jpA9"}} _http_log_response /usr/lib/python2.7/site-packages/keystoneauth1/session.py:511
2019-06-05 06:36:56.480 2988 DEBUG novaclient.v2.client [-] POST call to compute for http://172.30.9.23:8774/v2.1/servers used request id req-74662535-1b31-4fe3-9b4a-37d2f421a3e1 request /usr/lib/python2.7/site-packages/keystoneauth1/session.py:844
2019-06-05 06:36:56.575 2987 DEBUG novaclient.v2.client [-] RESP: [202] Content-Length: 374 Content-Type: application/json Date: Wed, 05 Jun 2019 06:36:53 GMT OpenStack-API-Version: compute 2.1 Server: Apache Vary: OpenStack-API-Version,X-OpenStack-Nova-API-Version X-OpenStack-Nova-API-Version: 2.1 location: http://172.30.9.23:8774/v2.1/servers/350a822e-892e-422f-b230-b4a86bd1ab18 x-compute-request-id: req-43c2e6ce-e173-4583-9a0e-bfa5bd5b6e6c x-openstack-request-id: req-43c2e6ce-e173-4583-9a0e-bfa5bd5b6e6c _http_log_response /usr/lib/python2.7/site-packages/keystoneauth1/session.py:479
2019-06-05 06:36:56.576 2987 DEBUG novaclient.v2.client [-] RESP BODY: {"server": {"security_groups": [{"name": "default"}], "OS-DCF:diskConfig": "MANUAL", "id": "350a822e-892e-422f-b230-b4a86bd1ab18", "links": [{"href": "http://172.30.9.23:8774/v2.1/servers/350a822e-892e-422f-b230-b4a86bd1ab18", "rel": "self"}, {"href": "http://172.30.9.23:8774/servers/350a822e-892e-422f-b230-b4a86bd1ab18", "rel": "bookmark"}], "adminPass": "2QrgR7zReZg5"}} _http_log_response /usr/lib/python2.7/site-packages/keystoneauth1/session.py:511
2019-06-05 06:36:56.577 2987 DEBUG novaclient.v2.client [-] POST call to compute for http://172.30.9.23:8774/v2.1/servers used request id req-43c2e6ce-e173-4583-9a0e-bfa5bd5b6e6c request /usr/lib/python2.7/site-packages/keystoneauth1/session.py:844
2019-06-05 06:36:56.719 2989 DEBUG novaclient.v2.client [-] RESP: [202] Content-Length: 374 Content-Type: application/json Date: Wed, 05 Jun 2019 06:36:53 GMT OpenStack-API-Version: compute 2.1 Server: Apache Vary: OpenStack-API-Version,X-OpenStack-Nova-API-Version X-OpenStack-Nova-API-Version: 2.1 location: http://172.30.9.23:8774/v2.1/servers/72f5b17d-d0db-459d-bc2c-72609a1e4408 x-compute-request-id: req-56423381-ac97-4aee-bdfb-bac9150c0bed x-openstack-request-id: req-56423381-ac97-4aee-bdfb-bac9150c0bed _http_log_response /usr/lib/python2.7/site-packages/keystoneauth1/session.py:479
2019-06-05 06:36:56.720 2989 DEBUG novaclient.v2.client [-] RESP BODY: {"server": {"security_groups": [{"name": "default"}], "OS-DCF:diskConfig": "MANUAL", "id": "72f5b17d-d0db-459d-bc2c-72609a1e4408", "links": [{"href": "http://172.30.9.23:8774/v2.1/servers/72f5b17d-d0db-459d-bc2c-72609a1e4408", "rel": "self"}, {"href": "http://172.30.9.23:8774/servers/72f5b17d-d0db-459d-bc2c-72609a1e4408", "rel": "bookmark"}], "adminPass": "D2DFZrVCpaBi"}} _http_log_response /usr/lib/python2.7/site-packages/keystoneauth1/session.py:511
2019-06-05 06:36:56.720 2989 DEBUG novaclient.v2.client [-] POST call to compute for http://172.30.9.23:8774/v2.1/servers used request id req-56423381-ac97-4aee-bdfb-bac9150c0bed request /usr/lib/python2.7/site-packages/keystoneauth1/session.py:844
2019-06-05 06:36:57.035 2986 DEBUG novaclient.v2.client [-] RESP: [202] Content-Length: 374 Content-Type: application/json Date: Wed, 05 Jun 2019 06:36:53 GMT OpenStack-API-Version: compute 2.1 Server: Apache Vary: OpenStack-API-Version,X-OpenStack-Nova-API-Version X-OpenStack-Nova-API-Version: 2.1 location: http://172.30.9.23:8774/v2.1/servers/40b5d7ad-88f9-4869-bf4e-308240138345 x-compute-request-id: req-5b37b749-2a63-40f3-a923-0dcfb24309b5 x-openstack-request-id: req-5b37b749-2a63-40f3-a923-0dcfb24309b5 _http_log_response /usr/lib/python2.7/site-packages/keystoneauth1/session.py:479
2019-06-05 06:36:57.036 2986 DEBUG novaclient.v2.client [-] RESP BODY: {"server": {"security_groups": [{"name": "default"}], "OS-DCF:diskConfig": "MANUAL", "id": "40b5d7ad-88f9-4869-bf4e-308240138345", "links": [{"href": "http://172.30.9.23:8774/v2.1/servers/40b5d7ad-88f9-4869-bf4e-308240138345", "rel": "self"}, {"href": "http://172.30.9.23:8774/servers/40b5d7ad-88f9-4869-bf4e-308240138345", "rel": "bookmark"}], "adminPass": "pTMZhRSnhZ2q"}} _http_log_response /usr/lib/python2.7/site-packages/keystoneauth1/session.py:511
2019-06-05 06:36:57.037 2986 DEBUG novaclient.v2.client [-] POST call to compute for http://172.30.9.23:8774/v2.1/servers used request id req-5b37b749-2a63-40f3-a923-0dcfb24309b5 request /usr/lib/python2.7/site-packages/keystoneauth1/session.py:844
2019-06-05 06:36:57.484 2988 DEBUG novaclient.v2.client [-] REQ: curl -g -i -X GET http://172.30.9.23:8774/v2.1/servers/caa7668b-b0f9-496a-aa78-22f2844a04d0 -H "Accept: application/json" -H "User-Agent: python-novaclient" -H "X-Auth-Token: {SHA1}858e61e3908097976c2066067476fc478a7d461b" _http_log_request /usr/lib/python2.7/site-packages/keystoneauth1/session.py:448
2019-06-05 06:36:57.581 2987 DEBUG novaclient.v2.client [-] REQ: curl -g -i -X GET http://172.30.9.23:8774/v2.1/servers/350a822e-892e-422f-b230-b4a86bd1ab18 -H "Accept: application/json" -H "User-Agent: python-novaclient" -H "X-Auth-Token: {SHA1}0cba9c5e5be1793244ae8b3546d45912a0cd17fc" _http_log_request /usr/lib/python2.7/site-packages/keystoneauth1/session.py:448
2019-06-05 06:36:57.724 2989 DEBUG novaclient.v2.client [-] REQ: curl -g -i -X GET http://172.30.9.23:8774/v2.1/servers/72f5b17d-d0db-459d-bc2c-72609a1e4408 -H "Accept: application/json" -H "User-Agent: python-novaclient" -H "X-Auth-Token: {SHA1}ef11ebac3707bde8b46829ff078550e71759eaf7" _http_log_request /usr/lib/python2.7/site-packages/keystoneauth1/session.py:448
2019-06-05 06:36:58.041 2986 DEBUG novaclient.v2.client [-] REQ: curl -g -i -X GET http://172.30.9.23:8774/v2.1/servers/40b5d7ad-88f9-4869-bf4e-308240138345 -H "Accept: application/json" -H "User-Agent: python-novaclient" -H "X-Auth-Token: {SHA1}89a4acbd1891929e677b33590dec23429075d338" _http_log_request /usr/lib/python2.7/site-packages/keystoneauth1/session.py:448
2019-06-05 06:36:58.126 2988 DEBUG novaclient.v2.client [-] RESP: [200] Content-Encoding: gzip Content-Length: 587 Content-Type: application/json Date: Wed, 05 Jun 2019 06:36:57 GMT OpenStack-API-Version: compute 2.1 Server: Apache Vary: OpenStack-API-Version,X-OpenStack-Nova-API-Version,Accept-Encoding X-OpenStack-Nova-API-Version: 2.1 x-compute-request-id: req-5c2a6720-f626-4282-859f-c897ab64325c x-openstack-request-id: req-5c2a6720-f626-4282-859f-c897ab64325c _http_log_response /usr/lib/python2.7/site-packages/keystoneauth1/session.py:479
2019-06-05 06:36:58.126 2988 DEBUG novaclient.v2.client [-] RESP BODY: {"server": {"OS-EXT-STS:task_state": "scheduling", "addresses": {}, "links": [{"href": "http://172.30.9.23:8774/v2.1/servers/caa7668b-b0f9-496a-aa78-22f2844a04d0", "rel": "self"}, {"href": "http://172.30.9.23:8774/servers/caa7668b-b0f9-496a-aa78-22f2844a04d0", "rel": "bookmark"}], "image": {"id": "e6e3ec61-affc-4b56-b47d-4513d61f6cb5", "links": [{"href": "http://172.30.9.23:8774/images/e6e3ec61-affc-4b56-b47d-4513d61f6cb5", "rel": "bookmark"}]}, "OS-EXT-STS:vm_state": "building", "OS-SRV-USG:launched_at": null, "flavor": {"id": "70f27cbd-f9ec-474e-a1ea-03802dfd930b", "links": [{"href": "http://172.30.9.23:8774/flavors/70f27cbd-f9ec-474e-a1ea-03802dfd930b", "rel": "bookmark"}]}, "id": "caa7668b-b0f9-496a-aa78-22f2844a04d0", "user_id": "a51502f0bb1b447eaa229fc9e3227a2f", "OS-DCF:diskConfig": "MANUAL", "accessIPv4": "", "accessIPv6": "", "progress": 0, "OS-EXT-STS:power_state": 0, "OS-EXT-AZ:availability_zone": "", "config_drive": "", "status": "BUILD", "updated": "2019-06-05T06:36:57Z", "hostId": "", "OS-SRV-USG:terminated_at": null, "key_name": null, "name": "s_rally_b6746eab_vFI8sZsz", "created": "2019-06-05T06:36:56Z", "tenant_id": "780d09a698b949d5a8cea0e6912af76c", "os-extended-volumes:volumes_attached": [], "metadata": {}}} _http_log_response /usr/lib/python2.7/site-packages/keystoneauth1/session.py:511
