2019-06-05 06:26:31.126 725 DEBUG glanceclient.common.http [-] Request returned failure status 404. _handle_response /usr/lib/python2.7/site-packages/glanceclient/common/http.py:125
2019-06-05 06:26:31.150 725 DEBUG glanceclient.common.http [-] Request returned failure status 404. _handle_response /usr/lib/python2.7/site-packages/glanceclient/common/http.py:125
2019-06-05 06:26:31.153 725 DEBUG glanceclient.common.http [-] Request returned failure status 404. _handle_response /usr/lib/python2.7/site-packages/glanceclient/common/http.py:125
2019-06-05 06:26:32.156 725 INFO rally.task.context [-] Task 1a08394e-981a-4952-b065-03c7560bf192 | Context cleanup@openstack cleanup() finished in 8.01 sec
2019-06-05 06:26:32.157 725 INFO rally.task.context [-] Task 1a08394e-981a-4952-b065-03c7560bf192 | Context users@openstack cleanup() started
2019-06-05 06:26:40.472 725 INFO rally.task.context [-] Task 1a08394e-981a-4952-b065-03c7560bf192 | Context users@openstack cleanup() finished in 8.32 sec
2019-06-05 06:26:42.203 725 INFO rally.task.engine [-] Load duration is: 16.483725
2019-06-05 06:26:42.204 725 INFO rally.task.engine [-] Full runner duration is: 17.382997
2019-06-05 06:26:42.204 725 INFO rally.task.engine [-] Full duration is: 38.460179
2019-06-05 06:26:42.454 725 INFO rally.task.engine [-] Running workload: position = 0 config = { "version": 2, "title": "A cropped version of a bigger task.", "description": "Auto-generated task from a single workload (uuid=566075c7-e1fe-4450-9fa8-47f2e1a65f60)", "subtasks": [ { "title": "GlanceImages.create_and_update_image", "description": "Create an image then update it.", "scenario": { "GlanceImages.create_and_update_image": { "container_format": "bare", "disk_format": "qcow2", "image_location": "/home/opnfv/functest/images/cirros-0.4.0-x86_64-disk.img" } }, "contexts": { "users": { "tenants": 3, "users_per_tenant": 2 } }, "runner": { "constant": { "concurrency": 4, "times": 10 } }, "hooks": [], "sla": { "failure_rate": { "max": 0 } } } ] }
2019-06-05 06:26:42.465 725 RALLYDEBUG rally_openstack.contexts.keystone.users [-] Creating 3 tenants using 20 threads
2019-06-05 06:26:44.367 725 RALLYDEBUG rally_openstack.contexts.keystone.users [-] Creating 6 users using 20 threads
2019-06-05 06:26:47.241 725 INFO rally.task.context [-] Task 1a08394e-981a-4952-b065-03c7560bf192 | Context users@openstack setup() finished in 4.78 sec
2019-06-05 06:26:47.242 725 INFO rally.task.context [-] Task 1a08394e-981a-4952-b065-03c7560bf192 | Context cleanup@openstack setup() finished in 0.01 msec
2019-06-05 06:26:47.248 725 RALLYDEBUG rally.task.runner [-] Starting the constant runner (task UUID: 1a08394e-981a-4952-b065-03c7560bf192). timeout: 0 concurrency: 4 concurrency_per_worker: 1 times: 10 concurrency_overhead: 0 processes_to_start: 4 max_cpu_used: 16
2019-06-05 06:26:47.260 1757 RALLYDEBUG rally.task.runner [-] Starting a worker. concurrency: 1 args: {"container_format": "bare", "disk_format": "qcow2", "image_location": "/home/opnfv/functest/images/cirros-0.4.0-x86_64-disk.img"} times: 10 method_name: run timeout: 0 duration: None cls:
2019-06-05 06:26:47.262 1758 RALLYDEBUG rally.task.runner [-] Starting a worker. concurrency: 1 args: {"container_format": "bare", "disk_format": "qcow2", "image_location": "/home/opnfv/functest/images/cirros-0.4.0-x86_64-disk.img"} times: 10 method_name: run timeout: 0 duration: None cls:
2019-06-05 06:26:47.264 1759 RALLYDEBUG rally.task.runner [-] Starting a worker. concurrency: 1 args: {"container_format": "bare", "disk_format": "qcow2", "image_location": "/home/opnfv/functest/images/cirros-0.4.0-x86_64-disk.img"} times: 10 method_name: run timeout: 0 duration: None cls:
2019-06-05 06:26:47.266 1757 INFO rally.task.runner [-] Task 1a08394e-981a-4952-b065-03c7560bf192 | ITER: 1 START
2019-06-05 06:26:47.268 1758 INFO rally.task.runner [-] Task 1a08394e-981a-4952-b065-03c7560bf192 | ITER: 2 START
2019-06-05 06:26:47.268 1760 RALLYDEBUG rally.task.runner [-] Starting a worker. concurrency: 1 args: {"container_format": "bare", "disk_format": "qcow2", "image_location": "/home/opnfv/functest/images/cirros-0.4.0-x86_64-disk.img"} times: 10 method_name: run timeout: 0 duration: None cls:
2019-06-05 06:26:47.270 1759 INFO rally.task.runner [-] Task 1a08394e-981a-4952-b065-03c7560bf192 | ITER: 3 START
2019-06-05 06:26:47.274 1760 INFO rally.task.runner [-] Task 1a08394e-981a-4952-b065-03c7560bf192 | ITER: 4 START
2019-06-05 06:26:51.150 1760 RALLYDEBUG rally.task.utils [-] Waiting for resource u'4db97790-2987-41f9-aa2e-a775c5daa09d'. Status changed: NONE => QUEUED in 0.316047906876
2019-06-05 06:26:51.170 1759 RALLYDEBUG rally.task.utils [-] Waiting for resource u'1379f7ab-9c2e-4fa5-b832-669409ed0f5a'. Status changed: NONE => QUEUED in 0.313647031784
2019-06-05 06:26:51.242 1758 RALLYDEBUG rally.task.utils [-] Waiting for resource u'7ac98a56-4be1-4efe-a17d-96eb06f80d7d'. Status changed: NONE => QUEUED in 0.725874900818
2019-06-05 06:26:51.435 1757 RALLYDEBUG rally.task.utils [-] Waiting for resource u'6a7fbeb9-1b6e-4c82-9604-c936bf49bdb1'. Status changed: NONE => QUEUED in 0.587635993958
2019-06-05 06:26:52.593 1759 RALLYDEBUG rally.task.utils [-] Waiting for resource s_rally_566075c7_5hXZbeG8. Status changed: QUEUED => ACTIVE in 0.0201239585876
2019-06-05 06:26:52.689 1760 RALLYDEBUG rally.task.utils [-] Waiting for resource s_rally_566075c7_ey1z1On4. Status changed: QUEUED => ACTIVE in 0.020281791687
2019-06-05 06:26:52.955 1758 RALLYDEBUG rally.task.utils [-] Waiting for resource s_rally_566075c7_yV8fPyXC. Status changed: QUEUED => ACTIVE in 0.361610889435
2019-06-05 06:26:53.031 1757 RALLYDEBUG rally.task.utils [-] Waiting for resource s_rally_566075c7_Zp1Kv4gJ. Status changed: QUEUED => ACTIVE in 0.37455201149
2019-06-05 06:26:53.209 1759 INFO rally.task.runner [-] Task 1a08394e-981a-4952-b065-03c7560bf192 | ITER: 3 END: OK
2019-06-05 06:26:53.213 1759 INFO rally.task.runner [-] Task 1a08394e-981a-4952-b065-03c7560bf192 | ITER: 5 START
2019-06-05 06:26:53.230 1760 INFO rally.task.runner [-] Task 1a08394e-981a-4952-b065-03c7560bf192 | ITER: 4 END: OK
2019-06-05 06:26:53.234 1760 INFO rally.task.runner [-] Task 1a08394e-981a-4952-b065-03c7560bf192 | ITER: 6 START
2019-06-05 06:26:53.391 1757 INFO rally.task.runner [-] Task 1a08394e-981a-4952-b065-03c7560bf192 | ITER: 1 END: OK
2019-06-05 06:26:53.395 1757 INFO rally.task.runner [-] Task 1a08394e-981a-4952-b065-03c7560bf192 | ITER: 7 START
2019-06-05 06:26:53.896 1758 INFO rally.task.runner [-] Task 1a08394e-981a-4952-b065-03c7560bf192 | ITER: 2 END: OK
2019-06-05 06:26:53.900 1758 INFO rally.task.runner [-] Task 1a08394e-981a-4952-b065-03c7560bf192 | ITER: 8 START
2019-06-05 06:26:56.832 1759 RALLYDEBUG rally.task.utils [-] Waiting for resource u'5071c528-f952-4412-b906-d2e69d4877be'. Status changed: NONE => QUEUED in 0.298233985901
2019-06-05 06:26:57.175 1760 RALLYDEBUG rally.task.utils [-] Waiting for resource u'd45aee99-08b3-4866-a798-b42db7db3634'. Status changed: NONE => QUEUED in 0.559490919113
2019-06-05 06:26:57.192 1757 RALLYDEBUG rally.task.utils [-] Waiting for resource u'7dc29cfe-b807-4332-bee9-1b7e9570a40b'. Status changed: NONE => QUEUED in 0.558556079865
2019-06-05 06:26:57.558 1759 RALLYDEBUG rally.task.utils [-] Waiting for resource s_rally_566075c7_bNhKPLnD. Status changed: QUEUED => ACTIVE in 0.0190370082855
2019-06-05 06:26:57.723 1758 RALLYDEBUG rally.task.utils [-] Waiting for resource u'52c44194-4667-4f58-a1a0-a7db0212af89'. Status changed: NONE => QUEUED in 0.311311006546
2019-06-05 06:26:58.631 1759 INFO rally.task.runner [-] Task 1a08394e-981a-4952-b065-03c7560bf192 | ITER: 5 END: OK
2019-06-05 06:26:58.635 1759 INFO rally.task.runner [-] Task 1a08394e-981a-4952-b065-03c7560bf192 | ITER: 9 START
2019-06-05 06:26:58.713 1760 RALLYDEBUG rally.task.utils [-] Waiting for resource s_rally_566075c7_ygV59LrF. Status changed: QUEUED => ACTIVE in 0.0171620845795
2019-06-05 06:26:58.732 1757 RALLYDEBUG rally.task.utils [-] Waiting for resource s_rally_566075c7_mwNyhz5l. Status changed: QUEUED => ACTIVE in 0.0229358673096
2019-06-05 06:26:59.399 1760 INFO rally.task.runner [-] Task 1a08394e-981a-4952-b065-03c7560bf192 | ITER: 6 END: OK
2019-06-05 06:26:59.403 1760 INFO rally.task.runner [-] Task 1a08394e-981a-4952-b065-03c7560bf192 | ITER: 10 START
2019-06-05 06:26:59.407 1757 INFO rally.task.runner [-] Task 1a08394e-981a-4952-b065-03c7560bf192 | ITER: 7 END: OK
2019-06-05 06:26:59.711 1758 RALLYDEBUG rally.task.utils [-] Waiting for resource s_rally_566075c7_5yyQKwny. Status changed: QUEUED => ACTIVE in 0.0176210403442
2019-06-05 06:27:00.036 1758 INFO rally.task.runner [-] Task 1a08394e-981a-4952-b065-03c7560bf192 | ITER: 8 END: OK
2019-06-05 06:27:02.058 1759 RALLYDEBUG rally.task.utils [-] Waiting for resource u'215c944f-8cec-4886-8001-b6475acacbb1'. Status changed: NONE => QUEUED in 0.234540939331
2019-06-05 06:27:03.038 1759 RALLYDEBUG rally.task.utils [-] Waiting for resource s_rally_566075c7_BvgeRHWG. Status changed: QUEUED => ACTIVE in 0.229662895203
2019-06-05 06:27:03.328 1760 RALLYDEBUG rally.task.utils [-] Waiting for resource u'270dc087-77d6-4fec-862a-6c45307048db'. Status changed: NONE => QUEUED in 0.478121995926
2019-06-05 06:27:03.865 1759 INFO rally.task.runner [-] Task 1a08394e-981a-4952-b065-03c7560bf192 | ITER: 9 END: OK
2019-06-05 06:27:05.245 1760 RALLYDEBUG rally.task.utils [-] Waiting for resource s_rally_566075c7_6nRZeJU3. Status changed: QUEUED => ACTIVE in 0.286046981812
2019-06-05 06:27:06.252 1760 INFO rally.task.runner [-] Task 1a08394e-981a-4952-b065-03c7560bf192 | ITER: 10 END: OK
2019-06-05 06:27:06.280 725 INFO rally.task.context [-] Task 1a08394e-981a-4952-b065-03c7560bf192 | Context cleanup@openstack cleanup() started
2019-06-05 06:27:06.283 725 RALLYDEBUG rally_openstack.cleanup.manager [-] Cleaning up glance images objects
2019-06-05 06:27:10.236 725 RALLYDEBUG rally_openstack.cleanup.manager [-] Deleting glance.images object s_rally_566075c7_WvrER6Fs (270dc087-77d6-4fec-862a-6c45307048db)
2019-06-05 06:27:10.243 725 RALLYDEBUG rally_openstack.cleanup.manager [-] Deleting glance.images object s_rally_566075c7_vFzitCE7 (215c944f-8cec-4886-8001-b6475acacbb1)
2019-06-05 06:27:10.244 725 RALLYDEBUG rally_openstack.cleanup.manager [-] Deleting glance.images object s_rally_566075c7_z3dm03jo (7ac98a56-4be1-4efe-a17d-96eb06f80d7d)
2019-06-05 06:27:10.247 725 RALLYDEBUG rally_openstack.cleanup.manager [-] Deleting glance.images object s_rally_566075c7_CcJE8ROl (52c44194-4667-4f58-a1a0-a7db0212af89)
2019-06-05 06:27:10.249 725 RALLYDEBUG rally_openstack.cleanup.manager [-] Deleting glance.images object s_rally_566075c7_bYz1xG1X (5071c528-f952-4412-b906-d2e69d4877be)
2019-06-05 06:27:10.253 725 RALLYDEBUG rally_openstack.cleanup.manager [-] Deleting glance.images object s_rally_566075c7_50PidwKp (4db97790-2987-41f9-aa2e-a775c5daa09d)
2019-06-05 06:27:10.264 725 RALLYDEBUG rally_openstack.cleanup.manager [-] Deleting glance.images object s_rally_566075c7_352bT2iZ (7dc29cfe-b807-4332-bee9-1b7e9570a40b)
2019-06-05 06:27:10.267 725 RALLYDEBUG rally_openstack.cleanup.manager [-] Deleting glance.images object s_rally_566075c7_yzAboXdC (1379f7ab-9c2e-4fa5-b832-669409ed0f5a)
2019-06-05 06:27:10.268 725 RALLYDEBUG rally_openstack.cleanup.manager [-] Deleting glance.images object s_rally_566075c7_smplJE7R (d45aee99-08b3-4866-a798-b42db7db3634)
2019-06-05 06:27:10.285 725 RALLYDEBUG rally_openstack.cleanup.manager [-] Deleting glance.images object s_rally_566075c7_uVceMkPI (6a7fbeb9-1b6e-4c82-9604-c936bf49bdb1)
2019-06-05 06:27:11.380 725 DEBUG glanceclient.common.http [-] Request returned failure status 404. _handle_response /usr/lib/python2.7/site-packages/glanceclient/common/http.py:125
2019-06-05 06:27:11.644 725 DEBUG glanceclient.common.http [-] Request returned failure status 404. _handle_response /usr/lib/python2.7/site-packages/glanceclient/common/http.py:125
2019-06-05 06:27:11.657 725 DEBUG glanceclient.common.http [-] Request returned failure status 404. _handle_response /usr/lib/python2.7/site-packages/glanceclient/common/http.py:125
2019-06-05 06:27:11.663 725 DEBUG glanceclient.common.http [-] Request returned failure status 404. _handle_response /usr/lib/python2.7/site-packages/glanceclient/common/http.py:125
2019-06-05 06:27:12.657 725 DEBUG glanceclient.common.http [-] Request returned failure status 404. _handle_response /usr/lib/python2.7/site-packages/glanceclient/common/http.py:125
2019-06-05 06:27:12.709 725 DEBUG glanceclient.common.http [-] Request returned failure status 404. _handle_response /usr/lib/python2.7/site-packages/glanceclient/common/http.py:125
2019-06-05 06:27:12.958 725 DEBUG glanceclient.common.http [-] Request returned failure status 404. _handle_response /usr/lib/python2.7/site-packages/glanceclient/common/http.py:125
2019-06-05 06:27:12.978 725 DEBUG glanceclient.common.http [-] Request returned failure status 404. _handle_response /usr/lib/python2.7/site-packages/glanceclient/common/http.py:125
2019-06-05 06:27:12.979 725 DEBUG glanceclient.common.http [-] Request returned failure status 404. _handle_response /usr/lib/python2.7/site-packages/glanceclient/common/http.py:125
2019-06-05 06:27:12.987 725 DEBUG glanceclient.common.http [-] Request returned failure status 404. _handle_response /usr/lib/python2.7/site-packages/glanceclient/common/http.py:125
2019-06-05 06:27:13.027 725 DEBUG glanceclient.common.http [-] Request returned failure status 404. _handle_response /usr/lib/python2.7/site-packages/glanceclient/common/http.py:125
2019-06-05 06:27:13.090 725 DEBUG glanceclient.common.http [-] Request returned failure status 404. _handle_response /usr/lib/python2.7/site-packages/glanceclient/common/http.py:125
2019-06-05 06:27:13.103 725 DEBUG glanceclient.common.http [-] Request returned failure status 404. _handle_response /usr/lib/python2.7/site-packages/glanceclient/common/http.py:125
2019-06-05 06:27:13.173 725 DEBUG glanceclient.common.http [-] Request returned failure status 404. _handle_response /usr/lib/python2.7/site-packages/glanceclient/common/http.py:125
2019-06-05 06:27:13.198 725 DEBUG glanceclient.common.http [-] Request returned failure status 404. _handle_response /usr/lib/python2.7/site-packages/glanceclient/common/http.py:125
2019-06-05 06:27:13.210 725 DEBUG glanceclient.common.http [-] Request returned failure status 404. _handle_response /usr/lib/python2.7/site-packages/glanceclient/common/http.py:125
2019-06-05 06:27:13.216 725 DEBUG glanceclient.common.http [-] Request returned failure status 404. _handle_response /usr/lib/python2.7/site-packages/glanceclient/common/http.py:125
2019-06-05 06:27:13.292 725 DEBUG glanceclient.common.http [-] Request returned failure status 404. _handle_response /usr/lib/python2.7/site-packages/glanceclient/common/http.py:125
2019-06-05 06:27:13.312 725 DEBUG glanceclient.common.http [-] Request returned failure status 404. _handle_response /usr/lib/python2.7/site-packages/glanceclient/common/http.py:125
2019-06-05 06:27:13.378 725 DEBUG glanceclient.common.http [-] Request returned failure status 404. _handle_response /usr/lib/python2.7/site-packages/glanceclient/common/http.py:125
2019-06-05 06:27:14.381 725 INFO rally.task.context [-] Task 1a08394e-981a-4952-b065-03c7560bf192 | Context cleanup@openstack cleanup() finished in 8.10 sec
2019-06-05 06:27:14.381 725 INFO rally.task.context [-] Task 1a08394e-981a-4952-b065-03c7560bf192 | Context users@openstack cleanup() started
2019-06-05 06:27:22.286 725 INFO rally.task.context [-] Task 1a08394e-981a-4952-b065-03c7560bf192 | Context users@openstack cleanup() finished in 7.91 sec
2019-06-05 06:27:22.622 725 INFO rally.task.engine [-] Load duration is: 18.112395
2019-06-05 06:27:22.622 725 INFO rally.task.engine [-] Full runner duration is: 19.032208
2019-06-05 06:27:22.623 725 INFO rally.task.engine [-] Full duration is: 39.822511
2019-06-05 06:27:22.826 725 INFO rally.task.engine [-] Task 1a08394e-981a-4952-b065-03c7560bf192 | Completed: Running task.
2019-06-05 06:27:23.752 1839 RALLYDEBUG rally.api [-] INFO logs from urllib3 and requests module are hide.
2019-06-05 06:27:23.752 1839 RALLYDEBUG rally.api [-] urllib3 insecure warnings are hidden.
2019-06-05 06:27:23.752 1839 RALLYDEBUG rally.api [-] ERROR log from boto module is hide.
2019-06-05 06:27:24.587 1840 RALLYDEBUG rally.api [-] INFO logs from urllib3 and requests module are hide.
2019-06-05 06:27:24.587 1840 RALLYDEBUG rally.api [-] urllib3 insecure warnings are hidden.
2019-06-05 06:27:24.587 1840 RALLYDEBUG rally.api [-] ERROR log from boto module is hide.
2019-06-05 06:27:25.840 1840 INFO rally.api [-] Building 'json' report for the following task(s): '1a08394e-981a-4952-b065-03c7560bf192'.
2019-06-05 06:27:25.857 1840 INFO rally.api [-] The report has been successfully built.
2019-06-05 06:27:26.732 1842 RALLYDEBUG rally.api [-] INFO logs from urllib3 and requests module are hide.
2019-06-05 06:27:26.732 1842 RALLYDEBUG rally.api [-] urllib3 insecure warnings are hidden.
2019-06-05 06:27:26.732 1842 RALLYDEBUG rally.api [-] ERROR log from boto module is hide.
2019-06-05 06:27:28.148 1842 INFO rally.task.engine [-] Task 520f9225-fb5f-4f3a-b267-a21f991bb8b4 | Starting: Task validation.
2019-06-05 06:27:28.197 1842 INFO rally.task.engine [-] Task 520f9225-fb5f-4f3a-b267-a21f991bb8b4 | Starting: Task validation of syntax.
2019-06-05 06:27:28.537 1842 INFO rally.task.engine [-] Task 520f9225-fb5f-4f3a-b267-a21f991bb8b4 | Completed: Task validation of syntax.
2019-06-05 06:27:28.537 1842 INFO rally.task.engine [-] Task 520f9225-fb5f-4f3a-b267-a21f991bb8b4 | Starting: Task validation of required platforms.
2019-06-05 06:27:28.640 1842 INFO rally.task.engine [-] Task 520f9225-fb5f-4f3a-b267-a21f991bb8b4 | Completed: Task validation of required platforms.
2019-06-05 06:27:28.640 1842 INFO rally.task.engine [-] Task 520f9225-fb5f-4f3a-b267-a21f991bb8b4 | Starting: Task validation of semantic.
2019-06-05 06:27:28.640 1842 INFO rally.task.engine [-] Check health of the environment 'ec00a2f0-f7fa-442c-a5c0-9ad9da4a7004'.
2019-06-05 06:27:29.478 1842 INFO rally.task.engine [-] Platform existing@openstack (available: True): OK!
2019-06-05 06:27:29.497 1842 RALLYDEBUG rally_openstack.contexts.keystone.users [-] Creating 1 tenants using 20 threads
2019-06-05 06:27:31.356 1842 RALLYDEBUG rally_openstack.contexts.keystone.users [-] Creating 1 users using 20 threads
2019-06-05 06:27:34.144 1842 INFO rally.task.context [-] Task 520f9225-fb5f-4f3a-b267-a21f991bb8b4 | Context users@openstack setup() finished in 4.65 sec
2019-06-05 06:27:35.079 1842 DEBUG novaclient.v2.client [-] REQ: curl -g -i -X GET http://172.30.9.23:8774/v2.1/flavors/detail -H "Accept: application/json" -H "User-Agent: python-novaclient" -H "X-Auth-Token: {SHA1}217c380607e1a5a7646607789efa768e38bdc213" _http_log_request /usr/lib/python2.7/site-packages/keystoneauth1/session.py:448
2019-06-05 06:27:35.392 1842 DEBUG novaclient.v2.client [-] RESP: [200] Content-Encoding: gzip Content-Length: 367 Content-Type: application/json Date: Wed, 05 Jun 2019 06:27:35 GMT OpenStack-API-Version: compute 2.1 Server: Apache Vary: OpenStack-API-Version,X-OpenStack-Nova-API-Version,Accept-Encoding X-OpenStack-Nova-API-Version: 2.1 x-compute-request-id: req-94585a64-b4b9-473b-a3b6-91391c3b795e x-openstack-request-id: req-94585a64-b4b9-473b-a3b6-91391c3b795e _http_log_response /usr/lib/python2.7/site-packages/keystoneauth1/session.py:479
2019-06-05 06:27:35.393 1842 DEBUG novaclient.v2.client [-] RESP BODY: {"flavors": [{"name": "rally_full-flavor_alt_598fe74d-8779-40c6-9f38-239dfcb49e60", "links": [{"href": "http://172.30.9.23:8774/v2.1/flavors/45cc20a7-48ed-4e90-ade3-69ae3fa36fe5", "rel": "self"}, {"href": "http://172.30.9.23:8774/flavors/45cc20a7-48ed-4e90-ade3-69ae3fa36fe5", "rel": "bookmark"}], "ram": 1024, "OS-FLV-DISABLED:disabled": false, "vcpus": 1, "swap": "", "os-flavor-access:is_public": true, "rxtx_factor": 1.0, "OS-FLV-EXT-DATA:ephemeral": 0, "disk": 1, "id": "45cc20a7-48ed-4e90-ade3-69ae3fa36fe5"}, {"name": "rally_full-flavor_598fe74d-8779-40c6-9f38-239dfcb49e60", "links": [{"href": "http://172.30.9.23:8774/v2.1/flavors/70f27cbd-f9ec-474e-a1ea-03802dfd930b", "rel": "self"}, {"href": "http://172.30.9.23:8774/flavors/70f27cbd-f9ec-474e-a1ea-03802dfd930b", "rel": "bookmark"}], "ram": 512, "OS-FLV-DISABLED:disabled": false, "vcpus": 1, "swap": "", "os-flavor-access:is_public": true, "rxtx_factor": 1.0, "OS-FLV-EXT-DATA:ephemeral": 0, "disk": 1, "id": "70f27cbd-f9ec-474e-a1ea-03802dfd930b"}]} _http_log_response /usr/lib/python2.7/site-packages/keystoneauth1/session.py:511
2019-06-05 06:27:35.394 1842 DEBUG novaclient.v2.client [-] GET call to compute for http://172.30.9.23:8774/v2.1/flavors/detail used request id req-94585a64-b4b9-473b-a3b6-91391c3b795e request /usr/lib/python2.7/site-packages/keystoneauth1/session.py:844
2019-06-05 06:27:35.837 1842 DEBUG novaclient.v2.client [-] REQ: curl -g -i -X GET http://172.30.9.23:8774/v2.1/flavors/70f27cbd-f9ec-474e-a1ea-03802dfd930b -H "Accept: application/json" -H "User-Agent: python-novaclient" -H "X-Auth-Token: {SHA1}c1a029d9dae199e313f831cbc37e200f649df577" _http_log_request /usr/lib/python2.7/site-packages/keystoneauth1/session.py:448
2019-06-05 06:27:36.146 1842 DEBUG novaclient.v2.client [-] RESP: [200] Content-Encoding: gzip Content-Length: 311 Content-Type: application/json Date: Wed, 05 Jun 2019 06:27:35 GMT OpenStack-API-Version: compute 2.1 Server: Apache Vary: OpenStack-API-Version,X-OpenStack-Nova-API-Version,Accept-Encoding X-OpenStack-Nova-API-Version: 2.1 x-compute-request-id: req-7c1c2fc2-0362-45d5-ac99-cfc422e12f78 x-openstack-request-id: req-7c1c2fc2-0362-45d5-ac99-cfc422e12f78 _http_log_response /usr/lib/python2.7/site-packages/keystoneauth1/session.py:479
2019-06-05 06:27:36.147 1842 DEBUG novaclient.v2.client [-] RESP BODY: {"flavor": {"name": "rally_full-flavor_598fe74d-8779-40c6-9f38-239dfcb49e60", "links": [{"href": "http://172.30.9.23:8774/v2.1/flavors/70f27cbd-f9ec-474e-a1ea-03802dfd930b", "rel": "self"}, {"href": "http://172.30.9.23:8774/flavors/70f27cbd-f9ec-474e-a1ea-03802dfd930b", "rel": "bookmark"}], "ram": 512, "OS-FLV-DISABLED:disabled": false, "vcpus": 1, "swap": "", "os-flavor-access:is_public": true, "rxtx_factor": 1.0, "OS-FLV-EXT-DATA:ephemeral": 0, "disk": 1, "id": "70f27cbd-f9ec-474e-a1ea-03802dfd930b"}} _http_log_response /usr/lib/python2.7/site-packages/keystoneauth1/session.py:511
2019-06-05 06:27:36.147 1842 DEBUG novaclient.v2.client [-] GET call to compute for http://172.30.9.23:8774/v2.1/flavors/70f27cbd-f9ec-474e-a1ea-03802dfd930b used request id req-7c1c2fc2-0362-45d5-ac99-cfc422e12f78 request /usr/lib/python2.7/site-packages/keystoneauth1/session.py:844
2019-06-05 06:27:42.598 1842 DEBUG novaclient.v2.client [-] REQ: curl -g -i -X GET http://172.30.9.23:8774/v2.1/flavors/detail -H "Accept: application/json" -H "User-Agent: python-novaclient" -H "X-Auth-Token: {SHA1}e3c93dd7f9364963567a41908d662ae35aeed89f" _http_log_request /usr/lib/python2.7/site-packages/keystoneauth1/session.py:448
2019-06-05 06:27:42.920 1842 DEBUG novaclient.v2.client [-] RESP: [200] Content-Encoding: gzip Content-Length: 367 Content-Type: application/json Date: Wed, 05 Jun 2019 06:27:42 GMT OpenStack-API-Version: compute 2.1 Server: Apache Vary: OpenStack-API-Version,X-OpenStack-Nova-API-Version,Accept-Encoding X-OpenStack-Nova-API-Version: 2.1 x-compute-request-id: req-3ba4a277-71d9-4959-a786-cc453e1bd806 x-openstack-request-id: req-3ba4a277-71d9-4959-a786-cc453e1bd806 _http_log_response /usr/lib/python2.7/site-packages/keystoneauth1/session.py:479
2019-06-05 06:27:42.921 1842 DEBUG novaclient.v2.client [-] RESP BODY: {"flavors": [{"name": "rally_full-flavor_alt_598fe74d-8779-40c6-9f38-239dfcb49e60", "links": [{"href": "http://172.30.9.23:8774/v2.1/flavors/45cc20a7-48ed-4e90-ade3-69ae3fa36fe5", "rel": "self"}, {"href": "http://172.30.9.23:8774/flavors/45cc20a7-48ed-4e90-ade3-69ae3fa36fe5", "rel": "bookmark"}], "ram": 1024, "OS-FLV-DISABLED:disabled": false, "vcpus": 1, "swap": "", "os-flavor-access:is_public": true, "rxtx_factor": 1.0, "OS-FLV-EXT-DATA:ephemeral": 0, "disk": 1, "id": "45cc20a7-48ed-4e90-ade3-69ae3fa36fe5"}, {"name": "rally_full-flavor_598fe74d-8779-40c6-9f38-239dfcb49e60", "links": [{"href": "http://172.30.9.23:8774/v2.1/flavors/70f27cbd-f9ec-474e-a1ea-03802dfd930b", "rel": "self"}, {"href": "http://172.30.9.23:8774/flavors/70f27cbd-f9ec-474e-a1ea-03802dfd930b", "rel": "bookmark"}], "ram": 512, "OS-FLV-DISABLED:disabled": false, "vcpus": 1, "swap": "", "os-flavor-access:is_public": true, "rxtx_factor": 1.0, "OS-FLV-EXT-DATA:ephemeral": 0, "disk": 1, "id": "70f27cbd-f9ec-474e-a1ea-03802dfd930b"}]} _http_log_response /usr/lib/python2.7/site-packages/keystoneauth1/session.py:511
2019-06-05 06:27:42.921 1842 DEBUG novaclient.v2.client [-] GET call to compute for http://172.30.9.23:8774/v2.1/flavors/detail used request id req-3ba4a277-71d9-4959-a786-cc453e1bd806 request /usr/lib/python2.7/site-packages/keystoneauth1/session.py:844
2019-06-05 06:27:43.348 1842 DEBUG novaclient.v2.client [-] REQ: curl -g -i -X GET http://172.30.9.23:8774/v2.1/flavors/70f27cbd-f9ec-474e-a1ea-03802dfd930b -H "Accept: application/json" -H "User-Agent: python-novaclient" -H "X-Auth-Token: {SHA1}359af77cf8fb9f133dc545dd76aed4a7369e38fe" _http_log_request /usr/lib/python2.7/site-packages/keystoneauth1/session.py:448
2019-06-05 06:27:43.653 1842 DEBUG novaclient.v2.client [-] RESP: [200] Content-Encoding: gzip Content-Length: 311 Content-Type: application/json Date: Wed, 05 Jun 2019 06:27:43 GMT OpenStack-API-Version: compute 2.1 Server: Apache Vary: OpenStack-API-Version,X-OpenStack-Nova-API-Version,Accept-Encoding X-OpenStack-Nova-API-Version: 2.1 x-compute-request-id: req-a2e8dbc0-d59b-4d8a-861b-788a2dde4685 x-openstack-request-id: req-a2e8dbc0-d59b-4d8a-861b-788a2dde4685 _http_log_response /usr/lib/python2.7/site-packages/keystoneauth1/session.py:479
2019-06-05 06:27:43.654 1842 DEBUG novaclient.v2.client [-] RESP BODY: {"flavor": {"name": "rally_full-flavor_598fe74d-8779-40c6-9f38-239dfcb49e60", "links": [{"href": "http://172.30.9.23:8774/v2.1/flavors/70f27cbd-f9ec-474e-a1ea-03802dfd930b", "rel": "self"}, {"href": "http://172.30.9.23:8774/flavors/70f27cbd-f9ec-474e-a1ea-03802dfd930b", "rel": "bookmark"}], "ram": 512, "OS-FLV-DISABLED:disabled": false, "vcpus": 1, "swap": "", "os-flavor-access:is_public": true, "rxtx_factor": 1.0, "OS-FLV-EXT-DATA:ephemeral": 0, "disk": 1, "id": "70f27cbd-f9ec-474e-a1ea-03802dfd930b"}} _http_log_response /usr/lib/python2.7/site-packages/keystoneauth1/session.py:511
2019-06-05 06:27:43.654 1842 DEBUG novaclient.v2.client [-] GET call to compute for http://172.30.9.23:8774/v2.1/flavors/70f27cbd-f9ec-474e-a1ea-03802dfd930b used request id req-a2e8dbc0-d59b-4d8a-861b-788a2dde4685 request /usr/lib/python2.7/site-packages/keystoneauth1/session.py:844
2019-06-05 06:27:46.205 1842 DEBUG novaclient.v2.client [-] REQ: curl -g -i -X GET http://172.30.9.23:8774/v2.1/flavors/detail -H "Accept: application/json" -H "User-Agent: python-novaclient" -H "X-Auth-Token: {SHA1}1010a4b37a98536c3a3630477f9da568a8aeb122" _http_log_request /usr/lib/python2.7/site-packages/keystoneauth1/session.py:448
2019-06-05 06:27:46.502 1842 DEBUG novaclient.v2.client [-] RESP: [200] Content-Encoding: gzip Content-Length: 367 Content-Type: application/json Date: Wed, 05 Jun 2019 06:27:46 GMT OpenStack-API-Version: compute 2.1 Server: Apache Vary: OpenStack-API-Version,X-OpenStack-Nova-API-Version,Accept-Encoding X-OpenStack-Nova-API-Version: 2.1 x-compute-request-id: req-7a5a084b-a02d-4ea1-9771-a8a88c63a335 x-openstack-request-id: req-7a5a084b-a02d-4ea1-9771-a8a88c63a335 _http_log_response /usr/lib/python2.7/site-packages/keystoneauth1/session.py:479
2019-06-05 06:27:46.503 1842 DEBUG novaclient.v2.client [-] RESP BODY: {"flavors": [{"name": "rally_full-flavor_alt_598fe74d-8779-40c6-9f38-239dfcb49e60", "links": [{"href": "http://172.30.9.23:8774/v2.1/flavors/45cc20a7-48ed-4e90-ade3-69ae3fa36fe5", "rel": "self"}, {"href": "http://172.30.9.23:8774/flavors/45cc20a7-48ed-4e90-ade3-69ae3fa36fe5", "rel": "bookmark"}], "ram": 1024, "OS-FLV-DISABLED:disabled": false, "vcpus": 1, "swap": "", "os-flavor-access:is_public": true, "rxtx_factor": 1.0, "OS-FLV-EXT-DATA:ephemeral": 0, "disk": 1, "id": "45cc20a7-48ed-4e90-ade3-69ae3fa36fe5"}, {"name": "rally_full-flavor_598fe74d-8779-40c6-9f38-239dfcb49e60", "links": [{"href": "http://172.30.9.23:8774/v2.1/flavors/70f27cbd-f9ec-474e-a1ea-03802dfd930b", "rel": "self"}, {"href": "http://172.30.9.23:8774/flavors/70f27cbd-f9ec-474e-a1ea-03802dfd930b", "rel": "bookmark"}], "ram": 512, "OS-FLV-DISABLED:disabled": false, "vcpus": 1, "swap": "", "os-flavor-access:is_public": true, "rxtx_factor": 1.0, "OS-FLV-EXT-DATA:ephemeral": 0, "disk": 1, "id": "70f27cbd-f9ec-474e-a1ea-03802dfd930b"}]} _http_log_response /usr/lib/python2.7/site-packages/keystoneauth1/session.py:511
2019-06-05 06:27:46.503 1842 DEBUG novaclient.v2.client [-] GET call to compute for http://172.30.9.23:8774/v2.1/flavors/detail used request id req-7a5a084b-a02d-4ea1-9771-a8a88c63a335 request /usr/lib/python2.7/site-packages/keystoneauth1/session.py:844
2019-06-05 06:27:46.933 1842 DEBUG novaclient.v2.client [-] REQ: curl -g -i -X GET http://172.30.9.23:8774/v2.1/flavors/70f27cbd-f9ec-474e-a1ea-03802dfd930b -H "Accept: application/json" -H "User-Agent: python-novaclient" -H "X-Auth-Token: {SHA1}3cec618ad39489efe8f45f2454eae75773d798b9" _http_log_request /usr/lib/python2.7/site-packages/keystoneauth1/session.py:448
2019-06-05 06:27:47.248 1842 DEBUG novaclient.v2.client [-] RESP: [200] Content-Encoding: gzip Content-Length: 311 Content-Type: application/json Date: Wed, 05 Jun 2019 06:27:46 GMT OpenStack-API-Version: compute 2.1 Server: Apache Vary: OpenStack-API-Version,X-OpenStack-Nova-API-Version,Accept-Encoding X-OpenStack-Nova-API-Version: 2.1 x-compute-request-id: req-2db17178-4353-4fd9-9e10-2bfeb963f310 x-openstack-request-id: req-2db17178-4353-4fd9-9e10-2bfeb963f310 _http_log_response /usr/lib/python2.7/site-packages/keystoneauth1/session.py:479
2019-06-05 06:27:47.249 1842 DEBUG novaclient.v2.client [-] RESP BODY: {"flavor": {"name": "rally_full-flavor_598fe74d-8779-40c6-9f38-239dfcb49e60", "links": [{"href": "http://172.30.9.23:8774/v2.1/flavors/70f27cbd-f9ec-474e-a1ea-03802dfd930b", "rel": "self"}, {"href": "http://172.30.9.23:8774/flavors/70f27cbd-f9ec-474e-a1ea-03802dfd930b", "rel": "bookmark"}], "ram": 512, "OS-FLV-DISABLED:disabled": false, "vcpus": 1, "swap": "", "os-flavor-access:is_public": true, "rxtx_factor": 1.0, "OS-FLV-EXT-DATA:ephemeral": 0, "disk": 1, "id": "70f27cbd-f9ec-474e-a1ea-03802dfd930b"}} _http_log_response /usr/lib/python2.7/site-packages/keystoneauth1/session.py:511
2019-06-05 06:27:47.249 1842 DEBUG novaclient.v2.client [-] GET call to compute for http://172.30.9.23:8774/v2.1/flavors/70f27cbd-f9ec-474e-a1ea-03802dfd930b used request id req-2db17178-4353-4fd9-9e10-2bfeb963f310 request /usr/lib/python2.7/site-packages/keystoneauth1/session.py:844
2019-06-05 06:27:59.004 1842 INFO rally.task.context [-] Task 520f9225-fb5f-4f3a-b267-a21f991bb8b4 | Context users@openstack cleanup() started
2019-06-05 06:28:04.371 1842 INFO rally.task.context [-] Task 520f9225-fb5f-4f3a-b267-a21f991bb8b4 | Context users@openstack cleanup() finished in 5.37 sec
2019-06-05 06:28:04.371 1842 INFO rally.task.engine [-] Task 520f9225-fb5f-4f3a-b267-a21f991bb8b4 | Completed: Task validation of semantic.
2019-06-05 06:28:04.372 1842 INFO rally.task.engine [-] Task 520f9225-fb5f-4f3a-b267-a21f991bb8b4 | Completed: Task validation.
2019-06-05 06:28:04.372 1842 INFO rally.api [-] Task 520f9225-fb5f-4f3a-b267-a21f991bb8b4 input file is valid.
2019-06-05 06:28:04.372 1842 INFO rally.api [-] Run Task 520f9225-fb5f-4f3a-b267-a21f991bb8b4 against Deployment ec00a2f0-f7fa-442c-a5c0-9ad9da4a7004
2019-06-05 06:28:04.373 1842 INFO rally.task.engine [-] Task 520f9225-fb5f-4f3a-b267-a21f991bb8b4 | Starting: Running task.
2019-06-05 06:28:04.516 1842 INFO rally.task.engine [-] Running workload: position = 0 config = { "version": 2, "title": "A cropped version of a bigger task.", "description": "Auto-generated task from a single workload (uuid=1269b909-cdc3-4660-8f0a-b4499efaed1f)", "subtasks": [ { "title": "CinderVolumes.create_and_attach_volume", "description": "Create a VM and attach a volume to it.", "scenario": { "CinderVolumes.create_and_attach_volume": { "flavor": { "name": "rally_full-flavor_598fe74d-8779-40c6-9f38-239dfcb49e60" }, "image": { "name": "rally_full-img_598fe74d-8779-40c6-9f38-239dfcb49e60" }, "size": 1, "nics": [ { "net-id": "5e2c863e-921d-442e-ba1a-828ee67e6797" } ] } }, "contexts": { "users": { "tenants": 3, "users_per_tenant": 2 }, "quotas": { "cinder": { "gigabytes": -1, "snapshots": -1, "volumes": -1 } }, "api_versions": { "cinder": { "version": 3, "service_type": "volumev3" } } }, "runner": { "constant": { "concurrency": 4, "times": 10 } }, "hooks": [], "sla": { "failure_rate": { "max": 0 } } } ] }
2019-06-05 06:28:04.539 1842 RALLYDEBUG rally_openstack.contexts.keystone.users [-] Creating 3 tenants using 20 threads
2019-06-05 06:28:06.433 1842 RALLYDEBUG rally_openstack.contexts.keystone.users [-] Creating 6 users using 20 threads
2019-06-05 06:28:09.280 1842 INFO rally.task.context [-] Task 520f9225-fb5f-4f3a-b267-a21f991bb8b4 | Context users@openstack setup() finished in 4.74 sec
2019-06-05 06:28:09.705 1842 INFO rally.task.context [-] Task 520f9225-fb5f-4f3a-b267-a21f991bb8b4 | Context api_versions@openstack setup() finished in 0.42 sec
2019-06-05 06:28:11.551 1842 INFO rally.task.context [-] Task 520f9225-fb5f-4f3a-b267-a21f991bb8b4 | Context quotas@openstack setup() finished in 1.85 sec
2019-06-05 06:28:11.551 1842 INFO rally.task.context [-] Task 520f9225-fb5f-4f3a-b267-a21f991bb8b4 | Context cleanup@openstack setup() finished in 0.00 msec
2019-06-05 06:28:13.054 1842 DEBUG novaclient.v2.client [-] REQ: curl -g -i -X GET http://172.30.9.23:8774/v2.1/flavors/detail -H "Accept: application/json" -H "User-Agent: python-novaclient" -H "X-Auth-Token: {SHA1}8751aefc84a4c5394b272aa7bcec8c8cbc528335" _http_log_request /usr/lib/python2.7/site-packages/keystoneauth1/session.py:448
2019-06-05 06:28:13.357 1842 DEBUG novaclient.v2.client [-] RESP: [200] Content-Encoding: gzip Content-Length: 367 Content-Type: application/json Date: Wed, 05 Jun 2019 06:28:13 GMT OpenStack-API-Version: compute 2.1 Server: Apache Vary: OpenStack-API-Version,X-OpenStack-Nova-API-Version,Accept-Encoding X-OpenStack-Nova-API-Version: 2.1 x-compute-request-id: req-462c0327-86e6-46eb-a0e2-b7ecd3e52ef2 x-openstack-request-id: req-462c0327-86e6-46eb-a0e2-b7ecd3e52ef2 _http_log_response /usr/lib/python2.7/site-packages/keystoneauth1/session.py:479
2019-06-05 06:28:13.358 1842 DEBUG novaclient.v2.client [-] RESP BODY: {"flavors": [{"name": "rally_full-flavor_alt_598fe74d-8779-40c6-9f38-239dfcb49e60", "links": [{"href": "http://172.30.9.23:8774/v2.1/flavors/45cc20a7-48ed-4e90-ade3-69ae3fa36fe5", "rel": "self"}, {"href": "http://172.30.9.23:8774/flavors/45cc20a7-48ed-4e90-ade3-69ae3fa36fe5", "rel": "bookmark"}], "ram": 1024, "OS-FLV-DISABLED:disabled": false, "vcpus": 1, "swap": "", "os-flavor-access:is_public": true, "rxtx_factor": 1.0, "OS-FLV-EXT-DATA:ephemeral": 0, "disk": 1, "id": "45cc20a7-48ed-4e90-ade3-69ae3fa36fe5"}, {"name": "rally_full-flavor_598fe74d-8779-40c6-9f38-239dfcb49e60", "links": [{"href": "http://172.30.9.23:8774/v2.1/flavors/70f27cbd-f9ec-474e-a1ea-03802dfd930b", "rel": "self"}, {"href": "http://172.30.9.23:8774/flavors/70f27cbd-f9ec-474e-a1ea-03802dfd930b", "rel": "bookmark"}], "ram": 512, "OS-FLV-DISABLED:disabled": false, "vcpus": 1, "swap": "", "os-flavor-access:is_public": true, "rxtx_factor": 1.0, "OS-FLV-EXT-DATA:ephemeral": 0, "disk": 1, "id": "70f27cbd-f9ec-474e-a1ea-03802dfd930b"}]} _http_log_response /usr/lib/python2.7/site-packages/keystoneauth1/session.py:511
2019-06-05 06:28:13.358 1842 DEBUG novaclient.v2.client [-] GET call to compute for http://172.30.9.23:8774/v2.1/flavors/detail used request id req-462c0327-86e6-46eb-a0e2-b7ecd3e52ef2 request /usr/lib/python2.7/site-packages/keystoneauth1/session.py:844
2019-06-05 06:28:13.361 1842 RALLYDEBUG rally.task.runner [-] Starting the constant runner (task UUID: 520f9225-fb5f-4f3a-b267-a21f991bb8b4). timeout: 0 concurrency: 4 concurrency_per_worker: 1 times: 10 concurrency_overhead: 0 processes_to_start: 4 max_cpu_used: 16
2019-06-05 06:28:13.374 1966 RALLYDEBUG rally.task.runner [-] Starting a worker. concurrency: 1 args: {"flavor": "70f27cbd-f9ec-474e-a1ea-03802dfd930b", "image": "e6e3ec61-affc-4b56-b47d-4513d61f6cb5", "size": 1, "nics": [{"net-id": "5e2c863e-921d-442e-ba1a-828ee67e6797"}]} times: 10 method_name: run timeout: 0 duration: None cls:
2019-06-05 06:28:13.379 1966 INFO rally.task.runner [-] Task 520f9225-fb5f-4f3a-b267-a21f991bb8b4 | ITER: 1 START
2019-06-05 06:28:13.380 1967 RALLYDEBUG rally.task.runner [-] Starting a worker. concurrency: 1 args: {"flavor": "70f27cbd-f9ec-474e-a1ea-03802dfd930b", "image": "e6e3ec61-affc-4b56-b47d-4513d61f6cb5", "size": 1, "nics": [{"net-id": "5e2c863e-921d-442e-ba1a-828ee67e6797"}]} times: 10 method_name: run timeout: 0 duration: None cls:
2019-06-05 06:28:13.383 1971 RALLYDEBUG rally.task.runner [-] Starting a worker. concurrency: 1 args: {"flavor": "70f27cbd-f9ec-474e-a1ea-03802dfd930b", "image": "e6e3ec61-affc-4b56-b47d-4513d61f6cb5", "size": 1, "nics": [{"net-id": "5e2c863e-921d-442e-ba1a-828ee67e6797"}]} times: 10 method_name: run timeout: 0 duration: None cls:
2019-06-05 06:28:13.383 1968 RALLYDEBUG rally.task.runner [-] Starting a worker. concurrency: 1 args: {"flavor": "70f27cbd-f9ec-474e-a1ea-03802dfd930b", "image": "e6e3ec61-affc-4b56-b47d-4513d61f6cb5", "size": 1, "nics": [{"net-id": "5e2c863e-921d-442e-ba1a-828ee67e6797"}]} times: 10 method_name: run timeout: 0 duration: None cls:
2019-06-05 06:28:13.387 1967 INFO rally.task.runner [-] Task 520f9225-fb5f-4f3a-b267-a21f991bb8b4 | ITER: 2 START
2019-06-05 06:28:13.388 1971 INFO rally.task.runner [-] Task 520f9225-fb5f-4f3a-b267-a21f991bb8b4 | ITER: 3 START
2019-06-05 06:28:13.390 1968 INFO rally.task.runner [-] Task 520f9225-fb5f-4f3a-b267-a21f991bb8b4 | ITER: 4 START
2019-06-05 06:28:13.828 1968 DEBUG novaclient.v2.client [-] REQ: curl -g -i -X POST http://172.30.9.23:8774/v2.1/servers -H "Accept: application/json" -H "Content-Type: application/json" -H "User-Agent: python-novaclient" -H "X-Auth-Token: {SHA1}4b66753475b97f22fa76a54400f6d67ab64c1aa6" -d '{"server": {"name": "s_rally_1269b909_9VSTNYMV", "imageRef": "e6e3ec61-affc-4b56-b47d-4513d61f6cb5", "flavorRef": "70f27cbd-f9ec-474e-a1ea-03802dfd930b", "max_count": 1, "min_count": 1, "networks": [{"uuid": "5e2c863e-921d-442e-ba1a-828ee67e6797"}]}}' _http_log_request /usr/lib/python2.7/site-packages/keystoneauth1/session.py:448
2019-06-05 06:28:13.828 1966 DEBUG novaclient.v2.client [-] REQ: curl -g -i -X POST http://172.30.9.23:8774/v2.1/servers -H "Accept: application/json" -H "Content-Type: application/json" -H "User-Agent: python-novaclient" -H "X-Auth-Token: {SHA1}1e1ecfb255ce5fbb2c71c5d29d4fcd6d6b542826" -d '{"server": {"name": "s_rally_1269b909_yhE22lKp", "imageRef": "e6e3ec61-affc-4b56-b47d-4513d61f6cb5", "flavorRef": "70f27cbd-f9ec-474e-a1ea-03802dfd930b", "max_count": 1, "min_count": 1, "networks": [{"uuid": "5e2c863e-921d-442e-ba1a-828ee67e6797"}]}}' _http_log_request /usr/lib/python2.7/site-packages/keystoneauth1/session.py:448
2019-06-05 06:28:13.828 1971 DEBUG novaclient.v2.client [-] REQ: curl -g -i -X POST http://172.30.9.23:8774/v2.1/servers -H "Accept: application/json" -H "Content-Type: application/json" -H "User-Agent: python-novaclient" -H "X-Auth-Token: {SHA1}267873a9491226b24fc7b1ad9fd3f76c6c3defbe" -d '{"server": {"name": "s_rally_1269b909_SJGoDI8s", "imageRef": "e6e3ec61-affc-4b56-b47d-4513d61f6cb5", "flavorRef": "70f27cbd-f9ec-474e-a1ea-03802dfd930b", "max_count": 1, "min_count": 1, "networks": [{"uuid": "5e2c863e-921d-442e-ba1a-828ee67e6797"}]}}' _http_log_request /usr/lib/python2.7/site-packages/keystoneauth1/session.py:448
2019-06-05 06:28:13.911 1967 DEBUG novaclient.v2.client [-] REQ: curl -g -i -X POST http://172.30.9.23:8774/v2.1/servers -H "Accept: application/json" -H "Content-Type: application/json" -H "User-Agent: python-novaclient" -H "X-Auth-Token: {SHA1}e88de87426165cf939d6c971ff22aa4a06f758ac" -d '{"server": {"name": "s_rally_1269b909_UBmIMBGH", "imageRef": "e6e3ec61-affc-4b56-b47d-4513d61f6cb5", "flavorRef": "70f27cbd-f9ec-474e-a1ea-03802dfd930b", "max_count": 1, "min_count": 1, "networks": [{"uuid": "5e2c863e-921d-442e-ba1a-828ee67e6797"}]}}' _http_log_request /usr/lib/python2.7/site-packages/keystoneauth1/session.py:448
2019-06-05 06:28:17.548 1967 DEBUG novaclient.v2.client [-] RESP: [202] Content-Length: 374 Content-Type: application/json Date: Wed, 05 Jun 2019 06:28:13 GMT OpenStack-API-Version: compute 2.1 Server: Apache Vary: OpenStack-API-Version,X-OpenStack-Nova-API-Version X-OpenStack-Nova-API-Version: 2.1 location: http://172.30.9.23:8774/v2.1/servers/76118150-f43a-4d6d-9d66-145b5bd80a7e x-compute-request-id: req-56da7074-fdc9-4c75-82b3-139d1bb14f59 x-openstack-request-id: req-56da7074-fdc9-4c75-82b3-139d1bb14f59 _http_log_response /usr/lib/python2.7/site-packages/keystoneauth1/session.py:479
2019-06-05 06:28:17.549 1967 DEBUG novaclient.v2.client [-] RESP BODY: {"server": {"security_groups": [{"name": "default"}], "OS-DCF:diskConfig": "MANUAL", "id": "76118150-f43a-4d6d-9d66-145b5bd80a7e", "links": [{"href": "http://172.30.9.23:8774/v2.1/servers/76118150-f43a-4d6d-9d66-145b5bd80a7e", "rel": "self"}, {"href": "http://172.30.9.23:8774/servers/76118150-f43a-4d6d-9d66-145b5bd80a7e", "rel": "bookmark"}], "adminPass": "6JabbnmnWQwj"}} _http_log_response /usr/lib/python2.7/site-packages/keystoneauth1/session.py:511
2019-06-05 06:28:17.550 1967 DEBUG novaclient.v2.client [-] POST call to compute for http://172.30.9.23:8774/v2.1/servers used request id req-56da7074-fdc9-4c75-82b3-139d1bb14f59 request /usr/lib/python2.7/site-packages/keystoneauth1/session.py:844
2019-06-05 06:28:17.799 1968 DEBUG novaclient.v2.client [-] RESP: [202] Content-Length: 374 Content-Type: application/json Date: Wed, 05 Jun 2019 06:28:13 GMT OpenStack-API-Version: compute 2.1 Server: Apache Vary: OpenStack-API-Version,X-OpenStack-Nova-API-Version X-OpenStack-Nova-API-Version: 2.1 location: http://172.30.9.23:8774/v2.1/servers/9c0e1045-f708-49cc-81e0-f1fa660a2db7 x-compute-request-id: req-44f3a307-253a-4f64-a273-c98266104961 x-openstack-request-id: req-44f3a307-253a-4f64-a273-c98266104961 _http_log_response /usr/lib/python2.7/site-packages/keystoneauth1/session.py:479
2019-06-05 06:28:17.799 1968 DEBUG novaclient.v2.client [-] RESP BODY: {"server": {"security_groups": [{"name": "default"}], "OS-DCF:diskConfig": "MANUAL", "id": "9c0e1045-f708-49cc-81e0-f1fa660a2db7", "links": [{"href": "http://172.30.9.23:8774/v2.1/servers/9c0e1045-f708-49cc-81e0-f1fa660a2db7", "rel": "self"}, {"href": "http://172.30.9.23:8774/servers/9c0e1045-f708-49cc-81e0-f1fa660a2db7", "rel": "bookmark"}], "adminPass": "x4s9mMQ8NVih"}} _http_log_response /usr/lib/python2.7/site-packages/keystoneauth1/session.py:511
2019-06-05 06:28:17.800 1968 DEBUG novaclient.v2.client [-] POST call to compute for http://172.30.9.23:8774/v2.1/servers used request id req-44f3a307-253a-4f64-a273-c98266104961 request /usr/lib/python2.7/site-packages/keystoneauth1/session.py:844
2019-06-05 06:28:17.908 1971 DEBUG novaclient.v2.client [-] RESP: [202] Content-Length: 374 Content-Type: application/json Date: Wed, 05 Jun 2019 06:28:13 GMT OpenStack-API-Version: compute 2.1 Server: Apache Vary: OpenStack-API-Version,X-OpenStack-Nova-API-Version X-OpenStack-Nova-API-Version: 2.1 location: http://172.30.9.23:8774/v2.1/servers/f3359bcb-9637-4d22-b1a8-f345957df355 x-compute-request-id: req-ac42b526-6338-4764-9791-6c6027c77b55 x-openstack-request-id: req-ac42b526-6338-4764-9791-6c6027c77b55 _http_log_response /usr/lib/python2.7/site-packages/keystoneauth1/session.py:479
2019-06-05 06:28:17.909 1971 DEBUG novaclient.v2.client [-] RESP BODY: {"server": {"security_groups": [{"name": "default"}], "OS-DCF:diskConfig": "MANUAL", "id": "f3359bcb-9637-4d22-b1a8-f345957df355", "links": [{"href": "http://172.30.9.23:8774/v2.1/servers/f3359bcb-9637-4d22-b1a8-f345957df355", "rel": "self"}, {"href": "http://172.30.9.23:8774/servers/f3359bcb-9637-4d22-b1a8-f345957df355", "rel": "bookmark"}], "adminPass": "ZiLhMehrT6Ls"}} _http_log_response /usr/lib/python2.7/site-packages/keystoneauth1/session.py:511
2019-06-05 06:28:17.910 1971 DEBUG novaclient.v2.client [-] POST call to compute for http://172.30.9.23:8774/v2.1/servers used request id req-ac42b526-6338-4764-9791-6c6027c77b55 request /usr/lib/python2.7/site-packages/keystoneauth1/session.py:844
2019-06-05 06:28:18.261 1966 DEBUG novaclient.v2.client [-] RESP: [202] Content-Length: 374 Content-Type: application/json Date: Wed, 05 Jun 2019 06:28:13 GMT OpenStack-API-Version: compute 2.1 Server: Apache Vary: OpenStack-API-Version,X-OpenStack-Nova-API-Version X-OpenStack-Nova-API-Version: 2.1 location: http://172.30.9.23:8774/v2.1/servers/b10ba5fd-ad95-4f97-98b7-21b77a43ad01 x-compute-request-id: req-8a286f22-edb5-4483-ac5e-2690db1abfac x-openstack-request-id: req-8a286f22-edb5-4483-ac5e-2690db1abfac _http_log_response /usr/lib/python2.7/site-packages/keystoneauth1/session.py:479
2019-06-05 06:28:18.262 1966 DEBUG novaclient.v2.client [-] RESP BODY: {"server": {"security_groups": [{"name": "default"}], "OS-DCF:diskConfig": "MANUAL", "id": "b10ba5fd-ad95-4f97-98b7-21b77a43ad01", "links": [{"href": "http://172.30.9.23:8774/v2.1/servers/b10ba5fd-ad95-4f97-98b7-21b77a43ad01", "rel": "self"}, {"href": "http://172.30.9.23:8774/servers/b10ba5fd-ad95-4f97-98b7-21b77a43ad01", "rel": "bookmark"}], "adminPass": "QoiEdpv3ducF"}} _http_log_response /usr/lib/python2.7/site-packages/keystoneauth1/session.py:511
2019-06-05 06:28:18.262 1966 DEBUG novaclient.v2.client [-] POST call to compute for http://172.30.9.23:8774/v2.1/servers used request id req-8a286f22-edb5-4483-ac5e-2690db1abfac request /usr/lib/python2.7/site-packages/keystoneauth1/session.py:844
2019-06-05 06:28:18.554 1967 DEBUG novaclient.v2.client [-] REQ: curl -g -i -X GET http://172.30.9.23:8774/v2.1/servers/76118150-f43a-4d6d-9d66-145b5bd80a7e -H "Accept: application/json" -H "User-Agent: python-novaclient" -H "X-Auth-Token: {SHA1}e88de87426165cf939d6c971ff22aa4a06f758ac" _http_log_request /usr/lib/python2.7/site-packages/keystoneauth1/session.py:448
2019-06-05 06:28:18.804 1968 DEBUG novaclient.v2.client [-] REQ: curl -g -i -X GET http://172.30.9.23:8774/v2.1/servers/9c0e1045-f708-49cc-81e0-f1fa660a2db7 -H "Accept: application/json" -H "User-Agent: python-novaclient" -H "X-Auth-Token: {SHA1}4b66753475b97f22fa76a54400f6d67ab64c1aa6" _http_log_request /usr/lib/python2.7/site-packages/keystoneauth1/session.py:448
2019-06-05 06:28:18.914 1971 DEBUG novaclient.v2.client [-] REQ: curl -g -i -X GET http://172.30.9.23:8774/v2.1/servers/f3359bcb-9637-4d22-b1a8-f345957df355 -H "Accept: application/json" -H "User-Agent: python-novaclient" -H "X-Auth-Token: {SHA1}267873a9491226b24fc7b1ad9fd3f76c6c3defbe" _http_log_request /usr/lib/python2.7/site-packages/keystoneauth1/session.py:448
2019-06-05 06:28:19.025 1967 DEBUG novaclient.v2.client [-] RESP: [200] Content-Encoding: gzip Content-Length: 591 Content-Type: application/json Date: Wed, 05 Jun 2019 06:28:18 GMT OpenStack-API-Version: compute 2.1 Server: Apache Vary: OpenStack-API-Version,X-OpenStack-Nova-API-Version,Accept-Encoding X-OpenStack-Nova-API-Version: 2.1 x-compute-request-id: req-fb4d0fbb-8604-4d02-ae4e-a8bfb92e1de1 x-openstack-request-id: req-fb4d0fbb-8604-4d02-ae4e-a8bfb92e1de1 _http_log_response /usr/lib/python2.7/site-packages/keystoneauth1/session.py:479
2019-06-05 06:28:19.026 1967 DEBUG novaclient.v2.client [-] RESP BODY: {"server": {"OS-EXT-STS:task_state": "scheduling", "addresses": {}, "links": [{"href": "http://172.30.9.23:8774/v2.1/servers/76118150-f43a-4d6d-9d66-145b5bd80a7e", "rel": "self"}, {"href": "http://172.30.9.23:8774/servers/76118150-f43a-4d6d-9d66-145b5bd80a7e", "rel": "bookmark"}], "image": {"id": "e6e3ec61-affc-4b56-b47d-4513d61f6cb5", "links": [{"href": "http://172.30.9.23:8774/images/e6e3ec61-affc-4b56-b47d-4513d61f6cb5", "rel": "bookmark"}]}, "OS-EXT-STS:vm_state": "building", "OS-SRV-USG:launched_at": null, "flavor": {"id": "70f27cbd-f9ec-474e-a1ea-03802dfd930b", "links": [{"href": "http://172.30.9.23:8774/flavors/70f27cbd-f9ec-474e-a1ea-03802dfd930b", "rel": "bookmark"}]}, "id": "76118150-f43a-4d6d-9d66-145b5bd80a7e", "user_id": "d42e945f675540d5af347e8483edaf06", "OS-DCF:diskConfig": "MANUAL", "accessIPv4": "", "accessIPv6": "", "progress": 0, "OS-EXT-STS:power_state": 0, "OS-EXT-AZ:availability_zone": "", "config_drive": "", "status": "BUILD", "updated": "2019-06-05T06:28:18Z", "hostId": "", "OS-SRV-USG:terminated_at": null, "key_name": null, "name": "s_rally_1269b909_UBmIMBGH", "created": "2019-06-05T06:28:17Z", "tenant_id": "509861259f3343309eead2a28010bda3", "os-extended-volumes:volumes_attached": [], "metadata": {}}} _http_log_response /usr/lib/python2.7/site-packages/keystoneauth1/session.py:511
2019-06-05 06:28:19.026 1967 DEBUG novaclient.v2.client [-] GET call to compute for http://172.30.9.23:8774/v2.1/servers/76118150-f43a-4d6d-9d66-145b5bd80a7e used request id req-fb4d0fbb-8604-4d02-ae4e-a8bfb92e1de1 request /usr/lib/python2.7/site-packages/keystoneauth1/session.py:844
2019-06-05 06:28:19.028 1967 DEBUG novaclient.v2.client [-] REQ: curl -g -i -X GET http://172.30.9.23:8774/v2.1/servers/76118150-f43a-4d6d-9d66-145b5bd80a7e -H "Accept: application/json" -H "User-Agent: python-novaclient" -H "X-Auth-Token: {SHA1}e88de87426165cf939d6c971ff22aa4a06f758ac" _http_log_request /usr/lib/python2.7/site-packages/keystoneauth1/session.py:448
