2019-06-05 06:18:18.742 7 RALLYDEBUG rally.api [-] INFO logs from urllib3 and requests module are hide.
2019-06-05 06:18:18.742 7 RALLYDEBUG rally.api [-] urllib3 insecure warnings are hidden.
2019-06-05 06:18:18.742 7 RALLYDEBUG rally.api [-] ERROR log from boto module is hide.
2019-06-05 06:18:19.796 7 ERROR rally.cli.cliutils [-] Unexpected exception in CLI: DBRecordNotFound: Record for uuid or name is opnfv-rally not found in table envs
2019-06-05 06:18:19.796 7 ERROR rally.cli.cliutils
Traceback (most recent call last):
2019-06-05 06:18:19.796 7 ERROR rally.cli.cliutils
File "/usr/lib/python2.7/site-packages/rally/cli/cliutils.py", line 674, in run
2019-06-05 06:18:19.796 7 ERROR rally.cli.cliutils ret = fn(*fn_args, **fn_kwargs)
2019-06-05 06:18:19.796 7 ERROR rally.cli.cliutils File "", line 2, in destroy
2019-06-05 06:18:19.796 7 ERROR rally.cli.cliutils
File "/usr/lib/python2.7/site-packages/rally/cli/envutils.py", line 69, in default_from_global
2019-06-05 06:18:19.796 7 ERROR rally.cli.cliutils return f(*args, **kwargs)
2019-06-05 06:18:19.796 7 ERROR rally.cli.cliutils File "", line 2, in destroy
2019-06-05 06:18:19.796 7 ERROR rally.cli.cliutils
File "/usr/lib/python2.7/site-packages/rally/plugins/__init__.py", line 51, in ensure_plugins_are_loaded
2019-06-05 06:18:19.796 7 ERROR rally.cli.cliutils return f(*args, **kwargs)
2019-06-05 06:18:19.796 7 ERROR rally.cli.cliutils
File "/usr/lib/python2.7/site-packages/rally/cli/commands/deployment.py", line 140, in destroy
2019-06-05 06:18:19.796 7 ERROR rally.cli.cliutils api.deployment.destroy(deployment=deployment)
2019-06-05 06:18:19.796 7 ERROR rally.cli.cliutils
File "/usr/lib/python2.7/site-packages/rally/api.py", line 115, in destroy
2019-06-05 06:18:19.796 7 ERROR rally.cli.cliutils deploy = objects.Deployment.get(deployment)
2019-06-05 06:18:19.796 7 ERROR rally.cli.cliutils
File "/usr/lib/python2.7/site-packages/rally/common/objects/deploy.py", line 124, in get
2019-06-05 06:18:19.796 7 ERROR rally.cli.cliutils return Deployment(env_mgr.EnvManager.get(deploy))
2019-06-05 06:18:19.796 7 ERROR rally.cli.cliutils
File "/usr/lib/python2.7/site-packages/rally/env/env_mgr.py", line 212, in get
2019-06-05 06:18:19.796 7 ERROR rally.cli.cliutils return cls(db.env_get(uuid_or_name))
2019-06-05 06:18:19.796 7 ERROR rally.cli.cliutils
File "/usr/lib/python2.7/site-packages/rally/common/db/api.py", line 135, in wrapper
2019-06-05 06:18:19.796 7 ERROR rally.cli.cliutils result = f(session, *args, **kwargs)
2019-06-05 06:18:19.796 7 ERROR rally.cli.cliutils
File "/usr/lib/python2.7/site-packages/rally/common/db/api.py", line 521, in env_get
2019-06-05 06:18:19.796 7 ERROR rally.cli.cliutils criteria="uuid or name is %s" % uuid_or_name, table="envs")
2019-06-05 06:18:19.796 7 ERROR rally.cli.cliutils DBRecordNotFound: Record for uuid or name is opnfv-rally not found in table envs
2019-06-05 06:18:19.796 7 ERROR rally.cli.cliutils
2019-06-05 06:18:20.549 9 RALLYDEBUG rally.api [-] INFO logs from urllib3 and requests module are hide.
2019-06-05 06:18:20.550 9 RALLYDEBUG rally.api [-] urllib3 insecure warnings are hidden.
2019-06-05 06:18:20.550 9 RALLYDEBUG rally.api [-] ERROR log from boto module is hide.
2019-06-05 06:18:21.698 9 WARNING rally_openstack.platforms.existing [-] endpoint is deprecated and not used.
2019-06-05 06:18:22.636 11 RALLYDEBUG rally.api [-] INFO logs from urllib3 and requests module are hide.
2019-06-05 06:18:22.636 11 RALLYDEBUG rally.api [-] urllib3 insecure warnings are hidden.
2019-06-05 06:18:22.636 11 RALLYDEBUG rally.api [-] ERROR log from boto module is hide.
2019-06-05 06:18:25.797 14 RALLYDEBUG rally.api [-] INFO logs from urllib3 and requests module are hide.
2019-06-05 06:18:25.797 14 RALLYDEBUG rally.api [-] urllib3 insecure warnings are hidden.
2019-06-05 06:18:25.797 14 RALLYDEBUG rally.api [-] ERROR log from boto module is hide.
2019-06-05 06:18:27.243 16 RALLYDEBUG rally.api [-] INFO logs from urllib3 and requests module are hide.
2019-06-05 06:18:27.243 16 RALLYDEBUG rally.api [-] urllib3 insecure warnings are hidden.
2019-06-05 06:18:27.243 16 RALLYDEBUG rally.api [-] ERROR log from boto module is hide.
2019-06-05 06:18:28.825 16 INFO rally.task.engine [-] Task 783f7140-ec95-416e-a588-6fd2029887bc | Starting: Task validation.
2019-06-05 06:18:28.864 16 INFO rally.task.engine [-] Task 783f7140-ec95-416e-a588-6fd2029887bc | Starting: Task validation of syntax.
2019-06-05 06:18:28.942 16 INFO rally.task.engine [-] Task 783f7140-ec95-416e-a588-6fd2029887bc | Completed: Task validation of syntax.
2019-06-05 06:18:28.943 16 INFO rally.task.engine [-] Task 783f7140-ec95-416e-a588-6fd2029887bc | Starting: Task validation of required platforms.
2019-06-05 06:18:28.979 16 INFO rally.task.engine [-] Task 783f7140-ec95-416e-a588-6fd2029887bc | Completed: Task validation of required platforms.
2019-06-05 06:18:28.979 16 INFO rally.task.engine [-] Task 783f7140-ec95-416e-a588-6fd2029887bc | Starting: Task validation of semantic.
2019-06-05 06:18:28.979 16 INFO rally.task.engine [-] Check health of the environment 'ec00a2f0-f7fa-442c-a5c0-9ad9da4a7004'.
2019-06-05 06:18:29.806 16 INFO rally.task.engine [-] Platform existing@openstack (available: True): OK!
2019-06-05 06:18:29.824 16 RALLYDEBUG rally_openstack.contexts.keystone.users [-] Creating 1 tenants using 20 threads
2019-06-05 06:18:31.773 16 RALLYDEBUG rally_openstack.contexts.keystone.users [-] Creating 1 users using 20 threads
2019-06-05 06:18:34.538 16 INFO rally.task.context [-] Task 783f7140-ec95-416e-a588-6fd2029887bc | Context users@openstack setup() finished in 4.71 sec
2019-06-05 06:18:34.581 16 INFO rally.task.context [-] Task 783f7140-ec95-416e-a588-6fd2029887bc | Context users@openstack cleanup() started
2019-06-05 06:18:39.884 16 INFO rally.task.context [-] Task 783f7140-ec95-416e-a588-6fd2029887bc | Context users@openstack cleanup() finished in 5.30 sec
2019-06-05 06:18:39.885 16 INFO rally.task.engine [-] Task 783f7140-ec95-416e-a588-6fd2029887bc | Completed: Task validation of semantic.
2019-06-05 06:18:39.885 16 INFO rally.task.engine [-] Task 783f7140-ec95-416e-a588-6fd2029887bc | Completed: Task validation.
2019-06-05 06:18:39.885 16 INFO rally.api [-] Task 783f7140-ec95-416e-a588-6fd2029887bc input file is valid.
2019-06-05 06:18:39.885 16 INFO rally.api [-] Run Task 783f7140-ec95-416e-a588-6fd2029887bc against Deployment ec00a2f0-f7fa-442c-a5c0-9ad9da4a7004
2019-06-05 06:18:39.886 16 INFO rally.task.engine [-] Task 783f7140-ec95-416e-a588-6fd2029887bc | Starting: Running task.
2019-06-05 06:18:40.018 16 INFO rally.task.engine [-] Running workload: position = 0 config = { "version": 2, "title": "A cropped version of a bigger task.", "description": "Auto-generated task from a single workload (uuid=702a5e54-fc84-4d9c-a4a0-1e6586427c2a)", "subtasks": [ { "title": "Authenticate.keystone", "description": "Check Keystone Client.", "scenario": { "Authenticate.keystone": {} }, "contexts": { "users": { "tenants": 3, "users_per_tenant": 2 } }, "runner": { "constant": { "concurrency": 4, "times": 10 } }, "hooks": [], "sla": { "failure_rate": { "max": 0 } } } ] }
2019-06-05 06:18:40.038 16 RALLYDEBUG rally_openstack.contexts.keystone.users [-] Creating 3 tenants using 20 threads
2019-06-05 06:18:42.036 16 RALLYDEBUG rally_openstack.contexts.keystone.users [-] Creating 6 users using 20 threads
2019-06-05 06:18:44.973 16 INFO rally.task.context [-] Task 783f7140-ec95-416e-a588-6fd2029887bc | Context users@openstack setup() finished in 4.94 sec
2019-06-05 06:18:44.980 16 RALLYDEBUG rally.task.runner [-] Starting the constant runner (task UUID: 783f7140-ec95-416e-a588-6fd2029887bc). timeout: 0 concurrency: 4 concurrency_per_worker: 1 times: 10 concurrency_overhead: 0 processes_to_start: 4 max_cpu_used: 16
2019-06-05 06:18:44.993 140 RALLYDEBUG rally.task.runner [-] Starting a worker. concurrency: 1 args: {} times: 10 method_name: run timeout: 0 duration: None cls:
2019-06-05 06:18:44.995 141 RALLYDEBUG rally.task.runner [-] Starting a worker. concurrency: 1 args: {} times: 10 method_name: run timeout: 0 duration: None cls:
2019-06-05 06:18:44.996 142 RALLYDEBUG rally.task.runner [-] Starting a worker. concurrency: 1 args: {} times: 10 method_name: run timeout: 0 duration: None cls:
2019-06-05 06:18:44.999 140 INFO rally.task.runner [-] Task 783f7140-ec95-416e-a588-6fd2029887bc | ITER: 1 START
2019-06-05 06:18:44.999 143 RALLYDEBUG rally.task.runner [-] Starting a worker. concurrency: 1 args: {} times: 10 method_name: run timeout: 0 duration: None cls:
2019-06-05 06:18:45.001 141 INFO rally.task.runner [-] Task 783f7140-ec95-416e-a588-6fd2029887bc | ITER: 2 START
2019-06-05 06:18:45.003 142 INFO rally.task.runner [-] Task 783f7140-ec95-416e-a588-6fd2029887bc | ITER: 3 START
2019-06-05 06:18:45.006 143 INFO rally.task.runner [-] Task 783f7140-ec95-416e-a588-6fd2029887bc | ITER: 4 START
2019-06-05 06:18:45.597 140 INFO rally.task.runner [-] Task 783f7140-ec95-416e-a588-6fd2029887bc | ITER: 1 END: OK
2019-06-05 06:18:45.600 140 INFO rally.task.runner [-] Task 783f7140-ec95-416e-a588-6fd2029887bc | ITER: 5 START
2019-06-05 06:18:45.601 143 INFO rally.task.runner [-] Task 783f7140-ec95-416e-a588-6fd2029887bc | ITER: 4 END: OK
2019-06-05 06:18:45.603 142 INFO rally.task.runner [-] Task 783f7140-ec95-416e-a588-6fd2029887bc | ITER: 3 END: OK
2019-06-05 06:18:45.604 141 INFO rally.task.runner [-] Task 783f7140-ec95-416e-a588-6fd2029887bc | ITER: 2 END: OK
2019-06-05 06:18:45.605 143 INFO rally.task.runner [-] Task 783f7140-ec95-416e-a588-6fd2029887bc | ITER: 6 START
2019-06-05 06:18:45.607 142 INFO rally.task.runner [-] Task 783f7140-ec95-416e-a588-6fd2029887bc | ITER: 7 START
2019-06-05 06:18:45.608 141 INFO rally.task.runner [-] Task 783f7140-ec95-416e-a588-6fd2029887bc | ITER: 8 START
2019-06-05 06:18:46.120 140 INFO rally.task.runner [-] Task 783f7140-ec95-416e-a588-6fd2029887bc | ITER: 5 END: OK
2019-06-05 06:18:46.123 140 INFO rally.task.runner [-] Task 783f7140-ec95-416e-a588-6fd2029887bc | ITER: 9 START
2019-06-05 06:18:46.198 141 INFO rally.task.runner [-] Task 783f7140-ec95-416e-a588-6fd2029887bc | ITER: 8 END: OK
2019-06-05 06:18:46.198 143 INFO rally.task.runner [-] Task 783f7140-ec95-416e-a588-6fd2029887bc | ITER: 6 END: OK
2019-06-05 06:18:46.201 141 INFO rally.task.runner [-] Task 783f7140-ec95-416e-a588-6fd2029887bc | ITER: 10 START
2019-06-05 06:18:46.207 142 INFO rally.task.runner [-] Task 783f7140-ec95-416e-a588-6fd2029887bc | ITER: 7 END: OK
2019-06-05 06:18:46.748 140 INFO rally.task.runner [-] Task 783f7140-ec95-416e-a588-6fd2029887bc | ITER: 9 END: OK
2019-06-05 06:18:46.796 141 INFO rally.task.runner [-] Task 783f7140-ec95-416e-a588-6fd2029887bc | ITER: 10 END: OK
2019-06-05 06:18:46.820 16 INFO rally.task.context [-] Task 783f7140-ec95-416e-a588-6fd2029887bc | Context users@openstack cleanup() started
2019-06-05 06:18:55.758 16 INFO rally.task.context [-] Task 783f7140-ec95-416e-a588-6fd2029887bc | Context users@openstack cleanup() finished in 8.94 sec
2019-06-05 06:18:56.151 16 INFO rally.task.engine [-] Load duration is: 1.79617
2019-06-05 06:18:56.152 16 INFO rally.task.engine [-] Full runner duration is: 1.840528
2019-06-05 06:18:56.152 16 INFO rally.task.engine [-] Full duration is: 15.723545
2019-06-05 06:18:56.371 16 INFO rally.task.engine [-] Running workload: position = 0 config = { "version": 2, "title": "A cropped version of a bigger task.", "description": "Auto-generated task from a single workload (uuid=3945f506-2b56-4100-b205-3214fe726492)", "subtasks": [ { "title": "Authenticate.validate_cinder", "description": "Check Cinder Client to ensure validation of token.", "scenario": { "Authenticate.validate_cinder": { "repetitions": 2 } }, "contexts": { "users": { "tenants": 3, "users_per_tenant": 2 } }, "runner": { "constant": { "concurrency": 4, "times": 10 } }, "hooks": [], "sla": { "failure_rate": { "max": 0 } } } ] }
2019-06-05 06:18:56.389 16 RALLYDEBUG rally_openstack.contexts.keystone.users [-] Creating 3 tenants using 20 threads
2019-06-05 06:18:58.304 16 RALLYDEBUG rally_openstack.contexts.keystone.users [-] Creating 6 users using 20 threads
2019-06-05 06:19:01.028 16 INFO rally.task.context [-] Task 783f7140-ec95-416e-a588-6fd2029887bc | Context users@openstack setup() finished in 4.64 sec
2019-06-05 06:19:01.034 16 RALLYDEBUG rally.task.runner [-] Starting the constant runner (task UUID: 783f7140-ec95-416e-a588-6fd2029887bc). timeout: 0 concurrency: 4 concurrency_per_worker: 1 times: 10 concurrency_overhead: 0 processes_to_start: 4 max_cpu_used: 16
2019-06-05 06:19:01.045 244 RALLYDEBUG rally.task.runner [-] Starting a worker. concurrency: 1 args: {"repetitions": 2} times: 10 method_name: run timeout: 0 duration: None cls:
2019-06-05 06:19:01.048 245 RALLYDEBUG rally.task.runner [-] Starting a worker. concurrency: 1 args: {"repetitions": 2} times: 10 method_name: run timeout: 0 duration: None cls:
2019-06-05 06:19:01.050 244 INFO rally.task.runner [-] Task 783f7140-ec95-416e-a588-6fd2029887bc | ITER: 1 START
2019-06-05 06:19:01.050 246 RALLYDEBUG rally.task.runner [-] Starting a worker. concurrency: 1 args: {"repetitions": 2} times: 10 method_name: run timeout: 0 duration: None cls:
2019-06-05 06:19:01.052 247 RALLYDEBUG rally.task.runner [-] Starting a worker. concurrency: 1 args: {"repetitions": 2} times: 10 method_name: run timeout: 0 duration: None cls:
2019-06-05 06:19:01.054 245 INFO rally.task.runner [-] Task 783f7140-ec95-416e-a588-6fd2029887bc | ITER: 2 START
2019-06-05 06:19:01.055 246 INFO rally.task.runner [-] Task 783f7140-ec95-416e-a588-6fd2029887bc | ITER: 3 START
2019-06-05 06:19:01.060 247 INFO rally.task.runner [-] Task 783f7140-ec95-416e-a588-6fd2029887bc | ITER: 4 START
2019-06-05 06:19:02.952 245 INFO rally.task.runner [-] Task 783f7140-ec95-416e-a588-6fd2029887bc | ITER: 2 END: OK
2019-06-05 06:19:02.956 245 INFO rally.task.runner [-] Task 783f7140-ec95-416e-a588-6fd2029887bc | ITER: 5 START
2019-06-05 06:19:02.968 244 INFO rally.task.runner [-] Task 783f7140-ec95-416e-a588-6fd2029887bc | ITER: 1 END: OK
2019-06-05 06:19:02.972 244 INFO rally.task.runner [-] Task 783f7140-ec95-416e-a588-6fd2029887bc | ITER: 6 START
2019-06-05 06:19:02.979 246 INFO rally.task.runner [-] Task 783f7140-ec95-416e-a588-6fd2029887bc | ITER: 3 END: OK
2019-06-05 06:19:02.979 247 INFO rally.task.runner [-] Task 783f7140-ec95-416e-a588-6fd2029887bc | ITER: 4 END: OK
2019-06-05 06:19:02.982 247 INFO rally.task.runner [-] Task 783f7140-ec95-416e-a588-6fd2029887bc | ITER: 8 START
2019-06-05 06:19:02.983 246 INFO rally.task.runner [-] Task 783f7140-ec95-416e-a588-6fd2029887bc | ITER: 7 START
2019-06-05 06:19:04.418 244 INFO rally.task.runner [-] Task 783f7140-ec95-416e-a588-6fd2029887bc | ITER: 6 END: OK
2019-06-05 06:19:04.422 244 INFO rally.task.runner [-] Task 783f7140-ec95-416e-a588-6fd2029887bc | ITER: 9 START
2019-06-05 06:19:04.803 247 INFO rally.task.runner [-] Task 783f7140-ec95-416e-a588-6fd2029887bc | ITER: 8 END: OK
2019-06-05 06:19:04.806 247 INFO rally.task.runner [-] Task 783f7140-ec95-416e-a588-6fd2029887bc | ITER: 10 START
2019-06-05 06:19:04.864 245 INFO rally.task.runner [-] Task 783f7140-ec95-416e-a588-6fd2029887bc | ITER: 5 END: OK
2019-06-05 06:19:05.189 246 INFO rally.task.runner [-] Task 783f7140-ec95-416e-a588-6fd2029887bc | ITER: 7 END: OK
2019-06-05 06:19:06.386 244 INFO rally.task.runner [-] Task 783f7140-ec95-416e-a588-6fd2029887bc | ITER: 9 END: OK
2019-06-05 06:19:06.618 247 INFO rally.task.runner [-] Task 783f7140-ec95-416e-a588-6fd2029887bc | ITER: 10 END: OK
2019-06-05 06:19:06.639 16 INFO rally.task.context [-] Task 783f7140-ec95-416e-a588-6fd2029887bc | Context users@openstack cleanup() started
2019-06-05 06:19:14.649 16 INFO rally.task.context [-] Task 783f7140-ec95-416e-a588-6fd2029887bc | Context users@openstack cleanup() finished in 8.01 sec
2019-06-05 06:19:16.486 16 INFO rally.task.engine [-] Load duration is: 5.566803
2019-06-05 06:19:16.486 16 INFO rally.task.engine [-] Full runner duration is: 5.60545
2019-06-05 06:19:16.486 16 INFO rally.task.engine [-] Full duration is: 18.261379
2019-06-05 06:19:16.714 16 INFO rally.task.engine [-] Running workload: position = 0 config = { "version": 2, "title": "A cropped version of a bigger task.", "description": "Auto-generated task from a single workload (uuid=f6a26abe-3cf7-4178-8aee-e6dfa4186ff0)", "subtasks": [ { "title": "Authenticate.validate_glance", "description": "Check Glance Client to ensure validation of token.", "scenario": { "Authenticate.validate_glance": { "repetitions": 2 } }, "contexts": { "users": { "tenants": 3, "users_per_tenant": 2 } }, "runner": { "constant": { "concurrency": 4, "times": 10 } }, "hooks": [], "sla": { "failure_rate": { "max": 0 } } } ] }
2019-06-05 06:19:16.726 16 RALLYDEBUG rally_openstack.contexts.keystone.users [-] Creating 3 tenants using 20 threads
2019-06-05 06:19:18.623 16 RALLYDEBUG rally_openstack.contexts.keystone.users [-] Creating 6 users using 20 threads
2019-06-05 06:19:21.563 16 INFO rally.task.context [-] Task 783f7140-ec95-416e-a588-6fd2029887bc | Context users@openstack setup() finished in 4.84 sec
2019-06-05 06:19:21.570 16 RALLYDEBUG rally.task.runner [-] Starting the constant runner (task UUID: 783f7140-ec95-416e-a588-6fd2029887bc). timeout: 0 concurrency: 4 concurrency_per_worker: 1 times: 10 concurrency_overhead: 0 processes_to_start: 4 max_cpu_used: 16
2019-06-05 06:19:21.579 348 RALLYDEBUG rally.task.runner [-] Starting a worker. concurrency: 1 args: {"repetitions": 2} times: 10 method_name: run timeout: 0 duration: None cls:
2019-06-05 06:19:21.584 348 INFO rally.task.runner [-] Task 783f7140-ec95-416e-a588-6fd2029887bc | ITER: 1 START
2019-06-05 06:19:21.584 349 RALLYDEBUG rally.task.runner [-] Starting a worker. concurrency: 1 args: {"repetitions": 2} times: 10 method_name: run timeout: 0 duration: None cls:
2019-06-05 06:19:21.587 350 RALLYDEBUG rally.task.runner [-] Starting a worker. concurrency: 1 args: {"repetitions": 2} times: 10 method_name: run timeout: 0 duration: None cls:
2019-06-05 06:19:21.588 353 RALLYDEBUG rally.task.runner [-] Starting a worker. concurrency: 1 args: {"repetitions": 2} times: 10 method_name: run timeout: 0 duration: None cls:
2019-06-05 06:19:21.590 349 INFO rally.task.runner [-] Task 783f7140-ec95-416e-a588-6fd2029887bc | ITER: 2 START
2019-06-05 06:19:21.592 353 INFO rally.task.runner [-] Task 783f7140-ec95-416e-a588-6fd2029887bc | ITER: 4 START
2019-06-05 06:19:21.594 350 INFO rally.task.runner [-] Task 783f7140-ec95-416e-a588-6fd2029887bc | ITER: 3 START
2019-06-05 06:19:22.679 348 INFO rally.task.runner [-] Task 783f7140-ec95-416e-a588-6fd2029887bc | ITER: 1 END: OK
2019-06-05 06:19:22.684 348 INFO rally.task.runner [-] Task 783f7140-ec95-416e-a588-6fd2029887bc | ITER: 5 START
2019-06-05 06:19:22.715 350 INFO rally.task.runner [-] Task 783f7140-ec95-416e-a588-6fd2029887bc | ITER: 3 END: OK
2019-06-05 06:19:22.719 350 INFO rally.task.runner [-] Task 783f7140-ec95-416e-a588-6fd2029887bc | ITER: 6 START
2019-06-05 06:19:22.977 349 INFO rally.task.runner [-] Task 783f7140-ec95-416e-a588-6fd2029887bc | ITER: 2 END: OK
2019-06-05 06:19:22.981 349 INFO rally.task.runner [-] Task 783f7140-ec95-416e-a588-6fd2029887bc | ITER: 7 START
2019-06-05 06:19:23.370 353 INFO rally.task.runner [-] Task 783f7140-ec95-416e-a588-6fd2029887bc | ITER: 4 END: OK
2019-06-05 06:19:23.375 353 INFO rally.task.runner [-] Task 783f7140-ec95-416e-a588-6fd2029887bc | ITER: 8 START
2019-06-05 06:19:24.000 350 INFO rally.task.runner [-] Task 783f7140-ec95-416e-a588-6fd2029887bc | ITER: 6 END: OK
2019-06-05 06:19:24.003 350 INFO rally.task.runner [-] Task 783f7140-ec95-416e-a588-6fd2029887bc | ITER: 9 START
2019-06-05 06:19:24.191 349 INFO rally.task.runner [-] Task 783f7140-ec95-416e-a588-6fd2029887bc | ITER: 7 END: OK
2019-06-05 06:19:24.196 349 INFO rally.task.runner [-] Task 783f7140-ec95-416e-a588-6fd2029887bc | ITER: 10 START
2019-06-05 06:19:24.655 353 INFO rally.task.runner [-] Task 783f7140-ec95-416e-a588-6fd2029887bc | ITER: 8 END: OK
2019-06-05 06:19:24.996 348 INFO rally.task.runner [-] Task 783f7140-ec95-416e-a588-6fd2029887bc | ITER: 5 END: OK
2019-06-05 06:19:25.354 350 INFO rally.task.runner [-] Task 783f7140-ec95-416e-a588-6fd2029887bc | ITER: 9 END: OK
2019-06-05 06:19:26.192 349 INFO rally.task.runner [-] Task 783f7140-ec95-416e-a588-6fd2029887bc | ITER: 10 END: OK
2019-06-05 06:19:26.216 16 INFO rally.task.context [-] Task 783f7140-ec95-416e-a588-6fd2029887bc | Context users@openstack cleanup() started
2019-06-05 06:19:34.704 16 INFO rally.task.context [-] Task 783f7140-ec95-416e-a588-6fd2029887bc | Context users@openstack cleanup() finished in 8.49 sec
2019-06-05 06:19:34.805 16 INFO rally.task.engine [-] Load duration is: 4.606841
2019-06-05 06:19:34.806 16 INFO rally.task.engine [-] Full runner duration is: 4.646589
2019-06-05 06:19:34.806 16 INFO rally.task.engine [-] Full duration is: 17.978907
2019-06-05 06:19:35.018 16 INFO rally.task.engine [-] Running workload: position = 0 config = { "version": 2, "title": "A cropped version of a bigger task.", "description": "Auto-generated task from a single workload (uuid=3a9d99cc-b5e9-4ff0-b4c8-1762b0a37e8f)", "subtasks": [ { "title": "Authenticate.validate_heat", "description": "Check Heat Client to ensure validation of token.", "scenario": { "Authenticate.validate_heat": { "repetitions": 2 } }, "contexts": { "users": { "tenants": 3, "users_per_tenant": 2 } }, "runner": { "constant": { "concurrency": 4, "times": 10 } }, "hooks": [], "sla": { "failure_rate": { "max": 0 } } } ] }
2019-06-05 06:19:35.038 16 RALLYDEBUG rally_openstack.contexts.keystone.users [-] Creating 3 tenants using 20 threads
2019-06-05 06:19:36.904 16 RALLYDEBUG rally_openstack.contexts.keystone.users [-] Creating 6 users using 20 threads
2019-06-05 06:19:39.831 16 INFO rally.task.context [-] Task 783f7140-ec95-416e-a588-6fd2029887bc | Context users@openstack setup() finished in 4.79 sec
2019-06-05 06:19:39.838 16 RALLYDEBUG rally.task.runner [-] Starting the constant runner (task UUID: 783f7140-ec95-416e-a588-6fd2029887bc). timeout: 0 concurrency: 4 concurrency_per_worker: 1 times: 10 concurrency_overhead: 0 processes_to_start: 4 max_cpu_used: 16
2019-06-05 06:19:39.849 453 RALLYDEBUG rally.task.runner [-] Starting a worker. concurrency: 1 args: {"repetitions": 2} times: 10 method_name: run timeout: 0 duration: None cls:
2019-06-05 06:19:39.849 452 RALLYDEBUG rally.task.runner [-] Starting a worker. concurrency: 1 args: {"repetitions": 2} times: 10 method_name: run timeout: 0 duration: None cls:
2019-06-05 06:19:39.853 453 INFO rally.task.runner [-] Task 783f7140-ec95-416e-a588-6fd2029887bc | ITER: 1 START
2019-06-05 06:19:39.854 452 INFO rally.task.runner [-] Task 783f7140-ec95-416e-a588-6fd2029887bc | ITER: 2 START
2019-06-05 06:19:39.854 454 RALLYDEBUG rally.task.runner [-] Starting a worker. concurrency: 1 args: {"repetitions": 2} times: 10 method_name: run timeout: 0 duration: None cls:
2019-06-05 06:19:39.857 455 RALLYDEBUG rally.task.runner [-] Starting a worker. concurrency: 1 args: {"repetitions": 2} times: 10 method_name: run timeout: 0 duration: None cls:
2019-06-05 06:19:39.860 454 INFO rally.task.runner [-] Task 783f7140-ec95-416e-a588-6fd2029887bc | ITER: 3 START
2019-06-05 06:19:39.863 455 INFO rally.task.runner [-] Task 783f7140-ec95-416e-a588-6fd2029887bc | ITER: 4 START
2019-06-05 06:19:41.733 452 INFO rally.task.runner [-] Task 783f7140-ec95-416e-a588-6fd2029887bc | ITER: 2 END: OK
2019-06-05 06:19:41.737 452 INFO rally.task.runner [-] Task 783f7140-ec95-416e-a588-6fd2029887bc | ITER: 5 START
2019-06-05 06:19:41.782 454 INFO rally.task.runner [-] Task 783f7140-ec95-416e-a588-6fd2029887bc | ITER: 3 END: OK
2019-06-05 06:19:41.785 454 INFO rally.task.runner [-] Task 783f7140-ec95-416e-a588-6fd2029887bc | ITER: 6 START
2019-06-05 06:19:41.829 453 INFO rally.task.runner [-] Task 783f7140-ec95-416e-a588-6fd2029887bc | ITER: 1 END: OK
2019-06-05 06:19:41.832 453 INFO rally.task.runner [-] Task 783f7140-ec95-416e-a588-6fd2029887bc | ITER: 7 START
2019-06-05 06:19:42.098 455 INFO rally.task.runner [-] Task 783f7140-ec95-416e-a588-6fd2029887bc | ITER: 4 END: OK
2019-06-05 06:19:42.102 455 INFO rally.task.runner [-] Task 783f7140-ec95-416e-a588-6fd2029887bc | ITER: 8 START
2019-06-05 06:19:43.163 452 INFO rally.task.runner [-] Task 783f7140-ec95-416e-a588-6fd2029887bc | ITER: 5 END: OK
2019-06-05 06:19:43.166 452 INFO rally.task.runner [-] Task 783f7140-ec95-416e-a588-6fd2029887bc | ITER: 9 START
2019-06-05 06:19:43.325 454 INFO rally.task.runner [-] Task 783f7140-ec95-416e-a588-6fd2029887bc | ITER: 6 END: OK
2019-06-05 06:19:43.328 454 INFO rally.task.runner [-] Task 783f7140-ec95-416e-a588-6fd2029887bc | ITER: 10 START
2019-06-05 06:19:43.751 453 INFO rally.task.runner [-] Task 783f7140-ec95-416e-a588-6fd2029887bc | ITER: 7 END: OK
2019-06-05 06:19:44.112 455 INFO rally.task.runner [-] Task 783f7140-ec95-416e-a588-6fd2029887bc | ITER: 8 END: OK
2019-06-05 06:19:44.400 454 INFO rally.task.runner [-] Task 783f7140-ec95-416e-a588-6fd2029887bc | ITER: 10 END: OK
2019-06-05 06:19:44.479 452 INFO rally.task.runner [-] Task 783f7140-ec95-416e-a588-6fd2029887bc | ITER: 9 END: OK
2019-06-05 06:19:44.505 16 INFO rally.task.context [-] Task 783f7140-ec95-416e-a588-6fd2029887bc | Context users@openstack cleanup() started
2019-06-05 06:19:53.380 16 INFO rally.task.context [-] Task 783f7140-ec95-416e-a588-6fd2029887bc | Context users@openstack cleanup() finished in 8.87 sec
2019-06-05 06:19:55.139 16 INFO rally.task.engine [-] Load duration is: 4.625112
2019-06-05 06:19:55.139 16 INFO rally.task.engine [-] Full runner duration is: 4.667453
2019-06-05 06:19:55.140 16 INFO rally.task.engine [-] Full duration is: 18.343323
2019-06-05 06:19:55.356 16 INFO rally.task.engine [-] Running workload: position = 0 config = { "version": 2, "title": "A cropped version of a bigger task.", "description": "Auto-generated task from a single workload (uuid=7563a2e7-5bf5-4acb-a572-1065d47cb72a)", "subtasks": [ { "title": "Authenticate.validate_neutron", "description": "Check Neutron Client to ensure validation of token.", "scenario": { "Authenticate.validate_neutron": { "repetitions": 2 } }, "contexts": { "users": { "tenants": 3, "users_per_tenant": 2 } }, "runner": { "constant": { "concurrency": 4, "times": 10 } }, "hooks": [], "sla": { "failure_rate": { "max": 0 } } } ] }
2019-06-05 06:19:55.372 16 RALLYDEBUG rally_openstack.contexts.keystone.users [-] Creating 3 tenants using 20 threads
2019-06-05 06:19:57.287 16 RALLYDEBUG rally_openstack.contexts.keystone.users [-] Creating 6 users using 20 threads
2019-06-05 06:20:00.046 16 INFO rally.task.context [-] Task 783f7140-ec95-416e-a588-6fd2029887bc | Context users@openstack setup() finished in 4.67 sec
2019-06-05 06:20:00.053 16 RALLYDEBUG rally.task.runner [-] Starting the constant runner (task UUID: 783f7140-ec95-416e-a588-6fd2029887bc). timeout: 0 concurrency: 4 concurrency_per_worker: 1 times: 10 concurrency_overhead: 0 processes_to_start: 4 max_cpu_used: 16
2019-06-05 06:20:00.060 556 RALLYDEBUG rally.task.runner [-] Starting a worker. concurrency: 1 args: {"repetitions": 2} times: 10 method_name: run timeout: 0 duration: None cls:
2019-06-05 06:20:00.063 556 INFO rally.task.runner [-] Task 783f7140-ec95-416e-a588-6fd2029887bc | ITER: 1 START
2019-06-05 06:20:00.064 557 RALLYDEBUG rally.task.runner [-] Starting a worker. concurrency: 1 args: {"repetitions": 2} times: 10 method_name: run timeout: 0 duration: None cls:
2019-06-05 06:20:00.068 561 RALLYDEBUG rally.task.runner [-] Starting a worker. concurrency: 1 args: {"repetitions": 2} times: 10 method_name: run timeout: 0 duration: None cls:
2019-06-05 06:20:00.069 557 INFO rally.task.runner [-] Task 783f7140-ec95-416e-a588-6fd2029887bc | ITER: 2 START
2019-06-05 06:20:00.069 558 RALLYDEBUG rally.task.runner [-] Starting a worker. concurrency: 1 args: {"repetitions": 2} times: 10 method_name: run timeout: 0 duration: None cls:
2019-06-05 06:20:00.072 561 INFO rally.task.runner [-] Task 783f7140-ec95-416e-a588-6fd2029887bc | ITER: 3 START
2019-06-05 06:20:00.074 558 INFO rally.task.runner [-] Task 783f7140-ec95-416e-a588-6fd2029887bc | ITER: 4 START
2019-06-05 06:20:00.986 556 INFO rally.task.runner [-] Task 783f7140-ec95-416e-a588-6fd2029887bc | ITER: 1 END: OK
2019-06-05 06:20:00.989 556 INFO rally.task.runner [-] Task 783f7140-ec95-416e-a588-6fd2029887bc | ITER: 5 START
2019-06-05 06:20:01.250 561 INFO rally.task.runner [-] Task 783f7140-ec95-416e-a588-6fd2029887bc | ITER: 3 END: OK
2019-06-05 06:20:01.253 557 INFO rally.task.runner [-] Task 783f7140-ec95-416e-a588-6fd2029887bc | ITER: 2 END: OK
2019-06-05 06:20:01.254 561 INFO rally.task.runner [-] Task 783f7140-ec95-416e-a588-6fd2029887bc | ITER: 6 START
2019-06-05 06:20:01.256 557 INFO rally.task.runner [-] Task 783f7140-ec95-416e-a588-6fd2029887bc | ITER: 7 START
2019-06-05 06:20:01.297 558 INFO rally.task.runner [-] Task 783f7140-ec95-416e-a588-6fd2029887bc | ITER: 4 END: OK
2019-06-05 06:20:01.300 558 INFO rally.task.runner [-] Task 783f7140-ec95-416e-a588-6fd2029887bc | ITER: 8 START
2019-06-05 06:20:02.245 558 INFO rally.task.runner [-] Task 783f7140-ec95-416e-a588-6fd2029887bc | ITER: 8 END: OK
2019-06-05 06:20:02.247 558 INFO rally.task.runner [-] Task 783f7140-ec95-416e-a588-6fd2029887bc | ITER: 9 START
2019-06-05 06:20:02.340 556 INFO rally.task.runner [-] Task 783f7140-ec95-416e-a588-6fd2029887bc | ITER: 5 END: OK
2019-06-05 06:20:02.344 556 INFO rally.task.runner [-] Task 783f7140-ec95-416e-a588-6fd2029887bc | ITER: 10 START
2019-06-05 06:20:02.553 557 INFO rally.task.runner [-] Task 783f7140-ec95-416e-a588-6fd2029887bc | ITER: 7 END: OK
2019-06-05 06:20:02.711 561 INFO rally.task.runner [-] Task 783f7140-ec95-416e-a588-6fd2029887bc | ITER: 6 END: OK
2019-06-05 06:20:03.374 558 INFO rally.task.runner [-] Task 783f7140-ec95-416e-a588-6fd2029887bc | ITER: 9 END: OK
2019-06-05 06:20:03.519 556 INFO rally.task.runner [-] Task 783f7140-ec95-416e-a588-6fd2029887bc | ITER: 10 END: OK
2019-06-05 06:20:03.542 16 INFO rally.task.context [-] Task 783f7140-ec95-416e-a588-6fd2029887bc | Context users@openstack cleanup() started
2019-06-05 06:20:11.531 16 INFO rally.task.context [-] Task 783f7140-ec95-416e-a588-6fd2029887bc | Context users@openstack cleanup() finished in 7.99 sec
2019-06-05 06:20:13.464 16 INFO rally.task.engine [-] Load duration is: 3.455876
2019-06-05 06:20:13.464 16 INFO rally.task.engine [-] Full runner duration is: 3.489582
2019-06-05 06:20:13.465 16 INFO rally.task.engine [-] Full duration is: 16.159207
2019-06-05 06:20:13.680 16 INFO rally.task.engine [-] Running workload: position = 0 config = { "version": 2, "title": "A cropped version of a bigger task.", "description": "Auto-generated task from a single workload (uuid=2e32381b-12d6-459c-9f8b-42249ec5551e)", "subtasks": [ { "title": "Authenticate.validate_nova", "description": "Check Nova Client to ensure validation of token.", "scenario": { "Authenticate.validate_nova": { "repetitions": 2 } }, "contexts": { "users": { "tenants": 3, "users_per_tenant": 2 } }, "runner": { "constant": { "concurrency": 4, "times": 10 } }, "hooks": [], "sla": { "failure_rate": { "max": 0 } } } ] }
2019-06-05 06:20:13.693 16 RALLYDEBUG rally_openstack.contexts.keystone.users [-] Creating 3 tenants using 20 threads
2019-06-05 06:20:15.622 16 RALLYDEBUG rally_openstack.contexts.keystone.users [-] Creating 6 users using 20 threads
2019-06-05 06:20:18.430 16 INFO rally.task.context [-] Task 783f7140-ec95-416e-a588-6fd2029887bc | Context users@openstack setup() finished in 4.74 sec
2019-06-05 06:20:18.435 16 RALLYDEBUG rally.task.runner [-] Starting the constant runner (task UUID: 783f7140-ec95-416e-a588-6fd2029887bc). timeout: 0 concurrency: 4 concurrency_per_worker: 1 times: 10 concurrency_overhead: 0 processes_to_start: 4 max_cpu_used: 16
2019-06-05 06:20:18.448 660 RALLYDEBUG rally.task.runner [-] Starting a worker. concurrency: 1 args: {"repetitions": 2} times: 10 method_name: run timeout: 0 duration: None cls:
2019-06-05 06:20:18.453 661 RALLYDEBUG rally.task.runner [-] Starting a worker. concurrency: 1 args: {"repetitions": 2} times: 10 method_name: run timeout: 0 duration: None cls:
2019-06-05 06:20:18.454 660 INFO rally.task.runner [-] Task 783f7140-ec95-416e-a588-6fd2029887bc | ITER: 1 START
2019-06-05 06:20:18.455 662 RALLYDEBUG rally.task.runner [-] Starting a worker. concurrency: 1 args: {"repetitions": 2} times: 10 method_name: run timeout: 0 duration: None cls:
2019-06-05 06:20:18.458 664 RALLYDEBUG rally.task.runner [-] Starting a worker. concurrency: 1 args: {"repetitions": 2} times: 10 method_name: run timeout: 0 duration: None cls:
2019-06-05 06:20:18.459 661 INFO rally.task.runner [-] Task 783f7140-ec95-416e-a588-6fd2029887bc | ITER: 2 START
2019-06-05 06:20:18.461 662 INFO rally.task.runner [-] Task 783f7140-ec95-416e-a588-6fd2029887bc | ITER: 3 START
2019-06-05 06:20:18.463 664 INFO rally.task.runner [-] Task 783f7140-ec95-416e-a588-6fd2029887bc | ITER: 4 START
2019-06-05 06:20:18.937 662 DEBUG novaclient.v2.client [-] REQ: curl -g -i -X GET http://172.30.9.23:8774/v2.1/flavors/detail -H "Accept: application/json" -H "User-Agent: python-novaclient" -H "X-Auth-Token: {SHA1}1b2104e72a664fd26f16e64ebdf79392b4f6e977" _http_log_request /usr/lib/python2.7/site-packages/keystoneauth1/session.py:448
2019-06-05 06:20:18.945 661 DEBUG novaclient.v2.client [-] REQ: curl -g -i -X GET http://172.30.9.23:8774/v2.1/flavors/detail -H "Accept: application/json" -H "User-Agent: python-novaclient" -H "X-Auth-Token: {SHA1}c99e579a56daef9675194658bb4081a1e8704943" _http_log_request /usr/lib/python2.7/site-packages/keystoneauth1/session.py:448
2019-06-05 06:20:18.977 664 DEBUG novaclient.v2.client [-] REQ: curl -g -i -X GET http://172.30.9.23:8774/v2.1/flavors/detail -H "Accept: application/json" -H "User-Agent: python-novaclient" -H "X-Auth-Token: {SHA1}eb93612e4fb1d37dad0721d58d6583da1364c7fe" _http_log_request /usr/lib/python2.7/site-packages/keystoneauth1/session.py:448
2019-06-05 06:20:18.980 660 DEBUG novaclient.v2.client [-] REQ: curl -g -i -X GET http://172.30.9.23:8774/v2.1/flavors/detail -H "Accept: application/json" -H "User-Agent: python-novaclient" -H "X-Auth-Token: {SHA1}a07ecf98dbba4803067c3b1992ed6b6d50e138a8" _http_log_request /usr/lib/python2.7/site-packages/keystoneauth1/session.py:448
2019-06-05 06:20:19.214 662 DEBUG novaclient.v2.client [-] RESP: [200] Content-Encoding: gzip Content-Length: 367 Content-Type: application/json Date: Wed, 05 Jun 2019 06:20:18 GMT OpenStack-API-Version: compute 2.1 Server: Apache Vary: OpenStack-API-Version,X-OpenStack-Nova-API-Version,Accept-Encoding X-OpenStack-Nova-API-Version: 2.1 x-compute-request-id: req-65451807-bb0c-4226-b4e2-9b37db393759 x-openstack-request-id: req-65451807-bb0c-4226-b4e2-9b37db393759 _http_log_response /usr/lib/python2.7/site-packages/keystoneauth1/session.py:479
2019-06-05 06:20:19.215 662 DEBUG novaclient.v2.client [-] RESP BODY: {"flavors": [{"name": "rally_full-flavor_alt_598fe74d-8779-40c6-9f38-239dfcb49e60", "links": [{"href": "http://172.30.9.23:8774/v2.1/flavors/45cc20a7-48ed-4e90-ade3-69ae3fa36fe5", "rel": "self"}, {"href": "http://172.30.9.23:8774/flavors/45cc20a7-48ed-4e90-ade3-69ae3fa36fe5", "rel": "bookmark"}], "ram": 1024, "OS-FLV-DISABLED:disabled": false, "vcpus": 1, "swap": "", "os-flavor-access:is_public": true, "rxtx_factor": 1.0, "OS-FLV-EXT-DATA:ephemeral": 0, "disk": 1, "id": "45cc20a7-48ed-4e90-ade3-69ae3fa36fe5"}, {"name": "rally_full-flavor_598fe74d-8779-40c6-9f38-239dfcb49e60", "links": [{"href": "http://172.30.9.23:8774/v2.1/flavors/70f27cbd-f9ec-474e-a1ea-03802dfd930b", "rel": "self"}, {"href": "http://172.30.9.23:8774/flavors/70f27cbd-f9ec-474e-a1ea-03802dfd930b", "rel": "bookmark"}], "ram": 512, "OS-FLV-DISABLED:disabled": false, "vcpus": 1, "swap": "", "os-flavor-access:is_public": true, "rxtx_factor": 1.0, "OS-FLV-EXT-DATA:ephemeral": 0, "disk": 1, "id": "70f27cbd-f9ec-474e-a1ea-03802dfd930b"}]} _http_log_response /usr/lib/python2.7/site-packages/keystoneauth1/session.py:511
2019-06-05 06:20:19.215 662 DEBUG novaclient.v2.client [-] GET call to compute for http://172.30.9.23:8774/v2.1/flavors/detail used request id req-65451807-bb0c-4226-b4e2-9b37db393759 request /usr/lib/python2.7/site-packages/keystoneauth1/session.py:844
2019-06-05 06:20:19.217 662 DEBUG novaclient.v2.client [-] REQ: curl -g -i -X GET http://172.30.9.23:8774/v2.1/flavors/detail -H "Accept: application/json" -H "User-Agent: python-novaclient" -H "X-Auth-Token: {SHA1}1b2104e72a664fd26f16e64ebdf79392b4f6e977" _http_log_request /usr/lib/python2.7/site-packages/keystoneauth1/session.py:448
2019-06-05 06:20:19.237 661 DEBUG novaclient.v2.client [-] RESP: [200] Content-Encoding: gzip Content-Length: 367 Content-Type: application/json Date: Wed, 05 Jun 2019 06:20:18 GMT OpenStack-API-Version: compute 2.1 Server: Apache Vary: OpenStack-API-Version,X-OpenStack-Nova-API-Version,Accept-Encoding X-OpenStack-Nova-API-Version: 2.1 x-compute-request-id: req-75aefced-9abd-4dbd-a009-73fad2af1cd7 x-openstack-request-id: req-75aefced-9abd-4dbd-a009-73fad2af1cd7 _http_log_response /usr/lib/python2.7/site-packages/keystoneauth1/session.py:479
2019-06-05 06:20:19.238 661 DEBUG novaclient.v2.client [-] RESP BODY: {"flavors": [{"name": "rally_full-flavor_alt_598fe74d-8779-40c6-9f38-239dfcb49e60", "links": [{"href": "http://172.30.9.23:8774/v2.1/flavors/45cc20a7-48ed-4e90-ade3-69ae3fa36fe5", "rel": "self"}, {"href": "http://172.30.9.23:8774/flavors/45cc20a7-48ed-4e90-ade3-69ae3fa36fe5", "rel": "bookmark"}], "ram": 1024, "OS-FLV-DISABLED:disabled": false, "vcpus": 1, "swap": "", "os-flavor-access:is_public": true, "rxtx_factor": 1.0, "OS-FLV-EXT-DATA:ephemeral": 0, "disk": 1, "id": "45cc20a7-48ed-4e90-ade3-69ae3fa36fe5"}, {"name": "rally_full-flavor_598fe74d-8779-40c6-9f38-239dfcb49e60", "links": [{"href": "http://172.30.9.23:8774/v2.1/flavors/70f27cbd-f9ec-474e-a1ea-03802dfd930b", "rel": "self"}, {"href": "http://172.30.9.23:8774/flavors/70f27cbd-f9ec-474e-a1ea-03802dfd930b", "rel": "bookmark"}], "ram": 512, "OS-FLV-DISABLED:disabled": false, "vcpus": 1, "swap": "", "os-flavor-access:is_public": true, "rxtx_factor": 1.0, "OS-FLV-EXT-DATA:ephemeral": 0, "disk": 1, "id": "70f27cbd-f9ec-474e-a1ea-03802dfd930b"}]} _http_log_response /usr/lib/python2.7/site-packages/keystoneauth1/session.py:511
2019-06-05 06:20:19.238 661 DEBUG novaclient.v2.client [-] GET call to compute for http://172.30.9.23:8774/v2.1/flavors/detail used request id req-75aefced-9abd-4dbd-a009-73fad2af1cd7 request /usr/lib/python2.7/site-packages/keystoneauth1/session.py:844
2019-06-05 06:20:19.240 661 DEBUG novaclient.v2.client [-] REQ: curl -g -i -X GET http://172.30.9.23:8774/v2.1/flavors/detail -H "Accept: application/json" -H "User-Agent: python-novaclient" -H "X-Auth-Token: {SHA1}c99e579a56daef9675194658bb4081a1e8704943" _http_log_request /usr/lib/python2.7/site-packages/keystoneauth1/session.py:448
2019-06-05 06:20:19.250 662 DEBUG novaclient.v2.client [-] RESP: [200] Content-Encoding: gzip Content-Length: 367 Content-Type: application/json Date: Wed, 05 Jun 2019 06:20:19 GMT OpenStack-API-Version: compute 2.1 Server: Apache Vary: OpenStack-API-Version,X-OpenStack-Nova-API-Version,Accept-Encoding X-OpenStack-Nova-API-Version: 2.1 x-compute-request-id: req-fcd737c2-450c-4404-b825-c3f829de9f69 x-openstack-request-id: req-fcd737c2-450c-4404-b825-c3f829de9f69 _http_log_response /usr/lib/python2.7/site-packages/keystoneauth1/session.py:479
2019-06-05 06:20:19.251 662 DEBUG novaclient.v2.client [-] RESP BODY: {"flavors": [{"name": "rally_full-flavor_alt_598fe74d-8779-40c6-9f38-239dfcb49e60", "links": [{"href": "http://172.30.9.23:8774/v2.1/flavors/45cc20a7-48ed-4e90-ade3-69ae3fa36fe5", "rel": "self"}, {"href": "http://172.30.9.23:8774/flavors/45cc20a7-48ed-4e90-ade3-69ae3fa36fe5", "rel": "bookmark"}], "ram": 1024, "OS-FLV-DISABLED:disabled": false, "vcpus": 1, "swap": "", "os-flavor-access:is_public": true, "rxtx_factor": 1.0, "OS-FLV-EXT-DATA:ephemeral": 0, "disk": 1, "id": "45cc20a7-48ed-4e90-ade3-69ae3fa36fe5"}, {"name": "rally_full-flavor_598fe74d-8779-40c6-9f38-239dfcb49e60", "links": [{"href": "http://172.30.9.23:8774/v2.1/flavors/70f27cbd-f9ec-474e-a1ea-03802dfd930b", "rel": "self"}, {"href": "http://172.30.9.23:8774/flavors/70f27cbd-f9ec-474e-a1ea-03802dfd930b", "rel": "bookmark"}], "ram": 512, "OS-FLV-DISABLED:disabled": false, "vcpus": 1, "swap": "", "os-flavor-access:is_public": true, "rxtx_factor": 1.0, "OS-FLV-EXT-DATA:ephemeral": 0, "disk": 1, "id": "70f27cbd-f9ec-474e-a1ea-03802dfd930b"}]} _http_log_response /usr/lib/python2.7/site-packages/keystoneauth1/session.py:511
2019-06-05 06:20:19.251 662 DEBUG novaclient.v2.client [-] GET call to compute for http://172.30.9.23:8774/v2.1/flavors/detail used request id req-fcd737c2-450c-4404-b825-c3f829de9f69 request /usr/lib/python2.7/site-packages/keystoneauth1/session.py:844
2019-06-05 06:20:19.252 662 INFO rally.task.runner [-] Task 783f7140-ec95-416e-a588-6fd2029887bc | ITER: 3 END: OK
2019-06-05 06:20:19.256 662 INFO rally.task.runner [-] Task 783f7140-ec95-416e-a588-6fd2029887bc | ITER: 5 START
2019-06-05 06:20:19.266 661 DEBUG novaclient.v2.client [-] RESP: [200] Content-Encoding: gzip Content-Length: 367 Content-Type: application/json Date: Wed, 05 Jun 2019 06:20:19 GMT OpenStack-API-Version: compute 2.1 Server: Apache Vary: OpenStack-API-Version,X-OpenStack-Nova-API-Version,Accept-Encoding X-OpenStack-Nova-API-Version: 2.1 x-compute-request-id: req-0fb86374-969a-4797-a413-5bafa0667216 x-openstack-request-id: req-0fb86374-969a-4797-a413-5bafa0667216 _http_log_response /usr/lib/python2.7/site-packages/keystoneauth1/session.py:479
2019-06-05 06:20:19.267 661 DEBUG novaclient.v2.client [-] RESP BODY: {"flavors": [{"name": "rally_full-flavor_alt_598fe74d-8779-40c6-9f38-239dfcb49e60", "links": [{"href": "http://172.30.9.23:8774/v2.1/flavors/45cc20a7-48ed-4e90-ade3-69ae3fa36fe5", "rel": "self"}, {"href": "http://172.30.9.23:8774/flavors/45cc20a7-48ed-4e90-ade3-69ae3fa36fe5", "rel": "bookmark"}], "ram": 1024, "OS-FLV-DISABLED:disabled": false, "vcpus": 1, "swap": "", "os-flavor-access:is_public": true, "rxtx_factor": 1.0, "OS-FLV-EXT-DATA:ephemeral": 0, "disk": 1, "id": "45cc20a7-48ed-4e90-ade3-69ae3fa36fe5"}, {"name": "rally_full-flavor_598fe74d-8779-40c6-9f38-239dfcb49e60", "links": [{"href": "http://172.30.9.23:8774/v2.1/flavors/70f27cbd-f9ec-474e-a1ea-03802dfd930b", "rel": "self"}, {"href": "http://172.30.9.23:8774/flavors/70f27cbd-f9ec-474e-a1ea-03802dfd930b", "rel": "bookmark"}], "ram": 512, "OS-FLV-DISABLED:disabled": false, "vcpus": 1, "swap": "", "os-flavor-access:is_public": true, "rxtx_factor": 1.0, "OS-FLV-EXT-DATA:ephemeral": 0, "disk": 1, "id": "70f27cbd-f9ec-474e-a1ea-03802dfd930b"}]} _http_log_response /usr/lib/python2.7/site-packages/keystoneauth1/session.py:511
2019-06-05 06:20:19.267 661 DEBUG novaclient.v2.client [-] GET call to compute for http://172.30.9.23:8774/v2.1/flavors/detail used request id req-0fb86374-969a-4797-a413-5bafa0667216 request /usr/lib/python2.7/site-packages/keystoneauth1/session.py:844
2019-06-05 06:20:19.268 661 INFO rally.task.runner [-] Task 783f7140-ec95-416e-a588-6fd2029887bc | ITER: 2 END: OK
2019-06-05 06:20:19.272 661 INFO rally.task.runner [-] Task 783f7140-ec95-416e-a588-6fd2029887bc | ITER: 6 START
2019-06-05 06:20:19.697 660 DEBUG novaclient.v2.client [-] RESP: [200] Content-Encoding: gzip Content-Length: 367 Content-Type: application/json Date: Wed, 05 Jun 2019 06:20:18 GMT OpenStack-API-Version: compute 2.1 Server: Apache Vary: OpenStack-API-Version,X-OpenStack-Nova-API-Version,Accept-Encoding X-OpenStack-Nova-API-Version: 2.1 x-compute-request-id: req-884ef226-f943-420b-aef2-d0247dcc586e x-openstack-request-id: req-884ef226-f943-420b-aef2-d0247dcc586e _http_log_response /usr/lib/python2.7/site-packages/keystoneauth1/session.py:479
2019-06-05 06:20:19.698 664 DEBUG novaclient.v2.client [-] RESP: [200] Content-Encoding: gzip Content-Length: 367 Content-Type: application/json Date: Wed, 05 Jun 2019 06:20:18 GMT OpenStack-API-Version: compute 2.1 Server: Apache Vary: OpenStack-API-Version,X-OpenStack-Nova-API-Version,Accept-Encoding X-OpenStack-Nova-API-Version: 2.1 x-compute-request-id: req-ae0cd524-7c40-467b-b13d-1a31760ca838 x-openstack-request-id: req-ae0cd524-7c40-467b-b13d-1a31760ca838 _http_log_response /usr/lib/python2.7/site-packages/keystoneauth1/session.py:479
2019-06-05 06:20:19.698 660 DEBUG novaclient.v2.client [-] RESP BODY: {"flavors": [{"name": "rally_full-flavor_alt_598fe74d-8779-40c6-9f38-239dfcb49e60", "links": [{"href": "http://172.30.9.23:8774/v2.1/flavors/45cc20a7-48ed-4e90-ade3-69ae3fa36fe5", "rel": "self"}, {"href": "http://172.30.9.23:8774/flavors/45cc20a7-48ed-4e90-ade3-69ae3fa36fe5", "rel": "bookmark"}], "ram": 1024, "OS-FLV-DISABLED:disabled": false, "vcpus": 1, "swap": "", "os-flavor-access:is_public": true, "rxtx_factor": 1.0, "OS-FLV-EXT-DATA:ephemeral": 0, "disk": 1, "id": "45cc20a7-48ed-4e90-ade3-69ae3fa36fe5"}, {"name": "rally_full-flavor_598fe74d-8779-40c6-9f38-239dfcb49e60", "links": [{"href": "http://172.30.9.23:8774/v2.1/flavors/70f27cbd-f9ec-474e-a1ea-03802dfd930b", "rel": "self"}, {"href": "http://172.30.9.23:8774/flavors/70f27cbd-f9ec-474e-a1ea-03802dfd930b", "rel": "bookmark"}], "ram": 512, "OS-FLV-DISABLED:disabled": false, "vcpus": 1, "swap": "", "os-flavor-access:is_public": true, "rxtx_factor": 1.0, "OS-FLV-EXT-DATA:ephemeral": 0, "disk": 1, "id": "70f27cbd-f9ec-474e-a1ea-03802dfd930b"}]} _http_log_response /usr/lib/python2.7/site-packages/keystoneauth1/session.py:511
2019-06-05 06:20:19.698 660 DEBUG novaclient.v2.client [-] GET call to compute for http://172.30.9.23:8774/v2.1/flavors/detail used request id req-884ef226-f943-420b-aef2-d0247dcc586e request /usr/lib/python2.7/site-packages/keystoneauth1/session.py:844
2019-06-05 06:20:19.699 664 DEBUG novaclient.v2.client [-] RESP BODY: {"flavors": [{"name": "rally_full-flavor_alt_598fe74d-8779-40c6-9f38-239dfcb49e60", "links": [{"href": "http://172.30.9.23:8774/v2.1/flavors/45cc20a7-48ed-4e90-ade3-69ae3fa36fe5", "rel": "self"}, {"href": "http://172.30.9.23:8774/flavors/45cc20a7-48ed-4e90-ade3-69ae3fa36fe5", "rel": "bookmark"}], "ram": 1024, "OS-FLV-DISABLED:disabled": false, "vcpus": 1, "swap": "", "os-flavor-access:is_public": true, "rxtx_factor": 1.0, "OS-FLV-EXT-DATA:ephemeral": 0, "disk": 1, "id": "45cc20a7-48ed-4e90-ade3-69ae3fa36fe5"}, {"name": "rally_full-flavor_598fe74d-8779-40c6-9f38-239dfcb49e60", "links": [{"href": "http://172.30.9.23:8774/v2.1/flavors/70f27cbd-f9ec-474e-a1ea-03802dfd930b", "rel": "self"}, {"href": "http://172.30.9.23:8774/flavors/70f27cbd-f9ec-474e-a1ea-03802dfd930b", "rel": "bookmark"}], "ram": 512, "OS-FLV-DISABLED:disabled": false, "vcpus": 1, "swap": "", "os-flavor-access:is_public": true, "rxtx_factor": 1.0, "OS-FLV-EXT-DATA:ephemeral": 0, "disk": 1, "id": "70f27cbd-f9ec-474e-a1ea-03802dfd930b"}]} _http_log_response /usr/lib/python2.7/site-packages/keystoneauth1/session.py:511
2019-06-05 06:20:19.699 664 DEBUG novaclient.v2.client [-] GET call to compute for http://172.30.9.23:8774/v2.1/flavors/detail used request id req-ae0cd524-7c40-467b-b13d-1a31760ca838 request /usr/lib/python2.7/site-packages/keystoneauth1/session.py:844
2019-06-05 06:20:19.700 660 DEBUG novaclient.v2.client [-] REQ: curl -g -i -X GET http://172.30.9.23:8774/v2.1/flavors/detail -H "Accept: application/json" -H "User-Agent: python-novaclient" -H "X-Auth-Token: {SHA1}a07ecf98dbba4803067c3b1992ed6b6d50e138a8" _http_log_request /usr/lib/python2.7/site-packages/keystoneauth1/session.py:448
2019-06-05 06:20:19.700 664 DEBUG novaclient.v2.client [-] REQ: curl -g -i -X GET http://172.30.9.23:8774/v2.1/flavors/detail -H "Accept: application/json" -H "User-Agent: python-novaclient" -H "X-Auth-Token: {SHA1}eb93612e4fb1d37dad0721d58d6583da1364c7fe" _http_log_request /usr/lib/python2.7/site-packages/keystoneauth1/session.py:448
2019-06-05 06:20:19.709 662 DEBUG novaclient.v2.client [-] REQ: curl -g -i -X GET http://172.30.9.23:8774/v2.1/flavors/detail -H "Accept: application/json" -H "User-Agent: python-novaclient" -H "X-Auth-Token: {SHA1}edb076d0c6a0df6ac0e67824e168b0ca474c9217" _http_log_request /usr/lib/python2.7/site-packages/keystoneauth1/session.py:448
2019-06-05 06:20:19.720 661 DEBUG novaclient.v2.client [-] REQ: curl -g -i -X GET http://172.30.9.23:8774/v2.1/flavors/detail -H "Accept: application/json" -H "User-Agent: python-novaclient" -H "X-Auth-Token: {SHA1}eedb99c177ac8cfcfc198af2571920ba88c5713d" _http_log_request /usr/lib/python2.7/site-packages/keystoneauth1/session.py:448
2019-06-05 06:20:19.723 664 DEBUG novaclient.v2.client [-] RESP: [200] Content-Encoding: gzip Content-Length: 367 Content-Type: application/json Date: Wed, 05 Jun 2019 06:20:19 GMT OpenStack-API-Version: compute 2.1 Server: Apache Vary: OpenStack-API-Version,X-OpenStack-Nova-API-Version,Accept-Encoding X-OpenStack-Nova-API-Version: 2.1 x-compute-request-id: req-43fcad5c-5d17-414f-8d51-26f96e726e07 x-openstack-request-id: req-43fcad5c-5d17-414f-8d51-26f96e726e07 _http_log_response /usr/lib/python2.7/site-packages/keystoneauth1/session.py:479
