2019-06-05 06:48:18.467 1842 INFO rally.task.engine [-] Full runner duration is: 17.711007
2019-06-05 06:48:18.467 1842 INFO rally.task.engine [-] Full duration is: 42.639604
2019-06-05 06:48:18.707 1842 INFO rally.task.engine [-] Running workload: position = 0 config = { "version": 2, "title": "A cropped version of a bigger task.", "description": "Auto-generated task from a single workload (uuid=94f4e841-3747-484d-a16f-db503362020e)", "subtasks": [ { "title": "CinderVolumes.create_and_extend_volume", "description": "Create and extend a volume and then delete it.", "scenario": { "CinderVolumes.create_and_extend_volume": { "new_size": 2, "size": 1 } }, "contexts": { "users": { "tenants": 3, "users_per_tenant": 2 }, "quotas": { "cinder": { "gigabytes": -1, "snapshots": -1, "volumes": -1 } }, "api_versions": { "cinder": { "version": 3, "service_type": "volumev3" } } }, "runner": { "constant": { "concurrency": 4, "times": 10 } }, "hooks": [], "sla": { "failure_rate": { "max": 0 } } } ] }
2019-06-05 06:48:18.733 1842 RALLYDEBUG rally_openstack.contexts.keystone.users [-] Creating 3 tenants using 20 threads
2019-06-05 06:48:20.649 1842 RALLYDEBUG rally_openstack.contexts.keystone.users [-] Creating 6 users using 20 threads
2019-06-05 06:48:23.438 1842 INFO rally.task.context [-] Task 520f9225-fb5f-4f3a-b267-a21f991bb8b4 | Context users@openstack setup() finished in 4.71 sec
2019-06-05 06:48:23.869 1842 INFO rally.task.context [-] Task 520f9225-fb5f-4f3a-b267-a21f991bb8b4 | Context api_versions@openstack setup() finished in 0.43 sec
2019-06-05 06:48:25.528 1842 INFO rally.task.context [-] Task 520f9225-fb5f-4f3a-b267-a21f991bb8b4 | Context quotas@openstack setup() finished in 1.66 sec
2019-06-05 06:48:25.529 1842 INFO rally.task.context [-] Task 520f9225-fb5f-4f3a-b267-a21f991bb8b4 | Context cleanup@openstack setup() finished in 0.01 msec
2019-06-05 06:48:25.536 1842 RALLYDEBUG rally.task.runner [-] Starting the constant runner (task UUID: 520f9225-fb5f-4f3a-b267-a21f991bb8b4). timeout: 0 concurrency: 4 concurrency_per_worker: 1 times: 10 concurrency_overhead: 0 processes_to_start: 4 max_cpu_used: 16
2019-06-05 06:48:25.549 4722 RALLYDEBUG rally.task.runner [-] Starting a worker. concurrency: 1 args: {"new_size": 2, "size": 1} times: 10 method_name: run timeout: 0 duration: None cls:
2019-06-05 06:48:25.549 4723 RALLYDEBUG rally.task.runner [-] Starting a worker. concurrency: 1 args: {"new_size": 2, "size": 1} times: 10 method_name: run timeout: 0 duration: None cls:
2019-06-05 06:48:25.555 4725 RALLYDEBUG rally.task.runner [-] Starting a worker. concurrency: 1 args: {"new_size": 2, "size": 1} times: 10 method_name: run timeout: 0 duration: None cls:
2019-06-05 06:48:25.555 4723 INFO rally.task.runner [-] Task 520f9225-fb5f-4f3a-b267-a21f991bb8b4 | ITER: 2 START
2019-06-05 06:48:25.555 4724 RALLYDEBUG rally.task.runner [-] Starting a worker. concurrency: 1 args: {"new_size": 2, "size": 1} times: 10 method_name: run timeout: 0 duration: None cls:
2019-06-05 06:48:25.558 4722 INFO rally.task.runner [-] Task 520f9225-fb5f-4f3a-b267-a21f991bb8b4 | ITER: 1 START
2019-06-05 06:48:25.559 4725 INFO rally.task.runner [-] Task 520f9225-fb5f-4f3a-b267-a21f991bb8b4 | ITER: 3 START
2019-06-05 06:48:25.562 4724 INFO rally.task.runner [-] Task 520f9225-fb5f-4f3a-b267-a21f991bb8b4 | ITER: 4 START
2019-06-05 06:48:29.728 4722 RALLYDEBUG rally.task.utils [-] Waiting for resource s_rally_94f4e841_wrypm01c. Status changed: AVAILABLE => EXTENDING in 0.0633249282837
2019-06-05 06:48:30.557 4723 RALLYDEBUG rally.task.utils [-] Waiting for resource s_rally_94f4e841_o77UWUd9. Status changed: AVAILABLE => DELETING in 0.237410068512
2019-06-05 06:48:30.592 4724 RALLYDEBUG rally.task.utils [-] Waiting for resource s_rally_94f4e841_EUyw7LqI. Status changed: AVAILABLE => DELETING in 0.259220838547
2019-06-05 06:48:30.931 4725 RALLYDEBUG rally.task.utils [-] Waiting for resource s_rally_94f4e841_q8pUz9jx. Status changed: AVAILABLE => DELETING in 0.364373922348
2019-06-05 06:48:31.981 4722 RALLYDEBUG rally.task.utils [-] Waiting for resource s_rally_94f4e841_wrypm01c. Status changed: EXTENDING => AVAILABLE in 2.25309514999
2019-06-05 06:48:32.683 4722 INFO rally.task.runner [-] Task 520f9225-fb5f-4f3a-b267-a21f991bb8b4 | ITER: 1 END: OK
2019-06-05 06:48:32.688 4722 INFO rally.task.runner [-] Task 520f9225-fb5f-4f3a-b267-a21f991bb8b4 | ITER: 5 START
2019-06-05 06:48:32.794 4723 INFO rally.task.runner [-] Task 520f9225-fb5f-4f3a-b267-a21f991bb8b4 | ITER: 2 END: OK
2019-06-05 06:48:32.800 4723 INFO rally.task.runner [-] Task 520f9225-fb5f-4f3a-b267-a21f991bb8b4 | ITER: 6 START
2019-06-05 06:48:32.833 4724 INFO rally.task.runner [-] Task 520f9225-fb5f-4f3a-b267-a21f991bb8b4 | ITER: 4 END: OK
2019-06-05 06:48:32.839 4724 INFO rally.task.runner [-] Task 520f9225-fb5f-4f3a-b267-a21f991bb8b4 | ITER: 7 START
2019-06-05 06:48:33.160 4725 INFO rally.task.runner [-] Task 520f9225-fb5f-4f3a-b267-a21f991bb8b4 | ITER: 3 END: OK
2019-06-05 06:48:33.165 4725 INFO rally.task.runner [-] Task 520f9225-fb5f-4f3a-b267-a21f991bb8b4 | ITER: 8 START
2019-06-05 06:48:37.885 4724 RALLYDEBUG rally.task.utils [-] Waiting for resource s_rally_94f4e841_EV62CMT2. Status changed: AVAILABLE => DELETING in 0.35467004776
2019-06-05 06:48:37.987 4722 RALLYDEBUG rally.task.utils [-] Waiting for resource s_rally_94f4e841_HkQrbmoV. Status changed: AVAILABLE => DELETING in 0.38410115242
2019-06-05 06:48:38.101 4723 RALLYDEBUG rally.task.utils [-] Waiting for resource s_rally_94f4e841_ftHFqPLs. Status changed: AVAILABLE => DELETING in 0.366369962692
2019-06-05 06:48:38.229 4725 RALLYDEBUG rally.task.utils [-] Waiting for resource s_rally_94f4e841_hInxaFE4. Status changed: AVAILABLE => DELETING in 0.357304096222
2019-06-05 06:48:40.244 4722 INFO rally.task.runner [-] Task 520f9225-fb5f-4f3a-b267-a21f991bb8b4 | ITER: 5 END: OK
2019-06-05 06:48:40.248 4722 INFO rally.task.runner [-] Task 520f9225-fb5f-4f3a-b267-a21f991bb8b4 | ITER: 9 START
2019-06-05 06:48:40.289 4724 INFO rally.task.runner [-] Task 520f9225-fb5f-4f3a-b267-a21f991bb8b4 | ITER: 7 END: OK
2019-06-05 06:48:40.294 4724 INFO rally.task.runner [-] Task 520f9225-fb5f-4f3a-b267-a21f991bb8b4 | ITER: 10 START
2019-06-05 06:48:40.332 4723 INFO rally.task.runner [-] Task 520f9225-fb5f-4f3a-b267-a21f991bb8b4 | ITER: 6 END: OK
2019-06-05 06:48:40.533 4725 INFO rally.task.runner [-] Task 520f9225-fb5f-4f3a-b267-a21f991bb8b4 | ITER: 8 END: OK
2019-06-05 06:48:44.992 4722 RALLYDEBUG rally.task.utils [-] Waiting for resource s_rally_94f4e841_CP7gpNcE. Status changed: AVAILABLE => DELETING in 0.325025081635
2019-06-05 06:48:45.346 4724 RALLYDEBUG rally.task.utils [-] Waiting for resource s_rally_94f4e841_dN2achll. Status changed: AVAILABLE => DELETING in 0.24747800827
2019-06-05 06:48:47.219 4722 INFO rally.task.runner [-] Task 520f9225-fb5f-4f3a-b267-a21f991bb8b4 | ITER: 9 END: OK
2019-06-05 06:48:47.674 4724 INFO rally.task.runner [-] Task 520f9225-fb5f-4f3a-b267-a21f991bb8b4 | ITER: 10 END: OK
2019-06-05 06:48:47.704 1842 INFO rally.task.context [-] Task 520f9225-fb5f-4f3a-b267-a21f991bb8b4 | Context cleanup@openstack cleanup() started
2019-06-05 06:48:47.706 1842 RALLYDEBUG rally_openstack.cleanup.manager [-] Cleaning up cinder backups objects
2019-06-05 06:48:49.866 1842 RALLYDEBUG rally_openstack.cleanup.manager [-] Cleaning up cinder volume_snapshots objects
2019-06-05 06:48:52.007 1842 RALLYDEBUG rally_openstack.cleanup.manager [-] Cleaning up cinder transfers objects
2019-06-05 06:48:54.139 1842 RALLYDEBUG rally_openstack.cleanup.manager [-] Cleaning up cinder volumes objects
2019-06-05 06:48:56.365 1842 INFO rally.task.context [-] Task 520f9225-fb5f-4f3a-b267-a21f991bb8b4 | Context cleanup@openstack cleanup() finished in 8.66 sec
2019-06-05 06:48:56.366 1842 INFO rally.task.context [-] Task 520f9225-fb5f-4f3a-b267-a21f991bb8b4 | Context quotas@openstack cleanup() started
2019-06-05 06:48:57.455 1842 INFO rally.task.context [-] Task 520f9225-fb5f-4f3a-b267-a21f991bb8b4 | Context quotas@openstack cleanup() finished in 1.09 sec
2019-06-05 06:48:57.456 1842 INFO rally.task.context [-] Task 520f9225-fb5f-4f3a-b267-a21f991bb8b4 | Context api_versions@openstack cleanup() started
2019-06-05 06:48:57.456 1842 INFO rally.task.context [-] Task 520f9225-fb5f-4f3a-b267-a21f991bb8b4 | Context api_versions@openstack cleanup() finished in 0.33 msec
2019-06-05 06:48:57.456 1842 INFO rally.task.context [-] Task 520f9225-fb5f-4f3a-b267-a21f991bb8b4 | Context users@openstack cleanup() started
2019-06-05 06:49:05.677 1842 INFO rally.task.context [-] Task 520f9225-fb5f-4f3a-b267-a21f991bb8b4 | Context users@openstack cleanup() finished in 8.22 sec
2019-06-05 06:49:06.924 1842 INFO rally.task.engine [-] Load duration is: 22.115708
2019-06-05 06:49:06.925 1842 INFO rally.task.engine [-] Full runner duration is: 22.167516
2019-06-05 06:49:06.925 1842 INFO rally.task.engine [-] Full duration is: 46.947971
2019-06-05 06:49:07.189 1842 INFO rally.task.engine [-] Running workload: position = 0 config = { "version": 2, "title": "A cropped version of a bigger task.", "description": "Auto-generated task from a single workload (uuid=d54fd6de-abc8-40ae-9e61-7c2e44492529)", "subtasks": [ { "title": "CinderVolumes.create_from_volume_and_delete_volume", "description": "Create volume from volume and then delete it.", "scenario": { "CinderVolumes.create_from_volume_and_delete_volume": { "size": 1 } }, "contexts": { "users": { "tenants": 3, "users_per_tenant": 2 }, "quotas": { "cinder": { "gigabytes": -1, "snapshots": -1, "volumes": -1 } }, "api_versions": { "cinder": { "version": 3, "service_type": "volumev3" } }, "volumes": { "size": 1, "volumes_per_tenant": 1 } }, "runner": { "constant": { "concurrency": 4, "times": 10 } }, "hooks": [], "sla": { "failure_rate": { "max": 0 } } } ] }
2019-06-05 06:49:07.213 1842 RALLYDEBUG rally_openstack.contexts.keystone.users [-] Creating 3 tenants using 20 threads
2019-06-05 06:49:09.349 1842 RALLYDEBUG rally_openstack.contexts.keystone.users [-] Creating 6 users using 20 threads
2019-06-05 06:49:12.252 1842 INFO rally.task.context [-] Task 520f9225-fb5f-4f3a-b267-a21f991bb8b4 | Context users@openstack setup() finished in 5.04 sec
2019-06-05 06:49:12.681 1842 INFO rally.task.context [-] Task 520f9225-fb5f-4f3a-b267-a21f991bb8b4 | Context api_versions@openstack setup() finished in 0.43 sec
2019-06-05 06:49:14.395 1842 INFO rally.task.context [-] Task 520f9225-fb5f-4f3a-b267-a21f991bb8b4 | Context quotas@openstack setup() finished in 1.71 sec
2019-06-05 06:49:25.659 1842 INFO rally.task.context [-] Task 520f9225-fb5f-4f3a-b267-a21f991bb8b4 | Context volumes@openstack setup() finished in 11.26 sec
2019-06-05 06:49:25.660 1842 INFO rally.task.context [-] Task 520f9225-fb5f-4f3a-b267-a21f991bb8b4 | Context cleanup@openstack setup() finished in 0.01 msec
2019-06-05 06:49:25.667 1842 RALLYDEBUG rally.task.runner [-] Starting the constant runner (task UUID: 520f9225-fb5f-4f3a-b267-a21f991bb8b4). timeout: 0 concurrency: 4 concurrency_per_worker: 1 times: 10 concurrency_overhead: 0 processes_to_start: 4 max_cpu_used: 16
2019-06-05 06:49:25.680 4906 RALLYDEBUG rally.task.runner [-] Starting a worker. concurrency: 1 args: {"size": 1} times: 10 method_name: run timeout: 0 duration: None cls:
2019-06-05 06:49:25.683 4907 RALLYDEBUG rally.task.runner [-] Starting a worker. concurrency: 1 args: {"size": 1} times: 10 method_name: run timeout: 0 duration: None cls:
2019-06-05 06:49:25.686 4909 RALLYDEBUG rally.task.runner [-] Starting a worker. concurrency: 1 args: {"size": 1} times: 10 method_name: run timeout: 0 duration: None cls:
2019-06-05 06:49:25.686 4908 RALLYDEBUG rally.task.runner [-] Starting a worker. concurrency: 1 args: {"size": 1} times: 10 method_name: run timeout: 0 duration: None cls:
2019-06-05 06:49:25.688 4906 INFO rally.task.runner [-] Task 520f9225-fb5f-4f3a-b267-a21f991bb8b4 | ITER: 1 START
2019-06-05 06:49:25.691 4909 INFO rally.task.runner [-] Task 520f9225-fb5f-4f3a-b267-a21f991bb8b4 | ITER: 3 START
2019-06-05 06:49:25.691 4907 INFO rally.task.runner [-] Task 520f9225-fb5f-4f3a-b267-a21f991bb8b4 | ITER: 2 START
2019-06-05 06:49:25.694 4908 INFO rally.task.runner [-] Task 520f9225-fb5f-4f3a-b267-a21f991bb8b4 | ITER: 4 START
2019-06-05 06:49:29.968 4907 RALLYDEBUG rally.task.utils [-] Waiting for resource s_rally_d54fd6de_P2ETcYa7. Status changed: AVAILABLE => DELETING in 0.282437086105
2019-06-05 06:49:30.136 4908 RALLYDEBUG rally.task.utils [-] Waiting for resource s_rally_d54fd6de_NvuPfCo3. Status changed: AVAILABLE => DELETING in 0.33695602417
2019-06-05 06:49:31.829 4909 RALLYDEBUG rally.task.utils [-] Waiting for resource s_rally_d54fd6de_IheCmwgA. Status changed: CREATING => AVAILABLE in 2.97906804085
2019-06-05 06:49:32.025 4906 RALLYDEBUG rally.task.utils [-] Waiting for resource s_rally_d54fd6de_7PAQrHrD. Status changed: CREATING => AVAILABLE in 3.03717088699
2019-06-05 06:49:32.165 4909 RALLYDEBUG rally.task.utils [-] Waiting for resource s_rally_d54fd6de_IheCmwgA. Status changed: AVAILABLE => DELETING in 0.245210886002
2019-06-05 06:49:33.080 4906 RALLYDEBUG rally.task.utils [-] Waiting for resource s_rally_d54fd6de_7PAQrHrD. Status changed: AVAILABLE => DELETING in 0.345312833786
2019-06-05 06:49:34.529 4907 INFO rally.task.runner [-] Task 520f9225-fb5f-4f3a-b267-a21f991bb8b4 | ITER: 2 END: OK
2019-06-05 06:49:34.535 4907 INFO rally.task.runner [-] Task 520f9225-fb5f-4f3a-b267-a21f991bb8b4 | ITER: 5 START
2019-06-05 06:49:34.702 4908 INFO rally.task.runner [-] Task 520f9225-fb5f-4f3a-b267-a21f991bb8b4 | ITER: 4 END: OK
2019-06-05 06:49:34.708 4908 INFO rally.task.runner [-] Task 520f9225-fb5f-4f3a-b267-a21f991bb8b4 | ITER: 6 START
2019-06-05 06:49:35.419 4906 INFO rally.task.runner [-] Task 520f9225-fb5f-4f3a-b267-a21f991bb8b4 | ITER: 1 END: OK
2019-06-05 06:49:35.424 4906 INFO rally.task.runner [-] Task 520f9225-fb5f-4f3a-b267-a21f991bb8b4 | ITER: 7 START
2019-06-05 06:49:36.865 4909 INFO rally.task.runner [-] Task 520f9225-fb5f-4f3a-b267-a21f991bb8b4 | ITER: 3 END: OK
2019-06-05 06:49:36.871 4909 INFO rally.task.runner [-] Task 520f9225-fb5f-4f3a-b267-a21f991bb8b4 | ITER: 8 START
2019-06-05 06:49:38.752 4908 RALLYDEBUG rally.task.utils [-] Waiting for resource s_rally_d54fd6de_AabJ498W. Status changed: AVAILABLE => DELETING in 0.335781097412
2019-06-05 06:49:38.777 4907 RALLYDEBUG rally.task.utils [-] Waiting for resource s_rally_d54fd6de_PYxjlXoH. Status changed: AVAILABLE => DELETING in 0.343188047409
2019-06-05 06:49:39.975 4906 RALLYDEBUG rally.task.utils [-] Waiting for resource s_rally_d54fd6de_ETV8ZQ9v. Status changed: AVAILABLE => DELETING in 0.361083984375
2019-06-05 06:49:40.696 4909 RALLYDEBUG rally.task.utils [-] Waiting for resource s_rally_d54fd6de_XXQ77S5m. Status changed: CREATING => AVAILABLE in 0.704865932465
2019-06-05 06:49:41.530 4909 RALLYDEBUG rally.task.utils [-] Waiting for resource s_rally_d54fd6de_XXQ77S5m. Status changed: AVAILABLE => DELETING in 0.47894692421
2019-06-05 06:49:43.242 4908 INFO rally.task.runner [-] Task 520f9225-fb5f-4f3a-b267-a21f991bb8b4 | ITER: 6 END: OK
2019-06-05 06:49:43.248 4908 INFO rally.task.runner [-] Task 520f9225-fb5f-4f3a-b267-a21f991bb8b4 | ITER: 9 START
2019-06-05 06:49:43.261 4907 INFO rally.task.runner [-] Task 520f9225-fb5f-4f3a-b267-a21f991bb8b4 | ITER: 5 END: OK
2019-06-05 06:49:43.265 4907 INFO rally.task.runner [-] Task 520f9225-fb5f-4f3a-b267-a21f991bb8b4 | ITER: 10 START
2019-06-05 06:49:44.352 4906 INFO rally.task.runner [-] Task 520f9225-fb5f-4f3a-b267-a21f991bb8b4 | ITER: 7 END: OK
2019-06-05 06:49:46.252 4909 INFO rally.task.runner [-] Task 520f9225-fb5f-4f3a-b267-a21f991bb8b4 | ITER: 8 END: OK
2019-06-05 06:49:47.578 4908 RALLYDEBUG rally.task.utils [-] Waiting for resource s_rally_d54fd6de_c0cM4sbT. Status changed: AVAILABLE => DELETING in 0.252338171005
2019-06-05 06:49:47.663 4907 RALLYDEBUG rally.task.utils [-] Waiting for resource s_rally_d54fd6de_LatR6oLT. Status changed: AVAILABLE => DELETING in 0.325006961823
2019-06-05 06:49:49.903 4908 INFO rally.task.runner [-] Task 520f9225-fb5f-4f3a-b267-a21f991bb8b4 | ITER: 9 END: OK
2019-06-05 06:49:50.009 4907 INFO rally.task.runner [-] Task 520f9225-fb5f-4f3a-b267-a21f991bb8b4 | ITER: 10 END: OK
2019-06-05 06:49:50.030 1842 INFO rally.task.context [-] Task 520f9225-fb5f-4f3a-b267-a21f991bb8b4 | Context cleanup@openstack cleanup() started
2019-06-05 06:49:50.032 1842 RALLYDEBUG rally_openstack.cleanup.manager [-] Cleaning up cinder backups objects
2019-06-05 06:49:52.178 1842 RALLYDEBUG rally_openstack.cleanup.manager [-] Cleaning up cinder volume_snapshots objects
2019-06-05 06:49:54.450 1842 RALLYDEBUG rally_openstack.cleanup.manager [-] Cleaning up cinder transfers objects
2019-06-05 06:49:56.557 1842 RALLYDEBUG rally_openstack.cleanup.manager [-] Cleaning up cinder volumes objects
2019-06-05 06:49:58.827 1842 INFO rally.task.context [-] Task 520f9225-fb5f-4f3a-b267-a21f991bb8b4 | Context cleanup@openstack cleanup() finished in 8.80 sec
2019-06-05 06:49:58.828 1842 INFO rally.task.context [-] Task 520f9225-fb5f-4f3a-b267-a21f991bb8b4 | Context volumes@openstack cleanup() started
2019-06-05 06:49:58.828 1842 RALLYDEBUG rally_openstack.cleanup.manager [-] Cleaning up cinder volumes objects
2019-06-05 06:50:01.176 1842 RALLYDEBUG rally_openstack.cleanup.manager [-] Deleting cinder.volumes object c_rally_d54fd6de_lRjLs66b (88591928-1919-4c91-87f5-da09ed1f4b0b)
2019-06-05 06:50:01.177 1842 RALLYDEBUG rally_openstack.cleanup.manager [-] Deleting cinder.volumes object c_rally_d54fd6de_2RvCJoLQ (4bbf3449-a393-4d0c-bedd-8f870ee006cd)
2019-06-05 06:50:01.180 1842 RALLYDEBUG rally_openstack.cleanup.manager [-] Deleting cinder.volumes object c_rally_d54fd6de_FWMDBa7i (954f3cee-3230-41d6-95d3-26ad15c9a525)
2019-06-05 06:50:04.678 1842 INFO rally.task.context [-] Task 520f9225-fb5f-4f3a-b267-a21f991bb8b4 | Context volumes@openstack cleanup() finished in 5.85 sec
2019-06-05 06:50:04.679 1842 INFO rally.task.context [-] Task 520f9225-fb5f-4f3a-b267-a21f991bb8b4 | Context quotas@openstack cleanup() started
2019-06-05 06:50:05.550 1842 INFO rally.task.context [-] Task 520f9225-fb5f-4f3a-b267-a21f991bb8b4 | Context quotas@openstack cleanup() finished in 0.87 sec
2019-06-05 06:50:05.551 1842 INFO rally.task.context [-] Task 520f9225-fb5f-4f3a-b267-a21f991bb8b4 | Context api_versions@openstack cleanup() started
2019-06-05 06:50:05.551 1842 INFO rally.task.context [-] Task 520f9225-fb5f-4f3a-b267-a21f991bb8b4 | Context api_versions@openstack cleanup() finished in 0.33 msec
2019-06-05 06:50:05.552 1842 INFO rally.task.context [-] Task 520f9225-fb5f-4f3a-b267-a21f991bb8b4 | Context users@openstack cleanup() started
2019-06-05 06:50:13.551 1842 INFO rally.task.context [-] Task 520f9225-fb5f-4f3a-b267-a21f991bb8b4 | Context users@openstack cleanup() finished in 8.00 sec
2019-06-05 06:50:15.484 1842 INFO rally.task.engine [-] Load duration is: 24.317523
2019-06-05 06:50:15.484 1842 INFO rally.task.engine [-] Full runner duration is: 24.363013
2019-06-05 06:50:15.485 1842 INFO rally.task.engine [-] Full duration is: 66.343521
2019-06-05 06:50:15.720 1842 INFO rally.task.engine [-] Running workload: position = 0 config = { "version": 2, "title": "A cropped version of a bigger task.", "description": "Auto-generated task from a single workload (uuid=6737222a-8a42-4f6d-9e8a-5bdb37bb033c)", "subtasks": [ { "title": "CinderQos.create_and_get_qos", "description": "Create a qos, then get details of the qos.", "scenario": { "CinderQos.create_and_get_qos": { "consumer": "both", "write_iops_sec": "10", "read_iops_sec": "1000" } }, "contexts": { "users": { "tenants": 3, "users_per_tenant": 2 }, "api_versions": { "cinder": { "version": 3, "service_type": "volumev3" } } }, "runner": { "constant": { "concurrency": 4, "times": 10 } }, "hooks": [], "sla": { "failure_rate": { "max": 0 } } } ] }
2019-06-05 06:50:15.741 1842 RALLYDEBUG rally_openstack.contexts.keystone.users [-] Creating 3 tenants using 20 threads
2019-06-05 06:50:17.750 1842 RALLYDEBUG rally_openstack.contexts.keystone.users [-] Creating 6 users using 20 threads
2019-06-05 06:50:20.604 1842 INFO rally.task.context [-] Task 520f9225-fb5f-4f3a-b267-a21f991bb8b4 | Context users@openstack setup() finished in 4.86 sec
2019-06-05 06:50:21.033 1842 INFO rally.task.context [-] Task 520f9225-fb5f-4f3a-b267-a21f991bb8b4 | Context api_versions@openstack setup() finished in 0.43 sec
2019-06-05 06:50:21.033 1842 INFO rally.task.context [-] Task 520f9225-fb5f-4f3a-b267-a21f991bb8b4 | Context admin_cleanup@openstack setup() finished in 0.01 msec
2019-06-05 06:50:21.040 1842 RALLYDEBUG rally.task.runner [-] Starting the constant runner (task UUID: 520f9225-fb5f-4f3a-b267-a21f991bb8b4). timeout: 0 concurrency: 4 concurrency_per_worker: 1 times: 10 concurrency_overhead: 0 processes_to_start: 4 max_cpu_used: 16
2019-06-05 06:50:21.052 5110 RALLYDEBUG rally.task.runner [-] Starting a worker. concurrency: 1 args: {"consumer": "both", "write_iops_sec": "10", "read_iops_sec": "1000"} times: 10 method_name: run timeout: 0 duration: None cls:
2019-06-05 06:50:21.055 5111 RALLYDEBUG rally.task.runner [-] Starting a worker. concurrency: 1 args: {"consumer": "both", "write_iops_sec": "10", "read_iops_sec": "1000"} times: 10 method_name: run timeout: 0 duration: None cls:
2019-06-05 06:50:21.056 5112 RALLYDEBUG rally.task.runner [-] Starting a worker. concurrency: 1 args: {"consumer": "both", "write_iops_sec": "10", "read_iops_sec": "1000"} times: 10 method_name: run timeout: 0 duration: None cls:
2019-06-05 06:50:21.059 5110 INFO rally.task.runner [-] Task 520f9225-fb5f-4f3a-b267-a21f991bb8b4 | ITER: 1 START
2019-06-05 06:50:21.061 5112 INFO rally.task.runner [-] Task 520f9225-fb5f-4f3a-b267-a21f991bb8b4 | ITER: 3 START
2019-06-05 06:50:21.061 5113 RALLYDEBUG rally.task.runner [-] Starting a worker. concurrency: 1 args: {"consumer": "both", "write_iops_sec": "10", "read_iops_sec": "1000"} times: 10 method_name: run timeout: 0 duration: None cls:
2019-06-05 06:50:21.063 5111 INFO rally.task.runner [-] Task 520f9225-fb5f-4f3a-b267-a21f991bb8b4 | ITER: 2 START
2019-06-05 06:50:21.068 5113 INFO rally.task.runner [-] Task 520f9225-fb5f-4f3a-b267-a21f991bb8b4 | ITER: 4 START
2019-06-05 06:50:22.160 5110 INFO rally.task.runner [-] Task 520f9225-fb5f-4f3a-b267-a21f991bb8b4 | ITER: 1 END: OK
2019-06-05 06:50:22.164 5110 INFO rally.task.runner [-] Task 520f9225-fb5f-4f3a-b267-a21f991bb8b4 | ITER: 5 START
2019-06-05 06:50:22.168 5111 INFO rally.task.runner [-] Task 520f9225-fb5f-4f3a-b267-a21f991bb8b4 | ITER: 2 END: OK
2019-06-05 06:50:22.174 5111 INFO rally.task.runner [-] Task 520f9225-fb5f-4f3a-b267-a21f991bb8b4 | ITER: 6 START
2019-06-05 06:50:22.215 5113 INFO rally.task.runner [-] Task 520f9225-fb5f-4f3a-b267-a21f991bb8b4 | ITER: 4 END: OK
2019-06-05 06:50:22.221 5113 INFO rally.task.runner [-] Task 520f9225-fb5f-4f3a-b267-a21f991bb8b4 | ITER: 7 START
2019-06-05 06:50:22.229 5112 INFO rally.task.runner [-] Task 520f9225-fb5f-4f3a-b267-a21f991bb8b4 | ITER: 3 END: OK
2019-06-05 06:50:22.233 5112 INFO rally.task.runner [-] Task 520f9225-fb5f-4f3a-b267-a21f991bb8b4 | ITER: 8 START
2019-06-05 06:50:23.162 5113 INFO rally.task.runner [-] Task 520f9225-fb5f-4f3a-b267-a21f991bb8b4 | ITER: 7 END: OK
2019-06-05 06:50:23.167 5113 INFO rally.task.runner [-] Task 520f9225-fb5f-4f3a-b267-a21f991bb8b4 | ITER: 9 START
2019-06-05 06:50:23.228 5110 INFO rally.task.runner [-] Task 520f9225-fb5f-4f3a-b267-a21f991bb8b4 | ITER: 5 END: OK
2019-06-05 06:50:23.233 5110 INFO rally.task.runner [-] Task 520f9225-fb5f-4f3a-b267-a21f991bb8b4 | ITER: 10 START
2019-06-05 06:50:23.267 5112 INFO rally.task.runner [-] Task 520f9225-fb5f-4f3a-b267-a21f991bb8b4 | ITER: 8 END: OK
2019-06-05 06:50:23.333 5111 INFO rally.task.runner [-] Task 520f9225-fb5f-4f3a-b267-a21f991bb8b4 | ITER: 6 END: OK
2019-06-05 06:50:24.236 5113 INFO rally.task.runner [-] Task 520f9225-fb5f-4f3a-b267-a21f991bb8b4 | ITER: 9 END: OK
2019-06-05 06:50:24.391 5110 INFO rally.task.runner [-] Task 520f9225-fb5f-4f3a-b267-a21f991bb8b4 | ITER: 10 END: OK
2019-06-05 06:50:24.414 1842 INFO rally.task.context [-] Task 520f9225-fb5f-4f3a-b267-a21f991bb8b4 | Context admin_cleanup@openstack cleanup() started
2019-06-05 06:50:24.416 1842 RALLYDEBUG rally_openstack.cleanup.manager [-] Cleaning up cinder volume_types objects
2019-06-05 06:50:25.155 1842 RALLYDEBUG rally_openstack.cleanup.manager [-] Cleaning up cinder image_volumes_cache objects
2019-06-05 06:50:26.546 1842 RALLYDEBUG rally_openstack.cleanup.manager [-] Cleaning up cinder quotas objects
2019-06-05 06:50:28.312 1842 RALLYDEBUG rally_openstack.cleanup.manager [-] Cleaning up cinder qos_specs objects
2019-06-05 06:50:29.078 1842 RALLYDEBUG rally_openstack.cleanup.manager [-] Deleting cinder.qos_specs object s_rally_6737222a_XKQSDN6f (9aaa256f-5902-4709-a712-7b69148a2c41)
2019-06-05 06:50:29.078 1842 RALLYDEBUG rally_openstack.cleanup.manager [-] Deleting cinder.qos_specs object s_rally_6737222a_OwwAtzg3 (5a5d5b7f-d498-467e-9372-07e73789c592)
2019-06-05 06:50:29.091 1842 RALLYDEBUG rally_openstack.cleanup.manager [-] Deleting cinder.qos_specs object s_rally_6737222a_jOnYVFUB (a9ea1838-6de4-4aed-a227-a4d47ba1b1cf)
2019-06-05 06:50:29.093 1842 RALLYDEBUG rally_openstack.cleanup.manager [-] Deleting cinder.qos_specs object s_rally_6737222a_CvxMCCaE (99e45cb9-8e21-45f2-ade1-873f2594b93e)
2019-06-05 06:50:29.101 1842 RALLYDEBUG rally_openstack.cleanup.manager [-] Deleting cinder.qos_specs object s_rally_6737222a_N307SA3r (7277ebdf-f45e-47e6-9209-352e1ca8fdf1)
2019-06-05 06:50:29.112 1842 RALLYDEBUG rally_openstack.cleanup.manager [-] Deleting cinder.qos_specs object s_rally_6737222a_5tD5u9BK (b0ca8f58-2bb2-410c-96e1-5b6f87257395)
2019-06-05 06:50:29.117 1842 RALLYDEBUG rally_openstack.cleanup.manager [-] Deleting cinder.qos_specs object s_rally_6737222a_PqE993gK (2fdba953-721d-4049-aa97-92ff173f84f1)
2019-06-05 06:50:29.129 1842 RALLYDEBUG rally_openstack.cleanup.manager [-] Deleting cinder.qos_specs object s_rally_6737222a_BWyIX4CF (2170502f-bc9f-4ea0-8f5d-6e76ad30ba15)
2019-06-05 06:50:29.142 1842 RALLYDEBUG rally_openstack.cleanup.manager [-] Deleting cinder.qos_specs object s_rally_6737222a_aRtO3QNx (7ac9903e-bc0e-4db6-9780-703d28647a04)
2019-06-05 06:50:29.154 1842 RALLYDEBUG rally_openstack.cleanup.manager [-] Deleting cinder.qos_specs object s_rally_6737222a_xmUqXCQu (001721f0-8f90-4242-a820-940a6cc8727b)
2019-06-05 06:50:31.603 1842 INFO rally.task.context [-] Task 520f9225-fb5f-4f3a-b267-a21f991bb8b4 | Context admin_cleanup@openstack cleanup() finished in 7.19 sec
2019-06-05 06:50:31.604 1842 INFO rally.task.context [-] Task 520f9225-fb5f-4f3a-b267-a21f991bb8b4 | Context api_versions@openstack cleanup() started
2019-06-05 06:50:31.604 1842 INFO rally.task.context [-] Task 520f9225-fb5f-4f3a-b267-a21f991bb8b4 | Context api_versions@openstack cleanup() finished in 0.33 msec
2019-06-05 06:50:31.605 1842 INFO rally.task.context [-] Task 520f9225-fb5f-4f3a-b267-a21f991bb8b4 | Context users@openstack cleanup() started
2019-06-05 06:50:39.916 1842 INFO rally.task.context [-] Task 520f9225-fb5f-4f3a-b267-a21f991bb8b4 | Context users@openstack cleanup() finished in 8.31 sec
2019-06-05 06:50:41.871 1842 INFO rally.task.engine [-] Load duration is: 3.327916
2019-06-05 06:50:41.871 1842 INFO rally.task.engine [-] Full runner duration is: 3.373919
2019-06-05 06:50:41.871 1842 INFO rally.task.engine [-] Full duration is: 24.177161
2019-06-05 06:50:42.090 1842 INFO rally.task.engine [-] Running workload: position = 0 config = { "version": 2, "title": "A cropped version of a bigger task.", "description": "Auto-generated task from a single workload (uuid=86c8edc9-bc1b-4dc9-96b2-5bbc0d23ca3a)", "subtasks": [ { "title": "CinderQos.create_and_list_qos", "description": "Create a qos, then list all qos.", "scenario": { "CinderQos.create_and_list_qos": { "consumer": "both", "write_iops_sec": "10", "read_iops_sec": "1000" } }, "contexts": { "users": { "tenants": 3, "users_per_tenant": 2 }, "api_versions": { "cinder": { "version": 3, "service_type": "volumev3" } } }, "runner": { "constant": { "concurrency": 4, "times": 10 } }, "hooks": [], "sla": { "failure_rate": { "max": 0 } } } ] }
2019-06-05 06:50:42.115 1842 RALLYDEBUG rally_openstack.contexts.keystone.users [-] Creating 3 tenants using 20 threads
2019-06-05 06:50:44.020 1842 RALLYDEBUG rally_openstack.contexts.keystone.users [-] Creating 6 users using 20 threads
2019-06-05 06:50:46.783 1842 INFO rally.task.context [-] Task 520f9225-fb5f-4f3a-b267-a21f991bb8b4 | Context users@openstack setup() finished in 4.67 sec
2019-06-05 06:50:47.217 1842 INFO rally.task.context [-] Task 520f9225-fb5f-4f3a-b267-a21f991bb8b4 | Context api_versions@openstack setup() finished in 0.43 sec
2019-06-05 06:50:47.217 1842 INFO rally.task.context [-] Task 520f9225-fb5f-4f3a-b267-a21f991bb8b4 | Context admin_cleanup@openstack setup() finished in 0.01 msec
2019-06-05 06:50:47.225 1842 RALLYDEBUG rally.task.runner [-] Starting the constant runner (task UUID: 520f9225-fb5f-4f3a-b267-a21f991bb8b4). timeout: 0 concurrency: 4 concurrency_per_worker: 1 times: 10 concurrency_overhead: 0 processes_to_start: 4 max_cpu_used: 16
2019-06-05 06:50:47.238 5294 RALLYDEBUG rally.task.runner [-] Starting a worker. concurrency: 1 args: {"consumer": "both", "write_iops_sec": "10", "read_iops_sec": "1000"} times: 10 method_name: run timeout: 0 duration: None cls:
2019-06-05 06:50:47.240 5295 RALLYDEBUG rally.task.runner [-] Starting a worker. concurrency: 1 args: {"consumer": "both", "write_iops_sec": "10", "read_iops_sec": "1000"} times: 10 method_name: run timeout: 0 duration: None cls:
2019-06-05 06:50:47.243 5296 RALLYDEBUG rally.task.runner [-] Starting a worker. concurrency: 1 args: {"consumer": "both", "write_iops_sec": "10", "read_iops_sec": "1000"} times: 10 method_name: run timeout: 0 duration: None cls:
2019-06-05 06:50:47.246 5294 INFO rally.task.runner [-] Task 520f9225-fb5f-4f3a-b267-a21f991bb8b4 | ITER: 1 START
2019-06-05 06:50:47.246 5297 RALLYDEBUG rally.task.runner [-] Starting a worker. concurrency: 1 args: {"consumer": "both", "write_iops_sec": "10", "read_iops_sec": "1000"} times: 10 method_name: run timeout: 0 duration: None cls:
2019-06-05 06:50:47.249 5295 INFO rally.task.runner [-] Task 520f9225-fb5f-4f3a-b267-a21f991bb8b4 | ITER: 2 START
2019-06-05 06:50:47.250 5296 INFO rally.task.runner [-] Task 520f9225-fb5f-4f3a-b267-a21f991bb8b4 | ITER: 3 START
2019-06-05 06:50:47.253 5297 INFO rally.task.runner [-] Task 520f9225-fb5f-4f3a-b267-a21f991bb8b4 | ITER: 4 START
2019-06-05 06:50:48.301 5295 INFO rally.task.runner [-] Task 520f9225-fb5f-4f3a-b267-a21f991bb8b4 | ITER: 2 END: OK
2019-06-05 06:50:48.306 5295 INFO rally.task.runner [-] Task 520f9225-fb5f-4f3a-b267-a21f991bb8b4 | ITER: 5 START
2019-06-05 06:50:48.319 5294 INFO rally.task.runner [-] Task 520f9225-fb5f-4f3a-b267-a21f991bb8b4 | ITER: 1 END: OK
2019-06-05 06:50:48.324 5294 INFO rally.task.runner [-] Task 520f9225-fb5f-4f3a-b267-a21f991bb8b4 | ITER: 6 START
2019-06-05 06:50:48.341 5296 INFO rally.task.runner [-] Task 520f9225-fb5f-4f3a-b267-a21f991bb8b4 | ITER: 3 END: OK
2019-06-05 06:50:48.342 5297 INFO rally.task.runner [-] Task 520f9225-fb5f-4f3a-b267-a21f991bb8b4 | ITER: 4 END: OK
2019-06-05 06:50:48.346 5296 INFO rally.task.runner [-] Task 520f9225-fb5f-4f3a-b267-a21f991bb8b4 | ITER: 7 START
2019-06-05 06:50:48.347 5297 INFO rally.task.runner [-] Task 520f9225-fb5f-4f3a-b267-a21f991bb8b4 | ITER: 8 START
2019-06-05 06:50:49.266 5297 INFO rally.task.runner [-] Task 520f9225-fb5f-4f3a-b267-a21f991bb8b4 | ITER: 8 END: OK
2019-06-05 06:50:49.270 5297 INFO rally.task.runner [-] Task 520f9225-fb5f-4f3a-b267-a21f991bb8b4 | ITER: 9 START
2019-06-05 06:50:49.331 5296 INFO rally.task.runner [-] Task 520f9225-fb5f-4f3a-b267-a21f991bb8b4 | ITER: 7 END: OK
2019-06-05 06:50:49.336 5296 INFO rally.task.runner [-] Task 520f9225-fb5f-4f3a-b267-a21f991bb8b4 | ITER: 10 START
2019-06-05 06:50:49.372 5294 INFO rally.task.runner [-] Task 520f9225-fb5f-4f3a-b267-a21f991bb8b4 | ITER: 6 END: OK
2019-06-05 06:50:49.457 5295 INFO rally.task.runner [-] Task 520f9225-fb5f-4f3a-b267-a21f991bb8b4 | ITER: 5 END: OK
2019-06-05 06:50:50.174 5297 INFO rally.task.runner [-] Task 520f9225-fb5f-4f3a-b267-a21f991bb8b4 | ITER: 9 END: OK
2019-06-05 06:50:50.396 5296 INFO rally.task.runner [-] Task 520f9225-fb5f-4f3a-b267-a21f991bb8b4 | ITER: 10 END: OK
2019-06-05 06:50:50.420 1842 INFO rally.task.context [-] Task 520f9225-fb5f-4f3a-b267-a21f991bb8b4 | Context admin_cleanup@openstack cleanup() started
2019-06-05 06:50:50.423 1842 RALLYDEBUG rally_openstack.cleanup.manager [-] Cleaning up cinder volume_types objects
2019-06-05 06:50:51.186 1842 RALLYDEBUG rally_openstack.cleanup.manager [-] Cleaning up cinder image_volumes_cache objects
2019-06-05 06:50:52.605 1842 RALLYDEBUG rally_openstack.cleanup.manager [-] Cleaning up cinder quotas objects
2019-06-05 06:50:54.416 1842 RALLYDEBUG rally_openstack.cleanup.manager [-] Cleaning up cinder qos_specs objects
2019-06-05 06:50:55.159 1842 RALLYDEBUG rally_openstack.cleanup.manager [-] Deleting cinder.qos_specs object s_rally_86c8edc9_TLJkIyxm (03cfb0ff-987f-4eb0-bf22-44c327c66e77)
2019-06-05 06:50:55.163 1842 RALLYDEBUG rally_openstack.cleanup.manager [-] Deleting cinder.qos_specs object s_rally_86c8edc9_JjCmr0W4 (d0e5e478-f4ea-4867-899d-fe1c81c88330)
2019-06-05 06:50:55.170 1842 RALLYDEBUG rally_openstack.cleanup.manager [-] Deleting cinder.qos_specs object s_rally_86c8edc9_UB7nf2qC (cb2f42c0-1b91-4e4b-a42f-1d1b04be9f83)
2019-06-05 06:50:55.178 1842 RALLYDEBUG rally_openstack.cleanup.manager [-] Deleting cinder.qos_specs object s_rally_86c8edc9_k6ieEXuM (8849c82d-0338-48f7-b44f-b612703dd012)
2019-06-05 06:50:55.184 1842 RALLYDEBUG rally_openstack.cleanup.manager [-] Deleting cinder.qos_specs object s_rally_86c8edc9_ir8R3Wwl (07650fbc-be80-4393-861d-1e1a1976b1ac)
2019-06-05 06:50:55.188 1842 RALLYDEBUG rally_openstack.cleanup.manager [-] Deleting cinder.qos_specs object s_rally_86c8edc9_KN6lwWHK (2ce97727-1fde-4b23-9176-bae4357e7ea2)
2019-06-05 06:50:55.206 1842 RALLYDEBUG rally_openstack.cleanup.manager [-] Deleting cinder.qos_specs object s_rally_86c8edc9_dtuZBafb (e1111121-8016-414e-97f3-fd97f318825b)
2019-06-05 06:50:55.211 1842 RALLYDEBUG rally_openstack.cleanup.manager [-] Deleting cinder.qos_specs object s_rally_86c8edc9_EHJK6vQH (8a695216-2e49-4e5a-8fcc-bac5b49dc8fb)
2019-06-05 06:50:55.227 1842 RALLYDEBUG rally_openstack.cleanup.manager [-] Deleting cinder.qos_specs object s_rally_86c8edc9_B7UR901G (508aa599-e8f3-451d-a38a-0b1a0e4a381e)
2019-06-05 06:50:55.240 1842 RALLYDEBUG rally_openstack.cleanup.manager [-] Deleting cinder.qos_specs object s_rally_86c8edc9_sAC6LZJx (7989e474-8daf-43b6-8cf3-433e5ee911fc)
2019-06-05 06:50:57.555 1842 INFO rally.task.context [-] Task 520f9225-fb5f-4f3a-b267-a21f991bb8b4 | Context admin_cleanup@openstack cleanup() finished in 7.13 sec
2019-06-05 06:50:57.555 1842 INFO rally.task.context [-] Task 520f9225-fb5f-4f3a-b267-a21f991bb8b4 | Context api_versions@openstack cleanup() started
2019-06-05 06:50:57.556 1842 INFO rally.task.context [-] Task 520f9225-fb5f-4f3a-b267-a21f991bb8b4 | Context api_versions@openstack cleanup() finished in 0.32 msec
2019-06-05 06:50:57.556 1842 INFO rally.task.context [-] Task 520f9225-fb5f-4f3a-b267-a21f991bb8b4 | Context users@openstack cleanup() started
2019-06-05 06:51:05.293 1842 INFO rally.task.context [-] Task 520f9225-fb5f-4f3a-b267-a21f991bb8b4 | Context users@openstack cleanup() finished in 7.74 sec
2019-06-05 06:51:06.237 1842 INFO rally.task.engine [-] Load duration is: 3.147059
2019-06-05 06:51:06.237 1842 INFO rally.task.engine [-] Full runner duration is: 3.195698
2019-06-05 06:51:06.238 1842 INFO rally.task.engine [-] Full duration is: 23.182952
2019-06-05 06:51:06.462 1842 INFO rally.task.engine [-] Running workload: position = 0 config = { "version": 2, "title": "A cropped version of a bigger task.", "description": "Auto-generated task from a single workload (uuid=f9818756-af1f-4e1a-8157-4006c32f4a15)", "subtasks": [ { "title": "CinderQos.create_and_set_qos", "description": "Create a qos, then Add/Update keys in qos specs.", "scenario": { "CinderQos.create_and_set_qos": { "consumer": "back-end", "write_iops_sec": "10", "read_iops_sec": "1000", "set_consumer": "both", "set_write_iops_sec": "11", "set_read_iops_sec": "1001" } }, "contexts": { "users": { "tenants": 3, "users_per_tenant": 2 }, "api_versions": { "cinder": { "version": 3, "service_type": "volumev3" } } }, "runner": { "constant": { "concurrency": 4, "times": 10 } }, "hooks": [], "sla": { "failure_rate": { "max": 0 } } } ] }
2019-06-05 06:51:06.486 1842 RALLYDEBUG rally_openstack.contexts.keystone.users [-] Creating 3 tenants using 20 threads
2019-06-05 06:51:08.320 1842 RALLYDEBUG rally_openstack.contexts.keystone.users [-] Creating 6 users using 20 threads
2019-06-05 06:51:11.116 1842 INFO rally.task.context [-] Task 520f9225-fb5f-4f3a-b267-a21f991bb8b4 | Context users@openstack setup() finished in 4.63 sec
2019-06-05 06:51:11.542 1842 INFO rally.task.context [-] Task 520f9225-fb5f-4f3a-b267-a21f991bb8b4 | Context api_versions@openstack setup() finished in 0.43 sec
2019-06-05 06:51:11.542 1842 INFO rally.task.context [-] Task 520f9225-fb5f-4f3a-b267-a21f991bb8b4 | Context admin_cleanup@openstack setup() finished in 0.01 msec
2019-06-05 06:51:11.550 1842 RALLYDEBUG rally.task.runner [-] Starting the constant runner (task UUID: 520f9225-fb5f-4f3a-b267-a21f991bb8b4). timeout: 0 concurrency: 4 concurrency_per_worker: 1 times: 10 concurrency_overhead: 0 processes_to_start: 4 max_cpu_used: 16
2019-06-05 06:51:11.562 5478 RALLYDEBUG rally.task.runner [-] Starting a worker. concurrency: 1 args: {"consumer": "back-end", "write_iops_sec": "10", "read_iops_sec": "1000", "set_consumer": "both", "set_write_iops_sec": "11", "set_read_iops_sec": "1001"} times: 10 method_name: run timeout: 0 duration: None cls:
2019-06-05 06:51:11.566 5480 RALLYDEBUG rally.task.runner [-] Starting a worker. concurrency: 1 args: {"consumer": "back-end", "write_iops_sec": "10", "read_iops_sec": "1000", "set_consumer": "both", "set_write_iops_sec": "11", "set_read_iops_sec": "1001"} times: 10 method_name: run timeout: 0 duration: None cls:
2019-06-05 06:51:11.566 5479 RALLYDEBUG rally.task.runner [-] Starting a worker. concurrency: 1 args: {"consumer": "back-end", "write_iops_sec": "10", "read_iops_sec": "1000", "set_consumer": "both", "set_write_iops_sec": "11", "set_read_iops_sec": "1001"} times: 10 method_name: run timeout: 0 duration: None cls:
2019-06-05 06:51:11.570 5478 INFO rally.task.runner [-] Task 520f9225-fb5f-4f3a-b267-a21f991bb8b4 | ITER: 1 START
2019-06-05 06:51:11.571 5480 INFO rally.task.runner [-] Task 520f9225-fb5f-4f3a-b267-a21f991bb8b4 | ITER: 2 START
2019-06-05 06:51:11.571 5481 RALLYDEBUG rally.task.runner [-] Starting a worker. concurrency: 1 args: {"consumer": "back-end", "write_iops_sec": "10", "read_iops_sec": "1000", "set_consumer": "both", "set_write_iops_sec": "11", "set_read_iops_sec": "1001"} times: 10 method_name: run timeout: 0 duration: None cls:
2019-06-05 06:51:11.574 5479 INFO rally.task.runner [-] Task 520f9225-fb5f-4f3a-b267-a21f991bb8b4 | ITER: 3 START
2019-06-05 06:51:11.578 5481 INFO rally.task.runner [-] Task 520f9225-fb5f-4f3a-b267-a21f991bb8b4 | ITER: 4 START
2019-06-05 06:51:12.751 5478 INFO rally.task.runner [-] Task 520f9225-fb5f-4f3a-b267-a21f991bb8b4 | ITER: 1 END: OK
2019-06-05 06:51:12.757 5478 INFO rally.task.runner [-] Task 520f9225-fb5f-4f3a-b267-a21f991bb8b4 | ITER: 5 START
2019-06-05 06:51:12.776 5481 INFO rally.task.runner [-] Task 520f9225-fb5f-4f3a-b267-a21f991bb8b4 | ITER: 4 END: OK
2019-06-05 06:51:12.781 5481 INFO rally.task.runner [-] Task 520f9225-fb5f-4f3a-b267-a21f991bb8b4 | ITER: 6 START
2019-06-05 06:51:12.815 5480 INFO rally.task.runner [-] Task 520f9225-fb5f-4f3a-b267-a21f991bb8b4 | ITER: 2 END: OK
2019-06-05 06:51:12.820 5480 INFO rally.task.runner [-] Task 520f9225-fb5f-4f3a-b267-a21f991bb8b4 | ITER: 7 START
2019-06-05 06:51:12.846 5479 INFO rally.task.runner [-] Task 520f9225-fb5f-4f3a-b267-a21f991bb8b4 | ITER: 3 END: OK
2019-06-05 06:51:12.851 5479 INFO rally.task.runner [-] Task 520f9225-fb5f-4f3a-b267-a21f991bb8b4 | ITER: 8 START
2019-06-05 06:51:13.746 5481 INFO rally.task.runner [-] Task 520f9225-fb5f-4f3a-b267-a21f991bb8b4 | ITER: 6 END: OK
2019-06-05 06:51:13.751 5481 INFO rally.task.runner [-] Task 520f9225-fb5f-4f3a-b267-a21f991bb8b4 | ITER: 9 START
2019-06-05 06:51:13.757 5478 INFO rally.task.runner [-] Task 520f9225-fb5f-4f3a-b267-a21f991bb8b4 | ITER: 5 END: OK
2019-06-05 06:51:13.760 5478 INFO rally.task.runner [-] Task 520f9225-fb5f-4f3a-b267-a21f991bb8b4 | ITER: 10 START
2019-06-05 06:51:13.901 5480 INFO rally.task.runner [-] Task 520f9225-fb5f-4f3a-b267-a21f991bb8b4 | ITER: 7 END: OK
2019-06-05 06:51:13.943 5479 INFO rally.task.runner [-] Task 520f9225-fb5f-4f3a-b267-a21f991bb8b4 | ITER: 8 END: OK
2019-06-05 06:51:14.847 5481 INFO rally.task.runner [-] Task 520f9225-fb5f-4f3a-b267-a21f991bb8b4 | ITER: 9 END: OK
2019-06-05 06:51:14.859 5478 INFO rally.task.runner [-] Task 520f9225-fb5f-4f3a-b267-a21f991bb8b4 | ITER: 10 END: OK
2019-06-05 06:51:14.882 1842 INFO rally.task.context [-] Task 520f9225-fb5f-4f3a-b267-a21f991bb8b4 | Context admin_cleanup@openstack cleanup() started
2019-06-05 06:51:14.884 1842 RALLYDEBUG rally_openstack.cleanup.manager [-] Cleaning up cinder volume_types objects
2019-06-05 06:51:15.553 1842 RALLYDEBUG rally_openstack.cleanup.manager [-] Cleaning up cinder image_volumes_cache objects
2019-06-05 06:51:16.831 1842 RALLYDEBUG rally_openstack.cleanup.manager [-] Cleaning up cinder quotas objects
2019-06-05 06:51:18.628 1842 RALLYDEBUG rally_openstack.cleanup.manager [-] Cleaning up cinder qos_specs objects
2019-06-05 06:51:19.364 1842 RALLYDEBUG rally_openstack.cleanup.manager [-] Deleting cinder.qos_specs object s_rally_f9818756_CFiyKeNM (eddf9bb4-e96a-4068-8729-a2a12c384a47)
2019-06-05 06:51:19.369 1842 RALLYDEBUG rally_openstack.cleanup.manager [-] Deleting cinder.qos_specs object s_rally_f9818756_jPBQ5zR8 (10d3d27d-5d0a-4738-977a-017a1dc078a9)
2019-06-05 06:51:19.379 1842 RALLYDEBUG rally_openstack.cleanup.manager [-] Deleting cinder.qos_specs object s_rally_f9818756_nSO4ioUS (e11a2f84-0a6f-4fe5-90f0-a548fb9212c0)
2019-06-05 06:51:19.386 1842 RALLYDEBUG rally_openstack.cleanup.manager [-] Deleting cinder.qos_specs object s_rally_f9818756_TAfMhnrv (949f5c9c-749b-4d8a-945a-ceadee20a4fc)
2019-06-05 06:51:19.396 1842 RALLYDEBUG rally_openstack.cleanup.manager [-] Deleting cinder.qos_specs object s_rally_f9818756_7ZLjdX1p (7b029369-fd97-400f-a0f1-0b1f22b0bac4)
2019-06-05 06:51:19.404 1842 RALLYDEBUG rally_openstack.cleanup.manager [-] Deleting cinder.qos_specs object s_rally_f9818756_C6OnR7mg (55ed0770-0997-42c8-aa68-56808c842e97)
2019-06-05 06:51:19.423 1842 RALLYDEBUG rally_openstack.cleanup.manager [-] Deleting cinder.qos_specs object s_rally_f9818756_cz2B991i (5cbaa2da-d59f-4453-832d-a4141b96a4c7)
2019-06-05 06:51:19.430 1842 RALLYDEBUG rally_openstack.cleanup.manager [-] Deleting cinder.qos_specs object s_rally_f9818756_VSfXXFVj (48c005f2-0da0-4cf5-a14e-e56068edbc19)
2019-06-05 06:51:19.438 1842 RALLYDEBUG rally_openstack.cleanup.manager [-] Deleting cinder.qos_specs object s_rally_f9818756_QTGiRbKw (4564f044-55b4-4bf0-9c8e-05bdf43f8d2b)
2019-06-05 06:51:19.443 1842 RALLYDEBUG rally_openstack.cleanup.manager [-] Deleting cinder.qos_specs object s_rally_f9818756_RwLoBxM3 (0465ce49-fdbb-4d77-ba7d-c058f95cd8dc)
2019-06-05 06:51:21.751 1842 INFO rally.task.context [-] Task 520f9225-fb5f-4f3a-b267-a21f991bb8b4 | Context admin_cleanup@openstack cleanup() finished in 6.87 sec
2019-06-05 06:51:21.752 1842 INFO rally.task.context [-] Task 520f9225-fb5f-4f3a-b267-a21f991bb8b4 | Context api_versions@openstack cleanup() started
2019-06-05 06:51:21.752 1842 INFO rally.task.context [-] Task 520f9225-fb5f-4f3a-b267-a21f991bb8b4 | Context api_versions@openstack cleanup() finished in 0.32 msec
2019-06-05 06:51:21.752 1842 INFO rally.task.context [-] Task 520f9225-fb5f-4f3a-b267-a21f991bb8b4 | Context users@openstack cleanup() started
2019-06-05 06:51:30.120 1842 INFO rally.task.context [-] Task 520f9225-fb5f-4f3a-b267-a21f991bb8b4 | Context users@openstack cleanup() finished in 8.37 sec
2019-06-05 06:51:30.614 1842 INFO rally.task.engine [-] Load duration is: 3.285458
2019-06-05 06:51:30.614 1842 INFO rally.task.engine [-] Full runner duration is: 3.332583
2019-06-05 06:51:30.614 1842 INFO rally.task.engine [-] Full duration is: 23.637232
2019-06-05 06:51:30.863 1842 INFO rally.task.engine [-] Running workload: position = 0 config = { "version": 2, "title": "A cropped version of a bigger task.", "description": "Auto-generated task from a single workload (uuid=42db42c8-81e2-4496-8920-0d0d21e6b956)", "subtasks": [ { "title": "CinderVolumeTypes.create_and_get_volume_type", "description": "Create a volume Type, then get the details of the type.", "scenario": { "CinderVolumeTypes.create_and_get_volume_type": { "description": "rally tests creating types" } }, "contexts": { "users": { "tenants": 3, "users_per_tenant": 2 }, "api_versions": { "cinder": { "version": 3, "service_type": "volumev3" } } }, "runner": { "constant": { "concurrency": 4, "times": 10 } }, "hooks": [], "sla": { "failure_rate": { "max": 0 } } } ] }
2019-06-05 06:51:30.887 1842 RALLYDEBUG rally_openstack.contexts.keystone.users [-] Creating 3 tenants using 20 threads
2019-06-05 06:51:32.745 1842 RALLYDEBUG rally_openstack.contexts.keystone.users [-] Creating 6 users using 20 threads
2019-06-05 06:51:35.533 1842 INFO rally.task.context [-] Task 520f9225-fb5f-4f3a-b267-a21f991bb8b4 | Context users@openstack setup() finished in 4.65 sec
2019-06-05 06:51:35.959 1842 INFO rally.task.context [-] Task 520f9225-fb5f-4f3a-b267-a21f991bb8b4 | Context api_versions@openstack setup() finished in 0.43 sec
2019-06-05 06:51:35.960 1842 INFO rally.task.context [-] Task 520f9225-fb5f-4f3a-b267-a21f991bb8b4 | Context admin_cleanup@openstack setup() finished in 0.01 msec
2019-06-05 06:51:35.967 1842 RALLYDEBUG rally.task.runner [-] Starting the constant runner (task UUID: 520f9225-fb5f-4f3a-b267-a21f991bb8b4). timeout: 0 concurrency: 4 concurrency_per_worker: 1 times: 10 concurrency_overhead: 0 processes_to_start: 4 max_cpu_used: 16
2019-06-05 06:51:35.979 5662 RALLYDEBUG rally.task.runner [-] Starting a worker. concurrency: 1 args: {"description": "rally tests creating types"} times: 10 method_name: run timeout: 0 duration: None cls:
2019-06-05 06:51:35.981 5664 RALLYDEBUG rally.task.runner [-] Starting a worker. concurrency: 1 args: {"description": "rally tests creating types"} times: 10 method_name: run timeout: 0 duration: None cls:
2019-06-05 06:51:35.982 5663 RALLYDEBUG rally.task.runner [-] Starting a worker. concurrency: 1 args: {"description": "rally tests creating types"} times: 10 method_name: run timeout: 0 duration: None cls:
2019-06-05 06:51:35.984 5665 RALLYDEBUG rally.task.runner [-] Starting a worker. concurrency: 1 args: {"description": "rally tests creating types"} times: 10 method_name: run timeout: 0 duration: None cls:
2019-06-05 06:51:35.985 5664 INFO rally.task.runner [-] Task 520f9225-fb5f-4f3a-b267-a21f991bb8b4 | ITER: 2 START
2019-06-05 06:51:35.985 5662 INFO rally.task.runner [-] Task 520f9225-fb5f-4f3a-b267-a21f991bb8b4 | ITER: 1 START
2019-06-05 06:51:35.987 5665 INFO rally.task.runner [-] Task 520f9225-fb5f-4f3a-b267-a21f991bb8b4 | ITER: 4 START
2019-06-05 06:51:35.989 5663 INFO rally.task.runner [-] Task 520f9225-fb5f-4f3a-b267-a21f991bb8b4 | ITER: 3 START
2019-06-05 06:51:37.040 5665 INFO rally.task.runner [-] Task 520f9225-fb5f-4f3a-b267-a21f991bb8b4 | ITER: 4 END: OK
2019-06-05 06:51:37.045 5665 INFO rally.task.runner [-] Task 520f9225-fb5f-4f3a-b267-a21f991bb8b4 | ITER: 5 START
2019-06-05 06:51:37.054 5663 INFO rally.task.runner [-] Task 520f9225-fb5f-4f3a-b267-a21f991bb8b4 | ITER: 3 END: OK
2019-06-05 06:51:37.058 5663 INFO rally.task.runner [-] Task 520f9225-fb5f-4f3a-b267-a21f991bb8b4 | ITER: 6 START
2019-06-05 06:51:37.090 5664 INFO rally.task.runner [-] Task 520f9225-fb5f-4f3a-b267-a21f991bb8b4 | ITER: 2 END: OK
2019-06-05 06:51:37.095 5664 INFO rally.task.runner [-] Task 520f9225-fb5f-4f3a-b267-a21f991bb8b4 | ITER: 7 START
2019-06-05 06:51:37.168 5662 INFO rally.task.runner [-] Task 520f9225-fb5f-4f3a-b267-a21f991bb8b4 | ITER: 1 END: OK
2019-06-05 06:51:37.173 5662 INFO rally.task.runner [-] Task 520f9225-fb5f-4f3a-b267-a21f991bb8b4 | ITER: 8 START
2019-06-05 06:51:38.077 5664 INFO rally.task.runner [-] Task 520f9225-fb5f-4f3a-b267-a21f991bb8b4 | ITER: 7 END: OK
2019-06-05 06:51:38.082 5664 INFO rally.task.runner [-] Task 520f9225-fb5f-4f3a-b267-a21f991bb8b4 | ITER: 9 START
2019-06-05 06:51:38.114 5665 INFO rally.task.runner [-] Task 520f9225-fb5f-4f3a-b267-a21f991bb8b4 | ITER: 5 END: OK
2019-06-05 06:51:38.118 5665 INFO rally.task.runner [-] Task 520f9225-fb5f-4f3a-b267-a21f991bb8b4 | ITER: 10 START
2019-06-05 06:51:38.126 5663 INFO rally.task.runner [-] Task 520f9225-fb5f-4f3a-b267-a21f991bb8b4 | ITER: 6 END: OK
2019-06-05 06:51:38.263 5662 INFO rally.task.runner [-] Task 520f9225-fb5f-4f3a-b267-a21f991bb8b4 | ITER: 8 END: OK
2019-06-05 06:51:39.088 5664 INFO rally.task.runner [-] Task 520f9225-fb5f-4f3a-b267-a21f991bb8b4 | ITER: 9 END: OK
2019-06-05 06:51:39.311 5665 INFO rally.task.runner [-] Task 520f9225-fb5f-4f3a-b267-a21f991bb8b4 | ITER: 10 END: OK
2019-06-05 06:51:39.330 1842 INFO rally.task.context [-] Task 520f9225-fb5f-4f3a-b267-a21f991bb8b4 | Context admin_cleanup@openstack cleanup() started
2019-06-05 06:51:39.332 1842 RALLYDEBUG rally_openstack.cleanup.manager [-] Cleaning up cinder volume_types objects
2019-06-05 06:51:40.135 1842 RALLYDEBUG rally_openstack.cleanup.manager [-] Deleting cinder.volume_types object s_rally_42db42c8_3tOUfDWE (8f1e0ff7-ced4-4fad-8872-701380e57c25)
