2019-06-05 06:42:50.206 3658 INFO rally.task.runner [-] Task 520f9225-fb5f-4f3a-b267-a21f991bb8b4 | ITER: 7 END: OK
2019-06-05 06:42:50.211 3658 INFO rally.task.runner [-] Task 520f9225-fb5f-4f3a-b267-a21f991bb8b4 | ITER: 10 START
2019-06-05 06:42:50.250 3660 INFO rally.task.runner [-] Task 520f9225-fb5f-4f3a-b267-a21f991bb8b4 | ITER: 8 END: OK
2019-06-05 06:42:50.311 3661 INFO rally.task.runner [-] Task 520f9225-fb5f-4f3a-b267-a21f991bb8b4 | ITER: 6 END: OK
2019-06-05 06:42:53.642 3659 INFO rally.task.runner [-] Task 520f9225-fb5f-4f3a-b267-a21f991bb8b4 | ITER: 9 END: OK
2019-06-05 06:42:53.662 3658 INFO rally.task.runner [-] Task 520f9225-fb5f-4f3a-b267-a21f991bb8b4 | ITER: 10 END: OK
2019-06-05 06:42:53.688 1842 INFO rally.task.context [-] Task 520f9225-fb5f-4f3a-b267-a21f991bb8b4 | Context cleanup@openstack cleanup() started
2019-06-05 06:42:53.690 1842 RALLYDEBUG rally_openstack.cleanup.manager [-] Cleaning up cinder backups objects
2019-06-05 06:42:55.846 1842 RALLYDEBUG rally_openstack.cleanup.manager [-] Cleaning up cinder volume_snapshots objects
2019-06-05 06:42:58.006 1842 RALLYDEBUG rally_openstack.cleanup.manager [-] Cleaning up cinder transfers objects
2019-06-05 06:43:00.207 1842 RALLYDEBUG rally_openstack.cleanup.manager [-] Cleaning up cinder volumes objects
2019-06-05 06:43:02.550 1842 RALLYDEBUG rally_openstack.cleanup.manager [-] Deleting cinder.volumes object s_rally_8065fd68_91znpKRm (7f126477-38cd-4b77-b061-e4a45f09e374)
2019-06-05 06:43:02.552 1842 RALLYDEBUG rally_openstack.cleanup.manager [-] Deleting cinder.volumes object s_rally_8065fd68_lhTiit02 (dc681be0-ed36-47e7-a9be-057ee9d0c3f4)
2019-06-05 06:43:02.552 1842 RALLYDEBUG rally_openstack.cleanup.manager [-] Deleting cinder.volumes object s_rally_8065fd68_d5zkUMvq (51430e98-16ad-4038-889c-f129aa33d7ce)
2019-06-05 06:43:02.559 1842 RALLYDEBUG rally_openstack.cleanup.manager [-] Deleting cinder.volumes object s_rally_8065fd68_nwH9XeGP (d5375756-9f9d-4008-b492-bd550836a7d4)
2019-06-05 06:43:02.562 1842 RALLYDEBUG rally_openstack.cleanup.manager [-] Deleting cinder.volumes object s_rally_8065fd68_pcJGUOgy (f6b01946-25b2-419f-a347-4c20ec2dd520)
2019-06-05 06:43:02.569 1842 RALLYDEBUG rally_openstack.cleanup.manager [-] Deleting cinder.volumes object s_rally_8065fd68_975VnwvF (33d5f2cc-3eee-4523-8e44-4a19f5a942cf)
2019-06-05 06:43:02.577 1842 RALLYDEBUG rally_openstack.cleanup.manager [-] Deleting cinder.volumes object s_rally_8065fd68_HFygW2No (5ec5052e-fb97-4e4d-9175-a2c1903d82ea)
2019-06-05 06:43:02.577 1842 RALLYDEBUG rally_openstack.cleanup.manager [-] Deleting cinder.volumes object s_rally_8065fd68_IlaVb9mg (4a58d582-9bdd-4220-8599-bc815ab20c2a)
2019-06-05 06:43:02.588 1842 RALLYDEBUG rally_openstack.cleanup.manager [-] Deleting cinder.volumes object s_rally_8065fd68_6IvTa5lA (66328e97-ecdd-4e3f-895f-fffb17b0f698)
2019-06-05 06:43:02.592 1842 RALLYDEBUG rally_openstack.cleanup.manager [-] Deleting cinder.volumes object s_rally_8065fd68_c60dnCoV (d7a7d589-fbf8-442f-839c-8b1b44c18537)
2019-06-05 06:43:07.443 1842 INFO rally.task.context [-] Task 520f9225-fb5f-4f3a-b267-a21f991bb8b4 | Context cleanup@openstack cleanup() finished in 13.76 sec
2019-06-05 06:43:07.444 1842 INFO rally.task.context [-] Task 520f9225-fb5f-4f3a-b267-a21f991bb8b4 | Context quotas@openstack cleanup() started
2019-06-05 06:43:08.261 1842 INFO rally.task.context [-] Task 520f9225-fb5f-4f3a-b267-a21f991bb8b4 | Context quotas@openstack cleanup() finished in 0.82 sec
2019-06-05 06:43:08.261 1842 INFO rally.task.context [-] Task 520f9225-fb5f-4f3a-b267-a21f991bb8b4 | Context api_versions@openstack cleanup() started
2019-06-05 06:43:08.262 1842 INFO rally.task.context [-] Task 520f9225-fb5f-4f3a-b267-a21f991bb8b4 | Context api_versions@openstack cleanup() finished in 0.30 msec
2019-06-05 06:43:08.262 1842 INFO rally.task.context [-] Task 520f9225-fb5f-4f3a-b267-a21f991bb8b4 | Context users@openstack cleanup() started
2019-06-05 06:43:16.967 1842 INFO rally.task.context [-] Task 520f9225-fb5f-4f3a-b267-a21f991bb8b4 | Context users@openstack cleanup() finished in 8.70 sec
2019-06-05 06:43:18.144 1842 INFO rally.task.engine [-] Load duration is: 10.81209
2019-06-05 06:43:18.145 1842 INFO rally.task.engine [-] Full runner duration is: 10.861168
2019-06-05 06:43:18.145 1842 INFO rally.task.engine [-] Full duration is: 41.047183
2019-06-05 06:43:18.361 1842 INFO rally.task.engine [-] Running workload: position = 0 config = { "version": 2, "title": "A cropped version of a bigger task.", "description": "Auto-generated task from a single workload (uuid=f1b5f126-3705-4f55-a2bb-2efee3be4477)", "subtasks": [ { "title": "CinderVolumes.list_volumes", "description": "List all volumes.", "scenario": { "CinderVolumes.list_volumes": { "detailed": true } }, "contexts": { "users": { "tenants": 3, "users_per_tenant": 2 }, "quotas": { "cinder": { "gigabytes": -1, "snapshots": -1, "volumes": -1 } }, "api_versions": { "cinder": { "version": 3, "service_type": "volumev3" } }, "volumes": { "size": 1, "volumes_per_tenant": 4 } }, "runner": { "constant": { "concurrency": 4, "times": 10 } }, "hooks": [], "sla": { "failure_rate": { "max": 0 } } } ] }
2019-06-05 06:43:18.383 1842 RALLYDEBUG rally_openstack.contexts.keystone.users [-] Creating 3 tenants using 20 threads
2019-06-05 06:43:20.257 1842 RALLYDEBUG rally_openstack.contexts.keystone.users [-] Creating 6 users using 20 threads
2019-06-05 06:43:22.989 1842 INFO rally.task.context [-] Task 520f9225-fb5f-4f3a-b267-a21f991bb8b4 | Context users@openstack setup() finished in 4.61 sec
2019-06-05 06:43:23.412 1842 INFO rally.task.context [-] Task 520f9225-fb5f-4f3a-b267-a21f991bb8b4 | Context api_versions@openstack setup() finished in 0.42 sec
2019-06-05 06:43:25.045 1842 INFO rally.task.context [-] Task 520f9225-fb5f-4f3a-b267-a21f991bb8b4 | Context quotas@openstack setup() finished in 1.63 sec
2019-06-05 06:44:03.937 1842 INFO rally.task.context [-] Task 520f9225-fb5f-4f3a-b267-a21f991bb8b4 | Context volumes@openstack setup() finished in 38.89 sec
2019-06-05 06:44:03.946 1842 RALLYDEBUG rally.task.runner [-] Starting the constant runner (task UUID: 520f9225-fb5f-4f3a-b267-a21f991bb8b4). timeout: 0 concurrency: 4 concurrency_per_worker: 1 times: 10 concurrency_overhead: 0 processes_to_start: 4 max_cpu_used: 16
2019-06-05 06:44:03.958 3842 RALLYDEBUG rally.task.runner [-] Starting a worker. concurrency: 1 args: {"detailed": true} times: 10 method_name: run timeout: 0 duration: None cls:
2019-06-05 06:44:03.961 3843 RALLYDEBUG rally.task.runner [-] Starting a worker. concurrency: 1 args: {"detailed": true} times: 10 method_name: run timeout: 0 duration: None cls:
2019-06-05 06:44:03.964 3844 RALLYDEBUG rally.task.runner [-] Starting a worker. concurrency: 1 args: {"detailed": true} times: 10 method_name: run timeout: 0 duration: None cls:
2019-06-05 06:44:03.966 3842 INFO rally.task.runner [-] Task 520f9225-fb5f-4f3a-b267-a21f991bb8b4 | ITER: 1 START
2019-06-05 06:44:03.968 3845 RALLYDEBUG rally.task.runner [-] Starting a worker. concurrency: 1 args: {"detailed": true} times: 10 method_name: run timeout: 0 duration: None cls:
2019-06-05 06:44:03.969 3843 INFO rally.task.runner [-] Task 520f9225-fb5f-4f3a-b267-a21f991bb8b4 | ITER: 2 START
2019-06-05 06:44:03.972 3844 INFO rally.task.runner [-] Task 520f9225-fb5f-4f3a-b267-a21f991bb8b4 | ITER: 3 START
2019-06-05 06:44:03.976 3845 INFO rally.task.runner [-] Task 520f9225-fb5f-4f3a-b267-a21f991bb8b4 | ITER: 4 START
2019-06-05 06:44:04.769 3842 INFO rally.task.runner [-] Task 520f9225-fb5f-4f3a-b267-a21f991bb8b4 | ITER: 1 END: OK
2019-06-05 06:44:04.775 3842 INFO rally.task.runner [-] Task 520f9225-fb5f-4f3a-b267-a21f991bb8b4 | ITER: 5 START
2019-06-05 06:44:04.783 3844 INFO rally.task.runner [-] Task 520f9225-fb5f-4f3a-b267-a21f991bb8b4 | ITER: 3 END: OK
2019-06-05 06:44:04.788 3844 INFO rally.task.runner [-] Task 520f9225-fb5f-4f3a-b267-a21f991bb8b4 | ITER: 6 START
2019-06-05 06:44:04.813 3845 INFO rally.task.runner [-] Task 520f9225-fb5f-4f3a-b267-a21f991bb8b4 | ITER: 4 END: OK
2019-06-05 06:44:04.816 3845 INFO rally.task.runner [-] Task 520f9225-fb5f-4f3a-b267-a21f991bb8b4 | ITER: 7 START
2019-06-05 06:44:04.838 3843 INFO rally.task.runner [-] Task 520f9225-fb5f-4f3a-b267-a21f991bb8b4 | ITER: 2 END: OK
2019-06-05 06:44:04.843 3843 INFO rally.task.runner [-] Task 520f9225-fb5f-4f3a-b267-a21f991bb8b4 | ITER: 8 START
2019-06-05 06:44:05.583 3842 INFO rally.task.runner [-] Task 520f9225-fb5f-4f3a-b267-a21f991bb8b4 | ITER: 5 END: OK
2019-06-05 06:44:05.584 3844 INFO rally.task.runner [-] Task 520f9225-fb5f-4f3a-b267-a21f991bb8b4 | ITER: 6 END: OK
2019-06-05 06:44:05.589 3842 INFO rally.task.runner [-] Task 520f9225-fb5f-4f3a-b267-a21f991bb8b4 | ITER: 9 START
2019-06-05 06:44:05.589 3844 INFO rally.task.runner [-] Task 520f9225-fb5f-4f3a-b267-a21f991bb8b4 | ITER: 10 START
2019-06-05 06:44:05.655 3845 INFO rally.task.runner [-] Task 520f9225-fb5f-4f3a-b267-a21f991bb8b4 | ITER: 7 END: OK
2019-06-05 06:44:05.655 3843 INFO rally.task.runner [-] Task 520f9225-fb5f-4f3a-b267-a21f991bb8b4 | ITER: 8 END: OK
2019-06-05 06:44:06.314 3842 INFO rally.task.runner [-] Task 520f9225-fb5f-4f3a-b267-a21f991bb8b4 | ITER: 9 END: OK
2019-06-05 06:44:06.384 3844 INFO rally.task.runner [-] Task 520f9225-fb5f-4f3a-b267-a21f991bb8b4 | ITER: 10 END: OK
2019-06-05 06:44:06.407 1842 INFO rally.task.context [-] Task 520f9225-fb5f-4f3a-b267-a21f991bb8b4 | Context volumes@openstack cleanup() started
2019-06-05 06:44:06.409 1842 RALLYDEBUG rally_openstack.cleanup.manager [-] Cleaning up cinder volumes objects
2019-06-05 06:44:08.733 1842 RALLYDEBUG rally_openstack.cleanup.manager [-] Deleting cinder.volumes object c_rally_f1b5f126_KdX8ssrA (94fa4df7-9afb-4bc3-b3fe-ea52605d95e8)
2019-06-05 06:44:08.734 1842 RALLYDEBUG rally_openstack.cleanup.manager [-] Deleting cinder.volumes object c_rally_f1b5f126_XPe93aO0 (87b841bb-2de1-4bda-a24d-5fb5b4ffb11b)
2019-06-05 06:44:08.745 1842 RALLYDEBUG rally_openstack.cleanup.manager [-] Deleting cinder.volumes object c_rally_f1b5f126_E3eKBn28 (92fe31e9-db94-4e7c-bbd4-07ea221ee63c)
2019-06-05 06:44:08.746 1842 RALLYDEBUG rally_openstack.cleanup.manager [-] Deleting cinder.volumes object c_rally_f1b5f126_43EACFRz (72c0a7c6-51a4-47c6-a85e-3b2f6ce48012)
2019-06-05 06:44:08.748 1842 RALLYDEBUG rally_openstack.cleanup.manager [-] Deleting cinder.volumes object c_rally_f1b5f126_YsIDnWOR (2d468999-5792-49b9-9357-1c7eaa30128c)
2019-06-05 06:44:08.749 1842 RALLYDEBUG rally_openstack.cleanup.manager [-] Deleting cinder.volumes object c_rally_f1b5f126_oMkVnWva (817f6b65-7421-4d91-a813-c5d410994ed4)
2019-06-05 06:44:08.754 1842 RALLYDEBUG rally_openstack.cleanup.manager [-] Deleting cinder.volumes object c_rally_f1b5f126_MF2GgYT7 (246ab64f-0f76-4279-a4fd-9d8ffa8c34ec)
2019-06-05 06:44:08.765 1842 RALLYDEBUG rally_openstack.cleanup.manager [-] Deleting cinder.volumes object c_rally_f1b5f126_kKi6MEDZ (e6179a63-2d7a-4917-b115-23d380439cac)
2019-06-05 06:44:08.768 1842 RALLYDEBUG rally_openstack.cleanup.manager [-] Deleting cinder.volumes object c_rally_f1b5f126_mZqeHYQg (be7329e7-2661-4493-93d6-0d1b9766fa22)
2019-06-05 06:44:08.772 1842 RALLYDEBUG rally_openstack.cleanup.manager [-] Deleting cinder.volumes object c_rally_f1b5f126_oDt5SgGy (d1dd3519-bd2e-45b6-9ecc-53e7d1517106)
2019-06-05 06:44:08.778 1842 RALLYDEBUG rally_openstack.cleanup.manager [-] Deleting cinder.volumes object c_rally_f1b5f126_Wtnv9kr7 (18d87ab8-4933-4771-9add-f72ebac81264)
2019-06-05 06:44:08.786 1842 RALLYDEBUG rally_openstack.cleanup.manager [-] Deleting cinder.volumes object c_rally_f1b5f126_qElUx8J3 (68b42d05-fbd9-4cea-a2cd-e358d496284d)
2019-06-05 06:44:14.209 1842 INFO rally.task.context [-] Task 520f9225-fb5f-4f3a-b267-a21f991bb8b4 | Context volumes@openstack cleanup() finished in 7.80 sec
2019-06-05 06:44:14.210 1842 INFO rally.task.context [-] Task 520f9225-fb5f-4f3a-b267-a21f991bb8b4 | Context quotas@openstack cleanup() started
2019-06-05 06:44:14.776 1842 INFO rally.task.context [-] Task 520f9225-fb5f-4f3a-b267-a21f991bb8b4 | Context quotas@openstack cleanup() finished in 0.57 sec
2019-06-05 06:44:14.777 1842 INFO rally.task.context [-] Task 520f9225-fb5f-4f3a-b267-a21f991bb8b4 | Context api_versions@openstack cleanup() started
2019-06-05 06:44:14.777 1842 INFO rally.task.context [-] Task 520f9225-fb5f-4f3a-b267-a21f991bb8b4 | Context api_versions@openstack cleanup() finished in 0.32 msec
2019-06-05 06:44:14.777 1842 INFO rally.task.context [-] Task 520f9225-fb5f-4f3a-b267-a21f991bb8b4 | Context users@openstack cleanup() started
2019-06-05 06:44:23.362 1842 INFO rally.task.context [-] Task 520f9225-fb5f-4f3a-b267-a21f991bb8b4 | Context users@openstack cleanup() finished in 8.58 sec
2019-06-05 06:44:24.637 1842 INFO rally.task.engine [-] Load duration is: 2.414116
2019-06-05 06:44:24.637 1842 INFO rally.task.engine [-] Full runner duration is: 2.463195
2019-06-05 06:44:24.637 1842 INFO rally.task.engine [-] Full duration is: 64.98541
2019-06-05 06:44:24.893 1842 INFO rally.task.engine [-] Running workload: position = 0 config = { "version": 2, "title": "A cropped version of a bigger task.", "description": "Auto-generated task from a single workload (uuid=8d80aab3-277e-420b-8828-0ad6a77faa6a)", "subtasks": [ { "title": "CinderVolumes.create_and_delete_snapshot", "description": "Create and then delete a volume-snapshot.", "scenario": { "CinderVolumes.create_and_delete_snapshot": { "force": false } }, "contexts": { "users": { "tenants": 3, "users_per_tenant": 2 }, "quotas": { "cinder": { "gigabytes": -1, "snapshots": -1, "volumes": -1 } }, "api_versions": { "cinder": { "version": 3, "service_type": "volumev3" } }, "volumes": { "size": 1, "volumes_per_tenant": 1 } }, "runner": { "constant": { "concurrency": 4, "times": 10 } }, "hooks": [], "sla": { "failure_rate": { "max": 0 } } } ] }
2019-06-05 06:44:24.917 1842 RALLYDEBUG rally_openstack.contexts.keystone.users [-] Creating 3 tenants using 20 threads
2019-06-05 06:44:26.851 1842 RALLYDEBUG rally_openstack.contexts.keystone.users [-] Creating 6 users using 20 threads
2019-06-05 06:44:29.549 1842 INFO rally.task.context [-] Task 520f9225-fb5f-4f3a-b267-a21f991bb8b4 | Context users@openstack setup() finished in 4.63 sec
2019-06-05 06:44:29.978 1842 INFO rally.task.context [-] Task 520f9225-fb5f-4f3a-b267-a21f991bb8b4 | Context api_versions@openstack setup() finished in 0.43 sec
2019-06-05 06:44:31.737 1842 INFO rally.task.context [-] Task 520f9225-fb5f-4f3a-b267-a21f991bb8b4 | Context quotas@openstack setup() finished in 1.76 sec
2019-06-05 06:44:42.773 1842 INFO rally.task.context [-] Task 520f9225-fb5f-4f3a-b267-a21f991bb8b4 | Context volumes@openstack setup() finished in 11.04 sec
2019-06-05 06:44:42.774 1842 INFO rally.task.context [-] Task 520f9225-fb5f-4f3a-b267-a21f991bb8b4 | Context cleanup@openstack setup() finished in 0.01 msec
2019-06-05 06:44:42.781 1842 RALLYDEBUG rally.task.runner [-] Starting the constant runner (task UUID: 520f9225-fb5f-4f3a-b267-a21f991bb8b4). timeout: 0 concurrency: 4 concurrency_per_worker: 1 times: 10 concurrency_overhead: 0 processes_to_start: 4 max_cpu_used: 16
2019-06-05 06:44:42.791 3966 RALLYDEBUG rally.task.runner [-] Starting a worker. concurrency: 1 args: {"force": false} times: 10 method_name: run timeout: 0 duration: None cls:
2019-06-05 06:44:42.797 3967 RALLYDEBUG rally.task.runner [-] Starting a worker. concurrency: 1 args: {"force": false} times: 10 method_name: run timeout: 0 duration: None cls:
2019-06-05 06:44:42.798 3966 INFO rally.task.runner [-] Task 520f9225-fb5f-4f3a-b267-a21f991bb8b4 | ITER: 1 START
2019-06-05 06:44:42.798 3968 RALLYDEBUG rally.task.runner [-] Starting a worker. concurrency: 1 args: {"force": false} times: 10 method_name: run timeout: 0 duration: None cls:
2019-06-05 06:44:42.803 3969 RALLYDEBUG rally.task.runner [-] Starting a worker. concurrency: 1 args: {"force": false} times: 10 method_name: run timeout: 0 duration: None cls:
2019-06-05 06:44:42.807 3969 INFO rally.task.runner [-] Task 520f9225-fb5f-4f3a-b267-a21f991bb8b4 | ITER: 4 START
2019-06-05 06:44:42.807 3967 INFO rally.task.runner [-] Task 520f9225-fb5f-4f3a-b267-a21f991bb8b4 | ITER: 2 START
2019-06-05 06:44:42.807 3968 INFO rally.task.runner [-] Task 520f9225-fb5f-4f3a-b267-a21f991bb8b4 | ITER: 3 START
2019-06-05 06:44:46.553 3966 RALLYDEBUG rally.task.utils [-] Waiting for resource s_rally_8d80aab3_Mx7cQsua. Status changed: AVAILABLE => DELETING in 0.226849079132
2019-06-05 06:44:46.992 3967 RALLYDEBUG rally.task.utils [-] Waiting for resource s_rally_8d80aab3_yWNMk13L. Status changed: AVAILABLE => DELETING in 0.329483985901
2019-06-05 06:44:47.088 3968 RALLYDEBUG rally.task.utils [-] Waiting for resource s_rally_8d80aab3_Upb8tL4I. Status changed: AVAILABLE => DELETING in 0.319531917572
2019-06-05 06:44:47.243 3969 RALLYDEBUG rally.task.utils [-] Waiting for resource s_rally_8d80aab3_QQs0zb6g. Status changed: AVAILABLE => DELETING in 0.323450088501
2019-06-05 06:44:48.881 3966 INFO rally.task.runner [-] Task 520f9225-fb5f-4f3a-b267-a21f991bb8b4 | ITER: 1 END: OK
2019-06-05 06:44:48.886 3966 INFO rally.task.runner [-] Task 520f9225-fb5f-4f3a-b267-a21f991bb8b4 | ITER: 5 START
2019-06-05 06:44:49.241 3967 INFO rally.task.runner [-] Task 520f9225-fb5f-4f3a-b267-a21f991bb8b4 | ITER: 2 END: OK
2019-06-05 06:44:49.247 3967 INFO rally.task.runner [-] Task 520f9225-fb5f-4f3a-b267-a21f991bb8b4 | ITER: 6 START
2019-06-05 06:44:49.311 3968 INFO rally.task.runner [-] Task 520f9225-fb5f-4f3a-b267-a21f991bb8b4 | ITER: 3 END: OK
2019-06-05 06:44:49.317 3968 INFO rally.task.runner [-] Task 520f9225-fb5f-4f3a-b267-a21f991bb8b4 | ITER: 7 START
2019-06-05 06:44:49.458 3969 INFO rally.task.runner [-] Task 520f9225-fb5f-4f3a-b267-a21f991bb8b4 | ITER: 4 END: OK
2019-06-05 06:44:49.463 3969 INFO rally.task.runner [-] Task 520f9225-fb5f-4f3a-b267-a21f991bb8b4 | ITER: 8 START
2019-06-05 06:44:53.001 3966 RALLYDEBUG rally.task.utils [-] Waiting for resource s_rally_8d80aab3_nymJMD3Q. Status changed: AVAILABLE => DELETING in 0.309939146042
2019-06-05 06:44:53.346 3968 RALLYDEBUG rally.task.utils [-] Waiting for resource s_rally_8d80aab3_9E4bN6hq. Status changed: AVAILABLE => DELETING in 0.224125862122
2019-06-05 06:44:53.366 3969 RALLYDEBUG rally.task.utils [-] Waiting for resource s_rally_8d80aab3_Ez9o2o2s. Status changed: AVAILABLE => DELETING in 0.320782184601
2019-06-05 06:44:53.472 3967 RALLYDEBUG rally.task.utils [-] Waiting for resource s_rally_8d80aab3_JDinVFQ1. Status changed: AVAILABLE => DELETING in 0.302059173584
2019-06-05 06:44:55.025 3966 INFO rally.task.runner [-] Task 520f9225-fb5f-4f3a-b267-a21f991bb8b4 | ITER: 5 END: OK
2019-06-05 06:44:55.031 3966 INFO rally.task.runner [-] Task 520f9225-fb5f-4f3a-b267-a21f991bb8b4 | ITER: 9 START
2019-06-05 06:44:55.374 3968 INFO rally.task.runner [-] Task 520f9225-fb5f-4f3a-b267-a21f991bb8b4 | ITER: 7 END: OK
2019-06-05 06:44:55.379 3968 INFO rally.task.runner [-] Task 520f9225-fb5f-4f3a-b267-a21f991bb8b4 | ITER: 10 START
2019-06-05 06:44:55.670 3969 INFO rally.task.runner [-] Task 520f9225-fb5f-4f3a-b267-a21f991bb8b4 | ITER: 8 END: OK
2019-06-05 06:44:55.801 3967 INFO rally.task.runner [-] Task 520f9225-fb5f-4f3a-b267-a21f991bb8b4 | ITER: 6 END: OK
2019-06-05 06:44:59.267 3966 RALLYDEBUG rally.task.utils [-] Waiting for resource s_rally_8d80aab3_Mzt74gDu. Status changed: AVAILABLE => DELETING in 0.400115013123
2019-06-05 06:44:59.315 3968 RALLYDEBUG rally.task.utils [-] Waiting for resource s_rally_8d80aab3_A9otzoEU. Status changed: AVAILABLE => DELETING in 0.221314907074
2019-06-05 06:45:01.534 3968 INFO rally.task.runner [-] Task 520f9225-fb5f-4f3a-b267-a21f991bb8b4 | ITER: 10 END: OK
2019-06-05 06:45:01.574 3966 INFO rally.task.runner [-] Task 520f9225-fb5f-4f3a-b267-a21f991bb8b4 | ITER: 9 END: OK
2019-06-05 06:45:01.596 1842 INFO rally.task.context [-] Task 520f9225-fb5f-4f3a-b267-a21f991bb8b4 | Context cleanup@openstack cleanup() started
2019-06-05 06:45:01.599 1842 RALLYDEBUG rally_openstack.cleanup.manager [-] Cleaning up cinder backups objects
2019-06-05 06:45:03.855 1842 RALLYDEBUG rally_openstack.cleanup.manager [-] Cleaning up cinder volume_snapshots objects
2019-06-05 06:45:05.944 1842 RALLYDEBUG rally_openstack.cleanup.manager [-] Cleaning up cinder transfers objects
2019-06-05 06:45:08.244 1842 RALLYDEBUG rally_openstack.cleanup.manager [-] Cleaning up cinder volumes objects
2019-06-05 06:45:10.602 1842 INFO rally.task.context [-] Task 520f9225-fb5f-4f3a-b267-a21f991bb8b4 | Context cleanup@openstack cleanup() finished in 9.01 sec
2019-06-05 06:45:10.603 1842 INFO rally.task.context [-] Task 520f9225-fb5f-4f3a-b267-a21f991bb8b4 | Context volumes@openstack cleanup() started
2019-06-05 06:45:10.604 1842 RALLYDEBUG rally_openstack.cleanup.manager [-] Cleaning up cinder volumes objects
2019-06-05 06:45:12.910 1842 RALLYDEBUG rally_openstack.cleanup.manager [-] Deleting cinder.volumes object c_rally_8d80aab3_cBWXisq2 (fe9c8ea9-ff41-490e-ab83-17e2c18f5397)
2019-06-05 06:45:12.911 1842 RALLYDEBUG rally_openstack.cleanup.manager [-] Deleting cinder.volumes object c_rally_8d80aab3_Lt7U0Jre (ee3bde93-b2d7-4c59-b091-a563de63b9ad)
2019-06-05 06:45:12.914 1842 RALLYDEBUG rally_openstack.cleanup.manager [-] Deleting cinder.volumes object c_rally_8d80aab3_IYA2wI5a (4a05a948-615c-4aaa-ac5a-22f3bb2b13d9)
2019-06-05 06:45:15.174 1842 INFO rally.task.context [-] Task 520f9225-fb5f-4f3a-b267-a21f991bb8b4 | Context volumes@openstack cleanup() finished in 4.57 sec
2019-06-05 06:45:15.175 1842 INFO rally.task.context [-] Task 520f9225-fb5f-4f3a-b267-a21f991bb8b4 | Context quotas@openstack cleanup() started
2019-06-05 06:45:16.005 1842 INFO rally.task.context [-] Task 520f9225-fb5f-4f3a-b267-a21f991bb8b4 | Context quotas@openstack cleanup() finished in 0.83 sec
2019-06-05 06:45:16.005 1842 INFO rally.task.context [-] Task 520f9225-fb5f-4f3a-b267-a21f991bb8b4 | Context api_versions@openstack cleanup() started
2019-06-05 06:45:16.005 1842 INFO rally.task.context [-] Task 520f9225-fb5f-4f3a-b267-a21f991bb8b4 | Context api_versions@openstack cleanup() finished in 0.40 msec
2019-06-05 06:45:16.006 1842 INFO rally.task.context [-] Task 520f9225-fb5f-4f3a-b267-a21f991bb8b4 | Context users@openstack cleanup() started
2019-06-05 06:45:24.633 1842 INFO rally.task.context [-] Task 520f9225-fb5f-4f3a-b267-a21f991bb8b4 | Context users@openstack cleanup() finished in 8.63 sec
2019-06-05 06:45:25.158 1842 INFO rally.task.engine [-] Load duration is: 18.772522
2019-06-05 06:45:25.159 1842 INFO rally.task.engine [-] Full runner duration is: 18.815751
2019-06-05 06:45:25.159 1842 INFO rally.task.engine [-] Full duration is: 59.721241
2019-06-05 06:45:25.395 1842 INFO rally.task.engine [-] Running workload: position = 0 config = { "version": 2, "title": "A cropped version of a bigger task.", "description": "Auto-generated task from a single workload (uuid=97eb025f-27c3-49c0-a8f8-dbef03013fcf)", "subtasks": [ { "title": "CinderVolumes.create_and_delete_volume", "description": "Create and then delete a volume.", "scenario": { "CinderVolumes.create_and_delete_volume": { "size": { "max": 1, "min": 1 } } }, "contexts": { "users": { "tenants": 3, "users_per_tenant": 2 }, "quotas": { "cinder": { "gigabytes": -1, "snapshots": -1, "volumes": -1 } }, "api_versions": { "cinder": { "version": 3, "service_type": "volumev3" } } }, "runner": { "constant": { "concurrency": 4, "times": 10 } }, "hooks": [], "sla": { "failure_rate": { "max": 0 } } } ] }
2019-06-05 06:45:25.418 1842 RALLYDEBUG rally_openstack.contexts.keystone.users [-] Creating 3 tenants using 20 threads
2019-06-05 06:45:27.288 1842 RALLYDEBUG rally_openstack.contexts.keystone.users [-] Creating 6 users using 20 threads
2019-06-05 06:45:30.167 1842 INFO rally.task.context [-] Task 520f9225-fb5f-4f3a-b267-a21f991bb8b4 | Context users@openstack setup() finished in 4.75 sec
2019-06-05 06:45:30.592 1842 INFO rally.task.context [-] Task 520f9225-fb5f-4f3a-b267-a21f991bb8b4 | Context api_versions@openstack setup() finished in 0.42 sec
2019-06-05 06:45:32.262 1842 INFO rally.task.context [-] Task 520f9225-fb5f-4f3a-b267-a21f991bb8b4 | Context quotas@openstack setup() finished in 1.67 sec
2019-06-05 06:45:32.263 1842 INFO rally.task.context [-] Task 520f9225-fb5f-4f3a-b267-a21f991bb8b4 | Context cleanup@openstack setup() finished in 0.01 msec
2019-06-05 06:45:32.270 1842 RALLYDEBUG rally.task.runner [-] Starting the constant runner (task UUID: 520f9225-fb5f-4f3a-b267-a21f991bb8b4). timeout: 0 concurrency: 4 concurrency_per_worker: 1 times: 10 concurrency_overhead: 0 processes_to_start: 4 max_cpu_used: 16
2019-06-05 06:45:32.283 4170 RALLYDEBUG rally.task.runner [-] Starting a worker. concurrency: 1 args: {"size": {"max": 1, "min": 1}} times: 10 method_name: run timeout: 0 duration: None cls:
2019-06-05 06:45:32.287 4171 RALLYDEBUG rally.task.runner [-] Starting a worker. concurrency: 1 args: {"size": {"max": 1, "min": 1}} times: 10 method_name: run timeout: 0 duration: None cls:
2019-06-05 06:45:32.290 4170 INFO rally.task.runner [-] Task 520f9225-fb5f-4f3a-b267-a21f991bb8b4 | ITER: 1 START
2019-06-05 06:45:32.293 4172 RALLYDEBUG rally.task.runner [-] Starting a worker. concurrency: 1 args: {"size": {"max": 1, "min": 1}} times: 10 method_name: run timeout: 0 duration: None cls:
2019-06-05 06:45:32.295 4171 INFO rally.task.runner [-] Task 520f9225-fb5f-4f3a-b267-a21f991bb8b4 | ITER: 2 START
2019-06-05 06:45:32.295 4173 RALLYDEBUG rally.task.runner [-] Starting a worker. concurrency: 1 args: {"size": {"max": 1, "min": 1}} times: 10 method_name: run timeout: 0 duration: None cls:
2019-06-05 06:45:32.303 4172 INFO rally.task.runner [-] Task 520f9225-fb5f-4f3a-b267-a21f991bb8b4 | ITER: 3 START
2019-06-05 06:45:32.303 4173 INFO rally.task.runner [-] Task 520f9225-fb5f-4f3a-b267-a21f991bb8b4 | ITER: 4 START
2019-06-05 06:45:36.321 4171 INFO rally.task.runner [-] Task 520f9225-fb5f-4f3a-b267-a21f991bb8b4 | ITER: 2 END: OK
2019-06-05 06:45:36.325 4171 INFO rally.task.runner [-] Task 520f9225-fb5f-4f3a-b267-a21f991bb8b4 | ITER: 5 START
2019-06-05 06:45:36.647 4172 RALLYDEBUG rally.task.utils [-] Waiting for resource s_rally_97eb025f_JkyTVQfF. Status changed: AVAILABLE => DELETING in 0.345252990723
2019-06-05 06:45:36.650 4170 RALLYDEBUG rally.task.utils [-] Waiting for resource s_rally_97eb025f_qtcChMit. Status changed: AVAILABLE => DELETING in 0.252048969269
2019-06-05 06:45:36.681 4173 RALLYDEBUG rally.task.utils [-] Waiting for resource s_rally_97eb025f_YzxzKDXf. Status changed: AVAILABLE => DELETING in 0.313411951065
2019-06-05 06:45:38.883 4170 INFO rally.task.runner [-] Task 520f9225-fb5f-4f3a-b267-a21f991bb8b4 | ITER: 1 END: OK
2019-06-05 06:45:38.888 4170 INFO rally.task.runner [-] Task 520f9225-fb5f-4f3a-b267-a21f991bb8b4 | ITER: 6 START
2019-06-05 06:45:38.957 4172 INFO rally.task.runner [-] Task 520f9225-fb5f-4f3a-b267-a21f991bb8b4 | ITER: 3 END: OK
2019-06-05 06:45:38.962 4172 INFO rally.task.runner [-] Task 520f9225-fb5f-4f3a-b267-a21f991bb8b4 | ITER: 7 START
2019-06-05 06:45:38.993 4173 INFO rally.task.runner [-] Task 520f9225-fb5f-4f3a-b267-a21f991bb8b4 | ITER: 4 END: OK
2019-06-05 06:45:38.997 4173 INFO rally.task.runner [-] Task 520f9225-fb5f-4f3a-b267-a21f991bb8b4 | ITER: 8 START
2019-06-05 06:45:40.779 4171 INFO rally.task.runner [-] Task 520f9225-fb5f-4f3a-b267-a21f991bb8b4 | ITER: 5 END: OK
2019-06-05 06:45:40.785 4171 INFO rally.task.runner [-] Task 520f9225-fb5f-4f3a-b267-a21f991bb8b4 | ITER: 9 START
2019-06-05 06:45:43.124 4173 RALLYDEBUG rally.task.utils [-] Waiting for resource s_rally_97eb025f_bPxct0HY. Status changed: AVAILABLE => DELETING in 0.252689838409
2019-06-05 06:45:43.154 4170 RALLYDEBUG rally.task.utils [-] Waiting for resource s_rally_97eb025f_C8tmh7nT. Status changed: AVAILABLE => DELETING in 0.337754964828
2019-06-05 06:45:43.429 4172 RALLYDEBUG rally.task.utils [-] Waiting for resource s_rally_97eb025f_tEN0PInq. Status changed: AVAILABLE => DELETING in 0.252583026886
2019-06-05 06:45:44.977 4171 INFO rally.task.runner [-] Task 520f9225-fb5f-4f3a-b267-a21f991bb8b4 | ITER: 9 END: OK
2019-06-05 06:45:44.982 4171 INFO rally.task.runner [-] Task 520f9225-fb5f-4f3a-b267-a21f991bb8b4 | ITER: 10 START
2019-06-05 06:45:45.359 4173 INFO rally.task.runner [-] Task 520f9225-fb5f-4f3a-b267-a21f991bb8b4 | ITER: 8 END: OK
2019-06-05 06:45:45.468 4170 INFO rally.task.runner [-] Task 520f9225-fb5f-4f3a-b267-a21f991bb8b4 | ITER: 6 END: OK
2019-06-05 06:45:45.662 4172 INFO rally.task.runner [-] Task 520f9225-fb5f-4f3a-b267-a21f991bb8b4 | ITER: 7 END: OK
2019-06-05 06:45:49.162 4171 INFO rally.task.runner [-] Task 520f9225-fb5f-4f3a-b267-a21f991bb8b4 | ITER: 10 END: OK
2019-06-05 06:45:49.183 1842 INFO rally.task.context [-] Task 520f9225-fb5f-4f3a-b267-a21f991bb8b4 | Context cleanup@openstack cleanup() started
2019-06-05 06:45:49.187 1842 RALLYDEBUG rally_openstack.cleanup.manager [-] Cleaning up cinder backups objects
2019-06-05 06:45:51.442 1842 RALLYDEBUG rally_openstack.cleanup.manager [-] Cleaning up cinder volume_snapshots objects
2019-06-05 06:45:53.521 1842 RALLYDEBUG rally_openstack.cleanup.manager [-] Cleaning up cinder transfers objects
2019-06-05 06:45:55.735 1842 RALLYDEBUG rally_openstack.cleanup.manager [-] Cleaning up cinder volumes objects
2019-06-05 06:45:58.131 1842 INFO rally.task.context [-] Task 520f9225-fb5f-4f3a-b267-a21f991bb8b4 | Context cleanup@openstack cleanup() finished in 8.95 sec
2019-06-05 06:45:58.132 1842 INFO rally.task.context [-] Task 520f9225-fb5f-4f3a-b267-a21f991bb8b4 | Context quotas@openstack cleanup() started
2019-06-05 06:45:59.113 1842 INFO rally.task.context [-] Task 520f9225-fb5f-4f3a-b267-a21f991bb8b4 | Context quotas@openstack cleanup() finished in 0.98 sec
2019-06-05 06:45:59.113 1842 INFO rally.task.context [-] Task 520f9225-fb5f-4f3a-b267-a21f991bb8b4 | Context api_versions@openstack cleanup() started
2019-06-05 06:45:59.113 1842 INFO rally.task.context [-] Task 520f9225-fb5f-4f3a-b267-a21f991bb8b4 | Context api_versions@openstack cleanup() finished in 0.31 msec
2019-06-05 06:45:59.114 1842 INFO rally.task.context [-] Task 520f9225-fb5f-4f3a-b267-a21f991bb8b4 | Context users@openstack cleanup() started
2019-06-05 06:46:07.621 1842 INFO rally.task.context [-] Task 520f9225-fb5f-4f3a-b267-a21f991bb8b4 | Context users@openstack cleanup() finished in 8.51 sec
2019-06-05 06:46:09.602 1842 INFO rally.task.engine [-] Load duration is: 16.868686
2019-06-05 06:46:09.603 1842 INFO rally.task.engine [-] Full runner duration is: 16.912864
2019-06-05 06:46:09.603 1842 INFO rally.task.engine [-] Full duration is: 42.207307
2019-06-05 06:46:09.762 1842 INFO rally.task.engine [-] Running workload: position = 1 config = { "version": 2, "title": "A cropped version of a bigger task.", "description": "Auto-generated task from a single workload (uuid=48a88835-3bca-4701-9d56-24b244469d89)", "subtasks": [ { "title": "CinderVolumes.create_and_delete_volume", "description": "Create and then delete a volume.", "scenario": { "CinderVolumes.create_and_delete_volume": { "image": { "name": "rally_full-img_598fe74d-8779-40c6-9f38-239dfcb49e60" }, "size": 1 } }, "contexts": { "users": { "tenants": 3, "users_per_tenant": 2 }, "quotas": { "cinder": { "gigabytes": -1, "snapshots": -1, "volumes": -1 } }, "api_versions": { "cinder": { "version": 3, "service_type": "volumev3" } } }, "runner": { "constant": { "concurrency": 4, "times": 10 } }, "hooks": [], "sla": { "failure_rate": { "max": 0 } } } ] }
2019-06-05 06:46:09.785 1842 RALLYDEBUG rally_openstack.contexts.keystone.users [-] Creating 3 tenants using 20 threads
2019-06-05 06:46:11.809 1842 RALLYDEBUG rally_openstack.contexts.keystone.users [-] Creating 6 users using 20 threads
2019-06-05 06:46:14.604 1842 INFO rally.task.context [-] Task 520f9225-fb5f-4f3a-b267-a21f991bb8b4 | Context users@openstack setup() finished in 4.82 sec
2019-06-05 06:46:15.121 1842 INFO rally.task.context [-] Task 520f9225-fb5f-4f3a-b267-a21f991bb8b4 | Context api_versions@openstack setup() finished in 0.52 sec
2019-06-05 06:46:16.773 1842 INFO rally.task.context [-] Task 520f9225-fb5f-4f3a-b267-a21f991bb8b4 | Context quotas@openstack setup() finished in 1.65 sec
2019-06-05 06:46:16.774 1842 INFO rally.task.context [-] Task 520f9225-fb5f-4f3a-b267-a21f991bb8b4 | Context cleanup@openstack setup() finished in 0.01 msec
2019-06-05 06:46:17.799 1842 RALLYDEBUG rally.task.runner [-] Starting the constant runner (task UUID: 520f9225-fb5f-4f3a-b267-a21f991bb8b4). timeout: 0 concurrency: 4 concurrency_per_worker: 1 times: 10 concurrency_overhead: 0 processes_to_start: 4 max_cpu_used: 16
2019-06-05 06:46:17.811 4354 RALLYDEBUG rally.task.runner [-] Starting a worker. concurrency: 1 args: {"image": "e6e3ec61-affc-4b56-b47d-4513d61f6cb5", "size": 1} times: 10 method_name: run timeout: 0 duration: None cls:
2019-06-05 06:46:17.816 4355 RALLYDEBUG rally.task.runner [-] Starting a worker. concurrency: 1 args: {"image": "e6e3ec61-affc-4b56-b47d-4513d61f6cb5", "size": 1} times: 10 method_name: run timeout: 0 duration: None cls:
2019-06-05 06:46:17.817 4356 RALLYDEBUG rally.task.runner [-] Starting a worker. concurrency: 1 args: {"image": "e6e3ec61-affc-4b56-b47d-4513d61f6cb5", "size": 1} times: 10 method_name: run timeout: 0 duration: None cls:
2019-06-05 06:46:17.818 4354 INFO rally.task.runner [-] Task 520f9225-fb5f-4f3a-b267-a21f991bb8b4 | ITER: 1 START
2019-06-05 06:46:17.819 4357 RALLYDEBUG rally.task.runner [-] Starting a worker. concurrency: 1 args: {"image": "e6e3ec61-affc-4b56-b47d-4513d61f6cb5", "size": 1} times: 10 method_name: run timeout: 0 duration: None cls:
2019-06-05 06:46:17.823 4356 INFO rally.task.runner [-] Task 520f9225-fb5f-4f3a-b267-a21f991bb8b4 | ITER: 3 START
2019-06-05 06:46:17.824 4355 INFO rally.task.runner [-] Task 520f9225-fb5f-4f3a-b267-a21f991bb8b4 | ITER: 2 START
2019-06-05 06:46:17.824 4357 INFO rally.task.runner [-] Task 520f9225-fb5f-4f3a-b267-a21f991bb8b4 | ITER: 4 START
2019-06-05 06:46:24.624 4354 RALLYDEBUG rally.task.utils [-] Waiting for resource s_rally_48a88835_6faBgeRp. Status changed: CREATING => DOWNLOADING in 2.7156701088
2019-06-05 06:46:30.068 4356 RALLYDEBUG rally.task.utils [-] Waiting for resource s_rally_48a88835_OmYuiXW1. Status changed: CREATING => DOWNLOADING in 7.68410396576
2019-06-05 06:46:30.125 4357 RALLYDEBUG rally.task.utils [-] Waiting for resource s_rally_48a88835_HQXHvfr4. Status changed: CREATING => DOWNLOADING in 7.58658003807
2019-06-05 06:46:30.187 4355 RALLYDEBUG rally.task.utils [-] Waiting for resource s_rally_48a88835_WOClFDgO. Status changed: CREATING => DOWNLOADING in 7.60546207428
2019-06-05 06:46:36.779 4357 RALLYDEBUG rally.task.utils [-] Waiting for resource s_rally_48a88835_HQXHvfr4. Status changed: DOWNLOADING => AVAILABLE in 6.6539478302
2019-06-05 06:46:36.874 4355 RALLYDEBUG rally.task.utils [-] Waiting for resource s_rally_48a88835_WOClFDgO. Status changed: DOWNLOADING => AVAILABLE in 6.68750691414
2019-06-05 06:46:36.992 4356 RALLYDEBUG rally.task.utils [-] Waiting for resource s_rally_48a88835_OmYuiXW1. Status changed: DOWNLOADING => AVAILABLE in 6.92352509499
2019-06-05 06:46:37.223 4355 RALLYDEBUG rally.task.utils [-] Waiting for resource s_rally_48a88835_WOClFDgO. Status changed: AVAILABLE => DELETING in 0.262340068817
2019-06-05 06:46:37.524 4357 RALLYDEBUG rally.task.utils [-] Waiting for resource s_rally_48a88835_HQXHvfr4. Status changed: AVAILABLE => DELETING in 0.365801811218
2019-06-05 06:46:37.701 4356 RALLYDEBUG rally.task.utils [-] Waiting for resource s_rally_48a88835_OmYuiXW1. Status changed: AVAILABLE => DELETING in 0.3334171772
2019-06-05 06:46:38.421 4354 RALLYDEBUG rally.task.utils [-] Waiting for resource s_rally_48a88835_6faBgeRp. Status changed: DOWNLOADING => AVAILABLE in 13.7969479561
2019-06-05 06:46:38.840 4354 INFO rally.task.runner [-] Task 520f9225-fb5f-4f3a-b267-a21f991bb8b4 | ITER: 1 END: OK
2019-06-05 06:46:38.845 4354 INFO rally.task.runner [-] Task 520f9225-fb5f-4f3a-b267-a21f991bb8b4 | ITER: 5 START
2019-06-05 06:46:39.635 4355 INFO rally.task.runner [-] Task 520f9225-fb5f-4f3a-b267-a21f991bb8b4 | ITER: 2 END: OK
2019-06-05 06:46:39.640 4355 INFO rally.task.runner [-] Task 520f9225-fb5f-4f3a-b267-a21f991bb8b4 | ITER: 6 START
2019-06-05 06:46:39.901 4357 INFO rally.task.runner [-] Task 520f9225-fb5f-4f3a-b267-a21f991bb8b4 | ITER: 4 END: OK
2019-06-05 06:46:39.906 4357 INFO rally.task.runner [-] Task 520f9225-fb5f-4f3a-b267-a21f991bb8b4 | ITER: 7 START
2019-06-05 06:46:40.044 4356 INFO rally.task.runner [-] Task 520f9225-fb5f-4f3a-b267-a21f991bb8b4 | ITER: 3 END: OK
2019-06-05 06:46:40.049 4356 INFO rally.task.runner [-] Task 520f9225-fb5f-4f3a-b267-a21f991bb8b4 | ITER: 8 START
2019-06-05 06:46:46.635 4354 RALLYDEBUG rally.task.utils [-] Waiting for resource s_rally_48a88835_NyJnUJY4. Status changed: CREATING => DOWNLOADING in 2.9142870903
2019-06-05 06:46:49.746 4357 RALLYDEBUG rally.task.utils [-] Waiting for resource s_rally_48a88835_jXuqhOAQ. Status changed: CREATING => DOWNLOADING in 5.13043808937
2019-06-05 06:46:51.989 4355 RALLYDEBUG rally.task.utils [-] Waiting for resource s_rally_48a88835_fSq87mY5. Status changed: CREATING => DOWNLOADING in 7.31267595291
2019-06-05 06:46:53.572 4354 RALLYDEBUG rally.task.utils [-] Waiting for resource s_rally_48a88835_NyJnUJY4. Status changed: DOWNLOADING => AVAILABLE in 6.93746685982
2019-06-05 06:46:54.004 4356 RALLYDEBUG rally.task.utils [-] Waiting for resource s_rally_48a88835_2BwM9nbE. Status changed: CREATING => DOWNLOADING in 9.4796807766
2019-06-05 06:46:54.278 4354 RALLYDEBUG rally.task.utils [-] Waiting for resource s_rally_48a88835_NyJnUJY4. Status changed: AVAILABLE => DELETING in 0.335475921631
2019-06-05 06:46:54.352 4357 RALLYDEBUG rally.task.utils [-] Waiting for resource s_rally_48a88835_jXuqhOAQ. Status changed: DOWNLOADING => AVAILABLE in 4.60543489456
2019-06-05 06:46:55.069 4357 RALLYDEBUG rally.task.utils [-] Waiting for resource s_rally_48a88835_jXuqhOAQ. Status changed: AVAILABLE => DELETING in 0.334362030029
2019-06-05 06:46:58.946 4354 INFO rally.task.runner [-] Task 520f9225-fb5f-4f3a-b267-a21f991bb8b4 | ITER: 5 END: OK
2019-06-05 06:46:58.952 4354 INFO rally.task.runner [-] Task 520f9225-fb5f-4f3a-b267-a21f991bb8b4 | ITER: 9 START
2019-06-05 06:46:59.660 4357 INFO rally.task.runner [-] Task 520f9225-fb5f-4f3a-b267-a21f991bb8b4 | ITER: 7 END: OK
2019-06-05 06:46:59.664 4357 INFO rally.task.runner [-] Task 520f9225-fb5f-4f3a-b267-a21f991bb8b4 | ITER: 10 START
2019-06-05 06:47:01.049 4356 RALLYDEBUG rally.task.utils [-] Waiting for resource s_rally_48a88835_2BwM9nbE. Status changed: DOWNLOADING => AVAILABLE in 7.04450416565
2019-06-05 06:47:01.063 4355 RALLYDEBUG rally.task.utils [-] Waiting for resource s_rally_48a88835_fSq87mY5. Status changed: DOWNLOADING => AVAILABLE in 9.07418298721
2019-06-05 06:47:01.212 4355 RALLYDEBUG rally.task.utils [-] Waiting for resource s_rally_48a88835_fSq87mY5. Status changed: AVAILABLE => DELETING in 0.0600810050964
2019-06-05 06:47:01.479 4356 RALLYDEBUG rally.task.utils [-] Waiting for resource s_rally_48a88835_2BwM9nbE. Status changed: AVAILABLE => DELETING in 0.0762031078339
2019-06-05 06:47:03.538 4355 INFO rally.task.runner [-] Task 520f9225-fb5f-4f3a-b267-a21f991bb8b4 | ITER: 6 END: OK
2019-06-05 06:47:03.785 4356 INFO rally.task.runner [-] Task 520f9225-fb5f-4f3a-b267-a21f991bb8b4 | ITER: 8 END: OK
2019-06-05 06:47:07.028 4354 RALLYDEBUG rally.task.utils [-] Waiting for resource s_rally_48a88835_w6GrApwP. Status changed: CREATING => DOWNLOADING in 3.02912998199
2019-06-05 06:47:07.909 4357 RALLYDEBUG rally.task.utils [-] Waiting for resource s_rally_48a88835_KcalGBLX. Status changed: CREATING => DOWNLOADING in 3.07478094101
2019-06-05 06:47:12.529 4357 RALLYDEBUG rally.task.utils [-] Waiting for resource s_rally_48a88835_KcalGBLX. Status changed: DOWNLOADING => AVAILABLE in 4.62083601952
2019-06-05 06:47:13.064 4357 INFO rally.task.runner [-] Task 520f9225-fb5f-4f3a-b267-a21f991bb8b4 | ITER: 10 END: OK
2019-06-05 06:47:13.773 4354 RALLYDEBUG rally.task.utils [-] Waiting for resource s_rally_48a88835_w6GrApwP. Status changed: DOWNLOADING => AVAILABLE in 6.74599599838
2019-06-05 06:47:14.386 4354 INFO rally.task.runner [-] Task 520f9225-fb5f-4f3a-b267-a21f991bb8b4 | ITER: 9 END: OK
2019-06-05 06:47:14.408 1842 INFO rally.task.context [-] Task 520f9225-fb5f-4f3a-b267-a21f991bb8b4 | Context cleanup@openstack cleanup() started
2019-06-05 06:47:14.410 1842 RALLYDEBUG rally_openstack.cleanup.manager [-] Cleaning up cinder backups objects
2019-06-05 06:47:16.640 1842 RALLYDEBUG rally_openstack.cleanup.manager [-] Cleaning up cinder volume_snapshots objects
2019-06-05 06:47:18.773 1842 RALLYDEBUG rally_openstack.cleanup.manager [-] Cleaning up cinder transfers objects
2019-06-05 06:47:20.939 1842 RALLYDEBUG rally_openstack.cleanup.manager [-] Cleaning up cinder volumes objects
2019-06-05 06:47:23.148 1842 INFO rally.task.context [-] Task 520f9225-fb5f-4f3a-b267-a21f991bb8b4 | Context cleanup@openstack cleanup() finished in 8.74 sec
2019-06-05 06:47:23.148 1842 INFO rally.task.context [-] Task 520f9225-fb5f-4f3a-b267-a21f991bb8b4 | Context quotas@openstack cleanup() started
2019-06-05 06:47:24.233 1842 INFO rally.task.context [-] Task 520f9225-fb5f-4f3a-b267-a21f991bb8b4 | Context quotas@openstack cleanup() finished in 1.08 sec
2019-06-05 06:47:24.233 1842 INFO rally.task.context [-] Task 520f9225-fb5f-4f3a-b267-a21f991bb8b4 | Context api_versions@openstack cleanup() started
2019-06-05 06:47:24.234 1842 INFO rally.task.context [-] Task 520f9225-fb5f-4f3a-b267-a21f991bb8b4 | Context api_versions@openstack cleanup() finished in 0.32 msec
2019-06-05 06:47:24.234 1842 INFO rally.task.context [-] Task 520f9225-fb5f-4f3a-b267-a21f991bb8b4 | Context users@openstack cleanup() started
2019-06-05 06:47:32.580 1842 INFO rally.task.context [-] Task 520f9225-fb5f-4f3a-b267-a21f991bb8b4 | Context users@openstack cleanup() finished in 8.35 sec
2019-06-05 06:47:34.108 1842 INFO rally.task.engine [-] Load duration is: 56.564602
2019-06-05 06:47:34.108 1842 INFO rally.task.engine [-] Full runner duration is: 56.608655
2019-06-05 06:47:34.109 1842 INFO rally.task.engine [-] Full duration is: 82.79705
2019-06-05 06:47:34.257 1842 INFO rally.task.engine [-] Running workload: position = 2 config = { "version": 2, "title": "A cropped version of a bigger task.", "description": "Auto-generated task from a single workload (uuid=3583e8c6-a6de-4e25-abee-afcc8d42042d)", "subtasks": [ { "title": "CinderVolumes.create_and_delete_volume", "description": "Create and then delete a volume.", "scenario": { "CinderVolumes.create_and_delete_volume": { "size": 1 } }, "contexts": { "users": { "tenants": 3, "users_per_tenant": 2 }, "quotas": { "cinder": { "gigabytes": -1, "snapshots": -1, "volumes": -1 } }, "api_versions": { "cinder": { "version": 3, "service_type": "volumev3" } } }, "runner": { "constant": { "concurrency": 4, "times": 10 } }, "hooks": [], "sla": { "failure_rate": { "max": 0 } } } ] }
2019-06-05 06:47:34.279 1842 RALLYDEBUG rally_openstack.contexts.keystone.users [-] Creating 3 tenants using 20 threads
2019-06-05 06:47:36.127 1842 RALLYDEBUG rally_openstack.contexts.keystone.users [-] Creating 6 users using 20 threads
2019-06-05 06:47:38.939 1842 INFO rally.task.context [-] Task 520f9225-fb5f-4f3a-b267-a21f991bb8b4 | Context users@openstack setup() finished in 4.66 sec
2019-06-05 06:47:39.367 1842 INFO rally.task.context [-] Task 520f9225-fb5f-4f3a-b267-a21f991bb8b4 | Context api_versions@openstack setup() finished in 0.43 sec
2019-06-05 06:47:41.215 1842 INFO rally.task.context [-] Task 520f9225-fb5f-4f3a-b267-a21f991bb8b4 | Context quotas@openstack setup() finished in 1.85 sec
2019-06-05 06:47:41.216 1842 INFO rally.task.context [-] Task 520f9225-fb5f-4f3a-b267-a21f991bb8b4 | Context cleanup@openstack setup() finished in 0.01 msec
2019-06-05 06:47:41.223 1842 RALLYDEBUG rally.task.runner [-] Starting the constant runner (task UUID: 520f9225-fb5f-4f3a-b267-a21f991bb8b4). timeout: 0 concurrency: 4 concurrency_per_worker: 1 times: 10 concurrency_overhead: 0 processes_to_start: 4 max_cpu_used: 16
2019-06-05 06:47:41.232 4538 RALLYDEBUG rally.task.runner [-] Starting a worker. concurrency: 1 args: {"size": 1} times: 10 method_name: run timeout: 0 duration: None cls:
2019-06-05 06:47:41.236 4538 INFO rally.task.runner [-] Task 520f9225-fb5f-4f3a-b267-a21f991bb8b4 | ITER: 1 START
2019-06-05 06:47:41.239 4539 RALLYDEBUG rally.task.runner [-] Starting a worker. concurrency: 1 args: {"size": 1} times: 10 method_name: run timeout: 0 duration: None cls:
2019-06-05 06:47:41.242 4540 RALLYDEBUG rally.task.runner [-] Starting a worker. concurrency: 1 args: {"size": 1} times: 10 method_name: run timeout: 0 duration: None cls:
2019-06-05 06:47:41.244 4543 RALLYDEBUG rally.task.runner [-] Starting a worker. concurrency: 1 args: {"size": 1} times: 10 method_name: run timeout: 0 duration: None cls:
2019-06-05 06:47:41.248 4539 INFO rally.task.runner [-] Task 520f9225-fb5f-4f3a-b267-a21f991bb8b4 | ITER: 2 START
2019-06-05 06:47:41.249 4540 INFO rally.task.runner [-] Task 520f9225-fb5f-4f3a-b267-a21f991bb8b4 | ITER: 3 START
2019-06-05 06:47:41.251 4543 INFO rally.task.runner [-] Task 520f9225-fb5f-4f3a-b267-a21f991bb8b4 | ITER: 4 START
2019-06-05 06:47:45.459 4539 INFO rally.task.runner [-] Task 520f9225-fb5f-4f3a-b267-a21f991bb8b4 | ITER: 2 END: OK
2019-06-05 06:47:45.465 4539 INFO rally.task.runner [-] Task 520f9225-fb5f-4f3a-b267-a21f991bb8b4 | ITER: 5 START
2019-06-05 06:47:45.641 4538 RALLYDEBUG rally.task.utils [-] Waiting for resource s_rally_3583e8c6_9n0jd3Qm. Status changed: AVAILABLE => DELETING in 0.0620889663696
2019-06-05 06:47:45.817 4540 RALLYDEBUG rally.task.utils [-] Waiting for resource s_rally_3583e8c6_NAcfPPTf. Status changed: AVAILABLE => DELETING in 0.377485990524
2019-06-05 06:47:45.966 4543 RALLYDEBUG rally.task.utils [-] Waiting for resource s_rally_3583e8c6_zlUANend. Status changed: AVAILABLE => DELETING in 0.344502925873
2019-06-05 06:47:47.887 4538 INFO rally.task.runner [-] Task 520f9225-fb5f-4f3a-b267-a21f991bb8b4 | ITER: 1 END: OK
2019-06-05 06:47:47.892 4538 INFO rally.task.runner [-] Task 520f9225-fb5f-4f3a-b267-a21f991bb8b4 | ITER: 6 START
2019-06-05 06:47:48.139 4540 INFO rally.task.runner [-] Task 520f9225-fb5f-4f3a-b267-a21f991bb8b4 | ITER: 3 END: OK
2019-06-05 06:47:48.145 4540 INFO rally.task.runner [-] Task 520f9225-fb5f-4f3a-b267-a21f991bb8b4 | ITER: 7 START
2019-06-05 06:47:48.291 4543 INFO rally.task.runner [-] Task 520f9225-fb5f-4f3a-b267-a21f991bb8b4 | ITER: 4 END: OK
2019-06-05 06:47:48.297 4543 INFO rally.task.runner [-] Task 520f9225-fb5f-4f3a-b267-a21f991bb8b4 | ITER: 8 START
2019-06-05 06:47:49.758 4539 INFO rally.task.runner [-] Task 520f9225-fb5f-4f3a-b267-a21f991bb8b4 | ITER: 5 END: OK
2019-06-05 06:47:49.763 4539 INFO rally.task.runner [-] Task 520f9225-fb5f-4f3a-b267-a21f991bb8b4 | ITER: 9 START
2019-06-05 06:47:52.254 4540 RALLYDEBUG rally.task.utils [-] Waiting for resource s_rally_3583e8c6_N2CQjcWU. Status changed: AVAILABLE => DELETING in 0.256456136703
2019-06-05 06:47:52.373 4538 RALLYDEBUG rally.task.utils [-] Waiting for resource s_rally_3583e8c6_2QnTfH0f. Status changed: AVAILABLE => DELETING in 0.36457490921
2019-06-05 06:47:52.446 4543 RALLYDEBUG rally.task.utils [-] Waiting for resource s_rally_3583e8c6_XbhaCnCD. Status changed: AVAILABLE => DELETING in 0.348078012466
2019-06-05 06:47:54.109 4539 RALLYDEBUG rally.task.utils [-] Waiting for resource s_rally_3583e8c6_PEfNHptQ. Status changed: AVAILABLE => DELETING in 0.351536989212
2019-06-05 06:47:54.577 4540 INFO rally.task.runner [-] Task 520f9225-fb5f-4f3a-b267-a21f991bb8b4 | ITER: 7 END: OK
2019-06-05 06:47:54.582 4540 INFO rally.task.runner [-] Task 520f9225-fb5f-4f3a-b267-a21f991bb8b4 | ITER: 10 START
2019-06-05 06:47:54.620 4538 INFO rally.task.runner [-] Task 520f9225-fb5f-4f3a-b267-a21f991bb8b4 | ITER: 6 END: OK
2019-06-05 06:47:54.682 4543 INFO rally.task.runner [-] Task 520f9225-fb5f-4f3a-b267-a21f991bb8b4 | ITER: 8 END: OK
2019-06-05 06:47:56.440 4539 INFO rally.task.runner [-] Task 520f9225-fb5f-4f3a-b267-a21f991bb8b4 | ITER: 9 END: OK
2019-06-05 06:47:58.906 4540 INFO rally.task.runner [-] Task 520f9225-fb5f-4f3a-b267-a21f991bb8b4 | ITER: 10 END: OK
2019-06-05 06:47:58.934 1842 INFO rally.task.context [-] Task 520f9225-fb5f-4f3a-b267-a21f991bb8b4 | Context cleanup@openstack cleanup() started
2019-06-05 06:47:58.936 1842 RALLYDEBUG rally_openstack.cleanup.manager [-] Cleaning up cinder backups objects
2019-06-05 06:48:01.139 1842 RALLYDEBUG rally_openstack.cleanup.manager [-] Cleaning up cinder volume_snapshots objects
2019-06-05 06:48:03.250 1842 RALLYDEBUG rally_openstack.cleanup.manager [-] Cleaning up cinder transfers objects
2019-06-05 06:48:05.454 1842 RALLYDEBUG rally_openstack.cleanup.manager [-] Cleaning up cinder volumes objects
2019-06-05 06:48:07.737 1842 INFO rally.task.context [-] Task 520f9225-fb5f-4f3a-b267-a21f991bb8b4 | Context cleanup@openstack cleanup() finished in 8.80 sec
2019-06-05 06:48:07.738 1842 INFO rally.task.context [-] Task 520f9225-fb5f-4f3a-b267-a21f991bb8b4 | Context quotas@openstack cleanup() started
2019-06-05 06:48:08.700 1842 INFO rally.task.context [-] Task 520f9225-fb5f-4f3a-b267-a21f991bb8b4 | Context quotas@openstack cleanup() finished in 0.96 sec
2019-06-05 06:48:08.700 1842 INFO rally.task.context [-] Task 520f9225-fb5f-4f3a-b267-a21f991bb8b4 | Context api_versions@openstack cleanup() started
2019-06-05 06:48:08.701 1842 INFO rally.task.context [-] Task 520f9225-fb5f-4f3a-b267-a21f991bb8b4 | Context api_versions@openstack cleanup() finished in 0.31 msec
2019-06-05 06:48:08.701 1842 INFO rally.task.context [-] Task 520f9225-fb5f-4f3a-b267-a21f991bb8b4 | Context users@openstack cleanup() started
2019-06-05 06:48:16.915 1842 INFO rally.task.context [-] Task 520f9225-fb5f-4f3a-b267-a21f991bb8b4 | Context users@openstack cleanup() finished in 8.21 sec
2019-06-05 06:48:18.466 1842 INFO rally.task.engine [-] Load duration is: 17.667989
