2019-06-04 21:23:03.075 22705 RALLYDEBUG rally_openstack.cleanup.manager [-] Deleting neutron.port object s_rally_4ad0889e_ZQQPzD9n (d93e755f-5a63-4990-8706-5c5face2486c)
2019-06-04 21:23:03.181 22705 RALLYDEBUG rally_openstack.cleanup.manager [-] Deleting neutron.port object s_rally_4ad0889e_STS0p6oO (d9512971-d057-45f0-9c01-d09f27a54fb3)
2019-06-04 21:23:03.494 22705 RALLYDEBUG rally_openstack.cleanup.manager [-] Deleting neutron.port object s_rally_4ad0889e_sbz5DuOU (da0935ab-d1d9-4f3a-9843-1b97764c4675)
2019-06-04 21:23:03.579 22705 RALLYDEBUG rally_openstack.cleanup.manager [-] Deleting neutron.port object s_rally_4ad0889e_67asAaGU (daca3919-4b2f-49d8-bab4-c15a23e416b9)
2019-06-04 21:23:03.805 22705 RALLYDEBUG rally_openstack.cleanup.manager [-] Deleting neutron.port object s_rally_4ad0889e_UunScYGk (db54dc76-684d-448b-8f84-b6c609ab4d02)
2019-06-04 21:23:03.857 22705 RALLYDEBUG rally_openstack.cleanup.manager [-] Deleting neutron.port object s_rally_4ad0889e_XaXK9Un3 (db7b8be0-6ae4-4e46-a58d-6cf430f2e974)
2019-06-04 21:23:03.908 22705 RALLYDEBUG rally_openstack.cleanup.manager [-] Deleting neutron.port object s_rally_4ad0889e_6pjFRqmQ (dbabbff9-abfe-43b1-af2f-a10a8a9f6077)
2019-06-04 21:23:04.064 22705 RALLYDEBUG rally_openstack.cleanup.manager [-] Deleting neutron.port object s_rally_4ad0889e_iQ5zp3eH (dc00c916-7aea-4d45-9dfe-77214193dc49)
2019-06-04 21:23:04.120 22705 RALLYDEBUG rally_openstack.cleanup.manager [-] Deleting neutron.port object s_rally_4ad0889e_SdBN5GHq (dc0a6709-7118-4089-b0ed-ab619f3a3956)
2019-06-04 21:23:04.222 22705 RALLYDEBUG rally_openstack.cleanup.manager [-] Deleting neutron.port object s_rally_4ad0889e_3jgVZnxv (dc2091d8-caa3-4a35-876f-07572bcd8acb)
2019-06-04 21:23:04.388 22705 RALLYDEBUG rally_openstack.cleanup.manager [-] Deleting neutron.port object s_rally_4ad0889e_5r4nbj9E (dd5c3b52-2eb4-4715-815b-ece0cc439032)
2019-06-04 21:23:04.432 22705 RALLYDEBUG rally_openstack.cleanup.manager [-] Deleting neutron.port object s_rally_4ad0889e_nLY8U9KR (e0bc4390-1023-430f-8d97-09a516caeeea)
2019-06-04 21:23:04.437 22705 RALLYDEBUG rally_openstack.cleanup.manager [-] Deleting neutron.port object s_rally_4ad0889e_At4unEFj (e16d78b6-18bd-4065-a182-d2e28902fdfb)
2019-06-04 21:23:04.553 22705 RALLYDEBUG rally_openstack.cleanup.manager [-] Deleting neutron.port object s_rally_4ad0889e_BOkRFGML (e2551970-d04e-4801-b8e0-76acb816aa89)
2019-06-04 21:23:04.679 22705 RALLYDEBUG rally_openstack.cleanup.manager [-] Deleting neutron.port object s_rally_4ad0889e_TeIsUNXH (e2b872fd-6f45-4a95-81d7-3a8343beb2d4)
2019-06-04 21:23:04.735 22705 RALLYDEBUG rally_openstack.cleanup.manager [-] Deleting neutron.port object s_rally_4ad0889e_CafS7iMW (e3087662-2c57-40e4-a793-7a52a170082b)
2019-06-04 21:23:04.851 22705 RALLYDEBUG rally_openstack.cleanup.manager [-] Deleting neutron.port object s_rally_4ad0889e_NBoquDZg (e30d7425-43bb-4a59-815f-67ee9937c6b9)
2019-06-04 21:23:04.894 22705 RALLYDEBUG rally_openstack.cleanup.manager [-] Deleting neutron.port object s_rally_4ad0889e_iNhD2OUo (e389da6a-e8cf-4f3a-b663-6ce7f307ec45)
2019-06-04 21:23:05.069 22705 RALLYDEBUG rally_openstack.cleanup.manager [-] Deleting neutron.port object s_rally_4ad0889e_mKatkJKJ (e472000e-7fc8-4299-884b-1c5caf2083c0)
2019-06-04 21:23:05.316 22705 RALLYDEBUG rally_openstack.cleanup.manager [-] Deleting neutron.port object s_rally_4ad0889e_XSJRNWPL (e6c929d6-49d4-4dff-8907-be17cc4811d7)
2019-06-04 21:23:05.499 22705 RALLYDEBUG rally_openstack.cleanup.manager [-] Deleting neutron.port object s_rally_4ad0889e_F3j9B44h (e7b35120-6764-4ca6-a69e-758a94fca527)
2019-06-04 21:23:05.659 22705 RALLYDEBUG rally_openstack.cleanup.manager [-] Deleting neutron.port object s_rally_4ad0889e_q75cZPVx (e7b5c344-1901-46fc-b67f-df5f5de05817)
2019-06-04 21:23:05.721 22705 RALLYDEBUG rally_openstack.cleanup.manager [-] Deleting neutron.port object s_rally_4ad0889e_DAkFJGEs (e8011083-34c9-4ab0-918e-0b62f0e03f36)
2019-06-04 21:23:05.815 22705 RALLYDEBUG rally_openstack.cleanup.manager [-] Deleting neutron.port object s_rally_4ad0889e_rVcObbTQ (e8c237c5-5e91-4604-b4be-9b4e949b1d47)
2019-06-04 21:23:05.956 22705 RALLYDEBUG rally_openstack.cleanup.manager [-] Deleting neutron.port object s_rally_4ad0889e_01gNy0jf (e95b5485-a671-43d6-898b-ec6e133a3f5f)
2019-06-04 21:23:06.193 22705 RALLYDEBUG rally_openstack.cleanup.manager [-] Deleting neutron.port object s_rally_4ad0889e_8Ytr2U76 (ea3c47c2-17bb-4db7-936c-85e7eaeaf3f2)
2019-06-04 21:23:06.244 22705 RALLYDEBUG rally_openstack.cleanup.manager [-] Deleting neutron.port object s_rally_4ad0889e_AfdDTwnw (ea5d9c4e-0a81-4065-afbd-1328b6a7c44a)
2019-06-04 21:23:06.336 22705 RALLYDEBUG rally_openstack.cleanup.manager [-] Deleting neutron.port object s_rally_4ad0889e_G9BWgKHj (eaf1d9f8-e124-439e-bf33-4c2d552188b5)
2019-06-04 21:23:06.372 22705 RALLYDEBUG rally_openstack.cleanup.manager [-] Deleting neutron.port object s_rally_4ad0889e_5dCtYghU (eb0b66eb-00b7-491f-bddf-58b644a94ab7)
2019-06-04 21:23:06.430 22705 RALLYDEBUG rally_openstack.cleanup.manager [-] Deleting neutron.port object s_rally_4ad0889e_VkMZMwkV (eb156b7b-cd63-480a-9f62-bef8414af85d)
2019-06-04 21:23:06.599 22705 RALLYDEBUG rally_openstack.cleanup.manager [-] Deleting neutron.port object s_rally_4ad0889e_YA4wjgQ5 (ec1f458b-c708-4951-ba52-c5e9b00d7503)
2019-06-04 21:23:06.630 22705 RALLYDEBUG rally_openstack.cleanup.manager [-] Deleting neutron.port object s_rally_4ad0889e_6UrtMaSc (ec267c67-e5ee-452e-b517-cf388b796a82)
2019-06-04 21:23:06.723 22705 RALLYDEBUG rally_openstack.cleanup.manager [-] Deleting neutron.port object s_rally_4ad0889e_mRVzryKA (ec9ce086-650c-4722-94ae-5d42e5eb6213)
2019-06-04 21:23:06.778 22705 RALLYDEBUG rally_openstack.cleanup.manager [-] Deleting neutron.port object s_rally_4ad0889e_yOpMKZJy (ecc6f5de-bc73-45c6-9ec5-e299acbd8cc5)
2019-06-04 21:23:06.926 22705 RALLYDEBUG rally_openstack.cleanup.manager [-] Deleting neutron.port object s_rally_4ad0889e_nqrLcpQU (ece3c785-7da7-4589-b944-3144f7a9d367)
2019-06-04 21:23:06.990 22705 RALLYDEBUG rally_openstack.cleanup.manager [-] Deleting neutron.port object s_rally_4ad0889e_Vkppwzfq (ed36c378-f358-4bcd-9a2b-4bc535aad4cd)
2019-06-04 21:23:07.045 22705 RALLYDEBUG rally_openstack.cleanup.manager [-] Deleting neutron.port object s_rally_4ad0889e_eBooLHg3 (ed3aa1ae-b16d-4c3f-be2e-9164c449aa83)
2019-06-04 21:23:07.282 22705 RALLYDEBUG rally_openstack.cleanup.manager [-] Deleting neutron.port object s_rally_4ad0889e_vhaYLE4N (ef6bb210-97ed-4864-92e2-056eff16462b)
2019-06-04 21:23:07.306 22705 RALLYDEBUG rally_openstack.cleanup.manager [-] Deleting neutron.port object s_rally_4ad0889e_NK4qPNTq (ef6f77ac-3baa-4cf6-a06b-c80862373cd7)
2019-06-04 21:23:07.732 22705 RALLYDEBUG rally_openstack.cleanup.manager [-] Deleting neutron.port object s_rally_4ad0889e_ugcnAXwp (efa48fb2-49d1-4980-9355-bdb790f8d354)
2019-06-04 21:23:07.787 22705 RALLYDEBUG rally_openstack.cleanup.manager [-] Deleting neutron.port object s_rally_4ad0889e_G2j8MHwD (f07d2b28-1437-4856-b206-f0d1dee5fca9)
2019-06-04 21:23:07.944 22705 RALLYDEBUG rally_openstack.cleanup.manager [-] Deleting neutron.port object s_rally_4ad0889e_PzX0KiB8 (f07e68e3-c07c-4d10-9310-52b7fb1f1cbe)
2019-06-04 21:23:08.045 22705 RALLYDEBUG rally_openstack.cleanup.manager [-] Deleting neutron.port object s_rally_4ad0889e_IiUfbiaq (f09ff8bb-7670-4026-af2a-52c9d765ae49)
2019-06-04 21:23:08.148 22705 RALLYDEBUG rally_openstack.cleanup.manager [-] Deleting neutron.port object s_rally_4ad0889e_vIgbInw9 (f3164d38-1515-4535-bbdd-7df828b7a39a)
2019-06-04 21:23:08.179 22705 RALLYDEBUG rally_openstack.cleanup.manager [-] Deleting neutron.port object s_rally_4ad0889e_6Ke2N6Zp (f32ea367-34a4-4be4-995f-64d0d66a7cff)
2019-06-04 21:23:08.410 22705 RALLYDEBUG rally_openstack.cleanup.manager [-] Deleting neutron.port object s_rally_4ad0889e_X9JN4WWU (f39a18d0-e5c5-4ae4-a2d0-cc01e423d591)
2019-06-04 21:23:08.473 22705 RALLYDEBUG rally_openstack.cleanup.manager [-] Deleting neutron.port object s_rally_4ad0889e_IjeVWEi6 (f4559dd4-412c-4f75-809a-62635bce99b9)
2019-06-04 21:23:08.507 22705 RALLYDEBUG rally_openstack.cleanup.manager [-] Deleting neutron.port object s_rally_4ad0889e_9u3FqbSE (f618604e-6b3a-42a9-b62f-d4463f86c24a)
2019-06-04 21:23:08.640 22705 RALLYDEBUG rally_openstack.cleanup.manager [-] Deleting neutron.port object s_rally_4ad0889e_NZQL514x (f62839b0-39ca-4755-bbe3-d0c6b84ff177)
2019-06-04 21:23:08.888 22705 RALLYDEBUG rally_openstack.cleanup.manager [-] Deleting neutron.port object s_rally_4ad0889e_ejLkkT7X (f67cba6f-4eed-46ae-8a67-36ab867407ca)
2019-06-04 21:23:08.986 22705 RALLYDEBUG rally_openstack.cleanup.manager [-] Deleting neutron.port object s_rally_4ad0889e_VWZJrvtJ (f74d2171-ce26-457d-a934-f890d67d36d0)
2019-06-04 21:23:09.136 22705 RALLYDEBUG rally_openstack.cleanup.manager [-] Deleting neutron.port object s_rally_4ad0889e_KhcU3ZO2 (f7a772bc-a76e-444d-81fc-5ccd8c1e81fa)
2019-06-04 21:23:09.240 22705 RALLYDEBUG rally_openstack.cleanup.manager [-] Deleting neutron.port object s_rally_4ad0889e_m0JwPR1l (f9b7b77b-0601-4331-8eca-909efc71161e)
2019-06-04 21:23:09.311 22705 RALLYDEBUG rally_openstack.cleanup.manager [-] Deleting neutron.port object s_rally_4ad0889e_znHQznUk (f9d1a865-4ed0-4712-b3f5-395dc06bce21)
2019-06-04 21:23:09.373 22705 RALLYDEBUG rally_openstack.cleanup.manager [-] Deleting neutron.port object s_rally_4ad0889e_Vky2dT3z (fb869092-b3f6-47b4-b096-90069afde179)
2019-06-04 21:23:09.482 22705 RALLYDEBUG rally_openstack.cleanup.manager [-] Deleting neutron.port object s_rally_4ad0889e_hWRMmoRh (fbd7cf7b-3523-452a-b6b4-3ce0a0cbf801)
2019-06-04 21:23:09.668 22705 RALLYDEBUG rally_openstack.cleanup.manager [-] Deleting neutron.port object s_rally_4ad0889e_0RFhiaFX (fd072277-a7cd-4c6d-b54c-784df9772a68)
2019-06-04 21:23:09.791 22705 RALLYDEBUG rally_openstack.cleanup.manager [-] Deleting neutron.port object s_rally_4ad0889e_0Nl86w9q (fda33efb-8454-4f07-9a40-e3d620cb3af2)
2019-06-04 21:23:09.877 22705 RALLYDEBUG rally_openstack.cleanup.manager [-] Deleting neutron.port object s_rally_4ad0889e_xRR1VR9A (fef10fb5-900d-4a02-8932-b6d70128fac1)
2019-06-04 21:23:09.997 22705 RALLYDEBUG rally_openstack.cleanup.manager [-] Deleting neutron.port object s_rally_4ad0889e_KNGrUAfb (ffb021c4-5821-4c65-9e2c-417f7a8b7310)
2019-06-04 21:23:12.334 22705 RALLYDEBUG rally_openstack.cleanup.manager [-] Cleaning up neutron subnet objects
2019-06-04 21:23:13.009 22705 RALLYDEBUG rally_openstack.cleanup.manager [-] Cleaning up neutron network objects
2019-06-04 21:23:13.733 22705 RALLYDEBUG rally_openstack.cleanup.manager [-] Deleting neutron.network object s_rally_4ad0889e_XTpkzSRb (075406a9-8415-44ca-a840-18611a05447e)
2019-06-04 21:23:13.739 22705 RALLYDEBUG rally_openstack.cleanup.manager [-] Deleting neutron.network object s_rally_4ad0889e_YJ9DDAlf (5b10374b-68bf-4c81-9b01-0283a19057b2)
2019-06-04 21:23:13.748 22705 RALLYDEBUG rally_openstack.cleanup.manager [-] Deleting neutron.network object s_rally_4ad0889e_5WfFTsJL (5df11196-f48e-4066-9e53-e38379441c11)
2019-06-04 21:23:13.754 22705 RALLYDEBUG rally_openstack.cleanup.manager [-] Deleting neutron.network object s_rally_4ad0889e_sgHWp7Va (b1b9b307-6372-4f0d-807b-c4fac1dd9cea)
2019-06-04 21:23:13.761 22705 RALLYDEBUG rally_openstack.cleanup.manager [-] Deleting neutron.network object s_rally_4ad0889e_jEqiPHSw (e28d3527-85b5-4ac3-a531-a7a801891205)
2019-06-04 21:23:13.770 22705 RALLYDEBUG rally_openstack.cleanup.manager [-] Deleting neutron.network object s_rally_4ad0889e_KsRFz41e (fd6ae56b-6fc9-45a8-b843-ac204e32720a)
2019-06-04 21:23:13.780 22705 RALLYDEBUG rally_openstack.cleanup.manager [-] Deleting neutron.network object s_rally_4ad0889e_ZGSeDCNA (fd8cdeac-39c0-4b80-9e8b-653be64fdb31)
2019-06-04 21:23:13.794 22705 RALLYDEBUG rally_openstack.cleanup.manager [-] Deleting neutron.network object s_rally_4ad0889e_JoVI2hzg (fec3355b-a50a-4397-988d-029980bd86a4)
2019-06-04 21:23:17.203 22705 RALLYDEBUG rally_openstack.cleanup.manager [-] Cleaning up neutron router objects
2019-06-04 21:23:17.886 22705 RALLYDEBUG rally_openstack.cleanup.manager [-] Cleaning up neutron security_group objects
2019-06-04 21:23:18.659 22705 INFO rally.task.context [-] Task d10742e5-6a27-41be-b9b8-ea7d58457a2e | Context cleanup@openstack cleanup() finished in 1.03 min
2019-06-04 21:23:18.659 22705 INFO rally.task.context [-] Task d10742e5-6a27-41be-b9b8-ea7d58457a2e | Context quotas@openstack cleanup() started
2019-06-04 21:23:18.982 22705 INFO rally.task.context [-] Task d10742e5-6a27-41be-b9b8-ea7d58457a2e | Context quotas@openstack cleanup() finished in 0.32 sec
2019-06-04 21:23:18.982 22705 INFO rally.task.context [-] Task d10742e5-6a27-41be-b9b8-ea7d58457a2e | Context users@openstack cleanup() started
2019-06-04 21:23:26.110 22705 INFO rally.task.context [-] Task d10742e5-6a27-41be-b9b8-ea7d58457a2e | Context users@openstack cleanup() finished in 7.13 sec
2019-06-04 21:23:26.136 22705 INFO rally.task.engine [-] Load duration is: 90.501424
2019-06-04 21:23:26.137 22705 INFO rally.task.engine [-] Full runner duration is: 90.545359
2019-06-04 21:23:26.137 22705 INFO rally.task.engine [-] Full duration is: 166.67041
2019-06-04 21:23:26.362 22705 INFO rally.task.engine [-] Running workload: position = 1 config = { "version": 2, "title": "A cropped version of a bigger task.", "description": "Auto-generated task from a single workload (uuid=b17805ea-951a-486a-b7f7-f39a2da5de14)", "subtasks": [ { "title": "NeutronNetworks.create_and_update_ports", "description": "Create and update a given number of ports.", "scenario": { "NeutronNetworks.create_and_update_ports": { "network_create_args": {}, "port_create_args": {}, "ports_per_network": 5, "port_update_args": { "admin_state_up": false, "device_id": "dummy_id", "device_owner": "dummy_owner", "name": "_port_updated" } } }, "contexts": { "users": { "tenants": 1, "users_per_tenant": 1 }, "quotas": { "neutron": { "network": -1, "port": -1 } } }, "runner": { "constant": { "times": 40, "concurrency": 20 } }, "hooks": [], "sla": { "failure_rate": { "max": 0 } } } ] }
2019-06-04 21:23:26.381 22705 RALLYDEBUG rally_openstack.contexts.keystone.users [-] Creating 1 tenants using 20 threads
2019-06-04 21:23:28.309 22705 RALLYDEBUG rally_openstack.contexts.keystone.users [-] Creating 1 users using 20 threads
2019-06-04 21:23:31.213 22705 INFO rally.task.context [-] Task d10742e5-6a27-41be-b9b8-ea7d58457a2e | Context users@openstack setup() finished in 4.83 sec
2019-06-04 21:23:32.011 22705 INFO rally.task.context [-] Task d10742e5-6a27-41be-b9b8-ea7d58457a2e | Context quotas@openstack setup() finished in 0.80 sec
2019-06-04 21:23:32.011 22705 INFO rally.task.context [-] Task d10742e5-6a27-41be-b9b8-ea7d58457a2e | Context cleanup@openstack setup() finished in 0.00 msec
2019-06-04 21:23:32.019 22705 RALLYDEBUG rally.task.runner [-] Starting the constant runner (task UUID: d10742e5-6a27-41be-b9b8-ea7d58457a2e). timeout: 0 concurrency: 20 concurrency_per_worker: 1 times: 40 concurrency_overhead: 4 processes_to_start: 16 max_cpu_used: 16
2019-06-04 21:23:32.033 26581 RALLYDEBUG rally.task.runner [-] Starting a worker. concurrency: 2 args: {"network_create_args": {}, "port_create_args": {}, "ports_per_network": 5, "port_update_args": {"admin_state_up": false, "device_id": "dummy_id", "device_owner": "dummy_owner", "name": "_port_updated"}} times: 40 method_name: run timeout: 0 duration: None cls:
2019-06-04 21:23:32.035 26582 RALLYDEBUG rally.task.runner [-] Starting a worker. concurrency: 2 args: {"network_create_args": {}, "port_create_args": {}, "ports_per_network": 5, "port_update_args": {"admin_state_up": false, "device_id": "dummy_id", "device_owner": "dummy_owner", "name": "_port_updated"}} times: 40 method_name: run timeout: 0 duration: None cls:
2019-06-04 21:23:32.038 26583 RALLYDEBUG rally.task.runner [-] Starting a worker. concurrency: 2 args: {"network_create_args": {}, "port_create_args": {}, "ports_per_network": 5, "port_update_args": {"admin_state_up": false, "device_id": "dummy_id", "device_owner": "dummy_owner", "name": "_port_updated"}} times: 40 method_name: run timeout: 0 duration: None cls:
2019-06-04 21:23:32.041 26584 RALLYDEBUG rally.task.runner [-] Starting a worker. concurrency: 2 args: {"network_create_args": {}, "port_create_args": {}, "ports_per_network": 5, "port_update_args": {"admin_state_up": false, "device_id": "dummy_id", "device_owner": "dummy_owner", "name": "_port_updated"}} times: 40 method_name: run timeout: 0 duration: None cls:
2019-06-04 21:23:32.043 26581 INFO rally.task.runner [-] Task d10742e5-6a27-41be-b9b8-ea7d58457a2e | ITER: 3 START
2019-06-04 21:23:32.043 26582 INFO rally.task.runner [-] Task d10742e5-6a27-41be-b9b8-ea7d58457a2e | ITER: 2 START
2019-06-04 21:23:32.044 26581 WARNING rally_openstack.scenarios.neutron.utils [-] Running this scenario without either the 'network' or 'existing_network' context is deprecated
2019-06-04 21:23:32.044 26582 INFO rally.task.runner [-] Task d10742e5-6a27-41be-b9b8-ea7d58457a2e | ITER: 4 START
2019-06-04 21:23:32.046 26582 WARNING rally_openstack.scenarios.neutron.utils [-] Running this scenario without either the 'network' or 'existing_network' context is deprecated
2019-06-04 21:23:32.045 26585 RALLYDEBUG rally.task.runner [-] Starting a worker. concurrency: 1 args: {"network_create_args": {}, "port_create_args": {}, "ports_per_network": 5, "port_update_args": {"admin_state_up": false, "device_id": "dummy_id", "device_owner": "dummy_owner", "name": "_port_updated"}} times: 40 method_name: run timeout: 0 duration: None cls:
2019-06-04 21:23:32.047 26583 INFO rally.task.runner [-] Task d10742e5-6a27-41be-b9b8-ea7d58457a2e | ITER: 6 START
2019-06-04 21:23:32.048 26588 RALLYDEBUG rally.task.runner [-] Starting a worker. concurrency: 1 args: {"network_create_args": {}, "port_create_args": {}, "ports_per_network": 5, "port_update_args": {"admin_state_up": false, "device_id": "dummy_id", "device_owner": "dummy_owner", "name": "_port_updated"}} times: 40 method_name: run timeout: 0 duration: None cls:
2019-06-04 21:23:32.048 26583 INFO rally.task.runner [-] Task d10742e5-6a27-41be-b9b8-ea7d58457a2e | ITER: 5 START
2019-06-04 21:23:32.050 26583 WARNING rally_openstack.scenarios.neutron.utils [-] Running this scenario without either the 'network' or 'existing_network' context is deprecated
2019-06-04 21:23:32.051 26584 INFO rally.task.runner [-] Task d10742e5-6a27-41be-b9b8-ea7d58457a2e | ITER: 7 START
2019-06-04 21:23:32.046 26582 WARNING rally_openstack.scenarios.neutron.utils [-] Running this scenario without either the 'network' or 'existing_network' context is deprecated
2019-06-04 21:23:32.051 26583 WARNING rally_openstack.scenarios.neutron.utils [-] Running this scenario without either the 'network' or 'existing_network' context is deprecated
2019-06-04 21:23:32.053 26585 INFO rally.task.runner [-] Task d10742e5-6a27-41be-b9b8-ea7d58457a2e | ITER: 9 START
2019-06-04 21:23:32.054 26584 WARNING rally_openstack.scenarios.neutron.utils [-] Running this scenario without either the 'network' or 'existing_network' context is deprecated
2019-06-04 21:23:32.052 26581 INFO rally.task.runner [-] Task d10742e5-6a27-41be-b9b8-ea7d58457a2e | ITER: 1 START
2019-06-04 21:23:32.054 26595 RALLYDEBUG rally.task.runner [-] Starting a worker. concurrency: 1 args: {"network_create_args": {}, "port_create_args": {}, "ports_per_network": 5, "port_update_args": {"admin_state_up": false, "device_id": "dummy_id", "device_owner": "dummy_owner", "name": "_port_updated"}} times: 40 method_name: run timeout: 0 duration: None cls:
2019-06-04 21:23:32.055 26581 WARNING rally_openstack.scenarios.neutron.utils [-] Running this scenario without either the 'network' or 'existing_network' context is deprecated
2019-06-04 21:23:32.055 26585 WARNING rally_openstack.scenarios.neutron.utils [-] Running this scenario without either the 'network' or 'existing_network' context is deprecated
2019-06-04 21:23:32.055 26588 INFO rally.task.runner [-] Task d10742e5-6a27-41be-b9b8-ea7d58457a2e | ITER: 10 START
2019-06-04 21:23:32.055 26598 RALLYDEBUG rally.task.runner [-] Starting a worker. concurrency: 1 args: {"network_create_args": {}, "port_create_args": {}, "ports_per_network": 5, "port_update_args": {"admin_state_up": false, "device_id": "dummy_id", "device_owner": "dummy_owner", "name": "_port_updated"}} times: 40 method_name: run timeout: 0 duration: None cls:
2019-06-04 21:23:32.054 26584 INFO rally.task.runner [-] Task d10742e5-6a27-41be-b9b8-ea7d58457a2e | ITER: 8 START
2019-06-04 21:23:32.057 26588 WARNING rally_openstack.scenarios.neutron.utils [-] Running this scenario without either the 'network' or 'existing_network' context is deprecated
2019-06-04 21:23:32.061 26595 INFO rally.task.runner [-] Task d10742e5-6a27-41be-b9b8-ea7d58457a2e | ITER: 11 START
2019-06-04 21:23:32.057 26584 WARNING rally_openstack.scenarios.neutron.utils [-] Running this scenario without either the 'network' or 'existing_network' context is deprecated
2019-06-04 21:23:32.061 26603 RALLYDEBUG rally.task.runner [-] Starting a worker. concurrency: 1 args: {"network_create_args": {}, "port_create_args": {}, "ports_per_network": 5, "port_update_args": {"admin_state_up": false, "device_id": "dummy_id", "device_owner": "dummy_owner", "name": "_port_updated"}} times: 40 method_name: run timeout: 0 duration: None cls:
2019-06-04 21:23:32.063 26595 WARNING rally_openstack.scenarios.neutron.utils [-] Running this scenario without either the 'network' or 'existing_network' context is deprecated
2019-06-04 21:23:32.064 26598 INFO rally.task.runner [-] Task d10742e5-6a27-41be-b9b8-ea7d58457a2e | ITER: 12 START
2019-06-04 21:23:32.066 26598 WARNING rally_openstack.scenarios.neutron.utils [-] Running this scenario without either the 'network' or 'existing_network' context is deprecated
2019-06-04 21:23:32.065 26606 RALLYDEBUG rally.task.runner [-] Starting a worker. concurrency: 1 args: {"network_create_args": {}, "port_create_args": {}, "ports_per_network": 5, "port_update_args": {"admin_state_up": false, "device_id": "dummy_id", "device_owner": "dummy_owner", "name": "_port_updated"}} times: 40 method_name: run timeout: 0 duration: None cls:
2019-06-04 21:23:32.069 26603 INFO rally.task.runner [-] Task d10742e5-6a27-41be-b9b8-ea7d58457a2e | ITER: 13 START
2019-06-04 21:23:32.071 26603 WARNING rally_openstack.scenarios.neutron.utils [-] Running this scenario without either the 'network' or 'existing_network' context is deprecated
2019-06-04 21:23:32.073 26606 INFO rally.task.runner [-] Task d10742e5-6a27-41be-b9b8-ea7d58457a2e | ITER: 14 START
2019-06-04 21:23:32.073 26611 RALLYDEBUG rally.task.runner [-] Starting a worker. concurrency: 1 args: {"network_create_args": {}, "port_create_args": {}, "ports_per_network": 5, "port_update_args": {"admin_state_up": false, "device_id": "dummy_id", "device_owner": "dummy_owner", "name": "_port_updated"}} times: 40 method_name: run timeout: 0 duration: None cls:
2019-06-04 21:23:32.075 26606 WARNING rally_openstack.scenarios.neutron.utils [-] Running this scenario without either the 'network' or 'existing_network' context is deprecated
2019-06-04 21:23:32.079 26611 INFO rally.task.runner [-] Task d10742e5-6a27-41be-b9b8-ea7d58457a2e | ITER: 15 START
2019-06-04 21:23:32.081 26611 WARNING rally_openstack.scenarios.neutron.utils [-] Running this scenario without either the 'network' or 'existing_network' context is deprecated
2019-06-04 21:23:32.086 26618 RALLYDEBUG rally.task.runner [-] Starting a worker. concurrency: 1 args: {"network_create_args": {}, "port_create_args": {}, "ports_per_network": 5, "port_update_args": {"admin_state_up": false, "device_id": "dummy_id", "device_owner": "dummy_owner", "name": "_port_updated"}} times: 40 method_name: run timeout: 0 duration: None cls:
2019-06-04 21:23:32.093 26618 INFO rally.task.runner [-] Task d10742e5-6a27-41be-b9b8-ea7d58457a2e | ITER: 16 START
2019-06-04 21:23:32.095 26618 WARNING rally_openstack.scenarios.neutron.utils [-] Running this scenario without either the 'network' or 'existing_network' context is deprecated
2019-06-04 21:23:32.100 26619 RALLYDEBUG rally.task.runner [-] Starting a worker. concurrency: 1 args: {"network_create_args": {}, "port_create_args": {}, "ports_per_network": 5, "port_update_args": {"admin_state_up": false, "device_id": "dummy_id", "device_owner": "dummy_owner", "name": "_port_updated"}} times: 40 method_name: run timeout: 0 duration: None cls:
2019-06-04 21:23:32.100 26622 RALLYDEBUG rally.task.runner [-] Starting a worker. concurrency: 1 args: {"network_create_args": {}, "port_create_args": {}, "ports_per_network": 5, "port_update_args": {"admin_state_up": false, "device_id": "dummy_id", "device_owner": "dummy_owner", "name": "_port_updated"}} times: 40 method_name: run timeout: 0 duration: None cls:
2019-06-04 21:23:32.105 26619 INFO rally.task.runner [-] Task d10742e5-6a27-41be-b9b8-ea7d58457a2e | ITER: 17 START
2019-06-04 21:23:32.107 26619 WARNING rally_openstack.scenarios.neutron.utils [-] Running this scenario without either the 'network' or 'existing_network' context is deprecated
2019-06-04 21:23:32.106 26622 INFO rally.task.runner [-] Task d10742e5-6a27-41be-b9b8-ea7d58457a2e | ITER: 18 START
2019-06-04 21:23:32.107 26623 RALLYDEBUG rally.task.runner [-] Starting a worker. concurrency: 1 args: {"network_create_args": {}, "port_create_args": {}, "ports_per_network": 5, "port_update_args": {"admin_state_up": false, "device_id": "dummy_id", "device_owner": "dummy_owner", "name": "_port_updated"}} times: 40 method_name: run timeout: 0 duration: None cls:
2019-06-04 21:23:32.108 26622 WARNING rally_openstack.scenarios.neutron.utils [-] Running this scenario without either the 'network' or 'existing_network' context is deprecated
2019-06-04 21:23:32.112 26623 INFO rally.task.runner [-] Task d10742e5-6a27-41be-b9b8-ea7d58457a2e | ITER: 19 START
2019-06-04 21:23:32.112 26628 RALLYDEBUG rally.task.runner [-] Starting a worker. concurrency: 1 args: {"network_create_args": {}, "port_create_args": {}, "ports_per_network": 5, "port_update_args": {"admin_state_up": false, "device_id": "dummy_id", "device_owner": "dummy_owner", "name": "_port_updated"}} times: 40 method_name: run timeout: 0 duration: None cls:
2019-06-04 21:23:32.113 26623 WARNING rally_openstack.scenarios.neutron.utils [-] Running this scenario without either the 'network' or 'existing_network' context is deprecated
2019-06-04 21:23:32.116 26628 INFO rally.task.runner [-] Task d10742e5-6a27-41be-b9b8-ea7d58457a2e | ITER: 20 START
2019-06-04 21:23:32.117 26628 WARNING rally_openstack.scenarios.neutron.utils [-] Running this scenario without either the 'network' or 'existing_network' context is deprecated
2019-06-04 21:23:45.585 26582 INFO rally.task.runner [-] Task d10742e5-6a27-41be-b9b8-ea7d58457a2e | ITER: 4 END: OK
2019-06-04 21:23:45.591 26582 INFO rally.task.runner [-] Task d10742e5-6a27-41be-b9b8-ea7d58457a2e | ITER: 21 START
2019-06-04 21:23:45.591 26582 WARNING rally_openstack.scenarios.neutron.utils [-] Running this scenario without either the 'network' or 'existing_network' context is deprecated
2019-06-04 21:23:46.394 26581 INFO rally.task.runner [-] Task d10742e5-6a27-41be-b9b8-ea7d58457a2e | ITER: 3 END: OK
2019-06-04 21:23:46.400 26581 INFO rally.task.runner [-] Task d10742e5-6a27-41be-b9b8-ea7d58457a2e | ITER: 22 START
2019-06-04 21:23:46.400 26581 WARNING rally_openstack.scenarios.neutron.utils [-] Running this scenario without either the 'network' or 'existing_network' context is deprecated
2019-06-04 21:23:46.484 26628 INFO rally.task.runner [-] Task d10742e5-6a27-41be-b9b8-ea7d58457a2e | ITER: 20 END: OK
2019-06-04 21:23:46.488 26628 INFO rally.task.runner [-] Task d10742e5-6a27-41be-b9b8-ea7d58457a2e | ITER: 23 START
2019-06-04 21:23:46.489 26628 WARNING rally_openstack.scenarios.neutron.utils [-] Running this scenario without either the 'network' or 'existing_network' context is deprecated
2019-06-04 21:23:46.700 26598 INFO rally.task.runner [-] Task d10742e5-6a27-41be-b9b8-ea7d58457a2e | ITER: 12 END: OK
2019-06-04 21:23:46.704 26598 INFO rally.task.runner [-] Task d10742e5-6a27-41be-b9b8-ea7d58457a2e | ITER: 24 START
2019-06-04 21:23:46.705 26598 WARNING rally_openstack.scenarios.neutron.utils [-] Running this scenario without either the 'network' or 'existing_network' context is deprecated
2019-06-04 21:23:46.822 26585 INFO rally.task.runner [-] Task d10742e5-6a27-41be-b9b8-ea7d58457a2e | ITER: 9 END: OK
2019-06-04 21:23:46.827 26585 INFO rally.task.runner [-] Task d10742e5-6a27-41be-b9b8-ea7d58457a2e | ITER: 25 START
2019-06-04 21:23:46.827 26585 WARNING rally_openstack.scenarios.neutron.utils [-] Running this scenario without either the 'network' or 'existing_network' context is deprecated
2019-06-04 21:23:46.865 26606 INFO rally.task.runner [-] Task d10742e5-6a27-41be-b9b8-ea7d58457a2e | ITER: 14 END: OK
2019-06-04 21:23:46.869 26606 INFO rally.task.runner [-] Task d10742e5-6a27-41be-b9b8-ea7d58457a2e | ITER: 26 START
2019-06-04 21:23:46.869 26606 WARNING rally_openstack.scenarios.neutron.utils [-] Running this scenario without either the 'network' or 'existing_network' context is deprecated
2019-06-04 21:23:47.060 26618 INFO rally.task.runner [-] Task d10742e5-6a27-41be-b9b8-ea7d58457a2e | ITER: 16 END: OK
2019-06-04 21:23:47.063 26618 INFO rally.task.runner [-] Task d10742e5-6a27-41be-b9b8-ea7d58457a2e | ITER: 27 START
2019-06-04 21:23:47.064 26618 WARNING rally_openstack.scenarios.neutron.utils [-] Running this scenario without either the 'network' or 'existing_network' context is deprecated
2019-06-04 21:23:47.164 26622 INFO rally.task.runner [-] Task d10742e5-6a27-41be-b9b8-ea7d58457a2e | ITER: 18 END: OK
2019-06-04 21:23:47.168 26622 INFO rally.task.runner [-] Task d10742e5-6a27-41be-b9b8-ea7d58457a2e | ITER: 28 START
2019-06-04 21:23:47.169 26622 WARNING rally_openstack.scenarios.neutron.utils [-] Running this scenario without either the 'network' or 'existing_network' context is deprecated
2019-06-04 21:23:47.266 26583 INFO rally.task.runner [-] Task d10742e5-6a27-41be-b9b8-ea7d58457a2e | ITER: 5 END: OK
2019-06-04 21:23:47.270 26583 INFO rally.task.runner [-] Task d10742e5-6a27-41be-b9b8-ea7d58457a2e | ITER: 29 START
2019-06-04 21:23:47.271 26583 WARNING rally_openstack.scenarios.neutron.utils [-] Running this scenario without either the 'network' or 'existing_network' context is deprecated
2019-06-04 21:23:47.301 26582 INFO rally.task.runner [-] Task d10742e5-6a27-41be-b9b8-ea7d58457a2e | ITER: 2 END: OK
2019-06-04 21:23:47.304 26582 INFO rally.task.runner [-] Task d10742e5-6a27-41be-b9b8-ea7d58457a2e | ITER: 30 START
2019-06-04 21:23:47.305 26582 WARNING rally_openstack.scenarios.neutron.utils [-] Running this scenario without either the 'network' or 'existing_network' context is deprecated
2019-06-04 21:23:47.317 26619 INFO rally.task.runner [-] Task d10742e5-6a27-41be-b9b8-ea7d58457a2e | ITER: 17 END: OK
2019-06-04 21:23:47.321 26619 INFO rally.task.runner [-] Task d10742e5-6a27-41be-b9b8-ea7d58457a2e | ITER: 31 START
2019-06-04 21:23:47.322 26619 WARNING rally_openstack.scenarios.neutron.utils [-] Running this scenario without either the 'network' or 'existing_network' context is deprecated
2019-06-04 21:23:47.409 26584 INFO rally.task.runner [-] Task d10742e5-6a27-41be-b9b8-ea7d58457a2e | ITER: 7 END: OK
2019-06-04 21:23:47.414 26584 INFO rally.task.runner [-] Task d10742e5-6a27-41be-b9b8-ea7d58457a2e | ITER: 32 START
2019-06-04 21:23:47.414 26584 WARNING rally_openstack.scenarios.neutron.utils [-] Running this scenario without either the 'network' or 'existing_network' context is deprecated
2019-06-04 21:23:47.469 26595 INFO rally.task.runner [-] Task d10742e5-6a27-41be-b9b8-ea7d58457a2e | ITER: 11 END: OK
2019-06-04 21:23:47.473 26595 INFO rally.task.runner [-] Task d10742e5-6a27-41be-b9b8-ea7d58457a2e | ITER: 33 START
2019-06-04 21:23:47.474 26595 WARNING rally_openstack.scenarios.neutron.utils [-] Running this scenario without either the 'network' or 'existing_network' context is deprecated
2019-06-04 21:23:47.702 26588 INFO rally.task.runner [-] Task d10742e5-6a27-41be-b9b8-ea7d58457a2e | ITER: 10 END: OK
2019-06-04 21:23:47.705 26588 INFO rally.task.runner [-] Task d10742e5-6a27-41be-b9b8-ea7d58457a2e | ITER: 34 START
2019-06-04 21:23:47.706 26588 WARNING rally_openstack.scenarios.neutron.utils [-] Running this scenario without either the 'network' or 'existing_network' context is deprecated
2019-06-04 21:23:47.821 26603 INFO rally.task.runner [-] Task d10742e5-6a27-41be-b9b8-ea7d58457a2e | ITER: 13 END: OK
2019-06-04 21:23:47.824 26611 INFO rally.task.runner [-] Task d10742e5-6a27-41be-b9b8-ea7d58457a2e | ITER: 15 END: OK
2019-06-04 21:23:47.824 26603 INFO rally.task.runner [-] Task d10742e5-6a27-41be-b9b8-ea7d58457a2e | ITER: 35 START
2019-06-04 21:23:47.825 26603 WARNING rally_openstack.scenarios.neutron.utils [-] Running this scenario without either the 'network' or 'existing_network' context is deprecated
2019-06-04 21:23:47.827 26611 INFO rally.task.runner [-] Task d10742e5-6a27-41be-b9b8-ea7d58457a2e | ITER: 36 START
2019-06-04 21:23:47.828 26611 WARNING rally_openstack.scenarios.neutron.utils [-] Running this scenario without either the 'network' or 'existing_network' context is deprecated
2019-06-04 21:23:48.241 26623 INFO rally.task.runner [-] Task d10742e5-6a27-41be-b9b8-ea7d58457a2e | ITER: 19 END: OK
2019-06-04 21:23:48.245 26623 INFO rally.task.runner [-] Task d10742e5-6a27-41be-b9b8-ea7d58457a2e | ITER: 37 START
2019-06-04 21:23:48.246 26623 WARNING rally_openstack.scenarios.neutron.utils [-] Running this scenario without either the 'network' or 'existing_network' context is deprecated
2019-06-04 21:23:48.568 26584 INFO rally.task.runner [-] Task d10742e5-6a27-41be-b9b8-ea7d58457a2e | ITER: 8 END: OK
2019-06-04 21:23:48.572 26584 INFO rally.task.runner [-] Task d10742e5-6a27-41be-b9b8-ea7d58457a2e | ITER: 38 START
2019-06-04 21:23:48.572 26584 WARNING rally_openstack.scenarios.neutron.utils [-] Running this scenario without either the 'network' or 'existing_network' context is deprecated
2019-06-04 21:23:49.265 26581 INFO rally.task.runner [-] Task d10742e5-6a27-41be-b9b8-ea7d58457a2e | ITER: 1 END: OK
2019-06-04 21:23:49.269 26581 INFO rally.task.runner [-] Task d10742e5-6a27-41be-b9b8-ea7d58457a2e | ITER: 39 START
2019-06-04 21:23:49.270 26581 WARNING rally_openstack.scenarios.neutron.utils [-] Running this scenario without either the 'network' or 'existing_network' context is deprecated
2019-06-04 21:23:49.886 26583 INFO rally.task.runner [-] Task d10742e5-6a27-41be-b9b8-ea7d58457a2e | ITER: 6 END: OK
2019-06-04 21:23:49.891 26583 INFO rally.task.runner [-] Task d10742e5-6a27-41be-b9b8-ea7d58457a2e | ITER: 40 START
2019-06-04 21:23:49.891 26583 WARNING rally_openstack.scenarios.neutron.utils [-] Running this scenario without either the 'network' or 'existing_network' context is deprecated
2019-06-04 21:23:58.871 26582 INFO rally.task.runner [-] Task d10742e5-6a27-41be-b9b8-ea7d58457a2e | ITER: 21 END: OK
2019-06-04 21:24:00.204 26606 INFO rally.task.runner [-] Task d10742e5-6a27-41be-b9b8-ea7d58457a2e | ITER: 26 END: OK
2019-06-04 21:24:00.346 26622 INFO rally.task.runner [-] Task d10742e5-6a27-41be-b9b8-ea7d58457a2e | ITER: 28 END: OK
2019-06-04 21:24:00.685 26584 INFO rally.task.runner [-] Task d10742e5-6a27-41be-b9b8-ea7d58457a2e | ITER: 32 END: OK
2019-06-04 21:24:00.690 26581 INFO rally.task.runner [-] Task d10742e5-6a27-41be-b9b8-ea7d58457a2e | ITER: 22 END: OK
2019-06-04 21:24:01.150 26628 INFO rally.task.runner [-] Task d10742e5-6a27-41be-b9b8-ea7d58457a2e | ITER: 23 END: OK
2019-06-04 21:24:01.248 26582 INFO rally.task.runner [-] Task d10742e5-6a27-41be-b9b8-ea7d58457a2e | ITER: 30 END: OK
2019-06-04 21:24:01.262 26583 INFO rally.task.runner [-] Task d10742e5-6a27-41be-b9b8-ea7d58457a2e | ITER: 29 END: OK
2019-06-04 21:24:01.559 26585 INFO rally.task.runner [-] Task d10742e5-6a27-41be-b9b8-ea7d58457a2e | ITER: 25 END: OK
2019-06-04 21:24:01.692 26595 INFO rally.task.runner [-] Task d10742e5-6a27-41be-b9b8-ea7d58457a2e | ITER: 33 END: OK
2019-06-04 21:24:01.739 26581 INFO rally.task.runner [-] Task d10742e5-6a27-41be-b9b8-ea7d58457a2e | ITER: 39 END: OK
2019-06-04 21:24:01.752 26619 INFO rally.task.runner [-] Task d10742e5-6a27-41be-b9b8-ea7d58457a2e | ITER: 31 END: OK
2019-06-04 21:24:01.842 26603 INFO rally.task.runner [-] Task d10742e5-6a27-41be-b9b8-ea7d58457a2e | ITER: 35 END: OK
2019-06-04 21:24:02.264 26618 INFO rally.task.runner [-] Task d10742e5-6a27-41be-b9b8-ea7d58457a2e | ITER: 27 END: OK
2019-06-04 21:24:02.517 26623 INFO rally.task.runner [-] Task d10742e5-6a27-41be-b9b8-ea7d58457a2e | ITER: 37 END: OK
2019-06-04 21:24:02.706 26598 INFO rally.task.runner [-] Task d10742e5-6a27-41be-b9b8-ea7d58457a2e | ITER: 24 END: OK
2019-06-04 21:24:03.024 26583 INFO rally.task.runner [-] Task d10742e5-6a27-41be-b9b8-ea7d58457a2e | ITER: 40 END: OK
2019-06-04 21:24:03.096 26588 INFO rally.task.runner [-] Task d10742e5-6a27-41be-b9b8-ea7d58457a2e | ITER: 34 END: OK
2019-06-04 21:24:03.582 26611 INFO rally.task.runner [-] Task d10742e5-6a27-41be-b9b8-ea7d58457a2e | ITER: 36 END: OK
2019-06-04 21:24:03.698 26584 INFO rally.task.runner [-] Task d10742e5-6a27-41be-b9b8-ea7d58457a2e | ITER: 38 END: OK
2019-06-04 21:24:03.724 22705 INFO rally.task.context [-] Task d10742e5-6a27-41be-b9b8-ea7d58457a2e | Context cleanup@openstack cleanup() started
2019-06-04 21:24:03.727 22705 RALLYDEBUG rally_openstack.cleanup.manager [-] Cleaning up neutron vip objects
2019-06-04 21:24:04.384 22705 RALLYDEBUG rally_openstack.cleanup.manager [-] Cleaning up neutron health_monitor objects
2019-06-04 21:24:05.024 22705 RALLYDEBUG rally_openstack.cleanup.manager [-] Cleaning up neutron pool objects
2019-06-04 21:24:05.771 22705 RALLYDEBUG rally_openstack.cleanup.manager [-] Cleaning up neutron loadbalancer objects
2019-06-04 21:24:06.505 22705 RALLYDEBUG rally_openstack.cleanup.manager [-] Cleaning up neutron floatingip objects
2019-06-04 21:24:07.195 22705 RALLYDEBUG rally_openstack.cleanup.manager [-] Cleaning up neutron port objects
2019-06-04 21:24:08.636 22705 RALLYDEBUG rally_openstack.cleanup.manager [-] Deleting neutron.port object s_rally_b17805ea_jeR8hNeO (00b7e474-776b-4a84-9d27-95ddb69bae69)
2019-06-04 21:24:08.641 22705 RALLYDEBUG rally_openstack.cleanup.manager [-] Deleting neutron.port object s_rally_b17805ea_nDGs40lo (0b7d7ce6-7c2a-4b34-8345-201e3d39a81e)
2019-06-04 21:24:08.642 22705 RALLYDEBUG rally_openstack.cleanup.manager [-] Deleting neutron.port object s_rally_b17805ea_CuotXHwO (016d48c4-a8bf-459f-835f-84e224a0b610)
2019-06-04 21:24:08.643 22705 RALLYDEBUG rally_openstack.cleanup.manager [-] Deleting neutron.port object s_rally_b17805ea_k8ZAwe3R (029c5787-675d-4aa7-95c9-c4d76f38d78f)
2019-06-04 21:24:08.649 22705 RALLYDEBUG rally_openstack.cleanup.manager [-] Deleting neutron.port object s_rally_b17805ea_dVzdWji0 (04acfef3-45bb-4d7a-b69f-41ebcae98e40)
2019-06-04 21:24:08.650 22705 RALLYDEBUG rally_openstack.cleanup.manager [-] Deleting neutron.port object s_rally_b17805ea_h7SiOIaK (01e1681a-bf99-4498-b6e0-eb4fe03c05ce)
2019-06-04 21:24:08.651 22705 RALLYDEBUG rally_openstack.cleanup.manager [-] Deleting neutron.port object s_rally_b17805ea_UAZnoddQ (01bef0d0-ed7c-4dbd-9e67-d0c5912e35a7)
2019-06-04 21:24:08.648 22705 RALLYDEBUG rally_openstack.cleanup.manager [-] Deleting neutron.port object s_rally_b17805ea_482UvxqN (0b0b99ee-9829-427b-b887-f7643137b868)
2019-06-04 21:24:08.661 22705 RALLYDEBUG rally_openstack.cleanup.manager [-] Deleting neutron.port object s_rally_b17805ea_rFx4rknm (0d9db9df-66dd-4557-87cc-a78a9acf5506)
2019-06-04 21:24:08.663 22705 RALLYDEBUG rally_openstack.cleanup.manager [-] Deleting neutron.port object s_rally_b17805ea_uatla8e5 (052fcdd2-c36d-458d-b3c7-45613bf7dca8)
2019-06-04 21:24:08.664 22705 RALLYDEBUG rally_openstack.cleanup.manager [-] Deleting neutron.port object s_rally_b17805ea_vyt7DKJM (015e484d-2ed4-41b0-9fc5-8f25b87c6500)
2019-06-04 21:24:08.672 22705 RALLYDEBUG rally_openstack.cleanup.manager [-] Deleting neutron.port object s_rally_b17805ea_AxxYtWRk (0bbd2bda-06fd-4209-9ad2-15b3eb6f7a44)
2019-06-04 21:24:08.673 22705 RALLYDEBUG rally_openstack.cleanup.manager [-] Deleting neutron.port object s_rally_b17805ea_M2qbwYDW (0d234d01-c180-49b3-9afb-fe5d64f45139)
2019-06-04 21:24:08.674 22705 RALLYDEBUG rally_openstack.cleanup.manager [-] Deleting neutron.port object s_rally_b17805ea_CvgZrrqr (0242481f-5b15-4113-ae09-a637dc72f3c5)
2019-06-04 21:24:08.689 22705 RALLYDEBUG rally_openstack.cleanup.manager [-] Deleting neutron.port object s_rally_b17805ea_wdTtWMuG (14dd7dfe-ccad-485e-a10c-80eb3502ccef)
2019-06-04 21:24:08.690 22705 RALLYDEBUG rally_openstack.cleanup.manager [-] Deleting neutron.port object s_rally_b17805ea_cv8wjdBf (0db6744e-6f67-4b09-bfe3-c893738edafb)
2019-06-04 21:24:08.696 22705 RALLYDEBUG rally_openstack.cleanup.manager [-] Deleting neutron.port object s_rally_b17805ea_eoqk74Pu (155247d9-f33b-4e38-af30-7705b1c9d985)
2019-06-04 21:24:08.708 22705 RALLYDEBUG rally_openstack.cleanup.manager [-] Deleting neutron.port object s_rally_b17805ea_ToLKqY7i (1915e098-ba1a-4c73-a202-909e9787681d)
2019-06-04 21:24:08.739 22705 RALLYDEBUG rally_openstack.cleanup.manager [-] Deleting neutron.port object s_rally_b17805ea_CfO5gFty (1b1d7750-7fff-4eba-ba04-52313ce39d32)
2019-06-04 21:24:08.743 22705 RALLYDEBUG rally_openstack.cleanup.manager [-] Deleting neutron.port object s_rally_b17805ea_r87u9eE3 (1aef9608-d12a-41bd-bc00-d96049cb383d)
2019-06-04 21:24:11.400 22705 RALLYDEBUG rally_openstack.cleanup.manager [-] Deleting neutron.port object s_rally_b17805ea_97drGbic (1bbc4c99-00e7-4a1f-8f7d-4bd523867c00)
2019-06-04 21:24:11.407 22705 RALLYDEBUG rally_openstack.cleanup.manager [-] Deleting neutron.port object s_rally_b17805ea_YCtUxrJV (1c15c4d6-167a-4804-acf8-152b9cf8bb60)
2019-06-04 21:24:11.425 22705 RALLYDEBUG rally_openstack.cleanup.manager [-] Deleting neutron.port object s_rally_b17805ea_3ZIsmNNv (1ca907d5-3bfa-4124-acc3-59d4afdcc9d0)
2019-06-04 21:24:11.457 22705 RALLYDEBUG rally_openstack.cleanup.manager [-] Deleting neutron.port object s_rally_b17805ea_Z3RESkO1 (1f73a0a3-544f-423d-b32c-806562b5fb35)
2019-06-04 21:24:11.477 22705 RALLYDEBUG rally_openstack.cleanup.manager [-] Deleting neutron.port object s_rally_b17805ea_CdZUjQlI (27e6a4c2-73cf-443a-95f0-46e397357931)
2019-06-04 21:24:11.502 22705 RALLYDEBUG rally_openstack.cleanup.manager [-] Deleting neutron.port object s_rally_b17805ea_OffySgwH (2939d065-2d74-4c56-b8bb-f824ed4b594f)
2019-06-04 21:24:11.619 22705 RALLYDEBUG rally_openstack.cleanup.manager [-] Deleting neutron.port object s_rally_b17805ea_vej4CcHw (296262a7-2307-416e-85bd-902dab25b5d8)
2019-06-04 21:24:11.650 22705 RALLYDEBUG rally_openstack.cleanup.manager [-] Deleting neutron.port object s_rally_b17805ea_wW21subc (2aa826af-57df-4667-a7bc-baed038a58b2)
2019-06-04 21:24:11.659 22705 RALLYDEBUG rally_openstack.cleanup.manager [-] Deleting neutron.port object s_rally_b17805ea_LYhjA7DF (2c7185b5-01f6-41c5-b832-566a125bcf17)
2019-06-04 21:24:11.682 22705 RALLYDEBUG rally_openstack.cleanup.manager [-] Deleting neutron.port object s_rally_b17805ea_wbhxAHT3 (2d035577-67e0-4f43-ac28-e11f99af980a)
2019-06-04 21:24:11.682 22705 RALLYDEBUG rally_openstack.cleanup.manager [-] Deleting neutron.port object s_rally_b17805ea_LB2GBGXz (2c99942f-c691-40c6-bba5-ee74642096d5)
2019-06-04 21:24:11.695 22705 RALLYDEBUG rally_openstack.cleanup.manager [-] Deleting neutron.port object s_rally_b17805ea_rUsqXcZO (2e1536a6-84be-41f4-932d-426581952f92)
2019-06-04 21:24:11.695 22705 RALLYDEBUG rally_openstack.cleanup.manager [-] Deleting neutron.port object s_rally_b17805ea_KJ8Yq2DQ (2dd07b8f-ad80-4051-ab2c-a2c7c2cc2d5a)
2019-06-04 21:24:11.746 22705 RALLYDEBUG rally_openstack.cleanup.manager [-] Deleting neutron.port object s_rally_b17805ea_3stkMSlb (2e1cd678-0186-4e66-abc1-e24ece82200f)
2019-06-04 21:24:11.775 22705 RALLYDEBUG rally_openstack.cleanup.manager [-] Deleting neutron.port object s_rally_b17805ea_soskzWEv (305e93f3-47ae-4e73-b698-17da0d4bea45)
2019-06-04 21:24:11.813 22705 RALLYDEBUG rally_openstack.cleanup.manager [-] Deleting neutron.port object s_rally_b17805ea_HZBDa4xK (3131e316-5f32-49f5-bc2e-e1d444c9ba9a)
2019-06-04 21:24:11.889 22705 RALLYDEBUG rally_openstack.cleanup.manager [-] Deleting neutron.port object s_rally_b17805ea_fsFcXB99 (32751876-b95c-4aae-a430-a934d2de407f)
2019-06-04 21:24:11.926 22705 RALLYDEBUG rally_openstack.cleanup.manager [-] Deleting neutron.port object s_rally_b17805ea_STu2oURW (33d3e683-cf2e-4159-b830-a1cabcc133e2)
2019-06-04 21:24:12.021 22705 RALLYDEBUG rally_openstack.cleanup.manager [-] Deleting neutron.port object s_rally_b17805ea_22n5MggM (34a957c5-1b27-4a25-8e12-8aad7a9da1af)
2019-06-04 21:24:13.028 22705 RALLYDEBUG rally_openstack.cleanup.manager [-] Deleting neutron.port object s_rally_b17805ea_OMN739fG (34cb92cb-38b3-4611-b4e2-e8f1ca90eb17)
2019-06-04 21:24:13.801 22705 RALLYDEBUG rally_openstack.cleanup.manager [-] Deleting neutron.port object s_rally_b17805ea_ublpFdUr (34e6c0e7-2b8d-4116-bdfb-af158db8fec6)
2019-06-04 21:24:13.934 22705 RALLYDEBUG rally_openstack.cleanup.manager [-] Deleting neutron.port object s_rally_b17805ea_AQjTeLx3 (363d83bd-90c0-4d32-8448-898b44a84a18)
2019-06-04 21:24:14.053 22705 RALLYDEBUG rally_openstack.cleanup.manager [-] Deleting neutron.port object s_rally_b17805ea_KXK8tPQX (38342daa-a611-46ad-9710-704611de1910)
2019-06-04 21:24:14.219 22705 RALLYDEBUG rally_openstack.cleanup.manager [-] Deleting neutron.port object s_rally_b17805ea_eI3ywE9T (38e263b1-ed73-4c3e-8200-f099525d9588)
2019-06-04 21:24:14.287 22705 RALLYDEBUG rally_openstack.cleanup.manager [-] Deleting neutron.port object s_rally_b17805ea_y0xkSuLL (3afa765e-3e57-4754-8596-be4e3a54f4d0)
2019-06-04 21:24:14.307 22705 RALLYDEBUG rally_openstack.cleanup.manager [-] Deleting neutron.port object s_rally_b17805ea_PgCuwV0l (3bd54c4b-38b4-4988-a782-516652a1c7a4)
2019-06-04 21:24:14.338 22705 RALLYDEBUG rally_openstack.cleanup.manager [-] Deleting neutron.port object s_rally_b17805ea_cdnP4qR3 (4027cd31-be67-4ce0-b1f0-59c3eadf5490)
2019-06-04 21:24:14.361 22705 RALLYDEBUG rally_openstack.cleanup.manager [-] Deleting neutron.port object s_rally_b17805ea_lLiSakTc (40b184ca-be79-405c-9b77-bc6e91c0857f)
2019-06-04 21:24:14.387 22705 RALLYDEBUG rally_openstack.cleanup.manager [-] Deleting neutron.port object s_rally_b17805ea_M8nO0mV9 (40bb6aa6-b32b-4451-b25a-11743fb7616c)
2019-06-04 21:24:14.395 22705 RALLYDEBUG rally_openstack.cleanup.manager [-] Deleting neutron.port object s_rally_b17805ea_C3EVcXYs (41646f5f-5a26-4460-85fe-2e8777cae556)
2019-06-04 21:24:14.406 22705 RALLYDEBUG rally_openstack.cleanup.manager [-] Deleting neutron.port object s_rally_b17805ea_2Gtf42iU (435649b2-e1e1-4247-9178-e17d9700c82e)
2019-06-04 21:24:14.411 22705 RALLYDEBUG rally_openstack.cleanup.manager [-] Deleting neutron.port object s_rally_b17805ea_PyKATrAB (43edd30c-07df-4f26-b71e-b8a578b9b5ff)
2019-06-04 21:24:14.424 22705 RALLYDEBUG rally_openstack.cleanup.manager [-] Deleting neutron.port object s_rally_b17805ea_ETb075sZ (440d36dc-897f-4a0b-a621-f1eb79c02edd)
2019-06-04 21:24:14.442 22705 RALLYDEBUG rally_openstack.cleanup.manager [-] Deleting neutron.port object s_rally_b17805ea_sH0FjZqa (44524799-088c-4b06-9ecc-0262bda60ae7)
2019-06-04 21:24:14.483 22705 RALLYDEBUG rally_openstack.cleanup.manager [-] Deleting neutron.port object s_rally_b17805ea_3ZHecTKB (458dafec-db34-41b2-9cfa-d9974da93129)
2019-06-04 21:24:14.497 22705 RALLYDEBUG rally_openstack.cleanup.manager [-] Deleting neutron.port object s_rally_b17805ea_z6sfz3ea (45e35ddb-c82c-4ec4-839a-1aa22f6d83b6)
2019-06-04 21:24:14.575 22705 RALLYDEBUG rally_openstack.cleanup.manager [-] Deleting neutron.port object s_rally_b17805ea_UetWvTkX (46296a64-9e34-4ef4-9061-826e0894f0ac)
2019-06-04 21:24:14.705 22705 RALLYDEBUG rally_openstack.cleanup.manager [-] Deleting neutron.port object s_rally_b17805ea_6fEatyie (46564775-1256-4b24-8b05-2605c38a2718)
2019-06-04 21:24:14.891 22705 RALLYDEBUG rally_openstack.cleanup.manager [-] Deleting neutron.port object s_rally_b17805ea_j1vZLWhY (46a36608-0f50-4834-b428-62de3d86e5c6)
2019-06-04 21:24:15.336 22705 RALLYDEBUG rally_openstack.cleanup.manager [-] Deleting neutron.port object s_rally_b17805ea_xKPUcffj (4780056d-d147-4e53-95bc-26a1b9e2d539)
2019-06-04 21:24:15.966 22705 RALLYDEBUG rally_openstack.cleanup.manager [-] Deleting neutron.port object s_rally_b17805ea_clj1oobV (4a52c8ec-a61a-461a-be4b-38202f67a356)
2019-06-04 21:24:16.363 22705 RALLYDEBUG rally_openstack.cleanup.manager [-] Deleting neutron.port object s_rally_b17805ea_YPelyQqH (4bb0461c-9b36-4bfe-aa6c-677796e8419e)
2019-06-04 21:24:16.473 22705 RALLYDEBUG rally_openstack.cleanup.manager [-] Deleting neutron.port object s_rally_b17805ea_XQJ6cR94 (4c035aae-3fec-4406-b8d3-a2d450981061)
2019-06-04 21:24:16.617 22705 RALLYDEBUG rally_openstack.cleanup.manager [-] Deleting neutron.port object s_rally_b17805ea_f579S5Ga (4ce237dd-1044-4ec0-ab21-9a82e680d7d2)
2019-06-04 21:24:16.647 22705 RALLYDEBUG rally_openstack.cleanup.manager [-] Deleting neutron.port object s_rally_b17805ea_dbCEptAJ (4d75d220-a975-496b-9565-0bdcacac62a8)
2019-06-04 21:24:16.722 22705 RALLYDEBUG rally_openstack.cleanup.manager [-] Deleting neutron.port object s_rally_b17805ea_AI2DEZHc (4e22fa35-888b-4ea3-8802-3d3cc8d8bd81)
2019-06-04 21:24:16.853 22705 RALLYDEBUG rally_openstack.cleanup.manager [-] Deleting neutron.port object s_rally_b17805ea_IFjG8iXc (501d738c-f4bb-421f-8772-a154060d7192)
2019-06-04 21:24:16.950 22705 RALLYDEBUG rally_openstack.cleanup.manager [-] Deleting neutron.port object s_rally_b17805ea_XRTkdioX (5027d4e8-73bc-4276-8fe0-0ea21e35298b)
2019-06-04 21:24:16.995 22705 RALLYDEBUG rally_openstack.cleanup.manager [-] Deleting neutron.port object s_rally_b17805ea_t4zoZA7o (513f8cd2-3266-4e37-85d6-e0838f9941ef)
