2019-06-04 21:25:18.252 26952 WARNING rally_openstack.scenarios.neutron.utils [-] Running this scenario without either the 'network' or 'existing_network' context is deprecated
2019-06-04 21:25:18.303 26980 INFO rally.task.runner [-] Task d10742e5-6a27-41be-b9b8-ea7d58457a2e | ITER: 14 END: OK
2019-06-04 21:25:18.308 26980 INFO rally.task.runner [-] Task d10742e5-6a27-41be-b9b8-ea7d58457a2e | ITER: 40 START
2019-06-04 21:25:18.309 26980 WARNING rally_openstack.scenarios.neutron.utils [-] Running this scenario without either the 'network' or 'existing_network' context is deprecated
2019-06-04 21:25:26.645 26953 INFO rally.task.runner [-] Task d10742e5-6a27-41be-b9b8-ea7d58457a2e | ITER: 21 END: OK
2019-06-04 21:25:27.881 26951 INFO rally.task.runner [-] Task d10742e5-6a27-41be-b9b8-ea7d58457a2e | ITER: 27 END: OK
2019-06-04 21:25:28.168 26952 INFO rally.task.runner [-] Task d10742e5-6a27-41be-b9b8-ea7d58457a2e | ITER: 26 END: OK
2019-06-04 21:25:28.313 26977 INFO rally.task.runner [-] Task d10742e5-6a27-41be-b9b8-ea7d58457a2e | ITER: 25 END: OK
2019-06-04 21:25:28.629 26951 INFO rally.task.runner [-] Task d10742e5-6a27-41be-b9b8-ea7d58457a2e | ITER: 22 END: OK
2019-06-04 21:25:28.791 26954 INFO rally.task.runner [-] Task d10742e5-6a27-41be-b9b8-ea7d58457a2e | ITER: 24 END: OK
2019-06-04 21:25:28.878 26953 INFO rally.task.runner [-] Task d10742e5-6a27-41be-b9b8-ea7d58457a2e | ITER: 23 END: OK
2019-06-04 21:25:29.759 26986 INFO rally.task.runner [-] Task d10742e5-6a27-41be-b9b8-ea7d58457a2e | ITER: 29 END: OK
2019-06-04 21:25:29.775 26998 INFO rally.task.runner [-] Task d10742e5-6a27-41be-b9b8-ea7d58457a2e | ITER: 30 END: OK
2019-06-04 21:25:30.044 26954 INFO rally.task.runner [-] Task d10742e5-6a27-41be-b9b8-ea7d58457a2e | ITER: 34 END: OK
2019-06-04 21:25:30.192 26983 INFO rally.task.runner [-] Task d10742e5-6a27-41be-b9b8-ea7d58457a2e | ITER: 28 END: OK
2019-06-04 21:25:30.641 26969 INFO rally.task.runner [-] Task d10742e5-6a27-41be-b9b8-ea7d58457a2e | ITER: 37 END: OK
2019-06-04 21:25:30.825 26992 INFO rally.task.runner [-] Task d10742e5-6a27-41be-b9b8-ea7d58457a2e | ITER: 38 END: OK
2019-06-04 21:25:30.886 26956 INFO rally.task.runner [-] Task d10742e5-6a27-41be-b9b8-ea7d58457a2e | ITER: 31 END: OK
2019-06-04 21:25:30.954 26991 INFO rally.task.runner [-] Task d10742e5-6a27-41be-b9b8-ea7d58457a2e | ITER: 35 END: OK
2019-06-04 21:25:31.056 26964 INFO rally.task.runner [-] Task d10742e5-6a27-41be-b9b8-ea7d58457a2e | ITER: 33 END: OK
2019-06-04 21:25:31.159 26980 INFO rally.task.runner [-] Task d10742e5-6a27-41be-b9b8-ea7d58457a2e | ITER: 40 END: OK
2019-06-04 21:25:31.215 26952 INFO rally.task.runner [-] Task d10742e5-6a27-41be-b9b8-ea7d58457a2e | ITER: 39 END: OK
2019-06-04 21:25:31.462 26995 INFO rally.task.runner [-] Task d10742e5-6a27-41be-b9b8-ea7d58457a2e | ITER: 32 END: OK
2019-06-04 21:25:32.451 26960 INFO rally.task.runner [-] Task d10742e5-6a27-41be-b9b8-ea7d58457a2e | ITER: 36 END: OK
2019-06-04 21:25:32.477 22705 INFO rally.task.context [-] Task d10742e5-6a27-41be-b9b8-ea7d58457a2e | Context cleanup@openstack cleanup() started
2019-06-04 21:25:32.479 22705 RALLYDEBUG rally_openstack.cleanup.manager [-] Cleaning up neutron vip objects
2019-06-04 21:25:33.218 22705 RALLYDEBUG rally_openstack.cleanup.manager [-] Cleaning up neutron health_monitor objects
2019-06-04 21:25:33.875 22705 RALLYDEBUG rally_openstack.cleanup.manager [-] Cleaning up neutron pool objects
2019-06-04 21:25:34.599 22705 RALLYDEBUG rally_openstack.cleanup.manager [-] Cleaning up neutron loadbalancer objects
2019-06-04 21:25:35.324 22705 RALLYDEBUG rally_openstack.cleanup.manager [-] Cleaning up neutron floatingip objects
2019-06-04 21:25:36.011 22705 RALLYDEBUG rally_openstack.cleanup.manager [-] Cleaning up neutron port objects
2019-06-04 21:25:36.813 22705 RALLYDEBUG rally_openstack.cleanup.manager [-] Cleaning up neutron subnet objects
2019-06-04 21:25:37.705 22705 RALLYDEBUG rally_openstack.cleanup.manager [-] Cleaning up neutron network objects
2019-06-04 21:25:38.815 22705 RALLYDEBUG rally_openstack.cleanup.manager [-] Deleting neutron.network object s_rally_688ae6da_KCNc8z2q (0c6dc644-b0db-4836-b05c-7062ec51da5d)
2019-06-04 21:25:38.817 22705 RALLYDEBUG rally_openstack.cleanup.manager [-] Deleting neutron.network object s_rally_688ae6da_FyMr0hQV (2d7c5385-3672-439e-8ca7-ac2e6541f337)
2019-06-04 21:25:38.819 22705 RALLYDEBUG rally_openstack.cleanup.manager [-] Deleting neutron.network object s_rally_688ae6da_e4O38wVR (130c62d9-8606-40b4-b7e4-fdc4c3d6e346)
2019-06-04 21:25:38.824 22705 RALLYDEBUG rally_openstack.cleanup.manager [-] Deleting neutron.network object s_rally_688ae6da_9mlHsohM (303714c6-06dd-4443-ba39-464d3b41a996)
2019-06-04 21:25:38.827 22705 RALLYDEBUG rally_openstack.cleanup.manager [-] Deleting neutron.network object s_rally_688ae6da_rl57Z06G (1ea65351-67a9-4255-a953-ee25038021d7)
2019-06-04 21:25:38.828 22705 RALLYDEBUG rally_openstack.cleanup.manager [-] Deleting neutron.network object s_rally_688ae6da_thWwUoZL (21a53805-e6b6-4a50-b5ca-b489d2755a5a)
2019-06-04 21:25:38.833 22705 RALLYDEBUG rally_openstack.cleanup.manager [-] Deleting neutron.network object s_rally_688ae6da_Wt0bd8kI (2be16b81-69d4-420a-9e79-a4f88994ee04)
2019-06-04 21:25:38.833 22705 RALLYDEBUG rally_openstack.cleanup.manager [-] Deleting neutron.network object s_rally_688ae6da_MEkDIQor (0b44d989-d972-4f64-b02b-7862aaaabf03)
2019-06-04 21:25:38.837 22705 RALLYDEBUG rally_openstack.cleanup.manager [-] Deleting neutron.network object s_rally_688ae6da_Z7n0nxU5 (38426f39-5706-41e9-a866-1ddda342827f)
2019-06-04 21:25:38.838 22705 RALLYDEBUG rally_openstack.cleanup.manager [-] Deleting neutron.network object s_rally_688ae6da_tyjFoHQc (096bb639-f576-43aa-bc05-3341169aa205)
2019-06-04 21:25:38.840 22705 RALLYDEBUG rally_openstack.cleanup.manager [-] Deleting neutron.network object s_rally_688ae6da_jfMYmit6 (4600bb4d-4b07-4e87-a8cf-0673704d5088)
2019-06-04 21:25:38.841 22705 RALLYDEBUG rally_openstack.cleanup.manager [-] Deleting neutron.network object s_rally_688ae6da_E7CsJjyS (2dc51499-3966-48bb-a7c8-18534dc843c3)
2019-06-04 21:25:38.844 22705 RALLYDEBUG rally_openstack.cleanup.manager [-] Deleting neutron.network object s_rally_688ae6da_nZHKR5rH (4976172f-c2bf-4203-ae64-e701d12179cc)
2019-06-04 21:25:38.849 22705 RALLYDEBUG rally_openstack.cleanup.manager [-] Deleting neutron.network object s_rally_688ae6da_urBDvmgo (4b3f1dc3-4cc0-485d-a02b-e465a0fd3c0f)
2019-06-04 21:25:38.857 22705 RALLYDEBUG rally_openstack.cleanup.manager [-] Deleting neutron.network object s_rally_688ae6da_HsYOqVYz (5fefc06b-066a-479a-b4d8-ab3eb6f99994)
2019-06-04 21:25:38.868 22705 RALLYDEBUG rally_openstack.cleanup.manager [-] Deleting neutron.network object s_rally_688ae6da_LXjyzBDj (6229cf26-3aec-47e7-8ffb-9889557ab747)
2019-06-04 21:25:38.895 22705 RALLYDEBUG rally_openstack.cleanup.manager [-] Deleting neutron.network object s_rally_688ae6da_DPCYqVMh (2fbfe6f9-1345-4b58-b256-f441858810ed)
2019-06-04 21:25:38.896 22705 RALLYDEBUG rally_openstack.cleanup.manager [-] Deleting neutron.network object s_rally_688ae6da_2Qjpqp2i (63cd39a1-76d8-4b6f-a1a1-d877a3d1a8f5)
2019-06-04 21:25:38.930 22705 RALLYDEBUG rally_openstack.cleanup.manager [-] Deleting neutron.network object s_rally_688ae6da_1DsAhoYX (682333e9-b782-439a-83eb-02b6a4dcee62)
2019-06-04 21:25:38.946 22705 RALLYDEBUG rally_openstack.cleanup.manager [-] Deleting neutron.network object s_rally_688ae6da_hrARAiCP (68c8f681-4f68-434c-bd5f-b15be8ddef28)
2019-06-04 21:25:41.589 22705 RALLYDEBUG rally_openstack.cleanup.manager [-] Deleting neutron.network object s_rally_688ae6da_lNWbDosn (72b2ee81-7bd0-4598-9e24-248e5d264cf0)
2019-06-04 21:25:41.626 22705 RALLYDEBUG rally_openstack.cleanup.manager [-] Deleting neutron.network object s_rally_688ae6da_1HBIY7P7 (836bb54a-8207-4bc3-ae31-942b53c30295)
2019-06-04 21:25:41.695 22705 RALLYDEBUG rally_openstack.cleanup.manager [-] Deleting neutron.network object s_rally_688ae6da_ohHEwfq6 (85990cee-9944-4874-b3c0-14eb49d32eed)
2019-06-04 21:25:41.723 22705 RALLYDEBUG rally_openstack.cleanup.manager [-] Deleting neutron.network object s_rally_688ae6da_B6b0U0C9 (8ae19822-e1fa-4024-9443-fafa85884b85)
2019-06-04 21:25:41.806 22705 RALLYDEBUG rally_openstack.cleanup.manager [-] Deleting neutron.network object s_rally_688ae6da_hk7vlUyo (8fa422dd-552a-43ca-83ca-95752b086ee2)
2019-06-04 21:25:41.864 22705 RALLYDEBUG rally_openstack.cleanup.manager [-] Deleting neutron.network object s_rally_688ae6da_xwxv2f0s (905e1fa8-98d1-4a1f-b7cb-31228f4177bf)
2019-06-04 21:25:41.945 22705 RALLYDEBUG rally_openstack.cleanup.manager [-] Deleting neutron.network object s_rally_688ae6da_wyPy21oD (923a87b8-b8c2-4222-afd3-f924948f1d62)
2019-06-04 21:25:41.963 22705 RALLYDEBUG rally_openstack.cleanup.manager [-] Deleting neutron.network object s_rally_688ae6da_qbIgYaTV (9847883b-deeb-4f56-941c-2cc2a5db98af)
2019-06-04 21:25:42.075 22705 RALLYDEBUG rally_openstack.cleanup.manager [-] Deleting neutron.network object s_rally_688ae6da_3YVs71DY (a22bd23f-a25c-4150-9cd4-2799c8973924)
2019-06-04 21:25:42.087 22705 RALLYDEBUG rally_openstack.cleanup.manager [-] Deleting neutron.network object s_rally_688ae6da_GZfKkZio (a6fb84ca-3265-42ae-9789-4a97195e905e)
2019-06-04 21:25:42.181 22705 RALLYDEBUG rally_openstack.cleanup.manager [-] Deleting neutron.network object s_rally_688ae6da_wNMlXbrf (b2a60edb-31b6-41bd-8df2-d80fb928441c)
2019-06-04 21:25:42.220 22705 RALLYDEBUG rally_openstack.cleanup.manager [-] Deleting neutron.network object s_rally_688ae6da_SqJWxiZ7 (b33e6668-1f1a-49b5-9c9a-c8b6d78e4592)
2019-06-04 21:25:42.387 22705 RALLYDEBUG rally_openstack.cleanup.manager [-] Deleting neutron.network object s_rally_688ae6da_wNK2rWDy (da378849-050a-4f21-a33f-68fc9dfcfe8d)
2019-06-04 21:25:42.394 22705 RALLYDEBUG rally_openstack.cleanup.manager [-] Deleting neutron.network object s_rally_688ae6da_eydsOzMa (dad89b3a-04e7-4056-ac8f-6c4e05ebd2f5)
2019-06-04 21:25:42.422 22705 RALLYDEBUG rally_openstack.cleanup.manager [-] Deleting neutron.network object s_rally_688ae6da_fuJwf3Qg (df9ccfba-dcf6-4ae8-9309-9137e21f9e76)
2019-06-04 21:25:42.440 22705 RALLYDEBUG rally_openstack.cleanup.manager [-] Deleting neutron.network object s_rally_688ae6da_A5g5nxqb (e10528b2-f9c0-482e-ba52-29917c879dd8)
2019-06-04 21:25:42.453 22705 RALLYDEBUG rally_openstack.cleanup.manager [-] Deleting neutron.network object s_rally_688ae6da_vrdloBbw (e82176d3-3ac8-4e37-aa81-1e798fa361c5)
2019-06-04 21:25:42.752 22705 RALLYDEBUG rally_openstack.cleanup.manager [-] Deleting neutron.network object s_rally_688ae6da_aj9ryTfs (e8dccf7b-cfa1-436c-a5ac-93fdb2f9bd0a)
2019-06-04 21:25:43.177 22705 RALLYDEBUG rally_openstack.cleanup.manager [-] Deleting neutron.network object s_rally_688ae6da_FI3zC15k (eb6f0490-ca37-4aae-8c41-d5152f0a83c1)
2019-06-04 21:25:43.195 22705 RALLYDEBUG rally_openstack.cleanup.manager [-] Deleting neutron.network object s_rally_688ae6da_YIa5y3bJ (f8f0b5fc-cda9-41fd-a4a7-92e1d1b8a93f)
2019-06-04 21:25:45.800 22705 RALLYDEBUG rally_openstack.cleanup.manager [-] Cleaning up neutron router objects
2019-06-04 21:25:46.897 22705 RALLYDEBUG rally_openstack.cleanup.manager [-] Cleaning up neutron security_group objects
2019-06-04 21:25:47.607 22705 INFO rally.task.context [-] Task d10742e5-6a27-41be-b9b8-ea7d58457a2e | Context cleanup@openstack cleanup() finished in 15.13 sec
2019-06-04 21:25:47.608 22705 INFO rally.task.context [-] Task d10742e5-6a27-41be-b9b8-ea7d58457a2e | Context quotas@openstack cleanup() started
2019-06-04 21:25:47.927 22705 INFO rally.task.context [-] Task d10742e5-6a27-41be-b9b8-ea7d58457a2e | Context quotas@openstack cleanup() finished in 0.32 sec
2019-06-04 21:25:47.927 22705 INFO rally.task.context [-] Task d10742e5-6a27-41be-b9b8-ea7d58457a2e | Context users@openstack cleanup() started
2019-06-04 21:25:52.825 22705 INFO rally.task.context [-] Task d10742e5-6a27-41be-b9b8-ea7d58457a2e | Context users@openstack cleanup() finished in 4.90 sec
2019-06-04 21:25:53.339 22705 INFO rally.task.engine [-] Load duration is: 32.788097
2019-06-04 21:25:53.339 22705 INFO rally.task.engine [-] Full runner duration is: 32.839617
2019-06-04 21:25:53.339 22705 INFO rally.task.engine [-] Full duration is: 59.721037
2019-06-04 21:25:53.600 22705 INFO rally.task.engine [-] Running workload: position = 0 config = { "version": 2, "title": "A cropped version of a bigger task.", "description": "Auto-generated task from a single workload (uuid=8702df82-a2fc-4ed0-8947-0659ced6e8d5)", "subtasks": [ { "title": "Quotas.neutron_update", "description": "Update quotas for neutron.", "scenario": { "Quotas.neutron_update": { "max_quota": 1024 } }, "contexts": { "users": { "tenants": 20, "users_per_tenant": 1 } }, "runner": { "constant": { "times": 40, "concurrency": 20 } }, "hooks": [], "sla": { "failure_rate": { "max": 0 } } } ] }
2019-06-04 21:25:53.623 22705 RALLYDEBUG rally_openstack.contexts.keystone.users [-] Creating 20 tenants using 20 threads
2019-06-04 21:25:56.761 22705 RALLYDEBUG rally_openstack.contexts.keystone.users [-] Creating 20 users using 20 threads
2019-06-04 21:26:00.744 22705 INFO rally.task.context [-] Task d10742e5-6a27-41be-b9b8-ea7d58457a2e | Context users@openstack setup() finished in 7.12 sec
2019-06-04 21:26:00.744 22705 INFO rally.task.context [-] Task d10742e5-6a27-41be-b9b8-ea7d58457a2e | Context admin_cleanup@openstack setup() finished in 0.00 msec
2019-06-04 21:26:00.752 22705 RALLYDEBUG rally.task.runner [-] Starting the constant runner (task UUID: d10742e5-6a27-41be-b9b8-ea7d58457a2e). timeout: 0 concurrency: 20 concurrency_per_worker: 1 times: 40 concurrency_overhead: 4 processes_to_start: 16 max_cpu_used: 16
2019-06-04 21:26:00.766 27321 RALLYDEBUG rally.task.runner [-] Starting a worker. concurrency: 2 args: {"max_quota": 1024} times: 40 method_name: run timeout: 0 duration: None cls:
2019-06-04 21:26:00.768 27322 RALLYDEBUG rally.task.runner [-] Starting a worker. concurrency: 2 args: {"max_quota": 1024} times: 40 method_name: run timeout: 0 duration: None cls:
2019-06-04 21:26:00.772 27324 RALLYDEBUG rally.task.runner [-] Starting a worker. concurrency: 2 args: {"max_quota": 1024} times: 40 method_name: run timeout: 0 duration: None cls:
2019-06-04 21:26:00.772 27323 RALLYDEBUG rally.task.runner [-] Starting a worker. concurrency: 2 args: {"max_quota": 1024} times: 40 method_name: run timeout: 0 duration: None cls:
2019-06-04 21:26:00.779 27322 INFO rally.task.runner [-] Task d10742e5-6a27-41be-b9b8-ea7d58457a2e | ITER: 2 START
2019-06-04 21:26:00.779 27325 RALLYDEBUG rally.task.runner [-] Starting a worker. concurrency: 1 args: {"max_quota": 1024} times: 40 method_name: run timeout: 0 duration: None cls:
2019-06-04 21:26:00.784 27321 INFO rally.task.runner [-] Task d10742e5-6a27-41be-b9b8-ea7d58457a2e | ITER: 1 START
2019-06-04 21:26:00.785 27328 RALLYDEBUG rally.task.runner [-] Starting a worker. concurrency: 1 args: {"max_quota": 1024} times: 40 method_name: run timeout: 0 duration: None cls:
2019-06-04 21:26:00.786 27324 INFO rally.task.runner [-] Task d10742e5-6a27-41be-b9b8-ea7d58457a2e | ITER: 3 START
2019-06-04 21:26:00.787 27335 RALLYDEBUG rally.task.runner [-] Starting a worker. concurrency: 1 args: {"max_quota": 1024} times: 40 method_name: run timeout: 0 duration: None cls:
2019-06-04 21:26:00.790 27325 INFO rally.task.runner [-] Task d10742e5-6a27-41be-b9b8-ea7d58457a2e | ITER: 8 START
2019-06-04 21:26:00.789 27333 RALLYDEBUG rally.task.runner [-] Starting a worker. concurrency: 1 args: {"max_quota": 1024} times: 40 method_name: run timeout: 0 duration: None cls:
2019-06-04 21:26:00.793 27322 INFO rally.task.runner [-] Task d10742e5-6a27-41be-b9b8-ea7d58457a2e | ITER: 7 START
2019-06-04 21:26:00.794 27323 INFO rally.task.runner [-] Task d10742e5-6a27-41be-b9b8-ea7d58457a2e | ITER: 9 START
2019-06-04 21:26:00.795 27321 INFO rally.task.runner [-] Task d10742e5-6a27-41be-b9b8-ea7d58457a2e | ITER: 5 START
2019-06-04 21:26:00.796 27336 RALLYDEBUG rally.task.runner [-] Starting a worker. concurrency: 1 args: {"max_quota": 1024} times: 40 method_name: run timeout: 0 duration: None cls:
2019-06-04 21:26:00.796 27339 RALLYDEBUG rally.task.runner [-] Starting a worker. concurrency: 1 args: {"max_quota": 1024} times: 40 method_name: run timeout: 0 duration: None cls:
2019-06-04 21:26:00.798 27324 INFO rally.task.runner [-] Task d10742e5-6a27-41be-b9b8-ea7d58457a2e | ITER: 6 START
2019-06-04 21:26:00.799 27335 INFO rally.task.runner [-] Task d10742e5-6a27-41be-b9b8-ea7d58457a2e | ITER: 11 START
2019-06-04 21:26:00.794 27323 INFO rally.task.runner [-] Task d10742e5-6a27-41be-b9b8-ea7d58457a2e | ITER: 4 START
2019-06-04 21:26:00.800 27328 INFO rally.task.runner [-] Task d10742e5-6a27-41be-b9b8-ea7d58457a2e | ITER: 10 START
2019-06-04 21:26:00.802 27333 INFO rally.task.runner [-] Task d10742e5-6a27-41be-b9b8-ea7d58457a2e | ITER: 12 START
2019-06-04 21:26:00.803 27344 RALLYDEBUG rally.task.runner [-] Starting a worker. concurrency: 1 args: {"max_quota": 1024} times: 40 method_name: run timeout: 0 duration: None cls:
2019-06-04 21:26:00.805 27339 INFO rally.task.runner [-] Task d10742e5-6a27-41be-b9b8-ea7d58457a2e | ITER: 14 START
2019-06-04 21:26:00.808 27336 INFO rally.task.runner [-] Task d10742e5-6a27-41be-b9b8-ea7d58457a2e | ITER: 13 START
2019-06-04 21:26:00.814 27344 INFO rally.task.runner [-] Task d10742e5-6a27-41be-b9b8-ea7d58457a2e | ITER: 15 START
2019-06-04 21:26:00.817 27357 RALLYDEBUG rally.task.runner [-] Starting a worker. concurrency: 1 args: {"max_quota": 1024} times: 40 method_name: run timeout: 0 duration: None cls:
2019-06-04 21:26:00.822 27352 RALLYDEBUG rally.task.runner [-] Starting a worker. concurrency: 1 args: {"max_quota": 1024} times: 40 method_name: run timeout: 0 duration: None cls:
2019-06-04 21:26:00.824 27360 RALLYDEBUG rally.task.runner [-] Starting a worker. concurrency: 1 args: {"max_quota": 1024} times: 40 method_name: run timeout: 0 duration: None cls:
2019-06-04 21:26:00.828 27357 INFO rally.task.runner [-] Task d10742e5-6a27-41be-b9b8-ea7d58457a2e | ITER: 16 START
2019-06-04 21:26:00.830 27361 RALLYDEBUG rally.task.runner [-] Starting a worker. concurrency: 1 args: {"max_quota": 1024} times: 40 method_name: run timeout: 0 duration: None cls:
2019-06-04 21:26:00.832 27360 INFO rally.task.runner [-] Task d10742e5-6a27-41be-b9b8-ea7d58457a2e | ITER: 18 START
2019-06-04 21:26:00.833 27364 RALLYDEBUG rally.task.runner [-] Starting a worker. concurrency: 1 args: {"max_quota": 1024} times: 40 method_name: run timeout: 0 duration: None cls:
2019-06-04 21:26:00.838 27364 INFO rally.task.runner [-] Task d10742e5-6a27-41be-b9b8-ea7d58457a2e | ITER: 20 START
2019-06-04 21:26:00.839 27352 INFO rally.task.runner [-] Task d10742e5-6a27-41be-b9b8-ea7d58457a2e | ITER: 17 START
2019-06-04 21:26:00.839 27361 INFO rally.task.runner [-] Task d10742e5-6a27-41be-b9b8-ea7d58457a2e | ITER: 19 START
2019-06-04 21:26:03.165 27324 INFO rally.task.runner [-] Task d10742e5-6a27-41be-b9b8-ea7d58457a2e | ITER: 3 END: OK
2019-06-04 21:26:03.173 27324 INFO rally.task.runner [-] Task d10742e5-6a27-41be-b9b8-ea7d58457a2e | ITER: 21 START
2019-06-04 21:26:03.180 27339 INFO rally.task.runner [-] Task d10742e5-6a27-41be-b9b8-ea7d58457a2e | ITER: 14 END: OK
2019-06-04 21:26:03.187 27339 INFO rally.task.runner [-] Task d10742e5-6a27-41be-b9b8-ea7d58457a2e | ITER: 22 START
2019-06-04 21:26:03.363 27325 INFO rally.task.runner [-] Task d10742e5-6a27-41be-b9b8-ea7d58457a2e | ITER: 8 END: OK
2019-06-04 21:26:03.370 27325 INFO rally.task.runner [-] Task d10742e5-6a27-41be-b9b8-ea7d58457a2e | ITER: 23 START
2019-06-04 21:26:03.434 27328 INFO rally.task.runner [-] Task d10742e5-6a27-41be-b9b8-ea7d58457a2e | ITER: 10 END: OK
2019-06-04 21:26:03.440 27328 INFO rally.task.runner [-] Task d10742e5-6a27-41be-b9b8-ea7d58457a2e | ITER: 24 START
2019-06-04 21:26:03.516 27322 INFO rally.task.runner [-] Task d10742e5-6a27-41be-b9b8-ea7d58457a2e | ITER: 2 END: OK
2019-06-04 21:26:03.522 27322 INFO rally.task.runner [-] Task d10742e5-6a27-41be-b9b8-ea7d58457a2e | ITER: 25 START
2019-06-04 21:26:03.542 27361 INFO rally.task.runner [-] Task d10742e5-6a27-41be-b9b8-ea7d58457a2e | ITER: 19 END: OK
2019-06-04 21:26:03.549 27361 INFO rally.task.runner [-] Task d10742e5-6a27-41be-b9b8-ea7d58457a2e | ITER: 26 START
2019-06-04 21:26:03.552 27323 INFO rally.task.runner [-] Task d10742e5-6a27-41be-b9b8-ea7d58457a2e | ITER: 9 END: OK
2019-06-04 21:26:03.559 27323 INFO rally.task.runner [-] Task d10742e5-6a27-41be-b9b8-ea7d58457a2e | ITER: 27 START
2019-06-04 21:26:03.605 27333 INFO rally.task.runner [-] Task d10742e5-6a27-41be-b9b8-ea7d58457a2e | ITER: 12 END: OK
2019-06-04 21:26:03.612 27333 INFO rally.task.runner [-] Task d10742e5-6a27-41be-b9b8-ea7d58457a2e | ITER: 28 START
2019-06-04 21:26:03.625 27336 INFO rally.task.runner [-] Task d10742e5-6a27-41be-b9b8-ea7d58457a2e | ITER: 13 END: OK
2019-06-04 21:26:03.633 27336 INFO rally.task.runner [-] Task d10742e5-6a27-41be-b9b8-ea7d58457a2e | ITER: 29 START
2019-06-04 21:26:03.633 27335 INFO rally.task.runner [-] Task d10742e5-6a27-41be-b9b8-ea7d58457a2e | ITER: 11 END: OK
2019-06-04 21:26:03.637 27360 INFO rally.task.runner [-] Task d10742e5-6a27-41be-b9b8-ea7d58457a2e | ITER: 18 END: OK
2019-06-04 21:26:03.640 27335 INFO rally.task.runner [-] Task d10742e5-6a27-41be-b9b8-ea7d58457a2e | ITER: 30 START
2019-06-04 21:26:03.645 27360 INFO rally.task.runner [-] Task d10742e5-6a27-41be-b9b8-ea7d58457a2e | ITER: 31 START
2019-06-04 21:26:03.648 27321 INFO rally.task.runner [-] Task d10742e5-6a27-41be-b9b8-ea7d58457a2e | ITER: 5 END: OK
2019-06-04 21:26:03.655 27321 INFO rally.task.runner [-] Task d10742e5-6a27-41be-b9b8-ea7d58457a2e | ITER: 32 START
2019-06-04 21:26:03.659 27323 INFO rally.task.runner [-] Task d10742e5-6a27-41be-b9b8-ea7d58457a2e | ITER: 4 END: OK
2019-06-04 21:26:03.664 27323 INFO rally.task.runner [-] Task d10742e5-6a27-41be-b9b8-ea7d58457a2e | ITER: 33 START
2019-06-04 21:26:03.677 27357 INFO rally.task.runner [-] Task d10742e5-6a27-41be-b9b8-ea7d58457a2e | ITER: 16 END: OK
2019-06-04 21:26:03.682 27357 INFO rally.task.runner [-] Task d10742e5-6a27-41be-b9b8-ea7d58457a2e | ITER: 34 START
2019-06-04 21:26:03.693 27352 INFO rally.task.runner [-] Task d10742e5-6a27-41be-b9b8-ea7d58457a2e | ITER: 17 END: OK
2019-06-04 21:26:03.699 27352 INFO rally.task.runner [-] Task d10742e5-6a27-41be-b9b8-ea7d58457a2e | ITER: 35 START
2019-06-04 21:26:03.701 27344 INFO rally.task.runner [-] Task d10742e5-6a27-41be-b9b8-ea7d58457a2e | ITER: 15 END: OK
2019-06-04 21:26:03.706 27344 INFO rally.task.runner [-] Task d10742e5-6a27-41be-b9b8-ea7d58457a2e | ITER: 36 START
2019-06-04 21:26:03.711 27321 INFO rally.task.runner [-] Task d10742e5-6a27-41be-b9b8-ea7d58457a2e | ITER: 1 END: OK
2019-06-04 21:26:03.717 27321 INFO rally.task.runner [-] Task d10742e5-6a27-41be-b9b8-ea7d58457a2e | ITER: 37 START
2019-06-04 21:26:03.719 27324 INFO rally.task.runner [-] Task d10742e5-6a27-41be-b9b8-ea7d58457a2e | ITER: 6 END: OK
2019-06-04 21:26:03.724 27324 INFO rally.task.runner [-] Task d10742e5-6a27-41be-b9b8-ea7d58457a2e | ITER: 38 START
2019-06-04 21:26:03.732 27322 INFO rally.task.runner [-] Task d10742e5-6a27-41be-b9b8-ea7d58457a2e | ITER: 7 END: OK
2019-06-04 21:26:03.736 27322 INFO rally.task.runner [-] Task d10742e5-6a27-41be-b9b8-ea7d58457a2e | ITER: 39 START
2019-06-04 21:26:03.745 27364 INFO rally.task.runner [-] Task d10742e5-6a27-41be-b9b8-ea7d58457a2e | ITER: 20 END: OK
2019-06-04 21:26:03.750 27364 INFO rally.task.runner [-] Task d10742e5-6a27-41be-b9b8-ea7d58457a2e | ITER: 40 START
2019-06-04 21:26:04.086 27339 INFO rally.task.runner [-] Task d10742e5-6a27-41be-b9b8-ea7d58457a2e | ITER: 22 END: OK
2019-06-04 21:26:04.097 27324 INFO rally.task.runner [-] Task d10742e5-6a27-41be-b9b8-ea7d58457a2e | ITER: 21 END: OK
2019-06-04 21:26:04.288 27325 INFO rally.task.runner [-] Task d10742e5-6a27-41be-b9b8-ea7d58457a2e | ITER: 23 END: OK
2019-06-04 21:26:04.471 27361 INFO rally.task.runner [-] Task d10742e5-6a27-41be-b9b8-ea7d58457a2e | ITER: 26 END: OK
2019-06-04 21:26:04.600 27328 INFO rally.task.runner [-] Task d10742e5-6a27-41be-b9b8-ea7d58457a2e | ITER: 24 END: OK
2019-06-04 21:26:05.309 27333 INFO rally.task.runner [-] Task d10742e5-6a27-41be-b9b8-ea7d58457a2e | ITER: 28 END: OK
2019-06-04 21:26:05.427 27322 INFO rally.task.runner [-] Task d10742e5-6a27-41be-b9b8-ea7d58457a2e | ITER: 25 END: OK
2019-06-04 21:26:05.522 27321 INFO rally.task.runner [-] Task d10742e5-6a27-41be-b9b8-ea7d58457a2e | ITER: 32 END: OK
2019-06-04 21:26:05.550 27323 INFO rally.task.runner [-] Task d10742e5-6a27-41be-b9b8-ea7d58457a2e | ITER: 33 END: OK
2019-06-04 21:26:05.596 27344 INFO rally.task.runner [-] Task d10742e5-6a27-41be-b9b8-ea7d58457a2e | ITER: 36 END: OK
2019-06-04 21:26:05.621 27324 INFO rally.task.runner [-] Task d10742e5-6a27-41be-b9b8-ea7d58457a2e | ITER: 38 END: OK
2019-06-04 21:26:05.776 27357 INFO rally.task.runner [-] Task d10742e5-6a27-41be-b9b8-ea7d58457a2e | ITER: 34 END: OK
2019-06-04 21:26:05.858 27321 INFO rally.task.runner [-] Task d10742e5-6a27-41be-b9b8-ea7d58457a2e | ITER: 37 END: OK
2019-06-04 21:26:05.870 27360 INFO rally.task.runner [-] Task d10742e5-6a27-41be-b9b8-ea7d58457a2e | ITER: 31 END: OK
2019-06-04 21:26:05.953 27323 INFO rally.task.runner [-] Task d10742e5-6a27-41be-b9b8-ea7d58457a2e | ITER: 27 END: OK
2019-06-04 21:26:05.965 27336 INFO rally.task.runner [-] Task d10742e5-6a27-41be-b9b8-ea7d58457a2e | ITER: 29 END: OK
2019-06-04 21:26:05.994 27352 INFO rally.task.runner [-] Task d10742e5-6a27-41be-b9b8-ea7d58457a2e | ITER: 35 END: OK
2019-06-04 21:26:06.005 27322 INFO rally.task.runner [-] Task d10742e5-6a27-41be-b9b8-ea7d58457a2e | ITER: 39 END: OK
2019-06-04 21:26:06.015 27335 INFO rally.task.runner [-] Task d10742e5-6a27-41be-b9b8-ea7d58457a2e | ITER: 30 END: OK
2019-06-04 21:26:06.101 27364 INFO rally.task.runner [-] Task d10742e5-6a27-41be-b9b8-ea7d58457a2e | ITER: 40 END: OK
2019-06-04 21:26:06.127 22705 INFO rally.task.context [-] Task d10742e5-6a27-41be-b9b8-ea7d58457a2e | Context admin_cleanup@openstack cleanup() started
2019-06-04 21:26:06.130 22705 RALLYDEBUG rally_openstack.cleanup.manager [-] Cleaning up neutron quota objects
2019-06-04 21:26:10.931 22705 INFO rally.task.context [-] Task d10742e5-6a27-41be-b9b8-ea7d58457a2e | Context admin_cleanup@openstack cleanup() finished in 4.80 sec
2019-06-04 21:26:10.931 22705 INFO rally.task.context [-] Task d10742e5-6a27-41be-b9b8-ea7d58457a2e | Context users@openstack cleanup() started
2019-06-04 21:26:40.984 22705 INFO rally.task.context [-] Task d10742e5-6a27-41be-b9b8-ea7d58457a2e | Context users@openstack cleanup() finished in 30.05 sec
2019-06-04 21:26:42.054 22705 INFO rally.task.engine [-] Load duration is: 5.321677
2019-06-04 21:26:42.054 22705 INFO rally.task.engine [-] Full runner duration is: 5.375461
2019-06-04 21:26:42.054 22705 INFO rally.task.engine [-] Full duration is: 47.363475
2019-06-04 21:26:42.336 22705 INFO rally.task.engine [-] Running workload: position = 0 config = { "version": 2, "title": "A cropped version of a bigger task.", "description": "Auto-generated task from a single workload (uuid=ccdd3387-3105-41fd-9437-a71551ada3d3)", "subtasks": [ { "title": "NeutronTrunks.create_and_list_trunk_subports", "description": "", "scenario": { "NeutronTrunks.create_and_list_trunk_subports": { "subport_count": 125 } }, "contexts": { "users": { "tenants": 1, "users_per_tenant": 1 }, "quotas": { "neutron": { "network": -1, "port": 1000 } } }, "runner": { "constant": { "times": 4, "concurrency": 4 } }, "hooks": [], "sla": { "failure_rate": { "max": 0 } } } ] }
2019-06-04 21:26:42.357 22705 RALLYDEBUG rally_openstack.contexts.keystone.users [-] Creating 1 tenants using 20 threads
2019-06-04 21:26:44.205 22705 RALLYDEBUG rally_openstack.contexts.keystone.users [-] Creating 1 users using 20 threads
2019-06-04 21:26:46.810 22705 INFO rally.task.context [-] Task d10742e5-6a27-41be-b9b8-ea7d58457a2e | Context users@openstack setup() finished in 4.45 sec
2019-06-04 21:26:47.581 22705 INFO rally.task.context [-] Task d10742e5-6a27-41be-b9b8-ea7d58457a2e | Context quotas@openstack setup() finished in 0.77 sec
2019-06-04 21:26:47.582 22705 INFO rally.task.context [-] Task d10742e5-6a27-41be-b9b8-ea7d58457a2e | Context cleanup@openstack setup() finished in 0.01 msec
2019-06-04 21:26:47.589 22705 RALLYDEBUG rally.task.runner [-] Starting the constant runner (task UUID: d10742e5-6a27-41be-b9b8-ea7d58457a2e). timeout: 0 concurrency: 4 concurrency_per_worker: 1 times: 4 concurrency_overhead: 0 processes_to_start: 4 max_cpu_used: 16
2019-06-04 21:26:47.603 27511 RALLYDEBUG rally.task.runner [-] Starting a worker. concurrency: 1 args: {"subport_count": 125} times: 4 method_name: run timeout: 0 duration: None cls:
2019-06-04 21:26:47.606 27512 RALLYDEBUG rally.task.runner [-] Starting a worker. concurrency: 1 args: {"subport_count": 125} times: 4 method_name: run timeout: 0 duration: None cls:
2019-06-04 21:26:47.608 27511 INFO rally.task.runner [-] Task d10742e5-6a27-41be-b9b8-ea7d58457a2e | ITER: 1 START
2019-06-04 21:26:47.608 27513 RALLYDEBUG rally.task.runner [-] Starting a worker. concurrency: 1 args: {"subport_count": 125} times: 4 method_name: run timeout: 0 duration: None cls:
2019-06-04 21:26:47.611 27514 RALLYDEBUG rally.task.runner [-] Starting a worker. concurrency: 1 args: {"subport_count": 125} times: 4 method_name: run timeout: 0 duration: None cls:
2019-06-04 21:26:47.612 27512 INFO rally.task.runner [-] Task d10742e5-6a27-41be-b9b8-ea7d58457a2e | ITER: 2 START
2019-06-04 21:26:47.613 27513 INFO rally.task.runner [-] Task d10742e5-6a27-41be-b9b8-ea7d58457a2e | ITER: 3 START
2019-06-04 21:26:47.616 27514 INFO rally.task.runner [-] Task d10742e5-6a27-41be-b9b8-ea7d58457a2e | ITER: 4 START
2019-06-04 21:29:34.380 27513 WARNING rally.task.atomic [-] 'optional_action_timer' is deprecated since rally v0.10.0.Please use action_timer instead, we have improved atomic actions, now do not need to explicitly close original action.
2019-06-04 21:29:34.721 27513 WARNING rally.task.atomic [-] 'optional_action_timer' is deprecated since rally v0.10.0.Please use action_timer instead, we have improved atomic actions, now do not need to explicitly close original action.
2019-06-04 21:29:35.039 27514 WARNING rally.task.atomic [-] 'optional_action_timer' is deprecated since rally v0.10.0.Please use action_timer instead, we have improved atomic actions, now do not need to explicitly close original action.
2019-06-04 21:29:35.083 27514 WARNING rally.task.atomic [-] 'optional_action_timer' is deprecated since rally v0.10.0.Please use action_timer instead, we have improved atomic actions, now do not need to explicitly close original action.
2019-06-04 21:29:35.669 27513 INFO rally.task.runner [-] Task d10742e5-6a27-41be-b9b8-ea7d58457a2e | ITER: 3 END: OK
2019-06-04 21:29:36.335 27514 INFO rally.task.runner [-] Task d10742e5-6a27-41be-b9b8-ea7d58457a2e | ITER: 4 END: OK
2019-06-04 21:29:36.557 27512 WARNING rally.task.atomic [-] 'optional_action_timer' is deprecated since rally v0.10.0.Please use action_timer instead, we have improved atomic actions, now do not need to explicitly close original action.
2019-06-04 21:29:36.592 27512 WARNING rally.task.atomic [-] 'optional_action_timer' is deprecated since rally v0.10.0.Please use action_timer instead, we have improved atomic actions, now do not need to explicitly close original action.
2019-06-04 21:29:37.144 27512 INFO rally.task.runner [-] Task d10742e5-6a27-41be-b9b8-ea7d58457a2e | ITER: 2 END: OK
2019-06-04 21:29:38.458 27511 WARNING rally.task.atomic [-] 'optional_action_timer' is deprecated since rally v0.10.0.Please use action_timer instead, we have improved atomic actions, now do not need to explicitly close original action.
2019-06-04 21:29:38.499 27511 WARNING rally.task.atomic [-] 'optional_action_timer' is deprecated since rally v0.10.0.Please use action_timer instead, we have improved atomic actions, now do not need to explicitly close original action.
2019-06-04 21:29:39.477 27511 INFO rally.task.runner [-] Task d10742e5-6a27-41be-b9b8-ea7d58457a2e | ITER: 1 END: OK
2019-06-04 21:29:39.506 22705 INFO rally.task.context [-] Task d10742e5-6a27-41be-b9b8-ea7d58457a2e | Context cleanup@openstack cleanup() started
2019-06-04 21:29:39.509 22705 RALLYDEBUG rally_openstack.cleanup.manager [-] Cleaning up neutron vip objects
2019-06-04 21:29:40.396 22705 RALLYDEBUG rally_openstack.cleanup.manager [-] Cleaning up neutron health_monitor objects
2019-06-04 21:29:41.145 22705 RALLYDEBUG rally_openstack.cleanup.manager [-] Cleaning up neutron pool objects
2019-06-04 21:29:41.963 22705 RALLYDEBUG rally_openstack.cleanup.manager [-] Cleaning up neutron loadbalancer objects
2019-06-04 21:29:42.728 22705 RALLYDEBUG rally_openstack.cleanup.manager [-] Cleaning up neutron floatingip objects
2019-06-04 21:29:43.937 22705 RALLYDEBUG rally_openstack.cleanup.manager [-] Cleaning up neutron port objects
2019-06-04 21:29:45.972 22705 RALLYDEBUG rally_openstack.cleanup.manager [-] Deleting neutron.port object s_rally_ccdd3387_tbBx1PyD (061cd92b-ae27-44c3-9464-cb3f3aee5fbb)
2019-06-04 21:29:45.972 22705 RALLYDEBUG rally_openstack.cleanup.manager [-] Deleting neutron.port object s_rally_ccdd3387_hXyZAdfB (01893d13-45ea-4e23-8fc3-32f4ea6ead49)
2019-06-04 21:29:45.977 22705 RALLYDEBUG rally_openstack.cleanup.manager [-] Deleting neutron.port object s_rally_ccdd3387_u6Fzk694 (05cf6e14-5aa4-4dfd-bbd6-b2f840d1a5c0)
2019-06-04 21:29:45.981 22705 RALLYDEBUG rally_openstack.cleanup.manager [-] Deleting neutron.port object s_rally_ccdd3387_FuaKxmvk (06cf9414-7c45-4b0b-9c2c-ce21186cbcbd)
2019-06-04 21:29:45.990 22705 RALLYDEBUG rally_openstack.cleanup.manager [-] Deleting neutron.port object s_rally_ccdd3387_rJpr52XO (00efc8e9-d0be-40d4-9b53-f51b68d53955)
2019-06-04 21:29:45.992 22705 RALLYDEBUG rally_openstack.cleanup.manager [-] Deleting neutron.port object s_rally_ccdd3387_hG8PeUB8 (07823599-28ce-4a03-9548-b527ce0482b8)
2019-06-04 21:29:45.998 22705 RALLYDEBUG rally_openstack.cleanup.manager [-] Deleting neutron.port object s_rally_ccdd3387_EqWTba6K (06cf1474-094b-40d4-8f24-9806a75e57a5)
2019-06-04 21:29:45.998 22705 RALLYDEBUG rally_openstack.cleanup.manager [-] Deleting neutron.port object s_rally_ccdd3387_TqK2DVCS (06f25192-2261-4584-ac98-0e912dcfa484)
2019-06-04 21:29:45.990 22705 RALLYDEBUG rally_openstack.cleanup.manager [-] Deleting neutron.port object s_rally_ccdd3387_ExiKLvsC (02ee4964-0c4c-4592-adad-c2f0f163d78e)
2019-06-04 21:29:46.002 22705 RALLYDEBUG rally_openstack.cleanup.manager [-] Deleting neutron.port object s_rally_ccdd3387_oKf0jZeK (0860ae9a-e951-4d26-8f07-361d450e8a50)
2019-06-04 21:29:46.002 22705 RALLYDEBUG rally_openstack.cleanup.manager [-] Deleting neutron.port object s_rally_ccdd3387_lXr1woQg (038cbeea-53a9-4c79-9952-83eb47cf53af)
2019-06-04 21:29:46.005 22705 RALLYDEBUG rally_openstack.cleanup.manager [-] Deleting neutron.port object s_rally_ccdd3387_ef4loBjl (05b63f93-5ba2-4bc9-81f7-172cdd90a1f2)
2019-06-04 21:29:46.010 22705 RALLYDEBUG rally_openstack.cleanup.manager [-] Deleting neutron.port object s_rally_ccdd3387_ne1KyET5 (0340eca9-5321-4e0b-9008-d698d7734986)
2019-06-04 21:29:46.018 22705 RALLYDEBUG rally_openstack.cleanup.manager [-] Deleting neutron.port object s_rally_ccdd3387_Bj9JHev2 (08d83856-87e9-47ef-8cf5-042943c1ec1c)
2019-06-04 21:29:46.055 22705 RALLYDEBUG rally_openstack.cleanup.manager [-] Deleting neutron.port object s_rally_ccdd3387_JLGwymoq (0b533bad-b42b-41c6-ad38-e939b99d0cf9)
2019-06-04 21:29:46.056 22705 RALLYDEBUG rally_openstack.cleanup.manager [-] Deleting neutron.port object s_rally_ccdd3387_yO7CHjBy (0b0f2b60-1c23-4dd6-8ce0-8c5a9ebe8fa0)
2019-06-04 21:29:46.061 22705 RALLYDEBUG rally_openstack.cleanup.manager [-] Deleting neutron.port object s_rally_ccdd3387_hi5rGo4D (0b291398-7a1b-4038-9d31-d8fa5276f84a)
2019-06-04 21:29:46.081 22705 RALLYDEBUG rally_openstack.cleanup.manager [-] Deleting neutron.port object s_rally_ccdd3387_Tj7PlSjl (0ba6b3cf-c89d-4f80-a3dd-59fab98add4e)
2019-06-04 21:29:46.087 22705 RALLYDEBUG rally_openstack.cleanup.manager [-] Deleting neutron.port object s_rally_ccdd3387_ZsZjq7mM (0c97662e-9fef-459e-99f0-b0a1e12b1b37)
2019-06-04 21:29:46.108 22705 RALLYDEBUG rally_openstack.cleanup.manager [-] Deleting neutron.port object s_rally_ccdd3387_5lxyWg1n (0cca8971-d76a-4c4d-bbaa-236ab5e96572)
2019-06-04 21:29:48.846 22705 RALLYDEBUG rally_openstack.cleanup.manager [-] Deleting neutron.port object s_rally_ccdd3387_bmgEdrFJ (0d625d06-3d11-4d10-bc14-5f19b4dce4db)
2019-06-04 21:29:48.931 22705 RALLYDEBUG rally_openstack.cleanup.manager [-] Deleting neutron.port object s_rally_ccdd3387_C9LnP5hr (0d95e0d6-55dd-476a-a424-d99fec750dda)
2019-06-04 21:29:48.959 22705 RALLYDEBUG rally_openstack.cleanup.manager [-] Deleting neutron.port object s_rally_ccdd3387_fmmZCULu (0db516b7-03ea-41ba-8b20-04a74f5f6ca8)
2019-06-04 21:29:48.996 22705 RALLYDEBUG rally_openstack.cleanup.manager [-] Deleting neutron.port object s_rally_ccdd3387_AWoevBgS (0e3563be-ebcf-4631-b934-35d89d11b652)
2019-06-04 21:29:49.008 22705 RALLYDEBUG rally_openstack.cleanup.manager [-] Deleting neutron.port object s_rally_ccdd3387_BA2XEW7a (0ee2a5b7-5734-4f33-87ad-7accaef8b667)
2019-06-04 21:29:49.120 22705 RALLYDEBUG rally_openstack.cleanup.manager [-] Deleting neutron.port object s_rally_ccdd3387_P3TBXQBh (0f8f7f3e-aada-4dbe-b96c-5da542b1b60d)
2019-06-04 21:29:49.161 22705 RALLYDEBUG rally_openstack.cleanup.manager [-] Deleting neutron.port object s_rally_ccdd3387_7YXiBVk5 (1082b604-8de3-41c7-a01b-b8b50283aea1)
2019-06-04 21:29:49.225 22705 RALLYDEBUG rally_openstack.cleanup.manager [-] Deleting neutron.port object s_rally_ccdd3387_stea3tEq (108b3d4d-a5f8-46e2-86a0-48987732f3ba)
2019-06-04 21:29:49.324 22705 RALLYDEBUG rally_openstack.cleanup.manager [-] Deleting neutron.port object s_rally_ccdd3387_FrKPPkkA (10a0d523-7b29-426d-925e-a992dc40583b)
2019-06-04 21:29:50.277 22705 RALLYDEBUG rally_openstack.cleanup.manager [-] Deleting neutron.port object s_rally_ccdd3387_GZMgSHsD (12899f68-a6a5-4f1b-ade4-61bf7a3e33e3)
2019-06-04 21:29:50.435 22705 RALLYDEBUG rally_openstack.cleanup.manager [-] Deleting neutron.port object s_rally_ccdd3387_3UBRAH2u (13b09032-8629-4118-b5f2-95ddfe45d2e5)
2019-06-04 21:29:50.442 22705 RALLYDEBUG rally_openstack.cleanup.manager [-] Deleting neutron.port object s_rally_ccdd3387_frTHjKZ9 (144f291b-ea22-4393-9c80-047b4e2db3c6)
2019-06-04 21:29:51.115 22705 RALLYDEBUG rally_openstack.cleanup.manager [-] Deleting neutron.port object s_rally_ccdd3387_xTrZqSB4 (14c26b6d-8960-4fdb-b76f-61421ca9b415)
2019-06-04 21:29:51.119 22705 RALLYDEBUG rally_openstack.cleanup.manager [-] Deleting neutron.port object s_rally_ccdd3387_4drlMw0L (153b9c79-bb96-4568-ab66-c18721ea89ce)
2019-06-04 21:29:51.124 22705 RALLYDEBUG rally_openstack.cleanup.manager [-] Deleting neutron.port object s_rally_ccdd3387_5CMhqmQL (163bbd53-b030-4d5d-adb1-320f2481133e)
2019-06-04 21:29:51.142 22705 RALLYDEBUG rally_openstack.cleanup.manager [-] Deleting neutron.port object s_rally_ccdd3387_ShZnxkMU (168f9bd5-a55f-4091-a785-61fbd18d7cdf)
2019-06-04 21:29:51.187 22705 RALLYDEBUG rally_openstack.cleanup.manager [-] Deleting neutron.port object s_rally_ccdd3387_oO6xwASr (16bbb22e-64cd-4508-8382-264992de3c8c)
2019-06-04 21:29:51.199 22705 RALLYDEBUG rally_openstack.cleanup.manager [-] Deleting neutron.port object s_rally_ccdd3387_WM7I7HEa (182a5ee0-0960-43f1-84fa-3fb565bfb707)
2019-06-04 21:29:51.234 22705 RALLYDEBUG rally_openstack.cleanup.manager [-] Deleting neutron.port object s_rally_ccdd3387_Q6ukELOr (1a8818f5-7af6-4e4b-8c5f-e7f452c1eea8)
2019-06-04 21:29:51.237 22705 RALLYDEBUG rally_openstack.cleanup.manager [-] Deleting neutron.port object s_rally_ccdd3387_aZh3KDKI (1a91f176-a9e0-4331-b732-a67209f71967)
2019-06-04 21:29:51.454 22705 RALLYDEBUG rally_openstack.cleanup.manager [-] Deleting neutron.port object s_rally_ccdd3387_EjEYMZs5 (1c4b788c-1f37-4468-815a-cd76016ff8eb)
2019-06-04 21:29:51.482 22705 RALLYDEBUG rally_openstack.cleanup.manager [-] Deleting neutron.port object s_rally_ccdd3387_odkq1zqc (1c699e5e-37e6-45a3-b1c4-f435ddd122ea)
2019-06-04 21:29:51.682 22705 RALLYDEBUG rally_openstack.cleanup.manager [-] Deleting neutron.port object s_rally_ccdd3387_PMnkjwST (1ca29515-88d5-456d-9e40-08c53cf84ad8)
2019-06-04 21:29:51.911 22705 RALLYDEBUG rally_openstack.cleanup.manager [-] Deleting neutron.port object s_rally_ccdd3387_nat0SVIm (1cb2be04-c8f4-42d6-815c-b4e4a6c4127c)
2019-06-04 21:29:52.153 22705 RALLYDEBUG rally_openstack.cleanup.manager [-] Deleting neutron.port object s_rally_ccdd3387_vwmMqNRa (1cb6da23-a529-44b6-bfe3-15144a4bb8f6)
2019-06-04 21:29:52.416 22705 RALLYDEBUG rally_openstack.cleanup.manager [-] Deleting neutron.port object s_rally_ccdd3387_1zhavnyF (1f01fe02-af56-48e6-ad24-195aa75762cc)
2019-06-04 21:29:52.849 22705 RALLYDEBUG rally_openstack.cleanup.manager [-] Deleting neutron.port object s_rally_ccdd3387_kSMmOFdT (1f0dee9b-1a37-4bf7-a1f4-b78a92ee5ed4)
2019-06-04 21:29:53.018 22705 RALLYDEBUG rally_openstack.cleanup.manager [-] Deleting neutron.port object s_rally_ccdd3387_sY0Np77E (1f50e56d-1025-4620-828c-81a43e2c1d11)
2019-06-04 21:29:53.023 22705 RALLYDEBUG rally_openstack.cleanup.manager [-] Deleting neutron.port object s_rally_ccdd3387_Eq8B9XVw (1fb67126-ce18-427f-9916-92aa6d41bc93)
2019-06-04 21:29:53.091 22705 RALLYDEBUG rally_openstack.cleanup.manager [-] Deleting neutron.port object s_rally_ccdd3387_UQA0BePO (2022bdfa-ba3c-4a4a-acb5-69cd0f30c9f9)
2019-06-04 21:29:53.221 22705 RALLYDEBUG rally_openstack.cleanup.manager [-] Deleting neutron.port object s_rally_ccdd3387_oLwmcROj (2033b63e-c0cb-4112-a028-524dcad50601)
2019-06-04 21:29:53.585 22705 RALLYDEBUG rally_openstack.cleanup.manager [-] Deleting neutron.port object s_rally_ccdd3387_JxmU3dRp (203dccf2-8e7d-460f-9da3-45aedc2d48e7)
2019-06-04 21:29:53.691 22705 RALLYDEBUG rally_openstack.cleanup.manager [-] Deleting neutron.port object s_rally_ccdd3387_BUbVnCvs (204b3a42-8242-4828-a7b9-426e6342ba3b)
2019-06-04 21:29:53.725 22705 RALLYDEBUG rally_openstack.cleanup.manager [-] Deleting neutron.port object s_rally_ccdd3387_mqgD81SF (20f39aff-94ea-43ac-933c-9652fd016f8a)
2019-06-04 21:29:54.337 22705 RALLYDEBUG rally_openstack.cleanup.manager [-] Deleting neutron.port object s_rally_ccdd3387_1qDjB2qX (214b2e4d-9b3d-4eb6-a07e-a1acd6b752bd)
2019-06-04 21:29:54.550 22705 RALLYDEBUG rally_openstack.cleanup.manager [-] Deleting neutron.port object s_rally_ccdd3387_YxnZsBDG (216162b5-b160-4f81-bfae-644bf951be5e)
2019-06-04 21:29:54.595 22705 RALLYDEBUG rally_openstack.cleanup.manager [-] Deleting neutron.port object s_rally_ccdd3387_GTqrix1d (2232c2b9-27d7-4c70-a4bf-30084c172fa9)
2019-06-04 21:29:54.666 22705 RALLYDEBUG rally_openstack.cleanup.manager [-] Deleting neutron.port object s_rally_ccdd3387_kvyF9jLj (22b20d51-7aa5-438a-b3e5-fa4d7cd2ae14)
2019-06-04 21:29:54.834 22705 RALLYDEBUG rally_openstack.cleanup.manager [-] Deleting neutron.port object s_rally_ccdd3387_xnXZ1src (22b6126f-bc89-4a2b-945a-efa593dfa8d3)
2019-06-04 21:29:55.068 22705 RALLYDEBUG rally_openstack.cleanup.manager [-] Deleting neutron.port object s_rally_ccdd3387_Bpcyguxl (24f046c3-e11f-477d-ba5d-4baf1566af5c)
2019-06-04 21:29:55.077 22705 RALLYDEBUG rally_openstack.cleanup.manager [-] Deleting neutron.port object s_rally_ccdd3387_ot3oVU2l (25e18d9b-b4a1-4159-aaf2-f01582af1127)
2019-06-04 21:29:55.688 22705 RALLYDEBUG rally_openstack.cleanup.manager [-] Deleting neutron.port object s_rally_ccdd3387_71ttgcIx (2600fd96-1c93-46a9-a7e7-fb71e2936e74)
2019-06-04 21:29:55.713 22705 RALLYDEBUG rally_openstack.cleanup.manager [-] Deleting neutron.port object s_rally_ccdd3387_x8z9iKhK (26d0bc8a-c0f2-440f-b9ad-8000209553bf)
2019-06-04 21:29:55.785 22705 RALLYDEBUG rally_openstack.cleanup.manager [-] Deleting neutron.port object s_rally_ccdd3387_hbJjH5Ey (284e77de-8e91-42b9-89b3-8d0095f61769)
2019-06-04 21:29:55.867 22705 RALLYDEBUG rally_openstack.cleanup.manager [-] Deleting neutron.port object s_rally_ccdd3387_9GNmZcrG (285c2f02-04c4-4107-82a4-2f7992136835)
2019-06-04 21:29:55.908 22705 RALLYDEBUG rally_openstack.cleanup.manager [-] Deleting neutron.port object s_rally_ccdd3387_vIGwy3ad (28aad472-fcdb-43a8-90ee-fbf3b7cce3fd)
2019-06-04 21:29:56.072 22705 RALLYDEBUG rally_openstack.cleanup.manager [-] Deleting neutron.port object s_rally_ccdd3387_Efe3KZXy (298c4cea-7f4f-4afe-aae8-520c5dabe608)
2019-06-04 21:29:56.082 22705 RALLYDEBUG rally_openstack.cleanup.manager [-] Deleting neutron.port object s_rally_ccdd3387_CebegnRL (2a99e0eb-ffa4-4b95-97d6-8310bdf98aff)
2019-06-04 21:29:56.203 22705 RALLYDEBUG rally_openstack.cleanup.manager [-] Deleting neutron.port object s_rally_ccdd3387_1LuaCF9j (2b1f58d9-a3fd-4718-ac17-0feb58ed056b)
2019-06-04 21:29:56.211 22705 RALLYDEBUG rally_openstack.cleanup.manager [-] Deleting neutron.port object s_rally_ccdd3387_9tshfHhi (2c6997fc-02ff-413a-8b97-4a35def92efd)
2019-06-04 21:29:56.247 22705 RALLYDEBUG rally_openstack.cleanup.manager [-] Deleting neutron.port object s_rally_ccdd3387_v2vha8CT (2df3fd7a-8c31-4c80-9f28-f442b1585432)
2019-06-04 21:29:56.327 22705 RALLYDEBUG rally_openstack.cleanup.manager [-] Deleting neutron.port object s_rally_ccdd3387_CPnNTgWl (2e45045b-4b37-4fda-904d-fca240e7cebb)
2019-06-04 21:29:56.331 22705 RALLYDEBUG rally_openstack.cleanup.manager [-] Deleting neutron.port object s_rally_ccdd3387_ruTUKl9e (2e453ce8-85c2-4703-a916-e37367836917)
2019-06-04 21:29:56.381 22705 RALLYDEBUG rally_openstack.cleanup.manager [-] Deleting neutron.port object s_rally_ccdd3387_K23f2FFn (2ec683a0-c8cb-4a6f-a9b3-59e21127f002)
2019-06-04 21:29:57.115 22705 RALLYDEBUG rally_openstack.cleanup.manager [-] Deleting neutron.port object s_rally_ccdd3387_jCt4d7BN (2f1b47c3-bd20-4c79-a99b-8a0b3a858797)
2019-06-04 21:29:57.187 22705 RALLYDEBUG rally_openstack.cleanup.manager [-] Deleting neutron.port object s_rally_ccdd3387_PbRykghe (2fdd1586-3360-4323-93ec-676dadfccab4)
2019-06-04 21:29:57.484 22705 RALLYDEBUG rally_openstack.cleanup.manager [-] Deleting neutron.port object s_rally_ccdd3387_Dkm9tjTK (3083f858-5e8e-4d5f-ab0a-7073cfcf3c41)
2019-06-04 21:29:57.508 22705 RALLYDEBUG rally_openstack.cleanup.manager [-] Deleting neutron.port object s_rally_ccdd3387_QTOCkQbU (30f6c1de-067d-4c8e-9d86-dfcdaa46ee35)
2019-06-04 21:29:57.582 22705 RALLYDEBUG rally_openstack.cleanup.manager [-] Deleting neutron.port object s_rally_ccdd3387_aviBfYXv (31932a41-d361-470f-9347-7e78cf57e13a)
2019-06-04 21:29:57.665 22705 RALLYDEBUG rally_openstack.cleanup.manager [-] Deleting neutron.port object s_rally_ccdd3387_YPgCqhlx (31d97946-bdda-48a9-b70a-d4fb012c9e7e)
2019-06-04 21:29:57.731 22705 RALLYDEBUG rally_openstack.cleanup.manager [-] Deleting neutron.port object s_rally_ccdd3387_x1kp26wI (31f71a26-a290-4996-91e1-c0713aef2012)
2019-06-04 21:29:58.337 22705 RALLYDEBUG rally_openstack.cleanup.manager [-] Deleting neutron.port object s_rally_ccdd3387_zHHxsOeb (326b3ff5-b166-471f-80d0-44b0599cf76e)
2019-06-04 21:29:58.448 22705 RALLYDEBUG rally_openstack.cleanup.manager [-] Deleting neutron.port object s_rally_ccdd3387_gqteDJcQ (326cd186-4b0d-4ed3-b0e1-7142e5f9d54b)
2019-06-04 21:29:58.466 22705 RALLYDEBUG rally_openstack.cleanup.manager [-] Deleting neutron.port object s_rally_ccdd3387_5PnJrY2U (32a9444e-cf0a-42cb-90f2-234e8b489692)
2019-06-04 21:29:58.638 22705 RALLYDEBUG rally_openstack.cleanup.manager [-] Deleting neutron.port object s_rally_ccdd3387_tdh9FpHQ (32ee35dc-8947-4922-ae48-8d3ae89b60a6)
2019-06-04 21:29:58.656 22705 RALLYDEBUG rally_openstack.cleanup.manager [-] Deleting neutron.port object s_rally_ccdd3387_ZrpTOsmn (33167748-9dc7-4a45-9856-8ca659a065c5)
2019-06-04 21:29:58.755 22705 RALLYDEBUG rally_openstack.cleanup.manager [-] Deleting neutron.port object s_rally_ccdd3387_YrUpgZP4 (34677f5c-00c2-42db-8c6d-ea092e4aba13)
2019-06-04 21:29:58.801 22705 RALLYDEBUG rally_openstack.cleanup.manager [-] Deleting neutron.port object s_rally_ccdd3387_v5iUEUOo (351bc84e-cd0f-4a3b-b2ea-95287fc468b2)
2019-06-04 21:29:58.875 22705 RALLYDEBUG rally_openstack.cleanup.manager [-] Deleting neutron.port object s_rally_ccdd3387_GjlIO2t3 (354f8820-185d-427e-89a7-54adb8dccc12)
2019-06-04 21:29:58.934 22705 RALLYDEBUG rally_openstack.cleanup.manager [-] Deleting neutron.port object s_rally_ccdd3387_AEfHlMjf (361c194d-851c-4d84-9846-f07f864a9381)
2019-06-04 21:29:58.965 22705 RALLYDEBUG rally_openstack.cleanup.manager [-] Deleting neutron.port object s_rally_ccdd3387_dds22sNd (37cc3d70-0944-496c-9dee-173e69be580e)
2019-06-04 21:29:59.015 22705 RALLYDEBUG rally_openstack.cleanup.manager [-] Deleting neutron.port object s_rally_ccdd3387_72wAHJbd (380b0875-d626-49d8-a5ac-6628225eae5d)
2019-06-04 21:29:59.099 22705 RALLYDEBUG rally_openstack.cleanup.manager [-] Deleting neutron.port object s_rally_ccdd3387_FTojI1Qt (38f0dce3-ff32-4912-97b3-d4a26466b86d)
2019-06-04 21:29:59.383 22705 RALLYDEBUG rally_openstack.cleanup.manager [-] Deleting neutron.port object s_rally_ccdd3387_GoTNCYmQ (3a446791-b761-418e-b8d8-3ad08d525303)
2019-06-04 21:29:59.437 22705 RALLYDEBUG rally_openstack.cleanup.manager [-] Deleting neutron.port object s_rally_ccdd3387_amJONHOY (3a67e815-2c7a-4f0a-b6d2-afdd1b2d4473)
2019-06-04 21:29:59.519 22705 RALLYDEBUG rally_openstack.cleanup.manager [-] Deleting neutron.port object s_rally_ccdd3387_r5iUnKb4 (3af782f4-f33c-4f84-ac28-dc6da6b9b025)
2019-06-04 21:29:59.896 22705 RALLYDEBUG rally_openstack.cleanup.manager [-] Deleting neutron.port object s_rally_ccdd3387_KIhjp7zF (3b3e206a-fa0c-4cca-82c4-015183565388)
2019-06-04 21:29:59.965 22705 RALLYDEBUG rally_openstack.cleanup.manager [-] Deleting neutron.port object s_rally_ccdd3387_KrZP1E6G (3b83e25b-5bb8-4d87-82d1-39c22cca50d5)
2019-06-04 21:30:00.155 22705 RALLYDEBUG rally_openstack.cleanup.manager [-] Deleting neutron.port object s_rally_ccdd3387_yLJzpLT4 (3c12766a-f13c-4d7a-a753-04879072eb25)
