2019-06-04 21:10:23.624 24802 INFO rally.task.runner [-] Task d10742e5-6a27-41be-b9b8-ea7d58457a2e | ITER: 5 START
2019-06-04 21:10:23.624 24805 INFO rally.task.runner [-] Task d10742e5-6a27-41be-b9b8-ea7d58457a2e | ITER: 8 START
2019-06-04 21:10:23.625 24814 RALLYDEBUG rally.task.runner [-] Starting a worker. concurrency: 1 args: {"network_create_args": {}, "subnet_create_args": {}, "subnet_cidr_start": "1.1.0.0/30", "subnets_per_network": 2} times: 40 method_name: run timeout: 0 duration: None cls:
2019-06-04 21:10:23.625 24816 RALLYDEBUG rally.task.runner [-] Starting a worker. concurrency: 1 args: {"network_create_args": {}, "subnet_create_args": {}, "subnet_cidr_start": "1.1.0.0/30", "subnets_per_network": 2} times: 40 method_name: run timeout: 0 duration: None cls:
2019-06-04 21:10:23.625 24802 WARNING rally_openstack.scenarios.neutron.utils [-] Running this scenario without either the 'network' or 'existing_network' context is deprecated
2019-06-04 21:10:23.626 24805 WARNING rally_openstack.scenarios.neutron.utils [-] Running this scenario without either the 'network' or 'existing_network' context is deprecated
2019-06-04 21:10:23.627 24810 INFO rally.task.runner [-] Task d10742e5-6a27-41be-b9b8-ea7d58457a2e | ITER: 9 START
2019-06-04 21:10:23.629 24810 WARNING rally_openstack.scenarios.neutron.utils [-] Running this scenario without either the 'network' or 'existing_network' context is deprecated
2019-06-04 21:10:23.630 24814 INFO rally.task.runner [-] Task d10742e5-6a27-41be-b9b8-ea7d58457a2e | ITER: 11 START
2019-06-04 21:10:23.626 24802 INFO rally.task.runner [-] Task d10742e5-6a27-41be-b9b8-ea7d58457a2e | ITER: 10 START
2019-06-04 21:10:23.631 24802 WARNING rally_openstack.scenarios.neutron.utils [-] Running this scenario without either the 'network' or 'existing_network' context is deprecated
2019-06-04 21:10:23.631 24814 WARNING rally_openstack.scenarios.neutron.utils [-] Running this scenario without either the 'network' or 'existing_network' context is deprecated
2019-06-04 21:10:23.635 24820 RALLYDEBUG rally.task.runner [-] Starting a worker. concurrency: 1 args: {"network_create_args": {}, "subnet_create_args": {}, "subnet_cidr_start": "1.1.0.0/30", "subnets_per_network": 2} times: 40 method_name: run timeout: 0 duration: None cls:
2019-06-04 21:10:23.639 24827 RALLYDEBUG rally.task.runner [-] Starting a worker. concurrency: 1 args: {"network_create_args": {}, "subnet_create_args": {}, "subnet_cidr_start": "1.1.0.0/30", "subnets_per_network": 2} times: 40 method_name: run timeout: 0 duration: None cls:
2019-06-04 21:10:23.640 24816 INFO rally.task.runner [-] Task d10742e5-6a27-41be-b9b8-ea7d58457a2e | ITER: 12 START
2019-06-04 21:10:23.642 24820 INFO rally.task.runner [-] Task d10742e5-6a27-41be-b9b8-ea7d58457a2e | ITER: 13 START
2019-06-04 21:10:23.642 24816 WARNING rally_openstack.scenarios.neutron.utils [-] Running this scenario without either the 'network' or 'existing_network' context is deprecated
2019-06-04 21:10:23.642 24820 WARNING rally_openstack.scenarios.neutron.utils [-] Running this scenario without either the 'network' or 'existing_network' context is deprecated
2019-06-04 21:10:23.645 24827 INFO rally.task.runner [-] Task d10742e5-6a27-41be-b9b8-ea7d58457a2e | ITER: 14 START
2019-06-04 21:10:23.646 24827 WARNING rally_openstack.scenarios.neutron.utils [-] Running this scenario without either the 'network' or 'existing_network' context is deprecated
2019-06-04 21:10:23.656 24834 RALLYDEBUG rally.task.runner [-] Starting a worker. concurrency: 1 args: {"network_create_args": {}, "subnet_create_args": {}, "subnet_cidr_start": "1.1.0.0/30", "subnets_per_network": 2} times: 40 method_name: run timeout: 0 duration: None cls:
2019-06-04 21:10:23.656 24832 RALLYDEBUG rally.task.runner [-] Starting a worker. concurrency: 1 args: {"network_create_args": {}, "subnet_create_args": {}, "subnet_cidr_start": "1.1.0.0/30", "subnets_per_network": 2} times: 40 method_name: run timeout: 0 duration: None cls:
2019-06-04 21:10:23.662 24834 INFO rally.task.runner [-] Task d10742e5-6a27-41be-b9b8-ea7d58457a2e | ITER: 15 START
2019-06-04 21:10:23.664 24834 WARNING rally_openstack.scenarios.neutron.utils [-] Running this scenario without either the 'network' or 'existing_network' context is deprecated
2019-06-04 21:10:23.664 24832 INFO rally.task.runner [-] Task d10742e5-6a27-41be-b9b8-ea7d58457a2e | ITER: 16 START
2019-06-04 21:10:23.664 24836 RALLYDEBUG rally.task.runner [-] Starting a worker. concurrency: 1 args: {"network_create_args": {}, "subnet_create_args": {}, "subnet_cidr_start": "1.1.0.0/30", "subnets_per_network": 2} times: 40 method_name: run timeout: 0 duration: None cls:
2019-06-04 21:10:23.665 24832 WARNING rally_openstack.scenarios.neutron.utils [-] Running this scenario without either the 'network' or 'existing_network' context is deprecated
2019-06-04 21:10:23.670 24836 INFO rally.task.runner [-] Task d10742e5-6a27-41be-b9b8-ea7d58457a2e | ITER: 17 START
2019-06-04 21:10:23.672 24836 WARNING rally_openstack.scenarios.neutron.utils [-] Running this scenario without either the 'network' or 'existing_network' context is deprecated
2019-06-04 21:10:23.671 24840 RALLYDEBUG rally.task.runner [-] Starting a worker. concurrency: 1 args: {"network_create_args": {}, "subnet_create_args": {}, "subnet_cidr_start": "1.1.0.0/30", "subnets_per_network": 2} times: 40 method_name: run timeout: 0 duration: None cls:
2019-06-04 21:10:23.677 24840 INFO rally.task.runner [-] Task d10742e5-6a27-41be-b9b8-ea7d58457a2e | ITER: 18 START
2019-06-04 21:10:23.677 24843 RALLYDEBUG rally.task.runner [-] Starting a worker. concurrency: 1 args: {"network_create_args": {}, "subnet_create_args": {}, "subnet_cidr_start": "1.1.0.0/30", "subnets_per_network": 2} times: 40 method_name: run timeout: 0 duration: None cls:
2019-06-04 21:10:23.680 24840 WARNING rally_openstack.scenarios.neutron.utils [-] Running this scenario without either the 'network' or 'existing_network' context is deprecated
2019-06-04 21:10:23.680 24846 RALLYDEBUG rally.task.runner [-] Starting a worker. concurrency: 1 args: {"network_create_args": {}, "subnet_create_args": {}, "subnet_cidr_start": "1.1.0.0/30", "subnets_per_network": 2} times: 40 method_name: run timeout: 0 duration: None cls:
2019-06-04 21:10:23.683 24843 INFO rally.task.runner [-] Task d10742e5-6a27-41be-b9b8-ea7d58457a2e | ITER: 19 START
2019-06-04 21:10:23.683 24846 INFO rally.task.runner [-] Task d10742e5-6a27-41be-b9b8-ea7d58457a2e | ITER: 20 START
2019-06-04 21:10:23.684 24843 WARNING rally_openstack.scenarios.neutron.utils [-] Running this scenario without either the 'network' or 'existing_network' context is deprecated
2019-06-04 21:10:23.684 24846 WARNING rally_openstack.scenarios.neutron.utils [-] Running this scenario without either the 'network' or 'existing_network' context is deprecated
2019-06-04 21:10:25.758 24805 RALLYDEBUG rally_openstack.wrappers.network [-] CIDR generated: 1.1.4.96/30
2019-06-04 21:10:25.800 24834 RALLYDEBUG rally_openstack.wrappers.network [-] CIDR generated: 1.1.4.100/30
2019-06-04 21:10:25.824 24801 RALLYDEBUG rally_openstack.wrappers.network [-] CIDR generated: 1.1.4.104/30
2019-06-04 21:10:25.835 24801 RALLYDEBUG rally_openstack.wrappers.network [-] CIDR generated: 1.1.4.108/30
2019-06-04 21:10:25.847 24832 RALLYDEBUG rally_openstack.wrappers.network [-] CIDR generated: 1.1.4.112/30
2019-06-04 21:10:25.859 24799 RALLYDEBUG rally_openstack.wrappers.network [-] CIDR generated: 1.1.4.116/30
2019-06-04 21:10:25.872 24816 RALLYDEBUG rally_openstack.wrappers.network [-] CIDR generated: 1.1.4.120/30
2019-06-04 21:10:25.901 24810 RALLYDEBUG rally_openstack.wrappers.network [-] CIDR generated: 1.1.4.124/30
2019-06-04 21:10:25.986 24802 RALLYDEBUG rally_openstack.wrappers.network [-] CIDR generated: 1.1.4.128/30
2019-06-04 21:10:26.021 24827 RALLYDEBUG rally_openstack.wrappers.network [-] CIDR generated: 1.1.4.132/30
2019-06-04 21:10:26.042 24799 RALLYDEBUG rally_openstack.wrappers.network [-] CIDR generated: 1.1.4.136/30
2019-06-04 21:10:26.094 24843 RALLYDEBUG rally_openstack.wrappers.network [-] CIDR generated: 1.1.4.140/30
2019-06-04 21:10:26.153 24820 RALLYDEBUG rally_openstack.wrappers.network [-] CIDR generated: 1.1.4.144/30
2019-06-04 21:10:26.189 24836 RALLYDEBUG rally_openstack.wrappers.network [-] CIDR generated: 1.1.4.148/30
2019-06-04 21:10:26.287 24840 RALLYDEBUG rally_openstack.wrappers.network [-] CIDR generated: 1.1.4.152/30
2019-06-04 21:10:26.602 24800 RALLYDEBUG rally_openstack.wrappers.network [-] CIDR generated: 1.1.4.156/30
2019-06-04 21:10:26.603 24846 RALLYDEBUG rally_openstack.wrappers.network [-] CIDR generated: 1.1.4.160/30
2019-06-04 21:10:26.605 24802 RALLYDEBUG rally_openstack.wrappers.network [-] CIDR generated: 1.1.4.164/30
2019-06-04 21:10:26.805 24800 RALLYDEBUG rally_openstack.wrappers.network [-] CIDR generated: 1.1.4.168/30
2019-06-04 21:10:26.956 24814 RALLYDEBUG rally_openstack.wrappers.network [-] CIDR generated: 1.1.4.172/30
2019-06-04 21:10:28.099 24832 RALLYDEBUG rally_openstack.wrappers.network [-] CIDR generated: 1.1.4.176/30
2019-06-04 21:10:28.135 24805 RALLYDEBUG rally_openstack.wrappers.network [-] CIDR generated: 1.1.4.180/30
2019-06-04 21:10:28.315 24799 RALLYDEBUG rally_openstack.wrappers.network [-] CIDR generated: 1.1.4.184/30
2019-06-04 21:10:28.489 24827 RALLYDEBUG rally_openstack.wrappers.network [-] CIDR generated: 1.1.4.188/30
2019-06-04 21:10:28.602 24834 RALLYDEBUG rally_openstack.wrappers.network [-] CIDR generated: 1.1.4.192/30
2019-06-04 21:10:28.668 24801 RALLYDEBUG rally_openstack.wrappers.network [-] CIDR generated: 1.1.4.196/30
2019-06-04 21:10:28.692 24816 RALLYDEBUG rally_openstack.wrappers.network [-] CIDR generated: 1.1.4.200/30
2019-06-04 21:10:28.805 24801 RALLYDEBUG rally_openstack.wrappers.network [-] CIDR generated: 1.1.4.204/30
2019-06-04 21:10:28.945 24846 RALLYDEBUG rally_openstack.wrappers.network [-] CIDR generated: 1.1.4.208/30
2019-06-04 21:10:29.016 24843 RALLYDEBUG rally_openstack.wrappers.network [-] CIDR generated: 1.1.4.212/30
2019-06-04 21:10:29.147 24820 RALLYDEBUG rally_openstack.wrappers.network [-] CIDR generated: 1.1.4.216/30
2019-06-04 21:10:29.268 24800 RALLYDEBUG rally_openstack.wrappers.network [-] CIDR generated: 1.1.4.220/30
2019-06-04 21:10:30.465 24800 RALLYDEBUG rally_openstack.wrappers.network [-] CIDR generated: 1.1.4.224/30
2019-06-04 21:10:31.183 24814 RALLYDEBUG rally_openstack.wrappers.network [-] CIDR generated: 1.1.4.228/30
2019-06-04 21:10:31.272 24810 RALLYDEBUG rally_openstack.wrappers.network [-] CIDR generated: 1.1.4.232/30
2019-06-04 21:10:31.384 24802 RALLYDEBUG rally_openstack.wrappers.network [-] CIDR generated: 1.1.4.236/30
2019-06-04 21:10:31.538 24799 RALLYDEBUG rally_openstack.wrappers.network [-] CIDR generated: 1.1.4.240/30
2019-06-04 21:10:31.590 24836 RALLYDEBUG rally_openstack.wrappers.network [-] CIDR generated: 1.1.4.244/30
2019-06-04 21:10:31.861 24840 RALLYDEBUG rally_openstack.wrappers.network [-] CIDR generated: 1.1.4.248/30
2019-06-04 21:10:32.072 24802 RALLYDEBUG rally_openstack.wrappers.network [-] CIDR generated: 1.1.4.252/30
2019-06-04 21:10:33.699 24805 INFO rally.task.runner [-] Task d10742e5-6a27-41be-b9b8-ea7d58457a2e | ITER: 8 END: OK
2019-06-04 21:10:33.703 24805 INFO rally.task.runner [-] Task d10742e5-6a27-41be-b9b8-ea7d58457a2e | ITER: 21 START
2019-06-04 21:10:33.704 24805 WARNING rally_openstack.scenarios.neutron.utils [-] Running this scenario without either the 'network' or 'existing_network' context is deprecated
2019-06-04 21:10:35.315 24801 INFO rally.task.runner [-] Task d10742e5-6a27-41be-b9b8-ea7d58457a2e | ITER: 7 END: OK
2019-06-04 21:10:35.320 24801 INFO rally.task.runner [-] Task d10742e5-6a27-41be-b9b8-ea7d58457a2e | ITER: 22 START
2019-06-04 21:10:35.320 24801 WARNING rally_openstack.scenarios.neutron.utils [-] Running this scenario without either the 'network' or 'existing_network' context is deprecated
2019-06-04 21:10:35.365 24832 INFO rally.task.runner [-] Task d10742e5-6a27-41be-b9b8-ea7d58457a2e | ITER: 16 END: OK
2019-06-04 21:10:35.370 24832 INFO rally.task.runner [-] Task d10742e5-6a27-41be-b9b8-ea7d58457a2e | ITER: 23 START
2019-06-04 21:10:35.371 24832 WARNING rally_openstack.scenarios.neutron.utils [-] Running this scenario without either the 'network' or 'existing_network' context is deprecated
2019-06-04 21:10:35.416 24834 INFO rally.task.runner [-] Task d10742e5-6a27-41be-b9b8-ea7d58457a2e | ITER: 15 END: OK
2019-06-04 21:10:35.419 24834 INFO rally.task.runner [-] Task d10742e5-6a27-41be-b9b8-ea7d58457a2e | ITER: 24 START
2019-06-04 21:10:35.420 24834 WARNING rally_openstack.scenarios.neutron.utils [-] Running this scenario without either the 'network' or 'existing_network' context is deprecated
2019-06-04 21:10:35.498 24846 INFO rally.task.runner [-] Task d10742e5-6a27-41be-b9b8-ea7d58457a2e | ITER: 20 END: OK
2019-06-04 21:10:35.502 24846 INFO rally.task.runner [-] Task d10742e5-6a27-41be-b9b8-ea7d58457a2e | ITER: 25 START
2019-06-04 21:10:35.503 24846 WARNING rally_openstack.scenarios.neutron.utils [-] Running this scenario without either the 'network' or 'existing_network' context is deprecated
2019-06-04 21:10:36.170 24816 INFO rally.task.runner [-] Task d10742e5-6a27-41be-b9b8-ea7d58457a2e | ITER: 12 END: OK
2019-06-04 21:10:36.174 24816 INFO rally.task.runner [-] Task d10742e5-6a27-41be-b9b8-ea7d58457a2e | ITER: 26 START
2019-06-04 21:10:36.175 24816 WARNING rally_openstack.scenarios.neutron.utils [-] Running this scenario without either the 'network' or 'existing_network' context is deprecated
2019-06-04 21:10:36.284 24827 INFO rally.task.runner [-] Task d10742e5-6a27-41be-b9b8-ea7d58457a2e | ITER: 14 END: OK
2019-06-04 21:10:36.289 24827 INFO rally.task.runner [-] Task d10742e5-6a27-41be-b9b8-ea7d58457a2e | ITER: 27 START
2019-06-04 21:10:36.290 24827 WARNING rally_openstack.scenarios.neutron.utils [-] Running this scenario without either the 'network' or 'existing_network' context is deprecated
2019-06-04 21:10:36.297 24820 INFO rally.task.runner [-] Task d10742e5-6a27-41be-b9b8-ea7d58457a2e | ITER: 13 END: OK
2019-06-04 21:10:36.301 24820 INFO rally.task.runner [-] Task d10742e5-6a27-41be-b9b8-ea7d58457a2e | ITER: 28 START
2019-06-04 21:10:36.302 24820 WARNING rally_openstack.scenarios.neutron.utils [-] Running this scenario without either the 'network' or 'existing_network' context is deprecated
2019-06-04 21:10:36.516 24799 INFO rally.task.runner [-] Task d10742e5-6a27-41be-b9b8-ea7d58457a2e | ITER: 3 END: OK
2019-06-04 21:10:36.521 24799 INFO rally.task.runner [-] Task d10742e5-6a27-41be-b9b8-ea7d58457a2e | ITER: 29 START
2019-06-04 21:10:36.521 24799 WARNING rally_openstack.scenarios.neutron.utils [-] Running this scenario without either the 'network' or 'existing_network' context is deprecated
2019-06-04 21:10:36.788 24834 RALLYDEBUG rally_openstack.wrappers.network [-] CIDR generated: 1.1.5.0/30
2019-06-04 21:10:36.830 24800 INFO rally.task.runner [-] Task d10742e5-6a27-41be-b9b8-ea7d58457a2e | ITER: 2 END: OK
2019-06-04 21:10:36.834 24800 INFO rally.task.runner [-] Task d10742e5-6a27-41be-b9b8-ea7d58457a2e | ITER: 30 START
2019-06-04 21:10:36.834 24800 WARNING rally_openstack.scenarios.neutron.utils [-] Running this scenario without either the 'network' or 'existing_network' context is deprecated
2019-06-04 21:10:36.867 24832 RALLYDEBUG rally_openstack.wrappers.network [-] CIDR generated: 1.1.5.4/30
2019-06-04 21:10:37.025 24805 RALLYDEBUG rally_openstack.wrappers.network [-] CIDR generated: 1.1.5.8/30
2019-06-04 21:10:37.234 24801 RALLYDEBUG rally_openstack.wrappers.network [-] CIDR generated: 1.1.5.12/30
2019-06-04 21:10:37.378 24846 RALLYDEBUG rally_openstack.wrappers.network [-] CIDR generated: 1.1.5.16/30
2019-06-04 21:10:37.391 24800 INFO rally.task.runner [-] Task d10742e5-6a27-41be-b9b8-ea7d58457a2e | ITER: 6 END: OK
2019-06-04 21:10:37.394 24800 INFO rally.task.runner [-] Task d10742e5-6a27-41be-b9b8-ea7d58457a2e | ITER: 31 START
2019-06-04 21:10:37.395 24800 WARNING rally_openstack.scenarios.neutron.utils [-] Running this scenario without either the 'network' or 'existing_network' context is deprecated
2019-06-04 21:10:37.624 24820 RALLYDEBUG rally_openstack.wrappers.network [-] CIDR generated: 1.1.5.20/30
2019-06-04 21:10:37.767 24814 INFO rally.task.runner [-] Task d10742e5-6a27-41be-b9b8-ea7d58457a2e | ITER: 11 END: OK
2019-06-04 21:10:37.771 24814 INFO rally.task.runner [-] Task d10742e5-6a27-41be-b9b8-ea7d58457a2e | ITER: 32 START
2019-06-04 21:10:37.772 24814 WARNING rally_openstack.scenarios.neutron.utils [-] Running this scenario without either the 'network' or 'existing_network' context is deprecated
2019-06-04 21:10:37.839 24843 INFO rally.task.runner [-] Task d10742e5-6a27-41be-b9b8-ea7d58457a2e | ITER: 19 END: OK
2019-06-04 21:10:37.843 24843 INFO rally.task.runner [-] Task d10742e5-6a27-41be-b9b8-ea7d58457a2e | ITER: 33 START
2019-06-04 21:10:37.843 24843 WARNING rally_openstack.scenarios.neutron.utils [-] Running this scenario without either the 'network' or 'existing_network' context is deprecated
2019-06-04 21:10:37.846 24810 INFO rally.task.runner [-] Task d10742e5-6a27-41be-b9b8-ea7d58457a2e | ITER: 9 END: OK
2019-06-04 21:10:37.850 24810 INFO rally.task.runner [-] Task d10742e5-6a27-41be-b9b8-ea7d58457a2e | ITER: 34 START
2019-06-04 21:10:37.850 24810 WARNING rally_openstack.scenarios.neutron.utils [-] Running this scenario without either the 'network' or 'existing_network' context is deprecated
2019-06-04 21:10:38.279 24816 RALLYDEBUG rally_openstack.wrappers.network [-] CIDR generated: 1.1.5.24/30
2019-06-04 21:10:38.377 24827 RALLYDEBUG rally_openstack.wrappers.network [-] CIDR generated: 1.1.5.28/30
2019-06-04 21:10:38.593 24800 RALLYDEBUG rally_openstack.wrappers.network [-] CIDR generated: 1.1.5.32/30
2019-06-04 21:10:38.698 24840 INFO rally.task.runner [-] Task d10742e5-6a27-41be-b9b8-ea7d58457a2e | ITER: 18 END: OK
2019-06-04 21:10:38.703 24840 INFO rally.task.runner [-] Task d10742e5-6a27-41be-b9b8-ea7d58457a2e | ITER: 35 START
2019-06-04 21:10:38.703 24840 WARNING rally_openstack.scenarios.neutron.utils [-] Running this scenario without either the 'network' or 'existing_network' context is deprecated
2019-06-04 21:10:38.738 24801 INFO rally.task.runner [-] Task d10742e5-6a27-41be-b9b8-ea7d58457a2e | ITER: 4 END: OK
2019-06-04 21:10:38.741 24801 INFO rally.task.runner [-] Task d10742e5-6a27-41be-b9b8-ea7d58457a2e | ITER: 36 START
2019-06-04 21:10:38.742 24801 WARNING rally_openstack.scenarios.neutron.utils [-] Running this scenario without either the 'network' or 'existing_network' context is deprecated
2019-06-04 21:10:38.825 24799 RALLYDEBUG rally_openstack.wrappers.network [-] CIDR generated: 1.1.5.36/30
2019-06-04 21:10:39.345 24802 INFO rally.task.runner [-] Task d10742e5-6a27-41be-b9b8-ea7d58457a2e | ITER: 5 END: OK
2019-06-04 21:10:39.350 24802 INFO rally.task.runner [-] Task d10742e5-6a27-41be-b9b8-ea7d58457a2e | ITER: 37 START
2019-06-04 21:10:39.351 24802 WARNING rally_openstack.scenarios.neutron.utils [-] Running this scenario without either the 'network' or 'existing_network' context is deprecated
2019-06-04 21:10:39.711 24836 INFO rally.task.runner [-] Task d10742e5-6a27-41be-b9b8-ea7d58457a2e | ITER: 17 END: OK
2019-06-04 21:10:39.715 24836 INFO rally.task.runner [-] Task d10742e5-6a27-41be-b9b8-ea7d58457a2e | ITER: 38 START
2019-06-04 21:10:39.715 24836 WARNING rally_openstack.scenarios.neutron.utils [-] Running this scenario without either the 'network' or 'existing_network' context is deprecated
2019-06-04 21:10:40.794 24800 RALLYDEBUG rally_openstack.wrappers.network [-] CIDR generated: 1.1.5.40/30
2019-06-04 21:10:40.810 24799 INFO rally.task.runner [-] Task d10742e5-6a27-41be-b9b8-ea7d58457a2e | ITER: 1 END: OK
2019-06-04 21:10:40.814 24799 INFO rally.task.runner [-] Task d10742e5-6a27-41be-b9b8-ea7d58457a2e | ITER: 39 START
2019-06-04 21:10:40.814 24799 WARNING rally_openstack.scenarios.neutron.utils [-] Running this scenario without either the 'network' or 'existing_network' context is deprecated
2019-06-04 21:10:40.817 24843 RALLYDEBUG rally_openstack.wrappers.network [-] CIDR generated: 1.1.5.44/30
2019-06-04 21:10:40.973 24802 INFO rally.task.runner [-] Task d10742e5-6a27-41be-b9b8-ea7d58457a2e | ITER: 10 END: OK
2019-06-04 21:10:40.976 24802 INFO rally.task.runner [-] Task d10742e5-6a27-41be-b9b8-ea7d58457a2e | ITER: 40 START
2019-06-04 21:10:40.977 24802 WARNING rally_openstack.scenarios.neutron.utils [-] Running this scenario without either the 'network' or 'existing_network' context is deprecated
2019-06-04 21:10:41.225 24810 RALLYDEBUG rally_openstack.wrappers.network [-] CIDR generated: 1.1.5.48/30
2019-06-04 21:10:41.291 24814 RALLYDEBUG rally_openstack.wrappers.network [-] CIDR generated: 1.1.5.52/30
2019-06-04 21:10:41.399 24840 RALLYDEBUG rally_openstack.wrappers.network [-] CIDR generated: 1.1.5.56/30
2019-06-04 21:10:43.578 24801 RALLYDEBUG rally_openstack.wrappers.network [-] CIDR generated: 1.1.5.60/30
2019-06-04 21:10:43.613 24802 RALLYDEBUG rally_openstack.wrappers.network [-] CIDR generated: 1.1.5.64/30
2019-06-04 21:10:43.697 24836 RALLYDEBUG rally_openstack.wrappers.network [-] CIDR generated: 1.1.5.68/30
2019-06-04 21:10:43.895 24832 RALLYDEBUG rally_openstack.wrappers.network [-] CIDR generated: 1.1.5.72/30
2019-06-04 21:10:44.452 24799 RALLYDEBUG rally_openstack.wrappers.network [-] CIDR generated: 1.1.5.76/30
2019-06-04 21:10:44.733 24802 RALLYDEBUG rally_openstack.wrappers.network [-] CIDR generated: 1.1.5.80/30
2019-06-04 21:10:44.740 24801 RALLYDEBUG rally_openstack.wrappers.network [-] CIDR generated: 1.1.5.84/30
2019-06-04 21:10:44.835 24805 RALLYDEBUG rally_openstack.wrappers.network [-] CIDR generated: 1.1.5.88/30
2019-06-04 21:10:44.892 24846 RALLYDEBUG rally_openstack.wrappers.network [-] CIDR generated: 1.1.5.92/30
2019-06-04 21:10:44.938 24834 RALLYDEBUG rally_openstack.wrappers.network [-] CIDR generated: 1.1.5.96/30
2019-06-04 21:10:45.165 24820 RALLYDEBUG rally_openstack.wrappers.network [-] CIDR generated: 1.1.5.100/30
2019-06-04 21:10:45.315 24816 RALLYDEBUG rally_openstack.wrappers.network [-] CIDR generated: 1.1.5.104/30
2019-06-04 21:10:45.500 24799 RALLYDEBUG rally_openstack.wrappers.network [-] CIDR generated: 1.1.5.108/30
2019-06-04 21:10:45.830 24843 RALLYDEBUG rally_openstack.wrappers.network [-] CIDR generated: 1.1.5.112/30
2019-06-04 21:10:46.267 24827 RALLYDEBUG rally_openstack.wrappers.network [-] CIDR generated: 1.1.5.116/30
2019-06-04 21:10:46.585 24800 RALLYDEBUG rally_openstack.wrappers.network [-] CIDR generated: 1.1.5.120/30
2019-06-04 21:10:46.905 24840 RALLYDEBUG rally_openstack.wrappers.network [-] CIDR generated: 1.1.5.124/30
2019-06-04 21:10:47.110 24800 RALLYDEBUG rally_openstack.wrappers.network [-] CIDR generated: 1.1.5.128/30
2019-06-04 21:10:47.177 24814 RALLYDEBUG rally_openstack.wrappers.network [-] CIDR generated: 1.1.5.132/30
2019-06-04 21:10:47.244 24801 RALLYDEBUG rally_openstack.wrappers.network [-] CIDR generated: 1.1.5.136/30
2019-06-04 21:10:47.416 24836 RALLYDEBUG rally_openstack.wrappers.network [-] CIDR generated: 1.1.5.140/30
2019-06-04 21:10:47.465 24802 RALLYDEBUG rally_openstack.wrappers.network [-] CIDR generated: 1.1.5.144/30
2019-06-04 21:10:47.481 24810 RALLYDEBUG rally_openstack.wrappers.network [-] CIDR generated: 1.1.5.148/30
2019-06-04 21:10:47.500 24802 RALLYDEBUG rally_openstack.wrappers.network [-] CIDR generated: 1.1.5.152/30
2019-06-04 21:10:47.971 24799 RALLYDEBUG rally_openstack.wrappers.network [-] CIDR generated: 1.1.5.156/30
2019-06-04 21:10:49.745 24805 INFO rally.task.runner [-] Task d10742e5-6a27-41be-b9b8-ea7d58457a2e | ITER: 21 END: OK
2019-06-04 21:10:49.842 24832 INFO rally.task.runner [-] Task d10742e5-6a27-41be-b9b8-ea7d58457a2e | ITER: 23 END: OK
2019-06-04 21:10:50.654 24799 INFO rally.task.runner [-] Task d10742e5-6a27-41be-b9b8-ea7d58457a2e | ITER: 29 END: OK
2019-06-04 21:10:50.949 24846 INFO rally.task.runner [-] Task d10742e5-6a27-41be-b9b8-ea7d58457a2e | ITER: 25 END: OK
2019-06-04 21:10:51.114 24820 INFO rally.task.runner [-] Task d10742e5-6a27-41be-b9b8-ea7d58457a2e | ITER: 28 END: OK
2019-06-04 21:10:51.121 24802 INFO rally.task.runner [-] Task d10742e5-6a27-41be-b9b8-ea7d58457a2e | ITER: 37 END: OK
2019-06-04 21:10:51.171 24843 INFO rally.task.runner [-] Task d10742e5-6a27-41be-b9b8-ea7d58457a2e | ITER: 33 END: OK
2019-06-04 21:10:51.196 24800 INFO rally.task.runner [-] Task d10742e5-6a27-41be-b9b8-ea7d58457a2e | ITER: 30 END: OK
2019-06-04 21:10:51.318 24802 INFO rally.task.runner [-] Task d10742e5-6a27-41be-b9b8-ea7d58457a2e | ITER: 40 END: OK
2019-06-04 21:10:52.008 24800 INFO rally.task.runner [-] Task d10742e5-6a27-41be-b9b8-ea7d58457a2e | ITER: 31 END: OK
2019-06-04 21:10:52.126 24816 INFO rally.task.runner [-] Task d10742e5-6a27-41be-b9b8-ea7d58457a2e | ITER: 26 END: OK
2019-06-04 21:10:52.177 24834 INFO rally.task.runner [-] Task d10742e5-6a27-41be-b9b8-ea7d58457a2e | ITER: 24 END: OK
2019-06-04 21:10:52.373 24799 INFO rally.task.runner [-] Task d10742e5-6a27-41be-b9b8-ea7d58457a2e | ITER: 39 END: OK
2019-06-04 21:10:52.693 24810 INFO rally.task.runner [-] Task d10742e5-6a27-41be-b9b8-ea7d58457a2e | ITER: 34 END: OK
2019-06-04 21:10:52.708 24801 INFO rally.task.runner [-] Task d10742e5-6a27-41be-b9b8-ea7d58457a2e | ITER: 22 END: OK
2019-06-04 21:10:52.743 24827 INFO rally.task.runner [-] Task d10742e5-6a27-41be-b9b8-ea7d58457a2e | ITER: 27 END: OK
2019-06-04 21:10:53.805 24836 INFO rally.task.runner [-] Task d10742e5-6a27-41be-b9b8-ea7d58457a2e | ITER: 38 END: OK
2019-06-04 21:10:54.552 24840 INFO rally.task.runner [-] Task d10742e5-6a27-41be-b9b8-ea7d58457a2e | ITER: 35 END: OK
2019-06-04 21:10:54.638 24801 INFO rally.task.runner [-] Task d10742e5-6a27-41be-b9b8-ea7d58457a2e | ITER: 36 END: OK
2019-06-04 21:10:55.797 24814 INFO rally.task.runner [-] Task d10742e5-6a27-41be-b9b8-ea7d58457a2e | ITER: 32 END: OK
2019-06-04 21:10:55.823 22705 INFO rally.task.context [-] Task d10742e5-6a27-41be-b9b8-ea7d58457a2e | Context cleanup@openstack cleanup() started
2019-06-04 21:10:55.826 22705 RALLYDEBUG rally_openstack.cleanup.manager [-] Cleaning up neutron vip objects
2019-06-04 21:10:56.659 22705 RALLYDEBUG rally_openstack.cleanup.manager [-] Cleaning up neutron health_monitor objects
2019-06-04 21:10:57.561 22705 RALLYDEBUG rally_openstack.cleanup.manager [-] Cleaning up neutron pool objects
2019-06-04 21:10:58.394 22705 RALLYDEBUG rally_openstack.cleanup.manager [-] Cleaning up neutron loadbalancer objects
2019-06-04 21:10:59.141 22705 RALLYDEBUG rally_openstack.cleanup.manager [-] Cleaning up neutron floatingip objects
2019-06-04 21:10:59.999 22705 RALLYDEBUG rally_openstack.cleanup.manager [-] Cleaning up neutron port objects
2019-06-04 21:11:01.396 22705 RALLYDEBUG rally_openstack.cleanup.manager [-] Cleaning up neutron subnet objects
2019-06-04 21:11:02.182 22705 RALLYDEBUG rally_openstack.cleanup.manager [-] Cleaning up neutron network objects
2019-06-04 21:11:03.081 22705 RALLYDEBUG rally_openstack.cleanup.manager [-] Deleting neutron.network object s_rally_783dcac1_N3mVlZL1 (0952f0fa-d4da-4ee0-9de3-89dac155ba7f)
2019-06-04 21:11:03.090 22705 RALLYDEBUG rally_openstack.cleanup.manager [-] Deleting neutron.network object s_rally_783dcac1_fd7gcdSG (0b178c75-2a04-4701-9b29-1f7ee0c46120)
2019-06-04 21:11:03.091 22705 RALLYDEBUG rally_openstack.cleanup.manager [-] Deleting neutron.network object s_rally_783dcac1_2LFT8WPW (096e34c7-1f21-4d7d-8cfb-823e97197fa6)
2019-06-04 21:11:03.101 22705 RALLYDEBUG rally_openstack.cleanup.manager [-] Deleting neutron.network object s_rally_783dcac1_TloTeJil (145d7944-6008-42c9-bfc4-825aa4e8ed35)
2019-06-04 21:11:03.114 22705 RALLYDEBUG rally_openstack.cleanup.manager [-] Deleting neutron.network object s_rally_783dcac1_1LjgPqA7 (179c01fb-ad81-448d-a4fb-2d69dd1b3521)
2019-06-04 21:11:03.122 22705 RALLYDEBUG rally_openstack.cleanup.manager [-] Deleting neutron.network object s_rally_783dcac1_dKYuSjHs (1e92d154-a7dc-4b94-b2cb-7ebfb4af8464)
2019-06-04 21:11:03.133 22705 RALLYDEBUG rally_openstack.cleanup.manager [-] Deleting neutron.network object s_rally_783dcac1_t3OR0whR (2010dbf7-4d63-43e8-ac24-701f78a3ce04)
2019-06-04 21:11:03.141 22705 RALLYDEBUG rally_openstack.cleanup.manager [-] Deleting neutron.network object s_rally_783dcac1_YnWZm4PG (2053d9ab-8ef9-4a87-abd5-130f5bf7241b)
2019-06-04 21:11:03.158 22705 RALLYDEBUG rally_openstack.cleanup.manager [-] Deleting neutron.network object s_rally_783dcac1_VlhFujY6 (21c5b4c2-6bbf-48ee-ae59-cedceba396cd)
2019-06-04 21:11:03.171 22705 RALLYDEBUG rally_openstack.cleanup.manager [-] Deleting neutron.network object s_rally_783dcac1_0biH9PsZ (339338ff-e362-4a07-9dc3-dbf8d2fc8d1d)
2019-06-04 21:11:03.173 22705 RALLYDEBUG rally_openstack.cleanup.manager [-] Deleting neutron.network object s_rally_783dcac1_SBUstPbG (371d796c-2cc2-47f4-9040-acd33098b404)
2019-06-04 21:11:03.180 22705 RALLYDEBUG rally_openstack.cleanup.manager [-] Deleting neutron.network object s_rally_783dcac1_6PbihtiR (3899fadc-0eb8-4310-aa65-584e78549501)
2019-06-04 21:11:03.204 22705 RALLYDEBUG rally_openstack.cleanup.manager [-] Deleting neutron.network object s_rally_783dcac1_OYm6h5FO (4a2688fc-a256-4a59-bcc4-f05b0c984f8f)
2019-06-04 21:11:03.206 22705 RALLYDEBUG rally_openstack.cleanup.manager [-] Deleting neutron.network object s_rally_783dcac1_2EZvlI3O (3b6f2961-abb4-4606-bba5-8be077dbbd1c)
2019-06-04 21:11:03.223 22705 RALLYDEBUG rally_openstack.cleanup.manager [-] Deleting neutron.network object s_rally_783dcac1_cZcoAg7Y (53251cb4-d32c-484e-82ca-ab2f5abc4028)
2019-06-04 21:11:03.244 22705 RALLYDEBUG rally_openstack.cleanup.manager [-] Deleting neutron.network object s_rally_783dcac1_Es9aXTQH (63f4cd9d-8c71-4b0f-a375-e5041f81ae97)
2019-06-04 21:11:03.244 22705 RALLYDEBUG rally_openstack.cleanup.manager [-] Deleting neutron.network object s_rally_783dcac1_hQN0Rmxx (614041ea-8400-40cf-b71d-1382ef67a8ab)
2019-06-04 21:11:03.286 22705 RALLYDEBUG rally_openstack.cleanup.manager [-] Deleting neutron.network object s_rally_783dcac1_cUCvDj3s (705ea7dc-d1ab-404c-889a-1b512b9199fc)
2019-06-04 21:11:03.287 22705 RALLYDEBUG rally_openstack.cleanup.manager [-] Deleting neutron.network object s_rally_783dcac1_7sYGJW0F (6ecdc720-3806-4174-b937-6e82a620d0f3)
2019-06-04 21:11:03.289 22705 RALLYDEBUG rally_openstack.cleanup.manager [-] Deleting neutron.network object s_rally_783dcac1_CIoT1rhM (754a64f1-eb50-4045-911d-da702453a013)
2019-06-04 21:11:06.000 22705 RALLYDEBUG rally_openstack.cleanup.manager [-] Deleting neutron.network object s_rally_783dcac1_IN5lsB67 (7abdcc82-b96c-4a51-8065-f87e88a3a559)
2019-06-04 21:11:06.038 22705 RALLYDEBUG rally_openstack.cleanup.manager [-] Deleting neutron.network object s_rally_783dcac1_gqWoKQ8t (7afdfe47-b712-4068-9fe0-175ac0ea7250)
2019-06-04 21:11:06.069 22705 RALLYDEBUG rally_openstack.cleanup.manager [-] Deleting neutron.network object s_rally_783dcac1_BGsSLkKM (7e4ee33d-584d-4a86-94cf-da698a8a0389)
2019-06-04 21:11:06.093 22705 RALLYDEBUG rally_openstack.cleanup.manager [-] Deleting neutron.network object s_rally_783dcac1_afYQ2Sdt (81ccce9b-7f2e-4287-a03a-00a5a008dcb0)
2019-06-04 21:11:06.205 22705 RALLYDEBUG rally_openstack.cleanup.manager [-] Deleting neutron.network object s_rally_783dcac1_rou89m0a (84a743ea-b5ab-43d6-b876-5ea52730d2b1)
2019-06-04 21:11:06.213 22705 RALLYDEBUG rally_openstack.cleanup.manager [-] Deleting neutron.network object s_rally_783dcac1_cUOqv927 (87603b65-ea7a-445c-9a1c-5f8850235b89)
2019-06-04 21:11:06.274 22705 RALLYDEBUG rally_openstack.cleanup.manager [-] Deleting neutron.network object s_rally_783dcac1_OXSCpITz (9e063895-a45d-4ff5-8c80-1668f585fd1b)
2019-06-04 21:11:06.322 22705 RALLYDEBUG rally_openstack.cleanup.manager [-] Deleting neutron.network object s_rally_783dcac1_zfJXTHWg (a613b721-6229-4fe0-b84a-767ddde0f6a7)
2019-06-04 21:11:06.388 22705 RALLYDEBUG rally_openstack.cleanup.manager [-] Deleting neutron.network object s_rally_783dcac1_p5sh8lk7 (aa43d936-6e52-44ae-8ea7-95098604bafd)
2019-06-04 21:11:06.618 22705 RALLYDEBUG rally_openstack.cleanup.manager [-] Deleting neutron.network object s_rally_783dcac1_24cI8haQ (b4567259-1847-41a7-adfc-79043a993a02)
2019-06-04 21:11:06.642 22705 RALLYDEBUG rally_openstack.cleanup.manager [-] Deleting neutron.network object s_rally_783dcac1_Rgq7O8HA (c206536f-fd1c-48fa-9bcd-95b18e9a3e0e)
2019-06-04 21:11:06.873 22705 RALLYDEBUG rally_openstack.cleanup.manager [-] Deleting neutron.network object s_rally_783dcac1_QwmZDfnX (c23a4213-a5de-442a-a3c5-1a7ed649aa35)
2019-06-04 21:11:06.881 22705 RALLYDEBUG rally_openstack.cleanup.manager [-] Deleting neutron.network object s_rally_783dcac1_mq9PlVEB (e33f915c-e20b-4ae8-a751-ee2216158442)
2019-06-04 21:11:07.195 22705 RALLYDEBUG rally_openstack.cleanup.manager [-] Deleting neutron.network object s_rally_783dcac1_uXL1dQyq (e97de5b3-328f-4e7d-b575-9b5f80bd21d0)
2019-06-04 21:11:07.460 22705 RALLYDEBUG rally_openstack.cleanup.manager [-] Deleting neutron.network object s_rally_783dcac1_YihCrSBS (ea58a0bb-1580-4b3f-b3bb-61d9deae2b19)
2019-06-04 21:11:07.475 22705 RALLYDEBUG rally_openstack.cleanup.manager [-] Deleting neutron.network object s_rally_783dcac1_lljp3Wsi (ea825aad-c28e-4b76-b494-59fb4d9c36a8)
2019-06-04 21:11:07.645 22705 RALLYDEBUG rally_openstack.cleanup.manager [-] Deleting neutron.network object s_rally_783dcac1_b7tgD3Dz (eaf99684-cf7c-4fc8-88cb-a69a56aa1305)
2019-06-04 21:11:07.669 22705 RALLYDEBUG rally_openstack.cleanup.manager [-] Deleting neutron.network object s_rally_783dcac1_lpCfMVD3 (f0a7e376-55d4-4d52-ad4d-0214cfc2b701)
2019-06-04 21:11:07.714 22705 RALLYDEBUG rally_openstack.cleanup.manager [-] Deleting neutron.network object s_rally_783dcac1_eXi6WT3z (f7b5e36a-06b7-49ff-b872-06d84daa5a58)
2019-06-04 21:11:08.412 22705 RALLYDEBUG rally_openstack.cleanup.manager [-] Deleting neutron.network object s_rally_783dcac1_IaBbQMS5 (f94a8452-b3a7-4b95-a20c-1f4f00eff9cd)
2019-06-04 21:11:11.345 22705 RALLYDEBUG rally_openstack.cleanup.manager [-] Cleaning up neutron router objects
2019-06-04 21:11:12.181 22705 RALLYDEBUG rally_openstack.cleanup.manager [-] Cleaning up neutron security_group objects
2019-06-04 21:11:13.201 22705 INFO rally.task.context [-] Task d10742e5-6a27-41be-b9b8-ea7d58457a2e | Context cleanup@openstack cleanup() finished in 17.38 sec
2019-06-04 21:11:13.201 22705 INFO rally.task.context [-] Task d10742e5-6a27-41be-b9b8-ea7d58457a2e | Context quotas@openstack cleanup() started
2019-06-04 21:11:13.560 22705 INFO rally.task.context [-] Task d10742e5-6a27-41be-b9b8-ea7d58457a2e | Context quotas@openstack cleanup() finished in 0.36 sec
2019-06-04 21:11:13.560 22705 INFO rally.task.context [-] Task d10742e5-6a27-41be-b9b8-ea7d58457a2e | Context users@openstack cleanup() started
2019-06-04 21:11:18.775 22705 INFO rally.task.context [-] Task d10742e5-6a27-41be-b9b8-ea7d58457a2e | Context users@openstack cleanup() finished in 5.22 sec
2019-06-04 21:11:20.363 22705 INFO rally.task.engine [-] Load duration is: 32.183327
2019-06-04 21:11:20.364 22705 INFO rally.task.engine [-] Full runner duration is: 32.2335
2019-06-04 21:11:20.364 22705 INFO rally.task.engine [-] Full duration is: 60.643582
2019-06-04 21:11:20.625 22705 INFO rally.task.engine [-] Running workload: position = 0 config = { "version": 2, "title": "A cropped version of a bigger task.", "description": "Auto-generated task from a single workload (uuid=514f70eb-ce23-473b-a2f2-7e8310541ef0)", "subtasks": [ { "title": "NeutronNetworks.create_and_list_routers", "description": "Create and a given number of routers and list all routers.", "scenario": { "NeutronNetworks.create_and_list_routers": { "network_create_args": null, "subnet_create_args": null, "subnet_cidr_start": "1.1.0.0/30", "subnets_per_network": 2, "router_create_args": null } }, "contexts": { "users": { "tenants": 1, "users_per_tenant": 1 }, "quotas": { "neutron": { "network": -1, "subnet": -1, "router": -1 } } }, "runner": { "constant": { "times": 40, "concurrency": 20 } }, "hooks": [], "sla": { "failure_rate": { "max": 0 } } } ] }
2019-06-04 21:11:20.651 22705 RALLYDEBUG rally_openstack.contexts.keystone.users [-] Creating 1 tenants using 20 threads
2019-06-04 21:11:22.628 22705 RALLYDEBUG rally_openstack.contexts.keystone.users [-] Creating 1 users using 20 threads
2019-06-04 21:11:25.480 22705 INFO rally.task.context [-] Task d10742e5-6a27-41be-b9b8-ea7d58457a2e | Context users@openstack setup() finished in 4.83 sec
2019-06-04 21:11:26.348 22705 INFO rally.task.context [-] Task d10742e5-6a27-41be-b9b8-ea7d58457a2e | Context quotas@openstack setup() finished in 0.87 sec
2019-06-04 21:11:26.349 22705 INFO rally.task.context [-] Task d10742e5-6a27-41be-b9b8-ea7d58457a2e | Context cleanup@openstack setup() finished in 0.01 msec
2019-06-04 21:11:26.356 22705 RALLYDEBUG rally.task.runner [-] Starting the constant runner (task UUID: d10742e5-6a27-41be-b9b8-ea7d58457a2e). timeout: 0 concurrency: 20 concurrency_per_worker: 1 times: 40 concurrency_overhead: 4 processes_to_start: 16 max_cpu_used: 16
2019-06-04 21:11:26.372 25169 RALLYDEBUG rally.task.runner [-] Starting a worker. concurrency: 2 args: {"network_create_args": null, "subnet_create_args": null, "subnet_cidr_start": "1.1.0.0/30", "subnets_per_network": 2, "router_create_args": null} times: 40 method_name: run timeout: 0 duration: None cls:
2019-06-04 21:11:26.377 25170 RALLYDEBUG rally.task.runner [-] Starting a worker. concurrency: 2 args: {"network_create_args": null, "subnet_create_args": null, "subnet_cidr_start": "1.1.0.0/30", "subnets_per_network": 2, "router_create_args": null} times: 40 method_name: run timeout: 0 duration: None cls:
2019-06-04 21:11:26.379 25171 RALLYDEBUG rally.task.runner [-] Starting a worker. concurrency: 2 args: {"network_create_args": null, "subnet_create_args": null, "subnet_cidr_start": "1.1.0.0/30", "subnets_per_network": 2, "router_create_args": null} times: 40 method_name: run timeout: 0 duration: None cls:
2019-06-04 21:11:26.380 25169 INFO rally.task.runner [-] Task d10742e5-6a27-41be-b9b8-ea7d58457a2e | ITER: 1 START
2019-06-04 21:11:26.381 25172 RALLYDEBUG rally.task.runner [-] Starting a worker. concurrency: 2 args: {"network_create_args": null, "subnet_create_args": null, "subnet_cidr_start": "1.1.0.0/30", "subnets_per_network": 2, "router_create_args": null} times: 40 method_name: run timeout: 0 duration: None cls:
2019-06-04 21:11:26.385 25170 INFO rally.task.runner [-] Task d10742e5-6a27-41be-b9b8-ea7d58457a2e | ITER: 3 START
2019-06-04 21:11:26.385 25176 RALLYDEBUG rally.task.runner [-] Starting a worker. concurrency: 1 args: {"network_create_args": null, "subnet_create_args": null, "subnet_cidr_start": "1.1.0.0/30", "subnets_per_network": 2, "router_create_args": null} times: 40 method_name: run timeout: 0 duration: None cls:
2019-06-04 21:11:26.387 25172 INFO rally.task.runner [-] Task d10742e5-6a27-41be-b9b8-ea7d58457a2e | ITER: 5 START
2019-06-04 21:11:26.390 25171 INFO rally.task.runner [-] Task d10742e5-6a27-41be-b9b8-ea7d58457a2e | ITER: 4 START
2019-06-04 21:11:26.390 25176 INFO rally.task.runner [-] Task d10742e5-6a27-41be-b9b8-ea7d58457a2e | ITER: 9 START
2019-06-04 21:11:26.389 25169 INFO rally.task.runner [-] Task d10742e5-6a27-41be-b9b8-ea7d58457a2e | ITER: 2 START
2019-06-04 21:11:26.394 25182 RALLYDEBUG rally.task.runner [-] Starting a worker. concurrency: 1 args: {"network_create_args": null, "subnet_create_args": null, "subnet_cidr_start": "1.1.0.0/30", "subnets_per_network": 2, "router_create_args": null} times: 40 method_name: run timeout: 0 duration: None cls:
2019-06-04 21:11:26.395 25171 INFO rally.task.runner [-] Task d10742e5-6a27-41be-b9b8-ea7d58457a2e | ITER: 7 START
2019-06-04 21:11:26.395 25170 INFO rally.task.runner [-] Task d10742e5-6a27-41be-b9b8-ea7d58457a2e | ITER: 6 START
2019-06-04 21:11:26.393 25172 INFO rally.task.runner [-] Task d10742e5-6a27-41be-b9b8-ea7d58457a2e | ITER: 8 START
2019-06-04 21:11:26.399 25189 RALLYDEBUG rally.task.runner [-] Starting a worker. concurrency: 1 args: {"network_create_args": null, "subnet_create_args": null, "subnet_cidr_start": "1.1.0.0/30", "subnets_per_network": 2, "router_create_args": null} times: 40 method_name: run timeout: 0 duration: None cls:
2019-06-04 21:11:26.400 25182 INFO rally.task.runner [-] Task d10742e5-6a27-41be-b9b8-ea7d58457a2e | ITER: 10 START
2019-06-04 21:11:26.403 25189 INFO rally.task.runner [-] Task d10742e5-6a27-41be-b9b8-ea7d58457a2e | ITER: 11 START
2019-06-04 21:11:26.406 25192 RALLYDEBUG rally.task.runner [-] Starting a worker. concurrency: 1 args: {"network_create_args": null, "subnet_create_args": null, "subnet_cidr_start": "1.1.0.0/30", "subnets_per_network": 2, "router_create_args": null} times: 40 method_name: run timeout: 0 duration: None cls:
2019-06-04 21:11:26.411 25192 INFO rally.task.runner [-] Task d10742e5-6a27-41be-b9b8-ea7d58457a2e | ITER: 12 START
2019-06-04 21:11:26.412 25195 RALLYDEBUG rally.task.runner [-] Starting a worker. concurrency: 1 args: {"network_create_args": null, "subnet_create_args": null, "subnet_cidr_start": "1.1.0.0/30", "subnets_per_network": 2, "router_create_args": null} times: 40 method_name: run timeout: 0 duration: None cls:
2019-06-04 21:11:26.417 25195 INFO rally.task.runner [-] Task d10742e5-6a27-41be-b9b8-ea7d58457a2e | ITER: 13 START
2019-06-04 21:11:26.419 25198 RALLYDEBUG rally.task.runner [-] Starting a worker. concurrency: 1 args: {"network_create_args": null, "subnet_create_args": null, "subnet_cidr_start": "1.1.0.0/30", "subnets_per_network": 2, "router_create_args": null} times: 40 method_name: run timeout: 0 duration: None cls:
2019-06-04 21:11:26.424 25198 INFO rally.task.runner [-] Task d10742e5-6a27-41be-b9b8-ea7d58457a2e | ITER: 14 START
2019-06-04 21:11:26.431 25201 RALLYDEBUG rally.task.runner [-] Starting a worker. concurrency: 1 args: {"network_create_args": null, "subnet_create_args": null, "subnet_cidr_start": "1.1.0.0/30", "subnets_per_network": 2, "router_create_args": null} times: 40 method_name: run timeout: 0 duration: None cls:
2019-06-04 21:11:26.437 25201 INFO rally.task.runner [-] Task d10742e5-6a27-41be-b9b8-ea7d58457a2e | ITER: 15 START
2019-06-04 21:11:26.437 25204 RALLYDEBUG rally.task.runner [-] Starting a worker. concurrency: 1 args: {"network_create_args": null, "subnet_create_args": null, "subnet_cidr_start": "1.1.0.0/30", "subnets_per_network": 2, "router_create_args": null} times: 40 method_name: run timeout: 0 duration: None cls:
2019-06-04 21:11:26.442 25204 INFO rally.task.runner [-] Task d10742e5-6a27-41be-b9b8-ea7d58457a2e | ITER: 16 START
2019-06-04 21:11:26.442 25205 RALLYDEBUG rally.task.runner [-] Starting a worker. concurrency: 1 args: {"network_create_args": null, "subnet_create_args": null, "subnet_cidr_start": "1.1.0.0/30", "subnets_per_network": 2, "router_create_args": null} times: 40 method_name: run timeout: 0 duration: None cls:
2019-06-04 21:11:26.448 25205 INFO rally.task.runner [-] Task d10742e5-6a27-41be-b9b8-ea7d58457a2e | ITER: 17 START
2019-06-04 21:11:26.448 25208 RALLYDEBUG rally.task.runner [-] Starting a worker. concurrency: 1 args: {"network_create_args": null, "subnet_create_args": null, "subnet_cidr_start": "1.1.0.0/30", "subnets_per_network": 2, "router_create_args": null} times: 40 method_name: run timeout: 0 duration: None cls:
2019-06-04 21:11:26.450 25212 RALLYDEBUG rally.task.runner [-] Starting a worker. concurrency: 1 args: {"network_create_args": null, "subnet_create_args": null, "subnet_cidr_start": "1.1.0.0/30", "subnets_per_network": 2, "router_create_args": null} times: 40 method_name: run timeout: 0 duration: None cls:
2019-06-04 21:11:26.450 25209 RALLYDEBUG rally.task.runner [-] Starting a worker. concurrency: 1 args: {"network_create_args": null, "subnet_create_args": null, "subnet_cidr_start": "1.1.0.0/30", "subnets_per_network": 2, "router_create_args": null} times: 40 method_name: run timeout: 0 duration: None cls:
2019-06-04 21:11:26.451 25208 INFO rally.task.runner [-] Task d10742e5-6a27-41be-b9b8-ea7d58457a2e | ITER: 18 START
2019-06-04 21:11:26.454 25209 INFO rally.task.runner [-] Task d10742e5-6a27-41be-b9b8-ea7d58457a2e | ITER: 20 START
2019-06-04 21:11:26.455 25212 INFO rally.task.runner [-] Task d10742e5-6a27-41be-b9b8-ea7d58457a2e | ITER: 19 START
2019-06-04 21:11:28.040 25208 RALLYDEBUG rally_openstack.wrappers.network [-] CIDR generated: 1.1.5.160/30
2019-06-04 21:11:28.067 25172 RALLYDEBUG rally_openstack.wrappers.network [-] CIDR generated: 1.1.5.164/30
2019-06-04 21:11:28.147 25170 RALLYDEBUG rally_openstack.wrappers.network [-] CIDR generated: 1.1.5.168/30
2019-06-04 21:11:28.159 25195 RALLYDEBUG rally_openstack.wrappers.network [-] CIDR generated: 1.1.5.172/30
2019-06-04 21:11:28.195 25198 RALLYDEBUG rally_openstack.wrappers.network [-] CIDR generated: 1.1.5.176/30
2019-06-04 21:11:28.231 25182 RALLYDEBUG rally_openstack.wrappers.network [-] CIDR generated: 1.1.5.180/30
2019-06-04 21:11:28.297 25171 RALLYDEBUG rally_openstack.wrappers.network [-] CIDR generated: 1.1.5.184/30
2019-06-04 21:11:28.322 25192 RALLYDEBUG rally_openstack.wrappers.network [-] CIDR generated: 1.1.5.188/30
2019-06-04 21:11:28.363 25169 RALLYDEBUG rally_openstack.wrappers.network [-] CIDR generated: 1.1.5.192/30
2019-06-04 21:11:28.374 25171 RALLYDEBUG rally_openstack.wrappers.network [-] CIDR generated: 1.1.5.196/30
2019-06-04 21:11:28.387 25170 RALLYDEBUG rally_openstack.wrappers.network [-] CIDR generated: 1.1.5.200/30
2019-06-04 21:11:28.408 25205 RALLYDEBUG rally_openstack.wrappers.network [-] CIDR generated: 1.1.5.204/30
2019-06-04 21:11:28.411 25209 RALLYDEBUG rally_openstack.wrappers.network [-] CIDR generated: 1.1.5.208/30
2019-06-04 21:11:28.435 25204 RALLYDEBUG rally_openstack.wrappers.network [-] CIDR generated: 1.1.5.212/30
2019-06-04 21:11:28.445 25169 RALLYDEBUG rally_openstack.wrappers.network [-] CIDR generated: 1.1.5.216/30
2019-06-04 21:11:28.496 25176 RALLYDEBUG rally_openstack.wrappers.network [-] CIDR generated: 1.1.5.220/30
2019-06-04 21:11:28.518 25201 RALLYDEBUG rally_openstack.wrappers.network [-] CIDR generated: 1.1.5.224/30
2019-06-04 21:11:28.687 25212 RALLYDEBUG rally_openstack.wrappers.network [-] CIDR generated: 1.1.5.228/30
2019-06-04 21:11:28.697 25172 RALLYDEBUG rally_openstack.wrappers.network [-] CIDR generated: 1.1.5.232/30
2019-06-04 21:11:28.843 25189 RALLYDEBUG rally_openstack.wrappers.network [-] CIDR generated: 1.1.5.236/30
2019-06-04 21:11:29.663 25198 RALLYDEBUG rally_openstack.wrappers.network [-] CIDR generated: 1.1.5.240/30
2019-06-04 21:11:29.824 25169 RALLYDEBUG rally_openstack.wrappers.network [-] CIDR generated: 1.1.5.244/30
2019-06-04 21:11:30.039 25170 RALLYDEBUG rally_openstack.wrappers.network [-] CIDR generated: 1.1.5.248/30
2019-06-04 21:11:30.419 25204 RALLYDEBUG rally_openstack.wrappers.network [-] CIDR generated: 1.1.5.252/30
2019-06-04 21:11:30.448 25171 RALLYDEBUG rally_openstack.wrappers.network [-] CIDR generated: 1.1.6.0/30
2019-06-04 21:11:30.561 25195 RALLYDEBUG rally_openstack.wrappers.network [-] CIDR generated: 1.1.6.4/30
2019-06-04 21:11:30.709 25170 RALLYDEBUG rally_openstack.wrappers.network [-] CIDR generated: 1.1.6.8/30
2019-06-04 21:11:30.922 25212 RALLYDEBUG rally_openstack.wrappers.network [-] CIDR generated: 1.1.6.12/30
2019-06-04 21:11:31.028 25209 RALLYDEBUG rally_openstack.wrappers.network [-] CIDR generated: 1.1.6.16/30
2019-06-04 21:11:31.184 25208 RALLYDEBUG rally_openstack.wrappers.network [-] CIDR generated: 1.1.6.20/30
2019-06-04 21:11:31.198 25172 RALLYDEBUG rally_openstack.wrappers.network [-] CIDR generated: 1.1.6.24/30
2019-06-04 21:11:31.726 25205 RALLYDEBUG rally_openstack.wrappers.network [-] CIDR generated: 1.1.6.28/30
2019-06-04 21:11:31.734 25171 RALLYDEBUG rally_openstack.wrappers.network [-] CIDR generated: 1.1.6.32/30
2019-06-04 21:11:31.851 25192 RALLYDEBUG rally_openstack.wrappers.network [-] CIDR generated: 1.1.6.36/30
2019-06-04 21:11:31.896 25201 RALLYDEBUG rally_openstack.wrappers.network [-] CIDR generated: 1.1.6.40/30
2019-06-04 21:11:31.927 25176 RALLYDEBUG rally_openstack.wrappers.network [-] CIDR generated: 1.1.6.44/30
2019-06-04 21:11:31.986 25189 RALLYDEBUG rally_openstack.wrappers.network [-] CIDR generated: 1.1.6.48/30
2019-06-04 21:11:32.188 25172 RALLYDEBUG rally_openstack.wrappers.network [-] CIDR generated: 1.1.6.52/30
2019-06-04 21:11:32.226 25182 RALLYDEBUG rally_openstack.wrappers.network [-] CIDR generated: 1.1.6.56/30
2019-06-04 21:11:32.767 25169 RALLYDEBUG rally_openstack.wrappers.network [-] CIDR generated: 1.1.6.60/30
2019-06-04 21:11:57.384 25171 INFO rally.task.runner [-] Task d10742e5-6a27-41be-b9b8-ea7d58457a2e | ITER: 7 END: OK
2019-06-04 21:11:57.391 25171 INFO rally.task.runner [-] Task d10742e5-6a27-41be-b9b8-ea7d58457a2e | ITER: 21 START
2019-06-04 21:11:57.501 25170 INFO rally.task.runner [-] Task d10742e5-6a27-41be-b9b8-ea7d58457a2e | ITER: 3 END: OK
2019-06-04 21:11:57.509 25170 INFO rally.task.runner [-] Task d10742e5-6a27-41be-b9b8-ea7d58457a2e | ITER: 22 START
2019-06-04 21:11:58.478 25205 INFO rally.task.runner [-] Task d10742e5-6a27-41be-b9b8-ea7d58457a2e | ITER: 17 END: OK
2019-06-04 21:11:58.484 25205 INFO rally.task.runner [-] Task d10742e5-6a27-41be-b9b8-ea7d58457a2e | ITER: 23 START
2019-06-04 21:11:58.490 25176 INFO rally.task.runner [-] Task d10742e5-6a27-41be-b9b8-ea7d58457a2e | ITER: 9 END: OK
2019-06-04 21:11:58.495 25176 INFO rally.task.runner [-] Task d10742e5-6a27-41be-b9b8-ea7d58457a2e | ITER: 24 START
2019-06-04 21:11:58.573 25198 INFO rally.task.runner [-] Task d10742e5-6a27-41be-b9b8-ea7d58457a2e | ITER: 14 END: OK
2019-06-04 21:11:58.578 25198 INFO rally.task.runner [-] Task d10742e5-6a27-41be-b9b8-ea7d58457a2e | ITER: 25 START
2019-06-04 21:11:58.607 25204 INFO rally.task.runner [-] Task d10742e5-6a27-41be-b9b8-ea7d58457a2e | ITER: 16 END: OK
2019-06-04 21:11:58.612 25204 INFO rally.task.runner [-] Task d10742e5-6a27-41be-b9b8-ea7d58457a2e | ITER: 26 START
