2019-06-04 21:04:34.275 22696 RALLYDEBUG rally.api [-] INFO logs from urllib3 and requests module are hide.
2019-06-04 21:04:34.276 22696 RALLYDEBUG rally.api [-] urllib3 insecure warnings are hidden.
2019-06-04 21:04:34.276 22696 RALLYDEBUG rally.api [-] ERROR log from boto module is hide.
2019-06-04 21:04:36.542 22698 RALLYDEBUG rally.api [-] INFO logs from urllib3 and requests module are hide.
2019-06-04 21:04:36.542 22698 RALLYDEBUG rally.api [-] urllib3 insecure warnings are hidden.
2019-06-04 21:04:36.542 22698 RALLYDEBUG rally.api [-] ERROR log from boto module is hide.
2019-06-04 21:04:37.837 22698 WARNING rally_openstack.platforms.existing [-] endpoint is deprecated and not used.
2019-06-04 21:04:38.857 22700 RALLYDEBUG rally.api [-] INFO logs from urllib3 and requests module are hide.
2019-06-04 21:04:38.857 22700 RALLYDEBUG rally.api [-] urllib3 insecure warnings are hidden.
2019-06-04 21:04:38.857 22700 RALLYDEBUG rally.api [-] ERROR log from boto module is hide.
2019-06-04 21:04:42.206 22703 RALLYDEBUG rally.api [-] INFO logs from urllib3 and requests module are hide.
2019-06-04 21:04:42.206 22703 RALLYDEBUG rally.api [-] urllib3 insecure warnings are hidden.
2019-06-04 21:04:42.206 22703 RALLYDEBUG rally.api [-] ERROR log from boto module is hide.
2019-06-04 21:04:44.344 22705 RALLYDEBUG rally.api [-] INFO logs from urllib3 and requests module are hide.
2019-06-04 21:04:44.344 22705 RALLYDEBUG rally.api [-] urllib3 insecure warnings are hidden.
2019-06-04 21:04:44.344 22705 RALLYDEBUG rally.api [-] ERROR log from boto module is hide.
2019-06-04 21:04:45.547 22705 INFO rally.common.plugin.discover [-] Loading plugins from directories /root/.rally/plugins/*
2019-06-04 21:04:45.547 22705 INFO rally.common.plugin.discover [-] Loaded module with plugins: /root/.rally/plugins/__init__.py
2019-06-04 21:04:45.549 22705 INFO rally.common.plugin.discover [-] Loaded module with plugins: /root/.rally/plugins/trunk_scenario.py
2019-06-04 21:04:45.738 22705 INFO rally.task.engine [-] Task d10742e5-6a27-41be-b9b8-ea7d58457a2e | Starting: Task validation.
2019-06-04 21:04:45.788 22705 INFO rally.task.engine [-] Task d10742e5-6a27-41be-b9b8-ea7d58457a2e | Starting: Task validation of syntax.
2019-06-04 21:04:46.016 22705 INFO rally.task.engine [-] Task d10742e5-6a27-41be-b9b8-ea7d58457a2e | Completed: Task validation of syntax.
2019-06-04 21:04:46.016 22705 INFO rally.task.engine [-] Task d10742e5-6a27-41be-b9b8-ea7d58457a2e | Starting: Task validation of required platforms.
2019-06-04 21:04:46.075 22705 INFO rally.task.engine [-] Task d10742e5-6a27-41be-b9b8-ea7d58457a2e | Completed: Task validation of required platforms.
2019-06-04 21:04:46.075 22705 INFO rally.task.engine [-] Task d10742e5-6a27-41be-b9b8-ea7d58457a2e | Starting: Task validation of semantic.
2019-06-04 21:04:46.075 22705 INFO rally.task.engine [-] Check health of the environment 'cce596af-64eb-494f-b1a8-d33192398311'.
2019-06-04 21:04:46.891 22705 INFO rally.task.engine [-] Platform existing@openstack (available: True): OK!
2019-06-04 21:04:46.909 22705 RALLYDEBUG rally_openstack.contexts.keystone.users [-] Creating 1 tenants using 20 threads
2019-06-04 21:04:48.815 22705 RALLYDEBUG rally_openstack.contexts.keystone.users [-] Creating 1 users using 20 threads
2019-06-04 21:04:51.795 22705 INFO rally.task.context [-] Task d10742e5-6a27-41be-b9b8-ea7d58457a2e | Context users@openstack setup() finished in 4.89 sec
2019-06-04 21:04:58.006 22705 INFO rally.task.context [-] Task d10742e5-6a27-41be-b9b8-ea7d58457a2e | Context users@openstack cleanup() started
2019-06-04 21:05:03.245 22705 INFO rally.task.context [-] Task d10742e5-6a27-41be-b9b8-ea7d58457a2e | Context users@openstack cleanup() finished in 5.24 sec
2019-06-04 21:05:03.246 22705 INFO rally.task.engine [-] Task d10742e5-6a27-41be-b9b8-ea7d58457a2e | Completed: Task validation of semantic.
2019-06-04 21:05:03.246 22705 INFO rally.task.engine [-] Task d10742e5-6a27-41be-b9b8-ea7d58457a2e | Completed: Task validation.
2019-06-04 21:05:03.247 22705 INFO rally.api [-] Task d10742e5-6a27-41be-b9b8-ea7d58457a2e input file is valid.
2019-06-04 21:05:03.247 22705 INFO rally.api [-] Run Task d10742e5-6a27-41be-b9b8-ea7d58457a2e against Deployment cce596af-64eb-494f-b1a8-d33192398311
2019-06-04 21:05:03.247 22705 INFO rally.task.engine [-] Task d10742e5-6a27-41be-b9b8-ea7d58457a2e | Starting: Running task.
2019-06-04 21:05:03.420 22705 INFO rally.task.engine [-] Running workload: position = 0 config = { "version": 2, "title": "A cropped version of a bigger task.", "description": "Auto-generated task from a single workload (uuid=070a5df0-c171-4c07-b416-a4af7338f1c2)", "subtasks": [ { "title": "NeutronNetworks.create_and_list_networks", "description": "Check performance of list_networks action and ensure > network quotas are not exceeded", "scenario": { "NeutronNetworks.create_and_list_networks": {} }, "contexts": { "users": { "tenants": 1, "users_per_tenant": 1 }, "quotas": { "neutron": { "network": 119 } } }, "runner": { "constant": { "times": 100, "concurrency": 20 } }, "hooks": [], "sla": { "max_avg_duration_per_atomic": { "neutron.list_networks": 15 }, "failure_rate": { "max": 0 } } } ] }
2019-06-04 21:05:03.444 22705 RALLYDEBUG rally_openstack.contexts.keystone.users [-] Creating 1 tenants using 20 threads
2019-06-04 21:05:05.384 22705 RALLYDEBUG rally_openstack.contexts.keystone.users [-] Creating 1 users using 20 threads
2019-06-04 21:05:08.248 22705 INFO rally.task.context [-] Task d10742e5-6a27-41be-b9b8-ea7d58457a2e | Context users@openstack setup() finished in 4.80 sec
2019-06-04 21:05:09.005 22705 INFO rally.task.context [-] Task d10742e5-6a27-41be-b9b8-ea7d58457a2e | Context quotas@openstack setup() finished in 0.76 sec
2019-06-04 21:05:09.006 22705 INFO rally.task.context [-] Task d10742e5-6a27-41be-b9b8-ea7d58457a2e | Context cleanup@openstack setup() finished in 0.04 msec
2019-06-04 21:05:09.013 22705 RALLYDEBUG rally.task.runner [-] Starting the constant runner (task UUID: d10742e5-6a27-41be-b9b8-ea7d58457a2e). timeout: 0 concurrency: 20 concurrency_per_worker: 1 times: 100 concurrency_overhead: 4 processes_to_start: 16 max_cpu_used: 16
2019-06-04 21:05:09.026 22829 RALLYDEBUG rally.task.runner [-] Starting a worker. concurrency: 2 args: {} times: 100 method_name: run timeout: 0 duration: None cls:
2019-06-04 21:05:09.029 22830 RALLYDEBUG rally.task.runner [-] Starting a worker. concurrency: 2 args: {} times: 100 method_name: run timeout: 0 duration: None cls:
2019-06-04 21:05:09.031 22831 RALLYDEBUG rally.task.runner [-] Starting a worker. concurrency: 2 args: {} times: 100 method_name: run timeout: 0 duration: None cls:
2019-06-04 21:05:09.034 22832 RALLYDEBUG rally.task.runner [-] Starting a worker. concurrency: 2 args: {} times: 100 method_name: run timeout: 0 duration: None cls:
2019-06-04 21:05:09.035 22835 RALLYDEBUG rally.task.runner [-] Starting a worker. concurrency: 1 args: {} times: 100 method_name: run timeout: 0 duration: None cls:
2019-06-04 21:05:09.035 22829 INFO rally.task.runner [-] Task d10742e5-6a27-41be-b9b8-ea7d58457a2e | ITER: 1 START
2019-06-04 21:05:09.035 22830 INFO rally.task.runner [-] Task d10742e5-6a27-41be-b9b8-ea7d58457a2e | ITER: 2 START
2019-06-04 21:05:09.038 22838 RALLYDEBUG rally.task.runner [-] Starting a worker. concurrency: 1 args: {} times: 100 method_name: run timeout: 0 duration: None cls:
2019-06-04 21:05:09.039 22835 INFO rally.task.runner [-] Task d10742e5-6a27-41be-b9b8-ea7d58457a2e | ITER: 7 START
2019-06-04 21:05:09.043 22831 INFO rally.task.runner [-] Task d10742e5-6a27-41be-b9b8-ea7d58457a2e | ITER: 4 START
2019-06-04 21:05:09.042 22842 RALLYDEBUG rally.task.runner [-] Starting a worker. concurrency: 1 args: {} times: 100 method_name: run timeout: 0 duration: None cls:
2019-06-04 21:05:09.043 22829 INFO rally.task.runner [-] Task d10742e5-6a27-41be-b9b8-ea7d58457a2e | ITER: 3 START
2019-06-04 21:05:09.044 22832 INFO rally.task.runner [-] Task d10742e5-6a27-41be-b9b8-ea7d58457a2e | ITER: 6 START
2019-06-04 21:05:09.042 22838 INFO rally.task.runner [-] Task d10742e5-6a27-41be-b9b8-ea7d58457a2e | ITER: 10 START
2019-06-04 21:05:09.047 22847 RALLYDEBUG rally.task.runner [-] Starting a worker. concurrency: 1 args: {} times: 100 method_name: run timeout: 0 duration: None cls:
2019-06-04 21:05:09.048 22831 INFO rally.task.runner [-] Task d10742e5-6a27-41be-b9b8-ea7d58457a2e | ITER: 8 START
2019-06-04 21:05:09.049 22842 INFO rally.task.runner [-] Task d10742e5-6a27-41be-b9b8-ea7d58457a2e | ITER: 11 START
2019-06-04 21:05:09.048 22851 RALLYDEBUG rally.task.runner [-] Starting a worker. concurrency: 1 args: {} times: 100 method_name: run timeout: 0 duration: None cls:
2019-06-04 21:05:09.050 22832 INFO rally.task.runner [-] Task d10742e5-6a27-41be-b9b8-ea7d58457a2e | ITER: 9 START
2019-06-04 21:05:09.052 22830 INFO rally.task.runner [-] Task d10742e5-6a27-41be-b9b8-ea7d58457a2e | ITER: 5 START
2019-06-04 21:05:09.055 22847 INFO rally.task.runner [-] Task d10742e5-6a27-41be-b9b8-ea7d58457a2e | ITER: 12 START
2019-06-04 21:05:09.057 22851 INFO rally.task.runner [-] Task d10742e5-6a27-41be-b9b8-ea7d58457a2e | ITER: 13 START
2019-06-04 21:05:09.057 22856 RALLYDEBUG rally.task.runner [-] Starting a worker. concurrency: 1 args: {} times: 100 method_name: run timeout: 0 duration: None cls:
2019-06-04 21:05:09.064 22856 INFO rally.task.runner [-] Task d10742e5-6a27-41be-b9b8-ea7d58457a2e | ITER: 14 START
2019-06-04 21:05:09.070 22862 RALLYDEBUG rally.task.runner [-] Starting a worker. concurrency: 1 args: {} times: 100 method_name: run timeout: 0 duration: None cls:
2019-06-04 21:05:09.076 22864 RALLYDEBUG rally.task.runner [-] Starting a worker. concurrency: 1 args: {} times: 100 method_name: run timeout: 0 duration: None cls:
2019-06-04 21:05:09.077 22862 INFO rally.task.runner [-] Task d10742e5-6a27-41be-b9b8-ea7d58457a2e | ITER: 15 START
2019-06-04 21:05:09.082 22864 INFO rally.task.runner [-] Task d10742e5-6a27-41be-b9b8-ea7d58457a2e | ITER: 16 START
2019-06-04 21:05:09.083 22867 RALLYDEBUG rally.task.runner [-] Starting a worker. concurrency: 1 args: {} times: 100 method_name: run timeout: 0 duration: None cls:
2019-06-04 21:05:09.086 22870 RALLYDEBUG rally.task.runner [-] Starting a worker. concurrency: 1 args: {} times: 100 method_name: run timeout: 0 duration: None cls:
2019-06-04 21:05:09.088 22867 INFO rally.task.runner [-] Task d10742e5-6a27-41be-b9b8-ea7d58457a2e | ITER: 17 START
2019-06-04 21:05:09.091 22870 INFO rally.task.runner [-] Task d10742e5-6a27-41be-b9b8-ea7d58457a2e | ITER: 18 START
2019-06-04 21:05:09.091 22871 RALLYDEBUG rally.task.runner [-] Starting a worker. concurrency: 1 args: {} times: 100 method_name: run timeout: 0 duration: None cls:
2019-06-04 21:05:09.093 22874 RALLYDEBUG rally.task.runner [-] Starting a worker. concurrency: 1 args: {} times: 100 method_name: run timeout: 0 duration: None cls:
2019-06-04 21:05:09.097 22871 INFO rally.task.runner [-] Task d10742e5-6a27-41be-b9b8-ea7d58457a2e | ITER: 19 START
2019-06-04 21:05:09.099 22874 INFO rally.task.runner [-] Task d10742e5-6a27-41be-b9b8-ea7d58457a2e | ITER: 20 START
2019-06-04 21:05:11.723 22871 INFO rally.task.runner [-] Task d10742e5-6a27-41be-b9b8-ea7d58457a2e | ITER: 19 END: OK
2019-06-04 21:05:11.728 22871 INFO rally.task.runner [-] Task d10742e5-6a27-41be-b9b8-ea7d58457a2e | ITER: 21 START
2019-06-04 21:05:11.805 22831 INFO rally.task.runner [-] Task d10742e5-6a27-41be-b9b8-ea7d58457a2e | ITER: 8 END: OK
2019-06-04 21:05:11.809 22831 INFO rally.task.runner [-] Task d10742e5-6a27-41be-b9b8-ea7d58457a2e | ITER: 22 START
2019-06-04 21:05:11.857 22832 INFO rally.task.runner [-] Task d10742e5-6a27-41be-b9b8-ea7d58457a2e | ITER: 9 END: OK
2019-06-04 21:05:11.861 22832 INFO rally.task.runner [-] Task d10742e5-6a27-41be-b9b8-ea7d58457a2e | ITER: 23 START
2019-06-04 21:05:11.902 22870 INFO rally.task.runner [-] Task d10742e5-6a27-41be-b9b8-ea7d58457a2e | ITER: 18 END: OK
2019-06-04 21:05:11.906 22870 INFO rally.task.runner [-] Task d10742e5-6a27-41be-b9b8-ea7d58457a2e | ITER: 24 START
2019-06-04 21:05:11.940 22829 INFO rally.task.runner [-] Task d10742e5-6a27-41be-b9b8-ea7d58457a2e | ITER: 1 END: OK
2019-06-04 21:05:11.943 22829 INFO rally.task.runner [-] Task d10742e5-6a27-41be-b9b8-ea7d58457a2e | ITER: 25 START
2019-06-04 21:05:12.001 22829 INFO rally.task.runner [-] Task d10742e5-6a27-41be-b9b8-ea7d58457a2e | ITER: 3 END: OK
2019-06-04 21:05:12.004 22829 INFO rally.task.runner [-] Task d10742e5-6a27-41be-b9b8-ea7d58457a2e | ITER: 26 START
2019-06-04 21:05:12.012 22831 INFO rally.task.runner [-] Task d10742e5-6a27-41be-b9b8-ea7d58457a2e | ITER: 4 END: OK
2019-06-04 21:05:12.015 22831 INFO rally.task.runner [-] Task d10742e5-6a27-41be-b9b8-ea7d58457a2e | ITER: 27 START
2019-06-04 21:05:12.069 22830 INFO rally.task.runner [-] Task d10742e5-6a27-41be-b9b8-ea7d58457a2e | ITER: 2 END: OK
2019-06-04 21:05:12.072 22830 INFO rally.task.runner [-] Task d10742e5-6a27-41be-b9b8-ea7d58457a2e | ITER: 28 START
2019-06-04 21:05:12.138 22838 INFO rally.task.runner [-] Task d10742e5-6a27-41be-b9b8-ea7d58457a2e | ITER: 10 END: OK
2019-06-04 21:05:12.142 22838 INFO rally.task.runner [-] Task d10742e5-6a27-41be-b9b8-ea7d58457a2e | ITER: 29 START
2019-06-04 21:05:12.146 22862 INFO rally.task.runner [-] Task d10742e5-6a27-41be-b9b8-ea7d58457a2e | ITER: 15 END: OK
2019-06-04 21:05:12.150 22862 INFO rally.task.runner [-] Task d10742e5-6a27-41be-b9b8-ea7d58457a2e | ITER: 30 START
2019-06-04 21:05:12.184 22832 INFO rally.task.runner [-] Task d10742e5-6a27-41be-b9b8-ea7d58457a2e | ITER: 6 END: OK
2019-06-04 21:05:12.188 22832 INFO rally.task.runner [-] Task d10742e5-6a27-41be-b9b8-ea7d58457a2e | ITER: 31 START
2019-06-04 21:05:12.202 22864 INFO rally.task.runner [-] Task d10742e5-6a27-41be-b9b8-ea7d58457a2e | ITER: 16 END: OK
2019-06-04 21:05:12.205 22864 INFO rally.task.runner [-] Task d10742e5-6a27-41be-b9b8-ea7d58457a2e | ITER: 32 START
2019-06-04 21:05:12.218 22874 INFO rally.task.runner [-] Task d10742e5-6a27-41be-b9b8-ea7d58457a2e | ITER: 20 END: OK
2019-06-04 21:05:12.221 22874 INFO rally.task.runner [-] Task d10742e5-6a27-41be-b9b8-ea7d58457a2e | ITER: 33 START
2019-06-04 21:05:12.225 22856 INFO rally.task.runner [-] Task d10742e5-6a27-41be-b9b8-ea7d58457a2e | ITER: 14 END: OK
2019-06-04 21:05:12.228 22856 INFO rally.task.runner [-] Task d10742e5-6a27-41be-b9b8-ea7d58457a2e | ITER: 34 START
2019-06-04 21:05:12.273 22830 INFO rally.task.runner [-] Task d10742e5-6a27-41be-b9b8-ea7d58457a2e | ITER: 5 END: OK
2019-06-04 21:05:12.275 22835 INFO rally.task.runner [-] Task d10742e5-6a27-41be-b9b8-ea7d58457a2e | ITER: 7 END: OK
2019-06-04 21:05:12.276 22830 INFO rally.task.runner [-] Task d10742e5-6a27-41be-b9b8-ea7d58457a2e | ITER: 35 START
2019-06-04 21:05:12.278 22835 INFO rally.task.runner [-] Task d10742e5-6a27-41be-b9b8-ea7d58457a2e | ITER: 36 START
2019-06-04 21:05:12.369 22847 INFO rally.task.runner [-] Task d10742e5-6a27-41be-b9b8-ea7d58457a2e | ITER: 12 END: OK
2019-06-04 21:05:12.373 22847 INFO rally.task.runner [-] Task d10742e5-6a27-41be-b9b8-ea7d58457a2e | ITER: 37 START
2019-06-04 21:05:12.522 22867 INFO rally.task.runner [-] Task d10742e5-6a27-41be-b9b8-ea7d58457a2e | ITER: 17 END: OK
2019-06-04 21:05:12.526 22867 INFO rally.task.runner [-] Task d10742e5-6a27-41be-b9b8-ea7d58457a2e | ITER: 38 START
2019-06-04 21:05:12.541 22842 INFO rally.task.runner [-] Task d10742e5-6a27-41be-b9b8-ea7d58457a2e | ITER: 11 END: OK
2019-06-04 21:05:12.544 22842 INFO rally.task.runner [-] Task d10742e5-6a27-41be-b9b8-ea7d58457a2e | ITER: 39 START
2019-06-04 21:05:12.617 22851 INFO rally.task.runner [-] Task d10742e5-6a27-41be-b9b8-ea7d58457a2e | ITER: 13 END: OK
2019-06-04 21:05:12.621 22851 INFO rally.task.runner [-] Task d10742e5-6a27-41be-b9b8-ea7d58457a2e | ITER: 40 START
2019-06-04 21:05:13.177 22831 INFO rally.task.runner [-] Task d10742e5-6a27-41be-b9b8-ea7d58457a2e | ITER: 22 END: OK
2019-06-04 21:05:13.181 22831 INFO rally.task.runner [-] Task d10742e5-6a27-41be-b9b8-ea7d58457a2e | ITER: 41 START
2019-06-04 21:05:13.298 22871 INFO rally.task.runner [-] Task d10742e5-6a27-41be-b9b8-ea7d58457a2e | ITER: 21 END: OK
2019-06-04 21:05:13.301 22871 INFO rally.task.runner [-] Task d10742e5-6a27-41be-b9b8-ea7d58457a2e | ITER: 42 START
2019-06-04 21:05:13.408 22870 INFO rally.task.runner [-] Task d10742e5-6a27-41be-b9b8-ea7d58457a2e | ITER: 24 END: OK
2019-06-04 21:05:13.411 22870 INFO rally.task.runner [-] Task d10742e5-6a27-41be-b9b8-ea7d58457a2e | ITER: 43 START
2019-06-04 21:05:13.412 22829 INFO rally.task.runner [-] Task d10742e5-6a27-41be-b9b8-ea7d58457a2e | ITER: 26 END: OK
2019-06-04 21:05:13.416 22829 INFO rally.task.runner [-] Task d10742e5-6a27-41be-b9b8-ea7d58457a2e | ITER: 44 START
2019-06-04 21:05:13.537 22832 INFO rally.task.runner [-] Task d10742e5-6a27-41be-b9b8-ea7d58457a2e | ITER: 23 END: OK
2019-06-04 21:05:13.540 22832 INFO rally.task.runner [-] Task d10742e5-6a27-41be-b9b8-ea7d58457a2e | ITER: 45 START
2019-06-04 21:05:13.624 22838 INFO rally.task.runner [-] Task d10742e5-6a27-41be-b9b8-ea7d58457a2e | ITER: 29 END: OK
2019-06-04 21:05:13.627 22838 INFO rally.task.runner [-] Task d10742e5-6a27-41be-b9b8-ea7d58457a2e | ITER: 46 START
2019-06-04 21:05:13.695 22864 INFO rally.task.runner [-] Task d10742e5-6a27-41be-b9b8-ea7d58457a2e | ITER: 32 END: OK
2019-06-04 21:05:13.698 22864 INFO rally.task.runner [-] Task d10742e5-6a27-41be-b9b8-ea7d58457a2e | ITER: 47 START
2019-06-04 21:05:13.777 22856 INFO rally.task.runner [-] Task d10742e5-6a27-41be-b9b8-ea7d58457a2e | ITER: 34 END: OK
2019-06-04 21:05:13.780 22856 INFO rally.task.runner [-] Task d10742e5-6a27-41be-b9b8-ea7d58457a2e | ITER: 48 START
2019-06-04 21:05:13.872 22830 INFO rally.task.runner [-] Task d10742e5-6a27-41be-b9b8-ea7d58457a2e | ITER: 28 END: OK
2019-06-04 21:05:13.875 22830 INFO rally.task.runner [-] Task d10742e5-6a27-41be-b9b8-ea7d58457a2e | ITER: 49 START
2019-06-04 21:05:14.066 22831 INFO rally.task.runner [-] Task d10742e5-6a27-41be-b9b8-ea7d58457a2e | ITER: 27 END: OK
2019-06-04 21:05:14.070 22831 INFO rally.task.runner [-] Task d10742e5-6a27-41be-b9b8-ea7d58457a2e | ITER: 50 START
2019-06-04 21:05:14.418 22829 INFO rally.task.runner [-] Task d10742e5-6a27-41be-b9b8-ea7d58457a2e | ITER: 25 END: OK
2019-06-04 21:05:14.421 22829 INFO rally.task.runner [-] Task d10742e5-6a27-41be-b9b8-ea7d58457a2e | ITER: 51 START
2019-06-04 21:05:14.487 22874 INFO rally.task.runner [-] Task d10742e5-6a27-41be-b9b8-ea7d58457a2e | ITER: 33 END: OK
2019-06-04 21:05:14.491 22874 INFO rally.task.runner [-] Task d10742e5-6a27-41be-b9b8-ea7d58457a2e | ITER: 52 START
2019-06-04 21:05:14.652 22832 INFO rally.task.runner [-] Task d10742e5-6a27-41be-b9b8-ea7d58457a2e | ITER: 31 END: OK
2019-06-04 21:05:14.655 22832 INFO rally.task.runner [-] Task d10742e5-6a27-41be-b9b8-ea7d58457a2e | ITER: 53 START
2019-06-04 21:05:14.974 22847 INFO rally.task.runner [-] Task d10742e5-6a27-41be-b9b8-ea7d58457a2e | ITER: 37 END: OK
2019-06-04 21:05:14.977 22847 INFO rally.task.runner [-] Task d10742e5-6a27-41be-b9b8-ea7d58457a2e | ITER: 54 START
2019-06-04 21:05:15.032 22867 INFO rally.task.runner [-] Task d10742e5-6a27-41be-b9b8-ea7d58457a2e | ITER: 38 END: OK
2019-06-04 21:05:15.035 22867 INFO rally.task.runner [-] Task d10742e5-6a27-41be-b9b8-ea7d58457a2e | ITER: 55 START
2019-06-04 21:05:15.105 22842 INFO rally.task.runner [-] Task d10742e5-6a27-41be-b9b8-ea7d58457a2e | ITER: 39 END: OK
2019-06-04 21:05:15.108 22842 INFO rally.task.runner [-] Task d10742e5-6a27-41be-b9b8-ea7d58457a2e | ITER: 56 START
2019-06-04 21:05:15.254 22835 INFO rally.task.runner [-] Task d10742e5-6a27-41be-b9b8-ea7d58457a2e | ITER: 36 END: OK
2019-06-04 21:05:15.256 22835 INFO rally.task.runner [-] Task d10742e5-6a27-41be-b9b8-ea7d58457a2e | ITER: 57 START
2019-06-04 21:05:15.364 22831 INFO rally.task.runner [-] Task d10742e5-6a27-41be-b9b8-ea7d58457a2e | ITER: 41 END: OK
2019-06-04 21:05:15.366 22831 INFO rally.task.runner [-] Task d10742e5-6a27-41be-b9b8-ea7d58457a2e | ITER: 58 START
2019-06-04 21:05:15.415 22829 INFO rally.task.runner [-] Task d10742e5-6a27-41be-b9b8-ea7d58457a2e | ITER: 44 END: OK
2019-06-04 21:05:15.418 22829 INFO rally.task.runner [-] Task d10742e5-6a27-41be-b9b8-ea7d58457a2e | ITER: 59 START
2019-06-04 21:05:15.421 22862 INFO rally.task.runner [-] Task d10742e5-6a27-41be-b9b8-ea7d58457a2e | ITER: 30 END: OK
2019-06-04 21:05:15.424 22862 INFO rally.task.runner [-] Task d10742e5-6a27-41be-b9b8-ea7d58457a2e | ITER: 60 START
2019-06-04 21:05:15.534 22830 INFO rally.task.runner [-] Task d10742e5-6a27-41be-b9b8-ea7d58457a2e | ITER: 35 END: OK
2019-06-04 21:05:15.538 22830 INFO rally.task.runner [-] Task d10742e5-6a27-41be-b9b8-ea7d58457a2e | ITER: 61 START
2019-06-04 21:05:15.540 22851 INFO rally.task.runner [-] Task d10742e5-6a27-41be-b9b8-ea7d58457a2e | ITER: 40 END: OK
2019-06-04 21:05:15.543 22851 INFO rally.task.runner [-] Task d10742e5-6a27-41be-b9b8-ea7d58457a2e | ITER: 62 START
2019-06-04 21:05:15.812 22838 INFO rally.task.runner [-] Task d10742e5-6a27-41be-b9b8-ea7d58457a2e | ITER: 46 END: OK
2019-06-04 21:05:15.816 22838 INFO rally.task.runner [-] Task d10742e5-6a27-41be-b9b8-ea7d58457a2e | ITER: 63 START
2019-06-04 21:05:15.837 22832 INFO rally.task.runner [-] Task d10742e5-6a27-41be-b9b8-ea7d58457a2e | ITER: 45 END: OK
2019-06-04 21:05:15.839 22832 INFO rally.task.runner [-] Task d10742e5-6a27-41be-b9b8-ea7d58457a2e | ITER: 64 START
2019-06-04 21:05:15.990 22829 INFO rally.task.runner [-] Task d10742e5-6a27-41be-b9b8-ea7d58457a2e | ITER: 51 END: OK
2019-06-04 21:05:15.993 22871 INFO rally.task.runner [-] Task d10742e5-6a27-41be-b9b8-ea7d58457a2e | ITER: 42 END: OK
2019-06-04 21:05:15.993 22829 INFO rally.task.runner [-] Task d10742e5-6a27-41be-b9b8-ea7d58457a2e | ITER: 65 START
2019-06-04 21:05:15.996 22871 INFO rally.task.runner [-] Task d10742e5-6a27-41be-b9b8-ea7d58457a2e | ITER: 66 START
2019-06-04 21:05:16.287 22831 INFO rally.task.runner [-] Task d10742e5-6a27-41be-b9b8-ea7d58457a2e | ITER: 50 END: OK
2019-06-04 21:05:16.289 22831 INFO rally.task.runner [-] Task d10742e5-6a27-41be-b9b8-ea7d58457a2e | ITER: 67 START
2019-06-04 21:05:16.299 22864 INFO rally.task.runner [-] Task d10742e5-6a27-41be-b9b8-ea7d58457a2e | ITER: 47 END: OK
2019-06-04 21:05:16.302 22864 INFO rally.task.runner [-] Task d10742e5-6a27-41be-b9b8-ea7d58457a2e | ITER: 68 START
2019-06-04 21:05:16.478 22830 INFO rally.task.runner [-] Task d10742e5-6a27-41be-b9b8-ea7d58457a2e | ITER: 49 END: OK
2019-06-04 21:05:16.481 22830 INFO rally.task.runner [-] Task d10742e5-6a27-41be-b9b8-ea7d58457a2e | ITER: 69 START
2019-06-04 21:05:16.582 22870 INFO rally.task.runner [-] Task d10742e5-6a27-41be-b9b8-ea7d58457a2e | ITER: 43 END: OK
2019-06-04 21:05:16.585 22870 INFO rally.task.runner [-] Task d10742e5-6a27-41be-b9b8-ea7d58457a2e | ITER: 70 START
2019-06-04 21:05:16.699 22874 INFO rally.task.runner [-] Task d10742e5-6a27-41be-b9b8-ea7d58457a2e | ITER: 52 END: OK
2019-06-04 21:05:16.702 22874 INFO rally.task.runner [-] Task d10742e5-6a27-41be-b9b8-ea7d58457a2e | ITER: 71 START
2019-06-04 21:05:17.030 22842 INFO rally.task.runner [-] Task d10742e5-6a27-41be-b9b8-ea7d58457a2e | ITER: 56 END: OK
2019-06-04 21:05:17.032 22867 INFO rally.task.runner [-] Task d10742e5-6a27-41be-b9b8-ea7d58457a2e | ITER: 55 END: OK
2019-06-04 21:05:17.033 22842 INFO rally.task.runner [-] Task d10742e5-6a27-41be-b9b8-ea7d58457a2e | ITER: 72 START
2019-06-04 21:05:17.035 22867 INFO rally.task.runner [-] Task d10742e5-6a27-41be-b9b8-ea7d58457a2e | ITER: 73 START
2019-06-04 21:05:17.036 22856 INFO rally.task.runner [-] Task d10742e5-6a27-41be-b9b8-ea7d58457a2e | ITER: 48 END: OK
2019-06-04 21:05:17.040 22856 INFO rally.task.runner [-] Task d10742e5-6a27-41be-b9b8-ea7d58457a2e | ITER: 74 START
2019-06-04 21:05:17.078 22832 INFO rally.task.runner [-] Task d10742e5-6a27-41be-b9b8-ea7d58457a2e | ITER: 53 END: OK
2019-06-04 21:05:17.081 22835 INFO rally.task.runner [-] Task d10742e5-6a27-41be-b9b8-ea7d58457a2e | ITER: 57 END: OK
2019-06-04 21:05:17.081 22832 INFO rally.task.runner [-] Task d10742e5-6a27-41be-b9b8-ea7d58457a2e | ITER: 75 START
2019-06-04 21:05:17.084 22835 INFO rally.task.runner [-] Task d10742e5-6a27-41be-b9b8-ea7d58457a2e | ITER: 76 START
2019-06-04 21:05:17.259 22831 INFO rally.task.runner [-] Task d10742e5-6a27-41be-b9b8-ea7d58457a2e | ITER: 58 END: OK
2019-06-04 21:05:17.262 22831 INFO rally.task.runner [-] Task d10742e5-6a27-41be-b9b8-ea7d58457a2e | ITER: 77 START
2019-06-04 21:05:17.499 22838 INFO rally.task.runner [-] Task d10742e5-6a27-41be-b9b8-ea7d58457a2e | ITER: 63 END: OK
2019-06-04 21:05:17.502 22838 INFO rally.task.runner [-] Task d10742e5-6a27-41be-b9b8-ea7d58457a2e | ITER: 78 START
2019-06-04 21:05:17.554 22862 INFO rally.task.runner [-] Task d10742e5-6a27-41be-b9b8-ea7d58457a2e | ITER: 60 END: OK
2019-06-04 21:05:17.558 22862 INFO rally.task.runner [-] Task d10742e5-6a27-41be-b9b8-ea7d58457a2e | ITER: 79 START
2019-06-04 21:05:17.579 22847 INFO rally.task.runner [-] Task d10742e5-6a27-41be-b9b8-ea7d58457a2e | ITER: 54 END: OK
2019-06-04 21:05:17.582 22847 INFO rally.task.runner [-] Task d10742e5-6a27-41be-b9b8-ea7d58457a2e | ITER: 80 START
2019-06-04 21:05:17.586 22832 INFO rally.task.runner [-] Task d10742e5-6a27-41be-b9b8-ea7d58457a2e | ITER: 64 END: OK
2019-06-04 21:05:17.589 22832 INFO rally.task.runner [-] Task d10742e5-6a27-41be-b9b8-ea7d58457a2e | ITER: 81 START
2019-06-04 21:05:17.659 22830 INFO rally.task.runner [-] Task d10742e5-6a27-41be-b9b8-ea7d58457a2e | ITER: 61 END: OK
2019-06-04 21:05:17.664 22830 INFO rally.task.runner [-] Task d10742e5-6a27-41be-b9b8-ea7d58457a2e | ITER: 82 START
2019-06-04 21:05:17.932 22829 INFO rally.task.runner [-] Task d10742e5-6a27-41be-b9b8-ea7d58457a2e | ITER: 59 END: OK
2019-06-04 21:05:17.935 22829 INFO rally.task.runner [-] Task d10742e5-6a27-41be-b9b8-ea7d58457a2e | ITER: 83 START
2019-06-04 21:05:17.969 22829 INFO rally.task.runner [-] Task d10742e5-6a27-41be-b9b8-ea7d58457a2e | ITER: 65 END: OK
2019-06-04 21:05:17.973 22829 INFO rally.task.runner [-] Task d10742e5-6a27-41be-b9b8-ea7d58457a2e | ITER: 84 START
2019-06-04 21:05:18.161 22851 INFO rally.task.runner [-] Task d10742e5-6a27-41be-b9b8-ea7d58457a2e | ITER: 62 END: OK
2019-06-04 21:05:18.165 22851 INFO rally.task.runner [-] Task d10742e5-6a27-41be-b9b8-ea7d58457a2e | ITER: 85 START
2019-06-04 21:05:18.335 22871 INFO rally.task.runner [-] Task d10742e5-6a27-41be-b9b8-ea7d58457a2e | ITER: 66 END: OK
2019-06-04 21:05:18.337 22871 INFO rally.task.runner [-] Task d10742e5-6a27-41be-b9b8-ea7d58457a2e | ITER: 86 START
2019-06-04 21:05:18.683 22867 INFO rally.task.runner [-] Task d10742e5-6a27-41be-b9b8-ea7d58457a2e | ITER: 73 END: OK
2019-06-04 21:05:18.686 22867 INFO rally.task.runner [-] Task d10742e5-6a27-41be-b9b8-ea7d58457a2e | ITER: 87 START
2019-06-04 21:05:18.721 22830 INFO rally.task.runner [-] Task d10742e5-6a27-41be-b9b8-ea7d58457a2e | ITER: 69 END: OK
2019-06-04 21:05:18.725 22830 INFO rally.task.runner [-] Task d10742e5-6a27-41be-b9b8-ea7d58457a2e | ITER: 88 START
2019-06-04 21:05:18.740 22832 INFO rally.task.runner [-] Task d10742e5-6a27-41be-b9b8-ea7d58457a2e | ITER: 75 END: OK
2019-06-04 21:05:18.743 22832 INFO rally.task.runner [-] Task d10742e5-6a27-41be-b9b8-ea7d58457a2e | ITER: 89 START
2019-06-04 21:05:18.946 22874 INFO rally.task.runner [-] Task d10742e5-6a27-41be-b9b8-ea7d58457a2e | ITER: 71 END: OK
2019-06-04 21:05:18.949 22874 INFO rally.task.runner [-] Task d10742e5-6a27-41be-b9b8-ea7d58457a2e | ITER: 90 START
2019-06-04 21:05:19.627 22831 INFO rally.task.runner [-] Task d10742e5-6a27-41be-b9b8-ea7d58457a2e | ITER: 77 END: OK
2019-06-04 21:05:19.631 22831 INFO rally.task.runner [-] Task d10742e5-6a27-41be-b9b8-ea7d58457a2e | ITER: 91 START
2019-06-04 21:05:19.755 22864 INFO rally.task.runner [-] Task d10742e5-6a27-41be-b9b8-ea7d58457a2e | ITER: 68 END: OK
2019-06-04 21:05:19.759 22864 INFO rally.task.runner [-] Task d10742e5-6a27-41be-b9b8-ea7d58457a2e | ITER: 92 START
2019-06-04 21:05:19.826 22870 INFO rally.task.runner [-] Task d10742e5-6a27-41be-b9b8-ea7d58457a2e | ITER: 70 END: OK
2019-06-04 21:05:19.829 22870 INFO rally.task.runner [-] Task d10742e5-6a27-41be-b9b8-ea7d58457a2e | ITER: 93 START
2019-06-04 21:05:19.852 22862 INFO rally.task.runner [-] Task d10742e5-6a27-41be-b9b8-ea7d58457a2e | ITER: 79 END: OK
2019-06-04 21:05:19.855 22862 INFO rally.task.runner [-] Task d10742e5-6a27-41be-b9b8-ea7d58457a2e | ITER: 94 START
2019-06-04 21:05:19.862 22829 INFO rally.task.runner [-] Task d10742e5-6a27-41be-b9b8-ea7d58457a2e | ITER: 84 END: OK
2019-06-04 21:05:19.866 22829 INFO rally.task.runner [-] Task d10742e5-6a27-41be-b9b8-ea7d58457a2e | ITER: 95 START
2019-06-04 21:05:19.882 22832 INFO rally.task.runner [-] Task d10742e5-6a27-41be-b9b8-ea7d58457a2e | ITER: 81 END: OK
2019-06-04 21:05:19.885 22832 INFO rally.task.runner [-] Task d10742e5-6a27-41be-b9b8-ea7d58457a2e | ITER: 96 START
2019-06-04 21:05:19.891 22831 INFO rally.task.runner [-] Task d10742e5-6a27-41be-b9b8-ea7d58457a2e | ITER: 67 END: OK
2019-06-04 21:05:19.894 22831 INFO rally.task.runner [-] Task d10742e5-6a27-41be-b9b8-ea7d58457a2e | ITER: 97 START
2019-06-04 21:05:20.029 22847 INFO rally.task.runner [-] Task d10742e5-6a27-41be-b9b8-ea7d58457a2e | ITER: 80 END: OK
2019-06-04 21:05:20.032 22847 INFO rally.task.runner [-] Task d10742e5-6a27-41be-b9b8-ea7d58457a2e | ITER: 98 START
2019-06-04 21:05:20.086 22842 INFO rally.task.runner [-] Task d10742e5-6a27-41be-b9b8-ea7d58457a2e | ITER: 72 END: OK
2019-06-04 21:05:20.089 22842 INFO rally.task.runner [-] Task d10742e5-6a27-41be-b9b8-ea7d58457a2e | ITER: 99 START
2019-06-04 21:05:20.097 22856 INFO rally.task.runner [-] Task d10742e5-6a27-41be-b9b8-ea7d58457a2e | ITER: 74 END: OK
2019-06-04 21:05:20.100 22856 INFO rally.task.runner [-] Task d10742e5-6a27-41be-b9b8-ea7d58457a2e | ITER: 100 START
2019-06-04 21:05:20.145 22838 INFO rally.task.runner [-] Task d10742e5-6a27-41be-b9b8-ea7d58457a2e | ITER: 78 END: OK
2019-06-04 21:05:20.165 22830 INFO rally.task.runner [-] Task d10742e5-6a27-41be-b9b8-ea7d58457a2e | ITER: 82 END: OK
2019-06-04 21:05:20.664 22871 INFO rally.task.runner [-] Task d10742e5-6a27-41be-b9b8-ea7d58457a2e | ITER: 86 END: OK
2019-06-04 21:05:20.686 22851 INFO rally.task.runner [-] Task d10742e5-6a27-41be-b9b8-ea7d58457a2e | ITER: 85 END: OK
2019-06-04 21:05:20.939 22835 INFO rally.task.runner [-] Task d10742e5-6a27-41be-b9b8-ea7d58457a2e | ITER: 76 END: OK
2019-06-04 21:05:21.062 22830 INFO rally.task.runner [-] Task d10742e5-6a27-41be-b9b8-ea7d58457a2e | ITER: 88 END: OK
2019-06-04 21:05:21.100 22832 INFO rally.task.runner [-] Task d10742e5-6a27-41be-b9b8-ea7d58457a2e | ITER: 89 END: OK
2019-06-04 21:05:21.115 22829 INFO rally.task.runner [-] Task d10742e5-6a27-41be-b9b8-ea7d58457a2e | ITER: 83 END: OK
2019-06-04 21:05:21.350 22862 INFO rally.task.runner [-] Task d10742e5-6a27-41be-b9b8-ea7d58457a2e | ITER: 94 END: OK
2019-06-04 21:05:21.465 22867 INFO rally.task.runner [-] Task d10742e5-6a27-41be-b9b8-ea7d58457a2e | ITER: 87 END: OK
2019-06-04 21:05:21.547 22864 INFO rally.task.runner [-] Task d10742e5-6a27-41be-b9b8-ea7d58457a2e | ITER: 92 END: OK
2019-06-04 21:05:21.621 22829 INFO rally.task.runner [-] Task d10742e5-6a27-41be-b9b8-ea7d58457a2e | ITER: 95 END: OK
2019-06-04 21:05:21.685 22856 INFO rally.task.runner [-] Task d10742e5-6a27-41be-b9b8-ea7d58457a2e | ITER: 100 END: OK
2019-06-04 21:05:21.685 22842 INFO rally.task.runner [-] Task d10742e5-6a27-41be-b9b8-ea7d58457a2e | ITER: 99 END: OK
2019-06-04 21:05:21.829 22831 INFO rally.task.runner [-] Task d10742e5-6a27-41be-b9b8-ea7d58457a2e | ITER: 91 END: OK
2019-06-04 21:05:21.925 22870 INFO rally.task.runner [-] Task d10742e5-6a27-41be-b9b8-ea7d58457a2e | ITER: 93 END: OK
2019-06-04 21:05:22.105 22832 INFO rally.task.runner [-] Task d10742e5-6a27-41be-b9b8-ea7d58457a2e | ITER: 96 END: OK
2019-06-04 21:05:22.155 22874 INFO rally.task.runner [-] Task d10742e5-6a27-41be-b9b8-ea7d58457a2e | ITER: 90 END: OK
2019-06-04 21:05:22.162 22831 INFO rally.task.runner [-] Task d10742e5-6a27-41be-b9b8-ea7d58457a2e | ITER: 97 END: OK
2019-06-04 21:05:22.210 22847 INFO rally.task.runner [-] Task d10742e5-6a27-41be-b9b8-ea7d58457a2e | ITER: 98 END: OK
2019-06-04 21:05:22.232 22705 INFO rally.task.context [-] Task d10742e5-6a27-41be-b9b8-ea7d58457a2e | Context cleanup@openstack cleanup() started
2019-06-04 21:05:22.234 22705 RALLYDEBUG rally_openstack.cleanup.manager [-] Cleaning up neutron vip objects
2019-06-04 21:05:22.872 22705 RALLYDEBUG rally_openstack.cleanup.manager [-] Cleaning up neutron health_monitor objects
2019-06-04 21:05:23.602 22705 RALLYDEBUG rally_openstack.cleanup.manager [-] Cleaning up neutron pool objects
2019-06-04 21:05:24.256 22705 RALLYDEBUG rally_openstack.cleanup.manager [-] Cleaning up neutron loadbalancer objects
2019-06-04 21:05:25.004 22705 RALLYDEBUG rally_openstack.cleanup.manager [-] Cleaning up neutron floatingip objects
2019-06-04 21:05:25.757 22705 RALLYDEBUG rally_openstack.cleanup.manager [-] Cleaning up neutron port objects
2019-06-04 21:05:26.524 22705 RALLYDEBUG rally_openstack.cleanup.manager [-] Cleaning up neutron subnet objects
2019-06-04 21:05:27.206 22705 RALLYDEBUG rally_openstack.cleanup.manager [-] Cleaning up neutron network objects
2019-06-04 21:05:28.161 22705 RALLYDEBUG rally_openstack.cleanup.manager [-] Deleting neutron.network object s_rally_070a5df0_LLQsZGX9 (0076c393-4a3a-4ecc-8e99-b06ee0f55620)
2019-06-04 21:05:28.167 22705 RALLYDEBUG rally_openstack.cleanup.manager [-] Deleting neutron.network object s_rally_070a5df0_BLnMYB6k (18c62dff-ac7c-44fa-b478-843018c4ffb5)
2019-06-04 21:05:28.170 22705 RALLYDEBUG rally_openstack.cleanup.manager [-] Deleting neutron.network object s_rally_070a5df0_Fexx53EU (0d3b6763-7251-4cf2-8225-6eee1986bb2f)
2019-06-04 21:05:28.178 22705 RALLYDEBUG rally_openstack.cleanup.manager [-] Deleting neutron.network object s_rally_070a5df0_Xx9CFZWa (0b672eb1-4fa9-4916-a1e9-826e028d70b4)
2019-06-04 21:05:28.183 22705 RALLYDEBUG rally_openstack.cleanup.manager [-] Deleting neutron.network object s_rally_070a5df0_pZyH3OYZ (1939fc7f-c9d5-441a-8a25-ed6d9f53b74a)
2019-06-04 21:05:28.184 22705 RALLYDEBUG rally_openstack.cleanup.manager [-] Deleting neutron.network object s_rally_070a5df0_03cG7zYu (0086cab8-c593-4706-8243-f9472682be31)
2019-06-04 21:05:28.189 22705 RALLYDEBUG rally_openstack.cleanup.manager [-] Deleting neutron.network object s_rally_070a5df0_pBLYjkJI (1b1a5837-20b4-4a24-9471-9022645cc7c3)
2019-06-04 21:05:28.198 22705 RALLYDEBUG rally_openstack.cleanup.manager [-] Deleting neutron.network object s_rally_070a5df0_QyBUhvVW (1cb9a6a3-d64f-4f84-a0a1-bfdb243b2fb0)
2019-06-04 21:05:28.200 22705 RALLYDEBUG rally_openstack.cleanup.manager [-] Deleting neutron.network object s_rally_070a5df0_ZgLsgDyO (24963e68-e817-4769-9e55-73cfc93e6ed0)
2019-06-04 21:05:28.201 22705 RALLYDEBUG rally_openstack.cleanup.manager [-] Deleting neutron.network object s_rally_070a5df0_ZQrWJATX (12eadf19-00ee-453d-a148-07fce9d357d6)
2019-06-04 21:05:28.202 22705 RALLYDEBUG rally_openstack.cleanup.manager [-] Deleting neutron.network object s_rally_070a5df0_g8eshVG2 (09187ec5-61ff-4abe-8d9b-5c568ce4f6e5)
2019-06-04 21:05:28.202 22705 RALLYDEBUG rally_openstack.cleanup.manager [-] Deleting neutron.network object s_rally_070a5df0_toZ7m5hw (15b33f02-3876-49ab-b992-b8704502fc4f)
2019-06-04 21:05:28.207 22705 RALLYDEBUG rally_openstack.cleanup.manager [-] Deleting neutron.network object s_rally_070a5df0_kG4NK1A2 (253c7017-64f3-48d9-a924-157ba8a13ff3)
2019-06-04 21:05:28.214 22705 RALLYDEBUG rally_openstack.cleanup.manager [-] Deleting neutron.network object s_rally_070a5df0_zqoHXGwU (1816fa1c-1335-47d7-b706-eee3e6b0e2a7)
2019-06-04 21:05:28.221 22705 RALLYDEBUG rally_openstack.cleanup.manager [-] Deleting neutron.network object s_rally_070a5df0_H117GsuD (27a16242-a944-4e7a-975d-51cb51276189)
2019-06-04 21:05:28.223 22705 RALLYDEBUG rally_openstack.cleanup.manager [-] Deleting neutron.network object s_rally_070a5df0_toGH4pav (0994a016-b127-416b-ae77-08acebfcb786)
2019-06-04 21:05:28.223 22705 RALLYDEBUG rally_openstack.cleanup.manager [-] Deleting neutron.network object s_rally_070a5df0_TG7Gpt1O (25eebf0e-8def-4ae9-a586-b7f231bcc440)
2019-06-04 21:05:28.246 22705 RALLYDEBUG rally_openstack.cleanup.manager [-] Deleting neutron.network object s_rally_070a5df0_JjZiDKlG (27cea251-4f3d-411c-b941-09a8632051a0)
2019-06-04 21:05:28.248 22705 RALLYDEBUG rally_openstack.cleanup.manager [-] Deleting neutron.network object s_rally_070a5df0_dSAFjDXk (28094850-14f9-434e-9f84-da71fb6ab47f)
2019-06-04 21:05:28.249 22705 RALLYDEBUG rally_openstack.cleanup.manager [-] Deleting neutron.network object s_rally_070a5df0_NnDIELsN (2a6550b6-7b27-4bf8-bc17-2ba4862476ee)
2019-06-04 21:05:30.885 22705 RALLYDEBUG rally_openstack.cleanup.manager [-] Deleting neutron.network object s_rally_070a5df0_CEkzdckk (2f24c7ee-607f-4b21-9e93-87f6b3fa6b65)
2019-06-04 21:05:30.934 22705 RALLYDEBUG rally_openstack.cleanup.manager [-] Deleting neutron.network object s_rally_070a5df0_dA68QJHQ (32e92cef-94a2-4aca-a521-c31c1ce5dbc5)
2019-06-04 21:05:30.953 22705 RALLYDEBUG rally_openstack.cleanup.manager [-] Deleting neutron.network object s_rally_070a5df0_mZbS3LwN (347c63e6-5849-4a92-b81e-d8d235a8b0b4)
2019-06-04 21:05:30.958 22705 RALLYDEBUG rally_openstack.cleanup.manager [-] Deleting neutron.network object s_rally_070a5df0_n5pImHm0 (3964c30d-6226-4a1f-8807-799431c4632e)
2019-06-04 21:05:31.290 22705 RALLYDEBUG rally_openstack.cleanup.manager [-] Deleting neutron.network object s_rally_070a5df0_GHJsDbWn (423b1d9f-7682-4804-88d7-d9df93afdc7d)
2019-06-04 21:05:31.303 22705 RALLYDEBUG rally_openstack.cleanup.manager [-] Deleting neutron.network object s_rally_070a5df0_Pu1rUoUP (4a03b748-e508-4041-a5fb-ba1d4cbcfe10)
2019-06-04 21:05:31.310 22705 RALLYDEBUG rally_openstack.cleanup.manager [-] Deleting neutron.network object s_rally_070a5df0_12wniAh8 (4b1daf45-b64e-4221-b186-c4a7ea372247)
2019-06-04 21:05:31.680 22705 RALLYDEBUG rally_openstack.cleanup.manager [-] Deleting neutron.network object s_rally_070a5df0_uZpk2wIw (4ba35707-3c03-4ad8-9eb1-6edd3a8e110b)
2019-06-04 21:05:31.701 22705 RALLYDEBUG rally_openstack.cleanup.manager [-] Deleting neutron.network object s_rally_070a5df0_sSVrFXio (4df783b4-282f-4b90-94a8-7d0451a89ef4)
2019-06-04 21:05:31.719 22705 RALLYDEBUG rally_openstack.cleanup.manager [-] Deleting neutron.network object s_rally_070a5df0_1wGgDSGr (511fa08d-e171-482d-9588-638f435a515d)
2019-06-04 21:05:31.759 22705 RALLYDEBUG rally_openstack.cleanup.manager [-] Deleting neutron.network object s_rally_070a5df0_j4GtoTcA (536d57ba-a84d-4058-bd56-0b2b0ab51180)
2019-06-04 21:05:31.786 22705 RALLYDEBUG rally_openstack.cleanup.manager [-] Deleting neutron.network object s_rally_070a5df0_MP2B4U2s (539a54cf-e4a4-4cca-b484-906a5d525884)
2019-06-04 21:05:31.796 22705 RALLYDEBUG rally_openstack.cleanup.manager [-] Deleting neutron.network object s_rally_070a5df0_VrvNaEVc (54ad528e-3a18-4eca-b509-a44ba849a8e7)
2019-06-04 21:05:31.808 22705 RALLYDEBUG rally_openstack.cleanup.manager [-] Deleting neutron.network object s_rally_070a5df0_vI2aPo9f (587667af-903e-4203-8292-2df7b441bedc)
2019-06-04 21:05:31.811 22705 RALLYDEBUG rally_openstack.cleanup.manager [-] Deleting neutron.network object s_rally_070a5df0_F1qxq235 (58acb1f5-56dc-40cb-bde4-2ad483111a11)
2019-06-04 21:05:31.817 22705 RALLYDEBUG rally_openstack.cleanup.manager [-] Deleting neutron.network object s_rally_070a5df0_daabTi9W (5e0404e0-5780-4abc-acf7-a19a247e27d1)
2019-06-04 21:05:31.840 22705 RALLYDEBUG rally_openstack.cleanup.manager [-] Deleting neutron.network object s_rally_070a5df0_I9KvYF7Y (618ea998-3cf7-4285-8c0e-e8281bb83e92)
2019-06-04 21:05:32.195 22705 RALLYDEBUG rally_openstack.cleanup.manager [-] Deleting neutron.network object s_rally_070a5df0_S6c1fPDN (62dfd03f-4ff8-4160-b9c0-7a0524793785)
2019-06-04 21:05:32.457 22705 RALLYDEBUG rally_openstack.cleanup.manager [-] Deleting neutron.network object s_rally_070a5df0_LM9pMznP (63c44821-63fb-41ac-8ee9-b3ea152ac867)
2019-06-04 21:05:32.479 22705 RALLYDEBUG rally_openstack.cleanup.manager [-] Deleting neutron.network object s_rally_070a5df0_BrAB442O (6484f0c1-c827-4cdb-a47c-086079c9709a)
2019-06-04 21:05:33.237 22705 RALLYDEBUG rally_openstack.cleanup.manager [-] Deleting neutron.network object s_rally_070a5df0_JNKwFtvs (64a3ef55-41dd-466d-b1bb-bcf2b7592899)
2019-06-04 21:05:33.576 22705 RALLYDEBUG rally_openstack.cleanup.manager [-] Deleting neutron.network object s_rally_070a5df0_qPDIVLHv (6789ec6d-f78d-4362-aa47-f9f54bda879e)
2019-06-04 21:05:33.716 22705 RALLYDEBUG rally_openstack.cleanup.manager [-] Deleting neutron.network object s_rally_070a5df0_7A3xHT7V (68ac3dfb-4b2e-4584-be10-e692c9036bae)
2019-06-04 21:05:33.830 22705 RALLYDEBUG rally_openstack.cleanup.manager [-] Deleting neutron.network object s_rally_070a5df0_ih46MWAq (6a08f7b2-538a-4541-b254-bb2c4edd4652)
2019-06-04 21:05:34.120 22705 RALLYDEBUG rally_openstack.cleanup.manager [-] Deleting neutron.network object s_rally_070a5df0_EQwtdeoo (6fe1d264-5bd3-447d-8074-ff9de17b43a6)
2019-06-04 21:05:34.258 22705 RALLYDEBUG rally_openstack.cleanup.manager [-] Deleting neutron.network object s_rally_070a5df0_r5r8EU2G (749a36d7-da78-4e0f-8031-14e050f7ac3a)
2019-06-04 21:05:34.290 22705 RALLYDEBUG rally_openstack.cleanup.manager [-] Deleting neutron.network object s_rally_070a5df0_RBlusbqf (758ac5fa-7f3a-47cd-af28-7c8a15f63680)
2019-06-04 21:05:34.344 22705 RALLYDEBUG rally_openstack.cleanup.manager [-] Deleting neutron.network object s_rally_070a5df0_ZkKIqpPo (77a23219-7fd9-4f54-ae2a-59e56b035c10)
2019-06-04 21:05:34.384 22705 RALLYDEBUG rally_openstack.cleanup.manager [-] Deleting neutron.network object s_rally_070a5df0_ePQ4Josl (797087ea-e531-4e01-80dc-974ac54e328c)
2019-06-04 21:05:34.491 22705 RALLYDEBUG rally_openstack.cleanup.manager [-] Deleting neutron.network object s_rally_070a5df0_aa7vL2gz (7b552079-aec6-4c50-9581-2042e27a5f14)
2019-06-04 21:05:34.492 22705 RALLYDEBUG rally_openstack.cleanup.manager [-] Deleting neutron.network object s_rally_070a5df0_9zbVPsFB (7a59c82b-49ce-43ce-a9ff-0feba48dbc89)
2019-06-04 21:05:34.577 22705 RALLYDEBUG rally_openstack.cleanup.manager [-] Deleting neutron.network object s_rally_070a5df0_M3xYxd0t (8147b7ac-e739-4a0e-9442-322dc348c8db)
2019-06-04 21:05:34.691 22705 RALLYDEBUG rally_openstack.cleanup.manager [-] Deleting neutron.network object s_rally_070a5df0_54pjkJjd (81996e4e-9b53-4155-8f0c-1e0a03846842)
2019-06-04 21:05:34.759 22705 RALLYDEBUG rally_openstack.cleanup.manager [-] Deleting neutron.network object s_rally_070a5df0_7yfD20tP (828fcd72-38b6-4475-b657-c0ae590e8a25)
2019-06-04 21:05:34.885 22705 RALLYDEBUG rally_openstack.cleanup.manager [-] Deleting neutron.network object s_rally_070a5df0_1MPJ5D3P (83b752dc-4e14-474a-be13-028c0ae04d61)
2019-06-04 21:05:34.966 22705 RALLYDEBUG rally_openstack.cleanup.manager [-] Deleting neutron.network object s_rally_070a5df0_JmGwPzzE (88cc7cb8-77fe-4d08-8c27-af74a4107242)
2019-06-04 21:05:35.162 22705 RALLYDEBUG rally_openstack.cleanup.manager [-] Deleting neutron.network object s_rally_070a5df0_3PsDpcRi (89192f57-f16e-4062-8096-620808f9287d)
2019-06-04 21:05:35.230 22705 RALLYDEBUG rally_openstack.cleanup.manager [-] Deleting neutron.network object s_rally_070a5df0_bb83MX0i (8f1f290e-8d5e-4159-b799-9d5c18f278ce)
2019-06-04 21:05:35.248 22705 RALLYDEBUG rally_openstack.cleanup.manager [-] Deleting neutron.network object s_rally_070a5df0_XFkjssaW (8f827513-cab5-417c-b3a3-df4318e0c156)
2019-06-04 21:05:35.257 22705 RALLYDEBUG rally_openstack.cleanup.manager [-] Deleting neutron.network object s_rally_070a5df0_3ItD4FPU (90fb6abf-f969-4e48-8d1d-28eebe3e1cc2)
2019-06-04 21:05:35.952 22705 RALLYDEBUG rally_openstack.cleanup.manager [-] Deleting neutron.network object s_rally_070a5df0_Jyc48QxG (91fc65f5-597a-407c-86c6-76f08d2ebf06)
2019-06-04 21:05:36.208 22705 RALLYDEBUG rally_openstack.cleanup.manager [-] Deleting neutron.network object s_rally_070a5df0_PsgIvr5S (93118a1c-5f6d-4f1d-98d6-e4bb6d96f2c2)
2019-06-04 21:05:36.326 22705 RALLYDEBUG rally_openstack.cleanup.manager [-] Deleting neutron.network object s_rally_070a5df0_bESS57BC (96350c2c-3c75-42e2-bedb-a88106b290cb)
2019-06-04 21:05:36.559 22705 RALLYDEBUG rally_openstack.cleanup.manager [-] Deleting neutron.network object s_rally_070a5df0_ifsrcRXg (96c5f35e-3022-4a82-beeb-75198d1c6962)
2019-06-04 21:05:36.636 22705 RALLYDEBUG rally_openstack.cleanup.manager [-] Deleting neutron.network object s_rally_070a5df0_smSmHLXK (9983e6a3-ef53-4910-81d0-29483358e481)
2019-06-04 21:05:36.665 22705 RALLYDEBUG rally_openstack.cleanup.manager [-] Deleting neutron.network object s_rally_070a5df0_mB5VNk1D (9baeef93-9a83-445e-8d71-b54b29a6846e)
2019-06-04 21:05:37.003 22705 RALLYDEBUG rally_openstack.cleanup.manager [-] Deleting neutron.network object s_rally_070a5df0_u0Nk9rFo (9fa6a4d8-1ca0-4b41-9a50-399f638e9ab8)
2019-06-04 21:05:37.018 22705 RALLYDEBUG rally_openstack.cleanup.manager [-] Deleting neutron.network object s_rally_070a5df0_VgkETWYa (9fb7840e-0dbf-423a-baa9-0aa1c6aab716)
2019-06-04 21:05:37.223 22705 RALLYDEBUG rally_openstack.cleanup.manager [-] Deleting neutron.network object s_rally_070a5df0_mkPYKAP0 (a1a8565c-4e58-48b4-8bca-befe3c346290)
2019-06-04 21:05:37.307 22705 RALLYDEBUG rally_openstack.cleanup.manager [-] Deleting neutron.network object s_rally_070a5df0_pTK99rJf (a2e5f5c0-90a1-46f6-b0fd-841097503d95)
2019-06-04 21:05:37.654 22705 RALLYDEBUG rally_openstack.cleanup.manager [-] Deleting neutron.network object s_rally_070a5df0_BnUhRfRZ (a494be00-d483-4e4d-9817-2a21f4ff2058)
2019-06-04 21:05:37.692 22705 RALLYDEBUG rally_openstack.cleanup.manager [-] Deleting neutron.network object s_rally_070a5df0_OwqfpNrl (a51412af-a8b1-49c2-b1cb-4967e997a675)
2019-06-04 21:05:37.719 22705 RALLYDEBUG rally_openstack.cleanup.manager [-] Deleting neutron.network object s_rally_070a5df0_i5Sjik1G (a97a02e1-4898-46d4-9339-5bdac2e59248)
2019-06-04 21:05:37.800 22705 RALLYDEBUG rally_openstack.cleanup.manager [-] Deleting neutron.network object s_rally_070a5df0_4nasZmdn (abc3e69e-7be4-4788-bb10-fbc3520c9a52)
2019-06-04 21:05:37.903 22705 RALLYDEBUG rally_openstack.cleanup.manager [-] Deleting neutron.network object s_rally_070a5df0_3OZGZ70M (adffa957-e54c-4db2-acba-29f59f922879)
2019-06-04 21:05:37.931 22705 RALLYDEBUG rally_openstack.cleanup.manager [-] Deleting neutron.network object s_rally_070a5df0_rXydo0fq (af67d312-8df5-4a86-ae4e-3346e3d28c2f)
2019-06-04 21:05:37.933 22705 RALLYDEBUG rally_openstack.cleanup.manager [-] Deleting neutron.network object s_rally_070a5df0_ztd4Dkiy (afd6c18d-a68b-48a7-af85-6960d152d5aa)
2019-06-04 21:05:37.942 22705 RALLYDEBUG rally_openstack.cleanup.manager [-] Deleting neutron.network object s_rally_070a5df0_2affURpy (b09aba44-4bc2-43f9-a23b-e8e8f66d102b)
2019-06-04 21:05:38.108 22705 RALLYDEBUG rally_openstack.cleanup.manager [-] Deleting neutron.network object s_rally_070a5df0_CKxc3lRy (b5c0caa4-e1d4-45c4-9605-de22999ee1d4)
2019-06-04 21:05:38.274 22705 RALLYDEBUG rally_openstack.cleanup.manager [-] Deleting neutron.network object s_rally_070a5df0_26r7h9OB (b8371748-cabd-4c25-995b-5cde832baf71)
2019-06-04 21:05:38.379 22705 RALLYDEBUG rally_openstack.cleanup.manager [-] Deleting neutron.network object s_rally_070a5df0_4SapM2ZY (b9b13420-7b8e-4f03-a24e-134222c76a29)
2019-06-04 21:05:38.578 22705 RALLYDEBUG rally_openstack.cleanup.manager [-] Deleting neutron.network object s_rally_070a5df0_YrP8dU4c (beb774de-7a1c-4c5b-810d-4cfb75dd0bdc)
2019-06-04 21:05:38.854 22705 RALLYDEBUG rally_openstack.cleanup.manager [-] Deleting neutron.network object s_rally_070a5df0_XSAJwJCr (c2f2d847-957f-4e9d-90c8-d1f0d5f33c60)
2019-06-04 21:05:39.094 22705 RALLYDEBUG rally_openstack.cleanup.manager [-] Deleting neutron.network object s_rally_070a5df0_GDblJNOn (c3dafd66-7ac9-4304-820a-e0a711b4fcd4)
2019-06-04 21:05:39.336 22705 RALLYDEBUG rally_openstack.cleanup.manager [-] Deleting neutron.network object s_rally_070a5df0_fb8mK7Wa (c5021d48-8032-41d2-8ed3-c662e70fedd6)
2019-06-04 21:05:39.353 22705 RALLYDEBUG rally_openstack.cleanup.manager [-] Deleting neutron.network object s_rally_070a5df0_EKhYHLS5 (cc517237-12d0-4f76-bdf7-0ea8967f7e53)
2019-06-04 21:05:39.363 22705 RALLYDEBUG rally_openstack.cleanup.manager [-] Deleting neutron.network object s_rally_070a5df0_qJrzxEUP (cefee49b-f076-4fed-bc22-f264ff887049)
2019-06-04 21:05:39.657 22705 RALLYDEBUG rally_openstack.cleanup.manager [-] Deleting neutron.network object s_rally_070a5df0_S4wmHSsI (d333879b-c936-4ef9-bf4b-001d52a3e420)
2019-06-04 21:05:39.772 22705 RALLYDEBUG rally_openstack.cleanup.manager [-] Deleting neutron.network object s_rally_070a5df0_JT7cis9R (de64d2b3-838c-406c-b70c-7fa553b1a938)
2019-06-04 21:05:39.922 22705 RALLYDEBUG rally_openstack.cleanup.manager [-] Deleting neutron.network object s_rally_070a5df0_ZzeFALVO (e1fc908b-71c2-4bf8-bb43-5a5feb715473)
2019-06-04 21:05:40.277 22705 RALLYDEBUG rally_openstack.cleanup.manager [-] Deleting neutron.network object s_rally_070a5df0_1wFdYA0P (e6937335-e792-4066-9146-0eb553cbc554)
2019-06-04 21:05:40.302 22705 RALLYDEBUG rally_openstack.cleanup.manager [-] Deleting neutron.network object s_rally_070a5df0_tpRk7stz (e7f4dc26-58f1-487e-ae8b-046ee6b00104)
2019-06-04 21:05:40.467 22705 RALLYDEBUG rally_openstack.cleanup.manager [-] Deleting neutron.network object s_rally_070a5df0_gcG4UnL0 (e9737890-487f-43f1-a9ab-dfdc91ce2a98)
2019-06-04 21:05:40.682 22705 RALLYDEBUG rally_openstack.cleanup.manager [-] Deleting neutron.network object s_rally_070a5df0_zsBM3wgv (ed57e965-f970-4d46-b169-49ef1a2b971f)
2019-06-04 21:05:40.843 22705 RALLYDEBUG rally_openstack.cleanup.manager [-] Deleting neutron.network object s_rally_070a5df0_ACUWyd7Y (f09abc0c-7c03-467f-8d54-704a8a2611b5)
2019-06-04 21:05:40.875 22705 RALLYDEBUG rally_openstack.cleanup.manager [-] Deleting neutron.network object s_rally_070a5df0_JzILpwQ9 (f1507cab-9989-4075-9732-01cb4fb284bc)
