2019-06-04 21:24:17.005 22705 RALLYDEBUG rally_openstack.cleanup.manager [-] Deleting neutron.port object s_rally_b17805ea_eKXSoiov (53a0346f-da0c-4581-977d-61d455e14c19)
2019-06-04 21:24:17.040 22705 RALLYDEBUG rally_openstack.cleanup.manager [-] Deleting neutron.port object s_rally_b17805ea_oyGfFFdn (56d24b3d-7099-4332-9638-cbeffb3b4ebc)
2019-06-04 21:24:17.180 22705 RALLYDEBUG rally_openstack.cleanup.manager [-] Deleting neutron.port object s_rally_b17805ea_FbZeD6vj (5b20389b-4eae-412a-bbb9-71a14c7858fb)
2019-06-04 21:24:17.256 22705 RALLYDEBUG rally_openstack.cleanup.manager [-] Deleting neutron.port object s_rally_b17805ea_Is2kNsrB (5ba9d15e-0ffa-4bed-b233-49224843202a)
2019-06-04 21:24:17.262 22705 RALLYDEBUG rally_openstack.cleanup.manager [-] Deleting neutron.port object s_rally_b17805ea_V02O0Bjm (5c3f01c5-6285-4d32-9954-2169b5b76cae)
2019-06-04 21:24:17.284 22705 RALLYDEBUG rally_openstack.cleanup.manager [-] Deleting neutron.port object s_rally_b17805ea_msCdfIOk (5c9e776c-8d96-42e0-a625-04891ee7cf4b)
2019-06-04 21:24:17.309 22705 RALLYDEBUG rally_openstack.cleanup.manager [-] Deleting neutron.port object s_rally_b17805ea_a4fR6EzK (5dad4522-0f49-44da-a615-6a9ff4247abd)
2019-06-04 21:24:17.408 22705 RALLYDEBUG rally_openstack.cleanup.manager [-] Deleting neutron.port object s_rally_b17805ea_JUg80fSZ (5edc7701-5bd8-4a62-9b5d-69674df013ef)
2019-06-04 21:24:17.466 22705 RALLYDEBUG rally_openstack.cleanup.manager [-] Deleting neutron.port object s_rally_b17805ea_PbizTgVD (628aedcf-20a2-4634-86b3-3f4d08109e5a)
2019-06-04 21:24:17.591 22705 RALLYDEBUG rally_openstack.cleanup.manager [-] Deleting neutron.port object s_rally_b17805ea_F4voZsbK (62f77c4e-a84e-4426-a411-69c1a6a68b64)
2019-06-04 21:24:17.629 22705 RALLYDEBUG rally_openstack.cleanup.manager [-] Deleting neutron.port object s_rally_b17805ea_rDHv32Ty (62fc86e3-dd98-4c8d-9cd9-16db27bbdb7b)
2019-06-04 21:24:18.156 22705 RALLYDEBUG rally_openstack.cleanup.manager [-] Deleting neutron.port object s_rally_b17805ea_2EFjiQSs (6382f3b2-5c38-4f4c-90de-48cf1ec6fbf7)
2019-06-04 21:24:18.954 22705 RALLYDEBUG rally_openstack.cleanup.manager [-] Deleting neutron.port object s_rally_b17805ea_Lto0UuHN (63847dea-02b5-4599-a58c-0360894eee97)
2019-06-04 21:24:18.961 22705 RALLYDEBUG rally_openstack.cleanup.manager [-] Deleting neutron.port object s_rally_b17805ea_LSqqvv2y (642a8091-fe2a-412c-9bdc-5465968ba54d)
2019-06-04 21:24:19.020 22705 RALLYDEBUG rally_openstack.cleanup.manager [-] Deleting neutron.port object s_rally_b17805ea_Ubop4ozu (651735b4-d247-4f74-8b2b-e00d543f43e8)
2019-06-04 21:24:19.092 22705 RALLYDEBUG rally_openstack.cleanup.manager [-] Deleting neutron.port object s_rally_b17805ea_p3q0PAgs (651c5130-c001-4e5d-a786-9884a67b6a68)
2019-06-04 21:24:19.128 22705 RALLYDEBUG rally_openstack.cleanup.manager [-] Deleting neutron.port object s_rally_b17805ea_gKaUP86m (6682849d-13c7-46df-93df-0c0e936c03b9)
2019-06-04 21:24:19.134 22705 RALLYDEBUG rally_openstack.cleanup.manager [-] Deleting neutron.port object s_rally_b17805ea_EKuxDIza (6ae33fed-5a9d-4ddb-a95e-4e44a2b749a4)
2019-06-04 21:24:19.271 22705 RALLYDEBUG rally_openstack.cleanup.manager [-] Deleting neutron.port object s_rally_b17805ea_eUPt7XY4 (6b3e864d-eeef-4249-b3e9-481afc294704)
2019-06-04 21:24:19.386 22705 RALLYDEBUG rally_openstack.cleanup.manager [-] Deleting neutron.port object s_rally_b17805ea_IiP1nVkw (6bff548f-79fc-417a-a641-8436aa56033d)
2019-06-04 21:24:19.510 22705 RALLYDEBUG rally_openstack.cleanup.manager [-] Deleting neutron.port object s_rally_b17805ea_FEk1qInT (6c360d60-a01c-49ad-ab2f-752db49f0717)
2019-06-04 21:24:19.610 22705 RALLYDEBUG rally_openstack.cleanup.manager [-] Deleting neutron.port object s_rally_b17805ea_ZNmljYXM (6fef52b6-8de4-4c96-a236-e684948b1f4d)
2019-06-04 21:24:19.617 22705 RALLYDEBUG rally_openstack.cleanup.manager [-] Deleting neutron.port object s_rally_b17805ea_NhbNrj19 (722c732b-105a-4342-ac26-57a6e745bbe7)
2019-06-04 21:24:19.624 22705 RALLYDEBUG rally_openstack.cleanup.manager [-] Deleting neutron.port object s_rally_b17805ea_xDKTKB3k (73f5279e-a303-4afa-bb41-96223757ea84)
2019-06-04 21:24:19.655 22705 RALLYDEBUG rally_openstack.cleanup.manager [-] Deleting neutron.port object s_rally_b17805ea_5lMpfkYo (76849232-4e7e-4761-9e56-ef17a2b97010)
2019-06-04 21:24:19.663 22705 RALLYDEBUG rally_openstack.cleanup.manager [-] Deleting neutron.port object s_rally_b17805ea_H7jzigcc (793bfa73-1f9f-4584-bac2-65ab857949e8)
2019-06-04 21:24:19.773 22705 RALLYDEBUG rally_openstack.cleanup.manager [-] Deleting neutron.port object s_rally_b17805ea_ChqSVOZd (7a07a631-01e6-4bff-a5d1-2a1836487342)
2019-06-04 21:24:19.794 22705 RALLYDEBUG rally_openstack.cleanup.manager [-] Deleting neutron.port object s_rally_b17805ea_lUYYwB9F (7a595481-23d4-442c-a5cb-d76e70f69cc5)
2019-06-04 21:24:19.887 22705 RALLYDEBUG rally_openstack.cleanup.manager [-] Deleting neutron.port object s_rally_b17805ea_v8HGTcgQ (7b70d14d-d565-42dd-ac2f-2dbbc3e95b4e)
2019-06-04 21:24:19.926 22705 RALLYDEBUG rally_openstack.cleanup.manager [-] Deleting neutron.port object s_rally_b17805ea_eakzWaza (7ce9a007-e00d-473d-866f-d6600e5ecb94)
2019-06-04 21:24:20.034 22705 RALLYDEBUG rally_openstack.cleanup.manager [-] Deleting neutron.port object s_rally_b17805ea_hgSJ9VHC (7dd3e416-e956-473c-a223-f28ad30548fa)
2019-06-04 21:24:20.276 22705 RALLYDEBUG rally_openstack.cleanup.manager [-] Deleting neutron.port object s_rally_b17805ea_SGSwkB6F (7e512d46-ac63-440b-ac45-7cd5a26a1251)
2019-06-04 21:24:21.231 22705 RALLYDEBUG rally_openstack.cleanup.manager [-] Deleting neutron.port object s_rally_b17805ea_3nqHSAwm (7e8398c5-9879-43a8-97a0-eaa97a0199db)
2019-06-04 21:24:21.361 22705 RALLYDEBUG rally_openstack.cleanup.manager [-] Deleting neutron.port object s_rally_b17805ea_vBU64LMt (7fdbccd4-1ec3-4af1-afcd-4e783529c00b)
2019-06-04 21:24:21.397 22705 RALLYDEBUG rally_openstack.cleanup.manager [-] Deleting neutron.port object s_rally_b17805ea_RXLV3Arl (8190b085-4174-4fed-9782-cecc12f003d0)
2019-06-04 21:24:21.542 22705 RALLYDEBUG rally_openstack.cleanup.manager [-] Deleting neutron.port object s_rally_b17805ea_y2G1lSKq (825f472a-213b-43cf-89f8-a90ef9f2e1a7)
2019-06-04 21:24:21.757 22705 RALLYDEBUG rally_openstack.cleanup.manager [-] Deleting neutron.port object s_rally_b17805ea_x1Gu1p0c (826a440f-b94d-4a9e-9c61-b4d838a46cb4)
2019-06-04 21:24:21.788 22705 RALLYDEBUG rally_openstack.cleanup.manager [-] Deleting neutron.port object s_rally_b17805ea_LaE0jBzm (85414bfb-0524-4c8a-8f15-8c9e440e295f)
2019-06-04 21:24:21.863 22705 RALLYDEBUG rally_openstack.cleanup.manager [-] Deleting neutron.port object s_rally_b17805ea_68mlU16q (8673ca3b-802a-47fa-a21d-f19be00c46f3)
2019-06-04 21:24:21.911 22705 RALLYDEBUG rally_openstack.cleanup.manager [-] Deleting neutron.port object s_rally_b17805ea_Kag3j9A8 (87a0d75c-1e91-498c-bbe1-c51f3463caef)
2019-06-04 21:24:21.948 22705 RALLYDEBUG rally_openstack.cleanup.manager [-] Deleting neutron.port object s_rally_b17805ea_Q8DTcROu (87b89fa8-6961-4169-82ac-8a4f80478b9e)
2019-06-04 21:24:22.031 22705 RALLYDEBUG rally_openstack.cleanup.manager [-] Deleting neutron.port object s_rally_b17805ea_PFJuA3Et (89cdea09-3148-4ff1-aec4-815f2accda1a)
2019-06-04 21:24:22.178 22705 RALLYDEBUG rally_openstack.cleanup.manager [-] Deleting neutron.port object s_rally_b17805ea_x6a8rCV9 (8c497d04-4a6a-4ef8-b3bc-86f12d19824f)
2019-06-04 21:24:22.216 22705 RALLYDEBUG rally_openstack.cleanup.manager [-] Deleting neutron.port object s_rally_b17805ea_utqxFNzB (8deabea6-6c1a-4376-b5c2-2298786c6770)
2019-06-04 21:24:22.264 22705 RALLYDEBUG rally_openstack.cleanup.manager [-] Deleting neutron.port object s_rally_b17805ea_NLZaYR06 (8e4d05fc-b54e-4cf4-b7ba-e2e921953b47)
2019-06-04 21:24:22.295 22705 RALLYDEBUG rally_openstack.cleanup.manager [-] Deleting neutron.port object s_rally_b17805ea_PztCZem1 (8f00f4f2-c07c-424c-99f2-5b7aac2948f0)
2019-06-04 21:24:22.385 22705 RALLYDEBUG rally_openstack.cleanup.manager [-] Deleting neutron.port object s_rally_b17805ea_yhdP5F2Q (8fd3c857-6064-4eb6-8215-b183482332c4)
2019-06-04 21:24:22.436 22705 RALLYDEBUG rally_openstack.cleanup.manager [-] Deleting neutron.port object s_rally_b17805ea_nr1lYKB3 (9409a0c8-0185-4d8c-994c-be92a09bd610)
2019-06-04 21:24:22.492 22705 RALLYDEBUG rally_openstack.cleanup.manager [-] Deleting neutron.port object s_rally_b17805ea_lfb8Y2eS (960510a2-becc-4a73-9763-fee365e10717)
2019-06-04 21:24:22.524 22705 RALLYDEBUG rally_openstack.cleanup.manager [-] Deleting neutron.port object s_rally_b17805ea_JIVfMaRq (96203f98-7f0f-488d-bb00-e27596639152)
2019-06-04 21:24:22.779 22705 RALLYDEBUG rally_openstack.cleanup.manager [-] Deleting neutron.port object s_rally_b17805ea_pceNUoAW (96eb2de6-c949-47db-8bb0-9c87fb7ddae6)
2019-06-04 21:24:22.881 22705 RALLYDEBUG rally_openstack.cleanup.manager [-] Deleting neutron.port object s_rally_b17805ea_BiOnjXSm (97010910-1242-4b13-aa2c-2c749e00127b)
2019-06-04 21:24:23.441 22705 RALLYDEBUG rally_openstack.cleanup.manager [-] Deleting neutron.port object s_rally_b17805ea_pC0C5cof (97d7a173-94e2-4774-a582-5adafb66700e)
2019-06-04 21:24:23.551 22705 RALLYDEBUG rally_openstack.cleanup.manager [-] Deleting neutron.port object s_rally_b17805ea_Xuk7AJPn (9bd3d1c4-60c8-47b1-a961-7111accddc5b)
2019-06-04 21:24:23.565 22705 RALLYDEBUG rally_openstack.cleanup.manager [-] Deleting neutron.port object s_rally_b17805ea_84CVbpj6 (9e434ac3-12c6-40d7-a01e-bccffa843355)
2019-06-04 21:24:23.653 22705 RALLYDEBUG rally_openstack.cleanup.manager [-] Deleting neutron.port object s_rally_b17805ea_GtWq6xLn (9ef66866-0a8d-48b4-9b25-edde2f3689dd)
2019-06-04 21:24:24.136 22705 RALLYDEBUG rally_openstack.cleanup.manager [-] Deleting neutron.port object s_rally_b17805ea_4Im7X1R1 (9fa84ffc-dddb-4e6c-8a18-267a79525530)
2019-06-04 21:24:24.278 22705 RALLYDEBUG rally_openstack.cleanup.manager [-] Deleting neutron.port object s_rally_b17805ea_6c1cqI2g (a01117ba-2fc1-4809-8549-724f1a9ba08a)
2019-06-04 21:24:24.393 22705 RALLYDEBUG rally_openstack.cleanup.manager [-] Deleting neutron.port object s_rally_b17805ea_XfoJKr13 (a1ca2e2a-55b7-485b-b4f1-7cb84aaa2484)
2019-06-04 21:24:24.432 22705 RALLYDEBUG rally_openstack.cleanup.manager [-] Deleting neutron.port object s_rally_b17805ea_kYKWC4RF (a254bdb4-d1a9-4cd1-813b-b7997cdd2854)
2019-06-04 21:24:24.512 22705 RALLYDEBUG rally_openstack.cleanup.manager [-] Deleting neutron.port object s_rally_b17805ea_j2LAAR5L (a38b5eac-582c-49db-a136-62898915fd09)
2019-06-04 21:24:24.677 22705 RALLYDEBUG rally_openstack.cleanup.manager [-] Deleting neutron.port object s_rally_b17805ea_egepdd4T (a5362fba-2e51-4b12-b377-e4b8d7287ea6)
2019-06-04 21:24:24.793 22705 RALLYDEBUG rally_openstack.cleanup.manager [-] Deleting neutron.port object s_rally_b17805ea_3eTLZLwv (a5fe80b6-2dcf-4414-844c-8e9e2065581c)
2019-06-04 21:24:24.828 22705 RALLYDEBUG rally_openstack.cleanup.manager [-] Deleting neutron.port object s_rally_b17805ea_WL2QLvdr (a896ae04-39ac-4965-b45f-ee6663b8c807)
2019-06-04 21:24:24.835 22705 RALLYDEBUG rally_openstack.cleanup.manager [-] Deleting neutron.port object s_rally_b17805ea_ZxNCclZe (a916ed85-40e7-4e88-bf32-cb89031818ca)
2019-06-04 21:24:24.914 22705 RALLYDEBUG rally_openstack.cleanup.manager [-] Deleting neutron.port object s_rally_b17805ea_tVFytuoe (aa1b45d6-7ddd-4f62-87c7-964d50b9f5fd)
2019-06-04 21:24:24.961 22705 RALLYDEBUG rally_openstack.cleanup.manager [-] Deleting neutron.port object s_rally_b17805ea_pq7pMnlK (ac68deee-612d-4cbd-9a1d-1b892d07446f)
2019-06-04 21:24:25.043 22705 RALLYDEBUG rally_openstack.cleanup.manager [-] Deleting neutron.port object s_rally_b17805ea_Gp2uwWKU (af3c1efa-d7b0-45db-b9c9-37bb7be0473a)
2019-06-04 21:24:25.053 22705 RALLYDEBUG rally_openstack.cleanup.manager [-] Deleting neutron.port object s_rally_b17805ea_Ztxs2BAd (b1485e10-b3b6-4d1d-845a-d4c2be8b4202)
2019-06-04 21:24:25.127 22705 RALLYDEBUG rally_openstack.cleanup.manager [-] Deleting neutron.port object s_rally_b17805ea_C5pLXMa8 (b25beaa0-0a44-4c87-85f4-29442a331ad5)
2019-06-04 21:24:25.164 22705 RALLYDEBUG rally_openstack.cleanup.manager [-] Deleting neutron.port object s_rally_b17805ea_WssTBoXR (b347d809-fbb3-4410-8041-93b938092570)
2019-06-04 21:24:25.342 22705 RALLYDEBUG rally_openstack.cleanup.manager [-] Deleting neutron.port object s_rally_b17805ea_cnYY6IGw (b46408b5-dd6a-4cb7-a6a4-2da9c91a1af0)
2019-06-04 21:24:25.635 22705 RALLYDEBUG rally_openstack.cleanup.manager [-] Deleting neutron.port object s_rally_b17805ea_KdsiKjpG (b68289d7-9f27-4b01-ab4d-f8a85a5e57a6)
2019-06-04 21:24:25.888 22705 RALLYDEBUG rally_openstack.cleanup.manager [-] Deleting neutron.port object s_rally_b17805ea_Gnc0JNei (b75132b8-83f4-4d77-ab2e-7a7d11d99121)
2019-06-04 21:24:26.050 22705 RALLYDEBUG rally_openstack.cleanup.manager [-] Deleting neutron.port object s_rally_b17805ea_FIMVHHGg (b7c56c37-cb3d-4dae-915f-fdf4dc50d980)
2019-06-04 21:24:26.059 22705 RALLYDEBUG rally_openstack.cleanup.manager [-] Deleting neutron.port object s_rally_b17805ea_o87uj40e (bce11633-e988-4801-bf1c-4eb980db3e0a)
2019-06-04 21:24:26.253 22705 RALLYDEBUG rally_openstack.cleanup.manager [-] Deleting neutron.port object s_rally_b17805ea_o91occCu (bebd7521-efe7-4fd5-ba50-fd5bb43398ef)
2019-06-04 21:24:26.647 22705 RALLYDEBUG rally_openstack.cleanup.manager [-] Deleting neutron.port object s_rally_b17805ea_s8ZqjC2y (bec0882f-28e4-4e80-b07d-2c22b5cba83f)
2019-06-04 21:24:26.741 22705 RALLYDEBUG rally_openstack.cleanup.manager [-] Deleting neutron.port object s_rally_b17805ea_1z3oJW5X (becd8881-0508-4305-94aa-e8de0138c416)
2019-06-04 21:24:26.765 22705 RALLYDEBUG rally_openstack.cleanup.manager [-] Deleting neutron.port object s_rally_b17805ea_bbCV4FUn (bf004636-3c40-49f2-80be-fbbdf08bc5ac)
2019-06-04 21:24:27.169 22705 RALLYDEBUG rally_openstack.cleanup.manager [-] Deleting neutron.port object s_rally_b17805ea_IHdTD8z8 (bfdb356f-c195-4161-baad-8bcd9d8f7f3f)
2019-06-04 21:24:27.282 22705 RALLYDEBUG rally_openstack.cleanup.manager [-] Deleting neutron.port object s_rally_b17805ea_J9t0uRCC (c1f4839c-b4cf-4c6a-af27-827f433206be)
2019-06-04 21:24:27.332 22705 RALLYDEBUG rally_openstack.cleanup.manager [-] Deleting neutron.port object s_rally_b17805ea_XmQK8voG (c5098e35-f261-4b10-b7e2-ad6108efa88a)
2019-06-04 21:24:27.374 22705 RALLYDEBUG rally_openstack.cleanup.manager [-] Deleting neutron.port object s_rally_b17805ea_SpxPgCBP (cbfb20ee-d189-4cff-8c65-d26cdcc20566)
2019-06-04 21:24:27.445 22705 RALLYDEBUG rally_openstack.cleanup.manager [-] Deleting neutron.port object s_rally_b17805ea_cJ5G0MXY (cf071f4f-ac1f-4940-8768-112035272841)
2019-06-04 21:24:27.531 22705 RALLYDEBUG rally_openstack.cleanup.manager [-] Deleting neutron.port object s_rally_b17805ea_18Dq0Oma (cf205cfa-98f5-4730-8add-9fbf2053a548)
2019-06-04 21:24:27.569 22705 RALLYDEBUG rally_openstack.cleanup.manager [-] Deleting neutron.port object s_rally_b17805ea_CJ8O2gwd (cf52d67a-5404-4aae-9243-f525f1b61881)
2019-06-04 21:24:27.642 22705 RALLYDEBUG rally_openstack.cleanup.manager [-] Deleting neutron.port object s_rally_b17805ea_fRDAUfXV (cfc886e1-ecf8-42b3-aaf5-9113db6b455a)
2019-06-04 21:24:27.684 22705 RALLYDEBUG rally_openstack.cleanup.manager [-] Deleting neutron.port object s_rally_b17805ea_rhU24hQE (d11a5d70-6cde-488e-90be-349666f99625)
2019-06-04 21:24:27.690 22705 RALLYDEBUG rally_openstack.cleanup.manager [-] Deleting neutron.port object s_rally_b17805ea_Si3oCYDQ (d174dae7-9afa-41e2-abbe-135b477f1f78)
2019-06-04 21:24:27.753 22705 RALLYDEBUG rally_openstack.cleanup.manager [-] Deleting neutron.port object s_rally_b17805ea_Pn0ruIqV (d2007a53-1dc6-4252-8b92-96e2a8ac8838)
2019-06-04 21:24:27.774 22705 RALLYDEBUG rally_openstack.cleanup.manager [-] Deleting neutron.port object s_rally_b17805ea_2QJWQ6Ix (d3c8653b-9e99-4eed-bd0a-d83e39546915)
2019-06-04 21:24:27.911 22705 RALLYDEBUG rally_openstack.cleanup.manager [-] Deleting neutron.port object s_rally_b17805ea_zfstIuYB (d483c048-e993-4a39-ae54-49358337bd45)
2019-06-04 21:24:28.236 22705 RALLYDEBUG rally_openstack.cleanup.manager [-] Deleting neutron.port object s_rally_b17805ea_xDi6nDu7 (d59be5b7-daf5-4e1d-88d3-11c7c6226209)
2019-06-04 21:24:28.361 22705 RALLYDEBUG rally_openstack.cleanup.manager [-] Deleting neutron.port object s_rally_b17805ea_9ZbQkcZ4 (d828c596-4ce3-4fe9-ab91-dbe14885bd9f)
2019-06-04 21:24:28.484 22705 RALLYDEBUG rally_openstack.cleanup.manager [-] Deleting neutron.port object s_rally_b17805ea_ize0MMnf (daec6bfc-86fb-4dc0-9695-36b14d48b289)
2019-06-04 21:24:28.639 22705 RALLYDEBUG rally_openstack.cleanup.manager [-] Deleting neutron.port object s_rally_b17805ea_Vw0rqPez (dc55e6f7-a6d5-493a-8829-df9f54d72eba)
2019-06-04 21:24:28.851 22705 RALLYDEBUG rally_openstack.cleanup.manager [-] Deleting neutron.port object s_rally_b17805ea_2nIyJ6cY (dcd47d6c-5bf9-425d-a2ed-82cc825776bf)
2019-06-04 21:24:29.121 22705 RALLYDEBUG rally_openstack.cleanup.manager [-] Deleting neutron.port object s_rally_b17805ea_J6otz3kf (dd3e7dc2-17fb-48ee-9944-9823694a0402)
2019-06-04 21:24:29.214 22705 RALLYDEBUG rally_openstack.cleanup.manager [-] Deleting neutron.port object s_rally_b17805ea_yaP43J0t (ddf62d53-0a97-4581-8cc9-cce3b9e0336b)
2019-06-04 21:24:29.579 22705 RALLYDEBUG rally_openstack.cleanup.manager [-] Deleting neutron.port object s_rally_b17805ea_IwI2IEcL (e0849ad3-2a93-47b0-b177-def2619e3297)
2019-06-04 21:24:29.651 22705 RALLYDEBUG rally_openstack.cleanup.manager [-] Deleting neutron.port object s_rally_b17805ea_w5xcFWlr (e0ee68b4-e45b-47e5-b4fe-905865217d5a)
2019-06-04 21:24:29.732 22705 RALLYDEBUG rally_openstack.cleanup.manager [-] Deleting neutron.port object s_rally_b17805ea_1zSGaUx7 (e398c676-a65c-4226-810a-84c49c77ca0b)
2019-06-04 21:24:29.908 22705 RALLYDEBUG rally_openstack.cleanup.manager [-] Deleting neutron.port object s_rally_b17805ea_QHNl7iv7 (e3c95a7f-6d12-48ad-bf4a-58827004c322)
2019-06-04 21:24:29.954 22705 RALLYDEBUG rally_openstack.cleanup.manager [-] Deleting neutron.port object s_rally_b17805ea_KUKtsAK4 (e3feb915-6cfe-416c-bd58-c9457921ad78)
2019-06-04 21:24:29.990 22705 RALLYDEBUG rally_openstack.cleanup.manager [-] Deleting neutron.port object s_rally_b17805ea_9vMbHykK (e43e97b6-30b0-4fcb-9c7a-3c8736822c90)
2019-06-04 21:24:30.074 22705 RALLYDEBUG rally_openstack.cleanup.manager [-] Deleting neutron.port object s_rally_b17805ea_2Dpfl4SB (e62ca07d-5eaf-425e-ac5e-dcd8fbf69a71)
2019-06-04 21:24:30.099 22705 RALLYDEBUG rally_openstack.cleanup.manager [-] Deleting neutron.port object s_rally_b17805ea_npW7SLZm (e644840a-23b8-4850-be18-b3984e49fed0)
2019-06-04 21:24:30.130 22705 RALLYDEBUG rally_openstack.cleanup.manager [-] Deleting neutron.port object s_rally_b17805ea_rQQTEGLF (e7ae7910-02b1-4fcd-bc8b-aec1c30fe56d)
2019-06-04 21:24:30.177 22705 RALLYDEBUG rally_openstack.cleanup.manager [-] Deleting neutron.port object s_rally_b17805ea_dQ6vl4y3 (ea987c20-3c1d-4e8f-942a-048a84720b3c)
2019-06-04 21:24:30.189 22705 RALLYDEBUG rally_openstack.cleanup.manager [-] Deleting neutron.port object s_rally_b17805ea_RxBpDURW (eb759ee9-24ea-44fd-8cea-f82e8201e0aa)
2019-06-04 21:24:30.515 22705 RALLYDEBUG rally_openstack.cleanup.manager [-] Deleting neutron.port object s_rally_b17805ea_ObebCeIm (ed5711a6-76c5-46cf-b73b-6c82fada98cc)
2019-06-04 21:24:30.529 22705 RALLYDEBUG rally_openstack.cleanup.manager [-] Deleting neutron.port object s_rally_b17805ea_iiaKnAJd (ef2efcbf-1c7a-43a6-9b26-dde604a4a199)
2019-06-04 21:24:30.536 22705 RALLYDEBUG rally_openstack.cleanup.manager [-] Deleting neutron.port object s_rally_b17805ea_7PKtxJrH (f12295d7-5305-4263-8292-3b0bcb6673f2)
2019-06-04 21:24:30.612 22705 RALLYDEBUG rally_openstack.cleanup.manager [-] Deleting neutron.port object s_rally_b17805ea_DzhxqBn7 (f182d807-4e35-4900-85fd-520656c70d35)
2019-06-04 21:24:30.913 22705 RALLYDEBUG rally_openstack.cleanup.manager [-] Deleting neutron.port object s_rally_b17805ea_RXBY9j0d (f1e411e9-d76d-4f5d-9c66-841a6d8c7859)
2019-06-04 21:24:31.004 22705 RALLYDEBUG rally_openstack.cleanup.manager [-] Deleting neutron.port object s_rally_b17805ea_POSnt2E7 (f246a3cb-1588-4456-bb02-308cda46d997)
2019-06-04 21:24:31.048 22705 RALLYDEBUG rally_openstack.cleanup.manager [-] Deleting neutron.port object s_rally_b17805ea_qNcLbR2I (f2761971-d853-485f-b78c-7a3d082ee011)
2019-06-04 21:24:31.269 22705 RALLYDEBUG rally_openstack.cleanup.manager [-] Deleting neutron.port object s_rally_b17805ea_hj8In673 (f2b87fbd-f32a-4ecf-9171-01b70abbeb43)
2019-06-04 21:24:31.480 22705 RALLYDEBUG rally_openstack.cleanup.manager [-] Deleting neutron.port object s_rally_b17805ea_4Dm9Rd3Y (f474f425-3ca4-45ae-b8e3-7bac06e6c753)
2019-06-04 21:24:31.934 22705 RALLYDEBUG rally_openstack.cleanup.manager [-] Deleting neutron.port object s_rally_b17805ea_9lEn29QX (f4d6cdf0-5d43-45f6-b523-bb168b4e8ec1)
2019-06-04 21:24:31.942 22705 RALLYDEBUG rally_openstack.cleanup.manager [-] Deleting neutron.port object s_rally_b17805ea_rUNHijMS (f552baba-dae8-4951-ab53-b30cdf16546c)
2019-06-04 21:24:31.944 22705 RALLYDEBUG rally_openstack.cleanup.manager [-] Deleting neutron.port object s_rally_b17805ea_oHNtZuyF (f5bffc1d-4a77-411d-86e0-fcd2cf0d7c5b)
2019-06-04 21:24:32.191 22705 RALLYDEBUG rally_openstack.cleanup.manager [-] Deleting neutron.port object s_rally_b17805ea_OKmWx4Cd (f6d16ab2-3e73-4f5f-81cf-2c49f1a7996b)
2019-06-04 21:24:32.355 22705 RALLYDEBUG rally_openstack.cleanup.manager [-] Deleting neutron.port object s_rally_b17805ea_pu3ItLcj (f81c4059-320d-4bc9-b18f-ee354e284018)
2019-06-04 21:24:32.446 22705 RALLYDEBUG rally_openstack.cleanup.manager [-] Deleting neutron.port object s_rally_b17805ea_1xIr61Zi (f909b19a-493e-4b04-9959-27030bc2321b)
2019-06-04 21:24:32.534 22705 RALLYDEBUG rally_openstack.cleanup.manager [-] Deleting neutron.port object s_rally_b17805ea_4qsaKnPy (fab51628-4f0a-4f22-a850-32c9b43f12c6)
2019-06-04 21:24:32.668 22705 RALLYDEBUG rally_openstack.cleanup.manager [-] Deleting neutron.port object s_rally_b17805ea_TClgZl2v (fae9899a-e117-492e-8abe-374044a5231d)
2019-06-04 21:24:32.791 22705 RALLYDEBUG rally_openstack.cleanup.manager [-] Deleting neutron.port object s_rally_b17805ea_uuLZVrAU (fb1497c1-d841-4e83-abc1-5c9c91a9957e)
2019-06-04 21:24:32.827 22705 RALLYDEBUG rally_openstack.cleanup.manager [-] Deleting neutron.port object s_rally_b17805ea_yK3NQBCk (ff5d74bd-dde2-49e0-b7b0-44152eee1e3b)
2019-06-04 21:24:32.859 22705 RALLYDEBUG rally_openstack.cleanup.manager [-] Deleting neutron.port object s_rally_b17805ea_SGuCCcpg (fff9c7b1-0c31-4a4f-b58f-cd9d5fb9264f)
2019-06-04 21:24:35.400 22705 RALLYDEBUG rally_openstack.cleanup.manager [-] Cleaning up neutron subnet objects
2019-06-04 21:24:36.075 22705 RALLYDEBUG rally_openstack.cleanup.manager [-] Cleaning up neutron network objects
2019-06-04 21:24:36.968 22705 RALLYDEBUG rally_openstack.cleanup.manager [-] Deleting neutron.network object s_rally_b17805ea_1d6avXmw (031c738c-7f60-4771-896e-c6746beb5655)
2019-06-04 21:24:36.975 22705 RALLYDEBUG rally_openstack.cleanup.manager [-] Deleting neutron.network object s_rally_b17805ea_eVaDaa8N (057851ec-916b-4fdc-bbbf-68c649520211)
2019-06-04 21:24:36.980 22705 RALLYDEBUG rally_openstack.cleanup.manager [-] Deleting neutron.network object s_rally_b17805ea_Dngc5WXU (1594e155-3f05-4637-8f58-c01d96bb1715)
2019-06-04 21:24:36.995 22705 RALLYDEBUG rally_openstack.cleanup.manager [-] Deleting neutron.network object s_rally_b17805ea_sAgPqv6k (162b0ab7-97db-46d9-96f2-0677e366c65b)
2019-06-04 21:24:36.995 22705 RALLYDEBUG rally_openstack.cleanup.manager [-] Deleting neutron.network object s_rally_b17805ea_yPZH1twH (08f25139-8a88-4b10-b57f-b64a41604ef2)
2019-06-04 21:24:37.014 22705 RALLYDEBUG rally_openstack.cleanup.manager [-] Deleting neutron.network object s_rally_b17805ea_HwYTfMcZ (1d6d5076-f209-4d9f-8341-3eea83433ebc)
2019-06-04 21:24:37.023 22705 RALLYDEBUG rally_openstack.cleanup.manager [-] Deleting neutron.network object s_rally_b17805ea_95Axzkpc (1f450568-ca3a-4902-9d3a-b2f14a0fc8c9)
2019-06-04 21:24:37.033 22705 RALLYDEBUG rally_openstack.cleanup.manager [-] Deleting neutron.network object s_rally_b17805ea_B5IdgB7T (1907adb7-76c0-4fe2-aa5e-eda9779a7b6a)
2019-06-04 21:24:37.043 22705 RALLYDEBUG rally_openstack.cleanup.manager [-] Deleting neutron.network object s_rally_b17805ea_KJYPOGKl (29e61920-0eba-4d9d-bd37-30b2a271f0f7)
2019-06-04 21:24:37.057 22705 RALLYDEBUG rally_openstack.cleanup.manager [-] Deleting neutron.network object s_rally_b17805ea_K3Z9p6Ur (2553047e-7952-406d-8725-0490232963b0)
2019-06-04 21:24:37.068 22705 RALLYDEBUG rally_openstack.cleanup.manager [-] Deleting neutron.network object s_rally_b17805ea_puQlmtWO (2e0c6ca4-0acb-4800-851c-0e02b72f81cb)
2019-06-04 21:24:37.078 22705 RALLYDEBUG rally_openstack.cleanup.manager [-] Deleting neutron.network object s_rally_b17805ea_S2MEb4zy (2be4bd7d-5bb7-42ba-a548-14a02e847e99)
2019-06-04 21:24:37.093 22705 RALLYDEBUG rally_openstack.cleanup.manager [-] Deleting neutron.network object s_rally_b17805ea_8gPps8iB (34dad12f-d40b-45a6-a11e-5bceab8e8e53)
2019-06-04 21:24:37.104 22705 RALLYDEBUG rally_openstack.cleanup.manager [-] Deleting neutron.network object s_rally_b17805ea_qNZxPgfx (5638118a-d5ce-4274-8f7d-34773a5b75f3)
2019-06-04 21:24:37.112 22705 RALLYDEBUG rally_openstack.cleanup.manager [-] Deleting neutron.network object s_rally_b17805ea_TNyumxR9 (61e72884-74fd-4bd0-9279-7d83305aa4b0)
2019-06-04 21:24:37.118 22705 RALLYDEBUG rally_openstack.cleanup.manager [-] Deleting neutron.network object s_rally_b17805ea_itx2sbWW (59c25702-d3d8-4637-aaa0-c011cd6e6455)
2019-06-04 21:24:37.125 22705 RALLYDEBUG rally_openstack.cleanup.manager [-] Deleting neutron.network object s_rally_b17805ea_yFEiQcAM (676b841a-02f1-40d5-9048-7eeaeebe66e7)
2019-06-04 21:24:37.130 22705 RALLYDEBUG rally_openstack.cleanup.manager [-] Deleting neutron.network object s_rally_b17805ea_H5555TWK (5a6ae782-3238-4d0a-8e08-a95c9bd5aa4d)
2019-06-04 21:24:37.144 22705 RALLYDEBUG rally_openstack.cleanup.manager [-] Deleting neutron.network object s_rally_b17805ea_fmjFXUlu (6d2e5625-744f-4b3f-83d8-989e33c95630)
2019-06-04 21:24:37.145 22705 RALLYDEBUG rally_openstack.cleanup.manager [-] Deleting neutron.network object s_rally_b17805ea_HKjoIKOf (6bd41f41-577d-495e-9d06-13338e7a8c97)
2019-06-04 21:24:39.653 22705 RALLYDEBUG rally_openstack.cleanup.manager [-] Deleting neutron.network object s_rally_b17805ea_a07apngv (6db09e2f-deea-465c-a9e7-a3c9aed19fbe)
2019-06-04 21:24:39.723 22705 RALLYDEBUG rally_openstack.cleanup.manager [-] Deleting neutron.network object s_rally_b17805ea_Y77KoflP (774b3d3b-bd37-4fdc-9089-d3b598d62925)
2019-06-04 21:24:39.825 22705 RALLYDEBUG rally_openstack.cleanup.manager [-] Deleting neutron.network object s_rally_b17805ea_baCiI8WF (7aff3846-e19c-40e7-b08f-c97ef069e358)
2019-06-04 21:24:39.835 22705 RALLYDEBUG rally_openstack.cleanup.manager [-] Deleting neutron.network object s_rally_b17805ea_ydJiBNXF (812e4773-2ec4-4b49-adb0-7d8d25df988e)
2019-06-04 21:24:39.864 22705 RALLYDEBUG rally_openstack.cleanup.manager [-] Deleting neutron.network object s_rally_b17805ea_iO2kUh1s (84e5c918-04ed-4858-ad5f-37c0ccf8d6b6)
2019-06-04 21:24:40.027 22705 RALLYDEBUG rally_openstack.cleanup.manager [-] Deleting neutron.network object s_rally_b17805ea_enAziqOT (921acb03-bff2-4b58-b322-de4b66205a6b)
2019-06-04 21:24:40.039 22705 RALLYDEBUG rally_openstack.cleanup.manager [-] Deleting neutron.network object s_rally_b17805ea_WVF6Q5mG (99df8e8c-954c-4da6-9578-a589a381f0f1)
2019-06-04 21:24:40.097 22705 RALLYDEBUG rally_openstack.cleanup.manager [-] Deleting neutron.network object s_rally_b17805ea_ymt4G9jd (af45e992-11cb-4d95-8455-5577dfa4daf2)
2019-06-04 21:24:40.125 22705 RALLYDEBUG rally_openstack.cleanup.manager [-] Deleting neutron.network object s_rally_b17805ea_g3s8g7dZ (bd140161-848a-42b2-8a1a-04dd0fc0b121)
2019-06-04 21:24:40.132 22705 RALLYDEBUG rally_openstack.cleanup.manager [-] Deleting neutron.network object s_rally_b17805ea_cbYBh5Ss (be0adbc1-fa1c-4bdb-b066-1b2b85128df6)
2019-06-04 21:24:40.300 22705 RALLYDEBUG rally_openstack.cleanup.manager [-] Deleting neutron.network object s_rally_b17805ea_piTQnkrt (c58c80c6-70b0-4b20-b249-74cbee17b8fd)
2019-06-04 21:24:40.321 22705 RALLYDEBUG rally_openstack.cleanup.manager [-] Deleting neutron.network object s_rally_b17805ea_H360Py61 (c61b44df-e5d8-4fd9-86e8-62be07dbaabc)
2019-06-04 21:24:40.654 22705 RALLYDEBUG rally_openstack.cleanup.manager [-] Deleting neutron.network object s_rally_b17805ea_aFtXziQY (d2d218b6-e181-44f5-a2ce-c50628876d6d)
2019-06-04 21:24:41.265 22705 RALLYDEBUG rally_openstack.cleanup.manager [-] Deleting neutron.network object s_rally_b17805ea_Wc6Ipjto (d36e1801-5a1a-4e88-b2a7-d4bd185c2d7e)
2019-06-04 21:24:41.272 22705 RALLYDEBUG rally_openstack.cleanup.manager [-] Deleting neutron.network object s_rally_b17805ea_bV048Lqp (db1fac28-fc62-4507-9206-506b90d492a6)
2019-06-04 21:24:41.410 22705 RALLYDEBUG rally_openstack.cleanup.manager [-] Deleting neutron.network object s_rally_b17805ea_TLvH61KI (e7de7d53-ea65-4a6d-ab56-0e371a2b760c)
2019-06-04 21:24:41.781 22705 RALLYDEBUG rally_openstack.cleanup.manager [-] Deleting neutron.network object s_rally_b17805ea_ldaQeb5f (ed922f8f-4c75-4083-aaa0-1801fc367925)
2019-06-04 21:24:41.846 22705 RALLYDEBUG rally_openstack.cleanup.manager [-] Deleting neutron.network object s_rally_b17805ea_WOpdAMJa (f521d2a9-569d-4c49-b563-f1049bd2f1a4)
2019-06-04 21:24:41.877 22705 RALLYDEBUG rally_openstack.cleanup.manager [-] Deleting neutron.network object s_rally_b17805ea_ITyMJD9C (f5770c8c-2c83-4a11-8e44-655bada0ea46)
2019-06-04 21:24:42.135 22705 RALLYDEBUG rally_openstack.cleanup.manager [-] Deleting neutron.network object s_rally_b17805ea_eB3biWye (fc3e4991-5f0b-46e9-95ca-8423ab9c2793)
2019-06-04 21:24:44.563 22705 RALLYDEBUG rally_openstack.cleanup.manager [-] Cleaning up neutron router objects
2019-06-04 21:24:45.272 22705 RALLYDEBUG rally_openstack.cleanup.manager [-] Cleaning up neutron security_group objects
2019-06-04 21:24:45.978 22705 INFO rally.task.context [-] Task d10742e5-6a27-41be-b9b8-ea7d58457a2e | Context cleanup@openstack cleanup() finished in 42.25 sec
2019-06-04 21:24:45.978 22705 INFO rally.task.context [-] Task d10742e5-6a27-41be-b9b8-ea7d58457a2e | Context quotas@openstack cleanup() started
2019-06-04 21:24:46.316 22705 INFO rally.task.context [-] Task d10742e5-6a27-41be-b9b8-ea7d58457a2e | Context quotas@openstack cleanup() finished in 0.34 sec
2019-06-04 21:24:46.316 22705 INFO rally.task.context [-] Task d10742e5-6a27-41be-b9b8-ea7d58457a2e | Context users@openstack cleanup() started
2019-06-04 21:24:51.437 22705 INFO rally.task.context [-] Task d10742e5-6a27-41be-b9b8-ea7d58457a2e | Context users@openstack cleanup() finished in 5.12 sec
2019-06-04 21:24:52.728 22705 INFO rally.task.engine [-] Load duration is: 31.654195
2019-06-04 21:24:52.729 22705 INFO rally.task.engine [-] Full runner duration is: 31.705592
2019-06-04 21:24:52.729 22705 INFO rally.task.engine [-] Full duration is: 85.058239
2019-06-04 21:24:53.083 22705 INFO rally.task.engine [-] Running workload: position = 2 config = { "version": 2, "title": "A cropped version of a bigger task.", "description": "Auto-generated task from a single workload (uuid=688ae6da-4455-4dee-8e67-829cd273fccb)", "subtasks": [ { "title": "NeutronNetworks.create_and_delete_ports", "description": "Create and delete a port.", "scenario": { "NeutronNetworks.create_and_delete_ports": { "network_create_args": {}, "port_create_args": {}, "ports_per_network": 5 } }, "contexts": { "users": { "tenants": 1, "users_per_tenant": 1 }, "quotas": { "neutron": { "network": -1, "port": -1 } } }, "runner": { "constant": { "times": 40, "concurrency": 20 } }, "hooks": [], "sla": { "failure_rate": { "max": 0 } } } ] }
2019-06-04 21:24:53.107 22705 RALLYDEBUG rally_openstack.contexts.keystone.users [-] Creating 1 tenants using 20 threads
2019-06-04 21:24:56.006 22705 RALLYDEBUG rally_openstack.contexts.keystone.users [-] Creating 1 users using 20 threads
2019-06-04 21:24:58.808 22705 INFO rally.task.context [-] Task d10742e5-6a27-41be-b9b8-ea7d58457a2e | Context users@openstack setup() finished in 5.70 sec
2019-06-04 21:24:59.629 22705 INFO rally.task.context [-] Task d10742e5-6a27-41be-b9b8-ea7d58457a2e | Context quotas@openstack setup() finished in 0.82 sec
2019-06-04 21:24:59.630 22705 INFO rally.task.context [-] Task d10742e5-6a27-41be-b9b8-ea7d58457a2e | Context cleanup@openstack setup() finished in 0.01 msec
2019-06-04 21:24:59.637 22705 RALLYDEBUG rally.task.runner [-] Starting the constant runner (task UUID: d10742e5-6a27-41be-b9b8-ea7d58457a2e). timeout: 0 concurrency: 20 concurrency_per_worker: 1 times: 40 concurrency_overhead: 4 processes_to_start: 16 max_cpu_used: 16
2019-06-04 21:24:59.651 26951 RALLYDEBUG rally.task.runner [-] Starting a worker. concurrency: 2 args: {"network_create_args": {}, "port_create_args": {}, "ports_per_network": 5} times: 40 method_name: run timeout: 0 duration: None cls:
2019-06-04 21:24:59.654 26952 RALLYDEBUG rally.task.runner [-] Starting a worker. concurrency: 2 args: {"network_create_args": {}, "port_create_args": {}, "ports_per_network": 5} times: 40 method_name: run timeout: 0 duration: None cls:
2019-06-04 21:24:59.657 26953 RALLYDEBUG rally.task.runner [-] Starting a worker. concurrency: 2 args: {"network_create_args": {}, "port_create_args": {}, "ports_per_network": 5} times: 40 method_name: run timeout: 0 duration: None cls:
2019-06-04 21:24:59.659 26954 RALLYDEBUG rally.task.runner [-] Starting a worker. concurrency: 2 args: {"network_create_args": {}, "port_create_args": {}, "ports_per_network": 5} times: 40 method_name: run timeout: 0 duration: None cls:
2019-06-04 21:24:59.662 26951 INFO rally.task.runner [-] Task d10742e5-6a27-41be-b9b8-ea7d58457a2e | ITER: 1 START
2019-06-04 21:24:59.663 26951 WARNING rally_openstack.scenarios.neutron.utils [-] Running this scenario without either the 'network' or 'existing_network' context is deprecated
2019-06-04 21:24:59.663 26956 RALLYDEBUG rally.task.runner [-] Starting a worker. concurrency: 1 args: {"network_create_args": {}, "port_create_args": {}, "ports_per_network": 5} times: 40 method_name: run timeout: 0 duration: None cls:
2019-06-04 21:24:59.665 26951 INFO rally.task.runner [-] Task d10742e5-6a27-41be-b9b8-ea7d58457a2e | ITER: 2 START
2019-06-04 21:24:59.666 26951 WARNING rally_openstack.scenarios.neutron.utils [-] Running this scenario without either the 'network' or 'existing_network' context is deprecated
2019-06-04 21:24:59.666 26960 RALLYDEBUG rally.task.runner [-] Starting a worker. concurrency: 1 args: {"network_create_args": {}, "port_create_args": {}, "ports_per_network": 5} times: 40 method_name: run timeout: 0 duration: None cls:
2019-06-04 21:24:59.667 26952 INFO rally.task.runner [-] Task d10742e5-6a27-41be-b9b8-ea7d58457a2e | ITER: 3 START
2019-06-04 21:24:59.667 26964 RALLYDEBUG rally.task.runner [-] Starting a worker. concurrency: 1 args: {"network_create_args": {}, "port_create_args": {}, "ports_per_network": 5} times: 40 method_name: run timeout: 0 duration: None cls:
2019-06-04 21:24:59.668 26956 INFO rally.task.runner [-] Task d10742e5-6a27-41be-b9b8-ea7d58457a2e | ITER: 8 START
2019-06-04 21:24:59.668 26952 INFO rally.task.runner [-] Task d10742e5-6a27-41be-b9b8-ea7d58457a2e | ITER: 5 START
2019-06-04 21:24:59.670 26956 WARNING rally_openstack.scenarios.neutron.utils [-] Running this scenario without either the 'network' or 'existing_network' context is deprecated
2019-06-04 21:24:59.669 26953 INFO rally.task.runner [-] Task d10742e5-6a27-41be-b9b8-ea7d58457a2e | ITER: 7 START
2019-06-04 21:24:59.669 26952 WARNING rally_openstack.scenarios.neutron.utils [-] Running this scenario without either the 'network' or 'existing_network' context is deprecated
2019-06-04 21:24:59.670 26953 INFO rally.task.runner [-] Task d10742e5-6a27-41be-b9b8-ea7d58457a2e | ITER: 4 START
2019-06-04 21:24:59.670 26952 WARNING rally_openstack.scenarios.neutron.utils [-] Running this scenario without either the 'network' or 'existing_network' context is deprecated
2019-06-04 21:24:59.672 26960 INFO rally.task.runner [-] Task d10742e5-6a27-41be-b9b8-ea7d58457a2e | ITER: 10 START
2019-06-04 21:24:59.672 26953 WARNING rally_openstack.scenarios.neutron.utils [-] Running this scenario without either the 'network' or 'existing_network' context is deprecated
2019-06-04 21:24:59.673 26964 INFO rally.task.runner [-] Task d10742e5-6a27-41be-b9b8-ea7d58457a2e | ITER: 11 START
2019-06-04 21:24:59.674 26960 WARNING rally_openstack.scenarios.neutron.utils [-] Running this scenario without either the 'network' or 'existing_network' context is deprecated
2019-06-04 21:24:59.673 26969 RALLYDEBUG rally.task.runner [-] Starting a worker. concurrency: 1 args: {"network_create_args": {}, "port_create_args": {}, "ports_per_network": 5} times: 40 method_name: run timeout: 0 duration: None cls:
2019-06-04 21:24:59.674 26954 INFO rally.task.runner [-] Task d10742e5-6a27-41be-b9b8-ea7d58457a2e | ITER: 9 START
2019-06-04 21:24:59.675 26964 WARNING rally_openstack.scenarios.neutron.utils [-] Running this scenario without either the 'network' or 'existing_network' context is deprecated
2019-06-04 21:24:59.672 26953 WARNING rally_openstack.scenarios.neutron.utils [-] Running this scenario without either the 'network' or 'existing_network' context is deprecated
2019-06-04 21:24:59.679 26969 INFO rally.task.runner [-] Task d10742e5-6a27-41be-b9b8-ea7d58457a2e | ITER: 12 START
2019-06-04 21:24:59.674 26954 INFO rally.task.runner [-] Task d10742e5-6a27-41be-b9b8-ea7d58457a2e | ITER: 6 START
2019-06-04 21:24:59.679 26954 WARNING rally_openstack.scenarios.neutron.utils [-] Running this scenario without either the 'network' or 'existing_network' context is deprecated
2019-06-04 21:24:59.680 26969 WARNING rally_openstack.scenarios.neutron.utils [-] Running this scenario without either the 'network' or 'existing_network' context is deprecated
2019-06-04 21:24:59.680 26954 WARNING rally_openstack.scenarios.neutron.utils [-] Running this scenario without either the 'network' or 'existing_network' context is deprecated
2019-06-04 21:24:59.685 26977 RALLYDEBUG rally.task.runner [-] Starting a worker. concurrency: 1 args: {"network_create_args": {}, "port_create_args": {}, "ports_per_network": 5} times: 40 method_name: run timeout: 0 duration: None cls:
2019-06-04 21:24:59.690 26980 RALLYDEBUG rally.task.runner [-] Starting a worker. concurrency: 1 args: {"network_create_args": {}, "port_create_args": {}, "ports_per_network": 5} times: 40 method_name: run timeout: 0 duration: None cls:
2019-06-04 21:24:59.691 26977 INFO rally.task.runner [-] Task d10742e5-6a27-41be-b9b8-ea7d58457a2e | ITER: 13 START
2019-06-04 21:24:59.692 26977 WARNING rally_openstack.scenarios.neutron.utils [-] Running this scenario without either the 'network' or 'existing_network' context is deprecated
2019-06-04 21:24:59.697 26980 INFO rally.task.runner [-] Task d10742e5-6a27-41be-b9b8-ea7d58457a2e | ITER: 14 START
2019-06-04 21:24:59.701 26980 WARNING rally_openstack.scenarios.neutron.utils [-] Running this scenario without either the 'network' or 'existing_network' context is deprecated
2019-06-04 21:24:59.700 26983 RALLYDEBUG rally.task.runner [-] Starting a worker. concurrency: 1 args: {"network_create_args": {}, "port_create_args": {}, "ports_per_network": 5} times: 40 method_name: run timeout: 0 duration: None cls:
2019-06-04 21:24:59.706 26983 INFO rally.task.runner [-] Task d10742e5-6a27-41be-b9b8-ea7d58457a2e | ITER: 15 START
2019-06-04 21:24:59.709 26986 RALLYDEBUG rally.task.runner [-] Starting a worker. concurrency: 1 args: {"network_create_args": {}, "port_create_args": {}, "ports_per_network": 5} times: 40 method_name: run timeout: 0 duration: None cls:
2019-06-04 21:24:59.711 26983 WARNING rally_openstack.scenarios.neutron.utils [-] Running this scenario without either the 'network' or 'existing_network' context is deprecated
2019-06-04 21:24:59.714 26986 INFO rally.task.runner [-] Task d10742e5-6a27-41be-b9b8-ea7d58457a2e | ITER: 16 START
2019-06-04 21:24:59.718 26986 WARNING rally_openstack.scenarios.neutron.utils [-] Running this scenario without either the 'network' or 'existing_network' context is deprecated
2019-06-04 21:24:59.719 26991 RALLYDEBUG rally.task.runner [-] Starting a worker. concurrency: 1 args: {"network_create_args": {}, "port_create_args": {}, "ports_per_network": 5} times: 40 method_name: run timeout: 0 duration: None cls:
2019-06-04 21:24:59.723 26991 INFO rally.task.runner [-] Task d10742e5-6a27-41be-b9b8-ea7d58457a2e | ITER: 17 START
2019-06-04 21:24:59.726 26992 RALLYDEBUG rally.task.runner [-] Starting a worker. concurrency: 1 args: {"network_create_args": {}, "port_create_args": {}, "ports_per_network": 5} times: 40 method_name: run timeout: 0 duration: None cls:
2019-06-04 21:24:59.727 26991 WARNING rally_openstack.scenarios.neutron.utils [-] Running this scenario without either the 'network' or 'existing_network' context is deprecated
2019-06-04 21:24:59.731 26995 RALLYDEBUG rally.task.runner [-] Starting a worker. concurrency: 1 args: {"network_create_args": {}, "port_create_args": {}, "ports_per_network": 5} times: 40 method_name: run timeout: 0 duration: None cls:
2019-06-04 21:24:59.731 26992 INFO rally.task.runner [-] Task d10742e5-6a27-41be-b9b8-ea7d58457a2e | ITER: 18 START
2019-06-04 21:24:59.735 26992 WARNING rally_openstack.scenarios.neutron.utils [-] Running this scenario without either the 'network' or 'existing_network' context is deprecated
2019-06-04 21:24:59.735 26998 RALLYDEBUG rally.task.runner [-] Starting a worker. concurrency: 1 args: {"network_create_args": {}, "port_create_args": {}, "ports_per_network": 5} times: 40 method_name: run timeout: 0 duration: None cls:
2019-06-04 21:24:59.738 26995 INFO rally.task.runner [-] Task d10742e5-6a27-41be-b9b8-ea7d58457a2e | ITER: 19 START
2019-06-04 21:24:59.739 26995 WARNING rally_openstack.scenarios.neutron.utils [-] Running this scenario without either the 'network' or 'existing_network' context is deprecated
2019-06-04 21:24:59.741 26998 INFO rally.task.runner [-] Task d10742e5-6a27-41be-b9b8-ea7d58457a2e | ITER: 20 START
2019-06-04 21:24:59.742 26998 WARNING rally_openstack.scenarios.neutron.utils [-] Running this scenario without either the 'network' or 'existing_network' context is deprecated
2019-06-04 21:25:13.429 26953 INFO rally.task.runner [-] Task d10742e5-6a27-41be-b9b8-ea7d58457a2e | ITER: 7 END: OK
2019-06-04 21:25:13.434 26953 INFO rally.task.runner [-] Task d10742e5-6a27-41be-b9b8-ea7d58457a2e | ITER: 21 START
2019-06-04 21:25:13.435 26953 WARNING rally_openstack.scenarios.neutron.utils [-] Running this scenario without either the 'network' or 'existing_network' context is deprecated
2019-06-04 21:25:13.839 26951 INFO rally.task.runner [-] Task d10742e5-6a27-41be-b9b8-ea7d58457a2e | ITER: 2 END: OK
2019-06-04 21:25:13.844 26951 INFO rally.task.runner [-] Task d10742e5-6a27-41be-b9b8-ea7d58457a2e | ITER: 22 START
2019-06-04 21:25:13.845 26951 WARNING rally_openstack.scenarios.neutron.utils [-] Running this scenario without either the 'network' or 'existing_network' context is deprecated
2019-06-04 21:25:14.194 26953 INFO rally.task.runner [-] Task d10742e5-6a27-41be-b9b8-ea7d58457a2e | ITER: 4 END: OK
2019-06-04 21:25:14.198 26953 INFO rally.task.runner [-] Task d10742e5-6a27-41be-b9b8-ea7d58457a2e | ITER: 23 START
2019-06-04 21:25:14.199 26953 WARNING rally_openstack.scenarios.neutron.utils [-] Running this scenario without either the 'network' or 'existing_network' context is deprecated
2019-06-04 21:25:14.302 26954 INFO rally.task.runner [-] Task d10742e5-6a27-41be-b9b8-ea7d58457a2e | ITER: 9 END: OK
2019-06-04 21:25:14.306 26954 INFO rally.task.runner [-] Task d10742e5-6a27-41be-b9b8-ea7d58457a2e | ITER: 24 START
2019-06-04 21:25:14.307 26954 WARNING rally_openstack.scenarios.neutron.utils [-] Running this scenario without either the 'network' or 'existing_network' context is deprecated
2019-06-04 21:25:14.422 26977 INFO rally.task.runner [-] Task d10742e5-6a27-41be-b9b8-ea7d58457a2e | ITER: 13 END: OK
2019-06-04 21:25:14.426 26977 INFO rally.task.runner [-] Task d10742e5-6a27-41be-b9b8-ea7d58457a2e | ITER: 25 START
2019-06-04 21:25:14.427 26977 WARNING rally_openstack.scenarios.neutron.utils [-] Running this scenario without either the 'network' or 'existing_network' context is deprecated
2019-06-04 21:25:14.651 26952 INFO rally.task.runner [-] Task d10742e5-6a27-41be-b9b8-ea7d58457a2e | ITER: 5 END: OK
2019-06-04 21:25:14.656 26952 INFO rally.task.runner [-] Task d10742e5-6a27-41be-b9b8-ea7d58457a2e | ITER: 26 START
2019-06-04 21:25:14.656 26952 WARNING rally_openstack.scenarios.neutron.utils [-] Running this scenario without either the 'network' or 'existing_network' context is deprecated
2019-06-04 21:25:14.690 26951 INFO rally.task.runner [-] Task d10742e5-6a27-41be-b9b8-ea7d58457a2e | ITER: 1 END: OK
2019-06-04 21:25:14.693 26951 INFO rally.task.runner [-] Task d10742e5-6a27-41be-b9b8-ea7d58457a2e | ITER: 27 START
2019-06-04 21:25:14.694 26951 WARNING rally_openstack.scenarios.neutron.utils [-] Running this scenario without either the 'network' or 'existing_network' context is deprecated
2019-06-04 21:25:15.623 26983 INFO rally.task.runner [-] Task d10742e5-6a27-41be-b9b8-ea7d58457a2e | ITER: 15 END: OK
2019-06-04 21:25:15.627 26983 INFO rally.task.runner [-] Task d10742e5-6a27-41be-b9b8-ea7d58457a2e | ITER: 28 START
2019-06-04 21:25:15.628 26983 WARNING rally_openstack.scenarios.neutron.utils [-] Running this scenario without either the 'network' or 'existing_network' context is deprecated
2019-06-04 21:25:15.681 26986 INFO rally.task.runner [-] Task d10742e5-6a27-41be-b9b8-ea7d58457a2e | ITER: 16 END: OK
2019-06-04 21:25:15.687 26986 INFO rally.task.runner [-] Task d10742e5-6a27-41be-b9b8-ea7d58457a2e | ITER: 29 START
2019-06-04 21:25:15.687 26986 WARNING rally_openstack.scenarios.neutron.utils [-] Running this scenario without either the 'network' or 'existing_network' context is deprecated
2019-06-04 21:25:15.912 26998 INFO rally.task.runner [-] Task d10742e5-6a27-41be-b9b8-ea7d58457a2e | ITER: 20 END: OK
2019-06-04 21:25:15.917 26998 INFO rally.task.runner [-] Task d10742e5-6a27-41be-b9b8-ea7d58457a2e | ITER: 30 START
2019-06-04 21:25:15.918 26998 WARNING rally_openstack.scenarios.neutron.utils [-] Running this scenario without either the 'network' or 'existing_network' context is deprecated
2019-06-04 21:25:16.129 26956 INFO rally.task.runner [-] Task d10742e5-6a27-41be-b9b8-ea7d58457a2e | ITER: 8 END: OK
2019-06-04 21:25:16.133 26956 INFO rally.task.runner [-] Task d10742e5-6a27-41be-b9b8-ea7d58457a2e | ITER: 31 START
2019-06-04 21:25:16.133 26956 WARNING rally_openstack.scenarios.neutron.utils [-] Running this scenario without either the 'network' or 'existing_network' context is deprecated
2019-06-04 21:25:16.151 26995 INFO rally.task.runner [-] Task d10742e5-6a27-41be-b9b8-ea7d58457a2e | ITER: 19 END: OK
2019-06-04 21:25:16.155 26995 INFO rally.task.runner [-] Task d10742e5-6a27-41be-b9b8-ea7d58457a2e | ITER: 32 START
2019-06-04 21:25:16.156 26995 WARNING rally_openstack.scenarios.neutron.utils [-] Running this scenario without either the 'network' or 'existing_network' context is deprecated
2019-06-04 21:25:16.258 26964 INFO rally.task.runner [-] Task d10742e5-6a27-41be-b9b8-ea7d58457a2e | ITER: 11 END: OK
2019-06-04 21:25:16.262 26964 INFO rally.task.runner [-] Task d10742e5-6a27-41be-b9b8-ea7d58457a2e | ITER: 33 START
2019-06-04 21:25:16.263 26964 WARNING rally_openstack.scenarios.neutron.utils [-] Running this scenario without either the 'network' or 'existing_network' context is deprecated
2019-06-04 21:25:16.279 26954 INFO rally.task.runner [-] Task d10742e5-6a27-41be-b9b8-ea7d58457a2e | ITER: 6 END: OK
2019-06-04 21:25:16.283 26954 INFO rally.task.runner [-] Task d10742e5-6a27-41be-b9b8-ea7d58457a2e | ITER: 34 START
2019-06-04 21:25:16.284 26954 WARNING rally_openstack.scenarios.neutron.utils [-] Running this scenario without either the 'network' or 'existing_network' context is deprecated
2019-06-04 21:25:16.299 26991 INFO rally.task.runner [-] Task d10742e5-6a27-41be-b9b8-ea7d58457a2e | ITER: 17 END: OK
2019-06-04 21:25:16.303 26991 INFO rally.task.runner [-] Task d10742e5-6a27-41be-b9b8-ea7d58457a2e | ITER: 35 START
2019-06-04 21:25:16.304 26991 WARNING rally_openstack.scenarios.neutron.utils [-] Running this scenario without either the 'network' or 'existing_network' context is deprecated
2019-06-04 21:25:16.492 26960 INFO rally.task.runner [-] Task d10742e5-6a27-41be-b9b8-ea7d58457a2e | ITER: 10 END: OK
2019-06-04 21:25:16.496 26960 INFO rally.task.runner [-] Task d10742e5-6a27-41be-b9b8-ea7d58457a2e | ITER: 36 START
2019-06-04 21:25:16.496 26960 WARNING rally_openstack.scenarios.neutron.utils [-] Running this scenario without either the 'network' or 'existing_network' context is deprecated
2019-06-04 21:25:16.715 26969 INFO rally.task.runner [-] Task d10742e5-6a27-41be-b9b8-ea7d58457a2e | ITER: 12 END: OK
2019-06-04 21:25:16.719 26969 INFO rally.task.runner [-] Task d10742e5-6a27-41be-b9b8-ea7d58457a2e | ITER: 37 START
2019-06-04 21:25:16.720 26969 WARNING rally_openstack.scenarios.neutron.utils [-] Running this scenario without either the 'network' or 'existing_network' context is deprecated
2019-06-04 21:25:16.817 26992 INFO rally.task.runner [-] Task d10742e5-6a27-41be-b9b8-ea7d58457a2e | ITER: 18 END: OK
2019-06-04 21:25:16.821 26992 INFO rally.task.runner [-] Task d10742e5-6a27-41be-b9b8-ea7d58457a2e | ITER: 38 START
2019-06-04 21:25:16.822 26992 WARNING rally_openstack.scenarios.neutron.utils [-] Running this scenario without either the 'network' or 'existing_network' context is deprecated
2019-06-04 21:25:18.248 26952 INFO rally.task.runner [-] Task d10742e5-6a27-41be-b9b8-ea7d58457a2e | ITER: 3 END: OK
2019-06-04 21:25:18.252 26952 INFO rally.task.runner [-] Task d10742e5-6a27-41be-b9b8-ea7d58457a2e | ITER: 39 START
